12-01 03:58:19.244 D/LOWI-9.0.0.87.a( 1373): [LOWI-Scan] print_bss_handler: Report beacon TSF 309064230 as it greater than probe TSF 309064230
12-01 03:58:19.244 D/LOWI-9.0.0.87.a( 1373): [LOWI-Scan] decode_rsn_wpa_ie: LOWI_ENCRYPTION_TYPE_WPA_PSK
12-01 03:58:19.244 D/LOWI-9.0.0.87.a( 1373): [LOWI-Scan] is_qcom_ie, bss_age: 0
12-01 03:58:19.244 D/LOWI-9.0.0.87.a( 1373): [LOWI-Scan] adjust_age:AP AGE upper limit reached. Dont store
12-01 03:58:19.244 D/LOWI-9.0.0.87.a( 1373): [LOWI-Scan] BSS 64:6e:97:5a:7e:e0 LOWI_PHY_MODE_11AC_VHT40_2G(12), Beacon Interval: 100, LOWI_ENCRYPTION_TYPE_WPA_PSK 11mcRanging: No, ANQP: No, LCI: No, Civic: No, capability(0x1411): ESS Privacy ShortSlotTime
12-01 03:58:19.244 D/LOWI-9.0.0.87.a( 1373): [LOWI-Scan] BSS 64:6e:97:5a:7e:e0 FREQ: 2462, cFreq1[40:80:160] = [2452:0:0] cFreq2 = 0 Country Code = CN
12-01 03:58:19.244 D/LOWI-9.0.0.87.a( 1373): [LOWI-Scan] BSS 64:6e:97:5a:7e:e0 (wlan0) ASSO: NO AddInfo: 0x1, TSF 0, 00:05:09.064, RSSI: -152, CPL: 127, AGE: 10248, SSID DMC, TSFDelta: 0x14bcc975, TXRate: 0
12-01 03:58:19.245 D/LOWI-9.0.0.87.a( 1373): [LOWI-Scan]
12-01 03:58:19.245 D/LOWI-9.0.0.87.a( 1373): [LOWI-Scan] print_bss_handler: Report beacon TSF 309066748 as it greater than probe TSF 309066748
12-01 03:58:19.245 D/LOWI-9.0.0.87.a( 1373): [LOWI-Scan] decode_rsn_wpa_ie: LOWI_ENCRYPTION_TYPE_WPA_PSK
12-01 03:58:19.245 D/LOWI-9.0.0.87.a( 1373): [LOWI-Scan] is_qcom_ie, bss_age: 0
12-01 03:58:19.245 D/LOWI-9.0.0.87.a( 1373): [LOWI-Scan] adjust_age:AP AGE upper limit reached. Dont store
12-01 03:58:19.245 D/LOWI-9.0.0.87.a( 1373): [LOWI-Scan] BSS a4:1a:3a:00:9f:35 LOWI_PHY_MODE_11NG_HT40(7), Beacon Interval: 100, LOWI_ENCRYPTION_TYPE_WPA_PSK 11mcRanging: No, ANQP: No, LCI: No, Civic: No, capability(0x1411): ESS Privacy ShortSlotTime
12-01 03:58:19.245 D/LOWI-9.0.0.87.a( 1373): [LOWI-Scan] BSS a4:1a:3a:00:9f:35 FREQ: 2462, cFreq1[40:80:160] = [2452:0:0] cFreq2 = 0 Country Code = CN
12-01 03:58:19.245 D/LOWI-9.0.0.87.a( 1373): [LOWI-Scan] BSS a4:1a:3a:00:9f:35 (wlan0) ASSO: NO AddInfo: 0x1, TSF 0, 00:05:09.066, RSSI: -156, CPL: 127, AGE: 10248, SSID TP-LINK_9F35, TSFDelta: 0x8686faca, TXRate: 0
12-01 03:58:19.245 D/LOWI-9.0.0.87.a( 1373): [LOWI-Scan]
12-01 03:58:19.245 D/LOWI-9.0.0.87.a( 1373): [LOWI-Scan] print_bss_handler: Report beacon TSF 319220352 as it greater than probe TSF 319220352
12-01 03:58:19.245 D/LOWI-9.0.0.87.a( 1373): [LOWI-Scan] decode_rsn_wpa_ie: LOWI_ENCRYPTION_TYPE_WPA_PSK
12-01 03:58:19.245 D/LOWI-9.0.0.87.a( 1373): [LOWI-Scan] is_qcom_ie, bss_age: 0
12-01 03:58:19.245 D/LOWI-9.0.0.87.a( 1373): [LOWI-Scan] BSS 18:6f:2d:81:18:83 LOWI_PHY_MODE_11NG_HT20(5), Beacon Interval: 100, LOWI_ENCRYPTION_TYPE_WPA_PSK 11mcRanging: No, ANQP: No, LCI: No, Civic: No, capability(0x0531): ESS Privacy ShortPreamble SpectrumMgmt ShortSlotTime
12-01 03:58:19.245 D/LOWI-9.0.0.87.a( 1373): [LOWI-Scan] BSS 18:6f:2d:81:18:83 FREQ: 2472, cFreq1[40:80:160] = [2472:0:0] cFreq2 = 0 Country Code = CN
12-01 03:58:19.245 D/LOWI-9.0.0.87.a( 1373): [LOWI-Scan] BSS 18:6f:2d:81:18:83 (wlan0) ASSO: NO AddInfo: 0x1, TSF 0, 00:05:19.220, RSSI: -150, CPL: 127, AGE: 92, SSID ZXHY, TSFDelta: 0xd4dcfe36, TXRate: 0
12-01 03:58:19.245 D/LOWI-9.0.0.87.a( 1373): [LOWI-Scan]
12-01 03:58:19.245 D/LOWI-9.0.0.87.a( 1373): [LOWI-Scan] print_bss_handler: Report beacon TSF 318136569 as it greater than probe TSF 318136569
12-01 03:58:19.245 D/LOWI-9.0.0.87.a( 1373): [LOWI-Scan] decode_rsn_wpa_ie: LOWI_ENCRYPTION_TYPE_WPA_PSK
12-01 03:58:19.245 D/LOWI-9.0.0.87.a( 1373): [LOWI-Scan] is_qcom_ie, bss_age: 0
12-01 03:58:19.245 D/LOWI-9.0.0.87.a( 1373): [LOWI-Scan] BSS 18:6f:2d:81:20:64 LOWI_PHY_MODE_11NG_HT20(5), Beacon Interval: 100, LOWI_ENCRYPTION_TYPE_WPA_PSK 11mcRanging: No, ANQP: No, LCI: No, Civic: No, capability(0x0531): ESS Privacy ShortPreamble SpectrumMgmt ShortSlotTime
12-01 03:58:19.245 D/LOWI-9.0.0.87.a( 1373): [LOWI-Scan] BSS 18:6f:2d:81:20:64 FREQ: 2412, cFreq1[40:80:160] = [2412:0:0] cFreq2 = 0 Country Code = CN
12-01 03:58:19.245 D/LOWI-9.0.0.87.a( 1373): [LOWI-Scan] BSS 18:6f:2d:81:20:64 (wlan0) ASSO: NO AddInfo: 0x1, TSF 0, 00:05:18.136, RSSI: -154, CPL: 127, AGE: 1176, SSID Fanya, TSFDelta: 0xfc0c9be3, TXRate: 0
12-01 03:58:19.245 D/LOWI-9.0.0.87.a( 1373): [LOWI-Scan]
12-01 03:58:19.245 D/LOWI-9.0.0.87.a( 1373): [LOWI-Scan] print_bss_handler: Report beacon TSF 318136819 as it greater than probe TSF 318136819
12-01 03:58:19.245 D/LOWI-9.0.0.87.a( 1373): [LOWI-Scan] decode_rsn_wpa_ie: LOWI_ENCRYPTION_TYPE_WPA_PSK
12-01 03:58:19.245 D/LOWI-9.0.0.87.a( 1373): [LOWI-Scan] is_qcom_ie, bss_age: 0
12-01 03:58:19.245 D/LOWI-9.0.0.87.a( 1373): [LOWI-Scan] BSS 5a:41:20:2d:fe:89 LOWI_PHY_MODE_11AC_VHT80(10), Beacon Interval: 100, LOWI_ENCRYPTION_TYPE_WPA_PSK 11mcRanging: No, ANQP: No, LCI: No, Civic: No, capability(0x1011): ESS Privacy
12-01 03:58:19.245 D/LOWI-9.0.0.87.a( 1373): [LOWI-Scan] BSS 5a:41:20:2d:fe:89 FREQ: 5180, cFreq1[40:80:160] = [5190:5210:0] cFreq2 = 0 Country Code = CN
12-01 03:58:19.245 D/LOWI-9.0.0.87.a( 1373): [LOWI-Scan] BSS 5a:41:20:2d:fe:89 (wlan0) ASSO: NO AddInfo: 0x1, TSF 0, 00:05:18.136, RSSI: -144, CPL: 127, AGE: 1176, SSID , TSFDelta: 0xe99e95e1, TXRate: 0
12-01 03:58:19.245 D/LOWI-9.0.0.87.a( 1373): [LOWI-Scan]
12-01 03:58:19.245 D/LOWI-9.0.0.87.a( 1373): [LOWI-Scan] print_bss_handler: Report beacon TSF 318142458 as it greater than probe TSF 318142458
12-01 03:58:19.245 D/LOWI-9.0.0.87.a( 1373): [LOWI-Scan] decode_rsn_wpa_ie: LOWI_ENCRYPTION_TYPE_WPA_PSK
12-01 03:58:19.245 D/LOWI-9.0.0.87.a( 1373): [LOWI-Scan] is_qcom_ie, bss_age: 0
12-01 03:58:19.246 D/LOWI-9.0.0.87.a( 1373): [LOWI-Scan] BSS f0:55:01:67:de:ec LOWI_PHY_MODE_11NG_HT40(7), Beacon Interval: 100, LOWI_ENCRYPTION_TYPE_WPA_PSK 11mcRanging: No, ANQP: No, LCI: No, Civic: No, capability(0x1d31): ESS Privacy ShortPreamble SpectrumMgmt ShortSlotTime APSD
12-01 03:58:19.246 D/LOWI-9.0.0.87.a( 1373): [LOWI-Scan] BSS f0:55:01:67:de:ec FREQ: 2412, cFreq1[40:80:160] = [2422:0:0] cFreq2 = 0 Country Code =
12-01 03:58:19.246 D/LOWI-9.0.0.87.a( 1373): [LOWI-Scan] BSS f0:55:01:67:de:ec (wlan0) ASSO: NO AddInfo: 0x1, TSF 0, 00:05:18.142, RSSI: -168, CPL: 127, AGE: 1172, SSID xTS, TSFDelta: 0x671728ed, TXRate: 0
12-01 03:58:19.246 D/LOWI-9.0.0.87.a( 1373): [LOWI-Scan]
12-01 03:58:19.246 D/LOWI-9.0.0.87.a( 1373): [LOWI-Scan] print_bss_handler: Report Probe TSF 318161638 as it greater than Beacon TSF 0
12-01 03:58:19.246 D/LOWI-9.0.0.87.a( 1373): [LOWI-Scan] decode_rsn_wpa_ie: LOWI_ENCRYPTION_TYPE_WPA_PSK
12-01 03:58:19.246 D/LOWI-9.0.0.87.a( 1373): [LOWI-Scan] is_qcom_ie, bss_age: 0
12-01 03:58:19.246 D/LOWI-9.0.0.87.a( 1373): [LOWI-Scan] BSS 7c:d9:5c:9d:f7:dc LOWI_PHY_MODE_11AC_VHT80(10), Beacon Interval: 100, LOWI_ENCRYPTION_TYPE_WPA_PSK 11mcRanging: Yes, ANQP: No, LCI: No, Civic: No, capability(0x1031): ESS Privacy ShortPreamble
12-01 03:58:19.246 D/LOWI-9.0.0.87.a( 1373): [LOWI-Scan] BSS 7c:d9:5c:9d:f7:dc FREQ: 5180, cFreq1[40:80:160] = [5190:5210:0] cFreq2 = 0 Country Code = US
12-01 03:58:19.246 D/LOWI-9.0.0.87.a( 1373): [LOWI-Scan] BSS 7c:d9:5c:9d:f7:dc (wlan0) ASSO: NO AddInfo: 0x0, TSF 0, 00:05:18.161, RSSI: -166, CPL: 127, AGE: 1152, SSID Google nest wifi, TSFDelta: 0x26edd414, TXRate: 0
12-01 03:58:19.246 D/LOWI-9.0.0.87.a( 1373): [LOWI-Scan]
12-01 03:58:19.246 D/LOWI-9.0.0.87.a( 1373): [LOWI-Scan] print_bss_handler: Report Probe TSF 318196212 as it greater than Beacon TSF 0
12-01 03:58:19.246 D/LOWI-9.0.0.87.a( 1373): [LOWI-Scan] decode_rsn_wpa_ie: LOWI_ENCRYPTION_TYPE_WPA_PSK
12-01 03:58:19.246 D/LOWI-9.0.0.87.a( 1373): [LOWI-Scan] is_qcom_ie, bss_age: 0
12-01 03:58:19.246 D/LOWI-9.0.0.87.a( 1373): [LOWI-Scan] BSS 6c:b1:58:f8:a2:d4 LOWI_PHY_MODE_11AC_VHT40_2G(12), Beacon Interval: 100, LOWI_ENCRYPTION_TYPE_WPA_PSK 11mcRanging: No, ANQP: No, LCI: No, Civic: No, capability(0x1411): ESS Privacy ShortSlotTime
12-01 03:58:19.246 D/LOWI-9.0.0.87.a( 1373): [LOWI-Scan] BSS 6c:b1:58:f8:a2:d4 FREQ: 2412, cFreq1[40:80:160] = [2422:0:0] cFreq2 = 0 Country Code = CN
12-01 03:58:19.246 D/LOWI-9.0.0.87.a( 1373): [LOWI-Scan] BSS 6c:b1:58:f8:a2:d4 (wlan0) ASSO: NO AddInfo: 0x0, TSF 0, 00:05:18.196, RSSI: -150, CPL: 127, AGE: 1116, SSID TP-LINK_A2D4, TSFDelta: 0x904f4e89, TXRate: 0
12-01 03:58:19.246 D/LOWI-9.0.0.87.a( 1373): [LOWI-Scan]
12-01 03:58:19.246 D/LOWI-9.0.0.87.a( 1373): [LOWI-Scan] print_bss_handler: Report Probe TSF 318349410 as it greater than Beacon TSF 318339438
12-01 03:58:19.246 D/LOWI-9.0.0.87.a( 1373): [LOWI-Scan] decode_rsn_wpa_ie: LOWI_ENCRYPTION_TYPE_WPA_PSK
12-01 03:58:19.246 D/LOWI-9.0.0.87.a( 1373): [LOWI-Scan] is_qcom_ie, bss_age: 0
12-01 03:58:19.246 D/LOWI-9.0.0.87.a( 1373): [LOWI-Scan] BSS 82:9e:f7:c9:f3:d7 LOWI_PHY_MODE_11AC_VHT80(10), Beacon Interval: 100, LOWI_ENCRYPTION_TYPE_WPA_PSK 11mcRanging: No, ANQP: No, LCI: No, Civic: No, capability(0x0531): ESS Privacy ShortPreamble SpectrumMgmt ShortSlotTime
12-01 03:58:19.246 D/LOWI-9.0.0.87.a( 1373): [LOWI-Scan] BSS 82:9e:f7:c9:f3:d7 FREQ: 5745, cFreq1[40:80:160] = [5755:5775:0] cFreq2 = 0 Country Code = CN
12-01 03:58:19.246 D/LOWI-9.0.0.87.a( 1373): [LOWI-Scan] BSS 82:9e:f7:c9:f3:d7 (wlan0) ASSO: NO AddInfo: 0x0, TSF 0, 00:05:18.349, RSSI: -62, CPL: 127, AGE: 964, SSID HONOR_20_PRO, TSFDelta: 0x764d07e, TXRate: 0
12-01 03:58:19.246 D/LOWI-9.0.0.87.a( 1373): [LOWI-Scan]
12-01 03:58:19.246 D/LOWI-9.0.0.87.a( 1373): [LOWI-Scan] print_bss_handler: Report Probe TSF 318351387 as it greater than Beacon TSF 0
12-01 03:58:19.246 D/LOWI-9.0.0.87.a( 1373): [LOWI-Scan] is_qcom_ie, bss_age: 0
12-01 03:58:19.246 D/LOWI-9.0.0.87.a( 1373): [LOWI-Scan] BSS 18:6f:2d:81:0d:81 LOWI_PHY_MODE_11NG_HT20(5), Beacon Interval: 100, LOWI_ENCRYPTION_TYPE_OPEN 11mcRanging: No, ANQP: No, LCI: No, Civic: No, capability(0x0521): ESS ShortPreamble SpectrumMgmt ShortSlotTime
12-01 03:58:19.246 D/LOWI-9.0.0.87.a( 1373): [LOWI-Scan] BSS 18:6f:2d:81:0d:81 FREQ: 2422, cFreq1[40:80:160] = [2422:0:0] cFreq2 = 0 Country Code = CN
12-01 03:58:19.246 D/LOWI-9.0.0.87.a( 1373): [LOWI-Scan] BSS 18:6f:2d:81:0d:81 (wlan0) ASSO: NO AddInfo: 0x0, TSF 0, 00:05:18.351, RSSI: -144, CPL: 127, AGE: 964, SSID Guest, TSFDelta: 0xb9fd339f, TXRate: 0
12-01 03:58:19.247 D/LOWI-9.0.0.87.a( 1373): [LOWI-Scan]
12-01 03:58:19.247 D/LOWI-9.0.0.87.a( 1373): [LOWI-Scan] print_bss_handler: Report beacon TSF 319221841 as it greater than probe TSF 319221841
12-01 03:58:19.247 D/LOWI-9.0.0.87.a( 1373): [LOWI-Scan] decode_rsn_wpa_ie: LOWI_ENCRYPTION_TYPE_WPA_PSK
12-01 03:58:19.247 D/LOWI-9.0.0.87.a( 1373): [LOWI-Scan] is_qcom_ie, bss_age: 0
12-01 03:58:19.247 D/LOWI-9.0.0.87.a( 1373): [LOWI-Scan] BSS 18:6f:2d:81:18:84 LOWI_PHY_MODE_11NG_HT20(5), Beacon Interval: 100, LOWI_ENCRYPTION_TYPE_WPA_PSK 11mcRanging: No, ANQP: No, LCI: No, Civic: No, capability(0x0531): ESS Privacy ShortPreamble SpectrumMgmt ShortSlotTime
12-01 03:58:19.247 D/LOWI-9.0.0.87.a( 1373): [LOWI-Scan] BSS 18:6f:2d:81:18:84 FREQ: 2472, cFreq1[40:80:160] = [2472:0:0] cFreq2 = 0 Country Code = CN
12-01 03:58:19.247 D/LOWI-9.0.0.87.a( 1373): [LOWI-Scan] BSS 18:6f:2d:81:18:84 (wlan0) ASSO: NO AddInfo: 0x1, TSF 0, 00:05:19.221, RSSI: -156, CPL: 127, AGE: 92, SSID Fanya, TSFDelta: 0xd4e95c13, TXRate: 0
12-01 03:58:19.247 D/LOWI-9.0.0.87.a( 1373): [LOWI-Scan]
12-01 03:58:19.247 D/LOWI-9.0.0.87.a( 1373): [LOWI-Scan] print_bss_handler: Report beacon TSF 319223493 as it greater than probe TSF 319223493
12-01 03:58:19.247 D/LOWI-9.0.0.87.a( 1373): [LOWI-Scan] decode_rsn_wpa_ie: LOWI_ENCRYPTION_TYPE_WPA_PSK
12-01 03:58:19.247 D/LOWI-9.0.0.87.a( 1373): [LOWI-Scan] is_qcom_ie, bss_age: 0
12-01 03:58:19.247 D/LOWI-9.0.0.87.a( 1373): [LOWI-Scan] BSS 18:6f:2d:81:18:85 LOWI_PHY_MODE_11NG_HT20(5), Beacon Interval: 100, LOWI_ENCRYPTION_TYPE_WPA_PSK 11mcRanging: No, ANQP: No, LCI: No, Civic: No, capability(0x0531): ESS Privacy ShortPreamble SpectrumMgmt ShortSlotTime
12-01 03:58:19.247 D/LOWI-9.0.0.87.a( 1373): [LOWI-Scan] BSS 18:6f:2d:81:18:85 FREQ: 2472, cFreq1[40:80:160] = [2472:0:0] cFreq2 = 0 Country Code = CN
12-01 03:58:19.247 D/LOWI-9.0.0.87.a( 1373): [LOWI-Scan] BSS 18:6f:2d:81:18:85 (wlan0) ASSO: NO AddInfo: 0x1, TSF 0, 00:05:19.223, RSSI: -154, CPL: 127, AGE: 92, SSID GM_2.4G, TSFDelta: 0xd4f55a74, TXRate: 0
12-01 03:58:19.247 D/LOWI-9.0.0.87.a( 1373): [LOWIDiagLog] Log: lowiMeasResult->request: invalid null argument
12-01 03:58:19.247 I/LOWI-9.0.0.87.a( 1373): [LOWI-Scan] lowi_close_record:Scan done in 291435ms, 75 APs in scan results
12-01 03:58:19.247 D/LOWI-9.0.0.87.a( 1373): [LOWI-Scan] WipsScanUsingNL: passive scan cached 0, took 10014 ms, err 0
12-01 03:58:19.247 D/LOWI-9.0.0.87.a( 1373): [LOWI-Scan] lowi_proc_req_passive_scan_with_live_meas - No WLAN Frames to be parsed
12-01 03:58:19.247 D/LOWI-9.0.0.87.a( 1373): [LOWIScanResultReceiver] Send scan meas to listener
12-01 03:58:19.247 D/LOWI-9.0.0.87.a( 1373): [LOWIScanResultReceiver] Enter passive listening mode
12-01 03:58:19.247 D/LOWI-9.0.0.87.a( 1373): [LOWIWifiDriverInterface] getMeasurements - Passive listening mode
12-01 03:58:19.247 D/LOWI-9.0.0.87.a( 1373): [LOWI-Scan] WipsScanUsingNL:wait -1 sec for netlink message
12-01 03:58:19.247 D/LOWI-9.0.0.87.a( 1373): [LOWIEventReceiver] handleEvent:FROM:NA, TO:NA, REQ:NA, IREQ:NA, REQ_ID:0, RESP:NA, INFO:NA
12-01 03:58:19.247 D/LOWI-9.0.0.87.a( 1373): [LOWIBackgroundScanMgr] isRspForBgScanMgr: evt(LOWI_NO_EVT) - not handled
12-01 03:58:19.247 D/LOWI-9.0.0.87.a( 1373): [LOWIScheduler] manageMsg: NULL results or NULL request in results
12-01 03:58:19.247 D/LOWI-9.0.0.87.a( 1373): [LOWIController] Measurements received
12-01 03:58:19.247 D/LOWI-9.0.0.87.a( 1373): [LOWICacheManager] putInCache:Num of Meas to add: 75
12-01 03:58:19.252 D/LOWI-9.0.0.87.a( 1373): [LOWIController] processMeasurementResults: No current Request. Cache measurements
12-01 03:58:19.252 D/LOWI-9.0.0.87.a( 1373): [LOWIController] sendAsyncScanResponse: Request FreeWifiScanObserver_0 is from a different client.
12-01 03:58:19.253 D/LOWI-9.0.0.87.a( 1373): [LOWIController] generateResponse: Type (ASYNC_DISCOVERY_SCAN_RESULTS) ScanStatus (1) request FreeWifiScanObserver_0
12-01 03:58:19.253 D/LOWI-9.0.0.87.a( 1373): [LOWIEventDispatcher] sendResponse - originator = FreeWifiScanObserver
12-01 03:58:19.253 D/LOWI-9.0.0.87.a( 1373): [LOWIUtils] injectScanMeasurements - num of APs = 75
12-01 03:58:19.254 I/LOWI-9.0.0.87.a( 1373): [LOWIUtils] responseToOutPostcard - TO: FreeWifiScanObserver, FROM: LOWI-SERVER, RESP: LOWI_ASYNC_DISCOVERY_SCAN_RESULTS
12-01 03:58:19.255 D/LOWI-9.0.0.87.a( 1373): [LOWIControllerExtn] sendLOWILpDiscoveryScanResponse: Not a discovery scan response
12-01 03:58:19.258 I/mpu_uart( 646): [MSG-P:R]:recv sync frame timeout
12-01 03:58:19.260 D/WificondScannerImpl( 1525): Filtering out 35 scan results.
12-01 03:58:19.278 D/WifiDebugService( 2781): onScanResultsAvailable
12-01 03:58:19.280 D/PasspointManager( 1525): ANQP entry not found for: d8:32:14:df:f6:03:
12-01 03:58:19.315 D/WifiDebugService( 2781): connect wifi SSID is :
12-01 03:58:19.327 W/WifiDebugService( 2781): find wifi : Guest
12-01 03:58:19.327 W/WifiDebugService( 2781): find wifi : Testing
12-01 03:58:19.327 W/WifiDebugService( 2781): find wifi : ThunderSoft
12-01 03:58:19.327 W/WifiDebugService( 2781): find wifi : Guest
12-01 03:58:19.327 W/WifiDebugService( 2781): find wifi : ThunderSoft_2.4G
12-01 03:58:19.327 W/WifiDebugService( 2781): find wifi : ZXHY
12-01 03:58:19.327 W/WifiDebugService( 2781): find wifi : Fanya
12-01 03:58:19.327 W/WifiDebugService( 2781): find wifi : GM
12-01 03:58:19.327 W/WifiDebugService( 2781): find wifi : TP-LINK_A2D4
12-01 03:58:19.327 W/WifiDebugService( 2781): find wifi : Testing
12-01 03:58:19.327 W/WifiDebugService( 2781): find wifi : Guest
12-01 03:58:19.327 W/WifiDebugService( 2781): find wifi : ThunderSoft_2.4G
12-01 03:58:19.328 W/WifiDebugService( 2781): find wifi : ZXHY
12-01 03:58:19.328 W/WifiDebugService( 2781): find wifi : Fanya
12-01 03:58:19.328 W/WifiDebugService( 2781): can not find target wifi ap : hht_test_wifi_fc4318c9
12-01 03:58:19.978 W/hpplay-java( 3306): [main]:IPManager:getActiveNets invalid networkInfo:null
12-01 03:58:19.978 I/hpplay-java( 3306): [main]:IPManager:getActiveNets eth0:false wifi:false mobile:false ap:false
12-01 03:58:19.978 I/hpplay-java( 3306): [main]:ServerTaskManager:get local ip:null
12-01 03:58:20.079 I/mpu_uart( 646): [MSG-P:RECV]:No message received in 1000 ms
12-01 03:58:20.980 W/hpplay-java( 3306): [main]:IPManager:getActiveNets invalid networkInfo:null
12-01 03:58:20.980 I/hpplay-java( 3306): [main]:IPManager:getActiveNets eth0:false wifi:false mobile:false ap:false
12-01 03:58:20.980 I/hpplay-java( 3306): [main]:ServerTaskManager:get local ip:null
12-01 03:58:21.079 I/mpu_uart( 646): [MSG-P:RECV]:No message received in 1000 ms
12-01 03:58:21.686 I/sysui_multi_action( 2926): [757,135,758,4,759,0]
12-01 03:58:21.689 I/WifiService( 1525): stopRestrictingAutoJoinToSubscriptionId uid=1000
12-01 03:58:21.700 I/ActivityTaskManager( 1525): START u0 {act=android.intent.action.MAIN cmp=com.android.settings/.SubSettings (has extras)} from uid 1000
12-01 03:58:21.700 I/EventSequenceValidator( 1525): Transition from ACTIVITY_FINISHED to INTENT_STARTED
12-01 03:58:21.704 I/wm_task_moved( 1525): [11,1,12]
12-01 03:58:21.705 I/wm_set_resumed_activity( 1525): [0,com.android.settings/.Settings,positionChildAt]
12-01 03:58:21.705 I/wm_create_activity( 1525): [0,24233855,11,com.android.settings/.SubSettings,android.intent.action.MAIN,NULL,NULL,0]
12-01 03:58:21.705 D/CompatibilityInfo( 1525): mCompatibilityFlags - 4
12-01 03:58:21.705 D/CompatibilityInfo( 1525): applicationDensity - 240
12-01 03:58:21.705 D/CompatibilityInfo( 1525): applicationScale - 1.0
12-01 03:58:21.706 D/ActivityTrigger( 1525): ActivityTrigger activityPauseTrigger
12-01 03:58:21.707 I/wm_pause_activity( 1525): [0,226233913,com.android.settings/.Settings,userLeaving=true,resumeTopActivityInnerLocked]
12-01 03:58:21.714 I/EventSequenceValidator( 1525): Transition from INTENT_STARTED to INTENT_FAILED
12-01 03:58:21.718 I/wm_on_top_resumed_lost_called( 2926): [226233913,com.android.settings.Settings,topStateChangedWhenResumed]
12-01 03:58:21.721 I/sysui_multi_action( 2926): [757,35,758,2,1089,26729]
12-01 03:58:21.722 I/sysui_multi_action( 2926): [757,103,758,2,1089,23889]
12-01 03:58:21.724 I/wm_on_paused_called( 2926): [226233913,com.android.settings.Settings,performPause]
12-01 03:58:21.724 I/ActivityTaskManager( 1525): FOREGROUND_APPLICATION_CHANGED to com.android.settings.SubSettings
12-01 03:58:21.725 I/ActivityTaskManager( 1525): The Process com.android.settings Already Exists in BG. So sending its PID: 2926
12-01 03:58:21.725 W/ActivityTaskManager( 1525): Tried to set launchTime (0) < mLastActivityLaunchTime (66081)
12-01 03:58:21.725 I/wm_add_to_stopping( 1525): [0,226233913,com.android.settings/.Settings,makeInvisible]
12-01 03:58:21.726 I/wm_restart_activity( 1525): [0,24233855,11,com.android.settings/.SubSettings]
12-01 03:58:21.726 D/CompatibilityInfo( 1525): mCompatibilityFlags - 4
12-01 03:58:21.726 D/CompatibilityInfo( 1525): applicationDensity - 240
12-01 03:58:21.726 D/CompatibilityInfo( 1525): applicationScale - 1.0
12-01 03:58:21.728 I/wm_set_resumed_activity( 1525): [0,com.android.settings/.SubSettings,minimalResumeActivityLocked]
12-01 03:58:21.731 I/sysui_multi_action( 1525): [757,803,799,window_time_0,802,26]
12-01 03:58:21.745 I/am_pss ( 1525): [5563,10061,com.android.settings.intelligence,33335296,22077440,0,177848320,0,19,9]
12-01 03:58:21.752 I/am_pss ( 1525): [5712,10071,com.android.webview:webview_service,16741376,3448832,0,83800064,0,19,5]
12-01 03:58:21.753 D/SettingsActivity( 2926): Starting onCreate
12-01 03:58:21.756 I/am_uid_active( 1525): 10089
12-01 03:58:21.759 I/am_pss ( 1525): [5592,10075,com.android.emergency,8440832,5890048,0,95834112,0,19,5]
12-01 03:58:21.760 I/input_focus( 1525): [Focus leaving cd71460 com.android.settings/com.android.settings.Settings (server),reason=NO_WINDOW]
12-01 03:58:21.764 D/QCCAuthMgr( 2929): SMQContentProvider query uri: content://com.qti.smq.Feedback.provider/smq_settings, selection: key=?, uri_matcher: 1
12-01 03:58:21.764 D/QCCAuthMgr( 2929): SMQContentProvider query tableName: smq_settings
12-01 03:58:21.766 I/am_pss ( 1525): [5492,10042,com.thundercomm.screensaver,27430912,22597632,0,153485312,0,19,7]
12-01 03:58:21.772 D/SettingsActivity( 2926): Starting to set activity title
12-01 03:58:21.773 I/ActivityTaskManager( 1525): START u0 {act=android.intent.action.MAIN cmp=com.android.settings/.homepage.SettingsHomepageActivity (has extras)} from uid 1000
12-01 03:58:21.774 I/wm_finish_activity( 1525): [0,24233855,11,com.android.settings/.SubSettings,clear-task-stack]
12-01 03:58:21.779 D/ActivityTrigger( 1525): ActivityTrigger activityPauseTrigger
12-01 03:58:21.780 I/wm_pause_activity( 1525): [0,24233855,com.android.settings/.SubSettings,userLeaving=false,finish]
12-01 03:58:21.780 I/wm_new_intent( 1525): [0,226233913,11,com.android.settings/.Settings,android.intent.action.MAIN,NULL,NULL,270532608]
12-01 03:58:21.781 I/wm_task_moved( 1525): [11,1,12]
12-01 03:58:21.786 W/ActivityTaskManager( 1525): Duplicate finish request for r=ActivityRecord{171c77f u0 com.android.settings/.SubSettings t11 f}}
12-01 03:58:21.786 I/wm_on_create_called( 2926): [24233855,com.android.settings.SubSettings,performCreate]
12-01 03:58:21.787 I/EventSequenceValidator( 1525): inc AccIntentStartedEvents to 1
12-01 03:58:21.789 I/wm_add_to_stopping( 1525): [0,24233855,com.android.settings/.SubSettings,completeFinishing]
12-01 03:58:21.791 I/ActivityTaskManager( 1525): FOREGROUND_APPLICATION_CHANGED to com.android.settings.homepage.SettingsHomepageActivity
12-01 03:58:21.792 I/wm_set_resumed_activity( 1525): [0,com.android.settings/.Settings,resumeTopActivityInnerLocked]
12-01 03:58:21.793 I/wm_resume_activity( 1525): [0,226233913,11,com.android.settings/.Settings]
12-01 03:58:21.801 I/sysui_multi_action( 1525): [757,803,799,window_time_0,802,0]
12-01 03:58:21.801 I/input_focus( 1525): [Focus request cd71460 com.android.settings/com.android.settings.Settings,reason=UpdateInputWindows]
12-01 03:58:21.806 I/wm_on_activity_result_called( 2926): [226233913,com.android.settings.Settings,ACTIVITY_RESULT]
12-01 03:58:21.806 I/wm_on_resume_called( 2926): [226233913,com.android.settings.Settings,RESUME_ACTIVITY]
12-01 03:58:21.809 I/sysui_multi_action( 2926): [757,35,758,1,833,0,1089,0]
12-01 03:58:21.809 I/input_focus( 1525): [Focus entering cd71460 com.android.settings/com.android.settings.Settings (server),reason=Window became focusable. Previous reason: NO_WINDOW]
12-01 03:58:21.811 I/sysui_multi_action( 2926): [757,103,758,1,833,0,1089,0]
12-01 03:58:21.816 D/UsageGraph( 2926): No enabled state changed, skipping updateCategory call
12-01 03:58:21.817 I/wm_on_top_resumed_gained_called( 2926): [226233913,com.android.settings.Settings,topWhenResuming]
12-01 03:58:21.839 W/Choreographer( 1525): Frame time is 0.171555 ms in the future! Check that graphics HAL is generating vsync timestamps using the correct timebase.
12-01 03:58:21.839 W/Choreographer( 2926): Frame time is 0.155826 ms in the future! Check that graphics HAL is generating vsync timestamps using the correct timebase.
12-01 03:58:21.842 I/wm_destroy_activity( 1525): [0,24233855,11,com.android.settings/.SubSettings,finish-imm:idle]
12-01 03:58:21.844 I/wm_on_destroy_called( 2926): [24233855,com.android.settings.SubSettings,performDestroy]
12-01 03:58:21.895 I/GameMode_ActivityMonitoringService( 4299): onTaskStackChanged
12-01 03:58:21.903 I/GameMode_ActivityMonitoringService( 4299): Updating top task to: TaskInfoContainer [topActivity=ComponentInfo{com.android.settings/com.android.settings.Settings}, taskId=11, stackId=11, userId=0, displayId=0, position=12
12-01 03:58:21.904 I/GameMode_ActivityMonitoringService( 4299): Notifying about top task: TaskInfoContainer [topActivity=ComponentInfo{com.android.settings/com.android.settings.Settings}, taskId=11, stackId=11, userId=0, displayId=0, position=12
12-01 03:58:21.904 E/GameMode_ActivityMonitoringService( 4299): onActivityLaunch:com.android.settings
12-01 03:58:21.904 V/GameMode_GameTypeUtils( 4299): judge isGame:com.android.settings
12-01 03:58:21.904 V/GameMode_GpuUtils( 4299): fps:60
12-01 03:58:21.907 D/GameMode_GameModeActionUtils( 4299): Show GameMode entry by service!
12-01 03:58:21.907 W/ContextImpl( 4299): Calling a method in the system process without a qualified user: android.app.ContextImpl.startService:1816 android.content.ContextWrapper.startService:774 com.thundercomm.gamemode.ingame.services.GameModeActionUtils.startGameModeService:93 com.thundercomm.gamemode.ingame.services.GameModeActionUtils.startGameModeEntry:21 com.thundercomm.gamemode.ingame.services.ActivityMonitoringService$1.onActivityLaunch:127
12-01 03:58:21.909 D/GameMode_GameModeService( 4299): type=hide_entry
12-01 03:58:21.910 D/GameModeIF_GameModeSettings( 4299): getUriFor setting_content_uri_root = content://com.thundercomm.gamemode.api/gamemode_settings , name = gamemode_isgaming
12-01 03:58:21.916 I/GameModeConfig( 1525): Current uri is uri = content://com.thundercomm.gamemode.api/gamemode_settings/gamemode_isgaming
12-01 03:58:21.916 D/GameModeIF_GameModeSettings( 1525): getUriFor setting_content_uri_root = content://com.thundercomm.gamemode.api/gamemode_settings , name = gamemode_isgaming
12-01 03:58:21.916 D/GameModeIF_GameModeSettings( 4299): gamemode_isgaming set to 0
12-01 03:58:21.918 D/GameMode_GameSettingsObserver( 4299): Game Data change!!!! uri = content://com.thundercomm.gamemode.api/gamemode_settings/gamemode_isgaming
12-01 03:58:21.918 D/GameModeIF_GameModeSettings( 4299): getUriFor setting_content_uri_root = content://com.thundercomm.gamemode.api/gamemode_settings , name = gamemode_isgaming
12-01 03:58:21.920 I/GameModeConfig( 1525): isGameModeOn = false
12-01 03:58:21.920 I/GameModeConfig( 1525): isGameModeOn = false
12-01 03:58:21.920 I/GameModeConfig( 1525): isDisableVoice = true
12-01 03:58:21.920 D/GameMode_GameModeService( 4299): updateGlobalSettings = gamemode_isgaming
12-01 03:58:21.983 W/hpplay-java( 3306): [main]:IPManager:getActiveNets invalid networkInfo:null
12-01 03:58:21.983 I/hpplay-java( 3306): [main]:IPManager:getActiveNets eth0:false wifi:false mobile:false ap:false
12-01 03:58:21.983 I/hpplay-java( 3306): [main]:ServerTaskManager:get local ip:null
12-01 03:58:22.079 I/mpu_uart( 646): [MSG-P:RECV]:No message received in 1000 ms
12-01 03:58:22.082 D/CompatibilityChangeReporter( 2926): Compat change id reported: 163400105; UID 1000; state: DISABLED
12-01 03:58:22.084 D/ConnectivityService( 1525): requestNetwork for uid/pid:1000/2926 activeRequest: null callbackRequest: 58 [NetworkRequest [ REQUEST id=59, [ Capabilities: INTERNET&NOT_RESTRICTED&TRUSTED&NOT_VCN_MANAGED Uid: 1000 RequestorUid: 1000 RequestorPkg: com.android.settings] ]] callback flags: 0 priority: 2147483647
12-01 03:58:22.084 D/ConnectivityService( 1525): NetReassign [no changes]
12-01 03:58:22.085 D/ConnectivityService( 1525): NetReassign [no changes]
12-01 03:58:22.086 I/sysui_multi_action( 2926): [757,1800,758,1,833,0,1089,76]
12-01 03:58:22.086 D/Ethernet( 1525): got request NetworkRequest [ REQUEST id=59, [ Capabilities: INTERNET&NOT_RESTRICTED&TRUSTED&NOT_VCN_MANAGED Uid: 1000 RequestorUid: 1000 RequestorPkg: com.android.settings] ]
12-01 03:58:22.086 D/EthernetNetworkFactory( 1525): acceptRequest, request: NetworkRequest [ REQUEST id=59, [ Capabilities: INTERNET&NOT_RESTRICTED&TRUSTED&NOT_VCN_MANAGED Uid: 1000 RequestorUid: 1000 RequestorPkg: com.android.settings] ]
12-01 03:58:22.086 I/EthernetNetworkFactory( 1525): networkForRequest, request: NetworkRequest [ REQUEST id=59, [ Capabilities: INTERNET&NOT_RESTRICTED&TRUSTED&NOT_VCN_MANAGED Uid: 1000 RequestorUid: 1000 RequestorPkg: com.android.settings] ], network: null
12-01 03:58:22.086 D/WifiNetworkFactory( 1525): got request NetworkRequest [ REQUEST id=59, [ Capabilities: INTERNET&NOT_RESTRICTED&TRUSTED&NOT_VCN_MANAGED Uid: 1000 RequestorUid: 1000 RequestorPkg: com.android.settings] ]
12-01 03:58:22.086 D/UntrustedWifiNetworkFactory( 1525): got request NetworkRequest [ REQUEST id=59, [ Capabilities: INTERNET&NOT_RESTRICTED&TRUSTED&NOT_VCN_MANAGED Uid: 1000 RequestorUid: 1000 RequestorPkg: com.android.settings] ]
12-01 03:58:22.086 D/OemPaidWifiNetworkFactory( 1525): got request NetworkRequest [ REQUEST id=59, [ Capabilities: INTERNET&NOT_RESTRICTED&TRUSTED&NOT_VCN_MANAGED Uid: 1000 RequestorUid: 1000 RequestorPkg: com.android.settings] ]
12-01 03:58:22.106 I/WifiService( 1525): startScan uid=1000
12-01 03:58:22.113 D/LOWI-9.0.0.87.a( 1373): [LOWI-Scan] wait_event:Wait done with Cmd 33
12-01 03:58:22.113 D/LOWI-9.0.0.87.a( 1373): [LOWI-Scan] do_listen_events: Rcvd valid Netlink Cmd 0 Err 0
12-01 03:58:22.261 I/mpu_uart( 646): [MSG-P:R]:recv sync frame timeout
12-01 03:58:22.985 W/hpplay-java( 3306): [main]:IPManager:getActiveNets invalid networkInfo:null
12-01 03:58:22.985 I/hpplay-java( 3306): [main]:IPManager:getActiveNets eth0:false wifi:false mobile:false ap:false
12-01 03:58:22.985 I/hpplay-java( 3306): [main]:ServerTaskManager:get local ip:null
12-01 03:58:23.079 I/mpu_uart( 646): [MSG-P:RECV]:No message received in 1000 ms
12-01 03:58:23.143 D/InputMethodManager( 2926): showSoftInput() view=android.widget.EditText{a9a6e8e VFED.VCL. .F.P.... 18,27-1364,99 #7f0a03f1 app:id/password aid=1073741825} flags=0 reason=SHOW_SOFT_INPUT
12-01 03:58:23.166 D/DynamicPackageReader( 3690): Dynamic comment = null
12-01 03:58:23.230 D/InsetsController( 2926): show(ime(), fromIme=true)
12-01 03:58:23.334 D/LOWI-9.0.0.87.a( 1373): [LOWI-Scan] wait_event:Wait done with Cmd 34
12-01 03:58:23.334 D/LOWI-9.0.0.87.a( 1373): [LOWI-Scan] do_listen_events: Rcvd valid Netlink Cmd 34 Err 0
12-01 03:58:23.335 D/LOWI-9.0.0.87.a( 1373): [LOWI-Scan]
12-01 03:58:23.335 D/LOWI-9.0.0.87.a( 1373): [LOWI-Scan] print_bss_handler: Report Probe TSF 322278086 as it greater than Beacon TSF 273669091
12-01 03:58:23.335 D/LOWI-9.0.0.87.a( 1373): [LOWI-Scan] is_qcom_ie, bss_age: 0
12-01 03:58:23.335 D/LOWI-9.0.0.87.a( 1373): [LOWI-Scan] BSS 18:6f:2d:81:16:e1 LOWI_PHY_MODE_11NG_HT20(5), Beacon Interval: 100, LOWI_ENCRYPTION_TYPE_OPEN 11mcRanging: No, ANQP: No, LCI: No, Civic: No, capability(0x0521): ESS ShortPreamble SpectrumMgmt ShortSlotTime
12-01 03:58:23.336 D/LOWI-9.0.0.87.a( 1373): [LOWI-Scan] BSS 18:6f:2d:81:16:e1 FREQ: 2412, cFreq1[40:80:160] = [2412:0:0] cFreq2 = 0 Country Code = CN
12-01 03:58:23.336 D/LOWI-9.0.0.87.a( 1373): [LOWI-Scan] BSS 18:6f:2d:81:16:e1 (wlan0) ASSO: NO AddInfo: 0x0, TSF 0, 00:05:22.278, RSSI: -126, CPL: 127, AGE: 1136, SSID Guest, TSFDelta: 0xfa3d5254, TXRate: 0
12-01 03:58:23.336 D/LOWI-9.0.0.87.a( 1373): [LOWI-Scan]
12-01 03:58:23.336 D/LOWI-9.0.0.87.a( 1373): [LOWI-Scan] print_bss_handler: Report Probe TSF 322279974 as it greater than Beacon TSF 273679303
12-01 03:58:23.336 D/LOWI-9.0.0.87.a( 1373): [LOWI-Scan] decode_rsn_wpa_ie: LOWI_ENCRYPTION_TYPE_WPA_PSK
12-01 03:58:23.336 D/LOWI-9.0.0.87.a( 1373): [LOWI-Scan] is_qcom_ie, bss_age: 0
12-01 03:58:23.336 D/LOWI-9.0.0.87.a( 1373): [LOWI-Scan] BSS 18:6f:2d:81:16:e2 LOWI_PHY_MODE_11NG_HT20(5), Beacon Interval: 100, LOWI_ENCRYPTION_TYPE_WPA_PSK 11mcRanging: No, ANQP: No, LCI: No, Civic: No, capability(0x0531): ESS Privacy ShortPreamble SpectrumMgmt ShortSlotTime
12-01 03:58:23.336 D/LOWI-9.0.0.87.a( 1373): [LOWI-Scan] BSS 18:6f:2d:81:16:e2 FREQ: 2412, cFreq1[40:80:160] = [2412:0:0] cFreq2 = 0 Country Code = CN
12-01 03:58:23.336 D/LOWI-9.0.0.87.a( 1373): [LOWI-Scan] BSS 18:6f:2d:81:16:e2 (wlan0) ASSO: NO AddInfo: 0x0, TSF 0, 00:05:22.279, RSSI: -128, CPL: 127, AGE: 1136, SSID ThunderSoft_2.4G, TSFDelta: 0xfa4a19cd, TXRate: 0
12-01 03:58:23.336 D/LOWI-9.0.0.87.a( 1373): [LOWI-Scan]
12-01 03:58:23.336 D/LOWI-9.0.0.87.a( 1373): [LOWI-Scan] print_bss_handler: Report Probe TSF 322301587 as it greater than Beacon TSF 298193207
12-01 03:58:23.336 D/LOWI-9.0.0.87.a( 1373): [LOWI-Scan] decode_rsn_wpa_ie: LOWI_ENCRYPTION_TYPE_WPA_PSK
12-01 03:58:23.336 D/LOWI-9.0.0.87.a( 1373): [LOWI-Scan] is_qcom_ie, bss_age: 0
12-01 03:58:23.336 D/LOWI-9.0.0.87.a( 1373): [LOWI-Scan] BSS 18:6f:2d:81:16:e4 LOWI_PHY_MODE_11NG_HT20(5), Beacon Interval: 100, LOWI_ENCRYPTION_TYPE_WPA_PSK 11mcRanging: No, ANQP: No, LCI: No, Civic: No, capability(0x0531): ESS Privacy ShortPreamble SpectrumMgmt ShortSlotTime
12-01 03:58:23.336 D/LOWI-9.0.0.87.a( 1373): [LOWI-Scan] BSS 18:6f:2d:81:16:e4 FREQ: 2412, cFreq1[40:80:160] = [2412:0:0] cFreq2 = 0 Country Code = CN
12-01 03:58:23.336 D/LOWI-9.0.0.87.a( 1373): [LOWI-Scan] BSS 18:6f:2d:81:16:e4 (wlan0) ASSO: NO AddInfo: 0x0, TSF 0, 00:05:22.301, RSSI: -126, CPL: 127, AGE: 1112, SSID Fanya, TSFDelta: 0xfae0dde7, TXRate: 0
12-01 03:58:23.336 D/LOWI-9.0.0.87.a( 1373): [LOWI-Scan]
12-01 03:58:23.336 D/LOWI-9.0.0.87.a( 1373): [LOWI-Scan] print_bss_handler: Report beacon TSF 318140721 as it greater than probe TSF 308139617
12-01 03:58:23.336 D/LOWI-9.0.0.87.a( 1373): [LOWI-Scan] decode_rsn_wpa_ie: LOWI_ENCRYPTION_TYPE_WPA_PSK
12-01 03:58:23.336 D/LOWI-9.0.0.87.a( 1373): [LOWI-Scan] is_qcom_ie, bss_age: 0
12-01 03:58:23.336 D/LOWI-9.0.0.87.a( 1373): [LOWI-Scan] BSS 58:41:20:1d:fe:89 LOWI_PHY_MODE_11AC_VHT80(10), Beacon Interval: 100, LOWI_ENCRYPTION_TYPE_WPA_PSK 11mcRanging: No, ANQP: No, LCI: No, Civic: No, capability(0x1011): ESS Privacy
12-01 03:58:23.336 D/LOWI-9.0.0.87.a( 1373): [LOWI-Scan] BSS 58:41:20:1d:fe:89 FREQ: 5180, cFreq1[40:80:160] = [5190:5210:0] cFreq2 = 0 Country Code = CN
12-01 03:58:23.336 D/LOWI-9.0.0.87.a( 1373): [LOWI-Scan] BSS 58:41:20:1d:fe:89 (wlan0) ASSO: NO AddInfo: 0x1, TSF 0, 00:05:18.140, RSSI: -144, CPL: 127, AGE: 5272, SSID TP-LINK_5G_FE87, TSFDelta: 0xeae47e2b, TXRate: 0
12-01 03:58:23.336 D/LOWI-9.0.0.87.a( 1373): [LOWI-Scan]
12-01 03:58:23.336 D/LOWI-9.0.0.87.a( 1373): [LOWI-Scan] print_bss_handler: Report Probe TSF 322328198 as it greater than Beacon TSF 318204976
12-01 03:58:23.336 D/LOWI-9.0.0.87.a( 1373): [LOWI-Scan] decode_rsn_wpa_ie: LOWI_ENCRYPTION_TYPE_WPA_PSK
12-01 03:58:23.336 D/LOWI-9.0.0.87.a( 1373): [LOWI-Scan] is_qcom_ie, bss_age: 0
12-01 03:58:23.336 D/LOWI-9.0.0.87.a( 1373): [LOWI-Scan] BSS 18:6f:2d:81:16:e0 LOWI_PHY_MODE_11NG_HT20(5), Beacon Interval: 100, LOWI_ENCRYPTION_TYPE_WPA_PSK 11mcRanging: No, ANQP: No, LCI: No, Civic: No, capability(0x0531): ESS Privacy ShortPreamble SpectrumMgmt ShortSlotTime
12-01 03:58:23.336 D/LOWI-9.0.0.87.a( 1373): [LOWI-Scan] BSS 18:6f:2d:81:16:e0 FREQ: 2412, cFreq1[40:80:160] = [2412:0:0] cFreq2 = 0 Country Code = CN
12-01 03:58:23.336 D/LOWI-9.0.0.87.a( 1373): [LOWI-Scan] BSS 18:6f:2d:81:16:e0 (wlan0) ASSO: NO AddInfo: 0x0, TSF 0, 00:05:22.328, RSSI: -126, CPL: 127, AGE: 1084, SSID Testing , TSFDelta: 0xfba9ff6c, TXRate: 0
12-01 03:58:23.336 D/WifiNl80211Manager( 1525): Scan result ready event
12-01 03:58:23.336 D/LOWI-9.0.0.87.a( 1373): [LOWI-Scan]
12-01 03:58:23.336 D/WifiNative( 1525): Scan result ready event
12-01 03:58:23.336 D/LOWI-9.0.0.87.a( 1373): [LOWI-Scan] print_bss_handler: Report beacon TSF 322376694 as it greater than probe TSF 322359329
12-01 03:58:23.336 D/LOWI-9.0.0.87.a( 1373): [LOWI-Scan] decode_rsn_wpa_ie: LOWI_ENCRYPTION_TYPE_WPA_PSK
12-01 03:58:23.336 D/LOWI-9.0.0.87.a( 1373): [LOWI-Scan] is_qcom_ie, bss_age: 0
12-01 03:58:23.336 D/LOWI-9.0.0.87.a( 1373): [LOWI-Scan] BSS 5c:02:14:f9:4f:d3 LOWI_PHY_MODE_11AC_VHT80(10), Beacon Interval: 100, LOWI_ENCRYPTION_TYPE_WPA_PSK 11mcRanging: No, ANQP: Yes, LCI: No, Civic: No, capability(0x1931): ESS Privacy ShortPreamble SpectrumMgmt APSD
12-01 03:58:23.336 D/LOWI-9.0.0.87.a( 1373): [LOWI-Scan] BSS 5c:02:14:f9:4f:d3 FREQ: 5220, cFreq1[40:80:160] = [5230:5210:0] cFreq2 = 0 Country Code = CN
12-01 03:58:23.336 D/LOWI-9.0.0.87.a( 1373): [LOWI-Scan] BSS 5c:02:14:f9:4f:d3 (wlan0) ASSO: NO AddInfo: 0x1, TSF 0, 00:05:22.376, RSSI: -100, CPL: 127, AGE: 1036, SSID ThunderSoft_XTS_5G, TSFDelta: 0x369b41e1, TXRate: 0
12-01 03:58:23.336 D/LOWI-9.0.0.87.a( 1373): [LOWI-Scan]
12-01 03:58:23.336 D/LOWI-9.0.0.87.a( 1373): [LOWI-Scan] print_bss_handler: Report Probe TSF 322466733 as it greater than Beacon TSF 298324954
12-01 03:58:23.336 D/LOWI-9.0.0.87.a( 1373): [LOWI-Scan] decode_rsn_wpa_ie: LOWI_ENCRYPTION_TYPE_WPA_PSK
12-01 03:58:23.336 D/LOWI-9.0.0.87.a( 1373): [LOWI-Scan] is_qcom_ie, bss_age: 0
12-01 03:58:23.337 D/LOWI-9.0.0.87.a( 1373): [LOWI-Scan] BSS 7c:b5:9b:12:ab:30 LOWI_PHY_MODE_11AC_VHT80(10), Beacon Interval: 100, LOWI_ENCRYPTION_TYPE_WPA_PSK 11mcRanging: No, ANQP: No, LCI: No, Civic: No, capability(0x1011): ESS Privacy
12-01 03:58:23.337 D/LOWI-9.0.0.87.a( 1373): [LOWI-Scan] BSS 7c:b5:9b:12:ab:30 FREQ: 5745, cFreq1[40:80:160] = [5755:5775:0] cFreq2 = 0 Country Code = CN
12-01 03:58:23.337 D/LOWI-9.0.0.87.a( 1373): [LOWI-Scan] BSS 7c:b5:9b:12:ab:30 (wlan0) ASSO: NO AddInfo: 0x0, TSF 0, 00:05:22.466, RSSI: -156, CPL: 127, AGE: 948, SSID TP-LINK_AB2E, TSFDelta: 0xa8818205, TXRate: 0
12-01 03:58:23.337 D/LOWI-9.0.0.87.a( 1373): [LOWI-Scan]
12-01 03:58:23.337 D/LOWI-9.0.0.87.a( 1373): [LOWI-Scan] print_bss_handler: Report Probe TSF 322446940 as it greater than Beacon TSF 298325331
12-01 03:58:23.337 D/LOWI-9.0.0.87.a( 1373): [LOWI-Scan] decode_rsn_wpa_ie: LOWI_ENCRYPTION_TYPE_WPA_PSK
12-01 03:58:23.337 D/LOWI-9.0.0.87.a( 1373): [LOWI-Scan] is_qcom_ie, bss_age: 0
12-01 03:58:23.337 D/LOWI-9.0.0.87.a( 1373): [LOWI-Scan] BSS 2c:4d:54:b8:af:f4 LOWI_PHY_MODE_11AC_VHT80(10), Beacon Interval: 100, LOWI_ENCRYPTION_TYPE_WPA_PSK 11mcRanging: No, ANQP: No, LCI: No, Civic: No, capability(0x0831): ESS Privacy ShortPreamble APSD
12-01 03:58:23.337 D/LOWI-9.0.0.87.a( 1373): [LOWI-Scan] BSS 2c:4d:54:b8:af:f4 FREQ: 5745, cFreq1[40:80:160] = [5755:5775:0] cFreq2 = 0 Country Code = CN
12-01 03:58:23.337 D/LOWI-9.0.0.87.a( 1373): [LOWI-Scan] BSS 2c:4d:54:b8:af:f4 (wlan0) ASSO: NO AddInfo: 0x0, TSF 0, 00:05:22.446, RSSI: -162, CPL: 127, AGE: 968, SSID CTS_5G, TSFDelta: 0xb4e9eac4, TXRate: 0
12-01 03:58:23.337 D/LOWI-9.0.0.87.a( 1373): [LOWI-Scan]
12-01 03:58:23.337 D/LOWI-9.0.0.87.a( 1373): [LOWI-Scan] print_bss_handler: Report Probe TSF 318486091 as it greater than Beacon TSF 273944071
12-01 03:58:23.337 D/LOWI-9.0.0.87.a( 1373): [LOWI-Scan] decode_rsn_wpa_ie: LOWI_ENCRYPTION_TYPE_WPA_PSK
12-01 03:58:23.337 D/LOWI-9.0.0.87.a( 1373): [LOWI-Scan] is_qcom_ie, bss_age: 0
12-01 03:58:23.337 D/LOWI-9.0.0.87.a( 1373): [LOWI-Scan] BSS 18:6f:2d:0a:b8:40 LOWI_PHY_MODE_11NG_HT20(5), Beacon Interval: 100, LOWI_ENCRYPTION_TYPE_WPA_PSK 11mcRanging: No, ANQP: No, LCI: No, Civic: No, capability(0x0531): ESS Privacy ShortPreamble SpectrumMgmt ShortSlotTime
12-01 03:58:23.337 D/LOWI-9.0.0.87.a( 1373): [LOWI-Scan] BSS 18:6f:2d:0a:b8:40 FREQ: 2427, cFreq1[40:80:160] = [2427:0:0] cFreq2 = 0 Country Code = CN
12-01 03:58:23.337 D/LOWI-9.0.0.87.a( 1373): [LOWI-Scan] BSS 18:6f:2d:0a:b8:40 (wlan0) ASSO: NO AddInfo: 0x0, TSF 0, 00:05:18.486, RSSI: -116, CPL: 127, AGE: 4927, SSID Testing , TSFDelta: 0xe766f25, TXRate: 0
12-01 03:58:23.337 D/LOWI-9.0.0.87.a( 1373): [LOWI-Scan]
12-01 03:58:23.337 D/LOWI-9.0.0.87.a( 1373): [LOWI-Scan] print_bss_handler: Report Probe TSF 318449938 as it greater than Beacon TSF 297004207
12-01 03:58:23.337 D/LOWI-9.0.0.87.a( 1373): [LOWI-Scan] is_qcom_ie, bss_age: 0
12-01 03:58:23.337 D/LOWI-9.0.0.87.a( 1373): [LOWI-Scan] BSS 18:6f:2d:0a:b8:41 LOWI_PHY_MODE_11NG_HT20(5), Beacon Interval: 100, LOWI_ENCRYPTION_TYPE_OPEN 11mcRanging: No, ANQP: No, LCI: No, Civic: No, capability(0x0521): ESS ShortPreamble SpectrumMgmt ShortSlotTime
12-01 03:58:23.337 D/LOWI-9.0.0.87.a( 1373): [LOWI-Scan] BSS 18:6f:2d:0a:b8:41 FREQ: 2427, cFreq1[40:80:160] = [2427:0:0] cFreq2 = 0 Country Code = CN
12-01 03:58:23.337 D/LOWI-9.0.0.87.a( 1373): [LOWI-Scan] BSS 18:6f:2d:0a:b8:41 (wlan0) ASSO: NO AddInfo: 0x0, TSF 0, 00:05:18.449, RSSI: -114, CPL: 127, AGE: 4963, SSID Guest, TSFDelta: 0xdaf9bfb, TXRate: 0
12-01 03:58:23.337 D/LOWI-9.0.0.87.a( 1373): [LOWI-Scan]
12-01 03:58:23.337 D/LOWI-9.0.0.87.a( 1373): [LOWI-Scan] print_bss_handler: Report Probe TSF 318450773 as it greater than Beacon TSF 298438051
12-01 03:58:23.337 D/LOWI-9.0.0.87.a( 1373): [LOWI-Scan] decode_rsn_wpa_ie: LOWI_ENCRYPTION_TYPE_WPA_PSK
12-01 03:58:23.337 D/LOWI-9.0.0.87.a( 1373): [LOWI-Scan] is_qcom_ie, bss_age: 0
12-01 03:58:23.337 D/LOWI-9.0.0.87.a( 1373): [LOWI-Scan] BSS 18:6f:2d:0a:b8:42 LOWI_PHY_MODE_11NG_HT20(5), Beacon Interval: 100, LOWI_ENCRYPTION_TYPE_WPA_PSK 11mcRanging: No, ANQP: No, LCI: No, Civic: No, capability(0x0531): ESS Privacy ShortPreamble SpectrumMgmt ShortSlotTime
12-01 03:58:23.337 D/LOWI-9.0.0.87.a( 1373): [LOWI-Scan] BSS 18:6f:2d:0a:b8:42 FREQ: 2427, cFreq1[40:80:160] = [2427:0:0] cFreq2 = 0 Country Code = CN
12-01 03:58:23.337 D/LOWI-9.0.0.87.a( 1373): [LOWI-Scan] BSS 18:6f:2d:0a:b8:42 (wlan0) ASSO: NO AddInfo: 0x0, TSF 0, 00:05:18.450, RSSI: -116, CPL: 127, AGE: 4963, SSID ThunderSoft_2.4G, TSFDelta: 0xdb4a520, TXRate: 0
12-01 03:58:23.337 D/LOWI-9.0.0.87.a( 1373): [LOWI-Scan]
12-01 03:58:23.337 D/LOWI-9.0.0.87.a( 1373): [LOWI-Scan] print_bss_handler: Report Probe TSF 318451403 as it greater than Beacon TSF 298438728
12-01 03:58:23.337 D/LOWI-9.0.0.87.a( 1373): [LOWI-Scan] decode_rsn_wpa_ie: LOWI_ENCRYPTION_TYPE_WPA_PSK
12-01 03:58:23.337 D/LOWI-9.0.0.87.a( 1373): [LOWI-Scan] is_qcom_ie, bss_age: 0
12-01 03:58:23.337 D/LOWI-9.0.0.87.a( 1373): [LOWI-Scan] BSS 18:6f:2d:0a:b8:43 LOWI_PHY_MODE_11NG_HT20(5), Beacon Interval: 100, LOWI_ENCRYPTION_TYPE_WPA_PSK 11mcRanging: No, ANQP: No, LCI: No, Civic: No, capability(0x0531): ESS Privacy ShortPreamble SpectrumMgmt ShortSlotTime
12-01 03:58:23.337 D/LOWI-9.0.0.87.a( 1373): [LOWI-Scan] BSS 18:6f:2d:0a:b8:43 FREQ: 2427, cFreq1[40:80:160] = [2427:0:0] cFreq2 = 0 Country Code = CN
12-01 03:58:23.337 D/LOWI-9.0.0.87.a( 1373): [LOWI-Scan] BSS 18:6f:2d:0a:b8:43 (wlan0) ASSO: NO AddInfo: 0x0, TSF 0, 00:05:18.451, RSSI: -112, CPL: 127, AGE: 4962, SSID ZXHY, TSFDelta: 0xdb9c2d9, TXRate: 0
12-01 03:58:23.338 D/LOWI-9.0.0.87.a( 1373): [LOWI-Scan]
12-01 03:58:23.338 D/LOWI-9.0.0.87.a( 1373): [LOWI-Scan] print_bss_handler: Report Probe TSF 318452156 as it greater than Beacon TSF 298439545
12-01 03:58:23.338 D/LOWI-9.0.0.87.a( 1373): [LOWI-Scan] decode_rsn_wpa_ie: LOWI_ENCRYPTION_TYPE_WPA_PSK
12-01 03:58:23.338 D/LOWI-9.0.0.87.a( 1373): [LOWI-Scan] is_qcom_ie, bss_age: 0
12-01 03:58:23.338 D/LOWI-9.0.0.87.a( 1373): [LOWI-Scan] BSS 18:6f:2d:0a:b8:44 LOWI_PHY_MODE_11NG_HT20(5), Beacon Interval: 100, LOWI_ENCRYPTION_TYPE_WPA_PSK 11mcRanging: No, ANQP: No, LCI: No, Civic: No, capability(0x0531): ESS Privacy ShortPreamble SpectrumMgmt ShortSlotTime
12-01 03:58:23.338 D/LOWI-9.0.0.87.a( 1373): [LOWI-Scan] BSS 18:6f:2d:0a:b8:44 FREQ: 2427, cFreq1[40:80:160] = [2427:0:0] cFreq2 = 0 Country Code = CN
12-01 03:58:23.338 D/LOWI-9.0.0.87.a( 1373): [LOWI-Scan] BSS 18:6f:2d:0a:b8:44 (wlan0) ASSO: NO AddInfo: 0x0, TSF 0, 00:05:18.452, RSSI: -116, CPL: 127, AGE: 4958, SSID Fanya, TSFDelta: 0xdbf072f, TXRate: 0
12-01 03:58:23.338 D/LOWI-9.0.0.87.a( 1373): [LOWI-Scan]
12-01 03:58:23.338 D/LOWI-9.0.0.87.a( 1373): [LOWI-Scan] print_bss_handler: Report Probe TSF 322667931 as it greater than Beacon TSF 322616730
12-01 03:58:23.338 D/LOWI-9.0.0.87.a( 1373): [LOWI-Scan] is_qcom_ie, bss_age: 0
12-01 03:58:23.338 D/LOWI-9.0.0.87.a( 1373): [LOWI-Scan] BSS 18:6f:2d:81:18:41 LOWI_PHY_MODE_11NG_HT20(5), Beacon Interval: 100, LOWI_ENCRYPTION_TYPE_OPEN 11mcRanging: No, ANQP: No, LCI: No, Civic: No, capability(0x0521): ESS ShortPreamble SpectrumMgmt ShortSlotTime
12-01 03:58:23.338 D/LOWI-9.0.0.87.a( 1373): [LOWI-Scan] BSS 18:6f:2d:81:18:41 FREQ: 2432, cFreq1[40:80:160] = [2432:0:0] cFreq2 = 0 Country Code = CN
12-01 03:58:23.338 D/LOWI-9.0.0.87.a( 1373): [LOWI-Scan] BSS 18:6f:2d:81:18:41 (wlan0) ASSO: NO AddInfo: 0x0, TSF 0, 00:05:22.667, RSSI: -122, CPL: 127, AGE: 748, SSID Guest, TSFDelta: 0xa18cde0, TXRate: 0
12-01 03:58:23.338 D/LOWI-9.0.0.87.a( 1373): [LOWI-Scan]
12-01 03:58:23.338 D/LOWI-9.0.0.87.a( 1373): [LOWI-Scan] print_bss_handler: Report Probe TSF 322771678 as it greater than Beacon TSF 318608661
12-01 03:58:23.338 D/LOWI-9.0.0.87.a( 1373): [LOWI-Scan] decode_rsn_wpa_ie: LOWI_ENCRYPTION_TYPE_WPA_PSK
12-01 03:58:23.338 D/LOWI-9.0.0.87.a( 1373): [LOWI-Scan] is_qcom_ie, bss_age: 0
12-01 03:58:23.338 D/LOWI-9.0.0.87.a( 1373): [LOWI-Scan] BSS 18:6f:2d:81:25:40 LOWI_PHY_MODE_11NG_HT20(5), Beacon Interval: 100, LOWI_ENCRYPTION_TYPE_WPA_PSK 11mcRanging: No, ANQP: No, LCI: No, Civic: No, capability(0x0531): ESS Privacy ShortPreamble SpectrumMgmt ShortSlotTime
12-01 03:58:23.338 D/LOWI-9.0.0.87.a( 1373): [LOWI-Scan] BSS 18:6f:2d:81:25:40 FREQ: 2437, cFreq1[40:80:160] = [2437:0:0] cFreq2 = 0 Country Code = CN
12-01 03:58:23.338 D/LOWI-9.0.0.87.a( 1373): [LOWI-Scan] BSS 18:6f:2d:81:25:40 (wlan0) ASSO: NO AddInfo: 0x0, TSF 0, 00:05:22.771, RSSI: -78, CPL: 127, AGE: 644, SSID Testing , TSFDelta: 0xc032bb2a, TXRate: 0
12-01 03:58:23.338 D/LOWI-9.0.0.87.a( 1373): [LOWI-Scan]
12-01 03:58:23.338 D/LOWI-9.0.0.87.a( 1373): [LOWI-Scan] print_bss_handler: Report beacon TSF 318617945 as it greater than probe TSF 308623350
12-01 03:58:23.338 D/LOWI-9.0.0.87.a( 1373): [LOWI-Scan] is_qcom_ie, bss_age: 0
12-01 03:58:23.338 D/LOWI-9.0.0.87.a( 1373): [LOWI-Scan] BSS 18:6f:2d:81:25:41 LOWI_PHY_MODE_11NG_HT20(5), Beacon Interval: 100, LOWI_ENCRYPTION_TYPE_OPEN 11mcRanging: No, ANQP: No, LCI: No, Civic: No, capability(0x0521): ESS ShortPreamble SpectrumMgmt ShortSlotTime
12-01 03:58:23.338 D/LOWI-9.0.0.87.a( 1373): [LOWI-Scan] BSS 18:6f:2d:81:25:41 FREQ: 2437, cFreq1[40:80:160] = [2437:0:0] cFreq2 = 0 Country Code = CN
12-01 03:58:23.338 D/LOWI-9.0.0.87.a( 1373): [LOWI-Scan] BSS 18:6f:2d:81:25:41 (wlan0) ASSO: NO AddInfo: 0x1, TSF 0, 00:05:18.617, RSSI: -82, CPL: 127, AGE: 4794, SSID Guest, TSFDelta: 0xc0e4fdd7, TXRate: 0
12-01 03:58:23.339 D/LOWI-9.0.0.87.a( 1373): [LOWI-Scan]
12-01 03:58:23.339 D/LOWI-9.0.0.87.a( 1373): [LOWI-Scan] print_bss_handler: Report beacon TSF 322706212 as it greater than probe TSF 308625294
12-01 03:58:23.339 D/LOWI-9.0.0.87.a( 1373): [LOWI-Scan] decode_rsn_wpa_ie: LOWI_ENCRYPTION_TYPE_WPA_PSK
12-01 03:58:23.339 D/LOWI-9.0.0.87.a( 1373): [LOWI-Scan] is_qcom_ie, bss_age: 0
12-01 03:58:23.339 D/LOWI-9.0.0.87.a( 1373): [LOWI-Scan] BSS 18:6f:2d:81:25:42 LOWI_PHY_MODE_11NG_HT20(5), Beacon Interval: 100, LOWI_ENCRYPTION_TYPE_WPA_PSK 11mcRanging: No, ANQP: No, LCI: No, Civic: No, capability(0x0531): ESS Privacy ShortPreamble SpectrumMgmt ShortSlotTime
12-01 03:58:23.339 D/LOWI-9.0.0.87.a( 1373): [LOWI-Scan] BSS 18:6f:2d:81:25:42 FREQ: 2437, cFreq1[40:80:160] = [2437:0:0] cFreq2 = 0 Country Code = CN
12-01 03:58:23.339 D/LOWI-9.0.0.87.a( 1373): [LOWI-Scan] BSS 18:6f:2d:81:25:42 (wlan0) ASSO: NO AddInfo: 0x1, TSF 0, 00:05:22.706, RSSI: -80, CPL: 127, AGE: 708, SSID ThunderSoft_2.4G, TSFDelta: 0xc0f19d0f, TXRate: 0
12-01 03:58:23.339 D/LOWI-9.0.0.87.a( 1373): [LOWI-Scan]
12-01 03:58:23.339 D/LOWI-9.0.0.87.a( 1373): [LOWI-Scan] print_bss_handler: Report beacon TSF 322709202 as it greater than probe TSF 308627186
12-01 03:58:23.339 D/LOWI-9.0.0.87.a( 1373): [LOWI-Scan] decode_rsn_wpa_ie: LOWI_ENCRYPTION_TYPE_WPA_PSK
12-01 03:58:23.339 D/LOWI-9.0.0.87.a( 1373): [LOWI-Scan] is_qcom_ie, bss_age: 0
12-01 03:58:23.339 D/LOWI-9.0.0.87.a( 1373): [LOWI-Scan] BSS 18:6f:2d:81:25:43 LOWI_PHY_MODE_11NG_HT20(5), Beacon Interval: 100, LOWI_ENCRYPTION_TYPE_WPA_PSK 11mcRanging: No, ANQP: No, LCI: No, Civic: No, capability(0x0531): ESS Privacy ShortPreamble SpectrumMgmt ShortSlotTime
12-01 03:58:23.339 D/LOWI-9.0.0.87.a( 1373): [LOWI-Scan] BSS 18:6f:2d:81:25:43 FREQ: 2437, cFreq1[40:80:160] = [2437:0:0] cFreq2 = 0 Country Code = CN
12-01 03:58:23.339 D/LOWI-9.0.0.87.a( 1373): [LOWI-Scan] BSS 18:6f:2d:81:25:43 (wlan0) ASSO: NO AddInfo: 0x1, TSF 0, 00:05:22.709, RSSI: -88, CPL: 127, AGE: 704, SSID ZXHY, TSFDelta: 0xc0fffc50, TXRate: 0
12-01 03:58:23.339 D/LOWI-9.0.0.87.a( 1373): [LOWI-Scan]
12-01 03:58:23.339 D/LOWI-9.0.0.87.a( 1373): [LOWI-Scan] print_bss_handler: Report beacon TSF 322734132 as it greater than probe TSF 308629459
12-01 03:58:23.339 D/LOWI-9.0.0.87.a( 1373): [LOWI-Scan] decode_rsn_wpa_ie: LOWI_ENCRYPTION_TYPE_WPA_PSK
12-01 03:58:23.339 D/LOWI-9.0.0.87.a( 1373): [LOWI-Scan] is_qcom_ie, bss_age: 0
12-01 03:58:23.340 D/LOWI-9.0.0.87.a( 1373): [LOWI-Scan] BSS 18:6f:2d:81:25:44 LOWI_PHY_MODE_11NG_HT20(5), Beacon Interval: 100, LOWI_ENCRYPTION_TYPE_WPA_PSK 11mcRanging: No, ANQP: No, LCI: No, Civic: No, capability(0x0531): ESS Privacy ShortPreamble SpectrumMgmt ShortSlotTime
12-01 03:58:23.340 D/LOWI-9.0.0.87.a( 1373): [LOWI-Scan] BSS 18:6f:2d:81:25:44 FREQ: 2437, cFreq1[40:80:160] = [2437:0:0] cFreq2 = 0 Country Code = CN
12-01 03:58:23.340 D/LOWI-9.0.0.87.a( 1373): [LOWI-Scan] BSS 18:6f:2d:81:25:44 (wlan0) ASSO: NO AddInfo: 0x1, TSF 0, 00:05:22.734, RSSI: -86, CPL: 127, AGE: 680, SSID Fanya, TSFDelta: 0xc10f580b, TXRate: 0
12-01 03:58:23.340 D/LOWI-9.0.0.87.a( 1373): [LOWI-Scan]
12-01 03:58:23.340 D/LOWI-9.0.0.87.a( 1373): [LOWI-Scan] print_bss_handler: Report Probe TSF 322793594 as it greater than Beacon TSF 322762925
12-01 03:58:23.340 D/LOWI-9.0.0.87.a( 1373): [LOWI-Scan] is_qcom_ie, bss_age: 0
12-01 03:58:23.340 D/LOWI-9.0.0.87.a( 1373): [LOWI-Scan] BSS 18:6f:2d:81:18:51 LOWI_PHY_MODE_11AC_VHT20(8), Beacon Interval: 100, LOWI_ENCRYPTION_TYPE_OPEN 11mcRanging: No, ANQP: No, LCI: No, Civic: No, capability(0x0101): ESS SpectrumMgmt
12-01 03:58:23.340 D/LOWI-9.0.0.87.a( 1373): [LOWI-Scan] BSS 18:6f:2d:81:18:51 FREQ: 5260, cFreq1[40:80:160] = [5260:0:0] cFreq2 = 0 Country Code = CN
12-01 03:58:23.340 D/LOWI-9.0.0.87.a( 1373): [LOWI-Scan] BSS 18:6f:2d:81:18:51 (wlan0) ASSO: NO AddInfo: 0x0, TSF 0, 00:05:22.793, RSSI: -156, CPL: 127, AGE: 620, SSID Guest, TSFDelta: 0xd7094625, TXRate: 0
12-01 03:58:23.340 D/LOWI-9.0.0.87.a( 1373): [LOWI-Scan]
12-01 03:58:23.340 D/LOWI-9.0.0.87.a( 1373): [LOWI-Scan] print_bss_handler: Report Probe TSF 322793653 as it greater than Beacon TSF 322763432
12-01 03:58:23.340 D/LOWI-9.0.0.87.a( 1373): [LOWI-Scan] decode_rsn_wpa_ie: LOWI_ENCRYPTION_TYPE_WPA_PSK
