12-01 03:54:11.193 I/am_pss ( 1525): [3889,1000,com.qti.diagservices,5790720,3944448,0,95948800,0,10,5]
12-01 03:54:11.200 I/am_pss ( 1525): [3842,10031,com.android.traceur,8389632,6017024,0,96821248,0,19,6]
12-01 03:54:11.206 I/am_pss ( 1525): [3461,1000,com.android.keychain,7853056,6356992,0,94384128,0,19,5]
12-01 03:54:11.216 I/am_pss ( 1525): [3690,10029,com.baidu.input,86223872,80560128,0,203476992,0,7,9]
12-01 03:54:11.223 I/am_pss ( 1525): [3438,10020,com.android.documentsui,12634112,9904128,0,108593152,0,19,6]
12-01 03:54:11.229 I/am_pss ( 1525): [3067,10096,android.ext.services,10028032,6737920,0,106057728,0,5,6]
12-01 03:54:11.235 I/am_pss ( 1525): [2825,1000,com.android.settings:CryptKeeper,11799552,4771840,0,117088256,0,19,5]
12-01 03:54:11.286 I/commit_sys_config_file( 1525): [settings-0-0,4]
12-01 03:54:11.492 I/sysui_multi_action( 2926): [757,830,758,4,833,0,854,build_number,1089,0]
12-01 03:54:11.902 I/commit_sys_config_file( 1525): [package-user-0,6]
12-01 03:54:12.561 I/sysui_multi_action( 2926): [757,830,758,4,833,0,854,top_level_system,1089,0]
12-01 03:54:12.667 I/sysui_multi_action( 2926): [757,40,758,2,1089,4142]
12-01 03:54:12.694 I/sysui_multi_action( 2926): [757,744,758,1,833,0,1089,21]
12-01 03:54:12.699 I/sysui_multi_action( 2926): [757,1729,758,4,854,isParalleledControllers:false,1089,26]
12-01 03:54:13.701 I/sysui_multi_action( 2926): [757,830,758,4,833,0,854,dashboard_tile_pref_com.android.settings.Settings$DevelopmentSettingsDashboardActivity,1089,0]
12-01 03:54:13.714 I/sysui_multi_action( 2926): [757,744,758,2,1089,1019]
12-01 03:54:13.787 I/auditd ( 2926): type=1400 audit(0.0:347): avc: denied { read } for comm="ndroid.settings" name="pagetypeinfo" dev="proc" ino=4026531857 scontext=u:r:system_app:s0 tcontext=u:object_r:proc_pagetypeinfo:s0 tclass=file permissive=0
12-01 03:54:13.791 I/auditd ( 2926): type=1400 audit(0.0:348): avc: denied { search } for comm="ndroid.settings" name="zram0" dev="sysfs" ino=56842 scontext=u:r:system_app:s0 tcontext=u:object_r:sysfs_zram:s0 tclass=dir permissive=0
12-01 03:54:13.791 I/auditd ( 2926): type=1400 audit(0.0:349): avc: denied { search } for comm="ndroid.settings" name="zram0" dev="sysfs" ino=56842 scontext=u:r:system_app:s0 tcontext=u:object_r:sysfs_zram:s0 tclass=dir permissive=0
12-01 03:54:13.829 I/sysui_multi_action( 2926): [757,853,758,4,854,null/switch_bar,1089,1]
12-01 03:54:13.831 I/sysui_multi_action( 2926): [757,39,758,1,833,0,1089,113]
12-01 03:54:13.832 D/TelephonyRegistry( 1525): listen oscl: mHasNotifySubscriptionInfoChangedOccurred==false no callback
12-01 03:54:13.834 D/TelephonyRegistry( 1525): listen oscl: mHasNotifySubscriptionInfoChangedOccurred==false no callback
12-01 03:54:13.847 I/auditd ( 2926): type=1400 audit(0.0:350): avc: denied { read } for comm="pool-2-thread-7" name="pagetypeinfo" dev="proc" ino=4026531857 scontext=u:r:system_app:s0 tcontext=u:object_r:proc_pagetypeinfo:s0 tclass=file permissive=0
12-01 03:54:13.851 I/auditd ( 2926): type=1400 audit(0.0:351): avc: denied { search } for comm="pool-2-thread-7" name="zram0" dev="sysfs" ino=56842 scontext=u:r:system_app:s0 tcontext=u:object_r:sysfs_zram:s0 tclass=dir permissive=0
12-01 03:54:13.851 I/auditd ( 2926): type=1400 audit(0.0:352): avc: denied { search } for comm="pool-2-thread-7" name="zram0" dev="sysfs" ino=56842 scontext=u:r:system_app:s0 tcontext=u:object_r:sysfs_zram:s0 tclass=dir permissive=0
12-01 03:54:13.862 I/sysui_multi_action( 2926): [757,1729,758,4,854,isParalleledControllers:false,1089,143]
12-01 03:54:14.031 I/commit_sys_config_file( 1525): [settings-0-0,5]
12-01 03:54:16.128 I/sysui_multi_action( 2926): [757,830,758,4,833,0,854,enable_adb,1089,0]
12-01 03:54:16.201 I/sysui_multi_action( 2926): [757,1222,758,1,833,0,1089,20]
12-01 03:54:16.209 I/input_focus( 1525): [Focus request 8efe23e com.android.settings/com.android.settings.Settings,reason=UpdateInputWindows]
12-01 03:54:16.234 I/input_focus( 1525): [Focus leaving cd71460 com.android.settings/com.android.settings.Settings (server),reason=setFocusedWindow]
12-01 03:54:16.234 I/input_focus( 1525): [Focus entering 8efe23e com.android.settings/com.android.settings.Settings (server),reason=setFocusedWindow]
12-01 03:54:17.046 I/input_interaction( 1525): Interaction with: 8efe23e com.android.settings/com.android.settings.Settings (server), edge-swipe (server), swipe-up (server), PointerEventDispatcher0 (server),
12-01 03:54:17.261 I/input_focus( 1525): [Focus request cd71460 com.android.settings/com.android.settings.Settings,reason=UpdateInputWindows]
12-01 03:54:17.285 I/sysui_multi_action( 2926): [757,1222,758,2,1089,1084]
12-01 03:54:17.287 I/input_focus( 1525): [Focus entering cd71460 com.android.settings/com.android.settings.Settings (server),reason=setFocusedWindow]
12-01 03:54:17.398 I/notification_enqueue( 1525): [1000,1525,android,26,NULL,-1,Notification(channel=DEVELOPER_IMPORTANT shortcut=null contentView=null vibrate=null sound=null tick defaults=0x0 flags=0x2 color=0x00000000 vis=PUBLIC),0]
12-01 03:54:17.431 I/commit_sys_config_file( 1525): [settings-0-0,5]
12-01 03:54:17.600 I/sysui_multi_action( 1525): [757,1501,758,1,793,203,794,0,795,203,796,26,806,android,857,DEVELOPER_IMPORTANT,858,4,947,0,1500,0]
12-01 03:54:17.600 I/sysui_multi_action( 1525): [757,804,799,note_interruptive,801,0,802,1]
12-01 03:54:17.602 I/sysui_multi_action( 1525): [757,1501,758,1,793,206,794,0,795,206,796,26,806,android,857,DEVELOPER_IMPORTANT,858,4,947,0,1500,0,1688,1]
12-01 03:54:17.602 I/sysui_multi_action( 1525): [757,804,799,note_interruptive,801,0,802,1]
12-01 03:54:17.603 I/sysui_multi_action( 1525): [757,199,758,1,759,2,793,207,794,0,795,207,796,26,806,android,857,DEVELOPER_IMPORTANT,858,4,947,0,1500,1,1688,1]
12-01 03:54:17.603 I/notification_alert( 1525): [-1|android|26|null|1000,0,1,0]
12-01 03:54:17.699 I/sysui_multi_action( 2372): [757,803,799,note_peek,802,1]
12-01 03:54:17.706 I/sysui_multi_action( 1525): [757,127,758,1]
12-01 03:54:17.706 I/sysui_multi_action( 1525): [757,804,799,note_load,801,1,802,1]
12-01 03:54:17.707 I/notification_panel_revealed( 1525): 1
12-01 03:54:17.708 I/sysui_heads_up_status( 2372): [-1|android|26|null|1000,1]
12-01 03:54:18.665 I/wm_task_created( 1525): [12,-1]
12-01 03:54:18.675 I/wm_task_moved( 1525): [12,1,7]
12-01 03:54:18.675 I/wm_task_to_front( 1525): [0,12]
12-01 03:54:18.676 I/wm_create_task( 1525): [0,12]
12-01 03:54:18.676 I/wm_create_activity( 1525): [0,78553312,12,com.android.systemui/.usb.UsbDebuggingActivity,NULL,NULL,NULL,276824064]
12-01 03:54:18.676 I/wm_task_moved( 1525): [12,1,7]
12-01 03:54:18.676 I/wm_on_top_resumed_lost_called( 2926): [226233913,com.android.settings.Settings,topStateChangedWhenResumed]
12-01 03:54:18.680 I/wm_pause_activity( 1525): [0,226233913,com.android.settings/.Settings,userLeaving=true,pauseBackTasks]
12-01 03:54:18.689 I/sysui_multi_action( 2926): [757,35,758,2,1089,12563]
12-01 03:54:18.695 I/sysui_multi_action( 2926): [757,39,758,2,1089,4863]
12-01 03:54:18.697 I/wm_on_paused_called( 2926): [226233913,com.android.settings.Settings,performPause]
12-01 03:54:18.701 I/wm_restart_activity( 1525): [0,78553312,12,com.android.systemui/.usb.UsbDebuggingActivity]
12-01 03:54:18.703 I/wm_set_resumed_activity( 1525): [0,com.android.systemui/.usb.UsbDebuggingActivity,minimalResumeActivityLocked]
12-01 03:54:18.710 I/sysui_multi_action( 1525): [757,803,799,window_time_0,802,12]
12-01 03:54:18.721 I/wm_on_create_called( 2372): [78553312,com.android.systemui.usb.UsbDebuggingActivity,performCreate]
12-01 03:54:18.721 I/wm_on_start_called( 2372): [78553312,com.android.systemui.usb.UsbDebuggingActivity,handleStartActivity]
12-01 03:54:18.722 I/wm_on_resume_called( 2372): [78553312,com.android.systemui.usb.UsbDebuggingActivity,RESUME_ACTIVITY]
12-01 03:54:18.724 I/wm_on_top_resumed_gained_called( 2372): [78553312,com.android.systemui.usb.UsbDebuggingActivity,topStateChangedWhenResumed]
12-01 03:54:18.732 I/input_focus( 1525): [Focus request 565ec55 com.android.systemui/com.android.systemui.usb.UsbDebuggingActivity,reason=UpdateInputWindows]
12-01 03:54:18.747 I/sysui_multi_action( 1525): [319,86,322,85,325,78,757,761,758,8,759,2,806,com.android.systemui,871,com.android.systemui.usb.UsbDebuggingActivity,904,android,905,0,1320,4,1321,1]
12-01 03:54:18.749 I/wm_activity_launch_time( 1525): [0,78553312,com.android.systemui/.usb.UsbDebuggingActivity,85]
12-01 03:54:18.757 I/input_focus( 1525): [Focus leaving cd71460 com.android.settings/com.android.settings.Settings (server),reason=Waiting for window because NOT_VISIBLE]
12-01 03:54:18.773 I/input_focus( 1525): [Focus entering 565ec55 com.android.systemui/com.android.systemui.usb.UsbDebuggingActivity (server),reason=Window became focusable. Previous reason: NOT_VISIBLE]
12-01 03:54:18.845 I/am_pss ( 1525): [2926,1000,com.android.settings,91532288,76050432,0,240029696,0,2,10]
12-01 03:54:18.853 I/am_pss ( 1525): [4299,1000,com.thundercomm.gamemode,17118208,13864960,0,118411264,0,10,6]
12-01 03:54:18.859 I/am_pss ( 1525): [4278,1000,com.android.localtransport,5277696,3805184,0,91901952,0,19,5]
12-01 03:54:18.866 I/am_pss ( 1525): [4263,10059,com.qualcomm.qti.qms.service.connectionsecurity,18450432,4198400,0,77127680,0,19,5]
12-01 03:54:18.872 I/am_pss ( 1525): [4200,1001,com.android.phone,7396352,5582848,0,93528064,0,19,5]
12-01 03:54:18.878 I/am_pss ( 1525): [4160,10034,com.android.packageinstaller,6987776,5586944,0,91729920,0,19,5]
12-01 03:54:19.152 I/sysui_multi_action( 1525): [757,1717,758,1,759,0]
12-01 03:54:19.152 I/sysui_multi_action( 1525): [757,1717,758,2,759,0]
12-01 03:54:19.152 I/sysui_multi_action( 1525): [757,1717,758,3,759,0]
12-01 03:54:19.866 I/input_interaction( 1525): Interaction with: 565ec55 com.android.systemui/com.android.systemui.usb.UsbDebuggingActivity (server), edge-swipe (server), swipe-up (server), PointerEventDispatcher0 (server),
12-01 03:54:21.145 I/wm_finish_activity( 1525): [0,78553312,12,com.android.systemui/.usb.UsbDebuggingActivity,app-request]
12-01 03:54:21.145 I/wm_task_moved( 1525): [11,1,7]
12-01 03:54:21.146 I/wm_task_to_front( 1525): [0,11]
12-01 03:54:21.149 I/wm_focused_root_task( 1525): [0,0,11,12,finish-top adjustFocusToNextFocusableTask]
12-01 03:54:21.160 I/wm_pause_activity( 1525): [0,78553312,com.android.systemui/.usb.UsbDebuggingActivity,userLeaving=false,finish]
12-01 03:54:21.164 I/input_focus( 1525): [Focus request cd71460 com.android.settings/com.android.settings.Settings,reason=UpdateInputWindows]
12-01 03:54:21.166 I/wm_on_top_resumed_lost_called( 2372): [78553312,com.android.systemui.usb.UsbDebuggingActivity,topStateChangedWhenResumed]
12-01 03:54:21.167 I/wm_on_paused_called( 2372): [78553312,com.android.systemui.usb.UsbDebuggingActivity,performPause]
12-01 03:54:21.170 I/wm_set_resumed_activity( 1525): [0,com.android.settings/.Settings,resumeTopActivityInnerLocked]
12-01 03:54:21.172 I/wm_resume_activity( 1525): [0,226233913,11,com.android.settings/.Settings]
12-01 03:54:21.173 I/wm_on_resume_called( 2926): [226233913,com.android.settings.Settings,RESUME_ACTIVITY]
12-01 03:54:21.175 I/sysui_multi_action( 2926): [757,35,758,1,833,0,1089,0]
12-01 03:54:21.180 I/input_focus( 1525): [Focus leaving 565ec55 com.android.systemui/com.android.systemui.usb.UsbDebuggingActivity (server),reason=NO_WINDOW]
12-01 03:54:21.181 I/input_focus( 1525): [Focus entering cd71460 com.android.settings/com.android.settings.Settings (server),reason=setFocusedWindow]
12-01 03:54:21.187 I/sysui_multi_action( 2926): [757,39,758,1,833,0,1089,0]
12-01 03:54:21.188 I/sysui_multi_action( 1525): [757,803,799,window_time_0,802,3]
12-01 03:54:21.197 D/TelephonyRegistry( 1525): listen oscl: mHasNotifySubscriptionInfoChangedOccurred==false no callback
12-01 03:54:21.204 D/TelephonyRegistry( 1525): listen oscl: mHasNotifySubscriptionInfoChangedOccurred==false no callback
12-01 03:54:21.215 I/auditd ( 2926): type=1400 audit(0.0:353): avc: denied { read } for comm="pool-2-thread-6" name="pagetypeinfo" dev="proc" ino=4026531857 scontext=u:r:system_app:s0 tcontext=u:object_r:proc_pagetypeinfo:s0 tclass=file permissive=0
12-01 03:54:21.219 I/auditd ( 2926): type=1400 audit(0.0:354): avc: denied { search } for comm="pool-2-thread-6" name="zram0" dev="sysfs" ino=56842 scontext=u:r:system_app:s0 tcontext=u:object_r:sysfs_zram:s0 tclass=dir permissive=0
12-01 03:54:21.219 I/auditd ( 2926): type=1400 audit(0.0:355): avc: denied { search } for comm="pool-2-thread-6" name="zram0" dev="sysfs" ino=56842 scontext=u:r:system_app:s0 tcontext=u:object_r:sysfs_zram:s0 tclass=dir permissive=0
12-01 03:54:21.227 I/wm_on_top_resumed_gained_called( 2926): [226233913,com.android.settings.Settings,topWhenResuming]
12-01 03:54:21.267 I/wm_destroy_activity( 1525): [0,78553312,12,com.android.systemui/.usb.UsbDebuggingActivity,finish-idle]
12-01 03:54:21.269 I/wm_on_stop_called( 2372): [78553312,com.android.systemui.usb.UsbDebuggingActivity,LIFECYCLER_STOP_ACTIVITY]
12-01 03:54:21.269 I/wm_on_destroy_called( 2372): [78553312,com.android.systemui.usb.UsbDebuggingActivity,performDestroy]
12-01 03:54:21.414 I/commit_sys_config_file( 1525): [settings-0-0,6]
12-01 03:54:21.462 I/wm_task_removed( 1525): [12,removeChild:removeChild last r=ActivityRecord{4aea0e0 u0 com.android.systemui/.usb.UsbDebuggingActivity t-1 f}} in t=Task{265f8d1 #12 type=standard A=10080:com.android.systemui U=0 visible=false mode=fullscreen translucent=true sz=0}]
12-01 03:54:21.462 I/wm_task_removed( 1525): [12,removeChild]
12-01 03:54:23.410 I/sysui_heads_up_status( 2372): [-1|android|26|null|1000,0]
12-01 03:54:23.878 I/notification_enqueue( 1525): [10080,2372,com.android.systemui,2048,NULL,0,Notification(channel=updateNotification shortcut=null contentView=null vibrate=null sound=null defaults=0x0 flags=0x0 color=0x00000000 vis=PRIVATE),1]
12-01 03:54:23.879 I/sysui_multi_action( 2372): [757,111,758,2]
12-01 03:54:23.880 I/sysui_multi_action( 2372): [757,111,758,2]
12-01 03:54:23.891 I/sysui_multi_action( 1525): [757,127,758,2]
12-01 03:54:23.891 I/notification_panel_hidden( 1525):
12-01 03:54:23.909 I/sysui_multi_action( 2372): [757,111,758,1]
12-01 03:54:23.909 I/sysui_multi_action( 2372): [757,126,758,1,759,126,927,0,928,1,1593,0]
12-01 03:54:23.909 I/sysui_multi_action( 2372): [757,113,758,1,759,113,927,1,928,1,1593,0]
12-01 03:54:23.910 I/sysui_multi_action( 2372): [757,0,758,1,759,0,927,2,928,0,1593,0]
12-01 03:54:23.910 I/sysui_multi_action( 2372): [757,0,758,1,759,0,927,3,928,0,1593,0]
12-01 03:54:23.910 I/sysui_multi_action( 2372): [757,491,758,1,759,491,927,4,928,0,1311,-1,1593,0]
12-01 03:54:23.910 I/sysui_multi_action( 2372): [757,0,758,1,759,0,927,5,928,0,1593,0]
12-01 03:54:23.911 I/sysui_multi_action( 2372): [757,111,758,1]
12-01 03:54:23.911 I/sysui_multi_action( 2372): [757,126,758,1,759,126,927,0,928,1,1593,0]
12-01 03:54:23.911 I/sysui_multi_action( 2372): [757,113,758,1,759,113,927,1,928,1,1593,0]
12-01 03:54:23.911 I/sysui_multi_action( 2372): [757,0,758,1,759,0,927,2,928,0,1593,0]
12-01 03:54:23.911 I/sysui_multi_action( 2372): [757,0,758,1,759,0,927,3,928,0,1593,0]
12-01 03:54:24.082 I/sysui_multi_action( 1525): [757,1501,758,1,793,25372,794,0,795,205,796,2048,806,com.android.systemui,857,updateNotification,858,3,947,0,1500,0,1688,1]
12-01 03:54:24.083 I/sysui_multi_action( 1525): [757,804,799,note_interruptive,801,0,802,1]
12-01 03:54:24.084 I/sysui_multi_action( 1525): [757,199,758,1,759,2,793,25374,794,0,795,207,796,2048,806,com.android.systemui,857,updateNotification,858,3,947,0,1500,2,1688,1]
12-01 03:54:24.084 I/notification_alert( 1525): [0|com.android.systemui|2048|null|10080,0,1,0]
12-01 03:54:31.121 I/commit_sys_config_file( 1525): [package-user-0,7]
12-01 03:54:37.145 I/am_pss ( 1525): [2849,10076,com.android.launcher3,92800000,70455296,0,256348160,0,5,19]
12-01 03:54:37.155 I/am_pss ( 1525): [3490,10095,com.android.providers.media.module,19742720,16297984,0,127053824,0,0,9]
12-01 03:54:37.163 I/am_pss ( 1525): [3132,10078,com.qualcomm.location,9570304,7417856,0,102846464,0,0,7]
12-01 03:54:37.989 I/input_interaction( 1525): Interaction with: cd71460 com.android.settings/com.android.settings.Settings (server), edge-swipe (server), swipe-up (server), PointerEventDispatcher0 (server),
12-01 03:54:38.017 I/view_enqueue_input_event( 2926): [Motion - Cancel,com.android.settings/com.android.settings.Settings]
12-01 03:54:38.033 I/input_interaction( 1525): Interaction with: edge-swipe (server), swipe-up (server), PointerEventDispatcher0 (server),
12-01 03:54:38.143 I/sysui_multi_action( 1525): [757,803,799,key_back_press,802,1]
12-01 03:54:38.147 I/input_interaction( 1525): Interaction with: cd71460 com.android.settings/com.android.settings.Settings (server), PointerEventDispatcher0 (server),
12-01 03:54:38.166 I/sysui_multi_action( 2926): [757,39,758,2,1089,16978]
12-01 03:54:38.212 I/sysui_multi_action( 2926): [757,744,758,1,833,0,1089,0]
12-01 03:54:45.598 I/input_interaction( 1525): Interaction with: cd71460 com.android.settings/com.android.settings.Settings (server), edge-swipe (server), swipe-up (server), PointerEventDispatcher0 (server),
12-01 03:54:45.664 I/view_enqueue_input_event( 2926): [Motion - Cancel,com.android.settings/com.android.settings.Settings]
12-01 03:54:45.677 I/input_interaction( 1525): Interaction with: edge-swipe (server), swipe-up (server), PointerEventDispatcher0 (server),
12-01 03:54:45.885 I/sysui_multi_action( 1525): [757,803,799,key_back_press,802,1]
12-01 03:54:45.887 I/input_interaction( 1525): Interaction with: cd71460 com.android.settings/com.android.settings.Settings (server), PointerEventDispatcher0 (server),
12-01 03:54:45.892 I/wm_task_moved( 1525): [11,0,0]
12-01 03:54:45.895 I/wm_focused_root_task( 1525): [0,0,1,11,moveTaskToBackLocked]
12-01 03:54:45.896 I/wm_add_to_stopping( 1525): [0,226233913,com.android.settings/.Settings,makeInvisible]
12-01 03:54:45.898 I/wm_pause_activity( 1525): [0,226233913,com.android.settings/.Settings,userLeaving=false,pauseBackTasks]
12-01 03:54:45.901 I/wm_set_resumed_activity( 1525): [0,com.android.launcher3/.uioverrides.QuickstepLauncher,resumeTopActivityInnerLocked]
12-01 03:54:45.904 I/wm_resume_activity( 1525): [0,93742719,10,com.android.launcher3/.uioverrides.QuickstepLauncher]
12-01 03:54:45.905 I/wm_on_top_resumed_lost_called( 2926): [226233913,com.android.settings.Settings,topStateChangedWhenResumed]
12-01 03:54:45.907 I/sysui_multi_action( 2926): [757,35,758,2,1089,24733]
12-01 03:54:45.909 I/sysui_multi_action( 2926): [757,744,758,2,1089,7697]
12-01 03:54:45.914 I/wm_on_paused_called( 2926): [226233913,com.android.settings.Settings,performPause]
12-01 03:54:45.918 I/wm_on_restart_called( 2849): [93742719,com.android.launcher3.uioverrides.QuickstepLauncher,performRestartActivity]
12-01 03:54:45.919 I/wm_on_start_called( 2849): [93742719,com.android.launcher3.uioverrides.QuickstepLauncher,handleStartActivity]
12-01 03:54:45.921 I/wm_on_resume_called( 2849): [93742719,com.android.launcher3.uioverrides.QuickstepLauncher,RESUME_ACTIVITY]
12-01 03:54:45.921 I/sysui_multi_action( 1525): [757,803,799,window_time_0,802,24]
12-01 03:54:45.921 I/input_focus( 1525): [Focus leaving cd71460 com.android.settings/com.android.settings.Settings (server),reason=NO_WINDOW]
12-01 03:54:45.927 I/wm_on_top_resumed_gained_called( 2849): [93742719,com.android.launcher3.uioverrides.QuickstepLauncher,topStateChangedWhenResumed]
12-01 03:54:45.934 I/input_focus( 1525): [Focus request 56534c8 com.android.launcher3/com.android.launcher3.uioverrides.QuickstepLauncher,reason=UpdateInputWindows]
12-01 03:54:45.937 I/am_pss ( 1525): [2926,1000,com.android.settings,91538432,76550144,0,240828416,0,2,9]
12-01 03:54:45.947 I/am_pss ( 1525): [3030,10070,com.thundercomm.gamemode.provider,7720960,6057984,0,97284096,0,19,4]
12-01 03:54:45.953 I/am_pss ( 1525): [3428,10030,android.process.media,10376192,8335360,0,105009152,0,19,5]
12-01 03:54:45.963 I/am_pss ( 1525): [4997,2000,com.android.shell,5729280,4100096,0,93179904,0,19,5]
12-01 03:54:45.969 I/am_pss ( 1525): [4454,10054,com.qualcomm.qti.qms.service.trustzoneaccess,5407744,3784704,0,92155904,0,19,5]
12-01 03:54:45.972 I/input_focus( 1525): [Focus entering 56534c8 com.android.launcher3/com.android.launcher3.uioverrides.QuickstepLauncher (server),reason=Window became focusable. Previous reason: NOT_VISIBLE]
12-01 03:54:45.975 I/am_pss ( 1525): [3750,10021,com.android.providers.calendar,7109632,5378048,0,98361344,0,19,5]
12-01 03:54:45.981 I/am_pss ( 1525): [4018,10066,com.android.gallery3d,7714816,5468160,0,96378880,0,19,5]
12-01 03:54:45.987 I/am_pss ( 1525): [3783,10017,android.process.acore,13340672,10010624,0,118755328,0,19,5]
12-01 03:54:45.994 I/am_pss ( 1525): [3415,10088,com.qualcomm.qti.workloadclassifier,15185920,12640256,0,109707264,0,0,5]
12-01 03:54:46.002 I/am_pss ( 1525): [3389,10087,com.qualcomm.qti.qccnetstat,5903360,4403200,0,92237824,0,0,6]
12-01 03:54:46.016 I/am_pss ( 1525): [3366,10074,com.qualcomm.qti.services.systemhelper:systemhelper_service,6078464,4505600,0,94474240,0,0,6]
12-01 03:54:46.023 I/am_pss ( 1525): [3306,10090,com.hht.lebocast,36117504,17080320,0,108744704,0,0,6]
12-01 03:54:46.029 I/am_pss ( 1525): [3311,10053,.pasr,5161984,3743744,0,89833472,0,0,5]
12-01 03:54:46.034 I/am_pss ( 1525): [3307,10056,ts.car.uart,5875712,4452352,0,90939392,0,0,5]
12-01 03:54:46.044 I/am_pss ( 1525): [2681,1000,com.thundercomm.tcsetupwizard,47215616,41160704,0,170942464,0,0,7]
12-01 03:54:46.330 I/wm_stop_activity( 1525): [0,226233913,com.android.settings/.Settings]
12-01 03:54:46.361 I/wm_on_stop_called( 2926): [226233913,com.android.settings.Settings,STOP_ACTIVITY_ITEM]
12-01 03:54:47.021 I/input_interaction( 1525): Interaction with: 56534c8 com.android.launcher3/com.android.launcher3.uioverrides.QuickstepLauncher (server), f29aa65 com.android.systemui.ImageWallpaper (server), edge-swipe (server), swipe-up (server), PointerEventDispatcher0 (server),
12-01 03:54:48.091 I/input_interaction( 1525): Interaction with: 86bb27f StatusBar (server), edge-swipe (server), swipe-up (server), PointerEventDispatcher0 (server),
12-01 03:54:48.097 I/sysui_multi_action( 2372): [757,803,799,panel_open,802,1]
12-01 03:54:48.099 I/sysui_multi_action( 2372): [757,1328,758,4,1326,43,1327,4,1329,0]
12-01 03:54:48.137 I/sysui_multi_action( 1525): [757,127,758,1]
12-01 03:54:48.137 I/sysui_multi_action( 1525): [757,804,799,note_load,801,3,802,1]
12-01 03:54:48.137 I/notification_panel_revealed( 1525): 3
12-01 03:54:48.141 I/notification_enqueue( 1525): [10080,2372,com.android.systemui,2048,NULL,0,Notification(channel=updateNotification shortcut=null contentView=null vibrate=null sound=null defaults=0x0 flags=0x0 color=0x00000000 vis=PRIVATE),1]
12-01 03:54:48.141 I/sysui_multi_action( 2372): [757,111,758,2]
12-01 03:54:48.142 I/sysui_multi_action( 2372): [757,111,758,2]
12-01 03:54:48.168 I/input_focus( 1525): [Focus request 27f5852 NotificationShade,reason=UpdateInputWindows]
12-01 03:54:48.170 I/sysui_multi_action( 2372): [757,111,758,1]
12-01 03:54:48.171 I/sysui_multi_action( 2372): [757,126,758,1,759,126,927,0,928,1,1593,0]
12-01 03:54:48.171 I/sysui_multi_action( 2372): [757,113,758,1,759,113,927,1,928,1,1593,0]
12-01 03:54:48.171 I/sysui_multi_action( 2372): [757,0,758,1,759,0,927,2,928,0,1593,0]
12-01 03:54:48.171 I/sysui_multi_action( 2372): [757,0,758,1,759,0,927,3,928,0,1593,0]
12-01 03:54:48.171 I/sysui_multi_action( 2372): [757,491,758,1,759,491,927,4,928,0,1311,-1,1593,0]
12-01 03:54:48.171 I/sysui_multi_action( 2372): [757,0,758,1,759,0,927,5,928,0,1593,0]
12-01 03:54:48.171 I/sysui_multi_action( 2372): [757,111,758,1]
12-01 03:54:48.171 I/sysui_multi_action( 2372): [757,126,758,1,759,126,927,0,928,1,1593,0]
12-01 03:54:48.171 I/sysui_multi_action( 2372): [757,113,758,1,759,113,927,1,928,1,1593,0]
12-01 03:54:48.172 I/sysui_multi_action( 2372): [757,0,758,1,759,0,927,2,928,0,1593,0]
12-01 03:54:48.172 I/sysui_multi_action( 2372): [757,0,758,1,759,0,927,3,928,0,1593,0]
12-01 03:54:48.188 I/notification_enqueue( 1525): [10080,2372,com.android.systemui,2048,NULL,0,Notification(channel=updateNotification shortcut=null contentView=null vibrate=null sound=null defaults=0x0 flags=0x0 color=0x00000000 vis=PRIVATE),1]
12-01 03:54:48.188 I/sysui_multi_action( 2372): [757,111,758,2]
12-01 03:54:48.189 I/sysui_multi_action( 2372): [757,111,758,2]
12-01 03:54:48.195 I/input_focus( 1525): [Focus leaving 56534c8 com.android.launcher3/com.android.launcher3.uioverrides.QuickstepLauncher (server),reason=setFocusedWindow]
12-01 03:54:48.195 I/input_focus( 1525): [Focus entering 27f5852 NotificationShade (server),reason=setFocusedWindow]
12-01 03:54:48.196 I/sysui_multi_action( 2372): [757,111,758,1]
12-01 03:54:48.196 I/sysui_multi_action( 2372): [757,126,758,1,759,126,927,0,928,1,1593,0]
12-01 03:54:48.196 I/sysui_multi_action( 2372): [757,113,758,1,759,113,927,1,928,1,1593,0]
12-01 03:54:48.196 I/sysui_multi_action( 2372): [757,0,758,1,759,0,927,2,928,0,1593,0]
12-01 03:54:48.196 I/sysui_multi_action( 2372): [757,0,758,1,759,0,927,3,928,0,1593,0]
12-01 03:54:48.197 I/sysui_multi_action( 2372): [757,491,758,1,759,491,927,4,928,0,1311,-1,1593,0]
12-01 03:54:48.197 I/sysui_multi_action( 2372): [757,0,758,1,759,0,927,5,928,0,1593,0]
12-01 03:54:48.197 I/sysui_multi_action( 2372): [757,111,758,1]
12-01 03:54:48.197 I/sysui_multi_action( 2372): [757,126,758,1,759,126,927,0,928,1,1593,0]
12-01 03:54:48.197 I/sysui_multi_action( 2372): [757,113,758,1,759,113,927,1,928,1,1593,0]
12-01 03:54:48.197 I/sysui_multi_action( 2372): [757,0,758,1,759,0,927,2,928,0,1593,0]
12-01 03:54:48.197 I/sysui_multi_action( 2372): [757,0,758,1,759,0,927,3,928,0,1593,0]
12-01 03:54:48.225 I/notification_enqueue( 1525): [10080,2372,com.android.systemui,2048,NULL,0,Notification(channel=updateNotification shortcut=null contentView=null vibrate=null sound=null defaults=0x0 flags=0x0 color=0x00000000 vis=PRIVATE),1]
12-01 03:54:48.225 I/sysui_multi_action( 2372): [757,111,758,2]
12-01 03:54:48.225 I/sysui_multi_action( 2372): [757,111,758,2]
12-01 03:54:48.235 I/sysui_multi_action( 2372): [757,111,758,1]
12-01 03:54:48.235 I/sysui_multi_action( 2372): [757,126,758,1,759,126,927,0,928,1,1593,0]
12-01 03:54:48.235 I/sysui_multi_action( 2372): [757,113,758,1,759,113,927,1,928,1,1593,0]
12-01 03:54:48.235 I/sysui_multi_action( 2372): [757,0,758,1,759,0,927,2,928,0,1593,0]
12-01 03:54:48.235 I/sysui_multi_action( 2372): [757,0,758,1,759,0,927,3,928,0,1593,0]
12-01 03:54:48.236 I/sysui_multi_action( 2372): [757,491,758,1,759,491,927,4,928,0,1311,-1,1593,0]
12-01 03:54:48.236 I/sysui_multi_action( 2372): [757,0,758,1,759,0,927,5,928,0,1593,0]
12-01 03:54:48.236 I/sysui_multi_action( 2372): [757,111,758,1]
12-01 03:54:48.236 I/sysui_multi_action( 2372): [757,126,758,1,759,126,927,0,928,1,1593,0]
12-01 03:54:48.236 I/sysui_multi_action( 2372): [757,113,758,1,759,113,927,1,928,1,1593,0]
12-01 03:54:48.236 I/sysui_multi_action( 2372): [757,0,758,1,759,0,927,2,928,0,1593,0]
12-01 03:54:48.236 I/sysui_multi_action( 2372): [757,0,758,1,759,0,927,3,928,0,1593,0]
12-01 03:54:48.252 I/sysui_multi_action( 2372): [757,111,758,2]
12-01 03:54:48.252 I/notification_enqueue( 1525): [10080,2372,com.android.systemui,2048,NULL,0,Notification(channel=updateNotification shortcut=null contentView=null vibrate=null sound=null defaults=0x0 flags=0x0 color=0x00000000 vis=PRIVATE),1]
12-01 03:54:48.252 I/sysui_multi_action( 2372): [757,111,758,2]
12-01 03:54:48.258 I/sysui_multi_action( 2372): [757,111,758,1]
12-01 03:54:48.258 I/sysui_multi_action( 2372): [757,126,758,1,759,126,927,0,928,1,1593,0]
12-01 03:54:48.258 I/sysui_multi_action( 2372): [757,113,758,1,759,113,927,1,928,1,1593,0]
12-01 03:54:48.258 I/sysui_multi_action( 2372): [757,0,758,1,759,0,927,2,928,0,1593,0]
12-01 03:54:48.258 I/sysui_multi_action( 2372): [757,0,758,1,759,0,927,3,928,0,1593,0]
12-01 03:54:48.258 I/sysui_multi_action( 2372): [757,491,758,1,759,491,927,4,928,0,1311,-1,1593,0]
12-01 03:54:48.258 I/sysui_multi_action( 2372): [757,0,758,1,759,0,927,5,928,0,1593,0]
12-01 03:54:48.259 I/sysui_multi_action( 2372): [757,111,758,1]
12-01 03:54:48.259 I/sysui_multi_action( 2372): [757,126,758,1,759,126,927,0,928,1,1593,0]
12-01 03:54:48.259 I/sysui_multi_action( 2372): [757,113,758,1,759,113,927,1,928,1,1593,0]
12-01 03:54:48.259 I/sysui_multi_action( 2372): [757,0,758,1,759,0,927,2,928,0,1593,0]
12-01 03:54:48.259 I/sysui_multi_action( 2372): [757,0,758,1,759,0,927,3,928,0,1593,0]
12-01 03:54:48.271 I/sysui_multi_action( 2372): [757,111,758,2]
12-01 03:54:48.271 I/notification_enqueue( 1525): [10080,2372,com.android.systemui,2048,NULL,0,Notification(channel=updateNotification shortcut=null contentView=null vibrate=null sound=null defaults=0x0 flags=0x0 color=0x00000000 vis=PRIVATE),1]
12-01 03:54:48.272 I/sysui_multi_action( 2372): [757,111,758,2]
12-01 03:54:48.277 I/sysui_multi_action( 2372): [757,111,758,1]
12-01 03:54:48.277 I/sysui_multi_action( 2372): [757,126,758,1,759,126,927,0,928,1,1593,0]
12-01 03:54:48.277 I/sysui_multi_action( 2372): [757,113,758,1,759,113,927,1,928,1,1593,0]
12-01 03:54:48.277 I/sysui_multi_action( 2372): [757,0,758,1,759,0,927,2,928,0,1593,0]
12-01 03:54:48.277 I/sysui_multi_action( 2372): [757,0,758,1,759,0,927,3,928,0,1593,0]
12-01 03:54:48.278 I/sysui_multi_action( 2372): [757,491,758,1,759,491,927,4,928,0,1311,-1,1593,0]
12-01 03:54:48.278 I/sysui_multi_action( 2372): [757,0,758,1,759,0,927,5,928,0,1593,0]
12-01 03:54:48.278 I/sysui_multi_action( 2372): [757,111,758,1]
12-01 03:54:48.278 I/sysui_multi_action( 2372): [757,126,758,1,759,126,927,0,928,1,1593,0]
12-01 03:54:48.278 I/sysui_multi_action( 2372): [757,113,758,1,759,113,927,1,928,1,1593,0]
12-01 03:54:48.278 I/sysui_multi_action( 2372): [757,0,758,1,759,0,927,2,928,0,1593,0]
12-01 03:54:48.278 I/sysui_multi_action( 2372): [757,0,758,1,759,0,927,3,928,0,1593,0]
12-01 03:54:48.290 I/sysui_multi_action( 2372): [757,111,758,2]
12-01 03:54:48.290 I/notification_enqueue( 1525): [10080,2372,com.android.systemui,2048,NULL,0,Notification(channel=updateNotification shortcut=null contentView=null vibrate=null sound=null defaults=0x0 flags=0x0 color=0x00000000 vis=PRIVATE),1]
12-01 03:54:48.290 I/sysui_multi_action( 2372): [757,111,758,2]
12-01 03:54:48.295 I/sysui_multi_action( 2372): [757,111,758,1]
12-01 03:54:48.295 I/sysui_multi_action( 2372): [757,126,758,1,759,126,927,0,928,1,1593,0]
12-01 03:54:48.295 I/sysui_multi_action( 2372): [757,113,758,1,759,113,927,1,928,1,1593,0]
12-01 03:54:48.295 I/sysui_multi_action( 2372): [757,0,758,1,759,0,927,2,928,0,1593,0]
12-01 03:54:48.295 I/sysui_multi_action( 2372): [757,0,758,1,759,0,927,3,928,0,1593,0]
12-01 03:54:48.295 I/sysui_multi_action( 2372): [757,491,758,1,759,491,927,4,928,0,1311,-1,1593,0]
12-01 03:54:48.295 I/sysui_multi_action( 2372): [757,0,758,1,759,0,927,5,928,0,1593,0]
12-01 03:54:48.295 I/sysui_multi_action( 2372): [757,111,758,1]
12-01 03:54:48.295 I/sysui_multi_action( 2372): [757,126,758,1,759,126,927,0,928,1,1593,0]
12-01 03:54:48.295 I/sysui_multi_action( 2372): [757,113,758,1,759,113,927,1,928,1,1593,0]
12-01 03:54:48.295 I/sysui_multi_action( 2372): [757,0,758,1,759,0,927,2,928,0,1593,0]
12-01 03:54:48.295 I/sysui_multi_action( 2372): [757,0,758,1,759,0,927,3,928,0,1593,0]
12-01 03:54:48.310 I/sysui_multi_action( 2372): [757,111,758,2]
12-01 03:54:48.310 I/notification_enqueue( 1525): [10080,2372,com.android.systemui,2048,NULL,0,Notification(channel=updateNotification shortcut=null contentView=null vibrate=null sound=null defaults=0x0 flags=0x0 color=0x00000000 vis=PRIVATE),1]
12-01 03:54:48.310 I/sysui_multi_action( 2372): [757,111,758,2]
12-01 03:54:48.314 I/sysui_multi_action( 2372): [757,111,758,1]
12-01 03:54:48.314 I/sysui_multi_action( 2372): [757,126,758,1,759,126,927,0,928,1,1593,0]
12-01 03:54:48.314 I/sysui_multi_action( 2372): [757,113,758,1,759,113,927,1,928,1,1593,0]
12-01 03:54:48.314 I/sysui_multi_action( 2372): [757,0,758,1,759,0,927,2,928,0,1593,0]
12-01 03:54:48.314 I/sysui_multi_action( 2372): [757,0,758,1,759,0,927,3,928,0,1593,0]
12-01 03:54:48.315 I/sysui_multi_action( 2372): [757,491,758,1,759,491,927,4,928,0,1311,-1,1593,0]
12-01 03:54:48.315 I/sysui_multi_action( 2372): [757,0,758,1,759,0,927,5,928,0,1593,0]
12-01 03:54:48.315 I/sysui_multi_action( 2372): [757,111,758,1]
12-01 03:54:48.315 I/sysui_multi_action( 2372): [757,126,758,1,759,126,927,0,928,1,1593,0]
12-01 03:54:48.315 I/sysui_multi_action( 2372): [757,113,758,1,759,113,927,1,928,1,1593,0]
12-01 03:54:48.315 I/sysui_multi_action( 2372): [757,0,758,1,759,0,927,2,928,0,1593,0]
12-01 03:54:48.315 I/sysui_multi_action( 2372): [757,0,758,1,759,0,927,3,928,0,1593,0]
12-01 03:54:48.329 I/sysui_multi_action( 2372): [757,111,758,2]
12-01 03:54:48.329 I/notification_enqueue( 1525): [10080,2372,com.android.systemui,2048,NULL,0,Notification(channel=updateNotification shortcut=null contentView=null vibrate=null sound=null defaults=0x0 flags=0x0 color=0x00000000 vis=PRIVATE),1]
12-01 03:54:48.329 I/sysui_multi_action( 2372): [757,111,758,2]
12-01 03:54:48.334 I/sysui_multi_action( 2372): [757,111,758,1]
12-01 03:54:48.334 I/sysui_multi_action( 2372): [757,126,758,1,759,126,927,0,928,1,1593,0]
12-01 03:54:48.334 I/sysui_multi_action( 2372): [757,113,758,1,759,113,927,1,928,1,1593,0]
12-01 03:54:48.334 I/sysui_multi_action( 2372): [757,0,758,1,759,0,927,2,928,0,1593,0]
12-01 03:54:48.334 I/sysui_multi_action( 2372): [757,0,758,1,759,0,927,3,928,0,1593,0]
12-01 03:54:48.334 I/sysui_multi_action( 2372): [757,491,758,1,759,491,927,4,928,0,1311,-1,1593,0]
12-01 03:54:48.334 I/sysui_multi_action( 2372): [757,0,758,1,759,0,927,5,928,0,1593,0]
12-01 03:54:48.334 I/sysui_multi_action( 2372): [757,111,758,1]
12-01 03:54:48.334 I/sysui_multi_action( 2372): [757,126,758,1,759,126,927,0,928,1,1593,0]
12-01 03:54:48.334 I/sysui_multi_action( 2372): [757,113,758,1,759,113,927,1,928,1,1593,0]
12-01 03:54:48.335 I/sysui_multi_action( 2372): [757,0,758,1,759,0,927,2,928,0,1593,0]
12-01 03:54:48.335 I/sysui_multi_action( 2372): [757,0,758,1,759,0,927,3,928,0,1593,0]
12-01 03:54:48.345 I/sysui_multi_action( 1525): [757,1501,758,1,793,49634,794,0,795,205,796,2048,806,com.android.systemui,857,updateNotification,858,3,947,0,1500,0,1688,1]
12-01 03:54:48.345 I/sysui_multi_action( 1525): [757,804,799,note_interruptive,801,0,802,1]
12-01 03:54:48.345 I/sysui_multi_action( 1525): [757,199,758,1,759,2,793,49635,794,0,795,206,796,2048,806,com.android.systemui,857,updateNotification,858,3,947,0,1500,1,1688,1]
12-01 03:54:48.345 I/notification_alert( 1525): [0|com.android.systemui|2048|null|10080,0,1,0]
12-01 03:54:48.686 I/sysui_multi_action( 1525): [757,128,758,1,793,31290,794,0,795,31290,796,26,798,0,806,android,857,DEVELOPER_IMPORTANT,858,4,947,0,1395,3,1500,31084,1688,1]
12-01 03:54:48.686 I/sysui_multi_action( 1525): [757,804,799,note_freshness,801,31290,802,1]
12-01 03:54:48.686 I/notification_visibility( 1525): [-1|android|26|null|1000,1,31290,31290,0,0]
12-01 03:54:48.687 I/sysui_multi_action( 1525): [757,128,758,1,793,78975,794,0,795,78975,796,17303299,797,com.android.wifi,798,1,806,android,857,NETWORK_AVAILABLE,858,2,947,0,1395,3,1500,78773,1688,1]
12-01 03:54:48.687 I/sysui_multi_action( 1525): [757,804,799,note_freshness,801,78975,802,1]
12-01 03:54:48.687 I/notification_visibility( 1525): [0|android|17303299|com.android.wifi|1000,1,78975,78975,0,1]
12-01 03:54:48.687 I/sysui_multi_action( 1525): [757,128,758,1,793,79858,794,0,795,79858,796,32,798,2,806,android,857,USB,858,1,947,0,1395,3,1500,79654,1688,1]
12-01 03:54:48.688 I/sysui_multi_action( 1525): [757,804,799,note_freshness,801,79858,802,1]
12-01 03:54:48.688 I/notification_visibility( 1525): [-1|android|32|null|1000,1,79858,79858,0,2]
12-01 03:54:48.883 I/am_uid_idle( 1525): 10020
12-01 03:54:49.284 I/notification_enqueue( 1525): [10080,2372,com.android.systemui,2048,NULL,0,Notification(channel=updateNotification shortcut=null contentView=null vibrate=null sound=null defaults=0x0 flags=0x0 color=0x00000000 vis=PRIVATE),1]
12-01 03:54:49.284 I/sysui_multi_action( 2372): [757,111,758,2]
12-01 03:54:49.284 I/sysui_multi_action( 2372): [757,111,758,2]
12-01 03:54:49.294 I/sysui_multi_action( 2372): [757,111,758,1]
12-01 03:54:49.295 I/sysui_multi_action( 2372): [757,126,758,1,759,126,927,0,928,1,1593,0]
12-01 03:54:49.295 I/sysui_multi_action( 2372): [757,113,758,1,759,113,927,1,928,1,1593,0]
12-01 03:54:49.295 I/sysui_multi_action( 2372): [757,0,758,1,759,0,927,2,928,0,1593,0]
12-01 03:54:49.295 I/sysui_multi_action( 2372): [757,0,758,1,759,0,927,3,928,0,1593,0]
12-01 03:54:49.295 I/sysui_multi_action( 2372): [757,491,758,1,759,491,927,4,928,0,1311,-1,1593,0]
12-01 03:54:49.296 I/sysui_multi_action( 2372): [757,0,758,1,759,0,927,5,928,0,1593,0]
12-01 03:54:49.296 I/sysui_multi_action( 2372): [757,111,758,1]
12-01 03:54:49.296 I/sysui_multi_action( 2372): [757,126,758,1,759,126,927,0,928,1,1593,0]
12-01 03:54:49.296 I/sysui_multi_action( 2372): [757,113,758,1,759,113,927,1,928,1,1593,0]
12-01 03:54:49.296 I/sysui_multi_action( 2372): [757,0,758,1,759,0,927,2,928,0,1593,0]
12-01 03:54:49.296 I/sysui_multi_action( 2372): [757,0,758,1,759,0,927,3,928,0,1593,0]
12-01 03:54:49.313 I/sysui_multi_action( 2372): [757,111,758,2]
12-01 03:54:49.313 I/sysui_multi_action( 2372): [757,111,758,2]
12-01 03:54:49.313 I/notification_enqueue( 1525): [10080,2372,com.android.systemui,2048,NULL,0,Notification(channel=updateNotification shortcut=null contentView=null vibrate=null sound=null defaults=0x0 flags=0x0 color=0x00000000 vis=PRIVATE),1]
12-01 03:54:49.322 I/sysui_multi_action( 2372): [757,111,758,1]
12-01 03:54:49.322 I/sysui_multi_action( 2372): [757,126,758,1,759,126,927,0,928,1,1593,0]
12-01 03:54:49.322 I/sysui_multi_action( 2372): [757,113,758,1,759,113,927,1,928,1,1593,0]
12-01 03:54:49.322 I/sysui_multi_action( 2372): [757,0,758,1,759,0,927,2,928,0,1593,0]
12-01 03:54:49.322 I/sysui_multi_action( 2372): [757,0,758,1,759,0,927,3,928,0,1593,0]
12-01 03:54:49.323 I/sysui_multi_action( 2372): [757,491,758,1,759,491,927,4,928,0,1311,-1,1593,0]
12-01 03:54:49.323 I/sysui_multi_action( 2372): [757,0,758,1,759,0,927,5,928,0,1593,0]
12-01 03:54:49.323 I/sysui_multi_action( 2372): [757,111,758,1]
12-01 03:54:49.323 I/sysui_multi_action( 2372): [757,126,758,1,759,126,927,0,928,1,1593,0]
12-01 03:54:49.323 I/sysui_multi_action( 2372): [757,113,758,1,759,113,927,1,928,1,1593,0]
12-01 03:54:49.323 I/sysui_multi_action( 2372): [757,0,758,1,759,0,927,2,928,0,1593,0]
12-01 03:54:49.323 I/sysui_multi_action( 2372): [757,0,758,1,759,0,927,3,928,0,1593,0]
12-01 03:54:49.335 I/sysui_multi_action( 2372): [757,111,758,2]
12-01 03:54:49.335 I/notification_enqueue( 1525): [10080,2372,com.android.systemui,2048,NULL,0,Notification(channel=updateNotification shortcut=null contentView=null vibrate=null sound=null defaults=0x0 flags=0x0 color=0x00000000 vis=PRIVATE),1]
12-01 03:54:49.336 I/sysui_multi_action( 2372): [757,111,758,2]
12-01 03:54:49.341 I/sysui_multi_action( 2372): [757,111,758,1]
12-01 03:54:49.341 I/sysui_multi_action( 2372): [757,126,758,1,759,126,927,0,928,1,1593,0]
12-01 03:54:49.341 I/sysui_multi_action( 2372): [757,113,758,1,759,113,927,1,928,1,1593,0]
12-01 03:54:49.341 I/sysui_multi_action( 2372): [757,0,758,1,759,0,927,2,928,0,1593,0]
12-01 03:54:49.342 I/sysui_multi_action( 2372): [757,0,758,1,759,0,927,3,928,0,1593,0]
12-01 03:54:49.342 I/sysui_multi_action( 2372): [757,491,758,1,759,491,927,4,928,0,1311,-1,1593,0]
12-01 03:54:49.342 I/sysui_multi_action( 2372): [757,0,758,1,759,0,927,5,928,0,1593,0]
12-01 03:54:49.342 I/sysui_multi_action( 2372): [757,111,758,1]
12-01 03:54:49.342 I/sysui_multi_action( 2372): [757,126,758,1,759,126,927,0,928,1,1593,0]
12-01 03:54:49.342 I/sysui_multi_action( 2372): [757,113,758,1,759,113,927,1,928,1,1593,0]
12-01 03:54:49.342 I/sysui_multi_action( 2372): [757,0,758,1,759,0,927,2,928,0,1593,0]
12-01 03:54:49.342 I/sysui_multi_action( 2372): [757,0,758,1,759,0,927,3,928,0,1593,0]
12-01 03:54:49.352 I/sysui_multi_action( 2372): [757,111,758,2]
12-01 03:54:49.352 I/notification_enqueue( 1525): [10080,2372,com.android.systemui,2048,NULL,0,Notification(channel=updateNotification shortcut=null contentView=null vibrate=null sound=null defaults=0x0 flags=0x0 color=0x00000000 vis=PRIVATE),1]
12-01 03:54:49.352 I/sysui_multi_action( 2372): [757,111,758,2]
12-01 03:54:49.357 I/sysui_multi_action( 2372): [757,111,758,1]
12-01 03:54:49.357 I/sysui_multi_action( 2372): [757,126,758,1,759,126,927,0,928,1,1593,0]
12-01 03:54:49.357 I/sysui_multi_action( 2372): [757,113,758,1,759,113,927,1,928,1,1593,0]
12-01 03:54:49.357 I/sysui_multi_action( 2372): [757,0,758,1,759,0,927,2,928,0,1593,0]
12-01 03:54:49.357 I/sysui_multi_action( 2372): [757,0,758,1,759,0,927,3,928,0,1593,0]
12-01 03:54:49.357 I/sysui_multi_action( 2372): [757,491,758,1,759,491,927,4,928,0,1311,-1,1593,0]
12-01 03:54:49.357 I/sysui_multi_action( 2372): [757,0,758,1,759,0,927,5,928,0,1593,0]
12-01 03:54:49.357 I/sysui_multi_action( 2372): [757,111,758,1]
12-01 03:54:49.357 I/sysui_multi_action( 2372): [757,126,758,1,759,126,927,0,928,1,1593,0]
12-01 03:54:49.357 I/sysui_multi_action( 2372): [757,113,758,1,759,113,927,1,928,1,1593,0]
12-01 03:54:49.357 I/sysui_multi_action( 2372): [757,0,758,1,759,0,927,2,928,0,1593,0]
12-01 03:54:49.357 I/sysui_multi_action( 2372): [757,0,758,1,759,0,927,3,928,0,1593,0]
12-01 03:54:49.366 I/sysui_multi_action( 2372): [757,111,758,2]
12-01 03:54:49.366 I/notification_enqueue( 1525): [10080,2372,com.android.systemui,2048,NULL,0,Notification(channel=updateNotification shortcut=null contentView=null vibrate=null sound=null defaults=0x0 flags=0x0 color=0x00000000 vis=PRIVATE),1]
12-01 03:54:49.366 I/sysui_multi_action( 2372): [757,111,758,2]
12-01 03:54:49.370 I/sysui_multi_action( 2372): [757,111,758,1]
12-01 03:54:49.371 I/sysui_multi_action( 2372): [757,126,758,1,759,126,927,0,928,1,1593,0]
12-01 03:54:49.371 I/sysui_multi_action( 2372): [757,113,758,1,759,113,927,1,928,1,1593,0]
12-01 03:54:49.371 I/sysui_multi_action( 2372): [757,0,758,1,759,0,927,2,928,0,1593,0]
12-01 03:54:49.371 I/sysui_multi_action( 2372): [757,0,758,1,759,0,927,3,928,0,1593,0]
12-01 03:54:49.371 I/sysui_multi_action( 2372): [757,491,758,1,759,491,927,4,928,0,1311,-1,1593,0]
12-01 03:54:49.371 I/sysui_multi_action( 2372): [757,0,758,1,759,0,927,5,928,0,1593,0]
12-01 03:54:49.371 I/sysui_multi_action( 2372): [757,111,758,1]
12-01 03:54:49.371 I/sysui_multi_action( 2372): [757,126,758,1,759,126,927,0,928,1,1593,0]
12-01 03:54:49.371 I/sysui_multi_action( 2372): [757,113,758,1,759,113,927,1,928,1,1593,0]
12-01 03:54:49.371 I/sysui_multi_action( 2372): [757,0,758,1,759,0,927,2,928,0,1593,0]
12-01 03:54:49.371 I/sysui_multi_action( 2372): [757,0,758,1,759,0,927,3,928,0,1593,0]
12-01 03:54:49.414 I/notification_enqueue( 1525): [10080,2372,com.android.systemui,2048,NULL,0,Notification(channel=updateNotification shortcut=null contentView=null vibrate=null sound=null defaults=0x0 flags=0x0 color=0x00000000 vis=PRIVATE),1]
12-01 03:54:49.414 I/sysui_multi_action( 2372): [757,111,758,2]
12-01 03:54:49.415 I/sysui_multi_action( 2372): [757,111,758,2]
12-01 03:54:49.435 I/sysui_multi_action( 2372): [757,111,758,1]
12-01 03:54:49.436 I/sysui_multi_action( 2372): [757,126,758,1,759,126,927,0,928,1,1593,0]
12-01 03:54:49.436 I/sysui_multi_action( 2372): [757,113,758,1,759,113,927,1,928,1,1593,0]
12-01 03:54:49.436 I/sysui_multi_action( 2372): [757,0,758,1,759,0,927,2,928,0,1593,0]
12-01 03:54:49.436 I/sysui_multi_action( 2372): [757,0,758,1,759,0,927,3,928,0,1593,0]
12-01 03:54:49.437 I/sysui_multi_action( 2372): [757,491,758,1,759,491,927,4,928,0,1311,-1,1593,0]
12-01 03:54:49.437 I/sysui_multi_action( 2372): [757,0,758,1,759,0,927,5,928,0,1593,0]
12-01 03:54:49.437 I/sysui_multi_action( 2372): [757,111,758,1]
12-01 03:54:49.437 I/sysui_multi_action( 2372): [757,126,758,1,759,126,927,0,928,1,1593,0]
12-01 03:54:49.437 I/sysui_multi_action( 2372): [757,113,758,1,759,113,927,1,928,1,1593,0]
12-01 03:54:49.437 I/sysui_multi_action( 2372): [757,0,758,1,759,0,927,2,928,0,1593,0]
12-01 03:54:49.438 I/sysui_multi_action( 2372): [757,0,758,1,759,0,927,3,928,0,1593,0]
12-01 03:54:49.450 I/sysui_multi_action( 2372): [757,111,758,2]
12-01 03:54:49.451 I/sysui_multi_action( 2372): [757,111,758,2]
12-01 03:54:49.451 I/notification_enqueue( 1525): [10080,2372,com.android.systemui,2048,NULL,0,Notification(channel=updateNotification shortcut=null contentView=null vibrate=null sound=null defaults=0x0 flags=0x0 color=0x00000000 vis=PRIVATE),1]
12-01 03:54:49.455 I/sysui_multi_action( 2372): [757,111,758,1]
12-01 03:54:49.456 I/sysui_multi_action( 2372): [757,126,758,1,759,126,927,0,928,1,1593,0]
12-01 03:54:49.456 I/sysui_multi_action( 2372): [757,113,758,1,759,113,927,1,928,1,1593,0]
12-01 03:54:49.456 I/sysui_multi_action( 2372): [757,0,758,1,759,0,927,2,928,0,1593,0]
12-01 03:54:49.456 I/sysui_multi_action( 2372): [757,0,758,1,759,0,927,3,928,0,1593,0]
12-01 03:54:49.456 I/sysui_multi_action( 2372): [757,491,758,1,759,491,927,4,928,0,1311,-1,1593,0]
12-01 03:54:49.456 I/sysui_multi_action( 2372): [757,0,758,1,759,0,927,5,928,0,1593,0]
12-01 03:54:49.456 I/sysui_multi_action( 2372): [757,111,758,1]
12-01 03:54:49.456 I/sysui_multi_action( 2372): [757,126,758,1,759,126,927,0,928,1,1593,0]
12-01 03:54:49.456 I/sysui_multi_action( 2372): [757,113,758,1,759,113,927,1,928,1,1593,0]
12-01 03:54:49.456 I/sysui_multi_action( 2372): [757,0,758,1,759,0,927,2,928,0,1593,0]
12-01 03:54:49.456 I/sysui_multi_action( 2372): [757,0,758,1,759,0,927,3,928,0,1593,0]
12-01 03:54:49.459 I/am_uid_idle( 1525): 10021
12-01 03:54:49.466 I/sysui_multi_action( 2372): [757,111,758,2]
12-01 03:54:49.466 I/notification_enqueue( 1525): [10080,2372,com.android.systemui,2048,NULL,0,Notification(channel=updateNotification shortcut=null contentView=null vibrate=null sound=null defaults=0x0 flags=0x0 color=0x00000000 vis=PRIVATE),1]
12-01 03:54:49.466 I/sysui_multi_action( 2372): [757,111,758,2]
12-01 03:54:49.470 I/sysui_multi_action( 2372): [757,111,758,1]
12-01 03:54:49.470 I/sysui_multi_action( 2372): [757,126,758,1,759,126,927,0,928,1,1593,0]
12-01 03:54:49.470 I/sysui_multi_action( 2372): [757,113,758,1,759,113,927,1,928,1,1593,0]
12-01 03:54:49.470 I/sysui_multi_action( 2372): [757,0,758,1,759,0,927,2,928,0,1593,0]
12-01 03:54:49.470 I/sysui_multi_action( 2372): [757,0,758,1,759,0,927,3,928,0,1593,0]
12-01 03:54:49.471 I/sysui_multi_action( 2372): [757,491,758,1,759,491,927,4,928,0,1311,-1,1593,0]
12-01 03:54:49.471 I/sysui_multi_action( 2372): [757,0,758,1,759,0,927,5,928,0,1593,0]
12-01 03:54:49.471 I/sysui_multi_action( 2372): [757,111,758,1]
12-01 03:54:49.471 I/sysui_multi_action( 2372): [757,126,758,1,759,126,927,0,928,1,1593,0]
12-01 03:54:49.471 I/sysui_multi_action( 2372): [757,113,758,1,759,113,927,1,928,1,1593,0]
12-01 03:54:49.471 I/sysui_multi_action( 2372): [757,0,758,1,759,0,927,2,928,0,1593,0]
12-01 03:54:49.471 I/sysui_multi_action( 2372): [757,0,758,1,759,0,927,3,928,0,1593,0]
12-01 03:54:49.483 I/sysui_multi_action( 2372): [757,111,758,2]
12-01 03:54:49.483 I/notification_enqueue( 1525): [10080,2372,com.android.systemui,2048,NULL,0,Notification(channel=updateNotification shortcut=null contentView=null vibrate=null sound=null defaults=0x0 flags=0x0 color=0x00000000 vis=PRIVATE),1]
12-01 03:54:49.483 I/sysui_multi_action( 2372): [757,111,758,2]
12-01 03:54:49.487 I/sysui_multi_action( 1525): [757,1501,758,1,793,50777,794,0,795,206,796,2048,806,com.android.systemui,857,updateNotification,858,3,947,0,1500,0,1688,1]
12-01 03:54:49.487 I/sysui_multi_action( 1525): [757,804,799,note_interruptive,801,0,802,1]
12-01 03:54:49.487 I/sysui_multi_action( 1525): [757,199,758,1,759,2,793,50777,794,0,795,206,796,2048,806,com.android.systemui,857,updateNotification,858,3,947,0,1500,0,1688,1]
12-01 03:54:49.487 I/notification_alert( 1525): [0|com.android.systemui|2048|null|10080,0,1,0]
12-01 03:54:49.487 I/sysui_multi_action( 2372): [757,111,758,1]
12-01 03:54:49.487 I/sysui_multi_action( 2372): [757,126,758,1,759,126,927,0,928,1,1593,0]
12-01 03:54:49.487 I/sysui_multi_action( 2372): [757,113,758,1,759,113,927,1,928,1,1593,0]
12-01 03:54:49.487 I/sysui_multi_action( 2372): [757,0,758,1,759,0,927,2,928,0,1593,0]
12-01 03:54:49.488 I/sysui_multi_action( 2372): [757,0,758,1,759,0,927,3,928,0,1593,0]
12-01 03:54:49.488 I/sysui_multi_action( 2372): [757,491,758,1,759,491,927,4,928,0,1311,-1,1593,0]
12-01 03:54:49.488 I/sysui_multi_action( 2372): [757,0,758,1,759,0,927,5,928,0,1593,0]
12-01 03:54:49.488 I/sysui_multi_action( 2372): [757,111,758,1]
12-01 03:54:49.488 I/sysui_multi_action( 2372): [757,126,758,1,759,126,927,0,928,1,1593,0]
12-01 03:54:49.488 I/sysui_multi_action( 2372): [757,113,758,1,759,113,927,1,928,1,1593,0]
12-01 03:54:49.488 I/sysui_multi_action( 2372): [757,0,758,1,759,0,927,2,928,0,1593,0]
12-01 03:54:49.488 I/sysui_multi_action( 2372): [757,0,758,1,759,0,927,3,928,0,1593,0]
12-01 03:54:49.498 I/sysui_multi_action( 2372): [757,111,758,2]
12-01 03:54:49.499 I/notification_enqueue( 1525): [10080,2372,com.android.systemui,2048,NULL,0,Notification(channel=updateNotification shortcut=null contentView=null vibrate=null sound=null defaults=0x0 flags=0x0 color=0x00000000 vis=PRIVATE),1]
12-01 03:54:49.499 I/sysui_multi_action( 2372): [757,111,758,2]
12-01 03:54:49.503 I/sysui_multi_action( 2372): [757,111,758,1]
12-01 03:54:49.503 I/sysui_multi_action( 2372): [757,126,758,1,759,126,927,0,928,1,1593,0]
12-01 03:54:49.503 I/sysui_multi_action( 2372): [757,113,758,1,759,113,927,1,928,1,1593,0]
12-01 03:54:49.503 I/sysui_multi_action( 2372): [757,0,758,1,759,0,927,2,928,0,1593,0]
12-01 03:54:49.503 I/sysui_multi_action( 2372): [757,0,758,1,759,0,927,3,928,0,1593,0]
12-01 03:54:49.503 I/sysui_multi_action( 2372): [757,491,758,1,759,491,927,4,928,0,1311,-1,1593,0]
12-01 03:54:49.503 I/sysui_multi_action( 2372): [757,0,758,1,759,0,927,5,928,0,1593,0]
12-01 03:54:49.503 I/sysui_multi_action( 2372): [757,111,758,1]
