12-01 03:58:23.373 D/LOWI-9.0.0.87.a( 1373): [LOWI-Scan] BSS 18:6f:2d:81:0d:83 (wlan0) ASSO: NO AddInfo: 0x0, TSF 0, 00:05:22.499, RSSI: -122, CPL: 127, AGE: 944, SSID ZXHY, TSFDelta: 0xba7c63d8, TXRate: 0
12-01 03:58:23.373 D/LOWI-9.0.0.87.a( 1373): [LOWI-Scan]
12-01 03:58:23.373 D/LOWI-9.0.0.87.a( 1373): [LOWI-Scan] print_bss_handler: Report Probe TSF 322501654 as it greater than Beacon TSF 0
12-01 03:58:23.373 D/LOWI-9.0.0.87.a( 1373): [LOWI-Scan] decode_rsn_wpa_ie: LOWI_ENCRYPTION_TYPE_WPA_PSK
12-01 03:58:23.373 D/LOWI-9.0.0.87.a( 1373): [LOWI-Scan] is_qcom_ie, bss_age: 0
12-01 03:58:23.373 D/LOWI-9.0.0.87.a( 1373): [LOWI-Scan] BSS 18:6f:2d:81:0d:84 LOWI_PHY_MODE_11NG_HT20(5), Beacon Interval: 100, LOWI_ENCRYPTION_TYPE_WPA_PSK 11mcRanging: No, ANQP: No, LCI: No, Civic: No, capability(0x0531): ESS Privacy ShortPreamble SpectrumMgmt ShortSlotTime
12-01 03:58:23.373 D/LOWI-9.0.0.87.a( 1373): [LOWI-Scan] BSS 18:6f:2d:81:0d:84 FREQ: 2422, cFreq1[40:80:160] = [2422:0:0] cFreq2 = 0 Country Code = CN
12-01 03:58:23.373 D/LOWI-9.0.0.87.a( 1373): [LOWI-Scan] BSS 18:6f:2d:81:0d:84 (wlan0) ASSO: NO AddInfo: 0x0, TSF 0, 00:05:22.501, RSSI: -124, CPL: 127, AGE: 940, SSID Fanya, TSFDelta: 0xba88de49, TXRate: 0
12-01 03:58:23.373 D/LOWI-9.0.0.87.a( 1373): [LOWI-Scan]
12-01 03:58:23.373 D/LOWI-9.0.0.87.a( 1373): [LOWI-Scan] print_bss_handler: Report beacon TSF 322455430 as it greater than probe TSF 322455430
12-01 03:58:23.374 D/LOWI-9.0.0.87.a( 1373): [LOWI-Scan] decode_rsn_wpa_ie: LOWI_ENCRYPTION_TYPE_WPA_PSK
12-01 03:58:23.374 D/LOWI-9.0.0.87.a( 1373): [LOWI-Scan] is_qcom_ie, bss_age: 0
12-01 03:58:23.374 D/LOWI-9.0.0.87.a( 1373): [LOWI-Scan] BSS 18:6f:2d:0a:ae:00 LOWI_PHY_MODE_11NG_HT20(5), Beacon Interval: 100, LOWI_ENCRYPTION_TYPE_WPA_PSK 11mcRanging: No, ANQP: No, LCI: No, Civic: No, capability(0x0531): ESS Privacy ShortPreamble SpectrumMgmt ShortSlotTime
12-01 03:58:23.374 D/LOWI-9.0.0.87.a( 1373): [LOWI-Scan] BSS 18:6f:2d:0a:ae:00 FREQ: 2422, cFreq1[40:80:160] = [2422:0:0] cFreq2 = 0 Country Code = CN
12-01 03:58:23.374 D/LOWI-9.0.0.87.a( 1373): [LOWI-Scan] BSS 18:6f:2d:0a:ae:00 (wlan0) ASSO: NO AddInfo: 0x1, TSF 0, 00:05:22.455, RSSI: -154, CPL: 127, AGE: 992, SSID Testing , TSFDelta: 0x422cb401, TXRate: 0
12-01 03:58:23.374 D/LOWI-9.0.0.87.a( 1373): [LOWI-Scan]
12-01 03:58:23.374 D/LOWI-9.0.0.87.a( 1373): [LOWI-Scan] print_bss_handler: Report beacon TSF 322455628 as it greater than probe TSF 322455628
12-01 03:58:23.374 D/LOWI-9.0.0.87.a( 1373): [LOWI-Scan] is_qcom_ie, bss_age: 0
12-01 03:58:23.374 D/LOWI-9.0.0.87.a( 1373): [LOWI-Scan] BSS 18:6f:2d:0a:ae:01 LOWI_PHY_MODE_11NG_HT20(5), Beacon Interval: 100, LOWI_ENCRYPTION_TYPE_OPEN 11mcRanging: No, ANQP: No, LCI: No, Civic: No, capability(0x0521): ESS ShortPreamble SpectrumMgmt ShortSlotTime
12-01 03:58:23.374 D/LOWI-9.0.0.87.a( 1373): [LOWI-Scan] BSS 18:6f:2d:0a:ae:01 FREQ: 2422, cFreq1[40:80:160] = [2422:0:0] cFreq2 = 0 Country Code = CN
12-01 03:58:23.374 D/LOWI-9.0.0.87.a( 1373): [LOWI-Scan] BSS 18:6f:2d:0a:ae:01 (wlan0) ASSO: NO AddInfo: 0x1, TSF 0, 00:05:22.455, RSSI: -158, CPL: 127, AGE: 992, SSID Guest, TSFDelta: 0x42304326, TXRate: 0
12-01 03:58:23.374 D/LOWI-9.0.0.87.a( 1373): [LOWI-Scan]
12-01 03:58:23.374 D/LOWI-9.0.0.87.a( 1373): [LOWI-Scan] print_bss_handler: Report beacon TSF 322456247 as it greater than probe TSF 322456247
12-01 03:58:23.374 D/LOWI-9.0.0.87.a( 1373): [LOWI-Scan] decode_rsn_wpa_ie: LOWI_ENCRYPTION_TYPE_WPA_PSK
12-01 03:58:23.374 D/LOWI-9.0.0.87.a( 1373): [LOWI-Scan] is_qcom_ie, bss_age: 0
12-01 03:58:23.374 D/LOWI-9.0.0.87.a( 1373): [LOWI-Scan] BSS 18:6f:2d:0a:ae:02 LOWI_PHY_MODE_11NG_HT20(5), Beacon Interval: 100, LOWI_ENCRYPTION_TYPE_WPA_PSK 11mcRanging: No, ANQP: No, LCI: No, Civic: No, capability(0x0531): ESS Privacy ShortPreamble SpectrumMgmt ShortSlotTime
12-01 03:58:23.374 D/LOWI-9.0.0.87.a( 1373): [LOWI-Scan] BSS 18:6f:2d:0a:ae:02 FREQ: 2422, cFreq1[40:80:160] = [2422:0:0] cFreq2 = 0 Country Code = CN
12-01 03:58:23.374 D/LOWI-9.0.0.87.a( 1373): [LOWI-Scan] BSS 18:6f:2d:0a:ae:02 (wlan0) ASSO: NO AddInfo: 0x1, TSF 0, 00:05:22.456, RSSI: -156, CPL: 127, AGE: 988, SSID ThunderSoft_2.4G, TSFDelta: 0x42338f0b, TXRate: 0
12-01 03:58:23.374 D/LOWI-9.0.0.87.a( 1373): [LOWI-Scan]
12-01 03:58:23.374 D/LOWI-9.0.0.87.a( 1373): [LOWI-Scan] print_bss_handler: Report beacon TSF 322456645 as it greater than probe TSF 322456645
12-01 03:58:23.374 D/LOWI-9.0.0.87.a( 1373): [LOWI-Scan] decode_rsn_wpa_ie: LOWI_ENCRYPTION_TYPE_WPA_PSK
12-01 03:58:23.374 D/LOWI-9.0.0.87.a( 1373): [LOWI-Scan] is_qcom_ie, bss_age: 0
12-01 03:58:23.374 D/LOWI-9.0.0.87.a( 1373): [LOWI-Scan] BSS 18:6f:2d:0a:ae:03 LOWI_PHY_MODE_11NG_HT20(5), Beacon Interval: 100, LOWI_ENCRYPTION_TYPE_WPA_PSK 11mcRanging: No, ANQP: No, LCI: No, Civic: No, capability(0x0531): ESS Privacy ShortPreamble SpectrumMgmt ShortSlotTime
12-01 03:58:23.374 D/LOWI-9.0.0.87.a( 1373): [LOWI-Scan] BSS 18:6f:2d:0a:ae:03 FREQ: 2422, cFreq1[40:80:160] = [2422:0:0] cFreq2 = 0 Country Code = CN
12-01 03:58:23.374 D/LOWI-9.0.0.87.a( 1373): [LOWI-Scan] BSS 18:6f:2d:0a:ae:03 (wlan0) ASSO: NO AddInfo: 0x1, TSF 0, 00:05:22.456, RSSI: -150, CPL: 127, AGE: 988, SSID ZXHY, TSFDelta: 0x42371063, TXRate: 0
12-01 03:58:23.374 D/LOWI-9.0.0.87.a( 1373): [LOWI-Scan]
12-01 03:58:23.374 D/LOWI-9.0.0.87.a( 1373): [LOWI-Scan] print_bss_handler: Report beacon TSF 322739728 as it greater than probe TSF 322739728
12-01 03:58:23.374 D/LOWI-9.0.0.87.a( 1373): [LOWI-Scan] decode_rsn_wpa_ie: LOWI_ENCRYPTION_TYPE_WPA_PSK
12-01 03:58:23.374 D/LOWI-9.0.0.87.a( 1373): [LOWI-Scan] is_qcom_ie, bss_age: 0
12-01 03:58:23.374 D/LOWI-9.0.0.87.a( 1373): [LOWI-Scan] BSS 1c:51:7e:52:1a:23 LOWI_PHY_MODE_11AC_VHT20_2G(11), Beacon Interval: 100, LOWI_ENCRYPTION_TYPE_WPA_PSK 11mcRanging: No, ANQP: Yes, LCI: No, Civic: No, capability(0x0431): ESS Privacy ShortPreamble ShortSlotTime
12-01 03:58:23.374 D/LOWI-9.0.0.87.a( 1373): [LOWI-Scan] BSS 1c:51:7e:52:1a:23 FREQ: 2437, cFreq1[40:80:160] = [0:0:0] cFreq2 = 0 Country Code = CN
12-01 03:58:23.374 D/LOWI-9.0.0.87.a( 1373): [LOWI-Scan] BSS 1c:51:7e:52:1a:23 (wlan0) ASSO: NO AddInfo: 0x1, TSF 0, 00:05:22.739, RSSI: -136, CPL: 127, AGE: 708, SSID H3C_EPOCH_ETH10, TSFDelta: 0x5c598e19, TXRate: 0
12-01 03:58:23.374 D/LOWI-9.0.0.87.a( 1373): [LOWIDiagLog] Log: lowiMeasResult->request: invalid null argument
12-01 03:58:23.374 I/LOWI-9.0.0.87.a( 1373): [LOWI-Scan] lowi_close_record:Scan done in 295562ms, 75 APs in scan results
12-01 03:58:23.374 D/LOWI-9.0.0.87.a( 1373): [LOWI-Scan] WipsScanUsingNL: passive scan cached 0, took 4127 ms, err 0
12-01 03:58:23.374 D/LOWI-9.0.0.87.a( 1373): [LOWI-Scan] lowi_proc_req_passive_scan_with_live_meas - No WLAN Frames to be parsed
12-01 03:58:23.374 D/LOWI-9.0.0.87.a( 1373): [LOWIScanResultReceiver] Send scan meas to listener
12-01 03:58:23.374 D/LOWI-9.0.0.87.a( 1373): [LOWIScanResultReceiver] Enter passive listening mode
12-01 03:58:23.374 D/LOWI-9.0.0.87.a( 1373): [LOWIWifiDriverInterface] getMeasurements - Passive listening mode
12-01 03:58:23.375 D/LOWI-9.0.0.87.a( 1373): [LOWI-Scan] WipsScanUsingNL:wait -1 sec for netlink message
12-01 03:58:23.375 D/LOWI-9.0.0.87.a( 1373): [LOWIEventReceiver] handleEvent:FROM:NA, TO:NA, REQ:NA, IREQ:NA, REQ_ID:0, RESP:NA, INFO:NA
12-01 03:58:23.375 D/LOWI-9.0.0.87.a( 1373): [LOWIBackgroundScanMgr] isRspForBgScanMgr: evt(LOWI_NO_EVT) - not handled
12-01 03:58:23.375 D/LOWI-9.0.0.87.a( 1373): [LOWIScheduler] manageMsg: NULL results or NULL request in results
12-01 03:58:23.375 D/LOWI-9.0.0.87.a( 1373): [LOWIController] Measurements received
12-01 03:58:23.375 D/LOWI-9.0.0.87.a( 1373): [LOWICacheManager] putInCache:Num of Meas to add: 75
12-01 03:58:23.379 D/LOWI-9.0.0.87.a( 1373): [LOWIController] processMeasurementResults: No current Request. Cache measurements
12-01 03:58:23.379 D/LOWI-9.0.0.87.a( 1373): [LOWIController] sendAsyncScanResponse: Request FreeWifiScanObserver_0 is from a different client.
12-01 03:58:23.379 D/LOWI-9.0.0.87.a( 1373): [LOWIController] generateResponse: Type (ASYNC_DISCOVERY_SCAN_RESULTS) ScanStatus (1) request FreeWifiScanObserver_0
12-01 03:58:23.379 D/LOWI-9.0.0.87.a( 1373): [LOWIEventDispatcher] sendResponse - originator = FreeWifiScanObserver
12-01 03:58:23.379 D/LOWI-9.0.0.87.a( 1373): [LOWIUtils] injectScanMeasurements - num of APs = 75
12-01 03:58:23.380 I/LOWI-9.0.0.87.a( 1373): [LOWIUtils] responseToOutPostcard - TO: FreeWifiScanObserver, FROM: LOWI-SERVER, RESP: LOWI_ASYNC_DISCOVERY_SCAN_RESULTS
12-01 03:58:23.381 D/LOWI-9.0.0.87.a( 1373): [LOWIControllerExtn] sendLOWILpDiscoveryScanResponse: Not a discovery scan response
12-01 03:58:23.387 W/IE_Capabilities( 1525): Unknown RSN cipher suite: 6ac0f00
12-01 03:58:23.387 D/WificondScannerImpl( 1525): Filtering out 53 scan results.
12-01 03:58:23.399 D/WifiDebugService( 2781): onScanResultsAvailable
12-01 03:58:23.402 D/PasspointManager( 1525): ANQP entry not found for: d8:32:14:df:f6:03:
12-01 03:58:23.433 D/WifiDebugService( 2781): connect wifi SSID is :
12-01 03:58:23.449 W/WifiDebugService( 2781): find wifi : Guest
12-01 03:58:23.449 W/WifiDebugService( 2781): find wifi : GM
12-01 03:58:23.449 W/WifiDebugService( 2781): find wifi : ZXHY
12-01 03:58:23.449 W/WifiDebugService( 2781): find wifi : ThunderSoft_2.4G
12-01 03:58:23.449 W/WifiDebugService( 2781): find wifi : Fanya
12-01 03:58:23.449 W/WifiDebugService( 2781): find wifi : Testing
12-01 03:58:23.449 W/WifiDebugService( 2781): find wifi : Testing
12-01 03:58:23.449 W/WifiDebugService( 2781): find wifi : ThunderSoft_2.4G
12-01 03:58:23.449 W/WifiDebugService( 2781): find wifi : ZXHY
12-01 03:58:23.449 W/WifiDebugService( 2781): find wifi : Fanya
12-01 03:58:23.449 W/WifiDebugService( 2781): find wifi : Guest
12-01 03:58:23.449 W/WifiDebugService( 2781): can not find target wifi ap : hht_test_wifi_fc4318c9
12-01 03:58:23.988 W/hpplay-java( 3306): [main]:IPManager:getActiveNets invalid networkInfo:null
12-01 03:58:23.988 I/hpplay-java( 3306): [main]:IPManager:getActiveNets eth0:false wifi:false mobile:false ap:false
12-01 03:58:23.988 I/hpplay-java( 3306): [main]:ServerTaskManager:get local ip:null
12-01 03:58:24.086 I/mpu_uart( 646): [MSG-P:RECV]:No message received in 1000 ms
12-01 03:58:24.384 I/input_interaction( 1525): Interaction with: 474ed50 InputMethod (server), edge-swipe (server), swipe-up (server), PointerEventDispatcher0 (server),
12-01 03:58:24.557 W/InputManager-JNI( 1525): Input channel object '25a9a47 PopupWindow:f619bea (client)' was disposed without first being removed with the input manager!
12-01 03:58:24.882 W/InputManager-JNI( 1525): Input channel object 'f7a8b3f PopupWindow:e85be42 (client)' was disposed without first being removed with the input manager!
12-01 03:58:24.990 W/hpplay-java( 3306): [main]:IPManager:getActiveNets invalid networkInfo:null
12-01 03:58:24.990 I/hpplay-java( 3306): [main]:IPManager:getActiveNets eth0:false wifi:false mobile:false ap:false
12-01 03:58:24.990 I/hpplay-java( 3306): [main]:ServerTaskManager:get local ip:null
12-01 03:58:25.086 I/mpu_uart( 646): [MSG-P:RECV]:No message received in 1000 ms
12-01 03:58:25.212 W/InputManager-JNI( 1525): Input channel object 'ca67cf8 PopupWindow:c9598bc (client)' was disposed without first being removed with the input manager!
12-01 03:58:25.222 E/TaskPersister( 1525): File error accessing recents directory (directory doesn't exist?).
12-01 03:58:25.262 I/mpu_uart( 646): [MSG-P:R]:recv sync frame timeout
12-01 03:58:25.556 W/InputManager-JNI( 1525): Input channel object '1a6f1c2 PopupWindow:c188f66 (client)' was disposed without first being removed with the input manager!
12-01 03:58:25.901 W/InputManager-JNI( 1525): Input channel object '772c22f PopupWindow:c6640c0 (client)' was disposed without first being removed with the input manager!
12-01 03:58:25.992 W/hpplay-java( 3306): [main]:IPManager:getActiveNets invalid networkInfo:null
12-01 03:58:25.992 I/hpplay-java( 3306): [main]:IPManager:getActiveNets eth0:false wifi:false mobile:false ap:false
12-01 03:58:25.993 I/hpplay-java( 3306): [main]:ServerTaskManager:get local ip:null
12-01 03:58:26.086 I/mpu_uart( 646): [MSG-P:RECV]:No message received in 1000 ms
12-01 03:58:26.239 W/InputManager-JNI( 1525): Input channel object 'f2f1428 PopupWindow:695574a (client)' was disposed without first being removed with the input manager!
12-01 03:58:26.391 I/am_uid_idle( 1525): 10071
12-01 03:58:26.520 W/System ( 3690): A resource failed to call close.
12-01 03:58:26.615 W/InputManager-JNI( 1525): Input channel object 'eb5a47d PopupWindow:ba32984 (client)' was disposed without first being removed with the input manager!
12-01 03:58:26.972 W/InputManager-JNI( 1525): Input channel object '6d2f0be PopupWindow:5e59ee (client)' was disposed without first being removed with the input manager!
12-01 03:58:26.995 W/hpplay-java( 3306): [main]:IPManager:getActiveNets invalid networkInfo:null
12-01 03:58:26.995 I/hpplay-java( 3306): [main]:IPManager:getActiveNets eth0:false wifi:false mobile:false ap:false
12-01 03:58:26.995 I/hpplay-java( 3306): [main]:ServerTaskManager:get local ip:null
12-01 03:58:27.087 I/mpu_uart( 646): [MSG-P:RECV]:No message received in 1000 ms
12-01 03:58:27.338 W/InputManager-JNI( 1525): Input channel object '263d758 PopupWindow:fc7708 (client)' was disposed without first being removed with the input manager!
12-01 03:58:27.991 I/WifiService( 1525): startScan uid=1000
12-01 03:58:27.997 W/hpplay-java( 3306): [main]:IPManager:getActiveNets invalid networkInfo:null
12-01 03:58:27.997 I/hpplay-java( 3306): [main]:IPManager:getActiveNets eth0:false wifi:false mobile:false ap:false
12-01 03:58:27.997 I/hpplay-java( 3306): [main]:ServerTaskManager:get local ip:null
12-01 03:58:28.000 D/LOWI-9.0.0.87.a( 1373): [LOWI-Scan] wait_event:Wait done with Cmd 33
12-01 03:58:28.000 D/LOWI-9.0.0.87.a( 1373): [LOWI-Scan] do_listen_events: Rcvd valid Netlink Cmd 0 Err 0
12-01 03:58:28.087 I/mpu_uart( 646): [MSG-P:RECV]:No message received in 1000 ms
12-01 03:58:28.266 I/mpu_uart( 646): [MSG-P:R]:recv sync frame timeout
12-01 03:58:29.000 W/hpplay-java( 3306): [main]:IPManager:getActiveNets invalid networkInfo:null
12-01 03:58:29.000 I/hpplay-java( 3306): [main]:IPManager:getActiveNets eth0:false wifi:false mobile:false ap:false
12-01 03:58:29.000 I/hpplay-java( 3306): [main]:ServerTaskManager:get local ip:null
12-01 03:58:29.087 I/mpu_uart( 646): [MSG-P:RECV]:No message received in 1000 ms
12-01 03:58:29.225 D/LOWI-9.0.0.87.a( 1373): [LOWI-Scan] wait_event:Wait done with Cmd 34
12-01 03:58:29.225 D/LOWI-9.0.0.87.a( 1373): [LOWI-Scan] do_listen_events: Rcvd valid Netlink Cmd 34 Err 0
12-01 03:58:29.226 D/LOWI-9.0.0.87.a( 1373): [LOWI-Scan]
12-01 03:58:29.226 D/LOWI-9.0.0.87.a( 1373): [LOWI-Scan] print_bss_handler: Report Probe TSF 322278086 as it greater than Beacon TSF 273669091
12-01 03:58:29.226 D/LOWI-9.0.0.87.a( 1373): [LOWI-Scan] is_qcom_ie, bss_age: 0
12-01 03:58:29.226 D/LOWI-9.0.0.87.a( 1373): [LOWI-Scan] BSS 18:6f:2d:81:16:e1 LOWI_PHY_MODE_11NG_HT20(5), Beacon Interval: 100, LOWI_ENCRYPTION_TYPE_OPEN 11mcRanging: No, ANQP: No, LCI: No, Civic: No, capability(0x0521): ESS ShortPreamble SpectrumMgmt ShortSlotTime
12-01 03:58:29.226 D/LOWI-9.0.0.87.a( 1373): [LOWI-Scan] BSS 18:6f:2d:81:16:e1 FREQ: 2412, cFreq1[40:80:160] = [2412:0:0] cFreq2 = 0 Country Code = CN
12-01 03:58:29.226 D/LOWI-9.0.0.87.a( 1373): [LOWI-Scan] BSS 18:6f:2d:81:16:e1 (wlan0) ASSO: NO AddInfo: 0x0, TSF 0, 00:05:22.278, RSSI: -126, CPL: 127, AGE: 7027, SSID Guest, TSFDelta: 0xfa3d5254, TXRate: 0
12-01 03:58:29.226 D/WifiNl80211Manager( 1525): Scan result ready event
12-01 03:58:29.226 D/WifiNative( 1525): Scan result ready event
12-01 03:58:29.226 D/LOWI-9.0.0.87.a( 1373): [LOWI-Scan]
12-01 03:58:29.226 D/LOWI-9.0.0.87.a( 1373): [LOWI-Scan] print_bss_handler: Report Probe TSF 322279974 as it greater than Beacon TSF 273679303
12-01 03:58:29.227 D/LOWI-9.0.0.87.a( 1373): [LOWI-Scan] decode_rsn_wpa_ie: LOWI_ENCRYPTION_TYPE_WPA_PSK
12-01 03:58:29.227 D/LOWI-9.0.0.87.a( 1373): [LOWI-Scan] is_qcom_ie, bss_age: 0
12-01 03:58:29.227 D/LOWI-9.0.0.87.a( 1373): [LOWI-Scan] BSS 18:6f:2d:81:16:e2 LOWI_PHY_MODE_11NG_HT20(5), Beacon Interval: 100, LOWI_ENCRYPTION_TYPE_WPA_PSK 11mcRanging: No, ANQP: No, LCI: No, Civic: No, capability(0x0531): ESS Privacy ShortPreamble SpectrumMgmt ShortSlotTime
12-01 03:58:29.227 D/LOWI-9.0.0.87.a( 1373): [LOWI-Scan] BSS 18:6f:2d:81:16:e2 FREQ: 2412, cFreq1[40:80:160] = [2412:0:0] cFreq2 = 0 Country Code = CN
12-01 03:58:29.227 D/LOWI-9.0.0.87.a( 1373): [LOWI-Scan] BSS 18:6f:2d:81:16:e2 (wlan0) ASSO: NO AddInfo: 0x0, TSF 0, 00:05:22.279, RSSI: -128, CPL: 127, AGE: 7026, SSID ThunderSoft_2.4G, TSFDelta: 0xfa4a19cd, TXRate: 0
12-01 03:58:29.227 D/LOWI-9.0.0.87.a( 1373): [LOWI-Scan]
12-01 03:58:29.227 D/LOWI-9.0.0.87.a( 1373): [LOWI-Scan] print_bss_handler: Report Probe TSF 322301587 as it greater than Beacon TSF 298193207
12-01 03:58:29.227 D/LOWI-9.0.0.87.a( 1373): [LOWI-Scan] decode_rsn_wpa_ie: LOWI_ENCRYPTION_TYPE_WPA_PSK
12-01 03:58:29.227 D/LOWI-9.0.0.87.a( 1373): [LOWI-Scan] is_qcom_ie, bss_age: 0
12-01 03:58:29.227 D/LOWI-9.0.0.87.a( 1373): [LOWI-Scan] BSS 18:6f:2d:81:16:e4 LOWI_PHY_MODE_11NG_HT20(5), Beacon Interval: 100, LOWI_ENCRYPTION_TYPE_WPA_PSK 11mcRanging: No, ANQP: No, LCI: No, Civic: No, capability(0x0531): ESS Privacy ShortPreamble SpectrumMgmt ShortSlotTime
12-01 03:58:29.227 D/LOWI-9.0.0.87.a( 1373): [LOWI-Scan] BSS 18:6f:2d:81:16:e4 FREQ: 2412, cFreq1[40:80:160] = [2412:0:0] cFreq2 = 0 Country Code = CN
12-01 03:58:29.227 D/LOWI-9.0.0.87.a( 1373): [LOWI-Scan] BSS 18:6f:2d:81:16:e4 (wlan0) ASSO: NO AddInfo: 0x0, TSF 0, 00:05:22.301, RSSI: -126, CPL: 127, AGE: 7003, SSID Fanya, TSFDelta: 0xfae0dde7, TXRate: 0
12-01 03:58:29.227 D/LOWI-9.0.0.87.a( 1373): [LOWI-Scan]
12-01 03:58:29.227 D/LOWI-9.0.0.87.a( 1373): [LOWI-Scan] print_bss_handler: Report beacon TSF 328176315 as it greater than probe TSF 328173990
12-01 03:58:29.227 D/LOWI-9.0.0.87.a( 1373): [LOWI-Scan] decode_rsn_wpa_ie: LOWI_ENCRYPTION_TYPE_WPA_PSK
12-01 03:58:29.227 D/LOWI-9.0.0.87.a( 1373): [LOWI-Scan] is_qcom_ie, bss_age: 0
12-01 03:58:29.227 D/LOWI-9.0.0.87.a( 1373): [LOWI-Scan] BSS 58:41:20:1d:fe:89 LOWI_PHY_MODE_11AC_VHT80(10), Beacon Interval: 100, LOWI_ENCRYPTION_TYPE_WPA_PSK 11mcRanging: No, ANQP: No, LCI: No, Civic: No, capability(0x1011): ESS Privacy
12-01 03:58:29.227 D/LOWI-9.0.0.87.a( 1373): [LOWI-Scan] BSS 58:41:20:1d:fe:89 FREQ: 5180, cFreq1[40:80:160] = [5190:5210:0] cFreq2 = 0 Country Code = CN
12-01 03:58:29.227 D/LOWI-9.0.0.87.a( 1373): [LOWI-Scan] BSS 58:41:20:1d:fe:89 (wlan0) ASSO: NO AddInfo: 0x1, TSF 0, 00:05:28.176, RSSI: -142, CPL: 127, AGE: 1124, SSID TP-LINK_5G_FE87, TSFDelta: 0xe9cf682a, TXRate: 0
12-01 03:58:29.227 D/LOWI-9.0.0.87.a( 1373): [LOWI-Scan]
12-01 03:58:29.227 D/LOWI-9.0.0.87.a( 1373): [LOWI-Scan] print_bss_handler: Report Probe TSF 322328198 as it greater than Beacon TSF 318204976
12-01 03:58:29.227 D/LOWI-9.0.0.87.a( 1373): [LOWI-Scan] decode_rsn_wpa_ie: LOWI_ENCRYPTION_TYPE_WPA_PSK
12-01 03:58:29.227 D/LOWI-9.0.0.87.a( 1373): [LOWI-Scan] is_qcom_ie, bss_age: 0
12-01 03:58:29.227 D/LOWI-9.0.0.87.a( 1373): [LOWI-Scan] BSS 18:6f:2d:81:16:e0 LOWI_PHY_MODE_11NG_HT20(5), Beacon Interval: 100, LOWI_ENCRYPTION_TYPE_WPA_PSK 11mcRanging: No, ANQP: No, LCI: No, Civic: No, capability(0x0531): ESS Privacy ShortPreamble SpectrumMgmt ShortSlotTime
12-01 03:58:29.227 D/LOWI-9.0.0.87.a( 1373): [LOWI-Scan] BSS 18:6f:2d:81:16:e0 FREQ: 2412, cFreq1[40:80:160] = [2412:0:0] cFreq2 = 0 Country Code = CN
12-01 03:58:29.227 D/LOWI-9.0.0.87.a( 1373): [LOWI-Scan] BSS 18:6f:2d:81:16:e0 (wlan0) ASSO: NO AddInfo: 0x0, TSF 0, 00:05:22.328, RSSI: -126, CPL: 127, AGE: 6975, SSID Testing , TSFDelta: 0xfba9ff6c, TXRate: 0
12-01 03:58:29.227 D/LOWI-9.0.0.87.a( 1373): [LOWI-Scan]
12-01 03:58:29.227 D/LOWI-9.0.0.87.a( 1373): [LOWI-Scan] print_bss_handler: Report Probe TSF 328266284 as it greater than Beacon TSF 322376694
12-01 03:58:29.227 D/LOWI-9.0.0.87.a( 1373): [LOWI-Scan] decode_rsn_wpa_ie: LOWI_ENCRYPTION_TYPE_WPA_PSK
12-01 03:58:29.227 D/LOWI-9.0.0.87.a( 1373): [LOWI-Scan] is_qcom_ie, bss_age: 0
12-01 03:58:29.227 D/LOWI-9.0.0.87.a( 1373): [LOWI-Scan] BSS 5c:02:14:f9:4f:d3 LOWI_PHY_MODE_11AC_VHT80(10), Beacon Interval: 100, LOWI_ENCRYPTION_TYPE_WPA_PSK 11mcRanging: No, ANQP: Yes, LCI: No, Civic: No, capability(0x1931): ESS Privacy ShortPreamble SpectrumMgmt APSD
12-01 03:58:29.227 D/LOWI-9.0.0.87.a( 1373): [LOWI-Scan] BSS 5c:02:14:f9:4f:d3 FREQ: 5220, cFreq1[40:80:160] = [5230:5210:0] cFreq2 = 0 Country Code = CN
12-01 03:58:29.227 D/LOWI-9.0.0.87.a( 1373): [LOWI-Scan] BSS 5c:02:14:f9:4f:d3 (wlan0) ASSO: NO AddInfo: 0x0, TSF 0, 00:05:28.266, RSSI: -102, CPL: 127, AGE: 1036, SSID ThunderSoft_XTS_5G, TSFDelta: 0x36d3bf66, TXRate: 0
12-01 03:58:29.228 D/LOWI-9.0.0.87.a( 1373): [LOWI-Scan]
12-01 03:58:29.228 D/LOWI-9.0.0.87.a( 1373): [LOWI-Scan] print_bss_handler: Report Probe TSF 328368691 as it greater than Beacon TSF 298324954
12-01 03:58:29.228 D/LOWI-9.0.0.87.a( 1373): [LOWI-Scan] decode_rsn_wpa_ie: LOWI_ENCRYPTION_TYPE_WPA_PSK
12-01 03:58:29.228 D/LOWI-9.0.0.87.a( 1373): [LOWI-Scan] is_qcom_ie, bss_age: 0
12-01 03:58:29.228 D/LOWI-9.0.0.87.a( 1373): [LOWI-Scan] BSS 7c:b5:9b:12:ab:30 LOWI_PHY_MODE_11AC_VHT80(10), Beacon Interval: 100, LOWI_ENCRYPTION_TYPE_WPA_PSK 11mcRanging: No, ANQP: No, LCI: No, Civic: No, capability(0x1011): ESS Privacy
12-01 03:58:29.228 D/LOWI-9.0.0.87.a( 1373): [LOWI-Scan] BSS 7c:b5:9b:12:ab:30 FREQ: 5745, cFreq1[40:80:160] = [5755:5775:0] cFreq2 = 0 Country Code = CN
12-01 03:58:29.228 D/LOWI-9.0.0.87.a( 1373): [LOWI-Scan] BSS 7c:b5:9b:12:ab:30 (wlan0) ASSO: NO AddInfo: 0x0, TSF 0, 00:05:28.368, RSSI: -150, CPL: 127, AGE: 932, SSID TP-LINK_AB2E, TSFDelta: 0xa8955f30, TXRate: 0
12-01 03:58:29.228 D/LOWI-9.0.0.87.a( 1373): [LOWI-Scan]
12-01 03:58:29.228 D/LOWI-9.0.0.87.a( 1373): [LOWI-Scan] print_bss_handler: Report Probe TSF 328349856 as it greater than Beacon TSF 298325331
12-01 03:58:29.228 D/LOWI-9.0.0.87.a( 1373): [LOWI-Scan] decode_rsn_wpa_ie: LOWI_ENCRYPTION_TYPE_WPA_PSK
12-01 03:58:29.228 D/LOWI-9.0.0.87.a( 1373): [LOWI-Scan] is_qcom_ie, bss_age: 0
12-01 03:58:29.228 D/LOWI-9.0.0.87.a( 1373): [LOWI-Scan] BSS 2c:4d:54:b8:af:f4 LOWI_PHY_MODE_11AC_VHT80(10), Beacon Interval: 100, LOWI_ENCRYPTION_TYPE_WPA_PSK 11mcRanging: No, ANQP: No, LCI: No, Civic: No, capability(0x0831): ESS Privacy ShortPreamble APSD
12-01 03:58:29.228 D/LOWI-9.0.0.87.a( 1373): [LOWI-Scan] BSS 2c:4d:54:b8:af:f4 FREQ: 5745, cFreq1[40:80:160] = [5755:5775:0] cFreq2 = 0 Country Code = CN
12-01 03:58:29.228 D/LOWI-9.0.0.87.a( 1373): [LOWI-Scan] BSS 2c:4d:54:b8:af:f4 (wlan0) ASSO: NO AddInfo: 0x0, TSF 0, 00:05:28.349, RSSI: -164, CPL: 127, AGE: 952, SSID CTS_5G, TSFDelta: 0xb50454fd, TXRate: 0
12-01 03:58:29.228 D/LOWI-9.0.0.87.a( 1373): [LOWI-Scan]
12-01 03:58:29.228 D/LOWI-9.0.0.87.a( 1373): [LOWI-Scan] print_bss_handler: Report Probe TSF 318486091 as it greater than Beacon TSF 273944071
12-01 03:58:29.228 D/LOWI-9.0.0.87.a( 1373): [LOWI-Scan] decode_rsn_wpa_ie: LOWI_ENCRYPTION_TYPE_WPA_PSK
12-01 03:58:29.228 D/LOWI-9.0.0.87.a( 1373): [LOWI-Scan] is_qcom_ie, bss_age: 0
12-01 03:58:29.228 D/LOWI-9.0.0.87.a( 1373): [LOWI-Scan] adjust_age:AP AGE upper limit reached. Dont store
12-01 03:58:29.228 D/LOWI-9.0.0.87.a( 1373): [LOWI-Scan] BSS 18:6f:2d:0a:b8:40 LOWI_PHY_MODE_11NG_HT20(5), Beacon Interval: 100, LOWI_ENCRYPTION_TYPE_WPA_PSK 11mcRanging: No, ANQP: No, LCI: No, Civic: No, capability(0x0531): ESS Privacy ShortPreamble SpectrumMgmt ShortSlotTime
12-01 03:58:29.228 D/LOWI-9.0.0.87.a( 1373): [LOWI-Scan] BSS 18:6f:2d:0a:b8:40 FREQ: 2427, cFreq1[40:80:160] = [2427:0:0] cFreq2 = 0 Country Code = CN
12-01 03:58:29.228 D/LOWI-9.0.0.87.a( 1373): [LOWI-Scan] BSS 18:6f:2d:0a:b8:40 (wlan0) ASSO: NO AddInfo: 0x0, TSF 0, 00:05:18.486, RSSI: -116, CPL: 127, AGE: 10816, SSID Testing , TSFDelta: 0xe766f25, TXRate: 0
12-01 03:58:29.228 D/LOWI-9.0.0.87.a( 1373): [LOWI-Scan]
12-01 03:58:29.228 D/LOWI-9.0.0.87.a( 1373): [LOWI-Scan] print_bss_handler: Report Probe TSF 318449938 as it greater than Beacon TSF 297004207
12-01 03:58:29.228 D/LOWI-9.0.0.87.a( 1373): [LOWI-Scan] is_qcom_ie, bss_age: 0
12-01 03:58:29.228 D/LOWI-9.0.0.87.a( 1373): [LOWI-Scan] adjust_age:AP AGE upper limit reached. Dont store
12-01 03:58:29.228 D/LOWI-9.0.0.87.a( 1373): [LOWI-Scan] BSS 18:6f:2d:0a:b8:41 LOWI_PHY_MODE_11NG_HT20(5), Beacon Interval: 100, LOWI_ENCRYPTION_TYPE_OPEN 11mcRanging: No, ANQP: No, LCI: No, Civic: No, capability(0x0521): ESS ShortPreamble SpectrumMgmt ShortSlotTime
12-01 03:58:29.228 D/LOWI-9.0.0.87.a( 1373): [LOWI-Scan] BSS 18:6f:2d:0a:b8:41 FREQ: 2427, cFreq1[40:80:160] = [2427:0:0] cFreq2 = 0 Country Code = CN
12-01 03:58:29.228 D/LOWI-9.0.0.87.a( 1373): [LOWI-Scan] BSS 18:6f:2d:0a:b8:41 (wlan0) ASSO: NO AddInfo: 0x0, TSF 0, 00:05:18.449, RSSI: -114, CPL: 127, AGE: 10852, SSID Guest, TSFDelta: 0xdaf9bfb, TXRate: 0
12-01 03:58:29.228 D/LOWI-9.0.0.87.a( 1373): [LOWI-Scan]
12-01 03:58:29.228 D/LOWI-9.0.0.87.a( 1373): [LOWI-Scan] print_bss_handler: Report Probe TSF 318450773 as it greater than Beacon TSF 298438051
12-01 03:58:29.228 D/LOWI-9.0.0.87.a( 1373): [LOWI-Scan] decode_rsn_wpa_ie: LOWI_ENCRYPTION_TYPE_WPA_PSK
12-01 03:58:29.228 D/LOWI-9.0.0.87.a( 1373): [LOWI-Scan] is_qcom_ie, bss_age: 0
12-01 03:58:29.228 D/LOWI-9.0.0.87.a( 1373): [LOWI-Scan] adjust_age:AP AGE upper limit reached. Dont store
12-01 03:58:29.228 D/LOWI-9.0.0.87.a( 1373): [LOWI-Scan] BSS 18:6f:2d:0a:b8:42 LOWI_PHY_MODE_11NG_HT20(5), Beacon Interval: 100, LOWI_ENCRYPTION_TYPE_WPA_PSK 11mcRanging: No, ANQP: No, LCI: No, Civic: No, capability(0x0531): ESS Privacy ShortPreamble SpectrumMgmt ShortSlotTime
12-01 03:58:29.228 D/LOWI-9.0.0.87.a( 1373): [LOWI-Scan] BSS 18:6f:2d:0a:b8:42 FREQ: 2427, cFreq1[40:80:160] = [2427:0:0] cFreq2 = 0 Country Code = CN
12-01 03:58:29.228 D/LOWI-9.0.0.87.a( 1373): [LOWI-Scan] BSS 18:6f:2d:0a:b8:42 (wlan0) ASSO: NO AddInfo: 0x0, TSF 0, 00:05:18.450, RSSI: -116, CPL: 127, AGE: 10852, SSID ThunderSoft_2.4G, TSFDelta: 0xdb4a520, TXRate: 0
12-01 03:58:29.228 D/LOWI-9.0.0.87.a( 1373): [LOWI-Scan]
12-01 03:58:29.228 D/LOWI-9.0.0.87.a( 1373): [LOWI-Scan] print_bss_handler: Report beacon TSF 328409274 as it greater than probe TSF 318451403
12-01 03:58:29.228 D/LOWI-9.0.0.87.a( 1373): [LOWI-Scan] decode_rsn_wpa_ie: LOWI_ENCRYPTION_TYPE_WPA_PSK
12-01 03:58:29.229 D/LOWI-9.0.0.87.a( 1373): [LOWI-Scan] is_qcom_ie, bss_age: 0
12-01 03:58:29.229 D/LOWI-9.0.0.87.a( 1373): [LOWI-Scan] BSS 18:6f:2d:0a:b8:43 LOWI_PHY_MODE_11NG_HT20(5), Beacon Interval: 100, LOWI_ENCRYPTION_TYPE_WPA_PSK 11mcRanging: No, ANQP: No, LCI: No, Civic: No, capability(0x0531): ESS Privacy ShortPreamble SpectrumMgmt ShortSlotTime
12-01 03:58:29.229 D/LOWI-9.0.0.87.a( 1373): [LOWI-Scan] BSS 18:6f:2d:0a:b8:43 FREQ: 2427, cFreq1[40:80:160] = [2427:0:0] cFreq2 = 0 Country Code = CN
12-01 03:58:29.229 D/LOWI-9.0.0.87.a( 1373): [LOWI-Scan] BSS 18:6f:2d:0a:b8:43 (wlan0) ASSO: NO AddInfo: 0x1, TSF 0, 00:05:28.409, RSSI: -118, CPL: 127, AGE: 892, SSID ZXHY, TSFDelta: 0xdb9c2d9, TXRate: 0
12-01 03:58:29.229 D/LOWI-9.0.0.87.a( 1373): [LOWI-Scan]
12-01 03:58:29.229 D/LOWI-9.0.0.87.a( 1373): [LOWI-Scan] print_bss_handler: Report beacon TSF 328409393 as it greater than probe TSF 318452156
12-01 03:58:29.229 D/LOWI-9.0.0.87.a( 1373): [LOWI-Scan] decode_rsn_wpa_ie: LOWI_ENCRYPTION_TYPE_WPA_PSK
12-01 03:58:29.229 D/LOWI-9.0.0.87.a( 1373): [LOWI-Scan] is_qcom_ie, bss_age: 0
12-01 03:58:29.229 D/LOWI-9.0.0.87.a( 1373): [LOWI-Scan] BSS 18:6f:2d:0a:b8:44 LOWI_PHY_MODE_11NG_HT20(5), Beacon Interval: 100, LOWI_ENCRYPTION_TYPE_WPA_PSK 11mcRanging: No, ANQP: No, LCI: No, Civic: No, capability(0x0531): ESS Privacy ShortPreamble SpectrumMgmt ShortSlotTime
12-01 03:58:29.229 D/LOWI-9.0.0.87.a( 1373): [LOWI-Scan] BSS 18:6f:2d:0a:b8:44 FREQ: 2427, cFreq1[40:80:160] = [2427:0:0] cFreq2 = 0 Country Code = CN
12-01 03:58:29.229 D/LOWI-9.0.0.87.a( 1373): [LOWI-Scan] BSS 18:6f:2d:0a:b8:44 (wlan0) ASSO: NO AddInfo: 0x1, TSF 0, 00:05:28.409, RSSI: -120, CPL: 127, AGE: 892, SSID Fanya, TSFDelta: 0xdbf072f, TXRate: 0
12-01 03:58:29.229 D/LOWI-9.0.0.87.a( 1373): [LOWI-Scan]
12-01 03:58:29.229 D/LOWI-9.0.0.87.a( 1373): [LOWI-Scan] print_bss_handler: Report Probe TSF 328551741 as it greater than Beacon TSF 328505833
12-01 03:58:29.229 D/LOWI-9.0.0.87.a( 1373): [LOWI-Scan] is_qcom_ie, bss_age: 0
12-01 03:58:29.229 D/LOWI-9.0.0.87.a( 1373): [LOWI-Scan] BSS 18:6f:2d:81:18:41 LOWI_PHY_MODE_11NG_HT20(5), Beacon Interval: 100, LOWI_ENCRYPTION_TYPE_OPEN 11mcRanging: No, ANQP: No, LCI: No, Civic: No, capability(0x0521): ESS ShortPreamble SpectrumMgmt ShortSlotTime
12-01 03:58:29.229 D/LOWI-9.0.0.87.a( 1373): [LOWI-Scan] BSS 18:6f:2d:81:18:41 FREQ: 2432, cFreq1[40:80:160] = [2432:0:0] cFreq2 = 0 Country Code = CN
12-01 03:58:29.229 D/LOWI-9.0.0.87.a( 1373): [LOWI-Scan] BSS 18:6f:2d:81:18:41 (wlan0) ASSO: NO AddInfo: 0x0, TSF 0, 00:05:28.551, RSSI: -124, CPL: 127, AGE: 752, SSID Guest, TSFDelta: 0x9ab83f1, TXRate: 0
12-01 03:58:29.229 D/LOWI-9.0.0.87.a( 1373): [LOWI-Scan]
12-01 03:58:29.229 D/LOWI-9.0.0.87.a( 1373): [LOWI-Scan] print_bss_handler: Report beacon TSF 328657192 as it greater than probe TSF 328630769
12-01 03:58:29.229 D/LOWI-9.0.0.87.a( 1373): [LOWI-Scan] decode_rsn_wpa_ie: LOWI_ENCRYPTION_TYPE_WPA_PSK
12-01 03:58:29.229 D/LOWI-9.0.0.87.a( 1373): [LOWI-Scan] is_qcom_ie, bss_age: 0
12-01 03:58:29.229 D/LOWI-9.0.0.87.a( 1373): [LOWI-Scan] BSS 18:6f:2d:81:25:40 LOWI_PHY_MODE_11NG_HT20(5), Beacon Interval: 100, LOWI_ENCRYPTION_TYPE_WPA_PSK 11mcRanging: No, ANQP: No, LCI: No, Civic: No, capability(0x0531): ESS Privacy ShortPreamble SpectrumMgmt ShortSlotTime
12-01 03:58:29.229 D/LOWI-9.0.0.87.a( 1373): [LOWI-Scan] BSS 18:6f:2d:81:25:40 FREQ: 2437, cFreq1[40:80:160] = [2437:0:0] cFreq2 = 0 Country Code = CN
12-01 03:58:29.229 D/LOWI-9.0.0.87.a( 1373): [LOWI-Scan] BSS 18:6f:2d:81:25:40 (wlan0) ASSO: NO AddInfo: 0x1, TSF 0, 00:05:28.657, RSSI: -92, CPL: 127, AGE: 644, SSID Testing , TSFDelta: 0xbf0e171c, TXRate: 0
12-01 03:58:29.229 D/LOWI-9.0.0.87.a( 1373): [LOWI-Scan]
12-01 03:58:29.229 D/LOWI-9.0.0.87.a( 1373): [LOWI-Scan] print_bss_handler: Report beacon TSF 328666488 as it greater than probe TSF 328640732
12-01 03:58:29.229 D/LOWI-9.0.0.87.a( 1373): [LOWI-Scan] is_qcom_ie, bss_age: 0
12-01 03:58:29.229 D/LOWI-9.0.0.87.a( 1373): [LOWI-Scan] BSS 18:6f:2d:81:25:41 LOWI_PHY_MODE_11NG_HT20(5), Beacon Interval: 100, LOWI_ENCRYPTION_TYPE_OPEN 11mcRanging: No, ANQP: No, LCI: No, Civic: No, capability(0x0521): ESS ShortPreamble SpectrumMgmt ShortSlotTime
12-01 03:58:29.229 D/LOWI-9.0.0.87.a( 1373): [LOWI-Scan] BSS 18:6f:2d:81:25:41 FREQ: 2437, cFreq1[40:80:160] = [2437:0:0] cFreq2 = 0 Country Code = CN
12-01 03:58:29.229 D/LOWI-9.0.0.87.a( 1373): [LOWI-Scan] BSS 18:6f:2d:81:25:41 (wlan0) ASSO: NO AddInfo: 0x1, TSF 0, 00:05:28.666, RSSI: -94, CPL: 127, AGE: 636, SSID Guest, TSFDelta: 0xbf58259e, TXRate: 0
12-01 03:58:29.229 D/LOWI-9.0.0.87.a( 1373): [LOWI-Scan]
12-01 03:58:29.229 D/LOWI-9.0.0.87.a( 1373): [LOWI-Scan] print_bss_handler: Report beacon TSF 322706212 as it greater than probe TSF 308625294
12-01 03:58:29.229 D/LOWI-9.0.0.87.a( 1373): [LOWI-Scan] decode_rsn_wpa_ie: LOWI_ENCRYPTION_TYPE_WPA_PSK
12-01 03:58:29.229 D/LOWI-9.0.0.87.a( 1373): [LOWI-Scan] is_qcom_ie, bss_age: 0
12-01 03:58:29.229 D/LOWI-9.0.0.87.a( 1373): [LOWI-Scan] BSS 18:6f:2d:81:25:42 LOWI_PHY_MODE_11NG_HT20(5), Beacon Interval: 100, LOWI_ENCRYPTION_TYPE_WPA_PSK 11mcRanging: No, ANQP: No, LCI: No, Civic: No, capability(0x0531): ESS Privacy ShortPreamble SpectrumMgmt ShortSlotTime
12-01 03:58:29.229 D/LOWI-9.0.0.87.a( 1373): [LOWI-Scan] BSS 18:6f:2d:81:25:42 FREQ: 2437, cFreq1[40:80:160] = [2437:0:0] cFreq2 = 0 Country Code = CN
12-01 03:58:29.229 D/LOWI-9.0.0.87.a( 1373): [LOWI-Scan] BSS 18:6f:2d:81:25:42 (wlan0) ASSO: NO AddInfo: 0x1, TSF 0, 00:05:22.706, RSSI: -80, CPL: 127, AGE: 6598, SSID ThunderSoft_2.4G, TSFDelta: 0xc0f19d0f, TXRate: 0
12-01 03:58:29.229 D/LOWI-9.0.0.87.a( 1373): [LOWI-Scan]
12-01 03:58:29.229 D/LOWI-9.0.0.87.a( 1373): [LOWI-Scan] print_bss_handler: Report beacon TSF 328597543 as it greater than probe TSF 308627186
12-01 03:58:29.229 D/LOWI-9.0.0.87.a( 1373): [LOWI-Scan] decode_rsn_wpa_ie: LOWI_ENCRYPTION_TYPE_WPA_PSK
12-01 03:58:29.230 D/LOWI-9.0.0.87.a( 1373): [LOWI-Scan] is_qcom_ie, bss_age: 0
12-01 03:58:29.230 D/LOWI-9.0.0.87.a( 1373): [LOWI-Scan] BSS 18:6f:2d:81:25:43 LOWI_PHY_MODE_11NG_HT20(5), Beacon Interval: 100, LOWI_ENCRYPTION_TYPE_WPA_PSK 11mcRanging: No, ANQP: No, LCI: No, Civic: No, capability(0x0531): ESS Privacy ShortPreamble SpectrumMgmt ShortSlotTime
12-01 03:58:29.230 D/LOWI-9.0.0.87.a( 1373): [LOWI-Scan] BSS 18:6f:2d:81:25:43 FREQ: 2437, cFreq1[40:80:160] = [2437:0:0] cFreq2 = 0 Country Code = CN
12-01 03:58:29.230 D/LOWI-9.0.0.87.a( 1373): [LOWI-Scan] BSS 18:6f:2d:81:25:43 (wlan0) ASSO: NO AddInfo: 0x1, TSF 0, 00:05:28.597, RSSI: -92, CPL: 127, AGE: 704, SSID ZXHY, TSFDelta: 0xc0fffc50, TXRate: 0
12-01 03:58:29.230 D/LOWI-9.0.0.87.a( 1373): [LOWI-Scan]
12-01 03:58:29.230 D/LOWI-9.0.0.87.a( 1373): [LOWI-Scan] print_bss_handler: Report beacon TSF 328620392 as it greater than probe TSF 308629459
12-01 03:58:29.230 D/LOWI-9.0.0.87.a( 1373): [LOWI-Scan] decode_rsn_wpa_ie: LOWI_ENCRYPTION_TYPE_WPA_PSK
12-01 03:58:29.230 D/LOWI-9.0.0.87.a( 1373): [LOWI-Scan] is_qcom_ie, bss_age: 0
12-01 03:58:29.230 D/LOWI-9.0.0.87.a( 1373): [LOWI-Scan] BSS 18:6f:2d:81:25:44 LOWI_PHY_MODE_11NG_HT20(5), Beacon Interval: 100, LOWI_ENCRYPTION_TYPE_WPA_PSK 11mcRanging: No, ANQP: No, LCI: No, Civic: No, capability(0x0531): ESS Privacy ShortPreamble SpectrumMgmt ShortSlotTime
12-01 03:58:29.230 D/LOWI-9.0.0.87.a( 1373): [LOWI-Scan] BSS 18:6f:2d:81:25:44 FREQ: 2437, cFreq1[40:80:160] = [2437:0:0] cFreq2 = 0 Country Code = CN
12-01 03:58:29.230 D/LOWI-9.0.0.87.a( 1373): [LOWI-Scan] BSS 18:6f:2d:81:25:44 (wlan0) ASSO: NO AddInfo: 0x1, TSF 0, 00:05:28.620, RSSI: -92, CPL: 127, AGE: 680, SSID Fanya, TSFDelta: 0xc10f580b, TXRate: 0
12-01 03:58:29.230 D/LOWI-9.0.0.87.a( 1373): [LOWI-Scan]
12-01 03:58:29.230 D/LOWI-9.0.0.87.a( 1373): [LOWI-Scan] print_bss_handler: Report Probe TSF 328614735 as it greater than Beacon TSF 328599864
12-01 03:58:29.230 D/LOWI-9.0.0.87.a( 1373): [LOWI-Scan] is_qcom_ie, bss_age: 0
12-01 03:58:29.230 D/LOWI-9.0.0.87.a( 1373): [LOWI-Scan] BSS 18:6f:2d:81:18:51 LOWI_PHY_MODE_11AC_VHT20(8), Beacon Interval: 100, LOWI_ENCRYPTION_TYPE_OPEN 11mcRanging: No, ANQP: No, LCI: No, Civic: No, capability(0x0101): ESS SpectrumMgmt
12-01 03:58:29.230 D/LOWI-9.0.0.87.a( 1373): [LOWI-Scan] BSS 18:6f:2d:81:18:51 FREQ: 5260, cFreq1[40:80:160] = [5260:0:0] cFreq2 = 0 Country Code = CN
12-01 03:58:29.230 D/LOWI-9.0.0.87.a( 1373): [LOWI-Scan] BSS 18:6f:2d:81:18:51 (wlan0) ASSO: NO AddInfo: 0x0, TSF 0, 00:05:28.614, RSSI: -162, CPL: 127, AGE: 688, SSID Guest, TSFDelta: 0xd4d41328, TXRate: 0
12-01 03:58:29.230 D/LOWI-9.0.0.87.a( 1373): [LOWI-Scan]
12-01 03:58:29.233 D/LOWI-9.0.0.87.a( 1373): [LOWI-Scan] print_bss_handler: Report Probe TSF 328615006 as it greater than Beacon TSF 328600389
12-01 03:58:29.233 D/LOWI-9.0.0.87.a( 1373): [LOWI-Scan] decode_rsn_wpa_ie: LOWI_ENCRYPTION_TYPE_WPA_PSK
12-01 03:58:29.233 D/LOWI-9.0.0.87.a( 1373): [LOWI-Scan] is_qcom_ie, bss_age: 0
12-01 03:58:29.233 D/LOWI-9.0.0.87.a( 1373): [LOWI-Scan] BSS 18:6f:2d:81:18:52 LOWI_PHY_MODE_11AC_VHT20(8), Beacon Interval: 100, LOWI_ENCRYPTION_TYPE_WPA_PSK 11mcRanging: No, ANQP: No, LCI: No, Civic: No, capability(0x0111): ESS Privacy SpectrumMgmt
12-01 03:58:29.233 D/LOWI-9.0.0.87.a( 1373): [LOWI-Scan] BSS 18:6f:2d:81:18:52 FREQ: 5260, cFreq1[40:80:160] = [5260:0:0] cFreq2 = 0 Country Code = CN
12-01 03:58:29.233 D/LOWI-9.0.0.87.a( 1373): [LOWI-Scan] BSS 18:6f:2d:81:18:52 (wlan0) ASSO: NO AddInfo: 0x0, TSF 0, 00:05:28.615, RSSI: -162, CPL: 127, AGE: 688, SSID ZXHY, TSFDelta: 0xd4d6669b, TXRate: 0
12-01 03:58:29.233 D/LOWI-9.0.0.87.a( 1373): [LOWI-Scan]
12-01 03:58:29.233 D/LOWI-9.0.0.87.a( 1373): [LOWI-Scan] print_bss_handler: Report beacon TSF 328601807 as it greater than probe TSF 308658059
12-01 03:58:29.233 D/LOWI-9.0.0.87.a( 1373): [LOWI-Scan] is_qcom_ie, bss_age: 0
12-01 03:58:29.233 D/LOWI-9.0.0.87.a( 1373): [LOWI-Scan] BSS 18:6f:2d:0a:b8:51 LOWI_PHY_MODE_11AC_VHT20(8), Beacon Interval: 100, LOWI_ENCRYPTION_TYPE_OPEN 11mcRanging: No, ANQP: No, LCI: No, Civic: No, capability(0x0101): ESS SpectrumMgmt
12-01 03:58:29.233 D/LOWI-9.0.0.87.a( 1373): [LOWI-Scan] BSS 18:6f:2d:0a:b8:51 FREQ: 5260, cFreq1[40:80:160] = [5260:0:0] cFreq2 = 0 Country Code = CN
12-01 03:58:29.233 D/LOWI-9.0.0.87.a( 1373): [LOWI-Scan] BSS 18:6f:2d:0a:b8:51 (wlan0) ASSO: NO AddInfo: 0x1, TSF 0, 00:05:28.601, RSSI: -150, CPL: 127, AGE: 700, SSID Guest, TSFDelta: 0xd7a89acb, TXRate: 0
12-01 03:58:29.233 D/LOWI-9.0.0.87.a( 1373): [LOWI-Scan]
12-01 03:58:29.233 D/LOWI-9.0.0.87.a( 1373): [LOWI-Scan] print_bss_handler: Report beacon TSF 328602313 as it greater than probe TSF 308658121
12-01 03:58:29.233 D/LOWI-9.0.0.87.a( 1373): [LOWI-Scan] decode_rsn_wpa_ie: LOWI_ENCRYPTION_TYPE_WPA_PSK
12-01 03:58:29.233 D/LOWI-9.0.0.87.a( 1373): [LOWI-Scan] is_qcom_ie, bss_age: 0
12-01 03:58:29.233 D/LOWI-9.0.0.87.a( 1373): [LOWI-Scan] BSS 18:6f:2d:0a:b8:52 LOWI_PHY_MODE_11AC_VHT20(8), Beacon Interval: 100, LOWI_ENCRYPTION_TYPE_WPA_PSK 11mcRanging: No, ANQP: No, LCI: No, Civic: No, capability(0x0111): ESS Privacy SpectrumMgmt
12-01 03:58:29.233 D/LOWI-9.0.0.87.a( 1373): [LOWI-Scan] BSS 18:6f:2d:0a:b8:52 FREQ: 5260, cFreq1[40:80:160] = [5260:0:0] cFreq2 = 0 Country Code = CN
12-01 03:58:29.233 D/LOWI-9.0.0.87.a( 1373): [LOWI-Scan] BSS 18:6f:2d:0a:b8:52 (wlan0) ASSO: NO AddInfo: 0x1, TSF 0, 00:05:28.602, RSSI: -148, CPL: 127, AGE: 700, SSID ZXHY, TSFDelta: 0xd7aade3e, TXRate: 0
12-01 03:58:29.233 D/LOWI-9.0.0.87.a( 1373): [LOWI-Scan]
12-01 03:58:29.233 D/LOWI-9.0.0.87.a( 1373): [LOWI-Scan] print_bss_handler: Report beacon TSF 328602523 as it greater than probe TSF 308659889
12-01 03:58:29.233 D/LOWI-9.0.0.87.a( 1373): [LOWI-Scan] decode_rsn_wpa_ie: LOWI_ENCRYPTION_TYPE_WPA_PSK
12-01 03:58:29.233 D/LOWI-9.0.0.87.a( 1373): [LOWI-Scan] is_qcom_ie, bss_age: 0
12-01 03:58:29.234 D/LOWI-9.0.0.87.a( 1373): [LOWI-Scan] BSS 18:6f:2d:0a:b8:53 LOWI_PHY_MODE_11AC_VHT20(8), Beacon Interval: 100, LOWI_ENCRYPTION_TYPE_WPA_PSK 11mcRanging: No, ANQP: No, LCI: No, Civic: No, capability(0x0111): ESS Privacy SpectrumMgmt
12-01 03:58:29.234 D/LOWI-9.0.0.87.a( 1373): [LOWI-Scan] BSS 18:6f:2d:0a:b8:53 FREQ: 5260, cFreq1[40:80:160] = [5260:0:0] cFreq2 = 0 Country Code = CN
12-01 03:58:29.234 D/LOWI-9.0.0.87.a( 1373): [LOWI-Scan] BSS 18:6f:2d:0a:b8:53 (wlan0) ASSO: NO AddInfo: 0x1, TSF 0, 00:05:28.602, RSSI: -150, CPL: 127, AGE: 700, SSID Fanya, TSFDelta: 0xd7b81069, TXRate: 0
12-01 03:58:29.234 D/LOWI-9.0.0.87.a( 1373): [LOWI-Scan]
12-01 03:58:29.234 D/LOWI-9.0.0.87.a( 1373): [LOWI-Scan] print_bss_handler: Report beacon TSF 328602901 as it greater than probe TSF 308660456
12-01 03:58:29.234 D/LOWI-9.0.0.87.a( 1373): [LOWI-Scan] decode_rsn_wpa_ie: LOWI_ENCRYPTION_TYPE_WPA_PSK
12-01 03:58:29.234 D/LOWI-9.0.0.87.a( 1373): [LOWI-Scan] is_qcom_ie, bss_age: 0
12-01 03:58:29.234 D/LOWI-9.0.0.87.a( 1373): [LOWI-Scan] BSS 18:6f:2d:0a:b8:54 LOWI_PHY_MODE_11AC_VHT20(8), Beacon Interval: 100, LOWI_ENCRYPTION_TYPE_WPA_PSK 11mcRanging: No, ANQP: No, LCI: No, Civic: No, capability(0x0111): ESS Privacy SpectrumMgmt
12-01 03:58:29.234 D/LOWI-9.0.0.87.a( 1373): [LOWI-Scan] BSS 18:6f:2d:0a:b8:54 FREQ: 5260, cFreq1[40:80:160] = [5260:0:0] cFreq2 = 0 Country Code = CN
12-01 03:58:29.234 D/LOWI-9.0.0.87.a( 1373): [LOWI-Scan] BSS 18:6f:2d:0a:b8:54 (wlan0) ASSO: NO AddInfo: 0x1, TSF 0, 00:05:28.602, RSSI: -148, CPL: 127, AGE: 700, SSID ThunderSoft, TSFDelta: 0xd7bac1b7, TXRate: 0
12-01 03:58:29.234 D/LOWI-9.0.0.87.a( 1373): [LOWI-Scan]
12-01 03:58:29.234 D/LOWI-9.0.0.87.a( 1373): [LOWI-Scan] print_bss_handler: Report beacon TSF 328603114 as it greater than probe TSF 308662275
12-01 03:58:29.234 D/LOWI-9.0.0.87.a( 1373): [LOWI-Scan] decode_rsn_wpa_ie: LOWI_ENCRYPTION_TYPE_WPA_PSK
12-01 03:58:29.234 D/LOWI-9.0.0.87.a( 1373): [LOWI-Scan] is_qcom_ie, bss_age: 0
12-01 03:58:29.234 D/LOWI-9.0.0.87.a( 1373): [LOWI-Scan] BSS 18:6f:2d:0a:b8:55 LOWI_PHY_MODE_11AC_VHT20(8), Beacon Interval: 100, LOWI_ENCRYPTION_TYPE_WPA_PSK 11mcRanging: No, ANQP: No, LCI: No, Civic: No, capability(0x0111): ESS Privacy SpectrumMgmt
12-01 03:58:29.234 D/LOWI-9.0.0.87.a( 1373): [LOWI-Scan] BSS 18:6f:2d:0a:b8:55 FREQ: 5260, cFreq1[40:80:160] = [5260:0:0] cFreq2 = 0 Country Code = CN
12-01 03:58:29.234 D/LOWI-9.0.0.87.a( 1373): [LOWI-Scan] BSS 18:6f:2d:0a:b8:55 (wlan0) ASSO: NO AddInfo: 0x1, TSF 0, 00:05:28.603, RSSI: -150, CPL: 127, AGE: 700, SSID GM, TSFDelta: 0xd7c11cd3, TXRate: 0
12-01 03:58:29.235 D/LOWI-9.0.0.87.a( 1373): [LOWI-Scan]
12-01 03:58:29.235 D/LOWI-9.0.0.87.a( 1373): [LOWI-Scan] print_bss_handler: Report Probe TSF 328615353 as it greater than Beacon TSF 328600461
12-01 03:58:29.235 D/LOWI-9.0.0.87.a( 1373): [LOWI-Scan] decode_rsn_wpa_ie: LOWI_ENCRYPTION_TYPE_WPA_PSK
12-01 03:58:29.235 D/LOWI-9.0.0.87.a( 1373): [LOWI-Scan] is_qcom_ie, bss_age: 0
12-01 03:58:29.235 D/LOWI-9.0.0.87.a( 1373): [LOWI-Scan] BSS 18:6f:2d:81:18:53 LOWI_PHY_MODE_11AC_VHT20(8), Beacon Interval: 100, LOWI_ENCRYPTION_TYPE_WPA_PSK 11mcRanging: No, ANQP: No, LCI: No, Civic: No, capability(0x0111): ESS Privacy SpectrumMgmt
12-01 03:58:29.235 D/LOWI-9.0.0.87.a( 1373): [LOWI-Scan] BSS 18:6f:2d:81:18:53 FREQ: 5260, cFreq1[40:80:160] = [5260:0:0] cFreq2 = 0 Country Code = CN
12-01 03:58:29.235 D/LOWI-9.0.0.87.a( 1373): [LOWI-Scan] BSS 18:6f:2d:81:18:53 (wlan0) ASSO: NO AddInfo: 0x0, TSF 0, 00:05:28.615, RSSI: -160, CPL: 127, AGE: 688, SSID Fanya, TSFDelta: 0xd4d8f5dd, TXRate: 0
12-01 03:58:29.235 D/LOWI-9.0.0.87.a( 1373): [LOWI-Scan]
12-01 03:58:29.235 D/LOWI-9.0.0.87.a( 1373): [LOWI-Scan] print_bss_handler: Report beacon TSF 328750026 as it greater than probe TSF 322860924
12-01 03:58:29.235 D/LOWI-9.0.0.87.a( 1373): [LOWI-Scan] decode_rsn_wpa_ie: LOWI_ENCRYPTION_TYPE_WPA_PSK
12-01 03:58:29.235 D/LOWI-9.0.0.87.a( 1373): [LOWI-Scan] is_qcom_ie, bss_age: 0
12-01 03:58:29.235 D/LOWI-9.0.0.87.a( 1373): [LOWI-Scan] BSS 18:6f:2d:80:dd:75 LOWI_PHY_MODE_11AC_VHT20(8), Beacon Interval: 100, LOWI_ENCRYPTION_TYPE_WPA_PSK 11mcRanging: No, ANQP: No, LCI: No, Civic: No, capability(0x0111): ESS Privacy SpectrumMgmt
12-01 03:58:29.235 D/LOWI-9.0.0.87.a( 1373): [LOWI-Scan] BSS 18:6f:2d:80:dd:75 FREQ: 5280, cFreq1[40:80:160] = [5280:0:0] cFreq2 = 0 Country Code = CN
12-01 03:58:29.235 D/LOWI-9.0.0.87.a( 1373): [LOWI-Scan] BSS 18:6f:2d:80:dd:75 (wlan0) ASSO: NO AddInfo: 0x1, TSF 0, 00:05:28.750, RSSI: -134, CPL: 127, AGE: 552, SSID GM, TSFDelta: 0xd690d810, TXRate: 0
12-01 03:58:29.235 D/LOWI-9.0.0.87.a( 1373): [LOWI-Scan]
12-01 03:58:29.235 D/LOWI-9.0.0.87.a( 1373): [LOWI-Scan] print_bss_handler: Report Probe TSF 328772189 as it greater than Beacon TSF 328730093
12-01 03:58:29.235 D/LOWI-9.0.0.87.a( 1373): [LOWI-Scan] decode_rsn_wpa_ie: LOWI_ENCRYPTION_TYPE_WPA_PSK
12-01 03:58:29.235 D/LOWI-9.0.0.87.a( 1373): [LOWI-Scan] is_qcom_ie, bss_age: 0
12-01 03:58:29.235 D/LOWI-9.0.0.87.a( 1373): [LOWI-Scan] BSS 18:6f:2d:81:16:f0 LOWI_PHY_MODE_11AC_VHT20(8), Beacon Interval: 100, LOWI_ENCRYPTION_TYPE_WPA_PSK 11mcRanging: No, ANQP: No, LCI: No, Civic: No, capability(0x0111): ESS Privacy SpectrumMgmt
12-01 03:58:29.236 D/LOWI-9.0.0.87.a( 1373): [LOWI-Scan] BSS 18:6f:2d:81:16:f0 FREQ: 5280, cFreq1[40:80:160] = [5280:0:0] cFreq2 = 0 Country Code = CN
12-01 03:58:29.236 D/LOWI-9.0.0.87.a( 1373): [LOWI-Scan] BSS 18:6f:2d:81:16:f0 (wlan0) ASSO: NO AddInfo: 0x0, TSF 0, 00:05:28.772, RSSI: -142, CPL: 127, AGE: 528, SSID Testing , TSFDelta: 0xd7243243, TXRate: 0
12-01 03:58:29.236 D/LOWI-9.0.0.87.a( 1373): [LOWI-Scan]
12-01 03:58:29.236 D/LOWI-9.0.0.87.a( 1373): [LOWI-Scan] print_bss_handler: Report beacon TSF 328748546 as it greater than probe TSF 322883751
12-01 03:58:29.236 D/LOWI-9.0.0.87.a( 1373): [LOWI-Scan] decode_rsn_wpa_ie: LOWI_ENCRYPTION_TYPE_WPA_PSK
12-01 03:58:29.236 D/LOWI-9.0.0.87.a( 1373): [LOWI-Scan] is_qcom_ie, bss_age: 0
12-01 03:58:29.236 D/LOWI-9.0.0.87.a( 1373): [LOWI-Scan] BSS 18:6f:2d:80:dd:70 LOWI_PHY_MODE_11AC_VHT20(8), Beacon Interval: 100, LOWI_ENCRYPTION_TYPE_WPA_PSK 11mcRanging: No, ANQP: No, LCI: No, Civic: No, capability(0x0111): ESS Privacy SpectrumMgmt
12-01 03:58:29.236 D/LOWI-9.0.0.87.a( 1373): [LOWI-Scan] BSS 18:6f:2d:80:dd:70 FREQ: 5280, cFreq1[40:80:160] = [5280:0:0] cFreq2 = 0 Country Code = CN
12-01 03:58:29.236 D/LOWI-9.0.0.87.a( 1373): [LOWI-Scan] BSS 18:6f:2d:80:dd:70 (wlan0) ASSO: NO AddInfo: 0x1, TSF 0, 00:05:28.748, RSSI: -136, CPL: 127, AGE: 552, SSID Testing , TSFDelta: 0xd6f023f1, TXRate: 0
12-01 03:58:29.236 D/LOWI-9.0.0.87.a( 1373): [LOWI-Scan]
12-01 03:58:29.236 D/LOWI-9.0.0.87.a( 1373): [LOWI-Scan] print_bss_handler: Report Probe TSF 328772318 as it greater than Beacon TSF 328730380
12-01 03:58:29.236 D/LOWI-9.0.0.87.a( 1373): [LOWI-Scan] is_qcom_ie, bss_age: 0
12-01 03:58:29.236 D/LOWI-9.0.0.87.a( 1373): [LOWI-Scan] BSS 18:6f:2d:81:16:f1 LOWI_PHY_MODE_11AC_VHT20(8), Beacon Interval: 100, LOWI_ENCRYPTION_TYPE_OPEN 11mcRanging: No, ANQP: No, LCI: No, Civic: No, capability(0x0101): ESS SpectrumMgmt
12-01 03:58:29.236 D/LOWI-9.0.0.87.a( 1373): [LOWI-Scan] BSS 18:6f:2d:81:16:f1 FREQ: 5280, cFreq1[40:80:160] = [5280:0:0] cFreq2 = 0 Country Code = CN
12-01 03:58:29.236 D/LOWI-9.0.0.87.a( 1373): [LOWI-Scan] BSS 18:6f:2d:81:16:f1 (wlan0) ASSO: NO AddInfo: 0x0, TSF 0, 00:05:28.772, RSSI: -142, CPL: 127, AGE: 528, SSID Guest, TSFDelta: 0xd72705f1, TXRate: 0
12-01 03:58:29.236 D/LOWI-9.0.0.87.a( 1373): [LOWI-Scan]
12-01 03:58:29.236 D/LOWI-9.0.0.87.a( 1373): [LOWI-Scan] print_bss_handler: Report beacon TSF 328748836 as it greater than probe TSF 322884405
12-01 03:58:29.236 D/LOWI-9.0.0.87.a( 1373): [LOWI-Scan] is_qcom_ie, bss_age: 0
12-01 03:58:29.236 D/LOWI-9.0.0.87.a( 1373): [LOWI-Scan] BSS 18:6f:2d:80:dd:71 LOWI_PHY_MODE_11AC_VHT20(8), Beacon Interval: 100, LOWI_ENCRYPTION_TYPE_OPEN 11mcRanging: No, ANQP: No, LCI: No, Civic: No, capability(0x0101): ESS SpectrumMgmt
12-01 03:58:29.236 D/LOWI-9.0.0.87.a( 1373): [LOWI-Scan] BSS 18:6f:2d:80:dd:71 FREQ: 5280, cFreq1[40:80:160] = [5280:0:0] cFreq2 = 0 Country Code = CN
12-01 03:58:29.236 D/LOWI-9.0.0.87.a( 1373): [LOWI-Scan] BSS 18:6f:2d:80:dd:71 (wlan0) ASSO: NO AddInfo: 0x1, TSF 0, 00:05:28.748, RSSI: -134, CPL: 127, AGE: 552, SSID Guest, TSFDelta: 0xd6f86458, TXRate: 0
12-01 03:58:29.237 D/LOWI-9.0.0.87.a( 1373): [LOWI-Scan]
12-01 03:58:29.237 D/LOWI-9.0.0.87.a( 1373): [LOWI-Scan] print_bss_handler: Report Probe TSF 328772395 as it greater than Beacon TSF 328730567
12-01 03:58:29.237 D/LOWI-9.0.0.87.a( 1373): [LOWI-Scan] decode_rsn_wpa_ie: LOWI_ENCRYPTION_TYPE_WPA_PSK
12-01 03:58:29.237 D/LOWI-9.0.0.87.a( 1373): [LOWI-Scan] is_qcom_ie, bss_age: 0
12-01 03:58:29.237 D/LOWI-9.0.0.87.a( 1373): [LOWI-Scan] BSS 18:6f:2d:81:16:f2 LOWI_PHY_MODE_11AC_VHT20(8), Beacon Interval: 100, LOWI_ENCRYPTION_TYPE_WPA_PSK 11mcRanging: No, ANQP: No, LCI: No, Civic: No, capability(0x0111): ESS Privacy SpectrumMgmt
12-01 03:58:29.237 D/LOWI-9.0.0.87.a( 1373): [LOWI-Scan] BSS 18:6f:2d:81:16:f2 FREQ: 5280, cFreq1[40:80:160] = [5280:0:0] cFreq2 = 0 Country Code = CN
12-01 03:58:29.237 D/LOWI-9.0.0.87.a( 1373): [LOWI-Scan] BSS 18:6f:2d:81:16:f2 (wlan0) ASSO: NO AddInfo: 0x0, TSF 0, 00:05:28.772, RSSI: -140, CPL: 127, AGE: 528, SSID ZXHY, TSFDelta: 0xd72e4801, TXRate: 0
12-01 03:58:29.237 D/LOWI-9.0.0.87.a( 1373): [LOWI-Scan]
12-01 03:58:29.237 D/LOWI-9.0.0.87.a( 1373): [LOWI-Scan] print_bss_handler: Report Probe TSF 322857032 as it greater than Beacon TSF 318714278
12-01 03:58:29.237 D/LOWI-9.0.0.87.a( 1373): [LOWI-Scan] decode_rsn_wpa_ie: LOWI_ENCRYPTION_TYPE_WPA_PSK
12-01 03:58:29.237 D/LOWI-9.0.0.87.a( 1373): [LOWI-Scan] is_qcom_ie, bss_age: 0
12-01 03:58:29.237 D/LOWI-9.0.0.87.a( 1373): [LOWI-Scan] BSS 18:6f:2d:80:dd:72 LOWI_PHY_MODE_11AC_VHT20(8), Beacon Interval: 100, LOWI_ENCRYPTION_TYPE_WPA_PSK 11mcRanging: No, ANQP: No, LCI: No, Civic: No, capability(0x0111): ESS Privacy SpectrumMgmt
12-01 03:58:29.237 D/LOWI-9.0.0.87.a( 1373): [LOWI-Scan] BSS 18:6f:2d:80:dd:72 FREQ: 5280, cFreq1[40:80:160] = [5280:0:0] cFreq2 = 0 Country Code = CN
12-01 03:58:29.237 D/LOWI-9.0.0.87.a( 1373): [LOWI-Scan] BSS 18:6f:2d:80:dd:72 (wlan0) ASSO: NO AddInfo: 0x0, TSF 0, 00:05:22.857, RSSI: -134, CPL: 127, AGE: 6448, SSID ZXHY, TSFDelta: 0xd6742fb1, TXRate: 0
12-01 03:58:29.237 D/LOWI-9.0.0.87.a( 1373): [LOWI-Scan]
12-01 03:58:29.237 D/LOWI-9.0.0.87.a( 1373): [LOWI-Scan] print_bss_handler: Report Probe TSF 328772455 as it greater than Beacon TSF 328730750
12-01 03:58:29.237 D/LOWI-9.0.0.87.a( 1373): [LOWI-Scan] decode_rsn_wpa_ie: LOWI_ENCRYPTION_TYPE_WPA_PSK
12-01 03:58:29.237 D/LOWI-9.0.0.87.a( 1373): [LOWI-Scan] is_qcom_ie, bss_age: 0
12-01 03:58:29.237 D/LOWI-9.0.0.87.a( 1373): [LOWI-Scan] BSS 18:6f:2d:81:16:f3 LOWI_PHY_MODE_11AC_VHT20(8), Beacon Interval: 100, LOWI_ENCRYPTION_TYPE_WPA_PSK 11mcRanging: No, ANQP: No, LCI: No, Civic: No, capability(0x0111): ESS Privacy SpectrumMgmt
12-01 03:58:29.237 D/LOWI-9.0.0.87.a( 1373): [LOWI-Scan] BSS 18:6f:2d:81:16:f3 FREQ: 5280, cFreq1[40:80:160] = [5280:0:0] cFreq2 = 0 Country Code = CN
12-01 03:58:29.237 D/LOWI-9.0.0.87.a( 1373): [LOWI-Scan] BSS 18:6f:2d:81:16:f3 (wlan0) ASSO: NO AddInfo: 0x0, TSF 0, 00:05:28.772, RSSI: -140, CPL: 127, AGE: 528, SSID Fanya, TSFDelta: 0xd731b37d, TXRate: 0
12-01 03:58:29.237 D/LOWI-9.0.0.87.a( 1373): [LOWI-Scan]
12-01 03:58:29.237 D/LOWI-9.0.0.87.a( 1373): [LOWI-Scan] print_bss_handler: Report beacon TSF 328749342 as it greater than probe TSF 322858283
12-01 03:58:29.237 D/LOWI-9.0.0.87.a( 1373): [LOWI-Scan] decode_rsn_wpa_ie: LOWI_ENCRYPTION_TYPE_WPA_PSK
12-01 03:58:29.237 D/LOWI-9.0.0.87.a( 1373): [LOWI-Scan] is_qcom_ie, bss_age: 0
