12-01 03:53:30.197 I/am_proc_start( 1525): [0,3960,1000,com.android.dynsystem,broadcast,{com.android.dynsystem/com.android.dynsystem.BootCompletedReceiver}]
12-01 03:53:30.226 I/am_proc_bound( 1525): [0,3960,com.android.dynsystem]
12-01 03:53:30.276 I/am_uid_running( 1525): 10066
12-01 03:53:30.282 I/am_proc_start( 1525): [0,4014,1000,com.android.dynsystem:dynsystem,service,{com.android.dynsystem/com.android.dynsystem.DynamicSystemInstallationService}]
12-01 03:53:30.288 I/sysui_multi_action( 1525): [757,856,758,1,806,com.baidu.input,857,MESSAGE_NOTI,858,3]
12-01 03:53:30.288 I/sysui_multi_action( 1525): [757,856,758,1,806,com.baidu.input,857,CLIPBOARD_NOTI,858,2]
12-01 03:53:30.288 I/sysui_multi_action( 1525): [757,856,758,1,806,com.baidu.input,857,HINT_NOTI,858,4]
12-01 03:53:30.289 I/sysui_multi_action( 1525): [757,856,758,1,806,com.baidu.input,857,PROGRESS_NOTI,858,2]
12-01 03:53:30.289 I/am_proc_start( 1525): [0,4018,10066,com.android.gallery3d,broadcast,{com.android.gallery3d/com.android.camera.DisableCameraReceiver}]
12-01 03:53:30.302 I/am_proc_bound( 1525): [0,4014,com.android.dynsystem:dynsystem]
12-01 03:53:30.311 I/am_proc_bound( 1525): [0,4018,com.android.gallery3d]
12-01 03:53:30.314 I/am_uid_active( 1525): 10066
12-01 03:53:30.339 I/sysui_multi_action( 1525): [757,856,758,1,806,com.android.dynsystem,857,com.android.dynsystem,858,2]
12-01 03:53:30.373 I/am_uid_running( 1525): 10069
12-01 03:53:30.395 I/am_proc_start( 1525): [0,4073,10069,com.android.inputmethod.latin,broadcast,{com.android.inputmethod.latin/com.android.inputmethod.latin.SystemBroadcastReceiver}]
12-01 03:53:30.425 I/am_proc_bound( 1525): [0,4073,com.android.inputmethod.latin]
12-01 03:53:30.429 I/am_uid_active( 1525): 10069
12-01 03:53:30.544 I/commit_sys_config_file( 1525): [notification-policy,3423]
12-01 03:53:30.634 I/am_proc_died( 1525): [0,4073,com.android.inputmethod.latin,0,11]
12-01 03:53:30.635 I/am_broadcast_discard_app( 1525): [0,83176980,android.intent.action.BOOT_COMPLETED,20,ResolveInfo{50f130a com.android.inputmethod.latin/.SystemBroadcastReceiver m=0x108000}]
12-01 03:53:30.635 I/am_uid_stopped( 1525): 10069
12-01 03:53:30.649 I/am_uid_running( 1525): 10086
12-01 03:53:30.658 I/am_proc_start( 1525): [0,4099,10086,com.android.music,broadcast,{com.android.music/com.android.music.MediaPlaybackReceiver}]
12-01 03:53:30.678 I/am_proc_bound( 1525): [0,4099,com.android.music]
12-01 03:53:30.682 I/am_uid_active( 1525): 10086
12-01 03:53:30.818 I/am_uid_running( 1525): 1027
12-01 03:53:30.826 I/am_proc_start( 1525): [0,4119,1027,com.android.nfc,broadcast,{com.android.nfc/com.android.nfc.NfcBootCompletedReceiver}]
12-01 03:53:30.838 I/am_proc_bound( 1525): [0,4119,com.android.nfc]
12-01 03:53:30.845 I/am_uid_active( 1525): 1027
12-01 03:53:30.920 I/am_uid_stopped( 1525): 1027
12-01 03:53:30.921 I/am_kill ( 1525): [0,4119,com.android.nfc,0,change com.android.nfc]
12-01 03:53:30.922 I/am_broadcast_discard_app( 1525): [0,83176980,android.intent.action.BOOT_COMPLETED,24,ResolveInfo{28e2ed3 com.android.nfc/.NfcBootCompletedReceiver m=0x108000}]
12-01 03:53:30.925 I/notification_cancel_all( 1525): [1000,1525,com.android.nfc,0,0,0,5,NULL]
12-01 03:53:30.925 I/am_uid_running( 1525): 10060
12-01 03:53:30.936 I/am_proc_start( 1525): [0,4143,10060,com.android.onetimeinitializer,broadcast,{com.android.onetimeinitializer/com.android.onetimeinitializer.OneTimeInitializerReceiver}]
12-01 03:53:30.952 I/am_proc_bound( 1525): [0,4143,com.android.onetimeinitializer]
12-01 03:53:30.953 I/am_uid_active( 1525): 10060
12-01 03:53:31.008 I/am_uid_running( 1525): 10034
12-01 03:53:31.017 I/am_proc_start( 1525): [0,4160,10034,com.android.packageinstaller,broadcast,{com.android.packageinstaller/com.android.packageinstaller.TemporaryFileManager}]
12-01 03:53:31.047 I/am_proc_bound( 1525): [0,4160,com.android.packageinstaller]
12-01 03:53:31.051 I/am_uid_active( 1525): 10034
12-01 03:53:31.213 I/am_uid_running( 1525): 2000
12-01 03:53:31.224 I/am_proc_start( 1525): [0,4182,2000,com.android.shell,broadcast,{com.android.shell/com.android.shell.HeapDumpReceiver}]
12-01 03:53:31.245 I/am_proc_bound( 1525): [0,4182,com.android.shell]
12-01 03:53:31.248 I/am_uid_active( 1525): 2000
12-01 03:53:31.288 I/am_proc_start( 1525): [0,4200,1001,com.android.phone,broadcast,{com.android.stk/com.android.stk.BootCompletedReceiver}]
12-01 03:53:31.311 I/am_proc_bound( 1525): [0,4200,com.android.phone]
12-01 03:53:31.366 D/CAT ( 4200): BootCompletedReceiver: [ACTION_BOOT_COMPLETED]
12-01 03:53:31.367 D/CAT ( 4200): StkAppService: onCreate()+
12-01 03:53:31.368 D/CAT ( 4200): StkAppService: simCount: 1
12-01 03:53:31.368 D/CAT ( 4200): StkAppService: slotId: 0
12-01 03:53:31.369 D/CAT ( 4200): StkAppService: onStart sim id: 0, op: 5, *****
12-01 03:53:31.369 D/CAT ( 4200): StkAppService: mStkService is: -1
12-01 03:53:31.373 D/CAT ( 4200): StkAppService: onDestroy()
12-01 03:53:31.375 I/am_uid_running( 1525): 10073
12-01 03:53:31.396 I/am_proc_start( 1525): [0,4217,10073,com.qti.ltebc,broadcast,{com.qti.ltebc/com.qualcomm.ltebc.LTEBroadcastBootReceiver}]
12-01 03:53:31.435 I/am_proc_bound( 1525): [0,4217,com.qti.ltebc]
12-01 03:53:31.438 I/am_uid_active( 1525): 10073
12-01 03:53:31.699 I/auditd ( 4255): type=1400 audit(0.0:341): avc: denied { read } for comm="cat" name="address" dev="sysfs" ino=61788 scontext=u:r:platform_app:s0:c512,c768 tcontext=u:object_r:sysfs:s0 tclass=file permissive=0 app=com.hht.lebocast
12-01 03:53:31.878 I/am_uid_running( 1525): 10059
12-01 03:53:31.884 I/am_proc_start( 1525): [0,4263,10059,com.qualcomm.qti.qms.service.connectionsecurity,broadcast,{com.qualcomm.qti.qms.service.connectionsecurity/com.qualcomm.qti.qms.service.connectionsecurity.ConnSecBroadcastReceiver}]
12-01 03:53:31.889 I/am_proc_died( 1525): [0,4217,com.qti.ltebc,905,19]
12-01 03:53:31.890 I/am_uid_stopped( 1525): 10073
12-01 03:53:31.891 I/am_uid_active( 1525): 10059
12-01 03:53:31.913 I/am_proc_bound( 1525): [0,4263,com.qualcomm.qti.qms.service.connectionsecurity]
12-01 03:53:31.932 I/backup_transport_lifecycle( 1525): [com.android.localtransport/.LocalTransportService,1]
12-01 03:53:31.941 I/am_proc_start( 1525): [0,4278,1000,com.android.localtransport,service,{com.android.localtransport/com.android.localtransport.LocalTransportService}]
12-01 03:53:31.973 I/am_proc_bound( 1525): [0,4278,com.android.localtransport]
12-01 03:53:31.989 I/am_proc_start( 1525): [0,4299,1000,com.thundercomm.gamemode,broadcast,{com.thundercomm.gamemode/com.thundercomm.gamemode.ingame.services.BootCompletedReceiver}]
12-01 03:53:32.015 I/am_proc_bound( 1525): [0,4299,com.thundercomm.gamemode]
12-01 03:53:32.023 I/backup_transport_connection( 1525): [com.android.localtransport/.LocalTransportService,1]
12-01 03:53:32.036 I/backup_transport_lifecycle( 1525): [com.android.localtransport/.LocalTransportService,0]
12-01 03:53:32.036 I/backup_transport_connection( 1525): [com.android.localtransport/.LocalTransportService,0]
12-01 03:53:32.096 I/service_manager_stats( 1525): [405,202,5065]
12-01 03:53:32.137 I/am_uid_running( 1525): 10073
12-01 03:53:32.147 I/am_proc_start( 1525): [0,4324,10073,com.qti.ltebc,broadcast,{com.qti.ltebc/com.qualcomm.ltebc.LTEBroadcastReceiver}]
12-01 03:53:32.162 I/am_proc_bound( 1525): [0,4324,com.qti.ltebc]
12-01 03:53:32.165 I/am_uid_active( 1525): 10073
12-01 03:53:32.328 I/commit_sys_config_file( 1525): [settings-1-0,3]
12-01 03:53:32.500 I/am_proc_died( 1525): [0,4324,com.qti.ltebc,0,11]
12-01 03:53:32.500 I/am_broadcast_discard_app( 1525): [0,266496702,android.intent.action.MEDIA_MOUNTED,2,ResolveInfo{2118df4 com.qti.ltebc/com.qualcomm.ltebc.LTEBroadcastReceiver m=0x208000}]
12-01 03:53:32.500 I/am_uid_stopped( 1525): 10073
12-01 03:53:32.527 I/commit_sys_config_file( 1525): [settings-0-0,61]
12-01 03:53:32.531 I/commit_sys_config_file( 1525): [settings-2-0,4]
12-01 03:53:33.140 I/commit_sys_config_file( 1525): [jobs,2]
12-01 03:53:33.279 I/auditd ( 4367): type=1400 audit(0.0:342): avc: denied { read } for comm="cat" name="address" dev="sysfs" ino=61788 scontext=u:r:platform_app:s0:c512,c768 tcontext=u:object_r:sysfs:s0 tclass=file permissive=0 app=com.hht.lebocast
12-01 03:53:33.986 I/sysui_multi_action( 1525): [757,1717,758,1,759,0]
12-01 03:53:33.987 I/sysui_multi_action( 1525): [757,1717,758,2,759,0]
12-01 03:53:33.987 I/sysui_multi_action( 1525): [757,1717,758,3,759,0]
12-01 03:53:34.506 I/commit_sys_config_file( 1525): [settings-3-0,14]
12-01 03:53:35.632 I/commit_sys_config_file( 1525): [settings-2-0,7]
12-01 03:53:35.637 I/commit_sys_config_file( 1525): [settings-1-0,4]
12-01 03:53:36.850 I/am_uid_running( 1525): 10073
12-01 03:53:36.874 I/am_proc_start( 1525): [0,4408,10073,com.qti.ltebc,broadcast,{com.qti.ltebc/com.qualcomm.ltebc.LTEBroadcastAlarmReceiver}]
12-01 03:53:36.913 I/am_proc_bound( 1525): [0,4408,com.qti.ltebc]
12-01 03:53:36.916 I/am_uid_active( 1525): 10073
12-01 03:53:37.051 I/auditd ( 500): type=1401 audit(0.0:343): op=security_compute_sid invalid_context=u:r:np_thundercomm_tlog_pstore:s0 scontext=u:r:init:s0 tcontext=u:object_r:np_thundercomm_tlog_pstore_exec:s0 tclass=process
12-01 03:53:37.100 I/commit_sys_config_file( 1525): [appops,5]
12-01 03:53:37.137 I/commit_sys_config_file( 1525): [package-user-0,3]
12-01 03:53:37.137 I/commit_sys_config_file( 1525): [package,49]
12-01 03:53:37.278 I/am_uid_running( 1525): 10054
12-01 03:53:37.299 I/am_proc_start( 1525): [0,4454,10054,com.qualcomm.qti.qms.service.trustzoneaccess,service,{com.qualcomm.qti.qms.service.trustzoneaccess/com.qualcomm.qti.qms.service.trustzoneaccess.TZAccessService}]
12-01 03:53:37.326 I/am_proc_bound( 1525): [0,4454,com.qualcomm.qti.qms.service.trustzoneaccess]
12-01 03:53:37.465 I/am_proc_died( 1525): [0,4408,com.qti.ltebc,905,19]
12-01 03:53:37.465 I/am_uid_stopped( 1525): 10073
12-01 03:53:39.443 I/auditd ( 4508): type=1400 audit(0.0:344): avc: denied { read } for comm="ls" name="/" dev="dm-5" ino=2 scontext=u:r:system_app:s0 tcontext=u:object_r:rootfs:s0 tclass=dir permissive=0
12-01 03:53:39.483 I/auditd ( 4516): type=1400 audit(0.0:345): avc: denied { read } for comm="ls" name="/" dev="dm-5" ino=2 scontext=u:r:system_app:s0 tcontext=u:object_r:rootfs:s0 tclass=dir permissive=0
12-01 03:53:40.276 I/sysui_multi_action( 1525): [757,1717,758,1,759,0]
12-01 03:53:40.277 I/sysui_multi_action( 1525): [757,1717,758,2,759,0]
12-01 03:53:40.277 I/sysui_multi_action( 1525): [757,1717,758,3,759,0]
12-01 03:53:47.100 I/snet_event_log( 1525): [172655291,-1,]
12-01 03:53:48.122 I/input_interaction( 1525): Interaction with: ec77b41 com.thundercomm.tcsetupwizard/com.thundercomm.tcsetupwizard.TcSetupStartActivity (server), edge-swipe (server), swipe-up (server), PointerEventDispatcher0 (server),
12-01 03:53:48.134 I/wm_task_moved( 1525): [1,1,5]
12-01 03:53:48.135 I/wm_set_resumed_activity( 1525): [0,com.thundercomm.tcsetupwizard/.TcSetupStartActivity,positionChildAt]
12-01 03:53:48.135 I/wm_task_moved( 1525): [9,1,2147483647]
12-01 03:53:48.135 I/wm_create_activity( 1525): [0,195112665,9,com.thundercomm.tcsetupwizard/.TcSetupSecondActivity,NULL,NULL,NULL,0]
12-01 03:53:48.137 I/wm_pause_activity( 1525): [0,241988251,com.thundercomm.tcsetupwizard/.TcSetupStartActivity,userLeaving=true,resumeTopActivityInnerLocked]
12-01 03:53:48.142 I/wm_on_top_resumed_lost_called( 2681): [241988251,com.thundercomm.tcsetupwizard.TcSetupStartActivity,topStateChangedWhenResumed]
12-01 03:53:48.143 I/wm_on_paused_called( 2681): [241988251,com.thundercomm.tcsetupwizard.TcSetupStartActivity,performPause]
12-01 03:53:48.144 I/wm_add_to_stopping( 1525): [0,241988251,com.thundercomm.tcsetupwizard/.TcSetupStartActivity,makeInvisible]
12-01 03:53:48.146 I/wm_restart_activity( 1525): [0,195112665,9,com.thundercomm.tcsetupwizard/.TcSetupSecondActivity]
12-01 03:53:48.147 I/wm_set_resumed_activity( 1525): [0,com.thundercomm.tcsetupwizard/.TcSetupSecondActivity,minimalResumeActivityLocked]
12-01 03:53:48.151 I/sysui_multi_action( 1525): [757,803,799,window_time_0,802,19]
12-01 03:53:48.161 I/am_pss ( 1525): [2825,1000,com.android.settings:CryptKeeper,13363200,4947968,0,117071872,0,19,7]
12-01 03:53:48.167 I/input_focus( 1525): [Focus leaving ec77b41 com.thundercomm.tcsetupwizard/com.thundercomm.tcsetupwizard.TcSetupStartActivity (server),reason=NO_WINDOW]
12-01 03:53:48.173 I/input_interaction( 1525): Interaction with: edge-swipe (server), swipe-up (server), PointerEventDispatcher0 (server),
12-01 03:53:48.295 I/auditd ( 503): avc: denied { find } for interface=vendor.qti.qspmhal::IQspmhal sid=u:r:mediaserver:s0 pid=1186 scontext=u:r:mediaserver:s0 tcontext=u:object_r:vendor_hal_qspmhal_hwservice:s0 tclass=hwservice_manager permissive=0
12-01 03:53:48.464 I/commit_sys_config_file( 1525): [settings-1-0,6]
12-01 03:53:48.667 I/commit_sys_config_file( 1525): [settings-0-0,3]
12-01 03:53:48.670 I/commit_sys_config_file( 1525): [settings-2-0,2]
12-01 03:53:48.671 I/wm_on_create_called( 2681): [195112665,com.thundercomm.tcsetupwizard.TcSetupSecondActivity,performCreate]
12-01 03:53:48.671 I/wm_on_start_called( 2681): [195112665,com.thundercomm.tcsetupwizard.TcSetupSecondActivity,handleStartActivity]
12-01 03:53:48.672 I/wm_on_resume_called( 2681): [195112665,com.thundercomm.tcsetupwizard.TcSetupSecondActivity,RESUME_ACTIVITY]
12-01 03:53:48.677 I/view_enqueue_input_event( 2681): [Motion - Cancel,com.thundercomm.tcsetupwizard/com.thundercomm.tcsetupwizard.TcSetupStartActivity]
12-01 03:53:48.677 I/wm_on_top_resumed_gained_called( 2681): [195112665,com.thundercomm.tcsetupwizard.TcSetupSecondActivity,topStateChangedWhenResumed]
12-01 03:53:48.688 I/input_focus( 1525): [Focus request 743ec67 com.thundercomm.tcsetupwizard/com.thundercomm.tcsetupwizard.TcSetupSecondActivity,reason=UpdateInputWindows]
12-01 03:53:48.683 I/auditd ( 514): type=1400 audit(0.0:346): avc: denied { read } for comm="qseecomd" name="/" dev="tmpfs" ino=14346 scontext=u:r:tee:s0 tcontext=u:object_r:tmpfs:s0 tclass=dir permissive=0
12-01 03:53:48.741 I/configuration_changed( 1525): 536871936
12-01 03:53:48.763 I/wm_activity_launch_time( 1525): [0,195112665,com.thundercomm.tcsetupwizard/.TcSetupSecondActivity,631]
12-01 03:53:48.769 I/input_focus( 1525): [Focus entering 743ec67 com.thundercomm.tcsetupwizard/com.thundercomm.tcsetupwizard.TcSetupSecondActivity (server),reason=Window became focusable. Previous reason: NOT_VISIBLE]
12-01 03:53:48.774 I/am_pss ( 1525): [3067,10096,android.ext.services,7277568,5558272,0,96792576,0,5,5]
12-01 03:53:48.774 I/input_interaction( 1525): Interaction with: 743ec67 com.thundercomm.tcsetupwizard/com.thundercomm.tcsetupwizard.TcSetupSecondActivity (server), edge-swipe (server), swipe-up (server), PointerEventDispatcher0 (server),
12-01 03:53:48.800 I/am_pss ( 1525): [3070,10065,com.android.deskclock,10402816,8663040,0,101679104,0,19,6]
12-01 03:53:48.886 I/am_pss ( 1525): [2376,10094,com.android.permissioncontroller,14408704,12451840,0,105082880,0,6,5]
12-01 03:53:48.892 I/am_pss ( 1525): [3250,10085,com.qualcomm.qtil.aptxui,7185408,5787648,0,91860992,0,19,5]
12-01 03:53:49.153 I/wm_stop_activity( 1525): [0,241988251,com.thundercomm.tcsetupwizard/.TcSetupStartActivity]
12-01 03:53:49.167 I/am_pss ( 1525): [3454,10082,com.qualcomm.location.XT,6204416,4657152,0,93978624,0,6,5]
12-01 03:53:49.175 I/am_pss ( 1525): [2926,1000,com.android.settings,21275648,11063296,0,138797056,0,19,6]
12-01 03:53:49.184 I/am_pss ( 1525): [3438,10020,com.android.documentsui,13155328,11018240,0,108388352,0,19,6]
12-01 03:53:49.190 I/am_pss ( 1525): [2849,10076,com.android.launcher3,15029248,13012992,0,107945984,0,5,5]
12-01 03:53:49.197 I/am_pss ( 1525): [3480,1000,com.android.provision,15715328,8847360,0,130686976,0,14,6]
12-01 03:53:49.210 I/wm_on_stop_called( 2681): [241988251,com.thundercomm.tcsetupwizard.TcSetupStartActivity,STOP_ACTIVITY_ITEM]
12-01 03:53:49.472 I/am_pss ( 1525): [3616,10022,com.android.externalstorage,5521408,3952640,0,93552640,0,19,5]
12-01 03:53:49.487 I/am_pss ( 1525): [3613,10032,com.android.managedprovisioning,9019392,7503872,0,96169984,0,19,5]
12-01 03:53:49.496 I/am_pss ( 1525): [3690,10029,com.baidu.input,86600704,80527360,0,203386880,0,7,9]
12-01 03:53:49.618 I/am_pss ( 1525): [3461,1000,com.android.keychain,7853056,6356992,0,94384128,0,19,7]
12-01 03:53:49.802 I/am_pss ( 1525): [3842,10031,com.android.traceur,8812544,6033408,0,96821248,0,19,7]
12-01 03:53:50.036 I/am_pss ( 1525): [3914,10064,com.android.calendar,7318528,5603328,0,97488896,0,19,9]
12-01 03:53:50.045 I/am_pss ( 1525): [3889,1000,com.qti.diagservices,5796864,3944448,0,95948800,0,10,8]
12-01 03:53:50.176 I/am_pss ( 1525): [3936,10028,com.hryt.hiphishowfsecontrol,18391040,15458304,0,107950080,0,19,12]
12-01 03:53:50.291 I/am_pss ( 1525): [3960,1000,com.android.dynsystem,5227520,3706880,0,90968064,0,19,6]
12-01 03:53:50.648 I/am_pss ( 1525): [4014,1000,com.android.dynsystem:dynsystem,5560320,3919872,0,91959296,0,19,5]
12-01 03:53:50.943 I/am_pss ( 1525): [4099,10086,com.android.music,7769088,6262784,0,94425088,0,19,6]
12-01 03:53:51.019 I/am_pss ( 1525): [4143,10060,com.android.onetimeinitializer,4915200,3481600,0,90308608,0,19,5]
12-01 03:53:51.139 I/am_pss ( 1525): [4160,10034,com.android.packageinstaller,6984704,5586944,0,91729920,0,19,6]
12-01 03:53:51.382 I/am_pss ( 1525): [4182,2000,com.android.shell,5577728,4149248,0,90877952,0,19,8]
12-01 03:53:51.721 I/wm_finish_activity( 1525): [0,195112665,9,com.thundercomm.tcsetupwizard/.TcSetupSecondActivity,app-request]
12-01 03:53:51.723 I/wm_pause_activity( 1525): [0,195112665,com.thundercomm.tcsetupwizard/.TcSetupSecondActivity,userLeaving=false,finish]
12-01 03:53:51.725 I/wm_on_top_resumed_lost_called( 2681): [195112665,com.thundercomm.tcsetupwizard.TcSetupSecondActivity,topStateChangedWhenResumed]
12-01 03:53:51.726 I/wm_on_paused_called( 2681): [195112665,com.thundercomm.tcsetupwizard.TcSetupSecondActivity,performPause]
12-01 03:53:51.726 I/wm_add_to_stopping( 1525): [0,195112665,com.thundercomm.tcsetupwizard/.TcSetupSecondActivity,completeFinishing]
12-01 03:53:51.729 I/wm_set_resumed_activity( 1525): [0,com.thundercomm.tcsetupwizard/.TcSetupStartActivity,resumeTopActivityInnerLocked]
12-01 03:53:51.730 I/wm_resume_activity( 1525): [0,241988251,9,com.thundercomm.tcsetupwizard/.TcSetupStartActivity]
12-01 03:53:51.734 I/sysui_multi_action( 1525): [757,803,799,window_time_0,802,3]
12-01 03:53:51.735 I/wm_finish_activity( 1525): [0,241988251,9,com.thundercomm.tcsetupwizard/.TcSetupStartActivity,app-request]
12-01 03:53:51.736 I/wm_pause_activity( 1525): [0,241988251,com.thundercomm.tcsetupwizard/.TcSetupStartActivity,userLeaving=false,finish]
12-01 03:53:51.738 I/wm_on_activity_result_called( 2681): [241988251,com.thundercomm.tcsetupwizard.TcSetupStartActivity,ACTIVITY_RESULT]
12-01 03:53:51.738 I/wm_on_restart_called( 2681): [241988251,com.thundercomm.tcsetupwizard.TcSetupStartActivity,performRestartActivity]
12-01 03:53:51.744 I/input_focus( 1525): [Focus leaving 743ec67 com.thundercomm.tcsetupwizard/com.thundercomm.tcsetupwizard.TcSetupSecondActivity (server),reason=NO_WINDOW]
12-01 03:53:51.745 I/wm_add_to_stopping( 1525): [0,241988251,com.thundercomm.tcsetupwizard/.TcSetupStartActivity,completeFinishing]
12-01 03:53:51.746 I/wm_set_resumed_activity( 1525): [0,com.android.provision/.DefaultActivity,resumeTopActivityInnerLocked]
12-01 03:53:51.748 I/wm_resume_activity( 1525): [0,137407961,9,com.android.provision/.DefaultActivity]
12-01 03:53:51.752 I/sysui_multi_action( 1525): [757,803,799,window_time_0,802,0]
12-01 03:53:51.766 I/commit_sys_config_file( 1525): [settings-0-0,3]
12-01 03:53:51.768 I/commit_sys_config_file( 1525): [settings-2-0,1]
12-01 03:53:51.770 I/wm_finish_activity( 1525): [0,137407961,9,com.android.provision/.DefaultActivity,app-request]
12-01 03:53:51.770 I/wm_task_moved( 1525): [1,1,5]
12-01 03:53:51.770 I/wm_set_resumed_activity( 1525): [0,com.android.provision/.DefaultActivity,positionChildAt]
12-01 03:53:51.770 I/wm_task_moved( 1525): [9,1,2147483647]
12-01 03:53:51.771 I/wm_pause_activity( 1525): [0,137407961,com.android.provision/.DefaultActivity,userLeaving=false,finish]
12-01 03:53:51.775 I/wm_on_activity_result_called( 3480): [137407961,com.android.provision.DefaultActivity,ACTIVITY_RESULT]
12-01 03:53:51.775 I/wm_on_restart_called( 3480): [137407961,com.android.provision.DefaultActivity,performRestartActivity]
12-01 03:53:51.798 I/wm_task_created( 1525): [10,-1]
12-01 03:53:51.799 I/wm_task_moved( 1525): [10,1,2147483647]
12-01 03:53:51.800 I/wm_task_moved( 1525): [1,1,5]
12-01 03:53:51.800 I/wm_create_task( 1525): [0,10]
12-01 03:53:51.800 I/wm_create_activity( 1525): [0,93742719,10,com.android.launcher3/.uioverrides.QuickstepLauncher,android.intent.action.MAIN,NULL,NULL,268435712]
12-01 03:53:51.801 I/wm_task_moved( 1525): [1,1,5]
12-01 03:53:51.801 I/wm_task_moved( 1525): [10,1,2147483647]
12-01 03:53:51.801 I/wm_task_to_front( 1525): [0,10]
12-01 03:53:51.804 I/wm_restart_activity( 1525): [0,93742719,10,com.android.launcher3/.uioverrides.QuickstepLauncher]
12-01 03:53:51.805 I/wm_set_resumed_activity( 1525): [0,com.android.launcher3/.uioverrides.QuickstepLauncher,minimalResumeActivityLocked]
12-01 03:53:51.815 I/sysui_multi_action( 1525): [757,803,799,window_time_0,802,0]
12-01 03:53:51.861 I/am_pss ( 1525): [4200,1001,com.android.phone,7395328,5582848,0,93528064,0,19,5]
12-01 03:53:51.960 I/am_pss ( 1525): [4263,10059,com.qualcomm.qti.qms.service.connectionsecurity,18459648,4198400,0,77127680,0,19,6]
12-01 03:53:51.979 I/wm_on_create_called( 2849): [93742719,com.android.launcher3.uioverrides.QuickstepLauncher,performCreate]
12-01 03:53:51.980 I/wm_on_start_called( 2849): [93742719,com.android.launcher3.uioverrides.QuickstepLauncher,handleStartActivity]
12-01 03:53:51.980 I/wm_on_resume_called( 2849): [93742719,com.android.launcher3.uioverrides.QuickstepLauncher,RESUME_ACTIVITY]
12-01 03:53:51.984 I/wm_on_top_resumed_gained_called( 2849): [93742719,com.android.launcher3.uioverrides.QuickstepLauncher,topStateChangedWhenResumed]
12-01 03:53:52.011 I/input_focus( 1525): [Focus request 56534c8 com.android.launcher3/com.android.launcher3.uioverrides.QuickstepLauncher,reason=UpdateInputWindows]
12-01 03:53:52.051 I/sysui_multi_action( 1525): [319,261,322,259,325,51,757,761,758,8,759,2,806,com.android.launcher3,871,com.android.launcher3.uioverrides.QuickstepLauncher,905,0,1320,4,1321,1]
12-01 03:53:52.054 I/wm_activity_launch_time( 1525): [0,93742719,com.android.launcher3/.uioverrides.QuickstepLauncher,259]
12-01 03:53:52.055 I/wm_destroy_activity( 1525): [0,137407961,9,com.android.provision/.DefaultActivity,finish-idle]
12-01 03:53:52.055 I/wm_on_destroy_called( 3480): [137407961,com.android.provision.DefaultActivity,performDestroy]
12-01 03:53:52.059 I/input_focus( 1525): [Focus entering 56534c8 com.android.launcher3/com.android.launcher3.uioverrides.QuickstepLauncher (server),reason=Window became focusable. Previous reason: NOT_VISIBLE]
12-01 03:53:52.072 I/am_pss ( 1525): [4278,1000,com.android.localtransport,5277696,3805184,0,91901952,0,19,6]
12-01 03:53:52.116 I/am_pss ( 1525): [4299,1000,com.thundercomm.gamemode,17058816,13770752,0,118255616,0,10,6]
12-01 03:53:52.185 I/commit_sys_config_file( 1525): [settings-1-0,9]
12-01 03:53:52.278 I/wm_destroy_activity( 1525): [0,241988251,9,com.thundercomm.tcsetupwizard/.TcSetupStartActivity,finish-imm:idle]
12-01 03:53:52.278 I/wm_destroy_activity( 1525): [0,195112665,9,com.thundercomm.tcsetupwizard/.TcSetupSecondActivity,finish-imm:idle]
12-01 03:53:52.406 I/wm_on_destroy_called( 2681): [241988251,com.thundercomm.tcsetupwizard.TcSetupStartActivity,performDestroy]
12-01 03:53:52.410 I/wm_on_stop_called( 2681): [195112665,com.thundercomm.tcsetupwizard.TcSetupSecondActivity,LIFECYCLER_STOP_ACTIVITY]
12-01 03:53:52.410 I/wm_on_destroy_called( 2681): [195112665,com.thundercomm.tcsetupwizard.TcSetupSecondActivity,performDestroy]
12-01 03:53:52.418 I/wm_task_removed( 1525): [9,cleanUpResourcesForDestroy]
12-01 03:53:52.418 I/wm_task_removed( 1525): [9,removeChild:removeChild last r=ActivityRecord{ba12ed9 u0 com.thundercomm.tcsetupwizard/.TcSetupSecondActivity t-1 f}} in t=Task{9b458bd #9 type=home A=1000:com.android.provision U=0 visible=false mode=fullscreen translucent=true sz=0}]
12-01 03:53:52.418 I/wm_task_removed( 1525): [9,removeChild]
12-01 03:53:53.248 I/input_interaction( 1525): Interaction with: 56534c8 com.android.launcher3/com.android.launcher3.uioverrides.QuickstepLauncher (server), f29aa65 com.android.systemui.ImageWallpaper (server), edge-swipe (server), swipe-up (server), PointerEventDispatcher0 (server),
12-01 03:53:57.140 I/volume_changed( 1525): [3,13,10,39,AS.AudioService]
12-01 03:53:57.148 I/volume_changed( 1525): [3,13,10,39,AS.AudioService]
12-01 03:53:57.151 I/volume_changed( 1525): [3,13,10,39,AS.AudioService]
12-01 03:53:57.381 I/commit_sys_config_file( 1525): [settings-0-0,11]
12-01 03:53:57.866 I/commit_sys_config_file( 1525): [settings-1-0,5]
12-01 03:53:58.372 I/sysui_multi_action( 1525): [757,127,758,1]
12-01 03:53:58.372 I/sysui_multi_action( 1525): [757,804,799,note_load,801,2,802,1]
12-01 03:53:58.372 I/notification_panel_revealed( 1525): 2
12-01 03:53:58.398 I/input_focus( 1525): [Focus request 27f5852 NotificationShade,reason=UpdateInputWindows]
12-01 03:53:58.425 I/input_focus( 1525): [Focus leaving 56534c8 com.android.launcher3/com.android.launcher3.uioverrides.QuickstepLauncher (server),reason=Waiting for window because NOT_VISIBLE]
12-01 03:53:58.475 I/input_focus( 1525): [Focus entering 27f5852 NotificationShade (server),reason=Window became focusable. Previous reason: NOT_VISIBLE]
12-01 03:53:58.486 I/input_interaction( 1525): Interaction with: 56534c8 com.android.launcher3/com.android.launcher3.uioverrides.QuickstepLauncher (server), f29aa65 com.android.systemui.ImageWallpaper (server), 27f5852 NotificationShade (server), edge-swipe (server), swipe-up (server), PointerEventDispatcher0 (server),
12-01 03:53:58.486 I/view_enqueue_input_event( 2849): [Motion - Cancel,com.android.launcher3/com.android.launcher3.uioverrides.QuickstepLauncher]
12-01 03:53:58.491 I/sysui_multi_action( 2372): [757,803,799,panel_open,802,1]
12-01 03:53:58.493 I/sysui_multi_action( 2372): [757,1328,758,4,1326,73,1327,65,1329,0]
12-01 03:53:58.500 I/input_interaction( 1525): Interaction with: f29aa65 com.android.systemui.ImageWallpaper (server), 27f5852 NotificationShade (server), edge-swipe (server), swipe-up (server), PointerEventDispatcher0 (server),
12-01 03:53:58.513 I/sysui_multi_action( 1525): [757,856,758,1,806,com.android.systemui,857,updateNotification,858,3]
12-01 03:53:58.514 I/notification_enqueue( 1525): [10080,2372,com.android.systemui,2048,NULL,0,Notification(channel=updateNotification shortcut=null contentView=null vibrate=null sound=null defaults=0x0 flags=0x0 color=0x00000000 vis=PRIVATE),0]
12-01 03:53:58.514 I/sysui_multi_action( 2372): [757,111,758,2]
12-01 03:53:58.514 I/sysui_multi_action( 2372): [757,111,758,2]
12-01 03:53:58.523 I/sysui_multi_action( 2372): [757,111,758,1]
12-01 03:53:58.523 I/sysui_multi_action( 2372): [757,126,758,1,759,126,927,0,928,1,1593,0]
12-01 03:53:58.523 I/sysui_multi_action( 2372): [757,113,758,1,759,113,927,1,928,1,1593,0]
12-01 03:53:58.523 I/sysui_multi_action( 2372): [757,0,758,1,759,0,927,2,928,0,1593,0]
12-01 03:53:58.523 I/sysui_multi_action( 2372): [757,0,758,1,759,0,927,3,928,0,1593,0]
12-01 03:53:58.524 I/sysui_multi_action( 2372): [757,491,758,1,759,491,927,4,928,0,1311,-1,1593,0]
12-01 03:53:58.524 I/sysui_multi_action( 2372): [757,0,758,1,759,0,927,5,928,0,1593,0]
12-01 03:53:58.524 I/sysui_multi_action( 2372): [757,111,758,1]
12-01 03:53:58.524 I/sysui_multi_action( 2372): [757,126,758,1,759,126,927,0,928,1,1593,0]
12-01 03:53:58.524 I/sysui_multi_action( 2372): [757,113,758,1,759,113,927,1,928,1,1593,0]
12-01 03:53:58.524 I/sysui_multi_action( 2372): [757,0,758,1,759,0,927,2,928,0,1593,0]
12-01 03:53:58.524 I/sysui_multi_action( 2372): [757,0,758,1,759,0,927,3,928,0,1593,0]
12-01 03:53:58.539 I/sysui_multi_action( 2372): [757,111,758,2]
12-01 03:53:58.539 I/sysui_multi_action( 2372): [757,111,758,2]
12-01 03:53:58.539 I/notification_enqueue( 1525): [10080,2372,com.android.systemui,2048,NULL,0,Notification(channel=updateNotification shortcut=null contentView=null vibrate=null sound=null defaults=0x0 flags=0x0 color=0x00000000 vis=PRIVATE),0]
12-01 03:53:58.546 I/sysui_multi_action( 2372): [757,111,758,1]
12-01 03:53:58.546 I/sysui_multi_action( 2372): [757,126,758,1,759,126,927,0,928,1,1593,0]
12-01 03:53:58.546 I/sysui_multi_action( 2372): [757,113,758,1,759,113,927,1,928,1,1593,0]
12-01 03:53:58.546 I/sysui_multi_action( 2372): [757,0,758,1,759,0,927,2,928,0,1593,0]
12-01 03:53:58.546 I/sysui_multi_action( 2372): [757,0,758,1,759,0,927,3,928,0,1593,0]
12-01 03:53:58.546 I/sysui_multi_action( 2372): [757,491,758,1,759,491,927,4,928,0,1311,-1,1593,0]
12-01 03:53:58.546 I/sysui_multi_action( 2372): [757,0,758,1,759,0,927,5,928,0,1593,0]
12-01 03:53:58.546 I/sysui_multi_action( 2372): [757,111,758,1]
12-01 03:53:58.546 I/sysui_multi_action( 2372): [757,126,758,1,759,126,927,0,928,1,1593,0]
12-01 03:53:58.547 I/sysui_multi_action( 2372): [757,113,758,1,759,113,927,1,928,1,1593,0]
12-01 03:53:58.547 I/sysui_multi_action( 2372): [757,0,758,1,759,0,927,2,928,0,1593,0]
12-01 03:53:58.547 I/sysui_multi_action( 2372): [757,0,758,1,759,0,927,3,928,0,1593,0]
12-01 03:53:58.561 I/notification_enqueue( 1525): [10080,2372,com.android.systemui,2048,NULL,0,Notification(channel=updateNotification shortcut=null contentView=null vibrate=null sound=null defaults=0x0 flags=0x0 color=0x00000000 vis=PRIVATE),0]
12-01 03:53:58.561 I/sysui_multi_action( 2372): [757,111,758,2]
12-01 03:53:58.561 I/sysui_multi_action( 2372): [757,111,758,2]
12-01 03:53:58.567 I/sysui_multi_action( 2372): [757,111,758,1]
12-01 03:53:58.567 I/sysui_multi_action( 2372): [757,126,758,1,759,126,927,0,928,1,1593,0]
12-01 03:53:58.567 I/sysui_multi_action( 2372): [757,113,758,1,759,113,927,1,928,1,1593,0]
12-01 03:53:58.567 I/sysui_multi_action( 2372): [757,0,758,1,759,0,927,2,928,0,1593,0]
12-01 03:53:58.567 I/sysui_multi_action( 2372): [757,0,758,1,759,0,927,3,928,0,1593,0]
12-01 03:53:58.567 I/sysui_multi_action( 2372): [757,491,758,1,759,491,927,4,928,0,1311,-1,1593,0]
12-01 03:53:58.568 I/sysui_multi_action( 2372): [757,0,758,1,759,0,927,5,928,0,1593,0]
12-01 03:53:58.568 I/sysui_multi_action( 2372): [757,111,758,1]
12-01 03:53:58.568 I/sysui_multi_action( 2372): [757,126,758,1,759,126,927,0,928,1,1593,0]
12-01 03:53:58.568 I/sysui_multi_action( 2372): [757,113,758,1,759,113,927,1,928,1,1593,0]
12-01 03:53:58.568 I/sysui_multi_action( 2372): [757,0,758,1,759,0,927,2,928,0,1593,0]
12-01 03:53:58.568 I/sysui_multi_action( 2372): [757,0,758,1,759,0,927,3,928,0,1593,0]
12-01 03:53:58.581 I/notification_enqueue( 1525): [10080,2372,com.android.systemui,2048,NULL,0,Notification(channel=updateNotification shortcut=null contentView=null vibrate=null sound=null defaults=0x0 flags=0x0 color=0x00000000 vis=PRIVATE),0]
12-01 03:53:58.581 I/sysui_multi_action( 2372): [757,111,758,2]
12-01 03:53:58.581 I/sysui_multi_action( 2372): [757,111,758,2]
12-01 03:53:58.587 I/sysui_multi_action( 2372): [757,111,758,1]
12-01 03:53:58.587 I/sysui_multi_action( 2372): [757,126,758,1,759,126,927,0,928,1,1593,0]
12-01 03:53:58.587 I/sysui_multi_action( 2372): [757,113,758,1,759,113,927,1,928,1,1593,0]
12-01 03:53:58.587 I/sysui_multi_action( 2372): [757,0,758,1,759,0,927,2,928,0,1593,0]
12-01 03:53:58.587 I/sysui_multi_action( 2372): [757,0,758,1,759,0,927,3,928,0,1593,0]
12-01 03:53:58.587 I/sysui_multi_action( 2372): [757,491,758,1,759,491,927,4,928,0,1311,-1,1593,0]
12-01 03:53:58.587 I/sysui_multi_action( 2372): [757,0,758,1,759,0,927,5,928,0,1593,0]
12-01 03:53:58.587 I/sysui_multi_action( 2372): [757,111,758,1]
12-01 03:53:58.588 I/sysui_multi_action( 2372): [757,126,758,1,759,126,927,0,928,1,1593,0]
12-01 03:53:58.588 I/sysui_multi_action( 2372): [757,113,758,1,759,113,927,1,928,1,1593,0]
12-01 03:53:58.588 I/sysui_multi_action( 2372): [757,0,758,1,759,0,927,2,928,0,1593,0]
12-01 03:53:58.588 I/sysui_multi_action( 2372): [757,0,758,1,759,0,927,3,928,0,1593,0]
12-01 03:53:58.600 I/notification_enqueue( 1525): [10080,2372,com.android.systemui,2048,NULL,0,Notification(channel=updateNotification shortcut=null contentView=null vibrate=null sound=null defaults=0x0 flags=0x0 color=0x00000000 vis=PRIVATE),0]
12-01 03:53:58.600 I/sysui_multi_action( 2372): [757,111,758,2]
12-01 03:53:58.600 I/sysui_multi_action( 2372): [757,111,758,2]
12-01 03:53:58.606 I/sysui_multi_action( 2372): [757,111,758,1]
12-01 03:53:58.606 I/sysui_multi_action( 2372): [757,126,758,1,759,126,927,0,928,1,1593,0]
12-01 03:53:58.606 I/sysui_multi_action( 2372): [757,113,758,1,759,113,927,1,928,1,1593,0]
12-01 03:53:58.606 I/sysui_multi_action( 2372): [757,0,758,1,759,0,927,2,928,0,1593,0]
12-01 03:53:58.606 I/sysui_multi_action( 2372): [757,0,758,1,759,0,927,3,928,0,1593,0]
12-01 03:53:58.607 I/sysui_multi_action( 2372): [757,491,758,1,759,491,927,4,928,0,1311,-1,1593,0]
12-01 03:53:58.607 I/sysui_multi_action( 2372): [757,0,758,1,759,0,927,5,928,0,1593,0]
12-01 03:53:58.607 I/sysui_multi_action( 2372): [757,111,758,1]
12-01 03:53:58.607 I/sysui_multi_action( 2372): [757,126,758,1,759,126,927,0,928,1,1593,0]
12-01 03:53:58.607 I/sysui_multi_action( 2372): [757,113,758,1,759,113,927,1,928,1,1593,0]
12-01 03:53:58.607 I/sysui_multi_action( 2372): [757,0,758,1,759,0,927,2,928,0,1593,0]
12-01 03:53:58.607 I/sysui_multi_action( 2372): [757,0,758,1,759,0,927,3,928,0,1593,0]
12-01 03:53:58.620 I/sysui_multi_action( 2372): [757,111,758,2]
12-01 03:53:58.620 I/notification_enqueue( 1525): [10080,2372,com.android.systemui,2048,NULL,0,Notification(channel=updateNotification shortcut=null contentView=null vibrate=null sound=null defaults=0x0 flags=0x0 color=0x00000000 vis=PRIVATE),0]
12-01 03:53:58.620 I/sysui_multi_action( 2372): [757,111,758,2]
12-01 03:53:58.625 I/sysui_multi_action( 2372): [757,111,758,1]
12-01 03:53:58.625 I/sysui_multi_action( 2372): [757,126,758,1,759,126,927,0,928,1,1593,0]
12-01 03:53:58.625 I/sysui_multi_action( 2372): [757,113,758,1,759,113,927,1,928,1,1593,0]
12-01 03:53:58.625 I/sysui_multi_action( 2372): [757,0,758,1,759,0,927,2,928,0,1593,0]
12-01 03:53:58.626 I/sysui_multi_action( 2372): [757,0,758,1,759,0,927,3,928,0,1593,0]
12-01 03:53:58.626 I/sysui_multi_action( 2372): [757,491,758,1,759,491,927,4,928,0,1311,-1,1593,0]
12-01 03:53:58.626 I/sysui_multi_action( 2372): [757,0,758,1,759,0,927,5,928,0,1593,0]
12-01 03:53:58.626 I/sysui_multi_action( 2372): [757,111,758,1]
12-01 03:53:58.626 I/sysui_multi_action( 2372): [757,126,758,1,759,126,927,0,928,1,1593,0]
12-01 03:53:58.626 I/sysui_multi_action( 2372): [757,113,758,1,759,113,927,1,928,1,1593,0]
12-01 03:53:58.626 I/sysui_multi_action( 2372): [757,0,758,1,759,0,927,2,928,0,1593,0]
12-01 03:53:58.626 I/sysui_multi_action( 2372): [757,0,758,1,759,0,927,3,928,0,1593,0]
12-01 03:53:58.639 I/notification_enqueue( 1525): [10080,2372,com.android.systemui,2048,NULL,0,Notification(channel=updateNotification shortcut=null contentView=null vibrate=null sound=null defaults=0x0 flags=0x0 color=0x00000000 vis=PRIVATE),0]
12-01 03:53:58.639 I/sysui_multi_action( 2372): [757,111,758,2]
12-01 03:53:58.639 I/sysui_multi_action( 2372): [757,111,758,2]
12-01 03:53:58.645 I/sysui_multi_action( 2372): [757,111,758,1]
12-01 03:53:58.645 I/sysui_multi_action( 2372): [757,126,758,1,759,126,927,0,928,1,1593,0]
12-01 03:53:58.645 I/sysui_multi_action( 2372): [757,113,758,1,759,113,927,1,928,1,1593,0]
12-01 03:53:58.645 I/sysui_multi_action( 2372): [757,0,758,1,759,0,927,2,928,0,1593,0]
12-01 03:53:58.645 I/sysui_multi_action( 2372): [757,0,758,1,759,0,927,3,928,0,1593,0]
12-01 03:53:58.645 I/sysui_multi_action( 2372): [757,491,758,1,759,491,927,4,928,0,1311,-1,1593,0]
12-01 03:53:58.645 I/sysui_multi_action( 2372): [757,0,758,1,759,0,927,5,928,0,1593,0]
12-01 03:53:58.645 I/sysui_multi_action( 2372): [757,111,758,1]
12-01 03:53:58.646 I/sysui_multi_action( 2372): [757,126,758,1,759,126,927,0,928,1,1593,0]
12-01 03:53:58.646 I/sysui_multi_action( 2372): [757,113,758,1,759,113,927,1,928,1,1593,0]
12-01 03:53:58.646 I/sysui_multi_action( 2372): [757,0,758,1,759,0,927,2,928,0,1593,0]
12-01 03:53:58.646 I/sysui_multi_action( 2372): [757,0,758,1,759,0,927,3,928,0,1593,0]
12-01 03:53:58.659 I/sysui_multi_action( 2372): [757,111,758,2]
12-01 03:53:58.659 I/notification_enqueue( 1525): [10080,2372,com.android.systemui,2048,NULL,0,Notification(channel=updateNotification shortcut=null contentView=null vibrate=null sound=null defaults=0x0 flags=0x0 color=0x00000000 vis=PRIVATE),0]
12-01 03:53:58.659 I/sysui_multi_action( 2372): [757,111,758,2]
12-01 03:53:58.665 I/sysui_multi_action( 2372): [757,111,758,1]
12-01 03:53:58.665 I/sysui_multi_action( 2372): [757,126,758,1,759,126,927,0,928,1,1593,0]
12-01 03:53:58.665 I/sysui_multi_action( 2372): [757,113,758,1,759,113,927,1,928,1,1593,0]
12-01 03:53:58.665 I/sysui_multi_action( 2372): [757,0,758,1,759,0,927,2,928,0,1593,0]
12-01 03:53:58.665 I/sysui_multi_action( 2372): [757,0,758,1,759,0,927,3,928,0,1593,0]
12-01 03:53:58.666 I/sysui_multi_action( 2372): [757,491,758,1,759,491,927,4,928,0,1311,-1,1593,0]
12-01 03:53:58.666 I/sysui_multi_action( 2372): [757,0,758,1,759,0,927,5,928,0,1593,0]
12-01 03:53:58.666 I/sysui_multi_action( 2372): [757,111,758,1]
12-01 03:53:58.666 I/sysui_multi_action( 2372): [757,126,758,1,759,126,927,0,928,1,1593,0]
12-01 03:53:58.666 I/sysui_multi_action( 2372): [757,113,758,1,759,113,927,1,928,1,1593,0]
12-01 03:53:58.666 I/sysui_multi_action( 2372): [757,0,758,1,759,0,927,2,928,0,1593,0]
12-01 03:53:58.666 I/sysui_multi_action( 2372): [757,0,758,1,759,0,927,3,928,0,1593,0]
12-01 03:53:58.685 I/notification_enqueue( 1525): [10080,2372,com.android.systemui,2048,NULL,0,Notification(channel=updateNotification shortcut=null contentView=null vibrate=null sound=null defaults=0x0 flags=0x0 color=0x00000000 vis=PRIVATE),0]
12-01 03:53:58.685 I/sysui_multi_action( 2372): [757,111,758,2]
12-01 03:53:58.685 I/sysui_multi_action( 2372): [757,111,758,2]
12-01 03:53:58.693 I/sysui_multi_action( 2372): [757,111,758,1]
12-01 03:53:58.693 I/sysui_multi_action( 2372): [757,126,758,1,759,126,927,0,928,1,1593,0]
12-01 03:53:58.694 I/sysui_multi_action( 2372): [757,113,758,1,759,113,927,1,928,1,1593,0]
12-01 03:53:58.694 I/sysui_multi_action( 2372): [757,0,758,1,759,0,927,2,928,0,1593,0]
12-01 03:53:58.694 I/sysui_multi_action( 2372): [757,0,758,1,759,0,927,3,928,0,1593,0]
12-01 03:53:58.694 I/sysui_multi_action( 2372): [757,491,758,1,759,491,927,4,928,0,1311,-1,1593,0]
12-01 03:53:58.694 I/sysui_multi_action( 2372): [757,0,758,1,759,0,927,5,928,0,1593,0]
12-01 03:53:58.694 I/sysui_multi_action( 2372): [757,111,758,1]
12-01 03:53:58.694 I/sysui_multi_action( 2372): [757,126,758,1,759,126,927,0,928,1,1593,0]
12-01 03:53:58.694 I/sysui_multi_action( 2372): [757,113,758,1,759,113,927,1,928,1,1593,0]
12-01 03:53:58.694 I/sysui_multi_action( 2372): [757,0,758,1,759,0,927,2,928,0,1593,0]
12-01 03:53:58.694 I/sysui_multi_action( 2372): [757,0,758,1,759,0,927,3,928,0,1593,0]
12-01 03:53:58.711 I/sysui_multi_action( 2372): [757,111,758,2]
12-01 03:53:58.711 I/notification_enqueue( 1525): [10080,2372,com.android.systemui,2048,NULL,0,Notification(channel=updateNotification shortcut=null contentView=null vibrate=null sound=null defaults=0x0 flags=0x0 color=0x00000000 vis=PRIVATE),0]
12-01 03:53:58.711 I/sysui_multi_action( 2372): [757,111,758,2]
12-01 03:53:58.715 I/sysui_multi_action( 1525): [757,1501,758,1,793,202,794,0,795,202,796,2048,806,com.android.systemui,857,updateNotification,858,3,947,0,1500,0,1688,1]
12-01 03:53:58.715 I/sysui_multi_action( 1525): [757,804,799,note_interruptive,801,0,802,1]
12-01 03:53:58.716 I/sysui_multi_action( 1525): [757,1501,758,1,793,203,794,0,795,203,796,2048,806,com.android.systemui,857,updateNotification,858,3,947,0,1500,0,1688,1]
12-01 03:53:58.717 I/sysui_multi_action( 1525): [757,804,799,note_interruptive,801,0,802,1]
12-01 03:53:58.717 I/sysui_multi_action( 1525): [757,199,758,1,759,2,793,204,794,0,795,204,796,2048,806,com.android.systemui,857,updateNotification,858,3,947,0,1500,1,1688,1]
12-01 03:53:58.717 I/notification_alert( 1525): [0|com.android.systemui|2048|null|10080,0,1,0]
12-01 03:53:58.718 I/sysui_multi_action( 2372): [757,111,758,1]
12-01 03:53:58.718 I/sysui_multi_action( 2372): [757,126,758,1,759,126,927,0,928,1,1593,0]
12-01 03:53:58.718 I/sysui_multi_action( 2372): [757,113,758,1,759,113,927,1,928,1,1593,0]
12-01 03:53:58.718 I/sysui_multi_action( 2372): [757,0,758,1,759,0,927,2,928,0,1593,0]
12-01 03:53:58.718 I/sysui_multi_action( 2372): [757,0,758,1,759,0,927,3,928,0,1593,0]
12-01 03:53:58.718 I/sysui_multi_action( 2372): [757,491,758,1,759,491,927,4,928,0,1311,-1,1593,0]
12-01 03:53:58.718 I/sysui_multi_action( 2372): [757,0,758,1,759,0,927,5,928,0,1593,0]
12-01 03:53:58.718 I/sysui_multi_action( 2372): [757,111,758,1]
12-01 03:53:58.718 I/sysui_multi_action( 2372): [757,126,758,1,759,126,927,0,928,1,1593,0]
12-01 03:53:58.718 I/sysui_multi_action( 2372): [757,113,758,1,759,113,927,1,928,1,1593,0]
12-01 03:53:58.718 I/sysui_multi_action( 2372): [757,0,758,1,759,0,927,2,928,0,1593,0]
12-01 03:53:58.718 I/sysui_multi_action( 2372): [757,0,758,1,759,0,927,3,928,0,1593,0]
12-01 03:53:58.731 I/sysui_multi_action( 2372): [757,111,758,2]
12-01 03:53:58.731 I/sysui_multi_action( 2372): [757,111,758,2]
12-01 03:53:58.733 I/notification_enqueue( 1525): [10080,2372,com.android.systemui,2048,NULL,0,Notification(channel=updateNotification shortcut=null contentView=null vibrate=null sound=null defaults=0x0 flags=0x0 color=0x00000000 vis=PRIVATE),1]
12-01 03:53:58.736 I/sysui_multi_action( 2372): [757,111,758,1]
12-01 03:53:58.736 I/sysui_multi_action( 2372): [757,126,758,1,759,126,927,0,928,1,1593,0]
12-01 03:53:58.736 I/sysui_multi_action( 2372): [757,113,758,1,759,113,927,1,928,1,1593,0]
12-01 03:53:58.736 I/sysui_multi_action( 2372): [757,0,758,1,759,0,927,2,928,0,1593,0]
12-01 03:53:58.736 I/sysui_multi_action( 2372): [757,0,758,1,759,0,927,3,928,0,1593,0]
12-01 03:53:58.736 I/sysui_multi_action( 2372): [757,491,758,1,759,491,927,4,928,0,1311,-1,1593,0]
12-01 03:53:58.736 I/sysui_multi_action( 2372): [757,0,758,1,759,0,927,5,928,0,1593,0]
12-01 03:53:58.737 I/sysui_multi_action( 2372): [757,111,758,1]
12-01 03:53:58.737 I/sysui_multi_action( 2372): [757,126,758,1,759,126,927,0,928,1,1593,0]
12-01 03:53:58.737 I/sysui_multi_action( 2372): [757,113,758,1,759,113,927,1,928,1,1593,0]
12-01 03:53:58.737 I/sysui_multi_action( 2372): [757,0,758,1,759,0,927,2,928,0,1593,0]
12-01 03:53:58.737 I/sysui_multi_action( 2372): [757,0,758,1,759,0,927,3,928,0,1593,0]
12-01 03:53:58.753 I/notification_enqueue( 1525): [10080,2372,com.android.systemui,2048,NULL,0,Notification(channel=updateNotification shortcut=null contentView=null vibrate=null sound=null defaults=0x0 flags=0x0 color=0x00000000 vis=PRIVATE),1]
12-01 03:53:58.753 I/sysui_multi_action( 2372): [757,111,758,2]
12-01 03:53:58.754 I/sysui_multi_action( 2372): [757,111,758,2]
12-01 03:53:58.759 I/sysui_multi_action( 2372): [757,111,758,1]
12-01 03:53:58.759 I/sysui_multi_action( 2372): [757,126,758,1,759,126,927,0,928,1,1593,0]
12-01 03:53:58.759 I/sysui_multi_action( 2372): [757,113,758,1,759,113,927,1,928,1,1593,0]
12-01 03:53:58.759 I/sysui_multi_action( 2372): [757,0,758,1,759,0,927,2,928,0,1593,0]
12-01 03:53:58.759 I/sysui_multi_action( 2372): [757,0,758,1,759,0,927,3,928,0,1593,0]
12-01 03:53:58.759 I/sysui_multi_action( 2372): [757,491,758,1,759,491,927,4,928,0,1311,-1,1593,0]
12-01 03:53:58.759 I/sysui_multi_action( 2372): [757,0,758,1,759,0,927,5,928,0,1593,0]
12-01 03:53:58.759 I/sysui_multi_action( 2372): [757,111,758,1]
12-01 03:53:58.759 I/sysui_multi_action( 2372): [757,126,758,1,759,126,927,0,928,1,1593,0]
12-01 03:53:58.759 I/sysui_multi_action( 2372): [757,113,758,1,759,113,927,1,928,1,1593,0]
12-01 03:53:58.759 I/sysui_multi_action( 2372): [757,0,758,1,759,0,927,2,928,0,1593,0]
12-01 03:53:58.759 I/sysui_multi_action( 2372): [757,0,758,1,759,0,927,3,928,0,1593,0]
12-01 03:53:58.769 I/commit_sys_config_file( 1525): [notification-policy,31648]
12-01 03:53:58.771 I/sysui_multi_action( 2372): [757,111,758,2]
12-01 03:53:58.771 I/notification_enqueue( 1525): [10080,2372,com.android.systemui,2048,NULL,0,Notification(channel=updateNotification shortcut=null contentView=null vibrate=null sound=null defaults=0x0 flags=0x0 color=0x00000000 vis=PRIVATE),1]
12-01 03:53:58.771 I/sysui_multi_action( 2372): [757,111,758,2]
12-01 03:53:58.776 I/sysui_multi_action( 2372): [757,111,758,1]
12-01 03:53:58.776 I/sysui_multi_action( 2372): [757,126,758,1,759,126,927,0,928,1,1593,0]
12-01 03:53:58.776 I/sysui_multi_action( 2372): [757,113,758,1,759,113,927,1,928,1,1593,0]
12-01 03:53:58.776 I/sysui_multi_action( 2372): [757,0,758,1,759,0,927,2,928,0,1593,0]
12-01 03:53:58.776 I/sysui_multi_action( 2372): [757,0,758,1,759,0,927,3,928,0,1593,0]
12-01 03:53:58.777 I/sysui_multi_action( 2372): [757,491,758,1,759,491,927,4,928,0,1311,-1,1593,0]
12-01 03:53:58.777 I/sysui_multi_action( 2372): [757,0,758,1,759,0,927,5,928,0,1593,0]
12-01 03:53:58.777 I/sysui_multi_action( 2372): [757,111,758,1]
12-01 03:53:58.777 I/sysui_multi_action( 2372): [757,126,758,1,759,126,927,0,928,1,1593,0]
12-01 03:53:58.777 I/sysui_multi_action( 2372): [757,113,758,1,759,113,927,1,928,1,1593,0]
12-01 03:53:58.777 I/sysui_multi_action( 2372): [757,0,758,1,759,0,927,2,928,0,1593,0]
12-01 03:53:58.777 I/sysui_multi_action( 2372): [757,0,758,1,759,0,927,3,928,0,1593,0]
12-01 03:53:58.792 I/notification_enqueue( 1525): [10080,2372,com.android.systemui,2048,NULL,0,Notification(channel=updateNotification shortcut=null contentView=null vibrate=null sound=null defaults=0x0 flags=0x0 color=0x00000000 vis=PRIVATE),1]
12-01 03:53:58.792 I/sysui_multi_action( 2372): [757,111,758,2]
12-01 03:53:58.792 I/sysui_multi_action( 2372): [757,111,758,2]
12-01 03:53:58.797 I/sysui_multi_action( 2372): [757,111,758,1]
12-01 03:53:58.797 I/sysui_multi_action( 2372): [757,126,758,1,759,126,927,0,928,1,1593,0]
12-01 03:53:58.797 I/sysui_multi_action( 2372): [757,113,758,1,759,113,927,1,928,1,1593,0]
12-01 03:53:58.797 I/sysui_multi_action( 2372): [757,0,758,1,759,0,927,2,928,0,1593,0]
12-01 03:53:58.797 I/sysui_multi_action( 2372): [757,0,758,1,759,0,927,3,928,0,1593,0]
12-01 03:53:58.798 I/sysui_multi_action( 2372): [757,491,758,1,759,491,927,4,928,0,1311,-1,1593,0]
12-01 03:53:58.798 I/sysui_multi_action( 2372): [757,0,758,1,759,0,927,5,928,0,1593,0]
12-01 03:53:58.798 I/sysui_multi_action( 2372): [757,111,758,1]
12-01 03:53:58.798 I/sysui_multi_action( 2372): [757,126,758,1,759,126,927,0,928,1,1593,0]
12-01 03:53:58.798 I/sysui_multi_action( 2372): [757,113,758,1,759,113,927,1,928,1,1593,0]
12-01 03:53:58.798 I/sysui_multi_action( 2372): [757,0,758,1,759,0,927,2,928,0,1593,0]
12-01 03:53:58.798 I/sysui_multi_action( 2372): [757,0,758,1,759,0,927,3,928,0,1593,0]
12-01 03:53:58.812 I/sysui_multi_action( 2372): [757,111,758,2]
12-01 03:53:58.812 I/notification_enqueue( 1525): [10080,2372,com.android.systemui,2048,NULL,0,Notification(channel=updateNotification shortcut=null contentView=null vibrate=null sound=null defaults=0x0 flags=0x0 color=0x00000000 vis=PRIVATE),1]
12-01 03:53:58.813 I/sysui_multi_action( 2372): [757,111,758,2]
12-01 03:53:58.818 I/sysui_multi_action( 2372): [757,111,758,1]
12-01 03:53:58.818 I/sysui_multi_action( 2372): [757,126,758,1,759,126,927,0,928,1,1593,0]
12-01 03:53:58.818 I/sysui_multi_action( 2372): [757,113,758,1,759,113,927,1,928,1,1593,0]
12-01 03:53:58.818 I/sysui_multi_action( 2372): [757,0,758,1,759,0,927,2,928,0,1593,0]
12-01 03:53:58.818 I/sysui_multi_action( 2372): [757,0,758,1,759,0,927,3,928,0,1593,0]
12-01 03:53:58.818 I/sysui_multi_action( 2372): [757,491,758,1,759,491,927,4,928,0,1311,-1,1593,0]
12-01 03:53:58.818 I/sysui_multi_action( 2372): [757,0,758,1,759,0,927,5,928,0,1593,0]
12-01 03:53:58.818 I/sysui_multi_action( 2372): [757,111,758,1]
12-01 03:53:58.818 I/sysui_multi_action( 2372): [757,126,758,1,759,126,927,0,928,1,1593,0]
12-01 03:53:58.818 I/sysui_multi_action( 2372): [757,113,758,1,759,113,927,1,928,1,1593,0]
12-01 03:53:58.818 I/sysui_multi_action( 2372): [757,0,758,1,759,0,927,2,928,0,1593,0]
12-01 03:53:58.818 I/sysui_multi_action( 2372): [757,0,758,1,759,0,927,3,928,0,1593,0]
12-01 03:53:58.834 I/sysui_multi_action( 2372): [757,111,758,2]
12-01 03:53:58.834 I/notification_enqueue( 1525): [10080,2372,com.android.systemui,2048,NULL,0,Notification(channel=updateNotification shortcut=null contentView=null vibrate=null sound=null defaults=0x0 flags=0x0 color=0x00000000 vis=PRIVATE),1]
12-01 03:53:58.834 I/sysui_multi_action( 2372): [757,111,758,2]
12-01 03:53:58.839 I/sysui_multi_action( 2372): [757,111,758,1]
12-01 03:53:58.839 I/sysui_multi_action( 2372): [757,126,758,1,759,126,927,0,928,1,1593,0]
12-01 03:53:58.839 I/sysui_multi_action( 2372): [757,113,758,1,759,113,927,1,928,1,1593,0]
12-01 03:53:58.839 I/sysui_multi_action( 2372): [757,0,758,1,759,0,927,2,928,0,1593,0]
12-01 03:53:58.840 I/sysui_multi_action( 2372): [757,0,758,1,759,0,927,3,928,0,1593,0]
12-01 03:53:58.840 I/sysui_multi_action( 2372): [757,491,758,1,759,491,927,4,928,0,1311,-1,1593,0]
12-01 03:53:58.840 I/sysui_multi_action( 2372): [757,0,758,1,759,0,927,5,928,0,1593,0]
12-01 03:53:58.840 I/sysui_multi_action( 2372): [757,111,758,1]
12-01 03:53:58.840 I/sysui_multi_action( 2372): [757,126,758,1,759,126,927,0,928,1,1593,0]
12-01 03:53:58.840 I/sysui_multi_action( 2372): [757,113,758,1,759,113,927,1,928,1,1593,0]
12-01 03:53:58.840 I/sysui_multi_action( 2372): [757,0,758,1,759,0,927,2,928,0,1593,0]
12-01 03:53:58.840 I/sysui_multi_action( 2372): [757,0,758,1,759,0,927,3,928,0,1593,0]
12-01 03:53:58.858 I/sysui_multi_action( 2372): [757,111,758,2]
