12-01 03:58:09.232 D/LOWI-9.0.0.87.a( 1373): [LOWI-Scan] BSS 84:db:ac:2d:18:a8 FREQ: 2462, cFreq1[40:80:160] = [0:0:0] cFreq2 = 0 Country Code =
12-01 03:58:09.232 D/LOWI-9.0.0.87.a( 1373): [LOWI-Scan] BSS 84:db:ac:2d:18:a8 (wlan0) ASSO: NO AddInfo: 0x1, TSF 0, 00:05:09.006, RSSI: -168, CPL: 127, AGE: 296, SSID HUAWEI-XJ2FLJ, TSFDelta: 0xea5bde2c, TXRate: 0
12-01 03:58:09.232 D/LOWI-9.0.0.87.a( 1373): [LOWI-Scan]
12-01 03:58:09.232 D/LOWI-9.0.0.87.a( 1373): [LOWI-Scan] print_bss_handler: Report beacon TSF 309021051 as it greater than probe TSF 309021051
12-01 03:58:09.232 D/LOWI-9.0.0.87.a( 1373): [LOWI-Scan] decode_rsn_wpa_ie: LOWI_ENCRYPTION_TYPE_WPA_PSK
12-01 03:58:09.232 D/LOWI-9.0.0.87.a( 1373): [LOWI-Scan] is_qcom_ie, bss_age: 0
12-01 03:58:09.232 D/LOWI-9.0.0.87.a( 1373): [LOWI-Scan] BSS 44:f9:71:c8:27:97 LOWI_PHY_MODE_11NG_HT20(5), Beacon Interval: 100, LOWI_ENCRYPTION_TYPE_WPA_PSK 11mcRanging: No, ANQP: No, LCI: No, Civic: No, capability(0x0411): ESS Privacy ShortSlotTime
12-01 03:58:09.232 D/LOWI-9.0.0.87.a( 1373): [LOWI-Scan] BSS 44:f9:71:c8:27:97 FREQ: 2462, cFreq1[40:80:160] = [0:0:0] cFreq2 = 0 Country Code = CN
12-01 03:58:09.232 D/LOWI-9.0.0.87.a( 1373): [LOWI-Scan] BSS 44:f9:71:c8:27:97 (wlan0) ASSO: NO AddInfo: 0x1, TSF 0, 00:05:09.021, RSSI: -144, CPL: 127, AGE: 280, SSID zzzzzz, TSFDelta: 0x750cb373, TXRate: 0
12-01 03:58:09.232 D/LOWI-9.0.0.87.a( 1373): [LOWI-Scan]
12-01 03:58:09.232 D/LOWI-9.0.0.87.a( 1373): [LOWI-Scan] print_bss_handler: Report beacon TSF 309064230 as it greater than probe TSF 309064230
12-01 03:58:09.232 D/LOWI-9.0.0.87.a( 1373): [LOWI-Scan] decode_rsn_wpa_ie: LOWI_ENCRYPTION_TYPE_WPA_PSK
12-01 03:58:09.232 D/LOWI-9.0.0.87.a( 1373): [LOWI-Scan] is_qcom_ie, bss_age: 0
12-01 03:58:09.232 D/LOWI-9.0.0.87.a( 1373): [LOWI-Scan] BSS 64:6e:97:5a:7e:e0 LOWI_PHY_MODE_11AC_VHT40_2G(12), Beacon Interval: 100, LOWI_ENCRYPTION_TYPE_WPA_PSK 11mcRanging: No, ANQP: No, LCI: No, Civic: No, capability(0x1411): ESS Privacy ShortSlotTime
12-01 03:58:09.232 D/LOWI-9.0.0.87.a( 1373): [LOWI-Scan] BSS 64:6e:97:5a:7e:e0 FREQ: 2462, cFreq1[40:80:160] = [2452:0:0] cFreq2 = 0 Country Code = CN
12-01 03:58:09.232 D/LOWI-9.0.0.87.a( 1373): [LOWI-Scan] BSS 64:6e:97:5a:7e:e0 (wlan0) ASSO: NO AddInfo: 0x1, TSF 0, 00:05:09.064, RSSI: -152, CPL: 127, AGE: 236, SSID DMC, TSFDelta: 0x14bcc975, TXRate: 0
12-01 03:58:09.233 D/LOWI-9.0.0.87.a( 1373): [LOWI-Scan]
12-01 03:58:09.233 D/LOWI-9.0.0.87.a( 1373): [LOWI-Scan] print_bss_handler: Report beacon TSF 309066748 as it greater than probe TSF 309066748
12-01 03:58:09.233 D/LOWI-9.0.0.87.a( 1373): [LOWI-Scan] decode_rsn_wpa_ie: LOWI_ENCRYPTION_TYPE_WPA_PSK
12-01 03:58:09.233 D/LOWI-9.0.0.87.a( 1373): [LOWI-Scan] is_qcom_ie, bss_age: 0
12-01 03:58:09.233 D/LOWI-9.0.0.87.a( 1373): [LOWI-Scan] BSS a4:1a:3a:00:9f:35 LOWI_PHY_MODE_11NG_HT40(7), Beacon Interval: 100, LOWI_ENCRYPTION_TYPE_WPA_PSK 11mcRanging: No, ANQP: No, LCI: No, Civic: No, capability(0x1411): ESS Privacy ShortSlotTime
12-01 03:58:09.233 D/LOWI-9.0.0.87.a( 1373): [LOWI-Scan] BSS a4:1a:3a:00:9f:35 FREQ: 2462, cFreq1[40:80:160] = [2452:0:0] cFreq2 = 0 Country Code = CN
12-01 03:58:09.233 D/LOWI-9.0.0.87.a( 1373): [LOWI-Scan] BSS a4:1a:3a:00:9f:35 (wlan0) ASSO: NO AddInfo: 0x1, TSF 0, 00:05:09.066, RSSI: -156, CPL: 127, AGE: 236, SSID TP-LINK_9F35, TSFDelta: 0x8686faca, TXRate: 0
12-01 03:58:09.233 D/LOWI-9.0.0.87.a( 1373): [LOWI-Scan]
12-01 03:58:09.233 D/LOWI-9.0.0.87.a( 1373): [LOWI-Scan] print_bss_handler: Report beacon TSF 309191528 as it greater than probe TSF 309191528
12-01 03:58:09.233 D/LOWI-9.0.0.87.a( 1373): [LOWI-Scan] decode_rsn_wpa_ie: LOWI_ENCRYPTION_TYPE_WPA_PSK
12-01 03:58:09.233 D/LOWI-9.0.0.87.a( 1373): [LOWI-Scan] is_qcom_ie, bss_age: 0
12-01 03:58:09.233 D/LOWI-9.0.0.87.a( 1373): [LOWI-Scan] BSS 18:6f:2d:81:18:83 LOWI_PHY_MODE_11NG_HT20(5), Beacon Interval: 100, LOWI_ENCRYPTION_TYPE_WPA_PSK 11mcRanging: No, ANQP: No, LCI: No, Civic: No, capability(0x0531): ESS Privacy ShortPreamble SpectrumMgmt ShortSlotTime
12-01 03:58:09.233 D/LOWI-9.0.0.87.a( 1373): [LOWI-Scan] BSS 18:6f:2d:81:18:83 FREQ: 2472, cFreq1[40:80:160] = [2472:0:0] cFreq2 = 0 Country Code = CN
12-01 03:58:09.233 D/LOWI-9.0.0.87.a( 1373): [LOWI-Scan] BSS 18:6f:2d:81:18:83 (wlan0) ASSO: NO AddInfo: 0x1, TSF 0, 00:05:09.191, RSSI: -164, CPL: 127, AGE: 112, SSID ZXHY, TSFDelta: 0xd52f01f3, TXRate: 0
12-01 03:58:09.233 D/LOWI-9.0.0.87.a( 1373): [LOWIDiagLog] Log: lowiMeasResult->request: invalid null argument
12-01 03:58:09.233 I/LOWI-9.0.0.87.a( 1373): [LOWI-Scan] lowi_close_record:Scan done in 281421ms, 75 APs in scan results
12-01 03:58:09.233 D/LOWI-9.0.0.87.a( 1373): [LOWI-Scan] WipsScanUsingNL: passive scan cached 0, took 10023 ms, err 0
12-01 03:58:09.233 D/LOWI-9.0.0.87.a( 1373): [LOWI-Scan] lowi_proc_req_passive_scan_with_live_meas - No WLAN Frames to be parsed
12-01 03:58:09.233 D/LOWI-9.0.0.87.a( 1373): [LOWIScanResultReceiver] Send scan meas to listener
12-01 03:58:09.233 D/LOWI-9.0.0.87.a( 1373): [LOWIScanResultReceiver] Enter passive listening mode
12-01 03:58:09.233 D/LOWI-9.0.0.87.a( 1373): [LOWIWifiDriverInterface] getMeasurements - Passive listening mode
12-01 03:58:09.233 D/LOWI-9.0.0.87.a( 1373): [LOWI-Scan] WipsScanUsingNL:wait -1 sec for netlink message
12-01 03:58:09.233 D/LOWI-9.0.0.87.a( 1373): [LOWIEventReceiver] handleEvent:FROM:NA, TO:NA, REQ:NA, IREQ:NA, REQ_ID:0, RESP:NA, INFO:NA
12-01 03:58:09.233 D/LOWI-9.0.0.87.a( 1373): [LOWIBackgroundScanMgr] isRspForBgScanMgr: evt(LOWI_NO_EVT) - not handled
12-01 03:58:09.233 D/LOWI-9.0.0.87.a( 1373): [LOWIScheduler] manageMsg: NULL results or NULL request in results
12-01 03:58:09.233 D/LOWI-9.0.0.87.a( 1373): [LOWIController] Measurements received
12-01 03:58:09.233 D/LOWI-9.0.0.87.a( 1373): [LOWICacheManager] putInCache:Num of Meas to add: 75
12-01 03:58:09.237 D/LOWI-9.0.0.87.a( 1373): [LOWIController] processMeasurementResults: No current Request. Cache measurements
12-01 03:58:09.237 D/LOWI-9.0.0.87.a( 1373): [LOWIController] sendAsyncScanResponse: Request FreeWifiScanObserver_0 is from a different client.
12-01 03:58:09.237 D/LOWI-9.0.0.87.a( 1373): [LOWIController] generateResponse: Type (ASYNC_DISCOVERY_SCAN_RESULTS) ScanStatus (1) request FreeWifiScanObserver_0
12-01 03:58:09.237 D/LOWI-9.0.0.87.a( 1373): [LOWIEventDispatcher] sendResponse - originator = FreeWifiScanObserver
12-01 03:58:09.237 D/LOWI-9.0.0.87.a( 1373): [LOWIUtils] injectScanMeasurements - num of APs = 75
12-01 03:58:09.238 I/LOWI-9.0.0.87.a( 1373): [LOWIUtils] responseToOutPostcard - TO: FreeWifiScanObserver, FROM: LOWI-SERVER, RESP: LOWI_ASYNC_DISCOVERY_SCAN_RESULTS
12-01 03:58:09.246 D/LOWI-9.0.0.87.a( 1373): [LOWIControllerExtn] sendLOWILpDiscoveryScanResponse: Not a discovery scan response
12-01 03:58:09.250 D/WificondScannerImpl( 1525): Filtering out 22 scan results.
12-01 03:58:09.265 D/WifiDebugService( 2781): onScanResultsAvailable
12-01 03:58:09.307 D/WifiDebugService( 2781): connect wifi SSID is :
12-01 03:58:09.324 W/WifiDebugService( 2781): find wifi : Guest
12-01 03:58:09.324 W/WifiDebugService( 2781): find wifi : Fanya
12-01 03:58:09.324 W/WifiDebugService( 2781): find wifi : ThunderSoft
12-01 03:58:09.324 W/WifiDebugService( 2781): find wifi : GM
12-01 03:58:09.324 W/WifiDebugService( 2781): find wifi : Guest
12-01 03:58:09.324 W/WifiDebugService( 2781): find wifi : ThunderSoft_2.4G
12-01 03:58:09.324 W/WifiDebugService( 2781): find wifi : ZXHY
12-01 03:58:09.324 W/WifiDebugService( 2781): find wifi : Fanya
12-01 03:58:09.324 W/WifiDebugService( 2781): find wifi : Testing
12-01 03:58:09.324 W/WifiDebugService( 2781): find wifi : Guest
12-01 03:58:09.324 W/WifiDebugService( 2781): find wifi : ThunderSoft_2.4G
12-01 03:58:09.324 W/WifiDebugService( 2781): find wifi : ZXHY
12-01 03:58:09.324 W/WifiDebugService( 2781): find wifi : Fanya
12-01 03:58:09.324 W/WifiDebugService( 2781): can not find target wifi ap : hht_test_wifi_fc4318c9
12-01 03:58:09.414 I/OpenGLRenderer( 2926): Davey! duration=9223371727402ms; Flags=0, FrameTimelineVsyncId=13294, IntendedVsync=309451774261, Vsync=309451774261, InputEventId=0, HandleInputStart=309452430296, AnimationStart=309452434515, PerformTraversalsStart=309452437327, DrawStart=309478316129, FrameDeadline=309468440927, FrameInterval=309452416077, FrameStartTime=16666666, SyncQueued=309479307900, SyncStart=309479401025, IssueDrawCommandsStart=309480497223, SwapBuffers=309484468786, FrameCompleted=9223372036854775807, DequeueBufferDuration=44427, QueueBufferDuration=743541, GpuCompleted=9223372036854775807, SwapBuffersCompleted=309485697067, DisplayPresentTime=0,
12-01 03:58:09.954 W/hpplay-java( 3306): [main]:IPManager:getActiveNets invalid networkInfo:null
12-01 03:58:09.955 I/hpplay-java( 3306): [main]:IPManager:getActiveNets eth0:false wifi:false mobile:false ap:false
12-01 03:58:09.955 I/hpplay-java( 3306): [main]:ServerTaskManager:get local ip:null
12-01 03:58:10.076 I/mpu_uart( 646): [MSG-P:RECV]:No message received in 1000 ms
12-01 03:58:10.250 I/mpu_uart( 646): [MSG-P:R]:recv sync frame timeout
12-01 03:58:10.957 W/hpplay-java( 3306): [main]:IPManager:getActiveNets invalid networkInfo:null
12-01 03:58:10.957 I/hpplay-java( 3306): [main]:IPManager:getActiveNets eth0:false wifi:false mobile:false ap:false
12-01 03:58:10.957 I/hpplay-java( 3306): [main]:ServerTaskManager:get local ip:null
12-01 03:58:11.076 I/mpu_uart( 646): [MSG-P:RECV]:No message received in 1000 ms
12-01 03:58:11.960 W/hpplay-java( 3306): [main]:IPManager:getActiveNets invalid networkInfo:null
12-01 03:58:11.960 I/hpplay-java( 3306): [main]:IPManager:getActiveNets eth0:false wifi:false mobile:false ap:false
12-01 03:58:11.960 I/hpplay-java( 3306): [main]:ServerTaskManager:get local ip:null
12-01 03:58:12.076 I/mpu_uart( 646): [MSG-P:RECV]:No message received in 1000 ms
12-01 03:58:12.656 I/selfinstaller( 1191): create socket failed: Network is unreachable 101
12-01 03:58:12.962 W/hpplay-java( 3306): [main]:IPManager:getActiveNets invalid networkInfo:null
12-01 03:58:12.962 I/hpplay-java( 3306): [main]:IPManager:getActiveNets eth0:false wifi:false mobile:false ap:false
12-01 03:58:12.962 I/hpplay-java( 3306): [main]:ServerTaskManager:get local ip:null
12-01 03:58:13.077 I/mpu_uart( 646): [MSG-P:RECV]:No message received in 1000 ms
12-01 03:58:13.254 I/mpu_uart( 646): [MSG-P:R]:recv sync frame timeout
12-01 03:58:13.964 W/hpplay-java( 3306): [main]:IPManager:getActiveNets invalid networkInfo:null
12-01 03:58:13.964 I/hpplay-java( 3306): [main]:IPManager:getActiveNets eth0:false wifi:false mobile:false ap:false
12-01 03:58:13.964 I/hpplay-java( 3306): [main]:ServerTaskManager:get local ip:null
12-01 03:58:14.077 I/mpu_uart( 646): [MSG-P:RECV]:No message received in 1000 ms
12-01 03:58:14.966 W/hpplay-java( 3306): [main]:IPManager:getActiveNets invalid networkInfo:null
12-01 03:58:14.966 I/hpplay-java( 3306): [main]:IPManager:getActiveNets eth0:false wifi:false mobile:false ap:false
12-01 03:58:14.966 I/hpplay-java( 3306): [main]:ServerTaskManager:get local ip:null
12-01 03:58:15.077 I/mpu_uart( 646): [MSG-P:RECV]:No message received in 1000 ms
12-01 03:58:15.967 W/hpplay-java( 3306): [main]:IPManager:getActiveNets invalid networkInfo:null
12-01 03:58:15.967 I/hpplay-java( 3306): [main]:IPManager:getActiveNets eth0:false wifi:false mobile:false ap:false
12-01 03:58:15.968 I/hpplay-java( 3306): [main]:ServerTaskManager:get local ip:null
12-01 03:58:16.078 I/mpu_uart( 646): [MSG-P:RECV]:No message received in 1000 ms
12-01 03:58:16.257 I/mpu_uart( 646): [MSG-P:R]:recv sync frame timeout
12-01 03:58:16.307 E/spcomlib( 562): [spcom_wait_for_event] event [1] [nvm_ready] EVENT_STATUS_TIMEOUT
12-01 03:58:16.307 E/spdaemon( 562): spcom_wait_for_nvm_ready() failed. ret [-110] [Connection timed out].
12-01 03:58:16.307 E/spdaemon( 562): Initial SP initialization failed. ret [-110].
12-01 03:58:16.307 D/spdaemon( 562): going to sleep for a day.
12-01 03:58:16.970 W/hpplay-java( 3306): [main]:IPManager:getActiveNets invalid networkInfo:null
12-01 03:58:16.970 I/hpplay-java( 3306): [main]:IPManager:getActiveNets eth0:false wifi:false mobile:false ap:false
12-01 03:58:16.970 I/hpplay-java( 3306): [main]:ServerTaskManager:get local ip:null
12-01 03:58:17.078 I/mpu_uart( 646): [MSG-P:RECV]:No message received in 1000 ms
12-01 03:58:17.973 W/hpplay-java( 3306): [main]:IPManager:getActiveNets invalid networkInfo:null
12-01 03:58:17.973 I/hpplay-java( 3306): [main]:IPManager:getActiveNets eth0:false wifi:false mobile:false ap:false
12-01 03:58:17.973 I/hpplay-java( 3306): [main]:ServerTaskManager:get local ip:null
12-01 03:58:17.981 I/WifiService( 1525): startScan uid=1000
12-01 03:58:17.990 D/LOWI-9.0.0.87.a( 1373): [LOWI-Scan] wait_event:Wait done with Cmd 33
12-01 03:58:17.990 D/LOWI-9.0.0.87.a( 1373): [LOWI-Scan] do_listen_events: Rcvd valid Netlink Cmd 0 Err 0
12-01 03:58:18.078 I/mpu_uart( 646): [MSG-P:RECV]:No message received in 1000 ms
12-01 03:58:18.412 I/am_uid_idle( 1525): 10042
12-01 03:58:18.975 W/hpplay-java( 3306): [main]:IPManager:getActiveNets invalid networkInfo:null
12-01 03:58:18.975 I/hpplay-java( 3306): [main]:IPManager:getActiveNets eth0:false wifi:false mobile:false ap:false
12-01 03:58:18.975 I/hpplay-java( 3306): [main]:ServerTaskManager:get local ip:null
12-01 03:58:19.079 I/mpu_uart( 646): [MSG-P:RECV]:No message received in 1000 ms
12-01 03:58:19.214 D/LOWI-9.0.0.87.a( 1373): [LOWI-Scan] wait_event:Wait done with Cmd 34
12-01 03:58:19.214 D/LOWI-9.0.0.87.a( 1373): [LOWI-Scan] do_listen_events: Rcvd valid Netlink Cmd 34 Err 0
12-01 03:58:19.215 D/WifiNl80211Manager( 1525): Scan result ready event
12-01 03:58:19.215 D/WifiNative( 1525): Scan result ready event
12-01 03:58:19.216 D/LOWI-9.0.0.87.a( 1373): [LOWI-Scan]
12-01 03:58:19.216 D/LOWI-9.0.0.87.a( 1373): [LOWI-Scan] print_bss_handler: Report Probe TSF 318157669 as it greater than Beacon TSF 273669091
12-01 03:58:19.216 D/LOWI-9.0.0.87.a( 1373): [LOWI-Scan] is_qcom_ie, bss_age: 0
12-01 03:58:19.216 D/LOWI-9.0.0.87.a( 1373): [LOWI-Scan] BSS 18:6f:2d:81:16:e1 LOWI_PHY_MODE_11NG_HT20(5), Beacon Interval: 100, LOWI_ENCRYPTION_TYPE_OPEN 11mcRanging: No, ANQP: No, LCI: No, Civic: No, capability(0x0521): ESS ShortPreamble SpectrumMgmt ShortSlotTime
12-01 03:58:19.216 D/LOWI-9.0.0.87.a( 1373): [LOWI-Scan] BSS 18:6f:2d:81:16:e1 FREQ: 2412, cFreq1[40:80:160] = [2412:0:0] cFreq2 = 0 Country Code = CN
12-01 03:58:19.216 D/LOWI-9.0.0.87.a( 1373): [LOWI-Scan] BSS 18:6f:2d:81:16:e1 (wlan0) ASSO: NO AddInfo: 0x0, TSF 0, 00:05:18.157, RSSI: -122, CPL: 127, AGE: 1136, SSID Guest, TSFDelta: 0xfa883c71, TXRate: 0
12-01 03:58:19.216 D/LOWI-9.0.0.87.a( 1373): [LOWI-Scan]
12-01 03:58:19.216 D/LOWI-9.0.0.87.a( 1373): [LOWI-Scan] print_bss_handler: Report Probe TSF 318159762 as it greater than Beacon TSF 273679303
12-01 03:58:19.216 D/LOWI-9.0.0.87.a( 1373): [LOWI-Scan] decode_rsn_wpa_ie: LOWI_ENCRYPTION_TYPE_WPA_PSK
12-01 03:58:19.216 D/LOWI-9.0.0.87.a( 1373): [LOWI-Scan] is_qcom_ie, bss_age: 0
12-01 03:58:19.216 D/LOWI-9.0.0.87.a( 1373): [LOWI-Scan] BSS 18:6f:2d:81:16:e2 LOWI_PHY_MODE_11NG_HT20(5), Beacon Interval: 100, LOWI_ENCRYPTION_TYPE_WPA_PSK 11mcRanging: No, ANQP: No, LCI: No, Civic: No, capability(0x0531): ESS Privacy ShortPreamble SpectrumMgmt ShortSlotTime
12-01 03:58:19.216 D/LOWI-9.0.0.87.a( 1373): [LOWI-Scan] BSS 18:6f:2d:81:16:e2 FREQ: 2412, cFreq1[40:80:160] = [2412:0:0] cFreq2 = 0 Country Code = CN
12-01 03:58:19.216 D/LOWI-9.0.0.87.a( 1373): [LOWI-Scan] BSS 18:6f:2d:81:16:e2 (wlan0) ASSO: NO AddInfo: 0x0, TSF 0, 00:05:18.159, RSSI: -126, CPL: 127, AGE: 1136, SSID ThunderSoft_2.4G, TSFDelta: 0xfa94ec27, TXRate: 0
12-01 03:58:19.216 D/LOWI-9.0.0.87.a( 1373): [LOWI-Scan]
12-01 03:58:19.216 D/LOWI-9.0.0.87.a( 1373): [LOWI-Scan] print_bss_handler: Report Probe TSF 318181612 as it greater than Beacon TSF 298193207
12-01 03:58:19.216 D/LOWI-9.0.0.87.a( 1373): [LOWI-Scan] decode_rsn_wpa_ie: LOWI_ENCRYPTION_TYPE_WPA_PSK
12-01 03:58:19.216 D/LOWI-9.0.0.87.a( 1373): [LOWI-Scan] is_qcom_ie, bss_age: 0
12-01 03:58:19.216 D/LOWI-9.0.0.87.a( 1373): [LOWI-Scan] BSS 18:6f:2d:81:16:e4 LOWI_PHY_MODE_11NG_HT20(5), Beacon Interval: 100, LOWI_ENCRYPTION_TYPE_WPA_PSK 11mcRanging: No, ANQP: No, LCI: No, Civic: No, capability(0x0531): ESS Privacy ShortPreamble SpectrumMgmt ShortSlotTime
12-01 03:58:19.216 D/LOWI-9.0.0.87.a( 1373): [LOWI-Scan] BSS 18:6f:2d:81:16:e4 FREQ: 2412, cFreq1[40:80:160] = [2412:0:0] cFreq2 = 0 Country Code = CN
12-01 03:58:19.216 D/LOWI-9.0.0.87.a( 1373): [LOWI-Scan] BSS 18:6f:2d:81:16:e4 (wlan0) ASSO: NO AddInfo: 0x0, TSF 0, 00:05:18.181, RSSI: -118, CPL: 127, AGE: 1112, SSID Fanya, TSFDelta: 0xfadb5427, TXRate: 0
12-01 03:58:19.216 D/LOWI-9.0.0.87.a( 1373): [LOWI-Scan]
12-01 03:58:19.216 D/LOWI-9.0.0.87.a( 1373): [LOWI-Scan] print_bss_handler: Report beacon TSF 318140721 as it greater than probe TSF 308139617
12-01 03:58:19.216 D/LOWI-9.0.0.87.a( 1373): [LOWI-Scan] decode_rsn_wpa_ie: LOWI_ENCRYPTION_TYPE_WPA_PSK
12-01 03:58:19.216 D/LOWI-9.0.0.87.a( 1373): [LOWI-Scan] is_qcom_ie, bss_age: 0
12-01 03:58:19.216 D/LOWI-9.0.0.87.a( 1373): [LOWI-Scan] BSS 58:41:20:1d:fe:89 LOWI_PHY_MODE_11AC_VHT80(10), Beacon Interval: 100, LOWI_ENCRYPTION_TYPE_WPA_PSK 11mcRanging: No, ANQP: No, LCI: No, Civic: No, capability(0x1011): ESS Privacy
12-01 03:58:19.216 D/LOWI-9.0.0.87.a( 1373): [LOWI-Scan] BSS 58:41:20:1d:fe:89 FREQ: 5180, cFreq1[40:80:160] = [5190:5210:0] cFreq2 = 0 Country Code = CN
12-01 03:58:19.216 D/LOWI-9.0.0.87.a( 1373): [LOWI-Scan] BSS 58:41:20:1d:fe:89 (wlan0) ASSO: NO AddInfo: 0x1, TSF 0, 00:05:18.140, RSSI: -144, CPL: 127, AGE: 1152, SSID TP-LINK_5G_FE87, TSFDelta: 0xeae47e2b, TXRate: 0
12-01 03:58:19.216 D/LOWI-9.0.0.87.a( 1373): [LOWI-Scan]
12-01 03:58:19.216 D/LOWI-9.0.0.87.a( 1373): [LOWI-Scan] print_bss_handler: Report beacon TSF 318204976 as it greater than probe TSF 318153642
12-01 03:58:19.216 D/LOWI-9.0.0.87.a( 1373): [LOWI-Scan] decode_rsn_wpa_ie: LOWI_ENCRYPTION_TYPE_WPA_PSK
12-01 03:58:19.216 D/LOWI-9.0.0.87.a( 1373): [LOWI-Scan] is_qcom_ie, bss_age: 0
12-01 03:58:19.216 D/LOWI-9.0.0.87.a( 1373): [LOWI-Scan] BSS 18:6f:2d:81:16:e0 LOWI_PHY_MODE_11NG_HT20(5), Beacon Interval: 100, LOWI_ENCRYPTION_TYPE_WPA_PSK 11mcRanging: No, ANQP: No, LCI: No, Civic: No, capability(0x0531): ESS Privacy ShortPreamble SpectrumMgmt ShortSlotTime
12-01 03:58:19.217 D/LOWI-9.0.0.87.a( 1373): [LOWI-Scan] BSS 18:6f:2d:81:16:e0 FREQ: 2412, cFreq1[40:80:160] = [2412:0:0] cFreq2 = 0 Country Code = CN
12-01 03:58:19.217 D/LOWI-9.0.0.87.a( 1373): [LOWI-Scan] BSS 18:6f:2d:81:16:e0 (wlan0) ASSO: NO AddInfo: 0x1, TSF 0, 00:05:18.204, RSSI: -126, CPL: 127, AGE: 1088, SSID Testing , TSFDelta: 0xfa6af457, TXRate: 0
12-01 03:58:19.217 D/LOWI-9.0.0.87.a( 1373): [LOWI-Scan]
12-01 03:58:19.217 D/LOWI-9.0.0.87.a( 1373): [LOWI-Scan] print_bss_handler: Report Probe TSF 318255175 as it greater than Beacon TSF 308247115
12-01 03:58:19.217 D/LOWI-9.0.0.87.a( 1373): [LOWI-Scan] decode_rsn_wpa_ie: LOWI_ENCRYPTION_TYPE_WPA_PSK
12-01 03:58:19.217 D/LOWI-9.0.0.87.a( 1373): [LOWI-Scan] is_qcom_ie, bss_age: 0
12-01 03:58:19.217 D/LOWI-9.0.0.87.a( 1373): [LOWI-Scan] BSS 5c:02:14:f9:4f:d3 LOWI_PHY_MODE_11AC_VHT80(10), Beacon Interval: 100, LOWI_ENCRYPTION_TYPE_WPA_PSK 11mcRanging: No, ANQP: Yes, LCI: No, Civic: No, capability(0x1931): ESS Privacy ShortPreamble SpectrumMgmt APSD
12-01 03:58:19.217 D/LOWI-9.0.0.87.a( 1373): [LOWI-Scan] BSS 5c:02:14:f9:4f:d3 FREQ: 5220, cFreq1[40:80:160] = [5230:5210:0] cFreq2 = 0 Country Code = CN
12-01 03:58:19.217 D/LOWI-9.0.0.87.a( 1373): [LOWI-Scan] BSS 5c:02:14:f9:4f:d3 (wlan0) ASSO: NO AddInfo: 0x0, TSF 0, 00:05:18.255, RSSI: -100, CPL: 127, AGE: 1040, SSID ThunderSoft_XTS_5G, TSFDelta: 0x376210e1, TXRate: 0
12-01 03:58:19.217 D/LOWI-9.0.0.87.a( 1373): [LOWI-Scan]
12-01 03:58:19.217 D/LOWI-9.0.0.87.a( 1373): [LOWI-Scan] print_bss_handler: Report Probe TSF 318350043 as it greater than Beacon TSF 298324954
12-01 03:58:19.217 D/LOWI-9.0.0.87.a( 1373): [LOWI-Scan] decode_rsn_wpa_ie: LOWI_ENCRYPTION_TYPE_WPA_PSK
12-01 03:58:19.217 D/LOWI-9.0.0.87.a( 1373): [LOWI-Scan] is_qcom_ie, bss_age: 0
12-01 03:58:19.217 D/LOWI-9.0.0.87.a( 1373): [LOWI-Scan] BSS 7c:b5:9b:12:ab:30 LOWI_PHY_MODE_11AC_VHT80(10), Beacon Interval: 100, LOWI_ENCRYPTION_TYPE_WPA_PSK 11mcRanging: No, ANQP: No, LCI: No, Civic: No, capability(0x1011): ESS Privacy
12-01 03:58:19.217 D/LOWI-9.0.0.87.a( 1373): [LOWI-Scan] BSS 7c:b5:9b:12:ab:30 FREQ: 5745, cFreq1[40:80:160] = [5755:5775:0] cFreq2 = 0 Country Code = CN
12-01 03:58:19.217 D/LOWI-9.0.0.87.a( 1373): [LOWI-Scan] BSS 7c:b5:9b:12:ab:30 (wlan0) ASSO: NO AddInfo: 0x0, TSF 0, 00:05:18.350, RSSI: -150, CPL: 127, AGE: 944, SSID TP-LINK_AB2E, TSFDelta: 0xa8ed7f7c, TXRate: 0
12-01 03:58:19.217 D/LOWI-9.0.0.87.a( 1373): [LOWI-Scan]
12-01 03:58:19.217 D/LOWI-9.0.0.87.a( 1373): [LOWI-Scan] print_bss_handler: Report Probe TSF 318351037 as it greater than Beacon TSF 298325331
12-01 03:58:19.217 D/LOWI-9.0.0.87.a( 1373): [LOWI-Scan] decode_rsn_wpa_ie: LOWI_ENCRYPTION_TYPE_WPA_PSK
12-01 03:58:19.217 D/LOWI-9.0.0.87.a( 1373): [LOWI-Scan] is_qcom_ie, bss_age: 0
12-01 03:58:19.217 D/LOWI-9.0.0.87.a( 1373): [LOWI-Scan] BSS 2c:4d:54:b8:af:f4 LOWI_PHY_MODE_11AC_VHT80(10), Beacon Interval: 100, LOWI_ENCRYPTION_TYPE_WPA_PSK 11mcRanging: No, ANQP: No, LCI: No, Civic: No, capability(0x0831): ESS Privacy ShortPreamble APSD
12-01 03:58:19.217 D/LOWI-9.0.0.87.a( 1373): [LOWI-Scan] BSS 2c:4d:54:b8:af:f4 FREQ: 5745, cFreq1[40:80:160] = [5755:5775:0] cFreq2 = 0 Country Code = CN
12-01 03:58:19.217 D/LOWI-9.0.0.87.a( 1373): [LOWI-Scan] BSS 2c:4d:54:b8:af:f4 (wlan0) ASSO: NO AddInfo: 0x0, TSF 0, 00:05:18.351, RSSI: -162, CPL: 127, AGE: 944, SSID CTS_5G, TSFDelta: 0xb5ed4bd3, TXRate: 0
12-01 03:58:19.218 D/LOWI-9.0.0.87.a( 1373): [LOWI-Scan]
12-01 03:58:19.218 D/LOWI-9.0.0.87.a( 1373): [LOWI-Scan] print_bss_handler: Report Probe TSF 318486091 as it greater than Beacon TSF 273944071
12-01 03:58:19.218 D/LOWI-9.0.0.87.a( 1373): [LOWI-Scan] decode_rsn_wpa_ie: LOWI_ENCRYPTION_TYPE_WPA_PSK
12-01 03:58:19.218 D/LOWI-9.0.0.87.a( 1373): [LOWI-Scan] is_qcom_ie, bss_age: 0
12-01 03:58:19.218 D/LOWI-9.0.0.87.a( 1373): [LOWI-Scan] BSS 18:6f:2d:0a:b8:40 LOWI_PHY_MODE_11NG_HT20(5), Beacon Interval: 100, LOWI_ENCRYPTION_TYPE_WPA_PSK 11mcRanging: No, ANQP: No, LCI: No, Civic: No, capability(0x0531): ESS Privacy ShortPreamble SpectrumMgmt ShortSlotTime
12-01 03:58:19.218 D/LOWI-9.0.0.87.a( 1373): [LOWI-Scan] BSS 18:6f:2d:0a:b8:40 FREQ: 2427, cFreq1[40:80:160] = [2427:0:0] cFreq2 = 0 Country Code = CN
12-01 03:58:19.218 D/LOWI-9.0.0.87.a( 1373): [LOWI-Scan] BSS 18:6f:2d:0a:b8:40 (wlan0) ASSO: NO AddInfo: 0x0, TSF 0, 00:05:18.486, RSSI: -116, CPL: 127, AGE: 808, SSID Testing , TSFDelta: 0xe766f25, TXRate: 0
12-01 03:58:19.218 D/LOWI-9.0.0.87.a( 1373): [LOWI-Scan]
12-01 03:58:19.218 D/LOWI-9.0.0.87.a( 1373): [LOWI-Scan] print_bss_handler: Report Probe TSF 318449938 as it greater than Beacon TSF 297004207
12-01 03:58:19.218 D/LOWI-9.0.0.87.a( 1373): [LOWI-Scan] is_qcom_ie, bss_age: 0
12-01 03:58:19.218 D/LOWI-9.0.0.87.a( 1373): [LOWI-Scan] BSS 18:6f:2d:0a:b8:41 LOWI_PHY_MODE_11NG_HT20(5), Beacon Interval: 100, LOWI_ENCRYPTION_TYPE_OPEN 11mcRanging: No, ANQP: No, LCI: No, Civic: No, capability(0x0521): ESS ShortPreamble SpectrumMgmt ShortSlotTime
12-01 03:58:19.218 D/LOWI-9.0.0.87.a( 1373): [LOWI-Scan] BSS 18:6f:2d:0a:b8:41 FREQ: 2427, cFreq1[40:80:160] = [2427:0:0] cFreq2 = 0 Country Code = CN
12-01 03:58:19.218 D/LOWI-9.0.0.87.a( 1373): [LOWI-Scan] BSS 18:6f:2d:0a:b8:41 (wlan0) ASSO: NO AddInfo: 0x0, TSF 0, 00:05:18.449, RSSI: -114, CPL: 127, AGE: 844, SSID Guest, TSFDelta: 0xdaf9bfb, TXRate: 0
12-01 03:58:19.218 D/LOWI-9.0.0.87.a( 1373): [LOWI-Scan]
12-01 03:58:19.218 D/LOWI-9.0.0.87.a( 1373): [LOWI-Scan] print_bss_handler: Report Probe TSF 318450773 as it greater than Beacon TSF 298438051
12-01 03:58:19.218 D/LOWI-9.0.0.87.a( 1373): [LOWI-Scan] decode_rsn_wpa_ie: LOWI_ENCRYPTION_TYPE_WPA_PSK
12-01 03:58:19.218 D/LOWI-9.0.0.87.a( 1373): [LOWI-Scan] is_qcom_ie, bss_age: 0
12-01 03:58:19.218 D/LOWI-9.0.0.87.a( 1373): [LOWI-Scan] BSS 18:6f:2d:0a:b8:42 LOWI_PHY_MODE_11NG_HT20(5), Beacon Interval: 100, LOWI_ENCRYPTION_TYPE_WPA_PSK 11mcRanging: No, ANQP: No, LCI: No, Civic: No, capability(0x0531): ESS Privacy ShortPreamble SpectrumMgmt ShortSlotTime
12-01 03:58:19.218 D/LOWI-9.0.0.87.a( 1373): [LOWI-Scan] BSS 18:6f:2d:0a:b8:42 FREQ: 2427, cFreq1[40:80:160] = [2427:0:0] cFreq2 = 0 Country Code = CN
12-01 03:58:19.219 D/LOWI-9.0.0.87.a( 1373): [LOWI-Scan] BSS 18:6f:2d:0a:b8:42 (wlan0) ASSO: NO AddInfo: 0x0, TSF 0, 00:05:18.450, RSSI: -116, CPL: 127, AGE: 844, SSID ThunderSoft_2.4G, TSFDelta: 0xdb4a520, TXRate: 0
12-01 03:58:19.219 D/LOWI-9.0.0.87.a( 1373): [LOWI-Scan]
12-01 03:58:19.219 D/LOWI-9.0.0.87.a( 1373): [LOWI-Scan] print_bss_handler: Report Probe TSF 318451403 as it greater than Beacon TSF 298438728
12-01 03:58:19.219 D/LOWI-9.0.0.87.a( 1373): [LOWI-Scan] decode_rsn_wpa_ie: LOWI_ENCRYPTION_TYPE_WPA_PSK
12-01 03:58:19.219 D/LOWI-9.0.0.87.a( 1373): [LOWI-Scan] is_qcom_ie, bss_age: 0
12-01 03:58:19.219 D/LOWI-9.0.0.87.a( 1373): [LOWI-Scan] BSS 18:6f:2d:0a:b8:43 LOWI_PHY_MODE_11NG_HT20(5), Beacon Interval: 100, LOWI_ENCRYPTION_TYPE_WPA_PSK 11mcRanging: No, ANQP: No, LCI: No, Civic: No, capability(0x0531): ESS Privacy ShortPreamble SpectrumMgmt ShortSlotTime
12-01 03:58:19.219 D/LOWI-9.0.0.87.a( 1373): [LOWI-Scan] BSS 18:6f:2d:0a:b8:43 FREQ: 2427, cFreq1[40:80:160] = [2427:0:0] cFreq2 = 0 Country Code = CN
12-01 03:58:19.219 D/LOWI-9.0.0.87.a( 1373): [LOWI-Scan] BSS 18:6f:2d:0a:b8:43 (wlan0) ASSO: NO AddInfo: 0x0, TSF 0, 00:05:18.451, RSSI: -112, CPL: 127, AGE: 844, SSID ZXHY, TSFDelta: 0xdb9c2d9, TXRate: 0
12-01 03:58:19.219 D/LOWI-9.0.0.87.a( 1373): [LOWI-Scan]
12-01 03:58:19.219 D/LOWI-9.0.0.87.a( 1373): [LOWI-Scan] print_bss_handler: Report Probe TSF 318452156 as it greater than Beacon TSF 298439545
12-01 03:58:19.219 D/LOWI-9.0.0.87.a( 1373): [LOWI-Scan] decode_rsn_wpa_ie: LOWI_ENCRYPTION_TYPE_WPA_PSK
12-01 03:58:19.219 D/LOWI-9.0.0.87.a( 1373): [LOWI-Scan] is_qcom_ie, bss_age: 0
12-01 03:58:19.219 D/LOWI-9.0.0.87.a( 1373): [LOWI-Scan] BSS 18:6f:2d:0a:b8:44 LOWI_PHY_MODE_11NG_HT20(5), Beacon Interval: 100, LOWI_ENCRYPTION_TYPE_WPA_PSK 11mcRanging: No, ANQP: No, LCI: No, Civic: No, capability(0x0531): ESS Privacy ShortPreamble SpectrumMgmt ShortSlotTime
12-01 03:58:19.219 D/LOWI-9.0.0.87.a( 1373): [LOWI-Scan] BSS 18:6f:2d:0a:b8:44 FREQ: 2427, cFreq1[40:80:160] = [2427:0:0] cFreq2 = 0 Country Code = CN
12-01 03:58:19.219 D/LOWI-9.0.0.87.a( 1373): [LOWI-Scan] BSS 18:6f:2d:0a:b8:44 (wlan0) ASSO: NO AddInfo: 0x0, TSF 0, 00:05:18.452, RSSI: -116, CPL: 127, AGE: 840, SSID Fanya, TSFDelta: 0xdbf072f, TXRate: 0
12-01 03:58:19.219 D/LOWI-9.0.0.87.a( 1373): [LOWI-Scan]
12-01 03:58:19.219 D/LOWI-9.0.0.87.a( 1373): [LOWI-Scan] print_bss_handler: Report Probe TSF 318580436 as it greater than Beacon TSF 274044103
12-01 03:58:19.219 D/LOWI-9.0.0.87.a( 1373): [LOWI-Scan] is_qcom_ie, bss_age: 0
12-01 03:58:19.219 D/LOWI-9.0.0.87.a( 1373): [LOWI-Scan] BSS 18:6f:2d:81:18:41 LOWI_PHY_MODE_11NG_HT20(5), Beacon Interval: 100, LOWI_ENCRYPTION_TYPE_OPEN 11mcRanging: No, ANQP: No, LCI: No, Civic: No, capability(0x0521): ESS ShortPreamble SpectrumMgmt ShortSlotTime
12-01 03:58:19.219 D/LOWI-9.0.0.87.a( 1373): [LOWI-Scan] BSS 18:6f:2d:81:18:41 FREQ: 2432, cFreq1[40:80:160] = [2432:0:0] cFreq2 = 0 Country Code = CN
12-01 03:58:19.219 D/LOWI-9.0.0.87.a( 1373): [LOWI-Scan] BSS 18:6f:2d:81:18:41 (wlan0) ASSO: NO AddInfo: 0x0, TSF 0, 00:05:18.580, RSSI: -128, CPL: 127, AGE: 712, SSID Guest, TSFDelta: 0xb00ff2e, TXRate: 0
12-01 03:58:19.219 D/LOWI-9.0.0.87.a( 1373): [LOWI-Scan]
12-01 03:58:19.219 D/LOWI-9.0.0.87.a( 1373): [LOWI-Scan] print_bss_handler: Report beacon TSF 318608661 as it greater than probe TSF 308621624
12-01 03:58:19.220 D/LOWI-9.0.0.87.a( 1373): [LOWI-Scan] decode_rsn_wpa_ie: LOWI_ENCRYPTION_TYPE_WPA_PSK
12-01 03:58:19.220 D/LOWI-9.0.0.87.a( 1373): [LOWI-Scan] is_qcom_ie, bss_age: 0
12-01 03:58:19.220 D/LOWI-9.0.0.87.a( 1373): [LOWI-Scan] BSS 18:6f:2d:81:25:40 LOWI_PHY_MODE_11NG_HT20(5), Beacon Interval: 100, LOWI_ENCRYPTION_TYPE_WPA_PSK 11mcRanging: No, ANQP: No, LCI: No, Civic: No, capability(0x0531): ESS Privacy ShortPreamble SpectrumMgmt ShortSlotTime
12-01 03:58:19.220 D/LOWI-9.0.0.87.a( 1373): [LOWI-Scan] BSS 18:6f:2d:81:25:40 FREQ: 2437, cFreq1[40:80:160] = [2437:0:0] cFreq2 = 0 Country Code = CN
12-01 03:58:19.220 D/LOWI-9.0.0.87.a( 1373): [LOWI-Scan] BSS 18:6f:2d:81:25:40 (wlan0) ASSO: NO AddInfo: 0x1, TSF 0, 00:05:18.608, RSSI: -82, CPL: 127, AGE: 684, SSID Testing , TSFDelta: 0xc0d6efaf, TXRate: 0
12-01 03:58:19.220 D/LOWI-9.0.0.87.a( 1373): [LOWI-Scan]
12-01 03:58:19.220 D/LOWI-9.0.0.87.a( 1373): [LOWI-Scan] print_bss_handler: Report beacon TSF 318617945 as it greater than probe TSF 308623350
12-01 03:58:19.220 D/LOWI-9.0.0.87.a( 1373): [LOWI-Scan] is_qcom_ie, bss_age: 0
12-01 03:58:19.220 D/LOWI-9.0.0.87.a( 1373): [LOWI-Scan] BSS 18:6f:2d:81:25:41 LOWI_PHY_MODE_11NG_HT20(5), Beacon Interval: 100, LOWI_ENCRYPTION_TYPE_OPEN 11mcRanging: No, ANQP: No, LCI: No, Civic: No, capability(0x0521): ESS ShortPreamble SpectrumMgmt ShortSlotTime
12-01 03:58:19.220 D/LOWI-9.0.0.87.a( 1373): [LOWI-Scan] BSS 18:6f:2d:81:25:41 FREQ: 2437, cFreq1[40:80:160] = [2437:0:0] cFreq2 = 0 Country Code = CN
12-01 03:58:19.220 D/LOWI-9.0.0.87.a( 1373): [LOWI-Scan] BSS 18:6f:2d:81:25:41 (wlan0) ASSO: NO AddInfo: 0x1, TSF 0, 00:05:18.617, RSSI: -82, CPL: 127, AGE: 676, SSID Guest, TSFDelta: 0xc0e4fdd7, TXRate: 0
12-01 03:58:19.220 D/LOWI-9.0.0.87.a( 1373): [LOWI-Scan]
12-01 03:58:19.220 D/LOWI-9.0.0.87.a( 1373): [LOWI-Scan] print_bss_handler: Report beacon TSF 318634835 as it greater than probe TSF 308625294
12-01 03:58:19.220 D/LOWI-9.0.0.87.a( 1373): [LOWI-Scan] decode_rsn_wpa_ie: LOWI_ENCRYPTION_TYPE_WPA_PSK
12-01 03:58:19.220 D/LOWI-9.0.0.87.a( 1373): [LOWI-Scan] is_qcom_ie, bss_age: 0
12-01 03:58:19.220 D/LOWI-9.0.0.87.a( 1373): [LOWI-Scan] BSS 18:6f:2d:81:25:42 LOWI_PHY_MODE_11NG_HT20(5), Beacon Interval: 100, LOWI_ENCRYPTION_TYPE_WPA_PSK 11mcRanging: No, ANQP: No, LCI: No, Civic: No, capability(0x0531): ESS Privacy ShortPreamble SpectrumMgmt ShortSlotTime
12-01 03:58:19.220 D/LOWI-9.0.0.87.a( 1373): [LOWI-Scan] BSS 18:6f:2d:81:25:42 FREQ: 2437, cFreq1[40:80:160] = [2437:0:0] cFreq2 = 0 Country Code = CN
12-01 03:58:19.220 D/LOWI-9.0.0.87.a( 1373): [LOWI-Scan] BSS 18:6f:2d:81:25:42 (wlan0) ASSO: NO AddInfo: 0x1, TSF 0, 00:05:18.634, RSSI: -92, CPL: 127, AGE: 660, SSID ThunderSoft_2.4G, TSFDelta: 0xc0f19d0f, TXRate: 0
12-01 03:58:19.220 D/LOWI-9.0.0.87.a( 1373): [LOWI-Scan]
12-01 03:58:19.220 D/LOWI-9.0.0.87.a( 1373): [LOWI-Scan] print_bss_handler: Report beacon TSF 318637780 as it greater than probe TSF 308627186
12-01 03:58:19.220 D/LOWI-9.0.0.87.a( 1373): [LOWI-Scan] decode_rsn_wpa_ie: LOWI_ENCRYPTION_TYPE_WPA_PSK
12-01 03:58:19.220 D/LOWI-9.0.0.87.a( 1373): [LOWI-Scan] is_qcom_ie, bss_age: 0
12-01 03:58:19.220 D/LOWI-9.0.0.87.a( 1373): [LOWI-Scan] BSS 18:6f:2d:81:25:43 LOWI_PHY_MODE_11NG_HT20(5), Beacon Interval: 100, LOWI_ENCRYPTION_TYPE_WPA_PSK 11mcRanging: No, ANQP: No, LCI: No, Civic: No, capability(0x0531): ESS Privacy ShortPreamble SpectrumMgmt ShortSlotTime
12-01 03:58:19.220 D/LOWI-9.0.0.87.a( 1373): [LOWI-Scan] BSS 18:6f:2d:81:25:43 FREQ: 2437, cFreq1[40:80:160] = [2437:0:0] cFreq2 = 0 Country Code = CN
12-01 03:58:19.220 D/LOWI-9.0.0.87.a( 1373): [LOWI-Scan] BSS 18:6f:2d:81:25:43 (wlan0) ASSO: NO AddInfo: 0x1, TSF 0, 00:05:18.637, RSSI: -90, CPL: 127, AGE: 656, SSID ZXHY, TSFDelta: 0xc0fffc50, TXRate: 0
12-01 03:58:19.221 D/LOWI-9.0.0.87.a( 1373): [LOWI-Scan]
12-01 03:58:19.221 D/LOWI-9.0.0.87.a( 1373): [LOWI-Scan] print_bss_handler: Report beacon TSF 318657139 as it greater than probe TSF 308629459
12-01 03:58:19.221 D/LOWI-9.0.0.87.a( 1373): [LOWI-Scan] decode_rsn_wpa_ie: LOWI_ENCRYPTION_TYPE_WPA_PSK
12-01 03:58:19.221 D/LOWI-9.0.0.87.a( 1373): [LOWI-Scan] is_qcom_ie, bss_age: 0
12-01 03:58:19.221 D/LOWI-9.0.0.87.a( 1373): [LOWI-Scan] BSS 18:6f:2d:81:25:44 LOWI_PHY_MODE_11NG_HT20(5), Beacon Interval: 100, LOWI_ENCRYPTION_TYPE_WPA_PSK 11mcRanging: No, ANQP: No, LCI: No, Civic: No, capability(0x0531): ESS Privacy ShortPreamble SpectrumMgmt ShortSlotTime
12-01 03:58:19.221 D/LOWI-9.0.0.87.a( 1373): [LOWI-Scan] BSS 18:6f:2d:81:25:44 FREQ: 2437, cFreq1[40:80:160] = [2437:0:0] cFreq2 = 0 Country Code = CN
12-01 03:58:19.221 D/LOWI-9.0.0.87.a( 1373): [LOWI-Scan] BSS 18:6f:2d:81:25:44 (wlan0) ASSO: NO AddInfo: 0x1, TSF 0, 00:05:18.657, RSSI: -92, CPL: 127, AGE: 636, SSID Fanya, TSFDelta: 0xc10f580b, TXRate: 0
12-01 03:58:19.221 D/LOWI-9.0.0.87.a( 1373): [LOWI-Scan]
12-01 03:58:19.221 D/LOWI-9.0.0.87.a( 1373): [LOWI-Scan] print_bss_handler: Report Probe TSF 308658882 as it greater than Beacon TSF 308631192
12-01 03:58:19.221 D/LOWI-9.0.0.87.a( 1373): [LOWI-Scan] is_qcom_ie, bss_age: 0
12-01 03:58:19.221 D/LOWI-9.0.0.87.a( 1373): [LOWI-Scan] adjust_age:AP AGE upper limit reached. Dont store
12-01 03:58:19.221 D/LOWI-9.0.0.87.a( 1373): [LOWI-Scan] BSS 18:6f:2d:81:18:51 LOWI_PHY_MODE_11AC_VHT20(8), Beacon Interval: 100, LOWI_ENCRYPTION_TYPE_OPEN 11mcRanging: No, ANQP: No, LCI: No, Civic: No, capability(0x0101): ESS SpectrumMgmt
12-01 03:58:19.221 D/LOWI-9.0.0.87.a( 1373): [LOWI-Scan] BSS 18:6f:2d:81:18:51 FREQ: 5260, cFreq1[40:80:160] = [5260:0:0] cFreq2 = 0 Country Code = CN
12-01 03:58:19.221 D/LOWI-9.0.0.87.a( 1373): [LOWI-Scan] BSS 18:6f:2d:81:18:51 (wlan0) ASSO: NO AddInfo: 0x0, TSF 0, 00:05:08.658, RSSI: -162, CPL: 127, AGE: 10636, SSID Guest, TSFDelta: 0xd823c2a1, TXRate: 0
12-01 03:58:19.221 D/LOWI-9.0.0.87.a( 1373): [LOWI-Scan]
12-01 03:58:19.221 D/LOWI-9.0.0.87.a( 1373): [LOWI-Scan] print_bss_handler: Report beacon TSF 318671047 as it greater than probe TSF 308640819
12-01 03:58:19.221 D/LOWI-9.0.0.87.a( 1373): [LOWI-Scan] decode_rsn_wpa_ie: LOWI_ENCRYPTION_TYPE_WPA_PSK
12-01 03:58:19.221 D/LOWI-9.0.0.87.a( 1373): [LOWI-Scan] is_qcom_ie, bss_age: 0
12-01 03:58:19.221 D/LOWI-9.0.0.87.a( 1373): [LOWI-Scan] BSS 18:6f:2d:81:18:52 LOWI_PHY_MODE_11AC_VHT20(8), Beacon Interval: 100, LOWI_ENCRYPTION_TYPE_WPA_PSK 11mcRanging: No, ANQP: No, LCI: No, Civic: No, capability(0x0111): ESS Privacy SpectrumMgmt
12-01 03:58:19.221 D/LOWI-9.0.0.87.a( 1373): [LOWI-Scan] BSS 18:6f:2d:81:18:52 FREQ: 5260, cFreq1[40:80:160] = [5260:0:0] cFreq2 = 0 Country Code = CN
12-01 03:58:19.221 D/LOWI-9.0.0.87.a( 1373): [LOWI-Scan] BSS 18:6f:2d:81:18:52 (wlan0) ASSO: NO AddInfo: 0x1, TSF 0, 00:05:18.671, RSSI: -156, CPL: 127, AGE: 624, SSID ZXHY, TSFDelta: 0xd7873a23, TXRate: 0
12-01 03:58:19.221 D/LOWI-9.0.0.87.a( 1373): [LOWI-Scan]
12-01 03:58:19.221 D/LOWI-9.0.0.87.a( 1373): [LOWI-Scan] print_bss_handler: Report beacon TSF 318671305 as it greater than probe TSF 308658059
12-01 03:58:19.221 D/LOWI-9.0.0.87.a( 1373): [LOWI-Scan] is_qcom_ie, bss_age: 0
12-01 03:58:19.221 D/LOWI-9.0.0.87.a( 1373): [LOWI-Scan] BSS 18:6f:2d:0a:b8:51 LOWI_PHY_MODE_11AC_VHT20(8), Beacon Interval: 100, LOWI_ENCRYPTION_TYPE_OPEN 11mcRanging: No, ANQP: No, LCI: No, Civic: No, capability(0x0101): ESS SpectrumMgmt
12-01 03:58:19.221 D/LOWI-9.0.0.87.a( 1373): [LOWI-Scan] BSS 18:6f:2d:0a:b8:51 FREQ: 5260, cFreq1[40:80:160] = [5260:0:0] cFreq2 = 0 Country Code = CN
12-01 03:58:19.221 D/LOWI-9.0.0.87.a( 1373): [LOWI-Scan] BSS 18:6f:2d:0a:b8:51 (wlan0) ASSO: NO AddInfo: 0x1, TSF 0, 00:05:18.671, RSSI: -144, CPL: 127, AGE: 624, SSID Guest, TSFDelta: 0xd7a89acb, TXRate: 0
12-01 03:58:19.222 D/LOWI-9.0.0.87.a( 1373): [LOWI-Scan]
12-01 03:58:19.222 D/LOWI-9.0.0.87.a( 1373): [LOWI-Scan] print_bss_handler: Report beacon TSF 318671364 as it greater than probe TSF 308658121
12-01 03:58:19.222 D/LOWI-9.0.0.87.a( 1373): [LOWI-Scan] decode_rsn_wpa_ie: LOWI_ENCRYPTION_TYPE_WPA_PSK
12-01 03:58:19.222 D/LOWI-9.0.0.87.a( 1373): [LOWI-Scan] is_qcom_ie, bss_age: 0
12-01 03:58:19.222 D/LOWI-9.0.0.87.a( 1373): [LOWI-Scan] BSS 18:6f:2d:0a:b8:52 LOWI_PHY_MODE_11AC_VHT20(8), Beacon Interval: 100, LOWI_ENCRYPTION_TYPE_WPA_PSK 11mcRanging: No, ANQP: No, LCI: No, Civic: No, capability(0x0111): ESS Privacy SpectrumMgmt
12-01 03:58:19.222 D/LOWI-9.0.0.87.a( 1373): [LOWI-Scan] BSS 18:6f:2d:0a:b8:52 FREQ: 5260, cFreq1[40:80:160] = [5260:0:0] cFreq2 = 0 Country Code = CN
12-01 03:58:19.222 D/LOWI-9.0.0.87.a( 1373): [LOWI-Scan] BSS 18:6f:2d:0a:b8:52 (wlan0) ASSO: NO AddInfo: 0x1, TSF 0, 00:05:18.671, RSSI: -148, CPL: 127, AGE: 624, SSID ZXHY, TSFDelta: 0xd7aade3e, TXRate: 0
12-01 03:58:19.222 D/LOWI-9.0.0.87.a( 1373): [LOWI-Scan]
12-01 03:58:19.222 D/LOWI-9.0.0.87.a( 1373): [LOWI-Scan] print_bss_handler: Report Probe TSF 308659889 as it greater than Beacon TSF 308633514
12-01 03:58:19.222 D/LOWI-9.0.0.87.a( 1373): [LOWI-Scan] decode_rsn_wpa_ie: LOWI_ENCRYPTION_TYPE_WPA_PSK
12-01 03:58:19.222 D/LOWI-9.0.0.87.a( 1373): [LOWI-Scan] is_qcom_ie, bss_age: 0
12-01 03:58:19.222 D/LOWI-9.0.0.87.a( 1373): [LOWI-Scan] adjust_age:AP AGE upper limit reached. Dont store
12-01 03:58:19.222 D/LOWI-9.0.0.87.a( 1373): [LOWI-Scan] BSS 18:6f:2d:0a:b8:53 LOWI_PHY_MODE_11AC_VHT20(8), Beacon Interval: 100, LOWI_ENCRYPTION_TYPE_WPA_PSK 11mcRanging: No, ANQP: No, LCI: No, Civic: No, capability(0x0111): ESS Privacy SpectrumMgmt
12-01 03:58:19.222 D/LOWI-9.0.0.87.a( 1373): [LOWI-Scan] BSS 18:6f:2d:0a:b8:53 FREQ: 5260, cFreq1[40:80:160] = [5260:0:0] cFreq2 = 0 Country Code = CN
12-01 03:58:19.222 D/LOWI-9.0.0.87.a( 1373): [LOWI-Scan] BSS 18:6f:2d:0a:b8:53 (wlan0) ASSO: NO AddInfo: 0x0, TSF 0, 00:05:08.659, RSSI: -146, CPL: 127, AGE: 10636, SSID Fanya, TSFDelta: 0xd7b81069, TXRate: 0
12-01 03:58:19.223 D/LOWI-9.0.0.87.a( 1373): [LOWI-Scan]
12-01 03:58:19.223 D/LOWI-9.0.0.87.a( 1373): [LOWI-Scan] print_bss_handler: Report Probe TSF 308660456 as it greater than Beacon TSF 308635297
12-01 03:58:19.223 D/LOWI-9.0.0.87.a( 1373): [LOWI-Scan] decode_rsn_wpa_ie: LOWI_ENCRYPTION_TYPE_WPA_PSK
12-01 03:58:19.223 D/LOWI-9.0.0.87.a( 1373): [LOWI-Scan] is_qcom_ie, bss_age: 0
12-01 03:58:19.223 D/LOWI-9.0.0.87.a( 1373): [LOWI-Scan] adjust_age:AP AGE upper limit reached. Dont store
12-01 03:58:19.223 D/LOWI-9.0.0.87.a( 1373): [LOWI-Scan] BSS 18:6f:2d:0a:b8:54 LOWI_PHY_MODE_11AC_VHT20(8), Beacon Interval: 100, LOWI_ENCRYPTION_TYPE_WPA_PSK 11mcRanging: No, ANQP: No, LCI: No, Civic: No, capability(0x0111): ESS Privacy SpectrumMgmt
12-01 03:58:19.223 D/LOWI-9.0.0.87.a( 1373): [LOWI-Scan] BSS 18:6f:2d:0a:b8:54 FREQ: 5260, cFreq1[40:80:160] = [5260:0:0] cFreq2 = 0 Country Code = CN
12-01 03:58:19.223 D/LOWI-9.0.0.87.a( 1373): [LOWI-Scan] BSS 18:6f:2d:0a:b8:54 (wlan0) ASSO: NO AddInfo: 0x0, TSF 0, 00:05:08.660, RSSI: -146, CPL: 127, AGE: 10632, SSID ThunderSoft, TSFDelta: 0xd7bac1b7, TXRate: 0
12-01 03:58:19.223 D/LOWI-9.0.0.87.a( 1373): [LOWI-Scan]
12-01 03:58:19.223 D/LOWI-9.0.0.87.a( 1373): [LOWI-Scan] print_bss_handler: Report Probe TSF 308662275 as it greater than Beacon TSF 308636416
12-01 03:58:19.223 D/LOWI-9.0.0.87.a( 1373): [LOWI-Scan] decode_rsn_wpa_ie: LOWI_ENCRYPTION_TYPE_WPA_PSK
12-01 03:58:19.223 D/LOWI-9.0.0.87.a( 1373): [LOWI-Scan] is_qcom_ie, bss_age: 0
12-01 03:58:19.223 D/LOWI-9.0.0.87.a( 1373): [LOWI-Scan] adjust_age:AP AGE upper limit reached. Dont store
12-01 03:58:19.223 D/LOWI-9.0.0.87.a( 1373): [LOWI-Scan] BSS 18:6f:2d:0a:b8:55 LOWI_PHY_MODE_11AC_VHT20(8), Beacon Interval: 100, LOWI_ENCRYPTION_TYPE_WPA_PSK 11mcRanging: No, ANQP: No, LCI: No, Civic: No, capability(0x0111): ESS Privacy SpectrumMgmt
12-01 03:58:19.223 D/LOWI-9.0.0.87.a( 1373): [LOWI-Scan] BSS 18:6f:2d:0a:b8:55 FREQ: 5260, cFreq1[40:80:160] = [5260:0:0] cFreq2 = 0 Country Code = CN
12-01 03:58:19.223 D/LOWI-9.0.0.87.a( 1373): [LOWI-Scan] BSS 18:6f:2d:0a:b8:55 (wlan0) ASSO: NO AddInfo: 0x0, TSF 0, 00:05:08.662, RSSI: -144, CPL: 127, AGE: 10632, SSID GM, TSFDelta: 0xd7c11cd3, TXRate: 0
12-01 03:58:19.223 D/LOWI-9.0.0.87.a( 1373): [LOWI-Scan]
12-01 03:58:19.223 D/LOWI-9.0.0.87.a( 1373): [LOWI-Scan] print_bss_handler: Report beacon TSF 318671115 as it greater than probe TSF 298635059
12-01 03:58:19.223 D/LOWI-9.0.0.87.a( 1373): [LOWI-Scan] decode_rsn_wpa_ie: LOWI_ENCRYPTION_TYPE_WPA_PSK
12-01 03:58:19.223 D/LOWI-9.0.0.87.a( 1373): [LOWI-Scan] is_qcom_ie, bss_age: 0
12-01 03:58:19.223 D/LOWI-9.0.0.87.a( 1373): [LOWI-Scan] BSS 18:6f:2d:81:18:53 LOWI_PHY_MODE_11AC_VHT20(8), Beacon Interval: 100, LOWI_ENCRYPTION_TYPE_WPA_PSK 11mcRanging: No, ANQP: No, LCI: No, Civic: No, capability(0x0111): ESS Privacy SpectrumMgmt
12-01 03:58:19.223 D/LOWI-9.0.0.87.a( 1373): [LOWI-Scan] BSS 18:6f:2d:81:18:53 FREQ: 5260, cFreq1[40:80:160] = [5260:0:0] cFreq2 = 0 Country Code = CN
12-01 03:58:19.223 D/LOWI-9.0.0.87.a( 1373): [LOWI-Scan] BSS 18:6f:2d:81:18:53 (wlan0) ASSO: NO AddInfo: 0x1, TSF 0, 00:05:18.671, RSSI: -156, CPL: 127, AGE: 624, SSID Fanya, TSFDelta: 0xd86a1129, TXRate: 0
12-01 03:58:19.223 D/LOWI-9.0.0.87.a( 1373): [LOWI-Scan]
12-01 03:58:19.223 D/LOWI-9.0.0.87.a( 1373): [LOWI-Scan] print_bss_handler: Report Probe TSF 318770103 as it greater than Beacon TSF 318714422
12-01 03:58:19.223 D/LOWI-9.0.0.87.a( 1373): [LOWI-Scan] decode_rsn_wpa_ie: LOWI_ENCRYPTION_TYPE_WPA_PSK
12-01 03:58:19.223 D/LOWI-9.0.0.87.a( 1373): [LOWI-Scan] is_qcom_ie, bss_age: 0
12-01 03:58:19.224 D/LOWI-9.0.0.87.a( 1373): [LOWI-Scan] BSS 18:6f:2d:80:dd:75 LOWI_PHY_MODE_11AC_VHT20(8), Beacon Interval: 100, LOWI_ENCRYPTION_TYPE_WPA_PSK 11mcRanging: No, ANQP: No, LCI: No, Civic: No, capability(0x0111): ESS Privacy SpectrumMgmt
12-01 03:58:19.224 D/LOWI-9.0.0.87.a( 1373): [LOWI-Scan] BSS 18:6f:2d:80:dd:75 FREQ: 5280, cFreq1[40:80:160] = [5280:0:0] cFreq2 = 0 Country Code = CN
12-01 03:58:19.224 D/LOWI-9.0.0.87.a( 1373): [LOWI-Scan] BSS 18:6f:2d:80:dd:75 (wlan0) ASSO: NO AddInfo: 0x0, TSF 0, 00:05:18.770, RSSI: -134, CPL: 127, AGE: 524, SSID GM, TSFDelta: 0xd78ad756, TXRate: 0
12-01 03:58:19.224 D/LOWI-9.0.0.87.a( 1373): [LOWI-Scan]
12-01 03:58:19.224 D/LOWI-9.0.0.87.a( 1373): [LOWI-Scan] print_bss_handler: Report beacon TSF 318795394 as it greater than probe TSF 318759681
12-01 03:58:19.224 D/LOWI-9.0.0.87.a( 1373): [LOWI-Scan] decode_rsn_wpa_ie: LOWI_ENCRYPTION_TYPE_WPA_PSK
12-01 03:58:19.224 D/LOWI-9.0.0.87.a( 1373): [LOWI-Scan] is_qcom_ie, bss_age: 0
12-01 03:58:19.224 D/LOWI-9.0.0.87.a( 1373): [LOWI-Scan] BSS 18:6f:2d:81:16:f0 LOWI_PHY_MODE_11AC_VHT20(8), Beacon Interval: 100, LOWI_ENCRYPTION_TYPE_WPA_PSK 11mcRanging: No, ANQP: No, LCI: No, Civic: No, capability(0x0111): ESS Privacy SpectrumMgmt
12-01 03:58:19.224 D/LOWI-9.0.0.87.a( 1373): [LOWI-Scan] BSS 18:6f:2d:81:16:f0 FREQ: 5280, cFreq1[40:80:160] = [5280:0:0] cFreq2 = 0 Country Code = CN
12-01 03:58:19.224 D/LOWI-9.0.0.87.a( 1373): [LOWI-Scan] BSS 18:6f:2d:81:16:f0 (wlan0) ASSO: NO AddInfo: 0x1, TSF 0, 00:05:18.795, RSSI: -132, CPL: 127, AGE: 500, SSID Testing , TSFDelta: 0xd7c01f06, TXRate: 0
12-01 03:58:19.224 D/LOWI-9.0.0.87.a( 1373): [LOWI-Scan]
12-01 03:58:19.224 D/LOWI-9.0.0.87.a( 1373): [LOWI-Scan] print_bss_handler: Report Probe TSF 318762820 as it greater than Beacon TSF 318714102
12-01 03:58:19.224 D/LOWI-9.0.0.87.a( 1373): [LOWI-Scan] decode_rsn_wpa_ie: LOWI_ENCRYPTION_TYPE_WPA_PSK
12-01 03:58:19.224 D/LOWI-9.0.0.87.a( 1373): [LOWI-Scan] is_qcom_ie, bss_age: 0
12-01 03:58:19.224 D/LOWI-9.0.0.87.a( 1373): [LOWI-Scan] BSS 18:6f:2d:80:dd:70 LOWI_PHY_MODE_11AC_VHT20(8), Beacon Interval: 100, LOWI_ENCRYPTION_TYPE_WPA_PSK 11mcRanging: No, ANQP: No, LCI: No, Civic: No, capability(0x0111): ESS Privacy SpectrumMgmt
12-01 03:58:19.224 D/LOWI-9.0.0.87.a( 1373): [LOWI-Scan] BSS 18:6f:2d:80:dd:70 FREQ: 5280, cFreq1[40:80:160] = [5280:0:0] cFreq2 = 0 Country Code = CN
12-01 03:58:19.224 D/LOWI-9.0.0.87.a( 1373): [LOWI-Scan] BSS 18:6f:2d:80:dd:70 (wlan0) ASSO: NO AddInfo: 0x0, TSF 0, 00:05:18.762, RSSI: -134, CPL: 127, AGE: 532, SSID Testing , TSFDelta: 0xd7708d7a, TXRate: 0
12-01 03:58:19.224 D/LOWI-9.0.0.87.a( 1373): [LOWI-Scan]
12-01 03:58:19.224 D/LOWI-9.0.0.87.a( 1373): [LOWI-Scan] print_bss_handler: Report beacon TSF 318795623 as it greater than probe TSF 318762477
12-01 03:58:19.224 D/LOWI-9.0.0.87.a( 1373): [LOWI-Scan] is_qcom_ie, bss_age: 0
12-01 03:58:19.224 D/LOWI-9.0.0.87.a( 1373): [LOWI-Scan] BSS 18:6f:2d:81:16:f1 LOWI_PHY_MODE_11AC_VHT20(8), Beacon Interval: 100, LOWI_ENCRYPTION_TYPE_OPEN 11mcRanging: No, ANQP: No, LCI: No, Civic: No, capability(0x0101): ESS SpectrumMgmt
12-01 03:58:19.224 D/LOWI-9.0.0.87.a( 1373): [LOWI-Scan] BSS 18:6f:2d:81:16:f1 FREQ: 5280, cFreq1[40:80:160] = [5280:0:0] cFreq2 = 0 Country Code = CN
12-01 03:58:19.224 D/LOWI-9.0.0.87.a( 1373): [LOWI-Scan] BSS 18:6f:2d:81:16:f1 (wlan0) ASSO: NO AddInfo: 0x1, TSF 0, 00:05:18.795, RSSI: -132, CPL: 127, AGE: 500, SSID Guest, TSFDelta: 0xd7c557dc, TXRate: 0
12-01 03:58:19.224 D/LOWI-9.0.0.87.a( 1373): [LOWI-Scan]
12-01 03:58:19.224 D/LOWI-9.0.0.87.a( 1373): [LOWI-Scan] print_bss_handler: Report Probe TSF 318769655 as it greater than Beacon TSF 318714204
12-01 03:58:19.224 D/LOWI-9.0.0.87.a( 1373): [LOWI-Scan] is_qcom_ie, bss_age: 0
12-01 03:58:19.224 D/LOWI-9.0.0.87.a( 1373): [LOWI-Scan] BSS 18:6f:2d:80:dd:71 LOWI_PHY_MODE_11AC_VHT20(8), Beacon Interval: 100, LOWI_ENCRYPTION_TYPE_OPEN 11mcRanging: No, ANQP: No, LCI: No, Civic: No, capability(0x0101): ESS SpectrumMgmt
12-01 03:58:19.224 D/LOWI-9.0.0.87.a( 1373): [LOWI-Scan] BSS 18:6f:2d:80:dd:71 FREQ: 5280, cFreq1[40:80:160] = [5280:0:0] cFreq2 = 0 Country Code = CN
12-01 03:58:19.224 D/LOWI-9.0.0.87.a( 1373): [LOWI-Scan] BSS 18:6f:2d:80:dd:71 (wlan0) ASSO: NO AddInfo: 0x0, TSF 0, 00:05:18.769, RSSI: -134, CPL: 127, AGE: 524, SSID Guest, TSFDelta: 0xd7783f65, TXRate: 0
12-01 03:58:19.225 D/LOWI-9.0.0.87.a( 1373): [LOWI-Scan]
12-01 03:58:19.225 D/LOWI-9.0.0.87.a( 1373): [LOWI-Scan] print_bss_handler: Report Probe TSF 318769583 as it greater than Beacon TSF 308761075
12-01 03:58:19.225 D/LOWI-9.0.0.87.a( 1373): [LOWI-Scan] decode_rsn_wpa_ie: LOWI_ENCRYPTION_TYPE_WPA_PSK
12-01 03:58:19.225 D/LOWI-9.0.0.87.a( 1373): [LOWI-Scan] is_qcom_ie, bss_age: 0
12-01 03:58:19.225 D/LOWI-9.0.0.87.a( 1373): [LOWI-Scan] BSS 18:6f:2d:81:16:f2 LOWI_PHY_MODE_11AC_VHT20(8), Beacon Interval: 100, LOWI_ENCRYPTION_TYPE_WPA_PSK 11mcRanging: No, ANQP: No, LCI: No, Civic: No, capability(0x0111): ESS Privacy SpectrumMgmt
12-01 03:58:19.225 D/LOWI-9.0.0.87.a( 1373): [LOWI-Scan] BSS 18:6f:2d:81:16:f2 FREQ: 5280, cFreq1[40:80:160] = [5280:0:0] cFreq2 = 0 Country Code = CN
12-01 03:58:19.225 D/LOWI-9.0.0.87.a( 1373): [LOWI-Scan] BSS 18:6f:2d:81:16:f2 (wlan0) ASSO: NO AddInfo: 0x0, TSF 0, 00:05:18.769, RSSI: -134, CPL: 127, AGE: 524, SSID ZXHY, TSFDelta: 0xd7ccf4f3, TXRate: 0
12-01 03:58:19.225 D/LOWI-9.0.0.87.a( 1373): [LOWI-Scan]
12-01 03:58:19.225 D/LOWI-9.0.0.87.a( 1373): [LOWI-Scan] print_bss_handler: Report Probe TSF 318769770 as it greater than Beacon TSF 318714278
12-01 03:58:19.225 D/LOWI-9.0.0.87.a( 1373): [LOWI-Scan] decode_rsn_wpa_ie: LOWI_ENCRYPTION_TYPE_WPA_PSK
12-01 03:58:19.225 D/LOWI-9.0.0.87.a( 1373): [LOWI-Scan] is_qcom_ie, bss_age: 0
12-01 03:58:19.225 D/LOWI-9.0.0.87.a( 1373): [LOWI-Scan] BSS 18:6f:2d:80:dd:72 LOWI_PHY_MODE_11AC_VHT20(8), Beacon Interval: 100, LOWI_ENCRYPTION_TYPE_WPA_PSK 11mcRanging: No, ANQP: No, LCI: No, Civic: No, capability(0x0111): ESS Privacy SpectrumMgmt
12-01 03:58:19.225 D/LOWI-9.0.0.87.a( 1373): [LOWI-Scan] BSS 18:6f:2d:80:dd:72 FREQ: 5280, cFreq1[40:80:160] = [5280:0:0] cFreq2 = 0 Country Code = CN
12-01 03:58:19.225 D/LOWI-9.0.0.87.a( 1373): [LOWI-Scan] BSS 18:6f:2d:80:dd:72 (wlan0) ASSO: NO AddInfo: 0x0, TSF 0, 00:05:18.769, RSSI: -134, CPL: 127, AGE: 524, SSID ZXHY, TSFDelta: 0xd77d6755, TXRate: 0
12-01 03:58:19.225 D/LOWI-9.0.0.87.a( 1373): [LOWI-Scan]
12-01 03:58:19.225 D/LOWI-9.0.0.87.a( 1373): [LOWI-Scan] print_bss_handler: Report beacon TSF 318796639 as it greater than probe TSF 318769713
12-01 03:58:19.225 D/LOWI-9.0.0.87.a( 1373): [LOWI-Scan] decode_rsn_wpa_ie: LOWI_ENCRYPTION_TYPE_WPA_PSK
12-01 03:58:19.225 D/LOWI-9.0.0.87.a( 1373): [LOWI-Scan] is_qcom_ie, bss_age: 0
12-01 03:58:19.225 D/LOWI-9.0.0.87.a( 1373): [LOWI-Scan] BSS 18:6f:2d:81:16:f3 LOWI_PHY_MODE_11AC_VHT20(8), Beacon Interval: 100, LOWI_ENCRYPTION_TYPE_WPA_PSK 11mcRanging: No, ANQP: No, LCI: No, Civic: No, capability(0x0111): ESS Privacy SpectrumMgmt
12-01 03:58:19.225 D/LOWI-9.0.0.87.a( 1373): [LOWI-Scan] BSS 18:6f:2d:81:16:f3 FREQ: 5280, cFreq1[40:80:160] = [5280:0:0] cFreq2 = 0 Country Code = CN
12-01 03:58:19.225 D/LOWI-9.0.0.87.a( 1373): [LOWI-Scan] BSS 18:6f:2d:81:16:f3 (wlan0) ASSO: NO AddInfo: 0x1, TSF 0, 00:05:18.796, RSSI: -134, CPL: 127, AGE: 496, SSID Fanya, TSFDelta: 0xd7d20bfb, TXRate: 0
12-01 03:58:19.225 D/LOWI-9.0.0.87.a( 1373): [LOWI-Scan]
12-01 03:58:19.225 D/LOWI-9.0.0.87.a( 1373): [LOWI-Scan] print_bss_handler: Report Probe TSF 318769887 as it greater than Beacon TSF 298744359
12-01 03:58:19.225 D/LOWI-9.0.0.87.a( 1373): [LOWI-Scan] decode_rsn_wpa_ie: LOWI_ENCRYPTION_TYPE_WPA_PSK
12-01 03:58:19.225 D/LOWI-9.0.0.87.a( 1373): [LOWI-Scan] is_qcom_ie, bss_age: 0
12-01 03:58:19.226 D/LOWI-9.0.0.87.a( 1373): [LOWI-Scan] BSS 18:6f:2d:80:dd:73 LOWI_PHY_MODE_11AC_VHT20(8), Beacon Interval: 100, LOWI_ENCRYPTION_TYPE_WPA_PSK 11mcRanging: No, ANQP: No, LCI: No, Civic: No, capability(0x0111): ESS Privacy SpectrumMgmt
12-01 03:58:19.226 D/LOWI-9.0.0.87.a( 1373): [LOWI-Scan] BSS 18:6f:2d:80:dd:73 FREQ: 5280, cFreq1[40:80:160] = [5280:0:0] cFreq2 = 0 Country Code = CN
12-01 03:58:19.226 D/LOWI-9.0.0.87.a( 1373): [LOWI-Scan] BSS 18:6f:2d:80:dd:73 (wlan0) ASSO: NO AddInfo: 0x0, TSF 0, 00:05:18.769, RSSI: -134, CPL: 127, AGE: 524, SSID Fanya, TSFDelta: 0xd782b140, TXRate: 0
12-01 03:58:19.226 D/LOWI-9.0.0.87.a( 1373): [LOWI-Scan]
12-01 03:58:19.226 D/LOWI-9.0.0.87.a( 1373): [LOWI-Scan] print_bss_handler: Report Probe TSF 318769830 as it greater than Beacon TSF 308761220
12-01 03:58:19.226 D/LOWI-9.0.0.87.a( 1373): [LOWI-Scan] decode_rsn_wpa_ie: LOWI_ENCRYPTION_TYPE_WPA_PSK
12-01 03:58:19.226 D/LOWI-9.0.0.87.a( 1373): [LOWI-Scan] is_qcom_ie, bss_age: 0
