12-01 03:58:43.810 I/sysui_multi_action( 2372): [757,111,758,2]
12-01 03:58:43.810 I/sysui_multi_action( 2372): [757,111,758,2]
12-01 03:58:43.811 I/notification_enqueue( 1525): [10080,2372,com.android.systemui,2048,NULL,0,Notification(channel=updateNotification shortcut=null contentView=null vibrate=null sound=null defaults=0x0 flags=0x0 color=0x00000000 vis=PRIVATE),1]
12-01 03:58:43.815 I/sysui_multi_action( 2372): [757,111,758,1]
12-01 03:58:43.815 I/sysui_multi_action( 2372): [757,126,758,1,759,126,927,0,928,1,1593,1]
12-01 03:58:43.815 I/sysui_multi_action( 2372): [757,113,758,1,759,113,927,1,928,1,1593,1]
12-01 03:58:43.815 I/sysui_multi_action( 2372): [757,0,758,1,759,0,927,2,928,0,1593,1]
12-01 03:58:43.815 I/sysui_multi_action( 2372): [757,0,758,1,759,0,927,3,928,0,1593,1]
12-01 03:58:43.815 I/sysui_multi_action( 2372): [757,491,758,1,759,491,927,4,928,0,1311,-1,1593,0]
12-01 03:58:43.815 I/sysui_multi_action( 2372): [757,0,758,1,759,0,927,5,928,0,1593,0]
12-01 03:58:43.815 I/sysui_multi_action( 2372): [757,111,758,1]
12-01 03:58:43.816 I/sysui_multi_action( 2372): [757,126,758,1,759,126,927,0,928,1,1593,1]
12-01 03:58:43.816 I/sysui_multi_action( 2372): [757,113,758,1,759,113,927,1,928,1,1593,1]
12-01 03:58:43.816 I/sysui_multi_action( 2372): [757,0,758,1,759,0,927,2,928,0,1593,1]
12-01 03:58:43.816 I/sysui_multi_action( 2372): [757,0,758,1,759,0,927,3,928,0,1593,1]
12-01 03:58:43.818 W/View ( 2372): requestLayout() improperly called by android.widget.TextView{b3e1c15 V.ED..... ..S...ID 0,27-148,54 #7f0b00a4 app:id/app_label} during layout: running second layout pass
12-01 03:58:43.818 W/View ( 2372): requestLayout() improperly called by com.android.systemui.util.animation.UniqueObjectHostView{af0c01e V.E...... ......ID 0,0-636,344} during layout: running second layout pass
12-01 03:58:43.821 W/View ( 2372): requestLayout() improperly called by android.widget.TextView{b3e1c15 V.ED..... ..S..... 0,27-148,54 #7f0b00a4 app:id/app_label} during second layout pass: posting in next frame
12-01 03:58:43.826 I/GameModeConfig( 1525): isGameModeOn = false
12-01 03:58:43.826 I/GameModeConfig( 1525): isGameModeOn = false
12-01 03:58:43.826 I/GameModeConfig( 1525): isGameModeOn = false
12-01 03:58:43.826 I/GameModeConfig( 1525): isGameModeOn = false
12-01 03:58:43.827 I/sysui_multi_action( 2372): [757,111,758,2]
12-01 03:58:43.827 I/sysui_multi_action( 2372): [757,111,758,2]
12-01 03:58:43.828 I/notification_enqueue( 1525): [10080,2372,com.android.systemui,2048,NULL,0,Notification(channel=updateNotification shortcut=null contentView=null vibrate=null sound=null defaults=0x0 flags=0x0 color=0x00000000 vis=PRIVATE),1]
12-01 03:58:43.831 I/sysui_multi_action( 2372): [757,111,758,1]
12-01 03:58:43.831 I/sysui_multi_action( 2372): [757,126,758,1,759,126,927,0,928,1,1593,1]
12-01 03:58:43.831 I/sysui_multi_action( 2372): [757,113,758,1,759,113,927,1,928,1,1593,1]
12-01 03:58:43.831 I/sysui_multi_action( 2372): [757,0,758,1,759,0,927,2,928,0,1593,1]
12-01 03:58:43.832 I/sysui_multi_action( 2372): [757,0,758,1,759,0,927,3,928,0,1593,1]
12-01 03:58:43.832 I/sysui_multi_action( 2372): [757,491,758,1,759,491,927,4,928,0,1311,-1,1593,0]
12-01 03:58:43.832 I/sysui_multi_action( 2372): [757,0,758,1,759,0,927,5,928,0,1593,0]
12-01 03:58:43.832 I/sysui_multi_action( 2372): [757,111,758,1]
12-01 03:58:43.832 I/sysui_multi_action( 2372): [757,126,758,1,759,126,927,0,928,1,1593,1]
12-01 03:58:43.832 I/sysui_multi_action( 2372): [757,113,758,1,759,113,927,1,928,1,1593,1]
12-01 03:58:43.832 I/sysui_multi_action( 2372): [757,0,758,1,759,0,927,2,928,0,1593,1]
12-01 03:58:43.832 I/sysui_multi_action( 2372): [757,0,758,1,759,0,927,3,928,0,1593,1]
12-01 03:58:43.834 W/View ( 2372): requestLayout() improperly called by android.widget.TextView{b3e1c15 V.ED..... ..S...ID 0,27-148,54 #7f0b00a4 app:id/app_label} during layout: running second layout pass
12-01 03:58:43.834 W/View ( 2372): requestLayout() improperly called by com.android.systemui.util.animation.UniqueObjectHostView{af0c01e V.E...... ......ID 0,0-636,344} during layout: running second layout pass
12-01 03:58:43.838 W/View ( 2372): requestLayout() improperly called by android.widget.TextView{b3e1c15 V.ED..... ..S..... 0,27-148,54 #7f0b00a4 app:id/app_label} during second layout pass: posting in next frame
12-01 03:58:43.843 I/sysui_multi_action( 2372): [757,111,758,2]
12-01 03:58:43.843 I/notification_enqueue( 1525): [10080,2372,com.android.systemui,2048,NULL,0,Notification(channel=updateNotification shortcut=null contentView=null vibrate=null sound=null defaults=0x0 flags=0x0 color=0x00000000 vis=PRIVATE),1]
12-01 03:58:43.843 I/sysui_multi_action( 2372): [757,111,758,2]
12-01 03:58:43.845 I/GameModeConfig( 1525): isGameModeOn = false
12-01 03:58:43.845 I/GameModeConfig( 1525): isGameModeOn = false
12-01 03:58:43.845 I/GameModeConfig( 1525): isGameModeOn = false
12-01 03:58:43.845 I/GameModeConfig( 1525): isGameModeOn = false
12-01 03:58:43.847 I/wm_stop_activity( 1525): [0,93742719,com.android.launcher3/.uioverrides.QuickstepLauncher]
12-01 03:58:43.848 I/sysui_multi_action( 2372): [757,111,758,1]
12-01 03:58:43.848 I/sysui_multi_action( 2372): [757,126,758,1,759,126,927,0,928,1,1593,0]
12-01 03:58:43.848 I/sysui_multi_action( 2372): [757,113,758,1,759,113,927,1,928,1,1593,0]
12-01 03:58:43.848 I/sysui_multi_action( 2372): [757,0,758,1,759,0,927,2,928,0,1593,0]
12-01 03:58:43.848 I/sysui_multi_action( 2372): [757,0,758,1,759,0,927,3,928,0,1593,0]
12-01 03:58:43.849 I/sysui_multi_action( 2372): [757,491,758,1,759,491,927,4,928,0,1311,-1,1593,0]
12-01 03:58:43.849 I/sysui_multi_action( 2372): [757,0,758,1,759,0,927,5,928,0,1593,0]
12-01 03:58:43.849 I/sysui_multi_action( 2372): [757,111,758,1]
12-01 03:58:43.849 I/sysui_multi_action( 2372): [757,126,758,1,759,126,927,0,928,1,1593,0]
12-01 03:58:43.849 I/sysui_multi_action( 2372): [757,113,758,1,759,113,927,1,928,1,1593,0]
12-01 03:58:43.849 I/sysui_multi_action( 2372): [757,0,758,1,759,0,927,2,928,0,1593,0]
12-01 03:58:43.849 I/sysui_multi_action( 2372): [757,0,758,1,759,0,927,3,928,0,1593,0]
12-01 03:58:43.851 W/View ( 2372): requestLayout() improperly called by android.widget.TextView{b3e1c15 V.ED..... ..S...ID 0,27-148,54 #7f0b00a4 app:id/app_label} during layout: running second layout pass
12-01 03:58:43.851 W/View ( 2372): requestLayout() improperly called by com.android.systemui.util.animation.UniqueObjectHostView{af0c01e V.E...... ......ID 0,0-636,344} during layout: running second layout pass
12-01 03:58:43.855 W/View ( 2372): requestLayout() improperly called by android.widget.TextView{b3e1c15 V.ED..... ..S..... 0,27-148,54 #7f0b00a4 app:id/app_label} during second layout pass: posting in next frame
12-01 03:58:43.859 I/GameModeConfig( 1525): isGameModeOn = false
12-01 03:58:43.860 I/GameModeConfig( 1525): isGameModeOn = false
12-01 03:58:43.860 I/GameModeConfig( 1525): isGameModeOn = false
12-01 03:58:43.860 I/GameModeConfig( 1525): isGameModeOn = false
12-01 03:58:43.860 I/sysui_multi_action( 2372): [757,111,758,2]
12-01 03:58:43.861 I/sysui_multi_action( 2372): [757,111,758,2]
12-01 03:58:43.865 I/sysui_multi_action( 2372): [757,111,758,1]
12-01 03:58:43.865 I/sysui_multi_action( 2372): [757,126,758,1,759,126,927,0,928,1,1593,1]
12-01 03:58:43.865 I/sysui_multi_action( 2372): [757,113,758,1,759,113,927,1,928,1,1593,1]
12-01 03:58:43.865 I/sysui_multi_action( 2372): [757,0,758,1,759,0,927,2,928,0,1593,1]
12-01 03:58:43.865 I/sysui_multi_action( 2372): [757,0,758,1,759,0,927,3,928,0,1593,1]
12-01 03:58:43.865 I/sysui_multi_action( 2372): [757,491,758,1,759,491,927,4,928,0,1311,-1,1593,0]
12-01 03:58:43.865 I/sysui_multi_action( 2372): [757,0,758,1,759,0,927,5,928,0,1593,0]
12-01 03:58:43.865 I/sysui_multi_action( 2372): [757,111,758,1]
12-01 03:58:43.865 I/sysui_multi_action( 2372): [757,126,758,1,759,126,927,0,928,1,1593,1]
12-01 03:58:43.865 I/sysui_multi_action( 2372): [757,113,758,1,759,113,927,1,928,1,1593,1]
12-01 03:58:43.865 I/sysui_multi_action( 2372): [757,0,758,1,759,0,927,2,928,0,1593,1]
12-01 03:58:43.865 I/sysui_multi_action( 2372): [757,0,758,1,759,0,927,3,928,0,1593,1]
12-01 03:58:43.867 W/View ( 2372): requestLayout() improperly called by android.widget.TextView{b3e1c15 V.ED..... ..S...ID 0,27-148,54 #7f0b00a4 app:id/app_label} during layout: running second layout pass
12-01 03:58:43.867 W/View ( 2372): requestLayout() improperly called by com.android.systemui.util.animation.UniqueObjectHostView{af0c01e V.E...... ......ID 0,0-636,344} during layout: running second layout pass
12-01 03:58:43.868 I/GameModeConfig( 1525): isGameModeOn = false
12-01 03:58:43.868 E/NotificationService( 1525): Muting recently noisy 0|com.android.systemui|2048|null|10080
12-01 03:58:43.869 I/notification_enqueue( 1525): [10080,2372,com.android.systemui,2048,NULL,0,Notification(channel=updateNotification shortcut=null contentView=null vibrate=null sound=null defaults=0x0 flags=0x0 color=0x00000000 vis=PRIVATE),1]
12-01 03:58:43.870 D/StateManager( 2849): goToState: Normal
12-01 03:58:43.871 I/wm_on_stop_called( 2849): [93742719,com.android.launcher3.uioverrides.QuickstepLauncher,STOP_ACTIVITY_ITEM]
12-01 03:58:43.871 V/GameMode_GameTypeUtils( 4299): judge isGame:com.thundercomm.screensaver
12-01 03:58:43.871 E/GameMode_GameModeNotificationListenerService( 4299): title :content :,PackageName:com.android.systemui,isGameModeOn:false,isBulletScreenOn:false,isBulletScreenPackage:false
12-01 03:58:43.871 W/View ( 2372): requestLayout() improperly called by android.widget.TextView{b3e1c15 V.ED..... ..S..... 0,27-148,54 #7f0b00a4 app:id/app_label} during second layout pass: posting in next frame
12-01 03:58:43.876 I/GameModeConfig( 1525): isGameModeOn = false
12-01 03:58:43.876 I/GameModeConfig( 1525): isGameModeOn = false
12-01 03:58:43.876 I/GameModeConfig( 1525): isGameModeOn = false
12-01 03:58:43.876 I/GameModeConfig( 1525): isGameModeOn = false
12-01 03:58:43.877 I/sysui_multi_action( 2372): [757,111,758,2]
12-01 03:58:43.877 I/notification_enqueue( 1525): [10080,2372,com.android.systemui,2048,NULL,0,Notification(channel=updateNotification shortcut=null contentView=null vibrate=null sound=null defaults=0x0 flags=0x0 color=0x00000000 vis=PRIVATE),1]
12-01 03:58:43.877 I/sysui_multi_action( 2372): [757,111,758,2]
12-01 03:58:43.878 I/GameModeConfig( 1525): isGameModeOn = false
12-01 03:58:43.879 E/NotificationService( 1525): Muting recently noisy 0|com.android.systemui|2048|null|10080
12-01 03:58:43.880 V/GameMode_GameTypeUtils( 4299): judge isGame:com.thundercomm.screensaver
12-01 03:58:43.880 E/GameMode_GameModeNotificationListenerService( 4299): title :content :,PackageName:com.android.systemui,isGameModeOn:false,isBulletScreenOn:false,isBulletScreenPackage:false
12-01 03:58:43.881 I/sysui_multi_action( 2372): [757,111,758,1]
12-01 03:58:43.881 I/sysui_multi_action( 2372): [757,126,758,1,759,126,927,0,928,1,1593,1]
12-01 03:58:43.881 I/sysui_multi_action( 2372): [757,113,758,1,759,113,927,1,928,1,1593,1]
12-01 03:58:43.881 I/sysui_multi_action( 2372): [757,0,758,1,759,0,927,2,928,0,1593,1]
12-01 03:58:43.881 I/sysui_multi_action( 2372): [757,0,758,1,759,0,927,3,928,0,1593,1]
12-01 03:58:43.881 I/sysui_multi_action( 2372): [757,491,758,1,759,491,927,4,928,0,1311,-1,1593,0]
12-01 03:58:43.881 I/sysui_multi_action( 2372): [757,0,758,1,759,0,927,5,928,0,1593,0]
12-01 03:58:43.881 I/sysui_multi_action( 2372): [757,111,758,1]
12-01 03:58:43.881 I/sysui_multi_action( 2372): [757,126,758,1,759,126,927,0,928,1,1593,1]
12-01 03:58:43.881 I/sysui_multi_action( 2372): [757,113,758,1,759,113,927,1,928,1,1593,1]
12-01 03:58:43.881 I/sysui_multi_action( 2372): [757,0,758,1,759,0,927,2,928,0,1593,1]
12-01 03:58:43.881 I/sysui_multi_action( 2372): [757,0,758,1,759,0,927,3,928,0,1593,1]
12-01 03:58:43.883 W/View ( 2372): requestLayout() improperly called by android.widget.TextView{b3e1c15 V.ED..... ..S...ID 0,27-148,54 #7f0b00a4 app:id/app_label} during layout: running second layout pass
12-01 03:58:43.884 W/View ( 2372): requestLayout() improperly called by com.android.systemui.util.animation.UniqueObjectHostView{af0c01e V.E...... ......ID 0,0-636,344} during layout: running second layout pass
12-01 03:58:43.884 I/GameMode_ActivityMonitoringService( 4299): onForegroundActivitiesChanged uid 10076 pid 2849 fg false
12-01 03:58:43.887 W/View ( 2372): requestLayout() improperly called by android.widget.TextView{b3e1c15 V.ED..... ..S..... 0,27-148,54 #7f0b00a4 app:id/app_label} during second layout pass: posting in next frame
12-01 03:58:43.889 I/GameMode_ActivityMonitoringService( 4299): Updating top task to: TaskInfoContainer [topActivity=ComponentInfo{com.thundercomm.screensaver/android.service.dreams.DreamActivity}, taskId=21, stackId=21, userId=0, displayId=0, position=13
12-01 03:58:43.889 I/GameMode_ActivityMonitoringService( 4299): Notifying about top task: TaskInfoContainer [topActivity=ComponentInfo{com.thundercomm.screensaver/android.service.dreams.DreamActivity}, taskId=21, stackId=21, userId=0, displayId=0, position=13
12-01 03:58:43.889 E/GameMode_ActivityMonitoringService( 4299): onActivityLaunch:com.thundercomm.screensaver
12-01 03:58:43.889 V/GameMode_GameTypeUtils( 4299): judge isGame:com.thundercomm.screensaver
12-01 03:58:43.889 V/GameMode_GpuUtils( 4299): fps:60
12-01 03:58:43.891 D/GameMode_GameModeActionUtils( 4299): Show GameMode entry by service!
12-01 03:58:43.892 W/ContextImpl( 4299): Calling a method in the system process without a qualified user: android.app.ContextImpl.startService:1816 android.content.ContextWrapper.startService:774 com.thundercomm.gamemode.ingame.services.GameModeActionUtils.startGameModeService:93 com.thundercomm.gamemode.ingame.services.GameModeActionUtils.startGameModeEntry:21 com.thundercomm.gamemode.ingame.services.ActivityMonitoringService$1.onActivityLaunch:127
12-01 03:58:43.893 I/GameModeConfig( 1525): isGameModeOn = false
12-01 03:58:43.894 I/GameModeConfig( 1525): isGameModeOn = false
12-01 03:58:43.894 I/GameModeConfig( 1525): isGameModeOn = false
12-01 03:58:43.894 I/GameModeConfig( 1525): isGameModeOn = false
12-01 03:58:43.894 D/GameModeIF_GameModeSettings( 4299): getUriFor setting_content_uri_root = content://com.thundercomm.gamemode.api/gamemode_settings , name = gamemode_isgaming
12-01 03:58:43.895 D/GameMode_GameModeService( 4299): type=hide_entry
12-01 03:58:43.896 D/GameModeIF_GameModeSettings( 4299): gamemode_isgaming set to 0
12-01 03:58:43.896 I/GameModeConfig( 1525): isGameModeOn = false
12-01 03:58:43.896 E/NotificationService( 1525): Muting recently noisy 0|com.android.systemui|2048|null|10080
12-01 03:58:43.897 I/GameModeConfig( 1525): Current uri is uri = content://com.thundercomm.gamemode.api/gamemode_settings/gamemode_isgaming
12-01 03:58:43.897 D/GameModeIF_GameModeSettings( 1525): getUriFor setting_content_uri_root = content://com.thundercomm.gamemode.api/gamemode_settings , name = gamemode_isgaming
12-01 03:58:43.897 I/sysui_multi_action( 2372): [757,111,758,2]
12-01 03:58:43.898 I/sysui_multi_action( 2372): [757,111,758,2]
12-01 03:58:43.898 I/GameModeConfig( 1525): isGameModeOn = false
12-01 03:58:43.899 I/GameModeConfig( 1525): isGameModeOn = false
12-01 03:58:43.899 I/GameModeConfig( 1525): isDisableVoice = true
12-01 03:58:43.900 I/notification_enqueue( 1525): [10080,2372,com.android.systemui,2048,NULL,0,Notification(channel=updateNotification shortcut=null contentView=null vibrate=null sound=null defaults=0x0 flags=0x0 color=0x00000000 vis=PRIVATE),1]
12-01 03:58:43.901 I/sysui_multi_action( 2372): [757,111,758,1]
12-01 03:58:43.901 I/sysui_multi_action( 2372): [757,126,758,1,759,126,927,0,928,1,1593,1]
12-01 03:58:43.901 I/sysui_multi_action( 2372): [757,113,758,1,759,113,927,1,928,1,1593,1]
12-01 03:58:43.901 I/sysui_multi_action( 2372): [757,0,758,1,759,0,927,2,928,0,1593,1]
12-01 03:58:43.901 I/sysui_multi_action( 2372): [757,0,758,1,759,0,927,3,928,0,1593,1]
12-01 03:58:43.902 I/sysui_multi_action( 2372): [757,491,758,1,759,491,927,4,928,0,1311,-1,1593,0]
12-01 03:58:43.902 I/sysui_multi_action( 2372): [757,0,758,1,759,0,927,5,928,0,1593,0]
12-01 03:58:43.902 I/sysui_multi_action( 2372): [757,111,758,1]
12-01 03:58:43.902 I/sysui_multi_action( 2372): [757,126,758,1,759,126,927,0,928,1,1593,1]
12-01 03:58:43.902 I/sysui_multi_action( 2372): [757,113,758,1,759,113,927,1,928,1,1593,1]
12-01 03:58:43.902 I/sysui_multi_action( 2372): [757,0,758,1,759,0,927,2,928,0,1593,1]
12-01 03:58:43.902 I/sysui_multi_action( 2372): [757,0,758,1,759,0,927,3,928,0,1593,1]
12-01 03:58:43.904 W/View ( 2372): requestLayout() improperly called by android.widget.TextView{b3e1c15 V.ED..... ..S...ID 0,27-148,54 #7f0b00a4 app:id/app_label} during layout: running second layout pass
12-01 03:58:43.904 W/View ( 2372): requestLayout() improperly called by com.android.systemui.util.animation.UniqueObjectHostView{af0c01e V.E...... ......ID 0,0-636,344} during layout: running second layout pass
12-01 03:58:43.905 D/GameMode_GameSettingsObserver( 4299): Game Data change!!!! uri = content://com.thundercomm.gamemode.api/gamemode_settings/gamemode_isgaming
12-01 03:58:43.905 D/GameModeIF_GameModeSettings( 4299): getUriFor setting_content_uri_root = content://com.thundercomm.gamemode.api/gamemode_settings , name = gamemode_isgaming
12-01 03:58:43.908 W/View ( 2372): requestLayout() improperly called by android.widget.TextView{b3e1c15 V.ED..... ..S..... 0,27-148,54 #7f0b00a4 app:id/app_label} during second layout pass: posting in next frame
12-01 03:58:43.908 V/GameMode_GameTypeUtils( 4299): judge isGame:com.thundercomm.screensaver
12-01 03:58:43.908 E/GameMode_GameModeNotificationListenerService( 4299): title :content :,PackageName:com.android.systemui,isGameModeOn:false,isBulletScreenOn:false,isBulletScreenPackage:false
12-01 03:58:43.908 D/GameMode_GameModeService( 4299): updateGlobalSettings = gamemode_isgaming
12-01 03:58:43.909 D/InterruptionStateProvider( 2372): No bubble up: not allowed to bubble: 0|com.android.systemui|2048|null|10080
12-01 03:58:43.909 D/InterruptionStateProvider( 2372): No heads up: unimportant notification: 0|com.android.systemui|2048|null|10080
12-01 03:58:43.911 D/PeopleSpaceWidgetMgr( 2372): Sbn doesn't contain valid PeopleTileKey: null/0/com.android.systemui
12-01 03:58:43.912 D/InterruptionStateProvider( 2372): No bubble up: not allowed to bubble: 0|com.android.systemui|2048|null|10080
12-01 03:58:43.912 D/InterruptionStateProvider( 2372): No heads up: unimportant notification: 0|com.android.systemui|2048|null|10080
12-01 03:58:43.913 I/GameModeConfig( 1525): isGameModeOn = false
12-01 03:58:43.913 E/NotificationService( 1525): Muting recently noisy 0|com.android.systemui|2048|null|10080
12-01 03:58:43.913 D/PeopleSpaceWidgetMgr( 2372): Sbn doesn't contain valid PeopleTileKey: null/0/com.android.systemui
12-01 03:58:43.915 V/GameMode_GameTypeUtils( 4299): judge isGame:com.thundercomm.screensaver
12-01 03:58:43.915 E/GameMode_GameModeNotificationListenerService( 4299): title :content :,PackageName:com.android.systemui,isGameModeOn:false,isBulletScreenOn:false,isBulletScreenPackage:false
12-01 03:58:43.915 I/GameModeConfig( 1525): isGameModeOn = false
12-01 03:58:43.915 I/GameModeConfig( 1525): isGameModeOn = false
12-01 03:58:43.915 I/GameModeConfig( 1525): isGameModeOn = false
12-01 03:58:43.915 I/GameModeConfig( 1525): isGameModeOn = false
12-01 03:58:43.916 I/notification_enqueue( 1525): [10080,2372,com.android.systemui,2048,NULL,0,Notification(channel=updateNotification shortcut=null contentView=null vibrate=null sound=null defaults=0x0 flags=0x0 color=0x00000000 vis=PRIVATE),1]
12-01 03:58:43.916 I/sysui_multi_action( 2372): [757,111,758,2]
12-01 03:58:43.916 I/sysui_multi_action( 2372): [757,111,758,2]
12-01 03:58:43.920 I/sysui_multi_action( 2372): [757,111,758,1]
12-01 03:58:43.920 I/sysui_multi_action( 2372): [757,126,758,1,759,126,927,0,928,1,1593,0]
12-01 03:58:43.920 I/sysui_multi_action( 2372): [757,113,758,1,759,113,927,1,928,1,1593,0]
12-01 03:58:43.920 I/sysui_multi_action( 2372): [757,0,758,1,759,0,927,2,928,0,1593,0]
12-01 03:58:43.920 I/sysui_multi_action( 2372): [757,0,758,1,759,0,927,3,928,0,1593,1]
12-01 03:58:43.920 I/sysui_multi_action( 2372): [757,491,758,1,759,491,927,4,928,0,1311,-1,1593,0]
12-01 03:58:43.920 I/sysui_multi_action( 2372): [757,0,758,1,759,0,927,5,928,0,1593,0]
12-01 03:58:43.920 I/sysui_multi_action( 2372): [757,111,758,1]
12-01 03:58:43.920 I/sysui_multi_action( 2372): [757,126,758,1,759,126,927,0,928,1,1593,1]
12-01 03:58:43.920 I/sysui_multi_action( 2372): [757,113,758,1,759,113,927,1,928,1,1593,1]
12-01 03:58:43.920 I/sysui_multi_action( 2372): [757,0,758,1,759,0,927,2,928,0,1593,1]
12-01 03:58:43.920 I/sysui_multi_action( 2372): [757,0,758,1,759,0,927,3,928,0,1593,1]
12-01 03:58:43.922 W/View ( 2372): requestLayout() improperly called by android.widget.TextView{b3e1c15 V.ED..... ..S...ID 0,27-148,54 #7f0b00a4 app:id/app_label} during layout: running second layout pass
12-01 03:58:43.922 W/View ( 2372): requestLayout() improperly called by com.android.systemui.util.animation.UniqueObjectHostView{af0c01e V.E...... ......ID 0,0-636,344} during layout: running second layout pass
12-01 03:58:43.925 W/View ( 2372): requestLayout() improperly called by android.widget.TextView{b3e1c15 V.ED..... ..S..... 0,27-148,54 #7f0b00a4 app:id/app_label} during second layout pass: posting in next frame
12-01 03:58:43.925 W/Choreographer( 2372): Frame time is 0.169816 ms in the future! Check that graphics HAL is generating vsync timestamps using the correct timebase.
12-01 03:58:43.926 W/Choreographer( 5492): Frame time is 0.143149 ms in the future! Check that graphics HAL is generating vsync timestamps using the correct timebase.
12-01 03:58:43.927 D/InterruptionStateProvider( 2372): No bubble up: not allowed to bubble: 0|com.android.systemui|2048|null|10080
12-01 03:58:43.927 D/InterruptionStateProvider( 2372): No heads up: unimportant notification: 0|com.android.systemui|2048|null|10080
12-01 03:58:43.928 I/GameModeConfig( 1525): isGameModeOn = false
12-01 03:58:43.928 E/NotificationService( 1525): Muting recently noisy 0|com.android.systemui|2048|null|10080
12-01 03:58:43.929 D/PeopleSpaceWidgetMgr( 2372): Sbn doesn't contain valid PeopleTileKey: null/0/com.android.systemui
12-01 03:58:43.931 I/GameModeConfig( 1525): isGameModeOn = false
12-01 03:58:43.931 I/GameModeConfig( 1525): isGameModeOn = false
12-01 03:58:43.932 I/GameModeConfig( 1525): isGameModeOn = false
12-01 03:58:43.932 I/GameModeConfig( 1525): isGameModeOn = false
12-01 03:58:43.932 V/GameMode_GameTypeUtils( 4299): judge isGame:com.thundercomm.screensaver
12-01 03:58:43.932 E/GameMode_GameModeNotificationListenerService( 4299): title :content :,PackageName:com.android.systemui,isGameModeOn:false,isBulletScreenOn:false,isBulletScreenPackage:false
12-01 03:58:43.932 I/sysui_multi_action( 2372): [757,111,758,2]
12-01 03:58:43.932 I/notification_enqueue( 1525): [10080,2372,com.android.systemui,2048,NULL,0,Notification(channel=updateNotification shortcut=null contentView=null vibrate=null sound=null defaults=0x0 flags=0x0 color=0x00000000 vis=PRIVATE),1]
12-01 03:58:43.932 I/sysui_multi_action( 2372): [757,111,758,2]
12-01 03:58:43.936 I/sysui_multi_action( 2372): [757,111,758,1]
12-01 03:58:43.936 I/sysui_multi_action( 2372): [757,126,758,1,759,126,927,0,928,1,1593,1]
12-01 03:58:43.936 I/sysui_multi_action( 2372): [757,113,758,1,759,113,927,1,928,1,1593,1]
12-01 03:58:43.936 I/sysui_multi_action( 2372): [757,0,758,1,759,0,927,2,928,0,1593,1]
12-01 03:58:43.936 I/sysui_multi_action( 2372): [757,0,758,1,759,0,927,3,928,0,1593,1]
12-01 03:58:43.936 I/sysui_multi_action( 2372): [757,491,758,1,759,491,927,4,928,0,1311,-1,1593,0]
12-01 03:58:43.936 I/sysui_multi_action( 2372): [757,0,758,1,759,0,927,5,928,0,1593,0]
12-01 03:58:43.936 I/sysui_multi_action( 2372): [757,111,758,1]
12-01 03:58:43.936 I/sysui_multi_action( 2372): [757,126,758,1,759,126,927,0,928,1,1593,1]
12-01 03:58:43.936 I/sysui_multi_action( 2372): [757,113,758,1,759,113,927,1,928,1,1593,1]
12-01 03:58:43.937 I/sysui_multi_action( 2372): [757,0,758,1,759,0,927,2,928,0,1593,1]
12-01 03:58:43.937 I/sysui_multi_action( 2372): [757,0,758,1,759,0,927,3,928,0,1593,1]
12-01 03:58:43.938 W/View ( 2372): requestLayout() improperly called by android.widget.TextView{b3e1c15 V.ED..... ..S...ID 0,27-148,54 #7f0b00a4 app:id/app_label} during layout: running second layout pass
12-01 03:58:43.938 W/View ( 2372): requestLayout() improperly called by com.android.systemui.util.animation.UniqueObjectHostView{af0c01e V.E...... ......ID 0,0-636,344} during layout: running second layout pass
12-01 03:58:43.942 W/View ( 2372): requestLayout() improperly called by android.widget.TextView{b3e1c15 V.ED..... ..S..... 0,27-148,54 #7f0b00a4 app:id/app_label} during second layout pass: posting in next frame
12-01 03:58:43.943 D/InterruptionStateProvider( 2372): No bubble up: not allowed to bubble: 0|com.android.systemui|2048|null|10080
12-01 03:58:43.944 D/InterruptionStateProvider( 2372): No heads up: unimportant notification: 0|com.android.systemui|2048|null|10080
12-01 03:58:43.945 I/GameModeConfig( 1525): isGameModeOn = false
12-01 03:58:43.945 E/NotificationService( 1525): Muting recently noisy 0|com.android.systemui|2048|null|10080
12-01 03:58:43.945 D/PeopleSpaceWidgetMgr( 2372): Sbn doesn't contain valid PeopleTileKey: null/0/com.android.systemui
12-01 03:58:43.947 I/GameModeConfig( 1525): isGameModeOn = false
12-01 03:58:43.947 I/GameModeConfig( 1525): isGameModeOn = false
12-01 03:58:43.947 I/GameModeConfig( 1525): isGameModeOn = false
12-01 03:58:43.947 I/GameModeConfig( 1525): isGameModeOn = false
12-01 03:58:43.948 I/sysui_multi_action( 2372): [757,111,758,2]
12-01 03:58:43.948 I/notification_enqueue( 1525): [10080,2372,com.android.systemui,2048,NULL,0,Notification(channel=updateNotification shortcut=null contentView=null vibrate=null sound=null defaults=0x0 flags=0x0 color=0x00000000 vis=PRIVATE),1]
12-01 03:58:43.948 I/sysui_multi_action( 2372): [757,111,758,2]
12-01 03:58:43.949 V/GameMode_GameTypeUtils( 4299): judge isGame:com.thundercomm.screensaver
12-01 03:58:43.949 E/GameMode_GameModeNotificationListenerService( 4299): title :content :,PackageName:com.android.systemui,isGameModeOn:false,isBulletScreenOn:false,isBulletScreenPackage:false
12-01 03:58:43.951 I/sysui_multi_action( 2372): [757,111,758,1]
12-01 03:58:43.951 I/sysui_multi_action( 2372): [757,126,758,1,759,126,927,0,928,1,1593,1]
12-01 03:58:43.951 I/sysui_multi_action( 2372): [757,113,758,1,759,113,927,1,928,1,1593,1]
12-01 03:58:43.952 I/sysui_multi_action( 2372): [757,0,758,1,759,0,927,2,928,0,1593,1]
12-01 03:58:43.952 I/sysui_multi_action( 2372): [757,0,758,1,759,0,927,3,928,0,1593,1]
12-01 03:58:43.952 I/sysui_multi_action( 2372): [757,491,758,1,759,491,927,4,928,0,1311,-1,1593,0]
12-01 03:58:43.952 I/sysui_multi_action( 2372): [757,0,758,1,759,0,927,5,928,0,1593,0]
12-01 03:58:43.952 I/sysui_multi_action( 2372): [757,111,758,1]
12-01 03:58:43.952 I/sysui_multi_action( 2372): [757,126,758,1,759,126,927,0,928,1,1593,1]
12-01 03:58:43.952 I/sysui_multi_action( 2372): [757,113,758,1,759,113,927,1,928,1,1593,1]
12-01 03:58:43.952 I/sysui_multi_action( 2372): [757,0,758,1,759,0,927,2,928,0,1593,1]
12-01 03:58:43.952 I/sysui_multi_action( 2372): [757,0,758,1,759,0,927,3,928,0,1593,1]
12-01 03:58:43.954 W/View ( 2372): requestLayout() improperly called by android.widget.TextView{b3e1c15 V.ED..... ..S...ID 0,27-148,54 #7f0b00a4 app:id/app_label} during layout: running second layout pass
12-01 03:58:43.954 W/View ( 2372): requestLayout() improperly called by com.android.systemui.util.animation.UniqueObjectHostView{af0c01e V.E...... ......ID 0,0-636,344} during layout: running second layout pass
12-01 03:58:43.957 W/View ( 2372): requestLayout() improperly called by android.widget.TextView{b3e1c15 V.ED..... ..S..... 0,27-148,54 #7f0b00a4 app:id/app_label} during second layout pass: posting in next frame
12-01 03:58:43.959 D/InterruptionStateProvider( 2372): No bubble up: not allowed to bubble: 0|com.android.systemui|2048|null|10080
12-01 03:58:43.959 D/InterruptionStateProvider( 2372): No heads up: unimportant notification: 0|com.android.systemui|2048|null|10080
12-01 03:58:43.960 D/PeopleSpaceWidgetMgr( 2372): Sbn doesn't contain valid PeopleTileKey: null/0/com.android.systemui
12-01 03:58:43.962 I/GameModeConfig( 1525): isGameModeOn = false
12-01 03:58:43.962 E/NotificationService( 1525): Muting recently noisy 0|com.android.systemui|2048|null|10080
12-01 03:58:43.963 I/sysui_multi_action( 2372): [757,111,758,2]
12-01 03:58:43.963 I/sysui_multi_action( 2372): [757,111,758,2]
12-01 03:58:43.964 I/notification_enqueue( 1525): [10080,2372,com.android.systemui,2048,NULL,0,Notification(channel=updateNotification shortcut=null contentView=null vibrate=null sound=null defaults=0x0 flags=0x0 color=0x00000000 vis=PRIVATE),1]
12-01 03:58:43.964 I/GameModeConfig( 1525): isGameModeOn = false
12-01 03:58:43.965 I/GameModeConfig( 1525): isGameModeOn = false
12-01 03:58:43.965 I/GameModeConfig( 1525): isGameModeOn = false
12-01 03:58:43.965 I/GameModeConfig( 1525): isGameModeOn = false
12-01 03:58:43.966 V/GameMode_GameTypeUtils( 4299): judge isGame:com.thundercomm.screensaver
12-01 03:58:43.966 E/GameMode_GameModeNotificationListenerService( 4299): title :content :,PackageName:com.android.systemui,isGameModeOn:false,isBulletScreenOn:false,isBulletScreenPackage:false
12-01 03:58:43.967 I/sysui_multi_action( 2372): [757,111,758,1]
12-01 03:58:43.967 I/sysui_multi_action( 2372): [757,126,758,1,759,126,927,0,928,1,1593,1]
12-01 03:58:43.967 I/sysui_multi_action( 2372): [757,113,758,1,759,113,927,1,928,1,1593,1]
12-01 03:58:43.967 I/sysui_multi_action( 2372): [757,0,758,1,759,0,927,2,928,0,1593,1]
12-01 03:58:43.967 I/sysui_multi_action( 2372): [757,0,758,1,759,0,927,3,928,0,1593,1]
12-01 03:58:43.967 I/sysui_multi_action( 2372): [757,491,758,1,759,491,927,4,928,0,1311,-1,1593,0]
12-01 03:58:43.967 I/sysui_multi_action( 2372): [757,0,758,1,759,0,927,5,928,0,1593,0]
12-01 03:58:43.967 I/sysui_multi_action( 2372): [757,111,758,1]
12-01 03:58:43.967 I/sysui_multi_action( 2372): [757,126,758,1,759,126,927,0,928,1,1593,1]
12-01 03:58:43.967 I/sysui_multi_action( 2372): [757,113,758,1,759,113,927,1,928,1,1593,1]
12-01 03:58:43.967 I/sysui_multi_action( 2372): [757,0,758,1,759,0,927,2,928,0,1593,1]
12-01 03:58:43.968 I/sysui_multi_action( 2372): [757,0,758,1,759,0,927,3,928,0,1593,1]
12-01 03:58:43.969 W/View ( 2372): requestLayout() improperly called by android.widget.TextView{b3e1c15 V.ED..... ..S...ID 0,27-148,54 #7f0b00a4 app:id/app_label} during layout: running second layout pass
12-01 03:58:43.969 W/View ( 2372): requestLayout() improperly called by com.android.systemui.util.animation.UniqueObjectHostView{af0c01e V.E...... ......ID 0,0-636,344} during layout: running second layout pass
12-01 03:58:43.973 W/View ( 2372): requestLayout() improperly called by android.widget.TextView{b3e1c15 V.ED..... ..S..... 0,27-148,54 #7f0b00a4 app:id/app_label} during second layout pass: posting in next frame
12-01 03:58:43.974 D/InterruptionStateProvider( 2372): No bubble up: not allowed to bubble: 0|com.android.systemui|2048|null|10080
12-01 03:58:43.974 D/InterruptionStateProvider( 2372): No heads up: unimportant notification: 0|com.android.systemui|2048|null|10080
12-01 03:58:43.976 D/PeopleSpaceWidgetMgr( 2372): Sbn doesn't contain valid PeopleTileKey: null/0/com.android.systemui
12-01 03:58:43.978 I/GameModeConfig( 1525): isGameModeOn = false
12-01 03:58:43.978 I/GameModeConfig( 1525): isGameModeOn = false
12-01 03:58:43.978 I/GameModeConfig( 1525): isGameModeOn = false
12-01 03:58:43.978 I/GameModeConfig( 1525): isGameModeOn = false
12-01 03:58:43.979 I/sysui_multi_action( 2372): [757,111,758,2]
12-01 03:58:43.979 I/sysui_multi_action( 2372): [757,111,758,2]
12-01 03:58:43.979 I/GameModeConfig( 1525): isGameModeOn = false
12-01 03:58:43.979 E/NotificationService( 1525): Muting recently noisy 0|com.android.systemui|2048|null|10080
12-01 03:58:43.980 I/notification_enqueue( 1525): [10080,2372,com.android.systemui,2048,NULL,0,Notification(channel=updateNotification shortcut=null contentView=null vibrate=null sound=null defaults=0x0 flags=0x0 color=0x00000000 vis=PRIVATE),1]
12-01 03:58:43.982 V/GameMode_GameTypeUtils( 4299): judge isGame:com.thundercomm.screensaver
12-01 03:58:43.982 E/GameMode_GameModeNotificationListenerService( 4299): title :content :,PackageName:com.android.systemui,isGameModeOn:false,isBulletScreenOn:false,isBulletScreenPackage:false
12-01 03:58:43.983 I/sysui_multi_action( 2372): [757,111,758,1]
12-01 03:58:43.983 I/sysui_multi_action( 2372): [757,126,758,1,759,126,927,0,928,1,1593,1]
12-01 03:58:43.983 I/sysui_multi_action( 2372): [757,113,758,1,759,113,927,1,928,1,1593,1]
12-01 03:58:43.983 I/sysui_multi_action( 2372): [757,0,758,1,759,0,927,2,928,0,1593,1]
12-01 03:58:43.983 I/sysui_multi_action( 2372): [757,0,758,1,759,0,927,3,928,0,1593,1]
12-01 03:58:43.983 I/sysui_multi_action( 2372): [757,491,758,1,759,491,927,4,928,0,1311,-1,1593,0]
12-01 03:58:43.983 I/sysui_multi_action( 2372): [757,0,758,1,759,0,927,5,928,0,1593,0]
12-01 03:58:43.983 I/sysui_multi_action( 2372): [757,111,758,1]
12-01 03:58:43.983 I/sysui_multi_action( 2372): [757,126,758,1,759,126,927,0,928,1,1593,1]
12-01 03:58:43.984 I/sysui_multi_action( 2372): [757,113,758,1,759,113,927,1,928,1,1593,1]
12-01 03:58:43.984 I/sysui_multi_action( 2372): [757,0,758,1,759,0,927,2,928,0,1593,1]
12-01 03:58:43.984 I/sysui_multi_action( 2372): [757,0,758,1,759,0,927,3,928,0,1593,1]
12-01 03:58:43.986 W/View ( 2372): requestLayout() improperly called by android.widget.TextView{b3e1c15 V.ED..... ..S...ID 0,27-148,54 #7f0b00a4 app:id/app_label} during layout: running second layout pass
12-01 03:58:43.986 W/View ( 2372): requestLayout() improperly called by com.android.systemui.util.animation.UniqueObjectHostView{af0c01e V.E...... ......ID 0,0-636,344} during layout: running second layout pass
12-01 03:58:43.989 W/View ( 2372): requestLayout() improperly called by android.widget.TextView{b3e1c15 V.ED..... ..S..... 0,27-148,54 #7f0b00a4 app:id/app_label} during second layout pass: posting in next frame
12-01 03:58:43.990 D/InterruptionStateProvider( 2372): No bubble up: not allowed to bubble: 0|com.android.systemui|2048|null|10080
12-01 03:58:43.991 D/InterruptionStateProvider( 2372): No heads up: unimportant notification: 0|com.android.systemui|2048|null|10080
12-01 03:58:43.992 D/PeopleSpaceWidgetMgr( 2372): Sbn doesn't contain valid PeopleTileKey: null/0/com.android.systemui
12-01 03:58:43.994 I/GameModeConfig( 1525): isGameModeOn = false
12-01 03:58:43.994 I/GameModeConfig( 1525): isGameModeOn = false
12-01 03:58:43.995 I/GameModeConfig( 1525): isGameModeOn = false
12-01 03:58:43.995 I/GameModeConfig( 1525): isGameModeOn = false
12-01 03:58:43.996 I/GameModeConfig( 1525): isGameModeOn = false
12-01 03:58:43.996 E/NotificationService( 1525): Muting recently noisy 0|com.android.systemui|2048|null|10080
12-01 03:58:43.997 I/sysui_multi_action( 2372): [757,111,758,2]
12-01 03:58:43.997 I/sysui_multi_action( 2372): [757,111,758,2]
12-01 03:58:43.997 I/notification_enqueue( 1525): [10080,2372,com.android.systemui,2048,NULL,0,Notification(channel=updateNotification shortcut=null contentView=null vibrate=null sound=null defaults=0x0 flags=0x0 color=0x00000000 vis=PRIVATE),1]
12-01 03:58:43.998 V/GameMode_GameTypeUtils( 4299): judge isGame:com.thundercomm.screensaver
12-01 03:58:43.999 E/GameMode_GameModeNotificationListenerService( 4299): title :content :,PackageName:com.android.systemui,isGameModeOn:false,isBulletScreenOn:false,isBulletScreenPackage:false
12-01 03:58:44.013 I/GameModeConfig( 1525): isGameModeOn = false
12-01 03:58:44.013 E/NotificationService( 1525): Muting recently noisy 0|com.android.systemui|2048|null|10080
12-01 03:58:44.013 I/sysui_multi_action( 2372): [757,111,758,1]
12-01 03:58:44.013 I/sysui_multi_action( 2372): [757,126,758,1,759,126,927,0,928,1,1593,1]
12-01 03:58:44.013 I/sysui_multi_action( 2372): [757,113,758,1,759,113,927,1,928,1,1593,1]
12-01 03:58:44.013 I/sysui_multi_action( 2372): [757,0,758,1,759,0,927,2,928,0,1593,1]
12-01 03:58:44.013 I/sysui_multi_action( 2372): [757,0,758,1,759,0,927,3,928,0,1593,1]
12-01 03:58:44.014 I/sysui_multi_action( 2372): [757,491,758,1,759,491,927,4,928,0,1311,-1,1593,0]
12-01 03:58:44.014 I/sysui_multi_action( 2372): [757,0,758,1,759,0,927,5,928,0,1593,0]
12-01 03:58:44.014 I/sysui_multi_action( 2372): [757,111,758,1]
12-01 03:58:44.014 I/sysui_multi_action( 2372): [757,126,758,1,759,126,927,0,928,1,1593,1]
12-01 03:58:44.014 I/sysui_multi_action( 2372): [757,113,758,1,759,113,927,1,928,1,1593,1]
12-01 03:58:44.014 I/sysui_multi_action( 2372): [757,0,758,1,759,0,927,2,928,0,1593,1]
12-01 03:58:44.014 I/sysui_multi_action( 2372): [757,0,758,1,759,0,927,3,928,0,1593,1]
12-01 03:58:44.016 W/View ( 2372): requestLayout() improperly called by android.widget.TextView{b3e1c15 V.ED..... ..S...ID 0,27-148,54 #7f0b00a4 app:id/app_label} during layout: running second layout pass
12-01 03:58:44.016 W/View ( 2372): requestLayout() improperly called by com.android.systemui.util.animation.UniqueObjectHostView{af0c01e V.E...... ......ID 0,0-636,344} during layout: running second layout pass
12-01 03:58:44.016 V/GameMode_GameTypeUtils( 4299): judge isGame:com.thundercomm.screensaver
12-01 03:58:44.016 E/GameMode_GameModeNotificationListenerService( 4299): title :content :,PackageName:com.android.systemui,isGameModeOn:false,isBulletScreenOn:false,isBulletScreenPackage:false
12-01 03:58:44.019 W/View ( 2372): requestLayout() improperly called by android.widget.TextView{b3e1c15 V.ED..... ..S...ID 0,27-148,54 #7f0b00a4 app:id/app_label} during second layout pass: posting in next frame
12-01 03:58:44.020 D/InterruptionStateProvider( 2372): No bubble up: not allowed to bubble: 0|com.android.systemui|2048|null|10080
12-01 03:58:44.021 D/InterruptionStateProvider( 2372): No heads up: unimportant notification: 0|com.android.systemui|2048|null|10080
12-01 03:58:44.023 D/PeopleSpaceWidgetMgr( 2372): Sbn doesn't contain valid PeopleTileKey: null/0/com.android.systemui
12-01 03:58:44.024 I/GameModeConfig( 1525): isGameModeOn = false
12-01 03:58:44.025 I/GameModeConfig( 1525): isGameModeOn = false
12-01 03:58:44.025 I/GameModeConfig( 1525): isGameModeOn = false
12-01 03:58:44.025 I/GameModeConfig( 1525): isGameModeOn = false
12-01 03:58:44.026 I/sysui_multi_action( 2372): [757,111,758,2]
12-01 03:58:44.026 I/notification_enqueue( 1525): [10080,2372,com.android.systemui,2048,NULL,0,Notification(channel=updateNotification shortcut=null contentView=null vibrate=null sound=null defaults=0x0 flags=0x0 color=0x00000000 vis=PRIVATE),1]
12-01 03:58:44.026 I/sysui_multi_action( 2372): [757,111,758,2]
12-01 03:58:44.029 D/StatusBar( 2372): disable disable2
12-01 03:58:44.030 I/BpBinder( 979): onLastStrongRef automatically unlinking death recipients:
12-01 03:58:44.036 I/GameModeConfig( 1525): isGameModeOn = false
12-01 03:58:44.036 E/NotificationService( 1525): Muting recently noisy 0|com.android.systemui|2048|null|10080
12-01 03:58:44.036 I/sysui_multi_action( 1525): [757,128,758,2,793,266640,794,4148,795,266640,796,26,798,0,806,android,857,DEVELOPER_IMPORTANT,858,4,947,0,1395,2,1500,266434,1688,1]
12-01 03:58:44.036 I/notification_visibility( 1525): [-1|android|26|null|1000,0,266640,266640,0,0]
12-01 03:58:44.037 I/sysui_multi_action( 1525): [757,128,758,2,793,315208,794,4147,795,315208,796,32,798,1,806,android,857,USB,858,1,947,0,1395,2,1500,315004,1688,1]
12-01 03:58:44.037 I/notification_visibility( 1525): [-1|android|32|null|1000,0,315208,315208,0,1]
12-01 03:58:44.037 I/sysui_multi_action( 1525): [757,127,758,2]
12-01 03:58:44.038 I/notification_panel_hidden( 1525):
12-01 03:58:44.038 I/sysui_multi_action( 2372): [757,111,758,1]
12-01 03:58:44.038 I/sysui_multi_action( 2372): [757,126,758,1,759,126,927,0,928,1,1593,1]
12-01 03:58:44.038 I/sysui_multi_action( 2372): [757,113,758,1,759,113,927,1,928,1,1593,1]
12-01 03:58:44.038 I/sysui_multi_action( 2372): [757,0,758,1,759,0,927,2,928,0,1593,1]
12-01 03:58:44.038 I/sysui_multi_action( 2372): [757,0,758,1,759,0,927,3,928,0,1593,1]
12-01 03:58:44.038 I/sysui_multi_action( 2372): [757,491,758,1,759,491,927,4,928,0,1311,-1,1593,0]
12-01 03:58:44.038 I/sysui_multi_action( 2372): [757,0,758,1,759,0,927,5,928,0,1593,0]
12-01 03:58:44.038 I/sysui_multi_action( 2372): [757,111,758,1]
12-01 03:58:44.038 I/sysui_multi_action( 2372): [757,126,758,1,759,126,927,0,928,1,1593,1]
12-01 03:58:44.038 I/sysui_multi_action( 2372): [757,113,758,1,759,113,927,1,928,1,1593,1]
12-01 03:58:44.038 I/sysui_multi_action( 2372): [757,0,758,1,759,0,927,2,928,0,1593,1]
12-01 03:58:44.038 V/GameMode_GameTypeUtils( 4299): judge isGame:com.thundercomm.screensaver
12-01 03:58:44.038 I/sysui_multi_action( 2372): [757,0,758,1,759,0,927,3,928,0,1593,1]
12-01 03:58:44.039 E/GameMode_GameModeNotificationListenerService( 4299): title :content :,PackageName:com.android.systemui,isGameModeOn:false,isBulletScreenOn:false,isBulletScreenPackage:false
12-01 03:58:44.040 W/View ( 2372): requestLayout() improperly called by android.widget.TextView{b3e1c15 V.ED..... ..S...ID 0,27-148,54 #7f0b00a4 app:id/app_label} during layout: running second layout pass
12-01 03:58:44.040 W/View ( 2372): requestLayout() improperly called by com.android.systemui.util.animation.UniqueObjectHostView{af0c01e V.E...... ......ID 0,0-636,344} during layout: running second layout pass
12-01 03:58:44.045 I/GameModeConfig( 1525): isGameModeOn = false
12-01 03:58:44.045 E/NotificationService( 1525): Muting recently noisy 0|com.android.systemui|2048|null|10080
12-01 03:58:44.047 V/GameMode_GameTypeUtils( 4299): judge isGame:com.thundercomm.screensaver
12-01 03:58:44.047 E/GameMode_GameModeNotificationListenerService( 4299): title :content :,PackageName:com.android.systemui,isGameModeOn:false,isBulletScreenOn:false,isBulletScreenPackage:false
12-01 03:58:44.052 W/View ( 2372): requestLayout() improperly called by android.widget.TextView{b3e1c15 V.ED..... ..S...ID 0,27-148,54 #7f0b00a4 app:id/app_label} during second layout pass: posting in next frame
12-01 03:58:44.052 D/audio_hw_primary( 797): out_set_parameters: enter: usecase(1: low-latency-playback) kvpairs: suspend_playback=false
12-01 03:58:44.052 D/audio_hw_extn( 797): audio_extn_fm_set_parameters: Enter
12-01 03:58:44.052 W/audio_hw_primary( 797): out_write: underrun(19) frames_by_time(48096) > out->last_fifo_frames_remaining(384)
12-01 03:58:44.053 D/InterruptionStateProvider( 2372): No bubble up: not allowed to bubble: 0|com.android.systemui|2048|null|10080
12-01 03:58:44.053 D/InterruptionStateProvider( 2372): No heads up: unimportant notification: 0|com.android.systemui|2048|null|10080
12-01 03:58:44.056 D/PeopleSpaceWidgetMgr( 2372): Sbn doesn't contain valid PeopleTileKey: null/0/com.android.systemui
12-01 03:58:44.062 W/View ( 2372): requestLayout() improperly called by android.widget.TextView{b3e1c15 V.ED..... ..S...ID 0,27-148,54 #7f0b00a4 app:id/app_label} during second layout pass: posting in next frame
12-01 03:58:44.063 D/InterruptionStateProvider( 2372): No bubble up: not allowed to bubble: 0|com.android.systemui|2048|null|10080
12-01 03:58:44.063 D/InterruptionStateProvider( 2372): No heads up: unimportant notification: 0|com.android.systemui|2048|null|10080
12-01 03:58:44.066 D/PeopleSpaceWidgetMgr( 2372): Sbn doesn't contain valid PeopleTileKey: null/0/com.android.systemui
12-01 03:58:44.066 V/KeyguardUpdateMonitor( 2372): *** unregister callback for com.android.keyguard.CarrierTextManager$2@48c902f
12-01 03:58:44.071 I/GameModeConfig( 1525): isGameModeOn = false
12-01 03:58:44.071 E/NotificationService( 1525): Muting recently noisy 0|com.android.systemui|2048|null|10080
12-01 03:58:44.072 D/InterruptionStateProvider( 2372): No bubble up: not allowed to bubble: 0|com.android.systemui|2048|null|10080
12-01 03:58:44.072 D/InterruptionStateProvider( 2372): No heads up: unimportant notification: 0|com.android.systemui|2048|null|10080
12-01 03:58:44.072 V/GameMode_GameTypeUtils( 4299): judge isGame:com.thundercomm.screensaver
12-01 03:58:44.072 E/GameMode_GameModeNotificationListenerService( 4299): title :content :,PackageName:com.android.systemui,isGameModeOn:false,isBulletScreenOn:false,isBulletScreenPackage:false
12-01 03:58:44.075 D/PeopleSpaceWidgetMgr( 2372): Sbn doesn't contain valid PeopleTileKey: null/0/com.android.systemui
12-01 03:58:44.075 D/InterruptionStateProvider( 2372): No bubble up: not allowed to bubble: 0|com.android.systemui|2048|null|10080
12-01 03:58:44.075 D/InterruptionStateProvider( 2372): No heads up: unimportant notification: 0|com.android.systemui|2048|null|10080
12-01 03:58:44.078 D/PeopleSpaceWidgetMgr( 2372): Sbn doesn't contain valid PeopleTileKey: null/0/com.android.systemui
12-01 03:58:44.078 I/GameModeConfig( 1525): isGameModeOn = false
12-01 03:58:44.079 E/NotificationService( 1525): Muting recently noisy 0|com.android.systemui|2048|null|10080
12-01 03:58:44.081 V/GameMode_GameTypeUtils( 4299): judge isGame:com.thundercomm.screensaver
12-01 03:58:44.081 E/GameMode_GameModeNotificationListenerService( 4299): title :content :,PackageName:com.android.systemui,isGameModeOn:false,isBulletScreenOn:false,isBulletScreenPackage:false
12-01 03:58:44.085 D/InterruptionStateProvider( 2372): No bubble up: not allowed to bubble: 0|com.android.systemui|2048|null|10080
12-01 03:58:44.085 D/InterruptionStateProvider( 2372): No heads up: unimportant notification: 0|com.android.systemui|2048|null|10080
12-01 03:58:44.088 D/PeopleSpaceWidgetMgr( 2372): Sbn doesn't contain valid PeopleTileKey: null/0/com.android.systemui
12-01 03:58:44.093 D/audio_hw_primary( 797): out_set_parameters: enter: usecase(1: low-latency-playback) kvpairs: suspend_playback=true
12-01 03:58:44.093 D/audio_hw_extn( 797): audio_extn_fm_set_parameters: Enter
12-01 03:58:44.095 I/mpu_uart( 646): [MSG-P:RECV]:No message received in 1000 ms
12-01 03:58:44.101 I/GameModeConfig( 1525): isGameModeOn = false
12-01 03:58:44.101 E/NotificationService( 1525): Muting recently noisy 0|com.android.systemui|2048|null|10080
12-01 03:58:44.103 D/InterruptionStateProvider( 2372): No bubble up: not allowed to bubble: 0|com.android.systemui|2048|null|10080
12-01 03:58:44.103 D/InterruptionStateProvider( 2372): No heads up: unimportant notification: 0|com.android.systemui|2048|null|10080
12-01 03:58:44.103 V/GameMode_GameTypeUtils( 4299): judge isGame:com.thundercomm.screensaver
12-01 03:58:44.103 E/GameMode_GameModeNotificationListenerService( 4299): title :content :,PackageName:com.android.systemui,isGameModeOn:false,isBulletScreenOn:false,isBulletScreenPackage:false
12-01 03:58:44.107 D/PeopleSpaceWidgetMgr( 2372): Sbn doesn't contain valid PeopleTileKey: null/0/com.android.systemui
12-01 03:58:44.117 I/GameModeConfig( 1525): isGameModeOn = false
12-01 03:58:44.118 E/NotificationService( 1525): Muting recently noisy 0|com.android.systemui|2048|null|10080
12-01 03:58:44.120 V/GameMode_GameTypeUtils( 4299): judge isGame:com.thundercomm.screensaver
12-01 03:58:44.120 E/GameMode_GameModeNotificationListenerService( 4299): title :content :,PackageName:com.android.systemui,isGameModeOn:false,isBulletScreenOn:false,isBulletScreenPackage:false
12-01 03:58:44.121 D/InterruptionStateProvider( 2372): No bubble up: not allowed to bubble: 0|com.android.systemui|2048|null|10080
12-01 03:58:44.121 D/InterruptionStateProvider( 2372): No heads up: unimportant notification: 0|com.android.systemui|2048|null|10080
12-01 03:58:44.126 D/PeopleSpaceWidgetMgr( 2372): Sbn doesn't contain valid PeopleTileKey: null/0/com.android.systemui
12-01 03:58:44.134 I/GameModeConfig( 1525): isGameModeOn = false
12-01 03:58:44.134 E/NotificationService( 1525): Muting recently noisy 0|com.android.systemui|2048|null|10080
12-01 03:58:44.137 V/GameMode_GameTypeUtils( 4299): judge isGame:com.thundercomm.screensaver
12-01 03:58:44.137 E/GameMode_GameModeNotificationListenerService( 4299): title :content :,PackageName:com.android.systemui,isGameModeOn:false,isBulletScreenOn:false,isBulletScreenPackage:false
12-01 03:58:44.140 D/InterruptionStateProvider( 2372): No bubble up: not allowed to bubble: 0|com.android.systemui|2048|null|10080
12-01 03:58:44.140 D/InterruptionStateProvider( 2372): No heads up: unimportant notification: 0|com.android.systemui|2048|null|10080
12-01 03:58:44.146 D/PeopleSpaceWidgetMgr( 2372): Sbn doesn't contain valid PeopleTileKey: null/0/com.android.systemui
12-01 03:58:44.150 I/GameModeConfig( 1525): isGameModeOn = false
12-01 03:58:44.151 E/NotificationService( 1525): Muting recently noisy 0|com.android.systemui|2048|null|10080
12-01 03:58:44.154 V/GameMode_GameTypeUtils( 4299): judge isGame:com.thundercomm.screensaver
12-01 03:58:44.154 E/GameMode_GameModeNotificationListenerService( 4299): title :content :,PackageName:com.android.systemui,isGameModeOn:false,isBulletScreenOn:false,isBulletScreenPackage:false
12-01 03:58:44.156 D/InterruptionStateProvider( 2372): No bubble up: not allowed to bubble: 0|com.android.systemui|2048|null|10080
12-01 03:58:44.157 D/InterruptionStateProvider( 2372): No heads up: unimportant notification: 0|com.android.systemui|2048|null|10080
12-01 03:58:44.163 D/PeopleSpaceWidgetMgr( 2372): Sbn doesn't contain valid PeopleTileKey: null/0/com.android.systemui
12-01 03:58:44.165 I/GameModeConfig( 1525): isGameModeOn = false
12-01 03:58:44.166 E/NotificationService( 1525): Muting recently noisy 0|com.android.systemui|2048|null|10080
12-01 03:58:44.168 V/GameMode_GameTypeUtils( 4299): judge isGame:com.thundercomm.screensaver
12-01 03:58:44.168 E/GameMode_GameModeNotificationListenerService( 4299): title :content :,PackageName:com.android.systemui,isGameModeOn:false,isBulletScreenOn:false,isBulletScreenPackage:false
