12-01 03:57:59.188 D/LOWI-9.0.0.87.a( 1373): [LOWI-Scan] BSS 18:6f:2d:81:18:53 FREQ: 5260, cFreq1[40:80:160] = [5260:0:0] cFreq2 = 0 Country Code = CN
12-01 03:57:59.188 D/LOWI-9.0.0.87.a( 1373): [LOWI-Scan] BSS 18:6f:2d:81:18:53 (wlan0) ASSO: NO AddInfo: 0x0, TSF 0, 00:04:58.635, RSSI: -160, CPL: 127, AGE: 624, SSID Fanya, TSFDelta: 0xd86a1129, TXRate: 0
12-01 03:57:59.188 D/LOWI-9.0.0.87.a( 1373): [LOWI-Scan]
12-01 03:57:59.188 D/LOWI-9.0.0.87.a( 1373): [LOWI-Scan] print_bss_handler: Report beacon TSF 298745602 as it greater than probe TSF 298699108
12-01 03:57:59.188 D/LOWI-9.0.0.87.a( 1373): [LOWI-Scan] decode_rsn_wpa_ie: LOWI_ENCRYPTION_TYPE_WPA_PSK
12-01 03:57:59.188 D/LOWI-9.0.0.87.a( 1373): [LOWI-Scan] is_qcom_ie, bss_age: 0
12-01 03:57:59.188 D/LOWI-9.0.0.87.a( 1373): [LOWI-Scan] BSS 18:6f:2d:80:dd:75 LOWI_PHY_MODE_11AC_VHT20(8), Beacon Interval: 100, LOWI_ENCRYPTION_TYPE_WPA_PSK 11mcRanging: No, ANQP: No, LCI: No, Civic: No, capability(0x0111): ESS Privacy SpectrumMgmt
12-01 03:57:59.188 D/LOWI-9.0.0.87.a( 1373): [LOWI-Scan] BSS 18:6f:2d:80:dd:75 FREQ: 5280, cFreq1[40:80:160] = [5280:0:0] cFreq2 = 0 Country Code = CN
12-01 03:57:59.188 D/LOWI-9.0.0.87.a( 1373): [LOWI-Scan] BSS 18:6f:2d:80:dd:75 (wlan0) ASSO: NO AddInfo: 0x1, TSF 0, 00:04:58.745, RSSI: -134, CPL: 127, AGE: 512, SSID GM, TSFDelta: 0xd7d45b27, TXRate: 0
12-01 03:57:59.188 D/LOWI-9.0.0.87.a( 1373): [LOWI-Scan]
12-01 03:57:59.188 D/LOWI-9.0.0.87.a( 1373): [LOWI-Scan] print_bss_handler: Report beacon TSF 298725264 as it greater than probe TSF 298695591
12-01 03:57:59.188 D/LOWI-9.0.0.87.a( 1373): [LOWI-Scan] decode_rsn_wpa_ie: LOWI_ENCRYPTION_TYPE_WPA_PSK
12-01 03:57:59.188 D/LOWI-9.0.0.87.a( 1373): [LOWI-Scan] is_qcom_ie, bss_age: 0
12-01 03:57:59.188 D/LOWI-9.0.0.87.a( 1373): [LOWI-Scan] BSS 18:6f:2d:81:16:f0 LOWI_PHY_MODE_11AC_VHT20(8), Beacon Interval: 100, LOWI_ENCRYPTION_TYPE_WPA_PSK 11mcRanging: No, ANQP: No, LCI: No, Civic: No, capability(0x0111): ESS Privacy SpectrumMgmt
12-01 03:57:59.188 D/LOWI-9.0.0.87.a( 1373): [LOWI-Scan] BSS 18:6f:2d:81:16:f0 FREQ: 5280, cFreq1[40:80:160] = [5280:0:0] cFreq2 = 0 Country Code = CN
12-01 03:57:59.188 D/LOWI-9.0.0.87.a( 1373): [LOWI-Scan] BSS 18:6f:2d:81:16:f0 (wlan0) ASSO: NO AddInfo: 0x1, TSF 0, 00:04:58.725, RSSI: -134, CPL: 127, AGE: 532, SSID Testing , TSFDelta: 0xd80f3e83, TXRate: 0
12-01 03:57:59.189 D/LOWI-9.0.0.87.a( 1373): [LOWI-Scan]
12-01 03:57:59.189 D/LOWI-9.0.0.87.a( 1373): [LOWI-Scan] print_bss_handler: Report beacon TSF 298743507 as it greater than probe TSF 298695541
12-01 03:57:59.189 D/LOWI-9.0.0.87.a( 1373): [LOWI-Scan] decode_rsn_wpa_ie: LOWI_ENCRYPTION_TYPE_WPA_PSK
12-01 03:57:59.189 D/LOWI-9.0.0.87.a( 1373): [LOWI-Scan] is_qcom_ie, bss_age: 0
12-01 03:57:59.189 D/LOWI-9.0.0.87.a( 1373): [LOWI-Scan] BSS 18:6f:2d:80:dd:70 LOWI_PHY_MODE_11AC_VHT20(8), Beacon Interval: 100, LOWI_ENCRYPTION_TYPE_WPA_PSK 11mcRanging: No, ANQP: No, LCI: No, Civic: No, capability(0x0111): ESS Privacy SpectrumMgmt
12-01 03:57:59.189 D/LOWI-9.0.0.87.a( 1373): [LOWI-Scan] BSS 18:6f:2d:80:dd:70 FREQ: 5280, cFreq1[40:80:160] = [5280:0:0] cFreq2 = 0 Country Code = CN
12-01 03:57:59.189 D/LOWI-9.0.0.87.a( 1373): [LOWI-Scan] BSS 18:6f:2d:80:dd:70 (wlan0) ASSO: NO AddInfo: 0x1, TSF 0, 00:04:58.743, RSSI: -132, CPL: 127, AGE: 516, SSID Testing , TSFDelta: 0xd7b5309e, TXRate: 0
12-01 03:57:59.189 D/LOWI-9.0.0.87.a( 1373): [LOWI-Scan]
12-01 03:57:59.189 D/LOWI-9.0.0.87.a( 1373): [LOWI-Scan] print_bss_handler: Report beacon TSF 298725318 as it greater than probe TSF 298695948
12-01 03:57:59.189 D/LOWI-9.0.0.87.a( 1373): [LOWI-Scan] is_qcom_ie, bss_age: 0
12-01 03:57:59.189 D/LOWI-9.0.0.87.a( 1373): [LOWI-Scan] BSS 18:6f:2d:81:16:f1 LOWI_PHY_MODE_11AC_VHT20(8), Beacon Interval: 100, LOWI_ENCRYPTION_TYPE_OPEN 11mcRanging: No, ANQP: No, LCI: No, Civic: No, capability(0x0101): ESS SpectrumMgmt
12-01 03:57:59.189 D/LOWI-9.0.0.87.a( 1373): [LOWI-Scan] BSS 18:6f:2d:81:16:f1 FREQ: 5280, cFreq1[40:80:160] = [5280:0:0] cFreq2 = 0 Country Code = CN
12-01 03:57:59.189 D/LOWI-9.0.0.87.a( 1373): [LOWI-Scan] BSS 18:6f:2d:81:16:f1 (wlan0) ASSO: NO AddInfo: 0x1, TSF 0, 00:04:58.725, RSSI: -132, CPL: 127, AGE: 532, SSID Guest, TSFDelta: 0xd814257c, TXRate: 0
12-01 03:57:59.189 D/LOWI-9.0.0.87.a( 1373): [LOWI-Scan]
12-01 03:57:59.189 D/LOWI-9.0.0.87.a( 1373): [LOWI-Scan] print_bss_handler: Report beacon TSF 298743948 as it greater than probe TSF 298696616
12-01 03:57:59.189 D/LOWI-9.0.0.87.a( 1373): [LOWI-Scan] is_qcom_ie, bss_age: 0
12-01 03:57:59.189 D/LOWI-9.0.0.87.a( 1373): [LOWI-Scan] BSS 18:6f:2d:80:dd:71 LOWI_PHY_MODE_11AC_VHT20(8), Beacon Interval: 100, LOWI_ENCRYPTION_TYPE_OPEN 11mcRanging: No, ANQP: No, LCI: No, Civic: No, capability(0x0101): ESS SpectrumMgmt
12-01 03:57:59.189 D/LOWI-9.0.0.87.a( 1373): [LOWI-Scan] BSS 18:6f:2d:80:dd:71 FREQ: 5280, cFreq1[40:80:160] = [5280:0:0] cFreq2 = 0 Country Code = CN
12-01 03:57:59.189 D/LOWI-9.0.0.87.a( 1373): [LOWI-Scan] BSS 18:6f:2d:80:dd:71 (wlan0) ASSO: NO AddInfo: 0x1, TSF 0, 00:04:58.743, RSSI: -134, CPL: 127, AGE: 516, SSID Guest, TSFDelta: 0xd7c1c3f5, TXRate: 0
12-01 03:57:59.190 D/LOWI-9.0.0.87.a( 1373): [LOWI-Scan]
12-01 03:57:59.190 D/LOWI-9.0.0.87.a( 1373): [LOWI-Scan] print_bss_handler: Report beacon TSF 298725624 as it greater than probe TSF 298696249
12-01 03:57:59.190 D/LOWI-9.0.0.87.a( 1373): [LOWI-Scan] decode_rsn_wpa_ie: LOWI_ENCRYPTION_TYPE_WPA_PSK
12-01 03:57:59.190 D/LOWI-9.0.0.87.a( 1373): [LOWI-Scan] is_qcom_ie, bss_age: 0
12-01 03:57:59.190 D/LOWI-9.0.0.87.a( 1373): [LOWI-Scan] BSS 18:6f:2d:81:16:f2 LOWI_PHY_MODE_11AC_VHT20(8), Beacon Interval: 100, LOWI_ENCRYPTION_TYPE_WPA_PSK 11mcRanging: No, ANQP: No, LCI: No, Civic: No, capability(0x0111): ESS Privacy SpectrumMgmt
12-01 03:57:59.190 D/LOWI-9.0.0.87.a( 1373): [LOWI-Scan] BSS 18:6f:2d:81:16:f2 FREQ: 5280, cFreq1[40:80:160] = [5280:0:0] cFreq2 = 0 Country Code = CN
12-01 03:57:59.190 D/LOWI-9.0.0.87.a( 1373): [LOWI-Scan] BSS 18:6f:2d:81:16:f2 (wlan0) ASSO: NO AddInfo: 0x1, TSF 0, 00:04:58.725, RSSI: -132, CPL: 127, AGE: 532, SSID ZXHY, TSFDelta: 0xd8166908, TXRate: 0
12-01 03:57:59.190 D/LOWI-9.0.0.87.a( 1373): [LOWI-Scan]
12-01 03:57:59.190 D/LOWI-9.0.0.87.a( 1373): [LOWI-Scan] print_bss_handler: Report beacon TSF 298744180 as it greater than probe TSF 298696946
12-01 03:57:59.190 D/LOWI-9.0.0.87.a( 1373): [LOWI-Scan] decode_rsn_wpa_ie: LOWI_ENCRYPTION_TYPE_WPA_PSK
12-01 03:57:59.190 D/LOWI-9.0.0.87.a( 1373): [LOWI-Scan] is_qcom_ie, bss_age: 0
12-01 03:57:59.190 D/LOWI-9.0.0.87.a( 1373): [LOWI-Scan] BSS 18:6f:2d:80:dd:72 LOWI_PHY_MODE_11AC_VHT20(8), Beacon Interval: 100, LOWI_ENCRYPTION_TYPE_WPA_PSK 11mcRanging: No, ANQP: No, LCI: No, Civic: No, capability(0x0111): ESS Privacy SpectrumMgmt
12-01 03:57:59.190 D/LOWI-9.0.0.87.a( 1373): [LOWI-Scan] BSS 18:6f:2d:80:dd:72 FREQ: 5280, cFreq1[40:80:160] = [5280:0:0] cFreq2 = 0 Country Code = CN
12-01 03:57:59.190 D/LOWI-9.0.0.87.a( 1373): [LOWI-Scan] BSS 18:6f:2d:80:dd:72 (wlan0) ASSO: NO AddInfo: 0x1, TSF 0, 00:04:58.744, RSSI: -132, CPL: 127, AGE: 512, SSID ZXHY, TSFDelta: 0xd7c44a65, TXRate: 0
12-01 03:57:59.190 D/LOWI-9.0.0.87.a( 1373): [LOWI-Scan]
12-01 03:57:59.190 D/LOWI-9.0.0.87.a( 1373): [LOWI-Scan] print_bss_handler: Report beacon TSF 298725807 as it greater than probe TSF 298697265
12-01 03:57:59.190 D/LOWI-9.0.0.87.a( 1373): [LOWI-Scan] decode_rsn_wpa_ie: LOWI_ENCRYPTION_TYPE_WPA_PSK
12-01 03:57:59.190 D/LOWI-9.0.0.87.a( 1373): [LOWI-Scan] is_qcom_ie, bss_age: 0
12-01 03:57:59.190 D/LOWI-9.0.0.87.a( 1373): [LOWI-Scan] BSS 18:6f:2d:81:16:f3 LOWI_PHY_MODE_11AC_VHT20(8), Beacon Interval: 100, LOWI_ENCRYPTION_TYPE_WPA_PSK 11mcRanging: No, ANQP: No, LCI: No, Civic: No, capability(0x0111): ESS Privacy SpectrumMgmt
12-01 03:57:59.190 D/LOWI-9.0.0.87.a( 1373): [LOWI-Scan] BSS 18:6f:2d:81:16:f3 FREQ: 5280, cFreq1[40:80:160] = [5280:0:0] cFreq2 = 0 Country Code = CN
12-01 03:57:59.190 D/LOWI-9.0.0.87.a( 1373): [LOWI-Scan] BSS 18:6f:2d:81:16:f3 (wlan0) ASSO: NO AddInfo: 0x1, TSF 0, 00:04:58.725, RSSI: -132, CPL: 127, AGE: 532, SSID Fanya, TSFDelta: 0xd81e41d6, TXRate: 0
12-01 03:57:59.191 D/LOWI-9.0.0.87.a( 1373): [LOWI-Scan]
12-01 03:57:59.191 D/LOWI-9.0.0.87.a( 1373): [LOWI-Scan] print_bss_handler: Report beacon TSF 298744359 as it greater than probe TSF 298697917
12-01 03:57:59.191 D/LOWI-9.0.0.87.a( 1373): [LOWI-Scan] decode_rsn_wpa_ie: LOWI_ENCRYPTION_TYPE_WPA_PSK
12-01 03:57:59.191 D/LOWI-9.0.0.87.a( 1373): [LOWI-Scan] is_qcom_ie, bss_age: 0
12-01 03:57:59.191 D/LOWI-9.0.0.87.a( 1373): [LOWI-Scan] BSS 18:6f:2d:80:dd:73 LOWI_PHY_MODE_11AC_VHT20(8), Beacon Interval: 100, LOWI_ENCRYPTION_TYPE_WPA_PSK 11mcRanging: No, ANQP: No, LCI: No, Civic: No, capability(0x0111): ESS Privacy SpectrumMgmt
12-01 03:57:59.191 D/LOWI-9.0.0.87.a( 1373): [LOWI-Scan] BSS 18:6f:2d:80:dd:73 FREQ: 5280, cFreq1[40:80:160] = [5280:0:0] cFreq2 = 0 Country Code = CN
12-01 03:57:59.191 D/LOWI-9.0.0.87.a( 1373): [LOWI-Scan] BSS 18:6f:2d:80:dd:73 (wlan0) ASSO: NO AddInfo: 0x1, TSF 0, 00:04:58.744, RSSI: -134, CPL: 127, AGE: 512, SSID Fanya, TSFDelta: 0xd7c9ae22, TXRate: 0
12-01 03:57:59.191 D/LOWI-9.0.0.87.a( 1373): [LOWI-Scan]
12-01 03:57:59.191 D/LOWI-9.0.0.87.a( 1373): [LOWI-Scan] print_bss_handler: Report beacon TSF 298725858 as it greater than probe TSF 298698049
12-01 03:57:59.191 D/LOWI-9.0.0.87.a( 1373): [LOWI-Scan] decode_rsn_wpa_ie: LOWI_ENCRYPTION_TYPE_WPA_PSK
12-01 03:57:59.191 D/LOWI-9.0.0.87.a( 1373): [LOWI-Scan] is_qcom_ie, bss_age: 0
12-01 03:57:59.191 D/LOWI-9.0.0.87.a( 1373): [LOWI-Scan] BSS 18:6f:2d:81:16:f4 LOWI_PHY_MODE_11AC_VHT20(8), Beacon Interval: 100, LOWI_ENCRYPTION_TYPE_WPA_PSK 11mcRanging: No, ANQP: No, LCI: No, Civic: No, capability(0x0111): ESS Privacy SpectrumMgmt
12-01 03:57:59.191 D/LOWI-9.0.0.87.a( 1373): [LOWI-Scan] BSS 18:6f:2d:81:16:f4 FREQ: 5280, cFreq1[40:80:160] = [5280:0:0] cFreq2 = 0 Country Code = CN
12-01 03:57:59.191 D/LOWI-9.0.0.87.a( 1373): [LOWI-Scan] BSS 18:6f:2d:81:16:f4 (wlan0) ASSO: NO AddInfo: 0x1, TSF 0, 00:04:58.725, RSSI: -134, CPL: 127, AGE: 532, SSID ThunderSoft, TSFDelta: 0xd823a5c4, TXRate: 0
12-01 03:57:59.191 D/LOWI-9.0.0.87.a( 1373): [LOWI-Scan]
12-01 03:57:59.191 D/LOWI-9.0.0.87.a( 1373): [LOWI-Scan] print_bss_handler: Report beacon TSF 298744849 as it greater than probe TSF 298698403
12-01 03:57:59.192 D/LOWI-9.0.0.87.a( 1373): [LOWI-Scan] decode_rsn_wpa_ie: LOWI_ENCRYPTION_TYPE_WPA_PSK
12-01 03:57:59.192 D/LOWI-9.0.0.87.a( 1373): [LOWI-Scan] is_qcom_ie, bss_age: 0
12-01 03:57:59.192 D/LOWI-9.0.0.87.a( 1373): [LOWI-Scan] BSS 18:6f:2d:80:dd:74 LOWI_PHY_MODE_11AC_VHT20(8), Beacon Interval: 100, LOWI_ENCRYPTION_TYPE_WPA_PSK 11mcRanging: No, ANQP: No, LCI: No, Civic: No, capability(0x0111): ESS Privacy SpectrumMgmt
12-01 03:57:59.192 D/LOWI-9.0.0.87.a( 1373): [LOWI-Scan] BSS 18:6f:2d:80:dd:74 FREQ: 5280, cFreq1[40:80:160] = [5280:0:0] cFreq2 = 0 Country Code = CN
12-01 03:57:59.192 D/LOWI-9.0.0.87.a( 1373): [LOWI-Scan] BSS 18:6f:2d:80:dd:74 (wlan0) ASSO: NO AddInfo: 0x1, TSF 0, 00:04:58.744, RSSI: -132, CPL: 127, AGE: 516, SSID ThunderSoft, TSFDelta: 0xd7cf086d, TXRate: 0
12-01 03:57:59.192 D/LOWI-9.0.0.87.a( 1373): [LOWI-Scan]
12-01 03:57:59.192 D/LOWI-9.0.0.87.a( 1373): [LOWI-Scan] print_bss_handler: Report beacon TSF 298726093 as it greater than probe TSF 298698778
12-01 03:57:59.192 D/LOWI-9.0.0.87.a( 1373): [LOWI-Scan] decode_rsn_wpa_ie: LOWI_ENCRYPTION_TYPE_WPA_PSK
12-01 03:57:59.192 D/LOWI-9.0.0.87.a( 1373): [LOWI-Scan] is_qcom_ie, bss_age: 0
12-01 03:57:59.192 D/LOWI-9.0.0.87.a( 1373): [LOWI-Scan] BSS 18:6f:2d:81:16:f5 LOWI_PHY_MODE_11AC_VHT20(8), Beacon Interval: 100, LOWI_ENCRYPTION_TYPE_WPA_PSK 11mcRanging: No, ANQP: No, LCI: No, Civic: No, capability(0x0111): ESS Privacy SpectrumMgmt
12-01 03:57:59.192 D/LOWI-9.0.0.87.a( 1373): [LOWI-Scan] BSS 18:6f:2d:81:16:f5 FREQ: 5280, cFreq1[40:80:160] = [5280:0:0] cFreq2 = 0 Country Code = CN
12-01 03:57:59.192 D/LOWI-9.0.0.87.a( 1373): [LOWI-Scan] BSS 18:6f:2d:81:16:f5 (wlan0) ASSO: NO AddInfo: 0x1, TSF 0, 00:04:58.726, RSSI: -134, CPL: 127, AGE: 536, SSID GM, TSFDelta: 0xd8290774, TXRate: 0
12-01 03:57:59.192 D/LOWI-9.0.0.87.a( 1373): [LOWI-Scan]
12-01 03:57:59.192 D/LOWI-9.0.0.87.a( 1373): [LOWI-Scan] print_bss_handler: Report Probe TSF 298700878 as it greater than Beacon TSF 297231186
12-01 03:57:59.192 D/LOWI-9.0.0.87.a( 1373): [LOWI-Scan] decode_rsn_wpa_ie: LOWI_ENCRYPTION_TYPE_WPA_PSK
12-01 03:57:59.192 D/LOWI-9.0.0.87.a( 1373): [LOWI-Scan] is_qcom_ie, bss_age: 0
12-01 03:57:59.192 D/LOWI-9.0.0.87.a( 1373): [LOWI-Scan] BSS 18:6f:2d:81:18:93 LOWI_PHY_MODE_11AC_VHT20(8), Beacon Interval: 100, LOWI_ENCRYPTION_TYPE_WPA_PSK 11mcRanging: No, ANQP: No, LCI: No, Civic: No, capability(0x0111): ESS Privacy SpectrumMgmt
12-01 03:57:59.192 D/LOWI-9.0.0.87.a( 1373): [LOWI-Scan] BSS 18:6f:2d:81:18:93 FREQ: 5280, cFreq1[40:80:160] = [5280:0:0] cFreq2 = 0 Country Code = CN
12-01 03:57:59.192 D/LOWI-9.0.0.87.a( 1373): [LOWI-Scan] BSS 18:6f:2d:81:18:93 (wlan0) ASSO: NO AddInfo: 0x0, TSF 0, 00:04:58.700, RSSI: -156, CPL: 127, AGE: 560, SSID Fanya, TSFDelta: 0xd9aeaa6e, TXRate: 0
12-01 03:57:59.192 D/LOWI-9.0.0.87.a( 1373): [LOWI-Scan]
12-01 03:57:59.192 D/LOWI-9.0.0.87.a( 1373): [LOWI-Scan] print_bss_handler: Report Probe TSF 297289393 as it greater than Beacon TSF 297231233
12-01 03:57:59.192 D/LOWI-9.0.0.87.a( 1373): [LOWI-Scan] decode_rsn_wpa_ie: LOWI_ENCRYPTION_TYPE_WPA_PSK
12-01 03:57:59.192 D/LOWI-9.0.0.87.a( 1373): [LOWI-Scan] is_qcom_ie, bss_age: 0
12-01 03:57:59.193 D/LOWI-9.0.0.87.a( 1373): [LOWI-Scan] BSS 18:6f:2d:81:18:94 LOWI_PHY_MODE_11AC_VHT20(8), Beacon Interval: 100, LOWI_ENCRYPTION_TYPE_WPA_PSK 11mcRanging: No, ANQP: No, LCI: No, Civic: No, capability(0x0111): ESS Privacy SpectrumMgmt
12-01 03:57:59.193 D/LOWI-9.0.0.87.a( 1373): [LOWI-Scan] BSS 18:6f:2d:81:18:94 FREQ: 5280, cFreq1[40:80:160] = [5280:0:0] cFreq2 = 0 Country Code = CN
12-01 03:57:59.193 D/LOWI-9.0.0.87.a( 1373): [LOWI-Scan] BSS 18:6f:2d:81:18:94 (wlan0) ASSO: NO AddInfo: 0x0, TSF 0, 00:04:57.289, RSSI: -158, CPL: 127, AGE: 1969, SSID ThunderSoft, TSFDelta: 0xdaf8ef97, TXRate: 0
12-01 03:57:59.193 D/LOWI-9.0.0.87.a( 1373): [LOWI-Scan]
12-01 03:57:59.193 D/LOWI-9.0.0.87.a( 1373): [LOWI-Scan] print_bss_handler: Report Probe TSF 297289971 as it greater than Beacon TSF 297231526
12-01 03:57:59.193 D/LOWI-9.0.0.87.a( 1373): [LOWI-Scan] decode_rsn_wpa_ie: LOWI_ENCRYPTION_TYPE_WPA_PSK
12-01 03:57:59.193 D/LOWI-9.0.0.87.a( 1373): [LOWI-Scan] is_qcom_ie, bss_age: 0
12-01 03:57:59.193 D/LOWI-9.0.0.87.a( 1373): [LOWI-Scan] BSS 18:6f:2d:81:18:95 LOWI_PHY_MODE_11AC_VHT20(8), Beacon Interval: 100, LOWI_ENCRYPTION_TYPE_WPA_PSK 11mcRanging: No, ANQP: No, LCI: No, Civic: No, capability(0x0111): ESS Privacy SpectrumMgmt
12-01 03:57:59.193 D/LOWI-9.0.0.87.a( 1373): [LOWI-Scan] BSS 18:6f:2d:81:18:95 FREQ: 5280, cFreq1[40:80:160] = [5280:0:0] cFreq2 = 0 Country Code = CN
12-01 03:57:59.193 D/LOWI-9.0.0.87.a( 1373): [LOWI-Scan] BSS 18:6f:2d:81:18:95 (wlan0) ASSO: NO AddInfo: 0x0, TSF 0, 00:04:57.289, RSSI: -160, CPL: 127, AGE: 1970, SSID GM, TSFDelta: 0xdafd6360, TXRate: 0
12-01 03:57:59.193 D/LOWI-9.0.0.87.a( 1373): [LOWI-Scan]
12-01 03:57:59.193 D/LOWI-9.0.0.87.a( 1373): [LOWI-Scan] print_bss_handler: Report Probe TSF 298860369 as it greater than Beacon TSF 274344834
12-01 03:57:59.193 D/LOWI-9.0.0.87.a( 1373): [LOWI-Scan] decode_rsn_wpa_ie: LOWI_ENCRYPTION_TYPE_WPA_PSK
12-01 03:57:59.193 D/LOWI-9.0.0.87.a( 1373): [LOWI-Scan] is_qcom_ie, bss_age: 0
12-01 03:57:59.193 D/LOWI-9.0.0.87.a( 1373): [LOWI-Scan] BSS 5c:02:14:f9:4f:d2 LOWI_PHY_MODE_11AC_VHT20_2G(11), Beacon Interval: 100, LOWI_ENCRYPTION_TYPE_WPA_PSK 11mcRanging: No, ANQP: Yes, LCI: No, Civic: No, capability(0x1431): ESS Privacy ShortPreamble ShortSlotTime
12-01 03:57:59.193 D/LOWI-9.0.0.87.a( 1373): [LOWI-Scan] BSS 5c:02:14:f9:4f:d2 FREQ: 2452, cFreq1[40:80:160] = [0:0:0] cFreq2 = 0 Country Code = CN
12-01 03:57:59.193 D/LOWI-9.0.0.87.a( 1373): [LOWI-Scan] BSS 5c:02:14:f9:4f:d2 (wlan0) ASSO: NO AddInfo: 0x0, TSF 0, 00:04:58.860, RSSI: -88, CPL: 127, AGE: 400, SSID ThunderSoft_XTS_2.4G, TSFDelta: 0x472bf532, TXRate: 0
12-01 03:57:59.193 D/LOWI-9.0.0.87.a( 1373): [LOWI-Scan]
12-01 03:57:59.193 D/LOWI-9.0.0.87.a( 1373): [LOWI-Scan] print_bss_handler: Report Probe TSF 298849673 as it greater than Beacon TSF 298817807
12-01 03:57:59.193 D/LOWI-9.0.0.87.a( 1373): [LOWI-Scan] decode_rsn_wpa_ie: LOWI_ENCRYPTION_TYPE_WPA_PSK
12-01 03:57:59.193 D/LOWI-9.0.0.87.a( 1373): [LOWI-Scan] is_qcom_ie, bss_age: 0
12-01 03:57:59.193 D/LOWI-9.0.0.87.a( 1373): [LOWI-Scan] BSS 18:6f:2d:81:20:70 LOWI_PHY_MODE_11AC_VHT20(8), Beacon Interval: 100, LOWI_ENCRYPTION_TYPE_WPA_PSK 11mcRanging: No, ANQP: No, LCI: No, Civic: No, capability(0x0111): ESS Privacy SpectrumMgmt
12-01 03:57:59.193 D/LOWI-9.0.0.87.a( 1373): [LOWI-Scan] BSS 18:6f:2d:81:20:70 FREQ: 5300, cFreq1[40:80:160] = [5300:0:0] cFreq2 = 0 Country Code = CN
12-01 03:57:59.194 D/LOWI-9.0.0.87.a( 1373): [LOWI-Scan] BSS 18:6f:2d:81:20:70 (wlan0) ASSO: NO AddInfo: 0x0, TSF 0, 00:04:58.849, RSSI: -154, CPL: 127, AGE: 412, SSID Testing , TSFDelta: 0xdb62fb88, TXRate: 0
12-01 03:57:59.194 D/LOWI-9.0.0.87.a( 1373): [LOWI-Scan]
12-01 03:57:59.194 D/LOWI-9.0.0.87.a( 1373): [LOWI-Scan] print_bss_handler: Report Probe TSF 298849729 as it greater than Beacon TSF 298817894
12-01 03:57:59.194 D/LOWI-9.0.0.87.a( 1373): [LOWI-Scan] is_qcom_ie, bss_age: 0
12-01 03:57:59.194 D/LOWI-9.0.0.87.a( 1373): [LOWI-Scan] BSS 18:6f:2d:81:20:71 LOWI_PHY_MODE_11AC_VHT20(8), Beacon Interval: 100, LOWI_ENCRYPTION_TYPE_OPEN 11mcRanging: No, ANQP: No, LCI: No, Civic: No, capability(0x0101): ESS SpectrumMgmt
12-01 03:57:59.194 D/LOWI-9.0.0.87.a( 1373): [LOWI-Scan] BSS 18:6f:2d:81:20:71 FREQ: 5300, cFreq1[40:80:160] = [5300:0:0] cFreq2 = 0 Country Code = CN
12-01 03:57:59.194 D/LOWI-9.0.0.87.a( 1373): [LOWI-Scan] BSS 18:6f:2d:81:20:71 (wlan0) ASSO: NO AddInfo: 0x0, TSF 0, 00:04:58.849, RSSI: -152, CPL: 127, AGE: 412, SSID Guest, TSFDelta: 0xdb68b39a, TXRate: 0
12-01 03:57:59.194 D/LOWI-9.0.0.87.a( 1373): [LOWI-Scan]
12-01 03:57:59.194 D/LOWI-9.0.0.87.a( 1373): [LOWI-Scan] print_bss_handler: Report Probe TSF 298850779 as it greater than Beacon TSF 297382734
12-01 03:57:59.194 D/LOWI-9.0.0.87.a( 1373): [LOWI-Scan] decode_rsn_wpa_ie: LOWI_ENCRYPTION_TYPE_WPA_PSK
12-01 03:57:59.194 D/LOWI-9.0.0.87.a( 1373): [LOWI-Scan] is_qcom_ie, bss_age: 0
12-01 03:57:59.194 D/LOWI-9.0.0.87.a( 1373): [LOWI-Scan] BSS 18:6f:2d:81:20:72 LOWI_PHY_MODE_11AC_VHT20(8), Beacon Interval: 100, LOWI_ENCRYPTION_TYPE_WPA_PSK 11mcRanging: No, ANQP: No, LCI: No, Civic: No, capability(0x0111): ESS Privacy SpectrumMgmt
12-01 03:57:59.194 D/LOWI-9.0.0.87.a( 1373): [LOWI-Scan] BSS 18:6f:2d:81:20:72 FREQ: 5300, cFreq1[40:80:160] = [5300:0:0] cFreq2 = 0 Country Code = CN
12-01 03:57:59.194 D/LOWI-9.0.0.87.a( 1373): [LOWI-Scan] BSS 18:6f:2d:81:20:72 (wlan0) ASSO: NO AddInfo: 0x0, TSF 0, 00:04:58.850, RSSI: -152, CPL: 127, AGE: 412, SSID ZXHY, TSFDelta: 0xdb6e4302, TXRate: 0
12-01 03:57:59.194 D/LOWI-9.0.0.87.a( 1373): [LOWI-Scan]
12-01 03:57:59.194 D/LOWI-9.0.0.87.a( 1373): [LOWI-Scan] print_bss_handler: Report Probe TSF 298850924 as it greater than Beacon TSF 298817952
12-01 03:57:59.194 D/LOWI-9.0.0.87.a( 1373): [LOWI-Scan] decode_rsn_wpa_ie: LOWI_ENCRYPTION_TYPE_WPA_PSK
12-01 03:57:59.194 D/LOWI-9.0.0.87.a( 1373): [LOWI-Scan] is_qcom_ie, bss_age: 0
12-01 03:57:59.194 D/LOWI-9.0.0.87.a( 1373): [LOWI-Scan] BSS 18:6f:2d:81:20:73 LOWI_PHY_MODE_11AC_VHT20(8), Beacon Interval: 100, LOWI_ENCRYPTION_TYPE_WPA_PSK 11mcRanging: No, ANQP: No, LCI: No, Civic: No, capability(0x0111): ESS Privacy SpectrumMgmt
12-01 03:57:59.194 D/LOWI-9.0.0.87.a( 1373): [LOWI-Scan] BSS 18:6f:2d:81:20:73 FREQ: 5300, cFreq1[40:80:160] = [5300:0:0] cFreq2 = 0 Country Code = CN
12-01 03:57:59.194 D/LOWI-9.0.0.87.a( 1373): [LOWI-Scan] BSS 18:6f:2d:81:20:73 (wlan0) ASSO: NO AddInfo: 0x0, TSF 0, 00:04:58.850, RSSI: -154, CPL: 127, AGE: 412, SSID Fanya, TSFDelta: 0xdb73a810, TXRate: 0
12-01 03:57:59.195 D/LOWI-9.0.0.87.a( 1373): [LOWI-Scan]
12-01 03:57:59.195 D/LOWI-9.0.0.87.a( 1373): [LOWI-Scan] print_bss_handler: Report Probe TSF 298851593 as it greater than Beacon TSF 298818006
12-01 03:57:59.195 D/LOWI-9.0.0.87.a( 1373): [LOWI-Scan] decode_rsn_wpa_ie: LOWI_ENCRYPTION_TYPE_WPA_PSK
12-01 03:57:59.195 D/LOWI-9.0.0.87.a( 1373): [LOWI-Scan] is_qcom_ie, bss_age: 0
12-01 03:57:59.195 D/LOWI-9.0.0.87.a( 1373): [LOWI-Scan] BSS 18:6f:2d:81:20:74 LOWI_PHY_MODE_11AC_VHT20(8), Beacon Interval: 100, LOWI_ENCRYPTION_TYPE_WPA_PSK 11mcRanging: No, ANQP: No, LCI: No, Civic: No, capability(0x0111): ESS Privacy SpectrumMgmt
12-01 03:57:59.195 D/LOWI-9.0.0.87.a( 1373): [LOWI-Scan] BSS 18:6f:2d:81:20:74 FREQ: 5300, cFreq1[40:80:160] = [5300:0:0] cFreq2 = 0 Country Code = CN
12-01 03:57:59.195 D/LOWI-9.0.0.87.a( 1373): [LOWI-Scan] BSS 18:6f:2d:81:20:74 (wlan0) ASSO: NO AddInfo: 0x0, TSF 0, 00:04:58.851, RSSI: -148, CPL: 127, AGE: 412, SSID ThunderSoft, TSFDelta: 0xdb78b991, TXRate: 0
12-01 03:57:59.195 D/LOWI-9.0.0.87.a( 1373): [LOWI-Scan]
12-01 03:57:59.195 D/LOWI-9.0.0.87.a( 1373): [LOWI-Scan] print_bss_handler: Report Probe TSF 298852354 as it greater than Beacon TSF 298818058
12-01 03:57:59.195 D/LOWI-9.0.0.87.a( 1373): [LOWI-Scan] decode_rsn_wpa_ie: LOWI_ENCRYPTION_TYPE_WPA_PSK
12-01 03:57:59.195 D/LOWI-9.0.0.87.a( 1373): [LOWI-Scan] is_qcom_ie, bss_age: 0
12-01 03:57:59.195 D/LOWI-9.0.0.87.a( 1373): [LOWI-Scan] BSS 18:6f:2d:81:20:75 LOWI_PHY_MODE_11AC_VHT20(8), Beacon Interval: 100, LOWI_ENCRYPTION_TYPE_WPA_PSK 11mcRanging: No, ANQP: No, LCI: No, Civic: No, capability(0x0111): ESS Privacy SpectrumMgmt
12-01 03:57:59.195 D/LOWI-9.0.0.87.a( 1373): [LOWI-Scan] BSS 18:6f:2d:81:20:75 FREQ: 5300, cFreq1[40:80:160] = [5300:0:0] cFreq2 = 0 Country Code = CN
12-01 03:57:59.195 D/LOWI-9.0.0.87.a( 1373): [LOWI-Scan] BSS 18:6f:2d:81:20:75 (wlan0) ASSO: NO AddInfo: 0x0, TSF 0, 00:04:58.852, RSSI: -152, CPL: 127, AGE: 408, SSID GM, TSFDelta: 0xdb7e0e59, TXRate: 0
12-01 03:57:59.195 D/LOWI-9.0.0.87.a( 1373): [LOWI-Scan]
12-01 03:57:59.195 D/LOWI-9.0.0.87.a( 1373): [LOWI-Scan] print_bss_handler: Report Probe TSF 299068303 as it greater than Beacon TSF 64573872
12-01 03:57:59.195 D/LOWI-9.0.0.87.a( 1373): [LOWI-Scan] decode_rsn_wpa_ie: LOWI_ENCRYPTION_TYPE_WPA_PSK
12-01 03:57:59.195 D/LOWI-9.0.0.87.a( 1373): [LOWI-Scan] is_qcom_ie, bss_age: 0
12-01 03:57:59.195 D/LOWI-9.0.0.87.a( 1373): [LOWI-Scan] BSS 18:6f:2d:25:0e:62 LOWI_PHY_MODE_11G(1), Beacon Interval: 100, LOWI_ENCRYPTION_TYPE_WPA_PSK 11mcRanging: No, ANQP: No, LCI: No, Civic: No, capability(0x0531): ESS Privacy ShortPreamble SpectrumMgmt ShortSlotTime
12-01 03:57:59.195 D/LOWI-9.0.0.87.a( 1373): [LOWI-Scan] BSS 18:6f:2d:25:0e:62 FREQ: 2462, cFreq1[40:80:160] = [0:0:0] cFreq2 = 0 Country Code = CN
12-01 03:57:59.195 D/LOWI-9.0.0.87.a( 1373): [LOWI-Scan] BSS 18:6f:2d:25:0e:62 (wlan0) ASSO: NO AddInfo: 0x0, TSF 0, 00:04:59.068, RSSI: -144, CPL: 127, AGE: 192, SSID ThunderSoft_2.4G, TSFDelta: 0xdc01efc0, TXRate: 0
12-01 03:57:59.196 D/LOWI-9.0.0.87.a( 1373): [LOWI-Scan]
12-01 03:57:59.196 D/LOWI-9.0.0.87.a( 1373): [LOWI-Scan] print_bss_handler: Report Probe TSF 299069796 as it greater than Beacon TSF 297549313
12-01 03:57:59.196 D/LOWI-9.0.0.87.a( 1373): [LOWI-Scan] decode_rsn_wpa_ie: LOWI_ENCRYPTION_TYPE_WPA_PSK
12-01 03:57:59.196 D/LOWI-9.0.0.87.a( 1373): [LOWI-Scan] is_qcom_ie, bss_age: 0
12-01 03:57:59.196 D/LOWI-9.0.0.87.a( 1373): [LOWI-Scan] BSS 18:6f:2d:25:0e:63 LOWI_PHY_MODE_11G(1), Beacon Interval: 100, LOWI_ENCRYPTION_TYPE_WPA_PSK 11mcRanging: No, ANQP: No, LCI: No, Civic: No, capability(0x0531): ESS Privacy ShortPreamble SpectrumMgmt ShortSlotTime
12-01 03:57:59.196 D/LOWI-9.0.0.87.a( 1373): [LOWI-Scan] BSS 18:6f:2d:25:0e:63 FREQ: 2462, cFreq1[40:80:160] = [0:0:0] cFreq2 = 0 Country Code = CN
12-01 03:57:59.196 D/LOWI-9.0.0.87.a( 1373): [LOWI-Scan] BSS 18:6f:2d:25:0e:63 (wlan0) ASSO: NO AddInfo: 0x0, TSF 0, 00:04:59.069, RSSI: -140, CPL: 127, AGE: 192, SSID ZXHY, TSFDelta: 0xdc0d1f97, TXRate: 0
12-01 03:57:59.196 D/LOWI-9.0.0.87.a( 1373): [LOWI-Scan]
12-01 03:57:59.196 D/LOWI-9.0.0.87.a( 1373): [LOWI-Scan] print_bss_handler: Report Probe TSF 299031636 as it greater than Beacon TSF 274559537
12-01 03:57:59.196 D/LOWI-9.0.0.87.a( 1373): [LOWI-Scan] decode_rsn_wpa_ie: LOWI_ENCRYPTION_TYPE_WPA_PSK
12-01 03:57:59.196 D/LOWI-9.0.0.87.a( 1373): [LOWI-Scan] is_qcom_ie, bss_age: 0
12-01 03:57:59.196 D/LOWI-9.0.0.87.a( 1373): [LOWI-Scan] BSS 64:6e:97:1c:71:45 LOWI_PHY_MODE_11NG_HT40(7), Beacon Interval: 100, LOWI_ENCRYPTION_TYPE_WPA_PSK 11mcRanging: No, ANQP: No, LCI: No, Civic: No, capability(0x0411): ESS Privacy ShortSlotTime
12-01 03:57:59.196 D/LOWI-9.0.0.87.a( 1373): [LOWI-Scan] BSS 64:6e:97:1c:71:45 FREQ: 2462, cFreq1[40:80:160] = [2452:0:0] cFreq2 = 0 Country Code = CN
12-01 03:57:59.196 D/LOWI-9.0.0.87.a( 1373): [LOWI-Scan] BSS 64:6e:97:1c:71:45 (wlan0) ASSO: NO AddInfo: 0x0, TSF 0, 00:04:59.031, RSSI: -152, CPL: 127, AGE: 232, SSID TP-LINK_7145, TSFDelta: 0x3091dd3e, TXRate: 0
12-01 03:57:59.196 D/LOWI-9.0.0.87.a( 1373): [LOWI-Scan]
12-01 03:57:59.196 D/LOWI-9.0.0.87.a( 1373): [LOWI-Scan] print_bss_handler: Report Probe TSF 299250730 as it greater than Beacon TSF 64753164
12-01 03:57:59.196 D/LOWI-9.0.0.87.a( 1373): [LOWI-Scan] decode_rsn_wpa_ie: LOWI_ENCRYPTION_TYPE_WPA_PSK
12-01 03:57:59.196 D/LOWI-9.0.0.87.a( 1373): [LOWI-Scan] is_qcom_ie, bss_age: 0
12-01 03:57:59.196 D/LOWI-9.0.0.87.a( 1373): [LOWI-Scan] BSS 18:6f:2d:80:dd:60 LOWI_PHY_MODE_11NG_HT20(5), Beacon Interval: 100, LOWI_ENCRYPTION_TYPE_WPA_PSK 11mcRanging: No, ANQP: No, LCI: No, Civic: No, capability(0x0531): ESS Privacy ShortPreamble SpectrumMgmt ShortSlotTime
12-01 03:57:59.196 D/LOWI-9.0.0.87.a( 1373): [LOWI-Scan] BSS 18:6f:2d:80:dd:60 FREQ: 2472, cFreq1[40:80:160] = [2472:0:0] cFreq2 = 0 Country Code = CN
12-01 03:57:59.196 D/LOWI-9.0.0.87.a( 1373): [LOWI-Scan] BSS 18:6f:2d:80:dd:60 (wlan0) ASSO: NO AddInfo: 0x0, TSF 0, 00:04:59.250, RSSI: -126, CPL: 127, AGE: 12, SSID Testing , TSFDelta: 0xd856fa33, TXRate: 0
12-01 03:57:59.197 D/LOWI-9.0.0.87.a( 1373): [LOWI-Scan]
12-01 03:57:59.197 D/LOWI-9.0.0.87.a( 1373): [LOWI-Scan] print_bss_handler: Report Probe TSF 299228296 as it greater than Beacon TSF 64754180
12-01 03:57:59.197 D/LOWI-9.0.0.87.a( 1373): [LOWI-Scan] is_qcom_ie, bss_age: 0
12-01 03:57:59.197 D/LOWI-9.0.0.87.a( 1373): [LOWI-Scan] BSS 18:6f:2d:80:dd:61 LOWI_PHY_MODE_11NG_HT20(5), Beacon Interval: 100, LOWI_ENCRYPTION_TYPE_OPEN 11mcRanging: No, ANQP: No, LCI: No, Civic: No, capability(0x0521): ESS ShortPreamble SpectrumMgmt ShortSlotTime
12-01 03:57:59.197 D/LOWI-9.0.0.87.a( 1373): [LOWI-Scan] BSS 18:6f:2d:80:dd:61 FREQ: 2472, cFreq1[40:80:160] = [2472:0:0] cFreq2 = 0 Country Code = CN
12-01 03:57:59.197 D/LOWI-9.0.0.87.a( 1373): [LOWI-Scan] BSS 18:6f:2d:80:dd:61 (wlan0) ASSO: NO AddInfo: 0x0, TSF 0, 00:04:59.228, RSSI: -124, CPL: 127, AGE: 32, SSID Guest, TSFDelta: 0xd7b30b7c, TXRate: 0
12-01 03:57:59.197 D/LOWI-9.0.0.87.a( 1373): [LOWI-Scan]
12-01 03:57:59.197 D/LOWI-9.0.0.87.a( 1373): [LOWI-Scan] print_bss_handler: Report Probe TSF 299229588 as it greater than Beacon TSF 64756466
12-01 03:57:59.197 D/LOWI-9.0.0.87.a( 1373): [LOWI-Scan] decode_rsn_wpa_ie: LOWI_ENCRYPTION_TYPE_WPA_PSK
12-01 03:57:59.197 D/LOWI-9.0.0.87.a( 1373): [LOWI-Scan] is_qcom_ie, bss_age: 0
12-01 03:57:59.197 D/LOWI-9.0.0.87.a( 1373): [LOWI-Scan] BSS 18:6f:2d:80:dd:62 LOWI_PHY_MODE_11NG_HT20(5), Beacon Interval: 100, LOWI_ENCRYPTION_TYPE_WPA_PSK 11mcRanging: No, ANQP: No, LCI: No, Civic: No, capability(0x0531): ESS Privacy ShortPreamble SpectrumMgmt ShortSlotTime
12-01 03:57:59.197 D/LOWI-9.0.0.87.a( 1373): [LOWI-Scan] BSS 18:6f:2d:80:dd:62 FREQ: 2472, cFreq1[40:80:160] = [2472:0:0] cFreq2 = 0 Country Code = CN
12-01 03:57:59.197 D/LOWI-9.0.0.87.a( 1373): [LOWI-Scan] BSS 18:6f:2d:80:dd:62 (wlan0) ASSO: NO AddInfo: 0x0, TSF 0, 00:04:59.229, RSSI: -122, CPL: 127, AGE: 32, SSID ThunderSoft_2.4G, TSFDelta: 0xd7bba6b9, TXRate: 0
12-01 03:57:59.197 D/LOWI-9.0.0.87.a( 1373): [LOWI-Scan]
12-01 03:57:59.197 D/LOWI-9.0.0.87.a( 1373): [LOWI-Scan] print_bss_handler: Report Probe TSF 299230864 as it greater than Beacon TSF 64756573
12-01 03:57:59.197 D/LOWI-9.0.0.87.a( 1373): [LOWI-Scan] decode_rsn_wpa_ie: LOWI_ENCRYPTION_TYPE_WPA_PSK
12-01 03:57:59.197 D/LOWI-9.0.0.87.a( 1373): [LOWI-Scan] is_qcom_ie, bss_age: 0
12-01 03:57:59.197 D/LOWI-9.0.0.87.a( 1373): [LOWI-Scan] BSS 18:6f:2d:80:dd:63 LOWI_PHY_MODE_11NG_HT20(5), Beacon Interval: 100, LOWI_ENCRYPTION_TYPE_WPA_PSK 11mcRanging: No, ANQP: No, LCI: No, Civic: No, capability(0x0531): ESS Privacy ShortPreamble SpectrumMgmt ShortSlotTime
12-01 03:57:59.197 D/LOWI-9.0.0.87.a( 1373): [LOWI-Scan] BSS 18:6f:2d:80:dd:63 FREQ: 2472, cFreq1[40:80:160] = [2472:0:0] cFreq2 = 0 Country Code = CN
12-01 03:57:59.197 D/LOWI-9.0.0.87.a( 1373): [LOWI-Scan] BSS 18:6f:2d:80:dd:63 (wlan0) ASSO: NO AddInfo: 0x0, TSF 0, 00:04:59.230, RSSI: -122, CPL: 127, AGE: 32, SSID ZXHY, TSFDelta: 0xd7c682bc, TXRate: 0
12-01 03:57:59.198 D/LOWI-9.0.0.87.a( 1373): [LOWI-Scan]
12-01 03:57:59.198 D/LOWI-9.0.0.87.a( 1373): [LOWI-Scan] print_bss_handler: Report Probe TSF 299231547 as it greater than Beacon TSF 64757071
12-01 03:57:59.198 D/LOWI-9.0.0.87.a( 1373): [LOWI-Scan] decode_rsn_wpa_ie: LOWI_ENCRYPTION_TYPE_WPA_PSK
12-01 03:57:59.198 D/LOWI-9.0.0.87.a( 1373): [LOWI-Scan] is_qcom_ie, bss_age: 0
12-01 03:57:59.198 D/LOWI-9.0.0.87.a( 1373): [LOWI-Scan] BSS 18:6f:2d:80:dd:64 LOWI_PHY_MODE_11NG_HT20(5), Beacon Interval: 100, LOWI_ENCRYPTION_TYPE_WPA_PSK 11mcRanging: No, ANQP: No, LCI: No, Civic: No, capability(0x0531): ESS Privacy ShortPreamble SpectrumMgmt ShortSlotTime
12-01 03:57:59.198 D/LOWI-9.0.0.87.a( 1373): [LOWI-Scan] BSS 18:6f:2d:80:dd:64 FREQ: 2472, cFreq1[40:80:160] = [2472:0:0] cFreq2 = 0 Country Code = CN
12-01 03:57:59.198 D/LOWI-9.0.0.87.a( 1373): [LOWI-Scan] BSS 18:6f:2d:80:dd:64 (wlan0) ASSO: NO AddInfo: 0x0, TSF 0, 00:04:59.231, RSSI: -122, CPL: 127, AGE: 40, SSID Fanya, TSFDelta: 0xd7cbb932, TXRate: 0
12-01 03:57:59.198 D/LOWI-9.0.0.87.a( 1373): [LOWI-Scan]
12-01 03:57:59.198 D/LOWI-9.0.0.87.a( 1373): [LOWI-Scan] print_bss_handler: Report Probe TSF 298634132 as it greater than Beacon TSF 298595221
12-01 03:57:59.198 D/LOWI-9.0.0.87.a( 1373): [LOWI-Scan] decode_rsn_wpa_ie: LOWI_ENCRYPTION_TYPE_WPA_PSK
12-01 03:57:59.198 D/LOWI-9.0.0.87.a( 1373): [LOWI-Scan] is_qcom_ie, bss_age: 0
12-01 03:57:59.198 D/LOWI-9.0.0.87.a( 1373): [LOWI-Scan] BSS 18:6f:2d:81:18:50 LOWI_PHY_MODE_11AC_VHT20(8), Beacon Interval: 100, LOWI_ENCRYPTION_TYPE_WPA_PSK 11mcRanging: No, ANQP: No, LCI: No, Civic: No, capability(0x0111): ESS Privacy SpectrumMgmt
12-01 03:57:59.198 D/LOWI-9.0.0.87.a( 1373): [LOWI-Scan] BSS 18:6f:2d:81:18:50 FREQ: 5260, cFreq1[40:80:160] = [5260:0:0] cFreq2 = 0 Country Code = CN
12-01 03:57:59.198 D/LOWI-9.0.0.87.a( 1373): [LOWI-Scan] BSS 18:6f:2d:81:18:50 (wlan0) ASSO: NO AddInfo: 0x0, TSF 0, 00:04:58.634, RSSI: -158, CPL: 127, AGE: 636, SSID Testing , TSFDelta: 0xd8626bce, TXRate: 0
12-01 03:57:59.198 D/LOWI-9.0.0.87.a( 1373): [LOWI-Scan]
12-01 03:57:59.198 D/LOWI-9.0.0.87.a( 1373): [LOWI-Scan] print_bss_handler: Report Probe TSF 298635376 as it greater than Beacon TSF 297162663
12-01 03:57:59.198 D/LOWI-9.0.0.87.a( 1373): [LOWI-Scan] decode_rsn_wpa_ie: LOWI_ENCRYPTION_TYPE_WPA_PSK
12-01 03:57:59.198 D/LOWI-9.0.0.87.a( 1373): [LOWI-Scan] is_qcom_ie, bss_age: 0
12-01 03:57:59.198 D/LOWI-9.0.0.87.a( 1373): [LOWI-Scan] BSS 18:6f:2d:81:18:54 LOWI_PHY_MODE_11AC_VHT20(8), Beacon Interval: 100, LOWI_ENCRYPTION_TYPE_WPA_PSK 11mcRanging: No, ANQP: No, LCI: No, Civic: No, capability(0x0111): ESS Privacy SpectrumMgmt
12-01 03:57:59.198 D/LOWI-9.0.0.87.a( 1373): [LOWI-Scan] BSS 18:6f:2d:81:18:54 FREQ: 5260, cFreq1[40:80:160] = [5260:0:0] cFreq2 = 0 Country Code = CN
12-01 03:57:59.198 D/LOWI-9.0.0.87.a( 1373): [LOWI-Scan] BSS 18:6f:2d:81:18:54 (wlan0) ASSO: NO AddInfo: 0x0, TSF 0, 00:04:58.635, RSSI: -160, CPL: 127, AGE: 636, SSID ThunderSoft, TSFDelta: 0xd86ca0e2, TXRate: 0
12-01 03:57:59.198 D/LOWI-9.0.0.87.a( 1373): [LOWI-Scan]
12-01 03:57:59.198 D/LOWI-9.0.0.87.a( 1373): [LOWI-Scan] print_bss_handler: Report Probe TSF 298636514 as it greater than Beacon TSF 298596919
12-01 03:57:59.198 D/LOWI-9.0.0.87.a( 1373): [LOWI-Scan] decode_rsn_wpa_ie: LOWI_ENCRYPTION_TYPE_WPA_PSK
12-01 03:57:59.199 D/LOWI-9.0.0.87.a( 1373): [LOWI-Scan] is_qcom_ie, bss_age: 0
12-01 03:57:59.199 D/LOWI-9.0.0.87.a( 1373): [LOWI-Scan] BSS 18:6f:2d:81:18:55 LOWI_PHY_MODE_11AC_VHT20(8), Beacon Interval: 100, LOWI_ENCRYPTION_TYPE_WPA_PSK 11mcRanging: No, ANQP: No, LCI: No, Civic: No, capability(0x0111): ESS Privacy SpectrumMgmt
12-01 03:57:59.199 D/LOWI-9.0.0.87.a( 1373): [LOWI-Scan] BSS 18:6f:2d:81:18:55 FREQ: 5260, cFreq1[40:80:160] = [5260:0:0] cFreq2 = 0 Country Code = CN
12-01 03:57:59.199 D/LOWI-9.0.0.87.a( 1373): [LOWI-Scan] BSS 18:6f:2d:81:18:55 (wlan0) ASSO: NO AddInfo: 0x0, TSF 0, 00:04:58.636, RSSI: -160, CPL: 127, AGE: 632, SSID GM, TSFDelta: 0xd8748fad, TXRate: 0
12-01 03:57:59.199 D/LOWI-9.0.0.87.a( 1373): [LOWI-Scan]
12-01 03:57:59.199 D/LOWI-9.0.0.87.a( 1373): [LOWI-Scan] print_bss_handler: Report beacon TSF 298583024 as it greater than probe TSF 64114020
12-01 03:57:59.199 D/LOWI-9.0.0.87.a( 1373): [LOWI-Scan] decode_rsn_wpa_ie: LOWI_ENCRYPTION_TYPE_WPA_PSK
12-01 03:57:59.199 D/LOWI-9.0.0.87.a( 1373): [LOWI-Scan] is_qcom_ie, bss_age: 0
12-01 03:57:59.199 D/LOWI-9.0.0.87.a( 1373): [LOWI-Scan] BSS dc:fe:18:77:4e:9a LOWI_PHY_MODE_11NG_HT40(7), Beacon Interval: 100, LOWI_ENCRYPTION_TYPE_WPA_PSK 11mcRanging: No, ANQP: No, LCI: No, Civic: No, capability(0x0431): ESS Privacy ShortPreamble ShortSlotTime
12-01 03:57:59.199 D/LOWI-9.0.0.87.a( 1373): [LOWI-Scan] BSS dc:fe:18:77:4e:9a FREQ: 2437, cFreq1[40:80:160] = [2427:0:0] cFreq2 = 0 Country Code =
12-01 03:57:59.199 D/LOWI-9.0.0.87.a( 1373): [LOWI-Scan] BSS dc:fe:18:77:4e:9a (wlan0) ASSO: NO AddInfo: 0x1, TSF 0, 00:04:58.583, RSSI: -124, CPL: 127, AGE: 688, SSID TP-LINK_4E9A, TSFDelta: 0x42c6b8ed, TXRate: 0
12-01 03:57:59.199 D/LOWI-9.0.0.87.a( 1373): [LOWI-Scan]
12-01 03:57:59.199 D/LOWI-9.0.0.87.a( 1373): [LOWI-Scan] print_bss_handler: Report Probe TSF 298700455 as it greater than Beacon TSF 297231128
12-01 03:57:59.199 D/LOWI-9.0.0.87.a( 1373): [LOWI-Scan] decode_rsn_wpa_ie: LOWI_ENCRYPTION_TYPE_WPA_PSK
12-01 03:57:59.199 D/LOWI-9.0.0.87.a( 1373): [LOWI-Scan] is_qcom_ie, bss_age: 0
12-01 03:57:59.199 D/LOWI-9.0.0.87.a( 1373): [LOWI-Scan] BSS 18:6f:2d:81:18:92 LOWI_PHY_MODE_11AC_VHT20(8), Beacon Interval: 100, LOWI_ENCRYPTION_TYPE_WPA_PSK 11mcRanging: No, ANQP: No, LCI: No, Civic: No, capability(0x0111): ESS Privacy SpectrumMgmt
12-01 03:57:59.199 D/LOWI-9.0.0.87.a( 1373): [LOWI-Scan] BSS 18:6f:2d:81:18:92 FREQ: 5280, cFreq1[40:80:160] = [5280:0:0] cFreq2 = 0 Country Code = CN
12-01 03:57:59.199 D/LOWI-9.0.0.87.a( 1373): [LOWI-Scan] BSS 18:6f:2d:81:18:92 (wlan0) ASSO: NO AddInfo: 0x0, TSF 0, 00:04:58.700, RSSI: -158, CPL: 127, AGE: 568, SSID ZXHY, TSFDelta: 0xd9abb4ec, TXRate: 0
12-01 03:57:59.199 D/LOWI-9.0.0.87.a( 1373): [LOWI-Scan]
12-01 03:57:59.199 D/LOWI-9.0.0.87.a( 1373): [LOWI-Scan] print_bss_handler: Report beacon TSF 273698460 as it greater than probe TSF 273698460
12-01 03:57:59.199 D/LOWI-9.0.0.87.a( 1373): [LOWI-Scan] decode_rsn_wpa_ie: LOWI_ENCRYPTION_TYPE_WPA_PSK
12-01 03:57:59.199 D/LOWI-9.0.0.87.a( 1373): [LOWI-Scan] is_qcom_ie, bss_age: 0
12-01 03:57:59.199 D/LOWI-9.0.0.87.a( 1373): [LOWI-Scan] adjust_age:AP AGE upper limit reached. Dont store
12-01 03:57:59.199 D/LOWI-9.0.0.87.a( 1373): [LOWI-Scan] BSS 18:6f:2d:81:20:63 LOWI_PHY_MODE_11NG_HT20(5), Beacon Interval: 100, LOWI_ENCRYPTION_TYPE_WPA_PSK 11mcRanging: No, ANQP: No, LCI: No, Civic: No, capability(0x0531): ESS Privacy ShortPreamble SpectrumMgmt ShortSlotTime
12-01 03:57:59.199 D/LOWI-9.0.0.87.a( 1373): [LOWI-Scan] BSS 18:6f:2d:81:20:63 FREQ: 2412, cFreq1[40:80:160] = [2412:0:0] cFreq2 = 0 Country Code = CN
12-01 03:57:59.200 D/LOWI-9.0.0.87.a( 1373): [LOWI-Scan] BSS 18:6f:2d:81:20:63 (wlan0) ASSO: NO AddInfo: 0x1, TSF 0, 00:04:33.698, RSSI: -134, CPL: 127, AGE: 25572, SSID ZXHY, TSFDelta: 0x64a21c, TXRate: 0
12-01 03:57:59.200 D/LOWI-9.0.0.87.a( 1373): [LOWI-Scan]
12-01 03:57:59.200 D/LOWI-9.0.0.87.a( 1373): [LOWI-Scan] print_bss_handler: Report beacon TSF 273699380 as it greater than probe TSF 273699380
12-01 03:57:59.200 D/LOWI-9.0.0.87.a( 1373): [LOWI-Scan] decode_rsn_wpa_ie: LOWI_ENCRYPTION_TYPE_WPA_PSK
12-01 03:57:59.210 I/liblog ( 1373): 266
12-01 03:57:59.210 D/LOWI-9.0.0.87.a( 1373): [LOWI-Scan]
12-01 03:57:59.210 D/LOWI-9.0.0.87.a( 1373): [LOWI-Scan] print_bss_handler: Report beacon TSF 299243152 as it greater than probe TSF 299243152
12-01 03:57:59.210 D/LOWI-9.0.0.87.a( 1373): [LOWI-Scan] decode_rsn_wpa_ie: LOWI_ENCRYPTION_TYPE_WPA_PSK
12-01 03:57:59.210 D/LOWI-9.0.0.87.a( 1373): [LOWI-Scan] is_qcom_ie, bss_age: 0
12-01 03:57:59.210 D/LOWI-9.0.0.87.a( 1373): [LOWI-Scan] BSS 18:6f:2d:81:18:80 LOWI_PHY_MODE_11NG_HT20(5), Beacon Interval: 100, LOWI_ENCRYPTION_TYPE_WPA_PSK 11mcRanging: No, ANQP: No, LCI: No, Civic: No, capability(0x0531): ESS Privacy ShortPreamble SpectrumMgmt ShortSlotTime
12-01 03:57:59.210 D/LOWI-9.0.0.87.a( 1373): [LOWI-Scan] BSS 18:6f:2d:81:18:80 FREQ: 2472, cFreq1[40:80:160] = [2472:0:0] cFreq2 = 0 Country Code = CN
12-01 03:57:59.210 D/LOWI-9.0.0.87.a( 1373): [LOWI-Scan] BSS 18:6f:2d:81:18:80 (wlan0) ASSO: NO AddInfo: 0x1, TSF 0, 00:04:59.243, RSSI: -154, CPL: 127, AGE: 32, SSID Testing , TSFDelta: 0xd7a5d2e7, TXRate: 0
12-01 03:57:59.210 D/LOWI-9.0.0.87.a( 1373): [LOWIDiagLog] Log: lowiMeasResult->request: invalid null argument
12-01 03:57:59.210 I/LOWI-9.0.0.87.a( 1373): [LOWI-Scan] lowi_close_record:Scan done in 271398ms, 75 APs in scan results
12-01 03:57:59.210 D/LOWI-9.0.0.87.a( 1373): [LOWI-Scan] WipsScanUsingNL: passive scan cached 0, took 1443 ms, err 0
12-01 03:57:59.210 D/LOWI-9.0.0.87.a( 1373): [LOWI-Scan] lowi_proc_req_passive_scan_with_live_meas - No WLAN Frames to be parsed
12-01 03:57:59.210 D/LOWI-9.0.0.87.a( 1373): [LOWIScanResultReceiver] Send scan meas to listener
12-01 03:57:59.211 D/LOWI-9.0.0.87.a( 1373): [LOWIScanResultReceiver] Enter passive listening mode
12-01 03:57:59.211 D/LOWI-9.0.0.87.a( 1373): [LOWIWifiDriverInterface] getMeasurements - Passive listening mode
12-01 03:57:59.211 D/LOWI-9.0.0.87.a( 1373): [LOWI-Scan] WipsScanUsingNL:wait -1 sec for netlink message
12-01 03:57:59.211 D/LOWI-9.0.0.87.a( 1373): [LOWIEventReceiver] handleEvent:FROM:NA, TO:NA, REQ:NA, IREQ:NA, REQ_ID:0, RESP:NA, INFO:NA
12-01 03:57:59.211 D/LOWI-9.0.0.87.a( 1373): [LOWIBackgroundScanMgr] isRspForBgScanMgr: evt(LOWI_NO_EVT) - not handled
12-01 03:57:59.211 D/LOWI-9.0.0.87.a( 1373): [LOWIScheduler] manageMsg: NULL results or NULL request in results
12-01 03:57:59.211 D/LOWI-9.0.0.87.a( 1373): [LOWIController] Measurements received
12-01 03:57:59.211 D/LOWI-9.0.0.87.a( 1373): [LOWICacheManager] putInCache:Num of Meas to add: 75
12-01 03:57:59.213 D/LOWI-9.0.0.87.a( 1373): [LOWIController] processMeasurementResults: No current Request. Cache measurements
12-01 03:57:59.213 D/LOWI-9.0.0.87.a( 1373): [LOWIController] sendAsyncScanResponse: Request FreeWifiScanObserver_0 is from a different client.
12-01 03:57:59.213 D/LOWI-9.0.0.87.a( 1373): [LOWIController] generateResponse: Type (ASYNC_DISCOVERY_SCAN_RESULTS) ScanStatus (1) request FreeWifiScanObserver_0
12-01 03:57:59.213 D/LOWI-9.0.0.87.a( 1373): [LOWIEventDispatcher] sendResponse - originator = FreeWifiScanObserver
12-01 03:57:59.213 D/LOWI-9.0.0.87.a( 1373): [LOWIUtils] injectScanMeasurements - num of APs = 75
12-01 03:57:59.214 I/LOWI-9.0.0.87.a( 1373): [LOWIUtils] responseToOutPostcard - TO: FreeWifiScanObserver, FROM: LOWI-SERVER, RESP: LOWI_ASYNC_DISCOVERY_SCAN_RESULTS
12-01 03:57:59.215 D/LOWI-9.0.0.87.a( 1373): [LOWIControllerExtn] sendLOWILpDiscoveryScanResponse: Not a discovery scan response
12-01 03:57:59.223 D/WificondScannerImpl( 1525): Filtering out 24 scan results.
12-01 03:57:59.243 D/WifiDebugService( 2781): onScanResultsAvailable
12-01 03:57:59.245 D/PasspointManager( 1525): ANQP entry not found for: 96:54:c3:8e:af:77:
12-01 03:57:59.276 D/WifiDebugService( 2781): connect wifi SSID is :
12-01 03:57:59.286 W/WifiDebugService( 2781): find wifi : Fanya
12-01 03:57:59.286 W/WifiDebugService( 2781): find wifi : Guest
12-01 03:57:59.286 W/WifiDebugService( 2781): find wifi : ThunderSoft
12-01 03:57:59.286 W/WifiDebugService( 2781): find wifi : GM
12-01 03:57:59.286 W/WifiDebugService( 2781): find wifi : ZXHY
12-01 03:57:59.286 W/WifiDebugService( 2781): find wifi : Guest
12-01 03:57:59.286 W/WifiDebugService( 2781): find wifi : Fanya
12-01 03:57:59.286 W/WifiDebugService( 2781): find wifi : Testing
12-01 03:57:59.286 W/WifiDebugService( 2781): find wifi : Guest
12-01 03:57:59.286 W/WifiDebugService( 2781): find wifi : ThunderSoft_2.4G
12-01 03:57:59.286 W/WifiDebugService( 2781): find wifi : ZXHY
12-01 03:57:59.286 W/WifiDebugService( 2781): find wifi : Fanya
12-01 03:57:59.286 W/WifiDebugService( 2781): can not find target wifi ap : hht_test_wifi_fc4318c9
12-01 03:57:59.933 W/hpplay-java( 3306): [main]:IPManager:getActiveNets invalid networkInfo:null
12-01 03:57:59.933 I/hpplay-java( 3306): [main]:IPManager:getActiveNets eth0:false wifi:false mobile:false ap:false
12-01 03:57:59.933 I/hpplay-java( 3306): [main]:ServerTaskManager:get local ip:null
12-01 03:58:00.004 D/KeyguardUpdateMonitor( 2372): received broadcast android.intent.action.TIME_TICK
12-01 03:58:00.007 D/KeyguardUpdateMonitor( 2372): handleTimeUpdate
12-01 03:58:00.072 I/mpu_uart( 646): [MSG-P:RECV]:No message received in 1000 ms
12-01 03:58:00.935 W/hpplay-java( 3306): [main]:IPManager:getActiveNets invalid networkInfo:null
12-01 03:58:00.936 I/hpplay-java( 3306): [main]:IPManager:getActiveNets eth0:false wifi:false mobile:false ap:false
12-01 03:58:00.936 I/hpplay-java( 3306): [main]:ServerTaskManager:get local ip:null
12-01 03:58:01.073 I/mpu_uart( 646): [MSG-P:RECV]:No message received in 1000 ms
12-01 03:58:01.241 I/mpu_uart( 646): [MSG-P:R]:recv sync frame timeout
12-01 03:58:01.938 W/hpplay-java( 3306): [main]:IPManager:getActiveNets invalid networkInfo:null
12-01 03:58:01.938 I/hpplay-java( 3306): [main]:IPManager:getActiveNets eth0:false wifi:false mobile:false ap:false
12-01 03:58:01.938 I/hpplay-java( 3306): [main]:ServerTaskManager:get local ip:null
12-01 03:58:02.073 I/mpu_uart( 646): [MSG-P:RECV]:No message received in 1000 ms
12-01 03:58:02.940 W/hpplay-java( 3306): [main]:IPManager:getActiveNets invalid networkInfo:null
12-01 03:58:02.940 I/hpplay-java( 3306): [main]:IPManager:getActiveNets eth0:false wifi:false mobile:false ap:false
12-01 03:58:02.940 I/hpplay-java( 3306): [main]:ServerTaskManager:get local ip:null
12-01 03:58:03.073 I/mpu_uart( 646): [MSG-P:RECV]:No message received in 1000 ms
12-01 03:58:03.942 W/hpplay-java( 3306): [main]:IPManager:getActiveNets invalid networkInfo:null
12-01 03:58:03.943 I/hpplay-java( 3306): [main]:IPManager:getActiveNets eth0:false wifi:false mobile:false ap:false
12-01 03:58:03.943 I/hpplay-java( 3306): [main]:ServerTaskManager:get local ip:null
12-01 03:58:04.074 I/mpu_uart( 646): [MSG-P:RECV]:No message received in 1000 ms
12-01 03:58:04.244 I/mpu_uart( 646): [MSG-P:R]:recv sync frame timeout
12-01 03:58:04.944 W/hpplay-java( 3306): [main]:IPManager:getActiveNets invalid networkInfo:null
12-01 03:58:04.945 I/hpplay-java( 3306): [main]:IPManager:getActiveNets eth0:false wifi:false mobile:false ap:false
12-01 03:58:04.945 I/hpplay-java( 3306): [main]:ServerTaskManager:get local ip:null
12-01 03:58:05.074 I/mpu_uart( 646): [MSG-P:RECV]:No message received in 1000 ms
12-01 03:58:05.946 W/hpplay-java( 3306): [main]:IPManager:getActiveNets invalid networkInfo:null
12-01 03:58:05.947 I/hpplay-java( 3306): [main]:IPManager:getActiveNets eth0:false wifi:false mobile:false ap:false
12-01 03:58:05.947 I/hpplay-java( 3306): [main]:ServerTaskManager:get local ip:null
12-01 03:58:06.075 I/mpu_uart( 646): [MSG-P:RECV]:No message received in 1000 ms
12-01 03:58:06.948 W/hpplay-java( 3306): [main]:IPManager:getActiveNets invalid networkInfo:null
12-01 03:58:06.949 I/hpplay-java( 3306): [main]:IPManager:getActiveNets eth0:false wifi:false mobile:false ap:false
12-01 03:58:06.949 I/hpplay-java( 3306): [main]:ServerTaskManager:get local ip:null
12-01 03:58:07.075 I/mpu_uart( 646): [MSG-P:RECV]:No message received in 1000 ms
12-01 03:58:07.247 I/mpu_uart( 646): [MSG-P:R]:recv sync frame timeout
12-01 03:58:07.951 W/hpplay-java( 3306): [main]:IPManager:getActiveNets invalid networkInfo:null
12-01 03:58:07.951 I/hpplay-java( 3306): [main]:IPManager:getActiveNets eth0:false wifi:false mobile:false ap:false
12-01 03:58:07.951 I/hpplay-java( 3306): [main]:ServerTaskManager:get local ip:null
12-01 03:58:07.957 I/WifiService( 1525): startScan uid=1000
12-01 03:58:07.970 D/LOWI-9.0.0.87.a( 1373): [LOWI-Scan] wait_event:Wait done with Cmd 33
12-01 03:58:07.970 D/LOWI-9.0.0.87.a( 1373): [LOWI-Scan] do_listen_events: Rcvd valid Netlink Cmd 0 Err 0
12-01 03:58:08.075 I/mpu_uart( 646): [MSG-P:RECV]:No message received in 1000 ms
12-01 03:58:08.953 W/hpplay-java( 3306): [main]:IPManager:getActiveNets invalid networkInfo:null
12-01 03:58:08.953 I/hpplay-java( 3306): [main]:IPManager:getActiveNets eth0:false wifi:false mobile:false ap:false
12-01 03:58:08.953 I/hpplay-java( 3306): [main]:ServerTaskManager:get local ip:null
12-01 03:58:09.076 I/mpu_uart( 646): [MSG-P:RECV]:No message received in 1000 ms
12-01 03:58:09.191 D/LOWI-9.0.0.87.a( 1373): [LOWI-Scan] wait_event:Wait done with Cmd 34
12-01 03:58:09.191 D/LOWI-9.0.0.87.a( 1373): [LOWI-Scan] do_listen_events: Rcvd valid Netlink Cmd 34 Err 0
12-01 03:58:09.194 D/LOWI-9.0.0.87.a( 1373): [LOWI-Scan]
12-01 03:58:09.194 D/LOWI-9.0.0.87.a( 1373): [LOWI-Scan] print_bss_handler: Report Probe TSF 308174233 as it greater than Beacon TSF 273669091
12-01 03:58:09.194 D/LOWI-9.0.0.87.a( 1373): [LOWI-Scan] is_qcom_ie, bss_age: 0
12-01 03:58:09.194 D/LOWI-9.0.0.87.a( 1373): [LOWI-Scan] BSS 18:6f:2d:81:16:e1 LOWI_PHY_MODE_11NG_HT20(5), Beacon Interval: 100, LOWI_ENCRYPTION_TYPE_OPEN 11mcRanging: No, ANQP: No, LCI: No, Civic: No, capability(0x0521): ESS ShortPreamble SpectrumMgmt ShortSlotTime
12-01 03:58:09.194 D/LOWI-9.0.0.87.a( 1373): [LOWI-Scan] BSS 18:6f:2d:81:16:e1 FREQ: 2412, cFreq1[40:80:160] = [2412:0:0] cFreq2 = 0 Country Code = CN
12-01 03:58:09.194 D/LOWI-9.0.0.87.a( 1373): [LOWI-Scan] BSS 18:6f:2d:81:16:e1 (wlan0) ASSO: NO AddInfo: 0x0, TSF 0, 00:05:08.174, RSSI: -122, CPL: 127, AGE: 1096, SSID Guest, TSFDelta: 0xfc2f11a5, TXRate: 0
12-01 03:58:09.194 D/LOWI-9.0.0.87.a( 1373): [LOWI-Scan]
12-01 03:58:09.195 D/LOWI-9.0.0.87.a( 1373): [LOWI-Scan] print_bss_handler: Report Probe TSF 308176521 as it greater than Beacon TSF 273679303
12-01 03:58:09.195 D/LOWI-9.0.0.87.a( 1373): [LOWI-Scan] decode_rsn_wpa_ie: LOWI_ENCRYPTION_TYPE_WPA_PSK
12-01 03:58:09.195 D/LOWI-9.0.0.87.a( 1373): [LOWI-Scan] is_qcom_ie, bss_age: 0
12-01 03:58:09.195 D/LOWI-9.0.0.87.a( 1373): [LOWI-Scan] BSS 18:6f:2d:81:16:e2 LOWI_PHY_MODE_11NG_HT20(5), Beacon Interval: 100, LOWI_ENCRYPTION_TYPE_WPA_PSK 11mcRanging: No, ANQP: No, LCI: No, Civic: No, capability(0x0531): ESS Privacy ShortPreamble SpectrumMgmt ShortSlotTime
12-01 03:58:09.195 D/LOWI-9.0.0.87.a( 1373): [LOWI-Scan] BSS 18:6f:2d:81:16:e2 FREQ: 2412, cFreq1[40:80:160] = [2412:0:0] cFreq2 = 0 Country Code = CN
12-01 03:58:09.195 D/LOWI-9.0.0.87.a( 1373): [LOWI-Scan] BSS 18:6f:2d:81:16:e2 (wlan0) ASSO: NO AddInfo: 0x0, TSF 0, 00:05:08.176, RSSI: -122, CPL: 127, AGE: 1092, SSID ThunderSoft_2.4G, TSFDelta: 0xfc3bf8ab, TXRate: 0
12-01 03:58:09.195 D/LOWI-9.0.0.87.a( 1373): [LOWI-Scan]
12-01 03:58:09.195 D/LOWI-9.0.0.87.a( 1373): [LOWI-Scan] print_bss_handler: Report Probe TSF 308180845 as it greater than Beacon TSF 298193207
12-01 03:58:09.195 D/LOWI-9.0.0.87.a( 1373): [LOWI-Scan] decode_rsn_wpa_ie: LOWI_ENCRYPTION_TYPE_WPA_PSK
12-01 03:58:09.195 D/LOWI-9.0.0.87.a( 1373): [LOWI-Scan] is_qcom_ie, bss_age: 0
12-01 03:58:09.195 D/LOWI-9.0.0.87.a( 1373): [LOWI-Scan] BSS 18:6f:2d:81:16:e4 LOWI_PHY_MODE_11NG_HT20(5), Beacon Interval: 100, LOWI_ENCRYPTION_TYPE_WPA_PSK 11mcRanging: No, ANQP: No, LCI: No, Civic: No, capability(0x0531): ESS Privacy ShortPreamble SpectrumMgmt ShortSlotTime
12-01 03:58:09.195 D/LOWI-9.0.0.87.a( 1373): [LOWI-Scan] BSS 18:6f:2d:81:16:e4 FREQ: 2412, cFreq1[40:80:160] = [2412:0:0] cFreq2 = 0 Country Code = CN
12-01 03:58:09.195 D/LOWI-9.0.0.87.a( 1373): [LOWI-Scan] BSS 18:6f:2d:81:16:e4 (wlan0) ASSO: NO AddInfo: 0x0, TSF 0, 00:05:08.180, RSSI: -122, CPL: 127, AGE: 1088, SSID Fanya, TSFDelta: 0xfc5ce4bf, TXRate: 0
12-01 03:58:09.195 D/LOWI-9.0.0.87.a( 1373): [LOWI-Scan]
12-01 03:58:09.195 D/LOWI-9.0.0.87.a( 1373): [LOWI-Scan] print_bss_handler: Report Probe TSF 308139617 as it greater than Beacon TSF 63668410
12-01 03:58:09.195 D/LOWI-9.0.0.87.a( 1373): [LOWI-Scan] decode_rsn_wpa_ie: LOWI_ENCRYPTION_TYPE_WPA_PSK
12-01 03:58:09.195 D/LOWI-9.0.0.87.a( 1373): [LOWI-Scan] is_qcom_ie, bss_age: 0
12-01 03:58:09.195 D/LOWI-9.0.0.87.a( 1373): [LOWI-Scan] BSS 58:41:20:1d:fe:89 LOWI_PHY_MODE_11AC_VHT80(10), Beacon Interval: 100, LOWI_ENCRYPTION_TYPE_WPA_PSK 11mcRanging: No, ANQP: No, LCI: No, Civic: No, capability(0x1011): ESS Privacy
12-01 03:58:09.195 D/LOWI-9.0.0.87.a( 1373): [LOWI-Scan] BSS 58:41:20:1d:fe:89 FREQ: 5180, cFreq1[40:80:160] = [5190:5210:0] cFreq2 = 0 Country Code = CN
12-01 03:58:09.195 D/LOWI-9.0.0.87.a( 1373): [LOWI-Scan] BSS 58:41:20:1d:fe:89 (wlan0) ASSO: NO AddInfo: 0x0, TSF 0, 00:05:08.139, RSSI: -144, CPL: 127, AGE: 1132, SSID TP-LINK_5G_FE87, TSFDelta: 0xeae47e2b, TXRate: 0
12-01 03:58:09.195 D/LOWI-9.0.0.87.a( 1373): [LOWI-Scan]
12-01 03:58:09.195 D/LOWI-9.0.0.87.a( 1373): [LOWI-Scan] print_bss_handler: Report beacon TSF 308183046 as it greater than probe TSF 308172518
12-01 03:58:09.195 D/LOWI-9.0.0.87.a( 1373): [LOWI-Scan] decode_rsn_wpa_ie: LOWI_ENCRYPTION_TYPE_WPA_PSK
12-01 03:58:09.195 D/LOWI-9.0.0.87.a( 1373): [LOWI-Scan] is_qcom_ie, bss_age: 0
