--------- beginning of events
01-02 01:55:26.166 I/snet_event_log( 502): [121035042,-1,]
01-02 01:55:26.167 I/snet_event_log( 504): [121035042,-1,]
01-02 01:55:26.171 I/auditd ( 502): SELinux: Loaded service_contexts from:
01-02 01:55:26.171 I/auditd ( 502): /system/etc/selinux/plat_service_contexts
01-02 01:55:26.171 I/auditd ( 502): /system_ext/etc/selinux/system_ext_service_contexts
01-02 01:55:26.171 I/auditd ( 502): /product/etc/selinux/product_service_contexts
01-02 01:55:26.171 I/auditd ( 502): /vendor/etc/selinux/vendor_service_contexts
01-01 08:00:00.195 I/auditd ( 500): type=2000 audit(0.0:1): state=initialized audit_enabled=0 res=1
01-02 01:55:25.519 I/auditd ( 500): type=1403 audit(0.0:2): auid=4294967295 ses=4294967295 lsm=selinux res=1
01-02 01:55:25.519 I/auditd ( 500): type=1404 audit(0.0:3): enforcing=1 old_enforcing=0 auid=4294967295 ses=4294967295 enabled=1 old-enabled=1 lsm=selinux res=1
01-02 01:55:25.575 I/auditd ( 1): type=1107 audit(0.0:4): uid=0 auid=4294967295 ses=4294967295 subj=u:r:init:s0 msg='avc: denied { read } for property=persist.debug.trace pid=0 uid=0 gid=0 scontext=u:r:vendor_init:s0 tcontext=u:object_r:persist_debug_prop:s0 tclass=file permissive=0'
01-02 01:55:25.915 I/auditd ( 1): type=1400 audit(0.0:5): avc: denied { mounton } for comm="init" path="/sys/kernel/tracing" dev="tracefs" ino=1 scontext=u:r:init:s0 tcontext=u:object_r:debugfs_tracing_debug:s0 tclass=dir permissive=0
01-02 01:55:26.163 I/auditd ( 508): type=1400 audit(0.0:6): avc: denied { ptrace } for comm="crash_dump64" scontext=u:r:crash_dump:s0 tcontext=u:r:init:s0 tclass=process permissive=0
01-02 01:55:26.187 I/auditd ( 519): type=1400 audit(0.0:7): avc: denied { read write } for comm="fsck_msdos" name="sde51" dev="tmpfs" ino=11445 scontext=u:r:fsck:s0 tcontext=u:object_r:block_device:s0 tclass=blk_file permissive=0
01-02 01:55:26.187 I/auditd ( 519): type=1400 audit(0.0:8): avc: denied { read } for comm="fsck_msdos" name="sde51" dev="tmpfs" ino=11445 scontext=u:r:fsck:s0 tcontext=u:object_r:block_device:s0 tclass=blk_file permissive=0
01-02 01:55:26.187 I/auditd ( 519): type=1400 audit(0.0:9): avc: denied { kill } for comm="fsck_msdos" capability=5 scontext=u:r:fsck:s0 tcontext=u:r:fsck:s0 tclass=capability permissive=0
01-02 01:55:27.267 I/auditd ( 603): type=1400 audit(0.0:10): avc: denied { kill } for comm="vdc" capability=5 scontext=u:r:vdc:s0 tcontext=u:r:vdc:s0 tclass=capability permissive=0
01-02 01:55:30.219 I/auditd ( 605): type=1400 audit(0.0:11): avc: denied { kill } for comm="fsck.f2fs" capability=5 scontext=u:r:fsck:s0 tcontext=u:r:fsck:s0 tclass=capability permissive=0
01-02 01:55:30.347 I/auditd ( 564): SELinux: Loaded keystore2_key_contexts from:
01-02 01:55:30.347 I/auditd ( 564): /system/etc/selinux/plat_keystore2_key_contexts
01-02 01:55:31.423 I/auditd ( 610): type=1400 audit(0.0:12): avc: denied { kill } for comm="fsck.f2fs" capability=5 scontext=u:r:fsck:s0 tcontext=u:r:fsck:s0 tclass=capability permissive=0
01-02 01:55:31.455 I/auditd ( 609): type=1400 audit(0.0:13): avc: denied { kill } for comm="vdc" capability=5 scontext=u:r:vdc:s0 tcontext=u:r:vdc:s0 tclass=capability permissive=0
01-02 01:55:31.611 I/auditd ( 1): type=1400 audit(0.0:14): avc: denied { getattr } for comm="init" path="/data/nativetest" dev="dm-10" ino=7 scontext=u:r:init:s0 tcontext=u:object_r:nativetest_data_file:s0 tclass=dir permissive=0 bug=b/77873135
01-02 01:55:31.611 I/auditd ( 1): type=1400 audit(0.0:15): avc: denied { getattr } for comm="init" path="/data/nativetest64" dev="dm-10" ino=8 scontext=u:r:init:s0 tcontext=u:object_r:nativetest_data_file:s0 tclass=dir permissive=0 bug=b/77873135
01-02 01:55:31.731 I/auditd ( 1): type=1400 audit(0.0:16): avc: denied { getattr } for comm="init" path="/product/bin/init.qti.display.sh" dev="dm-7" ino=68 scontext=u:r:init:s0 tcontext=u:object_r:vendor_sys_qti_display_exec:s0 tclass=file permissive=0
01-02 01:55:31.043 I/liblog ( 658): 354
01-02 01:55:31.045 I/liblog ( 658): 133
01-02 01:55:31.045 I/liblog ( 658): 1
01-02 01:55:31.048 I/liblog ( 658): 162
01-02 01:55:31.295 I/boot_progress_start( 667): 11640
01-02 01:55:31.491 I/auditd ( 829): type=1400 audit(0.0:17): avc: denied { read } for comm="vendor.qti.hard" name="u:object_r:vendor_cap_configstore_dbg_prop:s0" dev="tmpfs" ino=2347 scontext=u:r:vendor_hal_capabilityconfigstore_qti_default:s0 tcontext=u:object_r:vendor_cap_configstore_dbg_prop:s0 tclass=file permissive=0
01-02 01:55:31.587 I/auditd ( 7): type=1400 audit(0.0:18): avc: denied { create } for comm="kworker/u16:0" scontext=u:r:kernel:s0 tcontext=u:r:kernel:s0 tclass=qipcrtr_socket permissive=0
01-02 01:55:31.587 I/auditd ( 80): type=1400 audit(0.0:19): avc: denied { create } for comm="kworker/u16:1" scontext=u:r:kernel:s0 tcontext=u:r:kernel:s0 tclass=qipcrtr_socket permissive=0
01-02 01:55:31.587 I/auditd ( 280): type=1400 audit(0.0:20): avc: denied { create } for comm="kworker/u16:6" scontext=u:r:kernel:s0 tcontext=u:r:kernel:s0 tclass=qipcrtr_socket permissive=0
01-02 01:55:31.587 I/auditd ( 274): type=1400 audit(0.0:21): avc: denied { create } for comm="kworker/u16:3" scontext=u:r:kernel:s0 tcontext=u:r:kernel:s0 tclass=qipcrtr_socket permissive=0
01-02 01:55:31.587 I/auditd ( 274): type=1400 audit(0.0:22): avc: denied { create } for comm="kworker/u16:3" scontext=u:r:kernel:s0 tcontext=u:r:kernel:s0 tclass=qipcrtr_socket permissive=0
01-02 01:55:31.587 I/auditd ( 276): type=1400 audit(0.0:23): avc: denied { create } for comm="kworker/u16:4" scontext=u:r:kernel:s0 tcontext=u:r:kernel:s0 tclass=qipcrtr_socket permissive=0
01-02 01:55:31.587 I/auditd ( 274): type=1400 audit(0.0:24): avc: denied { create } for comm="kworker/u16:3" scontext=u:r:kernel:s0 tcontext=u:r:kernel:s0 tclass=qipcrtr_socket permissive=0
01-02 01:55:31.587 I/auditd ( 272): type=1400 audit(0.0:25): avc: denied { create } for comm="kworker/u16:2" scontext=u:r:kernel:s0 tcontext=u:r:kernel:s0 tclass=qipcrtr_socket permissive=0
01-02 01:55:31.587 I/auditd ( 276): type=1400 audit(0.0:26): avc: denied { create } for comm="kworker/u16:4" scontext=u:r:kernel:s0 tcontext=u:r:kernel:s0 tclass=qipcrtr_socket permissive=0
01-02 01:55:31.587 I/auditd ( 274): type=1400 audit(0.0:27): avc: denied { create } for comm="kworker/u16:3" scontext=u:r:kernel:s0 tcontext=u:r:kernel:s0 tclass=qipcrtr_socket permissive=0
01-02 01:55:31.587 I/auditd ( 272): type=1400 audit(0.0:28): avc: denied { create } for comm="kworker/u16:2" scontext=u:r:kernel:s0 tcontext=u:r:kernel:s0 tclass=qipcrtr_socket permissive=0
01-02 01:55:31.587 I/auditd ( 274): type=1400 audit(0.0:29): avc: denied { create } for comm="kworker/u16:3" scontext=u:r:kernel:s0 tcontext=u:r:kernel:s0 tclass=qipcrtr_socket permissive=0
01-02 01:55:31.587 I/auditd ( 276): type=1400 audit(0.0:30): avc: denied { create } for comm="kworker/u16:4" scontext=u:r:kernel:s0 tcontext=u:r:kernel:s0 tclass=qipcrtr_socket permissive=0
01-02 01:55:31.587 I/auditd ( 272): type=1400 audit(0.0:31): avc: denied { create } for comm="kworker/u16:2" scontext=u:r:kernel:s0 tcontext=u:r:kernel:s0 tclass=qipcrtr_socket permissive=0
01-02 01:55:31.587 I/auditd ( 276): type=1400 audit(0.0:32): avc: denied { create } for comm="kworker/u16:4" scontext=u:r:kernel:s0 tcontext=u:r:kernel:s0 tclass=qipcrtr_socket permissive=0
01-02 01:55:31.587 I/auditd ( 274): type=1400 audit(0.0:33): avc: denied { create } for comm="kworker/u16:3" scontext=u:r:kernel:s0 tcontext=u:r:kernel:s0 tclass=qipcrtr_socket permissive=0
01-02 01:55:31.587 I/auditd ( 272): type=1400 audit(0.0:34): avc: denied { create } for comm="kworker/u16:2" scontext=u:r:kernel:s0 tcontext=u:r:kernel:s0 tclass=qipcrtr_socket permissive=0
01-02 01:55:31.587 I/auditd ( 276): type=1400 audit(0.0:35): avc: denied { create } for comm="kworker/u16:4" scontext=u:r:kernel:s0 tcontext=u:r:kernel:s0 tclass=qipcrtr_socket permissive=0
01-02 01:55:31.587 I/auditd ( 274): type=1400 audit(0.0:36): avc: denied { create } for comm="kworker/u16:3" scontext=u:r:kernel:s0 tcontext=u:r:kernel:s0 tclass=qipcrtr_socket permissive=0
01-02 01:55:31.587 I/auditd ( 272): type=1400 audit(0.0:37): avc: denied { create } for comm="kworker/u16:2" scontext=u:r:kernel:s0 tcontext=u:r:kernel:s0 tclass=qipcrtr_socket permissive=0
01-02 01:55:31.587 I/auditd ( 278): type=1400 audit(0.0:38): avc: denied { create } for comm="kworker/u16:5" scontext=u:r:kernel:s0 tcontext=u:r:kernel:s0 tclass=qipcrtr_socket permissive=0
01-02 01:55:31.635 I/auditd ( 470): type=1400 audit(0.0:39): avc: denied { setattr } for comm="init" name="rawdump" dev="tmpfs" ino=10449 scontext=u:r:vendor_init:s0 tcontext=u:object_r:block_device:s0 tclass=lnk_file permissive=0
01-02 01:55:31.635 I/auditd ( 470): type=1400 audit(0.0:40): avc: denied { setattr } for comm="init" name="rawdump" dev="tmpfs" ino=10449 scontext=u:r:vendor_init:s0 tcontext=u:object_r:block_device:s0 tclass=lnk_file permissive=0
01-02 01:55:31.635 I/auditd ( 1003): type=1400 audit(0.0:41): avc: denied { read write } for comm="sensors.qti" name="diag" dev="tmpfs" ino=11418 scontext=u:r:vendor_sensors_qti:s0 tcontext=u:object_r:vendor_diag_device:s0 tclass=chr_file permissive=0
01-02 01:55:31.651 I/auditd ( 834): type=1400 audit(0.0:42): avc: denied { read write } for comm="vendor.qti.hard" name="diag" dev="tmpfs" ino=11418 scontext=u:r:hal_graphics_composer_default:s0 tcontext=u:object_r:vendor_diag_device:s0 tclass=chr_file permissive=0
01-02 01:55:31.683 I/snet_event_log( 668): [200284993,-1,]
01-02 01:55:31.685 I/snet_event_log( 667): [200284993,-1,]
01-02 01:55:31.736 I/auditd ( 502): avc: denied { find } for pid=979 uid=1000 name=vendor.qti.hardware.display.config.IDisplayConfig/default scontext=u:r:surfaceflinger:s0 tcontext=u:object_r:default_android_service:s0 tclass=service_manager permissive=0
01-02 01:55:31.741 I/auditd ( 502): avc: denied { find } for pid=979 uid=1000 name=vendor.qti.hardware.display.config.IDisplayConfig/default scontext=u:r:surfaceflinger:s0 tcontext=u:object_r:default_android_service:s0 tclass=service_manager permissive=0
01-02 01:55:31.754 I/boot_progress_preload_start( 667): 12099
01-02 01:55:31.835 I/auditd ( 1003): type=1400 audit(0.0:43): avc: denied { read write } for comm="sensors.qti" name="diag" dev="tmpfs" ino=11418 scontext=u:r:vendor_sensors_qti:s0 tcontext=u:object_r:vendor_diag_device:s0 tclass=chr_file permissive=0
01-02 01:55:31.895 I/auditd ( 1033): type=1400 audit(0.0:44): avc: denied { write } for comm="init.qcom.usb.s" name="uvc.0" dev="configfs" ino=17937 scontext=u:r:vendor_qti_init_shell:s0 tcontext=u:object_r:configfs:s0 tclass=dir permissive=0
01-02 01:55:31.895 I/auditd ( 1033): type=1400 audit(0.0:45): avc: denied { write } for comm="init.qcom.usb.s" name="uvc.0" dev="configfs" ino=17937 scontext=u:r:vendor_qti_init_shell:s0 tcontext=u:object_r:configfs:s0 tclass=dir permissive=0
01-02 01:55:31.915 I/auditd ( 1128): type=1400 audit(0.0:46): avc: denied { write } for comm="mkdir" name="header" dev="configfs" ino=17939 scontext=u:r:vendor_qti_init_shell:s0 tcontext=u:object_r:configfs:s0 tclass=dir permissive=0
01-02 01:55:31.931 I/auditd ( 1130): type=1400 audit(0.0:47): avc: denied { write } for comm="ln" name="fs" dev="configfs" ino=17948 scontext=u:r:vendor_qti_init_shell:s0 tcontext=u:object_r:configfs:s0 tclass=dir permissive=0
01-02 01:55:31.935 I/auditd ( 1131): type=1400 audit(0.0:48): avc: denied { write } for comm="ln" name="ss" dev="configfs" ino=17949 scontext=u:r:vendor_qti_init_shell:s0 tcontext=u:object_r:configfs:s0 tclass=dir permissive=0
01-02 01:55:31.943 I/auditd ( 1132): type=1400 audit(0.0:49): avc: denied { write } for comm="mkdir" name="uncompressed" dev="configfs" ino=17952 scontext=u:r:vendor_qti_init_shell:s0 tcontext=u:object_r:configfs:s0 tclass=dir permissive=0
01-02 01:55:31.947 I/auditd ( 1133): type=1400 audit(0.0:50): avc: denied { write } for comm="mkdir" name="uncompressed" dev="configfs" ino=17952 scontext=u:r:vendor_qti_init_shell:s0 tcontext=u:object_r:configfs:s0 tclass=dir permissive=0
01-02 01:55:31.951 I/auditd ( 1134): type=1400 audit(0.0:51): avc: denied { write } for comm="mkdir" name="mjpeg" dev="configfs" ino=17953 scontext=u:r:vendor_qti_init_shell:s0 tcontext=u:object_r:configfs:s0 tclass=dir permissive=0
01-02 01:55:31.955 I/auditd ( 1135): type=1400 audit(0.0:52): avc: denied { write } for comm="mkdir" name="mjpeg" dev="configfs" ino=17953 scontext=u:r:vendor_qti_init_shell:s0 tcontext=u:object_r:configfs:s0 tclass=dir permissive=0
01-02 01:55:31.963 I/auditd ( 1136): type=1400 audit(0.0:53): avc: denied { write } for comm="mkdir" name="h264" dev="configfs" ino=17954 scontext=u:r:vendor_qti_init_shell:s0 tcontext=u:object_r:configfs:s0 tclass=dir permissive=0
01-02 01:55:31.967 I/auditd ( 1137): type=1400 audit(0.0:54): avc: denied { write } for comm="mkdir" name="h264" dev="configfs" ino=17954 scontext=u:r:vendor_qti_init_shell:s0 tcontext=u:object_r:configfs:s0 tclass=dir permissive=0
01-02 01:55:31.971 I/auditd ( 1138): type=1400 audit(0.0:55): avc: denied { write } for comm="mkdir" name="header" dev="configfs" ino=17951 scontext=u:r:vendor_qti_init_shell:s0 tcontext=u:object_r:configfs:s0 tclass=dir permissive=0
01-02 01:55:31.975 I/auditd ( 1139): type=1400 audit(0.0:56): avc: denied { write } for comm="ln" name="header" dev="configfs" ino=17951 scontext=u:r:vendor_qti_init_shell:s0 tcontext=u:object_r:configfs:s0 tclass=dir permissive=0
01-02 01:55:31.983 I/auditd ( 1140): type=1400 audit(0.0:57): avc: denied { write } for comm="ln" name="header" dev="configfs" ino=17951 scontext=u:r:vendor_qti_init_shell:s0 tcontext=u:object_r:configfs:s0 tclass=dir permissive=0
01-02 01:55:31.987 I/auditd ( 1141): type=1400 audit(0.0:58): avc: denied { write } for comm="ln" name="header" dev="configfs" ino=17951 scontext=u:r:vendor_qti_init_shell:s0 tcontext=u:object_r:configfs:s0 tclass=dir permissive=0
01-02 01:55:31.995 I/auditd ( 1142): type=1400 audit(0.0:59): avc: denied { write } for comm="ln" name="fs" dev="configfs" ino=17958 scontext=u:r:vendor_qti_init_shell:s0 tcontext=u:object_r:configfs:s0 tclass=dir permissive=0
01-02 01:55:31.999 I/auditd ( 1143): type=1400 audit(0.0:60): avc: denied { write } for comm="ln" name="hs" dev="configfs" ino=17959 scontext=u:r:vendor_qti_init_shell:s0 tcontext=u:object_r:configfs:s0 tclass=dir permissive=0
01-02 01:55:32.003 I/auditd ( 1144): type=1400 audit(0.0:61): avc: denied { write } for comm="ln" name="ss" dev="configfs" ino=17960 scontext=u:r:vendor_qti_init_shell:s0 tcontext=u:object_r:configfs:s0 tclass=dir permissive=0
01-02 01:55:32.035 I/auditd ( 1003): type=1400 audit(0.0:62): avc: denied { read write } for comm="sensors.qti" name="diag" dev="tmpfs" ino=11418 scontext=u:r:vendor_sensors_qti:s0 tcontext=u:object_r:vendor_diag_device:s0 tclass=chr_file permissive=0
01-02 01:55:32.107 I/auditd ( 1164): type=1400 audit(0.0:63): avc: denied { read write } for comm="dpmd" name="diag" dev="tmpfs" ino=11418 scontext=u:r:vendor_dpmd:s0 tcontext=u:object_r:vendor_diag_device:s0 tclass=chr_file permissive=0
01-02 01:55:32.119 I/auditd ( 1175): type=1400 audit(0.0:64): avc: denied { read write } for comm="dpmd" name="diag" dev="tmpfs" ino=11418 scontext=u:r:vendor_dpmd:s0 tcontext=u:object_r:vendor_diag_device:s0 tclass=chr_file permissive=0
01-02 01:55:32.191 I/auditd ( 1218): type=1400 audit(0.0:65): avc: denied { read write } for comm="ipacm-diag" name="diag" dev="tmpfs" ino=11418 scontext=u:r:hal_tetheroffload_default:s0 tcontext=u:object_r:vendor_diag_device:s0 tclass=chr_file permissive=0
01-02 01:55:32.223 I/auditd ( 1213): type=1400 audit(0.0:66): avc: denied { read write } for comm="imsqmidaemon" name="diag" dev="tmpfs" ino=11418 scontext=u:r:vendor_ims:s0 tcontext=u:object_r:vendor_diag_device:s0 tclass=chr_file permissive=0
01-02 01:55:32.223 I/auditd ( 1213): type=1400 audit(0.0:67): avc: denied { read write } for comm="imsqmidaemon" name="diag" dev="tmpfs" ino=11418 scontext=u:r:vendor_ims:s0 tcontext=u:object_r:vendor_diag_device:s0 tclass=chr_file permissive=0
01-02 01:55:32.223 I/auditd ( 1213): type=1400 audit(0.0:68): avc: denied { read write } for comm="imsqmidaemon" name="diag" dev="tmpfs" ino=11418 scontext=u:r:vendor_ims:s0 tcontext=u:object_r:vendor_diag_device:s0 tclass=chr_file permissive=0
01-02 01:55:32.223 I/auditd ( 1213): type=1400 audit(0.0:69): avc: denied { read write } for comm="imsqmidaemon" name="diag" dev="tmpfs" ino=11418 scontext=u:r:vendor_ims:s0 tcontext=u:object_r:vendor_diag_device:s0 tclass=chr_file permissive=0
01-02 01:55:32.223 I/auditd ( 1213): type=1400 audit(0.0:70): avc: denied { read write } for comm="imsqmidaemon" name="diag" dev="tmpfs" ino=11418 scontext=u:r:vendor_ims:s0 tcontext=u:object_r:vendor_diag_device:s0 tclass=chr_file permissive=0
01-02 01:55:32.223 I/auditd ( 1213): type=1400 audit(0.0:71): avc: denied { read write } for comm="imsqmidaemon" name="diag" dev="tmpfs" ino=11418 scontext=u:r:vendor_ims:s0 tcontext=u:object_r:vendor_diag_device:s0 tclass=chr_file permissive=0
01-02 01:55:32.223 I/auditd ( 1213): type=1400 audit(0.0:72): avc: denied { read write } for comm="imsqmidaemon" name="diag" dev="tmpfs" ino=11418 scontext=u:r:vendor_ims:s0 tcontext=u:object_r:vendor_diag_device:s0 tclass=chr_file permissive=0
01-02 01:55:32.231 I/auditd ( 1213): type=1400 audit(0.0:73): avc: denied { read write } for comm="imsqmidaemon" name="diag" dev="tmpfs" ino=11418 scontext=u:r:vendor_ims:s0 tcontext=u:object_r:vendor_diag_device:s0 tclass=chr_file permissive=0
01-02 01:55:32.231 I/auditd ( 1213): type=1400 audit(0.0:74): avc: denied { read write } for comm="imsqmidaemon" name="diag" dev="tmpfs" ino=11418 scontext=u:r:vendor_ims:s0 tcontext=u:object_r:vendor_diag_device:s0 tclass=chr_file permissive=0
01-02 01:55:32.231 I/auditd ( 1213): type=1400 audit(0.0:75): avc: denied { read write } for comm="imsqmidaemon" name="diag" dev="tmpfs" ino=11418 scontext=u:r:vendor_ims:s0 tcontext=u:object_r:vendor_diag_device:s0 tclass=chr_file permissive=0
01-02 01:55:32.235 I/auditd ( 1003): type=1400 audit(0.0:76): avc: denied { read write } for comm="sensors.qti" name="diag" dev="tmpfs" ino=11418 scontext=u:r:vendor_sensors_qti:s0 tcontext=u:object_r:vendor_diag_device:s0 tclass=chr_file permissive=0
01-02 01:55:32.275 I/auditd ( 1212): type=1400 audit(0.0:77): avc: denied { read write } for comm="ims_rtp_daemon" name="diag" dev="tmpfs" ino=11418 scontext=u:r:vendor_hal_imsrtp:s0 tcontext=u:object_r:vendor_diag_device:s0 tclass=chr_file permissive=0
01-02 01:55:32.411 I/auditd ( 1352): type=1400 audit(0.0:78): avc: denied { read write } for comm="imsdatadaemon" name="diag" dev="tmpfs" ino=11418 scontext=u:r:vendor_ims:s0 tcontext=u:object_r:vendor_diag_device:s0 tclass=chr_file permissive=0
01-02 01:55:32.411 I/auditd ( 1352): type=1400 audit(0.0:79): avc: denied { read write } for comm="imsdatadaemon" name="diag" dev="tmpfs" ino=11418 scontext=u:r:vendor_ims:s0 tcontext=u:object_r:vendor_diag_device:s0 tclass=chr_file permissive=0
01-02 01:55:32.411 I/auditd ( 1352): type=1400 audit(0.0:80): avc: denied { read write } for comm="imsdatadaemon" name="diag" dev="tmpfs" ino=11418 scontext=u:r:vendor_ims:s0 tcontext=u:object_r:vendor_diag_device:s0 tclass=chr_file permissive=0
01-02 01:55:32.411 I/auditd ( 1352): type=1400 audit(0.0:81): avc: denied { read write } for comm="imsdatadaemon" name="diag" dev="tmpfs" ino=11418 scontext=u:r:vendor_ims:s0 tcontext=u:object_r:vendor_diag_device:s0 tclass=chr_file permissive=0
01-02 01:55:32.411 I/auditd ( 1352): type=1400 audit(0.0:82): avc: denied { read write } for comm="imsdatadaemon" name="diag" dev="tmpfs" ino=11418 scontext=u:r:vendor_ims:s0 tcontext=u:object_r:vendor_diag_device:s0 tclass=chr_file permissive=0
01-02 01:55:32.411 I/auditd ( 1352): type=1400 audit(0.0:83): avc: denied { read write } for comm="imsdatadaemon" name="diag" dev="tmpfs" ino=11418 scontext=u:r:vendor_ims:s0 tcontext=u:object_r:vendor_diag_device:s0 tclass=chr_file permissive=0
01-02 01:55:32.411 I/auditd ( 1352): type=1400 audit(0.0:84): avc: denied { read write } for comm="imsdatadaemon" name="diag" dev="tmpfs" ino=11418 scontext=u:r:vendor_ims:s0 tcontext=u:object_r:vendor_diag_device:s0 tclass=chr_file permissive=0
01-02 01:55:32.411 I/auditd ( 1352): type=1400 audit(0.0:85): avc: denied { read write } for comm="imsdatadaemon" name="diag" dev="tmpfs" ino=11418 scontext=u:r:vendor_ims:s0 tcontext=u:object_r:vendor_diag_device:s0 tclass=chr_file permissive=0
01-02 01:55:32.411 I/auditd ( 1352): type=1400 audit(0.0:86): avc: denied { read write } for comm="imsdatadaemon" name="diag" dev="tmpfs" ino=11418 scontext=u:r:vendor_ims:s0 tcontext=u:object_r:vendor_diag_device:s0 tclass=chr_file permissive=0
01-02 01:55:32.411 I/auditd ( 1352): type=1400 audit(0.0:87): avc: denied { read write } for comm="imsdatadaemon" name="diag" dev="tmpfs" ino=11418 scontext=u:r:vendor_ims:s0 tcontext=u:object_r:vendor_diag_device:s0 tclass=chr_file permissive=0
01-02 01:55:32.411 I/auditd ( 1352): type=1400 audit(0.0:88): avc: denied { read write } for comm="imsdatadaemon" name="diag" dev="tmpfs" ino=11418 scontext=u:r:vendor_ims:s0 tcontext=u:object_r:vendor_diag_device:s0 tclass=chr_file permissive=0
01-02 01:55:32.411 I/auditd ( 1352): type=1400 audit(0.0:89): avc: denied { read write } for comm="imsdatadaemon" name="diag" dev="tmpfs" ino=11418 scontext=u:r:vendor_ims:s0 tcontext=u:object_r:vendor_diag_device:s0 tclass=chr_file permissive=0
01-02 01:55:32.411 I/auditd ( 1352): type=1400 audit(0.0:90): avc: denied { read write } for comm="imsdatadaemon" name="diag" dev="tmpfs" ino=11418 scontext=u:r:vendor_ims:s0 tcontext=u:object_r:vendor_diag_device:s0 tclass=chr_file permissive=0
01-02 01:55:32.411 I/auditd ( 1352): type=1400 audit(0.0:91): avc: denied { read write } for comm="imsdatadaemon" name="diag" dev="tmpfs" ino=11418 scontext=u:r:vendor_ims:s0 tcontext=u:object_r:vendor_diag_device:s0 tclass=chr_file permissive=0
01-02 01:55:32.411 I/auditd ( 1352): type=1400 audit(0.0:92): avc: denied { read write } for comm="imsdatadaemon" name="diag" dev="tmpfs" ino=11418 scontext=u:r:vendor_ims:s0 tcontext=u:object_r:vendor_diag_device:s0 tclass=chr_file permissive=0
01-02 01:55:32.411 I/auditd ( 1352): type=1400 audit(0.0:93): avc: denied { read write } for comm="imsdatadaemon" name="diag" dev="tmpfs" ino=11418 scontext=u:r:vendor_ims:s0 tcontext=u:object_r:vendor_diag_device:s0 tclass=chr_file permissive=0
01-02 01:55:32.411 I/auditd ( 1352): type=1400 audit(0.0:94): avc: denied { read write } for comm="imsdatadaemon" name="diag" dev="tmpfs" ino=11418 scontext=u:r:vendor_ims:s0 tcontext=u:object_r:vendor_diag_device:s0 tclass=chr_file permissive=0
01-02 01:55:32.411 I/auditd ( 1352): type=1400 audit(0.0:95): avc: denied { read write } for comm="imsdatadaemon" name="diag" dev="tmpfs" ino=11418 scontext=u:r:vendor_ims:s0 tcontext=u:object_r:vendor_diag_device:s0 tclass=chr_file permissive=0
01-02 01:55:32.411 I/auditd ( 1352): type=1400 audit(0.0:96): avc: denied { read write } for comm="imsdatadaemon" name="diag" dev="tmpfs" ino=11418 scontext=u:r:vendor_ims:s0 tcontext=u:object_r:vendor_diag_device:s0 tclass=chr_file permissive=0
01-02 01:55:32.411 I/auditd ( 1352): type=1400 audit(0.0:97): avc: denied { read write } for comm="imsdatadaemon" name="diag" dev="tmpfs" ino=11418 scontext=u:r:vendor_ims:s0 tcontext=u:object_r:vendor_diag_device:s0 tclass=chr_file permissive=0
01-02 01:55:32.411 I/auditd ( 1352): type=1400 audit(0.0:98): avc: denied { read write } for comm="imsdatadaemon" name="diag" dev="tmpfs" ino=11418 scontext=u:r:vendor_ims:s0 tcontext=u:object_r:vendor_diag_device:s0 tclass=chr_file permissive=0
01-02 01:55:32.411 I/auditd ( 1352): type=1400 audit(0.0:99): avc: denied { read write } for comm="imsdatadaemon" name="diag" dev="tmpfs" ino=11418 scontext=u:r:vendor_ims:s0 tcontext=u:object_r:vendor_diag_device:s0 tclass=chr_file permissive=0
01-02 01:55:32.411 I/auditd ( 1352): type=1400 audit(0.0:100): avc: denied { read write } for comm="imsdatadaemon" name="diag" dev="tmpfs" ino=11418 scontext=u:r:vendor_ims:s0 tcontext=u:object_r:vendor_diag_device:s0 tclass=chr_file permissive=0
01-02 01:55:32.411 I/auditd ( 1352): type=1400 audit(0.0:101): avc: denied { read write } for comm="imsdatadaemon" name="diag" dev="tmpfs" ino=11418 scontext=u:r:vendor_ims:s0 tcontext=u:object_r:vendor_diag_device:s0 tclass=chr_file permissive=0
01-02 01:55:32.411 I/auditd ( 1352): type=1400 audit(0.0:102): avc: denied { read write } for comm="imsdatadaemon" name="diag" dev="tmpfs" ino=11418 scontext=u:r:vendor_ims:s0 tcontext=u:object_r:vendor_diag_device:s0 tclass=chr_file permissive=0
01-02 01:55:32.411 I/auditd ( 1352): type=1400 audit(0.0:103): avc: denied { read write } for comm="imsdatadaemon" name="diag" dev="tmpfs" ino=11418 scontext=u:r:vendor_ims:s0 tcontext=u:object_r:vendor_diag_device:s0 tclass=chr_file permissive=0
01-02 01:55:32.411 I/auditd ( 1352): type=1400 audit(0.0:104): avc: denied { read write } for comm="imsdatadaemon" name="diag" dev="tmpfs" ino=11418 scontext=u:r:vendor_ims:s0 tcontext=u:object_r:vendor_diag_device:s0 tclass=chr_file permissive=0
01-02 01:55:32.411 I/auditd ( 1352): type=1400 audit(0.0:105): avc: denied { read write } for comm="imsdatadaemon" name="diag" dev="tmpfs" ino=11418 scontext=u:r:vendor_ims:s0 tcontext=u:object_r:vendor_diag_device:s0 tclass=chr_file permissive=0
01-02 01:55:32.411 I/auditd ( 1352): type=1400 audit(0.0:106): avc: denied { read write } for comm="imsdatadaemon" name="diag" dev="tmpfs" ino=11418 scontext=u:r:vendor_ims:s0 tcontext=u:object_r:vendor_diag_device:s0 tclass=chr_file permissive=0
01-02 01:55:32.411 I/auditd ( 1352): type=1400 audit(0.0:107): avc: denied { read write } for comm="imsdatadaemon" name="diag" dev="tmpfs" ino=11418 scontext=u:r:vendor_ims:s0 tcontext=u:object_r:vendor_diag_device:s0 tclass=chr_file permissive=0
01-02 01:55:32.415 I/auditd ( 1352): type=1400 audit(0.0:108): avc: denied { read write } for comm="imsdatadaemon" name="diag" dev="tmpfs" ino=11418 scontext=u:r:vendor_ims:s0 tcontext=u:object_r:vendor_diag_device:s0 tclass=chr_file permissive=0
01-02 01:55:32.415 I/auditd ( 1352): type=1400 audit(0.0:109): avc: denied { read write } for comm="imsdatadaemon" name="diag" dev="tmpfs" ino=11418 scontext=u:r:vendor_ims:s0 tcontext=u:object_r:vendor_diag_device:s0 tclass=chr_file permissive=0
01-02 01:55:32.415 I/auditd ( 1352): type=1400 audit(0.0:110): avc: denied { read write } for comm="imsdatadaemon" name="diag" dev="tmpfs" ino=11418 scontext=u:r:vendor_ims:s0 tcontext=u:object_r:vendor_diag_device:s0 tclass=chr_file permissive=0
01-02 01:55:32.431 I/auditd ( 1208): type=1400 audit(0.0:111): avc: denied { read write } for comm="cnd" name="diag" dev="tmpfs" ino=11418 scontext=u:r:vendor_cnd:s0 tcontext=u:object_r:vendor_diag_device:s0 tclass=chr_file permissive=0
01-02 01:55:32.435 I/auditd ( 1003): type=1400 audit(0.0:112): avc: denied { read write } for comm="sensors.qti" name="diag" dev="tmpfs" ino=11418 scontext=u:r:vendor_sensors_qti:s0 tcontext=u:object_r:vendor_diag_device:s0 tclass=chr_file permissive=0
01-02 01:55:32.467 I/auditd ( 1439): type=1400 audit(0.0:113): avc: denied { read } for comm="ip" name="rt_tables" dev="dm-10" ino=342 scontext=u:r:ethernet:s0 tcontext=u:object_r:net_data_file:s0 tclass=file permissive=0
01-02 01:55:32.475 I/auditd ( 1444): type=1400 audit(0.0:114): avc: denied { read } for comm="ip" name="rt_tables" dev="dm-10" ino=342 scontext=u:r:ethernet:s0 tcontext=u:object_r:net_data_file:s0 tclass=file permissive=0
01-02 01:55:32.483 I/auditd ( 813): type=1400 audit(0.0:115): avc: denied { read } for comm="android.hardwar" name="type" dev="sysfs" ino=63838 scontext=u:r:hal_health_default:s0 tcontext=u:object_r:sysfs:s0 tclass=file permissive=0
01-02 01:55:32.539 I/auditd ( 1479): type=1400 audit(0.0:116): avc: denied { read } for comm="ip" name="rt_tables" dev="dm-10" ino=342 scontext=u:r:ethernet:s0 tcontext=u:object_r:net_data_file:s0 tclass=file permissive=0
01-02 01:55:32.547 I/auditd ( 1481): type=1400 audit(0.0:117): avc: denied { read } for comm="ip" name="rt_tables" dev="dm-10" ino=342 scontext=u:r:ethernet:s0 tcontext=u:object_r:net_data_file:s0 tclass=file permissive=0
01-02 01:55:32.596 I/boot_progress_preload_end( 667): 12941
01-02 01:55:32.607 I/auditd ( 1505): type=1400 audit(0.0:118): avc: denied { read } for comm="ip" name="rt_tables" dev="dm-10" ino=342 scontext=u:r:ethernet:s0 tcontext=u:object_r:net_data_file:s0 tclass=file permissive=0
01-02 01:55:32.611 I/auditd ( 1507): type=1400 audit(0.0:119): avc: denied { read } for comm="ip" name="rt_tables" dev="dm-10" ino=342 scontext=u:r:ethernet:s0 tcontext=u:object_r:net_data_file:s0 tclass=file permissive=0
01-02 01:55:32.611 I/auditd ( 1506): type=1400 audit(0.0:120): avc: denied { getattr } for comm="hvdcp_opti" path="/dev/kmsg" dev="tmpfs" ino=14341 scontext=u:r:vendor_hvdcp:s0 tcontext=u:object_r:kmsg_device:s0 tclass=chr_file permissive=0
01-02 01:55:32.611 I/auditd ( 1506): type=1400 audit(0.0:121): avc: denied { write } for comm="hvdcp_opti" name="kmsg" dev="tmpfs" ino=14341 scontext=u:r:vendor_hvdcp:s0 tcontext=u:object_r:kmsg_device:s0 tclass=chr_file permissive=0
01-02 01:55:32.611 I/auditd ( 1506): type=1400 audit(0.0:122): avc: denied { read } for comm="hvdcp_opti" name="devices" dev="sysfs" ino=46875 scontext=u:r:vendor_hvdcp:s0 tcontext=u:object_r:sysfs:s0 tclass=dir permissive=0
01-02 01:55:32.635 I/auditd ( 1003): type=1400 audit(0.0:123): avc: denied { read write } for comm="sensors.qti" name="diag" dev="tmpfs" ino=11418 scontext=u:r:vendor_sensors_qti:s0 tcontext=u:object_r:vendor_diag_device:s0 tclass=chr_file permissive=0
01-02 01:55:32.663 I/auditd ( 1521): type=1400 audit(0.0:124): avc: denied { read } for comm="ip" name="rt_tables" dev="dm-10" ino=342 scontext=u:r:ethernet:s0 tcontext=u:object_r:net_data_file:s0 tclass=file permissive=0
01-02 01:55:32.667 I/auditd ( 1522): type=1400 audit(0.0:125): avc: denied { read } for comm="ip" name="rt_tables" dev="dm-10" ino=342 scontext=u:r:ethernet:s0 tcontext=u:object_r:net_data_file:s0 tclass=file permissive=0
01-02 01:55:32.739 I/auditd ( 1541): type=1400 audit(0.0:126): avc: denied { read } for comm="ip" name="rt_tables" dev="dm-10" ino=342 scontext=u:r:ethernet:s0 tcontext=u:object_r:net_data_file:s0 tclass=file permissive=0
01-02 01:55:32.743 I/auditd ( 1542): type=1400 audit(0.0:127): avc: denied { read } for comm="ip" name="rt_tables" dev="dm-10" ino=342 scontext=u:r:ethernet:s0 tcontext=u:object_r:net_data_file:s0 tclass=file permissive=0
01-02 01:55:32.803 I/auditd ( 1566): type=1400 audit(0.0:128): avc: denied { read } for comm="ip" name="rt_tables" dev="dm-10" ino=342 scontext=u:r:ethernet:s0 tcontext=u:object_r:net_data_file:s0 tclass=file permissive=0
01-02 01:55:32.807 I/auditd ( 1567): type=1400 audit(0.0:129): avc: denied { read } for comm="ip" name="rt_tables" dev="dm-10" ino=342 scontext=u:r:ethernet:s0 tcontext=u:object_r:net_data_file:s0 tclass=file permissive=0
01-02 01:55:32.807 I/auditd ( 1210): type=1400 audit(0.0:130): avc: denied { write } for comm="sh" name="ip_forward" dev="proc" ino=16242 scontext=u:r:ethernet:s0 tcontext=u:object_r:proc_net:s0 tclass=file permissive=0
01-02 01:55:32.807 I/auditd ( 1210): type=1400 audit(0.0:131): avc: denied { write } for comm="sh" name="ip_default_ttl" dev="proc" ino=22460 scontext=u:r:ethernet:s0 tcontext=u:object_r:proc_net:s0 tclass=file permissive=0
01-02 01:55:32.807 I/auditd ( 1210): type=1400 audit(0.0:132): avc: denied { write } for comm="sh" name="tcp_keepalive_probes" dev="proc" ino=22461 scontext=u:r:ethernet:s0 tcontext=u:object_r:proc_net:s0 tclass=file permissive=0
01-02 01:55:32.807 I/auditd ( 1210): type=1400 audit(0.0:133): avc: denied { write } for comm="sh" name="tcp_keepalive_intvl" dev="proc" ino=22462 scontext=u:r:ethernet:s0 tcontext=u:object_r:proc_net:s0 tclass=file permissive=0
01-02 01:55:32.807 I/auditd ( 1210): type=1400 audit(0.0:134): avc: denied { write } for comm="sh" name="tcp_keepalive_time" dev="proc" ino=22463 scontext=u:r:ethernet:s0 tcontext=u:object_r:proc_net:s0 tclass=file permissive=0
01-02 01:55:32.807 I/auditd ( 1210): type=1400 audit(0.0:135): avc: denied { write } for comm="sh" name="tcp_rmem" dev="proc" ino=22464 scontext=u:r:ethernet:s0 tcontext=u:object_r:proc_net:s0 tclass=file permissive=0
01-02 01:55:32.807 I/auditd ( 1210): type=1400 audit(0.0:136): avc: denied { write } for comm="sh" name="tcp_wmem" dev="proc" ino=22465 scontext=u:r:ethernet:s0 tcontext=u:object_r:proc_net:s0 tclass=file permissive=0
01-02 01:55:32.807 I/auditd ( 1210): type=1400 audit(0.0:137): avc: denied { write } for comm="sh" name="tcp_synack_retries" dev="proc" ino=20338 scontext=u:r:ethernet:s0 tcontext=u:object_r:proc_net:s0 tclass=file permissive=0
01-02 01:55:32.807 I/auditd ( 1210): type=1400 audit(0.0:138): avc: denied { write } for comm="sh" name="tcp_syn_retries" dev="proc" ino=20337 scontext=u:r:ethernet:s0 tcontext=u:object_r:proc_net:s0 tclass=file permissive=0
01-02 01:55:32.807 I/auditd ( 1210): type=1400 audit(0.0:139): avc: denied { write } for comm="sh" name="tcp_max_tw_buckets" dev="proc" ino=22466 scontext=u:r:ethernet:s0 tcontext=u:object_r:proc_net:s0 tclass=file permissive=0
01-02 01:55:32.807 I/auditd ( 1210): type=1400 audit(0.0:140): avc: denied { write } for comm="sh" name="tcp_retries2" dev="proc" ino=20340 scontext=u:r:ethernet:s0 tcontext=u:object_r:proc_net:s0 tclass=file permissive=0
01-02 01:55:32.807 I/auditd ( 1210): type=1400 audit(0.0:141): avc: denied { write } for comm="sh" name="icmp_echo_ignore_all" dev="proc" ino=22467 scontext=u:r:ethernet:s0 tcontext=u:object_r:proc_net:s0 tclass=file permissive=0
01-02 01:55:32.807 I/auditd ( 1210): type=1400 audit(0.0:142): avc: denied { write } for comm="sh" name="icmp_echo_ignore_broadcasts" dev="proc" ino=22468 scontext=u:r:ethernet:s0 tcontext=u:object_r:proc_net:s0 tclass=file permissive=0
01-02 01:55:32.807 I/auditd ( 1210): type=1400 audit(0.0:143): avc: denied { write } for comm="sh" name="tcp_window_scaling" dev="proc" ino=22469 scontext=u:r:ethernet:s0 tcontext=u:object_r:proc_net:s0 tclass=file permissive=0
01-02 01:55:32.807 I/auditd ( 1210): type=1400 audit(0.0:144): avc: denied { write } for comm="sh" name="drop_gratuitous_arp" dev="proc" ino=22470 scontext=u:r:ethernet:s0 tcontext=u:object_r:proc_net:s0 tclass=file permissive=0
01-02 01:55:32.807 I/auditd ( 1210): type=1400 audit(0.0:145): avc: denied { write } for comm="sh" name="arp_accept" dev="proc" ino=22471 scontext=u:r:ethernet:s0 tcontext=u:object_r:proc_net:s0 tclass=file permissive=0
01-02 01:55:32.807 I/auditd ( 1210): type=1400 audit(0.0:146): avc: denied { write } for comm="sh" name="arp_notify" dev="proc" ino=22472 scontext=u:r:ethernet:s0 tcontext=u:object_r:proc_net:s0 tclass=file permissive=0
01-02 01:55:32.807 I/auditd ( 1210): type=1400 audit(0.0:147): avc: denied { write } for comm="sh" name="arp_ignore" dev="proc" ino=22473 scontext=u:r:ethernet:s0 tcontext=u:object_r:proc_net:s0 tclass=file permissive=0
01-02 01:55:32.835 I/auditd ( 1003): type=1400 audit(0.0:148): avc: denied { read write } for comm="sensors.qti" name="diag" dev="tmpfs" ino=11418 scontext=u:r:vendor_sensors_qti:s0 tcontext=u:object_r:vendor_diag_device:s0 tclass=chr_file permissive=0
01-02 01:55:32.972 I/system_server_start( 1525): [1,13316,13316]
01-02 01:55:32.973 I/boot_progress_system_run( 1525): 13317
01-02 01:55:33.035 I/auditd ( 1003): type=1400 audit(0.0:149): avc: denied { read write } for comm="sensors.qti" name="diag" dev="tmpfs" ino=11418 scontext=u:r:vendor_sensors_qti:s0 tcontext=u:object_r:vendor_diag_device:s0 tclass=chr_file permissive=0
01-02 01:55:33.235 I/auditd ( 1003): type=1400 audit(0.0:150): avc: denied { read write } for comm="sensors.qti" name="diag" dev="tmpfs" ino=11418 scontext=u:r:vendor_sensors_qti:s0 tcontext=u:object_r:vendor_diag_device:s0 tclass=chr_file permissive=0
01-02 01:55:33.255 I/auditd ( 563): type=1400 audit(0.0:151): avc: denied { read } for comm="Binder:563_2" name="wakeup58" dev="sysfs" ino=71767 scontext=u:r:system_suspend:s0 tcontext=u:object_r:sysfs:s0 tclass=dir permissive=0
01-02 01:55:33.255 I/auditd ( 563): type=1400 audit(0.0:152): avc: denied { read } for comm="Binder:563_2" name="wakeup4" dev="sysfs" ino=47049 scontext=u:r:system_suspend:s0 tcontext=u:object_r:sysfs:s0 tclass=dir permissive=0
01-02 01:55:33.255 I/auditd ( 563): type=1400 audit(0.0:153): avc: denied { read } for comm="Binder:563_2" name="wakeup76" dev="sysfs" ino=76811 scontext=u:r:system_suspend:s0 tcontext=u:object_r:sysfs:s0 tclass=dir permissive=0
01-02 01:55:33.255 I/auditd ( 563): type=1400 audit(0.0:154): avc: denied { read } for comm="Binder:563_2" name="wakeup28" dev="sysfs" ino=53254 scontext=u:r:system_suspend:s0 tcontext=u:object_r:sysfs:s0 tclass=dir permissive=0
01-02 01:55:33.255 I/auditd ( 563): type=1400 audit(0.0:155): avc: denied { read } for comm="Binder:563_2" name="wakeup56" dev="sysfs" ino=71695 scontext=u:r:system_suspend:s0 tcontext=u:object_r:sysfs:s0 tclass=dir permissive=0
01-02 01:55:33.255 I/auditd ( 563): type=1400 audit(0.0:156): avc: denied { read } for comm="Binder:563_2" name="wakeup2" dev="sysfs" ino=46573 scontext=u:r:system_suspend:s0 tcontext=u:object_r:sysfs:s0 tclass=dir permissive=0
01-02 01:55:33.255 I/auditd ( 563): type=1400 audit(0.0:157): avc: denied { read } for comm="Binder:563_2" name="wakeup36" dev="sysfs" ino=62486 scontext=u:r:system_suspend:s0 tcontext=u:object_r:sysfs:s0 tclass=dir permissive=0
01-02 01:55:33.255 I/auditd ( 563): type=1400 audit(0.0:158): avc: denied { read } for comm="Binder:563_2" name="wakeup64" dev="sysfs" ino=71995 scontext=u:r:system_suspend:s0 tcontext=u:object_r:sysfs:s0 tclass=dir permissive=0
01-02 01:55:33.255 I/auditd ( 563): type=1400 audit(0.0:159): avc: denied { read } for comm="Binder:563_2" name="wakeup54" dev="sysfs" ino=71623 scontext=u:r:system_suspend:s0 tcontext=u:object_r:sysfs:s0 tclass=dir permissive=0
01-02 01:55:33.255 I/auditd ( 563): type=1400 audit(0.0:160): avc: denied { read } for comm="Binder:563_2" name="wakeup44" dev="sysfs" ino=66338 scontext=u:r:system_suspend:s0 tcontext=u:object_r:sysfs:s0 tclass=dir permissive=0
01-02 01:55:33.255 I/auditd ( 563): type=1400 audit(0.0:161): avc: denied { read } for comm="Binder:563_2" name="wakeup0" dev="sysfs" ino=43781 scontext=u:r:system_suspend:s0 tcontext=u:object_r:sysfs:s0 tclass=dir permissive=0
01-02 01:55:33.255 I/auditd ( 563): type=1400 audit(0.0:162): avc: denied { read } for comm="Binder:563_2" name="wakeup62" dev="sysfs" ino=71923 scontext=u:r:system_suspend:s0 tcontext=u:object_r:sysfs:s0 tclass=dir permissive=0
01-02 01:55:33.255 I/auditd ( 563): type=1400 audit(0.0:163): avc: denied { read } for comm="Binder:563_2" name="wakeup52" dev="sysfs" ino=71551 scontext=u:r:system_suspend:s0 tcontext=u:object_r:sysfs:s0 tclass=dir permissive=0
01-02 01:55:33.255 I/auditd ( 563): type=1400 audit(0.0:164): avc: denied { read } for comm="Binder:563_2" name="wakeup9" dev="sysfs" ino=52238 scontext=u:r:system_suspend:s0 tcontext=u:object_r:sysfs:s0 tclass=dir permissive=0
01-02 01:55:33.255 I/auditd ( 563): type=1400 audit(0.0:165): avc: denied { read } for comm="Binder:563_2" name="wakeup42" dev="sysfs" ino=63857 scontext=u:r:system_suspend:s0 tcontext=u:object_r:sysfs:s0 tclass=dir permissive=0
01-02 01:55:33.255 I/auditd ( 563): type=1400 audit(0.0:166): avc: denied { read } for comm="Binder:563_2" name="wakeup32" dev="sysfs" ino=53644 scontext=u:r:system_suspend:s0 tcontext=u:object_r:sysfs:s0 tclass=dir permissive=0
01-02 01:55:33.255 I/auditd ( 563): type=1400 audit(0.0:167): avc: denied { read } for comm="Binder:563_2" name="wakeup60" dev="sysfs" ino=71851 scontext=u:r:system_suspend:s0 tcontext=u:object_r:sysfs:s0 tclass=dir permissive=0
01-02 01:55:33.255 I/auditd ( 563): type=1400 audit(0.0:168): avc: denied { read } for comm="Binder:563_2" name="wakeup7" dev="sysfs" ino=52150 scontext=u:r:system_suspend:s0 tcontext=u:object_r:sysfs:s0 tclass=dir permissive=0
01-02 01:55:33.259 I/auditd ( 563): type=1400 audit(0.0:169): avc: denied { read } for comm="Binder:563_2" name="wakeup40" dev="sysfs" ino=63155 scontext=u:r:system_suspend:s0 tcontext=u:object_r:sysfs:s0 tclass=dir permissive=0
01-02 01:55:33.259 I/auditd ( 563): type=1400 audit(0.0:170): avc: denied { read } for comm="Binder:563_2" name="wakeup30" dev="sysfs" ino=53465 scontext=u:r:system_suspend:s0 tcontext=u:object_r:sysfs:s0 tclass=dir permissive=0
01-02 01:55:33.259 I/auditd ( 563): type=1400 audit(0.0:171): avc: denied { read } for comm="Binder:563_2" name="wakeup59" dev="sysfs" ino=71803 scontext=u:r:system_suspend:s0 tcontext=u:object_r:sysfs:s0 tclass=dir permissive=0
01-02 01:55:33.259 I/auditd ( 563): type=1400 audit(0.0:172): avc: denied { read } for comm="Binder:563_2" name="wakeup49" dev="sysfs" ino=67506 scontext=u:r:system_suspend:s0 tcontext=u:object_r:sysfs:s0 tclass=dir permissive=0
01-02 01:55:33.259 I/auditd ( 563): type=1400 audit(0.0:173): avc: denied { read } for comm="Binder:563_2" name="wakeup5" dev="sysfs" ino=47081 scontext=u:r:system_suspend:s0 tcontext=u:object_r:sysfs:s0 tclass=dir permissive=0
01-02 01:55:33.259 I/auditd ( 563): type=1400 audit(0.0:174): avc: denied { read } for comm="Binder:563_2" name="wakeup77" dev="sysfs" ino=76875 scontext=u:r:system_suspend:s0 tcontext=u:object_r:sysfs:s0 tclass=dir permissive=0
01-02 01:55:33.259 I/auditd ( 563): type=1400 audit(0.0:175): avc: denied { read } for comm="Binder:563_2" name="wakeup39" dev="sysfs" ino=63119 scontext=u:r:system_suspend:s0 tcontext=u:object_r:sysfs:s0 tclass=dir permissive=0
01-02 01:55:33.259 I/auditd ( 563): type=1400 audit(0.0:176): avc: denied { read } for comm="Binder:563_2" name="wakeup29" dev="sysfs" ino=53363 scontext=u:r:system_suspend:s0 tcontext=u:object_r:sysfs:s0 tclass=dir permissive=0
01-02 01:55:33.259 I/auditd ( 563): type=1400 audit(0.0:177): avc: denied { read } for comm="Binder:563_2" name="wakeup57" dev="sysfs" ino=71731 scontext=u:r:system_suspend:s0 tcontext=u:object_r:sysfs:s0 tclass=dir permissive=0
01-02 01:55:33.259 I/auditd ( 563): type=1400 audit(0.0:178): avc: denied { read } for comm="Binder:563_2" name="wakeup19" dev="sysfs" ino=52683 scontext=u:r:system_suspend:s0 tcontext=u:object_r:sysfs:s0 tclass=dir permissive=0
01-02 01:55:33.259 I/auditd ( 563): type=1400 audit(0.0:179): avc: denied { read } for comm="Binder:563_2" name="wakeup37" dev="sysfs" ino=62522 scontext=u:r:system_suspend:s0 tcontext=u:object_r:sysfs:s0 tclass=dir permissive=0
01-02 01:55:33.259 I/auditd ( 563): type=1400 audit(0.0:180): avc: denied { read } for comm="Binder:563_2" name="wakeup27" dev="sysfs" ino=53220 scontext=u:r:system_suspend:s0 tcontext=u:object_r:sysfs:s0 tclass=dir permissive=0
01-02 01:55:33.259 I/auditd ( 563): type=1400 audit(0.0:181): avc: denied { read } for comm="Binder:563_2" name="wakeup55" dev="sysfs" ino=71659 scontext=u:r:system_suspend:s0 tcontext=u:object_r:sysfs:s0 tclass=dir permissive=0
01-02 01:55:33.259 I/auditd ( 563): type=1400 audit(0.0:182): avc: denied { read } for comm="Binder:563_2" name="wakeup17" dev="sysfs" ino=52607 scontext=u:r:system_suspend:s0 tcontext=u:object_r:sysfs:s0 tclass=dir permissive=0
01-02 01:55:33.259 I/auditd ( 563): type=1400 audit(0.0:183): avc: denied { read } for comm="Binder:563_2" name="wakeup45" dev="sysfs" ino=66356 scontext=u:r:system_suspend:s0 tcontext=u:object_r:sysfs:s0 tclass=dir permissive=0
01-02 01:55:33.259 I/auditd ( 563): type=1400 audit(0.0:184): avc: denied { read } for comm="Binder:563_2" name="wakeup1" dev="sysfs" ino=43809 scontext=u:r:system_suspend:s0 tcontext=u:object_r:sysfs:s0 tclass=dir permissive=0
01-02 01:55:33.259 I/auditd ( 563): type=1400 audit(0.0:185): avc: denied { read } for comm="Binder:563_2" name="wakeup63" dev="sysfs" ino=71959 scontext=u:r:system_suspend:s0 tcontext=u:object_r:sysfs:s0 tclass=dir permissive=0
01-02 01:55:33.259 I/auditd ( 563): type=1400 audit(0.0:186): avc: denied { read } for comm="Binder:563_2" name="wakeup25" dev="sysfs" ino=53017 scontext=u:r:system_suspend:s0 tcontext=u:object_r:sysfs:s0 tclass=dir permissive=0
01-02 01:55:33.259 I/auditd ( 563): type=1400 audit(0.0:187): avc: denied { read } for comm="Binder:563_2" name="wakeup53" dev="sysfs" ino=71587 scontext=u:r:system_suspend:s0 tcontext=u:object_r:sysfs:s0 tclass=dir permissive=0
01-02 01:55:33.259 I/auditd ( 563): type=1400 audit(0.0:188): avc: denied { read } for comm="Binder:563_2" name="wakeup15" dev="sysfs" ino=52507 scontext=u:r:system_suspend:s0 tcontext=u:object_r:sysfs:s0 tclass=dir permissive=0
01-02 01:55:33.259 I/auditd ( 563): type=1400 audit(0.0:189): avc: denied { read } for comm="Binder:563_2" name="wakeup33" dev="sysfs" ino=57123 scontext=u:r:system_suspend:s0 tcontext=u:object_r:sysfs:s0 tclass=dir permissive=0
01-02 01:55:33.259 I/auditd ( 563): type=1400 audit(0.0:190): avc: denied { read } for comm="Binder:563_2" name="wakeup61" dev="sysfs" ino=71887 scontext=u:r:system_suspend:s0 tcontext=u:object_r:sysfs:s0 tclass=dir permissive=0
01-02 01:55:33.259 I/auditd ( 563): type=1400 audit(0.0:191): avc: denied { read } for comm="Binder:563_2" name="wakeup23" dev="sysfs" ino=52918 scontext=u:r:system_suspend:s0 tcontext=u:object_r:sysfs:s0 tclass=dir permissive=0
01-02 01:55:33.259 I/auditd ( 563): type=1400 audit(0.0:192): avc: denied { read } for comm="Binder:563_2" name="wakeup51" dev="sysfs" ino=71515 scontext=u:r:system_suspend:s0 tcontext=u:object_r:sysfs:s0 tclass=dir permissive=0
01-02 01:55:33.259 I/auditd ( 563): type=1400 audit(0.0:193): avc: denied { read } for comm="Binder:563_2" name="wakeup8" dev="sysfs" ino=52176 scontext=u:r:system_suspend:s0 tcontext=u:object_r:sysfs:s0 tclass=dir permissive=0
01-02 01:55:33.259 I/auditd ( 563): type=1400 audit(0.0:194): avc: denied { read } for comm="Binder:563_2" name="wakeup13" dev="sysfs" ino=52399 scontext=u:r:system_suspend:s0 tcontext=u:object_r:sysfs:s0 tclass=dir permissive=0
01-02 01:55:33.259 I/auditd ( 563): type=1400 audit(0.0:195): avc: denied { read } for comm="Binder:563_2" name="wakeup41" dev="sysfs" ino=63219 scontext=u:r:system_suspend:s0 tcontext=u:object_r:sysfs:s0 tclass=dir permissive=0
01-02 01:55:33.259 I/auditd ( 563): type=1400 audit(0.0:196): avc: denied { read } for comm="Binder:563_2" name="wakeup31" dev="sysfs" ino=53522 scontext=u:r:system_suspend:s0 tcontext=u:object_r:sysfs:s0 tclass=dir permissive=0
01-02 01:55:33.259 I/auditd ( 563): type=1400 audit(0.0:197): avc: denied { read } for comm="Binder:563_2" name="wakeup21" dev="sysfs" ino=52758 scontext=u:r:system_suspend:s0 tcontext=u:object_r:sysfs:s0 tclass=dir permissive=0
01-02 01:55:33.259 I/auditd ( 563): type=1400 audit(0.0:198): avc: denied { read } for comm="Binder:563_2" name="wakeup6" dev="sysfs" ino=52124 scontext=u:r:system_suspend:s0 tcontext=u:object_r:sysfs:s0 tclass=dir permissive=0
01-02 01:55:33.259 I/auditd ( 563): type=1400 audit(0.0:199): avc: denied { read } for comm="Binder:563_2" name="wakeup78" dev="sysfs" ino=76926 scontext=u:r:system_suspend:s0 tcontext=u:object_r:sysfs:s0 tclass=dir permissive=0
01-02 01:55:33.259 I/auditd ( 563): type=1400 audit(0.0:200): avc: denied { read } for comm="Binder:563_2" name="wakeup11" dev="sysfs" ino=52314 scontext=u:r:system_suspend:s0 tcontext=u:object_r:sysfs:s0 tclass=dir permissive=0
01-02 01:55:33.266 I/commit_sys_config_file( 1525): [batterystats,0]
01-02 01:55:33.266 I/commit_sys_config_file( 1525): [batterystats,0]
01-02 01:55:33.296 I/rescue_note( 1525): [0,1,13640]
01-02 01:55:33.308 I/commit_sys_config_file( 1525): [display-state,0]
01-02 01:55:33.311 I/am_wtf ( 1525): [0,1525,system_server,-1,DisplayDeviceConfig,requesting nits when no mapping exists.]
01-02 01:55:33.312 I/am_wtf ( 1525): [0,1525,system_server,-1,DisplayDeviceConfig,requesting nits when no mapping exists.]
01-02 01:55:33.317 I/boot_progress_pms_start( 1525): 13662
01-02 01:55:33.330 I/pm_critical_info( 1525): No settings file; creating initial state
01-02 01:55:33.331 I/boot_progress_pms_system_scan_start( 1525): 13675
01-02 01:55:33.380 I/pm_critical_info( 1525): Adding duplicate shared id: 1000 name=android
01-02 01:55:33.394 I/pm_critical_info( 1525): Adding duplicate app id: 10017 name=com.android.providers.contacts
01-02 01:55:33.398 I/pm_critical_info( 1525): Adding duplicate shared id: 1073 name=com.android.networkstack
01-02 01:55:33.406 I/pm_critical_info( 1525): Adding duplicate app id: 10021 name=com.android.providers.calendar
01-02 01:55:33.411 I/pm_critical_info( 1525): Adding duplicate shared id: 1000 name=com.android.localtransport
01-02 01:55:33.418 I/pm_critical_info( 1525): Adding duplicate shared id: 1000 name=com.android.providers.settings
01-02 01:55:33.435 I/auditd ( 1003): type=1400 audit(0.0:201): avc: denied { read write } for comm="sensors.qti" name="diag" dev="tmpfs" ino=11418 scontext=u:r:vendor_sensors_qti:s0 tcontext=u:object_r:vendor_diag_device:s0 tclass=chr_file permissive=0
01-02 01:55:33.471 I/pm_critical_info( 1525): Adding duplicate shared id: 1000 name=com.android.inputdevices
01-02 01:55:33.473 I/pm_critical_info( 1525): Adding duplicate shared id: 1000 name=com.android.location.fused
01-02 01:55:33.635 I/auditd ( 1003): type=1400 audit(0.0:202): avc: denied { read write } for comm="sensors.qti" name="diag" dev="tmpfs" ino=11418 scontext=u:r:vendor_sensors_qti:s0 tcontext=u:object_r:vendor_diag_device:s0 tclass=chr_file permissive=0
01-02 01:55:33.659 I/auditd ( 1299): type=1400 audit(0.0:203): avc: denied { read write } for comm="qfp-daemon" name="diag" dev="tmpfs" ino=11418 scontext=u:r:vendor_qfp-daemon:s0 tcontext=u:object_r:vendor_diag_device:s0 tclass=chr_file permissive=0
