12-01 03:54:49.504 I/sysui_multi_action( 2372): [757,126,758,1,759,126,927,0,928,1,1593,0]
12-01 03:54:49.504 I/sysui_multi_action( 2372): [757,113,758,1,759,113,927,1,928,1,1593,0]
12-01 03:54:49.504 I/sysui_multi_action( 2372): [757,0,758,1,759,0,927,2,928,0,1593,0]
12-01 03:54:49.504 I/sysui_multi_action( 2372): [757,0,758,1,759,0,927,3,928,0,1593,0]
12-01 03:54:49.515 I/sysui_multi_action( 2372): [757,111,758,2]
12-01 03:54:49.515 I/sysui_multi_action( 2372): [757,111,758,2]
12-01 03:54:49.516 I/notification_enqueue( 1525): [10080,2372,com.android.systemui,2048,NULL,0,Notification(channel=updateNotification shortcut=null contentView=null vibrate=null sound=null defaults=0x0 flags=0x0 color=0x00000000 vis=PRIVATE),1]
12-01 03:54:49.519 I/sysui_multi_action( 2372): [757,111,758,1]
12-01 03:54:49.519 I/sysui_multi_action( 2372): [757,126,758,1,759,126,927,0,928,1,1593,0]
12-01 03:54:49.519 I/sysui_multi_action( 2372): [757,113,758,1,759,113,927,1,928,1,1593,0]
12-01 03:54:49.519 I/sysui_multi_action( 2372): [757,0,758,1,759,0,927,2,928,0,1593,0]
12-01 03:54:49.519 I/sysui_multi_action( 2372): [757,0,758,1,759,0,927,3,928,0,1593,0]
12-01 03:54:49.519 I/sysui_multi_action( 2372): [757,491,758,1,759,491,927,4,928,0,1311,-1,1593,0]
12-01 03:54:49.519 I/sysui_multi_action( 2372): [757,0,758,1,759,0,927,5,928,0,1593,0]
12-01 03:54:49.519 I/sysui_multi_action( 2372): [757,111,758,1]
12-01 03:54:49.519 I/sysui_multi_action( 2372): [757,126,758,1,759,126,927,0,928,1,1593,0]
12-01 03:54:49.519 I/sysui_multi_action( 2372): [757,113,758,1,759,113,927,1,928,1,1593,0]
12-01 03:54:49.519 I/sysui_multi_action( 2372): [757,0,758,1,759,0,927,2,928,0,1593,0]
12-01 03:54:49.519 I/sysui_multi_action( 2372): [757,0,758,1,759,0,927,3,928,0,1593,0]
12-01 03:54:49.532 I/sysui_multi_action( 2372): [757,111,758,2]
12-01 03:54:49.532 I/notification_enqueue( 1525): [10080,2372,com.android.systemui,2048,NULL,0,Notification(channel=updateNotification shortcut=null contentView=null vibrate=null sound=null defaults=0x0 flags=0x0 color=0x00000000 vis=PRIVATE),1]
12-01 03:54:49.532 I/sysui_multi_action( 2372): [757,111,758,2]
12-01 03:54:49.536 I/sysui_multi_action( 2372): [757,111,758,1]
12-01 03:54:49.536 I/sysui_multi_action( 2372): [757,126,758,1,759,126,927,0,928,1,1593,0]
12-01 03:54:49.536 I/sysui_multi_action( 2372): [757,113,758,1,759,113,927,1,928,1,1593,0]
12-01 03:54:49.536 I/sysui_multi_action( 2372): [757,0,758,1,759,0,927,2,928,0,1593,0]
12-01 03:54:49.536 I/sysui_multi_action( 2372): [757,0,758,1,759,0,927,3,928,0,1593,0]
12-01 03:54:49.536 I/sysui_multi_action( 2372): [757,491,758,1,759,491,927,4,928,0,1311,-1,1593,0]
12-01 03:54:49.537 I/sysui_multi_action( 2372): [757,0,758,1,759,0,927,5,928,0,1593,0]
12-01 03:54:49.537 I/sysui_multi_action( 2372): [757,111,758,1]
12-01 03:54:49.537 I/sysui_multi_action( 2372): [757,126,758,1,759,126,927,0,928,1,1593,0]
12-01 03:54:49.537 I/sysui_multi_action( 2372): [757,113,758,1,759,113,927,1,928,1,1593,0]
12-01 03:54:49.537 I/sysui_multi_action( 2372): [757,0,758,1,759,0,927,2,928,0,1593,0]
12-01 03:54:49.537 I/sysui_multi_action( 2372): [757,0,758,1,759,0,927,3,928,0,1593,0]
12-01 03:54:49.548 I/notification_enqueue( 1525): [10080,2372,com.android.systemui,2048,NULL,0,Notification(channel=updateNotification shortcut=null contentView=null vibrate=null sound=null defaults=0x0 flags=0x0 color=0x00000000 vis=PRIVATE),1]
12-01 03:54:49.548 I/sysui_multi_action( 2372): [757,111,758,2]
12-01 03:54:49.548 I/sysui_multi_action( 2372): [757,111,758,2]
12-01 03:54:49.561 I/input_focus( 1525): [Focus request 56534c8 com.android.launcher3/com.android.launcher3.uioverrides.QuickstepLauncher,reason=UpdateInputWindows]
12-01 03:54:49.562 I/sysui_multi_action( 2372): [757,111,758,1]
12-01 03:54:49.562 I/sysui_multi_action( 2372): [757,126,758,1,759,126,927,0,928,1,1593,0]
12-01 03:54:49.562 I/sysui_multi_action( 2372): [757,113,758,1,759,113,927,1,928,1,1593,0]
12-01 03:54:49.562 I/sysui_multi_action( 2372): [757,0,758,1,759,0,927,2,928,0,1593,0]
12-01 03:54:49.562 I/sysui_multi_action( 2372): [757,0,758,1,759,0,927,3,928,0,1593,0]
12-01 03:54:49.562 I/sysui_multi_action( 2372): [757,491,758,1,759,491,927,4,928,0,1311,-1,1593,0]
12-01 03:54:49.562 I/sysui_multi_action( 2372): [757,0,758,1,759,0,927,5,928,0,1593,0]
12-01 03:54:49.562 I/sysui_multi_action( 2372): [757,111,758,1]
12-01 03:54:49.563 I/sysui_multi_action( 2372): [757,126,758,1,759,126,927,0,928,1,1593,0]
12-01 03:54:49.563 I/sysui_multi_action( 2372): [757,113,758,1,759,113,927,1,928,1,1593,0]
12-01 03:54:49.563 I/sysui_multi_action( 2372): [757,0,758,1,759,0,927,2,928,0,1593,0]
12-01 03:54:49.563 I/sysui_multi_action( 2372): [757,0,758,1,759,0,927,3,928,0,1593,0]
12-01 03:54:49.575 I/sysui_multi_action( 2372): [757,111,758,2]
12-01 03:54:49.575 I/notification_enqueue( 1525): [10080,2372,com.android.systemui,2048,NULL,0,Notification(channel=updateNotification shortcut=null contentView=null vibrate=null sound=null defaults=0x0 flags=0x0 color=0x00000000 vis=PRIVATE),1]
12-01 03:54:49.575 I/sysui_multi_action( 2372): [757,111,758,2]
12-01 03:54:49.577 I/sysui_multi_action( 1525): [757,128,758,2,793,32181,794,891,795,32181,796,26,798,0,806,android,857,DEVELOPER_IMPORTANT,858,4,947,0,1395,3,1500,31975,1688,1]
12-01 03:54:49.577 I/notification_visibility( 1525): [-1|android|26|null|1000,0,32181,32181,0,0]
12-01 03:54:49.578 I/sysui_multi_action( 1525): [757,128,758,2,793,79865,794,890,795,79865,796,17303299,797,com.android.wifi,798,1,806,android,857,NETWORK_AVAILABLE,858,2,947,0,1395,3,1500,79663,1688,1]
12-01 03:54:49.578 I/notification_visibility( 1525): [0|android|17303299|com.android.wifi|1000,0,79865,79865,0,1]
12-01 03:54:49.578 I/sysui_multi_action( 1525): [757,128,758,2,793,80749,794,891,795,80749,796,32,798,2,806,android,857,USB,858,1,947,0,1395,3,1500,80545,1688,1]
12-01 03:54:49.578 I/notification_visibility( 1525): [-1|android|32|null|1000,0,80749,80749,0,2]
12-01 03:54:49.578 I/sysui_multi_action( 1525): [757,127,758,2]
12-01 03:54:49.578 I/notification_panel_hidden( 1525):
12-01 03:54:49.583 I/input_focus( 1525): [Focus leaving 27f5852 NotificationShade (server),reason=NOT_FOCUSABLE]
12-01 03:54:49.583 I/input_focus( 1525): [Focus entering 56534c8 com.android.launcher3/com.android.launcher3.uioverrides.QuickstepLauncher (server),reason=setFocusedWindow]
12-01 03:54:49.590 I/sysui_multi_action( 2372): [757,111,758,1]
12-01 03:54:49.591 I/sysui_multi_action( 2372): [757,126,758,1,759,126,927,0,928,1,1593,0]
12-01 03:54:49.591 I/sysui_multi_action( 2372): [757,113,758,1,759,113,927,1,928,1,1593,0]
12-01 03:54:49.591 I/sysui_multi_action( 2372): [757,0,758,1,759,0,927,2,928,0,1593,0]
12-01 03:54:49.591 I/sysui_multi_action( 2372): [757,0,758,1,759,0,927,3,928,0,1593,0]
12-01 03:54:49.591 I/sysui_multi_action( 2372): [757,491,758,1,759,491,927,4,928,0,1311,-1,1593,0]
12-01 03:54:49.591 I/sysui_multi_action( 2372): [757,0,758,1,759,0,927,5,928,0,1593,0]
12-01 03:54:49.591 I/sysui_multi_action( 2372): [757,111,758,1]
12-01 03:54:49.591 I/sysui_multi_action( 2372): [757,126,758,1,759,126,927,0,928,1,1593,0]
12-01 03:54:49.591 I/sysui_multi_action( 2372): [757,113,758,1,759,113,927,1,928,1,1593,0]
12-01 03:54:49.591 I/sysui_multi_action( 2372): [757,0,758,1,759,0,927,2,928,0,1593,0]
12-01 03:54:49.591 I/sysui_multi_action( 2372): [757,0,758,1,759,0,927,3,928,0,1593,0]
12-01 03:54:49.610 I/am_uid_idle( 1525): 10017
12-01 03:54:49.710 I/am_uid_idle( 1525): 10031
12-01 03:54:50.022 I/am_uid_idle( 1525): 10028
12-01 03:54:50.160 I/am_uid_idle( 1525): 10064
12-01 03:54:50.165 I/am_uid_idle( 1525): 10065
12-01 03:54:50.279 I/am_uid_idle( 1525): 10066
12-01 03:54:50.641 I/am_uid_idle( 1525): 10032
12-01 03:54:50.650 I/am_uid_idle( 1525): 10086
12-01 03:54:50.706 I/input_interaction( 1525): Interaction with: 56534c8 com.android.launcher3/com.android.launcher3.uioverrides.QuickstepLauncher (server), f29aa65 com.android.systemui.ImageWallpaper (server), edge-swipe (server), swipe-up (server), PointerEventDispatcher0 (server),
12-01 03:54:50.864 I/wm_task_moved( 1525): [11,1,6]
12-01 03:54:50.864 I/wm_task_to_front( 1525): [0,11]
12-01 03:54:50.865 I/wm_focused_root_task( 1525): [0,0,11,1,bringingFoundTaskToFront]
12-01 03:54:50.866 I/wm_set_resumed_activity( 1525): [0,com.android.settings/.Settings,bringingFoundTaskToFront]
12-01 03:54:50.867 I/wm_new_intent( 1525): [0,226233913,11,com.android.settings/.Settings,android.intent.action.MAIN,NULL,NULL,270532608]
12-01 03:54:50.871 I/wm_pause_activity( 1525): [0,93742719,com.android.launcher3/.uioverrides.QuickstepLauncher,userLeaving=true,pauseBackTasks]
12-01 03:54:50.880 I/wm_on_top_resumed_lost_called( 2849): [93742719,com.android.launcher3.uioverrides.QuickstepLauncher,topStateChangedWhenResumed]
12-01 03:54:50.886 I/wm_on_paused_called( 2849): [93742719,com.android.launcher3.uioverrides.QuickstepLauncher,performPause]
12-01 03:54:50.893 I/wm_set_resumed_activity( 1525): [0,com.android.settings/.Settings,resumeTopActivityInnerLocked]
12-01 03:54:50.894 I/wm_add_to_stopping( 1525): [0,93742719,com.android.launcher3/.uioverrides.QuickstepLauncher,makeInvisible]
12-01 03:54:50.895 I/service_manager_stats( 1525): [100,63,43824]
12-01 03:54:50.896 I/wm_resume_activity( 1525): [0,226233913,11,com.android.settings/.Settings]
12-01 03:54:50.920 I/input_focus( 1525): [Focus leaving 56534c8 com.android.launcher3/com.android.launcher3.uioverrides.QuickstepLauncher (server),reason=NO_WINDOW]
12-01 03:54:50.925 I/wm_on_restart_called( 2926): [226233913,com.android.settings.Settings,performRestartActivity]
12-01 03:54:50.927 I/sysui_multi_action( 1525): [757,803,799,window_time_0,802,6]
12-01 03:54:50.929 I/wm_on_start_called( 2926): [226233913,com.android.settings.Settings,handleStartActivity]
12-01 03:54:50.929 I/am_uid_idle( 1525): 10060
12-01 03:54:50.930 I/snet_event_log( 2926): [120484087,-1,]
12-01 03:54:50.931 I/wm_on_resume_called( 2926): [226233913,com.android.settings.Settings,RESUME_ACTIVITY]
12-01 03:54:50.932 I/sysui_multi_action( 2926): [757,35,758,1,833,0,1089,0]
12-01 03:54:50.935 I/sysui_multi_action( 2926): [757,744,758,1,833,0,1089,0]
12-01 03:54:50.938 I/wm_on_top_resumed_gained_called( 2926): [226233913,com.android.settings.Settings,topWhenResuming]
12-01 03:54:50.945 I/input_focus( 1525): [Focus request cd71460 com.android.settings/com.android.settings.Settings,reason=UpdateInputWindows]
12-01 03:54:50.961 I/sysui_multi_action( 1525): [319,57,321,43,322,94,325,110,757,761,758,9,759,4,806,com.android.settings,871,com.android.settings.Settings,904,com.android.launcher3,905,0,1320,4,1321,1]
12-01 03:54:50.968 I/input_focus( 1525): [Focus entering cd71460 com.android.settings/com.android.settings.Settings (server),reason=setFocusedWindow]
12-01 03:54:51.008 I/am_uid_idle( 1525): 10034
12-01 03:54:51.170 I/am_uid_idle( 1525): 10030
12-01 03:54:51.456 I/wm_stop_activity( 1525): [0,93742719,com.android.launcher3/.uioverrides.QuickstepLauncher]
12-01 03:54:51.484 I/wm_on_stop_called( 2849): [93742719,com.android.launcher3.uioverrides.QuickstepLauncher,STOP_ACTIVITY_ITEM]
12-01 03:54:51.879 I/am_uid_idle( 1525): 10059
12-01 03:54:51.911 I/input_interaction( 1525): Interaction with: cd71460 com.android.settings/com.android.settings.Settings (server), edge-swipe (server), swipe-up (server), PointerEventDispatcher0 (server),
12-01 03:54:51.943 I/view_enqueue_input_event( 2926): [Motion - Cancel,com.android.settings/com.android.settings.Settings]
12-01 03:54:51.943 I/input_interaction( 1525): Interaction with: edge-swipe (server), swipe-up (server), PointerEventDispatcher0 (server),
12-01 03:54:51.944 I/wm_task_moved( 1525): [1,0,0]
12-01 03:54:51.944 I/wm_task_moved( 1525): [1,0,5]
12-01 03:54:51.953 I/wm_on_restart_called( 2849): [93742719,com.android.launcher3.uioverrides.QuickstepLauncher,performRestartActivity]
12-01 03:54:51.964 I/am_uid_idle( 1525): 10085
12-01 03:54:51.976 I/wm_on_start_called( 2849): [93742719,com.android.launcher3.uioverrides.QuickstepLauncher,handleStartActivity]
12-01 03:54:51.978 I/input_focus( 1525): [Focus request recents_animation_input_consumer,reason=UpdateInputWindows]
12-01 03:54:51.986 I/input_focus( 1525): [Focus leaving cd71460 com.android.settings/com.android.settings.Settings (server),reason=NOT_FOCUSABLE]
12-01 03:54:51.987 I/input_focus( 1525): [Focus entering recents_animation_input_consumer (server),reason=setFocusedWindow]
12-01 03:54:51.989 I/sysui_latency( 2849): [1,75]
12-01 03:54:52.000 I/sysui_multi_action( 1525): [319,8,322,51,325,112,757,761,758,9,759,5,806,com.android.launcher3,871,com.android.launcher3.uioverrides.QuickstepLauncher,905,0,1320,4,1321,1]
12-01 03:54:52.057 I/input_interaction( 1525): Interaction with: recents_animation_input_consumer (server), edge-swipe (server), swipe-up (server), PointerEventDispatcher0 (server),
12-01 03:54:52.101 I/wm_task_moved( 1525): [1,1,6]
12-01 03:54:52.113 I/wm_task_moved( 1525): [10,1,2147483647]
12-01 03:54:52.113 I/wm_task_to_front( 1525): [0,10]
12-01 03:54:52.113 I/wm_focused_root_task( 1525): [0,0,1,11,RecentsAnimation.onAnimationFinished()]
12-01 03:54:52.113 I/wm_on_top_resumed_lost_called( 2926): [226233913,com.android.settings.Settings,topStateChangedWhenResumed]
12-01 03:54:52.114 I/wm_set_resumed_activity( 1525): [0,com.android.launcher3/.uioverrides.QuickstepLauncher,RecentsAnimation.onAnimationFinished()]
12-01 03:54:52.115 I/wm_pause_activity( 1525): [0,226233913,com.android.settings/.Settings,userLeaving=true,pauseBackTasks]
12-01 03:54:52.116 I/wm_add_to_stopping( 1525): [0,226233913,com.android.settings/.Settings,makeInvisible]
12-01 03:54:52.116 I/wm_set_resumed_activity( 1525): [0,com.android.launcher3/.uioverrides.QuickstepLauncher,resumeTopActivityInnerLocked]
12-01 03:54:52.117 I/wm_resume_activity( 1525): [0,93742719,10,com.android.launcher3/.uioverrides.QuickstepLauncher]
12-01 03:54:52.118 I/wm_on_resume_called( 2849): [93742719,com.android.launcher3.uioverrides.QuickstepLauncher,RESUME_ACTIVITY]
12-01 03:54:52.127 I/input_focus( 1525): [Focus request 56534c8 com.android.launcher3/com.android.launcher3.uioverrides.QuickstepLauncher,reason=UpdateInputWindows]
12-01 03:54:52.130 I/wm_stop_activity( 1525): [0,226233913,com.android.settings/.Settings]
12-01 03:54:52.130 I/sysui_multi_action( 2926): [757,35,758,2,1089,1198]
12-01 03:54:52.131 I/sysui_multi_action( 2926): [757,744,758,2,1089,1196]
12-01 03:54:52.131 I/wm_on_paused_called( 2926): [226233913,com.android.settings.Settings,performPause]
12-01 03:54:52.132 I/sysui_multi_action( 1525): [757,803,799,window_time_0,802,1]
12-01 03:54:52.134 I/sysui_multi_action( 1525): [757,803,799,window_time_0,802,0]
12-01 03:54:52.134 I/wm_on_stop_called( 2926): [226233913,com.android.settings.Settings,STOP_ACTIVITY_ITEM]
12-01 03:54:52.135 I/wm_on_top_resumed_gained_called( 2849): [93742719,com.android.launcher3.uioverrides.QuickstepLauncher,topStateChangedWhenResumed]
12-01 03:54:52.141 I/input_focus( 1525): [Focus leaving recents_animation_input_consumer (server),reason=NOT_VISIBLE]
12-01 03:54:52.141 I/input_focus( 1525): [Focus entering 56534c8 com.android.launcher3/com.android.launcher3.uioverrides.QuickstepLauncher (server),reason=setFocusedWindow]
12-01 03:54:52.174 I/commit_sys_config_file( 1525): [settings-1-0,2]
12-01 03:54:52.882 I/input_interaction( 1525): Interaction with: 56534c8 com.android.launcher3/com.android.launcher3.uioverrides.QuickstepLauncher (server), f29aa65 com.android.systemui.ImageWallpaper (server), edge-swipe (server), swipe-up (server), PointerEventDispatcher0 (server),
12-01 03:54:52.978 I/view_enqueue_input_event( 2849): [Motion - Cancel,com.android.launcher3/com.android.launcher3.uioverrides.QuickstepLauncher]
12-01 03:54:52.987 I/input_interaction( 1525): Interaction with: edge-swipe (server), swipe-up (server), PointerEventDispatcher0 (server),
12-01 03:54:53.130 I/commit_sys_config_file( 1525): [settings-1-0,3]
12-01 03:54:53.485 I/commit_sys_config_file( 1525): [settings-1-0,4]
12-01 03:54:55.579 I/input_interaction( 1525): Interaction with: 56534c8 com.android.launcher3/com.android.launcher3.uioverrides.QuickstepLauncher (server), f29aa65 com.android.systemui.ImageWallpaper (server), edge-swipe (server), swipe-up (server), PointerEventDispatcher0 (server),
12-01 03:54:55.737 I/wm_task_moved( 1525): [11,1,6]
12-01 03:54:55.737 I/wm_task_to_front( 1525): [0,11]
12-01 03:54:55.739 I/wm_focused_root_task( 1525): [0,0,11,1,bringingFoundTaskToFront]
12-01 03:54:55.740 I/wm_set_resumed_activity( 1525): [0,com.android.settings/.Settings,bringingFoundTaskToFront]
12-01 03:54:55.740 I/wm_new_intent( 1525): [0,226233913,11,com.android.settings/.Settings,android.intent.action.MAIN,NULL,NULL,270532608]
12-01 03:54:55.743 I/wm_pause_activity( 1525): [0,93742719,com.android.launcher3/.uioverrides.QuickstepLauncher,userLeaving=true,pauseBackTasks]
12-01 03:54:55.756 I/wm_on_top_resumed_lost_called( 2849): [93742719,com.android.launcher3.uioverrides.QuickstepLauncher,topStateChangedWhenResumed]
12-01 03:54:55.759 I/wm_on_paused_called( 2849): [93742719,com.android.launcher3.uioverrides.QuickstepLauncher,performPause]
12-01 03:54:55.762 I/wm_set_resumed_activity( 1525): [0,com.android.settings/.Settings,resumeTopActivityInnerLocked]
12-01 03:54:55.763 I/wm_add_to_stopping( 1525): [0,93742719,com.android.launcher3/.uioverrides.QuickstepLauncher,makeInvisible]
12-01 03:54:55.764 I/wm_resume_activity( 1525): [0,226233913,11,com.android.settings/.Settings]
12-01 03:54:55.779 I/sysui_multi_action( 1525): [757,803,799,window_time_0,802,3]
12-01 03:54:55.784 I/input_focus( 1525): [Focus leaving 56534c8 com.android.launcher3/com.android.launcher3.uioverrides.QuickstepLauncher (server),reason=NO_WINDOW]
12-01 03:54:55.796 I/wm_on_restart_called( 2926): [226233913,com.android.settings.Settings,performRestartActivity]
12-01 03:54:55.799 I/wm_on_start_called( 2926): [226233913,com.android.settings.Settings,handleStartActivity]
12-01 03:54:55.800 I/snet_event_log( 2926): [120484087,-1,]
12-01 03:54:55.800 I/wm_on_resume_called( 2926): [226233913,com.android.settings.Settings,RESUME_ACTIVITY]
12-01 03:54:55.800 I/sysui_multi_action( 2926): [757,35,758,1,833,0,1089,0]
12-01 03:54:55.802 I/sysui_multi_action( 2926): [757,744,758,1,833,0,1089,0]
12-01 03:54:55.804 I/wm_on_top_resumed_gained_called( 2926): [226233913,com.android.settings.Settings,topWhenResuming]
12-01 03:54:55.816 I/input_focus( 1525): [Focus request cd71460 com.android.settings/com.android.settings.Settings,reason=UpdateInputWindows]
12-01 03:54:55.830 I/input_focus( 1525): [Focus entering cd71460 com.android.settings/com.android.settings.Settings (server),reason=setFocusedWindow]
12-01 03:54:55.836 I/sysui_multi_action( 1525): [319,39,321,34,322,92,325,115,757,761,758,9,759,4,806,com.android.settings,871,com.android.settings.Settings,904,com.android.launcher3,905,0,1320,4,1321,1]
12-01 03:54:56.118 I/wm_stop_activity( 1525): [0,93742719,com.android.launcher3/.uioverrides.QuickstepLauncher]
12-01 03:54:56.179 I/wm_on_stop_called( 2849): [93742719,com.android.launcher3.uioverrides.QuickstepLauncher,STOP_ACTIVITY_ITEM]
12-01 03:54:56.554 I/input_interaction( 1525): Interaction with: cd71460 com.android.settings/com.android.settings.Settings (server), edge-swipe (server), swipe-up (server), PointerEventDispatcher0 (server),
12-01 03:54:56.569 I/wm_task_moved( 1525): [1,0,0]
12-01 03:54:56.570 I/wm_task_moved( 1525): [1,0,5]
12-01 03:54:56.587 I/wm_on_restart_called( 2849): [93742719,com.android.launcher3.uioverrides.QuickstepLauncher,performRestartActivity]
12-01 03:54:56.607 I/wm_on_start_called( 2849): [93742719,com.android.launcher3.uioverrides.QuickstepLauncher,handleStartActivity]
12-01 03:54:56.608 I/view_enqueue_input_event( 2926): [Motion - Cancel,com.android.settings/com.android.settings.Settings]
12-01 03:54:56.611 I/input_focus( 1525): [Focus request recents_animation_input_consumer,reason=UpdateInputWindows]
12-01 03:54:56.618 I/input_interaction( 1525): Interaction with: edge-swipe (server), swipe-up (server), PointerEventDispatcher0 (server),
12-01 03:54:56.620 I/sysui_latency( 2849): [1,66]
12-01 03:54:56.630 I/sysui_multi_action( 1525): [319,10,322,56,325,116,757,761,758,9,759,5,806,com.android.launcher3,871,com.android.launcher3.uioverrides.QuickstepLauncher,905,0,1320,4,1321,1]
12-01 03:54:56.632 I/input_focus( 1525): [Focus leaving cd71460 com.android.settings/com.android.settings.Settings (server),reason=NOT_FOCUSABLE]
12-01 03:54:56.632 I/input_focus( 1525): [Focus entering recents_animation_input_consumer (server),reason=setFocusedWindow]
12-01 03:54:56.811 I/commit_sys_config_file( 1525): [settings-1-0,9]
12-01 03:54:56.928 I/sysui_latency( 1525): [8,68]
12-01 03:54:57.377 I/wm_task_moved( 1525): [1,1,6]
12-01 03:54:57.378 I/wm_task_moved( 1525): [10,1,2147483647]
12-01 03:54:57.378 I/wm_task_to_front( 1525): [0,10]
12-01 03:54:57.378 I/wm_on_top_resumed_lost_called( 2926): [226233913,com.android.settings.Settings,topStateChangedWhenResumed]
12-01 03:54:57.379 I/wm_focused_root_task( 1525): [0,0,1,11,RecentsAnimation.onAnimationFinished()]
12-01 03:54:57.379 I/wm_set_resumed_activity( 1525): [0,com.android.launcher3/.uioverrides.QuickstepLauncher,RecentsAnimation.onAnimationFinished()]
12-01 03:54:57.380 I/wm_pause_activity( 1525): [0,226233913,com.android.settings/.Settings,userLeaving=true,pauseBackTasks]
12-01 03:54:57.383 I/wm_add_to_stopping( 1525): [0,226233913,com.android.settings/.Settings,makeInvisible]
12-01 03:54:57.384 I/wm_set_resumed_activity( 1525): [0,com.android.launcher3/.uioverrides.QuickstepLauncher,resumeTopActivityInnerLocked]
12-01 03:54:57.385 I/wm_resume_activity( 1525): [0,93742719,10,com.android.launcher3/.uioverrides.QuickstepLauncher]
12-01 03:54:57.393 I/wm_on_resume_called( 2849): [93742719,com.android.launcher3.uioverrides.QuickstepLauncher,RESUME_ACTIVITY]
12-01 03:54:57.394 I/input_focus( 1525): [Focus request 56534c8 com.android.launcher3/com.android.launcher3.uioverrides.QuickstepLauncher,reason=UpdateInputWindows]
12-01 03:54:57.397 I/sysui_multi_action( 2926): [757,35,758,2,1089,1596]
12-01 03:54:57.399 I/sysui_multi_action( 2926): [757,744,758,2,1089,1597]
12-01 03:54:57.400 I/wm_on_paused_called( 2926): [226233913,com.android.settings.Settings,performPause]
12-01 03:54:57.401 I/wm_stop_activity( 1525): [0,226233913,com.android.settings/.Settings]
12-01 03:54:57.401 I/sysui_multi_action( 1525): [757,803,799,window_time_0,802,2]
12-01 03:54:57.403 I/input_focus( 1525): [Focus leaving recents_animation_input_consumer (server),reason=NOT_VISIBLE]
12-01 03:54:57.404 I/input_focus( 1525): [Focus entering 56534c8 com.android.launcher3/com.android.launcher3.uioverrides.QuickstepLauncher (server),reason=setFocusedWindow]
12-01 03:54:57.404 I/wm_on_top_resumed_gained_called( 2849): [93742719,com.android.launcher3.uioverrides.QuickstepLauncher,topStateChangedWhenResumed]
12-01 03:54:57.414 I/sysui_multi_action( 1525): [757,803,799,window_time_0,802,0]
12-01 03:54:57.432 I/am_pss ( 1525): [2376,10094,com.android.permissioncontroller,14872576,12726272,0,107626496,0,19,6]
12-01 03:54:57.435 I/wm_on_stop_called( 2926): [226233913,com.android.settings.Settings,STOP_ACTIVITY_ITEM]
12-01 03:54:57.507 I/input_interaction( 1525): Interaction with: 56534c8 com.android.launcher3/com.android.launcher3.uioverrides.QuickstepLauncher (server), f29aa65 com.android.systemui.ImageWallpaper (server), edge-swipe (server), swipe-up (server), PointerEventDispatcher0 (server),
12-01 03:54:57.648 I/wm_task_created( 1525): [13,-1]
12-01 03:54:57.654 I/wm_task_moved( 1525): [13,1,7]
12-01 03:54:57.654 I/wm_task_to_front( 1525): [0,13]
12-01 03:54:57.655 I/wm_create_task( 1525): [0,13]
12-01 03:54:57.655 I/wm_create_activity( 1525): [0,150340858,13,com.android.music/.VideoBrowserActivity,android.intent.action.MAIN,NULL,NULL,270532608]
12-01 03:54:57.655 I/wm_task_moved( 1525): [13,1,7]
12-01 03:54:57.658 I/wm_pause_activity( 1525): [0,93742719,com.android.launcher3/.uioverrides.QuickstepLauncher,userLeaving=true,pauseBackTasks]
12-01 03:54:57.667 I/wm_on_top_resumed_lost_called( 2849): [93742719,com.android.launcher3.uioverrides.QuickstepLauncher,topStateChangedWhenResumed]
12-01 03:54:57.671 I/wm_on_paused_called( 2849): [93742719,com.android.launcher3.uioverrides.QuickstepLauncher,performPause]
12-01 03:54:57.674 I/wm_add_to_stopping( 1525): [0,93742719,com.android.launcher3/.uioverrides.QuickstepLauncher,makeInvisible]
12-01 03:54:57.675 I/wm_restart_activity( 1525): [0,150340858,13,com.android.music/.VideoBrowserActivity]
12-01 03:54:57.677 I/wm_set_resumed_activity( 1525): [0,com.android.music/.VideoBrowserActivity,minimalResumeActivityLocked]
12-01 03:54:57.680 I/am_uid_active( 1525): 10086
12-01 03:54:57.688 I/sysui_multi_action( 1525): [757,803,799,window_time_0,802,0]
12-01 03:54:57.704 I/input_focus( 1525): [Focus leaving 56534c8 com.android.launcher3/com.android.launcher3.uioverrides.QuickstepLauncher (server),reason=NO_WINDOW]
12-01 03:54:57.710 I/wm_on_create_called( 4099): [150340858,com.android.music.VideoBrowserActivity,performCreate]
12-01 03:54:57.710 I/wm_on_start_called( 4099): [150340858,com.android.music.VideoBrowserActivity,handleStartActivity]
12-01 03:54:57.712 I/wm_on_resume_called( 4099): [150340858,com.android.music.VideoBrowserActivity,RESUME_ACTIVITY]
12-01 03:54:57.717 I/wm_on_top_resumed_gained_called( 4099): [150340858,com.android.music.VideoBrowserActivity,topStateChangedWhenResumed]
12-01 03:54:57.723 I/input_focus( 1525): [Focus request 5619b02 com.android.music/com.android.music.VideoBrowserActivity,reason=UpdateInputWindows]
12-01 03:54:57.768 I/input_focus( 1525): [Focus entering 5619b02 com.android.music/com.android.music.VideoBrowserActivity (server),reason=Window became focusable. Previous reason: NOT_VISIBLE]
12-01 03:54:57.772 I/sysui_multi_action( 1525): [319,65,321,63,322,121,325,117,757,761,758,8,759,1,806,com.android.music,871,com.android.music.VideoBrowserActivity,904,com.android.launcher3,905,0,1320,4,1321,1]
12-01 03:54:57.774 I/wm_activity_launch_time( 1525): [0,150340858,com.android.music/.VideoBrowserActivity,121]
12-01 03:54:58.240 I/wm_stop_activity( 1525): [0,93742719,com.android.launcher3/.uioverrides.QuickstepLauncher]
12-01 03:54:58.268 I/wm_on_stop_called( 2849): [93742719,com.android.launcher3.uioverrides.QuickstepLauncher,STOP_ACTIVITY_ITEM]
12-01 03:54:58.698 I/input_interaction( 1525): Interaction with: 5619b02 com.android.music/com.android.music.VideoBrowserActivity (server), edge-swipe (server), swipe-up (server), PointerEventDispatcher0 (server),
12-01 03:54:58.719 I/wm_task_moved( 1525): [1,0,0]
12-01 03:54:58.720 I/wm_task_moved( 1525): [1,0,6]
12-01 03:54:58.726 I/wm_on_restart_called( 2849): [93742719,com.android.launcher3.uioverrides.QuickstepLauncher,performRestartActivity]
12-01 03:54:58.752 I/wm_on_start_called( 2849): [93742719,com.android.launcher3.uioverrides.QuickstepLauncher,handleStartActivity]
12-01 03:54:58.753 I/view_enqueue_input_event( 4099): [Motion - Cancel,com.android.music/com.android.music.VideoBrowserActivity]
12-01 03:54:58.755 I/input_focus( 1525): [Focus request recents_animation_input_consumer,reason=UpdateInputWindows]
12-01 03:54:58.763 I/input_interaction( 1525): Interaction with: edge-swipe (server), swipe-up (server), PointerEventDispatcher0 (server),
12-01 03:54:58.763 I/sysui_latency( 2849): [1,65]
12-01 03:54:58.769 I/input_focus( 1525): [Focus leaving 5619b02 com.android.music/com.android.music.VideoBrowserActivity (server),reason=NOT_FOCUSABLE]
12-01 03:54:58.770 I/input_focus( 1525): [Focus entering recents_animation_input_consumer (server),reason=setFocusedWindow]
12-01 03:54:58.775 I/sysui_multi_action( 1525): [319,8,322,49,325,118,757,761,758,9,759,5,806,com.android.launcher3,871,com.android.launcher3.uioverrides.QuickstepLauncher,905,0,1320,4,1321,1]
12-01 03:54:58.953 I/commit_sys_config_file( 1525): [settings-1-0,4]
12-01 03:54:59.070 I/sysui_latency( 1525): [8,65]
12-01 03:54:59.562 I/wm_task_moved( 1525): [1,1,7]
12-01 03:54:59.562 I/wm_task_moved( 1525): [10,1,2147483647]
12-01 03:54:59.562 I/wm_task_to_front( 1525): [0,10]
12-01 03:54:59.562 I/wm_focused_root_task( 1525): [0,0,1,13,RecentsAnimation.onAnimationFinished()]
12-01 03:54:59.563 I/wm_set_resumed_activity( 1525): [0,com.android.launcher3/.uioverrides.QuickstepLauncher,RecentsAnimation.onAnimationFinished()]
12-01 03:54:59.564 I/wm_pause_activity( 1525): [0,150340858,com.android.music/.VideoBrowserActivity,userLeaving=true,pauseBackTasks]
12-01 03:54:59.565 I/wm_add_to_stopping( 1525): [0,150340858,com.android.music/.VideoBrowserActivity,makeInvisible]
12-01 03:54:59.565 I/wm_set_resumed_activity( 1525): [0,com.android.launcher3/.uioverrides.QuickstepLauncher,resumeTopActivityInnerLocked]
12-01 03:54:59.567 I/wm_resume_activity( 1525): [0,93742719,10,com.android.launcher3/.uioverrides.QuickstepLauncher]
12-01 03:54:59.568 I/wm_on_resume_called( 2849): [93742719,com.android.launcher3.uioverrides.QuickstepLauncher,RESUME_ACTIVITY]
12-01 03:54:59.572 I/wm_on_top_resumed_lost_called( 4099): [150340858,com.android.music.VideoBrowserActivity,topStateChangedWhenResumed]
12-01 03:54:59.576 I/input_focus( 1525): [Focus request 56534c8 com.android.launcher3/com.android.launcher3.uioverrides.QuickstepLauncher,reason=UpdateInputWindows]
12-01 03:54:59.577 I/wm_on_paused_called( 4099): [150340858,com.android.music.VideoBrowserActivity,performPause]
12-01 03:54:59.577 I/wm_on_top_resumed_gained_called( 2849): [93742719,com.android.launcher3.uioverrides.QuickstepLauncher,topStateChangedWhenResumed]
12-01 03:54:59.581 I/wm_stop_activity( 1525): [0,150340858,com.android.music/.VideoBrowserActivity]
12-01 03:54:59.583 I/sysui_multi_action( 1525): [757,803,799,window_time_0,802,2]
12-01 03:54:59.584 I/sysui_multi_action( 1525): [757,803,799,window_time_0,802,0]
12-01 03:54:59.589 I/input_focus( 1525): [Focus leaving recents_animation_input_consumer (server),reason=NOT_VISIBLE]
12-01 03:54:59.590 I/input_focus( 1525): [Focus entering 56534c8 com.android.launcher3/com.android.launcher3.uioverrides.QuickstepLauncher (server),reason=setFocusedWindow]
12-01 03:54:59.593 I/wm_on_stop_called( 4099): [150340858,com.android.music.VideoBrowserActivity,STOP_ACTIVITY_ITEM]
12-01 03:54:59.593 I/input_interaction( 1525): Interaction with: 56534c8 com.android.launcher3/com.android.launcher3.uioverrides.QuickstepLauncher (server), f29aa65 com.android.systemui.ImageWallpaper (server), edge-swipe (server), swipe-up (server), PointerEventDispatcher0 (server),
12-01 03:54:59.720 I/wm_task_created( 1525): [14,-1]
12-01 03:54:59.722 I/wm_task_moved( 1525): [14,1,8]
12-01 03:54:59.722 I/wm_task_to_front( 1525): [0,14]
12-01 03:54:59.722 I/wm_create_task( 1525): [0,14]
12-01 03:54:59.722 I/wm_create_activity( 1525): [0,126900388,14,com.android.music/.MusicBrowserActivity,android.intent.action.MAIN,NULL,NULL,270532608]
12-01 03:54:59.722 I/wm_task_moved( 1525): [14,1,8]
12-01 03:54:59.723 I/wm_pause_activity( 1525): [0,93742719,com.android.launcher3/.uioverrides.QuickstepLauncher,userLeaving=true,pauseBackTasks]
12-01 03:54:59.727 I/wm_on_top_resumed_lost_called( 2849): [93742719,com.android.launcher3.uioverrides.QuickstepLauncher,topStateChangedWhenResumed]
12-01 03:54:59.727 I/wm_on_paused_called( 2849): [93742719,com.android.launcher3.uioverrides.QuickstepLauncher,performPause]
12-01 03:54:59.729 I/wm_add_to_stopping( 1525): [0,93742719,com.android.launcher3/.uioverrides.QuickstepLauncher,makeInvisible]
12-01 03:54:59.730 I/wm_restart_activity( 1525): [0,126900388,14,com.android.music/.MusicBrowserActivity]
12-01 03:54:59.732 I/wm_set_resumed_activity( 1525): [0,com.android.music/.MusicBrowserActivity,minimalResumeActivityLocked]
12-01 03:54:59.755 I/input_focus( 1525): [Focus leaving 56534c8 com.android.launcher3/com.android.launcher3.uioverrides.QuickstepLauncher (server),reason=NO_WINDOW]
12-01 03:54:59.755 I/sysui_multi_action( 1525): [757,803,799,window_time_0,802,0]
12-01 03:54:59.765 I/wm_task_moved( 1525): [14,1,8]
12-01 03:54:59.765 I/wm_set_resumed_activity( 1525): [0,com.android.music/.MusicBrowserActivity,positionChildAt]
12-01 03:54:59.765 I/wm_create_activity( 1525): [0,50907589,14,com.android.music/com.codeaurora.music.custom.PermissionActivity,NULL,NULL,NULL,268435456]
12-01 03:54:59.767 I/wm_pause_activity( 1525): [0,126900388,com.android.music/.MusicBrowserActivity,userLeaving=true,resumeTopActivityInnerLocked]
12-01 03:54:59.771 I/wm_finish_activity( 1525): [0,126900388,14,com.android.music/.MusicBrowserActivity,app-request]
12-01 03:54:59.780 I/am_proc_died( 1525): [0,4099,com.android.music,0,2]
12-01 03:54:59.781 I/am_uid_stopped( 1525): 10086
12-01 03:54:59.786 I/am_uid_running( 1525): 10086
12-01 03:54:59.792 I/am_proc_start( 1525): [0,5199,10086,com.android.music,top-activity,{com.android.music/com.codeaurora.music.custom.PermissionActivity}]
12-01 03:54:59.802 I/am_proc_bound( 1525): [0,5199,com.android.music]
12-01 03:54:59.811 I/wm_restart_activity( 1525): [0,50907589,14,com.android.music/com.codeaurora.music.custom.PermissionActivity]
12-01 03:54:59.812 I/wm_set_resumed_activity( 1525): [0,com.android.music/com.codeaurora.music.custom.PermissionActivity,minimalResumeActivityLocked]
12-01 03:54:59.812 I/am_uid_active( 1525): 10086
12-01 03:54:59.844 I/wm_task_moved( 1525): [14,1,8]
12-01 03:54:59.844 I/wm_set_resumed_activity( 1525): [0,com.android.music/com.codeaurora.music.custom.PermissionActivity,positionChildAt]
12-01 03:54:59.845 I/wm_create_activity( 1525): [0,167198552,14,com.android.permissioncontroller/.permission.ui.GrantPermissionsActivity,android.content.pm.action.REQUEST_PERMISSIONS,NULL,NULL,8388608]
12-01 03:54:59.846 I/wm_pause_activity( 1525): [0,50907589,com.android.music/com.codeaurora.music.custom.PermissionActivity,userLeaving=true,resumeTopActivityInnerLocked]
12-01 03:54:59.848 I/wm_on_create_called( 5199): [50907589,com.codeaurora.music.custom.PermissionActivity,performCreate]
12-01 03:54:59.860 I/wm_on_start_called( 5199): [50907589,com.codeaurora.music.custom.PermissionActivity,handleStartActivity]
12-01 03:54:59.861 I/wm_on_resume_called( 5199): [50907589,com.codeaurora.music.custom.PermissionActivity,RESUME_ACTIVITY]
12-01 03:54:59.867 I/wm_on_paused_called( 5199): [50907589,com.codeaurora.music.custom.PermissionActivity,performPause]
12-01 03:54:59.869 I/wm_restart_activity( 1525): [0,167198552,14,com.android.permissioncontroller/.permission.ui.GrantPermissionsActivity]
12-01 03:54:59.870 I/wm_set_resumed_activity( 1525): [0,com.android.permissioncontroller/.permission.ui.GrantPermissionsActivity,minimalResumeActivityLocked]
12-01 03:54:59.874 I/sysui_multi_action( 1525): [757,803,799,window_time_0,802,0]
12-01 03:54:59.903 I/wm_on_create_called( 2376): [167198552,com.android.permissioncontroller.permission.ui.GrantPermissionsActivity,performCreate]
12-01 03:54:59.904 I/wm_on_start_called( 2376): [167198552,com.android.permissioncontroller.permission.ui.GrantPermissionsActivity,handleStartActivity]
12-01 03:54:59.905 I/wm_on_resume_called( 2376): [167198552,com.android.permissioncontroller.permission.ui.GrantPermissionsActivity,RESUME_ACTIVITY]
12-01 03:54:59.927 I/input_focus( 1525): [Focus request 7e9fc46 com.android.permissioncontroller/com.android.permissioncontroller.permission.ui.GrantPermissionsActivity,reason=UpdateInputWindows]
12-01 03:54:59.941 I/input_focus( 1525): [Focus entering 7e9fc46 com.android.permissioncontroller/com.android.permissioncontroller.permission.ui.GrantPermissionsActivity (server),reason=setFocusedWindow]
12-01 03:55:00.268 I/wm_on_top_resumed_gained_called( 2376): [167198552,com.android.permissioncontroller.permission.ui.GrantPermissionsActivity,topStateChangedWhenResumed]
12-01 03:55:00.326 I/wm_stop_activity( 1525): [0,93742719,com.android.launcher3/.uioverrides.QuickstepLauncher]
12-01 03:55:00.333 I/wm_on_stop_called( 2849): [93742719,com.android.launcher3.uioverrides.QuickstepLauncher,STOP_ACTIVITY_ITEM]
12-01 03:55:00.979 I/input_interaction( 1525): Interaction with: 7e9fc46 com.android.permissioncontroller/com.android.permissioncontroller.permission.ui.GrantPermissionsActivity (server), edge-swipe (server), swipe-up (server), PointerEventDispatcher0 (server),
12-01 03:55:01.214 I/sysui_multi_action( 1525): [757,1243,758,4,806,com.android.music,1241,android.permission.READ_PHONE_STATE]
12-01 03:55:01.217 I/snet_event_log( 2376): [individual_permissions_requested,10086,com.android.music:com.android.music:;android.permission.READ_PHONE_STATE|false|768]
12-01 03:55:01.217 I/wm_finish_activity( 1525): [0,167198552,14,com.android.permissioncontroller/.permission.ui.GrantPermissionsActivity,app-request]
12-01 03:55:01.226 I/wm_pause_activity( 1525): [0,167198552,com.android.permissioncontroller/.permission.ui.GrantPermissionsActivity,userLeaving=false,finish]
12-01 03:55:01.232 I/sysui_multi_action( 1525): [757,1144,758,8,806,com.android.permissioncontroller,871,com.android.permissioncontroller.permission.ui.GrantPermissionsActivity]
12-01 03:55:01.242 I/input_focus( 1525): [Focus leaving 7e9fc46 com.android.permissioncontroller/com.android.permissioncontroller.permission.ui.GrantPermissionsActivity (server),reason=NO_WINDOW]
12-01 03:55:01.279 I/wm_on_top_resumed_lost_called( 2376): [167198552,com.android.permissioncontroller.permission.ui.GrantPermissionsActivity,topStateChangedWhenResumed]
12-01 03:55:01.279 I/wm_on_paused_called( 2376): [167198552,com.android.permissioncontroller.permission.ui.GrantPermissionsActivity,performPause]
12-01 03:55:01.281 I/wm_set_resumed_activity( 1525): [0,com.android.music/com.codeaurora.music.custom.PermissionActivity,resumeTopActivityInnerLocked]
12-01 03:55:01.282 I/wm_resume_activity( 1525): [0,50907589,14,com.android.music/com.codeaurora.music.custom.PermissionActivity]
12-01 03:55:01.292 I/input_focus( 1525): [Focus request f4327b3 com.android.music/com.codeaurora.music.custom.PermissionActivity,reason=UpdateInputWindows]
12-01 03:55:01.295 I/sysui_multi_action( 1525): [757,803,799,window_time_0,802,2]
12-01 03:55:01.300 I/wm_task_moved( 1525): [14,1,8]
12-01 03:55:01.300 I/wm_set_resumed_activity( 1525): [0,com.android.music/com.codeaurora.music.custom.PermissionActivity,positionChildAt]
12-01 03:55:01.300 I/wm_create_activity( 1525): [0,136685025,14,com.android.music/.MusicBrowserActivity,android.intent.action.MAIN,NULL,NULL,270532608]
12-01 03:55:01.301 I/wm_pause_activity( 1525): [0,50907589,com.android.music/com.codeaurora.music.custom.PermissionActivity,userLeaving=true,resumeTopActivityInnerLocked]
12-01 03:55:01.307 I/wm_finish_activity( 1525): [0,50907589,14,com.android.music/com.codeaurora.music.custom.PermissionActivity,app-request]
12-01 03:55:01.307 I/wm_on_activity_result_called( 5199): [50907589,com.codeaurora.music.custom.PermissionActivity,ACTIVITY_RESULT]
12-01 03:55:01.308 I/wm_add_to_stopping( 1525): [0,50907589,com.android.music/com.codeaurora.music.custom.PermissionActivity,completeFinishing]
12-01 03:55:01.309 I/input_focus( 1525): [Focus entering f4327b3 com.android.music/com.codeaurora.music.custom.PermissionActivity (server),reason=setFocusedWindow]
12-01 03:55:01.313 I/wm_restart_activity( 1525): [0,136685025,14,com.android.music/.MusicBrowserActivity]
12-01 03:55:01.315 I/wm_set_resumed_activity( 1525): [0,com.android.music/.MusicBrowserActivity,minimalResumeActivityLocked]
12-01 03:55:01.321 I/sysui_multi_action( 1525): [757,803,799,window_time_0,802,0]
12-01 03:55:01.342 I/input_focus( 1525): [Focus leaving f4327b3 com.android.music/com.codeaurora.music.custom.PermissionActivity (server),reason=NO_WINDOW]
12-01 03:55:01.349 I/wm_on_create_called( 5199): [136685025,com.android.music.MusicBrowserActivity,performCreate]
12-01 03:55:01.359 I/wm_on_start_called( 5199): [136685025,com.android.music.MusicBrowserActivity,handleStartActivity]
12-01 03:55:01.359 I/wm_on_resume_called( 5199): [136685025,com.android.music.MusicBrowserActivity,RESUME_ACTIVITY]
12-01 03:55:01.360 I/wm_on_top_resumed_gained_called( 5199): [136685025,com.android.music.MusicBrowserActivity,topStateChangedWhenResumed]
12-01 03:55:01.379 I/sysui_multi_action( 1525): [757,856,758,1,806,com.android.music,857,Channel-music,858,2]
12-01 03:55:01.383 I/notification_enqueue( 1525): [10086,5199,com.android.music,1,NULL,0,Notification(channel=Channel-music shortcut=null contentView=null vibrate=null sound=null defaults=0x0 flags=0x0 color=0x00000000 category=transport actions=4 vis=PRIVATE),0]
12-01 03:55:01.387 I/notification_enqueue( 1525): [10086,5199,com.android.music,1,NULL,0,Notification(channel=Channel-music shortcut=null contentView=null vibrate=null sound=null defaults=0x0 flags=0x40 color=0x00000000 category=transport actions=4 vis=PRIVATE),0]
12-01 03:55:01.388 I/notification_enqueue( 1525): [10086,5199,com.android.music,1,NULL,0,Notification(channel=Channel-music shortcut=null contentView=null vibrate=null sound=null defaults=0x0 flags=0x40 color=0x00000000 category=transport actions=4 vis=PRIVATE),0]
12-01 03:55:01.389 I/notification_enqueue( 1525): [10086,5199,com.android.music,1,NULL,0,Notification(channel=Channel-music shortcut=null contentView=null vibrate=null sound=null defaults=0x0 flags=0x40 color=0x00000000 category=transport actions=4 vis=PRIVATE),0]
12-01 03:55:01.399 I/input_focus( 1525): [Focus request 85f65a8 com.android.music/com.android.music.MusicBrowserActivity,reason=UpdateInputWindows]
12-01 03:55:01.413 I/wm_activity_launch_time( 1525): [0,136685025,com.android.music/.MusicBrowserActivity,117]
12-01 03:55:01.414 I/notification_enqueue( 1525): [10086,5199,com.android.music,1,NULL,0,Notification(channel=Channel-music shortcut=null contentView=null vibrate=null sound=null defaults=0x0 flags=0x40 color=0x00000000 category=transport actions=4 vis=PRIVATE),0]
12-01 03:55:01.416 I/notification_enqueue( 1525): [10086,5199,com.android.music,1,NULL,0,Notification(channel=Channel-music shortcut=null contentView=null vibrate=null sound=null defaults=0x0 flags=0x40 color=0x00000000 category=transport actions=4 vis=PRIVATE),0]
12-01 03:55:01.431 I/input_focus( 1525): [Focus entering 85f65a8 com.android.music/com.android.music.MusicBrowserActivity (server),reason=setFocusedWindow]
12-01 03:55:01.442 I/sysui_multi_action( 1525): [757,128,758,5,759,8,793,60,794,0,795,60,796,1,806,com.android.music,857,Channel-music,858,2,947,0,1500,60,1641,transport,1688,1,1745,1043716538]
12-01 03:55:01.443 I/notification_canceled( 1525): [0|com.android.music|1|null|10086,8,60,60,0,-1,-1,NULL]
12-01 03:55:01.494 I/wm_destroy_activity( 1525): [0,167198552,14,com.android.permissioncontroller/.permission.ui.GrantPermissionsActivity,finish-idle]
12-01 03:55:01.599 I/wm_on_stop_called( 2376): [167198552,com.android.permissioncontroller.permission.ui.GrantPermissionsActivity,LIFECYCLER_STOP_ACTIVITY]
12-01 03:55:01.601 I/wm_on_destroy_called( 2376): [167198552,com.android.permissioncontroller.permission.ui.GrantPermissionsActivity,performDestroy]
12-01 03:55:01.635 I/commit_sys_config_file( 1525): [notification-policy,94514]
12-01 03:55:01.816 I/wm_destroy_activity( 1525): [0,50907589,14,com.android.music/com.codeaurora.music.custom.PermissionActivity,finish-imm:idle]
12-01 03:55:01.831 I/wm_on_stop_called( 5199): [50907589,com.codeaurora.music.custom.PermissionActivity,LIFECYCLER_STOP_ACTIVITY]
12-01 03:55:01.831 I/wm_on_destroy_called( 5199): [50907589,com.codeaurora.music.custom.PermissionActivity,performDestroy]
12-01 03:55:02.049 I/input_interaction( 1525): Interaction with: 85f65a8 com.android.music/com.android.music.MusicBrowserActivity (server), edge-swipe (server), swipe-up (server), PointerEventDispatcher0 (server),
12-01 03:55:02.067 I/wm_task_moved( 1525): [1,0,0]
12-01 03:55:02.068 I/wm_task_moved( 1525): [1,0,7]
12-01 03:55:02.089 I/view_enqueue_input_event( 5199): [Motion - Cancel,com.android.music/com.android.music.MusicBrowserActivity]
12-01 03:55:02.090 I/wm_on_restart_called( 2849): [93742719,com.android.launcher3.uioverrides.QuickstepLauncher,performRestartActivity]
12-01 03:55:02.101 I/input_interaction( 1525): Interaction with: edge-swipe (server), swipe-up (server), PointerEventDispatcher0 (server),
12-01 03:55:02.127 I/wm_on_start_called( 2849): [93742719,com.android.launcher3.uioverrides.QuickstepLauncher,handleStartActivity]
12-01 03:55:02.129 I/input_focus( 1525): [Focus request recents_animation_input_consumer,reason=UpdateInputWindows]
12-01 03:55:02.139 I/sysui_latency( 2849): [1,90]
12-01 03:55:02.144 I/input_focus( 1525): [Focus leaving 85f65a8 com.android.music/com.android.music.MusicBrowserActivity (server),reason=NOT_FOCUSABLE]
12-01 03:55:02.145 I/input_focus( 1525): [Focus entering recents_animation_input_consumer (server),reason=setFocusedWindow]
12-01 03:55:02.155 I/sysui_multi_action( 1525): [319,12,322,80,325,122,757,761,758,9,759,5,806,com.android.launcher3,871,com.android.launcher3.uioverrides.QuickstepLauncher,905,0,1320,4,1321,1]
12-01 03:55:02.331 I/commit_sys_config_file( 1525): [settings-1-0,8]
12-01 03:55:02.448 I/sysui_latency( 1525): [8,96]
12-01 03:55:02.817 I/wm_task_moved( 1525): [1,1,8]
12-01 03:55:02.818 I/wm_task_moved( 1525): [10,1,2147483647]
12-01 03:55:02.818 I/wm_task_to_front( 1525): [0,10]
12-01 03:55:02.818 I/wm_focused_root_task( 1525): [0,0,1,14,RecentsAnimation.onAnimationFinished()]
12-01 03:55:02.818 I/wm_set_resumed_activity( 1525): [0,com.android.launcher3/.uioverrides.QuickstepLauncher,RecentsAnimation.onAnimationFinished()]
12-01 03:55:02.820 I/wm_pause_activity( 1525): [0,136685025,com.android.music/.MusicBrowserActivity,userLeaving=true,pauseBackTasks]
12-01 03:55:02.821 I/wm_add_to_stopping( 1525): [0,136685025,com.android.music/.MusicBrowserActivity,makeInvisible]
12-01 03:55:02.822 I/wm_set_resumed_activity( 1525): [0,com.android.launcher3/.uioverrides.QuickstepLauncher,resumeTopActivityInnerLocked]
12-01 03:55:02.823 I/wm_resume_activity( 1525): [0,93742719,10,com.android.launcher3/.uioverrides.QuickstepLauncher]
12-01 03:55:02.824 I/wm_on_resume_called( 2849): [93742719,com.android.launcher3.uioverrides.QuickstepLauncher,RESUME_ACTIVITY]
12-01 03:55:02.830 I/wm_on_top_resumed_lost_called( 5199): [136685025,com.android.music.MusicBrowserActivity,topStateChangedWhenResumed]
12-01 03:55:02.832 I/input_interaction( 1525): Interaction with: recents_animation_input_consumer (server), edge-swipe (server), swipe-up (server), PointerEventDispatcher0 (server),
12-01 03:55:02.837 I/input_focus( 1525): [Focus request 56534c8 com.android.launcher3/com.android.launcher3.uioverrides.QuickstepLauncher,reason=UpdateInputWindows]
12-01 03:55:02.839 I/wm_on_paused_called( 5199): [136685025,com.android.music.MusicBrowserActivity,performPause]
12-01 03:55:02.844 I/wm_stop_activity( 1525): [0,136685025,com.android.music/.MusicBrowserActivity]
12-01 03:55:02.850 I/sysui_multi_action( 1525): [757,803,799,window_time_0,802,1]
12-01 03:55:02.852 I/input_focus( 1525): [Focus leaving recents_animation_input_consumer (server),reason=NOT_VISIBLE]
12-01 03:55:02.852 I/sysui_multi_action( 1525): [757,803,799,window_time_0,802,0]
12-01 03:55:02.852 I/input_focus( 1525): [Focus entering 56534c8 com.android.launcher3/com.android.launcher3.uioverrides.QuickstepLauncher (server),reason=setFocusedWindow]
12-01 03:55:02.860 I/wm_on_top_resumed_gained_called( 2849): [93742719,com.android.launcher3.uioverrides.QuickstepLauncher,topStateChangedWhenResumed]
12-01 03:55:02.866 I/wm_on_stop_called( 5199): [136685025,com.android.music.MusicBrowserActivity,STOP_ACTIVITY_ITEM]
12-01 03:55:02.932 I/wm_task_created( 1525): [15,-1]
12-01 03:55:02.943 I/wm_task_moved( 1525): [15,1,9]
12-01 03:55:02.943 I/wm_task_to_front( 1525): [0,15]
12-01 03:55:02.944 I/wm_create_task( 1525): [0,15]
12-01 03:55:02.944 I/wm_create_activity( 1525): [0,129012930,15,com.android.gallery3d/.app.GalleryActivity,android.intent.action.MAIN,NULL,NULL,270532608]
12-01 03:55:02.944 I/wm_task_moved( 1525): [15,1,9]
12-01 03:55:02.945 I/wm_pause_activity( 1525): [0,93742719,com.android.launcher3/.uioverrides.QuickstepLauncher,userLeaving=true,pauseBackTasks]
12-01 03:55:02.952 I/wm_on_top_resumed_lost_called( 2849): [93742719,com.android.launcher3.uioverrides.QuickstepLauncher,topStateChangedWhenResumed]
12-01 03:55:02.952 I/wm_on_paused_called( 2849): [93742719,com.android.launcher3.uioverrides.QuickstepLauncher,performPause]
12-01 03:55:02.954 I/wm_add_to_stopping( 1525): [0,93742719,com.android.launcher3/.uioverrides.QuickstepLauncher,makeInvisible]
12-01 03:55:02.955 I/wm_restart_activity( 1525): [0,129012930,15,com.android.gallery3d/.app.GalleryActivity]
12-01 03:55:02.957 I/wm_set_resumed_activity( 1525): [0,com.android.gallery3d/.app.GalleryActivity,minimalResumeActivityLocked]
12-01 03:55:02.971 I/am_uid_active( 1525): 10066
12-01 03:55:02.971 I/sysui_multi_action( 1525): [757,803,799,window_time_0,802,1]
12-01 03:55:02.997 I/input_focus( 1525): [Focus leaving 56534c8 com.android.launcher3/com.android.launcher3.uioverrides.QuickstepLauncher (server),reason=NO_WINDOW]
12-01 03:55:03.004 I/wm_on_create_called( 4018): [129012930,com.android.gallery3d.app.GalleryActivity,performCreate]
12-01 03:55:03.005 I/wm_on_start_called( 4018): [129012930,com.android.gallery3d.app.GalleryActivity,handleStartActivity]
12-01 03:55:03.009 I/wm_on_resume_called( 4018): [129012930,com.android.gallery3d.app.GalleryActivity,RESUME_ACTIVITY]
12-01 03:55:03.016 I/wm_on_top_resumed_gained_called( 4018): [129012930,com.android.gallery3d.app.GalleryActivity,topStateChangedWhenResumed]
12-01 03:55:03.035 I/input_focus( 1525): [Focus request 6ae06b3 com.android.gallery3d/com.android.gallery3d.app.GalleryActivity,reason=UpdateInputWindows]
12-01 03:55:03.037 I/notification_enqueue( 1525): [10080,2372,com.android.systemui,2048,NULL,0,Notification(channel=updateNotification shortcut=null contentView=null vibrate=null sound=null defaults=0x0 flags=0x0 color=0x00000000 vis=PRIVATE),1]
