12-01 03:57:55.043 D/GameModeIF_GameModeSettings( 4299): getUriFor setting_content_uri_root = content://com.thundercomm.gamemode.api/gamemode_settings , name = gamemode_isgaming
12-01 03:57:55.047 D/GameMode_GameModeService( 4299): updateGlobalSettings = gamemode_isgaming
12-01 03:57:55.067 I/mpu_uart( 646): [MSG-P:RECV]:No message received in 1000 ms
12-01 03:57:55.070 I/GameMode_ActivityMonitoringService( 4299): onTaskStackChanged
12-01 03:57:55.075 I/GameMode_ActivityMonitoringService( 4299): Updating top task to: TaskInfoContainer [topActivity=ComponentInfo{com.android.settings/com.android.settings.Settings}, taskId=11, stackId=11, userId=0, displayId=0, position=12
12-01 03:57:55.075 I/GameMode_ActivityMonitoringService( 4299): Notifying about top task: TaskInfoContainer [topActivity=ComponentInfo{com.android.settings/com.android.settings.Settings}, taskId=11, stackId=11, userId=0, displayId=0, position=12
12-01 03:57:55.075 E/GameMode_ActivityMonitoringService( 4299): onActivityLaunch:com.android.settings
12-01 03:57:55.075 V/GameMode_GameTypeUtils( 4299): judge isGame:com.android.settings
12-01 03:57:55.075 V/GameMode_GpuUtils( 4299): fps:60
12-01 03:57:55.077 D/GameMode_GameModeActionUtils( 4299): Show GameMode entry by service!
12-01 03:57:55.078 W/ContextImpl( 4299): Calling a method in the system process without a qualified user: android.app.ContextImpl.startService:1816 android.content.ContextWrapper.startService:774 com.thundercomm.gamemode.ingame.services.GameModeActionUtils.startGameModeService:93 com.thundercomm.gamemode.ingame.services.GameModeActionUtils.startGameModeEntry:21 com.thundercomm.gamemode.ingame.services.ActivityMonitoringService$1.onActivityLaunch:127
12-01 03:57:55.080 D/GameMode_GameModeService( 4299): type=hide_entry
12-01 03:57:55.080 D/GameModeIF_GameModeSettings( 4299): getUriFor setting_content_uri_root = content://com.thundercomm.gamemode.api/gamemode_settings , name = gamemode_isgaming
12-01 03:57:55.082 I/GameModeConfig( 1525): Current uri is uri = content://com.thundercomm.gamemode.api/gamemode_settings/gamemode_isgaming
12-01 03:57:55.082 D/GameModeIF_GameModeSettings( 1525): getUriFor setting_content_uri_root = content://com.thundercomm.gamemode.api/gamemode_settings , name = gamemode_isgaming
12-01 03:57:55.082 D/GameModeIF_GameModeSettings( 4299): gamemode_isgaming set to 0
12-01 03:57:55.084 I/GameModeConfig( 1525): isGameModeOn = false
12-01 03:57:55.084 I/GameModeConfig( 1525): isGameModeOn = false
12-01 03:57:55.084 I/GameModeConfig( 1525): isDisableVoice = true
12-01 03:57:55.085 D/GameMode_GameSettingsObserver( 4299): Game Data change!!!! uri = content://com.thundercomm.gamemode.api/gamemode_settings/gamemode_isgaming
12-01 03:57:55.085 D/GameModeIF_GameModeSettings( 4299): getUriFor setting_content_uri_root = content://com.thundercomm.gamemode.api/gamemode_settings , name = gamemode_isgaming
12-01 03:57:55.086 D/GameMode_GameModeService( 4299): updateGlobalSettings = gamemode_isgaming
12-01 03:57:55.234 I/mpu_uart( 646): [MSG-P:R]:recv sync frame timeout
12-01 03:57:55.337 W/InputManager-JNI( 1525): Input channel object '2b8ff6 Splash Screen com.android.settings (client)' was disposed without first being removed with the input manager!
12-01 03:57:55.568 I/wm_stop_activity( 1525): [0,93742719,com.android.launcher3/.uioverrides.QuickstepLauncher]
12-01 03:57:55.590 D/StateManager( 2849): goToState: Normal
12-01 03:57:55.591 I/wm_on_stop_called( 2849): [93742719,com.android.launcher3.uioverrides.QuickstepLauncher,STOP_ACTIVITY_ITEM]
12-01 03:57:55.599 I/GameMode_ActivityMonitoringService( 4299): onForegroundActivitiesChanged uid 10076 pid 2849 fg false
12-01 03:57:55.603 I/GameMode_ActivityMonitoringService( 4299): Updating top task to: TaskInfoContainer [topActivity=ComponentInfo{com.android.settings/com.android.settings.Settings}, taskId=11, stackId=11, userId=0, displayId=0, position=12
12-01 03:57:55.603 I/GameMode_ActivityMonitoringService( 4299): Notifying about top task: TaskInfoContainer [topActivity=ComponentInfo{com.android.settings/com.android.settings.Settings}, taskId=11, stackId=11, userId=0, displayId=0, position=12
12-01 03:57:55.603 E/GameMode_ActivityMonitoringService( 4299): onActivityLaunch:com.android.settings
12-01 03:57:55.603 V/GameMode_GameTypeUtils( 4299): judge isGame:com.android.settings
12-01 03:57:55.603 V/GameMode_GpuUtils( 4299): fps:60
12-01 03:57:55.604 D/GameMode_GameModeActionUtils( 4299): Show GameMode entry by service!
12-01 03:57:55.605 W/ContextImpl( 4299): Calling a method in the system process without a qualified user: android.app.ContextImpl.startService:1816 android.content.ContextWrapper.startService:774 com.thundercomm.gamemode.ingame.services.GameModeActionUtils.startGameModeService:93 com.thundercomm.gamemode.ingame.services.GameModeActionUtils.startGameModeEntry:21 com.thundercomm.gamemode.ingame.services.ActivityMonitoringService$1.onActivityLaunch:127
12-01 03:57:55.606 D/GameModeIF_GameModeSettings( 4299): getUriFor setting_content_uri_root = content://com.thundercomm.gamemode.api/gamemode_settings , name = gamemode_isgaming
12-01 03:57:55.608 I/GameModeConfig( 1525): Current uri is uri = content://com.thundercomm.gamemode.api/gamemode_settings/gamemode_isgaming
12-01 03:57:55.608 D/GameModeIF_GameModeSettings( 1525): getUriFor setting_content_uri_root = content://com.thundercomm.gamemode.api/gamemode_settings , name = gamemode_isgaming
12-01 03:57:55.608 D/GameModeIF_GameModeSettings( 4299): gamemode_isgaming set to 0
12-01 03:57:55.608 D/GameMode_GameModeService( 4299): type=hide_entry
12-01 03:57:55.610 I/GameModeConfig( 1525): isGameModeOn = false
12-01 03:57:55.610 I/GameModeConfig( 1525): isGameModeOn = false
12-01 03:57:55.610 I/GameModeConfig( 1525): isDisableVoice = true
12-01 03:57:55.614 D/GameMode_GameSettingsObserver( 4299): Game Data change!!!! uri = content://com.thundercomm.gamemode.api/gamemode_settings/gamemode_isgaming
12-01 03:57:55.614 D/GameModeIF_GameModeSettings( 4299): getUriFor setting_content_uri_root = content://com.thundercomm.gamemode.api/gamemode_settings , name = gamemode_isgaming
12-01 03:57:55.615 D/GameMode_GameModeService( 4299): updateGlobalSettings = gamemode_isgaming
12-01 03:57:55.626 W/Choreographer( 1525): Frame time is 0.214665 ms in the future! Check that graphics HAL is generating vsync timestamps using the correct timebase.
12-01 03:57:55.922 W/hpplay-java( 3306): [main]:IPManager:getActiveNets invalid networkInfo:null
12-01 03:57:55.923 I/hpplay-java( 3306): [main]:IPManager:getActiveNets eth0:false wifi:false mobile:false ap:false
12-01 03:57:55.923 I/hpplay-java( 3306): [main]:ServerTaskManager:get local ip:null
12-01 03:57:56.067 I/mpu_uart( 646): [MSG-P:RECV]:No message received in 1000 ms
12-01 03:57:56.155 I/input_interaction( 1525): Interaction with: cd71460 com.android.settings/com.android.settings.Settings (server), edge-swipe (server), swipe-up (server), PointerEventDispatcher0 (server),
12-01 03:57:56.283 I/DashboardFragment( 2926): onPreferenceTreeClick: onPreferenceTreeClick::com.android.settings.network.NetworkDashboardFragment
12-01 03:57:56.284 I/sysui_multi_action( 2926): [757,830,758,4,833,0,854,top_level_network,1089,0]
12-01 03:57:56.285 I/TopLevelSettings( 2926): TopLevelSettings: TopLevelSettings::com.android.settings.network.NetworkDashboardFragment
12-01 03:57:56.389 I/sysui_multi_action( 2926): [757,744,758,2,1089,1396]
12-01 03:57:56.410 D/PrefCtrlListHelper( 2926): Could not find Context-only controller for pref: com.android.settings.network.MultiNetworkHeaderController
12-01 03:57:56.410 D/PrefCtrlListHelper( 2926): Could not find Context-only controller for pref: com.android.settings.network.AirplaneModePreferenceController
12-01 03:57:56.411 D/PrefCtrlListHelper( 2926): Could not find Context-only controller for pref: com.android.settings.network.AllInOneTetherPreferenceController
12-01 03:57:56.411 D/PrefCtrlListHelper( 2926): Could not find Context-only controller for pref: com.android.settings.network.AdaptiveConnectivityPreferenceController
12-01 03:57:56.415 I/service_manager_stats( 2926): [101,31,30538]
12-01 03:57:56.415 W/CarrierConfigManager( 2926): Error getting config for subId -1 ICarrierConfigLoader is null
12-01 03:57:56.416 D/MobilePlanPrefContr( 2926): onCreate: mMobilePlanDialogMessage=null
12-01 03:57:56.418 D/BluetoothPan( 2926): Binding service...
12-01 03:57:56.424 E/UserRestrictionsUtils( 1525): Unknown restriction queried by uid 1000 (vendor.qti.qesdk.sysservice et al): null
12-01 03:57:56.438 D/NetworkDashboardFrag( 2926): NO dashboard tiles for NetworkDashboardFrag
12-01 03:57:56.438 D/NetworkDashboardFrag( 2926): All preferences added, reporting fully drawn
12-01 03:57:56.458 D/ConnectivityService( 1525): requestNetwork for uid/pid:1000/2926 activeRequest: null callbackRequest: 44 [NetworkRequest [ REQUEST id=45, [ Capabilities: INTERNET&NOT_RESTRICTED&TRUSTED&NOT_VCN_MANAGED Uid: 1000 RequestorUid: 1000 RequestorPkg: com.android.settings] ]] callback flags: 0 priority: 2147483647
12-01 03:57:56.458 D/ConnectivityService( 1525): NetReassign [no changes]
12-01 03:57:56.459 D/Ethernet( 1525): got request NetworkRequest [ REQUEST id=45, [ Capabilities: INTERNET&NOT_RESTRICTED&TRUSTED&NOT_VCN_MANAGED Uid: 1000 RequestorUid: 1000 RequestorPkg: com.android.settings] ]
12-01 03:57:56.459 D/EthernetNetworkFactory( 1525): acceptRequest, request: NetworkRequest [ REQUEST id=45, [ Capabilities: INTERNET&NOT_RESTRICTED&TRUSTED&NOT_VCN_MANAGED Uid: 1000 RequestorUid: 1000 RequestorPkg: com.android.settings] ]
12-01 03:57:56.459 I/EthernetNetworkFactory( 1525): networkForRequest, request: NetworkRequest [ REQUEST id=45, [ Capabilities: INTERNET&NOT_RESTRICTED&TRUSTED&NOT_VCN_MANAGED Uid: 1000 RequestorUid: 1000 RequestorPkg: com.android.settings] ], network: null
12-01 03:57:56.459 D/WifiNetworkFactory( 1525): got request NetworkRequest [ REQUEST id=45, [ Capabilities: INTERNET&NOT_RESTRICTED&TRUSTED&NOT_VCN_MANAGED Uid: 1000 RequestorUid: 1000 RequestorPkg: com.android.settings] ]
12-01 03:57:56.459 D/UntrustedWifiNetworkFactory( 1525): got request NetworkRequest [ REQUEST id=45, [ Capabilities: INTERNET&NOT_RESTRICTED&TRUSTED&NOT_VCN_MANAGED Uid: 1000 RequestorUid: 1000 RequestorPkg: com.android.settings] ]
12-01 03:57:56.459 D/OemPaidWifiNetworkFactory( 1525): got request NetworkRequest [ REQUEST id=45, [ Capabilities: INTERNET&NOT_RESTRICTED&TRUSTED&NOT_VCN_MANAGED Uid: 1000 RequestorUid: 1000 RequestorPkg: com.android.settings] ]
12-01 03:57:56.460 D/ConnectivityService( 1525): NetReassign [no changes]
12-01 03:57:56.460 D/ConnectivityService( 1525): requestNetwork for uid/pid:1000/2926 activeRequest: null callbackRequest: 47 [NetworkRequest [ REQUEST id=48, [ Capabilities: INTERNET&NOT_RESTRICTED&TRUSTED&NOT_VCN_MANAGED Uid: 1000 RequestorUid: 1000 RequestorPkg: com.android.settings] ]] callback flags: 0 priority: 2147483647
12-01 03:57:56.461 D/ConnectivityService( 1525): NetReassign [no changes]
12-01 03:57:56.461 D/Ethernet( 1525): got request NetworkRequest [ REQUEST id=48, [ Capabilities: INTERNET&NOT_RESTRICTED&TRUSTED&NOT_VCN_MANAGED Uid: 1000 RequestorUid: 1000 RequestorPkg: com.android.settings] ]
12-01 03:57:56.461 D/EthernetNetworkFactory( 1525): acceptRequest, request: NetworkRequest [ REQUEST id=48, [ Capabilities: INTERNET&NOT_RESTRICTED&TRUSTED&NOT_VCN_MANAGED Uid: 1000 RequestorUid: 1000 RequestorPkg: com.android.settings] ]
12-01 03:57:56.461 I/EthernetNetworkFactory( 1525): networkForRequest, request: NetworkRequest [ REQUEST id=48, [ Capabilities: INTERNET&NOT_RESTRICTED&TRUSTED&NOT_VCN_MANAGED Uid: 1000 RequestorUid: 1000 RequestorPkg: com.android.settings] ], network: null
12-01 03:57:56.462 D/WifiNetworkFactory( 1525): got request NetworkRequest [ REQUEST id=48, [ Capabilities: INTERNET&NOT_RESTRICTED&TRUSTED&NOT_VCN_MANAGED Uid: 1000 RequestorUid: 1000 RequestorPkg: com.android.settings] ]
12-01 03:57:56.462 D/UntrustedWifiNetworkFactory( 1525): got request NetworkRequest [ REQUEST id=48, [ Capabilities: INTERNET&NOT_RESTRICTED&TRUSTED&NOT_VCN_MANAGED Uid: 1000 RequestorUid: 1000 RequestorPkg: com.android.settings] ]
12-01 03:57:56.462 D/OemPaidWifiNetworkFactory( 1525): got request NetworkRequest [ REQUEST id=48, [ Capabilities: INTERNET&NOT_RESTRICTED&TRUSTED&NOT_VCN_MANAGED Uid: 1000 RequestorUid: 1000 RequestorPkg: com.android.settings] ]
12-01 03:57:56.462 I/TetheringManager( 2926): registerTetheringEventCallback caller:com.android.settings
12-01 03:57:56.471 D/ConnectivityService( 1525): requestNetwork for uid/pid:1000/2926 activeRequest: null callbackRequest: 50 [NetworkRequest [ REQUEST id=51, [ Capabilities: INTERNET&NOT_RESTRICTED&TRUSTED&NOT_VCN_MANAGED Uid: 1000 RequestorUid: 1000 RequestorPkg: com.android.settings] ]] callback flags: 1 priority: 2147483647
12-01 03:57:56.472 D/ConnectivityService( 1525): NetReassign [no changes]
12-01 03:57:56.473 D/BluetoothPan( 2926): Binding service...
12-01 03:57:56.473 D/ConnectivityService( 1525): NetReassign [no changes]
12-01 03:57:56.474 D/Ethernet( 1525): got request NetworkRequest [ REQUEST id=51, [ Capabilities: INTERNET&NOT_RESTRICTED&TRUSTED&NOT_VCN_MANAGED Uid: 1000 RequestorUid: 1000 RequestorPkg: com.android.settings] ]
12-01 03:57:56.474 D/EthernetNetworkFactory( 1525): acceptRequest, request: NetworkRequest [ REQUEST id=51, [ Capabilities: INTERNET&NOT_RESTRICTED&TRUSTED&NOT_VCN_MANAGED Uid: 1000 RequestorUid: 1000 RequestorPkg: com.android.settings] ]
12-01 03:57:56.474 I/EthernetNetworkFactory( 1525): networkForRequest, request: NetworkRequest [ REQUEST id=51, [ Capabilities: INTERNET&NOT_RESTRICTED&TRUSTED&NOT_VCN_MANAGED Uid: 1000 RequestorUid: 1000 RequestorPkg: com.android.settings] ], network: null
12-01 03:57:56.475 D/WifiNetworkFactory( 1525): got request NetworkRequest [ REQUEST id=51, [ Capabilities: INTERNET&NOT_RESTRICTED&TRUSTED&NOT_VCN_MANAGED Uid: 1000 RequestorUid: 1000 RequestorPkg: com.android.settings] ]
12-01 03:57:56.475 D/UntrustedWifiNetworkFactory( 1525): got request NetworkRequest [ REQUEST id=51, [ Capabilities: INTERNET&NOT_RESTRICTED&TRUSTED&NOT_VCN_MANAGED Uid: 1000 RequestorUid: 1000 RequestorPkg: com.android.settings] ]
12-01 03:57:56.475 D/OemPaidWifiNetworkFactory( 1525): got request NetworkRequest [ REQUEST id=51, [ Capabilities: INTERNET&NOT_RESTRICTED&TRUSTED&NOT_VCN_MANAGED Uid: 1000 RequestorUid: 1000 RequestorPkg: com.android.settings] ]
12-01 03:57:56.475 I/sysui_multi_action( 2926): [757,746,758,1,833,0,1089,70]
12-01 03:57:56.476 D/ConnectivityService( 1525): NetReassign [no changes]
12-01 03:57:56.476 D/SubscriptionsChangeListener( 2926): Start
12-01 03:57:56.476 D/TelephonyRegistry( 1525): listen oscl: mHasNotifySubscriptionInfoChangedOccurred==false no callback
12-01 03:57:56.477 D/MobileNetworkSummaryStatus( 2926): network summary query
12-01 03:57:56.479 E/TelephonyManager( 2926): Error in getUiccCardsInfo: unable to connect to Telephony service.
12-01 03:57:56.479 W/MobileNetworkUtils( 2926): EuiccManager is not enabled.
12-01 03:57:56.479 W/SelectableSubscriptions( 2926): Fail to request subIdList
12-01 03:57:56.479 W/SelectableSubscriptions( 2926): java.lang.NullPointerException: Attempt to invoke interface method 'int java.util.List.size()' on a null object reference
12-01 03:57:56.479 W/SelectableSubscriptions( 2926): at com.android.settings.network.helper.SelectableSubscriptions.call(SelectableSubscriptions.java:128)
12-01 03:57:56.479 W/SelectableSubscriptions( 2926): at com.android.settings.network.MobileNetworkSummaryStatus.getSubscriptions(MobileNetworkSummaryStatus.java:158)
12-01 03:57:56.479 W/SelectableSubscriptions( 2926): at com.android.settings.network.MobileNetworkSummaryStatus.update(MobileNetworkSummaryStatus.java:88)
12-01 03:57:56.479 W/SelectableSubscriptions( 2926): at com.android.settings.network.MobileNetworkSummaryController.update(MobileNetworkSummaryController.java:170)
12-01 03:57:56.479 W/SelectableSubscriptions( 2926): at com.android.settings.network.MobileNetworkSummaryController.onResume(MobileNetworkSummaryController.java:95)
12-01 03:57:56.479 W/SelectableSubscriptions( 2926): at java.lang.reflect.Method.invoke(Native Method)
12-01 03:57:56.479 W/SelectableSubscriptions( 2926): at androidx.lifecycle.ClassesInfoCache$MethodReference.invokeCallback(ClassesInfoCache.java:216)
12-01 03:57:56.479 W/SelectableSubscriptions( 2926): at androidx.lifecycle.ClassesInfoCache$CallbackInfo.invokeMethodsForEvent(ClassesInfoCache.java:194)
12-01 03:57:56.479 W/SelectableSubscriptions( 2926): at androidx.lifecycle.ClassesInfoCache$CallbackInfo.invokeCallbacks(ClassesInfoCache.java:185)
12-01 03:57:56.479 W/SelectableSubscriptions( 2926): at androidx.lifecycle.ReflectiveGenericLifecycleObserver.onStateChanged(ReflectiveGenericLifecycleObserver.java:37)
12-01 03:57:56.479 W/SelectableSubscriptions( 2926): at androidx.lifecycle.LifecycleRegistry$ObserverWithState.dispatchEvent(LifecycleRegistry.java:354)
12-01 03:57:56.479 W/SelectableSubscriptions( 2926): at androidx.lifecycle.LifecycleRegistry.forwardPass(LifecycleRegistry.java:265)
12-01 03:57:56.479 W/SelectableSubscriptions( 2926): at androidx.lifecycle.LifecycleRegistry.sync(LifecycleRegistry.java:307)
12-01 03:57:56.479 W/SelectableSubscriptions( 2926): at androidx.lifecycle.LifecycleRegistry.moveToState(LifecycleRegistry.java:148)
12-01 03:57:56.479 W/SelectableSubscriptions( 2926): at androidx.lifecycle.LifecycleRegistry.handleLifecycleEvent(LifecycleRegistry.java:134)
12-01 03:57:56.479 W/SelectableSubscriptions( 2926): at com.android.settingslib.core.lifecycle.ObservablePreferenceFragment.onResume(ObservablePreferenceFragment.java:87)
12-01 03:57:56.479 W/SelectableSubscriptions( 2926): at com.android.settings.core.InstrumentedPreferenceFragment.onResume(InstrumentedPreferenceFragment.java:77)
12-01 03:57:56.479 W/SelectableSubscriptions( 2926): at com.android.settings.SettingsPreferenceFragment.onResume(SettingsPreferenceFragment.java:198)
12-01 03:57:56.479 W/SelectableSubscriptions( 2926): at com.android.settings.dashboard.DashboardFragment.onResume(DashboardFragment.java:219)
12-01 03:57:56.479 W/SelectableSubscriptions( 2926): at androidx.fragment.app.Fragment.performResume(Fragment.java:3029)
12-01 03:57:56.479 W/SelectableSubscriptions( 2926): at androidx.fragment.app.FragmentStateManager.resume(FragmentStateManager.java:583)
12-01 03:57:56.479 W/SelectableSubscriptions( 2926): at androidx.fragment.app.FragmentStateManager.moveToExpectedState(FragmentStateManager.java:282)
12-01 03:57:56.479 W/SelectableSubscriptions( 2926): at androidx.fragment.app.SpecialEffectsController$FragmentStateManagerOperation.complete(SpecialEffectsController.java:742)
12-01 03:57:56.479 W/SelectableSubscriptions( 2926): at androidx.fragment.app.SpecialEffectsController$Operation.completeSpecialEffect(SpecialEffectsController.java:669)
12-01 03:57:56.479 W/SelectableSubscriptions( 2926): at androidx.fragment.app.DefaultSpecialEffectsController$SpecialEffectsInfo.completeSpecialEffect(DefaultSpecialEffectsController.java:755)
12-01 03:57:56.479 W/SelectableSubscriptions( 2926): at androidx.fragment.app.DefaultSpecialEffectsController.startAnimations(DefaultSpecialEffectsController.java:147)
12-01 03:57:56.479 W/SelectableSubscriptions( 2926): at androidx.fragment.app.DefaultSpecialEffectsController.executeOperations(DefaultSpecialEffectsController.java:120)
12-01 03:57:56.479 W/SelectableSubscriptions( 2926): at androidx.fragment.app.SpecialEffectsController.executePendingOperations(SpecialEffectsController.java:294)
12-01 03:57:56.479 W/SelectableSubscriptions( 2926): at androidx.fragment.app.FragmentManager.executeOpsTogether(FragmentManager.java:2222)
12-01 03:57:56.479 W/SelectableSubscriptions( 2926): at androidx.fragment.app.FragmentManager.removeRedundantOperationsAndExecute(FragmentManager.java:2120)
12-01 03:57:56.479 W/SelectableSubscriptions( 2926): at androidx.fragment.app.FragmentManager.execPendingActions(FragmentManager.java:2022)
12-01 03:57:56.479 W/SelectableSubscriptions( 2926): at androidx.fragment.app.FragmentManager.executePendingTransactions(FragmentManager.java:603)
12-01 03:57:56.479 W/SelectableSubscriptions( 2926): at com.android.settings.homepage.SettingsHomepageActivity.addFragment(SettingsHomepageActivity.java:452)
12-01 03:57:56.479 W/SelectableSubscriptions( 2926): at com.android.settings.homepage.SettingsHomepageActivity.lambda$changeSettingsDetailsFragment$4(SettingsHomepageActivity.java:428)
12-01 03:57:56.479 W/SelectableSubscriptions( 2926): at com.android.settings.homepage.SettingsHomepageActivity.$r8$lambda$CqOfnAceDxvOR2buhHdxOyMQieE(Unknown Source:0)
12-01 03:57:56.479 W/SelectableSubscriptions( 2926): at com.android.settings.homepage.SettingsHomepageActivity$$ExternalSyntheticLambda3.run(Unknown Source:10)
12-01 03:57:56.479 W/SelectableSubscriptions( 2926): at android.os.Handler.handleCallback(Handler.java:938)
12-01 03:57:56.479 W/SelectableSubscriptions( 2926): at android.os.Handler.dispatchMessage(Handler.java:99)
12-01 03:57:56.479 W/SelectableSubscriptions( 2926): at android.os.Looper.loopOnce(Looper.java:201)
12-01 03:57:56.479 W/SelectableSubscriptions( 2926): at android.os.Looper.loop(Looper.java:288)
12-01 03:57:56.479 W/SelectableSubscriptions( 2926): at android.app.ActivityThread.main(ActivityThread.java:7880)
12-01 03:57:56.479 W/SelectableSubscriptions( 2926): at java.lang.reflect.Method.invoke(Native Method)
12-01 03:57:56.479 W/SelectableSubscriptions( 2926): at com.android.internal.os.RuntimeInit$MethodAndArgsCaller.run(RuntimeInit.java:548)
12-01 03:57:56.479 W/SelectableSubscriptions( 2926): at com.android.internal.os.ZygoteInit.main(ZygoteInit.java:1009)
12-01 03:57:56.479 D/MobileNetworkSummaryStatus( 2926): network summary query ignored
12-01 03:57:56.479 D/SubscriptionsChangeListener( 2926): Start
12-01 03:57:56.480 D/TelephonyRegistry( 1525): listen oscl: mHasNotifySubscriptionInfoChangedOccurred==false no callback
12-01 03:57:56.488 W/ScanResultUtil( 1525): Empty or null ScanResult list
12-01 03:57:56.488 W/WifiService( 1525): Attempt to retrieve WifiConfiguration with invalid scanResult List
12-01 03:57:56.488 W/ScanResultUtil( 1525): Empty or null ScanResult list
12-01 03:57:56.488 D/ConnectivityService( 1525): NetReassign [no changes]
12-01 03:57:56.488 E/WifiService( 1525): Attempt to retrieve passpoint with invalid scanResult List
12-01 03:57:56.489 W/ScanResultUtil( 1525): Empty or null ScanResult list
12-01 03:57:56.489 W/WifiService( 1525): Attempt to retrieve OsuProviders with invalid scanResult List
12-01 03:57:56.493 I/WifiService( 1525): startScan uid=1000
12-01 03:57:56.493 I/sysui_multi_action( 2926): [757,1729,758,4,854,isParalleledControllers:false,1089,88]
12-01 03:57:56.504 D/LOWI-9.0.0.87.a( 1373): [LOWI-Scan] wait_event:Wait done with Cmd 33
12-01 03:57:56.504 D/LOWI-9.0.0.87.a( 1373): [LOWI-Scan] do_listen_events: Rcvd valid Netlink Cmd 0 Err 0
12-01 03:57:56.507 W/ScanResultUtil( 1525): Empty or null ScanResult list
12-01 03:57:56.507 W/WifiService( 1525): Attempt to retrieve WifiConfiguration with invalid scanResult List
12-01 03:57:56.507 W/ScanResultUtil( 1525): Empty or null ScanResult list
12-01 03:57:56.507 E/WifiService( 1525): Attempt to retrieve passpoint with invalid scanResult List
12-01 03:57:56.507 W/ScanResultUtil( 1525): Empty or null ScanResult list
12-01 03:57:56.507 W/WifiService( 1525): Attempt to retrieve OsuProviders with invalid scanResult List
12-01 03:57:56.529 D/BluetoothPan( 2926): Proxy object connected
12-01 03:57:56.532 D/BluetoothPan( 2926): Proxy object connected
12-01 03:57:56.925 W/hpplay-java( 3306): [main]:IPManager:getActiveNets invalid networkInfo:null
12-01 03:57:56.925 I/hpplay-java( 3306): [main]:IPManager:getActiveNets eth0:false wifi:false mobile:false ap:false
12-01 03:57:56.925 I/hpplay-java( 3306): [main]:ServerTaskManager:get local ip:null
12-01 03:57:57.071 I/mpu_uart( 646): [MSG-P:RECV]:No message received in 1000 ms
12-01 03:57:57.721 I/OpenGLRenderer( 2926): Davey! duration=9223371739079ms; Flags=0, FrameTimelineVsyncId=13001, IntendedVsync=297775584141, Vsync=297775584141, InputEventId=683425549, HandleInputStart=297775973634, AnimationStart=297776073686, PerformTraversalsStart=297776075665, DrawStart=297776362071, FrameDeadline=297792250807, FrameInterval=297775970457, FrameStartTime=16666666, SyncQueued=297780485144, SyncStart=297780581967, IssueDrawCommandsStart=297781557644, SwapBuffers=297785752123, FrameCompleted=9223372036854775807, DequeueBufferDuration=55521, QueueBufferDuration=1190938, GpuCompleted=9223372036854775807, SwapBuffersCompleted=297787448530, DisplayPresentTime=0,
12-01 03:57:57.729 I/DashboardFragment( 2926): onPreferenceTreeClick: onPreferenceTreeClick::com.android.settings.wifi.WifiSettings
12-01 03:57:57.729 I/sysui_multi_action( 2926): [757,830,758,4,833,0,854,main_toggle_wifi,1089,0]
12-01 03:57:57.730 W/PreferenceFragment( 2926): onPreferenceStartFragment is not implemented in the parent activity - attempting to use a fallback implementation. You should implement this method so that you can configure the new fragment that will be displayed, and set a transition between the fragments.
12-01 03:57:57.736 D/LOWI-9.0.0.87.a( 1373): [LOWI-Scan] wait_event:Wait done with Cmd 34
12-01 03:57:57.737 D/LOWI-9.0.0.87.a( 1373): [LOWI-Scan] do_listen_events: Rcvd valid Netlink Cmd 34 Err 0
12-01 03:57:57.738 D/LOWI-9.0.0.87.a( 1373): [LOWI-Scan]
12-01 03:57:57.738 D/LOWI-9.0.0.87.a( 1373): [LOWI-Scan] print_bss_handler: Report Probe TSF 273706796 as it greater than Beacon TSF 273669091
12-01 03:57:57.738 D/LOWI-9.0.0.87.a( 1373): [LOWI-Scan] is_qcom_ie, bss_age: 0
12-01 03:57:57.738 D/LOWI-9.0.0.87.a( 1373): [LOWI-Scan] adjust_age:AP AGE upper limit reached. Dont store
12-01 03:57:57.738 D/LOWI-9.0.0.87.a( 1373): [LOWI-Scan] BSS 18:6f:2d:81:16:e1 LOWI_PHY_MODE_11NG_HT20(5), Beacon Interval: 100, LOWI_ENCRYPTION_TYPE_OPEN 11mcRanging: No, ANQP: No, LCI: No, Civic: No, capability(0x0521): ESS ShortPreamble SpectrumMgmt ShortSlotTime
12-01 03:57:57.738 D/LOWI-9.0.0.87.a( 1373): [LOWI-Scan] BSS 18:6f:2d:81:16:e1 FREQ: 2412, cFreq1[40:80:160] = [2412:0:0] cFreq2 = 0 Country Code = CN
12-01 03:57:57.738 D/LOWI-9.0.0.87.a( 1373): [LOWI-Scan] BSS 18:6f:2d:81:16:e1 (wlan0) ASSO: NO AddInfo: 0x0, TSF 0, 00:04:33.706, RSSI: -122, CPL: 127, AGE: 24108, SSID Guest, TSFDelta: 0xfe7c5b41, TXRate: 0
12-01 03:57:57.738 D/LOWI-9.0.0.87.a( 1373): [LOWI-Scan]
12-01 03:57:57.738 D/LOWI-9.0.0.87.a( 1373): [LOWI-Scan] print_bss_handler: Report Probe TSF 273727505 as it greater than Beacon TSF 273679303
12-01 03:57:57.738 D/LOWI-9.0.0.87.a( 1373): [LOWI-Scan] decode_rsn_wpa_ie: LOWI_ENCRYPTION_TYPE_WPA_PSK
12-01 03:57:57.738 D/LOWI-9.0.0.87.a( 1373): [LOWI-Scan] is_qcom_ie, bss_age: 0
12-01 03:57:57.738 D/LOWI-9.0.0.87.a( 1373): [LOWI-Scan] adjust_age:AP AGE upper limit reached. Dont store
12-01 03:57:57.738 D/LOWI-9.0.0.87.a( 1373): [LOWI-Scan] BSS 18:6f:2d:81:16:e2 LOWI_PHY_MODE_11NG_HT20(5), Beacon Interval: 100, LOWI_ENCRYPTION_TYPE_WPA_PSK 11mcRanging: No, ANQP: No, LCI: No, Civic: No, capability(0x0531): ESS Privacy ShortPreamble SpectrumMgmt ShortSlotTime
12-01 03:57:57.738 D/LOWI-9.0.0.87.a( 1373): [LOWI-Scan] BSS 18:6f:2d:81:16:e2 FREQ: 2412, cFreq1[40:80:160] = [2412:0:0] cFreq2 = 0 Country Code = CN
12-01 03:57:57.738 D/LOWI-9.0.0.87.a( 1373): [LOWI-Scan] BSS 18:6f:2d:81:16:e2 (wlan0) ASSO: NO AddInfo: 0x0, TSF 0, 00:04:33.727, RSSI: -122, CPL: 127, AGE: 24088, SSID ThunderSoft_2.4G, TSFDelta: 0xfe97ecff, TXRate: 0
12-01 03:57:57.738 D/LOWI-9.0.0.87.a( 1373): [LOWI-Scan]
12-01 03:57:57.738 D/LOWI-9.0.0.87.a( 1373): [LOWI-Scan] print_bss_handler: Report beacon TSF 273690515 as it greater than probe TSF 273690515
12-01 03:57:57.738 D/LOWI-9.0.0.87.a( 1373): [LOWI-Scan] decode_rsn_wpa_ie: LOWI_ENCRYPTION_TYPE_WPA_PSK
12-01 03:57:57.738 D/LOWI-9.0.0.87.a( 1373): [LOWI-Scan] is_qcom_ie, bss_age: 0
12-01 03:57:57.738 D/LOWI-9.0.0.87.a( 1373): [LOWI-Scan] adjust_age:AP AGE upper limit reached. Dont store
12-01 03:57:57.738 D/LOWI-9.0.0.87.a( 1373): [LOWI-Scan] BSS 18:6f:2d:81:16:e4 LOWI_PHY_MODE_11NG_HT20(5), Beacon Interval: 100, LOWI_ENCRYPTION_TYPE_WPA_PSK 11mcRanging: No, ANQP: No, LCI: No, Civic: No, capability(0x0531): ESS Privacy ShortPreamble SpectrumMgmt ShortSlotTime
12-01 03:57:57.738 D/LOWI-9.0.0.87.a( 1373): [LOWI-Scan] BSS 18:6f:2d:81:16:e4 FREQ: 2412, cFreq1[40:80:160] = [2412:0:0] cFreq2 = 0 Country Code = CN
12-01 03:57:57.738 D/LOWI-9.0.0.87.a( 1373): [LOWI-Scan] BSS 18:6f:2d:81:16:e4 (wlan0) ASSO: NO AddInfo: 0x1, TSF 0, 00:04:33.690, RSSI: -112, CPL: 127, AGE: 24124, SSID Fanya, TSFDelta: 0xfe011b5c, TXRate: 0
12-01 03:57:57.739 D/LOWI-9.0.0.87.a( 1373): [LOWI-Scan]
12-01 03:57:57.739 D/LOWI-9.0.0.87.a( 1373): [LOWI-Scan] print_bss_handler: Report Probe TSF 273667200 as it greater than Beacon TSF 63668410
12-01 03:57:57.739 D/LOWI-9.0.0.87.a( 1373): [LOWI-Scan] decode_rsn_wpa_ie: LOWI_ENCRYPTION_TYPE_WPA_PSK
12-01 03:57:57.739 D/LOWI-9.0.0.87.a( 1373): [LOWI-Scan] is_qcom_ie, bss_age: 0
12-01 03:57:57.739 D/LOWI-9.0.0.87.a( 1373): [LOWI-Scan] adjust_age:AP AGE upper limit reached. Dont store
12-01 03:57:57.739 D/LOWI-9.0.0.87.a( 1373): [LOWI-Scan] BSS 58:41:20:1d:fe:89 LOWI_PHY_MODE_11AC_VHT80(10), Beacon Interval: 100, LOWI_ENCRYPTION_TYPE_WPA_PSK 11mcRanging: No, ANQP: No, LCI: No, Civic: No, capability(0x1011): ESS Privacy
12-01 03:57:57.739 D/LOWI-9.0.0.87.a( 1373): [LOWI-Scan] BSS 58:41:20:1d:fe:89 FREQ: 5180, cFreq1[40:80:160] = [5190:5210:0] cFreq2 = 0 Country Code = CN
12-01 03:57:57.739 D/LOWI-9.0.0.87.a( 1373): [LOWI-Scan] BSS 58:41:20:1d:fe:89 (wlan0) ASSO: NO AddInfo: 0x0, TSF 0, 00:04:33.667, RSSI: -154, CPL: 127, AGE: 24148, SSID TP-LINK_5G_FE87, TSFDelta: 0xed14dd63, TXRate: 0
12-01 03:57:57.739 D/LOWI-9.0.0.87.a( 1373): [LOWI-Scan]
12-01 03:57:57.739 D/LOWI-9.0.0.87.a( 1373): [LOWI-Scan] print_bss_handler: Report beacon TSF 296717166 as it greater than probe TSF 273705317
12-01 03:57:57.739 D/LOWI-9.0.0.87.a( 1373): [LOWI-Scan] decode_rsn_wpa_ie: LOWI_ENCRYPTION_TYPE_WPA_PSK
12-01 03:57:57.739 D/LOWI-9.0.0.87.a( 1373): [LOWI-Scan] is_qcom_ie, bss_age: 0
12-01 03:57:57.739 D/LOWI-9.0.0.87.a( 1373): [LOWI-Scan] BSS 18:6f:2d:81:16:e0 LOWI_PHY_MODE_11NG_HT20(5), Beacon Interval: 100, LOWI_ENCRYPTION_TYPE_WPA_PSK 11mcRanging: No, ANQP: No, LCI: No, Civic: No, capability(0x0531): ESS Privacy ShortPreamble SpectrumMgmt ShortSlotTime
12-01 03:57:57.739 D/LOWI-9.0.0.87.a( 1373): [LOWI-Scan] BSS 18:6f:2d:81:16:e0 FREQ: 2412, cFreq1[40:80:160] = [2412:0:0] cFreq2 = 0 Country Code = CN
12-01 03:57:57.739 D/LOWI-9.0.0.87.a( 1373): [LOWI-Scan] BSS 18:6f:2d:81:16:e0 (wlan0) ASSO: NO AddInfo: 0x1, TSF 0, 00:04:56.717, RSSI: -122, CPL: 127, AGE: 1096, SSID Testing , TSFDelta: 0xfe6e5584, TXRate: 0
12-01 03:57:57.739 D/LOWI-9.0.0.87.a( 1373): [LOWI-Scan]
12-01 03:57:57.739 D/LOWI-9.0.0.87.a( 1373): [LOWI-Scan] print_bss_handler: Report beacon TSF 296780495 as it greater than probe TSF 296767684
12-01 03:57:57.739 D/LOWI-9.0.0.87.a( 1373): [LOWI-Scan] decode_rsn_wpa_ie: LOWI_ENCRYPTION_TYPE_WPA_PSK
12-01 03:57:57.739 D/LOWI-9.0.0.87.a( 1373): [LOWI-Scan] is_qcom_ie, bss_age: 0
12-01 03:57:57.739 D/LOWI-9.0.0.87.a( 1373): [LOWI-Scan] BSS 5c:02:14:f9:4f:d3 LOWI_PHY_MODE_11AC_VHT80(10), Beacon Interval: 100, LOWI_ENCRYPTION_TYPE_WPA_PSK 11mcRanging: No, ANQP: Yes, LCI: No, Civic: No, capability(0x1931): ESS Privacy ShortPreamble SpectrumMgmt APSD
12-01 03:57:57.739 D/LOWI-9.0.0.87.a( 1373): [LOWI-Scan] BSS 5c:02:14:f9:4f:d3 FREQ: 5220, cFreq1[40:80:160] = [5230:5210:0] cFreq2 = 0 Country Code = CN
12-01 03:57:57.739 D/LOWI-9.0.0.87.a( 1373): [LOWI-Scan] BSS 5c:02:14:f9:4f:d3 (wlan0) ASSO: NO AddInfo: 0x1, TSF 0, 00:04:56.780, RSSI: -100, CPL: 127, AGE: 1032, SSID ThunderSoft_XTS_5G, TSFDelta: 0x38a1c501, TXRate: 0
12-01 03:57:57.739 D/LOWI-9.0.0.87.a( 1373): [LOWI-Scan]
12-01 03:57:57.739 D/LOWI-9.0.0.87.a( 1373): [LOWI-Scan] print_bss_handler: Report Probe TSF 296847191 as it greater than Beacon TSF 273850849
12-01 03:57:57.739 D/LOWI-9.0.0.87.a( 1373): [LOWI-Scan] decode_rsn_wpa_ie: LOWI_ENCRYPTION_TYPE_WPA_PSK
12-01 03:57:57.739 D/LOWI-9.0.0.87.a( 1373): [LOWI-Scan] is_qcom_ie, bss_age: 0
12-01 03:57:57.739 D/LOWI-9.0.0.87.a( 1373): [LOWI-Scan] BSS 7c:b5:9b:12:ab:30 LOWI_PHY_MODE_11AC_VHT80(10), Beacon Interval: 100, LOWI_ENCRYPTION_TYPE_WPA_PSK 11mcRanging: No, ANQP: No, LCI: No, Civic: No, capability(0x1011): ESS Privacy
12-01 03:57:57.739 D/LOWI-9.0.0.87.a( 1373): [LOWI-Scan] BSS 7c:b5:9b:12:ab:30 FREQ: 5745, cFreq1[40:80:160] = [5755:5775:0] cFreq2 = 0 Country Code = CN
12-01 03:57:57.739 D/LOWI-9.0.0.87.a( 1373): [LOWI-Scan] BSS 7c:b5:9b:12:ab:30 (wlan0) ASSO: NO AddInfo: 0x0, TSF 0, 00:04:56.847, RSSI: -154, CPL: 127, AGE: 968, SSID TP-LINK_AB2E, TSFDelta: 0xa99fffbd, TXRate: 0
12-01 03:57:57.739 D/LOWI-9.0.0.87.a( 1373): [LOWI-Scan]
12-01 03:57:57.739 D/LOWI-9.0.0.87.a( 1373): [LOWI-Scan] print_bss_handler: Report Probe TSF 296864932 as it greater than Beacon TSF 273851350
12-01 03:57:57.739 D/LOWI-9.0.0.87.a( 1373): [LOWI-Scan] decode_rsn_wpa_ie: LOWI_ENCRYPTION_TYPE_WPA_PSK
12-01 03:57:57.739 D/LOWI-9.0.0.87.a( 1373): [LOWI-Scan] is_qcom_ie, bss_age: 0
12-01 03:57:57.739 D/LOWI-9.0.0.87.a( 1373): [LOWI-Scan] BSS 2c:4d:54:b8:af:f4 LOWI_PHY_MODE_11AC_VHT80(10), Beacon Interval: 100, LOWI_ENCRYPTION_TYPE_WPA_PSK 11mcRanging: No, ANQP: No, LCI: No, Civic: No, capability(0x0831): ESS Privacy ShortPreamble APSD
12-01 03:57:57.739 D/LOWI-9.0.0.87.a( 1373): [LOWI-Scan] BSS 2c:4d:54:b8:af:f4 FREQ: 5745, cFreq1[40:80:160] = [5755:5775:0] cFreq2 = 0 Country Code = CN
12-01 03:57:57.739 D/LOWI-9.0.0.87.a( 1373): [LOWI-Scan] BSS 2c:4d:54:b8:af:f4 (wlan0) ASSO: NO AddInfo: 0x0, TSF 0, 00:04:56.864, RSSI: -168, CPL: 127, AGE: 948, SSID CTS_5G, TSFDelta: 0xb735b0fb, TXRate: 0
12-01 03:57:57.739 D/LOWI-9.0.0.87.a( 1373): [LOWI-Scan]
12-01 03:57:57.739 D/LOWI-9.0.0.87.a( 1373): [LOWI-Scan] print_bss_handler: Report Probe TSF 296961945 as it greater than Beacon TSF 273944071
12-01 03:57:57.739 D/LOWI-9.0.0.87.a( 1373): [LOWI-Scan] decode_rsn_wpa_ie: LOWI_ENCRYPTION_TYPE_WPA_PSK
12-01 03:57:57.739 D/LOWI-9.0.0.87.a( 1373): [LOWI-Scan] is_qcom_ie, bss_age: 0
12-01 03:57:57.739 D/LOWI-9.0.0.87.a( 1373): [LOWI-Scan] BSS 18:6f:2d:0a:b8:40 LOWI_PHY_MODE_11NG_HT20(5), Beacon Interval: 100, LOWI_ENCRYPTION_TYPE_WPA_PSK 11mcRanging: No, ANQP: No, LCI: No, Civic: No, capability(0x0531): ESS Privacy ShortPreamble SpectrumMgmt ShortSlotTime
12-01 03:57:57.739 D/LOWI-9.0.0.87.a( 1373): [LOWI-Scan] BSS 18:6f:2d:0a:b8:40 FREQ: 2427, cFreq1[40:80:160] = [2427:0:0] cFreq2 = 0 Country Code = CN
12-01 03:57:57.739 D/LOWI-9.0.0.87.a( 1373): [LOWI-Scan] BSS 18:6f:2d:0a:b8:40 (wlan0) ASSO: NO AddInfo: 0x0, TSF 0, 00:04:56.961, RSSI: -116, CPL: 127, AGE: 852, SSID Testing , TSFDelta: 0xee37ac5, TXRate: 0
12-01 03:57:57.740 D/LOWI-9.0.0.87.a( 1373): [LOWI-Scan]
12-01 03:57:57.740 D/LOWI-9.0.0.87.a( 1373): [LOWI-Scan] print_bss_handler: Report beacon TSF 297004207 as it greater than probe TSF 296964919
12-01 03:57:57.740 D/LOWI-9.0.0.87.a( 1373): [LOWI-Scan] is_qcom_ie, bss_age: 0
12-01 03:57:57.740 D/LOWI-9.0.0.87.a( 1373): [LOWI-Scan] BSS 18:6f:2d:0a:b8:41 LOWI_PHY_MODE_11NG_HT20(5), Beacon Interval: 100, LOWI_ENCRYPTION_TYPE_OPEN 11mcRanging: No, ANQP: No, LCI: No, Civic: No, capability(0x0521): ESS ShortPreamble SpectrumMgmt ShortSlotTime
12-01 03:57:57.740 D/LOWI-9.0.0.87.a( 1373): [LOWI-Scan] BSS 18:6f:2d:0a:b8:41 FREQ: 2427, cFreq1[40:80:160] = [2427:0:0] cFreq2 = 0 Country Code = CN
12-01 03:57:57.740 D/LOWI-9.0.0.87.a( 1373): [LOWI-Scan] BSS 18:6f:2d:0a:b8:41 (wlan0) ASSO: NO AddInfo: 0x1, TSF 0, 00:04:57.004, RSSI: -114, CPL: 127, AGE: 808, SSID Guest, TSFDelta: 0xefc7923, TXRate: 0
12-01 03:57:57.740 D/LOWI-9.0.0.87.a( 1373): [LOWI-Scan]
12-01 03:57:57.740 D/LOWI-9.0.0.87.a( 1373): [LOWI-Scan] print_bss_handler: Report Probe TSF 296965757 as it greater than Beacon TSF 273948098
12-01 03:57:57.740 D/LOWI-9.0.0.87.a( 1373): [LOWI-Scan] decode_rsn_wpa_ie: LOWI_ENCRYPTION_TYPE_WPA_PSK
12-01 03:57:57.740 D/LOWI-9.0.0.87.a( 1373): [LOWI-Scan] is_qcom_ie, bss_age: 0
12-01 03:57:57.740 D/LOWI-9.0.0.87.a( 1373): [LOWI-Scan] BSS 18:6f:2d:0a:b8:42 LOWI_PHY_MODE_11NG_HT20(5), Beacon Interval: 100, LOWI_ENCRYPTION_TYPE_WPA_PSK 11mcRanging: No, ANQP: No, LCI: No, Civic: No, capability(0x0531): ESS Privacy ShortPreamble SpectrumMgmt ShortSlotTime
12-01 03:57:57.740 D/LOWI-9.0.0.87.a( 1373): [LOWI-Scan] BSS 18:6f:2d:0a:b8:42 FREQ: 2427, cFreq1[40:80:160] = [2427:0:0] cFreq2 = 0 Country Code = CN
12-01 03:57:57.740 D/LOWI-9.0.0.87.a( 1373): [LOWI-Scan] BSS 18:6f:2d:0a:b8:42 (wlan0) ASSO: NO AddInfo: 0x0, TSF 0, 00:04:56.965, RSSI: -114, CPL: 127, AGE: 848, SSID ThunderSoft_2.4G, TSFDelta: 0xf026b22, TXRate: 0
12-01 03:57:57.740 D/LOWI-9.0.0.87.a( 1373): [LOWI-Scan]
12-01 03:57:57.740 D/LOWI-9.0.0.87.a( 1373): [LOWI-Scan] print_bss_handler: Report Probe TSF 296968237 as it greater than Beacon TSF 273948167
12-01 03:57:57.740 D/LOWI-9.0.0.87.a( 1373): [LOWI-Scan] decode_rsn_wpa_ie: LOWI_ENCRYPTION_TYPE_WPA_PSK
12-01 03:57:57.740 D/LOWI-9.0.0.87.a( 1373): [LOWI-Scan] is_qcom_ie, bss_age: 0
12-01 03:57:57.740 D/LOWI-9.0.0.87.a( 1373): [LOWI-Scan] BSS 18:6f:2d:0a:b8:43 LOWI_PHY_MODE_11NG_HT20(5), Beacon Interval: 100, LOWI_ENCRYPTION_TYPE_WPA_PSK 11mcRanging: No, ANQP: No, LCI: No, Civic: No, capability(0x0531): ESS Privacy ShortPreamble SpectrumMgmt ShortSlotTime
12-01 03:57:57.740 D/LOWI-9.0.0.87.a( 1373): [LOWI-Scan] BSS 18:6f:2d:0a:b8:43 FREQ: 2427, cFreq1[40:80:160] = [2427:0:0] cFreq2 = 0 Country Code = CN
12-01 03:57:57.740 D/LOWI-9.0.0.87.a( 1373): [LOWI-Scan] BSS 18:6f:2d:0a:b8:43 (wlan0) ASSO: NO AddInfo: 0x0, TSF 0, 00:04:56.968, RSSI: -114, CPL: 127, AGE: 844, SSID ZXHY, TSFDelta: 0xf14a05e, TXRate: 0
12-01 03:57:57.740 D/LOWI-9.0.0.87.a( 1373): [LOWI-Scan]
12-01 03:57:57.740 D/LOWI-9.0.0.87.a( 1373): [LOWI-Scan] print_bss_handler: Report Probe TSF 296986929 as it greater than Beacon TSF 133913681
12-01 03:57:57.740 D/LOWI-9.0.0.87.a( 1373): [LOWI-Scan] decode_rsn_wpa_ie: LOWI_ENCRYPTION_TYPE_WPA_PSK
12-01 03:57:57.740 D/LOWI-9.0.0.87.a( 1373): [LOWI-Scan] is_qcom_ie, bss_age: 0
12-01 03:57:57.740 D/LOWI-9.0.0.87.a( 1373): [LOWI-Scan] BSS 18:6f:2d:0a:b8:44 LOWI_PHY_MODE_11NG_HT20(5), Beacon Interval: 100, LOWI_ENCRYPTION_TYPE_WPA_PSK 11mcRanging: No, ANQP: No, LCI: No, Civic: No, capability(0x0531): ESS Privacy ShortPreamble SpectrumMgmt ShortSlotTime
12-01 03:57:57.740 D/LOWI-9.0.0.87.a( 1373): [LOWI-Scan] BSS 18:6f:2d:0a:b8:44 FREQ: 2427, cFreq1[40:80:160] = [2427:0:0] cFreq2 = 0 Country Code = CN
12-01 03:57:57.740 D/LOWI-9.0.0.87.a( 1373): [LOWI-Scan] BSS 18:6f:2d:0a:b8:44 (wlan0) ASSO: NO AddInfo: 0x0, TSF 0, 00:04:56.986, RSSI: -112, CPL: 127, AGE: 828, SSID Fanya, TSFDelta: 0xf235ed9, TXRate: 0
12-01 03:57:57.740 D/LOWI-9.0.0.87.a( 1373): [LOWI-Scan]
12-01 03:57:57.740 D/LOWI-9.0.0.87.a( 1373): [LOWI-Scan] print_bss_handler: Report beacon TSF 274044103 as it greater than probe TSF 67054249
12-01 03:57:57.740 D/LOWI-9.0.0.87.a( 1373): [LOWI-Scan] is_qcom_ie, bss_age: 0
12-01 03:57:57.740 D/LOWI-9.0.0.87.a( 1373): [LOWI-Scan] adjust_age:AP AGE upper limit reached. Dont store
12-01 03:57:57.740 D/LOWI-9.0.0.87.a( 1373): [LOWI-Scan] BSS 18:6f:2d:81:18:41 LOWI_PHY_MODE_11NG_HT20(5), Beacon Interval: 100, LOWI_ENCRYPTION_TYPE_OPEN 11mcRanging: No, ANQP: No, LCI: No, Civic: No, capability(0x0521): ESS ShortPreamble SpectrumMgmt ShortSlotTime
12-01 03:57:57.740 D/LOWI-9.0.0.87.a( 1373): [LOWI-Scan] BSS 18:6f:2d:81:18:41 FREQ: 2432, cFreq1[40:80:160] = [2432:0:0] cFreq2 = 0 Country Code = CN
12-01 03:57:57.740 D/LOWI-9.0.0.87.a( 1373): [LOWI-Scan] BSS 18:6f:2d:81:18:41 (wlan0) ASSO: NO AddInfo: 0x1, TSF 0, 00:04:34.044, RSSI: -138, CPL: 127, AGE: 23768, SSID Guest, TSFDelta: 0x190292ed, TXRate: 0
12-01 03:57:57.740 D/LOWI-9.0.0.87.a( 1373): [LOWI-Scan]
12-01 03:57:57.740 D/LOWI-9.0.0.87.a( 1373): [LOWI-Scan] print_bss_handler: Report Probe TSF 297164782 as it greater than Beacon TSF 67102195
12-01 03:57:57.740 D/LOWI-9.0.0.87.a( 1373): [LOWI-Scan] decode_rsn_wpa_ie: LOWI_ENCRYPTION_TYPE_WPA_PSK
12-01 03:57:57.740 D/LOWI-9.0.0.87.a( 1373): [LOWI-Scan] is_qcom_ie, bss_age: 0
12-01 03:57:57.740 D/LOWI-9.0.0.87.a( 1373): [LOWI-Scan] BSS 18:6f:2d:81:25:40 LOWI_PHY_MODE_11NG_HT20(5), Beacon Interval: 100, LOWI_ENCRYPTION_TYPE_WPA_PSK 11mcRanging: No, ANQP: No, LCI: No, Civic: No, capability(0x0531): ESS Privacy ShortPreamble SpectrumMgmt ShortSlotTime
12-01 03:57:57.740 D/LOWI-9.0.0.87.a( 1373): [LOWI-Scan] BSS 18:6f:2d:81:25:40 FREQ: 2437, cFreq1[40:80:160] = [2437:0:0] cFreq2 = 0 Country Code = CN
12-01 03:57:57.740 D/LOWI-9.0.0.87.a( 1373): [LOWI-Scan] BSS 18:6f:2d:81:25:40 (wlan0) ASSO: NO AddInfo: 0x0, TSF 0, 00:04:57.164, RSSI: -84, CPL: 127, AGE: 648, SSID Testing , TSFDelta: 0xc1c7055b, TXRate: 0
12-01 03:57:57.740 D/LOWI-9.0.0.87.a( 1373): [LOWI-Scan]
12-01 03:57:57.740 D/LOWI-9.0.0.87.a( 1373): [LOWI-Scan] print_bss_handler: Report Probe TSF 297166416 as it greater than Beacon TSF 134082773
12-01 03:57:57.741 D/LOWI-9.0.0.87.a( 1373): [LOWI-Scan] is_qcom_ie, bss_age: 0
12-01 03:57:57.741 D/LOWI-9.0.0.87.a( 1373): [LOWI-Scan] BSS 18:6f:2d:81:25:41 LOWI_PHY_MODE_11NG_HT20(5), Beacon Interval: 100, LOWI_ENCRYPTION_TYPE_OPEN 11mcRanging: No, ANQP: No, LCI: No, Civic: No, capability(0x0521): ESS ShortPreamble SpectrumMgmt ShortSlotTime
12-01 03:57:57.741 D/LOWI-9.0.0.87.a( 1373): [LOWI-Scan] BSS 18:6f:2d:81:25:41 FREQ: 2437, cFreq1[40:80:160] = [2437:0:0] cFreq2 = 0 Country Code = CN
12-01 03:57:57.741 D/LOWI-9.0.0.87.a( 1373): [LOWI-Scan] BSS 18:6f:2d:81:25:41 (wlan0) ASSO: NO AddInfo: 0x0, TSF 0, 00:04:57.166, RSSI: -86, CPL: 127, AGE: 648, SSID Guest, TSFDelta: 0xc1d55e58, TXRate: 0
12-01 03:57:57.741 D/LOWI-9.0.0.87.a( 1373): [LOWI-Scan]
12-01 03:57:57.741 D/LOWI-9.0.0.87.a( 1373): [LOWI-Scan] print_bss_handler: Report Probe TSF 297179228 as it greater than Beacon TSF 297102408
12-01 03:57:57.741 D/LOWI-9.0.0.87.a( 1373): [LOWI-Scan] decode_rsn_wpa_ie: LOWI_ENCRYPTION_TYPE_WPA_PSK
12-01 03:57:57.741 D/LOWI-9.0.0.87.a( 1373): [LOWI-Scan] is_qcom_ie, bss_age: 0
12-01 03:57:57.741 D/LOWI-9.0.0.87.a( 1373): [LOWI-Scan] BSS 18:6f:2d:81:25:42 LOWI_PHY_MODE_11NG_HT20(5), Beacon Interval: 100, LOWI_ENCRYPTION_TYPE_WPA_PSK 11mcRanging: No, ANQP: No, LCI: No, Civic: No, capability(0x0531): ESS Privacy ShortPreamble SpectrumMgmt ShortSlotTime
12-01 03:57:57.741 D/LOWI-9.0.0.87.a( 1373): [LOWI-Scan] BSS 18:6f:2d:81:25:42 FREQ: 2437, cFreq1[40:80:160] = [2437:0:0] cFreq2 = 0 Country Code = CN
12-01 03:57:57.741 D/LOWI-9.0.0.87.a( 1373): [LOWI-Scan] BSS 18:6f:2d:81:25:42 (wlan0) ASSO: NO AddInfo: 0x0, TSF 0, 00:04:57.179, RSSI: -84, CPL: 127, AGE: 636, SSID ThunderSoft_2.4G, TSFDelta: 0xc211cb5c, TXRate: 0
12-01 03:57:57.741 D/LOWI-9.0.0.87.a( 1373): [LOWI-Scan]
12-01 03:57:57.741 D/LOWI-9.0.0.87.a( 1373): [LOWI-Scan] print_bss_handler: Report Probe TSF 297157657 as it greater than Beacon TSF 297102782
12-01 03:57:57.741 D/LOWI-9.0.0.87.a( 1373): [LOWI-Scan] decode_rsn_wpa_ie: LOWI_ENCRYPTION_TYPE_WPA_PSK
12-01 03:57:57.741 D/LOWI-9.0.0.87.a( 1373): [LOWI-Scan] is_qcom_ie, bss_age: 0
12-01 03:57:57.741 D/LOWI-9.0.0.87.a( 1373): [LOWI-Scan] BSS 18:6f:2d:81:25:43 LOWI_PHY_MODE_11NG_HT20(5), Beacon Interval: 100, LOWI_ENCRYPTION_TYPE_WPA_PSK 11mcRanging: No, ANQP: No, LCI: No, Civic: No, capability(0x0531): ESS Privacy ShortPreamble SpectrumMgmt ShortSlotTime
12-01 03:57:57.741 D/LOWI-9.0.0.87.a( 1373): [LOWI-Scan] BSS 18:6f:2d:81:25:43 FREQ: 2437, cFreq1[40:80:160] = [2437:0:0] cFreq2 = 0 Country Code = CN
12-01 03:57:57.741 D/LOWI-9.0.0.87.a( 1373): [LOWI-Scan] BSS 18:6f:2d:81:25:43 (wlan0) ASSO: NO AddInfo: 0x0, TSF 0, 00:04:57.157, RSSI: -82, CPL: 127, AGE: 656, SSID ZXHY, TSFDelta: 0xc18576c7, TXRate: 0
12-01 03:57:57.741 D/LOWI-9.0.0.87.a( 1373): [LOWI-Scan]
12-01 03:57:57.741 D/LOWI-9.0.0.87.a( 1373): [LOWI-Scan] print_bss_handler: Report Probe TSF 297157721 as it greater than Beacon TSF 297104926
12-01 03:57:57.741 D/LOWI-9.0.0.87.a( 1373): [LOWI-Scan] decode_rsn_wpa_ie: LOWI_ENCRYPTION_TYPE_WPA_PSK
12-01 03:57:57.741 D/LOWI-9.0.0.87.a( 1373): [LOWI-Scan] is_qcom_ie, bss_age: 0
12-01 03:57:57.741 D/LOWI-9.0.0.87.a( 1373): [LOWI-Scan] BSS 18:6f:2d:81:25:44 LOWI_PHY_MODE_11NG_HT20(5), Beacon Interval: 100, LOWI_ENCRYPTION_TYPE_WPA_PSK 11mcRanging: No, ANQP: No, LCI: No, Civic: No, capability(0x0531): ESS Privacy ShortPreamble SpectrumMgmt ShortSlotTime
12-01 03:57:57.741 D/LOWI-9.0.0.87.a( 1373): [LOWI-Scan] BSS 18:6f:2d:81:25:44 FREQ: 2437, cFreq1[40:80:160] = [2437:0:0] cFreq2 = 0 Country Code = CN
12-01 03:57:57.741 D/LOWI-9.0.0.87.a( 1373): [LOWI-Scan] BSS 18:6f:2d:81:25:44 (wlan0) ASSO: NO AddInfo: 0x0, TSF 0, 00:04:57.157, RSSI: -76, CPL: 127, AGE: 656, SSID Fanya, TSFDelta: 0xc1937edb, TXRate: 0
12-01 03:57:57.741 D/LOWI-9.0.0.87.a( 1373): [LOWI-Scan]
12-01 03:57:57.741 D/LOWI-9.0.0.87.a( 1373): [LOWI-Scan] print_bss_handler: Report beacon TSF 297161885 as it greater than probe TSF 274167420
12-01 03:57:57.741 D/LOWI-9.0.0.87.a( 1373): [LOWI-Scan] is_qcom_ie, bss_age: 0
12-01 03:57:57.741 D/LOWI-9.0.0.87.a( 1373): [LOWI-Scan] BSS 18:6f:2d:81:18:51 LOWI_PHY_MODE_11AC_VHT20(8), Beacon Interval: 100, LOWI_ENCRYPTION_TYPE_OPEN 11mcRanging: No, ANQP: No, LCI: No, Civic: No, capability(0x0101): ESS SpectrumMgmt
12-01 03:57:57.741 D/LOWI-9.0.0.87.a( 1373): [LOWI-Scan] BSS 18:6f:2d:81:18:51 FREQ: 5260, cFreq1[40:80:160] = [5260:0:0] cFreq2 = 0 Country Code = CN
12-01 03:57:57.741 D/LOWI-9.0.0.87.a( 1373): [LOWI-Scan] BSS 18:6f:2d:81:18:51 (wlan0) ASSO: NO AddInfo: 0x1, TSF 0, 00:04:57.161, RSSI: -160, CPL: 127, AGE: 652, SSID Guest, TSFDelta: 0xd98d09c8, TXRate: 0
12-01 03:57:57.741 D/LOWI-9.0.0.87.a( 1373): [LOWI-Scan]
12-01 03:57:57.741 D/LOWI-9.0.0.87.a( 1373): [LOWI-Scan] print_bss_handler: Report beacon TSF 297162089 as it greater than probe TSF 274167479
12-01 03:57:57.741 D/LOWI-9.0.0.87.a( 1373): [LOWI-Scan] decode_rsn_wpa_ie: LOWI_ENCRYPTION_TYPE_WPA_PSK
12-01 03:57:57.741 D/LOWI-9.0.0.87.a( 1373): [LOWI-Scan] is_qcom_ie, bss_age: 0
12-01 03:57:57.741 D/LOWI-9.0.0.87.a( 1373): [LOWI-Scan] BSS 18:6f:2d:81:18:52 LOWI_PHY_MODE_11AC_VHT20(8), Beacon Interval: 100, LOWI_ENCRYPTION_TYPE_WPA_PSK 11mcRanging: No, ANQP: No, LCI: No, Civic: No, capability(0x0111): ESS Privacy SpectrumMgmt
12-01 03:57:57.741 D/LOWI-9.0.0.87.a( 1373): [LOWI-Scan] BSS 18:6f:2d:81:18:52 FREQ: 5260, cFreq1[40:80:160] = [5260:0:0] cFreq2 = 0 Country Code = CN
12-01 03:57:57.742 D/LOWI-9.0.0.87.a( 1373): [LOWI-Scan] BSS 18:6f:2d:81:18:52 (wlan0) ASSO: NO AddInfo: 0x1, TSF 0, 00:04:57.162, RSSI: -160, CPL: 127, AGE: 652, SSID ZXHY, TSFDelta: 0xd99281fd, TXRate: 0
12-01 03:57:57.742 D/LOWI-9.0.0.87.a( 1373): [LOWI-Scan]
12-01 03:57:57.742 D/LOWI-9.0.0.87.a( 1373): [LOWI-Scan] print_bss_handler: Report Probe TSF 297190675 as it greater than Beacon TSF 297163363
12-01 03:57:57.742 D/LOWI-9.0.0.87.a( 1373): [LOWI-Scan] is_qcom_ie, bss_age: 0
12-01 03:57:57.742 D/LOWI-9.0.0.87.a( 1373): [LOWI-Scan] BSS 18:6f:2d:0a:b8:51 LOWI_PHY_MODE_11AC_VHT20(8), Beacon Interval: 100, LOWI_ENCRYPTION_TYPE_OPEN 11mcRanging: No, ANQP: No, LCI: No, Civic: No, capability(0x0101): ESS SpectrumMgmt
12-01 03:57:57.742 D/LOWI-9.0.0.87.a( 1373): [LOWI-Scan] BSS 18:6f:2d:0a:b8:51 FREQ: 5260, cFreq1[40:80:160] = [5260:0:0] cFreq2 = 0 Country Code = CN
12-01 03:57:57.742 D/LOWI-9.0.0.87.a( 1373): [LOWI-Scan] BSS 18:6f:2d:0a:b8:51 (wlan0) ASSO: NO AddInfo: 0x0, TSF 0, 00:04:57.190, RSSI: -144, CPL: 127, AGE: 624, SSID Guest, TSFDelta: 0xd846ae35, TXRate: 0
12-01 03:57:57.742 D/LOWI-9.0.0.87.a( 1373): [LOWI-Scan]
12-01 03:57:57.742 D/LOWI-9.0.0.87.a( 1373): [LOWI-Scan] print_bss_handler: Report Probe TSF 297190989 as it greater than Beacon TSF 297164160
12-01 03:57:57.742 D/LOWI-9.0.0.87.a( 1373): [LOWI-Scan] decode_rsn_wpa_ie: LOWI_ENCRYPTION_TYPE_WPA_PSK
12-01 03:57:57.742 D/LOWI-9.0.0.87.a( 1373): [LOWI-Scan] is_qcom_ie, bss_age: 0
12-01 03:57:57.742 D/LOWI-9.0.0.87.a( 1373): [LOWI-Scan] BSS 18:6f:2d:0a:b8:52 LOWI_PHY_MODE_11AC_VHT20(8), Beacon Interval: 100, LOWI_ENCRYPTION_TYPE_WPA_PSK 11mcRanging: No, ANQP: No, LCI: No, Civic: No, capability(0x0111): ESS Privacy SpectrumMgmt
12-01 03:57:57.742 D/LOWI-9.0.0.87.a( 1373): [LOWI-Scan] BSS 18:6f:2d:0a:b8:52 FREQ: 5260, cFreq1[40:80:160] = [5260:0:0] cFreq2 = 0 Country Code = CN
12-01 03:57:57.742 D/LOWI-9.0.0.87.a( 1373): [LOWI-Scan] BSS 18:6f:2d:0a:b8:52 (wlan0) ASSO: NO AddInfo: 0x0, TSF 0, 00:04:57.190, RSSI: -146, CPL: 127, AGE: 624, SSID ZXHY, TSFDelta: 0xd84ffd7c, TXRate: 0
12-01 03:57:57.742 D/LOWI-9.0.0.87.a( 1373): [LOWI-Scan]
12-01 03:57:57.742 D/LOWI-9.0.0.87.a( 1373): [LOWI-Scan] print_bss_handler: Report Probe TSF 297192332 as it greater than Beacon TSF 297164206
12-01 03:57:57.742 D/LOWI-9.0.0.87.a( 1373): [LOWI-Scan] decode_rsn_wpa_ie: LOWI_ENCRYPTION_TYPE_WPA_PSK
12-01 03:57:57.742 D/LOWI-9.0.0.87.a( 1373): [LOWI-Scan] is_qcom_ie, bss_age: 0
12-01 03:57:57.742 D/LOWI-9.0.0.87.a( 1373): [LOWI-Scan] BSS 18:6f:2d:0a:b8:53 LOWI_PHY_MODE_11AC_VHT20(8), Beacon Interval: 100, LOWI_ENCRYPTION_TYPE_WPA_PSK 11mcRanging: No, ANQP: No, LCI: No, Civic: No, capability(0x0111): ESS Privacy SpectrumMgmt
12-01 03:57:57.742 D/LOWI-9.0.0.87.a( 1373): [LOWI-Scan] BSS 18:6f:2d:0a:b8:53 FREQ: 5260, cFreq1[40:80:160] = [5260:0:0] cFreq2 = 0 Country Code = CN
12-01 03:57:57.742 D/LOWI-9.0.0.87.a( 1373): [LOWI-Scan] BSS 18:6f:2d:0a:b8:53 (wlan0) ASSO: NO AddInfo: 0x0, TSF 0, 00:04:57.192, RSSI: -144, CPL: 127, AGE: 620, SSID Fanya, TSFDelta: 0xd8528d4e, TXRate: 0
12-01 03:57:57.742 D/LOWI-9.0.0.87.a( 1373): [LOWI-Scan]
12-01 03:57:57.742 D/LOWI-9.0.0.87.a( 1373): [LOWI-Scan] print_bss_handler: Report Probe TSF 297192473 as it greater than Beacon TSF 297164254
12-01 03:57:57.742 D/LOWI-9.0.0.87.a( 1373): [LOWI-Scan] decode_rsn_wpa_ie: LOWI_ENCRYPTION_TYPE_WPA_PSK
12-01 03:57:57.742 D/LOWI-9.0.0.87.a( 1373): [LOWI-Scan] is_qcom_ie, bss_age: 0
