12-01 03:55:03.038 I/sysui_multi_action( 2372): [757,111,758,2]
12-01 03:55:03.040 I/sysui_multi_action( 2372): [757,111,758,2]
12-01 03:55:03.049 I/sysui_multi_action( 2372): [757,111,758,1]
12-01 03:55:03.049 I/sysui_multi_action( 2372): [757,126,758,1,759,126,927,0,928,1,1593,0]
12-01 03:55:03.050 I/sysui_multi_action( 2372): [757,113,758,1,759,113,927,1,928,1,1593,0]
12-01 03:55:03.050 I/sysui_multi_action( 2372): [757,0,758,1,759,0,927,2,928,0,1593,0]
12-01 03:55:03.050 I/sysui_multi_action( 2372): [757,0,758,1,759,0,927,3,928,0,1593,0]
12-01 03:55:03.051 I/sysui_multi_action( 2372): [757,491,758,1,759,491,927,4,928,0,1311,-1,1593,0]
12-01 03:55:03.051 I/sysui_multi_action( 2372): [757,0,758,1,759,0,927,5,928,0,1593,0]
12-01 03:55:03.051 I/sysui_multi_action( 2372): [757,111,758,1]
12-01 03:55:03.051 I/sysui_multi_action( 2372): [757,126,758,1,759,126,927,0,928,1,1593,0]
12-01 03:55:03.051 I/sysui_multi_action( 2372): [757,113,758,1,759,113,927,1,928,1,1593,0]
12-01 03:55:03.051 I/sysui_multi_action( 2372): [757,0,758,1,759,0,927,2,928,0,1593,0]
12-01 03:55:03.051 I/sysui_multi_action( 2372): [757,0,758,1,759,0,927,3,928,0,1593,0]
12-01 03:55:03.113 I/sysui_multi_action( 1525): [319,60,321,58,322,178,325,123,757,761,758,8,759,1,806,com.android.gallery3d,871,com.android.gallery3d.app.GalleryActivity,904,com.android.launcher3,905,0,1320,4,1321,1]
12-01 03:55:03.115 I/wm_activity_launch_time( 1525): [0,129012930,com.android.gallery3d/.app.GalleryActivity,178]
12-01 03:55:03.116 I/input_focus( 1525): [Focus entering 6ae06b3 com.android.gallery3d/com.android.gallery3d.app.GalleryActivity (server),reason=Window became focusable. Previous reason: NOT_VISIBLE]
12-01 03:55:03.240 I/sysui_multi_action( 1525): [757,1501,758,1,793,64530,794,0,795,204,796,2048,806,com.android.systemui,857,updateNotification,858,3,947,0,1500,0,1688,1]
12-01 03:55:03.240 I/sysui_multi_action( 1525): [757,804,799,note_interruptive,801,0,802,1]
12-01 03:55:03.241 I/sysui_multi_action( 1525): [757,199,758,1,759,2,793,64531,794,0,795,205,796,2048,806,com.android.systemui,857,updateNotification,858,3,947,0,1500,1,1688,1]
12-01 03:55:03.241 I/notification_alert( 1525): [0|com.android.systemui|2048|null|10080,0,1,0]
12-01 03:55:03.537 I/wm_stop_activity( 1525): [0,93742719,com.android.launcher3/.uioverrides.QuickstepLauncher]
12-01 03:55:03.566 I/wm_on_stop_called( 2849): [93742719,com.android.launcher3.uioverrides.QuickstepLauncher,STOP_ACTIVITY_ITEM]
12-01 03:55:04.067 I/input_interaction( 1525): Interaction with: 6ae06b3 com.android.gallery3d/com.android.gallery3d.app.GalleryActivity (server), edge-swipe (server), swipe-up (server), PointerEventDispatcher0 (server),
12-01 03:55:04.091 I/wm_task_moved( 1525): [1,0,0]
12-01 03:55:04.091 I/wm_task_moved( 1525): [1,0,8]
12-01 03:55:04.112 I/view_enqueue_input_event( 4018): [Motion - Cancel,com.android.gallery3d/com.android.gallery3d.app.GalleryActivity]
12-01 03:55:04.113 I/wm_on_restart_called( 2849): [93742719,com.android.launcher3.uioverrides.QuickstepLauncher,performRestartActivity]
12-01 03:55:04.121 I/input_interaction( 1525): Interaction with: edge-swipe (server), swipe-up (server), PointerEventDispatcher0 (server),
12-01 03:55:04.148 I/wm_on_start_called( 2849): [93742719,com.android.launcher3.uioverrides.QuickstepLauncher,handleStartActivity]
12-01 03:55:04.149 I/input_focus( 1525): [Focus request recents_animation_input_consumer,reason=UpdateInputWindows]
12-01 03:55:04.158 I/sysui_latency( 2849): [1,90]
12-01 03:55:04.167 I/input_focus( 1525): [Focus leaving 6ae06b3 com.android.gallery3d/com.android.gallery3d.app.GalleryActivity (server),reason=NOT_FOCUSABLE]
12-01 03:55:04.167 I/input_focus( 1525): [Focus entering recents_animation_input_consumer (server),reason=setFocusedWindow]
12-01 03:55:04.179 I/sysui_multi_action( 1525): [319,13,322,78,325,124,757,761,758,9,759,5,806,com.android.launcher3,871,com.android.launcher3.uioverrides.QuickstepLauncher,905,0,1320,4,1321,1]
12-01 03:55:04.348 I/commit_sys_config_file( 1525): [settings-1-0,4]
12-01 03:55:04.471 I/sysui_latency( 1525): [8,96]
12-01 03:55:04.896 I/wm_task_moved( 1525): [1,1,9]
12-01 03:55:04.897 I/wm_task_moved( 1525): [10,1,2147483647]
12-01 03:55:04.897 I/wm_task_to_front( 1525): [0,10]
12-01 03:55:04.897 I/wm_focused_root_task( 1525): [0,0,1,15,RecentsAnimation.onAnimationFinished()]
12-01 03:55:04.897 I/wm_on_top_resumed_lost_called( 4018): [129012930,com.android.gallery3d.app.GalleryActivity,topStateChangedWhenResumed]
12-01 03:55:04.898 I/wm_set_resumed_activity( 1525): [0,com.android.launcher3/.uioverrides.QuickstepLauncher,RecentsAnimation.onAnimationFinished()]
12-01 03:55:04.902 I/wm_pause_activity( 1525): [0,129012930,com.android.gallery3d/.app.GalleryActivity,userLeaving=true,pauseBackTasks]
12-01 03:55:04.903 I/wm_add_to_stopping( 1525): [0,129012930,com.android.gallery3d/.app.GalleryActivity,makeInvisible]
12-01 03:55:04.904 I/wm_set_resumed_activity( 1525): [0,com.android.launcher3/.uioverrides.QuickstepLauncher,resumeTopActivityInnerLocked]
12-01 03:55:04.905 I/wm_resume_activity( 1525): [0,93742719,10,com.android.launcher3/.uioverrides.QuickstepLauncher]
12-01 03:55:04.909 I/wm_on_resume_called( 2849): [93742719,com.android.launcher3.uioverrides.QuickstepLauncher,RESUME_ACTIVITY]
12-01 03:55:04.914 I/input_focus( 1525): [Focus request 56534c8 com.android.launcher3/com.android.launcher3.uioverrides.QuickstepLauncher,reason=UpdateInputWindows]
12-01 03:55:04.916 I/wm_on_top_resumed_gained_called( 2849): [93742719,com.android.launcher3.uioverrides.QuickstepLauncher,topStateChangedWhenResumed]
12-01 03:55:04.918 I/input_focus( 1525): [Focus leaving recents_animation_input_consumer (server),reason=NOT_VISIBLE]
12-01 03:55:04.918 I/wm_on_paused_called( 4018): [129012930,com.android.gallery3d.app.GalleryActivity,performPause]
12-01 03:55:04.923 I/wm_stop_activity( 1525): [0,129012930,com.android.gallery3d/.app.GalleryActivity]
12-01 03:55:04.927 I/sysui_multi_action( 1525): [757,803,799,window_time_0,802,2]
12-01 03:55:04.927 I/sysui_multi_action( 1525): [757,803,799,window_time_0,802,0]
12-01 03:55:04.943 I/input_focus( 1525): [Focus entering 56534c8 com.android.launcher3/com.android.launcher3.uioverrides.QuickstepLauncher (server),reason=setFocusedWindow]
12-01 03:55:04.959 I/wm_on_stop_called( 4018): [129012930,com.android.gallery3d.app.GalleryActivity,STOP_ACTIVITY_ITEM]
12-01 03:55:05.180 I/input_interaction( 1525): Interaction with: 56534c8 com.android.launcher3/com.android.launcher3.uioverrides.QuickstepLauncher (server), f29aa65 com.android.systemui.ImageWallpaper (server), edge-swipe (server), swipe-up (server), PointerEventDispatcher0 (server),
12-01 03:55:05.481 I/commit_sys_config_file( 1525): [settings-1-0,4]
12-01 03:55:06.169 I/wm_task_created( 1525): [16,-1]
12-01 03:55:06.176 I/wm_task_moved( 1525): [16,1,10]
12-01 03:55:06.176 I/wm_task_to_front( 1525): [0,16]
12-01 03:55:06.176 I/wm_create_task( 1525): [0,16]
12-01 03:55:06.177 I/wm_create_activity( 1525): [0,199641225,16,com.android.calendar/.AllInOneActivity,android.intent.action.MAIN,NULL,NULL,270532608]
12-01 03:55:06.177 I/wm_task_moved( 1525): [16,1,10]
12-01 03:55:06.180 I/wm_pause_activity( 1525): [0,93742719,com.android.launcher3/.uioverrides.QuickstepLauncher,userLeaving=true,pauseBackTasks]
12-01 03:55:06.191 I/wm_on_top_resumed_lost_called( 2849): [93742719,com.android.launcher3.uioverrides.QuickstepLauncher,topStateChangedWhenResumed]
12-01 03:55:06.192 I/wm_on_paused_called( 2849): [93742719,com.android.launcher3.uioverrides.QuickstepLauncher,performPause]
12-01 03:55:06.196 I/wm_add_to_stopping( 1525): [0,93742719,com.android.launcher3/.uioverrides.QuickstepLauncher,makeInvisible]
12-01 03:55:06.197 I/wm_restart_activity( 1525): [0,199641225,16,com.android.calendar/.AllInOneActivity]
12-01 03:55:06.199 I/wm_set_resumed_activity( 1525): [0,com.android.calendar/.AllInOneActivity,minimalResumeActivityLocked]
12-01 03:55:06.203 I/am_uid_active( 1525): 10064
12-01 03:55:06.204 I/sysui_multi_action( 1525): [757,803,799,window_time_0,802,1]
12-01 03:55:06.216 I/am_uid_active( 1525): 10021
12-01 03:55:06.220 I/input_focus( 1525): [Focus leaving 56534c8 com.android.launcher3/com.android.launcher3.uioverrides.QuickstepLauncher (server),reason=NO_WINDOW]
12-01 03:55:06.236 I/am_pss ( 1525): [3030,10070,com.thundercomm.gamemode.provider,8320000,6668288,0,97886208,0,5,7]
12-01 03:55:06.236 I/wm_on_create_called( 3914): [199641225,com.android.calendar.AllInOneActivity,performCreate]
12-01 03:55:06.242 I/am_pss ( 1525): [3428,10030,android.process.media,10344448,8335360,0,105009152,0,19,5]
12-01 03:55:06.249 I/am_pss ( 1525): [4997,2000,com.android.shell,5830656,4313088,0,93179904,0,19,5]
12-01 03:55:06.261 I/wm_on_start_called( 3914): [199641225,com.android.calendar.AllInOneActivity,handleStartActivity]
12-01 03:55:06.263 I/wm_on_resume_called( 3914): [199641225,com.android.calendar.AllInOneActivity,RESUME_ACTIVITY]
12-01 03:55:06.271 I/wm_on_top_resumed_gained_called( 3914): [199641225,com.android.calendar.AllInOneActivity,topStateChangedWhenResumed]
12-01 03:55:06.282 I/input_focus( 1525): [Focus request c7ebf69 com.android.calendar/com.android.calendar.AllInOneActivity,reason=UpdateInputWindows]
12-01 03:55:06.344 I/sysui_multi_action( 1525): [319,72,321,69,322,180,325,126,757,761,758,8,759,1,806,com.android.calendar,871,com.android.calendar.AllInOneActivity,904,com.android.launcher3,905,0,1320,4,1321,1]
12-01 03:55:06.346 I/wm_activity_launch_time( 1525): [0,199641225,com.android.calendar/.AllInOneActivity,180]
12-01 03:55:06.356 I/input_focus( 1525): [Focus entering c7ebf69 com.android.calendar/com.android.calendar.AllInOneActivity (server),reason=Window became focusable. Previous reason: NOT_VISIBLE]
12-01 03:55:06.760 I/wm_stop_activity( 1525): [0,93742719,com.android.launcher3/.uioverrides.QuickstepLauncher]
12-01 03:55:06.784 I/wm_on_stop_called( 2849): [93742719,com.android.launcher3.uioverrides.QuickstepLauncher,STOP_ACTIVITY_ITEM]
12-01 03:55:07.515 I/input_interaction( 1525): Interaction with: c7ebf69 com.android.calendar/com.android.calendar.AllInOneActivity (server), edge-swipe (server), swipe-up (server), PointerEventDispatcher0 (server),
12-01 03:55:07.535 I/wm_task_moved( 1525): [1,0,0]
12-01 03:55:07.535 I/wm_task_moved( 1525): [1,0,9]
12-01 03:55:07.555 I/view_enqueue_input_event( 3914): [Motion - Cancel,com.android.calendar/com.android.calendar.AllInOneActivity]
12-01 03:55:07.561 I/wm_on_restart_called( 2849): [93742719,com.android.launcher3.uioverrides.QuickstepLauncher,performRestartActivity]
12-01 03:55:07.562 I/input_focus( 1525): [Focus request recents_animation_input_consumer,reason=UpdateInputWindows]
12-01 03:55:07.567 I/input_interaction( 1525): Interaction with: edge-swipe (server), swipe-up (server), PointerEventDispatcher0 (server),
12-01 03:55:07.591 I/input_focus( 1525): [Focus leaving c7ebf69 com.android.calendar/com.android.calendar.AllInOneActivity (server),reason=NOT_FOCUSABLE]
12-01 03:55:07.591 I/input_focus( 1525): [Focus entering recents_animation_input_consumer (server),reason=setFocusedWindow]
12-01 03:55:07.597 I/wm_on_start_called( 2849): [93742719,com.android.launcher3.uioverrides.QuickstepLauncher,handleStartActivity]
12-01 03:55:07.611 I/sysui_latency( 2849): [1,95]
12-01 03:55:07.626 I/sysui_multi_action( 1525): [319,15,322,84,325,127,757,761,758,9,759,5,806,com.android.launcher3,871,com.android.launcher3.uioverrides.QuickstepLauncher,905,0,1320,4,1321,1]
12-01 03:55:07.769 I/commit_sys_config_file( 1525): [settings-1-0,5]
12-01 03:55:07.921 I/sysui_latency( 1525): [8,100]
12-01 03:55:08.336 I/wm_task_moved( 1525): [1,1,10]
12-01 03:55:08.337 I/wm_task_moved( 1525): [10,1,2147483647]
12-01 03:55:08.337 I/wm_task_to_front( 1525): [0,10]
12-01 03:55:08.337 I/wm_on_top_resumed_lost_called( 3914): [199641225,com.android.calendar.AllInOneActivity,topStateChangedWhenResumed]
12-01 03:55:08.337 I/wm_focused_root_task( 1525): [0,0,1,16,RecentsAnimation.onAnimationFinished()]
12-01 03:55:08.338 I/wm_set_resumed_activity( 1525): [0,com.android.launcher3/.uioverrides.QuickstepLauncher,RecentsAnimation.onAnimationFinished()]
12-01 03:55:08.340 I/wm_pause_activity( 1525): [0,199641225,com.android.calendar/.AllInOneActivity,userLeaving=true,pauseBackTasks]
12-01 03:55:08.344 I/wm_add_to_stopping( 1525): [0,199641225,com.android.calendar/.AllInOneActivity,makeInvisible]
12-01 03:55:08.345 I/wm_set_resumed_activity( 1525): [0,com.android.launcher3/.uioverrides.QuickstepLauncher,resumeTopActivityInnerLocked]
12-01 03:55:08.347 I/wm_resume_activity( 1525): [0,93742719,10,com.android.launcher3/.uioverrides.QuickstepLauncher]
12-01 03:55:08.349 I/wm_on_resume_called( 2849): [93742719,com.android.launcher3.uioverrides.QuickstepLauncher,RESUME_ACTIVITY]
12-01 03:55:08.360 I/input_focus( 1525): [Focus request 56534c8 com.android.launcher3/com.android.launcher3.uioverrides.QuickstepLauncher,reason=UpdateInputWindows]
12-01 03:55:08.362 I/input_focus( 1525): [Focus leaving recents_animation_input_consumer (server),reason=NOT_VISIBLE]
12-01 03:55:08.365 I/wm_stop_activity( 1525): [0,199641225,com.android.calendar/.AllInOneActivity]
12-01 03:55:08.365 I/sysui_multi_action( 1525): [757,803,799,window_time_0,802,2]
12-01 03:55:08.365 I/wm_on_paused_called( 3914): [199641225,com.android.calendar.AllInOneActivity,performPause]
12-01 03:55:08.366 I/sysui_multi_action( 1525): [757,803,799,window_time_0,802,0]
12-01 03:55:08.376 I/wm_on_top_resumed_gained_called( 2849): [93742719,com.android.launcher3.uioverrides.QuickstepLauncher,topStateChangedWhenResumed]
12-01 03:55:08.377 I/input_focus( 1525): [Focus entering 56534c8 com.android.launcher3/com.android.launcher3.uioverrides.QuickstepLauncher (server),reason=setFocusedWindow]
12-01 03:55:08.388 I/wm_on_stop_called( 3914): [199641225,com.android.calendar.AllInOneActivity,STOP_ACTIVITY_ITEM]
12-01 03:55:08.440 I/input_interaction( 1525): Interaction with: 56534c8 com.android.launcher3/com.android.launcher3.uioverrides.QuickstepLauncher (server), f29aa65 com.android.systemui.ImageWallpaper (server), edge-swipe (server), swipe-up (server), PointerEventDispatcher0 (server),
12-01 03:55:08.791 I/commit_sys_config_file( 1525): [settings-1-0,5]
12-01 03:55:09.517 I/wm_task_created( 1525): [17,-1]
12-01 03:55:09.524 I/wm_task_moved( 1525): [17,1,11]
12-01 03:55:09.524 I/wm_task_to_front( 1525): [0,17]
12-01 03:55:09.525 I/wm_create_task( 1525): [0,17]
12-01 03:55:09.525 I/wm_create_activity( 1525): [0,170401760,17,com.android.deskclock/.DeskClock,android.intent.action.MAIN,NULL,NULL,270532608]
12-01 03:55:09.525 I/wm_task_moved( 1525): [17,1,11]
12-01 03:55:09.528 I/wm_pause_activity( 1525): [0,93742719,com.android.launcher3/.uioverrides.QuickstepLauncher,userLeaving=true,pauseBackTasks]
12-01 03:55:09.537 I/wm_on_top_resumed_lost_called( 2849): [93742719,com.android.launcher3.uioverrides.QuickstepLauncher,topStateChangedWhenResumed]
12-01 03:55:09.538 I/wm_on_paused_called( 2849): [93742719,com.android.launcher3.uioverrides.QuickstepLauncher,performPause]
12-01 03:55:09.540 I/wm_add_to_stopping( 1525): [0,93742719,com.android.launcher3/.uioverrides.QuickstepLauncher,makeInvisible]
12-01 03:55:09.541 I/wm_restart_activity( 1525): [0,170401760,17,com.android.deskclock/.DeskClock]
12-01 03:55:09.543 I/wm_set_resumed_activity( 1525): [0,com.android.deskclock/.DeskClock,minimalResumeActivityLocked]
12-01 03:55:09.549 I/am_uid_active( 1525): 10065
12-01 03:55:09.552 I/sysui_multi_action( 1525): [757,803,799,window_time_0,802,1]
12-01 03:55:09.566 I/input_focus( 1525): [Focus leaving 56534c8 com.android.launcher3/com.android.launcher3.uioverrides.QuickstepLauncher (server),reason=NO_WINDOW]
12-01 03:55:09.596 I/wm_task_moved( 1525): [17,1,11]
12-01 03:55:09.596 I/wm_set_resumed_activity( 1525): [0,com.android.deskclock/.DeskClock,positionChildAt]
12-01 03:55:09.597 I/wm_create_activity( 1525): [0,163955721,17,com.android.permissioncontroller/.permission.ui.GrantPermissionsActivity,android.content.pm.action.REQUEST_PERMISSIONS,NULL,NULL,8388608]
12-01 03:55:09.598 I/wm_pause_activity( 1525): [0,170401760,com.android.deskclock/.DeskClock,userLeaving=true,resumeTopActivityInnerLocked]
12-01 03:55:09.623 I/wm_on_create_called( 3070): [170401760,com.android.deskclock.DeskClock,performCreate]
12-01 03:55:09.625 I/wm_on_start_called( 3070): [170401760,com.android.deskclock.DeskClock,handleStartActivity]
12-01 03:55:09.626 I/wm_on_resume_called( 3070): [170401760,com.android.deskclock.DeskClock,RESUME_ACTIVITY]
12-01 03:55:09.631 I/wm_on_top_resumed_gained_called( 3070): [170401760,com.android.deskclock.DeskClock,topStateChangedWhenResumed]
12-01 03:55:09.631 I/wm_on_top_resumed_lost_called( 3070): [170401760,com.android.deskclock.DeskClock,topStateChangedWhenResumed]
12-01 03:55:09.632 I/wm_on_paused_called( 3070): [170401760,com.android.deskclock.DeskClock,performPause]
12-01 03:55:09.637 I/wm_restart_activity( 1525): [0,163955721,17,com.android.permissioncontroller/.permission.ui.GrantPermissionsActivity]
12-01 03:55:09.638 I/wm_set_resumed_activity( 1525): [0,com.android.permissioncontroller/.permission.ui.GrantPermissionsActivity,minimalResumeActivityLocked]
12-01 03:55:09.644 I/sysui_multi_action( 1525): [757,803,799,window_time_0,802,0]
12-01 03:55:09.665 I/wm_on_create_called( 2376): [163955721,com.android.permissioncontroller.permission.ui.GrantPermissionsActivity,performCreate]
12-01 03:55:09.665 I/wm_on_start_called( 2376): [163955721,com.android.permissioncontroller.permission.ui.GrantPermissionsActivity,handleStartActivity]
12-01 03:55:09.666 I/wm_on_resume_called( 2376): [163955721,com.android.permissioncontroller.permission.ui.GrantPermissionsActivity,RESUME_ACTIVITY]
12-01 03:55:09.674 I/wm_on_top_resumed_gained_called( 2376): [163955721,com.android.permissioncontroller.permission.ui.GrantPermissionsActivity,topStateChangedWhenResumed]
12-01 03:55:09.684 I/input_focus( 1525): [Focus request 49f38d4 com.android.permissioncontroller/com.android.permissioncontroller.permission.ui.GrantPermissionsActivity,reason=UpdateInputWindows]
12-01 03:55:09.693 I/wm_finish_activity( 1525): [0,163955721,17,com.android.permissioncontroller/.permission.ui.GrantPermissionsActivity,app-request]
12-01 03:55:09.696 I/input_focus( 1525): [Focus entering 49f38d4 com.android.permissioncontroller/com.android.permissioncontroller.permission.ui.GrantPermissionsActivity (server),reason=setFocusedWindow]
12-01 03:55:09.707 I/wm_pause_activity( 1525): [0,163955721,com.android.permissioncontroller/.permission.ui.GrantPermissionsActivity,userLeaving=false,finish]
12-01 03:55:09.710 I/wm_on_top_resumed_lost_called( 2376): [163955721,com.android.permissioncontroller.permission.ui.GrantPermissionsActivity,topStateChangedWhenResumed]
12-01 03:55:09.712 I/wm_on_paused_called( 2376): [163955721,com.android.permissioncontroller.permission.ui.GrantPermissionsActivity,performPause]
12-01 03:55:09.713 I/wm_add_to_stopping( 1525): [0,163955721,com.android.permissioncontroller/.permission.ui.GrantPermissionsActivity,completeFinishing]
12-01 03:55:09.715 I/wm_set_resumed_activity( 1525): [0,com.android.deskclock/.DeskClock,resumeTopActivityInnerLocked]
12-01 03:55:09.715 I/wm_resume_activity( 1525): [0,170401760,17,com.android.deskclock/.DeskClock]
12-01 03:55:09.726 I/sysui_multi_action( 1525): [757,803,799,window_time_0,802,0]
12-01 03:55:09.730 I/input_focus( 1525): [Focus leaving 49f38d4 com.android.permissioncontroller/com.android.permissioncontroller.permission.ui.GrantPermissionsActivity (server),reason=NO_WINDOW]
12-01 03:55:09.768 I/input_focus( 1525): [Focus request bd5d84b com.android.deskclock/com.android.deskclock.DeskClock,reason=UpdateInputWindows]
12-01 03:55:09.858 I/wm_on_activity_result_called( 3070): [170401760,com.android.deskclock.DeskClock,ACTIVITY_RESULT]
12-01 03:55:09.858 I/wm_on_resume_called( 3070): [170401760,com.android.deskclock.DeskClock,RESUME_ACTIVITY]
12-01 03:55:09.861 I/sysui_multi_action( 1525): [319,72,321,70,322,351,325,129,757,761,758,8,759,1,806,com.android.permissioncontroller,871,com.android.permissioncontroller.permission.ui.GrantPermissionsActivity,904,com.android.deskclock,905,0,1320,4,1321,2]
12-01 03:55:09.861 I/wm_on_top_resumed_gained_called( 3070): [170401760,com.android.deskclock.DeskClock,topWhenResuming]
12-01 03:55:09.863 I/input_focus( 1525): [Focus entering bd5d84b com.android.deskclock/com.android.deskclock.DeskClock (server),reason=Window became focusable. Previous reason: NOT_VISIBLE]
12-01 03:55:09.864 I/wm_activity_launch_time( 1525): [0,163955721,com.android.permissioncontroller/.permission.ui.GrantPermissionsActivity,351]
12-01 03:55:09.917 I/am_pss ( 1525): [5199,10086,com.android.music,21635072,16396288,0,148799488,0,4,8]
12-01 03:55:10.118 I/wm_destroy_activity( 1525): [0,163955721,17,com.android.permissioncontroller/.permission.ui.GrantPermissionsActivity,finish-imm:idle]
12-01 03:55:10.119 I/wm_stop_activity( 1525): [0,93742719,com.android.launcher3/.uioverrides.QuickstepLauncher]
12-01 03:55:10.120 I/wm_on_stop_called( 2376): [163955721,com.android.permissioncontroller.permission.ui.GrantPermissionsActivity,LIFECYCLER_STOP_ACTIVITY]
12-01 03:55:10.121 I/wm_on_destroy_called( 2376): [163955721,com.android.permissioncontroller.permission.ui.GrantPermissionsActivity,performDestroy]
12-01 03:55:10.153 I/wm_on_stop_called( 2849): [93742719,com.android.launcher3.uioverrides.QuickstepLauncher,STOP_ACTIVITY_ITEM]
12-01 03:55:10.669 I/input_interaction( 1525): Interaction with: bd5d84b com.android.deskclock/com.android.deskclock.DeskClock (server), edge-swipe (server), swipe-up (server), PointerEventDispatcher0 (server),
12-01 03:55:10.690 I/wm_task_moved( 1525): [1,0,0]
12-01 03:55:10.691 I/wm_task_moved( 1525): [1,0,10]
12-01 03:55:10.717 I/wm_on_restart_called( 2849): [93742719,com.android.launcher3.uioverrides.QuickstepLauncher,performRestartActivity]
12-01 03:55:10.749 I/wm_on_start_called( 2849): [93742719,com.android.launcher3.uioverrides.QuickstepLauncher,handleStartActivity]
12-01 03:55:10.751 I/view_enqueue_input_event( 3070): [Motion - Cancel,com.android.deskclock/com.android.deskclock.DeskClock]
12-01 03:55:10.753 I/input_focus( 1525): [Focus request recents_animation_input_consumer,reason=UpdateInputWindows]
12-01 03:55:10.759 I/sysui_latency( 2849): [1,90]
12-01 03:55:10.765 I/input_focus( 1525): [Focus leaving bd5d84b com.android.deskclock/com.android.deskclock.DeskClock (server),reason=NOT_FOCUSABLE]
12-01 03:55:10.765 I/input_focus( 1525): [Focus entering recents_animation_input_consumer (server),reason=setFocusedWindow]
12-01 03:55:10.765 I/input_interaction( 1525): Interaction with: edge-swipe (server), swipe-up (server), PointerEventDispatcher0 (server),
12-01 03:55:10.775 I/sysui_multi_action( 1525): [319,13,322,75,325,130,757,761,758,9,759,5,806,com.android.launcher3,871,com.android.launcher3.uioverrides.QuickstepLauncher,905,0,1320,4,1321,1]
12-01 03:55:10.924 I/commit_sys_config_file( 1525): [settings-1-0,4]
12-01 03:55:11.068 I/sysui_latency( 1525): [8,91]
12-01 03:55:11.288 I/commit_sys_config_file( 1525): [package-user-0,3]
12-01 03:55:11.288 I/commit_sys_config_file( 1525): [package,52]
12-01 03:55:11.546 I/wm_task_moved( 1525): [1,1,11]
12-01 03:55:11.546 I/wm_task_moved( 1525): [10,1,2147483647]
12-01 03:55:11.546 I/wm_task_to_front( 1525): [0,10]
12-01 03:55:11.547 I/wm_focused_root_task( 1525): [0,0,1,17,RecentsAnimation.onAnimationFinished()]
12-01 03:55:11.547 I/wm_on_top_resumed_lost_called( 3070): [170401760,com.android.deskclock.DeskClock,topStateChangedWhenResumed]
12-01 03:55:11.547 I/wm_set_resumed_activity( 1525): [0,com.android.launcher3/.uioverrides.QuickstepLauncher,RecentsAnimation.onAnimationFinished()]
12-01 03:55:11.548 I/wm_pause_activity( 1525): [0,170401760,com.android.deskclock/.DeskClock,userLeaving=true,pauseBackTasks]
12-01 03:55:11.550 I/wm_add_to_stopping( 1525): [0,170401760,com.android.deskclock/.DeskClock,makeInvisible]
12-01 03:55:11.551 I/wm_set_resumed_activity( 1525): [0,com.android.launcher3/.uioverrides.QuickstepLauncher,resumeTopActivityInnerLocked]
12-01 03:55:11.555 I/wm_resume_activity( 1525): [0,93742719,10,com.android.launcher3/.uioverrides.QuickstepLauncher]
12-01 03:55:11.556 I/wm_on_resume_called( 2849): [93742719,com.android.launcher3.uioverrides.QuickstepLauncher,RESUME_ACTIVITY]
12-01 03:55:11.564 I/input_focus( 1525): [Focus request 56534c8 com.android.launcher3/com.android.launcher3.uioverrides.QuickstepLauncher,reason=UpdateInputWindows]
12-01 03:55:11.566 I/input_focus( 1525): [Focus leaving recents_animation_input_consumer (server),reason=NOT_VISIBLE]
12-01 03:55:11.569 I/wm_on_paused_called( 3070): [170401760,com.android.deskclock.DeskClock,performPause]
12-01 03:55:11.570 I/wm_stop_activity( 1525): [0,170401760,com.android.deskclock/.DeskClock]
12-01 03:55:11.572 I/wm_on_top_resumed_gained_called( 2849): [93742719,com.android.launcher3.uioverrides.QuickstepLauncher,topStateChangedWhenResumed]
12-01 03:55:11.577 I/sysui_multi_action( 1525): [757,803,799,window_time_0,802,2]
12-01 03:55:11.584 I/input_focus( 1525): [Focus entering 56534c8 com.android.launcher3/com.android.launcher3.uioverrides.QuickstepLauncher (server),reason=setFocusedWindow]
12-01 03:55:11.589 I/wm_on_stop_called( 3070): [170401760,com.android.deskclock.DeskClock,STOP_ACTIVITY_ITEM]
12-01 03:55:11.592 I/sysui_multi_action( 1525): [757,803,799,window_time_0,802,0]
12-01 03:55:11.653 I/input_interaction( 1525): Interaction with: 56534c8 com.android.launcher3/com.android.launcher3.uioverrides.QuickstepLauncher (server), f29aa65 com.android.systemui.ImageWallpaper (server), edge-swipe (server), swipe-up (server), PointerEventDispatcher0 (server),
12-01 03:55:12.005 I/commit_sys_config_file( 1525): [settings-1-0,4]
12-01 03:55:12.092 I/am_uid_idle( 1525): 10089
12-01 03:55:12.951 I/wm_task_created( 1525): [18,-1]
12-01 03:55:12.968 I/wm_task_moved( 1525): [18,1,12]
12-01 03:55:12.968 I/wm_task_to_front( 1525): [0,18]
12-01 03:55:12.969 I/wm_create_task( 1525): [0,18]
12-01 03:55:12.969 I/wm_create_activity( 1525): [0,154783132,18,com.android.documentsui/.LauncherActivity,android.intent.action.MAIN,NULL,NULL,270532608]
12-01 03:55:12.969 I/wm_task_moved( 1525): [18,1,12]
12-01 03:55:12.973 I/wm_pause_activity( 1525): [0,93742719,com.android.launcher3/.uioverrides.QuickstepLauncher,userLeaving=true,pauseBackTasks]
12-01 03:55:12.984 I/wm_on_top_resumed_lost_called( 2849): [93742719,com.android.launcher3.uioverrides.QuickstepLauncher,topStateChangedWhenResumed]
12-01 03:55:12.985 I/wm_on_paused_called( 2849): [93742719,com.android.launcher3.uioverrides.QuickstepLauncher,performPause]
12-01 03:55:12.988 I/wm_restart_activity( 1525): [0,154783132,18,com.android.documentsui/.LauncherActivity]
12-01 03:55:12.990 I/wm_set_resumed_activity( 1525): [0,com.android.documentsui/.LauncherActivity,minimalResumeActivityLocked]
12-01 03:55:12.995 I/am_uid_active( 1525): 10020
12-01 03:55:13.002 I/sysui_multi_action( 1525): [757,803,799,window_time_0,802,2]
12-01 03:55:13.018 I/wm_task_created( 1525): [19,-1]
12-01 03:55:13.022 I/wm_task_moved( 1525): [19,1,13]
12-01 03:55:13.022 I/wm_task_to_front( 1525): [0,19]
12-01 03:55:13.022 I/wm_create_task( 1525): [0,19]
12-01 03:55:13.022 I/wm_create_activity( 1525): [0,145637981,19,com.android.documentsui/.files.FilesActivity,NULL,NULL,//com.android.documentsui.launchControl,271056896]
12-01 03:55:13.023 I/wm_task_moved( 1525): [19,1,13]
12-01 03:55:13.024 I/wm_pause_activity( 1525): [0,154783132,com.android.documentsui/.LauncherActivity,userLeaving=true,pauseBackTasks]
12-01 03:55:13.030 I/wm_finish_activity( 1525): [0,154783132,18,com.android.documentsui/.LauncherActivity,app-request]
12-01 03:55:13.030 I/wm_on_create_called( 3438): [154783132,com.android.documentsui.LauncherActivity,performCreate]
12-01 03:55:13.040 I/wm_add_to_stopping( 1525): [0,154783132,com.android.documentsui/.LauncherActivity,completeFinishing]
12-01 03:55:13.042 I/wm_add_to_stopping( 1525): [0,93742719,com.android.launcher3/.uioverrides.QuickstepLauncher,makeInvisible]
12-01 03:55:13.043 I/wm_restart_activity( 1525): [0,145637981,19,com.android.documentsui/.files.FilesActivity]
12-01 03:55:13.044 I/wm_set_resumed_activity( 1525): [0,com.android.documentsui/.files.FilesActivity,minimalResumeActivityLocked]
12-01 03:55:13.050 I/wm_destroy_activity( 1525): [0,154783132,18,com.android.documentsui/.LauncherActivity,finish-imm:idle]
12-01 03:55:13.054 I/input_focus( 1525): [Focus leaving 56534c8 com.android.launcher3/com.android.launcher3.uioverrides.QuickstepLauncher (server),reason=NO_WINDOW]
12-01 03:55:13.059 I/sysui_multi_action( 1525): [757,803,799,window_time_0,802,0]
12-01 03:55:13.113 I/wm_on_create_called( 3438): [145637981,com.android.documentsui.files.FilesActivity,performCreate]
12-01 03:55:13.115 I/wm_on_start_called( 3438): [145637981,com.android.documentsui.files.FilesActivity,handleStartActivity]
12-01 03:55:13.116 I/wm_on_resume_called( 3438): [145637981,com.android.documentsui.files.FilesActivity,RESUME_ACTIVITY]
12-01 03:55:13.119 I/am_uid_active( 1525): 10022
12-01 03:55:13.125 I/wm_on_top_resumed_gained_called( 3438): [145637981,com.android.documentsui.files.FilesActivity,topStateChangedWhenResumed]
12-01 03:55:13.125 I/wm_on_destroy_called( 3438): [154783132,com.android.documentsui.LauncherActivity,performDestroy]
12-01 03:55:13.126 I/wm_task_removed( 1525): [18,removeChild:removeChild last r=ActivityRecord{939cd9c u0 com.android.documentsui/.LauncherActivity t-1 f}} in t=Task{b1743ff #18 type=standard A=10020:com.android.documentsui U=0 visible=false mode=fullscreen translucent=true sz=0}]
12-01 03:55:13.126 I/wm_task_removed( 1525): [18,removeChild]
12-01 03:55:13.127 I/am_uid_active( 1525): 10030
12-01 03:55:13.148 I/input_focus( 1525): [Focus request 818f0d0 com.android.documentsui/com.android.documentsui.files.FilesActivity,reason=UpdateInputWindows]
12-01 03:55:13.209 I/sysui_multi_action( 1525): [319,115,321,112,322,264,325,133,757,761,758,8,759,1,806,com.android.documentsui,871,com.android.documentsui.files.FilesActivity,904,com.android.documentsui,905,0,1320,4,1321,1]
12-01 03:55:13.211 I/wm_activity_launch_time( 1525): [0,145637981,com.android.documentsui/.files.FilesActivity,264]
12-01 03:55:13.221 I/input_focus( 1525): [Focus entering 818f0d0 com.android.documentsui/com.android.documentsui.files.FilesActivity (server),reason=Window became focusable. Previous reason: NOT_VISIBLE]
12-01 03:55:13.611 I/wm_stop_activity( 1525): [0,93742719,com.android.launcher3/.uioverrides.QuickstepLauncher]
12-01 03:55:13.634 I/wm_on_stop_called( 2849): [93742719,com.android.launcher3.uioverrides.QuickstepLauncher,STOP_ACTIVITY_ITEM]
12-01 03:55:14.097 I/input_interaction( 1525): Interaction with: 818f0d0 com.android.documentsui/com.android.documentsui.files.FilesActivity (server), edge-swipe (server), swipe-up (server), PointerEventDispatcher0 (server),
12-01 03:55:14.121 I/wm_task_moved( 1525): [1,0,0]
12-01 03:55:14.122 I/wm_task_moved( 1525): [1,0,11]
12-01 03:55:14.132 I/view_enqueue_input_event( 3438): [Motion - Cancel,com.android.documentsui/com.android.documentsui.files.FilesActivity]
12-01 03:55:14.136 I/input_interaction( 1525): Interaction with: edge-swipe (server), swipe-up (server), PointerEventDispatcher0 (server),
12-01 03:55:14.139 I/wm_on_restart_called( 2849): [93742719,com.android.launcher3.uioverrides.QuickstepLauncher,performRestartActivity]
12-01 03:55:14.143 I/input_focus( 1525): [Focus request recents_animation_input_consumer,reason=UpdateInputWindows]
12-01 03:55:14.168 I/wm_on_start_called( 2849): [93742719,com.android.launcher3.uioverrides.QuickstepLauncher,handleStartActivity]
12-01 03:55:14.173 I/input_focus( 1525): [Focus leaving 818f0d0 com.android.documentsui/com.android.documentsui.files.FilesActivity (server),reason=NOT_FOCUSABLE]
12-01 03:55:14.173 I/input_focus( 1525): [Focus entering recents_animation_input_consumer (server),reason=setFocusedWindow]
12-01 03:55:14.180 I/sysui_latency( 2849): [1,83]
12-01 03:55:14.194 I/sysui_multi_action( 1525): [319,10,322,64,325,134,757,761,758,9,759,5,806,com.android.launcher3,871,com.android.launcher3.uioverrides.QuickstepLauncher,905,0,1320,4,1321,1]
12-01 03:55:14.350 I/commit_sys_config_file( 1525): [settings-1-0,8]
12-01 03:55:14.486 I/sysui_latency( 1525): [8,85]
12-01 03:55:14.951 I/wm_task_moved( 1525): [1,1,12]
12-01 03:55:14.951 I/wm_task_moved( 1525): [10,1,2147483647]
12-01 03:55:14.951 I/wm_task_to_front( 1525): [0,10]
12-01 03:55:14.951 I/wm_on_top_resumed_lost_called( 3438): [145637981,com.android.documentsui.files.FilesActivity,topStateChangedWhenResumed]
12-01 03:55:14.951 I/wm_focused_root_task( 1525): [0,0,1,19,RecentsAnimation.onAnimationFinished()]
12-01 03:55:14.952 I/wm_set_resumed_activity( 1525): [0,com.android.launcher3/.uioverrides.QuickstepLauncher,RecentsAnimation.onAnimationFinished()]
12-01 03:55:14.953 I/wm_pause_activity( 1525): [0,145637981,com.android.documentsui/.files.FilesActivity,userLeaving=true,pauseBackTasks]
12-01 03:55:14.955 I/wm_add_to_stopping( 1525): [0,145637981,com.android.documentsui/.files.FilesActivity,makeInvisible]
12-01 03:55:14.956 I/wm_set_resumed_activity( 1525): [0,com.android.launcher3/.uioverrides.QuickstepLauncher,resumeTopActivityInnerLocked]
12-01 03:55:14.958 I/wm_resume_activity( 1525): [0,93742719,10,com.android.launcher3/.uioverrides.QuickstepLauncher]
12-01 03:55:14.963 I/wm_on_resume_called( 2849): [93742719,com.android.launcher3.uioverrides.QuickstepLauncher,RESUME_ACTIVITY]
12-01 03:55:14.968 I/input_focus( 1525): [Focus request 56534c8 com.android.launcher3/com.android.launcher3.uioverrides.QuickstepLauncher,reason=UpdateInputWindows]
12-01 03:55:14.974 I/wm_stop_activity( 1525): [0,145637981,com.android.documentsui/.files.FilesActivity]
12-01 03:55:14.977 I/input_focus( 1525): [Focus leaving recents_animation_input_consumer (server),reason=NOT_VISIBLE]
12-01 03:55:14.977 I/input_focus( 1525): [Focus entering 56534c8 com.android.launcher3/com.android.launcher3.uioverrides.QuickstepLauncher (server),reason=setFocusedWindow]
12-01 03:55:14.978 I/wm_on_paused_called( 3438): [145637981,com.android.documentsui.files.FilesActivity,performPause]
12-01 03:55:14.983 I/wm_on_stop_called( 3438): [145637981,com.android.documentsui.files.FilesActivity,STOP_ACTIVITY_ITEM]
12-01 03:55:14.986 I/sysui_multi_action( 1525): [757,803,799,window_time_0,802,2]
12-01 03:55:14.987 I/sysui_multi_action( 1525): [757,803,799,window_time_0,802,0]
12-01 03:55:14.987 I/wm_on_top_resumed_gained_called( 2849): [93742719,com.android.launcher3.uioverrides.QuickstepLauncher,topStateChangedWhenResumed]
12-01 03:55:16.437 I/input_interaction( 1525): Interaction with: 56534c8 com.android.launcher3/com.android.launcher3.uioverrides.QuickstepLauncher (server), f29aa65 com.android.systemui.ImageWallpaper (server), edge-swipe (server), swipe-up (server), PointerEventDispatcher0 (server),
12-01 03:55:16.547 I/view_enqueue_input_event( 2849): [Motion - Cancel,com.android.launcher3/com.android.launcher3.uioverrides.QuickstepLauncher]
12-01 03:55:16.557 I/input_interaction( 1525): Interaction with: edge-swipe (server), swipe-up (server), PointerEventDispatcher0 (server),
12-01 03:55:16.720 I/commit_sys_config_file( 1525): [settings-1-0,5]
12-01 03:55:17.249 I/commit_sys_config_file( 1525): [settings-1-0,5]
12-01 03:55:26.349 I/input_interaction( 1525): Interaction with: 56534c8 com.android.launcher3/com.android.launcher3.uioverrides.QuickstepLauncher (server), f29aa65 com.android.systemui.ImageWallpaper (server), edge-swipe (server), swipe-up (server), PointerEventDispatcher0 (server),
12-01 03:55:26.351 I/service_manager_stats( 1525): [100,64,35456]
12-01 03:55:37.929 I/input_interaction( 1525): Interaction with: 86bb27f StatusBar (server), edge-swipe (server), swipe-up (server), PointerEventDispatcher0 (server),
12-01 03:55:37.936 I/sysui_multi_action( 2372): [757,803,799,panel_open,802,1]
12-01 03:55:37.938 I/sysui_multi_action( 2372): [757,1328,758,4,1326,50,1327,2,1329,0]
12-01 03:55:37.988 I/sysui_multi_action( 1525): [757,127,758,1]
12-01 03:55:37.989 I/sysui_multi_action( 1525): [757,804,799,note_load,801,3,802,1]
12-01 03:55:37.989 I/notification_panel_revealed( 1525): 3
12-01 03:55:37.994 I/notification_enqueue( 1525): [10080,2372,com.android.systemui,2048,NULL,0,Notification(channel=updateNotification shortcut=null contentView=null vibrate=null sound=null defaults=0x0 flags=0x0 color=0x00000000 vis=PRIVATE),1]
12-01 03:55:37.995 I/sysui_multi_action( 2372): [757,111,758,2]
12-01 03:55:37.995 I/sysui_multi_action( 2372): [757,111,758,2]
12-01 03:55:38.020 I/input_focus( 1525): [Focus request 27f5852 NotificationShade,reason=UpdateInputWindows]
12-01 03:55:38.027 I/sysui_multi_action( 2372): [757,111,758,1]
12-01 03:55:38.027 I/sysui_multi_action( 2372): [757,126,758,1,759,126,927,0,928,1,1593,0]
12-01 03:55:38.027 I/sysui_multi_action( 2372): [757,113,758,1,759,113,927,1,928,1,1593,0]
12-01 03:55:38.027 I/sysui_multi_action( 2372): [757,0,758,1,759,0,927,2,928,0,1593,0]
12-01 03:55:38.027 I/sysui_multi_action( 2372): [757,0,758,1,759,0,927,3,928,0,1593,0]
12-01 03:55:38.028 I/sysui_multi_action( 2372): [757,491,758,1,759,491,927,4,928,0,1311,-1,1593,0]
12-01 03:55:38.028 I/sysui_multi_action( 2372): [757,0,758,1,759,0,927,5,928,0,1593,0]
12-01 03:55:38.028 I/sysui_multi_action( 2372): [757,111,758,1]
12-01 03:55:38.028 I/sysui_multi_action( 2372): [757,126,758,1,759,126,927,0,928,1,1593,0]
12-01 03:55:38.028 I/sysui_multi_action( 2372): [757,113,758,1,759,113,927,1,928,1,1593,0]
12-01 03:55:38.028 I/sysui_multi_action( 2372): [757,0,758,1,759,0,927,2,928,0,1593,0]
12-01 03:55:38.028 I/sysui_multi_action( 2372): [757,0,758,1,759,0,927,3,928,0,1593,0]
12-01 03:55:38.045 I/notification_enqueue( 1525): [10080,2372,com.android.systemui,2048,NULL,0,Notification(channel=updateNotification shortcut=null contentView=null vibrate=null sound=null defaults=0x0 flags=0x0 color=0x00000000 vis=PRIVATE),1]
12-01 03:55:38.045 I/sysui_multi_action( 2372): [757,111,758,2]
12-01 03:55:38.046 I/sysui_multi_action( 2372): [757,111,758,2]
12-01 03:55:38.050 I/input_focus( 1525): [Focus leaving 56534c8 com.android.launcher3/com.android.launcher3.uioverrides.QuickstepLauncher (server),reason=setFocusedWindow]
12-01 03:55:38.050 I/input_focus( 1525): [Focus entering 27f5852 NotificationShade (server),reason=setFocusedWindow]
12-01 03:55:38.052 I/sysui_multi_action( 2372): [757,111,758,1]
12-01 03:55:38.052 I/sysui_multi_action( 2372): [757,126,758,1,759,126,927,0,928,1,1593,0]
12-01 03:55:38.052 I/sysui_multi_action( 2372): [757,113,758,1,759,113,927,1,928,1,1593,0]
12-01 03:55:38.053 I/sysui_multi_action( 2372): [757,0,758,1,759,0,927,2,928,0,1593,0]
12-01 03:55:38.053 I/sysui_multi_action( 2372): [757,0,758,1,759,0,927,3,928,0,1593,0]
12-01 03:55:38.053 I/sysui_multi_action( 2372): [757,491,758,1,759,491,927,4,928,0,1311,-1,1593,0]
12-01 03:55:38.053 I/sysui_multi_action( 2372): [757,0,758,1,759,0,927,5,928,0,1593,0]
12-01 03:55:38.053 I/sysui_multi_action( 2372): [757,111,758,1]
12-01 03:55:38.053 I/sysui_multi_action( 2372): [757,126,758,1,759,126,927,0,928,1,1593,0]
12-01 03:55:38.053 I/sysui_multi_action( 2372): [757,113,758,1,759,113,927,1,928,1,1593,0]
12-01 03:55:38.053 I/sysui_multi_action( 2372): [757,0,758,1,759,0,927,2,928,0,1593,0]
12-01 03:55:38.053 I/sysui_multi_action( 2372): [757,0,758,1,759,0,927,3,928,0,1593,0]
12-01 03:55:38.068 I/sysui_multi_action( 2372): [757,111,758,2]
12-01 03:55:38.069 I/sysui_multi_action( 2372): [757,111,758,2]
12-01 03:55:38.069 I/notification_enqueue( 1525): [10080,2372,com.android.systemui,2048,NULL,0,Notification(channel=updateNotification shortcut=null contentView=null vibrate=null sound=null defaults=0x0 flags=0x0 color=0x00000000 vis=PRIVATE),1]
12-01 03:55:38.076 I/sysui_multi_action( 2372): [757,111,758,1]
12-01 03:55:38.076 I/sysui_multi_action( 2372): [757,126,758,1,759,126,927,0,928,1,1593,0]
12-01 03:55:38.076 I/sysui_multi_action( 2372): [757,113,758,1,759,113,927,1,928,1,1593,0]
12-01 03:55:38.076 I/sysui_multi_action( 2372): [757,0,758,1,759,0,927,2,928,0,1593,0]
12-01 03:55:38.076 I/sysui_multi_action( 2372): [757,0,758,1,759,0,927,3,928,0,1593,0]
12-01 03:55:38.077 I/sysui_multi_action( 2372): [757,491,758,1,759,491,927,4,928,0,1311,-1,1593,0]
12-01 03:55:38.077 I/sysui_multi_action( 2372): [757,0,758,1,759,0,927,5,928,0,1593,0]
12-01 03:55:38.077 I/sysui_multi_action( 2372): [757,111,758,1]
12-01 03:55:38.077 I/sysui_multi_action( 2372): [757,126,758,1,759,126,927,0,928,1,1593,0]
12-01 03:55:38.077 I/sysui_multi_action( 2372): [757,113,758,1,759,113,927,1,928,1,1593,0]
12-01 03:55:38.077 I/sysui_multi_action( 2372): [757,0,758,1,759,0,927,2,928,0,1593,0]
12-01 03:55:38.077 I/sysui_multi_action( 2372): [757,0,758,1,759,0,927,3,928,0,1593,0]
12-01 03:55:38.090 I/sysui_multi_action( 2372): [757,111,758,2]
12-01 03:55:38.090 I/sysui_multi_action( 2372): [757,111,758,2]
12-01 03:55:38.091 I/notification_enqueue( 1525): [10080,2372,com.android.systemui,2048,NULL,0,Notification(channel=updateNotification shortcut=null contentView=null vibrate=null sound=null defaults=0x0 flags=0x0 color=0x00000000 vis=PRIVATE),1]
12-01 03:55:38.095 I/sysui_multi_action( 2372): [757,111,758,1]
12-01 03:55:38.095 I/sysui_multi_action( 2372): [757,126,758,1,759,126,927,0,928,1,1593,0]
12-01 03:55:38.095 I/sysui_multi_action( 2372): [757,113,758,1,759,113,927,1,928,1,1593,0]
12-01 03:55:38.095 I/sysui_multi_action( 2372): [757,0,758,1,759,0,927,2,928,0,1593,0]
12-01 03:55:38.095 I/sysui_multi_action( 2372): [757,0,758,1,759,0,927,3,928,0,1593,0]
12-01 03:55:38.095 I/sysui_multi_action( 2372): [757,491,758,1,759,491,927,4,928,0,1311,-1,1593,0]
12-01 03:55:38.095 I/sysui_multi_action( 2372): [757,0,758,1,759,0,927,5,928,0,1593,0]
12-01 03:55:38.095 I/sysui_multi_action( 2372): [757,111,758,1]
12-01 03:55:38.095 I/sysui_multi_action( 2372): [757,126,758,1,759,126,927,0,928,1,1593,0]
12-01 03:55:38.096 I/sysui_multi_action( 2372): [757,113,758,1,759,113,927,1,928,1,1593,0]
12-01 03:55:38.096 I/sysui_multi_action( 2372): [757,0,758,1,759,0,927,2,928,0,1593,0]
12-01 03:55:38.096 I/sysui_multi_action( 2372): [757,0,758,1,759,0,927,3,928,0,1593,0]
12-01 03:55:38.106 I/sysui_multi_action( 2372): [757,111,758,2]
12-01 03:55:38.107 I/notification_enqueue( 1525): [10080,2372,com.android.systemui,2048,NULL,0,Notification(channel=updateNotification shortcut=null contentView=null vibrate=null sound=null defaults=0x0 flags=0x0 color=0x00000000 vis=PRIVATE),1]
12-01 03:55:38.107 I/sysui_multi_action( 2372): [757,111,758,2]
12-01 03:55:38.111 I/sysui_multi_action( 2372): [757,111,758,1]
12-01 03:55:38.111 I/sysui_multi_action( 2372): [757,126,758,1,759,126,927,0,928,1,1593,0]
12-01 03:55:38.111 I/sysui_multi_action( 2372): [757,113,758,1,759,113,927,1,928,1,1593,0]
12-01 03:55:38.111 I/sysui_multi_action( 2372): [757,0,758,1,759,0,927,2,928,0,1593,0]
12-01 03:55:38.112 I/sysui_multi_action( 2372): [757,0,758,1,759,0,927,3,928,0,1593,0]
12-01 03:55:38.112 I/sysui_multi_action( 2372): [757,491,758,1,759,491,927,4,928,0,1311,-1,1593,0]
12-01 03:55:38.112 I/sysui_multi_action( 2372): [757,0,758,1,759,0,927,5,928,0,1593,0]
12-01 03:55:38.112 I/sysui_multi_action( 2372): [757,111,758,1]
12-01 03:55:38.112 I/sysui_multi_action( 2372): [757,126,758,1,759,126,927,0,928,1,1593,0]
12-01 03:55:38.112 I/sysui_multi_action( 2372): [757,113,758,1,759,113,927,1,928,1,1593,0]
12-01 03:55:38.112 I/sysui_multi_action( 2372): [757,0,758,1,759,0,927,2,928,0,1593,0]
12-01 03:55:38.112 I/sysui_multi_action( 2372): [757,0,758,1,759,0,927,3,928,0,1593,0]
12-01 03:55:38.123 I/sysui_multi_action( 2372): [757,111,758,2]
12-01 03:55:38.123 I/notification_enqueue( 1525): [10080,2372,com.android.systemui,2048,NULL,0,Notification(channel=updateNotification shortcut=null contentView=null vibrate=null sound=null defaults=0x0 flags=0x0 color=0x00000000 vis=PRIVATE),1]
12-01 03:55:38.123 I/sysui_multi_action( 2372): [757,111,758,2]
12-01 03:55:38.128 I/sysui_multi_action( 2372): [757,111,758,1]
12-01 03:55:38.128 I/sysui_multi_action( 2372): [757,126,758,1,759,126,927,0,928,1,1593,0]
12-01 03:55:38.128 I/sysui_multi_action( 2372): [757,113,758,1,759,113,927,1,928,1,1593,0]
12-01 03:55:38.128 I/sysui_multi_action( 2372): [757,0,758,1,759,0,927,2,928,0,1593,0]
12-01 03:55:38.128 I/sysui_multi_action( 2372): [757,0,758,1,759,0,927,3,928,0,1593,0]
12-01 03:55:38.128 I/sysui_multi_action( 2372): [757,491,758,1,759,491,927,4,928,0,1311,-1,1593,0]
12-01 03:55:38.128 I/sysui_multi_action( 2372): [757,0,758,1,759,0,927,5,928,0,1593,0]
12-01 03:55:38.128 I/sysui_multi_action( 2372): [757,111,758,1]
12-01 03:55:38.128 I/sysui_multi_action( 2372): [757,126,758,1,759,126,927,0,928,1,1593,0]
12-01 03:55:38.128 I/sysui_multi_action( 2372): [757,113,758,1,759,113,927,1,928,1,1593,0]
12-01 03:55:38.128 I/sysui_multi_action( 2372): [757,0,758,1,759,0,927,2,928,0,1593,0]
12-01 03:55:38.128 I/sysui_multi_action( 2372): [757,0,758,1,759,0,927,3,928,0,1593,0]
12-01 03:55:38.139 I/sysui_multi_action( 2372): [757,111,758,2]
12-01 03:55:38.139 I/sysui_multi_action( 2372): [757,111,758,2]
12-01 03:55:38.139 I/notification_enqueue( 1525): [10080,2372,com.android.systemui,2048,NULL,0,Notification(channel=updateNotification shortcut=null contentView=null vibrate=null sound=null defaults=0x0 flags=0x0 color=0x00000000 vis=PRIVATE),1]
12-01 03:55:38.143 I/sysui_multi_action( 2372): [757,111,758,1]
12-01 03:55:38.143 I/sysui_multi_action( 2372): [757,126,758,1,759,126,927,0,928,1,1593,0]
12-01 03:55:38.143 I/sysui_multi_action( 2372): [757,113,758,1,759,113,927,1,928,1,1593,0]
12-01 03:55:38.143 I/sysui_multi_action( 2372): [757,0,758,1,759,0,927,2,928,0,1593,0]
12-01 03:55:38.143 I/sysui_multi_action( 2372): [757,0,758,1,759,0,927,3,928,0,1593,0]
12-01 03:55:38.144 I/sysui_multi_action( 2372): [757,491,758,1,759,491,927,4,928,0,1311,-1,1593,0]
12-01 03:55:38.144 I/sysui_multi_action( 2372): [757,0,758,1,759,0,927,5,928,0,1593,0]
12-01 03:55:38.144 I/sysui_multi_action( 2372): [757,111,758,1]
12-01 03:55:38.144 I/sysui_multi_action( 2372): [757,126,758,1,759,126,927,0,928,1,1593,0]
12-01 03:55:38.144 I/sysui_multi_action( 2372): [757,113,758,1,759,113,927,1,928,1,1593,0]
12-01 03:55:38.144 I/sysui_multi_action( 2372): [757,0,758,1,759,0,927,2,928,0,1593,0]
12-01 03:55:38.144 I/sysui_multi_action( 2372): [757,0,758,1,759,0,927,3,928,0,1593,0]
12-01 03:55:38.154 I/sysui_multi_action( 2372): [757,111,758,2]
12-01 03:55:38.154 I/notification_enqueue( 1525): [10080,2372,com.android.systemui,2048,NULL,0,Notification(channel=updateNotification shortcut=null contentView=null vibrate=null sound=null defaults=0x0 flags=0x0 color=0x00000000 vis=PRIVATE),1]
12-01 03:55:38.154 I/sysui_multi_action( 2372): [757,111,758,2]
12-01 03:55:38.158 I/sysui_multi_action( 2372): [757,111,758,1]
12-01 03:55:38.158 I/sysui_multi_action( 2372): [757,126,758,1,759,126,927,0,928,1,1593,0]
12-01 03:55:38.159 I/sysui_multi_action( 2372): [757,113,758,1,759,113,927,1,928,1,1593,0]
12-01 03:55:38.159 I/sysui_multi_action( 2372): [757,0,758,1,759,0,927,2,928,0,1593,0]
12-01 03:55:38.159 I/sysui_multi_action( 2372): [757,0,758,1,759,0,927,3,928,0,1593,0]
12-01 03:55:38.159 I/sysui_multi_action( 2372): [757,491,758,1,759,491,927,4,928,0,1311,-1,1593,0]
12-01 03:55:38.159 I/sysui_multi_action( 2372): [757,0,758,1,759,0,927,5,928,0,1593,0]
12-01 03:55:38.159 I/sysui_multi_action( 2372): [757,111,758,1]
12-01 03:55:38.159 I/sysui_multi_action( 2372): [757,126,758,1,759,126,927,0,928,1,1593,0]
12-01 03:55:38.159 I/sysui_multi_action( 2372): [757,113,758,1,759,113,927,1,928,1,1593,0]
12-01 03:55:38.159 I/sysui_multi_action( 2372): [757,0,758,1,759,0,927,2,928,0,1593,0]
12-01 03:55:38.159 I/sysui_multi_action( 2372): [757,0,758,1,759,0,927,3,928,0,1593,0]
12-01 03:55:38.192 I/sysui_multi_action( 2372): [757,111,758,2]
12-01 03:55:38.192 I/notification_enqueue( 1525): [10080,2372,com.android.systemui,2048,NULL,0,Notification(channel=updateNotification shortcut=null contentView=null vibrate=null sound=null defaults=0x0 flags=0x0 color=0x00000000 vis=PRIVATE),1]
12-01 03:55:38.193 I/sysui_multi_action( 2372): [757,111,758,2]
12-01 03:55:38.197 I/sysui_multi_action( 1525): [757,1501,758,1,793,99487,794,0,795,204,796,2048,806,com.android.systemui,857,updateNotification,858,3,947,0,1500,0,1688,1]
12-01 03:55:38.198 I/sysui_multi_action( 1525): [757,804,799,note_interruptive,801,0,802,1]
12-01 03:55:38.198 I/sysui_multi_action( 1525): [757,199,758,1,759,2,793,99488,794,0,795,205,796,2048,806,com.android.systemui,857,updateNotification,858,3,947,0,1500,1,1688,1]
12-01 03:55:38.198 I/notification_alert( 1525): [0|com.android.systemui|2048|null|10080,0,1,0]
12-01 03:55:38.200 I/sysui_multi_action( 2372): [757,111,758,1]
12-01 03:55:38.201 I/sysui_multi_action( 2372): [757,126,758,1,759,126,927,0,928,1,1593,0]
12-01 03:55:38.201 I/sysui_multi_action( 2372): [757,113,758,1,759,113,927,1,928,1,1593,0]
12-01 03:55:38.201 I/sysui_multi_action( 2372): [757,0,758,1,759,0,927,2,928,0,1593,0]
12-01 03:55:38.201 I/sysui_multi_action( 2372): [757,0,758,1,759,0,927,3,928,0,1593,0]
12-01 03:55:38.201 I/sysui_multi_action( 2372): [757,491,758,1,759,491,927,4,928,0,1311,-1,1593,0]
12-01 03:55:38.201 I/sysui_multi_action( 2372): [757,0,758,1,759,0,927,5,928,0,1593,0]
12-01 03:55:38.201 I/sysui_multi_action( 2372): [757,111,758,1]
12-01 03:55:38.201 I/sysui_multi_action( 2372): [757,126,758,1,759,126,927,0,928,1,1593,0]
12-01 03:55:38.201 I/sysui_multi_action( 2372): [757,113,758,1,759,113,927,1,928,1,1593,0]
12-01 03:55:38.202 I/sysui_multi_action( 2372): [757,0,758,1,759,0,927,2,928,0,1593,0]
12-01 03:55:38.202 I/sysui_multi_action( 2372): [757,0,758,1,759,0,927,3,928,0,1593,0]
12-01 03:55:38.218 I/sysui_multi_action( 2372): [757,111,758,2]
