12-01 03:58:37.971 I/hpplay-java( 3306): [Thread-4]:Bridge:notify: out: OutParameters:{audioSessionId=-1, audiotrackIndex=0, castHandleType=-1, castType=0, deviceName='', dlnaName='', dramaID='', extra=-2002, frameHandleType=-1, handleInside=true, headduration=0, header='', headers=null, isAD=false, isMultiMirror=false, lelinkVer='', limitTime=0, , mediaAlbum='null', mediaAlbumArtURI='', mediaArtist='null', mediaAssets='', mediaTitle='null', mimeType=0, multiSession=null, period=0, pinCode='', playSpeed=0.0, playerChoice=0, plugin=0, port=0, position=0.0, positionUnit=2, protocol=0, realSessionID='', regType='', , sinkIp='', sourceAPPVersion='', sourceChannel='', sourceClientInfo='', sourceDeviceInfo='', sourceDeviceModel='', sourceDeviceName='', sourceDeviceType=0, sourceHID='', , sourceInfo='', , , sourceOSVersion='', sourceSDKVersion='', sourceUid='', stopDetail=0, stopReason=0, tailduration=0, url='', urlID='', urls=null, userAgent='', videoDecoder=0, volume=0, what=204}com.hpplay.sdk.sink.protocol.OutParameters@d160767
12-01 03:58:37.971 I/hpplay-java( 3306): [Thread-4]:Bridge:notify: address:156023060
12-01 03:58:37.971 I/hpplay-base( 3306): [mDNSEmbeded:79] embedded_mDNSLoop stopmDNSNow:0 nPublish:-2 nExitFlag:6 tid is 5974
12-01 03:58:37.971 I/hpplay-java( 3306): [main]:Bridge:findServiceID start out: 156023060
12-01 03:58:37.972 I/hpplay-java( 3306): [main]:Bridge:in key: 0 value: InParameters{appInfo='0', appKey='21409', authMode=0, authPwd='null', broadcastDirection=0, broadcastState=1, broadcastTimeout=3, buildType='release', cacheAVPath='/data/user/0/com.hht.lebocast/cache/hpplay/av', cachePhotoPath='/data/user/0/com.hht.lebocast/cache/hpplay/image', channel='LEBO-APK--60146-25915', desPath='', , deviceName='楂樺悎濞变箰鍓睆', dlna=1, dlnaCompany='Microsoft Corporation', dlnaCompanyURL='http://www.microsoft.com', dlnaDeviceDescribe='Media Renderer', dlnaDeviceName='Windows Media Player', dlnaDeviceURL='http://go.microsoft.com/fwlink/Linkld=105927', dlnaLelinkSwitch=1, dlnaManufacturer=0, dlnaName='楂樺悎濞变箰鍓睆', dlnaUPC='null', dlnaUUID='240f1a96-b2a9-1d9f-eae4-4e79ae0ceac7', domain='Lebo-figure-16ea96867ae8', drainage=0, feature='6655', fps=60, height=1080, host='null', , keyPath='/data/user/0/com.hht.lebocast/files/hpplay/file', lelinkfp=1, lelinkfp2=0, logBaseState=1, logPath='/storage/emulated/0/com.hht.lebocast/sink/sdk/common', , mdnsEnable=1, mirrorSyncType=0, netCastVer='2.0', packageName='com.hht.lebocast', packagePath='/data/user/0/com.hht.lebocast', permissionDid='16:ea:96:86:7a:e8', permissionMode=3, permissionPreSN='', port=0, preemptMode=0, regType='_leboremote._tcp.', serverPorts=null, sockWaitTimeOut=45, teleControlPort=53388, tunnels=3, txtKeys=null, txtValues=null, uid='-913091833151951066', videoFrameType=1001, width=1920}com.hpplay.sdk.sink.protocol.InParameters@a751d8b
12-01 03:58:37.972 I/hpplay-java( 3306): [main]:Bridge:findServiceID end
12-01 03:58:37.972 E/hpplay-java( 3306): [main]:ServerTaskManager:onError 204/-2002 com.hht.lebocast.LelinkHelper$e@a7c8e4b
12-01 03:58:37.972 I/hpplay-java( 3306): [main]:ServerTaskManager:cancelTimeOutCheck
12-01 03:58:37.973 W/hpplay-java( 3306): [main]:ServerTaskManager:onErrorDispatcher errorCode:-2002
12-01 03:58:37.973 I/hpplay-java( 3306): [main]:ServerTaskManager:onError retry later
12-01 03:58:37.982 I/hpplay-base( 3306): [LelinkReceiver:14605] _connectionFinalize (105)
12-01 03:58:37.983 D/hpplay-base( 3306): [LelinkReceiver:14752] ###connectionFinalize,release ok!!###
12-01 03:58:37.987 I/WifiService( 1525): allowConnectOnPartialScanResults=false uid=1000
12-01 03:58:37.989 I/wm_on_stop_called( 2926): [226233913,com.android.settings.Settings,STOP_ACTIVITY_ITEM]
12-01 03:58:37.995 W/Choreographer( 1525): Frame time is 0.201089 ms in the future! Check that graphics HAL is generating vsync timestamps using the correct timebase.
12-01 03:58:37.995 W/Choreographer( 2849): Frame time is 0.158381 ms in the future! Check that graphics HAL is generating vsync timestamps using the correct timebase.
12-01 03:58:37.995 W/Choreographer( 2372): Frame time is 0.13812 ms in the future! Check that graphics HAL is generating vsync timestamps using the correct timebase.
12-01 03:58:38.006 I/GameMode_ActivityMonitoringService( 4299): onForegroundActivitiesChanged uid 1000 pid 2926 fg false
12-01 03:58:38.012 I/GameMode_ActivityMonitoringService( 4299): Updating top task to: TaskInfoContainer [topActivity=ComponentInfo{com.android.launcher3/com.android.launcher3.uioverrides.QuickstepLauncher}, taskId=10, stackId=1, userId=0, displayId=0, position=12
12-01 03:58:38.012 I/GameMode_ActivityMonitoringService( 4299): Notifying about top task: TaskInfoContainer [topActivity=ComponentInfo{com.android.launcher3/com.android.launcher3.uioverrides.QuickstepLauncher}, taskId=10, stackId=1, userId=0, displayId=0, position=12
12-01 03:58:38.012 E/GameMode_ActivityMonitoringService( 4299): onActivityLaunch:com.android.launcher3
12-01 03:58:38.012 V/GameMode_GameTypeUtils( 4299): judge isGame:com.android.launcher3
12-01 03:58:38.013 V/GameMode_GpuUtils( 4299): fps:60
12-01 03:58:38.016 D/GameMode_GameModeActionUtils( 4299): Show GameMode entry by service!
12-01 03:58:38.016 W/ContextImpl( 4299): Calling a method in the system process without a qualified user: android.app.ContextImpl.startService:1816 android.content.ContextWrapper.startService:774 com.thundercomm.gamemode.ingame.services.GameModeActionUtils.startGameModeService:93 com.thundercomm.gamemode.ingame.services.GameModeActionUtils.startGameModeEntry:21 com.thundercomm.gamemode.ingame.services.ActivityMonitoringService$1.onActivityLaunch:127
12-01 03:58:38.020 D/GameModeIF_GameModeSettings( 4299): getUriFor setting_content_uri_root = content://com.thundercomm.gamemode.api/gamemode_settings , name = gamemode_isgaming
12-01 03:58:38.020 D/GameMode_GameModeService( 4299): type=hide_entry
12-01 03:58:38.023 I/GameModeConfig( 1525): Current uri is uri = content://com.thundercomm.gamemode.api/gamemode_settings/gamemode_isgaming
12-01 03:58:38.023 D/GameModeIF_GameModeSettings( 1525): getUriFor setting_content_uri_root = content://com.thundercomm.gamemode.api/gamemode_settings , name = gamemode_isgaming
12-01 03:58:38.025 I/GameModeConfig( 1525): isGameModeOn = false
12-01 03:58:38.025 I/GameModeConfig( 1525): isGameModeOn = false
12-01 03:58:38.025 I/GameModeConfig( 1525): isDisableVoice = true
12-01 03:58:38.026 D/GameModeIF_GameModeSettings( 4299): gamemode_isgaming set to 0
12-01 03:58:38.026 D/GameMode_GameSettingsObserver( 4299): Game Data change!!!! uri = content://com.thundercomm.gamemode.api/gamemode_settings/gamemode_isgaming
12-01 03:58:38.026 D/GameModeIF_GameModeSettings( 4299): getUriFor setting_content_uri_root = content://com.thundercomm.gamemode.api/gamemode_settings , name = gamemode_isgaming
12-01 03:58:38.029 D/GameMode_GameModeService( 4299): updateGlobalSettings = gamemode_isgaming
12-01 03:58:38.036 W/System ( 1525): A resource failed to call close.
12-01 03:58:38.036 W/System ( 1525): A resource failed to call close.
12-01 03:58:38.037 W/System ( 1525): A resource failed to call close.
12-01 03:58:38.045 D/MicroService( 2567): start reader thread, mServerIp = 192.168.43.97, mServerPort = 9999
12-01 03:58:38.050 I/GameMode_ActivityMonitoringService( 4299): onTaskStackChanged
12-01 03:58:38.052 D/MicroService( 2567): run: called
12-01 03:58:38.052 D/MicroService( 2567): getEvent: start waiting...
12-01 03:58:38.057 I/GameMode_ActivityMonitoringService( 4299): Updating top task to: TaskInfoContainer [topActivity=ComponentInfo{com.android.launcher3/com.android.launcher3.uioverrides.QuickstepLauncher}, taskId=10, stackId=1, userId=0, displayId=0, position=12
12-01 03:58:38.057 I/GameMode_ActivityMonitoringService( 4299): Notifying about top task: TaskInfoContainer [topActivity=ComponentInfo{com.android.launcher3/com.android.launcher3.uioverrides.QuickstepLauncher}, taskId=10, stackId=1, userId=0, displayId=0, position=12
12-01 03:58:38.057 E/GameMode_ActivityMonitoringService( 4299): onActivityLaunch:com.android.launcher3
12-01 03:58:38.057 V/GameMode_GameTypeUtils( 4299): judge isGame:com.android.launcher3
12-01 03:58:38.057 V/GameMode_GpuUtils( 4299): fps:60
12-01 03:58:38.061 D/GameMode_GameModeActionUtils( 4299): Show GameMode entry by service!
12-01 03:58:38.062 W/ContextImpl( 4299): Calling a method in the system process without a qualified user: android.app.ContextImpl.startService:1816 android.content.ContextWrapper.startService:774 com.thundercomm.gamemode.ingame.services.GameModeActionUtils.startGameModeService:93 com.thundercomm.gamemode.ingame.services.GameModeActionUtils.startGameModeEntry:21 com.thundercomm.gamemode.ingame.services.ActivityMonitoringService$1.onActivityLaunch:127
12-01 03:58:38.064 D/GameModeIF_GameModeSettings( 4299): getUriFor setting_content_uri_root = content://com.thundercomm.gamemode.api/gamemode_settings , name = gamemode_isgaming
12-01 03:58:38.065 I/GameModeConfig( 1525): Current uri is uri = content://com.thundercomm.gamemode.api/gamemode_settings/gamemode_isgaming
12-01 03:58:38.065 D/GameModeIF_GameModeSettings( 1525): getUriFor setting_content_uri_root = content://com.thundercomm.gamemode.api/gamemode_settings , name = gamemode_isgaming
12-01 03:58:38.066 D/GameModeIF_GameModeSettings( 4299): gamemode_isgaming set to 0
12-01 03:58:38.067 D/GameMode_GameSettingsObserver( 4299): Game Data change!!!! uri = content://com.thundercomm.gamemode.api/gamemode_settings/gamemode_isgaming
12-01 03:58:38.067 D/GameModeIF_GameModeSettings( 4299): getUriFor setting_content_uri_root = content://com.thundercomm.gamemode.api/gamemode_settings , name = gamemode_isgaming
12-01 03:58:38.068 I/GameModeConfig( 1525): isGameModeOn = false
12-01 03:58:38.068 I/GameModeConfig( 1525): isGameModeOn = false
12-01 03:58:38.068 I/GameModeConfig( 1525): isDisableVoice = true
12-01 03:58:38.069 D/GameMode_GameModeService( 4299): type=hide_entry
12-01 03:58:38.072 D/GameMode_GameModeService( 4299): updateGlobalSettings = gamemode_isgaming
12-01 03:58:38.090 I/mpu_uart( 646): [MSG-P:RECV]:No message received in 1000 ms
12-01 03:58:38.124 I/hpplay-java( 3306): [AsyncTask #43]:HttpRequest:doGet responseCode:200 0
12-01 03:58:38.225 D/RemoteControlService( 2766): start reader thread, mServerIp = 192.168.43.97, mServerPort = 12600
12-01 03:58:38.228 D/RemoteControlService( 2766): run: called
12-01 03:58:38.228 D/RemoteControlService( 2766): getEvent: start waiting...
12-01 03:58:38.651 I/auditd ( 0): type=1400 audit(0.0:357): avc: denied { kill } for comm="swapper/2" capability=5 scontext=u:r:kernel:s0 tcontext=u:r:kernel:s0 tclass=capability permissive=0
12-01 03:58:38.651 W/swapper/2( 0): type=1400 audit(0.0:357): avc: denied { kill } for capability=5 scontext=u:r:kernel:s0 tcontext=u:r:kernel:s0 tclass=capability permissive=0
12-01 03:58:39.090 I/mpu_uart( 646): [MSG-P:RECV]:No message received in 1000 ms
12-01 03:58:39.292 I/input_interaction( 1525): Interaction with: 86bb27f StatusBar (server), edge-swipe (server), swipe-up (server), PointerEventDispatcher0 (server),
12-01 03:58:39.299 I/sysui_multi_action( 2372): [757,803,799,panel_open,802,1]
12-01 03:58:39.301 I/sysui_multi_action( 2372): [757,1328,758,4,1326,45,1327,4,1329,0]
12-01 03:58:39.341 I/sysui_multi_action( 1525): [757,127,758,1]
12-01 03:58:39.341 D/StatusBar( 2372): disable disable2
12-01 03:58:39.341 I/sysui_multi_action( 1525): [757,804,799,note_load,801,2,802,1]
12-01 03:58:39.341 I/notification_panel_revealed( 1525): 2
12-01 03:58:39.343 I/GameModeConfig( 1525): isGameModeOn = false
12-01 03:58:39.344 I/GameModeConfig( 1525): isGameModeOn = false
12-01 03:58:39.344 I/GameModeConfig( 1525): isGameModeOn = false
12-01 03:58:39.344 I/GameModeConfig( 1525): isGameModeOn = false
12-01 03:58:39.345 I/notification_enqueue( 1525): [10080,2372,com.android.systemui,2048,NULL,0,Notification(channel=updateNotification shortcut=null contentView=null vibrate=null sound=null defaults=0x0 flags=0x0 color=0x00000000 vis=PRIVATE),1]
12-01 03:58:39.345 I/sysui_multi_action( 2372): [757,111,758,2]
12-01 03:58:39.346 I/sysui_multi_action( 2372): [757,111,758,2]
12-01 03:58:39.355 W/RingtonePlayer( 2372): STOP command without a player
12-01 03:58:39.364 I/input_focus( 1525): [Focus request 27f5852 NotificationShade,reason=UpdateInputWindows]
12-01 03:58:39.368 I/sysui_multi_action( 2372): [757,111,758,1]
12-01 03:58:39.368 I/sysui_multi_action( 2372): [757,126,758,1,759,126,927,0,928,1,1593,0]
12-01 03:58:39.368 I/sysui_multi_action( 2372): [757,113,758,1,759,113,927,1,928,1,1593,0]
12-01 03:58:39.368 I/sysui_multi_action( 2372): [757,0,758,1,759,0,927,2,928,0,1593,0]
12-01 03:58:39.369 I/sysui_multi_action( 2372): [757,0,758,1,759,0,927,3,928,0,1593,0]
12-01 03:58:39.369 I/sysui_multi_action( 2372): [757,491,758,1,759,491,927,4,928,0,1311,-1,1593,0]
12-01 03:58:39.369 I/sysui_multi_action( 2372): [757,0,758,1,759,0,927,5,928,0,1593,0]
12-01 03:58:39.369 I/sysui_multi_action( 2372): [757,111,758,1]
12-01 03:58:39.369 I/sysui_multi_action( 2372): [757,126,758,1,759,126,927,0,928,1,1593,0]
12-01 03:58:39.369 I/sysui_multi_action( 2372): [757,113,758,1,759,113,927,1,928,1,1593,0]
12-01 03:58:39.369 I/sysui_multi_action( 2372): [757,0,758,1,759,0,927,2,928,0,1593,0]
12-01 03:58:39.370 I/sysui_multi_action( 2372): [757,0,758,1,759,0,927,3,928,0,1593,0]
12-01 03:58:39.373 W/View ( 2372): requestLayout() improperly called by com.android.systemui.util.animation.UniqueObjectHostView{af0c01e V.E...... ......ID 0,0-636,344} during layout: running second layout pass
12-01 03:58:39.385 I/sysui_multi_action( 2372): [757,111,758,2]
12-01 03:58:39.385 I/input_focus( 1525): [Focus leaving 56534c8 com.android.launcher3/com.android.launcher3.uioverrides.QuickstepLauncher (server),reason=Waiting for window because NOT_VISIBLE]
12-01 03:58:39.385 I/notification_enqueue( 1525): [10080,2372,com.android.systemui,2048,NULL,0,Notification(channel=updateNotification shortcut=null contentView=null vibrate=null sound=null defaults=0x0 flags=0x0 color=0x00000000 vis=PRIVATE),1]
12-01 03:58:39.385 I/sysui_multi_action( 2372): [757,111,758,2]
12-01 03:58:39.386 I/GameModeConfig( 1525): isGameModeOn = false
12-01 03:58:39.387 I/GameModeConfig( 1525): isGameModeOn = false
12-01 03:58:39.387 I/GameModeConfig( 1525): isGameModeOn = false
12-01 03:58:39.387 I/GameModeConfig( 1525): isGameModeOn = false
12-01 03:58:39.391 I/sysui_multi_action( 2372): [757,111,758,1]
12-01 03:58:39.391 I/sysui_multi_action( 2372): [757,126,758,1,759,126,927,0,928,1,1593,0]
12-01 03:58:39.391 I/sysui_multi_action( 2372): [757,113,758,1,759,113,927,1,928,1,1593,0]
12-01 03:58:39.391 I/sysui_multi_action( 2372): [757,0,758,1,759,0,927,2,928,0,1593,0]
12-01 03:58:39.391 I/sysui_multi_action( 2372): [757,0,758,1,759,0,927,3,928,0,1593,0]
12-01 03:58:39.392 I/sysui_multi_action( 2372): [757,491,758,1,759,491,927,4,928,0,1311,-1,1593,0]
12-01 03:58:39.392 I/sysui_multi_action( 2372): [757,0,758,1,759,0,927,5,928,0,1593,0]
12-01 03:58:39.392 I/sysui_multi_action( 2372): [757,111,758,1]
12-01 03:58:39.392 I/sysui_multi_action( 2372): [757,126,758,1,759,126,927,0,928,1,1593,0]
12-01 03:58:39.392 I/sysui_multi_action( 2372): [757,113,758,1,759,113,927,1,928,1,1593,0]
12-01 03:58:39.392 I/sysui_multi_action( 2372): [757,0,758,1,759,0,927,2,928,0,1593,0]
12-01 03:58:39.392 I/sysui_multi_action( 2372): [757,0,758,1,759,0,927,3,928,0,1593,0]
12-01 03:58:39.395 W/View ( 2372): requestLayout() improperly called by com.android.systemui.util.animation.UniqueObjectHostView{af0c01e V.E...... ......ID 0,0-636,344} during layout: running second layout pass
12-01 03:58:39.400 I/input_focus( 1525): [Focus entering 27f5852 NotificationShade (server),reason=Window became focusable. Previous reason: NOT_VISIBLE]
12-01 03:58:39.417 I/GameModeConfig( 1525): isGameModeOn = false
12-01 03:58:39.418 I/GameModeConfig( 1525): isGameModeOn = false
12-01 03:58:39.418 I/GameModeConfig( 1525): isGameModeOn = false
12-01 03:58:39.418 I/GameModeConfig( 1525): isGameModeOn = false
12-01 03:58:39.419 I/sysui_multi_action( 2372): [757,111,758,2]
12-01 03:58:39.419 I/sysui_multi_action( 2372): [757,111,758,2]
12-01 03:58:39.423 I/notification_enqueue( 1525): [10080,2372,com.android.systemui,2048,NULL,0,Notification(channel=updateNotification shortcut=null contentView=null vibrate=null sound=null defaults=0x0 flags=0x0 color=0x00000000 vis=PRIVATE),1]
12-01 03:58:39.427 I/sysui_multi_action( 2372): [757,111,758,1]
12-01 03:58:39.427 I/sysui_multi_action( 2372): [757,126,758,1,759,126,927,0,928,1,1593,0]
12-01 03:58:39.427 I/sysui_multi_action( 2372): [757,113,758,1,759,113,927,1,928,1,1593,0]
12-01 03:58:39.427 I/sysui_multi_action( 2372): [757,0,758,1,759,0,927,2,928,0,1593,0]
12-01 03:58:39.427 I/sysui_multi_action( 2372): [757,0,758,1,759,0,927,3,928,0,1593,0]
12-01 03:58:39.428 I/sysui_multi_action( 2372): [757,491,758,1,759,491,927,4,928,0,1311,-1,1593,0]
12-01 03:58:39.428 I/sysui_multi_action( 2372): [757,0,758,1,759,0,927,5,928,0,1593,0]
12-01 03:58:39.428 I/sysui_multi_action( 2372): [757,111,758,1]
12-01 03:58:39.428 I/sysui_multi_action( 2372): [757,126,758,1,759,126,927,0,928,1,1593,0]
12-01 03:58:39.428 I/sysui_multi_action( 2372): [757,113,758,1,759,113,927,1,928,1,1593,0]
12-01 03:58:39.428 I/sysui_multi_action( 2372): [757,0,758,1,759,0,927,2,928,0,1593,0]
12-01 03:58:39.428 I/sysui_multi_action( 2372): [757,0,758,1,759,0,927,3,928,0,1593,0]
12-01 03:58:39.430 W/View ( 2372): requestLayout() improperly called by android.widget.TextView{b3e1c15 V.ED..... ..S...ID 0,27-148,54 #7f0b00a4 app:id/app_label} during layout: running second layout pass
12-01 03:58:39.431 W/View ( 2372): requestLayout() improperly called by com.android.systemui.util.animation.UniqueObjectHostView{af0c01e V.E...... ......ID 0,0-636,344} during layout: running second layout pass
12-01 03:58:39.438 I/GameModeConfig( 1525): isGameModeOn = false
12-01 03:58:39.439 I/GameModeConfig( 1525): isGameModeOn = false
12-01 03:58:39.439 I/GameModeConfig( 1525): isGameModeOn = false
12-01 03:58:39.439 I/GameModeConfig( 1525): isGameModeOn = false
12-01 03:58:39.440 I/sysui_multi_action( 2372): [757,111,758,2]
12-01 03:58:39.440 I/notification_enqueue( 1525): [10080,2372,com.android.systemui,2048,NULL,0,Notification(channel=updateNotification shortcut=null contentView=null vibrate=null sound=null defaults=0x0 flags=0x0 color=0x00000000 vis=PRIVATE),1]
12-01 03:58:39.440 I/sysui_multi_action( 2372): [757,111,758,2]
12-01 03:58:39.444 I/sysui_multi_action( 2372): [757,111,758,1]
12-01 03:58:39.444 I/sysui_multi_action( 2372): [757,126,758,1,759,126,927,0,928,1,1593,0]
12-01 03:58:39.444 I/sysui_multi_action( 2372): [757,113,758,1,759,113,927,1,928,1,1593,0]
12-01 03:58:39.445 I/sysui_multi_action( 2372): [757,0,758,1,759,0,927,2,928,0,1593,0]
12-01 03:58:39.445 I/sysui_multi_action( 2372): [757,0,758,1,759,0,927,3,928,0,1593,0]
12-01 03:58:39.445 I/sysui_multi_action( 2372): [757,491,758,1,759,491,927,4,928,0,1311,-1,1593,0]
12-01 03:58:39.445 I/sysui_multi_action( 2372): [757,0,758,1,759,0,927,5,928,0,1593,0]
12-01 03:58:39.445 I/sysui_multi_action( 2372): [757,111,758,1]
12-01 03:58:39.445 I/sysui_multi_action( 2372): [757,126,758,1,759,126,927,0,928,1,1593,0]
12-01 03:58:39.445 I/sysui_multi_action( 2372): [757,113,758,1,759,113,927,1,928,1,1593,0]
12-01 03:58:39.445 I/sysui_multi_action( 2372): [757,0,758,1,759,0,927,2,928,0,1593,0]
12-01 03:58:39.445 I/sysui_multi_action( 2372): [757,0,758,1,759,0,927,3,928,0,1593,0]
12-01 03:58:39.447 W/View ( 2372): requestLayout() improperly called by android.widget.TextView{b3e1c15 V.ED..... ..S...ID 0,27-148,54 #7f0b00a4 app:id/app_label} during layout: running second layout pass
12-01 03:58:39.447 W/View ( 2372): requestLayout() improperly called by com.android.systemui.util.animation.UniqueObjectHostView{af0c01e V.E...... ......ID 0,0-636,344} during layout: running second layout pass
12-01 03:58:39.452 W/View ( 2372): requestLayout() improperly called by android.widget.TextView{b3e1c15 V.ED..... ..S..... 0,27-148,54 #7f0b00a4 app:id/app_label} during second layout pass: posting in next frame
12-01 03:58:39.454 I/GameModeConfig( 1525): isGameModeOn = false
12-01 03:58:39.454 I/GameModeConfig( 1525): isGameModeOn = false
12-01 03:58:39.455 I/GameModeConfig( 1525): isGameModeOn = false
12-01 03:58:39.455 I/GameModeConfig( 1525): isGameModeOn = false
12-01 03:58:39.456 I/sysui_multi_action( 2372): [757,111,758,2]
12-01 03:58:39.456 I/sysui_multi_action( 2372): [757,111,758,2]
12-01 03:58:39.456 I/notification_enqueue( 1525): [10080,2372,com.android.systemui,2048,NULL,0,Notification(channel=updateNotification shortcut=null contentView=null vibrate=null sound=null defaults=0x0 flags=0x0 color=0x00000000 vis=PRIVATE),1]
12-01 03:58:39.460 I/sysui_multi_action( 2372): [757,111,758,1]
12-01 03:58:39.460 I/sysui_multi_action( 2372): [757,126,758,1,759,126,927,0,928,1,1593,0]
12-01 03:58:39.460 I/sysui_multi_action( 2372): [757,113,758,1,759,113,927,1,928,1,1593,0]
12-01 03:58:39.460 I/sysui_multi_action( 2372): [757,0,758,1,759,0,927,2,928,0,1593,0]
12-01 03:58:39.460 I/sysui_multi_action( 2372): [757,0,758,1,759,0,927,3,928,0,1593,0]
12-01 03:58:39.460 I/sysui_multi_action( 2372): [757,491,758,1,759,491,927,4,928,0,1311,-1,1593,0]
12-01 03:58:39.460 I/sysui_multi_action( 2372): [757,0,758,1,759,0,927,5,928,0,1593,0]
12-01 03:58:39.461 I/sysui_multi_action( 2372): [757,111,758,1]
12-01 03:58:39.461 I/sysui_multi_action( 2372): [757,126,758,1,759,126,927,0,928,1,1593,0]
12-01 03:58:39.461 I/sysui_multi_action( 2372): [757,113,758,1,759,113,927,1,928,1,1593,0]
12-01 03:58:39.461 I/sysui_multi_action( 2372): [757,0,758,1,759,0,927,2,928,0,1593,0]
12-01 03:58:39.461 I/sysui_multi_action( 2372): [757,0,758,1,759,0,927,3,928,0,1593,0]
12-01 03:58:39.463 W/View ( 2372): requestLayout() improperly called by android.widget.TextView{b3e1c15 V.ED..... ..S...ID 0,27-148,54 #7f0b00a4 app:id/app_label} during layout: running second layout pass
12-01 03:58:39.463 W/View ( 2372): requestLayout() improperly called by com.android.systemui.util.animation.UniqueObjectHostView{af0c01e V.E...... ......ID 0,0-636,344} during layout: running second layout pass
12-01 03:58:39.468 W/View ( 2372): requestLayout() improperly called by android.widget.TextView{b3e1c15 V.ED..... ..S..... 0,27-148,54 #7f0b00a4 app:id/app_label} during second layout pass: posting in next frame
12-01 03:58:39.470 I/GameModeConfig( 1525): isGameModeOn = false
12-01 03:58:39.470 I/GameModeConfig( 1525): isGameModeOn = false
12-01 03:58:39.470 I/GameModeConfig( 1525): isGameModeOn = false
12-01 03:58:39.471 I/GameModeConfig( 1525): isGameModeOn = false
12-01 03:58:39.472 I/sysui_multi_action( 2372): [757,111,758,2]
12-01 03:58:39.472 I/sysui_multi_action( 2372): [757,111,758,2]
12-01 03:58:39.473 I/notification_enqueue( 1525): [10080,2372,com.android.systemui,2048,NULL,0,Notification(channel=updateNotification shortcut=null contentView=null vibrate=null sound=null defaults=0x0 flags=0x0 color=0x00000000 vis=PRIVATE),1]
12-01 03:58:39.476 I/sysui_multi_action( 2372): [757,111,758,1]
12-01 03:58:39.476 I/sysui_multi_action( 2372): [757,126,758,1,759,126,927,0,928,1,1593,0]
12-01 03:58:39.476 I/sysui_multi_action( 2372): [757,113,758,1,759,113,927,1,928,1,1593,0]
12-01 03:58:39.476 I/sysui_multi_action( 2372): [757,0,758,1,759,0,927,2,928,0,1593,0]
12-01 03:58:39.476 I/sysui_multi_action( 2372): [757,0,758,1,759,0,927,3,928,0,1593,0]
12-01 03:58:39.477 I/sysui_multi_action( 2372): [757,491,758,1,759,491,927,4,928,0,1311,-1,1593,0]
12-01 03:58:39.477 I/sysui_multi_action( 2372): [757,0,758,1,759,0,927,5,928,0,1593,0]
12-01 03:58:39.477 I/sysui_multi_action( 2372): [757,111,758,1]
12-01 03:58:39.477 I/sysui_multi_action( 2372): [757,126,758,1,759,126,927,0,928,1,1593,0]
12-01 03:58:39.477 I/sysui_multi_action( 2372): [757,113,758,1,759,113,927,1,928,1,1593,0]
12-01 03:58:39.477 I/sysui_multi_action( 2372): [757,0,758,1,759,0,927,2,928,0,1593,0]
12-01 03:58:39.477 I/sysui_multi_action( 2372): [757,0,758,1,759,0,927,3,928,0,1593,0]
12-01 03:58:39.479 W/View ( 2372): requestLayout() improperly called by android.widget.TextView{b3e1c15 V.ED..... ..S...ID 0,27-148,54 #7f0b00a4 app:id/app_label} during layout: running second layout pass
12-01 03:58:39.479 W/View ( 2372): requestLayout() improperly called by com.android.systemui.util.animation.UniqueObjectHostView{af0c01e V.E...... ......ID 0,0-636,344} during layout: running second layout pass
12-01 03:58:39.499 W/View ( 2372): requestLayout() improperly called by android.widget.TextView{b3e1c15 V.ED..... ..S..... 0,27-148,54 #7f0b00a4 app:id/app_label} during second layout pass: posting in next frame
12-01 03:58:39.501 I/GameModeConfig( 1525): isGameModeOn = false
12-01 03:58:39.501 I/GameModeConfig( 1525): isGameModeOn = false
12-01 03:58:39.502 I/GameModeConfig( 1525): isGameModeOn = false
12-01 03:58:39.502 I/GameModeConfig( 1525): isGameModeOn = false
12-01 03:58:39.503 I/sysui_multi_action( 2372): [757,111,758,2]
12-01 03:58:39.503 I/notification_enqueue( 1525): [10080,2372,com.android.systemui,2048,NULL,0,Notification(channel=updateNotification shortcut=null contentView=null vibrate=null sound=null defaults=0x0 flags=0x0 color=0x00000000 vis=PRIVATE),1]
12-01 03:58:39.503 I/sysui_multi_action( 2372): [757,111,758,2]
12-01 03:58:39.507 I/sysui_multi_action( 2372): [757,111,758,1]
12-01 03:58:39.507 I/sysui_multi_action( 2372): [757,126,758,1,759,126,927,0,928,1,1593,0]
12-01 03:58:39.507 I/sysui_multi_action( 2372): [757,113,758,1,759,113,927,1,928,1,1593,0]
12-01 03:58:39.507 I/sysui_multi_action( 2372): [757,0,758,1,759,0,927,2,928,0,1593,0]
12-01 03:58:39.507 I/sysui_multi_action( 2372): [757,0,758,1,759,0,927,3,928,0,1593,0]
12-01 03:58:39.507 I/sysui_multi_action( 2372): [757,491,758,1,759,491,927,4,928,0,1311,-1,1593,0]
12-01 03:58:39.507 I/OpenGLRenderer( 2372): Davey! duration=9223371697311ms; Flags=0, FrameTimelineVsyncId=15765, IntendedVsync=339542878481, Vsync=339542878481, InputEventId=0, HandleInputStart=339546767941, AnimationStart=339552346795, PerformTraversalsStart=339552651483, DrawStart=339558688566, FrameDeadline=339576211813, FrameInterval=339546765910, FrameStartTime=16666666, SyncQueued=339559436691, SyncStart=339559492264, IssueDrawCommandsStart=339559684712, SwapBuffers=339575408045, FrameCompleted=9223372036854775807, DequeueBufferDuration=14219, QueueBufferDuration=840833, GpuCompleted=9223372036854775807, SwapBuffersCompleted=339576546170, DisplayPresentTime=0,
12-01 03:58:39.507 I/sysui_multi_action( 2372): [757,0,758,1,759,0,927,5,928,0,1593,0]
12-01 03:58:39.507 I/sysui_multi_action( 2372): [757,111,758,1]
12-01 03:58:39.507 I/sysui_multi_action( 2372): [757,126,758,1,759,126,927,0,928,1,1593,0]
12-01 03:58:39.507 I/sysui_multi_action( 2372): [757,113,758,1,759,113,927,1,928,1,1593,0]
12-01 03:58:39.507 I/sysui_multi_action( 2372): [757,0,758,1,759,0,927,2,928,0,1593,0]
12-01 03:58:39.507 I/sysui_multi_action( 2372): [757,0,758,1,759,0,927,3,928,0,1593,0]
12-01 03:58:39.509 W/View ( 2372): requestLayout() improperly called by android.widget.TextView{b3e1c15 V.ED..... ..S...ID 0,27-148,54 #7f0b00a4 app:id/app_label} during layout: running second layout pass
12-01 03:58:39.509 W/View ( 2372): requestLayout() improperly called by com.android.systemui.util.animation.UniqueObjectHostView{af0c01e V.E...... ......ID 0,0-636,344} during layout: running second layout pass
12-01 03:58:39.517 W/View ( 2372): requestLayout() improperly called by android.widget.TextView{b3e1c15 V.ED..... ..S..... 0,27-148,54 #7f0b00a4 app:id/app_label} during second layout pass: posting in next frame
12-01 03:58:39.519 I/GameModeConfig( 1525): isGameModeOn = false
12-01 03:58:39.519 I/GameModeConfig( 1525): isGameModeOn = false
12-01 03:58:39.519 I/GameModeConfig( 1525): isGameModeOn = false
12-01 03:58:39.519 I/GameModeConfig( 1525): isGameModeOn = false
12-01 03:58:39.520 I/sysui_multi_action( 2372): [757,111,758,2]
12-01 03:58:39.520 I/sysui_multi_action( 2372): [757,111,758,2]
12-01 03:58:39.520 I/notification_enqueue( 1525): [10080,2372,com.android.systemui,2048,NULL,0,Notification(channel=updateNotification shortcut=null contentView=null vibrate=null sound=null defaults=0x0 flags=0x0 color=0x00000000 vis=PRIVATE),1]
12-01 03:58:39.524 I/sysui_multi_action( 2372): [757,111,758,1]
12-01 03:58:39.524 I/sysui_multi_action( 2372): [757,126,758,1,759,126,927,0,928,1,1593,0]
12-01 03:58:39.524 I/sysui_multi_action( 2372): [757,113,758,1,759,113,927,1,928,1,1593,0]
12-01 03:58:39.524 I/sysui_multi_action( 2372): [757,0,758,1,759,0,927,2,928,0,1593,0]
12-01 03:58:39.524 I/sysui_multi_action( 2372): [757,0,758,1,759,0,927,3,928,0,1593,0]
12-01 03:58:39.524 I/sysui_multi_action( 2372): [757,491,758,1,759,491,927,4,928,0,1311,-1,1593,0]
12-01 03:58:39.524 I/sysui_multi_action( 2372): [757,0,758,1,759,0,927,5,928,0,1593,0]
12-01 03:58:39.524 I/sysui_multi_action( 2372): [757,111,758,1]
12-01 03:58:39.524 I/sysui_multi_action( 2372): [757,126,758,1,759,126,927,0,928,1,1593,0]
12-01 03:58:39.524 I/sysui_multi_action( 2372): [757,113,758,1,759,113,927,1,928,1,1593,0]
12-01 03:58:39.524 I/sysui_multi_action( 2372): [757,0,758,1,759,0,927,2,928,0,1593,0]
12-01 03:58:39.524 I/sysui_multi_action( 2372): [757,0,758,1,759,0,927,3,928,0,1593,0]
12-01 03:58:39.526 W/View ( 2372): requestLayout() improperly called by android.widget.TextView{b3e1c15 V.ED..... ..S...ID 0,27-148,54 #7f0b00a4 app:id/app_label} during layout: running second layout pass
12-01 03:58:39.526 W/View ( 2372): requestLayout() improperly called by com.android.systemui.util.animation.UniqueObjectHostView{af0c01e V.E...... ......ID 0,0-636,344} during layout: running second layout pass
12-01 03:58:39.532 W/View ( 2372): requestLayout() improperly called by android.widget.TextView{b3e1c15 V.ED..... ..S..... 0,27-148,54 #7f0b00a4 app:id/app_label} during second layout pass: posting in next frame
12-01 03:58:39.534 I/GameModeConfig( 1525): isGameModeOn = false
12-01 03:58:39.534 I/GameModeConfig( 1525): isGameModeOn = false
12-01 03:58:39.534 I/GameModeConfig( 1525): isGameModeOn = false
12-01 03:58:39.534 I/GameModeConfig( 1525): isGameModeOn = false
12-01 03:58:39.535 I/sysui_multi_action( 2372): [757,111,758,2]
12-01 03:58:39.535 I/sysui_multi_action( 2372): [757,111,758,2]
12-01 03:58:39.535 I/notification_enqueue( 1525): [10080,2372,com.android.systemui,2048,NULL,0,Notification(channel=updateNotification shortcut=null contentView=null vibrate=null sound=null defaults=0x0 flags=0x0 color=0x00000000 vis=PRIVATE),1]
12-01 03:58:39.539 I/sysui_multi_action( 2372): [757,111,758,1]
12-01 03:58:39.539 I/sysui_multi_action( 2372): [757,126,758,1,759,126,927,0,928,1,1593,0]
12-01 03:58:39.539 I/sysui_multi_action( 2372): [757,113,758,1,759,113,927,1,928,1,1593,0]
12-01 03:58:39.539 I/sysui_multi_action( 2372): [757,0,758,1,759,0,927,2,928,0,1593,0]
12-01 03:58:39.539 I/sysui_multi_action( 2372): [757,0,758,1,759,0,927,3,928,0,1593,0]
12-01 03:58:39.539 I/sysui_multi_action( 2372): [757,491,758,1,759,491,927,4,928,0,1311,-1,1593,0]
12-01 03:58:39.539 I/sysui_multi_action( 2372): [757,0,758,1,759,0,927,5,928,0,1593,0]
12-01 03:58:39.540 I/sysui_multi_action( 2372): [757,111,758,1]
12-01 03:58:39.540 I/sysui_multi_action( 2372): [757,126,758,1,759,126,927,0,928,1,1593,0]
12-01 03:58:39.540 I/sysui_multi_action( 2372): [757,113,758,1,759,113,927,1,928,1,1593,0]
12-01 03:58:39.540 I/sysui_multi_action( 2372): [757,0,758,1,759,0,927,2,928,0,1593,0]
12-01 03:58:39.540 I/sysui_multi_action( 2372): [757,0,758,1,759,0,927,3,928,0,1593,0]
12-01 03:58:39.542 W/View ( 2372): requestLayout() improperly called by android.widget.TextView{b3e1c15 V.ED..... ..S...ID 0,27-148,54 #7f0b00a4 app:id/app_label} during layout: running second layout pass
12-01 03:58:39.542 W/View ( 2372): requestLayout() improperly called by com.android.systemui.util.animation.UniqueObjectHostView{af0c01e V.E...... ......ID 0,0-636,344} during layout: running second layout pass
12-01 03:58:39.547 I/GameModeConfig( 1525): isGameModeOn = false
12-01 03:58:39.547 W/View ( 2372): requestLayout() improperly called by android.widget.TextView{b3e1c15 V.ED..... ..S..... 0,27-148,54 #7f0b00a4 app:id/app_label} during second layout pass: posting in next frame
12-01 03:58:39.548 I/sysui_multi_action( 1525): [757,1501,758,1,793,280838,794,0,795,204,796,2048,806,com.android.systemui,857,updateNotification,858,3,947,0,1500,0,1688,1]
12-01 03:58:39.549 I/sysui_multi_action( 1525): [757,804,799,note_interruptive,801,0,802,1]
12-01 03:58:39.549 I/sysui_multi_action( 1525): [757,199,758,1,759,2,793,280839,794,0,795,205,796,2048,806,com.android.systemui,857,updateNotification,858,3,947,0,1500,1,1688,1]
12-01 03:58:39.549 I/notification_alert( 1525): [0|com.android.systemui|2048|null|10080,0,1,0]
12-01 03:58:39.551 W/NotificationHistory( 1525): Attempted to add notif for locked/gone/disabled user 0
12-01 03:58:39.551 D/Avrcp_ext( 2356): AudioManager Player: AudioPlaybackConfiguration piid:103 deviceId:0 type:android.media.SoundPool u/pid:1000/1525 state:idle attr:AudioAttributes: usage=USAGE_ASSISTANCE_SONIFICATION content=CONTENT_TYPE_SONIFICATION flags=0x800 tags= bundle=null sessionId:0
12-01 03:58:39.553 D/Avrcp_ext( 2356): AudioManager Player: AudioPlaybackConfiguration piid:111 deviceId:0 type:android.media.SoundPool u/pid:10080/2372 state:idle attr:AudioAttributes: usage=USAGE_ASSISTANCE_SONIFICATION content=CONTENT_TYPE_SONIFICATION flags=0x800 tags= bundle=null sessionId:0
12-01 03:58:39.553 D/Avrcp_ext( 2356): AudioManager Player: AudioPlaybackConfiguration piid:127 deviceId:0 type:android.media.SoundPool u/pid:1000/4299 state:idle attr:AudioAttributes: usage=USAGE_ASSISTANCE_SONIFICATION content=CONTENT_TYPE_SONIFICATION flags=0x801 tags= bundle=null sessionId:0
12-01 03:58:39.553 D/Avrcp_ext( 2356): AudioManager Player: AudioPlaybackConfiguration piid:655 deviceId:0 type:android.media.MediaPlayer u/pid:10086/5199 state:idle attr:AudioAttributes: usage=USAGE_UNKNOWN content=CONTENT_TYPE_UNKNOWN flags=0x800 tags= bundle=null sessionId:0
12-01 03:58:39.553 D/Avrcp_ext( 2356): AudioManager Player: AudioPlaybackConfiguration piid:703 deviceId:0 type:android.media.MediaPlayer u/pid:10080/2372 state:idle attr:AudioAttributes: usage=USAGE_NOTIFICATION content=CONTENT_TYPE_SONIFICATION flags=0x800 tags= bundle=null sessionId:0
12-01 03:58:39.553 D/Avrcp_ext( 2356): AudioManager isPlaying: false, mAudioPlaybackIsActive = false
12-01 03:58:39.553 D/Avrcp_ext( 2356): AudioManager Reset Active Player
12-01 03:58:39.553 W/MediaProvider( 3490): Failed to fetch original file descriptor
12-01 03:58:39.553 W/MediaProvider( 3490): java.io.IOException: stat failed: EACCES (Permission denied)
12-01 03:58:39.553 W/MediaProvider( 3490): at com.android.providers.media.MediaProvider.getFileFromFileDescriptor(MediaProvider.java:5794)
12-01 03:58:39.553 W/MediaProvider( 3490): at com.android.providers.media.MediaProvider.getOriginalMediaFormatFileDescriptor(MediaProvider.java:5711)
12-01 03:58:39.553 W/MediaProvider( 3490): at com.android.providers.media.MediaProvider.openTypedAssetFileCommon(MediaProvider.java:7134)
12-01 03:58:39.553 W/MediaProvider( 3490): at com.android.providers.media.MediaProvider.openTypedAssetFile(MediaProvider.java:7115)
12-01 03:58:39.553 W/MediaProvider( 3490): at android.content.ContentProvider$Transport.openTypedAssetFile(ContentProvider.java:548)
12-01 03:58:39.553 W/MediaProvider( 3490): at android.content.ContentProviderNative.onTransact(ContentProviderNative.java:327)
12-01 03:58:39.553 W/MediaProvider( 3490): at android.os.Binder.execTransactInternal(Binder.java:1179)
12-01 03:58:39.553 W/MediaProvider( 3490): at android.os.Binder.execTransact(Binder.java:1143)
12-01 03:58:39.553 W/MediaProvider( 3490): Caused by: android.system.ErrnoException: stat failed: EACCES (Permission denied)
12-01 03:58:39.553 W/MediaProvider( 3490): at libcore.io.Linux.stat(Native Method)
12-01 03:58:39.553 W/MediaProvider( 3490): at libcore.io.ForwardingOs.stat(ForwardingOs.java:853)
12-01 03:58:39.553 W/MediaProvider( 3490): at libcore.io.BlockGuardOs.stat(BlockGuardOs.java:420)
12-01 03:58:39.553 W/MediaProvider( 3490): at libcore.io.ForwardingOs.stat(ForwardingOs.java:853)
12-01 03:58:39.553 W/MediaProvider( 3490): at android.app.ActivityThread$AndroidOs.stat(ActivityThread.java:7780)
12-01 03:58:39.553 W/MediaProvider( 3490): at android.system.Os.stat(Os.java:919)
12-01 03:58:39.553 W/MediaProvider( 3490): at com.android.providers.media.MediaProvider.getFileFromFileDescriptor(MediaProvider.java:5788)
12-01 03:58:39.553 W/MediaProvider( 3490): ... 7 more
12-01 03:58:39.554 D/NuPlayerDriver( 1186): NuPlayerDriver(0xe4b80fb0) created, clientPid(2372)
12-01 03:58:39.559 V/GameMode_GameTypeUtils( 4299): judge isGame:com.android.launcher3
12-01 03:58:39.559 E/GameMode_GameModeNotificationListenerService( 4299): title :content :,PackageName:com.android.systemui,isGameModeOn:false,isBulletScreenOn:false,isBulletScreenPackage:false
12-01 03:58:39.559 I/ExtendedNuUtils( 1186): printFileName fd(7) -> /data/system_de/0/ringtones/notification_sound_cache
12-01 03:58:39.561 W/View ( 2372): requestLayout() improperly called by android.widget.TextView{b3e1c15 V.ED..... ..S...ID 0,27-148,54 #7f0b00a4 app:id/app_label} during second layout pass: posting in next frame
12-01 03:58:39.562 D/GenericSource( 1186): FileSource remote
12-01 03:58:39.565 I/MMParserExtractor( 1184): Created(0xb4000078ec996d30)
12-01 03:58:39.568 D/MediaBufferGroup( 1184): creating MemoryDealer
12-01 03:58:39.571 I/MediaFocusControl( 1525): requestAudioFocus() from uid/pid 10080/2372 AA=USAGE_NOTIFICATION/CONTENT_TYPE_SONIFICATION clientId=android.media.AudioManager@f7cc826 callingPack=com.android.systemui req=3 flags=0x0 sdk=31
12-01 03:58:39.571 I/AudioService.FadeOutManager( 1525): unfadeOutUid() uid:10080
12-01 03:58:39.573 D/InterruptionStateProvider( 2372): No bubble up: not allowed to bubble: 0|com.android.systemui|2048|null|10080
12-01 03:58:39.573 D/InterruptionStateProvider( 2372): No heads up: unimportant notification: 0|com.android.systemui|2048|null|10080
12-01 03:58:39.576 D/PeopleSpaceWidgetMgr( 2372): Sbn doesn't contain valid PeopleTileKey: null/0/com.android.systemui
12-01 03:58:39.587 I/GameModeConfig( 1525): isGameModeOn = false
12-01 03:58:39.588 E/NotificationService( 1525): Muting recently noisy 0|com.android.systemui|2048|null|10080
12-01 03:58:39.590 V/GameMode_GameTypeUtils( 4299): judge isGame:com.android.launcher3
12-01 03:58:39.590 E/GameMode_GameModeNotificationListenerService( 4299): title :content :,PackageName:com.android.systemui,isGameModeOn:false,isBulletScreenOn:false,isBulletScreenPackage:false
12-01 03:58:39.602 D/InterruptionStateProvider( 2372): No bubble up: not allowed to bubble: 0|com.android.systemui|2048|null|10080
12-01 03:58:39.603 D/InterruptionStateProvider( 2372): No heads up: unimportant notification: 0|com.android.systemui|2048|null|10080
12-01 03:58:39.607 D/PeopleSpaceWidgetMgr( 2372): Sbn doesn't contain valid PeopleTileKey: null/0/com.android.systemui
12-01 03:58:39.625 I/GameModeConfig( 1525): isGameModeOn = false
12-01 03:58:39.625 E/NotificationService( 1525): Muting recently noisy 0|com.android.systemui|2048|null|10080
12-01 03:58:39.627 V/GameMode_GameTypeUtils( 4299): judge isGame:com.android.launcher3
12-01 03:58:39.627 E/GameMode_GameModeNotificationListenerService( 4299): title :content :,PackageName:com.android.systemui,isGameModeOn:false,isBulletScreenOn:false,isBulletScreenPackage:false
12-01 03:58:39.627 D/InterruptionStateProvider( 2372): No bubble up: not allowed to bubble: 0|com.android.systemui|2048|null|10080
12-01 03:58:39.628 D/InterruptionStateProvider( 2372): No heads up: unimportant notification: 0|com.android.systemui|2048|null|10080
12-01 03:58:39.631 D/PeopleSpaceWidgetMgr( 2372): Sbn doesn't contain valid PeopleTileKey: null/0/com.android.systemui
12-01 03:58:39.641 I/GameModeConfig( 1525): isGameModeOn = false
12-01 03:58:39.642 E/NotificationService( 1525): Muting recently noisy 0|com.android.systemui|2048|null|10080
12-01 03:58:39.644 V/GameMode_GameTypeUtils( 4299): judge isGame:com.android.launcher3
12-01 03:58:39.644 E/GameMode_GameModeNotificationListenerService( 4299): title :content :,PackageName:com.android.systemui,isGameModeOn:false,isBulletScreenOn:false,isBulletScreenPackage:false
12-01 03:58:39.658 I/GameModeConfig( 1525): isGameModeOn = false
12-01 03:58:39.658 E/NotificationService( 1525): Muting recently noisy 0|com.android.systemui|2048|null|10080
12-01 03:58:39.660 V/GameMode_GameTypeUtils( 4299): judge isGame:com.android.launcher3
12-01 03:58:39.661 E/GameMode_GameModeNotificationListenerService( 4299): title :content :,PackageName:com.android.systemui,isGameModeOn:false,isBulletScreenOn:false,isBulletScreenPackage:false
12-01 03:58:39.673 I/GameModeConfig( 1525): isGameModeOn = false
12-01 03:58:39.674 E/NotificationService( 1525): Muting recently noisy 0|com.android.systemui|2048|null|10080
12-01 03:58:39.674 D/InterruptionStateProvider( 2372): No bubble up: not allowed to bubble: 0|com.android.systemui|2048|null|10080
12-01 03:58:39.675 D/InterruptionStateProvider( 2372): No heads up: unimportant notification: 0|com.android.systemui|2048|null|10080
12-01 03:58:39.677 V/GameMode_GameTypeUtils( 4299): judge isGame:com.android.launcher3
12-01 03:58:39.677 E/GameMode_GameModeNotificationListenerService( 4299): title :content :,PackageName:com.android.systemui,isGameModeOn:false,isBulletScreenOn:false,isBulletScreenPackage:false
12-01 03:58:39.681 D/PeopleSpaceWidgetMgr( 2372): Sbn doesn't contain valid PeopleTileKey: null/0/com.android.systemui
12-01 03:58:39.694 D/InterruptionStateProvider( 2372): No bubble up: not allowed to bubble: 0|com.android.systemui|2048|null|10080
12-01 03:58:39.694 D/InterruptionStateProvider( 2372): No heads up: unimportant notification: 0|com.android.systemui|2048|null|10080
12-01 03:58:39.699 D/PeopleSpaceWidgetMgr( 2372): Sbn doesn't contain valid PeopleTileKey: null/0/com.android.systemui
12-01 03:58:39.700 D/InterruptionStateProvider( 2372): No bubble up: not allowed to bubble: 0|com.android.systemui|2048|null|10080
12-01 03:58:39.701 D/InterruptionStateProvider( 2372): No heads up: unimportant notification: 0|com.android.systemui|2048|null|10080
12-01 03:58:39.705 I/GameModeConfig( 1525): isGameModeOn = false
12-01 03:58:39.705 D/PeopleSpaceWidgetMgr( 2372): Sbn doesn't contain valid PeopleTileKey: null/0/com.android.systemui
12-01 03:58:39.705 E/NotificationService( 1525): Muting recently noisy 0|com.android.systemui|2048|null|10080
12-01 03:58:39.708 V/GameMode_GameTypeUtils( 4299): judge isGame:com.android.launcher3
12-01 03:58:39.708 E/GameMode_GameModeNotificationListenerService( 4299): title :content :,PackageName:com.android.systemui,isGameModeOn:false,isBulletScreenOn:false,isBulletScreenPackage:false
12-01 03:58:39.721 I/GameModeConfig( 1525): isGameModeOn = false
12-01 03:58:39.722 E/NotificationService( 1525): Muting recently noisy 0|com.android.systemui|2048|null|10080
12-01 03:58:39.722 D/InterruptionStateProvider( 2372): No bubble up: not allowed to bubble: 0|com.android.systemui|2048|null|10080
12-01 03:58:39.723 D/InterruptionStateProvider( 2372): No heads up: unimportant notification: 0|com.android.systemui|2048|null|10080
12-01 03:58:39.724 V/GameMode_GameTypeUtils( 4299): judge isGame:com.android.launcher3
12-01 03:58:39.724 E/GameMode_GameModeNotificationListenerService( 4299): title :content :,PackageName:com.android.systemui,isGameModeOn:false,isBulletScreenOn:false,isBulletScreenPackage:false
12-01 03:58:39.727 D/PeopleSpaceWidgetMgr( 2372): Sbn doesn't contain valid PeopleTileKey: null/0/com.android.systemui
12-01 03:58:39.737 I/GameModeConfig( 1525): isGameModeOn = false
12-01 03:58:39.737 E/NotificationService( 1525): Muting recently noisy 0|com.android.systemui|2048|null|10080
12-01 03:58:39.740 V/GameMode_GameTypeUtils( 4299): judge isGame:com.android.launcher3
12-01 03:58:39.740 E/GameMode_GameModeNotificationListenerService( 4299): title :content :,PackageName:com.android.systemui,isGameModeOn:false,isBulletScreenOn:false,isBulletScreenPackage:false
12-01 03:58:39.755 D/InterruptionStateProvider( 2372): No bubble up: not allowed to bubble: 0|com.android.systemui|2048|null|10080
12-01 03:58:39.755 D/InterruptionStateProvider( 2372): No heads up: unimportant notification: 0|com.android.systemui|2048|null|10080
12-01 03:58:39.761 D/PeopleSpaceWidgetMgr( 2372): Sbn doesn't contain valid PeopleTileKey: null/0/com.android.systemui
12-01 03:58:39.775 D/InterruptionStateProvider( 2372): No bubble up: not allowed to bubble: 0|com.android.systemui|2048|null|10080
12-01 03:58:39.775 D/InterruptionStateProvider( 2372): No heads up: unimportant notification: 0|com.android.systemui|2048|null|10080
12-01 03:58:39.782 D/PeopleSpaceWidgetMgr( 2372): Sbn doesn't contain valid PeopleTileKey: null/0/com.android.systemui
12-01 03:58:39.889 I/sysui_multi_action( 1525): [757,128,758,1,793,262492,794,0,795,262492,796,26,798,0,806,android,857,DEVELOPER_IMPORTANT,858,4,947,0,1395,2,1500,262286,1688,1]
12-01 03:58:39.889 I/sysui_multi_action( 1525): [757,804,799,note_freshness,801,262492,802,1]
12-01 03:58:39.889 I/notification_visibility( 1525): [-1|android|26|null|1000,1,262492,262492,0,0]
12-01 03:58:39.890 I/sysui_multi_action( 1525): [757,128,758,1,793,311061,794,0,795,311061,796,32,798,1,806,android,857,USB,858,1,947,0,1395,2,1500,310857,1688,1]
12-01 03:58:39.890 I/sysui_multi_action( 1525): [757,804,799,note_freshness,801,311061,802,1]
12-01 03:58:39.890 I/notification_visibility( 1525): [-1|android|32|null|1000,1,311061,311061,0,1]
12-01 03:58:40.071 W/AudioIDCMicroNegotiator( 1525): idcm_warn: idcm control is not enable
12-01 03:58:40.073 I/GenericSource( 1186): start
12-01 03:58:40.073 D/Avrcp_ext( 2356): AudioManager Player: AudioPlaybackConfiguration piid:103 deviceId:0 type:android.media.SoundPool u/pid:1000/1525 state:idle attr:AudioAttributes: usage=USAGE_ASSISTANCE_SONIFICATION content=CONTENT_TYPE_SONIFICATION flags=0x800 tags= bundle=null sessionId:0
12-01 03:58:40.073 D/Avrcp_ext( 2356): AudioManager Player: AudioPlaybackConfiguration piid:111 deviceId:0 type:android.media.SoundPool u/pid:10080/2372 state:idle attr:AudioAttributes: usage=USAGE_ASSISTANCE_SONIFICATION content=CONTENT_TYPE_SONIFICATION flags=0x800 tags= bundle=null sessionId:0
12-01 03:58:40.073 D/Avrcp_ext( 2356): AudioManager Player: AudioPlaybackConfiguration piid:127 deviceId:0 type:android.media.SoundPool u/pid:1000/4299 state:idle attr:AudioAttributes: usage=USAGE_ASSISTANCE_SONIFICATION content=CONTENT_TYPE_SONIFICATION flags=0x801 tags= bundle=null sessionId:0
12-01 03:58:40.073 D/Avrcp_ext( 2356): AudioManager Player: AudioPlaybackConfiguration piid:655 deviceId:0 type:android.media.MediaPlayer u/pid:10086/5199 state:idle attr:AudioAttributes: usage=USAGE_UNKNOWN content=CONTENT_TYPE_UNKNOWN flags=0x800 tags= bundle=null sessionId:0
12-01 03:58:40.073 D/Avrcp_ext( 2356): AudioManager Player: AudioPlaybackConfiguration piid:703 deviceId:0 type:android.media.MediaPlayer u/pid:10080/2372 state:started attr:AudioAttributes: usage=USAGE_NOTIFICATION content=CONTENT_TYPE_SONIFICATION flags=0x800 tags= bundle=null sessionId:0
12-01 03:58:40.074 W/Utils ( 1186): track of type 'audio/vorbis' does not publish channel mask, channel count 1
12-01 03:58:40.075 D/Avrcp_ext( 2356): AudioManager Player in started state: com.android.systemui
12-01 03:58:40.075 D/Avrcp_ext( 2356): AudioManager Active Player: com.android.systemui
12-01 03:58:40.075 D/Avrcp_ext( 2356): AudioManager isPlaying: true, mAudioPlaybackIsActive = false
12-01 03:58:40.076 V/Avrcp_ext( 2356): updateCurrentMediaState: mMediaController: MediaController (com.android.systemui@a2b777e) null
12-01 03:58:40.076 W/Avrcp_ext( 2356): isMusicActive: false getBluetoothPlayState: 2 A2dp State: 11 mAudioPlaybackIsActive: true
12-01 03:58:40.077 D/Avrcp_ext( 2356): isMusicActive = false mAudioPlaybackIsActive = true player state = null
12-01 03:58:40.077 I/Avrcp_ext( 2356): Skipping update due to invalid playback state
12-01 03:58:40.078 V/Avrcp_ext( 2356): updatePlaybackState, state: null device: null
12-01 03:58:40.078 V/Avrcp_ext( 2356): Device: no name:
12-01 03:58:40.078 V/Avrcp_ext( 2356): Device: no name:
12-01 03:58:40.078 V/Avrcp_ext( 2356): Device: no name:
12-01 03:58:40.078 V/Avrcp_ext( 2356): Device: no name:
12-01 03:58:40.078 V/Avrcp_ext( 2356): Device: no name:
12-01 03:58:40.078 V/Avrcp_ext( 2356): updatePlayerStateAndPosition, old=PlaybackState {state=2, position=-1, buffered position=0, speed=0.0, updated=59339, actions=0, custom actions=[], active item id=-1, error=null}, state=null
12-01 03:58:40.078 I/Avrcp_ext( 2356): updatePlayerStateAndPosition: device: state = null
12-01 03:58:40.079 W/Utils ( 1186): track of type 'audio/vorbis' does not publish channel mask, channel count 1
12-01 03:58:40.081 D/audio_hw_primary( 797): adev_get_parameters:is_hw_dec_session_available
12-01 03:58:40.081 D/audio_hw_spkr_prot( 797): fbsp_get_parameters: Speaker protection disabled
12-01 03:58:40.081 D/soundtrigger( 797): audio_extn_sound_trigger_get_parameters input string
12-01 03:58:40.081 D/soundtrigger( 797): extract_sm_handle input string param string
12-01 03:58:40.081 D/audio_hw_extn( 797): audio_extn_fm_get_parameters: Enter
12-01 03:58:40.081 D/audio_hw_extn( 797): audio_extn_get_parameters: returns
12-01 03:58:40.081 D/audio_hw_primary( 797): adev_get_parameters: exit: returns -
12-01 03:58:40.082 I/hash_map_utils( 947): system/bt/osi/src/hash_map_utils.cc:81 hash_map_utils_dump_string_keys_string_values: key: 'is_hw_dec_session_available' value: 'audio/vorbis'
12-01 03:58:40.085 D/CCodec ( 1186): allocate(c2.android.vorbis.decoder)
