12-01 03:55:38.218 I/notification_enqueue( 1525): [10080,2372,com.android.systemui,2048,NULL,0,Notification(channel=updateNotification shortcut=null contentView=null vibrate=null sound=null defaults=0x0 flags=0x0 color=0x00000000 vis=PRIVATE),1]
12-01 03:55:38.218 I/sysui_multi_action( 2372): [757,111,758,2]
12-01 03:55:38.224 I/sysui_multi_action( 2372): [757,111,758,1]
12-01 03:55:38.224 I/sysui_multi_action( 2372): [757,126,758,1,759,126,927,0,928,1,1593,0]
12-01 03:55:38.224 I/sysui_multi_action( 2372): [757,113,758,1,759,113,927,1,928,1,1593,0]
12-01 03:55:38.224 I/sysui_multi_action( 2372): [757,0,758,1,759,0,927,2,928,0,1593,0]
12-01 03:55:38.224 I/sysui_multi_action( 2372): [757,0,758,1,759,0,927,3,928,0,1593,0]
12-01 03:55:38.224 I/sysui_multi_action( 2372): [757,491,758,1,759,491,927,4,928,0,1311,-1,1593,0]
12-01 03:55:38.224 I/sysui_multi_action( 2372): [757,0,758,1,759,0,927,5,928,0,1593,0]
12-01 03:55:38.224 I/sysui_multi_action( 2372): [757,111,758,1]
12-01 03:55:38.224 I/sysui_multi_action( 2372): [757,126,758,1,759,126,927,0,928,1,1593,0]
12-01 03:55:38.224 I/sysui_multi_action( 2372): [757,113,758,1,759,113,927,1,928,1,1593,0]
12-01 03:55:38.224 I/sysui_multi_action( 2372): [757,0,758,1,759,0,927,2,928,0,1593,0]
12-01 03:55:38.225 I/sysui_multi_action( 2372): [757,0,758,1,759,0,927,3,928,0,1593,0]
12-01 03:55:38.238 I/notification_enqueue( 1525): [10080,2372,com.android.systemui,2048,NULL,0,Notification(channel=updateNotification shortcut=null contentView=null vibrate=null sound=null defaults=0x0 flags=0x0 color=0x00000000 vis=PRIVATE),1]
12-01 03:55:38.238 I/sysui_multi_action( 2372): [757,111,758,2]
12-01 03:55:38.238 I/sysui_multi_action( 2372): [757,111,758,2]
12-01 03:55:38.242 I/sysui_multi_action( 2372): [757,111,758,1]
12-01 03:55:38.242 I/sysui_multi_action( 2372): [757,126,758,1,759,126,927,0,928,1,1593,0]
12-01 03:55:38.242 I/sysui_multi_action( 2372): [757,113,758,1,759,113,927,1,928,1,1593,0]
12-01 03:55:38.243 I/sysui_multi_action( 2372): [757,0,758,1,759,0,927,2,928,0,1593,0]
12-01 03:55:38.243 I/sysui_multi_action( 2372): [757,0,758,1,759,0,927,3,928,0,1593,0]
12-01 03:55:38.243 I/sysui_multi_action( 2372): [757,491,758,1,759,491,927,4,928,0,1311,-1,1593,0]
12-01 03:55:38.243 I/sysui_multi_action( 2372): [757,0,758,1,759,0,927,5,928,0,1593,0]
12-01 03:55:38.243 I/sysui_multi_action( 2372): [757,111,758,1]
12-01 03:55:38.243 I/sysui_multi_action( 2372): [757,126,758,1,759,126,927,0,928,1,1593,0]
12-01 03:55:38.243 I/sysui_multi_action( 2372): [757,113,758,1,759,113,927,1,928,1,1593,0]
12-01 03:55:38.243 I/sysui_multi_action( 2372): [757,0,758,1,759,0,927,2,928,0,1593,0]
12-01 03:55:38.243 I/sysui_multi_action( 2372): [757,0,758,1,759,0,927,3,928,0,1593,0]
12-01 03:55:38.250 I/sysui_multi_action( 2372): [757,111,758,2]
12-01 03:55:38.250 I/sysui_multi_action( 2372): [757,111,758,2]
12-01 03:55:38.254 I/notification_enqueue( 1525): [10080,2372,com.android.systemui,2048,NULL,0,Notification(channel=updateNotification shortcut=null contentView=null vibrate=null sound=null defaults=0x0 flags=0x0 color=0x00000000 vis=PRIVATE),1]
12-01 03:55:38.255 I/sysui_multi_action( 2372): [757,111,758,1]
12-01 03:55:38.255 I/sysui_multi_action( 2372): [757,126,758,1,759,126,927,0,928,1,1593,0]
12-01 03:55:38.255 I/sysui_multi_action( 2372): [757,113,758,1,759,113,927,1,928,1,1593,0]
12-01 03:55:38.255 I/sysui_multi_action( 2372): [757,0,758,1,759,0,927,2,928,0,1593,0]
12-01 03:55:38.255 I/sysui_multi_action( 2372): [757,0,758,1,759,0,927,3,928,0,1593,0]
12-01 03:55:38.255 I/sysui_multi_action( 2372): [757,491,758,1,759,491,927,4,928,0,1311,-1,1593,0]
12-01 03:55:38.255 I/sysui_multi_action( 2372): [757,0,758,1,759,0,927,5,928,0,1593,0]
12-01 03:55:38.255 I/sysui_multi_action( 2372): [757,111,758,1]
12-01 03:55:38.255 I/sysui_multi_action( 2372): [757,126,758,1,759,126,927,0,928,1,1593,0]
12-01 03:55:38.255 I/sysui_multi_action( 2372): [757,113,758,1,759,113,927,1,928,1,1593,0]
12-01 03:55:38.255 I/sysui_multi_action( 2372): [757,0,758,1,759,0,927,2,928,0,1593,0]
12-01 03:55:38.255 I/sysui_multi_action( 2372): [757,0,758,1,759,0,927,3,928,0,1593,0]
12-01 03:55:38.552 I/sysui_multi_action( 1525): [757,128,758,1,793,81156,794,0,795,81156,796,26,798,0,806,android,857,DEVELOPER_IMPORTANT,858,4,947,0,1395,3,1500,80950,1688,1]
12-01 03:55:38.552 I/sysui_multi_action( 1525): [757,804,799,note_freshness,801,81156,802,1]
12-01 03:55:38.552 I/notification_visibility( 1525): [-1|android|26|null|1000,1,81156,81156,0,0]
12-01 03:55:38.553 I/sysui_multi_action( 1525): [757,128,758,1,793,128841,794,0,795,128841,796,17303299,797,com.android.wifi,798,1,806,android,857,NETWORK_AVAILABLE,858,2,947,0,1395,3,1500,128639,1688,1]
12-01 03:55:38.553 I/sysui_multi_action( 1525): [757,804,799,note_freshness,801,128841,802,1]
12-01 03:55:38.553 I/notification_visibility( 1525): [0|android|17303299|com.android.wifi|1000,1,128841,128841,0,1]
12-01 03:55:38.553 I/sysui_multi_action( 1525): [757,128,758,1,793,129724,794,0,795,129724,796,32,798,2,806,android,857,USB,858,1,947,0,1395,3,1500,129520,1688,1]
12-01 03:55:38.553 I/sysui_multi_action( 1525): [757,804,799,note_freshness,801,129724,802,1]
12-01 03:55:38.554 I/notification_visibility( 1525): [-1|android|32|null|1000,1,129724,129724,0,2]
12-01 03:55:41.233 I/input_interaction( 1525): Interaction with: 27f5852 NotificationShade (server), edge-swipe (server), swipe-up (server), PointerEventDispatcher0 (server),
12-01 03:55:41.364 I/sysui_multi_action( 2372): [757,925,758,4,759,0,927,2,928,0,1592,0,1593,1]
12-01 03:55:41.395 I/input_focus( 1525): [Focus request 56534c8 com.android.launcher3/com.android.launcher3.uioverrides.QuickstepLauncher,reason=UpdateInputWindows]
12-01 03:55:41.426 I/input_focus( 1525): [Focus leaving 27f5852 NotificationShade (server),reason=NOT_FOCUSABLE]
12-01 03:55:41.426 I/input_focus( 1525): [Focus entering 56534c8 com.android.launcher3/com.android.launcher3.uioverrides.QuickstepLauncher (server),reason=setFocusedWindow]
12-01 03:55:41.558 I/notification_enqueue( 1525): [10080,2372,com.android.systemui,2048,NULL,0,Notification(channel=updateNotification shortcut=null contentView=null vibrate=null sound=null defaults=0x0 flags=0x0 color=0x00000000 vis=PRIVATE),1]
12-01 03:55:41.558 I/sysui_multi_action( 2372): [757,111,758,2]
12-01 03:55:41.558 I/sysui_multi_action( 2372): [757,111,758,2]
12-01 03:55:41.575 I/sysui_multi_action( 2372): [757,111,758,1]
12-01 03:55:41.575 I/sysui_multi_action( 2372): [757,126,758,1,759,126,927,0,928,1,1593,1]
12-01 03:55:41.575 I/sysui_multi_action( 2372): [757,113,758,1,759,113,927,1,928,1,1593,1]
12-01 03:55:41.575 I/sysui_multi_action( 2372): [757,0,758,1,759,0,927,2,928,0,1593,1]
12-01 03:55:41.575 I/sysui_multi_action( 2372): [757,0,758,1,759,0,927,3,928,0,1593,1]
12-01 03:55:41.576 I/sysui_multi_action( 2372): [757,491,758,1,759,491,927,4,928,0,1311,-1,1593,0]
12-01 03:55:41.576 I/sysui_multi_action( 2372): [757,0,758,1,759,0,927,5,928,0,1593,0]
12-01 03:55:41.576 I/sysui_multi_action( 2372): [757,111,758,1]
12-01 03:55:41.576 I/sysui_multi_action( 2372): [757,126,758,1,759,126,927,0,928,1,1593,1]
12-01 03:55:41.577 I/sysui_multi_action( 2372): [757,113,758,1,759,113,927,1,928,1,1593,1]
12-01 03:55:41.577 I/sysui_multi_action( 2372): [757,0,758,1,759,0,927,2,928,0,1593,1]
12-01 03:55:41.577 I/sysui_multi_action( 2372): [757,0,758,1,759,0,927,3,928,0,1593,1]
12-01 03:55:41.595 I/sysui_multi_action( 2372): [757,111,758,2]
12-01 03:55:41.595 I/notification_enqueue( 1525): [10080,2372,com.android.systemui,2048,NULL,0,Notification(channel=updateNotification shortcut=null contentView=null vibrate=null sound=null defaults=0x0 flags=0x0 color=0x00000000 vis=PRIVATE),1]
12-01 03:55:41.595 I/sysui_multi_action( 2372): [757,111,758,2]
12-01 03:55:41.602 I/sysui_multi_action( 2372): [757,111,758,1]
12-01 03:55:41.602 I/sysui_multi_action( 2372): [757,126,758,1,759,126,927,0,928,1,1593,1]
12-01 03:55:41.602 I/sysui_multi_action( 2372): [757,113,758,1,759,113,927,1,928,1,1593,1]
12-01 03:55:41.602 I/sysui_multi_action( 2372): [757,0,758,1,759,0,927,2,928,0,1593,1]
12-01 03:55:41.602 I/sysui_multi_action( 2372): [757,0,758,1,759,0,927,3,928,0,1593,1]
12-01 03:55:41.603 I/sysui_multi_action( 2372): [757,491,758,1,759,491,927,4,928,0,1311,-1,1593,0]
12-01 03:55:41.603 I/sysui_multi_action( 2372): [757,0,758,1,759,0,927,5,928,0,1593,0]
12-01 03:55:41.603 I/sysui_multi_action( 2372): [757,111,758,1]
12-01 03:55:41.603 I/sysui_multi_action( 2372): [757,126,758,1,759,126,927,0,928,1,1593,1]
12-01 03:55:41.603 I/sysui_multi_action( 2372): [757,113,758,1,759,113,927,1,928,1,1593,1]
12-01 03:55:41.603 I/sysui_multi_action( 2372): [757,0,758,1,759,0,927,2,928,0,1593,1]
12-01 03:55:41.603 I/sysui_multi_action( 2372): [757,0,758,1,759,0,927,3,928,0,1593,1]
12-01 03:55:41.618 I/notification_enqueue( 1525): [10080,2372,com.android.systemui,2048,NULL,0,Notification(channel=updateNotification shortcut=null contentView=null vibrate=null sound=null defaults=0x0 flags=0x0 color=0x00000000 vis=PRIVATE),1]
12-01 03:55:41.618 I/sysui_multi_action( 2372): [757,111,758,2]
12-01 03:55:41.618 I/sysui_multi_action( 2372): [757,111,758,2]
12-01 03:55:41.624 I/sysui_multi_action( 2372): [757,111,758,1]
12-01 03:55:41.624 I/sysui_multi_action( 2372): [757,126,758,1,759,126,927,0,928,1,1593,1]
12-01 03:55:41.624 I/sysui_multi_action( 2372): [757,113,758,1,759,113,927,1,928,1,1593,1]
12-01 03:55:41.624 I/sysui_multi_action( 2372): [757,0,758,1,759,0,927,2,928,0,1593,1]
12-01 03:55:41.624 I/sysui_multi_action( 2372): [757,0,758,1,759,0,927,3,928,0,1593,1]
12-01 03:55:41.625 I/sysui_multi_action( 2372): [757,491,758,1,759,491,927,4,928,0,1311,-1,1593,0]
12-01 03:55:41.625 I/sysui_multi_action( 2372): [757,0,758,1,759,0,927,5,928,0,1593,0]
12-01 03:55:41.625 I/sysui_multi_action( 2372): [757,111,758,1]
12-01 03:55:41.625 I/sysui_multi_action( 2372): [757,126,758,1,759,126,927,0,928,1,1593,1]
12-01 03:55:41.625 I/sysui_multi_action( 2372): [757,113,758,1,759,113,927,1,928,1,1593,1]
12-01 03:55:41.625 I/sysui_multi_action( 2372): [757,0,758,1,759,0,927,2,928,0,1593,1]
12-01 03:55:41.625 I/sysui_multi_action( 2372): [757,0,758,1,759,0,927,3,928,0,1593,1]
12-01 03:55:41.637 I/notification_enqueue( 1525): [10080,2372,com.android.systemui,2048,NULL,0,Notification(channel=updateNotification shortcut=null contentView=null vibrate=null sound=null defaults=0x0 flags=0x0 color=0x00000000 vis=PRIVATE),1]
12-01 03:55:41.637 I/sysui_multi_action( 2372): [757,111,758,2]
12-01 03:55:41.637 I/sysui_multi_action( 2372): [757,111,758,2]
12-01 03:55:41.642 I/sysui_multi_action( 2372): [757,111,758,1]
12-01 03:55:41.642 I/sysui_multi_action( 2372): [757,126,758,1,759,126,927,0,928,1,1593,1]
12-01 03:55:41.643 I/sysui_multi_action( 2372): [757,113,758,1,759,113,927,1,928,1,1593,1]
12-01 03:55:41.643 I/sysui_multi_action( 2372): [757,0,758,1,759,0,927,2,928,0,1593,1]
12-01 03:55:41.643 I/sysui_multi_action( 2372): [757,0,758,1,759,0,927,3,928,0,1593,1]
12-01 03:55:41.643 I/sysui_multi_action( 2372): [757,491,758,1,759,491,927,4,928,0,1311,-1,1593,0]
12-01 03:55:41.643 I/sysui_multi_action( 2372): [757,0,758,1,759,0,927,5,928,0,1593,0]
12-01 03:55:41.643 I/sysui_multi_action( 2372): [757,111,758,1]
12-01 03:55:41.643 I/sysui_multi_action( 2372): [757,126,758,1,759,126,927,0,928,1,1593,1]
12-01 03:55:41.643 I/sysui_multi_action( 2372): [757,113,758,1,759,113,927,1,928,1,1593,1]
12-01 03:55:41.643 I/sysui_multi_action( 2372): [757,0,758,1,759,0,927,2,928,0,1593,1]
12-01 03:55:41.643 I/sysui_multi_action( 2372): [757,0,758,1,759,0,927,3,928,0,1593,1]
12-01 03:55:41.654 I/notification_enqueue( 1525): [10080,2372,com.android.systemui,2048,NULL,0,Notification(channel=updateNotification shortcut=null contentView=null vibrate=null sound=null defaults=0x0 flags=0x0 color=0x00000000 vis=PRIVATE),1]
12-01 03:55:41.654 I/sysui_multi_action( 2372): [757,111,758,2]
12-01 03:55:41.654 I/sysui_multi_action( 2372): [757,111,758,2]
12-01 03:55:41.659 I/sysui_multi_action( 2372): [757,111,758,1]
12-01 03:55:41.659 I/sysui_multi_action( 2372): [757,126,758,1,759,126,927,0,928,1,1593,0]
12-01 03:55:41.659 I/sysui_multi_action( 2372): [757,113,758,1,759,113,927,1,928,1,1593,0]
12-01 03:55:41.659 I/sysui_multi_action( 2372): [757,0,758,1,759,0,927,2,928,0,1593,0]
12-01 03:55:41.659 I/sysui_multi_action( 2372): [757,0,758,1,759,0,927,3,928,0,1593,0]
12-01 03:55:41.660 I/sysui_multi_action( 2372): [757,491,758,1,759,491,927,4,928,0,1311,-1,1593,0]
12-01 03:55:41.660 I/sysui_multi_action( 2372): [757,0,758,1,759,0,927,5,928,0,1593,0]
12-01 03:55:41.660 I/sysui_multi_action( 2372): [757,111,758,1]
12-01 03:55:41.660 I/sysui_multi_action( 2372): [757,126,758,1,759,126,927,0,928,1,1593,1]
12-01 03:55:41.660 I/sysui_multi_action( 2372): [757,113,758,1,759,113,927,1,928,1,1593,1]
12-01 03:55:41.660 I/sysui_multi_action( 2372): [757,0,758,1,759,0,927,2,928,0,1593,1]
12-01 03:55:41.660 I/sysui_multi_action( 2372): [757,0,758,1,759,0,927,3,928,0,1593,1]
12-01 03:55:41.669 I/sysui_multi_action( 2372): [757,111,758,2]
12-01 03:55:41.669 I/notification_enqueue( 1525): [10080,2372,com.android.systemui,2048,NULL,0,Notification(channel=updateNotification shortcut=null contentView=null vibrate=null sound=null defaults=0x0 flags=0x0 color=0x00000000 vis=PRIVATE),1]
12-01 03:55:41.669 I/sysui_multi_action( 2372): [757,111,758,2]
12-01 03:55:41.673 I/sysui_multi_action( 2372): [757,111,758,1]
12-01 03:55:41.673 I/sysui_multi_action( 2372): [757,126,758,1,759,126,927,0,928,1,1593,0]
12-01 03:55:41.673 I/sysui_multi_action( 2372): [757,113,758,1,759,113,927,1,928,1,1593,0]
12-01 03:55:41.673 I/sysui_multi_action( 2372): [757,0,758,1,759,0,927,2,928,0,1593,0]
12-01 03:55:41.673 I/sysui_multi_action( 2372): [757,0,758,1,759,0,927,3,928,0,1593,0]
12-01 03:55:41.673 I/sysui_multi_action( 2372): [757,491,758,1,759,491,927,4,928,0,1311,-1,1593,0]
12-01 03:55:41.673 I/sysui_multi_action( 2372): [757,0,758,1,759,0,927,5,928,0,1593,0]
12-01 03:55:41.673 I/sysui_multi_action( 2372): [757,111,758,1]
12-01 03:55:41.673 I/sysui_multi_action( 2372): [757,126,758,1,759,126,927,0,928,1,1593,0]
12-01 03:55:41.674 I/sysui_multi_action( 2372): [757,113,758,1,759,113,927,1,928,1,1593,0]
12-01 03:55:41.674 I/sysui_multi_action( 2372): [757,0,758,1,759,0,927,2,928,0,1593,0]
12-01 03:55:41.674 I/sysui_multi_action( 2372): [757,0,758,1,759,0,927,3,928,0,1593,0]
12-01 03:55:41.683 I/sysui_multi_action( 2372): [757,111,758,2]
12-01 03:55:41.683 I/sysui_multi_action( 2372): [757,111,758,2]
12-01 03:55:41.683 I/notification_enqueue( 1525): [10080,2372,com.android.systemui,2048,NULL,0,Notification(channel=updateNotification shortcut=null contentView=null vibrate=null sound=null defaults=0x0 flags=0x0 color=0x00000000 vis=PRIVATE),1]
12-01 03:55:41.686 I/sysui_multi_action( 2372): [757,111,758,1]
12-01 03:55:41.686 I/sysui_multi_action( 2372): [757,126,758,1,759,126,927,0,928,1,1593,1]
12-01 03:55:41.686 I/sysui_multi_action( 2372): [757,113,758,1,759,113,927,1,928,1,1593,1]
12-01 03:55:41.686 I/sysui_multi_action( 2372): [757,0,758,1,759,0,927,2,928,0,1593,1]
12-01 03:55:41.686 I/sysui_multi_action( 2372): [757,0,758,1,759,0,927,3,928,0,1593,1]
12-01 03:55:41.687 I/sysui_multi_action( 2372): [757,491,758,1,759,491,927,4,928,0,1311,-1,1593,0]
12-01 03:55:41.687 I/sysui_multi_action( 2372): [757,0,758,1,759,0,927,5,928,0,1593,0]
12-01 03:55:41.687 I/sysui_multi_action( 2372): [757,111,758,1]
12-01 03:55:41.687 I/sysui_multi_action( 2372): [757,126,758,1,759,126,927,0,928,1,1593,1]
12-01 03:55:41.687 I/sysui_multi_action( 2372): [757,113,758,1,759,113,927,1,928,1,1593,1]
12-01 03:55:41.687 I/sysui_multi_action( 2372): [757,0,758,1,759,0,927,2,928,0,1593,1]
12-01 03:55:41.687 I/sysui_multi_action( 2372): [757,0,758,1,759,0,927,3,928,0,1593,1]
12-01 03:55:41.696 I/sysui_multi_action( 2372): [757,111,758,2]
12-01 03:55:41.696 I/notification_enqueue( 1525): [10080,2372,com.android.systemui,2048,NULL,0,Notification(channel=updateNotification shortcut=null contentView=null vibrate=null sound=null defaults=0x0 flags=0x0 color=0x00000000 vis=PRIVATE),1]
12-01 03:55:41.696 I/sysui_multi_action( 2372): [757,111,758,2]
12-01 03:55:41.699 I/sysui_multi_action( 2372): [757,111,758,1]
12-01 03:55:41.699 I/sysui_multi_action( 2372): [757,126,758,1,759,126,927,0,928,1,1593,1]
12-01 03:55:41.699 I/sysui_multi_action( 2372): [757,113,758,1,759,113,927,1,928,1,1593,1]
12-01 03:55:41.699 I/sysui_multi_action( 2372): [757,0,758,1,759,0,927,2,928,0,1593,1]
12-01 03:55:41.700 I/sysui_multi_action( 2372): [757,0,758,1,759,0,927,3,928,0,1593,1]
12-01 03:55:41.700 I/sysui_multi_action( 2372): [757,491,758,1,759,491,927,4,928,0,1311,-1,1593,0]
12-01 03:55:41.700 I/sysui_multi_action( 2372): [757,0,758,1,759,0,927,5,928,0,1593,0]
12-01 03:55:41.700 I/sysui_multi_action( 2372): [757,111,758,1]
12-01 03:55:41.700 I/sysui_multi_action( 2372): [757,126,758,1,759,126,927,0,928,1,1593,1]
12-01 03:55:41.700 I/sysui_multi_action( 2372): [757,113,758,1,759,113,927,1,928,1,1593,1]
12-01 03:55:41.700 I/sysui_multi_action( 2372): [757,0,758,1,759,0,927,2,928,0,1593,1]
12-01 03:55:41.700 I/sysui_multi_action( 2372): [757,0,758,1,759,0,927,3,928,0,1593,1]
12-01 03:55:41.707 I/sysui_multi_action( 2372): [757,111,758,2]
12-01 03:55:41.707 I/sysui_multi_action( 2372): [757,111,758,2]
12-01 03:55:41.708 I/notification_enqueue( 1525): [10080,2372,com.android.systemui,2048,NULL,0,Notification(channel=updateNotification shortcut=null contentView=null vibrate=null sound=null defaults=0x0 flags=0x0 color=0x00000000 vis=PRIVATE),1]
12-01 03:55:41.711 I/sysui_multi_action( 2372): [757,111,758,1]
12-01 03:55:41.711 I/sysui_multi_action( 2372): [757,126,758,1,759,126,927,0,928,1,1593,1]
12-01 03:55:41.711 I/sysui_multi_action( 2372): [757,113,758,1,759,113,927,1,928,1,1593,1]
12-01 03:55:41.711 I/sysui_multi_action( 2372): [757,0,758,1,759,0,927,2,928,0,1593,1]
12-01 03:55:41.711 I/sysui_multi_action( 2372): [757,0,758,1,759,0,927,3,928,0,1593,1]
12-01 03:55:41.712 I/sysui_multi_action( 2372): [757,491,758,1,759,491,927,4,928,0,1311,-1,1593,0]
12-01 03:55:41.712 I/sysui_multi_action( 2372): [757,0,758,1,759,0,927,5,928,0,1593,0]
12-01 03:55:41.712 I/sysui_multi_action( 2372): [757,111,758,1]
12-01 03:55:41.712 I/sysui_multi_action( 2372): [757,126,758,1,759,126,927,0,928,1,1593,1]
12-01 03:55:41.712 I/sysui_multi_action( 2372): [757,113,758,1,759,113,927,1,928,1,1593,1]
12-01 03:55:41.712 I/sysui_multi_action( 2372): [757,0,758,1,759,0,927,2,928,0,1593,1]
12-01 03:55:41.712 I/sysui_multi_action( 2372): [757,0,758,1,759,0,927,3,928,0,1593,1]
12-01 03:55:41.724 I/sysui_multi_action( 2372): [757,111,758,2]
12-01 03:55:41.724 I/notification_enqueue( 1525): [10080,2372,com.android.systemui,2048,NULL,0,Notification(channel=updateNotification shortcut=null contentView=null vibrate=null sound=null defaults=0x0 flags=0x0 color=0x00000000 vis=PRIVATE),1]
12-01 03:55:41.724 I/sysui_multi_action( 2372): [757,111,758,2]
12-01 03:55:41.729 I/sysui_multi_action( 2372): [757,111,758,1]
12-01 03:55:41.729 I/sysui_multi_action( 2372): [757,126,758,1,759,126,927,0,928,1,1593,1]
12-01 03:55:41.729 I/sysui_multi_action( 2372): [757,113,758,1,759,113,927,1,928,1,1593,1]
12-01 03:55:41.729 I/sysui_multi_action( 2372): [757,0,758,1,759,0,927,2,928,0,1593,1]
12-01 03:55:41.729 I/sysui_multi_action( 2372): [757,0,758,1,759,0,927,3,928,0,1593,1]
12-01 03:55:41.730 I/sysui_multi_action( 2372): [757,491,758,1,759,491,927,4,928,0,1311,-1,1593,0]
12-01 03:55:41.730 I/sysui_multi_action( 2372): [757,0,758,1,759,0,927,5,928,0,1593,0]
12-01 03:55:41.730 I/sysui_multi_action( 2372): [757,111,758,1]
12-01 03:55:41.730 I/sysui_multi_action( 2372): [757,126,758,1,759,126,927,0,928,1,1593,1]
12-01 03:55:41.730 I/sysui_multi_action( 2372): [757,113,758,1,759,113,927,1,928,1,1593,1]
12-01 03:55:41.730 I/sysui_multi_action( 2372): [757,0,758,1,759,0,927,2,928,0,1593,1]
12-01 03:55:41.730 I/sysui_multi_action( 2372): [757,0,758,1,759,0,927,3,928,0,1593,1]
12-01 03:55:41.740 I/sysui_multi_action( 2372): [757,111,758,2]
12-01 03:55:41.740 I/sysui_multi_action( 2372): [757,111,758,2]
12-01 03:55:41.741 I/notification_enqueue( 1525): [10080,2372,com.android.systemui,2048,NULL,0,Notification(channel=updateNotification shortcut=null contentView=null vibrate=null sound=null defaults=0x0 flags=0x0 color=0x00000000 vis=PRIVATE),1]
12-01 03:55:41.744 I/sysui_multi_action( 2372): [757,111,758,1]
12-01 03:55:41.744 I/sysui_multi_action( 2372): [757,126,758,1,759,126,927,0,928,1,1593,1]
12-01 03:55:41.744 I/sysui_multi_action( 2372): [757,113,758,1,759,113,927,1,928,1,1593,1]
12-01 03:55:41.744 I/sysui_multi_action( 2372): [757,0,758,1,759,0,927,2,928,0,1593,1]
12-01 03:55:41.745 I/sysui_multi_action( 2372): [757,0,758,1,759,0,927,3,928,0,1593,1]
12-01 03:55:41.745 I/sysui_multi_action( 2372): [757,491,758,1,759,491,927,4,928,0,1311,-1,1593,0]
12-01 03:55:41.745 I/sysui_multi_action( 2372): [757,0,758,1,759,0,927,5,928,0,1593,0]
12-01 03:55:41.745 I/sysui_multi_action( 2372): [757,111,758,1]
12-01 03:55:41.745 I/sysui_multi_action( 2372): [757,126,758,1,759,126,927,0,928,1,1593,1]
12-01 03:55:41.745 I/sysui_multi_action( 2372): [757,113,758,1,759,113,927,1,928,1,1593,1]
12-01 03:55:41.745 I/sysui_multi_action( 2372): [757,0,758,1,759,0,927,2,928,0,1593,1]
12-01 03:55:41.745 I/sysui_multi_action( 2372): [757,0,758,1,759,0,927,3,928,0,1593,1]
12-01 03:55:41.757 I/sysui_multi_action( 2372): [757,111,758,2]
12-01 03:55:41.757 I/sysui_multi_action( 2372): [757,111,758,2]
12-01 03:55:41.757 I/notification_enqueue( 1525): [10080,2372,com.android.systemui,2048,NULL,0,Notification(channel=updateNotification shortcut=null contentView=null vibrate=null sound=null defaults=0x0 flags=0x0 color=0x00000000 vis=PRIVATE),1]
12-01 03:55:41.761 I/sysui_multi_action( 1525): [757,1501,758,1,793,103051,794,0,795,205,796,2048,806,com.android.systemui,857,updateNotification,858,3,947,0,1500,0,1688,1]
12-01 03:55:41.761 I/sysui_multi_action( 2372): [757,111,758,1]
12-01 03:55:41.761 I/sysui_multi_action( 2372): [757,126,758,1,759,126,927,0,928,1,1593,1]
12-01 03:55:41.761 I/sysui_multi_action( 1525): [757,804,799,note_interruptive,801,0,802,1]
12-01 03:55:41.761 I/sysui_multi_action( 2372): [757,113,758,1,759,113,927,1,928,1,1593,1]
12-01 03:55:41.761 I/sysui_multi_action( 2372): [757,0,758,1,759,0,927,2,928,0,1593,1]
12-01 03:55:41.761 I/sysui_multi_action( 2372): [757,0,758,1,759,0,927,3,928,0,1593,1]
12-01 03:55:41.761 I/sysui_multi_action( 1525): [757,199,758,1,759,2,793,103051,794,0,795,205,796,2048,806,com.android.systemui,857,updateNotification,858,3,947,0,1500,0,1688,1]
12-01 03:55:41.761 I/notification_alert( 1525): [0|com.android.systemui|2048|null|10080,0,1,0]
12-01 03:55:41.762 I/sysui_multi_action( 2372): [757,491,758,1,759,491,927,4,928,0,1311,-1,1593,0]
12-01 03:55:41.762 I/sysui_multi_action( 2372): [757,0,758,1,759,0,927,5,928,0,1593,0]
12-01 03:55:41.762 I/sysui_multi_action( 2372): [757,111,758,1]
12-01 03:55:41.762 I/sysui_multi_action( 2372): [757,126,758,1,759,126,927,0,928,1,1593,1]
12-01 03:55:41.762 I/sysui_multi_action( 2372): [757,113,758,1,759,113,927,1,928,1,1593,1]
12-01 03:55:41.762 I/sysui_multi_action( 2372): [757,0,758,1,759,0,927,2,928,0,1593,1]
12-01 03:55:41.762 I/sysui_multi_action( 2372): [757,0,758,1,759,0,927,3,928,0,1593,1]
12-01 03:55:41.773 I/sysui_multi_action( 2372): [757,111,758,2]
12-01 03:55:41.773 I/notification_enqueue( 1525): [10080,2372,com.android.systemui,2048,NULL,0,Notification(channel=updateNotification shortcut=null contentView=null vibrate=null sound=null defaults=0x0 flags=0x0 color=0x00000000 vis=PRIVATE),1]
12-01 03:55:41.774 I/sysui_multi_action( 2372): [757,111,758,2]
12-01 03:55:41.777 I/sysui_multi_action( 2372): [757,111,758,1]
12-01 03:55:41.777 I/sysui_multi_action( 2372): [757,126,758,1,759,126,927,0,928,1,1593,1]
12-01 03:55:41.778 I/sysui_multi_action( 2372): [757,113,758,1,759,113,927,1,928,1,1593,1]
12-01 03:55:41.778 I/sysui_multi_action( 2372): [757,0,758,1,759,0,927,2,928,0,1593,1]
12-01 03:55:41.778 I/sysui_multi_action( 2372): [757,0,758,1,759,0,927,3,928,0,1593,1]
12-01 03:55:41.778 I/sysui_multi_action( 2372): [757,491,758,1,759,491,927,4,928,0,1311,-1,1593,0]
12-01 03:55:41.778 I/sysui_multi_action( 2372): [757,0,758,1,759,0,927,5,928,0,1593,0]
12-01 03:55:41.778 I/sysui_multi_action( 2372): [757,111,758,1]
12-01 03:55:41.778 I/sysui_multi_action( 2372): [757,126,758,1,759,126,927,0,928,1,1593,1]
12-01 03:55:41.778 I/sysui_multi_action( 2372): [757,113,758,1,759,113,927,1,928,1,1593,1]
12-01 03:55:41.778 I/sysui_multi_action( 2372): [757,0,758,1,759,0,927,2,928,0,1593,1]
12-01 03:55:41.778 I/sysui_multi_action( 2372): [757,0,758,1,759,0,927,3,928,0,1593,1]
12-01 03:55:41.790 I/notification_enqueue( 1525): [10080,2372,com.android.systemui,2048,NULL,0,Notification(channel=updateNotification shortcut=null contentView=null vibrate=null sound=null defaults=0x0 flags=0x0 color=0x00000000 vis=PRIVATE),1]
12-01 03:55:41.790 I/sysui_multi_action( 2372): [757,111,758,2]
12-01 03:55:41.790 I/sysui_multi_action( 2372): [757,111,758,2]
12-01 03:55:41.794 I/sysui_multi_action( 2372): [757,111,758,1]
12-01 03:55:41.794 I/sysui_multi_action( 2372): [757,126,758,1,759,126,927,0,928,1,1593,1]
12-01 03:55:41.794 I/sysui_multi_action( 2372): [757,113,758,1,759,113,927,1,928,1,1593,1]
12-01 03:55:41.794 I/sysui_multi_action( 2372): [757,0,758,1,759,0,927,2,928,0,1593,1]
12-01 03:55:41.794 I/sysui_multi_action( 2372): [757,0,758,1,759,0,927,3,928,0,1593,1]
12-01 03:55:41.794 I/sysui_multi_action( 2372): [757,491,758,1,759,491,927,4,928,0,1311,-1,1593,0]
12-01 03:55:41.794 I/sysui_multi_action( 2372): [757,0,758,1,759,0,927,5,928,0,1593,0]
12-01 03:55:41.794 I/sysui_multi_action( 2372): [757,111,758,1]
12-01 03:55:41.794 I/sysui_multi_action( 2372): [757,126,758,1,759,126,927,0,928,1,1593,1]
12-01 03:55:41.794 I/sysui_multi_action( 2372): [757,113,758,1,759,113,927,1,928,1,1593,1]
12-01 03:55:41.794 I/sysui_multi_action( 2372): [757,0,758,1,759,0,927,2,928,0,1593,1]
12-01 03:55:41.794 I/sysui_multi_action( 2372): [757,0,758,1,759,0,927,3,928,0,1593,1]
12-01 03:55:41.807 I/sysui_multi_action( 2372): [757,111,758,2]
12-01 03:55:41.808 I/notification_enqueue( 1525): [10080,2372,com.android.systemui,2048,NULL,0,Notification(channel=updateNotification shortcut=null contentView=null vibrate=null sound=null defaults=0x0 flags=0x0 color=0x00000000 vis=PRIVATE),1]
12-01 03:55:41.808 I/sysui_multi_action( 2372): [757,111,758,2]
12-01 03:55:41.812 I/sysui_multi_action( 2372): [757,111,758,1]
12-01 03:55:41.812 I/sysui_multi_action( 2372): [757,126,758,1,759,126,927,0,928,1,1593,1]
12-01 03:55:41.812 I/sysui_multi_action( 2372): [757,113,758,1,759,113,927,1,928,1,1593,1]
12-01 03:55:41.813 I/sysui_multi_action( 2372): [757,0,758,1,759,0,927,2,928,0,1593,1]
12-01 03:55:41.813 I/sysui_multi_action( 2372): [757,0,758,1,759,0,927,3,928,0,1593,1]
12-01 03:55:41.813 I/sysui_multi_action( 2372): [757,491,758,1,759,491,927,4,928,0,1311,-1,1593,0]
12-01 03:55:41.813 I/sysui_multi_action( 2372): [757,0,758,1,759,0,927,5,928,0,1593,0]
12-01 03:55:41.813 I/sysui_multi_action( 2372): [757,111,758,1]
12-01 03:55:41.813 I/sysui_multi_action( 2372): [757,126,758,1,759,126,927,0,928,1,1593,1]
12-01 03:55:41.813 I/sysui_multi_action( 2372): [757,113,758,1,759,113,927,1,928,1,1593,1]
12-01 03:55:41.813 I/sysui_multi_action( 2372): [757,0,758,1,759,0,927,2,928,0,1593,1]
12-01 03:55:41.813 I/sysui_multi_action( 2372): [757,0,758,1,759,0,927,3,928,0,1593,1]
12-01 03:55:41.824 I/sysui_multi_action( 2372): [757,111,758,2]
12-01 03:55:41.824 I/notification_enqueue( 1525): [10080,2372,com.android.systemui,2048,NULL,0,Notification(channel=updateNotification shortcut=null contentView=null vibrate=null sound=null defaults=0x0 flags=0x0 color=0x00000000 vis=PRIVATE),1]
12-01 03:55:41.824 I/sysui_multi_action( 2372): [757,111,758,2]
12-01 03:55:41.828 I/sysui_multi_action( 2372): [757,111,758,1]
12-01 03:55:41.828 I/sysui_multi_action( 2372): [757,126,758,1,759,126,927,0,928,1,1593,0]
12-01 03:55:41.828 I/sysui_multi_action( 2372): [757,113,758,1,759,113,927,1,928,1,1593,0]
12-01 03:55:41.828 I/sysui_multi_action( 2372): [757,0,758,1,759,0,927,2,928,0,1593,0]
12-01 03:55:41.828 I/sysui_multi_action( 2372): [757,0,758,1,759,0,927,3,928,0,1593,0]
12-01 03:55:41.828 I/sysui_multi_action( 2372): [757,491,758,1,759,491,927,4,928,0,1311,-1,1593,0]
12-01 03:55:41.828 I/sysui_multi_action( 2372): [757,0,758,1,759,0,927,5,928,0,1593,0]
12-01 03:55:41.828 I/sysui_multi_action( 2372): [757,111,758,1]
12-01 03:55:41.828 I/sysui_multi_action( 2372): [757,126,758,1,759,126,927,0,928,1,1593,0]
12-01 03:55:41.828 I/sysui_multi_action( 2372): [757,113,758,1,759,113,927,1,928,1,1593,1]
12-01 03:55:41.828 I/sysui_multi_action( 2372): [757,0,758,1,759,0,927,2,928,0,1593,1]
12-01 03:55:41.828 I/sysui_multi_action( 2372): [757,0,758,1,759,0,927,3,928,0,1593,1]
12-01 03:55:41.844 I/sysui_multi_action( 2372): [757,111,758,2]
12-01 03:55:41.844 I/notification_enqueue( 1525): [10080,2372,com.android.systemui,2048,NULL,0,Notification(channel=updateNotification shortcut=null contentView=null vibrate=null sound=null defaults=0x0 flags=0x0 color=0x00000000 vis=PRIVATE),1]
12-01 03:55:41.844 I/sysui_multi_action( 2372): [757,111,758,2]
12-01 03:55:41.848 I/sysui_multi_action( 2372): [757,111,758,1]
12-01 03:55:41.848 I/sysui_multi_action( 2372): [757,126,758,1,759,126,927,0,928,1,1593,0]
12-01 03:55:41.848 I/sysui_multi_action( 2372): [757,113,758,1,759,113,927,1,928,1,1593,0]
12-01 03:55:41.848 I/sysui_multi_action( 2372): [757,0,758,1,759,0,927,2,928,0,1593,0]
12-01 03:55:41.848 I/sysui_multi_action( 2372): [757,0,758,1,759,0,927,3,928,0,1593,1]
12-01 03:55:41.848 I/sysui_multi_action( 2372): [757,491,758,1,759,491,927,4,928,0,1311,-1,1593,0]
12-01 03:55:41.848 I/sysui_multi_action( 2372): [757,0,758,1,759,0,927,5,928,0,1593,0]
12-01 03:55:41.848 I/sysui_multi_action( 2372): [757,111,758,1]
12-01 03:55:41.848 I/sysui_multi_action( 2372): [757,126,758,1,759,126,927,0,928,1,1593,1]
12-01 03:55:41.848 I/sysui_multi_action( 2372): [757,113,758,1,759,113,927,1,928,1,1593,1]
12-01 03:55:41.848 I/sysui_multi_action( 2372): [757,0,758,1,759,0,927,2,928,0,1593,1]
12-01 03:55:41.849 I/sysui_multi_action( 2372): [757,0,758,1,759,0,927,3,928,0,1593,1]
12-01 03:55:41.859 I/notification_enqueue( 1525): [10080,2372,com.android.systemui,2048,NULL,0,Notification(channel=updateNotification shortcut=null contentView=null vibrate=null sound=null defaults=0x0 flags=0x0 color=0x00000000 vis=PRIVATE),1]
12-01 03:55:41.859 I/sysui_multi_action( 2372): [757,111,758,2]
12-01 03:55:41.859 I/sysui_multi_action( 2372): [757,111,758,2]
12-01 03:55:41.863 I/sysui_multi_action( 2372): [757,111,758,1]
12-01 03:55:41.863 I/sysui_multi_action( 2372): [757,126,758,1,759,126,927,0,928,1,1593,1]
12-01 03:55:41.863 I/sysui_multi_action( 2372): [757,113,758,1,759,113,927,1,928,1,1593,1]
12-01 03:55:41.863 I/sysui_multi_action( 2372): [757,0,758,1,759,0,927,2,928,0,1593,1]
12-01 03:55:41.863 I/sysui_multi_action( 2372): [757,0,758,1,759,0,927,3,928,0,1593,1]
12-01 03:55:41.863 I/sysui_multi_action( 2372): [757,491,758,1,759,491,927,4,928,0,1311,-1,1593,0]
12-01 03:55:41.864 I/sysui_multi_action( 2372): [757,0,758,1,759,0,927,5,928,0,1593,0]
12-01 03:55:41.864 I/sysui_multi_action( 2372): [757,111,758,1]
12-01 03:55:41.864 I/sysui_multi_action( 2372): [757,126,758,1,759,126,927,0,928,1,1593,1]
12-01 03:55:41.864 I/sysui_multi_action( 2372): [757,113,758,1,759,113,927,1,928,1,1593,1]
12-01 03:55:41.864 I/sysui_multi_action( 2372): [757,0,758,1,759,0,927,2,928,0,1593,1]
12-01 03:55:41.864 I/sysui_multi_action( 2372): [757,0,758,1,759,0,927,3,928,0,1593,1]
12-01 03:55:41.873 I/sysui_multi_action( 2372): [757,111,758,2]
12-01 03:55:41.873 I/notification_enqueue( 1525): [10080,2372,com.android.systemui,2048,NULL,0,Notification(channel=updateNotification shortcut=null contentView=null vibrate=null sound=null defaults=0x0 flags=0x0 color=0x00000000 vis=PRIVATE),1]
12-01 03:55:41.873 I/sysui_multi_action( 2372): [757,111,758,2]
12-01 03:55:41.877 I/sysui_multi_action( 2372): [757,111,758,1]
12-01 03:55:41.877 I/sysui_multi_action( 2372): [757,126,758,1,759,126,927,0,928,1,1593,1]
12-01 03:55:41.877 I/sysui_multi_action( 2372): [757,113,758,1,759,113,927,1,928,1,1593,1]
12-01 03:55:41.877 I/sysui_multi_action( 2372): [757,0,758,1,759,0,927,2,928,0,1593,1]
12-01 03:55:41.877 I/sysui_multi_action( 2372): [757,0,758,1,759,0,927,3,928,0,1593,1]
12-01 03:55:41.878 I/sysui_multi_action( 2372): [757,491,758,1,759,491,927,4,928,0,1311,-1,1593,0]
12-01 03:55:41.878 I/sysui_multi_action( 2372): [757,0,758,1,759,0,927,5,928,0,1593,0]
12-01 03:55:41.878 I/sysui_multi_action( 2372): [757,111,758,1]
12-01 03:55:41.878 I/sysui_multi_action( 2372): [757,126,758,1,759,126,927,0,928,1,1593,1]
12-01 03:55:41.878 I/sysui_multi_action( 2372): [757,113,758,1,759,113,927,1,928,1,1593,1]
12-01 03:55:41.878 I/sysui_multi_action( 2372): [757,0,758,1,759,0,927,2,928,0,1593,1]
12-01 03:55:41.878 I/sysui_multi_action( 2372): [757,0,758,1,759,0,927,3,928,0,1593,1]
12-01 03:55:41.890 I/sysui_multi_action( 2372): [757,111,758,2]
12-01 03:55:41.890 I/notification_enqueue( 1525): [10080,2372,com.android.systemui,2048,NULL,0,Notification(channel=updateNotification shortcut=null contentView=null vibrate=null sound=null defaults=0x0 flags=0x0 color=0x00000000 vis=PRIVATE),1]
12-01 03:55:41.890 I/sysui_multi_action( 2372): [757,111,758,2]
12-01 03:55:41.906 I/sysui_multi_action( 2372): [757,111,758,1]
12-01 03:55:41.906 I/sysui_multi_action( 2372): [757,126,758,1,759,126,927,0,928,1,1593,1]
12-01 03:55:41.906 I/sysui_multi_action( 2372): [757,113,758,1,759,113,927,1,928,1,1593,1]
12-01 03:55:41.906 I/sysui_multi_action( 2372): [757,0,758,1,759,0,927,2,928,0,1593,1]
12-01 03:55:41.906 I/sysui_multi_action( 2372): [757,0,758,1,759,0,927,3,928,0,1593,1]
12-01 03:55:41.906 I/sysui_multi_action( 2372): [757,491,758,1,759,491,927,4,928,0,1311,-1,1593,0]
12-01 03:55:41.906 I/sysui_multi_action( 2372): [757,0,758,1,759,0,927,5,928,0,1593,0]
12-01 03:55:41.906 I/sysui_multi_action( 2372): [757,111,758,1]
12-01 03:55:41.906 I/sysui_multi_action( 2372): [757,126,758,1,759,126,927,0,928,1,1593,1]
12-01 03:55:41.906 I/sysui_multi_action( 2372): [757,113,758,1,759,113,927,1,928,1,1593,1]
12-01 03:55:41.906 I/sysui_multi_action( 2372): [757,0,758,1,759,0,927,2,928,0,1593,1]
12-01 03:55:41.906 I/sysui_multi_action( 2372): [757,0,758,1,759,0,927,3,928,0,1593,1]
12-01 03:55:41.918 I/sysui_multi_action( 2372): [757,111,758,2]
12-01 03:55:41.918 I/notification_enqueue( 1525): [10080,2372,com.android.systemui,2048,NULL,0,Notification(channel=updateNotification shortcut=null contentView=null vibrate=null sound=null defaults=0x0 flags=0x0 color=0x00000000 vis=PRIVATE),1]
12-01 03:55:41.918 I/sysui_multi_action( 2372): [757,111,758,2]
12-01 03:55:41.920 I/sysui_multi_action( 1525): [757,128,758,2,793,84524,794,3368,795,84524,796,26,798,0,806,android,857,DEVELOPER_IMPORTANT,858,4,947,0,1395,3,1500,84318,1688,1]
12-01 03:55:41.920 I/notification_visibility( 1525): [-1|android|26|null|1000,0,84524,84524,0,0]
12-01 03:55:41.920 I/sysui_multi_action( 1525): [757,128,758,2,793,132208,794,3367,795,132208,796,17303299,797,com.android.wifi,798,1,806,android,857,NETWORK_AVAILABLE,858,2,947,0,1395,3,1500,132006,1688,1]
12-01 03:55:41.920 I/notification_visibility( 1525): [0|android|17303299|com.android.wifi|1000,0,132208,132208,0,1]
12-01 03:55:41.921 I/sysui_multi_action( 1525): [757,128,758,2,793,133091,794,3367,795,133091,796,32,798,2,806,android,857,USB,858,1,947,0,1395,3,1500,132887,1688,1]
12-01 03:55:41.921 I/notification_visibility( 1525): [-1|android|32|null|1000,0,133091,133091,0,2]
12-01 03:55:41.921 I/sysui_multi_action( 1525): [757,127,758,2]
12-01 03:55:41.921 I/notification_panel_hidden( 1525):
12-01 03:55:41.928 I/sysui_multi_action( 2372): [757,111,758,1]
12-01 03:55:41.928 I/sysui_multi_action( 2372): [757,126,758,1,759,126,927,0,928,1,1593,1]
12-01 03:55:41.928 I/sysui_multi_action( 2372): [757,113,758,1,759,113,927,1,928,1,1593,1]
12-01 03:55:41.928 I/sysui_multi_action( 2372): [757,0,758,1,759,0,927,2,928,0,1593,1]
12-01 03:55:41.928 I/sysui_multi_action( 2372): [757,0,758,1,759,0,927,3,928,0,1593,1]
12-01 03:55:41.928 I/sysui_multi_action( 2372): [757,491,758,1,759,491,927,4,928,0,1311,-1,1593,0]
12-01 03:55:41.928 I/sysui_multi_action( 2372): [757,0,758,1,759,0,927,5,928,0,1593,0]
12-01 03:55:41.928 I/sysui_multi_action( 2372): [757,111,758,1]
12-01 03:55:41.929 I/sysui_multi_action( 2372): [757,126,758,1,759,126,927,0,928,1,1593,1]
12-01 03:55:41.929 I/sysui_multi_action( 2372): [757,113,758,1,759,113,927,1,928,1,1593,1]
12-01 03:55:41.929 I/sysui_multi_action( 2372): [757,0,758,1,759,0,927,2,928,0,1593,1]
12-01 03:55:41.929 I/sysui_multi_action( 2372): [757,0,758,1,759,0,927,3,928,0,1593,1]
12-01 03:55:42.233 I/sysui_multi_action( 2372): [757,1282,758,4]
12-01 03:55:42.244 I/am_proc_start( 1525): [0,5433,10080,com.android.systemui:screenshot,service,{com.android.systemui/com.android.systemui.screenshot.TakeScreenshotService}]
12-01 03:55:42.274 I/am_proc_bound( 1525): [0,5433,com.android.systemui:screenshot]
12-01 03:55:42.492 I/input_focus( 1525): [Focus request 9919bcf ScreenshotAnimation,reason=UpdateInputWindows]
12-01 03:55:42.525 I/input_focus( 1525): [Focus leaving 56534c8 com.android.launcher3/com.android.launcher3.uioverrides.QuickstepLauncher (server),reason=Waiting for window because NOT_VISIBLE]
12-01 03:55:42.541 I/input_focus( 1525): [Focus entering 9919bcf ScreenshotAnimation (server),reason=Window became focusable. Previous reason: NOT_VISIBLE]
12-01 03:55:49.127 I/input_focus( 1525): [Focus request 56534c8 com.android.launcher3/com.android.launcher3.uioverrides.QuickstepLauncher,reason=UpdateInputWindows]
12-01 03:55:49.142 I/input_focus( 1525): [Focus entering 56534c8 com.android.launcher3/com.android.launcher3.uioverrides.QuickstepLauncher (server),reason=setFocusedWindow]
12-01 03:56:04.933 I/am_uid_idle( 1525): 10066
12-01 03:56:08.369 I/am_uid_idle( 1525): 10064
12-01 03:56:08.369 I/am_uid_idle( 1525): 10021
12-01 03:56:09.903 I/am_uid_idle( 1525): 10094
12-01 03:56:11.595 I/am_uid_idle( 1525): 10065
12-01 03:56:14.992 I/am_uid_idle( 1525): 10030
12-01 03:56:14.992 I/am_uid_idle( 1525): 10022
12-01 03:56:14.992 I/am_uid_idle( 1525): 10020
12-01 03:56:21.103 I/am_uid_idle( 1525): 10070
12-01 03:56:34.360 I/sysui_multi_action( 1525): [757,1696,758,6,759,2]
12-01 03:56:34.362 I/am_wtf ( 1525): [0,1525,system_server,-1,DisplayDeviceConfig,requesting nits when no mapping exists.]
12-01 03:56:34.366 I/am_wtf ( 1525): [0,1525,system_server,-1,DisplayDeviceConfig,requesting nits when no mapping exists.]
12-01 03:56:41.368 I/sysui_multi_action( 1525): [757,222,758,1]
12-01 03:56:41.372 I/am_uid_running( 1525): 10042
12-01 03:56:41.383 I/am_pss ( 1525): [2849,10076,com.android.launcher3,163272704,154120192,0,303349760,0,2,16]
12-01 03:56:41.392 I/am_pss ( 1525): [5199,10086,com.android.music,21330944,16437248,0,148799488,0,4,7]
12-01 03:56:41.394 I/am_proc_start( 1525): [0,5492,10042,com.thundercomm.screensaver,service,{com.thundercomm.screensaver/com.thundercomm.saverclock.service.ClockScreensaver}]
12-01 03:56:41.402 I/am_pss ( 1525): [2926,1000,com.android.settings,52483072,36597760,0,198553600,0,16,10]
12-01 03:56:41.411 I/am_pss ( 1525): [5433,10080,com.android.systemui:screenshot,37184512,24858624,0,181063680,0,19,8]
12-01 03:56:41.417 I/am_pss ( 1525): [3030,10070,com.thundercomm.gamemode.provider,7830528,6209536,0,97677312,0,19,5]
12-01 03:56:41.429 I/am_proc_bound( 1525): [0,5492,com.thundercomm.screensaver]
12-01 03:56:41.432 I/am_uid_active( 1525): 10042
12-01 03:56:41.485 I/wm_task_created( 1525): [20,-1]
12-01 03:56:41.490 I/wm_task_moved( 1525): [20,1,13]
12-01 03:56:41.490 I/wm_task_to_front( 1525): [0,20]
12-01 03:56:41.491 I/wm_create_task( 1525): [0,20]
12-01 03:56:41.491 I/wm_create_activity( 1525): [0,244447137,20,com.thundercomm.screensaver/android.service.dreams.DreamActivity,NULL,NULL,NULL,276824064]
12-01 03:56:41.491 I/wm_task_moved( 1525): [20,1,13]
12-01 03:56:41.491 I/wm_on_top_resumed_lost_called( 2849): [93742719,com.android.launcher3.uioverrides.QuickstepLauncher,topStateChangedWhenResumed]
12-01 03:56:41.492 I/wm_pause_activity( 1525): [0,93742719,com.android.launcher3/.uioverrides.QuickstepLauncher,userLeaving=true,pauseBackTasks]
12-01 03:56:41.498 I/wm_on_paused_called( 2849): [93742719,com.android.launcher3.uioverrides.QuickstepLauncher,performPause]
12-01 03:56:41.502 I/wm_add_to_stopping( 1525): [0,93742719,com.android.launcher3/.uioverrides.QuickstepLauncher,makeInvisible]
12-01 03:56:41.503 I/wm_restart_activity( 1525): [0,244447137,20,com.thundercomm.screensaver/android.service.dreams.DreamActivity]
12-01 03:56:41.506 I/wm_set_resumed_activity( 1525): [0,com.thundercomm.screensaver/android.service.dreams.DreamActivity,minimalResumeActivityLocked]
12-01 03:56:41.521 I/sysui_multi_action( 1525): [757,803,799,window_time_0,802,86]
12-01 03:56:41.533 I/input_focus( 1525): [Focus leaving 56534c8 com.android.launcher3/com.android.launcher3.uioverrides.QuickstepLauncher (server),reason=NO_WINDOW]
12-01 03:56:41.539 I/am_uid_active( 1525): 10070
12-01 03:56:41.540 I/wm_on_create_called( 5492): [244447137,android.service.dreams.DreamActivity,performCreate]
12-01 03:56:41.540 I/wm_on_start_called( 5492): [244447137,android.service.dreams.DreamActivity,handleStartActivity]
12-01 03:56:41.541 I/wm_on_resume_called( 5492): [244447137,android.service.dreams.DreamActivity,RESUME_ACTIVITY]
12-01 03:56:41.554 I/wm_on_top_resumed_gained_called( 5492): [244447137,android.service.dreams.DreamActivity,topStateChangedWhenResumed]
12-01 03:56:41.602 I/input_focus( 1525): [Focus request 3c427aa com.thundercomm.screensaver/android.service.dreams.DreamActivity,reason=UpdateInputWindows]
12-01 03:56:41.605 I/notification_enqueue( 1525): [10080,2372,com.android.systemui,2048,NULL,0,Notification(channel=updateNotification shortcut=null contentView=null vibrate=null sound=null defaults=0x0 flags=0x0 color=0x00000000 vis=PRIVATE),1]
12-01 03:56:41.606 I/sysui_multi_action( 2372): [757,111,758,2]
12-01 03:56:41.608 I/sysui_multi_action( 2372): [757,111,758,2]
12-01 03:56:41.627 I/am_wtf ( 1525): [0,2372,com.android.systemui,818462221,KeyguardBouncer,onFullyShown when view was null]
12-01 03:56:41.637 I/sysui_multi_action( 2372): [757,196,758,2,759,0]
12-01 03:56:41.637 I/sysui_status_bar_state( 2372): [0,0,1,0,0,1]
12-01 03:56:41.652 I/sysui_multi_action( 1525): [757,1696,758,6,759,3]
12-01 03:56:41.654 I/sysui_multi_action( 2372): [757,111,758,1]
12-01 03:56:41.655 I/sysui_multi_action( 2372): [757,126,758,1,759,126,927,0,928,1,1593,0]
12-01 03:56:41.655 I/sysui_multi_action( 2372): [757,113,758,1,759,113,927,1,928,1,1593,0]
12-01 03:56:41.655 I/sysui_multi_action( 2372): [757,0,758,1,759,0,927,2,928,0,1593,0]
12-01 03:56:41.655 I/sysui_multi_action( 2372): [757,0,758,1,759,0,927,3,928,0,1593,0]
12-01 03:56:41.655 I/sysui_multi_action( 2372): [757,491,758,1,759,491,927,4,928,0,1311,-1,1593,0]
12-01 03:56:41.655 I/sysui_multi_action( 2372): [757,0,758,1,759,0,927,5,928,0,1593,0]
12-01 03:56:41.655 I/sysui_multi_action( 2372): [757,111,758,1]
12-01 03:56:41.655 I/sysui_multi_action( 2372): [757,126,758,1,759,126,927,0,928,1,1593,0]
12-01 03:56:41.655 I/sysui_multi_action( 2372): [757,113,758,1,759,113,927,1,928,1,1593,0]
12-01 03:56:41.655 I/sysui_multi_action( 2372): [757,0,758,1,759,0,927,2,928,0,1593,0]
12-01 03:56:41.655 I/sysui_multi_action( 2372): [757,0,758,1,759,0,927,3,928,0,1593,0]
12-01 03:56:41.658 I/sysui_multi_action( 1525): [319,172,322,171,325,221,757,761,758,8,759,2,806,com.thundercomm.screensaver,871,android.service.dreams.DreamActivity,904,com.thundercomm.screensaver,905,0,1320,4,1321,2]
12-01 03:56:41.658 I/wm_activity_launch_time( 1525): [0,244447137,com.thundercomm.screensaver/android.service.dreams.DreamActivity,171]
12-01 03:56:41.666 I/am_wtf ( 1525): [0,1525,system_server,-1,DisplayDeviceConfig,requesting nits when no mapping exists.]
12-01 03:56:41.668 I/am_wtf ( 1525): [0,1525,system_server,-1,DisplayDeviceConfig,requesting nits when no mapping exists.]
12-01 03:56:41.683 I/am_wtf ( 1525): [0,1525,system_server,-1,DisplayDeviceConfig,requesting nits when no mapping exists.]
12-01 03:56:41.684 I/input_focus( 1525): [Focus entering 3c427aa com.thundercomm.screensaver/android.service.dreams.DreamActivity (server),reason=Window became focusable. Previous reason: NOT_VISIBLE]
12-01 03:56:41.685 I/am_wtf ( 1525): [0,1525,system_server,-1,DisplayDeviceConfig,requesting nits when no mapping exists.]
12-01 03:56:41.702 I/am_wtf ( 1525): [0,1525,system_server,-1,DisplayDeviceConfig,requesting nits when no mapping exists.]
12-01 03:56:41.702 I/am_wtf ( 1525): [0,1525,system_server,-1,DisplayDeviceConfig,requesting nits when no mapping exists.]
12-01 03:56:41.716 I/am_wtf ( 1525): [0,1525,system_server,-1,DisplayDeviceConfig,requesting nits when no mapping exists.]
12-01 03:56:41.717 I/am_wtf ( 1525): [0,1525,system_server,-1,DisplayDeviceConfig,requesting nits when no mapping exists.]
12-01 03:56:41.734 I/am_wtf ( 1525): [0,1525,system_server,-1,DisplayDeviceConfig,requesting nits when no mapping exists.]
12-01 03:56:41.734 I/am_wtf ( 1525): [0,1525,system_server,-1,DisplayDeviceConfig,requesting nits when no mapping exists.]
12-01 03:56:41.749 I/am_wtf ( 1525): [0,1525,system_server,-1,DisplayDeviceConfig,requesting nits when no mapping exists.]
12-01 03:56:41.750 I/am_wtf ( 1525): [0,1525,system_server,-1,DisplayDeviceConfig,requesting nits when no mapping exists.]
12-01 03:56:41.767 I/am_wtf ( 1525): [0,1525,system_server,-1,DisplayDeviceConfig,requesting nits when no mapping exists.]
12-01 03:56:41.768 I/am_wtf ( 1525): [0,1525,system_server,-1,DisplayDeviceConfig,requesting nits when no mapping exists.]
12-01 03:56:41.786 I/am_wtf ( 1525): [0,1525,system_server,-1,DisplayDeviceConfig,requesting nits when no mapping exists.]
12-01 03:56:41.787 I/am_wtf ( 1525): [0,1525,system_server,-1,DisplayDeviceConfig,requesting nits when no mapping exists.]
12-01 03:56:41.800 I/am_wtf ( 1525): [0,1525,system_server,-1,DisplayDeviceConfig,requesting nits when no mapping exists.]
12-01 03:56:41.801 I/am_wtf ( 1525): [0,1525,system_server,-1,DisplayDeviceConfig,requesting nits when no mapping exists.]
12-01 03:56:41.807 I/sysui_multi_action( 1525): [757,1501,758,1,793,163097,794,0,795,203,796,2048,806,com.android.systemui,857,updateNotification,858,3,947,0,1500,0,1688,1]
12-01 03:56:41.808 I/sysui_multi_action( 1525): [757,804,799,note_interruptive,801,0,802,1]
12-01 03:56:41.808 I/sysui_multi_action( 1525): [757,199,758,1,759,2,793,163098,794,0,795,204,796,2048,806,com.android.systemui,857,updateNotification,858,3,947,0,1500,1,1688,1]
12-01 03:56:41.808 I/notification_alert( 1525): [0|com.android.systemui|2048|null|10080,0,1,0]
12-01 03:56:41.817 I/am_wtf ( 1525): [0,1525,system_server,-1,DisplayDeviceConfig,requesting nits when no mapping exists.]
12-01 03:56:41.818 I/am_wtf ( 1525): [0,1525,system_server,-1,DisplayDeviceConfig,requesting nits when no mapping exists.]
12-01 03:56:41.834 I/am_wtf ( 1525): [0,1525,system_server,-1,DisplayDeviceConfig,requesting nits when no mapping exists.]
12-01 03:56:41.835 I/am_wtf ( 1525): [0,1525,system_server,-1,DisplayDeviceConfig,requesting nits when no mapping exists.]
12-01 03:56:41.850 I/am_wtf ( 1525): [0,1525,system_server,-1,DisplayDeviceConfig,requesting nits when no mapping exists.]
12-01 03:56:41.851 I/am_wtf ( 1525): [0,1525,system_server,-1,DisplayDeviceConfig,requesting nits when no mapping exists.]
12-01 03:56:41.867 I/am_wtf ( 1525): [0,1525,system_server,-1,DisplayDeviceConfig,requesting nits when no mapping exists.]
12-01 03:56:41.868 I/am_wtf ( 1525): [0,1525,system_server,-1,DisplayDeviceConfig,requesting nits when no mapping exists.]
12-01 03:56:41.884 I/am_wtf ( 1525): [0,1525,system_server,-1,DisplayDeviceConfig,requesting nits when no mapping exists.]
12-01 03:56:41.885 I/am_wtf ( 1525): [0,1525,system_server,-1,DisplayDeviceConfig,requesting nits when no mapping exists.]
12-01 03:56:41.900 I/am_wtf ( 1525): [0,1525,system_server,-1,DisplayDeviceConfig,requesting nits when no mapping exists.]
12-01 03:56:41.901 I/am_wtf ( 1525): [0,1525,system_server,-1,DisplayDeviceConfig,requesting nits when no mapping exists.]
12-01 03:56:41.917 I/am_wtf ( 1525): [0,1525,system_server,-1,DisplayDeviceConfig,requesting nits when no mapping exists.]
12-01 03:56:41.918 I/am_wtf ( 1525): [0,1525,system_server,-1,DisplayDeviceConfig,requesting nits when no mapping exists.]
12-01 03:56:41.933 I/am_wtf ( 1525): [0,1525,system_server,-1,DisplayDeviceConfig,requesting nits when no mapping exists.]
12-01 03:56:41.934 I/am_wtf ( 1525): [0,1525,system_server,-1,DisplayDeviceConfig,requesting nits when no mapping exists.]
12-01 03:56:41.950 I/am_wtf ( 1525): [0,1525,system_server,-1,DisplayDeviceConfig,requesting nits when no mapping exists.]
12-01 03:56:41.951 I/am_wtf ( 1525): [0,1525,system_server,-1,DisplayDeviceConfig,requesting nits when no mapping exists.]
12-01 03:56:41.956 I/wm_stop_activity( 1525): [0,93742719,com.android.launcher3/.uioverrides.QuickstepLauncher]
12-01 03:56:41.974 I/am_wtf ( 1525): [0,1525,system_server,-1,DisplayDeviceConfig,requesting nits when no mapping exists.]
12-01 03:56:41.976 I/am_wtf ( 1525): [0,1525,system_server,-1,DisplayDeviceConfig,requesting nits when no mapping exists.]
12-01 03:56:41.984 I/am_wtf ( 1525): [0,1525,system_server,-1,DisplayDeviceConfig,requesting nits when no mapping exists.]
12-01 03:56:41.985 I/am_wtf ( 1525): [0,1525,system_server,-1,DisplayDeviceConfig,requesting nits when no mapping exists.]
12-01 03:56:42.000 I/am_wtf ( 1525): [0,1525,system_server,-1,DisplayDeviceConfig,requesting nits when no mapping exists.]
