12-01 03:58:29.248 D/LOWI-9.0.0.87.a( 1373): [LOWI-Scan] adjust_age:AP AGE upper limit reached. Dont store
12-01 03:58:29.248 D/LOWI-9.0.0.87.a( 1373): [LOWI-Scan] BSS 18:6f:2d:25:0e:60 LOWI_PHY_MODE_11G(1), Beacon Interval: 100, LOWI_ENCRYPTION_TYPE_WPA_PSK 11mcRanging: No, ANQP: No, LCI: No, Civic: No, capability(0x0531): ESS Privacy ShortPreamble SpectrumMgmt ShortSlotTime
12-01 03:58:29.251 I/liblog ( 1373): 38
12-01 03:58:29.251 D/LOWI-9.0.0.87.a( 1373): [LOWI-Scan]
12-01 03:58:29.251 D/LOWI-9.0.0.87.a( 1373): [LOWI-Scan] print_bss_handler: Report Probe TSF 328551193 as it greater than Beacon TSF 328505140
12-01 03:58:29.251 D/LOWI-9.0.0.87.a( 1373): [LOWI-Scan] decode_rsn_wpa_ie: LOWI_ENCRYPTION_TYPE_WPA_PSK
12-01 03:58:29.251 D/LOWI-9.0.0.87.a( 1373): [LOWI-Scan] is_qcom_ie, bss_age: 0
12-01 03:58:29.251 D/LOWI-9.0.0.87.a( 1373): [LOWI-Scan] BSS 18:6f:2d:81:18:40 LOWI_PHY_MODE_11NG_HT20(5), Beacon Interval: 100, LOWI_ENCRYPTION_TYPE_WPA_PSK 11mcRanging: No, ANQP: No, LCI: No, Civic: No, capability(0x0531): ESS Privacy ShortPreamble SpectrumMgmt ShortSlotTime
12-01 03:58:29.251 D/LOWI-9.0.0.87.a( 1373): [LOWI-Scan] BSS 18:6f:2d:81:18:40 FREQ: 2432, cFreq1[40:80:160] = [2432:0:0] cFreq2 = 0 Country Code = CN
12-01 03:58:29.251 D/LOWI-9.0.0.87.a( 1373): [LOWI-Scan] BSS 18:6f:2d:81:18:40 (wlan0) ASSO: NO AddInfo: 0x0, TSF 0, 00:05:28.551, RSSI: -126, CPL: 127, AGE: 772, SSID Testing , TSFDelta: 0x9a5dafb, TXRate: 0
12-01 03:58:29.251 D/LOWI-9.0.0.87.a( 1373): [LOWI-Scan]
12-01 03:58:29.251 D/LOWI-9.0.0.87.a( 1373): [LOWI-Scan] print_bss_handler: Report beacon TSF 329247450 as it greater than probe TSF 329247450
12-01 03:58:29.251 D/LOWI-9.0.0.87.a( 1373): [LOWI-Scan] decode_rsn_wpa_ie: LOWI_ENCRYPTION_TYPE_WPA_PSK
12-01 03:58:29.251 D/LOWI-9.0.0.87.a( 1373): [LOWI-Scan] is_qcom_ie, bss_age: 0
12-01 03:58:29.251 D/LOWI-9.0.0.87.a( 1373): [LOWI-Scan] BSS 18:6f:2d:81:18:80 LOWI_PHY_MODE_11NG_HT20(5), Beacon Interval: 100, LOWI_ENCRYPTION_TYPE_WPA_PSK 11mcRanging: No, ANQP: No, LCI: No, Civic: No, capability(0x0531): ESS Privacy ShortPreamble SpectrumMgmt ShortSlotTime
12-01 03:58:29.251 D/LOWI-9.0.0.87.a( 1373): [LOWI-Scan] BSS 18:6f:2d:81:18:80 FREQ: 2472, cFreq1[40:80:160] = [2472:0:0] cFreq2 = 0 Country Code = CN
12-01 03:58:29.251 D/LOWI-9.0.0.87.a( 1373): [LOWI-Scan] BSS 18:6f:2d:81:18:80 (wlan0) ASSO: NO AddInfo: 0x1, TSF 0, 00:05:29.247, RSSI: -154, CPL: 127, AGE: 76, SSID Testing , TSFDelta: 0xd4c7fa46, TXRate: 0
12-01 03:58:29.251 D/LOWI-9.0.0.87.a( 1373): [LOWI-Scan]
12-01 03:58:29.251 D/LOWI-9.0.0.87.a( 1373): [LOWI-Scan] print_bss_handler: Report beacon TSF 308113730 as it greater than probe TSF 308113730
12-01 03:58:29.251 D/LOWI-9.0.0.87.a( 1373): [LOWI-Scan] decode_rsn_wpa_ie: LOWI_ENCRYPTION_TYPE_WPA_PSK
12-01 03:58:29.251 D/LOWI-9.0.0.87.a( 1373): [LOWI-Scan] is_qcom_ie, bss_age: 0
12-01 03:58:29.251 D/LOWI-9.0.0.87.a( 1373): [LOWI-Scan] adjust_age:AP AGE upper limit reached. Dont store
12-01 03:58:29.251 D/LOWI-9.0.0.87.a( 1373): [LOWI-Scan] BSS 18:6f:2d:25:20:c0 LOWI_PHY_MODE_11NG_HT20(5), Beacon Interval: 100, LOWI_ENCRYPTION_TYPE_WPA_PSK 11mcRanging: No, ANQP: No, LCI: No, Civic: No, capability(0x0531): ESS Privacy ShortPreamble SpectrumMgmt ShortSlotTime
12-01 03:58:29.251 D/LOWI-9.0.0.87.a( 1373): [LOWI-Scan] BSS 18:6f:2d:25:20:c0 FREQ: 2412, cFreq1[40:80:160] = [2412:0:0] cFreq2 = 0 Country Code = CN
12-01 03:58:29.251 D/LOWI-9.0.0.87.a( 1373): [LOWI-Scan] BSS 18:6f:2d:25:20:c0 (wlan0) ASSO: NO AddInfo: 0x1, TSF 0, 00:05:08.113, RSSI: -160, CPL: 127, AGE: 21208, SSID Testing , TSFDelta: 0xc0505c55, TXRate: 0
12-01 03:58:29.251 D/LOWI-9.0.0.87.a( 1373): [LOWI-Scan]
12-01 03:58:29.251 D/LOWI-9.0.0.87.a( 1373): [LOWI-Scan] print_bss_handler: Report beacon TSF 308570743 as it greater than probe TSF 308570743
12-01 03:58:29.251 D/LOWI-9.0.0.87.a( 1373): [LOWI-Scan] decode_rsn_wpa_ie: LOWI_ENCRYPTION_TYPE_WPA_PSK
12-01 03:58:29.251 D/LOWI-9.0.0.87.a( 1373): [LOWI-Scan] is_qcom_ie, bss_age: 0
12-01 03:58:29.251 D/LOWI-9.0.0.87.a( 1373): [LOWI-Scan] adjust_age:AP AGE upper limit reached. Dont store
12-01 03:58:29.251 D/LOWI-9.0.0.87.a( 1373): [LOWI-Scan] BSS 18:6f:2d:25:4a:60 LOWI_PHY_MODE_11NG_HT20(5), Beacon Interval: 100, LOWI_ENCRYPTION_TYPE_WPA_PSK 11mcRanging: No, ANQP: No, LCI: No, Civic: No, capability(0x0531): ESS Privacy ShortPreamble SpectrumMgmt ShortSlotTime
12-01 03:58:29.251 D/LOWI-9.0.0.87.a( 1373): [LOWI-Scan] BSS 18:6f:2d:25:4a:60 FREQ: 2437, cFreq1[40:80:160] = [2437:0:0] cFreq2 = 0 Country Code = CN
12-01 03:58:29.251 D/LOWI-9.0.0.87.a( 1373): [LOWI-Scan] BSS 18:6f:2d:25:4a:60 (wlan0) ASSO: NO AddInfo: 0x1, TSF 0, 00:05:08.570, RSSI: -158, CPL: 127, AGE: 20752, SSID Testing , TSFDelta: 0xc6bedc19, TXRate: 0
12-01 03:58:29.251 D/LOWI-9.0.0.87.a( 1373): [LOWI-Scan]
12-01 03:58:29.251 D/LOWI-9.0.0.87.a( 1373): [LOWI-Scan] print_bss_handler: Report beacon TSF 328642906 as it greater than probe TSF 328642906
12-01 03:58:29.251 D/LOWI-9.0.0.87.a( 1373): [LOWI-Scan] decode_rsn_wpa_ie: LOWI_ENCRYPTION_TYPE_WPA_PSK
12-01 03:58:29.251 D/LOWI-9.0.0.87.a( 1373): [LOWI-Scan] is_qcom_ie, bss_age: 0
12-01 03:58:29.251 D/LOWI-9.0.0.87.a( 1373): [LOWI-Scan] BSS 18:6f:2d:25:4a:62 LOWI_PHY_MODE_11NG_HT20(5), Beacon Interval: 100, LOWI_ENCRYPTION_TYPE_WPA_PSK 11mcRanging: No, ANQP: No, LCI: No, Civic: No, capability(0x0531): ESS Privacy ShortPreamble SpectrumMgmt ShortSlotTime
12-01 03:58:29.251 D/LOWI-9.0.0.87.a( 1373): [LOWI-Scan] BSS 18:6f:2d:25:4a:62 FREQ: 2437, cFreq1[40:80:160] = [2437:0:0] cFreq2 = 0 Country Code = CN
12-01 03:58:29.252 D/LOWI-9.0.0.87.a( 1373): [LOWI-Scan] BSS 18:6f:2d:25:4a:62 (wlan0) ASSO: NO AddInfo: 0x1, TSF 0, 00:05:28.642, RSSI: -138, CPL: 127, AGE: 680, SSID ThunderSoft_2.4G, TSFDelta: 0xc6c65f76, TXRate: 0
12-01 03:58:29.252 D/LOWI-9.0.0.87.a( 1373): [LOWI-Scan]
12-01 03:58:29.252 D/LOWI-9.0.0.87.a( 1373): [LOWI-Scan] print_bss_handler: Report beacon TSF 309006879 as it greater than probe TSF 309006879
12-01 03:58:29.252 D/LOWI-9.0.0.87.a( 1373): [LOWI-Scan] decode_rsn_wpa_ie: LOWI_ENCRYPTION_TYPE_WPA_PSK
12-01 03:58:29.252 D/LOWI-9.0.0.87.a( 1373): [LOWI-Scan] is_qcom_ie, bss_age: 0
12-01 03:58:29.252 D/LOWI-9.0.0.87.a( 1373): [LOWI-Scan] adjust_age:AP AGE upper limit reached. Dont store
12-01 03:58:29.252 D/LOWI-9.0.0.87.a( 1373): [LOWI-Scan] BSS 84:db:ac:2d:18:a8 LOWI_PHY_MODE_11NG_HT20(5), Beacon Interval: 100, LOWI_ENCRYPTION_TYPE_WPA_PSK 11mcRanging: No, ANQP: No, LCI: No, Civic: No, capability(0x0411): ESS Privacy ShortSlotTime
12-01 03:58:29.252 D/LOWI-9.0.0.87.a( 1373): [LOWI-Scan] BSS 84:db:ac:2d:18:a8 FREQ: 2462, cFreq1[40:80:160] = [0:0:0] cFreq2 = 0 Country Code =
12-01 03:58:29.252 D/LOWI-9.0.0.87.a( 1373): [LOWI-Scan] BSS 84:db:ac:2d:18:a8 (wlan0) ASSO: NO AddInfo: 0x1, TSF 0, 00:05:09.006, RSSI: -168, CPL: 127, AGE: 20316, SSID HUAWEI-XJ2FLJ, TSFDelta: 0xea5bde2c, TXRate: 0
12-01 03:58:29.252 D/LOWI-9.0.0.87.a( 1373): [LOWI-Scan]
12-01 03:58:29.252 D/LOWI-9.0.0.87.a( 1373): [LOWI-Scan] print_bss_handler: Report beacon TSF 309021051 as it greater than probe TSF 309021051
12-01 03:58:29.252 D/LOWI-9.0.0.87.a( 1373): [LOWI-Scan] decode_rsn_wpa_ie: LOWI_ENCRYPTION_TYPE_WPA_PSK
12-01 03:58:29.252 D/LOWI-9.0.0.87.a( 1373): [LOWI-Scan] is_qcom_ie, bss_age: 0
12-01 03:58:29.252 D/LOWI-9.0.0.87.a( 1373): [LOWI-Scan] adjust_age:AP AGE upper limit reached. Dont store
12-01 03:58:29.252 D/LOWI-9.0.0.87.a( 1373): [LOWI-Scan] BSS 44:f9:71:c8:27:97 LOWI_PHY_MODE_11NG_HT20(5), Beacon Interval: 100, LOWI_ENCRYPTION_TYPE_WPA_PSK 11mcRanging: No, ANQP: No, LCI: No, Civic: No, capability(0x0411): ESS Privacy ShortSlotTime
12-01 03:58:29.252 D/LOWI-9.0.0.87.a( 1373): [LOWI-Scan] BSS 44:f9:71:c8:27:97 FREQ: 2462, cFreq1[40:80:160] = [0:0:0] cFreq2 = 0 Country Code = CN
12-01 03:58:29.252 D/LOWI-9.0.0.87.a( 1373): [LOWI-Scan] BSS 44:f9:71:c8:27:97 (wlan0) ASSO: NO AddInfo: 0x1, TSF 0, 00:05:09.021, RSSI: -144, CPL: 127, AGE: 20304, SSID zzzzzz, TSFDelta: 0x750cb373, TXRate: 0
12-01 03:58:29.252 D/LOWI-9.0.0.87.a( 1373): [LOWI-Scan]
12-01 03:58:29.252 D/LOWI-9.0.0.87.a( 1373): [LOWI-Scan] print_bss_handler: Report beacon TSF 309064230 as it greater than probe TSF 309064230
12-01 03:58:29.252 D/LOWI-9.0.0.87.a( 1373): [LOWI-Scan] decode_rsn_wpa_ie: LOWI_ENCRYPTION_TYPE_WPA_PSK
12-01 03:58:29.252 D/LOWI-9.0.0.87.a( 1373): [LOWI-Scan] is_qcom_ie, bss_age: 0
12-01 03:58:29.252 D/LOWI-9.0.0.87.a( 1373): [LOWI-Scan] adjust_age:AP AGE upper limit reached. Dont store
12-01 03:58:29.252 D/LOWI-9.0.0.87.a( 1373): [LOWI-Scan] BSS 64:6e:97:5a:7e:e0 LOWI_PHY_MODE_11AC_VHT40_2G(12), Beacon Interval: 100, LOWI_ENCRYPTION_TYPE_WPA_PSK 11mcRanging: No, ANQP: No, LCI: No, Civic: No, capability(0x1411): ESS Privacy ShortSlotTime
12-01 03:58:29.252 D/LOWI-9.0.0.87.a( 1373): [LOWI-Scan] BSS 64:6e:97:5a:7e:e0 FREQ: 2462, cFreq1[40:80:160] = [2452:0:0] cFreq2 = 0 Country Code = CN
12-01 03:58:29.252 D/LOWI-9.0.0.87.a( 1373): [LOWI-Scan] BSS 64:6e:97:5a:7e:e0 (wlan0) ASSO: NO AddInfo: 0x1, TSF 0, 00:05:09.064, RSSI: -152, CPL: 127, AGE: 20260, SSID DMC, TSFDelta: 0x14bcc975, TXRate: 0
12-01 03:58:29.252 D/LOWI-9.0.0.87.a( 1373): [LOWI-Scan]
12-01 03:58:29.252 D/LOWI-9.0.0.87.a( 1373): [LOWI-Scan] print_bss_handler: Report beacon TSF 309066748 as it greater than probe TSF 309066748
12-01 03:58:29.252 D/LOWI-9.0.0.87.a( 1373): [LOWI-Scan] decode_rsn_wpa_ie: LOWI_ENCRYPTION_TYPE_WPA_PSK
12-01 03:58:29.252 D/LOWI-9.0.0.87.a( 1373): [LOWI-Scan] is_qcom_ie, bss_age: 0
12-01 03:58:29.252 D/LOWI-9.0.0.87.a( 1373): [LOWI-Scan] adjust_age:AP AGE upper limit reached. Dont store
12-01 03:58:29.252 D/LOWI-9.0.0.87.a( 1373): [LOWI-Scan] BSS a4:1a:3a:00:9f:35 LOWI_PHY_MODE_11NG_HT40(7), Beacon Interval: 100, LOWI_ENCRYPTION_TYPE_WPA_PSK 11mcRanging: No, ANQP: No, LCI: No, Civic: No, capability(0x1411): ESS Privacy ShortSlotTime
12-01 03:58:29.252 D/LOWI-9.0.0.87.a( 1373): [LOWI-Scan] BSS a4:1a:3a:00:9f:35 FREQ: 2462, cFreq1[40:80:160] = [2452:0:0] cFreq2 = 0 Country Code = CN
12-01 03:58:29.252 D/LOWI-9.0.0.87.a( 1373): [LOWI-Scan] BSS a4:1a:3a:00:9f:35 (wlan0) ASSO: NO AddInfo: 0x1, TSF 0, 00:05:09.066, RSSI: -156, CPL: 127, AGE: 20260, SSID TP-LINK_9F35, TSFDelta: 0x8686faca, TXRate: 0
12-01 03:58:29.253 D/LOWI-9.0.0.87.a( 1373): [LOWI-Scan]
12-01 03:58:29.253 D/LOWI-9.0.0.87.a( 1373): [LOWI-Scan] print_bss_handler: Report beacon TSF 319220352 as it greater than probe TSF 319220352
12-01 03:58:29.253 D/LOWI-9.0.0.87.a( 1373): [LOWI-Scan] decode_rsn_wpa_ie: LOWI_ENCRYPTION_TYPE_WPA_PSK
12-01 03:58:29.253 D/LOWI-9.0.0.87.a( 1373): [LOWI-Scan] is_qcom_ie, bss_age: 0
12-01 03:58:29.253 D/LOWI-9.0.0.87.a( 1373): [LOWI-Scan] adjust_age:AP AGE upper limit reached. Dont store
12-01 03:58:29.253 D/LOWI-9.0.0.87.a( 1373): [LOWI-Scan] BSS 18:6f:2d:81:18:83 LOWI_PHY_MODE_11NG_HT20(5), Beacon Interval: 100, LOWI_ENCRYPTION_TYPE_WPA_PSK 11mcRanging: No, ANQP: No, LCI: No, Civic: No, capability(0x0531): ESS Privacy ShortPreamble SpectrumMgmt ShortSlotTime
12-01 03:58:29.253 D/LOWI-9.0.0.87.a( 1373): [LOWI-Scan] BSS 18:6f:2d:81:18:83 FREQ: 2472, cFreq1[40:80:160] = [2472:0:0] cFreq2 = 0 Country Code = CN
12-01 03:58:29.253 D/LOWI-9.0.0.87.a( 1373): [LOWI-Scan] BSS 18:6f:2d:81:18:83 (wlan0) ASSO: NO AddInfo: 0x1, TSF 0, 00:05:19.220, RSSI: -150, CPL: 127, AGE: 10104, SSID ZXHY, TSFDelta: 0xd4dcfe36, TXRate: 0
12-01 03:58:29.253 D/LOWI-9.0.0.87.a( 1373): [LOWI-Scan]
12-01 03:58:29.253 D/LOWI-9.0.0.87.a( 1373): [LOWI-Scan] print_bss_handler: Report beacon TSF 328154229 as it greater than probe TSF 328154229
12-01 03:58:29.253 D/LOWI-9.0.0.87.a( 1373): [LOWI-Scan] decode_rsn_wpa_ie: LOWI_ENCRYPTION_TYPE_WPA_PSK
12-01 03:58:29.253 D/LOWI-9.0.0.87.a( 1373): [LOWI-Scan] is_qcom_ie, bss_age: 0
12-01 03:58:29.253 D/LOWI-9.0.0.87.a( 1373): [LOWI-Scan] BSS 18:6f:2d:81:20:64 LOWI_PHY_MODE_11NG_HT20(5), Beacon Interval: 100, LOWI_ENCRYPTION_TYPE_WPA_PSK 11mcRanging: No, ANQP: No, LCI: No, Civic: No, capability(0x0531): ESS Privacy ShortPreamble SpectrumMgmt ShortSlotTime
12-01 03:58:29.253 D/LOWI-9.0.0.87.a( 1373): [LOWI-Scan] BSS 18:6f:2d:81:20:64 FREQ: 2412, cFreq1[40:80:160] = [2412:0:0] cFreq2 = 0 Country Code = CN
12-01 03:58:29.253 D/LOWI-9.0.0.87.a( 1373): [LOWI-Scan] BSS 18:6f:2d:81:20:64 (wlan0) ASSO: NO AddInfo: 0x1, TSF 0, 00:05:28.154, RSSI: -148, CPL: 127, AGE: 1172, SSID Fanya, TSFDelta: 0xfbc4a067, TXRate: 0
12-01 03:58:29.253 D/LOWI-9.0.0.87.a( 1373): [LOWI-Scan]
12-01 03:58:29.253 D/LOWI-9.0.0.87.a( 1373): [LOWI-Scan] print_bss_handler: Report beacon TSF 328172419 as it greater than probe TSF 328172419
12-01 03:58:29.253 D/LOWI-9.0.0.87.a( 1373): [LOWI-Scan] decode_rsn_wpa_ie: LOWI_ENCRYPTION_TYPE_WPA_PSK
12-01 03:58:29.253 D/LOWI-9.0.0.87.a( 1373): [LOWI-Scan] is_qcom_ie, bss_age: 0
12-01 03:58:29.253 D/LOWI-9.0.0.87.a( 1373): [LOWI-Scan] BSS 5a:41:20:2d:fe:89 LOWI_PHY_MODE_11AC_VHT80(10), Beacon Interval: 100, LOWI_ENCRYPTION_TYPE_WPA_PSK 11mcRanging: No, ANQP: No, LCI: No, Civic: No, capability(0x1011): ESS Privacy
12-01 03:58:29.253 D/LOWI-9.0.0.87.a( 1373): [LOWI-Scan] BSS 5a:41:20:2d:fe:89 FREQ: 5180, cFreq1[40:80:160] = [5190:5210:0] cFreq2 = 0 Country Code = CN
12-01 03:58:29.253 D/LOWI-9.0.0.87.a( 1373): [LOWI-Scan] BSS 5a:41:20:2d:fe:89 (wlan0) ASSO: NO AddInfo: 0x1, TSF 0, 00:05:28.172, RSSI: -136, CPL: 127, AGE: 1152, SSID , TSFDelta: 0xe9c26da5, TXRate: 0
12-01 03:58:29.253 D/LOWI-9.0.0.87.a( 1373): [LOWI-Scan]
12-01 03:58:29.253 D/LOWI-9.0.0.87.a( 1373): [LOWI-Scan] print_bss_handler: Report beacon TSF 318142458 as it greater than probe TSF 318142458
12-01 03:58:29.253 D/LOWI-9.0.0.87.a( 1373): [LOWI-Scan] decode_rsn_wpa_ie: LOWI_ENCRYPTION_TYPE_WPA_PSK
12-01 03:58:29.253 D/LOWI-9.0.0.87.a( 1373): [LOWI-Scan] is_qcom_ie, bss_age: 0
12-01 03:58:29.253 D/LOWI-9.0.0.87.a( 1373): [LOWI-Scan] adjust_age:AP AGE upper limit reached. Dont store
12-01 03:58:29.253 D/LOWI-9.0.0.87.a( 1373): [LOWI-Scan] BSS f0:55:01:67:de:ec LOWI_PHY_MODE_11NG_HT40(7), Beacon Interval: 100, LOWI_ENCRYPTION_TYPE_WPA_PSK 11mcRanging: No, ANQP: No, LCI: No, Civic: No, capability(0x1d31): ESS Privacy ShortPreamble SpectrumMgmt ShortSlotTime APSD
12-01 03:58:29.253 D/LOWI-9.0.0.87.a( 1373): [LOWI-Scan] BSS f0:55:01:67:de:ec FREQ: 2412, cFreq1[40:80:160] = [2422:0:0] cFreq2 = 0 Country Code =
12-01 03:58:29.253 D/LOWI-9.0.0.87.a( 1373): [LOWI-Scan] BSS f0:55:01:67:de:ec (wlan0) ASSO: NO AddInfo: 0x1, TSF 0, 00:05:18.142, RSSI: -168, CPL: 127, AGE: 11184, SSID xTS, TSFDelta: 0x671728ed, TXRate: 0
12-01 03:58:29.254 D/LOWI-9.0.0.87.a( 1373): [LOWI-Scan]
12-01 03:58:29.254 D/LOWI-9.0.0.87.a( 1373): [LOWI-Scan] print_bss_handler: Report Probe TSF 328153271 as it greater than Beacon TSF 0
12-01 03:58:29.254 D/LOWI-9.0.0.87.a( 1373): [LOWI-Scan] decode_rsn_wpa_ie: LOWI_ENCRYPTION_TYPE_WPA_PSK
12-01 03:58:29.254 D/LOWI-9.0.0.87.a( 1373): [LOWI-Scan] is_qcom_ie, bss_age: 0
12-01 03:58:29.254 D/LOWI-9.0.0.87.a( 1373): [LOWI-Scan] BSS 7c:d9:5c:9d:f7:dc LOWI_PHY_MODE_11AC_VHT80(10), Beacon Interval: 100, LOWI_ENCRYPTION_TYPE_WPA_PSK 11mcRanging: Yes, ANQP: No, LCI: No, Civic: No, capability(0x1031): ESS Privacy ShortPreamble
12-01 03:58:29.254 D/LOWI-9.0.0.87.a( 1373): [LOWI-Scan] BSS 7c:d9:5c:9d:f7:dc FREQ: 5180, cFreq1[40:80:160] = [5190:5210:0] cFreq2 = 0 Country Code = US
12-01 03:58:29.254 D/LOWI-9.0.0.87.a( 1373): [LOWI-Scan] BSS 7c:d9:5c:9d:f7:dc (wlan0) ASSO: NO AddInfo: 0x0, TSF 0, 00:05:28.153, RSSI: -162, CPL: 127, AGE: 1172, SSID Google nest wifi, TSFDelta: 0x25d1bfb9, TXRate: 0
12-01 03:58:29.254 D/LOWI-9.0.0.87.a( 1373): [LOWI-Scan]
12-01 03:58:29.254 D/LOWI-9.0.0.87.a( 1373): [LOWI-Scan] print_bss_handler: Report Probe TSF 318196212 as it greater than Beacon TSF 0
12-01 03:58:29.254 D/LOWI-9.0.0.87.a( 1373): [LOWI-Scan] decode_rsn_wpa_ie: LOWI_ENCRYPTION_TYPE_WPA_PSK
12-01 03:58:29.254 D/LOWI-9.0.0.87.a( 1373): [LOWI-Scan] is_qcom_ie, bss_age: 0
12-01 03:58:29.254 D/LOWI-9.0.0.87.a( 1373): [LOWI-Scan] adjust_age:AP AGE upper limit reached. Dont store
12-01 03:58:29.254 D/LOWI-9.0.0.87.a( 1373): [LOWI-Scan] BSS 6c:b1:58:f8:a2:d4 LOWI_PHY_MODE_11AC_VHT40_2G(12), Beacon Interval: 100, LOWI_ENCRYPTION_TYPE_WPA_PSK 11mcRanging: No, ANQP: No, LCI: No, Civic: No, capability(0x1411): ESS Privacy ShortSlotTime
12-01 03:58:29.254 D/LOWI-9.0.0.87.a( 1373): [LOWI-Scan] BSS 6c:b1:58:f8:a2:d4 FREQ: 2412, cFreq1[40:80:160] = [2422:0:0] cFreq2 = 0 Country Code = CN
12-01 03:58:29.254 D/LOWI-9.0.0.87.a( 1373): [LOWI-Scan] BSS 6c:b1:58:f8:a2:d4 (wlan0) ASSO: NO AddInfo: 0x0, TSF 0, 00:05:18.196, RSSI: -150, CPL: 127, AGE: 11128, SSID TP-LINK_A2D4, TSFDelta: 0x904f4e89, TXRate: 0
12-01 03:58:29.254 D/LOWI-9.0.0.87.a( 1373): [LOWI-Scan]
12-01 03:58:29.254 D/LOWI-9.0.0.87.a( 1373): [LOWI-Scan] print_bss_handler: Report Probe TSF 328368233 as it greater than Beacon TSF 318339438
12-01 03:58:29.254 D/LOWI-9.0.0.87.a( 1373): [LOWI-Scan] decode_rsn_wpa_ie: LOWI_ENCRYPTION_TYPE_WPA_PSK
12-01 03:58:29.254 D/LOWI-9.0.0.87.a( 1373): [LOWI-Scan] is_qcom_ie, bss_age: 0
12-01 03:58:29.254 D/LOWI-9.0.0.87.a( 1373): [LOWI-Scan] BSS 82:9e:f7:c9:f3:d7 LOWI_PHY_MODE_11AC_VHT80(10), Beacon Interval: 100, LOWI_ENCRYPTION_TYPE_WPA_PSK 11mcRanging: No, ANQP: No, LCI: No, Civic: No, capability(0x0531): ESS Privacy ShortPreamble SpectrumMgmt ShortSlotTime
12-01 03:58:29.254 D/LOWI-9.0.0.87.a( 1373): [LOWI-Scan] BSS 82:9e:f7:c9:f3:d7 FREQ: 5745, cFreq1[40:80:160] = [5755:5775:0] cFreq2 = 0 Country Code = CN
12-01 03:58:29.254 D/LOWI-9.0.0.87.a( 1373): [LOWI-Scan] BSS 82:9e:f7:c9:f3:d7 (wlan0) ASSO: NO AddInfo: 0x0, TSF 0, 00:05:28.368, RSSI: -54, CPL: 127, AGE: 956, SSID HONOR_20_PRO, TSFDelta: 0x70e48e8, TXRate: 0
12-01 03:58:29.254 D/LOWI-9.0.0.87.a( 1373): [LOWI-Scan]
12-01 03:58:29.254 D/LOWI-9.0.0.87.a( 1373): [LOWI-Scan] print_bss_handler: Report Probe TSF 328379254 as it greater than Beacon TSF 0
12-01 03:58:29.254 D/LOWI-9.0.0.87.a( 1373): [LOWI-Scan] is_qcom_ie, bss_age: 0
12-01 03:58:29.254 D/LOWI-9.0.0.87.a( 1373): [LOWI-Scan] BSS 18:6f:2d:81:0d:81 LOWI_PHY_MODE_11NG_HT20(5), Beacon Interval: 100, LOWI_ENCRYPTION_TYPE_OPEN 11mcRanging: No, ANQP: No, LCI: No, Civic: No, capability(0x0521): ESS ShortPreamble SpectrumMgmt ShortSlotTime
12-01 03:58:29.254 D/LOWI-9.0.0.87.a( 1373): [LOWI-Scan] BSS 18:6f:2d:81:0d:81 FREQ: 2422, cFreq1[40:80:160] = [2422:0:0] cFreq2 = 0 Country Code = CN
12-01 03:58:29.254 D/LOWI-9.0.0.87.a( 1373): [LOWI-Scan] BSS 18:6f:2d:81:0d:81 (wlan0) ASSO: NO AddInfo: 0x0, TSF 0, 00:05:28.379, RSSI: -146, CPL: 127, AGE: 948, SSID Guest, TSFDelta: 0xb9bbeb6f, TXRate: 0
12-01 03:58:29.254 D/LOWI-9.0.0.87.a( 1373): [LOWI-Scan]
12-01 03:58:29.254 D/LOWI-9.0.0.87.a( 1373): [LOWI-Scan] print_bss_handler: Report beacon TSF 319221841 as it greater than probe TSF 319221841
12-01 03:58:29.254 D/LOWI-9.0.0.87.a( 1373): [LOWI-Scan] decode_rsn_wpa_ie: LOWI_ENCRYPTION_TYPE_WPA_PSK
12-01 03:58:29.255 D/LOWI-9.0.0.87.a( 1373): [LOWI-Scan] is_qcom_ie, bss_age: 0
12-01 03:58:29.255 D/LOWI-9.0.0.87.a( 1373): [LOWI-Scan] adjust_age:AP AGE upper limit reached. Dont store
12-01 03:58:29.255 D/LOWI-9.0.0.87.a( 1373): [LOWI-Scan] BSS 18:6f:2d:81:18:84 LOWI_PHY_MODE_11NG_HT20(5), Beacon Interval: 100, LOWI_ENCRYPTION_TYPE_WPA_PSK 11mcRanging: No, ANQP: No, LCI: No, Civic: No, capability(0x0531): ESS Privacy ShortPreamble SpectrumMgmt ShortSlotTime
12-01 03:58:29.255 D/LOWI-9.0.0.87.a( 1373): [LOWI-Scan] BSS 18:6f:2d:81:18:84 FREQ: 2472, cFreq1[40:80:160] = [2472:0:0] cFreq2 = 0 Country Code = CN
12-01 03:58:29.255 D/LOWI-9.0.0.87.a( 1373): [LOWI-Scan] BSS 18:6f:2d:81:18:84 (wlan0) ASSO: NO AddInfo: 0x1, TSF 0, 00:05:19.221, RSSI: -156, CPL: 127, AGE: 10104, SSID Fanya, TSFDelta: 0xd4e95c13, TXRate: 0
12-01 03:58:29.255 D/LOWI-9.0.0.87.a( 1373): [LOWI-Scan]
12-01 03:58:29.255 D/LOWI-9.0.0.87.a( 1373): [LOWI-Scan] print_bss_handler: Report beacon TSF 319223493 as it greater than probe TSF 319223493
12-01 03:58:29.255 D/LOWI-9.0.0.87.a( 1373): [LOWI-Scan] decode_rsn_wpa_ie: LOWI_ENCRYPTION_TYPE_WPA_PSK
12-01 03:58:29.255 D/LOWI-9.0.0.87.a( 1373): [LOWI-Scan] is_qcom_ie, bss_age: 0
12-01 03:58:29.255 D/LOWI-9.0.0.87.a( 1373): [LOWI-Scan] adjust_age:AP AGE upper limit reached. Dont store
12-01 03:58:29.255 D/LOWI-9.0.0.87.a( 1373): [LOWI-Scan] BSS 18:6f:2d:81:18:85 LOWI_PHY_MODE_11NG_HT20(5), Beacon Interval: 100, LOWI_ENCRYPTION_TYPE_WPA_PSK 11mcRanging: No, ANQP: No, LCI: No, Civic: No, capability(0x0531): ESS Privacy ShortPreamble SpectrumMgmt ShortSlotTime
12-01 03:58:29.255 D/LOWI-9.0.0.87.a( 1373): [LOWI-Scan] BSS 18:6f:2d:81:18:85 FREQ: 2472, cFreq1[40:80:160] = [2472:0:0] cFreq2 = 0 Country Code = CN
12-01 03:58:29.255 D/LOWI-9.0.0.87.a( 1373): [LOWI-Scan] BSS 18:6f:2d:81:18:85 (wlan0) ASSO: NO AddInfo: 0x1, TSF 0, 00:05:19.223, RSSI: -154, CPL: 127, AGE: 10104, SSID GM_2.4G, TSFDelta: 0xd4f55a74, TXRate: 0
12-01 03:58:29.255 D/LOWI-9.0.0.87.a( 1373): [LOWI-Scan]
12-01 03:58:29.255 D/LOWI-9.0.0.87.a( 1373): [LOWI-Scan] print_bss_handler: Report beacon TSF 322262314 as it greater than probe TSF 322262314
12-01 03:58:29.255 D/LOWI-9.0.0.87.a( 1373): [LOWI-Scan] decode_rsn_wpa_ie: LOWI_ENCRYPTION_TYPE_WPA_PSK
12-01 03:58:29.255 D/LOWI-9.0.0.87.a( 1373): [LOWI-Scan] is_qcom_ie, bss_age: 0
12-01 03:58:29.255 D/LOWI-9.0.0.87.a( 1373): [LOWI-Scan] BSS 18:6f:2d:81:20:63 LOWI_PHY_MODE_11NG_HT20(5), Beacon Interval: 100, LOWI_ENCRYPTION_TYPE_WPA_PSK 11mcRanging: No, ANQP: No, LCI: No, Civic: No, capability(0x0531): ESS Privacy ShortPreamble SpectrumMgmt ShortSlotTime
12-01 03:58:29.255 D/LOWI-9.0.0.87.a( 1373): [LOWI-Scan] BSS 18:6f:2d:81:20:63 FREQ: 2412, cFreq1[40:80:160] = [2412:0:0] cFreq2 = 0 Country Code = CN
12-01 03:58:29.255 D/LOWI-9.0.0.87.a( 1373): [LOWI-Scan] BSS 18:6f:2d:81:20:63 (wlan0) ASSO: NO AddInfo: 0x1, TSF 0, 00:05:22.262, RSSI: -158, CPL: 127, AGE: 7062, SSID ZXHY, TSFDelta: 0xfbee40dc, TXRate: 0
12-01 03:58:29.256 D/LOWI-9.0.0.87.a( 1373): [LOWI-Scan]
12-01 03:58:29.256 D/LOWI-9.0.0.87.a( 1373): [LOWI-Scan] print_bss_handler: Report Probe TSF 328382991 as it greater than Beacon TSF 0
12-01 03:58:29.256 D/LOWI-9.0.0.87.a( 1373): [LOWI-Scan] decode_rsn_wpa_ie: LOWI_ENCRYPTION_TYPE_WPA_PSK
12-01 03:58:29.256 D/LOWI-9.0.0.87.a( 1373): [LOWI-Scan] is_qcom_ie, bss_age: 0
12-01 03:58:29.256 D/LOWI-9.0.0.87.a( 1373): [LOWI-Scan] BSS 18:6f:2d:81:0d:83 LOWI_PHY_MODE_11NG_HT20(5), Beacon Interval: 100, LOWI_ENCRYPTION_TYPE_WPA_PSK 11mcRanging: No, ANQP: No, LCI: No, Civic: No, capability(0x0531): ESS Privacy ShortPreamble SpectrumMgmt ShortSlotTime
12-01 03:58:29.256 D/LOWI-9.0.0.87.a( 1373): [LOWI-Scan] BSS 18:6f:2d:81:0d:83 FREQ: 2422, cFreq1[40:80:160] = [2422:0:0] cFreq2 = 0 Country Code = CN
12-01 03:58:29.256 D/LOWI-9.0.0.87.a( 1373): [LOWI-Scan] BSS 18:6f:2d:81:0d:83 (wlan0) ASSO: NO AddInfo: 0x0, TSF 0, 00:05:28.382, RSSI: -146, CPL: 127, AGE: 944, SSID ZXHY, TSFDelta: 0xba0755fc, TXRate: 0
12-01 03:58:29.256 D/LOWI-9.0.0.87.a( 1373): [LOWI-Scan]
12-01 03:58:29.256 D/LOWI-9.0.0.87.a( 1373): [LOWI-Scan] print_bss_handler: Report beacon TSF 328379173 as it greater than probe TSF 322501654
12-01 03:58:29.256 D/LOWI-9.0.0.87.a( 1373): [LOWI-Scan] decode_rsn_wpa_ie: LOWI_ENCRYPTION_TYPE_WPA_PSK
12-01 03:58:29.256 D/LOWI-9.0.0.87.a( 1373): [LOWI-Scan] is_qcom_ie, bss_age: 0
12-01 03:58:29.256 D/LOWI-9.0.0.87.a( 1373): [LOWI-Scan] BSS 18:6f:2d:81:0d:84 LOWI_PHY_MODE_11NG_HT20(5), Beacon Interval: 100, LOWI_ENCRYPTION_TYPE_WPA_PSK 11mcRanging: No, ANQP: No, LCI: No, Civic: No, capability(0x0531): ESS Privacy ShortPreamble SpectrumMgmt ShortSlotTime
12-01 03:58:29.256 D/LOWI-9.0.0.87.a( 1373): [LOWI-Scan] BSS 18:6f:2d:81:0d:84 FREQ: 2422, cFreq1[40:80:160] = [2422:0:0] cFreq2 = 0 Country Code = CN
12-01 03:58:29.256 D/LOWI-9.0.0.87.a( 1373): [LOWI-Scan] BSS 18:6f:2d:81:0d:84 (wlan0) ASSO: NO AddInfo: 0x1, TSF 0, 00:05:28.379, RSSI: -146, CPL: 127, AGE: 948, SSID Fanya, TSFDelta: 0xba88de49, TXRate: 0
12-01 03:58:29.256 D/LOWI-9.0.0.87.a( 1373): [LOWI-Scan]
12-01 03:58:29.256 D/LOWI-9.0.0.87.a( 1373): [LOWI-Scan] print_bss_handler: Report beacon TSF 322455430 as it greater than probe TSF 322455430
12-01 03:58:29.256 D/LOWI-9.0.0.87.a( 1373): [LOWI-Scan] decode_rsn_wpa_ie: LOWI_ENCRYPTION_TYPE_WPA_PSK
12-01 03:58:29.256 D/LOWI-9.0.0.87.a( 1373): [LOWI-Scan] is_qcom_ie, bss_age: 0
12-01 03:58:29.256 D/LOWI-9.0.0.87.a( 1373): [LOWI-Scan] BSS 18:6f:2d:0a:ae:00 LOWI_PHY_MODE_11NG_HT20(5), Beacon Interval: 100, LOWI_ENCRYPTION_TYPE_WPA_PSK 11mcRanging: No, ANQP: No, LCI: No, Civic: No, capability(0x0531): ESS Privacy ShortPreamble SpectrumMgmt ShortSlotTime
12-01 03:58:29.256 D/LOWI-9.0.0.87.a( 1373): [LOWI-Scan] BSS 18:6f:2d:0a:ae:00 FREQ: 2422, cFreq1[40:80:160] = [2422:0:0] cFreq2 = 0 Country Code = CN
12-01 03:58:29.256 D/LOWI-9.0.0.87.a( 1373): [LOWI-Scan] BSS 18:6f:2d:0a:ae:00 (wlan0) ASSO: NO AddInfo: 0x1, TSF 0, 00:05:22.455, RSSI: -154, CPL: 127, AGE: 6875, SSID Testing , TSFDelta: 0x422cb401, TXRate: 0
12-01 03:58:29.256 D/LOWI-9.0.0.87.a( 1373): [LOWI-Scan]
12-01 03:58:29.256 D/LOWI-9.0.0.87.a( 1373): [LOWI-Scan] print_bss_handler: Report beacon TSF 322455628 as it greater than probe TSF 322455628
12-01 03:58:29.256 D/LOWI-9.0.0.87.a( 1373): [LOWI-Scan] is_qcom_ie, bss_age: 0
12-01 03:58:29.256 D/LOWI-9.0.0.87.a( 1373): [LOWI-Scan] BSS 18:6f:2d:0a:ae:01 LOWI_PHY_MODE_11NG_HT20(5), Beacon Interval: 100, LOWI_ENCRYPTION_TYPE_OPEN 11mcRanging: No, ANQP: No, LCI: No, Civic: No, capability(0x0521): ESS ShortPreamble SpectrumMgmt ShortSlotTime
12-01 03:58:29.256 D/LOWI-9.0.0.87.a( 1373): [LOWI-Scan] BSS 18:6f:2d:0a:ae:01 FREQ: 2422, cFreq1[40:80:160] = [2422:0:0] cFreq2 = 0 Country Code = CN
12-01 03:58:29.256 D/LOWI-9.0.0.87.a( 1373): [LOWI-Scan] BSS 18:6f:2d:0a:ae:01 (wlan0) ASSO: NO AddInfo: 0x1, TSF 0, 00:05:22.455, RSSI: -158, CPL: 127, AGE: 6874, SSID Guest, TSFDelta: 0x42304326, TXRate: 0
12-01 03:58:29.257 D/LOWI-9.0.0.87.a( 1373): [LOWI-Scan]
12-01 03:58:29.257 D/LOWI-9.0.0.87.a( 1373): [LOWI-Scan] print_bss_handler: Report beacon TSF 322456247 as it greater than probe TSF 322456247
12-01 03:58:29.257 D/LOWI-9.0.0.87.a( 1373): [LOWI-Scan] decode_rsn_wpa_ie: LOWI_ENCRYPTION_TYPE_WPA_PSK
12-01 03:58:29.257 D/LOWI-9.0.0.87.a( 1373): [LOWI-Scan] is_qcom_ie, bss_age: 0
12-01 03:58:29.257 D/LOWI-9.0.0.87.a( 1373): [LOWI-Scan] BSS 18:6f:2d:0a:ae:02 LOWI_PHY_MODE_11NG_HT20(5), Beacon Interval: 100, LOWI_ENCRYPTION_TYPE_WPA_PSK 11mcRanging: No, ANQP: No, LCI: No, Civic: No, capability(0x0531): ESS Privacy ShortPreamble SpectrumMgmt ShortSlotTime
12-01 03:58:29.257 D/LOWI-9.0.0.87.a( 1373): [LOWI-Scan] BSS 18:6f:2d:0a:ae:02 FREQ: 2422, cFreq1[40:80:160] = [2422:0:0] cFreq2 = 0 Country Code = CN
12-01 03:58:29.257 D/LOWI-9.0.0.87.a( 1373): [LOWI-Scan] BSS 18:6f:2d:0a:ae:02 (wlan0) ASSO: NO AddInfo: 0x1, TSF 0, 00:05:22.456, RSSI: -156, CPL: 127, AGE: 6870, SSID ThunderSoft_2.4G, TSFDelta: 0x42338f0b, TXRate: 0
12-01 03:58:29.257 D/LOWI-9.0.0.87.a( 1373): [LOWI-Scan]
12-01 03:58:29.257 D/LOWI-9.0.0.87.a( 1373): [LOWI-Scan] print_bss_handler: Report beacon TSF 322456645 as it greater than probe TSF 322456645
12-01 03:58:29.257 D/LOWI-9.0.0.87.a( 1373): [LOWI-Scan] decode_rsn_wpa_ie: LOWI_ENCRYPTION_TYPE_WPA_PSK
12-01 03:58:29.257 D/LOWI-9.0.0.87.a( 1373): [LOWI-Scan] is_qcom_ie, bss_age: 0
12-01 03:58:29.257 D/LOWI-9.0.0.87.a( 1373): [LOWI-Scan] BSS 18:6f:2d:0a:ae:03 LOWI_PHY_MODE_11NG_HT20(5), Beacon Interval: 100, LOWI_ENCRYPTION_TYPE_WPA_PSK 11mcRanging: No, ANQP: No, LCI: No, Civic: No, capability(0x0531): ESS Privacy ShortPreamble SpectrumMgmt ShortSlotTime
12-01 03:58:29.257 D/LOWI-9.0.0.87.a( 1373): [LOWI-Scan] BSS 18:6f:2d:0a:ae:03 FREQ: 2422, cFreq1[40:80:160] = [2422:0:0] cFreq2 = 0 Country Code = CN
12-01 03:58:29.257 D/LOWI-9.0.0.87.a( 1373): [LOWI-Scan] BSS 18:6f:2d:0a:ae:03 (wlan0) ASSO: NO AddInfo: 0x1, TSF 0, 00:05:22.456, RSSI: -150, CPL: 127, AGE: 6871, SSID ZXHY, TSFDelta: 0x42371063, TXRate: 0
12-01 03:58:29.257 D/LOWI-9.0.0.87.a( 1373): [LOWI-Scan]
12-01 03:58:29.257 D/LOWI-9.0.0.87.a( 1373): [LOWI-Scan] print_bss_handler: Report beacon TSF 322739728 as it greater than probe TSF 322739728
12-01 03:58:29.257 D/LOWI-9.0.0.87.a( 1373): [LOWI-Scan] decode_rsn_wpa_ie: LOWI_ENCRYPTION_TYPE_WPA_PSK
12-01 03:58:29.257 D/LOWI-9.0.0.87.a( 1373): [LOWI-Scan] is_qcom_ie, bss_age: 0
12-01 03:58:29.257 D/LOWI-9.0.0.87.a( 1373): [LOWI-Scan] BSS 1c:51:7e:52:1a:23 LOWI_PHY_MODE_11AC_VHT20_2G(11), Beacon Interval: 100, LOWI_ENCRYPTION_TYPE_WPA_PSK 11mcRanging: No, ANQP: Yes, LCI: No, Civic: No, capability(0x0431): ESS Privacy ShortPreamble ShortSlotTime
12-01 03:58:29.257 D/LOWI-9.0.0.87.a( 1373): [LOWI-Scan] BSS 1c:51:7e:52:1a:23 FREQ: 2437, cFreq1[40:80:160] = [0:0:0] cFreq2 = 0 Country Code = CN
12-01 03:58:29.257 D/LOWI-9.0.0.87.a( 1373): [LOWI-Scan] BSS 1c:51:7e:52:1a:23 (wlan0) ASSO: NO AddInfo: 0x1, TSF 0, 00:05:22.739, RSSI: -136, CPL: 127, AGE: 6591, SSID H3C_EPOCH_ETH10, TSFDelta: 0x5c598e19, TXRate: 0
12-01 03:58:29.257 D/LOWI-9.0.0.87.a( 1373): [LOWI-Scan]
12-01 03:58:29.257 D/LOWI-9.0.0.87.a( 1373): [LOWI-Scan] print_bss_handler: Report beacon TSF 328196199 as it greater than probe TSF 328196199
12-01 03:58:29.257 D/LOWI-9.0.0.87.a( 1373): [LOWI-Scan] decode_rsn_wpa_ie: LOWI_ENCRYPTION_TYPE_WPA_PSK
12-01 03:58:29.257 D/LOWI-9.0.0.87.a( 1373): [LOWI-Scan] is_qcom_ie, bss_age: 0
12-01 03:58:29.257 D/LOWI-9.0.0.87.a( 1373): [LOWI-Scan] BSS 18:6f:2d:81:1e:64 LOWI_PHY_MODE_11NG_HT20(5), Beacon Interval: 100, LOWI_ENCRYPTION_TYPE_WPA_PSK 11mcRanging: No, ANQP: No, LCI: No, Civic: No, capability(0x0531): ESS Privacy ShortPreamble SpectrumMgmt ShortSlotTime
12-01 03:58:29.257 D/LOWI-9.0.0.87.a( 1373): [LOWI-Scan] BSS 18:6f:2d:81:1e:64 FREQ: 2412, cFreq1[40:80:160] = [2412:0:0] cFreq2 = 0 Country Code = CN
12-01 03:58:29.257 D/LOWI-9.0.0.87.a( 1373): [LOWI-Scan] BSS 18:6f:2d:81:1e:64 (wlan0) ASSO: NO AddInfo: 0x1, TSF 0, 00:05:28.196, RSSI: -166, CPL: 127, AGE: 1132, SSID Fanya, TSFDelta: 0xfab9a6f3, TXRate: 0
12-01 03:58:29.257 D/LOWI-9.0.0.87.a( 1373): [LOWI-Scan]
12-01 03:58:29.257 D/LOWI-9.0.0.87.a( 1373): [LOWI-Scan] print_bss_handler: Report beacon TSF 328385030 as it greater than probe TSF 328385030
12-01 03:58:29.257 D/LOWI-9.0.0.87.a( 1373): [LOWI-Scan] decode_rsn_wpa_ie: LOWI_ENCRYPTION_TYPE_WPA_PSK
12-01 03:58:29.257 D/LOWI-9.0.0.87.a( 1373): [LOWI-Scan] is_qcom_ie, bss_age: 0
12-01 03:58:29.257 D/LOWI-9.0.0.87.a( 1373): [LOWI-Scan] BSS 44:94:fc:3d:da:94 LOWI_PHY_MODE_11AC_VHT80(10), Beacon Interval: 100, LOWI_ENCRYPTION_TYPE_WPA_PSK 11mcRanging: No, ANQP: No, LCI: No, Civic: No, capability(0x1011): ESS Privacy
12-01 03:58:29.257 D/LOWI-9.0.0.87.a( 1373): [LOWI-Scan] BSS 44:94:fc:3d:da:94 FREQ: 5765, cFreq1[40:80:160] = [5755:5775:0] cFreq2 = 0 Country Code =
12-01 03:58:29.257 D/LOWI-9.0.0.87.a( 1373): [LOWI-Scan] BSS 44:94:fc:3d:da:94 (wlan0) ASSO: NO AddInfo: 0x1, TSF 0, 00:05:28.385, RSSI: -168, CPL: 127, AGE: 944, SSID WIFI_debug_cjw_5G, TSFDelta: 0xa6a58856, TXRate: 0
12-01 03:58:29.258 D/LOWI-9.0.0.87.a( 1373): [LOWI-Scan]
12-01 03:58:29.258 D/LOWI-9.0.0.87.a( 1373): [LOWI-Scan] print_bss_handler: Report beacon TSF 328642178 as it greater than probe TSF 328642178
12-01 03:58:29.258 D/LOWI-9.0.0.87.a( 1373): [LOWI-Scan] is_qcom_ie, bss_age: 0
12-01 03:58:29.258 D/LOWI-9.0.0.87.a( 1373): [LOWI-Scan] BSS 18:6f:2d:25:4a:61 LOWI_PHY_MODE_11NG_HT20(5), Beacon Interval: 100, LOWI_ENCRYPTION_TYPE_OPEN 11mcRanging: No, ANQP: No, LCI: No, Civic: No, capability(0x0521): ESS ShortPreamble SpectrumMgmt ShortSlotTime
12-01 03:58:29.258 D/LOWI-9.0.0.87.a( 1373): [LOWI-Scan] BSS 18:6f:2d:25:4a:61 FREQ: 2437, cFreq1[40:80:160] = [2437:0:0] cFreq2 = 0 Country Code = CN
12-01 03:58:29.258 D/LOWI-9.0.0.87.a( 1373): [LOWI-Scan] BSS 18:6f:2d:25:4a:61 (wlan0) ASSO: NO AddInfo: 0x1, TSF 0, 00:05:28.642, RSSI: -134, CPL: 127, AGE: 688, SSID Guest, TSFDelta: 0xc6c1dfb4, TXRate: 0
12-01 03:58:29.258 D/LOWI-9.0.0.87.a( 1373): [LOWI-Scan]
12-01 03:58:29.258 D/LOWI-9.0.0.87.a( 1373): [LOWI-Scan] print_bss_handler: Report beacon TSF 328643624 as it greater than probe TSF 328643624
12-01 03:58:29.258 D/LOWI-9.0.0.87.a( 1373): [LOWI-Scan] decode_rsn_wpa_ie: LOWI_ENCRYPTION_TYPE_WPA_PSK
12-01 03:58:29.258 D/LOWI-9.0.0.87.a( 1373): [LOWI-Scan] is_qcom_ie, bss_age: 0
12-01 03:58:29.258 D/LOWI-9.0.0.87.a( 1373): [LOWI-Scan] BSS 18:6f:2d:25:4a:63 LOWI_PHY_MODE_11NG_HT20(5), Beacon Interval: 100, LOWI_ENCRYPTION_TYPE_WPA_PSK 11mcRanging: No, ANQP: No, LCI: No, Civic: No, capability(0x0531): ESS Privacy ShortPreamble SpectrumMgmt ShortSlotTime
12-01 03:58:29.258 D/LOWI-9.0.0.87.a( 1373): [LOWI-Scan] BSS 18:6f:2d:25:4a:63 FREQ: 2437, cFreq1[40:80:160] = [2437:0:0] cFreq2 = 0 Country Code = CN
12-01 03:58:29.258 D/LOWI-9.0.0.87.a( 1373): [LOWI-Scan] BSS 18:6f:2d:25:4a:63 (wlan0) ASSO: NO AddInfo: 0x1, TSF 0, 00:05:28.643, RSSI: -134, CPL: 127, AGE: 688, SSID ZXHY, TSFDelta: 0xc6cbe1b0, TXRate: 0
12-01 03:58:29.258 D/LOWI-9.0.0.87.a( 1373): [LOWI-Scan]
12-01 03:58:29.258 D/LOWI-9.0.0.87.a( 1373): [LOWI-Scan] print_bss_handler: Report beacon TSF 328644374 as it greater than probe TSF 328644374
12-01 03:58:29.258 D/LOWI-9.0.0.87.a( 1373): [LOWI-Scan] decode_rsn_wpa_ie: LOWI_ENCRYPTION_TYPE_WPA_PSK
12-01 03:58:29.258 D/LOWI-9.0.0.87.a( 1373): [LOWI-Scan] is_qcom_ie, bss_age: 0
12-01 03:58:29.258 D/LOWI-9.0.0.87.a( 1373): [LOWI-Scan] BSS 18:6f:2d:25:4a:64 LOWI_PHY_MODE_11NG_HT20(5), Beacon Interval: 100, LOWI_ENCRYPTION_TYPE_WPA_PSK 11mcRanging: No, ANQP: No, LCI: No, Civic: No, capability(0x0531): ESS Privacy ShortPreamble SpectrumMgmt ShortSlotTime
12-01 03:58:29.258 D/LOWI-9.0.0.87.a( 1373): [LOWI-Scan] BSS 18:6f:2d:25:4a:64 FREQ: 2437, cFreq1[40:80:160] = [2437:0:0] cFreq2 = 0 Country Code = CN
12-01 03:58:29.258 D/LOWI-9.0.0.87.a( 1373): [LOWI-Scan] BSS 18:6f:2d:25:4a:64 (wlan0) ASSO: NO AddInfo: 0x1, TSF 0, 00:05:28.644, RSSI: -134, CPL: 127, AGE: 684, SSID Fanya, TSFDelta: 0xc6d14e41, TXRate: 0
12-01 03:58:29.258 D/LOWI-9.0.0.87.a( 1373): [LOWIDiagLog] Log: lowiMeasResult->request: invalid null argument
12-01 03:58:29.258 I/LOWI-9.0.0.87.a( 1373): [LOWI-Scan] lowi_close_record:Scan done in 301446ms, 75 APs in scan results
12-01 03:58:29.258 D/LOWI-9.0.0.87.a( 1373): [LOWI-Scan] WipsScanUsingNL: passive scan cached 0, took 5884 ms, err 0
12-01 03:58:29.258 D/LOWI-9.0.0.87.a( 1373): [LOWI-Scan] lowi_proc_req_passive_scan_with_live_meas - No WLAN Frames to be parsed
12-01 03:58:29.258 D/LOWI-9.0.0.87.a( 1373): [LOWIScanResultReceiver] Send scan meas to listener
12-01 03:58:29.258 D/LOWI-9.0.0.87.a( 1373): [LOWIScanResultReceiver] Enter passive listening mode
12-01 03:58:29.258 D/LOWI-9.0.0.87.a( 1373): [LOWIWifiDriverInterface] getMeasurements - Passive listening mode
12-01 03:58:29.258 D/LOWI-9.0.0.87.a( 1373): [LOWIEventReceiver] handleEvent:FROM:NA, TO:NA, REQ:NA, IREQ:NA, REQ_ID:0, RESP:NA, INFO:NA
12-01 03:58:29.258 D/LOWI-9.0.0.87.a( 1373): [LOWI-Scan] WipsScanUsingNL:wait -1 sec for netlink message
12-01 03:58:29.258 D/LOWI-9.0.0.87.a( 1373): [LOWIBackgroundScanMgr] isRspForBgScanMgr: evt(LOWI_NO_EVT) - not handled
12-01 03:58:29.258 D/LOWI-9.0.0.87.a( 1373): [LOWIScheduler] manageMsg: NULL results or NULL request in results
12-01 03:58:29.258 D/LOWI-9.0.0.87.a( 1373): [LOWIController] Measurements received
12-01 03:58:29.258 D/LOWI-9.0.0.87.a( 1373): [LOWICacheManager] putInCache:Num of Meas to add: 75
12-01 03:58:29.263 D/LOWI-9.0.0.87.a( 1373): [LOWIController] processMeasurementResults: No current Request. Cache measurements
12-01 03:58:29.263 D/LOWI-9.0.0.87.a( 1373): [LOWIController] sendAsyncScanResponse: Request FreeWifiScanObserver_0 is from a different client.
12-01 03:58:29.263 D/LOWI-9.0.0.87.a( 1373): [LOWIController] generateResponse: Type (ASYNC_DISCOVERY_SCAN_RESULTS) ScanStatus (1) request FreeWifiScanObserver_0
12-01 03:58:29.263 D/LOWI-9.0.0.87.a( 1373): [LOWIEventDispatcher] sendResponse - originator = FreeWifiScanObserver
12-01 03:58:29.263 D/LOWI-9.0.0.87.a( 1373): [LOWIUtils] injectScanMeasurements - num of APs = 75
12-01 03:58:29.265 I/LOWI-9.0.0.87.a( 1373): [LOWIUtils] responseToOutPostcard - TO: FreeWifiScanObserver, FROM: LOWI-SERVER, RESP: LOWI_ASYNC_DISCOVERY_SCAN_RESULTS
12-01 03:58:29.266 D/LOWI-9.0.0.87.a( 1373): [LOWIControllerExtn] sendLOWILpDiscoveryScanResponse: Not a discovery scan response
12-01 03:58:29.269 W/IE_Capabilities( 1525): Unknown RSN cipher suite: 6ac0f00
12-01 03:58:29.270 D/WificondScannerImpl( 1525): Filtering out 48 scan results.
12-01 03:58:29.286 D/WifiDebugService( 2781): onScanResultsAvailable
12-01 03:58:29.322 D/WifiDebugService( 2781): connect wifi SSID is :
12-01 03:58:29.331 W/WifiDebugService( 2781): find wifi : ZXHY
12-01 03:58:29.331 W/WifiDebugService( 2781): find wifi : Fanya
12-01 03:58:29.332 W/WifiDebugService( 2781): find wifi : Testing
12-01 03:58:29.332 W/WifiDebugService( 2781): find wifi : Fanya
12-01 03:58:29.332 W/WifiDebugService( 2781): find wifi : ThunderSoft
12-01 03:58:29.332 W/WifiDebugService( 2781): find wifi : GM
12-01 03:58:29.332 W/WifiDebugService( 2781): find wifi : ZXHY
12-01 03:58:29.332 W/WifiDebugService( 2781): find wifi : Fanya
12-01 03:58:29.332 W/WifiDebugService( 2781): find wifi : Testing
12-01 03:58:29.332 W/WifiDebugService( 2781): find wifi : Testing
12-01 03:58:29.332 W/WifiDebugService( 2781): find wifi : Guest
12-01 03:58:29.332 W/WifiDebugService( 2781): find wifi : ZXHY
12-01 03:58:29.332 W/WifiDebugService( 2781): find wifi : Fanya
12-01 03:58:29.332 W/WifiDebugService( 2781): find wifi : ThunderSoft_2.4G
12-01 03:58:29.332 W/WifiDebugService( 2781): can not find target wifi ap : hht_test_wifi_fc4318c9
12-01 03:58:30.001 W/hpplay-java( 3306): [main]:IPManager:getActiveNets invalid networkInfo:null
12-01 03:58:30.002 I/hpplay-java( 3306): [main]:IPManager:getActiveNets eth0:false wifi:false mobile:false ap:false
12-01 03:58:30.002 I/hpplay-java( 3306): [main]:ServerTaskManager:get local ip:null
12-01 03:58:30.087 I/mpu_uart( 646): [MSG-P:RECV]:No message received in 1000 ms
12-01 03:58:30.370 I/am_uid_idle( 1525): 10075
12-01 03:58:30.370 I/am_uid_idle( 1525): 10031
12-01 03:58:30.560 I/input_interaction( 1525): Interaction with: cd71460 com.android.settings/com.android.settings.Settings (server), edge-swipe (server), swipe-up (server), PointerEventDispatcher0 (server),
12-01 03:58:30.773 I/sysui_multi_action( 2926): [757,1800,758,2,1089,8687]
12-01 03:58:30.792 I/WifiService( 1525): connect uid=1000
12-01 03:58:30.793 E/WifiConfigManager( 1525): Cannot find network with networkId -1 or configKey "HONOR_20_PRO"WPA_PSK or upgradable security type check
12-01 03:58:30.793 E/WifiConfigManager( 1525): Cannot find network with networkId -1 or configKey "HONOR_20_PRO"WPA_PSK or upgradable security type check
12-01 03:58:30.805 D/DrmLibTime( 514): got the req here! ret=0
12-01 03:58:30.805 D/DrmLibTime( 514): command id, time_cmd_id = 770
12-01 03:58:30.805 D/DrmLibTime( 514): time_getutcsec starts!
12-01 03:58:30.805 D/DrmLibTime( 514): QSEE Time Listener: time_getutcsec
12-01 03:58:30.805 D/DrmLibTime( 514): QSEE Time Listener: get_utc_seconds
12-01 03:58:30.805 D/DrmLibTime( 514): QSEE Time Listener: time_get_modem_time
12-01 03:58:30.805 D/DrmLibTime( 514): QSEE Time Listener: Checking if ATS_MODEM is set or not.
12-01 03:58:30.805 D/QC-time-services( 514): Lib:time_genoff_operation: pargs->base = 13
12-01 03:58:30.805 D/QC-time-services( 514): Lib:time_genoff_operation: pargs->operation = 2
12-01 03:58:30.805 D/QC-time-services( 514): Lib:time_genoff_operation: pargs->ts_val = 0
12-01 03:58:30.805 D/QC-time-services( 514): Lib:time_genoff_operation: Send to server passed!!
12-01 03:58:30.805 D/QC-time-services( 644): Daemon: Connection accepted:time_genoff
12-01 03:58:30.806 D/QC-time-services( 644): Daemon:Received base = 13, unit = 1, operation = 2,value = 0
12-01 03:58:30.806 D/QC-time-services( 644): Daemon:genoff_opr: Base = 13, val = 0, operation = 2
12-01 03:58:30.806 D/QC-time-services( 644): offset is: 0 for base: 13
12-01 03:58:30.806 E/QC-time-services( 514): Receive Passed == base = 13, unit = 1, operation = 2, result = 0
12-01 03:58:30.806 D/DrmLibTime( 514): QSEE Time Listener: ATS_MODEM is not set. Fallback to Android system time.
12-01 03:58:30.806 D/DrmLibTime( 514): QSEE Time Listener: Retrieved Android system time: 1669838310
12-01 03:58:30.806 D/DrmLibTime( 514): time_getutcsec returns 0, sec = 1669838310; nsec = 0
12-01 03:58:30.806 D/DrmLibTime( 514): time_getutcsec finished!
12-01 03:58:30.806 D/DrmLibTime( 514): iotcl_continue_command finished! and return 0
12-01 03:58:30.806 D/DrmLibTime( 514): before calling ioctl to read the next time_cmd
12-01 03:58:30.806 E/QC-time-services( 644): Daemon: Time-services: Waiting to acceptconnection
12-01 03:58:30.820 E/WifiConfigManager( 1525): Cannot find network with configKey "HONOR_20_PRO"WPA_PSK
12-01 03:58:30.820 D/WifiConfigurationUtil( 1525): Add upgradable SAE configuration.
12-01 03:58:30.820 D/WifiConfigManager( 1525): Enable disabled network: "HONOR_20_PRO" num=0
12-01 03:58:30.827 D/WifiConfigStore( 1525): Writing to stores completed in 4 ms.
12-01 03:58:30.830 W/ContextImpl( 1525): Calling a method in the system process without a qualified user: android.app.ContextImpl.sendBroadcastMultiplePermissions:1206 android.content.Context.sendBroadcastWithMultiplePermissions:2262 com.android.server.wifi.WifiServiceImpl.broadcastWifiCredentialChanged:4925 com.android.server.wifi.WifiServiceImpl.lambda$connect$106:4975 com.android.server.wifi.WifiServiceImpl.$r8$lambda$k_VbQ0XctrStvVsieclZczsvs-g:0
12-01 03:58:30.831 D/WifiConfigManager( 1525): Enable disabled network: "HONOR_20_PRO" num=0
12-01 03:58:30.843 D/WifiConfigStore( 1525): Writing to stores completed in 4 ms.
12-01 03:58:30.844 D/WifiClientModeImpl[wlan0]( 1525): connectToUserSelectNetwork netId 0, uid 1000, forceReconnect = true
12-01 03:58:30.846 D/WifiScoreReport( 1525): setShouldReduceNetworkScore=false mNetworkAgent is null? true
12-01 03:58:30.846 D/WifiClientModeImpl[wlan0]( 1525): CMD_START_CONNECT my state DisconnectedState nid=0 roam=false
12-01 03:58:30.878 W/System ( 1525): A resource failed to call close.
12-01 03:58:30.901 D/LOWI-9.0.0.87.a( 1373): [LOWINetlinkSocketReceiver] unpackRTMLinkMessage: RTM_NEWLINK - ifname wlan0, flags 0x1002 ()
12-01 03:58:30.901 D/LOWI-9.0.0.87.a( 1373): [LOWINetlinkSocketReceiver] processNetlinkPacket: ifname(wlan0) status(0)
12-01 03:58:30.901 D/LOWI-9.0.0.87.a( 1373): [LOWIController] intfStateReceived: ifname(wlan0) state(0)
12-01 03:58:30.901 D/LOWI-9.0.0.87.a( 1373): [LOWIEventReceiver] handleEvent:FROM:NA, TO:NA, REQ:NA, IREQ:NA, REQ_ID:0, RESP:NA, INFO:INTF-STATUS-UPDATE
12-01 03:58:30.901 D/LOWI-9.0.0.87.a( 1373): [LOWIEventReceiver] Info to [INTF-STATUS-UPDATE]
12-01 03:58:30.901 D/LOWI-9.0.0.87.a( 1373): [LOWIController] updateIntfState: WIFI enabled 0 mNlWifiStatus 1 mWifiStateEnabled 1
12-01 03:58:30.901 D/LOWI-9.0.0.87.a( 1373): [LOWIController] isWifiEnabled: mNlWifiStatus 0 mWifiStateEnabled 1
12-01 03:58:30.901 I/LOWI-9.0.0.87.a( 1373): [LOWIController] isWifiEnabled: Wifi is now disabled
12-01 03:58:30.901 D/LOWI-9.0.0.87.a( 1373): [LOWIController] terminateScanResultReceiver
12-01 03:58:30.901 D/LOWI-9.0.0.87.a( 1373): [LOWI-Scan] wips_wait_on_nl_socket: read returned 6, Received string: Close
12-01 03:58:30.901 D/LOWI-9.0.0.87.a( 1373): [LOWI-Scan] do_listen_events: Select Error return - -301
12-01 03:58:30.901 D/LOWI-9.0.0.87.a( 1373): [LOWI-Scan] No dump done. Error -301
12-01 03:58:30.901 D/LOWI-9.0.0.87.a( 1373): [LOWI-Scan] WipsScanUsingNL: passive scan cached 0, took 1643 ms, err -301
12-01 03:58:30.901 D/LOWI-9.0.0.87.a( 1373): [LOWI-Scan] lowi_proc_req_passive_scan_with_live_meas - No WLAN Frames to be parsed
12-01 03:58:30.901 D/LOWI-9.0.0.87.a( 1373): [LOWIWifiDriverInterface] Scan terminated for passive listening request
12-01 03:58:30.901 I/LOWI-9.0.0.87.a( 1373): [LOWIScanResultReceiver] Thread terminate was requested
12-01 03:58:30.902 D/LOWI-9.0.0.87.a( 1373): [LOWI-Scan] Closing the pipe
12-01 03:58:30.902 I/EthernetTracker( 1525): interfaceLinkStateChanged, iface: wlan0, up: false
12-01 03:58:30.902 D/LOWI-9.0.0.87.a( 1373): [LOWIScanResultReceiver] After join complete
12-01 03:58:30.902 D/LOWI-9.0.0.87.a( 1373): [LOWI-ROME-RTT] RomeUnblockRangingThread
12-01 03:58:30.902 D/LOWI-9.0.0.87.a( 1373): [LOWI-ROME-RTT] RomeWaitOnActivityOnSocketOrPipe: Ranging thread Received string: Close, request socket shutdown
12-01 03:58:30.902 D/LOWI-9.0.0.87.a( 1373): [LOWIRangingFSM] FSM: Received Terminate Thread request from Controller
12-01 03:58:30.902 I/LOWI-9.0.0.87.a( 1373): [LOWIScanResultReceiver] Thread terminate was requested
12-01 03:58:30.902 D/LOWI-9.0.0.87.a( 1373): [LOWI-ROME-RTT] Closing the Ranging pipe
12-01 03:58:30.902 D/LOWI-9.0.0.87.a( 1373): [LOWIScanResultReceiver] After join complete
12-01 03:58:30.903 D/LOWI-9.0.0.87.a( 1373): [LOWIController] terminateWifiDriver
12-01 03:58:30.903 I/CLD80211( 1373): lowi-server: Sent msg on exit sock to unblock poll()
12-01 03:58:30.908 D/LOWI-9.0.0.87.a( 1373): [LOWINetlinkSocketReceiver] unpackRTMLinkMessage: RTM_NEWLINK - ifname wlan0, flags 0x1002 ()
12-01 03:58:30.908 D/LOWI-9.0.0.87.a( 1373): [LOWINetlinkSocketReceiver] processNetlinkPacket: ifname(wlan0) status(0)
12-01 03:58:30.908 D/LOWI-9.0.0.87.a( 1373): [LOWIController] intfStateReceived: ifname(wlan0) state(0)
12-01 03:58:30.908 D/LOWI-9.0.0.87.a( 1373): [LOWIEventReceiver] handleEvent:FROM:NA, TO:NA, REQ:NA, IREQ:NA, REQ_ID:0, RESP:NA, INFO:INTF-STATUS-UPDATE
12-01 03:58:30.908 D/LOWI-9.0.0.87.a( 1373): [LOWIEventReceiver] Info to [INTF-STATUS-UPDATE]
12-01 03:58:30.908 D/LOWI-9.0.0.87.a( 1373): [LOWIController] updateIntfState: WIFI enabled 0 mNlWifiStatus 0 mWifiStateEnabled 0
12-01 03:58:30.908 D/LOWI-9.0.0.87.a( 1373): [LOWIController] isWifiEnabled: mNlWifiStatus 0 mWifiStateEnabled 0
12-01 03:58:30.908 I/EthernetTracker( 1525): interfaceLinkStateChanged, iface: wlan0, up: false
12-01 03:58:30.909 D/android.hardware.wifi@1.0-service( 825): Successfully SetMacAddress.
12-01 03:58:30.913 D/LOWI-9.0.0.87.a( 1373): [LOWINetlinkSocketReceiver] unpackRTMLinkMessage: RTM_NEWLINK - ifname wlan0, flags 0x1003 ([UP])
12-01 03:58:30.913 D/LOWI-9.0.0.87.a( 1373): [LOWINetlinkSocketReceiver] processNetlinkPacket: ifname(wlan0) status(1)
12-01 03:58:30.913 D/LOWI-9.0.0.87.a( 1373): [LOWIController] intfStateReceived: ifname(wlan0) state(1)
12-01 03:58:30.913 D/LOWI-9.0.0.87.a( 1373): [LOWIEventReceiver] handleEvent:FROM:NA, TO:NA, REQ:NA, IREQ:NA, REQ_ID:0, RESP:NA, INFO:INTF-STATUS-UPDATE
12-01 03:58:30.913 D/LOWI-9.0.0.87.a( 1373): [LOWIEventReceiver] Info to [INTF-STATUS-UPDATE]
12-01 03:58:30.913 D/LOWI-9.0.0.87.a( 1373): [LOWIController] updateIntfState: WIFI enabled 1 mNlWifiStatus 0 mWifiStateEnabled 0
12-01 03:58:30.913 D/LOWI-9.0.0.87.a( 1373): [LOWIController] isWifiEnabled: mNlWifiStatus 1 mWifiStateEnabled 0
12-01 03:58:30.913 I/LOWI-9.0.0.87.a( 1373): [LOWIController] isWifiEnabled: Wifi is now enabled
12-01 03:58:30.913 D/LOWI-9.0.0.87.a( 1373): [LOWIController] terminateScanResultReceiver
12-01 03:58:30.915 I/EthernetTracker( 1525): interfaceLinkStateChanged, iface: wlan0, up: false
12-01 03:58:30.922 D/LOWI-9.0.0.87.a( 1373): [LOWIWpaInterface] OpenCtrl]61 Success for mCtrl
12-01 03:58:30.922 D/LOWI-9.0.0.87.a( 1373): [LOWI-Scan] nl80211_init:SUCCESS
12-01 03:58:30.922 D/LOWI-9.0.0.87.a( 1373): [LOWI-Scan] nl_get_wiphy_info, done err = 0
12-01 03:58:30.922 I/LOWI-9.0.0.87.a( 1373): [LOWI-Scan] WipsGetSupportedChannels: return err = 0 num_2g_ch = 13 num_5g_ch = 13 num_6g_ch = 0
12-01 03:58:30.922 I/LOWI-9.0.0.87.a( 1373): [LOWIWifiDriverUtils] set the band mask from wiphy 3
12-01 03:58:30.923 D/LOWI-9.0.0.87.a( 1373): [LOWIWifiDriverUtils] getWiFiIdentityFromIoctl: ioctl(GET_MAC_ADDR) return: 0, Mac = 22:39:ea:77:9b:46
12-01 03:58:30.923 D/WifiClientModeImpl[wlan0]( 1525): ConnectedMacRandomization SSID(HONOR_20_PRO). setMacAddress(22:39:ea:77:9b:46) from 16:ea:96:86:7a:e8 = true
12-01 03:58:30.924 I/LOWI-9.0.0.87.a( 1373): [LOWI-ROME-RTT] RomeWipsOpen: libCld80211 found, load the symbols..
12-01 03:58:30.924 I/CLD80211( 1373): lowi-server: initialized exit socket pair
12-01 03:58:30.924 D/LOWI-9.0.0.87.a( 1373): [LOWI-ROME-RTT] cld80211InitAndRegister: Init and Registration done
12-01 03:58:30.924 W/LastMileLogger( 1525): Failed to open free_buffer pseudo-file: /sys/kernel/debug/tracing/instances/wifi/free_buffer: open failed: ENOENT (No such file or directory)
12-01 03:58:30.925 W/LastMileLogger( 1525): Failed to arm fail-safe.
12-01 03:58:30.925 I/WifiClientModeImpl[wlan0]( 1525): Connecting with 22:39:ea:77:9b:46 as the mac address
12-01 03:58:30.926 W/wificond( 1204): Scan is not started. Ignore abort request
12-01 03:58:30.927 D/LOWI-9.0.0.87.a( 1373): [LOWIController] createWifiDriver: wifi driver created.
12-01 03:58:30.927 D/LOWI-9.0.0.87.a( 1373): [LOWIController] getWifiCapabilities
12-01 03:58:30.927 D/LOWI-9.0.0.87.a( 1373): [LOWIController] passContConfig
12-01 03:58:30.927 I/LOWI-9.0.0.87.a( 1373): [LOWIWifiDriverUtils] return band_mask based on wiphy 3
12-01 03:58:30.927 D/LOWI-9.0.0.87.a( 1373): [LOWIControllerExtn] createScanResultReceiver: scanbitmask(0x26)
12-01 03:58:30.927 D/LOWI-9.0.0.87.a( 1373): [LOWIController] createScanResultReceiver: Capabilities: discovery(1), ranging(1), bgscan(0), scanbitmask(0x26)
12-01 03:58:30.927 D/LOWI-9.0.0.87.a( 1373): [LOWIController] created scanReceiver successfully
12-01 03:58:30.927 D/SupplicantStaIfaceHal( 1525): connectToNetwork "HONOR_20_PRO"WPA_PSK isMixedGbkUtf=false
12-01 03:58:30.927 D/LOWI-9.0.0.87.a( 1373): [LOWI-Scan] Creating the pipe
12-01 03:58:30.927 D/LOWI-9.0.0.87.a( 1373): [LOWIScanResultReceiver] Enter passive listening mode
12-01 03:58:30.927 D/LOWI-9.0.0.87.a( 1373): [LOWIWifiDriverInterface] getMeasurements - Passive listening mode
12-01 03:58:30.927 D/LOWI-9.0.0.87.a( 1373): [LOWI-ROME-RTT] Creating pipe to Ranging Thread
12-01 03:58:30.927 D/LOWI-9.0.0.87.a( 1373): [LOWIScanResultReceiver] Enter passive listening mode
