12-01 03:58:44.172 D/InterruptionStateProvider( 2372): No bubble up: not allowed to bubble: 0|com.android.systemui|2048|null|10080
12-01 03:58:44.172 D/InterruptionStateProvider( 2372): No heads up: unimportant notification: 0|com.android.systemui|2048|null|10080
12-01 03:58:44.179 D/PeopleSpaceWidgetMgr( 2372): Sbn doesn't contain valid PeopleTileKey: null/0/com.android.systemui
12-01 03:58:44.182 I/GameModeConfig( 1525): isGameModeOn = false
12-01 03:58:44.182 E/NotificationService( 1525): Muting recently noisy 0|com.android.systemui|2048|null|10080
12-01 03:58:44.184 V/GameMode_GameTypeUtils( 4299): judge isGame:com.thundercomm.screensaver
12-01 03:58:44.184 E/GameMode_GameModeNotificationListenerService( 4299): title :content :,PackageName:com.android.systemui,isGameModeOn:false,isBulletScreenOn:false,isBulletScreenPackage:false
12-01 03:58:44.187 D/InterruptionStateProvider( 2372): No bubble up: not allowed to bubble: 0|com.android.systemui|2048|null|10080
12-01 03:58:44.188 D/InterruptionStateProvider( 2372): No heads up: unimportant notification: 0|com.android.systemui|2048|null|10080
12-01 03:58:44.193 D/PeopleSpaceWidgetMgr( 2372): Sbn doesn't contain valid PeopleTileKey: null/0/com.android.systemui
12-01 03:58:44.199 I/GameModeConfig( 1525): isGameModeOn = false
12-01 03:58:44.199 E/NotificationService( 1525): Muting recently noisy 0|com.android.systemui|2048|null|10080
12-01 03:58:44.202 V/GameMode_GameTypeUtils( 4299): judge isGame:com.thundercomm.screensaver
12-01 03:58:44.202 E/GameMode_GameModeNotificationListenerService( 4299): title :content :,PackageName:com.android.systemui,isGameModeOn:false,isBulletScreenOn:false,isBulletScreenPackage:false
12-01 03:58:44.202 D/InterruptionStateProvider( 2372): No bubble up: not allowed to bubble: 0|com.android.systemui|2048|null|10080
12-01 03:58:44.202 D/InterruptionStateProvider( 2372): No heads up: unimportant notification: 0|com.android.systemui|2048|null|10080
12-01 03:58:44.208 D/PeopleSpaceWidgetMgr( 2372): Sbn doesn't contain valid PeopleTileKey: null/0/com.android.systemui
12-01 03:58:44.219 D/InterruptionStateProvider( 2372): No bubble up: not allowed to bubble: 0|com.android.systemui|2048|null|10080
12-01 03:58:44.219 D/InterruptionStateProvider( 2372): No heads up: unimportant notification: 0|com.android.systemui|2048|null|10080
12-01 03:58:44.226 D/PeopleSpaceWidgetMgr( 2372): Sbn doesn't contain valid PeopleTileKey: null/0/com.android.systemui
12-01 03:58:44.228 I/GameModeConfig( 1525): isGameModeOn = false
12-01 03:58:44.228 E/NotificationService( 1525): Muting recently noisy 0|com.android.systemui|2048|null|10080
12-01 03:58:44.233 V/GameMode_GameTypeUtils( 4299): judge isGame:com.thundercomm.screensaver
12-01 03:58:44.233 E/GameMode_GameModeNotificationListenerService( 4299): title :content :,PackageName:com.android.systemui,isGameModeOn:false,isBulletScreenOn:false,isBulletScreenPackage:false
12-01 03:58:44.237 D/InterruptionStateProvider( 2372): No bubble up: not allowed to bubble: 0|com.android.systemui|2048|null|10080
12-01 03:58:44.237 D/InterruptionStateProvider( 2372): No heads up: unimportant notification: 0|com.android.systemui|2048|null|10080
12-01 03:58:44.243 D/PeopleSpaceWidgetMgr( 2372): Sbn doesn't contain valid PeopleTileKey: null/0/com.android.systemui
12-01 03:58:44.289 W/AudioIDCMicroNegotiator( 1525): idcm_warn: idcm control is not enable
12-01 03:58:44.290 I/GenericSource( 1186): start
12-01 03:58:44.290 D/Avrcp_ext( 2356): AudioManager Player: AudioPlaybackConfiguration piid:103 deviceId:0 type:android.media.SoundPool u/pid:1000/1525 state:idle attr:AudioAttributes: usage=USAGE_ASSISTANCE_SONIFICATION content=CONTENT_TYPE_SONIFICATION flags=0x800 tags= bundle=null sessionId:0
12-01 03:58:44.291 D/Avrcp_ext( 2356): AudioManager Player: AudioPlaybackConfiguration piid:711 deviceId:0 type:android.media.MediaPlayer u/pid:10080/2372 state:started attr:AudioAttributes: usage=USAGE_NOTIFICATION content=CONTENT_TYPE_SONIFICATION flags=0x800 tags= bundle=null sessionId:0
12-01 03:58:44.291 W/Utils ( 1186): track of type 'audio/vorbis' does not publish channel mask, channel count 1
12-01 03:58:44.292 D/MediaRouter( 2372): onRestoreRoute() : route=RouteInfo{ name=骞虫澘鐢佃剳, description=null, status=null, category=RouteCategory{ name=绯荤粺 types=ROUTE_TYPE_LIVE_AUDIO ROUTE_TYPE_LIVE_VIDEO groupable=false }, supportedTypes=ROUTE_TYPE_LIVE_AUDIO ROUTE_TYPE_LIVE_VIDEO , presentationDisplay=null }
12-01 03:58:44.292 V/MediaRouter( 2372): Selecting route: RouteInfo{ name=骞虫澘鐢佃剳, description=null, status=null, category=RouteCategory{ name=绯荤粺 types=ROUTE_TYPE_LIVE_AUDIO ROUTE_TYPE_LIVE_VIDEO groupable=false }, supportedTypes=ROUTE_TYPE_LIVE_AUDIO ROUTE_TYPE_LIVE_VIDEO , presentationDisplay=null }
12-01 03:58:44.293 D/Avrcp_ext( 2356): AudioManager Player in started state: com.android.systemui
12-01 03:58:44.294 D/Avrcp_ext( 2356): AudioManager Active Player: com.android.systemui
12-01 03:58:44.294 D/Avrcp_ext( 2356): AudioManager Player: AudioPlaybackConfiguration piid:111 deviceId:0 type:android.media.SoundPool u/pid:10080/2372 state:idle attr:AudioAttributes: usage=USAGE_ASSISTANCE_SONIFICATION content=CONTENT_TYPE_SONIFICATION flags=0x800 tags= bundle=null sessionId:0
12-01 03:58:44.294 D/Avrcp_ext( 2356): AudioManager Player: AudioPlaybackConfiguration piid:127 deviceId:0 type:android.media.SoundPool u/pid:1000/4299 state:idle attr:AudioAttributes: usage=USAGE_ASSISTANCE_SONIFICATION content=CONTENT_TYPE_SONIFICATION flags=0x801 tags= bundle=null sessionId:0
12-01 03:58:44.294 D/Avrcp_ext( 2356): AudioManager Player: AudioPlaybackConfiguration piid:655 deviceId:0 type:android.media.MediaPlayer u/pid:10086/5199 state:idle attr:AudioAttributes: usage=USAGE_UNKNOWN content=CONTENT_TYPE_UNKNOWN flags=0x800 tags= bundle=null sessionId:0
12-01 03:58:44.294 D/Avrcp_ext( 2356): AudioManager isPlaying: true, mAudioPlaybackIsActive = false
12-01 03:58:44.295 W/Utils ( 1186): track of type 'audio/vorbis' does not publish channel mask, channel count 1
12-01 03:58:44.297 D/audio_hw_primary( 797): adev_get_parameters:is_hw_dec_session_available
12-01 03:58:44.297 D/audio_hw_spkr_prot( 797): fbsp_get_parameters: Speaker protection disabled
12-01 03:58:44.297 D/soundtrigger( 797): audio_extn_sound_trigger_get_parameters input string
12-01 03:58:44.297 D/soundtrigger( 797): extract_sm_handle input string param string
12-01 03:58:44.297 D/audio_hw_extn( 797): audio_extn_fm_get_parameters: Enter
12-01 03:58:44.297 D/audio_hw_extn( 797): audio_extn_get_parameters: returns
12-01 03:58:44.297 D/audio_hw_primary( 797): adev_get_parameters: exit: returns -
12-01 03:58:44.297 I/hash_map_utils( 947): system/bt/osi/src/hash_map_utils.cc:81 hash_map_utils_dump_string_keys_string_values: key: 'is_hw_dec_session_available' value: 'audio/vorbis'
12-01 03:58:44.299 V/Avrcp_ext( 2356): updateCurrentMediaState: mMediaController: MediaController (com.android.systemui@a2b777e) null
12-01 03:58:44.299 W/Avrcp_ext( 2356): isMusicActive: false getBluetoothPlayState: 2 A2dp State: 11 mAudioPlaybackIsActive: true
12-01 03:58:44.299 D/CCodec ( 1186): allocate(c2.android.vorbis.decoder)
12-01 03:58:44.299 D/Avrcp_ext( 2356): isMusicActive = false mAudioPlaybackIsActive = true player state = null
12-01 03:58:44.300 I/Avrcp_ext( 2356): Skipping update due to invalid playback state
12-01 03:58:44.300 V/Avrcp_ext( 2356): updatePlaybackState, state: null device: null
12-01 03:58:44.300 V/Avrcp_ext( 2356): Device: no name:
12-01 03:58:44.300 V/Avrcp_ext( 2356): Device: no name:
12-01 03:58:44.300 V/Avrcp_ext( 2356): Device: no name:
12-01 03:58:44.300 V/Avrcp_ext( 2356): Device: no name:
12-01 03:58:44.300 V/Avrcp_ext( 2356): Device: no name:
12-01 03:58:44.300 V/Avrcp_ext( 2356): updatePlayerStateAndPosition, old=PlaybackState {state=2, position=-1, buffered position=0, speed=0.0, updated=59339, actions=0, custom actions=[], active item id=-1, error=null}, state=null
12-01 03:58:44.300 I/Avrcp_ext( 2356): updatePlayerStateAndPosition: device: state = null
12-01 03:58:44.303 I/CCodec ( 1186): setting up 'default' as default (vendor) store
12-01 03:58:44.303 V/C2Store ( 1248): in init
12-01 03:58:44.303 V/C2Store ( 1248): loading dll
12-01 03:58:44.306 I/CCodec ( 1186): Created component [c2.android.vorbis.decoder]
12-01 03:58:44.306 D/CCodecConfig( 1186): read media type: audio/vorbis
12-01 03:58:44.308 D/ReflectedParamUpdater( 1186): extent() != 1 for single value type: algo.buffers.max-count.values
12-01 03:58:44.309 D/ReflectedParamUpdater( 1186): extent() != 1 for single value type: output.subscribed-indices.values
12-01 03:58:44.309 D/ReflectedParamUpdater( 1186): extent() != 1 for single value type: input.buffers.allocator-ids.values
12-01 03:58:44.309 D/ReflectedParamUpdater( 1186): extent() != 1 for single value type: output.buffers.allocator-ids.values
12-01 03:58:44.309 D/ReflectedParamUpdater( 1186): extent() != 1 for single value type: algo.buffers.allocator-ids.values
12-01 03:58:44.309 D/ReflectedParamUpdater( 1186): extent() != 1 for single value type: output.buffers.pool-ids.values
12-01 03:58:44.309 D/ReflectedParamUpdater( 1186): extent() != 1 for single value type: algo.buffers.pool-ids.values
12-01 03:58:44.311 I/CCodecConfig( 1186): query failed after returning 7 values (BAD_INDEX)
12-01 03:58:44.311 D/CCodecConfig( 1186): c2 config diff is Dict {
12-01 03:58:44.311 D/CCodecConfig( 1186): c2::u32 coded.bitrate.value = 64000
12-01 03:58:44.311 D/CCodecConfig( 1186): c2::u32 input.buffers.max-size.value = 32768
12-01 03:58:44.311 D/CCodecConfig( 1186): c2::u32 input.delay.value = 0
12-01 03:58:44.311 D/CCodecConfig( 1186): string input.media-type.value = "audio/vorbis"
12-01 03:58:44.311 D/CCodecConfig( 1186): string output.media-type.value = "audio/raw"
12-01 03:58:44.311 D/CCodecConfig( 1186): c2::u32 raw.channel-count.value = 1
12-01 03:58:44.311 D/CCodecConfig( 1186): c2::u32 raw.sample-rate.value = 48000
12-01 03:58:44.311 D/CCodecConfig( 1186): }
12-01 03:58:44.313 D/CCodec ( 1186): [c2.android.vorbis.decoder] buffers are bound to CCodec for this session
12-01 03:58:44.313 D/CCodecConfig( 1186): no c2 equivalents for durationUs
12-01 03:58:44.314 D/CCodecConfig( 1186): no c2 equivalents for csd-1
12-01 03:58:44.314 D/CCodecConfig( 1186): no c2 equivalents for language
12-01 03:58:44.314 D/CCodecConfig( 1186): no c2 equivalents for file-format
12-01 03:58:44.314 D/CCodecConfig( 1186): no c2 equivalents for flags
12-01 03:58:44.314 D/CCodecConfig( 1186): config failed => CORRUPTED
12-01 03:58:44.314 D/CCodecConfig( 1186): c2 config diff is c2::u32 coded.bitrate.value = 70000
12-01 03:58:44.315 W/Codec2Client( 1186): query -- param skipped: index = 1107298332.
12-01 03:58:44.315 D/CCodec ( 1186): setup formats input: AMessage(what = 0x00000000) = {
12-01 03:58:44.315 D/CCodec ( 1186): int32_t bitrate = 70000
12-01 03:58:44.315 D/CCodec ( 1186): int32_t channel-count = 1
12-01 03:58:44.315 D/CCodec ( 1186): int32_t max-input-size = 65307
12-01 03:58:44.315 D/CCodec ( 1186): string mime = "audio/vorbis"
12-01 03:58:44.315 D/CCodec ( 1186): int32_t sample-rate = 48000
12-01 03:58:44.315 D/CCodec ( 1186): }
12-01 03:58:44.315 D/CCodec ( 1186): setup formats output: AMessage(what = 0x00000000) = {
12-01 03:58:44.315 D/CCodec ( 1186): int32_t channel-count = 1
12-01 03:58:44.315 D/CCodec ( 1186): string mime = "audio/raw"
12-01 03:58:44.315 D/CCodec ( 1186): int32_t sample-rate = 48000
12-01 03:58:44.315 D/CCodec ( 1186): int32_t android._config-pcm-encoding = 2
12-01 03:58:44.315 D/CCodec ( 1186): }
12-01 03:58:44.315 I/CCodecConfig( 1186): query failed after returning 7 values (BAD_INDEX)
12-01 03:58:44.316 I/MediaCodec( 1186): MediaCodec will operate in async mode
12-01 03:58:44.316 D/MediaCodec( 1186): keep callback message for reclaim
12-01 03:58:44.316 W/Codec2Client( 1186): query -- param skipped: index = 1342179345.
12-01 03:58:44.316 W/Codec2Client( 1186): query -- param skipped: index = 2415921170.
12-01 03:58:44.317 D/CCodecBufferChannel( 1186): [c2.android.vorbis.decoder#186] Created input block pool with allocatorID 16 => poolID 34 - OK (0)
12-01 03:58:44.319 I/CCodecBufferChannel( 1186): [c2.android.vorbis.decoder#186] Created output block pool with allocatorID 16 => poolID 45 - OK
12-01 03:58:44.319 D/CCodecBufferChannel( 1186): [c2.android.vorbis.decoder#186] Configured output block pool ids 45 => OK
12-01 03:58:44.319 D/CCodecBufferChannel( 1186): [c2.android.vorbis.decoder#186] start: updating output delay 0
12-01 03:58:44.320 I/CCodecBufferChannel( 1186): pipelineRoom(3) is <= numClientBuffers(3). Not signalling any more buffers to client
12-01 03:58:44.320 D/SimpleC2Component( 1248): Using output block pool with poolID 45 => got 45 - 0
12-01 03:58:44.321 I/CCodecBufferChannel( 1186): pipelineRoom(2) is <= numClientBuffers(2). Not signalling any more buffers to client
12-01 03:58:44.322 I/CCodecBufferChannel( 1186): pipelineRoom(1) is <= numClientBuffers(1). Not signalling any more buffers to client
12-01 03:58:44.326 I/ExtendedNuUtils( 1186): Both src and dst missing for bit-width
12-01 03:58:44.326 I/ExtendedNuUtils( 1186): Overriding durationUs: with 64 bit src value 1728000
12-01 03:58:44.326 I/ExtendedNuUtils( 1186): Both src and dst missing for channel-mask
12-01 03:58:44.331 D/audio_hw_primary( 797): adev_get_parameters:vr_audio_mode_on
12-01 03:58:44.331 I/audio_hw_primary( 797): getting vr mode to 0
12-01 03:58:44.331 D/audio_hw_primary( 797): adev_get_parameters: exit: returns - vr_audio_mode_on=false
12-01 03:58:44.331 I/hash_map_utils( 947): system/bt/osi/src/hash_map_utils.cc:81 hash_map_utils_dump_string_keys_string_values: key: 'vr_audio_mode_on' value: ''
12-01 03:58:44.332 D/AudioFlinger( 947): Client defaulted notificationFrames to 12000 for frameCount 24000
12-01 03:58:44.334 D/AF::TrackHandle( 947): OpPlayAudio: track:74 usage:5 not muted
12-01 03:58:44.337 D/audio_hw_primary( 797): out_set_parameters: enter: usecase(1: low-latency-playback) kvpairs: suspend_playback=false
12-01 03:58:44.337 D/audio_hw_extn( 797): audio_extn_fm_set_parameters: Enter
12-01 03:58:44.337 W/audio_hw_primary( 797): out_write: underrun(20) frames_by_time(11835) > out->last_fifo_frames_remaining(384)
12-01 03:58:44.367 D/audio_hw_primary( 797): out_set_parameters: enter: usecase(1: low-latency-playback) kvpairs: suspend_playback=true
12-01 03:58:44.367 D/audio_hw_extn( 797): audio_extn_fm_set_parameters: Enter
12-01 03:58:44.372 I/EffectsFactory( 797): EffectCreate() create_effect
12-01 03:58:44.375 D/audio_hw_primary( 797): out_set_parameters: enter: usecase(1: low-latency-playback) kvpairs: suspend_playback=false
12-01 03:58:44.375 D/audio_hw_extn( 797): audio_extn_fm_set_parameters: Enter
12-01 03:58:44.375 D/msm8974_platform( 797): platform_split_snd_device: snd_device(2) num devices(1) new_snd_devices(0)
12-01 03:58:44.375 D/ACDB-LOADER( 797): ACDB -> send_audvoltable
12-01 03:58:44.375 D/ACDB-LOADER( 797): ACDB -> ACDB_CMD_GET_AUDPROC_INSTANCE_GAIN_DEP_STEP_TABLE_SIZE
12-01 03:58:44.375 D/ACDB-LOADER( 797): ACDB -> ACDB_CMD_GET_AUDPROC_INSTANCE_GAIN_DEP_STEP_TABLE, vol index 5
12-01 03:58:44.375 D/ACDB-LOADER( 797): ACDB -> AUDIO_SET_VOL_CAL cal type = 40
12-01 03:58:44.376 W/audio_hw_primary( 797): out_write: underrun(21) frames_by_time(654) > out->last_fifo_frames_remaining(384)
12-01 03:58:44.376 D/AudioTrack( 1186): getTimestamp_l(56): device stall time corrected using current time 344454191012
12-01 03:58:44.378 D/audio_hw_primary( 797): out_set_parameters: enter: usecase(1: low-latency-playback) kvpairs: suspend_playback=true
12-01 03:58:44.379 D/audio_hw_extn( 797): audio_extn_fm_set_parameters: Enter
12-01 03:58:44.384 W/AudioIDCMicroNegotiator( 1525): idcm_warn: idcm control is not enable
12-01 03:58:44.385 D/Avrcp_ext( 2356): AudioManager Player: AudioPlaybackConfiguration piid:103 deviceId:0 type:android.media.SoundPool u/pid:1000/1525 state:idle attr:AudioAttributes: usage=USAGE_ASSISTANCE_SONIFICATION content=CONTENT_TYPE_SONIFICATION flags=0x800 tags= bundle=null sessionId:0
12-01 03:58:44.385 D/Avrcp_ext( 2356): AudioManager Player: AudioPlaybackConfiguration piid:711 deviceId:3 type:android.media.MediaPlayer u/pid:10080/2372 state:started attr:AudioAttributes: usage=USAGE_NOTIFICATION content=CONTENT_TYPE_SONIFICATION flags=0x800 tags= bundle=null sessionId:0
12-01 03:58:44.387 D/Avrcp_ext( 2356): AudioManager Player in started state: com.android.systemui
12-01 03:58:44.387 D/Avrcp_ext( 2356): AudioManager Active Player: com.android.systemui
12-01 03:58:44.388 D/Avrcp_ext( 2356): AudioManager Player: AudioPlaybackConfiguration piid:111 deviceId:0 type:android.media.SoundPool u/pid:10080/2372 state:idle attr:AudioAttributes: usage=USAGE_ASSISTANCE_SONIFICATION content=CONTENT_TYPE_SONIFICATION flags=0x800 tags= bundle=null sessionId:0
12-01 03:58:44.388 D/Avrcp_ext( 2356): AudioManager Player: AudioPlaybackConfiguration piid:127 deviceId:0 type:android.media.SoundPool u/pid:1000/4299 state:idle attr:AudioAttributes: usage=USAGE_ASSISTANCE_SONIFICATION content=CONTENT_TYPE_SONIFICATION flags=0x801 tags= bundle=null sessionId:0
12-01 03:58:44.388 D/Avrcp_ext( 2356): AudioManager Player: AudioPlaybackConfiguration piid:655 deviceId:0 type:android.media.MediaPlayer u/pid:10086/5199 state:idle attr:AudioAttributes: usage=USAGE_UNKNOWN content=CONTENT_TYPE_UNKNOWN flags=0x800 tags= bundle=null sessionId:0
12-01 03:58:44.388 D/Avrcp_ext( 2356): AudioManager isPlaying: true, mAudioPlaybackIsActive = true
12-01 03:58:44.391 D/audio_hw_primary( 797): out_set_parameters: enter: usecase(1: low-latency-playback) kvpairs: suspend_playback=false
12-01 03:58:44.391 D/audio_hw_extn( 797): audio_extn_fm_set_parameters: Enter
12-01 03:58:44.396 D/audio_hw_primary( 797): out_set_parameters: enter: usecase(1: low-latency-playback) kvpairs: suspend_playback=true
12-01 03:58:44.397 D/audio_hw_extn( 797): audio_extn_fm_set_parameters: Enter
12-01 03:58:44.413 D/audio_hw_primary( 797): out_set_parameters: enter: usecase(1: low-latency-playback) kvpairs: suspend_playback=false
12-01 03:58:44.413 D/audio_hw_extn( 797): audio_extn_fm_set_parameters: Enter
12-01 03:58:44.416 D/audio_hw_primary( 797): out_set_parameters: enter: usecase(1: low-latency-playback) kvpairs: suspend_playback=true
12-01 03:58:44.416 D/audio_hw_extn( 797): audio_extn_fm_set_parameters: Enter
12-01 03:58:44.433 D/audio_hw_primary( 797): out_set_parameters: enter: usecase(1: low-latency-playback) kvpairs: suspend_playback=false
12-01 03:58:44.433 D/audio_hw_extn( 797): audio_extn_fm_set_parameters: Enter
12-01 03:58:44.651 I/auditd ( 0): type=1400 audit(0.0:360): avc: denied { kill } for comm="swapper/1" capability=5 scontext=u:r:kernel:s0 tcontext=u:r:kernel:s0 tclass=capability permissive=0
12-01 03:58:44.651 W/swapper/1( 0): type=1400 audit(0.0:360): avc: denied { kill } for capability=5 scontext=u:r:kernel:s0 tcontext=u:r:kernel:s0 tclass=capability permissive=0
12-01 03:58:45.095 I/mpu_uart( 646): [MSG-P:RECV]:No message received in 1000 ms
12-01 03:58:45.112 D/BufferPoolAccessor2.0( 1248): evictor expired: 1, evicted: 0
12-01 03:58:45.113 D/BufferPoolAccessor2.0( 1186): evictor expired: 1, evicted: 0
12-01 03:58:45.776 D/CCodecBufferChannel( 1186): [c2.android.vorbis.decoder#186] buffers after EOS ignored (0 us)
12-01 03:58:45.777 D/CCodecBufferChannel( 1186): [c2.android.vorbis.decoder#186] buffers after EOS ignored (0 us)
12-01 03:58:45.778 D/AudioTrack( 1186): stop(56): called with 82980 frames delivered
12-01 03:58:46.014 I/hpplay-java( 3306): [main]:ServerTaskManager:restart by error
12-01 03:58:46.014 I/hpplay-java( 3306): [main]:ServerTaskManager:startServer
12-01 03:58:46.014 I/hpplay-java( 3306): [main]:ServerTaskManager:startServer add, reason: server is starting or running
12-01 03:58:46.015 I/hpplay-java( 3306): [main]:ServerTaskManager:addStopTask
12-01 03:58:46.015 I/hpplay-java( 3306): [main]:ServerTaskManager:addStartTask
12-01 03:58:46.015 I/hpplay-java( 3306): [main]:ServerTaskManager:exeTask stopServer
12-01 03:58:46.015 I/hpplay-java( 3306): [main]:Bridge:stopServer keepPush: false
12-01 03:58:46.015 D/hpplay-base( 3306): [jniBridge:909] Bridge__1stopServer status:2
12-01 03:58:46.017 D/hpplay-base( 3306): [LelinkBase:654] stopAllServer will start thread!
12-01 03:58:46.018 I/hpplay-base( 3306): [mDNSEmbeded:65] embedded_mDNSExit call
12-01 03:58:46.018 D/hpplay-base( 3306): [REventUtils:197] handleREventThread thread end!!,tid is 6041
12-01 03:58:46.021 D/hpplay-base( 3306): [AEventUtils:588] handle AEvent thread end!!,tid is 6040
12-01 03:58:46.039 D/hpplay-base( 3306): [stream_mirror_compat:1284] mirror stream begin to exit,server fd:80,thread_id:3076305344!!
12-01 03:58:46.040 D/hpplay-base( 3306): [stream_mirror_compat:1323] ##screen stream exit successfully!!##
12-01 03:58:46.095 I/mpu_uart( 646): [MSG-P:RECV]:No message received in 1000 ms
12-01 03:58:46.160 D/audio_hw_primary( 797): out_set_parameters: enter: usecase(1: low-latency-playback) kvpairs: suspend_playback=true
12-01 03:58:46.160 D/audio_hw_extn( 797): audio_extn_fm_set_parameters: Enter
12-01 03:58:46.171 D/audio_hw_primary( 797): out_set_parameters: enter: usecase(1: low-latency-playback) kvpairs: suspend_playback=false
12-01 03:58:46.171 D/audio_hw_extn( 797): audio_extn_fm_set_parameters: Enter
12-01 03:58:46.180 D/audio_hw_primary( 797): out_set_parameters: enter: usecase(1: low-latency-playback) kvpairs: suspend_playback=true
12-01 03:58:46.180 D/audio_hw_extn( 797): audio_extn_fm_set_parameters: Enter
12-01 03:58:46.190 D/audio_hw_primary( 797): out_set_parameters: enter: usecase(1: low-latency-playback) kvpairs: suspend_playback=false
12-01 03:58:46.190 D/audio_hw_extn( 797): audio_extn_fm_set_parameters: Enter
12-01 03:58:46.200 D/audio_hw_primary( 797): out_set_parameters: enter: usecase(1: low-latency-playback) kvpairs: suspend_playback=true
12-01 03:58:46.200 D/audio_hw_extn( 797): audio_extn_fm_set_parameters: Enter
12-01 03:58:46.208 W/AudioIDCMicroNegotiator( 1525): idcm_warn: idcm control is not enable
12-01 03:58:46.208 D/hpplay-base( 3306): [Server:447] startHttpServer will END srv->serverType:0
12-01 03:58:46.209 I/MediaFocusControl( 1525): abandonAudioFocus() from uid/pid 10080/2372 clientId=android.media.AudioManager@206fd6f
12-01 03:58:46.209 D/hpplay-base( 3306): [Server:646] startHttpServer cond srv_shutdown:1 connectNummber:0
12-01 03:58:46.209 D/hpplay-base( 3306): [Server:669] startHttpServer wait cond END. srv_shutdown:1 connectNummber:0
12-01 03:58:46.209 D/hpplay-base( 3306): [Server:457] HttpServer END, tid is 6022
12-01 03:58:46.209 D/Avrcp_ext( 2356): AudioManager Player: AudioPlaybackConfiguration piid:103 deviceId:0 type:android.media.SoundPool u/pid:1000/1525 state:idle attr:AudioAttributes: usage=USAGE_ASSISTANCE_SONIFICATION content=CONTENT_TYPE_SONIFICATION flags=0x800 tags= bundle=null sessionId:0
12-01 03:58:46.209 D/Avrcp_ext( 2356): AudioManager Player: AudioPlaybackConfiguration piid:711 deviceId:3 type:android.media.MediaPlayer u/pid:10080/2372 state:stopped attr:AudioAttributes: usage=USAGE_NOTIFICATION content=CONTENT_TYPE_SONIFICATION flags=0x800 tags= bundle=null sessionId:0
12-01 03:58:46.209 D/Avrcp_ext( 2356): AudioManager Player: AudioPlaybackConfiguration piid:111 deviceId:0 type:android.media.SoundPool u/pid:10080/2372 state:idle attr:AudioAttributes: usage=USAGE_ASSISTANCE_SONIFICATION content=CONTENT_TYPE_SONIFICATION flags=0x800 tags= bundle=null sessionId:0
12-01 03:58:46.209 D/Avrcp_ext( 2356): AudioManager Player: AudioPlaybackConfiguration piid:127 deviceId:0 type:android.media.SoundPool u/pid:1000/4299 state:idle attr:AudioAttributes: usage=USAGE_ASSISTANCE_SONIFICATION content=CONTENT_TYPE_SONIFICATION flags=0x801 tags= bundle=null sessionId:0
12-01 03:58:46.209 D/Avrcp_ext( 2356): AudioManager Player: AudioPlaybackConfiguration piid:655 deviceId:0 type:android.media.MediaPlayer u/pid:10086/5199 state:idle attr:AudioAttributes: usage=USAGE_UNKNOWN content=CONTENT_TYPE_UNKNOWN flags=0x800 tags= bundle=null sessionId:0
12-01 03:58:46.209 D/Avrcp_ext( 2356): AudioManager isPlaying: false, mAudioPlaybackIsActive = true
12-01 03:58:46.209 D/Avrcp_ext( 2356): AudioManager Reset Active Player
12-01 03:58:46.209 V/MediaPlayer( 2372): resetDrmState: mDrmInfo=null mDrmProvisioningThread=null mPrepareDrmInProgress=false mActiveDrmScheme=false
12-01 03:58:46.209 V/MediaPlayer( 2372): cleanDrmObj: mDrmObj=null mDrmSessionId=null
12-01 03:58:46.209 D/NuPlayerDriver( 1186): reset(0xe4b819b0) at state 6
12-01 03:58:46.210 V/Avrcp_ext( 2356): updateCurrentMediaState: mMediaController: MediaController (com.android.systemui@a2b777e) null
12-01 03:58:46.210 W/Avrcp_ext( 2356): isMusicActive: false getBluetoothPlayState: 2 A2dp State: 11 mAudioPlaybackIsActive: false
12-01 03:58:46.210 D/audio_hw_primary( 797): out_set_parameters: enter: usecase(1: low-latency-playback) kvpairs: suspend_playback=false
12-01 03:58:46.210 D/audio_hw_extn( 797): audio_extn_fm_set_parameters: Enter
12-01 03:58:46.211 D/Avrcp_ext( 2356): isMusicActive = false mAudioPlaybackIsActive = false player state = null
12-01 03:58:46.212 I/Avrcp_ext( 2356): Skipping update due to invalid playback state
12-01 03:58:46.212 V/Avrcp_ext( 2356): updatePlaybackState, state: null device: null
12-01 03:58:46.212 V/Avrcp_ext( 2356): Device: no name:
12-01 03:58:46.212 V/Avrcp_ext( 2356): Device: no name:
12-01 03:58:46.212 V/Avrcp_ext( 2356): Device: no name:
12-01 03:58:46.212 V/Avrcp_ext( 2356): Device: no name:
12-01 03:58:46.212 V/Avrcp_ext( 2356): Device: no name:
12-01 03:58:46.212 V/Avrcp_ext( 2356): updatePlayerStateAndPosition, old=PlaybackState {state=2, position=-1, buffered position=0, speed=0.0, updated=59339, actions=0, custom actions=[], active item id=-1, error=null}, state=null
12-01 03:58:46.212 I/Avrcp_ext( 2356): updatePlayerStateAndPosition: device: state = null
12-01 03:58:46.212 D/Avrcp_ext( 2356): AudioManager Player: AudioPlaybackConfiguration piid:103 deviceId:0 type:android.media.SoundPool u/pid:1000/1525 state:idle attr:AudioAttributes: usage=USAGE_ASSISTANCE_SONIFICATION content=CONTENT_TYPE_SONIFICATION flags=0x800 tags= bundle=null sessionId:0
12-01 03:58:46.212 D/Avrcp_ext( 2356): AudioManager Player: AudioPlaybackConfiguration piid:111 deviceId:0 type:android.media.SoundPool u/pid:10080/2372 state:idle attr:AudioAttributes: usage=USAGE_ASSISTANCE_SONIFICATION content=CONTENT_TYPE_SONIFICATION flags=0x800 tags= bundle=null sessionId:0
12-01 03:58:46.212 D/Avrcp_ext( 2356): AudioManager Player: AudioPlaybackConfiguration piid:127 deviceId:0 type:android.media.SoundPool u/pid:1000/4299 state:idle attr:AudioAttributes: usage=USAGE_ASSISTANCE_SONIFICATION content=CONTENT_TYPE_SONIFICATION flags=0x801 tags= bundle=null sessionId:0
12-01 03:58:46.212 D/Avrcp_ext( 2356): AudioManager Player: AudioPlaybackConfiguration piid:655 deviceId:0 type:android.media.MediaPlayer u/pid:10086/5199 state:idle attr:AudioAttributes: usage=USAGE_UNKNOWN content=CONTENT_TYPE_UNKNOWN flags=0x800 tags= bundle=null sessionId:0
12-01 03:58:46.212 D/Avrcp_ext( 2356): AudioManager isPlaying: false, mAudioPlaybackIsActive = false
12-01 03:58:46.212 D/Avrcp_ext( 2356): AudioManager Reset Active Player
12-01 03:58:46.215 I/hw-BpHwBinder( 1248): onLastStrongRef automatically unlinking death recipients
12-01 03:58:46.215 I/hw-BpHwBinder( 1186): onLastStrongRef automatically unlinking death recipients
12-01 03:58:46.216 V/C2Store ( 1248): in ~ComponentModule
12-01 03:58:46.216 V/C2Store ( 1248): unloading dll
12-01 03:58:46.223 D/NuPlayerDriver( 1186): notifyResetComplete(0xe4b819b0)
12-01 03:58:46.224 W/AMessage( 1186): failed to post message as target looper for handler 0 is gone.
12-01 03:58:46.249 D/audio_hw_primary( 797): out_set_parameters: enter: usecase(1: low-latency-playback) kvpairs: suspend_playback=true
12-01 03:58:46.249 D/audio_hw_extn( 797): audio_extn_fm_set_parameters: Enter
12-01 03:58:46.251 D/msm8974_platform( 797): platform_split_snd_device: snd_device(2) num devices(1) new_snd_devices(0)
12-01 03:58:46.251 D/ACDB-LOADER( 797): ACDB -> send_audvoltable
12-01 03:58:46.251 D/ACDB-LOADER( 797): ACDB -> ACDB_CMD_GET_AUDPROC_INSTANCE_GAIN_DEP_STEP_TABLE_SIZE
12-01 03:58:46.251 D/ACDB-LOADER( 797): ACDB -> ACDB_CMD_GET_AUDPROC_INSTANCE_GAIN_DEP_STEP_TABLE, vol index 0
12-01 03:58:46.251 D/ACDB-LOADER( 797): ACDB -> AUDIO_SET_VOL_CAL cal type = 40
12-01 03:58:46.252 D/msm8974_platform( 797): platform_split_snd_device: snd_device(2) num devices(1) new_snd_devices(0)
12-01 03:58:46.282 I/mpu_uart( 646): [MSG-P:R]:recv sync frame timeout
12-01 03:58:46.651 I/auditd ( 0): type=1400 audit(0.0:361): avc: denied { kill } for comm="swapper/1" capability=5 scontext=u:r:kernel:s0 tcontext=u:r:kernel:s0 tclass=capability permissive=0
12-01 03:58:46.651 W/swapper/1( 0): type=1400 audit(0.0:361): avc: denied { kill } for capability=5 scontext=u:r:kernel:s0 tcontext=u:r:kernel:s0 tclass=capability permissive=0
12-01 03:58:46.770 I/hpplay-base( 3306): [mDNSEmbeded:140] embedded_mDNSLoop Exiting end,tid is 6037
12-01 03:58:46.770 D/hpplay-base( 3306): [mDNSEmbeded:452] stopmDNSServer end stopmDNSNow=2, nRet=0
12-01 03:58:47.011 I/hpplay-base( 3306): [mDNSEmbeded:376] end lelink publish server, tid is 6038
12-01 03:58:47.011 D/hpplay-base( 3306): [mDNSEmbeded:420] stopmLelinkServer end nRet=0
12-01 03:58:47.011 D/hpplay-base( 3306): [LelinkBase:615] lebodlna stopServerThreadFunc dlnaEnable:1
12-01 03:58:47.011 D/hpplay-base-dlna( 3306): [lebodlna_api:49] stop DMR
12-01 03:58:47.011 D/hpplay-base-dlna( 3306): [lebodlna_api:344] m_pRender Release
12-01 03:58:47.069 D/hpplay-base-dlna( 3306): [UpnpDefine:867] DMRender release success
12-01 03:58:47.070 D/hpplay-base-dlna( 3306): [lebodlna_api:352] m_pAVT Release
12-01 03:58:47.070 D/hpplay-base-dlna( 3306): [lebodlna_api:360] m_pRCS Release
12-01 03:58:47.070 D/hpplay-base-dlna( 3306): [lebodlna_api:365] dmrender destroydmr
12-01 03:58:47.096 I/mpu_uart( 646): [MSG-P:RECV]:No message received in 1000 ms
12-01 03:58:47.113 D/BufferPoolAccessor2.0( 1248): bufferpool2 0xb400007807c42c28 : 0(0 size) total buffers - 0(0 size) used buffers - 93/97 (recycle/alloc) - 4/96 (fetch/transfer)
12-01 03:58:47.113 D/BufferPoolAccessor2.0( 1248): evictor expired: 1, evicted: 1
12-01 03:58:47.114 D/BufferPoolAccessor2.0( 1186): bufferpool2 0xe4342e48 : 0(0 size) total buffers - 0(0 size) used buffers - 94/102 (recycle/alloc) - 8/198 (fetch/transfer)
12-01 03:58:47.114 D/BufferPoolAccessor2.0( 1186): evictor expired: 1, evicted: 1
12-01 03:58:47.250 D/audio_hw_primary( 797): out_set_parameters: enter: usecase(1: low-latency-playback) kvpairs: suspend_playback=false
12-01 03:58:47.250 D/audio_hw_extn( 797): audio_extn_fm_set_parameters: Enter
12-01 03:58:47.253 W/audio_hw_primary( 797): out_write: underrun(22) frames_by_time(48343) > out->last_fifo_frames_remaining(384)
12-01 03:58:47.295 D/audio_hw_primary( 797): out_set_parameters: enter: usecase(1: low-latency-playback) kvpairs: suspend_playback=true
12-01 03:58:47.295 D/audio_hw_extn( 797): audio_extn_fm_set_parameters: Enter
12-01 03:58:47.370 D/hpplay-base-dlna( 3306): [lebodlna-dlna_android:186] stopDLNA
12-01 03:58:47.370 D/hpplay-base-dlna( 3306): [lebodlna-dlna_android:189] dlnaservice destroy
12-01 03:58:47.370 D/hpplay-base-dlna( 3306): [lebodlna-dlna_android:49] dlnaservice Destroy 49 int CDlnaService::Destroy()
12-01 03:58:47.370 D/hpplay-base-dlna( 3306): [lebodlna-dlnaframe:245] dlnaservice Destroy 245 static ERROR_TYPE IDlnaFrame::DestroyDlnaFrame(IDlnaFrame *)
12-01 03:58:47.371 D/hpplay-base-dlna( 3306): [lebodlna-dlnaframe:179] dlnaservice Destroy 179 virtual void CDlnaFrame::Release()
12-01 03:58:47.371 D/hpplay-base-dlna( 3306): [lebodlna-dlnaframe:190] dlnaservice Destroy 190 virtual void CDlnaFrame::Release()
12-01 03:58:47.371 D/hpplay-base-dlna( 3306): [lebodlna-dlnaframe:192] dlnaservice Destroy 192 virtual void CDlnaFrame::Release()
12-01 03:58:47.371 D/hpplay-base-dlna( 3306): [lebodlna-dlnaframe:247] dlnaservice Destroy 247 static ERROR_TYPE IDlnaFrame::DestroyDlnaFrame(IDlnaFrame *)
12-01 03:58:47.371 D/hpplay-base-dlna( 3306): [lebodlna-dlnaframe:251] dlnaservice Destroy 251 static ERROR_TYPE IDlnaFrame::DestroyDlnaFrame(IDlnaFrame *)
12-01 03:58:47.374 E/hpplay-base-dlna( 3306): upnpapi.c:655::before gminiserver ThreadPoolShutdown
12-01 03:58:47.374 E/hpplay-base-dlna( 3306): ThreadPool.c:1047::on ThreadPoolShutdown tp->totalThreads:3
12-01 03:58:47.375 E/hpplay-base-dlna( 3306): ThreadPool.c:1047::on ThreadPoolShutdown tp->totalThreads:2
12-01 03:58:47.375 E/hpplay-base-dlna( 3306): ThreadPool.c:1047::on ThreadPoolShutdown tp->totalThreads:1
12-01 03:58:47.375 E/hpplay-base-dlna( 3306): ThreadPool.c:1056::after ThreadPoolShutdown
12-01 03:58:47.376 E/hpplay-base-dlna( 3306): ThreadPool.c:1057::ThreadPoolShutdown tp->totalThreads:0
12-01 03:58:47.376 E/hpplay-base-dlna( 3306): upnpapi.c:657::after gminiserver ThreadPoolShutdown
12-01 03:58:47.376 E/hpplay-base-dlna( 3306): upnpapi.c:659::before grecv ThreadPoolShutdown
12-01 03:58:47.376 E/hpplay-base-dlna( 3306): ThreadPool.c:1047::on ThreadPoolShutdown tp->totalThreads:12
12-01 03:58:47.376 E/hpplay-base-dlna( 3306): ThreadPool.c:1047::on ThreadPoolShutdown tp->totalThreads:8
12-01 03:58:47.377 E/hpplay-base-dlna( 3306): ThreadPool.c:1047::on ThreadPoolShutdown tp->totalThreads:7
12-01 03:58:47.377 E/hpplay-base-dlna( 3306): ThreadPool.c:1047::on ThreadPoolShutdown tp->totalThreads:5
12-01 03:58:47.378 E/hpplay-base-dlna( 3306): ThreadPool.c:1047::on ThreadPoolShutdown tp->totalThreads:4
12-01 03:58:47.378 E/hpplay-base-dlna( 3306): ThreadPool.c:1047::on ThreadPoolShutdown tp->totalThreads:2
12-01 03:58:47.379 E/hpplay-base-dlna( 3306): ThreadPool.c:1047::on ThreadPoolShutdown tp->totalThreads:1
12-01 03:58:47.379 E/hpplay-base-dlna( 3306): ThreadPool.c:1056::after ThreadPoolShutdown
12-01 03:58:47.379 E/hpplay-base-dlna( 3306): ThreadPool.c:1057::ThreadPoolShutdown tp->totalThreads:0
12-01 03:58:47.379 E/hpplay-base-dlna( 3306): upnpapi.c:661::after grecv ThreadPoolShutdown
12-01 03:58:47.379 E/hpplay-base-dlna( 3306): upnpapi.c:663::before gsend ThreadPoolShutdown
12-01 03:58:47.379 E/hpplay-base-dlna( 3306): ThreadPool.c:1047::on ThreadPoolShutdown tp->totalThreads:3
12-01 03:58:47.380 E/hpplay-base-dlna( 3306): ThreadPool.c:1047::on ThreadPoolShutdown tp->totalThreads:2
12-01 03:58:47.380 E/hpplay-base-dlna( 3306): ThreadPool.c:1047::on ThreadPoolShutdown tp->totalThreads:1
12-01 03:58:47.380 E/hpplay-base-dlna( 3306): ThreadPool.c:1056::after ThreadPoolShutdown
12-01 03:58:47.380 E/hpplay-base-dlna( 3306): ThreadPool.c:1057::ThreadPoolShutdown tp->totalThreads:0
12-01 03:58:47.380 E/hpplay-base-dlna( 3306): upnpapi.c:665::after gsend ThreadPoolShutdown
12-01 03:58:47.380 D/hpplay-base-dlna( 3306): [lebodlna-dlnaframe:253] dlnaservice Destroy 253 static ERROR_TYPE IDlnaFrame::DestroyDlnaFrame(IDlnaFrame *)
12-01 03:58:47.380 D/hpplay-base-dlna( 3306): [lebodlna-dlna_android:51] dlnaservice Destroy 51 int CDlnaService::Destroy()
12-01 03:58:47.380 D/hpplay-base-dlna( 3306): [lebodlna-dlna_android:194] stopDLNA end
12-01 03:58:47.635 I/ntp_failure( 1525): [time.android.com/2001:4860:4806:c::,java.net.SocketTimeoutException: Poll timed out]
12-01 03:58:47.635 D/SntpClient( 1525): request time failed: java.net.SocketTimeoutException: Poll timed out
12-01 03:58:47.651 I/auditd ( 0): type=1400 audit(0.0:362): avc: denied { kill } for comm="swapper/3" capability=5 scontext=u:r:kernel:s0 tcontext=u:r:kernel:s0 tclass=capability permissive=0
12-01 03:58:47.651 W/swapper/3( 0): type=1400 audit(0.0:362): avc: denied { kill } for capability=5 scontext=u:r:kernel:s0 tcontext=u:r:kernel:s0 tclass=capability permissive=0
12-01 03:58:47.681 D/hpplay-base( 3306): [stream_mirror_compat:1489] request to stop screen stream session!!
12-01 03:58:47.681 D/hpplay-base( 3306): [AEventUtils:625] begin to stop event handle service!!
12-01 03:58:47.681 D/hpplay-base( 3306): [AEventUtils:628] stop event handle service ok!!
12-01 03:58:47.681 D/hpplay-base( 3306): [REventUtils:231] begin to stop report handle service!!
12-01 03:58:47.681 D/hpplay-base( 3306): [REventUtils:234] stop report handle service ok!!
12-01 03:58:47.681 D/hpplay-base( 3306): [lelinkSinkServer:711] HTTP Server stopSinkServer End .
12-01 03:58:47.681 D/hpplay-base( 3306): [jniBridge:1135] notifyJavaServerStoped
12-01 03:58:47.682 D/hpplay-base( 3306): [jniBridge:1726] notifyJava, what:202, castType:0, mimeType:0 baseStatus:4
12-01 03:58:47.682 D/hpplay-base( 3306): [jniBridge:1727] notifyJava sessionID:(null)
12-01 03:58:47.683 I/hpplay-java( 3306): [Thread-9]:Bridge:notify: what: 202
12-01 03:58:47.685 I/hpplay-java( 3306): [Thread-9]:Bridge:notify: out: OutParameters:{audioSessionId=-1, audiotrackIndex=0, castHandleType=-1, castType=0, deviceName='', dlnaName='', dramaID='', extra=0, frameHandleType=-1, handleInside=true, headduration=0, header='', headers=null, isAD=false, isMultiMirror=false, lelinkVer='', limitTime=0, , mediaAlbum='null', mediaAlbumArtURI='', mediaArtist='null', mediaAssets='', mediaTitle='null', mimeType=0, multiSession=null, period=0, pinCode='', playSpeed=0.0, playerChoice=0, plugin=0, port=0, position=0.0, positionUnit=2, protocol=0, realSessionID='', regType='', , sinkIp='', sourceAPPVersion='', sourceChannel='', sourceClientInfo='', sourceDeviceInfo='', sourceDeviceModel='', sourceDeviceName='', sourceDeviceType=0, sourceHID='', , sourceInfo='', , , sourceOSVersion='', sourceSDKVersion='', sourceUid='', stopDetail=0, stopReason=0, tailduration=0, url='', urlID='', urls=null, userAgent='', videoDecoder=0, volume=0, what=202}com.hpplay.sdk.sink.protocol.OutParameters@785963f
12-01 03:58:47.685 I/hpplay-java( 3306): [Thread-9]:Bridge:notify: address:190995212
12-01 03:58:47.685 D/hpplay-base( 3306): [LelinkBase:645] stopServerThreadFunc notifyJavaServerStoped!
12-01 03:58:47.685 I/hpplay-java( 3306): [main]:ServerTaskManager:startTimeOutCheck
12-01 03:58:47.685 I/hpplay-java( 3306): [main]:ServerBusiness:stopDaemonBusiness
12-01 03:58:47.685 I/hpplay-java( 3306): [main]:SinkDataReport:logout
12-01 03:58:47.686 I/hpplay-java( 3306): [main]:EPControl:release
12-01 03:58:47.688 I/hpplay-java( 3306): [AsyncTask #55]:GlideCreator:clearCache clearDiskCache
12-01 03:58:47.690 I/hpplay-java( 3306): [main]:Dispatcher:notifyAllReverseControlsStop
12-01 03:58:47.690 I/hpplay-java( 3306): [main]:Preference:checkFeature none
12-01 03:58:47.690 I/hpplay-java( 3306): [main]:Dispatcher:notifyAllUIControlsStop set: []
12-01 03:58:47.690 I/hpplay-java( 3306): [main]:Upgrade:upgrade not be allowed
12-01 03:58:47.690 W/hpplay-java( 3306): NanoHTTPDServerRunnable:Communication with the client broken
12-01 03:58:47.690 W/hpplay-java( 3306): java.net.SocketException: Socket closed
12-01 03:58:47.690 W/hpplay-java( 3306): at java.net.PlainSocketImpl.socketAccept(PlainSocketImpl.java:213)
12-01 03:58:47.690 W/hpplay-java( 3306): at java.net.AbstractPlainSocketImpl.accept(AbstractPlainSocketImpl.java:451)
12-01 03:58:47.690 W/hpplay-java( 3306): at java.net.ServerSocket.implAccept(ServerSocket.java:547)
12-01 03:58:47.690 W/hpplay-java( 3306): at java.net.ServerSocket.accept(ServerSocket.java:515)
12-01 03:58:47.690 W/hpplay-java( 3306): at com.hpplay.nanohttpd.protocols.http.ServerRunnable.run(SourceFile:118)
12-01 03:58:47.690 W/hpplay-java( 3306): at java.lang.Thread.run(Thread.java:920)
12-01 03:58:47.691 I/hpplay-java( 3306): NanoHTTPDNanoHTTPD:server is stoped
12-01 03:58:47.691 I/hpplay-java( 3306): NanoHTTPDNanoHTTPD:clear obj
12-01 03:58:47.691 I/hpplay-java( 3306): [main]:Bridge:findServiceID start out: 190995212
12-01 03:58:47.691 I/hpplay-java( 3306): [main]:Bridge:findServiceID end
12-01 03:58:47.691 I/hpplay-java( 3306): [main]:ServerTaskManager:onStop retry:true
12-01 03:58:47.691 I/hpplay-java( 3306): [main]:ServerTaskManager:cancelTimeOutCheck
12-01 03:58:47.692 I/hpplay-java( 3306): [main]:IPManager:getActiveNets type: WIFI
12-01 03:58:47.693 I/hpplay-java( 3306): [main]:IPManager:getActiveNets eth0:false wifi:true mobile:false ap:false
12-01 03:58:47.693 I/hpplay-java( 3306): [main]:IPManager:getIPAddress IP_WLAN0
12-01 03:58:47.699 I/hpplay-java( 3306): [main]:IPManager:updateIPAddress getIPAddress: 192.168.4.16 name:vlan4
12-01 03:58:47.699 I/hpplay-java( 3306): [main]:IPManager:updateIPAddress getIPAddress: 192.168.43.97 name:wlan0
12-01 03:58:47.699 I/hpplay-java( 3306): [main]:IPManager:updateIPAddress getIPAddress: 192.168.8.16 name:vlan8
12-01 03:58:47.699 I/hpplay-java( 3306): [main]:IPManager:updateIPAddress getIPAddress: 192.168.11.16 name:vlan11
12-01 03:58:47.699 I/hpplay-java( 3306): [main]:IPManager:updateIPAddress getIPAddress: 192.168.0.16 name:vlan0
12-01 03:58:47.699 I/hpplay-java( 3306): [main]:IPManager:updateIPAddress getIPAddress: 192.168.2.16 name:vlan2
12-01 03:58:47.699 I/hpplay-java( 3306): [main]:IPManager:updateIPAddress getIPAddress: 192.168.1.16 name:vlan1
12-01 03:58:47.701 I/hpplay-java( 3306): [main]:ServerTaskManager:exeTask startServer
12-01 03:58:47.701 I/hpplay-java( 3306): [main]:ServerTaskManager:startTimeOutCheck
12-01 03:58:47.702 I/hpplay-java( 3306): [AsyncTask #59]:ServerBusiness:startDaemonBusiness
12-01 03:58:47.702 I/hpplay-java( 3306): [AsyncTask #56]:Bridge:assembleInParameters
12-01 03:58:47.702 I/hpplay-java( 3306): [AsyncTask #59]:TimeOutCheckUtil:addTask id:upgrade
12-01 03:58:47.702 I/hpplay-java( 3306): [AsyncTask #59]:TimeOutCheckUtil:addTask id:ijkupgrade
12-01 03:58:47.703 I/hpplay-java( 3306): [AsyncTask #56]:Bridge:createDeviceId deviceId:Nzg6NTk6N2E6OTA6ZTg6MTg=
12-01 03:58:47.704 I/hpplay-java( 3306): NanoHTTPDNanoHTTPD:server is started
12-01 03:58:47.704 I/hpplay-java( 3306): [AsyncTask #56]:IPManager:getActiveNets type: WIFI
12-01 03:58:47.704 I/hpplay-java( 3306): [AsyncTask #56]:IPManager:getActiveNets eth0:false wifi:true mobile:false ap:false
12-01 03:58:47.704 I/hpplay-java( 3306): [AsyncTask #56]:IPManager:getIPAddress IP_WLAN0
12-01 03:58:47.704 I/hpplay-java( 3306): [AsyncTask #56]:Preference:checkFeature none
12-01 03:58:47.704 I/hpplay-java( 3306): [AsyncTask #56]:SWI:dlna tip
12-01 03:58:47.704 I/hpplay-java( 3306): [AsyncTask #56]:SWI:lefp tip
12-01 03:58:47.704 I/hpplay-java( 3306): [AsyncTask #56]:Bridge:assembleInParameters none alias name use device name: 楂樺悎濞变箰鍓睆
12-01 03:58:47.705 I/hpplay-java( 3306): [AsyncTask #56]:Feature:isSendAdvertisement
12-01 03:58:47.705 I/hpplay-java( 3306): [AsyncTask #56]:Preference:checkFeature none
12-01 03:58:47.705 I/hpplay-java( 3306): [AsyncTask #56]:Preference:checkFeature none
12-01 03:58:47.705 I/hpplay-java( 3306): [AsyncTask #56]:Bridge:backupHpplayDat bakPath:
12-01 03:58:47.705 I/hpplay-java( 3306): [AsyncTask #56]:Bridge:path:/data/user/0/com.hht.lebocast/files/hpplay/file/happyplay.dat
12-01 03:58:47.705 I/hpplay-java( 3306): [AsyncTask #56]:Bridge:mAppId:21409
12-01 03:58:47.706 I/hpplay-java( 3306): [AsyncTask #56]:Bridge:mode:3
12-01 03:58:47.706 I/hpplay-java( 3306): [AsyncTask #56]:Bridge:type:1
12-01 03:58:47.706 I/hpplay-java( 3306): [AsyncTask #56]:Bridge:SN:
12-01 03:58:47.706 I/hpplay-java( 3306): [AsyncTask #56]:Preference:checkFeature none
12-01 03:58:47.706 I/hpplay-java( 3306): [AsyncTask #56]:Bridge:backPath:
12-01 03:58:47.706 I/hpplay-java( 3306): [AsyncTask #56]:DeviceUtil:getPermissionDid: 1
12-01 03:58:47.706 I/hpplay-java( 3306): [AsyncTask #56]:DeviceUtil:getPermissionDid: 1
12-01 03:58:47.706 I/hpplay-java( 3306): [AsyncTask #56]:Preference:checkFeature none
12-01 03:58:47.706 I/hpplay-java( 3306): [AsyncTask #56]:Preference:checkFeature none
12-01 03:58:47.706 I/hpplay-java( 3306): [AsyncTask #56]:Preference:checkFeature none
12-01 03:58:47.706 I/hpplay-java( 3306): [AsyncTask #56]:Preference:checkFeature none
12-01 03:58:47.706 I/hpplay-java( 3306): [AsyncTask #56]:Preference:checkFeature none
12-01 03:58:47.713 W/hpplay-java( 3306): [AsyncTask #59]:ServerBusiness:startDaemonBusiness start LelinkHTTPD sucess 52288
12-01 03:58:47.716 I/hpplay-java( 3306): [main]:ServerBusiness:get deviceCode:2265148704
12-01 03:58:47.729 W/hpplay-java( 3306): [AsyncTask #56]:DeviceUtils:getDomain create lb domain
12-01 03:58:47.730 I/hpplay-java( 3306): [AsyncTask #56]:Feature:getMirrorAudioVideoSync DISABLE
12-01 03:58:47.730 I/hpplay-java( 3306): [AsyncTask #56]:Feature:checkSupportRedirectOtherApp,no set redirect api
12-01 03:58:47.730 I/hpplay-java( 3306): [AsyncTask #56]:Feature:getRedirectSearchFlag,value: 0
12-01 03:58:47.731 I/hpplay-java( 3306): [AsyncTask #56]:Bridge:mIn: InParameters{appInfo='0', appKey='21409', authMode=0, authPwd='null', broadcastDirection=0, broadcastState=1, broadcastTimeout=3, buildType='release', cacheAVPath='/data/user/0/com.hht.lebocast/cache/hpplay/av', cachePhotoPath='/data/user/0/com.hht.lebocast/cache/hpplay/image', channel='LEBO-APK--60146-25915', desPath='', , deviceName='楂樺悎濞变箰鍓睆', dlna=1, dlnaCompany='Microsoft Corporation', dlnaCompanyURL='http://www.microsoft.com', dlnaDeviceDescribe='Media Renderer', dlnaDeviceName='Windows Media Player', dlnaDeviceURL='http://go.microsoft.com/fwlink/Linkld=105927', dlnaLelinkSwitch=1, dlnaManufacturer=0, dlnaName='楂樺悎濞变箰鍓睆', dlnaUPC='null', dlnaUUID='240f1a96-b2a9-1d9f-eae4-4e79ae0ceac7', domain='Lebo-figure-16ea96867ae8', drainage=0, feature='6655', fps=60, height=1080, host='null', , keyPath='/data/user/0/com.hht.lebocast/files/hpplay/file', lelinkfp=1, lelinkfp2=0, logBaseState=1, logPath='/storage/emulated/0/com.hht.lebocast/sink/sdk/common', , mdnsEnable=1, mirrorSyncType=0, netCastVer='2.0', packageName='com.hht.lebocast', packagePath='/data/user/0/com.hht.lebocast', permissionDid='16:ea:96:86:7a:e8', permissionMode=3, permissionPreSN='', port=0, preemptMode=0, regType='_leboremote._tcp.', serverPorts=null, sockWaitTimeOut=45, teleControlPort=53388, tunnels=3, txtKeys=null, txtValues=null, uid='-913091833151951066', videoFrameType=1001, width=1920}com.hpplay.sdk.sink.protocol.InParameters@a751d8b
12-01 03:58:47.731 I/hpplay-java( 3306): [main]:Bridge:startServer state: 0
12-01 03:58:47.731 D/hpplay-base( 3306): [jniBridge:185] not conference version
12-01 03:58:47.731 I/hpplay-base( 3306): [jniBridge:241] 1initServer nSettingWidth=1920 nSettingHeight=1080 nSettingMaxFPS=60 dlnaEnable=1 lelinkFpEnable=1
12-01 03:58:47.731 D/hpplay-base( 3306): [jniBridge:283] 1initServer cfg.leLinkIp=192.168.43.97
12-01 03:58:47.731 D/hpplay-base( 3306): [jniBridge:286] 1initServer cfg.mPermissionMode=3
12-01 03:58:47.731 D/hpplay-base( 3306): [jniBridge:304] 1initServer cfg.permissionDid=16:ea:96:86:7a:e8000000000000000
12-01 03:58:47.731 D/hpplay-base( 3306): [jniBridge:313] 1initServer cfg.mPermissionPreSN=00000000000000000000000000000000
12-01 03:58:47.731 D/hpplay-base( 3306): [jniBridge:317] Bridge___1initServer status:0
12-01 03:58:47.731 I/hpplay-base( 3306): [jniBridge:325] 1initServer cfg.feature=6655
12-01 03:58:47.731 D/hpplay-base( 3306): [jniBridge:377] 1initServer isSendBroadCast=3
12-01 03:58:47.731 D/hpplay-base( 3306): [jniBridge:380] 1initServer broadcastDirection=0
12-01 03:58:47.732 D/hpplay-base( 3306): [jniBridge:382] 1initServer ipBroadcast direction=0
12-01 03:58:47.732 D/hpplay-base( 3306): [jniBridge:387] 1initServer tunnel=3
12-01 03:58:47.732 D/hpplay-base( 3306): [jniBridge:390] 1initServer drainage=0
12-01 03:58:47.732 D/hpplay-base( 3306): [jniBridge:401] 1initServer mDNSEnable=1
12-01 03:58:47.732 D/hpplay-base( 3306): [jniBridge:406] 1initServer nSockWaitTimeOut=45
12-01 03:58:47.732 D/hpplay-base( 3306): [jniBridge:410] 1initServer nMirrorAudioVideoSync=0
12-01 03:58:47.732 I/hpplay-base( 3306): [sign_check:168] checkSign strPackageName:com.hht.lebocast
12-01 03:58:47.732 I/hpplay-base( 3306): [sign_check:169] checkSign buildType:release
12-01 03:58:47.732 I/hpplay-base( 3306): [sign_check:170] checkSign appKey:21409
12-01 03:58:47.732 D/hpplay-base( 3306): [LelinkBase:405] bridgeInit port: 0, lelinkfp: 0
12-01 03:58:47.732 D/hpplay-base( 3306): [LelinkBase:462] bridgeInit mPackagePath =/data/user/0/com.hht.lebocast
12-01 03:58:47.732 D/hpplay-base( 3306): [LelinkBase:463] bridgeInit mKeyPath =/data/user/0/com.hht.lebocast/files/hpplay/file
12-01 03:58:47.732 D/hpplay-base( 3306): [SinkContext:97] initSinkContext mPackagePath =/data/user/0/com.hht.lebocast
12-01 03:58:47.732 D/hpplay-base( 3306): [SinkContext:98] initSinkContext mKeyPath =/data/user/0/com.hht.lebocast/files/hpplay/file
12-01 03:58:47.732 D/hpplay-base( 3306): [jniBridge:478] Java_com_hpplay_sdk_sink_protocol_Bridge__1initServer end
12-01 03:58:47.732 D/hpplay-base( 3306): [jniBridge:869] Bridge__1startServer status:1
12-01 03:58:47.732 D/hpplay-base( 3306): [LelinkBase:492] startAllServer at base
12-01 03:58:47.732 D/hpplay-base( 3306): [lelinkSinkServer:152] httpPlugins_SetServerPort TYPE_SERVER_LELINK:52266
12-01 03:58:47.732 D/hpplay-base( 3306): [network.c:362] protocol bind host :192.168.43.97 port:52266 curent bind port:52266
12-01 03:58:47.732 D/hpplay-base( 3306): [lelinkSinkServer:681] HTTP Server real at:52266
12-01 03:58:47.733 D/hpplay-base( 3306): [lelinkSinkServer:644] Connected Service Type:0
12-01 03:58:47.733 I/hpplay-base( 3306): : (server.c.315) startServer listen_ing....:
12-01 03:58:47.733 D/hpplay-base( 3306): [Server:371] startHttpServer srv_sockets.used:1 nCurrentFd:79, tid is 6078
12-01 03:58:47.733 D/hpplay-base( 3306): [ScreenStream:1285] current bind port:7100
12-01 03:58:47.733 D/hpplay-base( 3306): [LelinkBase:515] startAllServer pBaseContext->config.dlnaEnable:1
12-01 03:58:47.733 D/hpplay-base( 3306): [lelinkDlna:324] addDMRCallback end
12-01 03:58:47.733 D/hpplay-base( 3306): [stream_mirror_compat:759] compat mirror stream begin to run,server fd:80,thread_id:3075252672!!
12-01 03:58:47.736 E/hpplay-base-dlna( 3306): miniserver.c:788::dlna_port(ipv4: 49152 ipv6:0)
