12-01 03:56:42.001 I/am_wtf ( 1525): [0,1525,system_server,-1,DisplayDeviceConfig,requesting nits when no mapping exists.]
12-01 03:56:42.019 I/am_wtf ( 1525): [0,1525,system_server,-1,DisplayDeviceConfig,requesting nits when no mapping exists.]
12-01 03:56:42.020 I/am_wtf ( 1525): [0,1525,system_server,-1,DisplayDeviceConfig,requesting nits when no mapping exists.]
12-01 03:56:42.022 I/wm_on_stop_called( 2849): [93742719,com.android.launcher3.uioverrides.QuickstepLauncher,STOP_ACTIVITY_ITEM]
12-01 03:56:42.036 I/am_wtf ( 1525): [0,1525,system_server,-1,DisplayDeviceConfig,requesting nits when no mapping exists.]
12-01 03:56:42.037 I/am_wtf ( 1525): [0,1525,system_server,-1,DisplayDeviceConfig,requesting nits when no mapping exists.]
12-01 03:56:42.052 I/am_wtf ( 1525): [0,1525,system_server,-1,DisplayDeviceConfig,requesting nits when no mapping exists.]
12-01 03:56:42.054 I/am_wtf ( 1525): [0,1525,system_server,-1,DisplayDeviceConfig,requesting nits when no mapping exists.]
12-01 03:56:42.068 I/am_wtf ( 1525): [0,1525,system_server,-1,DisplayDeviceConfig,requesting nits when no mapping exists.]
12-01 03:56:42.069 I/am_wtf ( 1525): [0,1525,system_server,-1,DisplayDeviceConfig,requesting nits when no mapping exists.]
12-01 03:56:42.085 I/am_wtf ( 1525): [0,1525,system_server,-1,DisplayDeviceConfig,requesting nits when no mapping exists.]
12-01 03:56:42.085 I/am_wtf ( 1525): [0,1525,system_server,-1,DisplayDeviceConfig,requesting nits when no mapping exists.]
12-01 03:56:42.104 I/am_wtf ( 1525): [0,1525,system_server,-1,DisplayDeviceConfig,requesting nits when no mapping exists.]
12-01 03:56:42.105 I/am_wtf ( 1525): [0,1525,system_server,-1,DisplayDeviceConfig,requesting nits when no mapping exists.]
12-01 03:56:42.121 I/am_wtf ( 1525): [0,1525,system_server,-1,DisplayDeviceConfig,requesting nits when no mapping exists.]
12-01 03:56:42.122 I/am_wtf ( 1525): [0,1525,system_server,-1,DisplayDeviceConfig,requesting nits when no mapping exists.]
12-01 03:56:42.135 I/am_wtf ( 1525): [0,1525,system_server,-1,DisplayDeviceConfig,requesting nits when no mapping exists.]
12-01 03:56:42.139 I/am_wtf ( 1525): [0,1525,system_server,-1,DisplayDeviceConfig,requesting nits when no mapping exists.]
12-01 03:56:42.151 I/am_wtf ( 1525): [0,1525,system_server,-1,DisplayDeviceConfig,requesting nits when no mapping exists.]
12-01 03:56:42.153 I/am_wtf ( 1525): [0,1525,system_server,-1,DisplayDeviceConfig,requesting nits when no mapping exists.]
12-01 03:56:42.172 I/am_wtf ( 1525): [0,1525,system_server,-1,DisplayDeviceConfig,requesting nits when no mapping exists.]
12-01 03:56:42.173 I/service_manager_stats( 1525): [100,59,75821]
12-01 03:56:42.173 I/am_wtf ( 1525): [0,1525,system_server,-1,DisplayDeviceConfig,requesting nits when no mapping exists.]
12-01 03:56:42.186 I/am_wtf ( 1525): [0,1525,system_server,-1,DisplayDeviceConfig,requesting nits when no mapping exists.]
12-01 03:56:42.187 I/am_wtf ( 1525): [0,1525,system_server,-1,DisplayDeviceConfig,requesting nits when no mapping exists.]
12-01 03:56:42.203 I/am_wtf ( 1525): [0,1525,system_server,-1,DisplayDeviceConfig,requesting nits when no mapping exists.]
12-01 03:56:42.206 I/am_wtf ( 1525): [0,1525,system_server,-1,DisplayDeviceConfig,requesting nits when no mapping exists.]
12-01 03:56:42.219 I/am_wtf ( 1525): [0,1525,system_server,-1,DisplayDeviceConfig,requesting nits when no mapping exists.]
12-01 03:56:42.222 I/am_wtf ( 1525): [0,1525,system_server,-1,DisplayDeviceConfig,requesting nits when no mapping exists.]
12-01 03:56:42.236 I/am_wtf ( 1525): [0,1525,system_server,-1,DisplayDeviceConfig,requesting nits when no mapping exists.]
12-01 03:56:42.237 I/am_wtf ( 1525): [0,1525,system_server,-1,DisplayDeviceConfig,requesting nits when no mapping exists.]
12-01 03:56:42.258 I/am_wtf ( 1525): [0,1525,system_server,-1,DisplayDeviceConfig,requesting nits when no mapping exists.]
12-01 03:56:42.259 I/am_wtf ( 1525): [0,1525,system_server,-1,DisplayDeviceConfig,requesting nits when no mapping exists.]
12-01 03:56:42.271 I/am_wtf ( 1525): [0,1525,system_server,-1,DisplayDeviceConfig,requesting nits when no mapping exists.]
12-01 03:56:42.275 I/am_wtf ( 1525): [0,1525,system_server,-1,DisplayDeviceConfig,requesting nits when no mapping exists.]
12-01 03:56:42.285 I/am_wtf ( 1525): [0,1525,system_server,-1,DisplayDeviceConfig,requesting nits when no mapping exists.]
12-01 03:56:42.287 I/am_wtf ( 1525): [0,1525,system_server,-1,DisplayDeviceConfig,requesting nits when no mapping exists.]
12-01 03:56:42.303 I/am_wtf ( 1525): [0,1525,system_server,-1,DisplayDeviceConfig,requesting nits when no mapping exists.]
12-01 03:56:42.303 I/am_wtf ( 1525): [0,1525,system_server,-1,DisplayDeviceConfig,requesting nits when no mapping exists.]
12-01 03:56:42.319 I/am_wtf ( 1525): [0,1525,system_server,-1,DisplayDeviceConfig,requesting nits when no mapping exists.]
12-01 03:56:42.320 I/am_wtf ( 1525): [0,1525,system_server,-1,DisplayDeviceConfig,requesting nits when no mapping exists.]
12-01 03:56:42.336 I/am_wtf ( 1525): [0,1525,system_server,-1,DisplayDeviceConfig,requesting nits when no mapping exists.]
12-01 03:56:42.337 I/am_wtf ( 1525): [0,1525,system_server,-1,DisplayDeviceConfig,requesting nits when no mapping exists.]
12-01 03:56:42.353 I/am_wtf ( 1525): [0,1525,system_server,-1,DisplayDeviceConfig,requesting nits when no mapping exists.]
12-01 03:56:42.354 I/am_wtf ( 1525): [0,1525,system_server,-1,DisplayDeviceConfig,requesting nits when no mapping exists.]
12-01 03:56:42.369 I/am_wtf ( 1525): [0,1525,system_server,-1,DisplayDeviceConfig,requesting nits when no mapping exists.]
12-01 03:56:42.369 I/am_wtf ( 1525): [0,1525,system_server,-1,DisplayDeviceConfig,requesting nits when no mapping exists.]
12-01 03:56:42.390 I/am_wtf ( 1525): [0,1525,system_server,-1,DisplayDeviceConfig,requesting nits when no mapping exists.]
12-01 03:56:42.393 I/am_wtf ( 1525): [0,1525,system_server,-1,DisplayDeviceConfig,requesting nits when no mapping exists.]
12-01 03:56:42.403 I/am_wtf ( 1525): [0,1525,system_server,-1,DisplayDeviceConfig,requesting nits when no mapping exists.]
12-01 03:56:42.404 I/am_wtf ( 1525): [0,1525,system_server,-1,DisplayDeviceConfig,requesting nits when no mapping exists.]
12-01 03:56:42.419 I/am_wtf ( 1525): [0,1525,system_server,-1,DisplayDeviceConfig,requesting nits when no mapping exists.]
12-01 03:56:42.419 I/am_wtf ( 1525): [0,1525,system_server,-1,DisplayDeviceConfig,requesting nits when no mapping exists.]
12-01 03:56:42.438 I/am_wtf ( 1525): [0,1525,system_server,-1,DisplayDeviceConfig,requesting nits when no mapping exists.]
12-01 03:56:42.439 I/am_wtf ( 1525): [0,1525,system_server,-1,DisplayDeviceConfig,requesting nits when no mapping exists.]
12-01 03:56:42.454 I/am_wtf ( 1525): [0,1525,system_server,-1,DisplayDeviceConfig,requesting nits when no mapping exists.]
12-01 03:56:42.455 I/am_wtf ( 1525): [0,1525,system_server,-1,DisplayDeviceConfig,requesting nits when no mapping exists.]
12-01 03:56:42.469 I/am_wtf ( 1525): [0,1525,system_server,-1,DisplayDeviceConfig,requesting nits when no mapping exists.]
12-01 03:56:42.469 I/am_wtf ( 1525): [0,1525,system_server,-1,DisplayDeviceConfig,requesting nits when no mapping exists.]
12-01 03:56:42.489 I/am_wtf ( 1525): [0,1525,system_server,-1,DisplayDeviceConfig,requesting nits when no mapping exists.]
12-01 03:56:42.489 I/am_wtf ( 1525): [0,1525,system_server,-1,DisplayDeviceConfig,requesting nits when no mapping exists.]
12-01 03:56:42.503 I/am_wtf ( 1525): [0,1525,system_server,-1,DisplayDeviceConfig,requesting nits when no mapping exists.]
12-01 03:56:42.505 I/am_wtf ( 1525): [0,1525,system_server,-1,DisplayDeviceConfig,requesting nits when no mapping exists.]
12-01 03:56:42.520 I/am_wtf ( 1525): [0,1525,system_server,-1,DisplayDeviceConfig,requesting nits when no mapping exists.]
12-01 03:56:42.521 I/am_wtf ( 1525): [0,1525,system_server,-1,DisplayDeviceConfig,requesting nits when no mapping exists.]
12-01 03:56:42.537 I/am_wtf ( 1525): [0,1525,system_server,-1,DisplayDeviceConfig,requesting nits when no mapping exists.]
12-01 03:56:42.538 I/am_wtf ( 1525): [0,1525,system_server,-1,DisplayDeviceConfig,requesting nits when no mapping exists.]
12-01 03:56:42.552 I/am_wtf ( 1525): [0,1525,system_server,-1,DisplayDeviceConfig,requesting nits when no mapping exists.]
12-01 03:56:42.553 I/am_wtf ( 1525): [0,1525,system_server,-1,DisplayDeviceConfig,requesting nits when no mapping exists.]
12-01 03:56:42.571 I/am_wtf ( 1525): [0,1525,system_server,-1,DisplayDeviceConfig,requesting nits when no mapping exists.]
12-01 03:56:42.573 I/am_wtf ( 1525): [0,1525,system_server,-1,DisplayDeviceConfig,requesting nits when no mapping exists.]
12-01 03:56:42.589 I/am_wtf ( 1525): [0,1525,system_server,-1,DisplayDeviceConfig,requesting nits when no mapping exists.]
12-01 03:56:42.590 I/am_wtf ( 1525): [0,1525,system_server,-1,DisplayDeviceConfig,requesting nits when no mapping exists.]
12-01 03:56:42.603 I/am_wtf ( 1525): [0,1525,system_server,-1,DisplayDeviceConfig,requesting nits when no mapping exists.]
12-01 03:56:42.606 I/am_wtf ( 1525): [0,1525,system_server,-1,DisplayDeviceConfig,requesting nits when no mapping exists.]
12-01 03:57:18.052 I/input_interaction( 1525): Interaction with: 3c427aa com.thundercomm.screensaver/android.service.dreams.DreamActivity (server), edge-swipe (server), swipe-up (server), PointerEventDispatcher0 (server),
12-01 03:57:18.055 I/wm_finish_activity( 1525): [0,244447137,20,com.thundercomm.screensaver/android.service.dreams.DreamActivity,finish-activity]
12-01 03:57:18.056 I/wm_task_moved( 1525): [1,1,12]
12-01 03:57:18.057 I/wm_task_moved( 1525): [10,1,2147483647]
12-01 03:57:18.057 I/wm_task_to_front( 1525): [0,10]
12-01 03:57:18.057 I/wm_focused_root_task( 1525): [0,0,1,20,finish-top adjustFocusToNextFocusableTask]
12-01 03:57:18.057 I/wm_set_resumed_activity( 1525): [0,com.android.launcher3/.uioverrides.QuickstepLauncher,finish-top adjustFocusToNextFocusableTask]
12-01 03:57:18.058 I/wm_pause_activity( 1525): [0,244447137,com.thundercomm.screensaver/android.service.dreams.DreamActivity,userLeaving=false,finish]
12-01 03:57:18.066 I/sysui_multi_action( 1525): [757,803,799,window_time_0,802,37]
12-01 03:57:18.066 I/wm_on_top_resumed_lost_called( 5492): [244447137,android.service.dreams.DreamActivity,topStateChangedWhenResumed]
12-01 03:57:18.067 I/wm_on_paused_called( 5492): [244447137,android.service.dreams.DreamActivity,performPause]
12-01 03:57:18.068 I/wm_add_to_stopping( 1525): [0,244447137,com.thundercomm.screensaver/android.service.dreams.DreamActivity,completeFinishing]
12-01 03:57:18.071 I/wm_set_resumed_activity( 1525): [0,com.android.launcher3/.uioverrides.QuickstepLauncher,resumeTopActivityInnerLocked]
12-01 03:57:18.073 I/wm_resume_activity( 1525): [0,93742719,10,com.android.launcher3/.uioverrides.QuickstepLauncher]
12-01 03:57:18.079 I/sysui_multi_action( 1525): [757,803,799,window_time_0,802,0]
12-01 03:57:18.088 I/wm_on_restart_called( 2849): [93742719,com.android.launcher3.uioverrides.QuickstepLauncher,performRestartActivity]
12-01 03:57:18.088 I/wm_on_start_called( 2849): [93742719,com.android.launcher3.uioverrides.QuickstepLauncher,handleStartActivity]
12-01 03:57:18.088 I/wm_on_resume_called( 2849): [93742719,com.android.launcher3.uioverrides.QuickstepLauncher,RESUME_ACTIVITY]
12-01 03:57:18.088 I/wm_on_top_resumed_gained_called( 2849): [93742719,com.android.launcher3.uioverrides.QuickstepLauncher,topWhenResuming]
12-01 03:57:18.099 I/am_pss ( 1525): [2926,1000,com.android.settings,52307968,36597760,0,198553600,0,16,10]
12-01 03:57:18.101 I/view_enqueue_input_event( 5492): [Motion - Cancel,com.thundercomm.screensaver/android.service.dreams.DreamActivity]
12-01 03:57:18.101 I/input_focus( 1525): [Focus leaving 3c427aa com.thundercomm.screensaver/android.service.dreams.DreamActivity (server),reason=NO_WINDOW]
12-01 03:57:18.103 I/input_interaction( 1525): Interaction with: edge-swipe (server), swipe-up (server), PointerEventDispatcher0 (server),
12-01 03:57:18.107 I/input_focus( 1525): [Focus request 56534c8 com.android.launcher3/com.android.launcher3.uioverrides.QuickstepLauncher,reason=UpdateInputWindows]
12-01 03:57:18.108 I/am_pss ( 1525): [5433,10080,com.android.systemui:screenshot,37027840,24862720,0,181043200,0,19,7]
12-01 03:57:18.138 I/input_focus( 1525): [Focus entering 56534c8 com.android.launcher3/com.android.launcher3.uioverrides.QuickstepLauncher (server),reason=setFocusedWindow]
12-01 03:57:18.379 I/wm_destroy_activity( 1525): [0,244447137,20,com.thundercomm.screensaver/android.service.dreams.DreamActivity,finish-imm:idle]
12-01 03:57:18.395 I/wm_on_stop_called( 5492): [244447137,android.service.dreams.DreamActivity,LIFECYCLER_STOP_ACTIVITY]
12-01 03:57:18.396 I/wm_on_destroy_called( 5492): [244447137,android.service.dreams.DreamActivity,performDestroy]
12-01 03:57:18.405 I/sysui_multi_action( 1525): [757,222,758,2]
12-01 03:57:18.405 I/sysui_multi_action( 1525): [757,804,799,dreaming_minutes,801,0,802,1]
12-01 03:57:18.422 I/wm_task_removed( 1525): [20,removeChild:removeChild last r=ActivityRecord{e91f7a1 u0 com.thundercomm.screensaver/android.service.dreams.DreamActivity t-1 f}} in t=Task{dce9dbd #20 type=dream A=10042:android:com.thundercomm.screensaver/dream U=0 visible=false mode=fullscreen translucent=true sz=0}]
12-01 03:57:18.422 I/wm_task_removed( 1525): [20,removeChild]
12-01 03:57:23.359 I/input_interaction( 1525): Interaction with: 56534c8 com.android.launcher3/com.android.launcher3.uioverrides.QuickstepLauncher (server), f29aa65 com.android.systemui.ImageWallpaper (server), edge-swipe (server), swipe-up (server), PointerEventDispatcher0 (server),
12-01 03:57:23.501 I/wm_task_moved( 1525): [11,1,12]
12-01 03:57:23.502 I/wm_task_to_front( 1525): [0,11]
12-01 03:57:23.503 I/wm_focused_root_task( 1525): [0,0,11,1,bringingFoundTaskToFront]
12-01 03:57:23.504 I/wm_set_resumed_activity( 1525): [0,com.android.settings/.Settings,bringingFoundTaskToFront]
12-01 03:57:23.504 I/wm_new_intent( 1525): [0,226233913,11,com.android.settings/.Settings,android.intent.action.MAIN,NULL,NULL,270532608]
12-01 03:57:23.508 I/wm_pause_activity( 1525): [0,93742719,com.android.launcher3/.uioverrides.QuickstepLauncher,userLeaving=true,pauseBackTasks]
12-01 03:57:23.519 I/wm_on_top_resumed_lost_called( 2849): [93742719,com.android.launcher3.uioverrides.QuickstepLauncher,topStateChangedWhenResumed]
12-01 03:57:23.523 I/wm_on_paused_called( 2849): [93742719,com.android.launcher3.uioverrides.QuickstepLauncher,performPause]
12-01 03:57:23.526 I/wm_set_resumed_activity( 1525): [0,com.android.settings/.Settings,resumeTopActivityInnerLocked]
12-01 03:57:23.526 I/wm_add_to_stopping( 1525): [0,93742719,com.android.launcher3/.uioverrides.QuickstepLauncher,makeInvisible]
12-01 03:57:23.529 I/wm_resume_activity( 1525): [0,226233913,11,com.android.settings/.Settings]
12-01 03:57:23.548 I/sysui_multi_action( 1525): [757,803,799,window_time_0,802,5]
12-01 03:57:23.563 I/wm_on_restart_called( 2926): [226233913,com.android.settings.Settings,performRestartActivity]
12-01 03:57:23.566 I/wm_on_start_called( 2926): [226233913,com.android.settings.Settings,handleStartActivity]
12-01 03:57:23.567 I/snet_event_log( 2926): [120484087,-1,]
12-01 03:57:23.568 I/wm_on_resume_called( 2926): [226233913,com.android.settings.Settings,RESUME_ACTIVITY]
12-01 03:57:23.568 I/sysui_multi_action( 2926): [757,35,758,1,833,0,1089,0]
12-01 03:57:23.569 I/input_focus( 1525): [Focus leaving 56534c8 com.android.launcher3/com.android.launcher3.uioverrides.QuickstepLauncher (server),reason=NO_WINDOW]
12-01 03:57:23.569 I/sysui_multi_action( 2926): [757,744,758,1,833,0,1089,0]
12-01 03:57:23.571 I/wm_on_top_resumed_gained_called( 2926): [226233913,com.android.settings.Settings,topWhenResuming]
12-01 03:57:23.586 I/input_focus( 1525): [Focus request cd71460 com.android.settings/com.android.settings.Settings,reason=UpdateInputWindows]
12-01 03:57:23.595 I/sysui_multi_action( 1525): [319,69,321,64,322,103,325,263,757,761,758,9,759,4,806,com.android.settings,871,com.android.settings.Settings,904,com.android.launcher3,905,0,1320,4,1321,1]
12-01 03:57:23.601 I/input_focus( 1525): [Focus entering cd71460 com.android.settings/com.android.settings.Settings (server),reason=setFocusedWindow]
12-01 03:57:24.132 I/wm_stop_activity( 1525): [0,93742719,com.android.launcher3/.uioverrides.QuickstepLauncher]
12-01 03:57:24.145 I/wm_on_stop_called( 2849): [93742719,com.android.launcher3.uioverrides.QuickstepLauncher,STOP_ACTIVITY_ITEM]
12-01 03:57:24.724 I/input_interaction( 1525): Interaction with: cd71460 com.android.settings/com.android.settings.Settings (server), edge-swipe (server), swipe-up (server), PointerEventDispatcher0 (server),
12-01 03:57:25.772 I/sysui_multi_action( 2926): [757,830,758,4,833,0,854,homepage_search_bar,1089,0]
12-01 03:57:25.780 I/wm_task_moved( 1525): [11,1,12]
12-01 03:57:25.781 I/wm_set_resumed_activity( 1525): [0,com.android.settings/.Settings,positionChildAt]
12-01 03:57:25.782 I/wm_create_activity( 1525): [0,188742594,11,com.android.settings.intelligence/.search.SearchActivity,android.settings.APP_SEARCH_SETTINGS,NULL,NULL,0]
12-01 03:57:25.784 I/wm_pause_activity( 1525): [0,226233913,com.android.settings/.Settings,userLeaving=true,resumeTopActivityInnerLocked]
12-01 03:57:25.791 I/am_uid_running( 1525): 10061
12-01 03:57:25.798 I/wm_on_top_resumed_lost_called( 2926): [226233913,com.android.settings.Settings,topStateChangedWhenResumed]
12-01 03:57:25.799 I/sysui_multi_action( 2926): [757,35,758,2,1089,2231]
12-01 03:57:25.800 I/sysui_multi_action( 2926): [757,744,758,2,1089,2230]
12-01 03:57:25.800 I/wm_on_paused_called( 2926): [226233913,com.android.settings.Settings,performPause]
12-01 03:57:25.801 I/wm_add_to_stopping( 1525): [0,226233913,com.android.settings/.Settings,makeInvisible]
12-01 03:57:25.805 I/am_proc_start( 1525): [0,5563,10061,com.android.settings.intelligence,pre-top-activity,{com.android.settings.intelligence/com.android.settings.intelligence.search.SearchActivity}]
12-01 03:57:25.807 I/sysui_multi_action( 1525): [757,803,799,window_time_0,802,2]
12-01 03:57:25.815 I/am_proc_bound( 1525): [0,5563,com.android.settings.intelligence]
12-01 03:57:25.819 I/wm_restart_activity( 1525): [0,188742594,11,com.android.settings.intelligence/.search.SearchActivity]
12-01 03:57:25.821 I/wm_set_resumed_activity( 1525): [0,com.android.settings.intelligence/.search.SearchActivity,minimalResumeActivityLocked]
12-01 03:57:25.822 I/input_focus( 1525): [Focus leaving cd71460 com.android.settings/com.android.settings.Settings (server),reason=NO_WINDOW]
12-01 03:57:25.823 I/am_uid_active( 1525): 10061
12-01 03:57:25.844 I/wm_on_create_called( 5563): [188742594,com.android.settings.intelligence.search.SearchActivity,performCreate]
12-01 03:57:25.857 I/sysui_multi_action( 2926): [757,1727,758,4,854,com.android.settings.development.DevelopmentSettingsDashboardFragment_com.android.settings.development.Prefer5GNetworkSummaryController,1089,1]
12-01 03:57:25.859 I/wm_on_start_called( 5563): [188742594,com.android.settings.intelligence.search.SearchActivity,handleStartActivity]
12-01 03:57:25.861 I/wm_on_resume_called( 5563): [188742594,com.android.settings.intelligence.search.SearchActivity,RESUME_ACTIVITY]
12-01 03:57:25.866 I/wm_on_top_resumed_gained_called( 5563): [188742594,com.android.settings.intelligence.search.SearchActivity,topStateChangedWhenResumed]
12-01 03:57:25.873 I/am_uid_running( 1525): 10075
12-01 03:57:25.873 I/sysui_multi_action( 2926): [757,1727,758,4,854,com.android.settings.homepage.TopLevelSettings_com.android.settings.network.TopLevelNetworkEntryPreferenceController,1089,1]
12-01 03:57:25.877 I/service_manager_stats( 2926): [100,66,265954]
12-01 03:57:25.882 I/am_proc_start( 1525): [0,5592,10075,com.android.emergency,content provider,{com.android.emergency/com.android.emergency.EmergencySearchIndexablesProvider}]
12-01 03:57:25.883 I/input_focus( 1525): [Focus request ff415e7 com.android.settings.intelligence/com.android.settings.intelligence.search.SearchActivity,reason=UpdateInputWindows]
12-01 03:57:25.890 I/input_focus( 1525): [Focus entering cd71460 com.android.settings/com.android.settings.Settings (server),reason=Window became focusable. Previous reason: NO_WINDOW]
12-01 03:57:25.906 I/am_proc_bound( 1525): [0,5592,com.android.emergency]
12-01 03:57:25.907 I/input_focus( 1525): [Focus leaving cd71460 com.android.settings/com.android.settings.Settings (server),reason=Waiting for window because NOT_VISIBLE]
12-01 03:57:25.910 I/am_uid_active( 1525): 10075
12-01 03:57:25.916 I/sysui_multi_action( 2926): [757,1727,758,4,854,com.android.settings.display.darkmode.DarkModeSettingsFragment_com.android.settings.display.SyncDarkUIPreferenceController,1089,1]
12-01 03:57:25.949 I/sysui_multi_action( 1525): [319,171,322,171,325,265,757,761,758,7,759,2,806,com.android.settings.intelligence,871,com.android.settings.intelligence.search.SearchActivity,904,com.android.settings,905,0,945,43,1320,4,1321,1]
12-01 03:57:25.951 I/wm_activity_launch_time( 1525): [0,188742594,com.android.settings.intelligence/.search.SearchActivity,171]
12-01 03:57:25.954 I/am_uid_active( 1525): 10094
12-01 03:57:25.956 I/input_focus( 1525): [Focus entering ff415e7 com.android.settings.intelligence/com.android.settings.intelligence.search.SearchActivity (server),reason=Window became focusable. Previous reason: NOT_VISIBLE]
12-01 03:57:26.136 W/CarrierConfigManager( 2926): Error getting config for subId -1 ICarrierConfigLoader is null
12-01 03:57:26.137 W/CarrierConfigManager( 2926): Error getting config for subId -1 ICarrierConfigLoader is null
12-01 03:57:26.138 W/CarrierConfigManager( 2926): Error getting config for subId -1 ICarrierConfigLoader is null
12-01 03:57:26.138 W/CarrierConfigManager( 2926): Error getting config for subId -1 ICarrierConfigLoader is null
12-01 03:57:26.138 W/CarrierConfigManager( 2926): Error getting config for subId -1 ICarrierConfigLoader is null
12-01 03:57:26.140 W/CarrierConfigManager( 2926): Error getting config for subId -1 ICarrierConfigLoader is null
12-01 03:57:26.140 W/CarrierConfigManager( 2926): Error getting config for subId -1 ICarrierConfigLoader is null
12-01 03:57:26.140 W/CarrierConfigManager( 2926): Error getting config for subId -1 ICarrierConfigLoader is null
12-01 03:57:26.141 W/CarrierConfigManager( 2926): Error getting config for subId -1 ICarrierConfigLoader is null
12-01 03:57:26.141 W/CarrierConfigManager( 2926): Error getting config for subId -1 ICarrierConfigLoader is null
12-01 03:57:26.194 I/am_uid_active( 1525): 10031
12-01 03:57:26.209 I/wm_add_to_stopping( 1525): [0,226233913,com.android.settings/.Settings,makeInvisible]
12-01 03:57:26.210 I/wm_stop_activity( 1525): [0,226233913,com.android.settings/.Settings]
12-01 03:57:26.266 I/wm_on_stop_called( 2926): [226233913,com.android.settings.Settings,STOP_ACTIVITY_ITEM]
12-01 03:57:26.321 I/am_uid_running( 1525): 10071
12-01 03:57:26.326 I/am_proc_start( 1525): [0,5712,10071,com.android.webview:webview_service,service,{com.android.webview/org.chromium.android_webview.services.VariationsSeedServer}]
12-01 03:57:26.342 I/am_proc_bound( 1525): [0,5712,com.android.webview:webview_service]
12-01 03:57:26.346 I/am_uid_active( 1525): 10071
12-01 03:57:26.349 I/commit_sys_config_file( 1525): [settings-3-0,3]
12-01 03:57:26.363 I/commit_sys_config_file( 1525): [settings-1-0,5]
12-01 03:57:29.322 I/input_interaction( 1525): Interaction with: ff415e7 com.android.settings.intelligence/com.android.settings.intelligence.search.SearchActivity (server), edge-swipe (server), swipe-up (server), PointerEventDispatcher0 (server),
12-01 03:57:29.342 I/wm_task_moved( 1525): [1,0,0]
12-01 03:57:29.343 I/wm_task_moved( 1525): [1,0,11]
12-01 03:57:29.366 I/wm_on_restart_called( 2849): [93742719,com.android.launcher3.uioverrides.QuickstepLauncher,performRestartActivity]
12-01 03:57:29.396 I/wm_on_start_called( 2849): [93742719,com.android.launcher3.uioverrides.QuickstepLauncher,handleStartActivity]
12-01 03:57:29.421 I/view_enqueue_input_event( 5563): [Motion - Cancel,com.android.settings.intelligence/com.android.settings.intelligence.search.SearchActivity]
12-01 03:57:29.421 I/sysui_latency( 2849): [1,88]
12-01 03:57:29.428 I/input_interaction( 1525): Interaction with: edge-swipe (server), swipe-up (server), PointerEventDispatcher0 (server),
12-01 03:57:29.438 I/input_focus( 1525): [Focus request recents_animation_input_consumer,reason=UpdateInputWindows]
12-01 03:57:29.439 I/sysui_multi_action( 1525): [319,13,322,86,325,269,757,761,758,9,759,5,806,com.android.launcher3,871,com.android.launcher3.uioverrides.QuickstepLauncher,905,0,1320,4,1321,1]
12-01 03:57:29.468 I/input_focus( 1525): [Focus leaving ff415e7 com.android.settings.intelligence/com.android.settings.intelligence.search.SearchActivity (server),reason=NOT_FOCUSABLE]
12-01 03:57:29.468 I/input_focus( 1525): [Focus entering recents_animation_input_consumer (server),reason=setFocusedWindow]
12-01 03:57:29.596 I/commit_sys_config_file( 1525): [settings-1-0,4]
12-01 03:57:29.730 I/sysui_latency( 1525): [8,100]
12-01 03:57:29.872 I/commit_sys_config_file( 1525): [settings-1-0,10]
12-01 03:57:30.329 I/wm_task_moved( 1525): [1,1,12]
12-01 03:57:30.334 I/wm_task_moved( 1525): [10,1,2147483647]
12-01 03:57:30.334 I/wm_task_to_front( 1525): [0,10]
12-01 03:57:30.334 I/wm_on_top_resumed_lost_called( 5563): [188742594,com.android.settings.intelligence.search.SearchActivity,topStateChangedWhenResumed]
12-01 03:57:30.334 I/wm_focused_root_task( 1525): [0,0,1,11,RecentsAnimation.onAnimationFinished()]
12-01 03:57:30.335 I/wm_set_resumed_activity( 1525): [0,com.android.launcher3/.uioverrides.QuickstepLauncher,RecentsAnimation.onAnimationFinished()]
12-01 03:57:30.336 I/wm_pause_activity( 1525): [0,188742594,com.android.settings.intelligence/.search.SearchActivity,userLeaving=true,pauseBackTasks]
12-01 03:57:30.338 I/wm_add_to_stopping( 1525): [0,188742594,com.android.settings.intelligence/.search.SearchActivity,makeInvisible]
12-01 03:57:30.339 I/wm_set_resumed_activity( 1525): [0,com.android.launcher3/.uioverrides.QuickstepLauncher,resumeTopActivityInnerLocked]
12-01 03:57:30.343 I/wm_resume_activity( 1525): [0,93742719,10,com.android.launcher3/.uioverrides.QuickstepLauncher]
12-01 03:57:30.346 I/wm_on_resume_called( 2849): [93742719,com.android.launcher3.uioverrides.QuickstepLauncher,RESUME_ACTIVITY]
12-01 03:57:30.357 I/input_focus( 1525): [Focus request 56534c8 com.android.launcher3/com.android.launcher3.uioverrides.QuickstepLauncher,reason=UpdateInputWindows]
12-01 03:57:30.359 I/wm_on_paused_called( 5563): [188742594,com.android.settings.intelligence.search.SearchActivity,performPause]
12-01 03:57:30.360 I/wm_on_top_resumed_gained_called( 2849): [93742719,com.android.launcher3.uioverrides.QuickstepLauncher,topStateChangedWhenResumed]
12-01 03:57:30.364 I/wm_stop_activity( 1525): [0,188742594,com.android.settings.intelligence/.search.SearchActivity]
12-01 03:57:30.366 I/sysui_multi_action( 1525): [757,803,799,window_time_0,802,5]
12-01 03:57:30.369 I/sysui_multi_action( 1525): [757,803,799,window_time_0,802,0]
12-01 03:57:30.371 I/input_focus( 1525): [Focus leaving recents_animation_input_consumer (server),reason=NOT_VISIBLE]
12-01 03:57:30.371 I/input_focus( 1525): [Focus entering 56534c8 com.android.launcher3/com.android.launcher3.uioverrides.QuickstepLauncher (server),reason=setFocusedWindow]
12-01 03:57:30.372 I/wm_on_stop_called( 5563): [188742594,com.android.settings.intelligence.search.SearchActivity,STOP_ACTIVITY_ITEM]
12-01 03:57:36.177 I/commit_sys_config_file( 1525): [uri-grants,7]
12-01 03:57:36.216 I/commit_sys_config_file( 1525): [package-user-0,6] --------- beginning of main
12-01 03:57:40.888 W/hpplay-java( 3306): [main]:IPManager:getActiveNets invalid networkInfo:null
12-01 03:57:40.888 I/hpplay-java( 3306): [main]:IPManager:getActiveNets eth0:false wifi:false mobile:false ap:false
12-01 03:57:40.888 I/hpplay-java( 3306): [main]:ServerTaskManager:get local ip:null
12-01 03:57:41.062 I/mpu_uart( 646): [MSG-P:RECV]:No message received in 1000 ms
12-01 03:57:41.890 W/hpplay-java( 3306): [main]:IPManager:getActiveNets invalid networkInfo:null
12-01 03:57:41.890 I/hpplay-java( 3306): [main]:IPManager:getActiveNets eth0:false wifi:false mobile:false ap:false
12-01 03:57:41.890 I/hpplay-java( 3306): [main]:ServerTaskManager:get local ip:null
12-01 03:57:42.062 I/mpu_uart( 646): [MSG-P:RECV]:No message received in 1000 ms
12-01 03:57:42.638 I/selfinstaller( 1191): create socket failed: Network is unreachable 101
12-01 03:57:42.893 W/hpplay-java( 3306): [main]:IPManager:getActiveNets invalid networkInfo:null
12-01 03:57:42.893 I/hpplay-java( 3306): [main]:IPManager:getActiveNets eth0:false wifi:false mobile:false ap:false
12-01 03:57:42.893 I/hpplay-java( 3306): [main]:ServerTaskManager:get local ip:null
12-01 03:57:43.063 I/mpu_uart( 646): [MSG-P:RECV]:No message received in 1000 ms
12-01 03:57:43.223 I/mpu_uart( 646): [MSG-P:R]:recv sync frame timeout
12-01 03:57:43.895 W/hpplay-java( 3306): [main]:IPManager:getActiveNets invalid networkInfo:null
12-01 03:57:43.895 I/hpplay-java( 3306): [main]:IPManager:getActiveNets eth0:false wifi:false mobile:false ap:false
12-01 03:57:43.895 I/hpplay-java( 3306): [main]:ServerTaskManager:get local ip:null
12-01 03:57:44.063 I/mpu_uart( 646): [MSG-P:RECV]:No message received in 1000 ms
12-01 03:57:44.897 W/hpplay-java( 3306): [main]:IPManager:getActiveNets invalid networkInfo:null
12-01 03:57:44.897 I/hpplay-java( 3306): [main]:IPManager:getActiveNets eth0:false wifi:false mobile:false ap:false
12-01 03:57:44.897 I/hpplay-java( 3306): [main]:ServerTaskManager:get local ip:null
12-01 03:57:45.063 I/mpu_uart( 646): [MSG-P:RECV]:No message received in 1000 ms
12-01 03:57:45.899 W/hpplay-java( 3306): [main]:IPManager:getActiveNets invalid networkInfo:null
12-01 03:57:45.899 I/hpplay-java( 3306): [main]:IPManager:getActiveNets eth0:false wifi:false mobile:false ap:false
12-01 03:57:45.899 I/hpplay-java( 3306): [main]:ServerTaskManager:get local ip:null
12-01 03:57:46.064 I/mpu_uart( 646): [MSG-P:RECV]:No message received in 1000 ms
12-01 03:57:46.226 I/mpu_uart( 646): [MSG-P:R]:recv sync frame timeout
12-01 03:57:46.901 W/hpplay-java( 3306): [main]:IPManager:getActiveNets invalid networkInfo:null
12-01 03:57:46.901 I/hpplay-java( 3306): [main]:IPManager:getActiveNets eth0:false wifi:false mobile:false ap:false
12-01 03:57:46.901 I/hpplay-java( 3306): [main]:ServerTaskManager:get local ip:null
12-01 03:57:47.064 I/mpu_uart( 646): [MSG-P:RECV]:No message received in 1000 ms
12-01 03:57:47.904 W/hpplay-java( 3306): [main]:IPManager:getActiveNets invalid networkInfo:null
12-01 03:57:47.904 I/hpplay-java( 3306): [main]:IPManager:getActiveNets eth0:false wifi:false mobile:false ap:false
12-01 03:57:47.904 I/hpplay-java( 3306): [main]:ServerTaskManager:get local ip:null
12-01 03:57:48.065 I/mpu_uart( 646): [MSG-P:RECV]:No message received in 1000 ms
12-01 03:57:48.906 W/hpplay-java( 3306): [main]:IPManager:getActiveNets invalid networkInfo:null
12-01 03:57:48.906 I/hpplay-java( 3306): [main]:IPManager:getActiveNets eth0:false wifi:false mobile:false ap:false
12-01 03:57:48.906 I/hpplay-java( 3306): [main]:ServerTaskManager:get local ip:null
12-01 03:57:49.065 I/mpu_uart( 646): [MSG-P:RECV]:No message received in 1000 ms
12-01 03:57:49.229 I/mpu_uart( 646): [MSG-P:R]:recv sync frame timeout
12-01 03:57:49.908 W/hpplay-java( 3306): [main]:IPManager:getActiveNets invalid networkInfo:null
12-01 03:57:49.908 I/hpplay-java( 3306): [main]:IPManager:getActiveNets eth0:false wifi:false mobile:false ap:false
12-01 03:57:49.908 I/hpplay-java( 3306): [main]:ServerTaskManager:get local ip:null
12-01 03:57:50.065 I/mpu_uart( 646): [MSG-P:RECV]:No message received in 1000 ms
12-01 03:57:50.909 W/hpplay-java( 3306): [main]:IPManager:getActiveNets invalid networkInfo:null
12-01 03:57:50.909 I/hpplay-java( 3306): [main]:IPManager:getActiveNets eth0:false wifi:false mobile:false ap:false
12-01 03:57:50.909 I/hpplay-java( 3306): [main]:ServerTaskManager:get local ip:null
12-01 03:57:51.066 I/mpu_uart( 646): [MSG-P:RECV]:No message received in 1000 ms
12-01 03:57:51.911 W/hpplay-java( 3306): [main]:IPManager:getActiveNets invalid networkInfo:null
12-01 03:57:51.911 I/hpplay-java( 3306): [main]:IPManager:getActiveNets eth0:false wifi:false mobile:false ap:false
12-01 03:57:51.911 I/hpplay-java( 3306): [main]:ServerTaskManager:get local ip:null
12-01 03:57:52.066 I/mpu_uart( 646): [MSG-P:RECV]:No message received in 1000 ms
12-01 03:57:52.232 I/mpu_uart( 646): [MSG-P:R]:recv sync frame timeout
12-01 03:57:52.914 W/hpplay-java( 3306): [main]:IPManager:getActiveNets invalid networkInfo:null
12-01 03:57:52.914 I/hpplay-java( 3306): [main]:IPManager:getActiveNets eth0:false wifi:false mobile:false ap:false
12-01 03:57:52.915 I/hpplay-java( 3306): [main]:ServerTaskManager:get local ip:null
12-01 03:57:53.067 I/mpu_uart( 646): [MSG-P:RECV]:No message received in 1000 ms
12-01 03:57:53.917 W/hpplay-java( 3306): [main]:IPManager:getActiveNets invalid networkInfo:null
12-01 03:57:53.917 I/hpplay-java( 3306): [main]:IPManager:getActiveNets eth0:false wifi:false mobile:false ap:false
12-01 03:57:53.917 I/hpplay-java( 3306): [main]:ServerTaskManager:get local ip:null
12-01 03:57:54.067 I/mpu_uart( 646): [MSG-P:RECV]:No message received in 1000 ms
12-01 03:57:54.750 I/input_interaction( 1525): Interaction with: 56534c8 com.android.launcher3/com.android.launcher3.uioverrides.QuickstepLauncher (server), f29aa65 com.android.systemui.ImageWallpaper (server), edge-swipe (server), swipe-up (server), PointerEventDispatcher0 (server),
12-01 03:57:54.769 I/OpenGLRenderer( 2849): Davey! duration=9223371742021ms; Flags=0, FrameTimelineVsyncId=-1, IntendedVsync=294833233895, Vsync=294833237020, InputEventId=163259370, HandleInputStart=294833248114, AnimationStart=294833250302, PerformTraversalsStart=294833395198, DrawStart=294833563375, FrameDeadline=9223372036854775807, FrameInterval=294833237020, FrameStartTime=16666666, SyncQueued=294834075562, SyncStart=294834352281, IssueDrawCommandsStart=294834625145, SwapBuffers=294837515875, FrameCompleted=9223372036854775807, DequeueBufferDuration=48385, QueueBufferDuration=875417, GpuCompleted=9223372036854775807, SwapBuffersCompleted=294838919260, DisplayPresentTime=0, --------- beginning of system
12-01 03:57:54.907 I/ActivityTaskManager( 1525): START u0 {act=android.intent.action.MAIN cat=[android.intent.category.LAUNCHER] flg=0x10200000 cmp=com.android.settings/.Settings bnds=[2128,710][2314,910]} from uid 10076
12-01 03:57:54.908 I/EventSequenceValidator( 1525): Transition from ACTIVITY_FINISHED to INTENT_STARTED
12-01 03:57:54.917 I/wm_task_moved( 1525): [11,1,12]
12-01 03:57:54.917 I/wm_task_to_front( 1525): [0,11]
12-01 03:57:54.919 I/wm_focused_root_task( 1525): [0,0,11,1,bringingFoundTaskToFront]
12-01 03:57:54.920 W/hpplay-java( 3306): [main]:IPManager:getActiveNets invalid networkInfo:null
12-01 03:57:54.920 I/hpplay-java( 3306): [main]:IPManager:getActiveNets eth0:false wifi:false mobile:false ap:false
12-01 03:57:54.920 I/hpplay-java( 3306): [main]:ServerTaskManager:get local ip:null
12-01 03:57:54.920 I/wm_set_resumed_activity( 1525): [0,com.android.settings.intelligence/.search.SearchActivity,bringingFoundTaskToFront]
12-01 03:57:54.921 I/wm_finish_activity( 1525): [0,188742594,11,com.android.settings.intelligence/.search.SearchActivity,clear-task-stack]
12-01 03:57:54.922 I/wm_destroy_activity( 1525): [0,188742594,11,com.android.settings.intelligence/.search.SearchActivity,finish-imm:finishIfPossible]
12-01 03:57:54.923 I/wm_new_intent( 1525): [0,226233913,11,com.android.settings/.Settings,android.intent.action.MAIN,NULL,NULL,270532608]
12-01 03:57:54.924 D/CompatibilityInfo( 1525): mCompatibilityFlags - 4
12-01 03:57:54.924 D/CompatibilityInfo( 1525): applicationDensity - 240
12-01 03:57:54.924 D/CompatibilityInfo( 1525): applicationScale - 1.0
12-01 03:57:54.926 D/ActivityTrigger( 1525): ActivityTrigger activityPauseTrigger
12-01 03:57:54.926 I/wm_pause_activity( 1525): [0,93742719,com.android.launcher3/.uioverrides.QuickstepLauncher,userLeaving=true,pauseBackTasks]
12-01 03:57:54.931 I/wm_on_destroy_called( 5563): [188742594,com.android.settings.intelligence.search.SearchActivity,performDestroy]
12-01 03:57:54.942 I/wm_on_top_resumed_lost_called( 2849): [93742719,com.android.launcher3.uioverrides.QuickstepLauncher,topStateChangedWhenResumed]
12-01 03:57:54.945 W/InputManager-JNI( 1525): Input channel object 'ff415e7 com.android.settings.intelligence/com.android.settings.intelligence.search.SearchActivity (client)' was disposed without first being removed with the input manager!
12-01 03:57:54.949 I/wm_on_paused_called( 2849): [93742719,com.android.launcher3.uioverrides.QuickstepLauncher,performPause]
12-01 03:57:54.951 I/GameMode_ActivityMonitoringService( 4299): onForegroundActivitiesChanged uid 10061 pid 5563 fg true
12-01 03:57:54.960 I/ActivityTaskManager( 1525): FOREGROUND_APPLICATION_CHANGED to com.android.settings.homepage.SettingsHomepageActivity
12-01 03:57:54.964 I/wm_set_resumed_activity( 1525): [0,com.android.settings/.Settings,resumeTopActivityInnerLocked]
12-01 03:57:54.965 I/wm_add_to_stopping( 1525): [0,93742719,com.android.launcher3/.uioverrides.QuickstepLauncher,makeInvisible]
12-01 03:57:54.966 D/CompatibilityChangeReporter( 1525): Compat change id reported: 174042980; UID 10061; state: DISABLED
12-01 03:57:54.966 D/CompatibilityChangeReporter( 1525): Compat change id reported: 184838306; UID 10061; state: DISABLED
12-01 03:57:54.967 I/service_manager_stats( 1525): [100,69,72794]
12-01 03:57:54.967 D/CompatibilityChangeReporter( 1525): Compat change id reported: 185004937; UID 10061; state: DISABLED
12-01 03:57:54.967 D/CompatibilityChangeReporter( 1525): Compat change id reported: 181136395; UID 10061; state: DISABLED
12-01 03:57:54.967 D/CompatibilityChangeReporter( 1525): Compat change id reported: 174042936; UID 10061; state: DISABLED
12-01 03:57:54.968 I/wm_resume_activity( 1525): [0,226233913,11,com.android.settings/.Settings]
12-01 03:57:54.973 I/EventSequenceValidator( 1525): Transition from INTENT_STARTED to ACTIVITY_LAUNCHED
12-01 03:57:54.975 I/GameMode_ActivityMonitoringService( 4299): onForegroundActivitiesChanged uid 1000 pid 2926 fg true
12-01 03:57:54.976 I/sysui_multi_action( 1525): [757,803,799,window_time_0,802,25]
12-01 03:57:54.979 I/GameMode_ActivityMonitoringService( 4299): onForegroundActivitiesChanged uid 10061 pid 5563 fg false
12-01 03:57:54.981 I/GameMode_ActivityMonitoringService( 4299): Updating top task to: TaskInfoContainer [topActivity=ComponentInfo{com.android.settings/com.android.settings.Settings}, taskId=11, stackId=11, userId=0, displayId=0, position=12
12-01 03:57:54.981 I/GameMode_ActivityMonitoringService( 4299): Notifying about top task: TaskInfoContainer [topActivity=ComponentInfo{com.android.settings/com.android.settings.Settings}, taskId=11, stackId=11, userId=0, displayId=0, position=12
12-01 03:57:54.981 E/GameMode_ActivityMonitoringService( 4299): onActivityLaunch:com.android.settings
12-01 03:57:54.981 V/GameMode_GameTypeUtils( 4299): judge isGame:com.android.settings
12-01 03:57:54.982 V/GameMode_GpuUtils( 4299): fps:60
12-01 03:57:54.983 D/GameMode_GameModeActionUtils( 4299): Show GameMode entry by service!
12-01 03:57:54.984 W/ContextImpl( 4299): Calling a method in the system process without a qualified user: android.app.ContextImpl.startService:1816 android.content.ContextWrapper.startService:774 com.thundercomm.gamemode.ingame.services.GameModeActionUtils.startGameModeService:93 com.thundercomm.gamemode.ingame.services.GameModeActionUtils.startGameModeEntry:21 com.thundercomm.gamemode.ingame.services.ActivityMonitoringService$1.onActivityLaunch:127
12-01 03:57:54.984 W/UsageStatsService( 1525): Unexpected activity event reported! (com.android.settings.intelligence/com.android.settings.intelligence.search.SearchActivity event : 23 instanceId : 217460953)
12-01 03:57:54.985 I/wm_on_activity_result_called( 2926): [226233913,com.android.settings.Settings,ACTIVITY_RESULT]
12-01 03:57:54.985 D/GameMode_GameModeService( 4299): type=hide_entry
12-01 03:57:54.985 D/GameModeIF_GameModeSettings( 4299): getUriFor setting_content_uri_root = content://com.thundercomm.gamemode.api/gamemode_settings , name = gamemode_isgaming
12-01 03:57:54.985 I/wm_on_restart_called( 2926): [226233913,com.android.settings.Settings,performRestartActivity]
12-01 03:57:54.987 W/BatteryBroadcastRcvr( 2926): Problem reading the battery meter.
12-01 03:57:54.988 I/GameModeConfig( 1525): Current uri is uri = content://com.thundercomm.gamemode.api/gamemode_settings/gamemode_isgaming
12-01 03:57:54.988 D/GameModeIF_GameModeSettings( 1525): getUriFor setting_content_uri_root = content://com.thundercomm.gamemode.api/gamemode_settings , name = gamemode_isgaming
12-01 03:57:54.988 D/GameModeIF_GameModeSettings( 4299): gamemode_isgaming set to 0
12-01 03:57:54.988 I/wm_on_start_called( 2926): [226233913,com.android.settings.Settings,handleStartActivity]
12-01 03:57:54.989 I/snet_event_log( 2926): [120484087,-1,]
12-01 03:57:54.990 I/wm_on_resume_called( 2926): [226233913,com.android.settings.Settings,RESUME_ACTIVITY]
12-01 03:57:54.991 I/sysui_multi_action( 2926): [757,35,758,1,833,0,1089,0]
12-01 03:57:54.992 I/sysui_multi_action( 2926): [757,744,758,1,833,0,1089,0]
12-01 03:57:54.992 D/AssistGesture( 2926): mAssistOnly:false, isSupported:false, isSensorAvailable:false
12-01 03:57:54.992 I/input_focus( 1525): [Focus leaving 56534c8 com.android.launcher3/com.android.launcher3.uioverrides.QuickstepLauncher (server),reason=NO_WINDOW]
12-01 03:57:54.993 D/DashboardFragment( 2926): Cannot find preference with key system_update_settings in Controller SystemUpdatePreferenceController
12-01 03:57:54.994 I/GameModeConfig( 1525): isGameModeOn = false
12-01 03:57:54.994 I/GameModeConfig( 1525): isGameModeOn = false
12-01 03:57:54.994 I/GameModeConfig( 1525): isDisableVoice = true
12-01 03:57:54.995 I/wm_on_top_resumed_gained_called( 2926): [226233913,com.android.settings.Settings,topWhenResuming]
12-01 03:57:54.997 D/GameMode_GameSettingsObserver( 4299): Game Data change!!!! uri = content://com.thundercomm.gamemode.api/gamemode_settings/gamemode_isgaming
12-01 03:57:54.997 D/GameModeIF_GameModeSettings( 4299): getUriFor setting_content_uri_root = content://com.thundercomm.gamemode.api/gamemode_settings , name = gamemode_isgaming
12-01 03:57:54.997 I/GameMode_ActivityMonitoringService( 4299): Updating top task to: TaskInfoContainer [topActivity=ComponentInfo{com.android.settings/com.android.settings.Settings}, taskId=11, stackId=11, userId=0, displayId=0, position=12
12-01 03:57:54.997 I/GameMode_ActivityMonitoringService( 4299): Notifying about top task: TaskInfoContainer [topActivity=ComponentInfo{com.android.settings/com.android.settings.Settings}, taskId=11, stackId=11, userId=0, displayId=0, position=12
12-01 03:57:54.997 E/GameMode_ActivityMonitoringService( 4299): onActivityLaunch:com.android.settings
12-01 03:57:54.997 V/GameMode_GameTypeUtils( 4299): judge isGame:com.android.settings
12-01 03:57:54.998 V/GameMode_GpuUtils( 4299): fps:60
12-01 03:57:55.000 D/GameMode_GameModeActionUtils( 4299): Show GameMode entry by service!
12-01 03:57:55.000 W/ContextImpl( 4299): Calling a method in the system process without a qualified user: android.app.ContextImpl.startService:1816 android.content.ContextWrapper.startService:774 com.thundercomm.gamemode.ingame.services.GameModeActionUtils.startGameModeService:93 com.thundercomm.gamemode.ingame.services.GameModeActionUtils.startGameModeEntry:21 com.thundercomm.gamemode.ingame.services.ActivityMonitoringService$1.onActivityLaunch:127
12-01 03:57:55.002 D/GameModeIF_GameModeSettings( 4299): getUriFor setting_content_uri_root = content://com.thundercomm.gamemode.api/gamemode_settings , name = gamemode_isgaming
12-01 03:57:55.004 I/input_focus( 1525): [Focus request cd71460 com.android.settings/com.android.settings.Settings,reason=UpdateInputWindows]
12-01 03:57:55.004 D/GameMode_GameModeService( 4299): type=hide_entry
12-01 03:57:55.005 D/BatteryInfo( 2926): time for getStats: 0ms
12-01 03:57:55.006 D/BatteryInfo( 2926): time for regular BatteryInfo: 1ms
12-01 03:57:55.007 D/BatteryInfo( 2926): time for getBatteryInfo: 1ms
12-01 03:57:55.012 I/am_pss ( 1525): [5199,10086,com.android.music,20880384,16437248,0,148799488,0,4,8]
12-01 03:57:55.012 D/UsageGraph( 2926): No enabled state changed, skipping updateCategory call
12-01 03:57:55.013 I/GameModeConfig( 1525): Current uri is uri = content://com.thundercomm.gamemode.api/gamemode_settings/gamemode_isgaming
12-01 03:57:55.013 D/GameModeIF_GameModeSettings( 1525): getUriFor setting_content_uri_root = content://com.thundercomm.gamemode.api/gamemode_settings , name = gamemode_isgaming
12-01 03:57:55.015 W/BatteryBroadcastRcvr( 2926): Problem reading the battery meter.
12-01 03:57:55.015 D/BatteryTipLoader( 2926): BatteryInfoLoader post query: 5ms
12-01 03:57:55.015 D/BatteryInfo( 2926): time for getBatteryInfo: 0ms
12-01 03:57:55.015 D/BatteryTipLoader( 2926): BatteryInfoLoader.loadInBackground: 5ms
12-01 03:57:55.015 D/GameModeIF_GameModeSettings( 4299): gamemode_isgaming set to 0
12-01 03:57:55.016 D/BatteryInfo( 2926): time for callback: 0ms
12-01 03:57:55.017 I/GameModeConfig( 1525): isGameModeOn = false
12-01 03:57:55.017 I/GameModeConfig( 1525): isGameModeOn = false
12-01 03:57:55.017 I/GameModeConfig( 1525): isDisableVoice = true
12-01 03:57:55.018 I/am_pss ( 1525): [5712,10071,com.android.webview:webview_service,16795648,3502080,0,83853312,0,19,6]
12-01 03:57:55.018 D/BatteryInfo( 2926): time for getStats: 0ms
12-01 03:57:55.019 D/BatteryInfo( 2926): time for regular BatteryInfo: 1ms
12-01 03:57:55.019 D/BatteryInfo( 2926): time for getBatteryInfo: 0ms
12-01 03:57:55.019 D/BatteryInfo( 2926): time for callback: 0ms
12-01 03:57:55.020 D/GameMode_GameModeService( 4299): updateGlobalSettings = gamemode_isgaming
12-01 03:57:55.020 D/GameMode_GameSettingsObserver( 4299): Game Data change!!!! uri = content://com.thundercomm.gamemode.api/gamemode_settings/gamemode_isgaming
12-01 03:57:55.022 D/GameModeIF_GameModeSettings( 4299): getUriFor setting_content_uri_root = content://com.thundercomm.gamemode.api/gamemode_settings , name = gamemode_isgaming
12-01 03:57:55.025 I/sysui_multi_action( 1525): [319,99,321,97,322,115,325,294,757,761,758,9,759,1,806,com.android.settings,871,com.android.settings.Settings,904,com.android.launcher3,905,0,1320,4,1321,1]
12-01 03:57:55.025 D/SystemDashboardFrag( 2926): refreshDashboardTiles 锛氾細com.android.settingslib.drawer.ActivityTile@f65b038
12-01 03:57:55.025 I/am_pss ( 1525): [5592,10075,com.android.emergency,8440832,5890048,0,95834112,0,19,5]
12-01 03:57:55.026 D/BatteryTipLoader( 2926): BatteryInfoLoader post query: 0ms
12-01 03:57:55.027 D/BatteryInfo( 2926): time for getBatteryInfo: 1ms
12-01 03:57:55.027 D/BatteryTipLoader( 2926): BatteryInfoLoader.loadInBackground: 1ms
12-01 03:57:55.027 I/EventSequenceValidator( 1525): Transition from ACTIVITY_LAUNCHED to ACTIVITY_FINISHED
12-01 03:57:55.027 I/input_focus( 1525): [Focus entering cd71460 com.android.settings/com.android.settings.Settings (server),reason=Window became focusable. Previous reason: NOT_VISIBLE]
12-01 03:57:55.031 I/GameMode_ActivityMonitoringService( 4299): Updating top task to: TaskInfoContainer [topActivity=ComponentInfo{com.android.settings/com.android.settings.Settings}, taskId=11, stackId=11, userId=0, displayId=0, position=12
12-01 03:57:55.031 I/GameMode_ActivityMonitoringService( 4299): Notifying about top task: TaskInfoContainer [topActivity=ComponentInfo{com.android.settings/com.android.settings.Settings}, taskId=11, stackId=11, userId=0, displayId=0, position=12
12-01 03:57:55.031 E/GameMode_ActivityMonitoringService( 4299): onActivityLaunch:com.android.settings
12-01 03:57:55.031 V/GameMode_GameTypeUtils( 4299): judge isGame:com.android.settings
12-01 03:57:55.031 V/GameMode_GpuUtils( 4299): fps:60
12-01 03:57:55.034 I/am_pss ( 1525): [5492,10042,com.thundercomm.screensaver,27429888,22597632,0,153485312,0,19,7]
12-01 03:57:55.035 D/GameMode_GameModeService( 4299): updateGlobalSettings = gamemode_isgaming
12-01 03:57:55.037 D/GameMode_GameModeActionUtils( 4299): Show GameMode entry by service!
12-01 03:57:55.037 W/ContextImpl( 4299): Calling a method in the system process without a qualified user: android.app.ContextImpl.startService:1816 android.content.ContextWrapper.startService:774 com.thundercomm.gamemode.ingame.services.GameModeActionUtils.startGameModeService:93 com.thundercomm.gamemode.ingame.services.GameModeActionUtils.startGameModeEntry:21 com.thundercomm.gamemode.ingame.services.ActivityMonitoringService$1.onActivityLaunch:127
12-01 03:57:55.038 D/GameMode_GameModeService( 4299): type=hide_entry
12-01 03:57:55.038 D/GameModeIF_GameModeSettings( 4299): getUriFor setting_content_uri_root = content://com.thundercomm.gamemode.api/gamemode_settings , name = gamemode_isgaming
12-01 03:57:55.039 I/GameModeConfig( 1525): Current uri is uri = content://com.thundercomm.gamemode.api/gamemode_settings/gamemode_isgaming
12-01 03:57:55.039 D/GameModeIF_GameModeSettings( 1525): getUriFor setting_content_uri_root = content://com.thundercomm.gamemode.api/gamemode_settings , name = gamemode_isgaming
12-01 03:57:55.039 D/GameModeIF_GameModeSettings( 4299): gamemode_isgaming set to 0
12-01 03:57:55.041 I/GameModeConfig( 1525): isGameModeOn = false
12-01 03:57:55.041 I/GameModeConfig( 1525): isGameModeOn = false
12-01 03:57:55.041 I/GameModeConfig( 1525): isDisableVoice = true
12-01 03:57:55.041 D/GameMode_GameSettingsObserver( 4299): Game Data change!!!! uri = content://com.thundercomm.gamemode.api/gamemode_settings/gamemode_isgaming
