12-01 03:53:58.858 I/notification_enqueue( 1525): [10080,2372,com.android.systemui,2048,NULL,0,Notification(channel=updateNotification shortcut=null contentView=null vibrate=null sound=null defaults=0x0 flags=0x0 color=0x00000000 vis=PRIVATE),1]
12-01 03:53:58.858 I/sysui_multi_action( 2372): [757,111,758,2]
12-01 03:53:58.863 I/sysui_multi_action( 2372): [757,111,758,1]
12-01 03:53:58.863 I/sysui_multi_action( 2372): [757,126,758,1,759,126,927,0,928,1,1593,0]
12-01 03:53:58.863 I/sysui_multi_action( 2372): [757,113,758,1,759,113,927,1,928,1,1593,0]
12-01 03:53:58.863 I/sysui_multi_action( 2372): [757,0,758,1,759,0,927,2,928,0,1593,0]
12-01 03:53:58.863 I/sysui_multi_action( 2372): [757,0,758,1,759,0,927,3,928,0,1593,0]
12-01 03:53:58.863 I/sysui_multi_action( 2372): [757,491,758,1,759,491,927,4,928,0,1311,-1,1593,0]
12-01 03:53:58.864 I/sysui_multi_action( 2372): [757,0,758,1,759,0,927,5,928,0,1593,0]
12-01 03:53:58.864 I/sysui_multi_action( 2372): [757,111,758,1]
12-01 03:53:58.864 I/sysui_multi_action( 2372): [757,126,758,1,759,126,927,0,928,1,1593,0]
12-01 03:53:58.864 I/sysui_multi_action( 2372): [757,113,758,1,759,113,927,1,928,1,1593,0]
12-01 03:53:58.864 I/sysui_multi_action( 2372): [757,0,758,1,759,0,927,2,928,0,1593,0]
12-01 03:53:58.864 I/sysui_multi_action( 2372): [757,0,758,1,759,0,927,3,928,0,1593,0]
12-01 03:53:58.875 I/sysui_multi_action( 2372): [757,111,758,2]
12-01 03:53:58.875 I/sysui_multi_action( 2372): [757,111,758,2]
12-01 03:53:58.875 I/notification_enqueue( 1525): [10080,2372,com.android.systemui,2048,NULL,0,Notification(channel=updateNotification shortcut=null contentView=null vibrate=null sound=null defaults=0x0 flags=0x0 color=0x00000000 vis=PRIVATE),1]
12-01 03:53:58.880 I/sysui_multi_action( 2372): [757,111,758,1]
12-01 03:53:58.880 I/sysui_multi_action( 2372): [757,126,758,1,759,126,927,0,928,1,1593,0]
12-01 03:53:58.880 I/sysui_multi_action( 2372): [757,113,758,1,759,113,927,1,928,1,1593,0]
12-01 03:53:58.880 I/sysui_multi_action( 2372): [757,0,758,1,759,0,927,2,928,0,1593,0]
12-01 03:53:58.880 I/sysui_multi_action( 2372): [757,0,758,1,759,0,927,3,928,0,1593,0]
12-01 03:53:58.880 I/sysui_multi_action( 2372): [757,491,758,1,759,491,927,4,928,0,1311,-1,1593,0]
12-01 03:53:58.881 I/sysui_multi_action( 2372): [757,0,758,1,759,0,927,5,928,0,1593,0]
12-01 03:53:58.881 I/sysui_multi_action( 2372): [757,111,758,1]
12-01 03:53:58.881 I/sysui_multi_action( 2372): [757,126,758,1,759,126,927,0,928,1,1593,0]
12-01 03:53:58.881 I/sysui_multi_action( 2372): [757,113,758,1,759,113,927,1,928,1,1593,0]
12-01 03:53:58.881 I/sysui_multi_action( 2372): [757,0,758,1,759,0,927,2,928,0,1593,0]
12-01 03:53:58.881 I/sysui_multi_action( 2372): [757,0,758,1,759,0,927,3,928,0,1593,0]
12-01 03:53:58.894 I/sysui_multi_action( 2372): [757,111,758,2]
12-01 03:53:58.894 I/notification_enqueue( 1525): [10080,2372,com.android.systemui,2048,NULL,0,Notification(channel=updateNotification shortcut=null contentView=null vibrate=null sound=null defaults=0x0 flags=0x0 color=0x00000000 vis=PRIVATE),1]
12-01 03:53:58.894 I/sysui_multi_action( 2372): [757,111,758,2]
12-01 03:53:58.899 I/sysui_multi_action( 2372): [757,111,758,1]
12-01 03:53:58.899 I/sysui_multi_action( 2372): [757,126,758,1,759,126,927,0,928,1,1593,0]
12-01 03:53:58.899 I/sysui_multi_action( 2372): [757,113,758,1,759,113,927,1,928,1,1593,0]
12-01 03:53:58.899 I/sysui_multi_action( 2372): [757,0,758,1,759,0,927,2,928,0,1593,0]
12-01 03:53:58.899 I/sysui_multi_action( 2372): [757,0,758,1,759,0,927,3,928,0,1593,0]
12-01 03:53:58.900 I/sysui_multi_action( 2372): [757,491,758,1,759,491,927,4,928,0,1311,-1,1593,0]
12-01 03:53:58.900 I/sysui_multi_action( 2372): [757,0,758,1,759,0,927,5,928,0,1593,0]
12-01 03:53:58.900 I/sysui_multi_action( 2372): [757,111,758,1]
12-01 03:53:58.900 I/sysui_multi_action( 2372): [757,126,758,1,759,126,927,0,928,1,1593,0]
12-01 03:53:58.900 I/sysui_multi_action( 2372): [757,113,758,1,759,113,927,1,928,1,1593,0]
12-01 03:53:58.900 I/sysui_multi_action( 2372): [757,0,758,1,759,0,927,2,928,0,1593,0]
12-01 03:53:58.900 I/sysui_multi_action( 2372): [757,0,758,1,759,0,927,3,928,0,1593,0]
12-01 03:53:58.915 I/sysui_multi_action( 2372): [757,111,758,2]
12-01 03:53:58.915 I/sysui_multi_action( 2372): [757,111,758,2]
12-01 03:53:58.915 I/notification_enqueue( 1525): [10080,2372,com.android.systemui,2048,NULL,0,Notification(channel=updateNotification shortcut=null contentView=null vibrate=null sound=null defaults=0x0 flags=0x0 color=0x00000000 vis=PRIVATE),1]
12-01 03:53:58.920 I/sysui_multi_action( 2372): [757,111,758,1]
12-01 03:53:58.920 I/sysui_multi_action( 2372): [757,126,758,1,759,126,927,0,928,1,1593,0]
12-01 03:53:58.920 I/sysui_multi_action( 2372): [757,113,758,1,759,113,927,1,928,1,1593,0]
12-01 03:53:58.921 I/sysui_multi_action( 2372): [757,0,758,1,759,0,927,2,928,0,1593,0]
12-01 03:53:58.921 I/sysui_multi_action( 2372): [757,0,758,1,759,0,927,3,928,0,1593,0]
12-01 03:53:58.921 I/sysui_multi_action( 2372): [757,491,758,1,759,491,927,4,928,0,1311,-1,1593,0]
12-01 03:53:58.921 I/sysui_multi_action( 2372): [757,0,758,1,759,0,927,5,928,0,1593,0]
12-01 03:53:58.921 I/sysui_multi_action( 2372): [757,111,758,1]
12-01 03:53:58.921 I/sysui_multi_action( 2372): [757,126,758,1,759,126,927,0,928,1,1593,0]
12-01 03:53:58.921 I/sysui_multi_action( 2372): [757,113,758,1,759,113,927,1,928,1,1593,0]
12-01 03:53:58.921 I/sysui_multi_action( 2372): [757,0,758,1,759,0,927,2,928,0,1593,0]
12-01 03:53:58.921 I/sysui_multi_action( 2372): [757,0,758,1,759,0,927,3,928,0,1593,0]
12-01 03:53:58.979 I/sysui_multi_action( 1525): [757,128,758,1,793,29267,794,0,795,29267,796,17303299,797,com.android.wifi,798,0,806,android,857,NETWORK_AVAILABLE,858,2,947,0,1395,2,1500,29065,1688,1]
12-01 03:53:58.979 I/sysui_multi_action( 1525): [757,804,799,note_freshness,801,29267,802,1]
12-01 03:53:58.979 I/notification_visibility( 1525): [0|android|17303299|com.android.wifi|1000,1,29267,29267,0,0]
12-01 03:53:58.980 I/sysui_multi_action( 1525): [757,128,758,1,793,30151,794,0,795,30151,796,32,798,1,806,android,857,USB,858,1,947,0,1395,2,1500,29947,1688,1]
12-01 03:53:58.980 I/sysui_multi_action( 1525): [757,804,799,note_freshness,801,30151,802,1]
12-01 03:53:58.980 I/notification_visibility( 1525): [-1|android|32|null|1000,1,30151,30151,0,1]
12-01 03:53:59.461 I/commit_sys_config_file( 1525): [settings-2-0,6]
12-01 03:53:59.937 I/input_interaction( 1525): Interaction with: 27f5852 NotificationShade (server), edge-swipe (server), swipe-up (server), PointerEventDispatcher0 (server),
12-01 03:54:00.216 I/notification_enqueue( 1525): [10080,2372,com.android.systemui,2048,NULL,0,Notification(channel=updateNotification shortcut=null contentView=null vibrate=null sound=null defaults=0x0 flags=0x0 color=0x00000000 vis=PRIVATE),1]
12-01 03:54:00.216 I/sysui_multi_action( 2372): [757,111,758,2]
12-01 03:54:00.217 I/sysui_multi_action( 2372): [757,111,758,2]
12-01 03:54:00.239 I/sysui_multi_action( 2372): [757,111,758,1]
12-01 03:54:00.239 I/sysui_multi_action( 2372): [757,126,758,1,759,126,927,0,928,1,1593,1]
12-01 03:54:00.239 I/sysui_multi_action( 2372): [757,113,758,1,759,113,927,1,928,1,1593,1]
12-01 03:54:00.239 I/sysui_multi_action( 2372): [757,0,758,1,759,0,927,2,928,0,1593,1]
12-01 03:54:00.240 I/sysui_multi_action( 2372): [757,0,758,1,759,0,927,3,928,0,1593,1]
12-01 03:54:00.240 I/sysui_multi_action( 2372): [757,491,758,1,759,491,927,4,928,0,1311,-1,1593,0]
12-01 03:54:00.240 I/sysui_multi_action( 2372): [757,0,758,1,759,0,927,5,928,0,1593,0]
12-01 03:54:00.241 I/sysui_multi_action( 2372): [757,111,758,1]
12-01 03:54:00.241 I/sysui_multi_action( 2372): [757,126,758,1,759,126,927,0,928,1,1593,1]
12-01 03:54:00.241 I/sysui_multi_action( 2372): [757,113,758,1,759,113,927,1,928,1,1593,1]
12-01 03:54:00.241 I/sysui_multi_action( 2372): [757,0,758,1,759,0,927,2,928,0,1593,1]
12-01 03:54:00.241 I/sysui_multi_action( 2372): [757,0,758,1,759,0,927,3,928,0,1593,1]
12-01 03:54:00.254 I/sysui_multi_action( 2372): [757,111,758,2]
12-01 03:54:00.254 I/notification_enqueue( 1525): [10080,2372,com.android.systemui,2048,NULL,0,Notification(channel=updateNotification shortcut=null contentView=null vibrate=null sound=null defaults=0x0 flags=0x0 color=0x00000000 vis=PRIVATE),1]
12-01 03:54:00.254 I/sysui_multi_action( 2372): [757,111,758,2]
12-01 03:54:00.259 I/sysui_multi_action( 2372): [757,111,758,1]
12-01 03:54:00.259 I/sysui_multi_action( 2372): [757,126,758,1,759,126,927,0,928,1,1593,0]
12-01 03:54:00.259 I/sysui_multi_action( 2372): [757,113,758,1,759,113,927,1,928,1,1593,0]
12-01 03:54:00.259 I/sysui_multi_action( 2372): [757,0,758,1,759,0,927,2,928,0,1593,0]
12-01 03:54:00.259 I/sysui_multi_action( 2372): [757,0,758,1,759,0,927,3,928,0,1593,0]
12-01 03:54:00.259 I/sysui_multi_action( 2372): [757,491,758,1,759,491,927,4,928,0,1311,-1,1593,0]
12-01 03:54:00.259 I/sysui_multi_action( 2372): [757,0,758,1,759,0,927,5,928,0,1593,0]
12-01 03:54:00.259 I/sysui_multi_action( 2372): [757,111,758,1]
12-01 03:54:00.259 I/sysui_multi_action( 2372): [757,126,758,1,759,126,927,0,928,1,1593,0]
12-01 03:54:00.260 I/sysui_multi_action( 2372): [757,113,758,1,759,113,927,1,928,1,1593,0]
12-01 03:54:00.260 I/sysui_multi_action( 2372): [757,0,758,1,759,0,927,2,928,0,1593,0]
12-01 03:54:00.260 I/sysui_multi_action( 2372): [757,0,758,1,759,0,927,3,928,0,1593,0]
12-01 03:54:00.270 I/notification_enqueue( 1525): [10080,2372,com.android.systemui,2048,NULL,0,Notification(channel=updateNotification shortcut=null contentView=null vibrate=null sound=null defaults=0x0 flags=0x0 color=0x00000000 vis=PRIVATE),1]
12-01 03:54:00.270 I/sysui_multi_action( 2372): [757,111,758,2]
12-01 03:54:00.270 I/sysui_multi_action( 2372): [757,111,758,2]
12-01 03:54:00.275 I/sysui_multi_action( 2372): [757,111,758,1]
12-01 03:54:00.275 I/sysui_multi_action( 2372): [757,126,758,1,759,126,927,0,928,1,1593,0]
12-01 03:54:00.275 I/sysui_multi_action( 2372): [757,113,758,1,759,113,927,1,928,1,1593,0]
12-01 03:54:00.275 I/sysui_multi_action( 2372): [757,0,758,1,759,0,927,2,928,0,1593,0]
12-01 03:54:00.275 I/sysui_multi_action( 2372): [757,0,758,1,759,0,927,3,928,0,1593,0]
12-01 03:54:00.275 I/sysui_multi_action( 2372): [757,491,758,1,759,491,927,4,928,0,1311,-1,1593,1]
12-01 03:54:00.275 I/sysui_multi_action( 2372): [757,0,758,1,759,0,927,5,928,0,1593,1]
12-01 03:54:00.275 I/sysui_multi_action( 2372): [757,111,758,1]
12-01 03:54:00.275 I/sysui_multi_action( 2372): [757,126,758,1,759,126,927,0,928,1,1593,0]
12-01 03:54:00.275 I/sysui_multi_action( 2372): [757,113,758,1,759,113,927,1,928,1,1593,0]
12-01 03:54:00.275 I/sysui_multi_action( 2372): [757,0,758,1,759,0,927,2,928,0,1593,0]
12-01 03:54:00.275 I/sysui_multi_action( 2372): [757,0,758,1,759,0,927,3,928,0,1593,0]
12-01 03:54:00.286 I/sysui_multi_action( 2372): [757,111,758,2]
12-01 03:54:00.286 I/sysui_multi_action( 2372): [757,111,758,2]
12-01 03:54:00.286 I/notification_enqueue( 1525): [10080,2372,com.android.systemui,2048,NULL,0,Notification(channel=updateNotification shortcut=null contentView=null vibrate=null sound=null defaults=0x0 flags=0x0 color=0x00000000 vis=PRIVATE),1]
12-01 03:54:00.290 I/sysui_multi_action( 2372): [757,111,758,1]
12-01 03:54:00.290 I/sysui_multi_action( 2372): [757,126,758,1,759,126,927,0,928,1,1593,1]
12-01 03:54:00.290 I/sysui_multi_action( 2372): [757,113,758,1,759,113,927,1,928,1,1593,1]
12-01 03:54:00.290 I/sysui_multi_action( 2372): [757,0,758,1,759,0,927,2,928,0,1593,1]
12-01 03:54:00.290 I/sysui_multi_action( 2372): [757,0,758,1,759,0,927,3,928,0,1593,1]
12-01 03:54:00.291 I/sysui_multi_action( 2372): [757,491,758,1,759,491,927,4,928,0,1311,-1,1593,0]
12-01 03:54:00.291 I/sysui_multi_action( 2372): [757,0,758,1,759,0,927,5,928,0,1593,0]
12-01 03:54:00.291 I/sysui_multi_action( 2372): [757,111,758,1]
12-01 03:54:00.291 I/sysui_multi_action( 2372): [757,126,758,1,759,126,927,0,928,1,1593,1]
12-01 03:54:00.291 I/sysui_multi_action( 2372): [757,113,758,1,759,113,927,1,928,1,1593,1]
12-01 03:54:00.291 I/sysui_multi_action( 2372): [757,0,758,1,759,0,927,2,928,0,1593,1]
12-01 03:54:00.291 I/sysui_multi_action( 2372): [757,0,758,1,759,0,927,3,928,0,1593,1]
12-01 03:54:00.302 I/sysui_multi_action( 2372): [757,111,758,2]
12-01 03:54:00.302 I/sysui_multi_action( 2372): [757,111,758,2]
12-01 03:54:00.302 I/notification_enqueue( 1525): [10080,2372,com.android.systemui,2048,NULL,0,Notification(channel=updateNotification shortcut=null contentView=null vibrate=null sound=null defaults=0x0 flags=0x0 color=0x00000000 vis=PRIVATE),1]
12-01 03:54:00.306 I/sysui_multi_action( 2372): [757,111,758,1]
12-01 03:54:00.306 I/sysui_multi_action( 2372): [757,126,758,1,759,126,927,0,928,1,1593,1]
12-01 03:54:00.306 I/sysui_multi_action( 2372): [757,113,758,1,759,113,927,1,928,1,1593,1]
12-01 03:54:00.306 I/sysui_multi_action( 2372): [757,0,758,1,759,0,927,2,928,0,1593,1]
12-01 03:54:00.307 I/sysui_multi_action( 2372): [757,0,758,1,759,0,927,3,928,0,1593,1]
12-01 03:54:00.307 I/sysui_multi_action( 2372): [757,491,758,1,759,491,927,4,928,0,1311,-1,1593,0]
12-01 03:54:00.307 I/sysui_multi_action( 2372): [757,0,758,1,759,0,927,5,928,0,1593,0]
12-01 03:54:00.307 I/sysui_multi_action( 2372): [757,111,758,1]
12-01 03:54:00.307 I/sysui_multi_action( 2372): [757,126,758,1,759,126,927,0,928,1,1593,1]
12-01 03:54:00.307 I/sysui_multi_action( 2372): [757,113,758,1,759,113,927,1,928,1,1593,1]
12-01 03:54:00.307 I/sysui_multi_action( 2372): [757,0,758,1,759,0,927,2,928,0,1593,1]
12-01 03:54:00.307 I/sysui_multi_action( 2372): [757,0,758,1,759,0,927,3,928,0,1593,1]
12-01 03:54:00.317 I/sysui_multi_action( 2372): [757,111,758,2]
12-01 03:54:00.317 I/sysui_multi_action( 2372): [757,111,758,2]
12-01 03:54:00.318 I/notification_enqueue( 1525): [10080,2372,com.android.systemui,2048,NULL,0,Notification(channel=updateNotification shortcut=null contentView=null vibrate=null sound=null defaults=0x0 flags=0x0 color=0x00000000 vis=PRIVATE),1]
12-01 03:54:00.321 I/sysui_multi_action( 2372): [757,111,758,1]
12-01 03:54:00.322 I/sysui_multi_action( 2372): [757,126,758,1,759,126,927,0,928,1,1593,1]
12-01 03:54:00.322 I/sysui_multi_action( 2372): [757,113,758,1,759,113,927,1,928,1,1593,1]
12-01 03:54:00.322 I/sysui_multi_action( 2372): [757,0,758,1,759,0,927,2,928,0,1593,1]
12-01 03:54:00.322 I/sysui_multi_action( 2372): [757,0,758,1,759,0,927,3,928,0,1593,1]
12-01 03:54:00.322 I/sysui_multi_action( 2372): [757,491,758,1,759,491,927,4,928,0,1311,-1,1593,0]
12-01 03:54:00.322 I/sysui_multi_action( 2372): [757,0,758,1,759,0,927,5,928,0,1593,0]
12-01 03:54:00.322 I/sysui_multi_action( 2372): [757,111,758,1]
12-01 03:54:00.322 I/sysui_multi_action( 2372): [757,126,758,1,759,126,927,0,928,1,1593,1]
12-01 03:54:00.322 I/sysui_multi_action( 2372): [757,113,758,1,759,113,927,1,928,1,1593,1]
12-01 03:54:00.323 I/sysui_multi_action( 2372): [757,0,758,1,759,0,927,2,928,0,1593,1]
12-01 03:54:00.323 I/sysui_multi_action( 2372): [757,0,758,1,759,0,927,3,928,0,1593,1]
12-01 03:54:00.334 I/sysui_multi_action( 2372): [757,111,758,2]
12-01 03:54:00.334 I/notification_enqueue( 1525): [10080,2372,com.android.systemui,2048,NULL,0,Notification(channel=updateNotification shortcut=null contentView=null vibrate=null sound=null defaults=0x0 flags=0x0 color=0x00000000 vis=PRIVATE),1]
12-01 03:54:00.334 I/sysui_multi_action( 2372): [757,111,758,2]
12-01 03:54:00.338 I/sysui_multi_action( 2372): [757,111,758,1]
12-01 03:54:00.338 I/sysui_multi_action( 2372): [757,126,758,1,759,126,927,0,928,1,1593,0]
12-01 03:54:00.338 I/sysui_multi_action( 2372): [757,113,758,1,759,113,927,1,928,1,1593,0]
12-01 03:54:00.338 I/sysui_multi_action( 2372): [757,0,758,1,759,0,927,2,928,0,1593,0]
12-01 03:54:00.339 I/sysui_multi_action( 2372): [757,0,758,1,759,0,927,3,928,0,1593,0]
12-01 03:54:00.339 I/sysui_multi_action( 2372): [757,491,758,1,759,491,927,4,928,0,1311,-1,1593,0]
12-01 03:54:00.339 I/sysui_multi_action( 2372): [757,0,758,1,759,0,927,5,928,0,1593,0]
12-01 03:54:00.339 I/sysui_multi_action( 2372): [757,111,758,1]
12-01 03:54:00.339 I/sysui_multi_action( 2372): [757,126,758,1,759,126,927,0,928,1,1593,1]
12-01 03:54:00.339 I/sysui_multi_action( 2372): [757,113,758,1,759,113,927,1,928,1,1593,1]
12-01 03:54:00.339 I/sysui_multi_action( 2372): [757,0,758,1,759,0,927,2,928,0,1593,1]
12-01 03:54:00.339 I/sysui_multi_action( 2372): [757,0,758,1,759,0,927,3,928,0,1593,1]
12-01 03:54:00.351 I/notification_enqueue( 1525): [10080,2372,com.android.systemui,2048,NULL,0,Notification(channel=updateNotification shortcut=null contentView=null vibrate=null sound=null defaults=0x0 flags=0x0 color=0x00000000 vis=PRIVATE),1]
12-01 03:54:00.351 I/sysui_multi_action( 2372): [757,111,758,2]
12-01 03:54:00.351 I/sysui_multi_action( 2372): [757,111,758,2]
12-01 03:54:00.355 I/sysui_multi_action( 2372): [757,111,758,1]
12-01 03:54:00.355 I/sysui_multi_action( 2372): [757,126,758,1,759,126,927,0,928,1,1593,1]
12-01 03:54:00.355 I/sysui_multi_action( 2372): [757,113,758,1,759,113,927,1,928,1,1593,1]
12-01 03:54:00.355 I/sysui_multi_action( 2372): [757,0,758,1,759,0,927,2,928,0,1593,1]
12-01 03:54:00.355 I/sysui_multi_action( 2372): [757,0,758,1,759,0,927,3,928,0,1593,1]
12-01 03:54:00.356 I/sysui_multi_action( 2372): [757,491,758,1,759,491,927,4,928,0,1311,-1,1593,0]
12-01 03:54:00.356 I/sysui_multi_action( 2372): [757,0,758,1,759,0,927,5,928,0,1593,0]
12-01 03:54:00.356 I/sysui_multi_action( 2372): [757,111,758,1]
12-01 03:54:00.356 I/sysui_multi_action( 2372): [757,126,758,1,759,126,927,0,928,1,1593,1]
12-01 03:54:00.356 I/sysui_multi_action( 2372): [757,113,758,1,759,113,927,1,928,1,1593,1]
12-01 03:54:00.356 I/sysui_multi_action( 2372): [757,0,758,1,759,0,927,2,928,0,1593,1]
12-01 03:54:00.356 I/sysui_multi_action( 2372): [757,0,758,1,759,0,927,3,928,0,1593,1]
12-01 03:54:00.367 I/notification_enqueue( 1525): [10080,2372,com.android.systemui,2048,NULL,0,Notification(channel=updateNotification shortcut=null contentView=null vibrate=null sound=null defaults=0x0 flags=0x0 color=0x00000000 vis=PRIVATE),1]
12-01 03:54:00.367 I/sysui_multi_action( 2372): [757,111,758,2]
12-01 03:54:00.367 I/sysui_multi_action( 2372): [757,111,758,2]
12-01 03:54:00.371 I/sysui_multi_action( 2372): [757,111,758,1]
12-01 03:54:00.371 I/sysui_multi_action( 2372): [757,126,758,1,759,126,927,0,928,1,1593,1]
12-01 03:54:00.371 I/sysui_multi_action( 2372): [757,113,758,1,759,113,927,1,928,1,1593,1]
12-01 03:54:00.371 I/sysui_multi_action( 2372): [757,0,758,1,759,0,927,2,928,0,1593,1]
12-01 03:54:00.371 I/sysui_multi_action( 2372): [757,0,758,1,759,0,927,3,928,0,1593,1]
12-01 03:54:00.372 I/sysui_multi_action( 2372): [757,491,758,1,759,491,927,4,928,0,1311,-1,1593,0]
12-01 03:54:00.372 I/sysui_multi_action( 2372): [757,0,758,1,759,0,927,5,928,0,1593,0]
12-01 03:54:00.372 I/sysui_multi_action( 2372): [757,111,758,1]
12-01 03:54:00.372 I/sysui_multi_action( 2372): [757,126,758,1,759,126,927,0,928,1,1593,1]
12-01 03:54:00.372 I/sysui_multi_action( 2372): [757,113,758,1,759,113,927,1,928,1,1593,1]
12-01 03:54:00.372 I/sysui_multi_action( 2372): [757,0,758,1,759,0,927,2,928,0,1593,1]
12-01 03:54:00.372 I/sysui_multi_action( 2372): [757,0,758,1,759,0,927,3,928,0,1593,1]
12-01 03:54:00.381 I/notification_enqueue( 1525): [10080,2372,com.android.systemui,2048,NULL,0,Notification(channel=updateNotification shortcut=null contentView=null vibrate=null sound=null defaults=0x0 flags=0x0 color=0x00000000 vis=PRIVATE),1]
12-01 03:54:00.382 I/sysui_multi_action( 2372): [757,111,758,2]
12-01 03:54:00.382 I/sysui_multi_action( 2372): [757,111,758,2]
12-01 03:54:00.386 I/sysui_multi_action( 2372): [757,111,758,1]
12-01 03:54:00.386 I/sysui_multi_action( 2372): [757,126,758,1,759,126,927,0,928,1,1593,1]
12-01 03:54:00.386 I/sysui_multi_action( 2372): [757,113,758,1,759,113,927,1,928,1,1593,1]
12-01 03:54:00.386 I/sysui_multi_action( 2372): [757,0,758,1,759,0,927,2,928,0,1593,1]
12-01 03:54:00.386 I/sysui_multi_action( 2372): [757,0,758,1,759,0,927,3,928,0,1593,1]
12-01 03:54:00.387 I/sysui_multi_action( 2372): [757,491,758,1,759,491,927,4,928,0,1311,-1,1593,0]
12-01 03:54:00.387 I/sysui_multi_action( 2372): [757,0,758,1,759,0,927,5,928,0,1593,0]
12-01 03:54:00.387 I/sysui_multi_action( 2372): [757,111,758,1]
12-01 03:54:00.387 I/sysui_multi_action( 2372): [757,126,758,1,759,126,927,0,928,1,1593,1]
12-01 03:54:00.387 I/sysui_multi_action( 2372): [757,113,758,1,759,113,927,1,928,1,1593,1]
12-01 03:54:00.387 I/sysui_multi_action( 2372): [757,0,758,1,759,0,927,2,928,0,1593,1]
12-01 03:54:00.387 I/sysui_multi_action( 2372): [757,0,758,1,759,0,927,3,928,0,1593,1]
12-01 03:54:00.396 I/sysui_multi_action( 2372): [757,111,758,2]
12-01 03:54:00.396 I/notification_enqueue( 1525): [10080,2372,com.android.systemui,2048,NULL,0,Notification(channel=updateNotification shortcut=null contentView=null vibrate=null sound=null defaults=0x0 flags=0x0 color=0x00000000 vis=PRIVATE),1]
12-01 03:54:00.396 I/sysui_multi_action( 2372): [757,111,758,2]
12-01 03:54:00.400 I/sysui_multi_action( 2372): [757,111,758,1]
12-01 03:54:00.400 I/sysui_multi_action( 2372): [757,126,758,1,759,126,927,0,928,1,1593,1]
12-01 03:54:00.400 I/sysui_multi_action( 2372): [757,113,758,1,759,113,927,1,928,1,1593,1]
12-01 03:54:00.400 I/sysui_multi_action( 2372): [757,0,758,1,759,0,927,2,928,0,1593,1]
12-01 03:54:00.401 I/sysui_multi_action( 2372): [757,0,758,1,759,0,927,3,928,0,1593,1]
12-01 03:54:00.401 I/sysui_multi_action( 2372): [757,491,758,1,759,491,927,4,928,0,1311,-1,1593,0]
12-01 03:54:00.401 I/sysui_multi_action( 2372): [757,0,758,1,759,0,927,5,928,0,1593,0]
12-01 03:54:00.401 I/sysui_multi_action( 2372): [757,111,758,1]
12-01 03:54:00.401 I/sysui_multi_action( 2372): [757,126,758,1,759,126,927,0,928,1,1593,1]
12-01 03:54:00.401 I/sysui_multi_action( 2372): [757,113,758,1,759,113,927,1,928,1,1593,1]
12-01 03:54:00.401 I/sysui_multi_action( 2372): [757,0,758,1,759,0,927,2,928,0,1593,1]
12-01 03:54:00.401 I/sysui_multi_action( 2372): [757,0,758,1,759,0,927,3,928,0,1593,1]
12-01 03:54:00.413 I/sysui_multi_action( 2372): [757,111,758,2]
12-01 03:54:00.413 I/sysui_multi_action( 2372): [757,111,758,2]
12-01 03:54:00.413 I/notification_enqueue( 1525): [10080,2372,com.android.systemui,2048,NULL,0,Notification(channel=updateNotification shortcut=null contentView=null vibrate=null sound=null defaults=0x0 flags=0x0 color=0x00000000 vis=PRIVATE),1]
12-01 03:54:00.418 I/sysui_multi_action( 2372): [757,111,758,1]
12-01 03:54:00.418 I/sysui_multi_action( 2372): [757,126,758,1,759,126,927,0,928,1,1593,1]
12-01 03:54:00.418 I/sysui_multi_action( 2372): [757,113,758,1,759,113,927,1,928,1,1593,1]
12-01 03:54:00.418 I/sysui_multi_action( 2372): [757,0,758,1,759,0,927,2,928,0,1593,1]
12-01 03:54:00.418 I/sysui_multi_action( 2372): [757,0,758,1,759,0,927,3,928,0,1593,1]
12-01 03:54:00.418 I/sysui_multi_action( 2372): [757,491,758,1,759,491,927,4,928,0,1311,-1,1593,0]
12-01 03:54:00.418 I/sysui_multi_action( 2372): [757,0,758,1,759,0,927,5,928,0,1593,0]
12-01 03:54:00.418 I/sysui_multi_action( 1525): [757,1501,758,1,793,1708,794,0,795,204,796,2048,806,com.android.systemui,857,updateNotification,858,3,947,0,1500,0,1688,1]
12-01 03:54:00.418 I/sysui_multi_action( 2372): [757,111,758,1]
12-01 03:54:00.418 I/sysui_multi_action( 2372): [757,126,758,1,759,126,927,0,928,1,1593,1]
12-01 03:54:00.418 I/sysui_multi_action( 1525): [757,804,799,note_interruptive,801,0,802,1]
12-01 03:54:00.419 I/sysui_multi_action( 2372): [757,113,758,1,759,113,927,1,928,1,1593,1]
12-01 03:54:00.419 I/sysui_multi_action( 2372): [757,0,758,1,759,0,927,2,928,0,1593,1]
12-01 03:54:00.419 I/sysui_multi_action( 2372): [757,0,758,1,759,0,927,3,928,0,1593,1]
12-01 03:54:00.419 I/sysui_multi_action( 1525): [757,199,758,1,759,2,793,1709,794,0,795,205,796,2048,806,com.android.systemui,857,updateNotification,858,3,947,0,1500,1,1688,1]
12-01 03:54:00.419 I/notification_alert( 1525): [0|com.android.systemui|2048|null|10080,0,1,0]
12-01 03:54:00.430 I/notification_enqueue( 1525): [10080,2372,com.android.systemui,2048,NULL,0,Notification(channel=updateNotification shortcut=null contentView=null vibrate=null sound=null defaults=0x0 flags=0x0 color=0x00000000 vis=PRIVATE),1]
12-01 03:54:00.430 I/sysui_multi_action( 2372): [757,111,758,2]
12-01 03:54:00.430 I/sysui_multi_action( 2372): [757,111,758,2]
12-01 03:54:00.435 I/sysui_multi_action( 2372): [757,111,758,1]
12-01 03:54:00.435 I/sysui_multi_action( 2372): [757,126,758,1,759,126,927,0,928,1,1593,1]
12-01 03:54:00.435 I/sysui_multi_action( 2372): [757,113,758,1,759,113,927,1,928,1,1593,1]
12-01 03:54:00.435 I/sysui_multi_action( 2372): [757,0,758,1,759,0,927,2,928,0,1593,1]
12-01 03:54:00.435 I/sysui_multi_action( 2372): [757,0,758,1,759,0,927,3,928,0,1593,1]
12-01 03:54:00.435 I/sysui_multi_action( 2372): [757,491,758,1,759,491,927,4,928,0,1311,-1,1593,0]
12-01 03:54:00.435 I/sysui_multi_action( 2372): [757,0,758,1,759,0,927,5,928,0,1593,0]
12-01 03:54:00.436 I/sysui_multi_action( 2372): [757,111,758,1]
12-01 03:54:00.436 I/sysui_multi_action( 2372): [757,126,758,1,759,126,927,0,928,1,1593,1]
12-01 03:54:00.436 I/sysui_multi_action( 2372): [757,113,758,1,759,113,927,1,928,1,1593,1]
12-01 03:54:00.436 I/sysui_multi_action( 2372): [757,0,758,1,759,0,927,2,928,0,1593,1]
12-01 03:54:00.436 I/sysui_multi_action( 2372): [757,0,758,1,759,0,927,3,928,0,1593,1]
12-01 03:54:00.441 I/am_pss ( 1525): [3490,10095,com.android.providers.media.module,19783680,16244736,0,127000576,0,0,8]
12-01 03:54:00.450 I/notification_enqueue( 1525): [10080,2372,com.android.systemui,2048,NULL,0,Notification(channel=updateNotification shortcut=null contentView=null vibrate=null sound=null defaults=0x0 flags=0x0 color=0x00000000 vis=PRIVATE),1]
12-01 03:54:00.450 I/sysui_multi_action( 2372): [757,111,758,2]
12-01 03:54:00.450 I/sysui_multi_action( 2372): [757,111,758,2]
12-01 03:54:00.454 I/sysui_multi_action( 2372): [757,111,758,1]
12-01 03:54:00.454 I/sysui_multi_action( 2372): [757,126,758,1,759,126,927,0,928,1,1593,1]
12-01 03:54:00.454 I/sysui_multi_action( 2372): [757,113,758,1,759,113,927,1,928,1,1593,1]
12-01 03:54:00.454 I/sysui_multi_action( 2372): [757,0,758,1,759,0,927,2,928,0,1593,1]
12-01 03:54:00.454 I/sysui_multi_action( 2372): [757,0,758,1,759,0,927,3,928,0,1593,1]
12-01 03:54:00.454 I/sysui_multi_action( 2372): [757,491,758,1,759,491,927,4,928,0,1311,-1,1593,0]
12-01 03:54:00.454 I/sysui_multi_action( 2372): [757,0,758,1,759,0,927,5,928,0,1593,0]
12-01 03:54:00.455 I/sysui_multi_action( 2372): [757,111,758,1]
12-01 03:54:00.455 I/sysui_multi_action( 2372): [757,126,758,1,759,126,927,0,928,1,1593,1]
12-01 03:54:00.455 I/sysui_multi_action( 2372): [757,113,758,1,759,113,927,1,928,1,1593,1]
12-01 03:54:00.455 I/sysui_multi_action( 2372): [757,0,758,1,759,0,927,2,928,0,1593,1]
12-01 03:54:00.455 I/sysui_multi_action( 2372): [757,0,758,1,759,0,927,3,928,0,1593,1]
12-01 03:54:00.464 I/notification_enqueue( 1525): [10080,2372,com.android.systemui,2048,NULL,0,Notification(channel=updateNotification shortcut=null contentView=null vibrate=null sound=null defaults=0x0 flags=0x0 color=0x00000000 vis=PRIVATE),1]
12-01 03:54:00.464 I/sysui_multi_action( 2372): [757,111,758,2]
12-01 03:54:00.464 I/sysui_multi_action( 2372): [757,111,758,2]
12-01 03:54:00.468 I/sysui_multi_action( 2372): [757,111,758,1]
12-01 03:54:00.468 I/sysui_multi_action( 2372): [757,126,758,1,759,126,927,0,928,1,1593,0]
12-01 03:54:00.469 I/sysui_multi_action( 2372): [757,113,758,1,759,113,927,1,928,1,1593,0]
12-01 03:54:00.469 I/sysui_multi_action( 2372): [757,0,758,1,759,0,927,2,928,0,1593,0]
12-01 03:54:00.469 I/sysui_multi_action( 2372): [757,0,758,1,759,0,927,3,928,0,1593,0]
12-01 03:54:00.469 I/sysui_multi_action( 2372): [757,491,758,1,759,491,927,4,928,0,1311,-1,1593,0]
12-01 03:54:00.469 I/sysui_multi_action( 2372): [757,0,758,1,759,0,927,5,928,0,1593,0]
12-01 03:54:00.469 I/sysui_multi_action( 2372): [757,111,758,1]
12-01 03:54:00.469 I/sysui_multi_action( 2372): [757,126,758,1,759,126,927,0,928,1,1593,1]
12-01 03:54:00.469 I/sysui_multi_action( 2372): [757,113,758,1,759,113,927,1,928,1,1593,1]
12-01 03:54:00.469 I/sysui_multi_action( 2372): [757,0,758,1,759,0,927,2,928,0,1593,1]
12-01 03:54:00.469 I/sysui_multi_action( 2372): [757,0,758,1,759,0,927,3,928,0,1593,1]
12-01 03:54:00.483 I/notification_enqueue( 1525): [10080,2372,com.android.systemui,2048,NULL,0,Notification(channel=updateNotification shortcut=null contentView=null vibrate=null sound=null defaults=0x0 flags=0x0 color=0x00000000 vis=PRIVATE),1]
12-01 03:54:00.483 I/sysui_multi_action( 2372): [757,111,758,2]
12-01 03:54:00.483 I/sysui_multi_action( 2372): [757,111,758,2]
12-01 03:54:00.488 I/sysui_multi_action( 2372): [757,111,758,1]
12-01 03:54:00.488 I/sysui_multi_action( 2372): [757,126,758,1,759,126,927,0,928,1,1593,1]
12-01 03:54:00.488 I/sysui_multi_action( 2372): [757,113,758,1,759,113,927,1,928,1,1593,1]
12-01 03:54:00.488 I/sysui_multi_action( 2372): [757,0,758,1,759,0,927,2,928,0,1593,1]
12-01 03:54:00.488 I/sysui_multi_action( 2372): [757,0,758,1,759,0,927,3,928,0,1593,1]
12-01 03:54:00.488 I/sysui_multi_action( 2372): [757,491,758,1,759,491,927,4,928,0,1311,-1,1593,0]
12-01 03:54:00.488 I/sysui_multi_action( 2372): [757,0,758,1,759,0,927,5,928,0,1593,0]
12-01 03:54:00.488 I/sysui_multi_action( 2372): [757,111,758,1]
12-01 03:54:00.488 I/sysui_multi_action( 2372): [757,126,758,1,759,126,927,0,928,1,1593,1]
12-01 03:54:00.489 I/sysui_multi_action( 2372): [757,113,758,1,759,113,927,1,928,1,1593,1]
12-01 03:54:00.489 I/sysui_multi_action( 2372): [757,0,758,1,759,0,927,2,928,0,1593,1]
12-01 03:54:00.489 I/sysui_multi_action( 2372): [757,0,758,1,759,0,927,3,928,0,1593,1]
12-01 03:54:00.495 I/sysui_multi_action( 1525): [757,128,758,2,793,30783,794,1516,795,30783,796,17303299,797,com.android.wifi,798,0,806,android,857,NETWORK_AVAILABLE,858,2,947,0,1395,2,1500,30581,1688,1]
12-01 03:54:00.496 I/notification_visibility( 1525): [0|android|17303299|com.android.wifi|1000,0,30783,30783,0,0]
12-01 03:54:00.496 I/sysui_multi_action( 1525): [757,128,758,2,793,31667,794,1516,795,31667,796,32,798,1,806,android,857,USB,858,1,947,0,1395,2,1500,31463,1688,1]
12-01 03:54:00.496 I/notification_visibility( 1525): [-1|android|32|null|1000,0,31667,31667,0,1]
12-01 03:54:00.498 I/notification_enqueue( 1525): [10080,2372,com.android.systemui,2048,NULL,0,Notification(channel=updateNotification shortcut=null contentView=null vibrate=null sound=null defaults=0x0 flags=0x0 color=0x00000000 vis=PRIVATE),1]
12-01 03:54:00.498 I/sysui_multi_action( 2372): [757,111,758,2]
12-01 03:54:00.499 I/sysui_multi_action( 2372): [757,111,758,2]
12-01 03:54:00.503 I/sysui_multi_action( 2372): [757,111,758,1]
12-01 03:54:00.503 I/sysui_multi_action( 2372): [757,126,758,1,759,126,927,0,928,1,1593,1]
12-01 03:54:00.503 I/sysui_multi_action( 2372): [757,113,758,1,759,113,927,1,928,1,1593,1]
12-01 03:54:00.503 I/sysui_multi_action( 2372): [757,0,758,1,759,0,927,2,928,0,1593,1]
12-01 03:54:00.503 I/sysui_multi_action( 2372): [757,0,758,1,759,0,927,3,928,0,1593,1]
12-01 03:54:00.503 I/sysui_multi_action( 2372): [757,491,758,1,759,491,927,4,928,0,1311,-1,1593,0]
12-01 03:54:00.503 I/sysui_multi_action( 2372): [757,0,758,1,759,0,927,5,928,0,1593,0]
12-01 03:54:00.503 I/sysui_multi_action( 2372): [757,111,758,1]
12-01 03:54:00.503 I/sysui_multi_action( 2372): [757,126,758,1,759,126,927,0,928,1,1593,1]
12-01 03:54:00.503 I/sysui_multi_action( 2372): [757,113,758,1,759,113,927,1,928,1,1593,1]
12-01 03:54:00.503 I/sysui_multi_action( 2372): [757,0,758,1,759,0,927,2,928,0,1593,1]
12-01 03:54:00.503 I/sysui_multi_action( 2372): [757,0,758,1,759,0,927,3,928,0,1593,1]
12-01 03:54:00.519 I/sysui_multi_action( 2372): [757,111,758,2]
12-01 03:54:00.519 I/sysui_multi_action( 2372): [757,111,758,2]
12-01 03:54:00.520 I/notification_enqueue( 1525): [10080,2372,com.android.systemui,2048,NULL,0,Notification(channel=updateNotification shortcut=null contentView=null vibrate=null sound=null defaults=0x0 flags=0x0 color=0x00000000 vis=PRIVATE),1]
12-01 03:54:00.524 I/sysui_multi_action( 2372): [757,111,758,1]
12-01 03:54:00.524 I/sysui_multi_action( 2372): [757,126,758,1,759,126,927,0,928,1,1593,1]
12-01 03:54:00.524 I/sysui_multi_action( 2372): [757,113,758,1,759,113,927,1,928,1,1593,1]
12-01 03:54:00.524 I/sysui_multi_action( 2372): [757,0,758,1,759,0,927,2,928,0,1593,1]
12-01 03:54:00.524 I/sysui_multi_action( 2372): [757,0,758,1,759,0,927,3,928,0,1593,1]
12-01 03:54:00.524 I/sysui_multi_action( 2372): [757,491,758,1,759,491,927,4,928,0,1311,-1,1593,0]
12-01 03:54:00.524 I/sysui_multi_action( 2372): [757,0,758,1,759,0,927,5,928,0,1593,0]
12-01 03:54:00.524 I/sysui_multi_action( 2372): [757,111,758,1]
12-01 03:54:00.524 I/sysui_multi_action( 2372): [757,126,758,1,759,126,927,0,928,1,1593,1]
12-01 03:54:00.524 I/sysui_multi_action( 2372): [757,113,758,1,759,113,927,1,928,1,1593,1]
12-01 03:54:00.524 I/sysui_multi_action( 2372): [757,0,758,1,759,0,927,2,928,0,1593,1]
12-01 03:54:00.524 I/sysui_multi_action( 2372): [757,0,758,1,759,0,927,3,928,0,1593,1]
12-01 03:54:00.539 I/notification_enqueue( 1525): [10080,2372,com.android.systemui,2048,NULL,0,Notification(channel=updateNotification shortcut=null contentView=null vibrate=null sound=null defaults=0x0 flags=0x0 color=0x00000000 vis=PRIVATE),1]
12-01 03:54:00.539 I/sysui_multi_action( 2372): [757,111,758,2]
12-01 03:54:00.539 I/sysui_multi_action( 2372): [757,111,758,2]
12-01 03:54:00.544 I/sysui_multi_action( 2372): [757,111,758,1]
12-01 03:54:00.545 I/sysui_multi_action( 2372): [757,126,758,1,759,126,927,0,928,1,1593,1]
12-01 03:54:00.545 I/sysui_multi_action( 2372): [757,113,758,1,759,113,927,1,928,1,1593,1]
12-01 03:54:00.545 I/sysui_multi_action( 2372): [757,0,758,1,759,0,927,2,928,0,1593,1]
12-01 03:54:00.545 I/sysui_multi_action( 2372): [757,0,758,1,759,0,927,3,928,0,1593,1]
12-01 03:54:00.545 I/sysui_multi_action( 2372): [757,491,758,1,759,491,927,4,928,0,1311,-1,1593,0]
12-01 03:54:00.545 I/sysui_multi_action( 2372): [757,0,758,1,759,0,927,5,928,0,1593,0]
12-01 03:54:00.545 I/sysui_multi_action( 2372): [757,111,758,1]
12-01 03:54:00.545 I/sysui_multi_action( 2372): [757,126,758,1,759,126,927,0,928,1,1593,1]
12-01 03:54:00.545 I/sysui_multi_action( 2372): [757,113,758,1,759,113,927,1,928,1,1593,1]
12-01 03:54:00.545 I/sysui_multi_action( 2372): [757,0,758,1,759,0,927,2,928,0,1593,1]
12-01 03:54:00.545 I/sysui_multi_action( 2372): [757,0,758,1,759,0,927,3,928,0,1593,1]
12-01 03:54:00.557 I/sysui_multi_action( 2372): [757,111,758,2]
12-01 03:54:00.557 I/notification_enqueue( 1525): [10080,2372,com.android.systemui,2048,NULL,0,Notification(channel=updateNotification shortcut=null contentView=null vibrate=null sound=null defaults=0x0 flags=0x0 color=0x00000000 vis=PRIVATE),1]
12-01 03:54:00.557 I/sysui_multi_action( 2372): [757,111,758,2]
12-01 03:54:00.577 I/input_focus( 1525): [Focus request 56534c8 com.android.launcher3/com.android.launcher3.uioverrides.QuickstepLauncher,reason=UpdateInputWindows]
12-01 03:54:00.578 I/sysui_multi_action( 2372): [757,111,758,1]
12-01 03:54:00.578 I/sysui_multi_action( 2372): [757,126,758,1,759,126,927,0,928,1,1593,1]
12-01 03:54:00.578 I/sysui_multi_action( 2372): [757,113,758,1,759,113,927,1,928,1,1593,1]
12-01 03:54:00.578 I/sysui_multi_action( 2372): [757,0,758,1,759,0,927,2,928,0,1593,1]
12-01 03:54:00.578 I/sysui_multi_action( 2372): [757,0,758,1,759,0,927,3,928,0,1593,1]
12-01 03:54:00.579 I/sysui_multi_action( 2372): [757,491,758,1,759,491,927,4,928,0,1311,-1,1593,0]
12-01 03:54:00.579 I/sysui_multi_action( 2372): [757,0,758,1,759,0,927,5,928,0,1593,0]
12-01 03:54:00.579 I/sysui_multi_action( 2372): [757,111,758,1]
12-01 03:54:00.579 I/sysui_multi_action( 2372): [757,126,758,1,759,126,927,0,928,1,1593,1]
12-01 03:54:00.579 I/sysui_multi_action( 2372): [757,113,758,1,759,113,927,1,928,1,1593,1]
12-01 03:54:00.579 I/sysui_multi_action( 2372): [757,0,758,1,759,0,927,2,928,0,1593,1]
12-01 03:54:00.579 I/sysui_multi_action( 2372): [757,0,758,1,759,0,927,3,928,0,1593,1]
12-01 03:54:00.598 I/input_focus( 1525): [Focus leaving 27f5852 NotificationShade (server),reason=NOT_FOCUSABLE]
12-01 03:54:00.598 I/input_focus( 1525): [Focus entering 56534c8 com.android.launcher3/com.android.launcher3.uioverrides.QuickstepLauncher (server),reason=setFocusedWindow]
12-01 03:54:00.600 I/sysui_multi_action( 2372): [757,111,758,2]
12-01 03:54:00.600 I/sysui_multi_action( 2372): [757,111,758,2]
12-01 03:54:00.603 I/sysui_multi_action( 1525): [757,127,758,2]
12-01 03:54:00.603 I/notification_panel_hidden( 1525):
12-01 03:54:00.608 I/notification_enqueue( 1525): [10080,2372,com.android.systemui,2048,NULL,0,Notification(channel=updateNotification shortcut=null contentView=null vibrate=null sound=null defaults=0x0 flags=0x0 color=0x00000000 vis=PRIVATE),1]
12-01 03:54:00.623 I/am_pss ( 1525): [2372,10080,com.android.systemui,218963968,197238784,0,389132288,0,0,14]
12-01 03:54:00.634 I/sysui_multi_action( 2372): [757,111,758,1]
12-01 03:54:00.634 I/sysui_multi_action( 2372): [757,126,758,1,759,126,927,0,928,1,1593,0]
12-01 03:54:00.634 I/sysui_multi_action( 2372): [757,113,758,1,759,113,927,1,928,1,1593,0]
12-01 03:54:00.634 I/sysui_multi_action( 2372): [757,0,758,1,759,0,927,2,928,0,1593,0]
12-01 03:54:00.634 I/sysui_multi_action( 2372): [757,0,758,1,759,0,927,3,928,0,1593,0]
12-01 03:54:00.634 I/sysui_multi_action( 2372): [757,491,758,1,759,491,927,4,928,0,1311,-1,1593,0]
12-01 03:54:00.634 I/sysui_multi_action( 2372): [757,0,758,1,759,0,927,5,928,0,1593,0]
12-01 03:54:00.634 I/sysui_multi_action( 2372): [757,111,758,1]
12-01 03:54:00.634 I/sysui_multi_action( 2372): [757,126,758,1,759,126,927,0,928,1,1593,0]
12-01 03:54:00.634 I/sysui_multi_action( 2372): [757,113,758,1,759,113,927,1,928,1,1593,0]
12-01 03:54:00.635 I/sysui_multi_action( 2372): [757,0,758,1,759,0,927,2,928,0,1593,0]
12-01 03:54:00.635 I/sysui_multi_action( 2372): [757,0,758,1,759,0,927,3,928,0,1593,0]
12-01 03:54:01.532 I/input_interaction( 1525): Interaction with: 56534c8 com.android.launcher3/com.android.launcher3.uioverrides.QuickstepLauncher (server), f29aa65 com.android.systemui.ImageWallpaper (server), edge-swipe (server), swipe-up (server), PointerEventDispatcher0 (server),
12-01 03:54:01.650 I/view_enqueue_input_event( 2849): [Motion - Cancel,com.android.launcher3/com.android.launcher3.uioverrides.QuickstepLauncher]
12-01 03:54:01.655 I/input_interaction( 1525): Interaction with: edge-swipe (server), swipe-up (server), PointerEventDispatcher0 (server),
12-01 03:54:01.781 I/commit_sys_config_file( 1525): [package-user-0,5]
12-01 03:54:01.786 I/sysui_multi_action( 1525): [757,803,799,window_time_0,802,10]
12-01 03:54:01.828 I/commit_sys_config_file( 1525): [settings-1-0,9]
12-01 03:54:01.829 I/am_pss ( 1525): [2356,1002,com.android.bluetooth,38446080,30781440,0,157417472,0,0,8]
12-01 03:54:01.836 I/am_pss ( 1525): [3132,10078,com.qualcomm.location,9590784,7417856,0,102846464,0,0,6]
12-01 03:54:01.843 I/am_pss ( 1525): [2589,1001,.dataservices,7454720,5861376,0,94912512,0,0,6]
12-01 03:54:01.851 I/am_pss ( 1525): [2506,1073,com.android.networkstack.process,10321920,8200192,0,104988672,0,0,6]
12-01 03:54:01.872 I/am_pss ( 1525): [1525,1000,system,210924544,117424128,0,542814208,0,0,18]
12-01 03:54:01.887 W/CarrierConfigManager( 1525): Error getting config for subId -1 ICarrierConfigLoader is null
12-01 03:54:01.890 W/CarrierConfigManager( 1525): Error getting config for subId -1 ICarrierConfigLoader is null
12-01 03:54:01.910 I/am_pss ( 1525): [2849,10076,com.android.launcher3,115428352,93683712,0,273551360,0,2,9]
12-01 03:54:02.524 I/commit_sys_config_file( 1525): [settings-1-0,5]
12-01 03:54:03.495 I/netstats_mobile_sample( 1525): [0,0,0,0,0,0,0,0,0,0,0,0,1669838043495]
12-01 03:54:03.495 I/netstats_wifi_sample( 1525): [0,0,0,0,0,0,0,0,0,0,0,0,1669838043495]
12-01 03:54:04.930 I/input_interaction( 1525): Interaction with: 56534c8 com.android.launcher3/com.android.launcher3.uioverrides.QuickstepLauncher (server), f29aa65 com.android.systemui.ImageWallpaper (server), edge-swipe (server), swipe-up (server), PointerEventDispatcher0 (server),
12-01 03:54:05.967 I/wm_task_created( 1525): [11,-1]
12-01 03:54:05.971 I/wm_task_moved( 1525): [11,1,6]
12-01 03:54:05.971 I/wm_task_to_front( 1525): [0,11]
12-01 03:54:05.971 I/wm_create_task( 1525): [0,11]
12-01 03:54:05.971 I/wm_create_activity( 1525): [0,226233913,11,com.android.settings/.Settings,android.intent.action.MAIN,NULL,NULL,270532608]
12-01 03:54:05.971 I/wm_task_moved( 1525): [11,1,6]
12-01 03:54:05.974 I/wm_pause_activity( 1525): [0,93742719,com.android.launcher3/.uioverrides.QuickstepLauncher,userLeaving=true,pauseBackTasks]
12-01 03:54:05.983 I/wm_on_top_resumed_lost_called( 2849): [93742719,com.android.launcher3.uioverrides.QuickstepLauncher,topStateChangedWhenResumed]
12-01 03:54:05.983 I/wm_on_paused_called( 2849): [93742719,com.android.launcher3.uioverrides.QuickstepLauncher,performPause]
12-01 03:54:05.985 I/wm_add_to_stopping( 1525): [0,93742719,com.android.launcher3/.uioverrides.QuickstepLauncher,makeInvisible]
12-01 03:54:06.003 I/service_manager_slow( 1525): [16,platform_compat]
12-01 03:54:06.004 I/wm_restart_activity( 1525): [0,226233913,11,com.android.settings/.Settings]
12-01 03:54:06.005 I/wm_set_resumed_activity( 1525): [0,com.android.settings/.Settings,minimalResumeActivityLocked]
12-01 03:54:06.019 I/sysui_multi_action( 1525): [757,803,799,window_time_0,802,5]
12-01 03:54:06.030 I/input_focus( 1525): [Focus leaving 56534c8 com.android.launcher3/com.android.launcher3.uioverrides.QuickstepLauncher (server),reason=NO_WINDOW]
12-01 03:54:06.043 I/am_pss ( 1525): [4454,10054,com.qualcomm.qti.qms.service.trustzoneaccess,5409792,3784704,0,92155904,0,19,6]
12-01 03:54:06.050 I/am_pss ( 1525): [3750,10021,com.android.providers.calendar,7119872,5378048,0,98361344,0,19,5]
12-01 03:54:06.056 I/am_pss ( 1525): [4018,10066,com.android.gallery3d,7714816,5468160,0,96378880,0,19,6]
12-01 03:54:06.063 I/am_pss ( 1525): [3428,10030,android.process.media,10461184,8392704,0,105074688,0,10,6]
12-01 03:54:06.070 I/am_pss ( 1525): [2929,10089,com.qualcomm.qti.qccauthmgr,6100992,4423680,0,96067584,0,19,6]
12-01 03:54:06.077 I/am_pss ( 1525): [3783,10017,android.process.acore,13497344,10125312,0,118870016,0,19,6]
12-01 03:54:06.083 I/am_pss ( 1525): [3415,10088,com.qualcomm.qti.workloadclassifier,15988736,12664832,0,109707264,0,0,6]
12-01 03:54:06.085 I/wm_on_create_called( 2926): [226233913,com.android.settings.Settings,performCreate]
12-01 03:54:06.089 I/am_pss ( 1525): [3389,10087,com.qualcomm.qti.qccnetstat,5903360,4403200,0,92237824,0,0,5]
12-01 03:54:06.095 I/am_pss ( 1525): [3366,10074,com.qualcomm.qti.services.systemhelper:systemhelper_service,6077440,4505600,0,94474240,0,0,5]
12-01 03:54:06.101 I/am_pss ( 1525): [3306,10090,com.hht.lebocast,36551680,17555456,0,109264896,0,0,6]
12-01 03:54:06.108 I/am_pss ( 1525): [3311,10053,.pasr,5160960,3743744,0,89833472,0,0,6]
12-01 03:54:06.115 I/am_pss ( 1525): [3307,10056,ts.car.uart,5874688,4452352,0,90939392,0,0,6]
12-01 03:54:06.122 I/am_pss ( 1525): [2802,1000,com.qualcomm.qti.qdma,9407488,6705152,0,107675648,0,0,6]
12-01 03:54:06.122 I/wm_on_start_called( 2926): [226233913,com.android.settings.Settings,handleStartActivity]
12-01 03:54:06.123 I/snet_event_log( 2926): [120484087,-1,]
12-01 03:54:06.124 I/wm_on_resume_called( 2926): [226233913,com.android.settings.Settings,RESUME_ACTIVITY]
12-01 03:54:06.126 I/sysui_multi_action( 2926): [757,35,758,1,833,0,1089,39]
12-01 03:54:06.128 I/am_pss ( 1525): [2781,1000,com.thundercomm.tcservice,8047616,6418432,0,96899072,0,0,6]
12-01 03:54:06.135 I/am_pss ( 1525): [2766,1000,com.thundercomm.remotecontrolservice,9091072,7106560,0,101945344,0,0,6]
12-01 03:54:06.138 I/sysui_multi_action( 2926): [757,1729,758,4,854,isParalleledControllers:false,1089,52]
12-01 03:54:06.141 I/am_pss ( 1525): [2729,1068,com.android.se,5571584,4083712,0,92205056,0,0,6]
12-01 03:54:06.143 I/wm_on_top_resumed_gained_called( 2926): [226233913,com.android.settings.Settings,topStateChangedWhenResumed]
12-01 03:54:06.147 I/am_pss ( 1525): [2721,10084,com.qti.qualcomm.mstatssystemservice,5193728,3764224,0,90476544,0,0,5]
12-01 03:54:06.153 I/am_pss ( 1525): [2697,1000,vendor.qti.qesdk.sysservice,5283840,3788800,0,92196864,0,0,6]
12-01 03:54:06.163 I/am_pss ( 1525): [2681,1000,com.thundercomm.tcsetupwizard,47911936,41177088,0,170942464,0,0,8]
12-01 03:54:06.169 I/am_pss ( 1525): [2663,1000,com.tc.logclient,7350272,5554176,0,99524608,0,0,5]
12-01 03:54:06.175 I/am_pss ( 1525): [2616,10055,.qtidataservices,5638144,4177920,0,92008448,0,0,5]
12-01 03:54:06.181 I/am_pss ( 1525): [2629,1000,com.thundercomm.tchttpserver,7345152,5873664,0,94048256,0,0,5]
12-01 03:54:06.188 I/am_pss ( 1525): [2585,1000,com.thundercomm.microsettings,34404352,31510528,0,129179648,0,0,6]
12-01 03:54:06.194 I/am_pss ( 1525): [2567,1000,com.thundercomm.microservice,8473600,6967296,0,95797248,0,0,5]
12-01 03:54:06.196 I/input_focus( 1525): [Focus request cd71460 com.android.settings/com.android.settings.Settings,reason=UpdateInputWindows]
12-01 03:54:06.270 I/sysui_multi_action( 1525): [324,1,757,1090,758,12,806,com.android.settings,871,com.android.settings.Settings,1091,315]
12-01 03:54:06.277 I/input_focus( 1525): [Focus entering cd71460 com.android.settings/com.android.settings.Settings (server),reason=Window became focusable. Previous reason: NOT_VISIBLE]
12-01 03:54:06.280 I/sysui_multi_action( 1525): [319,78,321,74,322,315,325,66,757,761,758,8,759,1,806,com.android.settings,871,com.android.settings.Settings,904,com.android.launcher3,905,0,1320,4,1321,1]
12-01 03:54:06.282 I/wm_activity_launch_time( 1525): [0,226233913,com.android.settings/.Settings,315]
12-01 03:54:06.295 W/CarrierConfigManager( 2926): Error getting config for subId -1 ICarrierConfigLoader is null
12-01 03:54:06.336 I/sysui_multi_action( 2926): [757,746,758,1,833,0,1089,62]
12-01 03:54:06.337 D/TelephonyRegistry( 1525): listen oscl: mHasNotifySubscriptionInfoChangedOccurred==false no callback
12-01 03:54:06.340 D/TelephonyRegistry( 1525): listen oscl: mHasNotifySubscriptionInfoChangedOccurred==false no callback
12-01 03:54:06.347 I/sysui_multi_action( 2926): [757,1729,758,4,854,isParalleledControllers:false,1089,73]
12-01 03:54:06.585 I/wm_stop_activity( 1525): [0,93742719,com.android.launcher3/.uioverrides.QuickstepLauncher]
12-01 03:54:06.610 I/wm_on_stop_called( 2849): [93742719,com.android.launcher3.uioverrides.QuickstepLauncher,STOP_ACTIVITY_ITEM]
12-01 03:54:07.068 I/input_interaction( 1525): Interaction with: cd71460 com.android.settings/com.android.settings.Settings (server), edge-swipe (server), swipe-up (server), PointerEventDispatcher0 (server),
12-01 03:54:07.071 I/service_manager_stats( 1525): [100,104,34976]
12-01 03:54:07.758 I/liblog ( 1373): 23
12-01 03:54:08.361 I/sysui_multi_action( 2926): [757,830,758,4,833,0,854,top_level_about_device,1089,0]
12-01 03:54:08.472 I/sysui_multi_action( 2926): [757,746,758,2,1089,2136]
12-01 03:54:08.525 I/sysui_multi_action( 2926): [757,40,758,1,833,0,1089,34]
12-01 03:54:08.526 W/FeatureConnector( 2926): [ImsConnector, 0] connect: not supported.
12-01 03:54:08.527 I/sysui_multi_action( 2926): [757,1729,758,4,854,isParalleledControllers:false,1089,36]
12-01 03:54:09.972 I/sysui_multi_action( 2926): [757,848,758,4]
12-01 03:54:09.973 I/sysui_multi_action( 2926): [757,830,758,4,833,0,854,build_number,1089,0]
12-01 03:54:10.179 I/sysui_multi_action( 2926): [757,848,758,4]
12-01 03:54:10.180 I/sysui_multi_action( 2926): [757,830,758,4,833,0,854,build_number,1089,0]
12-01 03:54:10.354 I/sysui_multi_action( 2926): [757,848,758,4]
12-01 03:54:10.355 I/sysui_multi_action( 2926): [757,830,758,4,833,0,854,build_number,1089,0]
12-01 03:54:10.531 I/sysui_multi_action( 2926): [757,848,758,4]
12-01 03:54:10.532 I/sysui_multi_action( 2926): [757,830,758,4,833,0,854,build_number,1089,0]
12-01 03:54:10.700 I/sysui_multi_action( 2926): [757,848,758,4]
12-01 03:54:10.701 I/sysui_multi_action( 2926): [757,830,758,4,833,0,854,build_number,1089,0]
12-01 03:54:10.892 I/sysui_multi_action( 2926): [757,848,758,4]
12-01 03:54:10.892 I/sysui_multi_action( 2926): [757,830,758,4,833,0,854,build_number,1089,0]
12-01 03:54:11.085 I/am_uid_stopped( 1525): 2000
12-01 03:54:11.088 I/am_kill ( 1525): [0,4182,com.android.shell,935,change com.android.shell]
12-01 03:54:11.096 I/sysui_multi_action( 2926): [757,848,758,4]
12-01 03:54:11.097 I/sysui_multi_action( 2926): [757,848,758,4]
12-01 03:54:11.097 I/sysui_multi_action( 2926): [757,830,758,4,833,0,854,build_number,1089,0]
12-01 03:54:11.118 I/am_uid_running( 1525): 2000
12-01 03:54:11.125 I/am_pss ( 1525): [3070,10065,com.android.deskclock,9587712,6836224,0,102531072,0,19,7]
12-01 03:54:11.131 I/am_pss ( 1525): [3616,10022,com.android.externalstorage,5533696,3952640,0,93552640,0,19,5]
12-01 03:54:11.137 I/am_pss ( 1525): [3250,10085,com.qualcomm.qtil.aptxui,7212032,5787648,0,91860992,0,19,5]
12-01 03:54:11.143 I/am_pss ( 1525): [3454,10082,com.qualcomm.location.XT,6225920,4657152,0,93978624,0,6,5]
12-01 03:54:11.149 I/am_pss ( 1525): [4143,10060,com.android.onetimeinitializer,4941824,3481600,0,90308608,0,19,5]
12-01 03:54:11.155 I/am_pss ( 1525): [4099,10086,com.android.music,7315456,5320704,0,94425088,0,19,5]
12-01 03:54:11.160 I/am_proc_start( 1525): [0,4997,2000,com.android.shell,content provider,{com.android.shell/com.android.shell.BugreportStorageProvider}]
12-01 03:54:11.160 I/am_pss ( 1525): [3613,10032,com.android.managedprovisioning,9028608,7503872,0,96169984,0,19,4]
12-01 03:54:11.167 I/am_pss ( 1525): [4014,1000,com.android.dynsystem:dynsystem,5568512,3919872,0,91959296,0,19,5]
12-01 03:54:11.174 I/am_pss ( 1525): [3960,1000,com.android.dynsystem,5232640,3706880,0,90968064,0,19,6]
12-01 03:54:11.179 I/am_proc_bound( 1525): [0,4997,com.android.shell]
12-01 03:54:11.180 I/am_pss ( 1525): [3914,10064,com.android.calendar,6851584,4689920,0,97488896,0,19,5]
12-01 03:54:11.187 I/am_pss ( 1525): [3936,10028,com.hryt.hiphishowfsecontrol,17889280,14708736,0,107950080,0,19,5]
