12-01 03:58:35.022 W/hpplay-java( 3306): at android.os.AsyncTask$3.call(AsyncTask.java:394)
12-01 03:58:35.022 W/hpplay-java( 3306): at java.util.concurrent.FutureTask.run(FutureTask.java:266)
12-01 03:58:35.022 W/hpplay-java( 3306): at java.util.concurrent.ThreadPoolExecutor.runWorker(ThreadPoolExecutor.java:1167)
12-01 03:58:35.022 W/hpplay-java( 3306): at java.util.concurrent.ThreadPoolExecutor$Worker.run(ThreadPoolExecutor.java:641)
12-01 03:58:35.022 W/hpplay-java( 3306): at java.lang.Thread.run(Thread.java:920)
12-01 03:58:35.023 W/hpplay-java( 3306): [AsyncTask #45]:MagicalCacheFile:java.io.FileNotFoundException: /storage/emulated/0/magical/b6b2a0180e64b17a37b77c80ebb3704a-21409-MG3.mg: open failed: ENOENT (No such file or directory)
12-01 03:58:35.023 W/hpplay-java( 3306): at libcore.io.IoBridge.open(IoBridge.java:575)
12-01 03:58:35.023 W/hpplay-java( 3306): at java.io.FileOutputStream.(FileOutputStream.java:236)
12-01 03:58:35.023 W/hpplay-java( 3306): at java.io.FileOutputStream.(FileOutputStream.java:186)
12-01 03:58:35.023 W/hpplay-java( 3306): at com.hpplay.sdk.sink.store.o.a(SourceFile:70)
12-01 03:58:35.023 W/hpplay-java( 3306): at com.hpplay.sdk.sink.cloud.d.a(SourceFile:328)
12-01 03:58:35.023 W/hpplay-java( 3306): at com.hpplay.sdk.sink.cloud.d.a(SourceFile:77)
12-01 03:58:35.023 W/hpplay-java( 3306): at com.hpplay.sdk.sink.cloud.i.run(SourceFile:292)
12-01 03:58:35.023 W/hpplay-java( 3306): at com.hpplay.common.asyncmanager.AsyncRunnableJob.doInBackground(SourceFile:1)
12-01 03:58:35.023 W/hpplay-java( 3306): at android.os.AsyncTask$3.call(AsyncTask.java:394)
12-01 03:58:35.023 W/hpplay-java( 3306): at java.util.concurrent.FutureTask.run(FutureTask.java:266)
12-01 03:58:35.023 W/hpplay-java( 3306): at java.util.concurrent.ThreadPoolExecutor.runWorker(ThreadPoolExecutor.java:1167)
12-01 03:58:35.023 W/hpplay-java( 3306): at java.util.concurrent.ThreadPoolExecutor$Worker.run(ThreadPoolExecutor.java:641)
12-01 03:58:35.023 W/hpplay-java( 3306): at java.lang.Thread.run(Thread.java:920)
12-01 03:58:35.023 W/hpplay-java( 3306): Caused by: android.system.ErrnoException: open failed: ENOENT (No such file or directory)
12-01 03:58:35.023 W/hpplay-java( 3306): at libcore.io.Linux.open(Native Method)
12-01 03:58:35.023 W/hpplay-java( 3306): at libcore.io.ForwardingOs.open(ForwardingOs.java:567)
12-01 03:58:35.023 W/hpplay-java( 3306): at libcore.io.BlockGuardOs.open(BlockGuardOs.java:273)
12-01 03:58:35.023 W/hpplay-java( 3306): at libcore.io.ForwardingOs.open(ForwardingOs.java:567)
12-01 03:58:35.023 W/hpplay-java( 3306): at android.app.ActivityThread$AndroidOs.open(ActivityThread.java:7766)
12-01 03:58:35.023 W/hpplay-java( 3306): at libcore.io.IoBridge.open(IoBridge.java:561)
12-01 03:58:35.023 W/hpplay-java( 3306): ... 12 more
12-01 03:58:35.023 I/hpplay-java( 3306): [AsyncTask #45]:Session:updateRegTime use server regTime
12-01 03:58:35.023 I/hpplay-java( 3306): [AsyncTask #45]:Session:updateHID use server hid
12-01 03:58:35.024 I/hpplay-java( 3306): [AsyncTask #45]:Session:updateUID use server uid
12-01 03:58:35.024 I/hpplay-java( 3306): [AsyncTask #45]:AuthSDK:analysisVerifyData
12-01 03:58:35.026 W/hpplay-java( 3306): [AsyncTask #45]:AuthSDK:analysisUrlData tvapp3 / http://120.78.185.110:9779
12-01 03:58:35.026 W/hpplay-java( 3306): [AsyncTask #45]:AuthSDK:analysisUrlData tvapp2 / https://tvapp.lebo.cn:9779
12-01 03:58:35.026 W/hpplay-java( 3306): [AsyncTask #45]:AuthSDK:analysisUrlData meeting / https://meeting.hpplay.cn
12-01 03:58:35.026 W/hpplay-java( 3306): [AsyncTask #45]:AuthSDK:analysisUrlData sdkauth / cdnauth1.hpplay.cn,cdnauth2.hpplay.cn
12-01 03:58:35.026 W/hpplay-java( 3306): [AsyncTask #45]:AuthSDK:analysisUrlData vipauth / https://vipauth.hpplay.cn
12-01 03:58:35.026 W/hpplay-java( 3306): [AsyncTask #45]:AuthSDK:analysisUrlData logup / logu.hpplay.cn:8865
12-01 03:58:35.026 W/hpplay-java( 3306): [AsyncTask #45]:AuthSDK:analysisUrlData tvapp / http://tvapp.hpplay.cn:9779
12-01 03:58:35.026 W/hpplay-java( 3306): [AsyncTask #45]:AuthSDK:analysisUrlData shorturl / sl.hpplay.cn
12-01 03:58:35.026 W/hpplay-java( 3306): [AsyncTask #45]:AuthSDK:analysisUrlData pin / http://pin.hpplay.cn
12-01 03:58:35.026 W/hpplay-java( 3306): [AsyncTask #45]:AuthSDK:analysisUrlData conf / conf.hpplay.cn:88
12-01 03:58:35.026 W/hpplay-java( 3306): [AsyncTask #45]:AuthSDK:analysisUrlData logreport / logu.hpplay.cn:8865
12-01 03:58:35.026 W/hpplay-java( 3306): [AsyncTask #45]:AuthSDK:analysisUrlData imdns / imdns.hpplay.cn
12-01 03:58:35.026 W/hpplay-java( 3306): [AsyncTask #45]:AuthSDK:analysisUrlData tvapi / tvapi.hpplay.com.cn:9999
12-01 03:58:35.026 W/hpplay-java( 3306): [AsyncTask #45]:AuthSDK:analysisUrlData fix / fix.hpplay.cn:8999
12-01 03:58:35.027 W/hpplay-java( 3306): [AsyncTask #45]:AuthSDK:analysisUrlData adengine / adeng.hpplay.cn
12-01 03:58:35.027 W/hpplay-java( 3306): [AsyncTask #45]:AuthSDK:analysisUrlData ad / ad.hpplay.cn
12-01 03:58:35.027 W/hpplay-java( 3306): [AsyncTask #45]:AuthSDK:analysisUrlData gslb / gslb.hpplay.cn
12-01 03:58:35.027 W/hpplay-java( 3306): [AsyncTask #45]:AuthSDK:analysisUrlData report / rp.hpplay.cn
12-01 03:58:35.027 W/hpplay-java( 3306): [AsyncTask #45]:AuthSDK:analysisUrlData push / im.hpplay.cn
12-01 03:58:35.027 W/hpplay-java( 3306): [AsyncTask #45]:AuthSDK:analysisUrlData switch / switch.hpplay.com.cn
12-01 03:58:35.027 W/hpplay-java( 3306): [AsyncTask #45]:AuthSDK:analysisUrlData im / 47.106.200.58
12-01 03:58:35.027 I/hpplay-java( 3306): [AsyncTask #45]:AuthSDK:im server: http://47.106.200.58
12-01 03:58:35.027 I/hpplay-java( 3306): [AsyncTask #45]:AuthSDK:getIMRoot connect
12-01 03:58:35.028 I/hpplay-java( 3306): [AsyncTask #45]:IM_PublicCastClient:cs 1
12-01 03:58:35.028 I/hpplay-java( 3306): [AsyncTask #45]:IM_PublicCastClient:connect http://47.106.200.58 com.hpplay.sdk.sink.cloud.PublicCastClient@28c5deb
12-01 03:58:35.031 W/hpplay-java( 3306): [AsyncTask #45]:IM_PublicCastClient:connect BSSID:02%3A00%3A00%3A00%3A00%3A00 / 02:00:00:00:00:00
12-01 03:58:35.032 I/hpplay-java( 3306): [AsyncTask #45]:IPManager:getActiveNets type: WIFI
12-01 03:58:35.032 I/hpplay-java( 3306): [AsyncTask #45]:IPManager:getActiveNets eth0:false wifi:true mobile:false ap:false
12-01 03:58:35.032 I/hpplay-java( 3306): [AsyncTask #45]:IPManager:getIPAddress IP_WLAN0
12-01 03:58:35.032 I/hpplay-java( 3306): [AsyncTask #45]:Preference:checkFeature none
12-01 03:58:35.032 I/hpplay-java( 3306): [AsyncTask #45]:Feature:isPlayListEnable :true
12-01 03:58:35.033 I/hpplay-java( 3306): [AsyncTask #45]:IM_PublicCastClient:connect capbilityBean.fe锛?1011100
12-01 03:58:35.033 I/hpplay-java( 3306): [AsyncTask #45]:IM_PublicCastClient:connect support youme
12-01 03:58:35.033 I/hpplay-java( 3306): [AsyncTask #45]:IM_IMEntrance:connect imUrl: http://47.106.200.58 uid: -913091833151951066
12-01 03:58:35.034 I/hpplay-java( 3306): [AsyncTask #45]:ControlCloudAPI:updateDynamicUrls
12-01 03:58:35.035 I/hpplay-java( 3306): [AsyncTask #45]:AuthSDK: analysisVerifyData servListValid: true {"ver":10,"url_list":[{"name":"tvapp3","url":"http:\/\/120.78.185.110:9779"},{"name":"tvapp2","url":"https:\/\/tvapp.lebo.cn:9779"},{"name":"meeting","url":"https:\/\/meeting.hpplay.cn"},{"name":"sdkauth","url":"cdnauth1.hpplay.cn,cdnauth2.hpplay.cn"},{"name":"vipauth","url":"https:\/\/vipauth.hpplay.cn"},{"name":"logup","url":"logu.hpplay.cn:8865"},{"name":"tvapp","url":"http:\/\/tvapp.hpplay.cn:9779"},{"name":"shorturl","url":"sl.hpplay.cn"},{"name":"pin","url":"http:\/\/pin.hpplay.cn"},{"name":"conf","url":"conf.hpplay.cn:88"},{"name":"logreport","url":"logu.hpplay.cn:8865"},{"name":"imdns","url":"imdns.hpplay.cn"},{"name":"tvapi","url":"tvapi.hpplay.com.cn:9999"},{"name":"fix","url":"fix.hpplay.cn:8999"},{"name":"adengine","url":"adeng.hpplay.cn"},{"name":"ad","url":"ad.hpplay.cn"},{"name":"gslb","url":"gslb.hpplay.cn"},{"name":"report","url":"rp.hpplay.cn"},{"name":"push","url":"im.hpplay.cn"},{"name":"switch","url":"switch.hpplay.com.cn"},{"name":"im","url":"47.106.200.58"}]}
12-01 03:58:35.035 I/hpplay-java( 3306): [AsyncTask #45]:AuthSDK:++++++++++++++++++++++++++0
12-01 03:58:35.035 W/hpplay-java( 3306): [AsyncTask #45]:AuthSDK: report login ...
12-01 03:58:35.035 I/hpplay-java( 3306): [AsyncTask #45]:SinkDataReport:login
12-01 03:58:35.035 I/hpplay-java( 3306): [AsyncTask #45]:DeviceUtil:getSerial type: wlan0
12-01 03:58:35.035 I/hpplay-java( 3306): [AsyncTask #45]:DeviceUtil:getSerial type: eth0
12-01 03:58:35.036 I/hpplay-java( 3306): [AsyncTask #47]:DeviceUtil:getMac type: eth0
12-01 03:58:35.043 W/hpplay-java( 3306): [AsyncTask #45]:Decoder:getDeCoderInfo
12-01 03:58:35.048 I/hpplay-java( 3306): [AsyncTask #45]:SWI:analyzeSwitch after: {"msshow":0,"pathAdTime":5}
12-01 03:58:35.049 I/hpplay-java( 3306): [AsyncTask #45]:AuthSDK:analysisVerifyData switchValid: true
12-01 03:58:35.049 I/hpplay-java( 3306): [AsyncTask #45]:IM_PublicCastClient:cs 1
12-01 03:58:35.049 I/hpplay-java( 3306): [AsyncTask #45]:Preference:checkFeature none
12-01 03:58:35.050 I/hpplay-java( 3306): [AsyncTask #45]:SWI:dr tip
12-01 03:58:35.050 I/hpplay-java( 3306): [AsyncTask #45]:DataReportShare:setReportSwitch,value:true
12-01 03:58:35.050 I/hpplay-java( 3306): [AsyncTask #45]:AuthSDK:requestDeviceFunctionList
12-01 03:58:35.050 I/hpplay-demo( 3306): [AsyncTask #45]:LelinkHelper:onAuthSDK status: 1
12-01 03:58:35.050 I/hpplay-java( 3306): [AsyncTask #45]:AuthSDK:requestLogo
12-01 03:58:35.051 I/hpplay-java( 3306): [AsyncTask #45]:AuthSDK:requestSdkConfigData
12-01 03:58:35.056 I/hpplay-java( 3306): [AsyncTask #45]:VipAuthSDK:vipAuth
12-01 03:58:35.057 I/hpplay-java( 3306): [AsyncTask #45]:EnterpriseAuthManager:getNewCompanyAuthSavePath
12-01 03:58:35.057 I/hpplay-java( 3306): [AsyncTask #45]:EnterpriseAuthManager:getNewCompanyAuthSavePath,get app cache path
12-01 03:58:35.058 I/hpplay-java( 3306): [AsyncTask #45]:AuthTask:release
12-01 03:58:35.058 I/hpplay-java( 3306): [AsyncTask #45]:AuthTask:refreshAuth 11
12-01 03:58:35.058 W/hpplay-java( 3306): [AsyncTask #54]:CreateUtils:notifyQRReady server not start,ignore
12-01 03:58:35.058 W/hpplay-java( 3306): [AsyncTask #54]:CreateUtils:isServerStartAndAuth server not start
12-01 03:58:35.058 W/hpplay-java( 3306): [AsyncTask #54]:CreateUtils:isServerStartAndAuth server not start
12-01 03:58:35.058 I/hpplay-java( 3306): [AsyncTask #54]:ServerBusiness:createPinCode ignore
12-01 03:58:35.059 I/hpplay-java( 3306): [AsyncTask #45]:AuthSDK:controlStartServer
12-01 03:58:35.059 I/hpplay-java( 3306): [AsyncTask #45]:ServiceUpdater:upLoadDeviceInfo url = http://gslb.hpplay.cn/lebo-flux-sdk/sdk/info/upload
12-01 03:58:35.059 I/hpplay-java( 3306): [AsyncTask #45]:DeviceUtil:getNumCores
12-01 03:58:35.059 I/auditd ( 5887): type=1400 audit(0.0:356): avc: denied { read } for comm="cat" name="address" dev="sysfs" ino=61788 scontext=u:r:platform_app:s0:c512,c768 tcontext=u:object_r:sysfs:s0 tclass=file permissive=0 app=com.hht.lebocast
12-01 03:58:35.059 W/cat ( 5887): type=1400 audit(0.0:356): avc: denied { read } for name="address" dev="sysfs" ino=61788 scontext=u:r:platform_app:s0:c512,c768 tcontext=u:object_r:sysfs:s0 tclass=file permissive=0 app=com.hht.lebocast
12-01 03:58:35.066 I/hpplay-java( 3306): [AsyncTask #53]:HttpRequest:https://vipauth.hpplay.cn/VipAuth path post
12-01 03:58:35.068 D/CompatibilityChangeReporter( 1525): Compat change id reported: 168419799; UID 10080; state: DISABLED
12-01 03:58:35.070 I/hpplay-java( 3306): [AsyncTask #45]:BusinessConfig:requestConfig
12-01 03:58:35.071 W/ActivityManager( 1525): Unable to start service Intent { act=android.intent.action.START_LEBO_SERVICE pkg=com.hpplay.happyplay.aw } U=0: not found
12-01 03:58:35.072 I/hpplay-java( 3306): [AsyncTask #45]:LeboUtil:wu r:false
12-01 03:58:35.075 I/hpplay-java( 3306): [AsyncTask #58]:HttpRequest:http://gslb.hpplay.cn/lebo-flux-sdk/sdk/info/upload path post
12-01 03:58:35.089 I/mpu_uart( 646): [MSG-P:RECV]:No message received in 1000 ms
12-01 03:58:35.116 I/hpplay-java( 3306): [AsyncTask #46]:IM_AbstractBlockingClient:run socket:Socket[address=/47.106.200.58,port=8080,localPort=49576]
12-01 03:58:35.119 I/hpplay-java( 3306): [AsyncTask #46]:IM_PublicCastClient:onConnectSuccess
12-01 03:58:35.189 I/hpplay-java( 3306): [AsyncTask #46]:IM_PublicCastClient:onAuthCallback
12-01 03:58:35.189 I/hpplay-java( 3306): [AsyncTask #46]:IM_PublicCastClient:authResult,code: 0
12-01 03:58:35.189 I/hpplay-java( 3306): [AsyncTask #46]:IM_AbstractBlockingClient:stopHeartBeat null
12-01 03:58:35.189 I/hpplay-java( 3306): [AsyncTask #46]:IM_AbstractBlockingClient:heartBeat after 50000
12-01 03:58:35.232 I/hpplay-java( 3306): [AsyncTask #50]:HttpRequest:doGet responseCode:200 0
12-01 03:58:35.242 I/hpplay-java( 3306): [AsyncTask #55]:HttpRequest:doGet responseCode:200 0
12-01 03:58:35.243 I/hpplay-java( 3306): [main]:Feature:isMirrorUsbEnable : 0
12-01 03:58:35.243 I/hpplay-java( 3306): [AsyncTask #52]:HttpRequest:doGet responseCode:200 0
12-01 03:58:35.244 W/hpplay-java( 3306): [main]:ResPositionRequest:requestRes invalid bean
12-01 03:58:35.245 I/hpplay-java( 3306): [AsyncTask #59]:HttpRequest:doGet responseCode:200 0
12-01 03:58:35.246 I/hpplay-java( 3306): [main]:AuthSDK:requestSdkConfigData result: {"status":200,"data":{"slimit":10000,"cyclean":0,"dlnatp":{"enable":0,"url":"https://openplat.hpplay.cn/common-conf/img/so/dlnaxmlnew-20210817102523161.xml","md5":"0fa04fd08975c81cdd9275f6ae23a020"},"data_transfer":{"enable":1,"upload_interval":5,"anti-controllog_delay":5,"delaylog_delay":5}}}
12-01 03:58:35.246 I/hpplay-java( 3306): [main]:AuthSDK:handleSdkConfigData,result: {"status":200,"data":{"slimit":10000,"cyclean":0,"dlnatp":{"enable":0,"url":"https://openplat.hpplay.cn/common-conf/img/so/dlnaxmlnew-20210817102523161.xml","md5":"0fa04fd08975c81cdd9275f6ae23a020"},"data_transfer":{"enable":1,"upload_interval":5,"anti-controllog_delay":5,"delaylog_delay":5}}}
12-01 03:58:35.246 I/hpplay-java( 3306): [main]:SDKConfigDataBean:parseJson
12-01 03:58:35.246 I/hpplay-java( 3306): [main]:SDKConfigDataBean:parseJson,parse config start
12-01 03:58:35.247 I/hpplay-java( 3306): [main]:SDKConfigDataBean:parseJson,switch:0 bili_config:
12-01 03:58:35.247 I/hpplay-java( 3306): [main]:RedirectManager:setRedirectConfig,value is invalid
12-01 03:58:35.247 I/hpplay-java( 3306): [AsyncTask #56]:HttpRequest:doGet responseCode:200 0
12-01 03:58:35.248 I/hpplay-java( 3306): [AsyncTask #51]:HttpRequest:doGet responseCode:200 0
12-01 03:58:35.249 W/hpplay-java( 3306): [main]:ResPositionRequest:requestRes invalid bean
12-01 03:58:35.249 I/hpplay-java( 3306): [AsyncTask #64]:FileRequest:mURL, https://openplat.hpplay.cn/common-conf/img/so/dlnaxmlnew-20210817102523161.xml downloadedSize, 0
12-01 03:58:35.259 I/hpplay-java( 3306): [AsyncTask #58]:HttpRequest:doPost responseCode:200
12-01 03:58:35.279 I/hpplay-java( 3306): [AsyncTask #60]:HttpRequest:doGet responseCode:200 0
12-01 03:58:35.564 I/hpplay-java( 3306): [AsyncTask #53]:HttpRequest:doPost responseCode:200
12-01 03:58:35.571 I/hpplay-java( 3306): [main]:AuthSDK:setVipAuthListener success
12-01 03:58:35.585 I/hpplay-java( 3306): [main]:NetworkReceiver:onReceive
12-01 03:58:35.588 I/hpplay-java( 3306): [main]:NetworkReceiver:onReceive restart in infos1
12-01 03:58:35.591 I/hpplay-java( 3306): [AsyncTask #67]:NetworkReceiver:restartServerIfNecessary mFirstComing:true, netInitialStickyBroadcast:false
12-01 03:58:35.592 I/hpplay-java( 3306): [AsyncTask #67]:IPManager:getActiveNets type: WIFI
12-01 03:58:35.592 I/hpplay-java( 3306): [AsyncTask #67]:IPManager:getActiveNets eth0:false wifi:true mobile:false ap:false
12-01 03:58:35.592 I/hpplay-java( 3306): [AsyncTask #67]:IPManager:getIPAddress IP_WLAN0
12-01 03:58:35.593 I/hpplay-java( 3306): [AsyncTask #66]:IPManager:updateIPAddress getIPAddress: 192.168.4.16 name:vlan4
12-01 03:58:35.593 I/hpplay-java( 3306): [AsyncTask #66]:IPManager:updateIPAddress getIPAddress: 192.168.43.97 name:wlan0
12-01 03:58:35.593 I/hpplay-java( 3306): [AsyncTask #66]:IPManager:updateIPAddress getIPAddress: 192.168.8.16 name:vlan8
12-01 03:58:35.593 I/hpplay-java( 3306): [AsyncTask #66]:IPManager:updateIPAddress getIPAddress: 192.168.11.16 name:vlan11
12-01 03:58:35.593 I/hpplay-java( 3306): [AsyncTask #66]:IPManager:updateIPAddress getIPAddress: 192.168.0.16 name:vlan0
12-01 03:58:35.593 I/hpplay-java( 3306): [AsyncTask #66]:IPManager:updateIPAddress getIPAddress: 192.168.2.16 name:vlan2
12-01 03:58:35.593 I/hpplay-java( 3306): [AsyncTask #66]:IPManager:updateIPAddress getIPAddress: 192.168.1.16 name:vlan1
12-01 03:58:35.598 I/hpplay-java( 3306): [AsyncTask #67]:IPManager:updateIPAddress getIPAddress: 192.168.4.16 name:vlan4
12-01 03:58:35.598 I/hpplay-java( 3306): [AsyncTask #67]:IPManager:updateIPAddress getIPAddress: 192.168.43.97 name:wlan0
12-01 03:58:35.598 I/hpplay-java( 3306): [AsyncTask #67]:IPManager:updateIPAddress getIPAddress: 192.168.8.16 name:vlan8
12-01 03:58:35.598 I/hpplay-java( 3306): [AsyncTask #67]:IPManager:updateIPAddress getIPAddress: 192.168.11.16 name:vlan11
12-01 03:58:35.598 I/hpplay-java( 3306): [AsyncTask #67]:IPManager:updateIPAddress getIPAddress: 192.168.0.16 name:vlan0
12-01 03:58:35.598 I/hpplay-java( 3306): [AsyncTask #67]:IPManager:updateIPAddress getIPAddress: 192.168.2.16 name:vlan2
12-01 03:58:35.598 I/hpplay-java( 3306): [AsyncTask #67]:IPManager:updateIPAddress getIPAddress: 192.168.1.16 name:vlan1
12-01 03:58:35.599 I/hpplay-java( 3306): [AsyncTask #67]:NetworkReceiver:restartServerIfNecessary mStartIp:null, currentIp:192.168.43.97 ap:false
12-01 03:58:35.600 I/hpplay-java( 3306): [main]:NetworkReceiver:WHAT_RESTART_SERVER
12-01 03:58:35.600 I/hpplay-java( 3306): [main]:ServerTaskManager:stopServer,keepPush true
12-01 03:58:35.600 I/hpplay-java( 3306): [main]:ServerTaskManager:stopServer ignore, reason: server was stopped or not lunched
12-01 03:58:35.600 I/hpplay-java( 3306): [main]:ServerTaskManager:exeTask ignore, reason: TaskList is clear
12-01 03:58:35.604 I/hpplay-java( 3306): [AsyncTask #64]:FileRequest:totalSize, 1853
12-01 03:58:36.089 I/mpu_uart( 646): [MSG-P:RECV]:No message received in 1000 ms
12-01 03:58:37.089 I/mpu_uart( 646): [MSG-P:RECV]:No message received in 1000 ms
12-01 03:58:37.130 I/wm_task_moved( 1525): [1,0,0]
12-01 03:58:37.130 I/EventSequenceValidator( 1525): inc AccIntentStartedEvents to 2
12-01 03:58:37.136 I/wm_task_moved( 1525): [1,0,11]
12-01 03:58:37.141 I/BpBinder( 979): onLastStrongRef automatically unlinking death recipients:
12-01 03:58:37.151 I/GameMode_ActivityMonitoringService( 4299): onForegroundActivitiesChanged uid 10076 pid 2849 fg true
12-01 03:58:37.153 I/wm_on_restart_called( 2849): [93742719,com.android.launcher3.uioverrides.QuickstepLauncher,performRestartActivity]
12-01 03:58:37.154 D/StateManager( 2849): goToState: Background
12-01 03:58:37.155 D/FreeWindowHelper( 2849): enterOrExitRecentTasks: isEnterRecentTasks=true,mExitFlag=0
12-01 03:58:37.155 D/FreeWindowContainer( 2849): reloadTask: null
12-01 03:58:37.160 I/GameMode_ActivityMonitoringService( 4299): Updating top task to: TaskInfoContainer [topActivity=ComponentInfo{com.android.settings/com.android.settings.Settings}, taskId=11, stackId=11, userId=0, displayId=0, position=12
12-01 03:58:37.161 I/GameMode_ActivityMonitoringService( 4299): Notifying about top task: TaskInfoContainer [topActivity=ComponentInfo{com.android.settings/com.android.settings.Settings}, taskId=11, stackId=11, userId=0, displayId=0, position=12
12-01 03:58:37.161 E/GameMode_ActivityMonitoringService( 4299): onActivityLaunch:com.android.settings
12-01 03:58:37.161 V/GameMode_GameTypeUtils( 4299): judge isGame:com.android.settings
12-01 03:58:37.161 V/GameMode_GpuUtils( 4299): fps:60
12-01 03:58:37.163 D/GameMode_GameModeActionUtils( 4299): Show GameMode entry by service!
12-01 03:58:37.163 W/ContextImpl( 4299): Calling a method in the system process without a qualified user: android.app.ContextImpl.startService:1816 android.content.ContextWrapper.startService:774 com.thundercomm.gamemode.ingame.services.GameModeActionUtils.startGameModeService:93 com.thundercomm.gamemode.ingame.services.GameModeActionUtils.startGameModeEntry:21 com.thundercomm.gamemode.ingame.services.ActivityMonitoringService$1.onActivityLaunch:127
12-01 03:58:37.165 D/GameModeIF_GameModeSettings( 4299): getUriFor setting_content_uri_root = content://com.thundercomm.gamemode.api/gamemode_settings , name = gamemode_isgaming
12-01 03:58:37.165 D/GameMode_GameModeService( 4299): type=hide_entry
12-01 03:58:37.169 I/GameModeConfig( 1525): Current uri is uri = content://com.thundercomm.gamemode.api/gamemode_settings/gamemode_isgaming
12-01 03:58:37.169 D/GameModeIF_GameModeSettings( 1525): getUriFor setting_content_uri_root = content://com.thundercomm.gamemode.api/gamemode_settings , name = gamemode_isgaming
12-01 03:58:37.169 D/GameModeIF_GameModeSettings( 4299): gamemode_isgaming set to 0
12-01 03:58:37.172 D/GameMode_GameSettingsObserver( 4299): Game Data change!!!! uri = content://com.thundercomm.gamemode.api/gamemode_settings/gamemode_isgaming
12-01 03:58:37.172 D/GameModeIF_GameModeSettings( 4299): getUriFor setting_content_uri_root = content://com.thundercomm.gamemode.api/gamemode_settings , name = gamemode_isgaming
12-01 03:58:37.172 I/GameModeConfig( 1525): isGameModeOn = false
12-01 03:58:37.172 I/GameModeConfig( 1525): isGameModeOn = false
12-01 03:58:37.173 I/GameModeConfig( 1525): isDisableVoice = true
12-01 03:58:37.174 D/GameMode_GameModeService( 4299): updateGlobalSettings = gamemode_isgaming
12-01 03:58:37.185 D/EditModeHelper( 2849): setHotseatVisibility: 8
12-01 03:58:37.187 D/CompatibilityChangeReporter( 2926): Compat change id reported: 150939131; UID 1000; state: ENABLED
12-01 03:58:37.190 D/BaseIconFactory( 2849): normalizeAndWrapToAdaptiveIcon: scale=0.8095241
12-01 03:58:37.190 I/wm_on_start_called( 2849): [93742719,com.android.launcher3.uioverrides.QuickstepLauncher,handleStartActivity]
12-01 03:58:37.191 I/InputDispatcher( 1525): Monitor swipe-up (server) is stealing touch from [cd71460 com.android.settings/com.android.settings.Settings (server), ]
12-01 03:58:37.192 I/view_enqueue_input_event( 2926): [Motion - Cancel,com.android.settings/com.android.settings.Settings]
12-01 03:58:37.194 I/input_focus( 1525): [Focus request recents_animation_input_consumer,reason=UpdateInputWindows]
12-01 03:58:37.195 I/input_interaction( 1525): Interaction with: edge-swipe (server), swipe-up (server), PointerEventDispatcher0 (server),
12-01 03:58:37.196 V/ShadeControllerImpl( 2372): NotificationShadeWindow: com.android.systemui.statusbar.phone.NotificationShadeWindowView{4dc17f0 I.E...... ......ID 0,0-2380,1020} canPanelBeCollapsed(): false
12-01 03:58:37.202 I/LatencyTracker( 2849): ACTION_TOGGLE_RECENTS latency=89
12-01 03:58:37.202 I/sysui_latency( 2849): [1,89]
12-01 03:58:37.204 D/libEGL ( 1525): MSAA-->msaa:0 gamemode:0 4x_msaa:0
12-01 03:58:37.205 D/libEGL ( 1525): MSAA-->msaa:0 gamemode:0 4x_msaa:0
12-01 03:58:37.206 D/libEGL ( 1525): MSAA-->msaa:0 gamemode:0 4x_msaa:0
12-01 03:58:37.212 I/input_focus( 1525): [Focus leaving cd71460 com.android.settings/com.android.settings.Settings (server),reason=NOT_FOCUSABLE]
12-01 03:58:37.212 I/input_focus( 1525): [Focus entering recents_animation_input_consumer (server),reason=setFocusedWindow]
12-01 03:58:37.219 I/EventSequenceValidator( 1525): dec AccIntentStartedEvents to 1
12-01 03:58:37.223 I/sysui_multi_action( 1525): [319,18,322,86,325,337,757,761,758,9,759,5,806,com.android.launcher3,871,com.android.launcher3.uioverrides.QuickstepLauncher,905,0,1320,4,1321,1]
12-01 03:58:37.253 W/OrientationEventListener( 2849): Cannot detect sensors. Invalid disable
12-01 03:58:37.256 D/FreeWindowHelper( 2849): enterOrExitRecentTasks: isEnterRecentTasks=false,mExitFlag=0
12-01 03:58:37.256 D/EditModeHelper( 2849): setHotseatVisibility: 0
12-01 03:58:37.261 W/View ( 2849): requestLayout() improperly called by com.android.launcher3.views.NoInsetView{fa682f9 V.ED..... ......ID 2038,0-2380,1020 #7f09007c app:id/bg_hotseat} during layout: running second layout pass
12-01 03:58:37.272 I/mpu_uart( 646): [MSG-P:R]:recv sync frame timeout
12-01 03:58:37.389 I/commit_sys_config_file( 1525): [settings-1-0,3]
12-01 03:58:37.518 I/LatencyTracker( 1525): ACTION_START_RECENTS_ANIMATION latency=98
12-01 03:58:37.518 I/sysui_latency( 1525): [8,98]
12-01 03:58:37.601 I/hpplay-java( 3306): [main]:ServerTaskManager:startServer
12-01 03:58:37.601 I/hpplay-java( 3306): [main]:ServerTaskManager:startServer add, reason: server start first or server was stopped
12-01 03:58:37.601 I/hpplay-java( 3306): [main]:ServerTaskManager:addStartTask
12-01 03:58:37.602 I/hpplay-java( 3306): [main]:IPManager:getActiveNets type: WIFI
12-01 03:58:37.602 I/hpplay-java( 3306): [main]:IPManager:getActiveNets eth0:false wifi:true mobile:false ap:false
12-01 03:58:37.602 I/hpplay-java( 3306): [main]:IPManager:getIPAddress IP_WLAN0
12-01 03:58:37.604 I/hpplay-java( 3306): [main]:IPManager:updateIPAddress getIPAddress: 192.168.4.16 name:vlan4
12-01 03:58:37.604 I/hpplay-java( 3306): [main]:IPManager:updateIPAddress getIPAddress: 192.168.43.97 name:wlan0
12-01 03:58:37.604 I/hpplay-java( 3306): [main]:IPManager:updateIPAddress getIPAddress: 192.168.8.16 name:vlan8
12-01 03:58:37.604 I/hpplay-java( 3306): [main]:IPManager:updateIPAddress getIPAddress: 192.168.11.16 name:vlan11
12-01 03:58:37.604 I/hpplay-java( 3306): [main]:IPManager:updateIPAddress getIPAddress: 192.168.0.16 name:vlan0
12-01 03:58:37.604 I/hpplay-java( 3306): [main]:IPManager:updateIPAddress getIPAddress: 192.168.2.16 name:vlan2
12-01 03:58:37.604 I/hpplay-java( 3306): [main]:IPManager:updateIPAddress getIPAddress: 192.168.1.16 name:vlan1
12-01 03:58:37.606 I/hpplay-java( 3306): [main]:ServerTaskManager:exeTask startServer
12-01 03:58:37.607 I/hpplay-java( 3306): [AsyncTask #38]:ServerBusiness:startDaemonBusiness
12-01 03:58:37.607 I/hpplay-java( 3306): [AsyncTask #39]:Bridge:assembleInParameters
12-01 03:58:37.607 I/hpplay-java( 3306): [main]:ServerTaskManager:startTimeOutCheck
12-01 03:58:37.607 I/hpplay-java( 3306): [AsyncTask #38]:TimeOutCheckUtil:addTask id:upgrade
12-01 03:58:37.607 I/hpplay-java( 3306): [main]:IM_PublicCastClient:cs 1
12-01 03:58:37.607 I/hpplay-java( 3306): [AsyncTask #38]:TimeOutCheckUtil:addTask id:ijkupgrade
12-01 03:58:37.608 I/hpplay-java( 3306): [main]:IM_PublicCastClient:connect http://47.106.200.58 com.hpplay.sdk.sink.cloud.PublicCastClient@28c5deb
12-01 03:58:37.609 I/hpplay-java( 3306): [AsyncTask #39]:Bridge:createDeviceId deviceId:Nzg6NTk6N2E6OTA6ZTg6MTg=
12-01 03:58:37.610 I/hpplay-java( 3306): [AsyncTask #39]:IPManager:getActiveNets type: WIFI
12-01 03:58:37.610 I/hpplay-java( 3306): [AsyncTask #39]:IPManager:getActiveNets eth0:false wifi:true mobile:false ap:false
12-01 03:58:37.610 I/hpplay-java( 3306): [AsyncTask #39]:IPManager:getIPAddress IP_WLAN0
12-01 03:58:37.610 I/hpplay-java( 3306): [AsyncTask #39]:Preference:checkFeature none
12-01 03:58:37.610 I/hpplay-java( 3306): [AsyncTask #39]:SWI:dlna tip
12-01 03:58:37.610 I/hpplay-java( 3306): [AsyncTask #39]:SWI:lefp tip
12-01 03:58:37.610 I/hpplay-java( 3306): [AsyncTask #39]:Bridge:assembleInParameters none alias name use device name: 楂樺悎濞变箰鍓睆
12-01 03:58:37.611 I/hpplay-java( 3306): [AsyncTask #39]:Feature:isSendAdvertisement
12-01 03:58:37.611 I/hpplay-java( 3306): [AsyncTask #39]:Preference:checkFeature none
12-01 03:58:37.611 W/hpplay-java( 3306): [main]:IM_PublicCastClient:connect BSSID:02%3A00%3A00%3A00%3A00%3A00 / 02:00:00:00:00:00
12-01 03:58:37.612 I/hpplay-java( 3306): [main]:IPManager:getActiveNets type: WIFI
12-01 03:58:37.612 I/hpplay-java( 3306): [main]:IPManager:getActiveNets eth0:false wifi:true mobile:false ap:false
12-01 03:58:37.612 I/hpplay-java( 3306): [main]:IPManager:getIPAddress IP_WLAN0
12-01 03:58:37.612 I/hpplay-java( 3306): [AsyncTask #39]:Bridge:createDeviceId deviceId:Nzg6NTk6N2E6OTA6ZTg6MTg=
12-01 03:58:37.612 I/hpplay-java( 3306): [main]:Preference:checkFeature none
12-01 03:58:37.612 I/hpplay-java( 3306): [main]:Feature:isPlayListEnable :true
12-01 03:58:37.612 I/hpplay-java( 3306): [AsyncTask #39]:Preference:checkFeature none
12-01 03:58:37.612 I/hpplay-java( 3306): [main]:IM_PublicCastClient:connect capbilityBean.fe锛?1011100
12-01 03:58:37.612 I/hpplay-java( 3306): [AsyncTask #39]:Bridge:backupHpplayDat bakPath:
12-01 03:58:37.613 I/hpplay-java( 3306): [main]:IM_PublicCastClient:connect support youme
12-01 03:58:37.613 I/hpplay-java( 3306): [AsyncTask #39]:Bridge:path:/data/user/0/com.hht.lebocast/files/hpplay/file/happyplay.dat
12-01 03:58:37.613 I/hpplay-java( 3306): [AsyncTask #39]:Bridge:mAppId:21409
12-01 03:58:37.613 I/hpplay-java( 3306): [AsyncTask #39]:Bridge:mode:3
12-01 03:58:37.613 I/hpplay-java( 3306): [AsyncTask #39]:Bridge:type:1
12-01 03:58:37.613 I/hpplay-java( 3306): NanoHTTPDNanoHTTPD:server is started
12-01 03:58:37.613 I/hpplay-java( 3306): [AsyncTask #39]:Bridge:SN:
12-01 03:58:37.613 I/hpplay-java( 3306): [AsyncTask #39]:Preference:checkFeature none
12-01 03:58:37.613 I/hpplay-java( 3306): [AsyncTask #39]:Bridge:backPath:
12-01 03:58:37.613 I/hpplay-java( 3306): [AsyncTask #39]:DeviceUtil:getPermissionDid: 1
12-01 03:58:37.613 I/hpplay-java( 3306): [AsyncTask #39]:DeviceUtil:getPermissionDid: 1
12-01 03:58:37.614 I/hpplay-java( 3306): [AsyncTask #39]:Preference:checkFeature none
12-01 03:58:37.614 I/hpplay-java( 3306): [AsyncTask #39]:Preference:checkFeature none
12-01 03:58:37.614 I/hpplay-java( 3306): [AsyncTask #39]:Preference:checkFeature none
12-01 03:58:37.614 I/hpplay-java( 3306): [AsyncTask #39]:Preference:checkFeature none
12-01 03:58:37.614 I/hpplay-java( 3306): [AsyncTask #39]:Preference:checkFeature none
12-01 03:58:37.616 I/hpplay-java( 3306): [main]:IM_IMEntrance:connect im is connecting now, call disconnect here
12-01 03:58:37.616 I/hpplay-java( 3306): [main]:IM_IMEntrance:disconnect
12-01 03:58:37.617 I/hpplay-java( 3306): [main]:IM_AbstractBlockingClient:stopHeartBeat com.hpplay.common.asyncmanager.AsyncManager$2@c65cee4
12-01 03:58:37.617 W/hpplay-java( 3306): [AsyncTask #61]:IM_AbstractBlockingClient:HeartbeatTask Exception java.lang.InterruptedException
12-01 03:58:37.617 W/hpplay-java( 3306): [AsyncTask #61]:IM_AbstractBlockingClient:heartBeatWrite end
12-01 03:58:37.618 I/hpplay-java( 3306): [main]:IM_IMEntrance:connect imUrl: http://47.106.200.58 uid: -913091833151951066
12-01 03:58:37.619 I/ntp_failure( 1525): [time.android.com/2001:4860:4806:4::,java.net.SocketTimeoutException: Poll timed out]
12-01 03:58:37.619 D/SntpClient( 1525): request time failed: java.net.SocketTimeoutException: Poll timed out
12-01 03:58:37.619 W/hpplay-java( 3306): [AsyncTask #46]:IM_AbstractBlockingClient:Client failure java.net.SocketException: Socket closed
12-01 03:58:37.619 W/hpplay-java( 3306): [AsyncTask #46]:IM_AbstractBlockingClient:restart sRetryCount 0
12-01 03:58:37.620 W/hpplay-java( 3306): [AsyncTask #46]:IM_AbstractBlockingClient:restart sleep interrupt
12-01 03:58:37.620 I/hpplay-java( 3306): [AsyncTask #46]:IM_AbstractBlockingClient:restart
12-01 03:58:37.620 I/hpplay-java( 3306): [AsyncTask #46]:IM_AbstractBlockingClient:stopHeartBeat null
12-01 03:58:37.620 W/hpplay-java( 3306): [AsyncTask #38]:ServerBusiness:startDaemonBusiness start LelinkHTTPD sucess 52288
12-01 03:58:37.624 I/hpplay-java( 3306): [main]:ServerBusiness:get deviceCode:2265148704
12-01 03:58:37.637 W/hpplay-java( 3306): [AsyncTask #39]:DeviceUtils:getDomain create lb domain
12-01 03:58:37.637 I/hpplay-java( 3306): [AsyncTask #38]:Support_Config:youme support version: 105
12-01 03:58:37.638 I/hpplay-java( 3306): [AsyncTask #41]:PluginLoader:autoLoadPlugin ignore,YOUMI/2
12-01 03:58:37.646 W/InputManager-JNI( 1525): Input channel object '327e728 Toast (client)' was disposed without first being removed with the input manager!
12-01 03:58:37.651 I/hpplay-java( 3306): [AsyncTask #39]:BuildConfigSupport:getBuildType BUILD_TYPE:release
12-01 03:58:37.651 I/hpplay-java( 3306): [AsyncTask #39]:Feature:getMirrorAudioVideoSync DISABLE
12-01 03:58:37.651 I/hpplay-java( 3306): [AsyncTask #39]:Feature:checkSupportRedirectOtherApp,no set redirect api
12-01 03:58:37.651 I/hpplay-java( 3306): [AsyncTask #39]:Feature:getRedirectSearchFlag,value: 0
12-01 03:58:37.651 W/NotificationService( 1525): Toast already killed. pkg=com.hht.lebocast token=android.os.BinderProxy@8aeb06e
12-01 03:58:37.652 I/hpplay-java( 3306): [AsyncTask #39]:Bridge:mIn: InParameters{appInfo='0', appKey='21409', authMode=0, authPwd='null', broadcastDirection=0, broadcastState=1, broadcastTimeout=3, buildType='release', cacheAVPath='/data/user/0/com.hht.lebocast/cache/hpplay/av', cachePhotoPath='/data/user/0/com.hht.lebocast/cache/hpplay/image', channel='LEBO-APK--60146-25915', desPath='', , deviceName='楂樺悎濞变箰鍓睆', dlna=1, dlnaCompany='Microsoft Corporation', dlnaCompanyURL='http://www.microsoft.com', dlnaDeviceDescribe='Media Renderer', dlnaDeviceName='Windows Media Player', dlnaDeviceURL='http://go.microsoft.com/fwlink/Linkld=105927', dlnaLelinkSwitch=1, dlnaManufacturer=0, dlnaName='楂樺悎濞变箰鍓睆', dlnaUPC='null', dlnaUUID='240f1a96-b2a9-1d9f-eae4-4e79ae0ceac7', domain='Lebo-figure-16ea96867ae8', drainage=0, feature='6655', fps=60, height=1080, host='null', , keyPath='/data/user/0/com.hht.lebocast/files/hpplay/file', lelinkfp=1, lelinkfp2=0, logBaseState=1, logPath='/storage/emulated/0/com.hht.lebocast/sink/sdk/common', , mdnsEnable=1, mirrorSyncType=0, netCastVer='2.0', packageName='com.hht.lebocast', packagePath='/data/user/0/com.hht.lebocast', permissionDid='16:ea:96:86:7a:e8', permissionMode=3, permissionPreSN='', port=0, preemptMode=0, regType='_leboremote._tcp.', serverPorts=null, sockWaitTimeOut=45, teleControlPort=53388, tunnels=3, txtKeys=null, txtValues=null, uid='-913091833151951066', videoFrameType=1001, width=1920}com.hpplay.sdk.sink.protocol.InParameters@a751d8b
12-01 03:58:37.653 I/hpplay-java( 3306): [main]:Bridge:startServer state: 0
12-01 03:58:37.653 D/hpplay-base( 3306): [jniBridge:185] not conference version
12-01 03:58:37.653 I/hpplay-base( 3306): [jniBridge:241] 1initServer nSettingWidth=1920 nSettingHeight=1080 nSettingMaxFPS=60 dlnaEnable=1 lelinkFpEnable=1
12-01 03:58:37.653 D/hpplay-base( 3306): [jniBridge:283] 1initServer cfg.leLinkIp=192.168.43.97
12-01 03:58:37.653 D/hpplay-base( 3306): [jniBridge:286] 1initServer cfg.mPermissionMode=3
12-01 03:58:37.653 D/hpplay-base( 3306): [jniBridge:304] 1initServer cfg.permissionDid=16:ea:96:86:7a:e8000000000000000
12-01 03:58:37.653 D/hpplay-base( 3306): [jniBridge:313] 1initServer cfg.mPermissionPreSN=00000000000000000000000000000000
12-01 03:58:37.653 D/hpplay-base( 3306): [jniBridge:317] Bridge___1initServer status:0
12-01 03:58:37.653 I/hpplay-base( 3306): [jniBridge:325] 1initServer cfg.feature=6655
12-01 03:58:37.653 D/hpplay-base( 3306): [jniBridge:377] 1initServer isSendBroadCast=3
12-01 03:58:37.653 D/hpplay-base( 3306): [jniBridge:380] 1initServer broadcastDirection=0
12-01 03:58:37.653 D/hpplay-base( 3306): [jniBridge:382] 1initServer ipBroadcast direction=0
12-01 03:58:37.653 D/hpplay-base( 3306): [jniBridge:387] 1initServer tunnel=3
12-01 03:58:37.653 D/hpplay-base( 3306): [jniBridge:390] 1initServer drainage=0
12-01 03:58:37.653 D/hpplay-base( 3306): [jniBridge:401] 1initServer mDNSEnable=1
12-01 03:58:37.653 D/hpplay-base( 3306): [jniBridge:406] 1initServer nSockWaitTimeOut=45
12-01 03:58:37.653 D/hpplay-base( 3306): [jniBridge:410] 1initServer nMirrorAudioVideoSync=0
12-01 03:58:37.653 I/hpplay-base( 3306): [sign_check:168] checkSign strPackageName:com.hht.lebocast
12-01 03:58:37.653 I/hpplay-base( 3306): [sign_check:169] checkSign buildType:release
12-01 03:58:37.653 I/hpplay-base( 3306): [sign_check:170] checkSign appKey:21409
12-01 03:58:37.653 D/hpplay-base( 3306): [LelinkBase:405] bridgeInit port: 0, lelinkfp: 0
12-01 03:58:37.653 D/hpplay-base( 3306): [LelinkBase:462] bridgeInit mPackagePath =/data/user/0/com.hht.lebocast
12-01 03:58:37.653 D/hpplay-base( 3306): [LelinkBase:463] bridgeInit mKeyPath =/data/user/0/com.hht.lebocast/files/hpplay/file
12-01 03:58:37.653 D/hpplay-base( 3306): [SinkContext:97] initSinkContext mPackagePath =/data/user/0/com.hht.lebocast
12-01 03:58:37.653 D/hpplay-base( 3306): [SinkContext:98] initSinkContext mKeyPath =/data/user/0/com.hht.lebocast/files/hpplay/file
12-01 03:58:37.653 D/hpplay-base( 3306): [jniBridge:478] Java_com_hpplay_sdk_sink_protocol_Bridge__1initServer end
12-01 03:58:37.654 D/hpplay-base( 3306): [jniBridge:869] Bridge__1startServer status:1
12-01 03:58:37.654 D/hpplay-base( 3306): [LelinkBase:492] startAllServer at base
12-01 03:58:37.654 D/hpplay-base( 3306): [lelinkSinkServer:152] httpPlugins_SetServerPort TYPE_SERVER_LELINK:52266
12-01 03:58:37.654 D/hpplay-base( 3306): [network.c:362] protocol bind host :192.168.43.97 port:52266 curent bind port:52266
12-01 03:58:37.654 D/hpplay-base( 3306): [lelinkSinkServer:681] HTTP Server real at:52266
12-01 03:58:37.654 D/hpplay-base( 3306): [lelinkSinkServer:644] Connected Service Type:0
12-01 03:58:37.655 D/hpplay-base( 3306): [ScreenStream:1285] current bind port:7100
12-01 03:58:37.655 I/hpplay-base( 3306): : (server.c.315) startServer listen_ing....:
12-01 03:58:37.655 D/hpplay-base( 3306): [Server:371] startHttpServer srv_sockets.used:1 nCurrentFd:79, tid is 5952
12-01 03:58:37.655 D/hpplay-base( 3306): [LelinkBase:515] startAllServer pBaseContext->config.dlnaEnable:1
12-01 03:58:37.655 D/hpplay-base( 3306): [stream_mirror_compat:759] compat mirror stream begin to run,server fd:80,thread_id:3071738304!!
12-01 03:58:37.655 D/hpplay-base( 3306): [lelinkDlna:324] addDMRCallback end
12-01 03:58:37.657 E/hpplay-base-dlna( 3306): miniserver.c:788::dlna_port(ipv4: 49152 ipv6:0)
12-01 03:58:37.709 D/hpplay-base-dlna( 3306): [lebodlna-dlnaframe:166] succeed to load lebodlnaplugin
12-01 03:58:37.709 D/hpplay-base-dlna( 3306): [lebodlna-dlnaframe:232] Succeed to load specified plugin:lebodlna_plugin
12-01 03:58:37.709 D/hpplay-base( 3306): [lelinkDlna:328] startDLNAServer ret=0
12-01 03:58:37.709 D/hpplay-base( 3306): [LelinkBase:531] startDLNAServer ret= 0
12-01 03:58:37.709 D/hpplay-base( 3306): [lelinkDlna:342] setDMRFriendlyName 楂樺悎濞变箰鍓睆
12-01 03:58:37.709 D/hpplay-base-dlna( 3306): [lebodlna-dlna_android:136] setBroadcastTimeout mBroadcastTimeOut=66 status=3!
12-01 03:58:37.709 D/hpplay-base-dlna( 3306): [lebodlna_api:32] start DMR
12-01 03:58:37.709 D/hpplay-base-dlna( 3306): [UpnpDefine:434] RegisterDMRender invalid lelink info
12-01 03:58:37.709 D/hpplay-base-dlna( 3306): [UpnpDefine:467] DLNA DEFAULT_DESCRIPTION
12-01 03:58:37.712 E/hpplay-base-dlna( 3306): upnpapi.c:1078::Exiting RegisterRootDevice2 *Hnd =1, return value == 0
12-01 03:58:37.712 D/hpplay-base-dlna( 3306): [CUpnpDevice:41] Register Root Device 2:0
12-01 03:58:37.712 D/hpplay-base-dlna( 3306): [UpnpDefine:794] ESDMRender:Register success
12-01 03:58:37.712 D/hpplay-base-dlna( 3306): [lebodlna_api:41] sendBroadcast mBroadcastTimeOut=3
12-01 03:58:37.712 D/hpplay-base-dlna( 3306): [lebodlna_api:44] sendBroadcast timeout=66
12-01 03:58:37.720 I/hpplay-java( 3306): [AsyncTask #46]:IM_AbstractBlockingClient:run socket:Socket[address=/47.106.200.58,port=8080,localPort=49602]
12-01 03:58:37.720 I/hpplay-java( 3306): [AsyncTask #46]:IM_PublicCastClient:onConnectSuccess
12-01 03:58:37.766 D/TlogServer_CoreService( 2629): Server onStarted: 192.168.43.97
12-01 03:58:37.770 D/hpplay-base( 3306): [lelinkDlna:361] startDLNADevice dlnaManufacturer:0 ret=0
12-01 03:58:37.770 D/hpplay-base( 3306): [LelinkBase:535] lelinkSetDlnaInfo ret= 0
12-01 03:58:37.770 D/hpplay-base( 3306): [LelinkBase:547] startAllServer pBaseContext->config.mDNSEnable:1
12-01 03:58:37.770 D/hpplay-base( 3306): [base_mdns:509] mdns net.hostname:
12-01 03:58:37.771 D/hpplay-base( 3306): [base_mdns:529] mdns namelabel:-BE-53-6E-B2-B2-60
12-01 03:58:37.771 D/hpplay-base( 3306): [base_mdns:509] mdns net.hostname:
12-01 03:58:37.771 D/hpplay-base( 3306): [base_mdns:529] mdns namelabel:-BE-53-6E-B2-B2-60
12-01 03:58:37.771 D/hpplay-base( 3306): [mdns:813] mdns start bind port:0
12-01 03:58:37.773 D/hpplay-base( 3306): [mdns:813] mdns start bind port:5353
12-01 03:58:37.773 D/hpplay-base( 3306): [mdns:813] mdns start bind port:5353
12-01 03:58:37.773 D/hpplay-base( 3306): [mdns:813] mdns start bind port:5353
12-01 03:58:37.774 D/hpplay-base( 3306): [mdns:813] mdns start bind port:5353
12-01 03:58:37.774 D/hpplay-base( 3306): [mdns:813] mdns start bind port:5353
12-01 03:58:37.774 D/hpplay-base( 3306): [mdns:813] mdns start bind port:5353
12-01 03:58:37.774 D/hpplay-base( 3306): [mdns:813] mdns start bind port:5353
12-01 03:58:37.774 I/hpplay-base( 3306): [mDNSEmbeded:57] embedded_mDNSInit stopmDNSNow:0 status:0
12-01 03:58:37.774 D/hpplay-base( 3306): [mDNSEmbeded:436] startmDNSServer end nRet=0
12-01 03:58:37.774 D/hpplay-base( 3306): [LelinkBase:555] lelink broadcast_on_off:1 log2java_on_off:1
12-01 03:58:37.775 D/hpplay-base( 3306): [LelinkMDNS:729] leboAuthorizationCheck strUuid=16:ea:96:86:7a:e8000000000000000
12-01 03:58:37.775 D/hpplay-base( 3306): [LelinkMDNS:730] leboAuthorizationCheck mPermissionDid=16:ea:96:86:7a:e8000000000000000
12-01 03:58:37.775 D/hpplay-base( 3306): [LelinkMDNS:755] leboAuthorizationCheck mPermissionMac=16:ea:96:86:7a:e8000000000000000
12-01 03:58:37.775 D/hpplay-base( 3306): [AEventUtils:595] request to start event handle service!!
12-01 03:58:37.775 D/hpplay-base( 3306): [AEventUtils:603] start_event_handle_service,begin to run!!
12-01 03:58:37.775 I/hpplay-base( 3306): [mDNSEmbeded:268] start lelink publish server, tid is 5975
12-01 03:58:37.775 D/hpplay-base( 3306): [REventUtils:210] start_event_handle_service,begin to run!!
12-01 03:58:37.775 D/hpplay-base( 3306): [LelinkBase:576] startAllServer success .
12-01 03:58:37.775 D/hpplay-base( 3306): [REventUtils:59] create handleREventThread thread ok!!,tid is 5978
12-01 03:58:37.775 D/hpplay-base( 3306): [jniBridge:894] startDlna_link:http://192.168.43.97:49152/description.xml
12-01 03:58:37.775 D/hpplay-base( 3306): [jniBridge:1081] notifyJavaDlnalink:http://192.168.43.97:49152/description.xml
12-01 03:58:37.775 D/hpplay-base( 3306): [jniBridge:1726] notifyJava, what:207, castType:0, mimeType:0 baseStatus:2
12-01 03:58:37.775 D/hpplay-base( 3306): [jniBridge:1727] notifyJava sessionID:(null)
12-01 03:58:37.775 D/hpplay-base( 3306): [AEventUtils:171] create handle AEvent thread ok!!,tid is 5977
12-01 03:58:37.775 D/hpplay-base( 3306): [mDNSEmbeded:197] http_port bind check 197 http_port_check
12-01 03:58:37.776 I/hpplay-java( 3306): [Thread-3]:Bridge:notify: what: 207
12-01 03:58:37.777 D/hpplay-base( 3306): [mDNSEmbeded:217] http_port bind check 217 http_port_check
12-01 03:58:37.777 D/hpplay-base( 3306): [mDNSEmbeded:222] http_port bind check 222 http_port_check
12-01 03:58:37.777 I/hpplay-java( 3306): [Thread-3]:Bridge:notify: out: OutParameters:{audioSessionId=-1, audiotrackIndex=0, castHandleType=-1, castType=0, deviceName='http://192.168.43.97:49152/description.xml', dlnaName='', dramaID='', extra=0, frameHandleType=-1, handleInside=true, headduration=0, header='', headers=null, isAD=false, isMultiMirror=false, lelinkVer='', limitTime=0, , mediaAlbum='null', mediaAlbumArtURI='', mediaArtist='null', mediaAssets='', mediaTitle='null', mimeType=0, multiSession=null, period=0, pinCode='', playSpeed=0.0, playerChoice=0, plugin=0, port=0, position=0.0, positionUnit=2, protocol=0, realSessionID='', regType='', , sinkIp='', sourceAPPVersion='', sourceChannel='', sourceClientInfo='', sourceDeviceInfo='', sourceDeviceModel='', sourceDeviceName='', sourceDeviceType=0, sourceHID='', , sourceInfo='', , , sourceOSVersion='', sourceSDKVersion='', sourceUid='', stopDetail=0, stopReason=0, tailduration=0, url='', urlID='', urls=null, userAgent='', videoDecoder=0, volume=0, what=207}com.hpplay.sdk.sink.protocol.OutParameters@9a0d281
12-01 03:58:37.777 I/hpplay-java( 3306): [Thread-3]:Bridge:notify: address:174268198
12-01 03:58:37.778 D/hpplay-base( 3306): [mDNSEmbeded:234] http_port bind check 234 http_port_check port:52266
12-01 03:58:37.778 D/hpplay-base( 3306): [mDNSEmbeded:237] http_port bind check 237 http_port_check
12-01 03:58:37.779 D/hpplay-base( 3306): [lelinkSinkServer:93] new client connection from 127.0.0.1 52939, fd=105
12-01 03:58:37.779 D/hpplay-base( 3306): [SinkContext:137] addSinkContextSession,begin to run!!
12-01 03:58:37.779 D/hpplay-base( 3306): [SinkContext:142] addSinkContextSession,begin to get lock!!
12-01 03:58:37.779 D/hpplay-base( 3306): [SinkContext:144] addSinkContextSession,get lock ok!!
12-01 03:58:37.779 D/hpplay-base( 3306): [SinkContext:149] addSinkContextSession,session list is null,begin to malloc!!
12-01 03:58:37.779 D/hpplay-base( 3306): [SinkContext:156] addSinkContextSession,begin to update!!
12-01 03:58:37.779 D/hpplay-base( 3306): [SinkContext:160] addSinkContextSession,begin to update header!!
12-01 03:58:37.779 D/hpplay-base( 3306): [SinkContext:172] addSinkContextSession,begin to unlock!!
12-01 03:58:37.779 D/hpplay-base( 3306): [SinkContext:174] addSinkContextSession,unlock ok!!
12-01 03:58:37.779 D/hpplay-base( 3306): [LelinkReceiver:4908] get ping !!!
12-01 03:58:37.780 D/hpplay-base( 3306): [mDNSEmbeded:240] http_port bind check 240 http_port_check recieved:64
12-01 03:58:37.780 D/hpplay-base( 3306): [mDNSEmbeded:243] http_port bind check 243 http_port_check
12-01 03:58:37.780 D/hpplay-base( 3306): [mDNSEmbeded:244] http_port bind check ok!
12-01 03:58:37.797 I/hpplay-java( 3306): [AsyncTask #46]:IM_PublicCastClient:onAuthCallback
12-01 03:58:37.797 I/hpplay-java( 3306): [AsyncTask #46]:IM_PublicCastClient:authResult,code: 0
12-01 03:58:37.797 I/hpplay-java( 3306): [AsyncTask #46]:IM_AbstractBlockingClient:stopHeartBeat null
12-01 03:58:37.797 I/hpplay-java( 3306): [AsyncTask #46]:IM_AbstractBlockingClient:heartBeat after 50000
12-01 03:58:37.900 D/EditModeHelper( 2849): setHotseatVisibility: 0
12-01 03:58:37.921 I/wm_task_moved( 1525): [1,1,12]
12-01 03:58:37.922 I/wm_task_moved( 1525): [10,1,2147483647]
12-01 03:58:37.922 I/wm_task_to_front( 1525): [0,10]
12-01 03:58:37.923 I/wm_focused_root_task( 1525): [0,0,1,11,RecentsAnimation.onAnimationFinished()]
12-01 03:58:37.923 I/wm_on_top_resumed_lost_called( 2926): [226233913,com.android.settings.Settings,topStateChangedWhenResumed]
12-01 03:58:37.923 I/wm_set_resumed_activity( 1525): [0,com.android.launcher3/.uioverrides.QuickstepLauncher,RecentsAnimation.onAnimationFinished()]
12-01 03:58:37.924 D/ActivityTrigger( 1525): ActivityTrigger activityPauseTrigger
12-01 03:58:37.925 I/wm_pause_activity( 1525): [0,226233913,com.android.settings/.Settings,userLeaving=true,pauseBackTasks]
12-01 03:58:37.927 I/wm_add_to_stopping( 1525): [0,226233913,com.android.settings/.Settings,makeInvisible]
12-01 03:58:37.928 I/ActivityTaskManager( 1525): FOREGROUND_APPLICATION_CHANGED to com.android.launcher3.uioverrides.QuickstepLauncher
12-01 03:58:37.929 I/wm_set_resumed_activity( 1525): [0,com.android.launcher3/.uioverrides.QuickstepLauncher,resumeTopActivityInnerLocked]
12-01 03:58:37.932 I/wm_resume_activity( 1525): [0,93742719,10,com.android.launcher3/.uioverrides.QuickstepLauncher]
12-01 03:58:37.934 I/wm_on_resume_called( 2849): [93742719,com.android.launcher3.uioverrides.QuickstepLauncher,RESUME_ACTIVITY]
12-01 03:58:37.945 I/input_focus( 1525): [Focus request 56534c8 com.android.launcher3/com.android.launcher3.uioverrides.QuickstepLauncher,reason=UpdateInputWindows]
12-01 03:58:37.948 I/sysui_multi_action( 2926): [757,35,758,2,1089,16140]
12-01 03:58:37.948 I/sysui_multi_action( 2926): [757,103,758,2,1089,16137]
12-01 03:58:37.948 I/wm_on_paused_called( 2926): [226233913,com.android.settings.Settings,performPause]
12-01 03:58:37.951 I/wm_stop_activity( 1525): [0,226233913,com.android.settings/.Settings]
12-01 03:58:37.957 I/sysui_multi_action( 1525): [757,803,799,window_time_0,802,17]
12-01 03:58:37.957 I/wm_on_top_resumed_gained_called( 2849): [93742719,com.android.launcher3.uioverrides.QuickstepLauncher,topStateChangedWhenResumed]
12-01 03:58:37.958 I/sysui_multi_action( 1525): [757,803,799,window_time_0,802,0]
12-01 03:58:37.961 W/System ( 2372): A resource failed to call release.
12-01 03:58:37.966 W/System ( 2372): A resource failed to call close.
12-01 03:58:37.966 W/System ( 2372): A resource failed to call close.
12-01 03:58:37.968 I/input_focus( 1525): [Focus leaving recents_animation_input_consumer (server),reason=NOT_VISIBLE]
12-01 03:58:37.969 D/hpplay-base( 3306): [LelinkMDNS:766] devicePermissionPublic leboPermissionCheck:-2
12-01 03:58:37.969 D/hpplay-base( 3306): [jniBridge:1125] com_hpplay_sdk_sink_protocol_Bridge_WHAT_SERVER_ERROR
12-01 03:58:37.969 D/hpplay-base( 3306): [jniBridge:1726] notifyJava, what:204, castType:0, mimeType:0 baseStatus:2
12-01 03:58:37.969 D/hpplay-base( 3306): [jniBridge:1727] notifyJava sessionID:(null)
12-01 03:58:37.969 I/input_focus( 1525): [Focus entering 56534c8 com.android.launcher3/com.android.launcher3.uioverrides.QuickstepLauncher (server),reason=setFocusedWindow]
12-01 03:58:37.970 I/hpplay-java( 3306): [Thread-4]:Bridge:notify: what: 204
