12-01 03:53:27.567 I/auditd ( 1161): type=1400 audit(0.0:248): avc: denied { read } for comm="traced_probes" name="format" dev="tracefs" ino=3707 scontext=u:r:traced_probes:s0 tcontext=u:object_r:debugfs_tracing_debug:s0 tclass=file permissive=0
12-01 03:53:27.567 I/auditd ( 1161): type=1400 audit(0.0:249): avc: denied { read } for comm="traced_probes" name="format" dev="tracefs" ino=3773 scontext=u:r:traced_probes:s0 tcontext=u:object_r:debugfs_tracing_debug:s0 tclass=file permissive=0
12-01 03:53:27.567 I/auditd ( 1161): type=1400 audit(0.0:250): avc: denied { read } for comm="traced_probes" name="format" dev="tracefs" ino=3785 scontext=u:r:traced_probes:s0 tcontext=u:object_r:debugfs_tracing_debug:s0 tclass=file permissive=0
12-01 03:53:27.567 I/auditd ( 1161): type=1400 audit(0.0:251): avc: denied { read } for comm="traced_probes" name="format" dev="tracefs" ino=3719 scontext=u:r:traced_probes:s0 tcontext=u:object_r:debugfs_tracing_debug:s0 tclass=file permissive=0
12-01 03:53:27.567 I/auditd ( 1161): type=1400 audit(0.0:252): avc: denied { read } for comm="traced_probes" name="format" dev="tracefs" ino=3749 scontext=u:r:traced_probes:s0 tcontext=u:object_r:debugfs_tracing_debug:s0 tclass=file permissive=0
12-01 03:53:27.567 I/auditd ( 1161): type=1400 audit(0.0:253): avc: denied { read } for comm="traced_probes" name="format" dev="tracefs" ino=3737 scontext=u:r:traced_probes:s0 tcontext=u:object_r:debugfs_tracing_debug:s0 tclass=file permissive=0
12-01 03:53:27.567 I/auditd ( 1161): type=1400 audit(0.0:254): avc: denied { read } for comm="traced_probes" name="format" dev="tracefs" ino=3779 scontext=u:r:traced_probes:s0 tcontext=u:object_r:debugfs_tracing_debug:s0 tclass=file permissive=0
12-01 03:53:27.567 I/auditd ( 1161): type=1400 audit(0.0:255): avc: denied { read } for comm="traced_probes" name="format" dev="tracefs" ino=1146 scontext=u:r:traced_probes:s0 tcontext=u:object_r:debugfs_tracing_debug:s0 tclass=file permissive=0
12-01 03:53:27.567 I/auditd ( 1161): type=1400 audit(0.0:256): avc: denied { read } for comm="traced_probes" name="format" dev="tracefs" ino=1158 scontext=u:r:traced_probes:s0 tcontext=u:object_r:debugfs_tracing_debug:s0 tclass=file permissive=0
12-01 03:53:27.567 I/auditd ( 1161): type=1400 audit(0.0:257): avc: denied { read } for comm="traced_probes" name="format" dev="tracefs" ino=4415 scontext=u:r:traced_probes:s0 tcontext=u:object_r:debugfs_tracing_debug:s0 tclass=file permissive=0
12-01 03:53:27.567 I/auditd ( 1161): type=1400 audit(0.0:258): avc: denied { read } for comm="traced_probes" name="format" dev="tracefs" ino=4385 scontext=u:r:traced_probes:s0 tcontext=u:object_r:debugfs_tracing_debug:s0 tclass=file permissive=0
12-01 03:53:27.567 I/auditd ( 1161): type=1400 audit(0.0:259): avc: denied { read } for comm="traced_probes" name="format" dev="tracefs" ino=4217 scontext=u:r:traced_probes:s0 tcontext=u:object_r:debugfs_tracing_debug:s0 tclass=file permissive=0
12-01 03:53:27.567 I/auditd ( 1161): type=1400 audit(0.0:260): avc: denied { read } for comm="traced_probes" name="format" dev="tracefs" ino=4247 scontext=u:r:traced_probes:s0 tcontext=u:object_r:debugfs_tracing_debug:s0 tclass=file permissive=0
12-01 03:53:27.567 I/auditd ( 1161): type=1400 audit(0.0:261): avc: denied { read } for comm="traced_probes" name="format" dev="tracefs" ino=4757 scontext=u:r:traced_probes:s0 tcontext=u:object_r:debugfs_tracing_debug:s0 tclass=file permissive=0
12-01 03:53:27.567 I/auditd ( 1161): type=1400 audit(0.0:262): avc: denied { read } for comm="traced_probes" name="format" dev="tracefs" ino=4463 scontext=u:r:traced_probes:s0 tcontext=u:object_r:debugfs_tracing_debug:s0 tclass=file permissive=0
12-01 03:53:27.567 I/auditd ( 1161): type=1400 audit(0.0:263): avc: denied { read } for comm="traced_probes" name="format" dev="tracefs" ino=4457 scontext=u:r:traced_probes:s0 tcontext=u:object_r:debugfs_tracing_debug:s0 tclass=file permissive=0
12-01 03:53:27.567 I/auditd ( 1161): type=1400 audit(0.0:264): avc: denied { read } for comm="traced_probes" name="format" dev="tracefs" ino=4451 scontext=u:r:traced_probes:s0 tcontext=u:object_r:debugfs_tracing_debug:s0 tclass=file permissive=0
12-01 03:53:27.567 I/auditd ( 1161): type=1400 audit(0.0:265): avc: denied { read } for comm="traced_probes" name="format" dev="tracefs" ino=4289 scontext=u:r:traced_probes:s0 tcontext=u:object_r:debugfs_tracing_debug:s0 tclass=file permissive=0
12-01 03:53:27.567 I/auditd ( 1161): type=1400 audit(0.0:266): avc: denied { read } for comm="traced_probes" name="format" dev="tracefs" ino=4295 scontext=u:r:traced_probes:s0 tcontext=u:object_r:debugfs_tracing_debug:s0 tclass=file permissive=0
12-01 03:53:27.567 I/auditd ( 1161): type=1400 audit(0.0:267): avc: denied { read } for comm="traced_probes" name="format" dev="tracefs" ino=4493 scontext=u:r:traced_probes:s0 tcontext=u:object_r:debugfs_tracing_debug:s0 tclass=file permissive=0
12-01 03:53:27.567 I/auditd ( 1161): type=1400 audit(0.0:268): avc: denied { read } for comm="traced_probes" name="format" dev="tracefs" ino=4499 scontext=u:r:traced_probes:s0 tcontext=u:object_r:debugfs_tracing_debug:s0 tclass=file permissive=0
12-01 03:53:27.567 I/auditd ( 1161): type=1400 audit(0.0:269): avc: denied { read } for comm="traced_probes" name="format" dev="tracefs" ino=4337 scontext=u:r:traced_probes:s0 tcontext=u:object_r:debugfs_tracing_debug:s0 tclass=file permissive=0
12-01 03:53:27.567 I/auditd ( 1161): type=1400 audit(0.0:270): avc: denied { read } for comm="traced_probes" name="format" dev="tracefs" ino=4367 scontext=u:r:traced_probes:s0 tcontext=u:object_r:debugfs_tracing_debug:s0 tclass=file permissive=0
12-01 03:53:27.567 I/auditd ( 1161): type=1400 audit(0.0:271): avc: denied { read } for comm="traced_probes" name="format" dev="tracefs" ino=4229 scontext=u:r:traced_probes:s0 tcontext=u:object_r:debugfs_tracing_debug:s0 tclass=file permissive=0
12-01 03:53:27.567 I/auditd ( 1161): type=1400 audit(0.0:272): avc: denied { read } for comm="traced_probes" name="format" dev="tracefs" ino=4703 scontext=u:r:traced_probes:s0 tcontext=u:object_r:debugfs_tracing_debug:s0 tclass=file permissive=0
12-01 03:53:27.567 I/auditd ( 1161): type=1400 audit(0.0:273): avc: denied { read } for comm="traced_probes" name="format" dev="tracefs" ino=4715 scontext=u:r:traced_probes:s0 tcontext=u:object_r:debugfs_tracing_debug:s0 tclass=file permissive=0
12-01 03:53:27.567 I/auditd ( 1161): type=1400 audit(0.0:274): avc: denied { read } for comm="traced_probes" name="format" dev="tracefs" ino=4721 scontext=u:r:traced_probes:s0 tcontext=u:object_r:debugfs_tracing_debug:s0 tclass=file permissive=0
12-01 03:53:27.567 I/auditd ( 1161): type=1400 audit(0.0:275): avc: denied { read } for comm="traced_probes" name="format" dev="tracefs" ino=4697 scontext=u:r:traced_probes:s0 tcontext=u:object_r:debugfs_tracing_debug:s0 tclass=file permissive=0
12-01 03:53:27.567 I/auditd ( 1161): type=1400 audit(0.0:276): avc: denied { read } for comm="traced_probes" name="format" dev="tracefs" ino=4709 scontext=u:r:traced_probes:s0 tcontext=u:object_r:debugfs_tracing_debug:s0 tclass=file permissive=0
12-01 03:53:27.567 I/auditd ( 1161): type=1400 audit(0.0:277): avc: denied { read } for comm="traced_probes" name="format" dev="tracefs" ino=4769 scontext=u:r:traced_probes:s0 tcontext=u:object_r:debugfs_tracing_debug:s0 tclass=file permissive=0
12-01 03:53:27.567 I/auditd ( 1161): type=1400 audit(0.0:278): avc: denied { read } for comm="traced_probes" name="format" dev="tracefs" ino=4739 scontext=u:r:traced_probes:s0 tcontext=u:object_r:debugfs_tracing_debug:s0 tclass=file permissive=0
12-01 03:53:27.567 I/auditd ( 1161): type=1400 audit(0.0:279): avc: denied { read } for comm="traced_probes" name="format" dev="tracefs" ino=4745 scontext=u:r:traced_probes:s0 tcontext=u:object_r:debugfs_tracing_debug:s0 tclass=file permissive=0
12-01 03:53:27.567 I/auditd ( 1161): type=1400 audit(0.0:280): avc: denied { read } for comm="traced_probes" name="format" dev="tracefs" ino=4751 scontext=u:r:traced_probes:s0 tcontext=u:object_r:debugfs_tracing_debug:s0 tclass=file permissive=0
12-01 03:53:27.567 I/auditd ( 1161): type=1400 audit(0.0:281): avc: denied { read } for comm="traced_probes" name="format" dev="tracefs" ino=4223 scontext=u:r:traced_probes:s0 tcontext=u:object_r:debugfs_tracing_debug:s0 tclass=file permissive=0
12-01 03:53:27.567 I/auditd ( 1161): type=1400 audit(0.0:282): avc: denied { read } for comm="traced_probes" name="format" dev="tracefs" ino=4553 scontext=u:r:traced_probes:s0 tcontext=u:object_r:debugfs_tracing_debug:s0 tclass=file permissive=0
12-01 03:53:27.567 I/auditd ( 1161): type=1400 audit(0.0:283): avc: denied { read } for comm="traced_probes" name="format" dev="tracefs" ino=4559 scontext=u:r:traced_probes:s0 tcontext=u:object_r:debugfs_tracing_debug:s0 tclass=file permissive=0
12-01 03:53:27.567 I/auditd ( 1161): type=1400 audit(0.0:284): avc: denied { read } for comm="traced_probes" name="format" dev="tracefs" ino=4625 scontext=u:r:traced_probes:s0 tcontext=u:object_r:debugfs_tracing_debug:s0 tclass=file permissive=0
12-01 03:53:27.567 I/auditd ( 1161): type=1400 audit(0.0:285): avc: denied { read } for comm="traced_probes" name="format" dev="tracefs" ino=4643 scontext=u:r:traced_probes:s0 tcontext=u:object_r:debugfs_tracing_debug:s0 tclass=file permissive=0
12-01 03:53:27.567 I/auditd ( 1161): type=1400 audit(0.0:286): avc: denied { read } for comm="traced_probes" name="format" dev="tracefs" ino=4589 scontext=u:r:traced_probes:s0 tcontext=u:object_r:debugfs_tracing_debug:s0 tclass=file permissive=0
12-01 03:53:27.567 I/auditd ( 1161): type=1400 audit(0.0:287): avc: denied { read } for comm="traced_probes" name="format" dev="tracefs" ino=4565 scontext=u:r:traced_probes:s0 tcontext=u:object_r:debugfs_tracing_debug:s0 tclass=file permissive=0
12-01 03:53:27.567 I/auditd ( 1161): type=1400 audit(0.0:288): avc: denied { read } for comm="traced_probes" name="format" dev="tracefs" ino=4577 scontext=u:r:traced_probes:s0 tcontext=u:object_r:debugfs_tracing_debug:s0 tclass=file permissive=0
12-01 03:53:27.567 I/auditd ( 1161): type=1400 audit(0.0:289): avc: denied { read } for comm="traced_probes" name="format" dev="tracefs" ino=4637 scontext=u:r:traced_probes:s0 tcontext=u:object_r:debugfs_tracing_debug:s0 tclass=file permissive=0
12-01 03:53:27.567 I/auditd ( 1161): type=1400 audit(0.0:290): avc: denied { read } for comm="traced_probes" name="format" dev="tracefs" ino=4685 scontext=u:r:traced_probes:s0 tcontext=u:object_r:debugfs_tracing_debug:s0 tclass=file permissive=0
12-01 03:53:27.567 I/auditd ( 1161): type=1400 audit(0.0:291): avc: denied { read } for comm="traced_probes" name="format" dev="tracefs" ino=4691 scontext=u:r:traced_probes:s0 tcontext=u:object_r:debugfs_tracing_debug:s0 tclass=file permissive=0
12-01 03:53:27.567 I/auditd ( 1161): type=1400 audit(0.0:292): avc: denied { read } for comm="traced_probes" name="format" dev="tracefs" ino=4679 scontext=u:r:traced_probes:s0 tcontext=u:object_r:debugfs_tracing_debug:s0 tclass=file permissive=0
12-01 03:53:27.567 I/auditd ( 1161): type=1400 audit(0.0:293): avc: denied { read } for comm="traced_probes" name="format" dev="tracefs" ino=4673 scontext=u:r:traced_probes:s0 tcontext=u:object_r:debugfs_tracing_debug:s0 tclass=file permissive=0
12-01 03:53:27.576 I/am_proc_bound( 1525): [0,2585,com.thundercomm.microsettings]
12-01 03:53:27.579 I/am_proc_bound( 1525): [0,2589,.dataservices]
12-01 03:53:27.581 I/am_uid_active( 1525): 1001
12-01 03:53:27.582 I/am_proc_start( 1525): [0,2629,1000,com.thundercomm.tchttpserver,added application,com.thundercomm.tchttpserver]
12-01 03:53:27.587 I/auditd ( 1161): type=1400 audit(0.0:294): avc: denied { read } for comm="traced_probes" name="set_event" dev="tracefs" ino=1030 scontext=u:r:traced_probes:s0 tcontext=u:object_r:debugfs_tracing_debug:s0 tclass=file permissive=0
12-01 03:53:27.587 I/auditd ( 1161): type=1400 audit(0.0:295): avc: denied { read } for comm="traced_probes" name="set_event" dev="tracefs" ino=1030 scontext=u:r:traced_probes:s0 tcontext=u:object_r:debugfs_tracing_debug:s0 tclass=file permissive=0
12-01 03:53:27.597 I/am_proc_bound( 1525): [0,2629,com.thundercomm.tchttpserver]
12-01 03:53:27.603 I/am_proc_bound( 1525): [0,2616,.qtidataservices]
12-01 03:53:27.605 I/am_uid_active( 1525): 10055
12-01 03:53:27.608 I/am_proc_start( 1525): [0,2663,1000,com.tc.logclient,added application,com.tc.logclient]
12-01 03:53:27.612 I/am_uid_running( 1525): 10076
12-01 03:53:27.624 I/am_proc_start( 1525): [0,2681,1000,com.thundercomm.tcsetupwizard,added application,com.thundercomm.tcsetupwizard]
12-01 03:53:27.635 I/am_proc_start( 1525): [0,2697,1000,vendor.qti.qesdk.sysservice,added application,vendor.qti.qesdk.sysservice]
12-01 03:53:27.641 I/am_proc_bound( 1525): [0,2663,com.tc.logclient]
12-01 03:53:27.650 I/am_proc_bound( 1525): [0,2681,com.thundercomm.tcsetupwizard]
12-01 03:53:27.652 I/am_proc_start( 1525): [0,2721,10084,com.qti.qualcomm.mstatssystemservice,added application,com.qti.qualcomm.mstatssystemservice]
12-01 03:53:27.679 I/am_proc_start( 1525): [0,2729,1068,com.android.se,added application,com.android.se]
12-01 03:53:27.680 I/am_proc_bound( 1525): [0,2697,vendor.qti.qesdk.sysservice]
12-01 03:53:27.686 I/am_proc_bound( 1525): [0,2721,com.qti.qualcomm.mstatssystemservice]
12-01 03:53:27.688 I/am_uid_active( 1525): 10084
12-01 03:53:27.688 I/am_proc_start( 1525): [0,2766,1000,com.thundercomm.remotecontrolservice,added application,com.thundercomm.remotecontrolservice]
12-01 03:53:27.696 I/am_proc_bound( 1525): [0,2729,com.android.se]
12-01 03:53:27.698 I/am_uid_active( 1525): 1068
12-01 03:53:27.703 I/am_proc_start( 1525): [0,2781,1000,com.thundercomm.tcservice,added application,com.thundercomm.tcservice]
12-01 03:53:27.716 I/am_proc_start( 1525): [0,2795,10068,com.qualcomm.qti.devicestatisticsservice,added application,com.qualcomm.qti.devicestatisticsservice]
12-01 03:53:27.721 I/am_proc_bound( 1525): [0,2766,com.thundercomm.remotecontrolservice]
12-01 03:53:27.726 I/am_proc_start( 1525): [0,2802,1000,com.qualcomm.qti.qdma,added application,com.qualcomm.qti.qdma]
12-01 03:53:27.731 W/CarrierConfigManager( 2372): Error getting config for subId -1 ICarrierConfigLoader is null
12-01 03:53:27.739 I/am_proc_start( 1525): [0,2825,1000,com.android.settings:CryptKeeper,top-activity,{com.android.settings/com.android.settings.CryptKeeper}]
12-01 03:53:27.744 I/am_proc_bound( 1525): [0,2795,com.qualcomm.qti.devicestatisticsservice]
12-01 03:53:27.744 D/TelephonyRegistry( 1525): listen oscl: mHasNotifySubscriptionInfoChangedOccurred==false no callback
12-01 03:53:27.746 I/am_uid_active( 1525): 10068
12-01 03:53:27.746 I/am_proc_bound( 1525): [0,2781,com.thundercomm.tcservice]
12-01 03:53:27.749 I/am_proc_start( 1525): [0,2849,10076,com.android.launcher3,service,{com.android.launcher3/com.android.quickstep.TouchInteractionService}]
12-01 03:53:27.751 I/commit_sys_config_file( 1525): [display-state,14176]
12-01 03:53:27.755 I/am_proc_bound( 1525): [0,2802,com.qualcomm.qti.qdma]
12-01 03:53:27.768 I/am_proc_bound( 1525): [0,2825,com.android.settings:CryptKeeper]
12-01 03:53:27.771 I/commit_sys_config_file( 1525): [settings-0-0,1]
12-01 03:53:27.772 I/wm_restart_activity( 1525): [0,78165157,7,com.android.settings/.CryptKeeper]
12-01 03:53:27.776 I/wm_set_resumed_activity( 1525): [0,com.android.settings/.CryptKeeper,minimalResumeActivityLocked]
12-01 03:53:27.778 I/am_proc_bound( 1525): [0,2849,com.android.launcher3]
12-01 03:53:27.780 I/am_uid_active( 1525): 10076
12-01 03:53:27.788 I/notification_enqueue( 1525): [10080,2372,com.android.systemui,1,empty_media,0,Notification(channel=empty_media_style_id shortcut=null contentView=null vibrate=null sound=null defaults=0x0 flags=0x20 color=0x00000000 category=transport actions=4 vis=PRIVATE),0]
12-01 03:53:27.793 I/commit_sys_config_file( 1525): [settings-2-0,1]
12-01 03:53:27.826 I/wm_finish_activity( 1525): [0,78165157,7,com.android.settings/.CryptKeeper,app-request]
12-01 03:53:27.827 I/wm_pause_activity( 1525): [0,78165157,com.android.settings/.CryptKeeper,userLeaving=false,finish]
12-01 03:53:27.828 I/wm_on_create_called( 2825): [78165157,com.android.settings.CryptKeeper,performCreate]
12-01 03:53:27.829 I/sysui_multi_action( 1525): [757,1144,758,7,806,com.android.settings,871,com.android.settings.CryptKeeper]
12-01 03:53:27.835 I/wm_task_created( 1525): [8,-1]
12-01 03:53:27.835 I/wm_task_moved( 1525): [8,1,2147483647]
12-01 03:53:27.836 I/wm_task_moved( 1525): [1,1,5]
12-01 03:53:27.836 I/wm_create_task( 1525): [0,8]
12-01 03:53:27.836 I/wm_create_activity( 1525): [0,103964687,8,com.android.settings/.FallbackHome,android.intent.action.MAIN,NULL,NULL,276824320]
12-01 03:53:27.836 I/wm_task_moved( 1525): [1,1,5]
12-01 03:53:27.836 I/wm_task_moved( 1525): [8,1,2147483647]
12-01 03:53:27.836 I/wm_task_to_front( 1525): [0,8]
12-01 03:53:27.843 I/sysui_multi_action( 1525): [757,803,799,window_time_0,802,14]
12-01 03:53:27.848 I/am_proc_start( 1525): [0,2926,1000,com.android.settings,top-activity,{com.android.settings/com.android.settings.FallbackHome}]
12-01 03:53:27.855 I/am_uid_running( 1525): 10089
12-01 03:53:27.861 I/am_proc_start( 1525): [0,2929,10089,com.qualcomm.qti.qccauthmgr,content provider,{com.qualcomm.qti.qccauthmgr/com.qualcomm.qti.qccauthmgr.providers.SMQContentProvider}]
12-01 03:53:27.870 I/am_proc_bound( 1525): [0,2926,com.android.settings]
12-01 03:53:27.873 I/wm_restart_activity( 1525): [0,103964687,8,com.android.settings/.FallbackHome]
12-01 03:53:27.873 I/wm_set_resumed_activity( 1525): [0,com.android.settings/.FallbackHome,minimalResumeActivityLocked]
12-01 03:53:27.885 I/am_proc_bound( 1525): [0,2929,com.qualcomm.qti.qccauthmgr]
12-01 03:53:27.887 I/am_uid_active( 1525): 10089
12-01 03:53:27.934 I/wm_on_create_called( 2926): [103964687,com.android.settings.FallbackHome,performCreate]
12-01 03:53:27.935 I/wm_on_start_called( 2926): [103964687,com.android.settings.FallbackHome,handleStartActivity]
12-01 03:53:27.935 I/wm_on_resume_called( 2926): [103964687,com.android.settings.FallbackHome,RESUME_ACTIVITY]
12-01 03:53:27.941 I/wm_on_top_resumed_gained_called( 2926): [103964687,com.android.settings.FallbackHome,topStateChangedWhenResumed]
12-01 03:53:27.953 I/commit_sys_config_file( 1525): [settings-1-0,1]
12-01 03:53:27.955 I/input_focus( 1525): [Focus request 7ffa3e2 com.android.settings/com.android.settings.FallbackHome,reason=UpdateInputWindows]
12-01 03:53:27.981 I/boot_progress_enable_screen( 1525): 28059
12-01 03:53:27.982 I/wm_destroy_activity( 1525): [0,78165157,7,com.android.settings/.CryptKeeper,finish-idle]
12-01 03:53:27.982 I/wm_on_destroy_called( 2825): [78165157,com.android.settings.CryptKeeper,performDestroy]
12-01 03:53:27.985 I/screen_toggled( 1525): 1
12-01 03:53:27.988 I/wm_task_removed( 1525): [7,cleanUpResourcesForDestroy]
12-01 03:53:27.988 I/wm_task_removed( 1525): [7,removeChild:removeChild last r=ActivityRecord{4a8b4a5 u0 com.android.settings/.CryptKeeper t-1 f}} in t=Task{3c25bc3 #7 type=home A=1000:com.android.settings.CryptKeeper U=0 visible=false mode=fullscreen translucent=true sz=0}]
12-01 03:53:27.988 I/wm_task_removed( 1525): [7,removeChild]
12-01 03:53:27.999 I/commit_sys_config_file( 1525): [settings-0-0,1]
12-01 03:53:28.121 I/notification_cancel_all( 1525): [1000,1525,com.android.systemui,0,0,0,20,NULL]
12-01 03:53:28.131 I/sysui_multi_action( 1525): [757,856,758,1,806,com.android.server.telecom,857,TelecomMissedCalls,858,3]
12-01 03:53:28.131 I/sysui_multi_action( 1525): [757,856,758,1,806,com.android.server.telecom,857,TelecomIncomingCalls,858,5]
12-01 03:53:28.131 I/sysui_multi_action( 1525): [757,856,758,1,806,com.android.server.telecom,857,TelecomCallBlocking,858,2]
12-01 03:53:28.132 I/sysui_multi_action( 1525): [757,856,758,1,806,com.android.server.telecom,857,TelecomBackgroundAudioProcessing,858,2]
12-01 03:53:28.132 I/sysui_multi_action( 1525): [757,856,758,1,806,com.android.server.telecom,857,TelecomDisconnectedCalls,858,3]
12-01 03:53:28.132 I/sysui_multi_action( 1525): [757,856,758,1,806,com.android.server.telecom,857,TelecomInCallServiceCrash,858,3]
12-01 03:53:28.145 D/TelephonyRegistry( 1525): listen oscl: mHasNotifySubscriptionInfoChangedOccurred==false no callback
12-01 03:53:28.147 W/CarrierConfigManager( 1525): Error getting config for subId -1 ICarrierConfigLoader is null
12-01 03:53:28.148 I/sysui_multi_action( 1525): [757,1501,758,1,793,835,794,0,795,835,796,1,797,empty_media,806,com.android.systemui,857,empty_media_style_id,858,4,947,0,1500,0,1641,transport,1745,1043716538]
12-01 03:53:28.148 I/sysui_multi_action( 1525): [757,804,799,note_interruptive,801,0,802,1]
12-01 03:53:28.195 I/commit_sys_config_file( 1525): [settings-2-0,0]
12-01 03:53:28.262 I/am_uid_running( 1525): 10070
12-01 03:53:28.262 I/commit_sys_config_file( 1525): [settings-0-0,0]
12-01 03:53:28.267 I/am_proc_start( 1525): [0,3030,10070,com.thundercomm.gamemode.provider,content provider,{com.thundercomm.gamemode.provider/com.thundercomm.gamemode.provider.SettingsProvider}]
12-01 03:53:28.276 I/am_proc_bound( 1525): [0,3030,com.thundercomm.gamemode.provider]
12-01 03:53:28.277 I/am_uid_active( 1525): 10070
12-01 03:53:28.312 I/commit_sys_config_file( 1525): [settings-1-0,0]
12-01 03:53:28.383 I/commit_sys_config_file( 1525): [notification-policy,1262]
12-01 03:53:28.386 I/wm_boot_animation_done( 1525): 28463
12-01 03:53:28.407 I/sysui_multi_action( 2372): [757,111,758,1]
12-01 03:53:28.407 I/sysui_multi_action( 2372): [757,126,758,1,759,126,927,0,928,0,1593,0]
12-01 03:53:28.407 I/sysui_multi_action( 2372): [757,113,758,1,759,113,927,1,928,0,1593,0]
12-01 03:53:28.407 I/sysui_multi_action( 2372): [757,0,758,1,759,0,927,2,928,0,1593,0]
12-01 03:53:28.408 I/sysui_multi_action( 2372): [757,0,758,1,759,0,927,3,928,0,1593,0]
12-01 03:53:28.408 I/sysui_multi_action( 2372): [757,491,758,1,759,491,927,4,928,0,1311,-1,1593,0]
12-01 03:53:28.408 I/sysui_multi_action( 2372): [757,0,758,1,759,0,927,5,928,0,1593,0]
12-01 03:53:28.408 I/sysui_multi_action( 2372): [757,111,758,1]
12-01 03:53:28.408 I/sysui_multi_action( 2372): [757,126,758,1,759,126,927,0,928,0,1593,0]
12-01 03:53:28.408 I/sysui_multi_action( 2372): [757,113,758,1,759,113,927,1,928,0,1593,0]
12-01 03:53:28.408 I/sysui_multi_action( 2372): [757,0,758,1,759,0,927,2,928,0,1593,0]
12-01 03:53:28.408 I/sysui_multi_action( 2372): [757,0,758,1,759,0,927,3,928,0,1593,0]
12-01 03:53:28.458 I/uc_finish_user_boot( 1525): 0
12-01 03:53:28.458 I/am_user_state_changed( 1525): [0,1]
12-01 03:53:28.459 I/uc_send_user_broadcast( 1525): [0,android.intent.action.LOCKED_BOOT_COMPLETED]
12-01 03:53:28.459 I/uc_finish_user_unlocking( 1525): 0
12-01 03:53:28.461 I/am_uid_running( 1525): 10065
12-01 03:53:28.462 I/am_proc_start( 1525): [0,3067,10096,android.ext.services,on-hold,]
12-01 03:53:28.469 I/am_proc_start( 1525): [0,3070,10065,com.android.deskclock,broadcast,{com.android.deskclock/com.android.deskclock.AlarmInitReceiver}]
12-01 03:53:28.489 I/am_proc_bound( 1525): [0,3067,android.ext.services]
12-01 03:53:28.490 I/am_uid_active( 1525): 10096
12-01 03:53:28.497 I/am_proc_bound( 1525): [0,3070,com.android.deskclock]
12-01 03:53:28.499 I/am_uid_active( 1525): 10065
12-01 03:53:28.567 I/auditd ( 3120): type=1400 audit(0.0:296): avc: denied { ptrace } for comm="crash_dump64" scontext=u:r:crash_dump:s0 tcontext=u:r:init:s0 tclass=process permissive=0
12-01 03:53:28.585 I/am_uid_running( 1525): 10078
12-01 03:53:28.599 I/am_proc_start( 1525): [0,3132,10078,com.qualcomm.location,broadcast,{com.qualcomm.location/com.qualcomm.location.LocationServiceReceiver}]
12-01 03:53:28.630 I/am_proc_bound( 1525): [0,3132,com.qualcomm.location]
12-01 03:53:28.632 I/am_uid_active( 1525): 10078
12-01 03:53:28.643 I/auditd ( 3132): type=1400 audit(0.0:297): avc: denied { search } for comm="alcomm.location" name="data" dev="dm-10" ino=107 scontext=u:r:vendor_location_app:s0 tcontext=u:object_r:system_data_file:s0:c512,c768 tclass=dir permissive=0 app=com.qualcomm.location
12-01 03:53:28.643 I/auditd ( 3132): type=1400 audit(0.0:298): avc: denied { search } for comm="alcomm.location" name="data" dev="dm-10" ino=107 scontext=u:r:vendor_location_app:s0 tcontext=u:object_r:system_data_file:s0:c512,c768 tclass=dir permissive=0 app=com.qualcomm.location
12-01 03:53:28.647 I/auditd ( 3132): type=1400 audit(0.0:299): avc: denied { search } for comm="alcomm.location" name="data" dev="dm-10" ino=107 scontext=u:r:vendor_location_app:s0 tcontext=u:object_r:system_data_file:s0:c512,c768 tclass=dir permissive=0 app=com.qualcomm.location
12-01 03:53:28.647 I/auditd ( 3132): type=1400 audit(0.0:300): avc: denied { search } for comm="alcomm.location" name="data" dev="dm-10" ino=107 scontext=u:r:vendor_location_app:s0 tcontext=u:object_r:system_data_file:s0:c512,c768 tclass=dir permissive=0 app=com.qualcomm.location
12-01 03:53:28.655 I/auditd ( 3132): type=1400 audit(0.0:301): avc: denied { search } for comm="alcomm.location" name="data" dev="dm-10" ino=107 scontext=u:r:vendor_location_app:s0 tcontext=u:object_r:system_data_file:s0:c512,c768 tclass=dir permissive=0 app=com.qualcomm.location
12-01 03:53:28.655 I/auditd ( 3132): type=1400 audit(0.0:302): avc: denied { search } for comm="alcomm.location" name="data" dev="dm-10" ino=107 scontext=u:r:vendor_location_app:s0 tcontext=u:object_r:system_data_file:s0:c512,c768 tclass=dir permissive=0 app=com.qualcomm.location
12-01 03:53:28.659 I/auditd ( 3132): type=1400 audit(0.0:303): avc: denied { search } for comm="alcomm.location" name="data" dev="dm-10" ino=107 scontext=u:r:vendor_location_app:s0 tcontext=u:object_r:system_data_file:s0:c512,c768 tclass=dir permissive=0 app=com.qualcomm.location
12-01 03:53:28.659 I/auditd ( 3132): type=1400 audit(0.0:304): avc: denied { search } for comm="alcomm.location" name="data" dev="dm-10" ino=107 scontext=u:r:vendor_location_app:s0 tcontext=u:object_r:system_data_file:s0:c512,c768 tclass=dir permissive=0 app=com.qualcomm.location
12-01 03:53:28.675 I/auditd ( 3132): type=1400 audit(0.0:305): avc: denied { search } for comm="alcomm.location" name="data" dev="dm-10" ino=107 scontext=u:r:vendor_location_app:s0 tcontext=u:object_r:system_data_file:s0:c512,c768 tclass=dir permissive=0 app=com.qualcomm.location
12-01 03:53:28.680 I/commit_sys_config_file( 1525): [settings-0-0,53]
12-01 03:53:28.687 I/commit_sys_config_file( 1525): [settings-2-0,6]
12-01 03:53:28.733 I/am_uid_running( 1525): 10085
12-01 03:53:28.740 I/am_proc_start( 1525): [0,3250,10085,com.qualcomm.qtil.aptxui,broadcast,{com.qualcomm.qtil.aptxui/com.qualcomm.qtil.aptxui.aptxuiBootReceiver}]
12-01 03:53:28.753 D/TelephonyRegistry( 1525): listen oscl: mHasNotifySubscriptionInfoChangedOccurred==false no callback
12-01 03:53:28.763 I/am_proc_bound( 1525): [0,3250,com.qualcomm.qtil.aptxui]
12-01 03:53:28.765 I/am_uid_active( 1525): 10085
12-01 03:53:28.785 D/TelephonyRegistry( 1525): notifyCellLocationForSubscriber: subId=2147483647 cellIdentity=null
12-01 03:53:28.827 I/am_user_state_changed( 1525): [0,2]
12-01 03:53:28.828 I/ssm_user_unlocking( 1525): 0
12-01 03:53:28.832 I/notification_enqueue( 1525): [1000,1525,android,32,NULL,-1,Notification(channel=USB shortcut=null contentView=null vibrate=null sound=null tick defaults=0x0 flags=0x2 color=0x00000000 vis=PUBLIC),0]
12-01 03:53:28.853 I/uc_finish_user_unlocked( 1525): 0
12-01 03:53:28.853 I/am_user_state_changed( 1525): [0,3]
12-01 03:53:28.857 I/am_uid_running( 1525): 10090
12-01 03:53:28.857 I/am_uid_running( 1525): 10056
12-01 03:53:28.858 I/am_uid_running( 1525): 10053
12-01 03:53:28.858 I/am_uid_running( 1525): 10074
12-01 03:53:28.859 I/am_uid_running( 1525): 10087
12-01 03:53:28.860 I/am_uid_running( 1525): 10088
12-01 03:53:28.865 I/am_proc_start( 1525): [0,3306,10090,com.hht.lebocast,added application,com.hht.lebocast]
12-01 03:53:28.867 I/uc_send_user_broadcast( 1525): [0,android.intent.action.USER_UNLOCKED]
12-01 03:53:28.868 I/uc_send_user_broadcast( 1525): [0,android.intent.action.PRE_BOOT_COMPLETED]
12-01 03:53:28.870 I/am_pre_boot( 1525): [0,com.android.documentsui]
12-01 03:53:28.872 I/notification_enqueue( 1525): [1000,1525,android,13,PreBootBroadcaster,0,Notification(channel=UPDATES shortcut=null contentView=null vibrate=null sound=null tick defaults=0x0 flags=0x2 color=0x00000000 vis=PUBLIC),0]
12-01 03:53:28.873 I/am_uid_running( 1525): 10030
12-01 03:53:28.874 I/am_uid_running( 1525): 10020
12-01 03:53:28.875 I/am_proc_start( 1525): [0,3307,10056,ts.car.uart,added application,ts.car.uart]
12-01 03:53:28.880 I/wm_finish_activity( 1525): [0,103964687,8,com.android.settings/.FallbackHome,app-request]
12-01 03:53:28.880 I/wm_pause_activity( 1525): [0,103964687,com.android.settings/.FallbackHome,userLeaving=false,finish]
12-01 03:53:28.882 I/wm_on_top_resumed_lost_called( 2926): [103964687,com.android.settings.FallbackHome,topStateChangedWhenResumed]
12-01 03:53:28.883 I/wm_on_paused_called( 2926): [103964687,com.android.settings.FallbackHome,performPause]
12-01 03:53:28.891 I/wm_task_created( 1525): [9,-1]
12-01 03:53:28.892 I/wm_task_moved( 1525): [9,1,2147483647]
12-01 03:53:28.895 I/wm_task_moved( 1525): [1,1,5]
12-01 03:53:28.895 I/wm_create_task( 1525): [0,9]
12-01 03:53:28.895 I/wm_create_activity( 1525): [0,137407961,9,com.android.provision/.DefaultActivity,android.intent.action.MAIN,NULL,NULL,276824320]
12-01 03:53:28.895 I/wm_task_moved( 1525): [1,1,5]
12-01 03:53:28.895 I/wm_task_moved( 1525): [9,1,2147483647]
12-01 03:53:28.895 I/wm_task_to_front( 1525): [0,9]
12-01 03:53:28.919 I/am_proc_start( 1525): [0,3311,10053,.pasr,added application,.pasr]
12-01 03:53:28.920 I/am_proc_bound( 1525): [0,3307,ts.car.uart]
12-01 03:53:28.925 I/am_uid_active( 1525): 10056
12-01 03:53:28.932 I/am_uid_running( 1525): 10082
12-01 03:53:28.937 I/sysui_multi_action( 1525): [757,803,799,window_time_0,802,2]
12-01 03:53:28.938 I/am_proc_bound( 1525): [0,3311,.pasr]
12-01 03:53:28.940 I/am_uid_active( 1525): 10053
12-01 03:53:28.942 I/am_uid_running( 1525): 10095
12-01 03:53:28.947 I/am_proc_start( 1525): [0,3366,10074,com.qualcomm.qti.services.systemhelper:systemhelper_service,added application,com.qualcomm.qti.services.systemhelper:systemhelper_service]
12-01 03:53:28.947 I/am_proc_bound( 1525): [0,3306,com.hht.lebocast]
12-01 03:53:28.951 I/am_uid_active( 1525): 10090
12-01 03:53:28.962 I/am_proc_bound( 1525): [0,3366,com.qualcomm.qti.services.systemhelper:systemhelper_service]
12-01 03:53:28.967 I/am_uid_active( 1525): 10074
12-01 03:53:28.968 I/am_proc_start( 1525): [0,3389,10087,com.qualcomm.qti.qccnetstat,added application,com.qualcomm.qti.qccnetstat]
12-01 03:53:28.981 I/am_proc_bound( 1525): [0,3389,com.qualcomm.qti.qccnetstat]
12-01 03:53:28.984 I/am_uid_active( 1525): 10087
12-01 03:53:28.986 I/am_proc_start( 1525): [0,3415,10088,com.qualcomm.qti.workloadclassifier,added application,com.qualcomm.qti.workloadclassifier]
12-01 03:53:28.992 I/am_wtf ( 1525): [0,1525,system_server,-1,ActivityManager,Sending non-protected broadcast android.location.HIGH_POWER_REQUEST_CHANGE from system 3132:com.qualcomm.location/u0a78 pkg com.qualcomm.location]
12-01 03:53:28.998 I/am_proc_start( 1525): [0,3428,10030,android.process.media,broadcast,{com.android.mtp/com.android.mtp.MtpReceiver}]
12-01 03:53:29.006 I/commit_sys_config_file( 1525): [settings-0-0,6]
12-01 03:53:29.012 I/am_proc_start( 1525): [0,3438,10020,com.android.documentsui,broadcast,{com.android.documentsui/com.android.documentsui.PreBootReceiver}]
12-01 03:53:29.017 I/am_proc_bound( 1525): [0,3415,com.qualcomm.qti.workloadclassifier]
12-01 03:53:29.020 I/am_uid_active( 1525): 10088
12-01 03:53:29.021 I/am_proc_start( 1525): [0,3454,10082,com.qualcomm.location.XT,service,{com.qualcomm.location.XT/com.qualcomm.location.XT.XTSrv}]
12-01 03:53:29.027 I/am_proc_bound( 1525): [0,3428,android.process.media]
12-01 03:53:29.032 I/am_proc_start( 1525): [0,3461,1000,com.android.keychain,service,{com.android.keychain/com.android.keychain.KeyChainService}]
12-01 03:53:29.033 I/sysui_multi_action( 1525): [757,1501,758,1,793,204,794,0,795,204,796,32,806,android,857,USB,858,1,947,0,1500,0]
12-01 03:53:29.033 I/sysui_multi_action( 1525): [757,804,799,note_interruptive,801,0,802,1]
12-01 03:53:29.039 I/am_proc_start( 1525): [0,3480,1000,com.android.provision,top-activity,{com.android.provision/com.android.provision.DefaultActivity}]
12-01 03:53:29.044 I/am_proc_bound( 1525): [0,3454,com.qualcomm.location.XT]
12-01 03:53:29.044 I/commit_sys_config_file( 1525): [notification-policy,1923]
12-01 03:53:29.045 I/commit_sys_config_file( 1525): [settings-2-0,5]
12-01 03:53:29.049 I/am_uid_active( 1525): 10082
12-01 03:53:29.050 I/am_proc_start( 1525): [0,3490,10095,com.android.providers.media.module,service,{com.android.providers.media.module/com.android.providers.media.fuse.ExternalStorageServiceImpl}]
12-01 03:53:29.061 I/am_proc_bound( 1525): [0,3438,com.android.documentsui]
12-01 03:53:29.065 I/am_uid_active( 1525): 10020
12-01 03:53:29.071 I/am_proc_bound( 1525): [0,3480,com.android.provision]
12-01 03:53:29.073 I/sysui_multi_action( 1525): [757,1501,758,1,793,203,794,0,795,203,796,13,797,PreBootBroadcaster,806,android,857,UPDATES,858,2,947,0,1500,0]
12-01 03:53:29.073 I/sysui_multi_action( 1525): [757,804,799,note_interruptive,801,0,802,1]
12-01 03:53:29.079 I/wm_restart_activity( 1525): [0,137407961,9,com.android.provision/.DefaultActivity]
12-01 03:53:29.083 I/wm_set_resumed_activity( 1525): [0,com.android.provision/.DefaultActivity,minimalResumeActivityLocked]
12-01 03:53:29.089 I/am_proc_bound( 1525): [0,3490,com.android.providers.media.module]
12-01 03:53:29.094 I/am_uid_active( 1525): 10095
12-01 03:53:29.097 I/am_proc_bound( 1525): [0,3461,com.android.keychain]
12-01 03:53:29.105 I/sysui_multi_action( 1525): [757,856,758,1,806,com.android.mtp,857,device_notification_channel,858,2]
12-01 03:53:29.118 I/wm_task_moved( 1525): [1,1,5]
12-01 03:53:29.119 I/wm_set_resumed_activity( 1525): [0,com.android.provision/.DefaultActivity,positionChildAt]
12-01 03:53:29.119 I/wm_task_moved( 1525): [9,1,2147483647]
12-01 03:53:29.121 I/wm_create_activity( 1525): [0,241988251,9,com.thundercomm.tcsetupwizard/.TcSetupStartActivity,NULL,NULL,NULL,0]
12-01 03:53:29.124 I/wm_pause_activity( 1525): [0,137407961,com.android.provision/.DefaultActivity,userLeaving=true,resumeTopActivityInnerLocked]
12-01 03:53:29.126 I/wm_on_create_called( 3480): [137407961,com.android.provision.DefaultActivity,performCreate]
12-01 03:53:29.136 I/wm_on_start_called( 3480): [137407961,com.android.provision.DefaultActivity,handleStartActivity]
12-01 03:53:29.138 I/sysui_multi_action( 1525): [757,856,758,1,806,com.android.providers.media.module,857,native_transcode_alert_channel,858,4]
12-01 03:53:29.138 I/wm_on_resume_called( 3480): [137407961,com.android.provision.DefaultActivity,RESUME_ACTIVITY]
12-01 03:53:29.138 I/sysui_multi_action( 1525): [757,856,758,1,806,com.android.providers.media.module,857,native_transcode_progress_channel,858,2]
12-01 03:53:29.147 I/wm_on_top_resumed_gained_called( 3480): [137407961,com.android.provision.DefaultActivity,topStateChangedWhenResumed]
12-01 03:53:29.148 I/wm_on_top_resumed_lost_called( 3480): [137407961,com.android.provision.DefaultActivity,topStateChangedWhenResumed]
12-01 03:53:29.148 I/wm_on_paused_called( 3480): [137407961,com.android.provision.DefaultActivity,performPause]
12-01 03:53:29.149 I/wm_add_to_stopping( 1525): [0,137407961,com.android.provision/.DefaultActivity,makeInvisible]
12-01 03:53:29.151 I/wm_restart_activity( 1525): [0,241988251,9,com.thundercomm.tcsetupwizard/.TcSetupStartActivity]
12-01 03:53:29.152 I/wm_set_resumed_activity( 1525): [0,com.thundercomm.tcsetupwizard/.TcSetupStartActivity,minimalResumeActivityLocked]
12-01 03:53:29.156 I/wm_stop_activity( 1525): [0,137407961,com.android.provision/.DefaultActivity]
12-01 03:53:29.156 I/wm_destroy_activity( 1525): [0,103964687,8,com.android.settings/.FallbackHome,finish-idle]
12-01 03:53:29.157 I/sysui_multi_action( 1525): [757,803,799,window_time_0,802,0]
12-01 03:53:29.160 I/wm_on_stop_called( 2926): [103964687,com.android.settings.FallbackHome,LIFECYCLER_STOP_ACTIVITY]
12-01 03:53:29.178 I/wm_on_destroy_called( 2926): [103964687,com.android.settings.FallbackHome,performDestroy]
12-01 03:53:29.187 I/wm_task_removed( 1525): [8,cleanUpResourcesForDestroy]
12-01 03:53:29.187 I/wm_task_removed( 1525): [8,removeChild:removeChild last r=ActivityRecord{632600f u0 com.android.settings/.FallbackHome t-1 f}} in t=Task{f7daffa #8 type=home A=1000:com.android.settings.FallbackHome U=0 visible=false mode=fullscreen translucent=true sz=0}]
12-01 03:53:29.187 I/wm_task_removed( 1525): [8,removeChild]
12-01 03:53:29.209 I/wm_on_create_called( 2681): [241988251,com.thundercomm.tcsetupwizard.TcSetupStartActivity,performCreate]
12-01 03:53:29.209 I/wm_on_start_called( 2681): [241988251,com.thundercomm.tcsetupwizard.TcSetupStartActivity,handleStartActivity]
12-01 03:53:29.210 I/wm_on_resume_called( 2681): [241988251,com.thundercomm.tcsetupwizard.TcSetupStartActivity,RESUME_ACTIVITY]
12-01 03:53:29.218 I/wm_on_top_resumed_gained_called( 2681): [241988251,com.thundercomm.tcsetupwizard.TcSetupStartActivity,topStateChangedWhenResumed]
12-01 03:53:29.223 I/am_uid_active( 1525): 10030
12-01 03:53:29.227 I/input_focus( 1525): [Focus request ec77b41 com.thundercomm.tcsetupwizard/com.thundercomm.tcsetupwizard.TcSetupStartActivity,reason=UpdateInputWindows]
12-01 03:53:29.237 I/am_pre_boot( 1525): [0,com.android.managedprovisioning]
12-01 03:53:29.238 I/am_uid_running( 1525): 10032
12-01 03:53:29.240 I/notification_enqueue( 1525): [1000,1525,android,13,PreBootBroadcaster,0,Notification(channel=UPDATES shortcut=null contentView=null vibrate=null sound=null tick defaults=0x0 flags=0x2 color=0x00000000 vis=PUBLIC),1]
12-01 03:53:29.244 I/am_uid_running( 1525): 10022
12-01 03:53:29.246 I/am_proc_start( 1525): [0,3613,10032,com.android.managedprovisioning,broadcast,{com.android.managedprovisioning/com.android.managedprovisioning.ota.PreBootListener}]
12-01 03:53:29.255 I/am_proc_start( 1525): [0,3616,10022,com.android.externalstorage,content provider,{com.android.externalstorage/com.android.externalstorage.ExternalStorageProvider}]
12-01 03:53:29.272 I/am_proc_bound( 1525): [0,3613,com.android.managedprovisioning]
12-01 03:53:29.278 I/am_uid_active( 1525): 10032
12-01 03:53:29.281 I/am_proc_bound( 1525): [0,3616,com.android.externalstorage]
12-01 03:53:29.285 I/sf_stop_bootanim( 979): 29363
12-01 03:53:29.292 I/sysui_multi_action( 1525): [319,1457,322,1449,325,27,757,761,758,7,759,2,806,com.thundercomm.tcsetupwizard,871,com.thundercomm.tcsetupwizard.TcSetupStartActivity,904,com.android.provision,905,0,945,1239,1320,4,1321,2]
12-01 03:53:29.293 I/wm_activity_launch_time( 1525): [0,241988251,com.thundercomm.tcsetupwizard/.TcSetupStartActivity,1449]
12-01 03:53:29.306 I/input_focus( 1525): [Focus entering ec77b41 com.thundercomm.tcsetupwizard/com.thundercomm.tcsetupwizard.TcSetupStartActivity (server),reason=setFocusedWindow]
12-01 03:53:29.320 I/am_uid_running( 1525): 10029
12-01 03:53:29.329 I/am_proc_start( 1525): [0,3690,10029,com.baidu.input,service,{com.baidu.input/com.baidu.input.ImeService}]
12-01 03:53:29.358 I/commit_sys_config_file( 1525): [notification-policy,2238]
12-01 03:53:29.363 I/am_proc_bound( 1525): [0,3690,com.baidu.input]
12-01 03:53:29.366 I/am_uid_active( 1525): 10029
12-01 03:53:29.388 I/am_meminfo( 1525): [2127671296,3471278080,12288,358952960,599956480]
12-01 03:53:29.395 I/am_pss ( 1525): [2356,1002,com.android.bluetooth,22928384,18391040,0,127569920,2,0,6]
12-01 03:53:29.401 I/am_pss ( 1525): [2849,10076,com.android.launcher3,15605760,12910592,0,107175936,2,5,5]
12-01 03:53:29.408 I/am_pss ( 1525): [2802,1000,com.qualcomm.qti.qdma,11212800,7376896,0,107823104,2,0,6]
12-01 03:53:29.411 I/wm_on_stop_called( 3480): [137407961,com.android.provision.DefaultActivity,STOP_ACTIVITY_ITEM]
12-01 03:53:29.415 I/am_pss ( 1525): [2781,1000,com.thundercomm.tcservice,8073216,5857280,0,95461376,2,0,5]
12-01 03:53:29.420 I/am_pss ( 1525): [2795,10068,com.qualcomm.qti.devicestatisticsservice,5342208,3375104,0,89288704,2,0,4]
12-01 03:53:29.427 I/am_pss ( 1525): [2766,1000,com.thundercomm.remotecontrolservice,9506816,6836224,0,101208064,2,0,5]
12-01 03:53:29.433 I/am_pss ( 1525): [2729,1068,com.android.se,5948416,3899392,0,91504640,2,0,6]
12-01 03:53:29.434 D/TelephonyRegistry( 1525): listen oscl: mHasNotifySubscriptionInfoChangedOccurred==false no callback
12-01 03:53:29.440 I/am_pss ( 1525): [2721,10084,com.qti.qualcomm.mstatssystemservice,5510144,3555328,0,89747456,2,0,5]
12-01 03:53:29.449 I/am_pss ( 1525): [2697,1000,vendor.qti.qesdk.sysservice,5666816,3596288,0,91422720,2,0,5]
12-01 03:53:29.451 I/sysui_multi_action( 1525): [757,856,758,1,806,com.android.bluetooth,857,avrcp_notification,858,3]
12-01 03:53:29.455 I/am_pre_boot( 1525): [0,com.android.providers.calendar]
12-01 03:53:29.455 I/am_pss ( 1525): [2663,1000,com.tc.logclient,6632448,4685824,0,90804224,2,0,5]
12-01 03:53:29.455 I/am_uid_running( 1525): 10021
12-01 03:53:29.457 I/notification_enqueue( 1525): [1000,1525,android,13,PreBootBroadcaster,0,Notification(channel=UPDATES shortcut=null contentView=null vibrate=null sound=null tick defaults=0x0 flags=0x2 color=0x00000000 vis=PUBLIC),1]
12-01 03:53:29.460 I/am_pss ( 1525): [2616,10055,.qtidataservices,5976064,3985408,0,91308032,2,0,5]
12-01 03:53:29.462 I/am_proc_start( 1525): [0,3750,10021,com.android.providers.calendar,broadcast,{com.android.providers.calendar/com.android.providers.calendar.CalendarUpgradeReceiver}]
12-01 03:53:29.467 I/am_pss ( 1525): [2629,1000,com.thundercomm.tchttpserver,7132160,5210112,0,91430912,2,0,6]
12-01 03:53:29.473 I/am_pss ( 1525): [2589,1001,.dataservices,6759424,4718592,0,92364800,2,0,5]
12-01 03:53:29.476 I/am_proc_bound( 1525): [0,3750,com.android.providers.calendar]
12-01 03:53:29.477 I/liblog ( 2356): 253
12-01 03:53:29.478 I/am_uid_active( 1525): 10021
12-01 03:53:29.480 I/am_pss ( 1525): [2585,1000,com.thundercomm.microsettings,35058688,29773824,0,130592768,2,0,6]
12-01 03:53:29.487 I/am_pss ( 1525): [2567,1000,com.thundercomm.microservice,8741888,6717440,0,94998528,2,0,5]
12-01 03:53:29.494 I/am_pss ( 1525): [2376,10094,com.android.permissioncontroller,14495744,11931648,0,104026112,2,6,6]
12-01 03:53:29.500 I/am_pss ( 1525): [2506,1073,com.android.networkstack.process,10961920,8011776,0,104673280,2,0,6]
12-01 03:53:29.501 I/am_uid_running( 1525): 10017
12-01 03:53:29.512 I/am_pss ( 1525): [2372,10080,com.android.systemui,125722624,101830656,0,287035392,2,0,10]
12-01 03:53:29.516 I/am_proc_start( 1525): [0,3783,10017,android.process.acore,content provider,{com.android.providers.contacts/com.android.providers.contacts.ContactsProvider2}]
12-01 03:53:29.520 I/sysui_multi_action( 1525): [757,856,758,1,806,com.android.bluetooth,857,opp_notification_channel,858,4]
12-01 03:53:29.521 I/notification_cancel_all( 1525): [1002,2356,com.android.bluetooth,0,0,64,9,NULL]
12-01 03:53:29.530 I/am_pss ( 1525): [1525,1000,system,206297088,111865856,0,516284416,2,0,17]
12-01 03:53:29.530 I/am_proc_bound( 1525): [0,3783,android.process.acore]
12-01 03:53:29.532 I/am_uid_active( 1525): 10017
12-01 03:53:29.568 I/commit_sys_config_file( 1525): [jobs,8]
12-01 03:53:29.605 I/[4000] ( 3750): 21
12-01 03:53:29.606 I/am_pre_boot( 1525): [0,com.android.providers.contacts]
12-01 03:53:29.609 I/notification_enqueue( 1525): [1000,1525,android,13,PreBootBroadcaster,0,Notification(channel=UPDATES shortcut=null contentView=null vibrate=null sound=null tick defaults=0x0 flags=0x2 color=0x00000000 vis=PUBLIC),1]
12-01 03:53:29.613 I/commit_sys_config_file( 1525): [settings-2-0,52]
12-01 03:53:29.618 I/liblog ( 1373): 13
12-01 03:53:29.623 I/liblog ( 1373): 28
12-01 03:53:29.690 I/[4100] ( 3783): 82
12-01 03:53:29.690 I/am_pre_boot( 1525): [0,com.android.providers.media.module]
12-01 03:53:29.693 I/notification_enqueue( 1525): [1000,1525,android,13,PreBootBroadcaster,0,Notification(channel=UPDATES shortcut=null contentView=null vibrate=null sound=null tick defaults=0x0 flags=0x2 color=0x00000000 vis=PUBLIC),1]
12-01 03:53:29.694 I/am_pre_boot( 1525): [0,com.android.settings]
12-01 03:53:29.696 I/notification_enqueue( 1525): [1000,1525,android,13,PreBootBroadcaster,0,Notification(channel=UPDATES shortcut=null contentView=null vibrate=null sound=null tick defaults=0x0 flags=0x2 color=0x00000000 vis=PUBLIC),1]
12-01 03:53:29.704 I/uc_finish_user_unlocked_completed( 1525): 0
12-01 03:53:29.704 I/ssm_user_unlocked( 1525): 0
12-01 03:53:29.706 I/sysui_multi_action( 1525): [757,128,758,5,759,8,793,835,794,0,795,249,796,13,797,PreBootBroadcaster,806,android,857,UPDATES,858,2,947,0,1500,249,1688,1]
12-01 03:53:29.706 I/uc_send_user_broadcast( 1525): [0,android.intent.action.BOOT_COMPLETED]
12-01 03:53:29.706 I/notification_canceled( 1525): [0|android|13|PreBootBroadcaster|1000,8,835,249,0,-1,-1,NULL]
12-01 03:53:29.709 I/commit_sys_config_file( 1525): [notification-policy,2588]
12-01 03:53:29.711 I/am_uid_running( 1525): 10031
12-01 03:53:29.713 I/notification_enqueue( 1525): [1000,1525,android,17303299,com.android.wifi,0,Notification(channel=NETWORK_AVAILABLE shortcut=null contentView=null vibrate=null sound=null tick defaults=0x0 flags=0x100 color=0x00000000 actions=2 vis=PRIVATE),0]
12-01 03:53:29.720 I/am_proc_start( 1525): [0,3842,10031,com.android.traceur,broadcast,{com.android.traceur/com.android.traceur.Receiver}]
12-01 03:53:29.733 I/am_proc_bound( 1525): [0,3842,com.android.traceur]
12-01 03:53:29.736 I/am_uid_active( 1525): 10031
12-01 03:53:29.774 I/sysui_multi_action( 1525): [757,856,758,1,806,com.android.traceur,857,trace-is-being-recorded,858,4]
12-01 03:53:29.775 I/sysui_multi_action( 1525): [757,856,758,1,806,com.android.traceur,857,system-tracing,858,4]
12-01 03:53:29.797 I/am_crash( 1525): [2795,0,com.qualcomm.qti.devicestatisticsservice,814235213,java.lang.ClassNotFoundException,android.hidl.manager.V1_0.IServiceNotification$Stub,DeviceStatisticsService.java,83]
12-01 03:53:29.801 I/sysui_multi_action( 1525): [757,316,758,4,759,-1]
12-01 03:53:29.801 I/am_wtf ( 1525): [0,1525,system_server,-1,BootReceiver,open failed: ENOENT (No such file or directory)]
12-01 03:53:29.810 I/commit_sys_config_file( 1525): [log-files,1]
12-01 03:53:29.812 I/am_proc_died( 1525): [0,2795,com.qualcomm.qti.devicestatisticsservice,-800,0]
12-01 03:53:29.813 I/am_schedule_service_restart( 1525): [0,com.qualcomm.qti.devicestatisticsservice/.DeviceStatisticsService,0]
12-01 03:53:29.813 I/am_uid_stopped( 1525): 10068
12-01 03:53:29.815 I/am_uid_running( 1525): 10068
12-01 03:53:29.817 I/am_uid_active( 1525): 10068
12-01 03:53:29.824 I/am_proc_start( 1525): [0,3867,10068,com.qualcomm.qti.devicestatisticsservice,restart,com.qualcomm.qti.devicestatisticsservice]
12-01 03:53:29.830 I/sysui_multi_action( 1525): [757,856,758,1,806,com.android.providers.downloads,857,active,858,1]
12-01 03:53:29.831 I/sysui_multi_action( 1525): [757,856,758,1,806,com.android.providers.downloads,857,waiting,858,3]
12-01 03:53:29.831 I/sysui_multi_action( 1525): [757,856,758,1,806,com.android.providers.downloads,857,complete,858,3]
12-01 03:53:29.845 D/TelephonyRegistry( 1525): listen oscl: mHasNotifySubscriptionInfoChangedOccurred==false no callback
12-01 03:53:29.852 I/am_proc_bound( 1525): [0,3867,com.qualcomm.qti.devicestatisticsservice]
12-01 03:53:29.862 I/am_proc_start( 1525): [0,3889,1000,com.qti.diagservices,broadcast,{com.qti.diagservices/com.qti.diagservices.Diag_OnBoot}]
12-01 03:53:29.859 I/auditd ( 3881): type=1400 audit(0.0:318): avc: denied { read } for comm="ip" name="rt_tables" dev="dm-10" ino=342 scontext=u:r:ethernet:s0 tcontext=u:object_r:net_data_file:s0 tclass=file permissive=0
12-01 03:53:29.883 I/am_proc_bound( 1525): [0,3889,com.qti.diagservices]
12-01 03:53:29.887 I/auditd ( 3890): type=1400 audit(0.0:319): avc: denied { read } for comm="ip" name="rt_tables" dev="dm-10" ino=342 scontext=u:r:ethernet:s0 tcontext=u:object_r:net_data_file:s0 tclass=file permissive=0
12-01 03:53:29.914 I/sysui_multi_action( 1525): [757,1501,758,1,793,202,794,0,795,202,796,17303299,797,com.android.wifi,806,android,857,NETWORK_AVAILABLE,858,2,947,0,1500,0,1688,1]
12-01 03:53:29.915 I/sysui_multi_action( 1525): [757,804,799,note_interruptive,801,0,802,1]
12-01 03:53:29.923 I/auditd ( 3889): type=1400 audit(0.0:320): avc: denied { read write } for comm="ti.diagservices" name="diag" dev="tmpfs" ino=11418 scontext=u:r:system_app:s0 tcontext=u:object_r:vendor_diag_device:s0 tclass=chr_file permissive=0
12-01 03:53:29.929 I/am_uid_running( 1525): 10064
12-01 03:53:29.939 I/am_proc_start( 1525): [0,3914,10064,com.android.calendar,broadcast,{com.android.calendar/com.android.calendar.UpgradeReceiver}]
12-01 03:53:29.968 I/am_proc_bound( 1525): [0,3914,com.android.calendar]
12-01 03:53:29.974 I/am_uid_active( 1525): 10064
12-01 03:53:30.000 I/commit_sys_config_file( 1525): [settings-2-0,12]
12-01 03:53:30.020 I/am_uid_running( 1525): 10028
12-01 03:53:30.030 I/am_proc_start( 1525): [0,3936,10028,com.hryt.hiphishowfsecontrol,broadcast,{com.hryt.hiphishowfsecontrol/com.hryt.hiphishowfsecontrol.receivers.HiPhiShowReceiver}]
12-01 03:53:30.030 I/commit_sys_config_file( 1525): [notification-policy,2909]
12-01 03:53:30.064 I/am_proc_bound( 1525): [0,3936,com.hryt.hiphishowfsecontrol]
12-01 03:53:30.067 I/am_uid_active( 1525): 10028
12-01 03:53:30.147 I/auditd ( 3958): type=1400 audit(0.0:321): avc: denied { read } for comm="ip" name="rt_tables" dev="dm-10" ino=342 scontext=u:r:ethernet:s0 tcontext=u:object_r:net_data_file:s0 tclass=file permissive=0
12-01 03:53:30.159 I/auditd ( 3959): type=1400 audit(0.0:322): avc: denied { read } for comm="ip" name="rt_tables" dev="dm-10" ino=342 scontext=u:r:ethernet:s0 tcontext=u:object_r:net_data_file:s0 tclass=file permissive=0
