12-01 03:58:42.800 D/hpplay-base( 3306): [mDNSEmbeded:197] http_port bind check 197 http_port_check
12-01 03:58:42.800 I/hpplay-base( 3306): [mDNSEmbeded:268] start lelink publish server, tid is 6038
12-01 03:58:42.800 D/hpplay-base( 3306): [LelinkMDNS:729] leboAuthorizationCheck strUuid=16:ea:96:86:7a:e8000000000000000
12-01 03:58:42.800 D/hpplay-base( 3306): [LelinkMDNS:730] leboAuthorizationCheck mPermissionDid=16:ea:96:86:7a:e8000000000000000
12-01 03:58:42.800 D/hpplay-base( 3306): [LelinkMDNS:755] leboAuthorizationCheck mPermissionMac=16:ea:96:86:7a:e8000000000000000
12-01 03:58:42.800 D/hpplay-base( 3306): [REventUtils:59] create handleREventThread thread ok!!,tid is 6041
12-01 03:58:42.800 D/hpplay-base( 3306): [jniBridge:1726] notifyJava, what:207, castType:0, mimeType:0 baseStatus:2
12-01 03:58:42.801 D/hpplay-base( 3306): [jniBridge:1727] notifyJava sessionID:(null)
12-01 03:58:42.801 D/hpplay-base( 3306): [mDNSEmbeded:217] http_port bind check 217 http_port_check
12-01 03:58:42.801 D/hpplay-base( 3306): [mDNSEmbeded:222] http_port bind check 222 http_port_check
12-01 03:58:42.801 I/hpplay-java( 3306): [Thread-7]:Bridge:notify: what: 207
12-01 03:58:42.803 I/hpplay-java( 3306): [Thread-7]:Bridge:notify: out: OutParameters:{audioSessionId=-1, audiotrackIndex=0, castHandleType=-1, castType=0, deviceName='http://192.168.43.97:49152/description.xml', dlnaName='', dramaID='', extra=0, frameHandleType=-1, handleInside=true, headduration=0, header='', headers=null, isAD=false, isMultiMirror=false, lelinkVer='', limitTime=0, , mediaAlbum='null', mediaAlbumArtURI='', mediaArtist='null', mediaAssets='', mediaTitle='null', mimeType=0, multiSession=null, period=0, pinCode='', playSpeed=0.0, playerChoice=0, plugin=0, port=0, position=0.0, positionUnit=2, protocol=0, realSessionID='', regType='', , sinkIp='', sourceAPPVersion='', sourceChannel='', sourceClientInfo='', sourceDeviceInfo='', sourceDeviceModel='', sourceDeviceName='', sourceDeviceType=0, sourceHID='', , sourceInfo='', , , sourceOSVersion='', sourceSDKVersion='', sourceUid='', stopDetail=0, stopReason=0, tailduration=0, url='', urlID='', urls=null, userAgent='', videoDecoder=0, volume=0, what=207}com.hpplay.sdk.sink.protocol.OutParameters@174712
12-01 03:58:42.803 I/hpplay-java( 3306): [Thread-7]:Bridge:notify: address:192736995
12-01 03:58:42.804 D/hpplay-base( 3306): [mDNSEmbeded:234] http_port bind check 234 http_port_check port:52266
12-01 03:58:42.804 D/hpplay-base( 3306): [mDNSEmbeded:237] http_port bind check 237 http_port_check
12-01 03:58:42.804 D/hpplay-base( 3306): [lelinkSinkServer:93] new client connection from 127.0.0.1 54987, fd=108
12-01 03:58:42.804 D/hpplay-base( 3306): [SinkContext:137] addSinkContextSession,begin to run!!
12-01 03:58:42.804 D/hpplay-base( 3306): [SinkContext:142] addSinkContextSession,begin to get lock!!
12-01 03:58:42.804 D/hpplay-base( 3306): [SinkContext:144] addSinkContextSession,get lock ok!!
12-01 03:58:42.805 D/hpplay-base( 3306): [SinkContext:149] addSinkContextSession,session list is null,begin to malloc!!
12-01 03:58:42.805 D/hpplay-base( 3306): [SinkContext:156] addSinkContextSession,begin to update!!
12-01 03:58:42.805 D/hpplay-base( 3306): [SinkContext:160] addSinkContextSession,begin to update header!!
12-01 03:58:42.805 D/hpplay-base( 3306): [SinkContext:172] addSinkContextSession,begin to unlock!!
12-01 03:58:42.805 D/hpplay-base( 3306): [SinkContext:174] addSinkContextSession,unlock ok!!
12-01 03:58:42.805 D/hpplay-base( 3306): [LelinkReceiver:4908] get ping !!!
12-01 03:58:42.805 D/hpplay-base( 3306): [mDNSEmbeded:240] http_port bind check 240 http_port_check recieved:64
12-01 03:58:42.805 D/hpplay-base( 3306): [mDNSEmbeded:243] http_port bind check 243 http_port_check
12-01 03:58:42.805 D/hpplay-base( 3306): [mDNSEmbeded:244] http_port bind check ok!
12-01 03:58:42.829 I/hpplay-java( 3306): [AsyncTask #48]:HttpRequest:doGet responseCode:200 0
12-01 03:58:43.007 I/hpplay-base( 3306): [LelinkReceiver:14605] _connectionFinalize (108)
12-01 03:58:43.007 D/hpplay-base( 3306): [LelinkReceiver:14752] ###connectionFinalize,release ok!!###
12-01 03:58:43.011 D/hpplay-base( 3306): [LelinkMDNS:766] devicePermissionPublic leboPermissionCheck:-2
12-01 03:58:43.011 D/hpplay-base( 3306): [jniBridge:1125] com_hpplay_sdk_sink_protocol_Bridge_WHAT_SERVER_ERROR
12-01 03:58:43.011 D/hpplay-base( 3306): [jniBridge:1726] notifyJava, what:204, castType:0, mimeType:0 baseStatus:2
12-01 03:58:43.011 D/hpplay-base( 3306): [jniBridge:1727] notifyJava sessionID:(null)
12-01 03:58:43.012 D/audio_hw_primary( 797): out_set_parameters: enter: usecase(1: low-latency-playback) kvpairs: suspend_playback=false
12-01 03:58:43.012 D/audio_hw_extn( 797): audio_extn_fm_set_parameters: Enter
12-01 03:58:43.012 I/hpplay-java( 3306): [Thread-8]:Bridge:notify: what: 204
12-01 03:58:43.013 I/hpplay-java( 3306): [Thread-8]:Bridge:notify: out: OutParameters:{audioSessionId=-1, audiotrackIndex=0, castHandleType=-1, castType=0, deviceName='', dlnaName='', dramaID='', extra=-2002, frameHandleType=-1, handleInside=true, headduration=0, header='', headers=null, isAD=false, isMultiMirror=false, lelinkVer='', limitTime=0, , mediaAlbum='null', mediaAlbumArtURI='', mediaArtist='null', mediaAssets='', mediaTitle='null', mimeType=0, multiSession=null, period=0, pinCode='', playSpeed=0.0, playerChoice=0, plugin=0, port=0, position=0.0, positionUnit=2, protocol=0, realSessionID='', regType='', , sinkIp='', sourceAPPVersion='', sourceChannel='', sourceClientInfo='', sourceDeviceInfo='', sourceDeviceModel='', sourceDeviceName='', sourceDeviceType=0, sourceHID='', , sourceInfo='', , , sourceOSVersion='', sourceSDKVersion='', sourceUid='', stopDetail=0, stopReason=0, tailduration=0, url='', urlID='', urls=null, userAgent='', videoDecoder=0, volume=0, what=204}com.hpplay.sdk.sink.protocol.OutParameters@b8d10e0
12-01 03:58:43.013 I/hpplay-java( 3306): [Thread-8]:Bridge:notify: address:57974681
12-01 03:58:43.013 I/hpplay-base( 3306): [mDNSEmbeded:79] embedded_mDNSLoop stopmDNSNow:0 nPublish:-2 nExitFlag:6 tid is 6037
12-01 03:58:43.013 I/hpplay-java( 3306): [main]:Bridge:findServiceID start out: 57974681
12-01 03:58:43.013 I/hpplay-java( 3306): [main]:Bridge:findServiceID end
12-01 03:58:43.013 E/hpplay-java( 3306): [main]:ServerTaskManager:onError 204/-2002 com.hht.lebocast.LelinkHelper$e@a7c8e4b
12-01 03:58:43.013 I/hpplay-java( 3306): [main]:ServerTaskManager:cancelTimeOutCheck
12-01 03:58:43.014 W/audio_hw_primary( 797): out_write: underrun(18) frames_by_time(48395) > out->last_fifo_frames_remaining(384)
12-01 03:58:43.014 W/hpplay-java( 3306): [main]:ServerTaskManager:onErrorDispatcher errorCode:-2002
12-01 03:58:43.014 I/hpplay-java( 3306): [main]:ServerTaskManager:onError retry later
12-01 03:58:43.051 D/audio_hw_primary( 797): out_set_parameters: enter: usecase(1: low-latency-playback) kvpairs: suspend_playback=true
12-01 03:58:43.051 D/audio_hw_extn( 797): audio_extn_fm_set_parameters: Enter
12-01 03:58:43.095 I/mpu_uart( 646): [MSG-P:RECV]:No message received in 1000 ms
12-01 03:58:43.216 I/hpplay-java( 3306): [AsyncTask #49]:HttpRequest:doGet responseCode:200 0
12-01 03:58:43.279 I/mpu_uart( 646): [MSG-P:R]:recv sync frame timeout
12-01 03:58:43.308 I/input_interaction( 1525): Interaction with: 27f5852 NotificationShade (server), edge-swipe (server), swipe-up (server), PointerEventDispatcher0 (server),
12-01 03:58:43.450 I/PowerManagerService( 1525): Napping display group (groupId=0, uid=1000)...
12-01 03:58:43.450 I/PowerManagerService( 1525): Nap time (uid 1000)...
12-01 03:58:43.451 I/DreamManagerService( 1525): Entering dreamland.
12-01 03:58:43.461 I/PowerManagerService( 1525): Dreaming...
12-01 03:58:43.462 I/DreamController( 1525): Starting dream: name=ComponentInfo{com.thundercomm.screensaver/com.thundercomm.saverclock.service.ClockScreensaver}, isTest=false, canDoze=false, userId=0
12-01 03:58:43.462 I/sysui_multi_action( 1525): [757,222,758,1]
12-01 03:58:43.463 I/am_uid_active( 1525): 10042
12-01 03:58:43.468 D/CompatibilityChangeReporter( 1525): Compat change id reported: 168419799; UID 10042; state: DISABLED
12-01 03:58:43.468 D/CompatibilityInfo( 1525): mCompatibilityFlags - 4
12-01 03:58:43.468 D/CompatibilityInfo( 1525): applicationDensity - 240
12-01 03:58:43.468 D/CompatibilityInfo( 1525): applicationScale - 1.0
12-01 03:58:43.469 I/am_pss ( 1525): [5563,10061,com.android.settings.intelligence,34537472,22310912,0,177856512,0,19,10]
12-01 03:58:43.474 I/ActivityTaskManager( 1525): START u0 {flg=0x10000000 pkg=com.thundercomm.screensaver cmp=com.thundercomm.screensaver/android.service.dreams.DreamActivity (has extras)} from uid 10042
12-01 03:58:43.474 I/EventSequenceValidator( 1525): inc AccIntentStartedEvents to 2
12-01 03:58:43.477 I/wm_task_created( 1525): [21,-1]
12-01 03:58:43.477 W/ActivityTaskManager( 1525): Can't find TaskDisplayArea to determine support for multi window. Task id=21 attached=false
12-01 03:58:43.478 V/ShadeControllerImpl( 2372): NotificationShadeWindow: com.android.systemui.statusbar.phone.NotificationShadeWindowView{4dc17f0 V.E...... ........ 0,0-2380,1020} canPanelBeCollapsed(): true
12-01 03:58:43.480 I/wm_task_moved( 1525): [21,1,13]
12-01 03:58:43.480 I/wm_task_to_front( 1525): [0,21]
12-01 03:58:43.481 I/wm_create_task( 1525): [0,21]
12-01 03:58:43.481 I/wm_create_activity( 1525): [0,192337750,21,com.thundercomm.screensaver/android.service.dreams.DreamActivity,NULL,NULL,NULL,276824064]
12-01 03:58:43.481 I/wm_task_moved( 1525): [21,1,13]
12-01 03:58:43.481 I/wm_on_top_resumed_lost_called( 2849): [93742719,com.android.launcher3.uioverrides.QuickstepLauncher,topStateChangedWhenResumed]
12-01 03:58:43.481 D/CompatibilityInfo( 1525): mCompatibilityFlags - 4
12-01 03:58:43.481 D/CompatibilityInfo( 1525): applicationDensity - 240
12-01 03:58:43.481 D/CompatibilityInfo( 1525): applicationScale - 1.0
12-01 03:58:43.482 D/ActivityTrigger( 1525): ActivityTrigger activityPauseTrigger
12-01 03:58:43.483 I/wm_pause_activity( 1525): [0,93742719,com.android.launcher3/.uioverrides.QuickstepLauncher,userLeaving=true,pauseBackTasks]
12-01 03:58:43.487 I/wm_on_paused_called( 2849): [93742719,com.android.launcher3.uioverrides.QuickstepLauncher,performPause]
12-01 03:58:43.492 I/ActivityTaskManager( 1525): FOREGROUND_APPLICATION_CHANGED to android.service.dreams.DreamActivity
12-01 03:58:43.493 I/ActivityTaskManager( 1525): The Process com.thundercomm.screensaver Already Exists in BG. So sending its PID: 5492
12-01 03:58:43.493 W/ActivityTaskManager( 1525): Tried to set launchTime (0) < mLastActivityLaunchTime (221581)
12-01 03:58:43.493 I/wm_add_to_stopping( 1525): [0,93742719,com.android.launcher3/.uioverrides.QuickstepLauncher,makeInvisible]
12-01 03:58:43.494 I/wm_restart_activity( 1525): [0,192337750,21,com.thundercomm.screensaver/android.service.dreams.DreamActivity]
12-01 03:58:43.494 D/CompatibilityInfo( 1525): mCompatibilityFlags - 4
12-01 03:58:43.494 D/CompatibilityInfo( 1525): applicationDensity - 240
12-01 03:58:43.494 D/CompatibilityInfo( 1525): applicationScale - 1.0
12-01 03:58:43.495 I/wm_set_resumed_activity( 1525): [0,com.thundercomm.screensaver/android.service.dreams.DreamActivity,minimalResumeActivityLocked]
12-01 03:58:43.501 I/GameMode_ActivityMonitoringService( 4299): onForegroundActivitiesChanged uid 10042 pid 5492 fg true
12-01 03:58:43.507 I/wm_on_create_called( 5492): [192337750,android.service.dreams.DreamActivity,performCreate]
12-01 03:58:43.508 I/wm_on_start_called( 5492): [192337750,android.service.dreams.DreamActivity,handleStartActivity]
12-01 03:58:43.514 I/wm_on_resume_called( 5492): [192337750,android.service.dreams.DreamActivity,RESUME_ACTIVITY]
12-01 03:58:43.516 I/sysui_multi_action( 1525): [757,803,799,window_time_0,802,5]
12-01 03:58:43.518 D/KeyguardViewMediator( 2372): setOccluded true
12-01 03:58:43.519 I/wm_on_top_resumed_gained_called( 5492): [192337750,android.service.dreams.DreamActivity,topStateChangedWhenResumed]
12-01 03:58:43.520 I/GameMode_ActivityMonitoringService( 4299): Updating top task to: TaskInfoContainer [topActivity=ComponentInfo{com.thundercomm.screensaver/android.service.dreams.DreamActivity}, taskId=21, stackId=21, userId=0, displayId=0, position=13
12-01 03:58:43.520 I/GameMode_ActivityMonitoringService( 4299): Notifying about top task: TaskInfoContainer [topActivity=ComponentInfo{com.thundercomm.screensaver/android.service.dreams.DreamActivity}, taskId=21, stackId=21, userId=0, displayId=0, position=13
12-01 03:58:43.520 E/GameMode_ActivityMonitoringService( 4299): onActivityLaunch:com.thundercomm.screensaver
12-01 03:58:43.520 V/GameMode_GameTypeUtils( 4299): judge isGame:com.thundercomm.screensaver
12-01 03:58:43.520 V/GameMode_GpuUtils( 4299): fps:60
12-01 03:58:43.522 D/GameMode_GameModeActionUtils( 4299): Show GameMode entry by service!
12-01 03:58:43.522 W/ContextImpl( 4299): Calling a method in the system process without a qualified user: android.app.ContextImpl.startService:1816 android.content.ContextWrapper.startService:774 com.thundercomm.gamemode.ingame.services.GameModeActionUtils.startGameModeService:93 com.thundercomm.gamemode.ingame.services.GameModeActionUtils.startGameModeEntry:21 com.thundercomm.gamemode.ingame.services.ActivityMonitoringService$1.onActivityLaunch:127
12-01 03:58:43.524 D/GameModeIF_GameModeSettings( 4299): getUriFor setting_content_uri_root = content://com.thundercomm.gamemode.api/gamemode_settings , name = gamemode_isgaming
12-01 03:58:43.524 D/GameMode_GameModeService( 4299): type=hide_entry
12-01 03:58:43.526 I/GameModeConfig( 1525): Current uri is uri = content://com.thundercomm.gamemode.api/gamemode_settings/gamemode_isgaming
12-01 03:58:43.526 E/ThemeUtils( 5492): View class androidx.appcompat.widget.AppCompatImageView is an AppCompat widget that can only be used with a Theme.AppCompat theme (or descendant).
12-01 03:58:43.526 D/GameModeIF_GameModeSettings( 1525): getUriFor setting_content_uri_root = content://com.thundercomm.gamemode.api/gamemode_settings , name = gamemode_isgaming
12-01 03:58:43.526 D/GameModeIF_GameModeSettings( 4299): gamemode_isgaming set to 0
12-01 03:58:43.527 I/input_focus( 1525): [Focus leaving 27f5852 NotificationShade (server),reason=NOT_FOCUSABLE]
12-01 03:58:43.527 E/ThemeUtils( 5492): View class androidx.appcompat.widget.AppCompatImageView is an AppCompat widget that can only be used with a Theme.AppCompat theme (or descendant).
12-01 03:58:43.527 E/ThemeUtils( 5492): View class androidx.appcompat.widget.AppCompatImageView is an AppCompat widget that can only be used with a Theme.AppCompat theme (or descendant).
12-01 03:58:43.528 E/ThemeUtils( 5492): View class androidx.appcompat.widget.AppCompatImageView is an AppCompat widget that can only be used with a Theme.AppCompat theme (or descendant).
12-01 03:58:43.528 I/GameModeConfig( 1525): isGameModeOn = false
12-01 03:58:43.528 I/GameModeConfig( 1525): isGameModeOn = false
12-01 03:58:43.528 I/GameModeConfig( 1525): isDisableVoice = true
12-01 03:58:43.537 V/KeyguardUpdateMonitor( 2372): startListeningForFingerprint()
12-01 03:58:43.538 D/KeyguardViewMediator( 2372): adjustStatusBarLocked: mShowing=false mOccluded=true isSecure=false force=false --> flags=0x0
12-01 03:58:43.542 I/input_focus( 1525): [Focus request c417b2e com.thundercomm.screensaver/android.service.dreams.DreamActivity,reason=UpdateInputWindows]
12-01 03:58:43.556 I/EventSequenceValidator( 1525): dec AccIntentStartedEvents to 1
12-01 03:58:43.557 I/sysui_multi_action( 1525): [319,78,322,78,325,343,757,761,758,8,759,2,806,com.thundercomm.screensaver,871,android.service.dreams.DreamActivity,904,com.thundercomm.screensaver,905,0,1320,4,1321,2]
12-01 03:58:43.558 I/wm_activity_launch_time( 1525): [0,192337750,com.thundercomm.screensaver/android.service.dreams.DreamActivity,78]
12-01 03:58:43.559 I/ActivityTaskManager( 1525): Displayed com.thundercomm.screensaver/android.service.dreams.DreamActivity: +78ms
12-01 03:58:43.561 I/GameModeConfig( 1525): isGameModeOn = false
12-01 03:58:43.562 I/GameModeConfig( 1525): isGameModeOn = false
12-01 03:58:43.562 I/GameModeConfig( 1525): isGameModeOn = false
12-01 03:58:43.562 I/GameModeConfig( 1525): isGameModeOn = false
12-01 03:58:43.564 I/notification_enqueue( 1525): [10080,2372,com.android.systemui,2048,NULL,0,Notification(channel=updateNotification shortcut=null contentView=null vibrate=null sound=null defaults=0x0 flags=0x0 color=0x00000000 vis=PRIVATE),1]
12-01 03:58:43.564 I/sysui_multi_action( 2372): [757,111,758,2]
12-01 03:58:43.564 I/sysui_multi_action( 2372): [757,111,758,2]
12-01 03:58:43.568 D/GameMode_GameSettingsObserver( 4299): Game Data change!!!! uri = content://com.thundercomm.gamemode.api/gamemode_settings/gamemode_isgaming
12-01 03:58:43.568 D/GameModeIF_GameModeSettings( 4299): getUriFor setting_content_uri_root = content://com.thundercomm.gamemode.api/gamemode_settings , name = gamemode_isgaming
12-01 03:58:43.570 D/GameMode_GameModeService( 4299): updateGlobalSettings = gamemode_isgaming
12-01 03:58:43.570 I/sysui_multi_action( 2372): [757,111,758,1]
12-01 03:58:43.570 I/sysui_multi_action( 2372): [757,126,758,1,759,126,927,0,928,1,1593,0]
12-01 03:58:43.570 I/sysui_multi_action( 2372): [757,113,758,1,759,113,927,1,928,1,1593,0]
12-01 03:58:43.570 I/sysui_multi_action( 2372): [757,0,758,1,759,0,927,2,928,0,1593,0]
12-01 03:58:43.570 I/sysui_multi_action( 2372): [757,0,758,1,759,0,927,3,928,0,1593,0]
12-01 03:58:43.570 I/sysui_multi_action( 2372): [757,491,758,1,759,491,927,4,928,0,1311,-1,1593,0]
12-01 03:58:43.570 I/sysui_multi_action( 2372): [757,0,758,1,759,0,927,5,928,0,1593,0]
12-01 03:58:43.571 I/sysui_multi_action( 2372): [757,111,758,1]
12-01 03:58:43.571 I/sysui_multi_action( 2372): [757,126,758,1,759,126,927,0,928,1,1593,0]
12-01 03:58:43.571 I/sysui_multi_action( 2372): [757,113,758,1,759,113,927,1,928,1,1593,0]
12-01 03:58:43.571 I/sysui_multi_action( 2372): [757,0,758,1,759,0,927,2,928,0,1593,0]
12-01 03:58:43.571 I/sysui_multi_action( 2372): [757,0,758,1,759,0,927,3,928,0,1593,0]
12-01 03:58:43.574 W/RingtonePlayer( 2372): STOP command without a player
12-01 03:58:43.576 I/input_focus( 1525): [Focus entering c417b2e com.thundercomm.screensaver/android.service.dreams.DreamActivity (server),reason=Window became focusable. Previous reason: NOT_VISIBLE]
12-01 03:58:43.595 D/StatusBar( 2372): disable disable2
12-01 03:58:43.597 I/GameMode_ActivityMonitoringService( 4299): onTaskStackChanged
12-01 03:58:43.601 I/GameMode_ActivityMonitoringService( 4299): Updating top task to: TaskInfoContainer [topActivity=ComponentInfo{com.thundercomm.screensaver/android.service.dreams.DreamActivity}, taskId=21, stackId=21, userId=0, displayId=0, position=13
12-01 03:58:43.601 I/GameMode_ActivityMonitoringService( 4299): Notifying about top task: TaskInfoContainer [topActivity=ComponentInfo{com.thundercomm.screensaver/android.service.dreams.DreamActivity}, taskId=21, stackId=21, userId=0, displayId=0, position=13
12-01 03:58:43.601 E/GameMode_ActivityMonitoringService( 4299): onActivityLaunch:com.thundercomm.screensaver
12-01 03:58:43.601 V/GameMode_GameTypeUtils( 4299): judge isGame:com.thundercomm.screensaver
12-01 03:58:43.601 V/GameMode_GpuUtils( 4299): fps:60
12-01 03:58:43.604 D/GameMode_GameModeActionUtils( 4299): Show GameMode entry by service!
12-01 03:58:43.604 W/ContextImpl( 4299): Calling a method in the system process without a qualified user: android.app.ContextImpl.startService:1816 android.content.ContextWrapper.startService:774 com.thundercomm.gamemode.ingame.services.GameModeActionUtils.startGameModeService:93 com.thundercomm.gamemode.ingame.services.GameModeActionUtils.startGameModeEntry:21 com.thundercomm.gamemode.ingame.services.ActivityMonitoringService$1.onActivityLaunch:127
12-01 03:58:43.606 D/GameMode_GameModeService( 4299): type=hide_entry
12-01 03:58:43.606 D/GameModeIF_GameModeSettings( 4299): getUriFor setting_content_uri_root = content://com.thundercomm.gamemode.api/gamemode_settings , name = gamemode_isgaming
12-01 03:58:43.607 I/GameModeConfig( 1525): Current uri is uri = content://com.thundercomm.gamemode.api/gamemode_settings/gamemode_isgaming
12-01 03:58:43.607 D/GameModeIF_GameModeSettings( 1525): getUriFor setting_content_uri_root = content://com.thundercomm.gamemode.api/gamemode_settings , name = gamemode_isgaming
12-01 03:58:43.608 D/GameModeIF_GameModeSettings( 4299): gamemode_isgaming set to 0
12-01 03:58:43.610 I/GameModeConfig( 1525): isGameModeOn = false
12-01 03:58:43.610 I/GameModeConfig( 1525): isGameModeOn = false
12-01 03:58:43.610 I/GameModeConfig( 1525): isDisableVoice = true
12-01 03:58:43.637 W/System ( 2929): A resource failed to call close.
12-01 03:58:43.637 W/System ( 2929): A resource failed to call close.
12-01 03:58:43.637 W/System ( 2929): A resource failed to call close.
12-01 03:58:43.637 W/System ( 2929): A resource failed to call close.
12-01 03:58:43.637 W/System ( 2929): A resource failed to call close.
12-01 03:58:43.649 D/GameMode_GameSettingsObserver( 4299): Game Data change!!!! uri = content://com.thundercomm.gamemode.api/gamemode_settings/gamemode_isgaming
12-01 03:58:43.649 D/GameModeIF_GameModeSettings( 4299): getUriFor setting_content_uri_root = content://com.thundercomm.gamemode.api/gamemode_settings , name = gamemode_isgaming
12-01 03:58:43.652 D/GameMode_GameModeService( 4299): updateGlobalSettings = gamemode_isgaming
12-01 03:58:43.659 I/GameModeConfig( 1525): isGameModeOn = false
12-01 03:58:43.659 I/GameModeConfig( 1525): isGameModeOn = false
12-01 03:58:43.659 I/GameModeConfig( 1525): isGameModeOn = false
12-01 03:58:43.659 I/GameModeConfig( 1525): isGameModeOn = false
12-01 03:58:43.660 I/sysui_multi_action( 2372): [757,111,758,2]
12-01 03:58:43.660 I/notification_enqueue( 1525): [10080,2372,com.android.systemui,2048,NULL,0,Notification(channel=updateNotification shortcut=null contentView=null vibrate=null sound=null defaults=0x0 flags=0x0 color=0x00000000 vis=PRIVATE),1]
12-01 03:58:43.660 I/sysui_multi_action( 2372): [757,111,758,2]
12-01 03:58:43.664 I/sysui_multi_action( 2372): [757,111,758,1]
12-01 03:58:43.664 I/sysui_multi_action( 2372): [757,126,758,1,759,126,927,0,928,1,1593,0]
12-01 03:58:43.664 I/sysui_multi_action( 2372): [757,113,758,1,759,113,927,1,928,1,1593,0]
12-01 03:58:43.664 I/sysui_multi_action( 2372): [757,0,758,1,759,0,927,2,928,0,1593,0]
12-01 03:58:43.664 I/sysui_multi_action( 2372): [757,0,758,1,759,0,927,3,928,0,1593,0]
12-01 03:58:43.664 I/sysui_multi_action( 2372): [757,491,758,1,759,491,927,4,928,0,1311,-1,1593,0]
12-01 03:58:43.664 I/sysui_multi_action( 2372): [757,0,758,1,759,0,927,5,928,0,1593,0]
12-01 03:58:43.664 I/sysui_multi_action( 2372): [757,111,758,1]
12-01 03:58:43.664 I/sysui_multi_action( 2372): [757,126,758,1,759,126,927,0,928,1,1593,1]
12-01 03:58:43.664 I/sysui_multi_action( 2372): [757,113,758,1,759,113,927,1,928,1,1593,1]
12-01 03:58:43.664 I/sysui_multi_action( 2372): [757,0,758,1,759,0,927,2,928,0,1593,1]
12-01 03:58:43.665 I/sysui_multi_action( 2372): [757,0,758,1,759,0,927,3,928,0,1593,1]
12-01 03:58:43.667 W/View ( 2372): requestLayout() improperly called by android.widget.TextView{b3e1c15 V.ED..... ..S...ID 0,27-148,54 #7f0b00a4 app:id/app_label} during layout: running second layout pass
12-01 03:58:43.667 W/View ( 2372): requestLayout() improperly called by com.android.systemui.util.animation.UniqueObjectHostView{af0c01e V.E...... ......ID 0,0-636,344} during layout: running second layout pass
12-01 03:58:43.676 I/GameModeConfig( 1525): isGameModeOn = false
12-01 03:58:43.676 I/GameModeConfig( 1525): isGameModeOn = false
12-01 03:58:43.676 I/GameModeConfig( 1525): isGameModeOn = false
12-01 03:58:43.676 I/GameModeConfig( 1525): isGameModeOn = false
12-01 03:58:43.677 I/notification_enqueue( 1525): [10080,2372,com.android.systemui,2048,NULL,0,Notification(channel=updateNotification shortcut=null contentView=null vibrate=null sound=null defaults=0x0 flags=0x0 color=0x00000000 vis=PRIVATE),1]
12-01 03:58:43.678 I/sysui_multi_action( 2372): [757,111,758,2]
12-01 03:58:43.678 I/sysui_multi_action( 2372): [757,111,758,2]
12-01 03:58:43.682 I/OpenGLRenderer( 2372): Davey! duration=9223371693119ms; Flags=0, FrameTimelineVsyncId=16287, IntendedVsync=343735700873, Vsync=343735700873, InputEventId=0, HandleInputStart=343735970231, AnimationStart=343735971325, PerformTraversalsStart=343739973096, DrawStart=343747053408, FrameDeadline=343752367539, FrameInterval=343735968043, FrameStartTime=16666666, SyncQueued=343748066898, SyncStart=343748123148, IssueDrawCommandsStart=343748504085, SwapBuffers=343749999866, FrameCompleted=9223372036854775807, DequeueBufferDuration=12239, QueueBufferDuration=532500, GpuCompleted=9223372036854775807, SwapBuffersCompleted=343750912939, DisplayPresentTime=0,
12-01 03:58:43.682 I/OpenGLRenderer( 2372): Davey! duration=9223371693116ms; Flags=0, FrameTimelineVsyncId=16287, IntendedVsync=343735700873, Vsync=343735700873, InputEventId=0, HandleInputStart=343735970231, AnimationStart=343735971325, PerformTraversalsStart=343739973096, DrawStart=343748557158, FrameDeadline=343752367539, FrameInterval=343735968043, FrameStartTime=16666666, SyncQueued=343748633356, SyncStart=343750973252, IssueDrawCommandsStart=343751009033, SwapBuffers=343751162731, FrameCompleted=9223372036854775807, DequeueBufferDuration=10677, QueueBufferDuration=239532, GpuCompleted=9223372036854775807, SwapBuffersCompleted=343751627158, DisplayPresentTime=1373056475655569408,
12-01 03:58:43.682 I/OpenGLRenderer( 2372): Davey! duration=9223371693118ms; Flags=0, FrameTimelineVsyncId=16287, IntendedVsync=343735700873, Vsync=343735700873, InputEventId=0, HandleInputStart=343735970231, AnimationStart=343735971325, PerformTraversalsStart=343739973096, DrawStart=343751038460, FrameDeadline=343752367539, FrameInterval=343735968043, FrameStartTime=16666666, SyncQueued=343751043408, SyncStart=343751649241, IssueDrawCommandsStart=343751665335, SwapBuffers=343751799033, FrameCompleted=9223372036854775807, DequeueBufferDuration=8698, QueueBufferDuration=290104, GpuCompleted=9223372036854775807, SwapBuffersCompleted=343752237991, DisplayPresentTime=0,
12-01 03:58:43.683 I/sysui_multi_action( 2372): [757,111,758,1]
12-01 03:58:43.683 I/sysui_multi_action( 2372): [757,126,758,1,759,126,927,0,928,1,1593,1]
12-01 03:58:43.683 I/sysui_multi_action( 2372): [757,113,758,1,759,113,927,1,928,1,1593,1]
12-01 03:58:43.683 I/sysui_multi_action( 2372): [757,0,758,1,759,0,927,2,928,0,1593,1]
12-01 03:58:43.683 I/sysui_multi_action( 2372): [757,0,758,1,759,0,927,3,928,0,1593,1]
12-01 03:58:43.683 I/sysui_multi_action( 2372): [757,491,758,1,759,491,927,4,928,0,1311,-1,1593,1]
12-01 03:58:43.683 I/sysui_multi_action( 2372): [757,0,758,1,759,0,927,5,928,0,1593,1]
12-01 03:58:43.683 I/sysui_multi_action( 2372): [757,111,758,1]
12-01 03:58:43.683 I/sysui_multi_action( 2372): [757,126,758,1,759,126,927,0,928,1,1593,0]
12-01 03:58:43.683 I/sysui_multi_action( 2372): [757,113,758,1,759,113,927,1,928,1,1593,0]
12-01 03:58:43.683 I/sysui_multi_action( 2372): [757,0,758,1,759,0,927,2,928,0,1593,0]
12-01 03:58:43.683 I/sysui_multi_action( 2372): [757,0,758,1,759,0,927,3,928,0,1593,0]
12-01 03:58:43.685 W/View ( 2372): requestLayout() improperly called by android.widget.TextView{b3e1c15 V.ED..... ..S...ID 0,27-148,54 #7f0b00a4 app:id/app_label} during layout: running second layout pass
12-01 03:58:43.685 W/View ( 2372): requestLayout() improperly called by com.android.systemui.util.animation.UniqueObjectHostView{af0c01e V.E...... ......ID 0,0-636,344} during layout: running second layout pass
12-01 03:58:43.689 W/View ( 2372): requestLayout() improperly called by android.widget.TextView{b3e1c15 V.ED..... ..S..... 0,27-148,54 #7f0b00a4 app:id/app_label} during second layout pass: posting in next frame
12-01 03:58:43.692 I/GameModeConfig( 1525): isGameModeOn = false
12-01 03:58:43.693 I/GameModeConfig( 1525): isGameModeOn = false
12-01 03:58:43.693 I/GameModeConfig( 1525): isGameModeOn = false
12-01 03:58:43.693 I/GameModeConfig( 1525): isGameModeOn = false
12-01 03:58:43.693 I/sysui_multi_action( 2372): [757,111,758,2]
12-01 03:58:43.693 I/notification_enqueue( 1525): [10080,2372,com.android.systemui,2048,NULL,0,Notification(channel=updateNotification shortcut=null contentView=null vibrate=null sound=null defaults=0x0 flags=0x0 color=0x00000000 vis=PRIVATE),1]
12-01 03:58:43.693 I/sysui_multi_action( 2372): [757,111,758,2]
12-01 03:58:43.697 I/sysui_multi_action( 2372): [757,111,758,1]
12-01 03:58:43.697 I/sysui_multi_action( 2372): [757,126,758,1,759,126,927,0,928,1,1593,0]
12-01 03:58:43.697 I/sysui_multi_action( 2372): [757,113,758,1,759,113,927,1,928,1,1593,0]
12-01 03:58:43.697 I/sysui_multi_action( 2372): [757,0,758,1,759,0,927,2,928,0,1593,0]
12-01 03:58:43.697 I/sysui_multi_action( 2372): [757,0,758,1,759,0,927,3,928,0,1593,0]
12-01 03:58:43.698 I/sysui_multi_action( 2372): [757,491,758,1,759,491,927,4,928,0,1311,-1,1593,0]
12-01 03:58:43.698 I/sysui_multi_action( 2372): [757,0,758,1,759,0,927,5,928,0,1593,0]
12-01 03:58:43.698 I/sysui_multi_action( 2372): [757,111,758,1]
12-01 03:58:43.698 I/sysui_multi_action( 2372): [757,126,758,1,759,126,927,0,928,1,1593,0]
12-01 03:58:43.698 I/sysui_multi_action( 2372): [757,113,758,1,759,113,927,1,928,1,1593,0]
12-01 03:58:43.698 I/sysui_multi_action( 2372): [757,0,758,1,759,0,927,2,928,0,1593,1]
12-01 03:58:43.698 I/sysui_multi_action( 2372): [757,0,758,1,759,0,927,3,928,0,1593,1]
12-01 03:58:43.701 W/View ( 2372): requestLayout() improperly called by android.widget.TextView{b3e1c15 V.ED..... ..S...ID 0,27-148,54 #7f0b00a4 app:id/app_label} during layout: running second layout pass
12-01 03:58:43.701 W/View ( 2372): requestLayout() improperly called by com.android.systemui.util.animation.UniqueObjectHostView{af0c01e V.E...... ......ID 0,0-636,344} during layout: running second layout pass
12-01 03:58:43.705 W/View ( 2372): requestLayout() improperly called by android.widget.TextView{b3e1c15 V.ED..... ..S..... 0,27-148,54 #7f0b00a4 app:id/app_label} during second layout pass: posting in next frame
12-01 03:58:43.709 I/GameModeConfig( 1525): isGameModeOn = false
12-01 03:58:43.709 I/GameModeConfig( 1525): isGameModeOn = false
12-01 03:58:43.709 I/GameModeConfig( 1525): isGameModeOn = false
12-01 03:58:43.709 I/GameModeConfig( 1525): isGameModeOn = false
12-01 03:58:43.711 I/sysui_multi_action( 2372): [757,111,758,2]
12-01 03:58:43.711 I/notification_enqueue( 1525): [10080,2372,com.android.systemui,2048,NULL,0,Notification(channel=updateNotification shortcut=null contentView=null vibrate=null sound=null defaults=0x0 flags=0x0 color=0x00000000 vis=PRIVATE),1]
12-01 03:58:43.711 I/sysui_multi_action( 2372): [757,111,758,2]
12-01 03:58:43.716 I/sysui_multi_action( 2372): [757,111,758,1]
12-01 03:58:43.716 I/sysui_multi_action( 2372): [757,126,758,1,759,126,927,0,928,1,1593,0]
12-01 03:58:43.717 I/sysui_multi_action( 2372): [757,113,758,1,759,113,927,1,928,1,1593,0]
12-01 03:58:43.717 I/sysui_multi_action( 2372): [757,0,758,1,759,0,927,2,928,0,1593,0]
12-01 03:58:43.717 I/sysui_multi_action( 2372): [757,0,758,1,759,0,927,3,928,0,1593,0]
12-01 03:58:43.717 I/sysui_multi_action( 2372): [757,491,758,1,759,491,927,4,928,0,1311,-1,1593,0]
12-01 03:58:43.717 I/sysui_multi_action( 2372): [757,0,758,1,759,0,927,5,928,0,1593,0]
12-01 03:58:43.717 I/sysui_multi_action( 2372): [757,111,758,1]
12-01 03:58:43.717 I/sysui_multi_action( 2372): [757,126,758,1,759,126,927,0,928,1,1593,1]
12-01 03:58:43.717 I/sysui_multi_action( 2372): [757,113,758,1,759,113,927,1,928,1,1593,1]
12-01 03:58:43.717 I/sysui_multi_action( 2372): [757,0,758,1,759,0,927,2,928,0,1593,1]
12-01 03:58:43.717 I/sysui_multi_action( 2372): [757,0,758,1,759,0,927,3,928,0,1593,1]
12-01 03:58:43.720 W/View ( 2372): requestLayout() improperly called by android.widget.TextView{b3e1c15 V.ED..... ..S...ID 0,27-148,54 #7f0b00a4 app:id/app_label} during layout: running second layout pass
12-01 03:58:43.720 W/View ( 2372): requestLayout() improperly called by com.android.systemui.util.animation.UniqueObjectHostView{af0c01e V.E...... ......ID 0,0-636,344} during layout: running second layout pass
12-01 03:58:43.724 W/View ( 2372): requestLayout() improperly called by android.widget.TextView{b3e1c15 V.ED..... ..S..... 0,27-148,54 #7f0b00a4 app:id/app_label} during second layout pass: posting in next frame
12-01 03:58:43.726 I/GameModeConfig( 1525): isGameModeOn = false
12-01 03:58:43.726 I/GameModeConfig( 1525): isGameModeOn = false
12-01 03:58:43.726 I/GameModeConfig( 1525): isGameModeOn = false
12-01 03:58:43.726 I/GameModeConfig( 1525): isGameModeOn = false
12-01 03:58:43.727 I/sysui_multi_action( 2372): [757,111,758,2]
12-01 03:58:43.727 I/notification_enqueue( 1525): [10080,2372,com.android.systemui,2048,NULL,0,Notification(channel=updateNotification shortcut=null contentView=null vibrate=null sound=null defaults=0x0 flags=0x0 color=0x00000000 vis=PRIVATE),1]
12-01 03:58:43.727 I/sysui_multi_action( 2372): [757,111,758,2]
12-01 03:58:43.732 I/sysui_multi_action( 2372): [757,111,758,1]
12-01 03:58:43.732 I/sysui_multi_action( 2372): [757,126,758,1,759,126,927,0,928,1,1593,1]
12-01 03:58:43.732 I/sysui_multi_action( 2372): [757,113,758,1,759,113,927,1,928,1,1593,1]
12-01 03:58:43.732 I/sysui_multi_action( 2372): [757,0,758,1,759,0,927,2,928,0,1593,1]
12-01 03:58:43.732 I/sysui_multi_action( 2372): [757,0,758,1,759,0,927,3,928,0,1593,1]
12-01 03:58:43.733 I/sysui_multi_action( 2372): [757,491,758,1,759,491,927,4,928,0,1311,-1,1593,0]
12-01 03:58:43.733 I/sysui_multi_action( 2372): [757,0,758,1,759,0,927,5,928,0,1593,0]
12-01 03:58:43.733 I/sysui_multi_action( 2372): [757,111,758,1]
12-01 03:58:43.733 I/sysui_multi_action( 2372): [757,126,758,1,759,126,927,0,928,1,1593,1]
12-01 03:58:43.733 I/sysui_multi_action( 2372): [757,113,758,1,759,113,927,1,928,1,1593,1]
12-01 03:58:43.733 I/sysui_multi_action( 2372): [757,0,758,1,759,0,927,2,928,0,1593,1]
12-01 03:58:43.733 I/sysui_multi_action( 2372): [757,0,758,1,759,0,927,3,928,0,1593,1]
12-01 03:58:43.735 W/View ( 2372): requestLayout() improperly called by android.widget.TextView{b3e1c15 V.ED..... ..S...ID 0,27-148,54 #7f0b00a4 app:id/app_label} during layout: running second layout pass
12-01 03:58:43.735 W/View ( 2372): requestLayout() improperly called by com.android.systemui.util.animation.UniqueObjectHostView{af0c01e V.E...... ......ID 0,0-636,344} during layout: running second layout pass
12-01 03:58:43.739 W/View ( 2372): requestLayout() improperly called by android.widget.TextView{b3e1c15 V.ED..... ..S..... 0,27-148,54 #7f0b00a4 app:id/app_label} during second layout pass: posting in next frame
12-01 03:58:43.743 I/GameModeConfig( 1525): isGameModeOn = false
12-01 03:58:43.743 I/GameModeConfig( 1525): isGameModeOn = false
12-01 03:58:43.743 I/GameModeConfig( 1525): isGameModeOn = false
12-01 03:58:43.743 I/GameModeConfig( 1525): isGameModeOn = false
12-01 03:58:43.744 I/sysui_multi_action( 2372): [757,111,758,2]
12-01 03:58:43.744 I/notification_enqueue( 1525): [10080,2372,com.android.systemui,2048,NULL,0,Notification(channel=updateNotification shortcut=null contentView=null vibrate=null sound=null defaults=0x0 flags=0x0 color=0x00000000 vis=PRIVATE),1]
12-01 03:58:43.744 I/sysui_multi_action( 2372): [757,111,758,2]
12-01 03:58:43.748 I/sysui_multi_action( 2372): [757,111,758,1]
12-01 03:58:43.748 I/sysui_multi_action( 2372): [757,126,758,1,759,126,927,0,928,1,1593,1]
12-01 03:58:43.748 I/sysui_multi_action( 2372): [757,113,758,1,759,113,927,1,928,1,1593,1]
12-01 03:58:43.748 I/sysui_multi_action( 2372): [757,0,758,1,759,0,927,2,928,0,1593,1]
12-01 03:58:43.748 I/sysui_multi_action( 2372): [757,0,758,1,759,0,927,3,928,0,1593,1]
12-01 03:58:43.749 I/sysui_multi_action( 2372): [757,491,758,1,759,491,927,4,928,0,1311,-1,1593,0]
12-01 03:58:43.749 I/sysui_multi_action( 2372): [757,0,758,1,759,0,927,5,928,0,1593,0]
12-01 03:58:43.749 I/sysui_multi_action( 2372): [757,111,758,1]
12-01 03:58:43.749 I/sysui_multi_action( 2372): [757,126,758,1,759,126,927,0,928,1,1593,1]
12-01 03:58:43.749 I/sysui_multi_action( 2372): [757,113,758,1,759,113,927,1,928,1,1593,1]
12-01 03:58:43.749 I/sysui_multi_action( 2372): [757,0,758,1,759,0,927,2,928,0,1593,1]
12-01 03:58:43.749 I/sysui_multi_action( 2372): [757,0,758,1,759,0,927,3,928,0,1593,1]
12-01 03:58:43.751 W/View ( 2372): requestLayout() improperly called by android.widget.TextView{b3e1c15 V.ED..... ..S...ID 0,27-148,54 #7f0b00a4 app:id/app_label} during layout: running second layout pass
12-01 03:58:43.751 W/View ( 2372): requestLayout() improperly called by com.android.systemui.util.animation.UniqueObjectHostView{af0c01e V.E...... ......ID 0,0-636,344} during layout: running second layout pass
12-01 03:58:43.755 W/View ( 2372): requestLayout() improperly called by android.widget.TextView{b3e1c15 V.ED..... ..S..... 0,27-148,54 #7f0b00a4 app:id/app_label} during second layout pass: posting in next frame
12-01 03:58:43.760 I/GameModeConfig( 1525): isGameModeOn = false
12-01 03:58:43.760 I/GameModeConfig( 1525): isGameModeOn = false
12-01 03:58:43.760 I/GameModeConfig( 1525): isGameModeOn = false
12-01 03:58:43.760 I/GameModeConfig( 1525): isGameModeOn = false
12-01 03:58:43.761 I/sysui_multi_action( 2372): [757,111,758,2]
12-01 03:58:43.761 I/notification_enqueue( 1525): [10080,2372,com.android.systemui,2048,NULL,0,Notification(channel=updateNotification shortcut=null contentView=null vibrate=null sound=null defaults=0x0 flags=0x0 color=0x00000000 vis=PRIVATE),1]
12-01 03:58:43.761 I/sysui_multi_action( 2372): [757,111,758,2]
12-01 03:58:43.766 I/sysui_multi_action( 2372): [757,111,758,1]
12-01 03:58:43.766 I/sysui_multi_action( 2372): [757,126,758,1,759,126,927,0,928,1,1593,1]
12-01 03:58:43.766 I/sysui_multi_action( 2372): [757,113,758,1,759,113,927,1,928,1,1593,1]
12-01 03:58:43.766 I/sysui_multi_action( 2372): [757,0,758,1,759,0,927,2,928,0,1593,1]
12-01 03:58:43.766 I/GameModeConfig( 1525): isGameModeOn = false
12-01 03:58:43.766 I/sysui_multi_action( 2372): [757,0,758,1,759,0,927,3,928,0,1593,1]
12-01 03:58:43.767 I/sysui_multi_action( 2372): [757,491,758,1,759,491,927,4,928,0,1311,-1,1593,0]
12-01 03:58:43.767 I/sysui_multi_action( 2372): [757,0,758,1,759,0,927,5,928,0,1593,0]
12-01 03:58:43.767 I/sysui_multi_action( 2372): [757,111,758,1]
12-01 03:58:43.767 I/sysui_multi_action( 2372): [757,126,758,1,759,126,927,0,928,1,1593,1]
12-01 03:58:43.767 I/sysui_multi_action( 2372): [757,113,758,1,759,113,927,1,928,1,1593,1]
12-01 03:58:43.767 I/sysui_multi_action( 2372): [757,0,758,1,759,0,927,2,928,0,1593,1]
12-01 03:58:43.767 I/sysui_multi_action( 2372): [757,0,758,1,759,0,927,3,928,0,1593,1]
12-01 03:58:43.767 I/sysui_multi_action( 1525): [757,1501,758,1,793,285057,794,0,795,206,796,2048,806,com.android.systemui,857,updateNotification,858,3,947,0,1500,0,1688,1]
12-01 03:58:43.767 I/sysui_multi_action( 1525): [757,804,799,note_interruptive,801,0,802,1]
12-01 03:58:43.767 I/sysui_multi_action( 1525): [757,199,758,1,759,2,793,285057,794,0,795,206,796,2048,806,com.android.systemui,857,updateNotification,858,3,947,0,1500,0,1688,1]
12-01 03:58:43.767 I/notification_alert( 1525): [0|com.android.systemui|2048|null|10080,0,1,0]
12-01 03:58:43.768 W/NotificationHistory( 1525): Attempted to add notif for locked/gone/disabled user 0
12-01 03:58:43.769 W/View ( 2372): requestLayout() improperly called by android.widget.TextView{b3e1c15 V.ED..... ..S...ID 0,27-148,54 #7f0b00a4 app:id/app_label} during layout: running second layout pass
12-01 03:58:43.769 W/View ( 2372): requestLayout() improperly called by com.android.systemui.util.animation.UniqueObjectHostView{af0c01e V.E...... ......ID 0,0-636,344} during layout: running second layout pass
12-01 03:58:43.770 V/GameMode_GameTypeUtils( 4299): judge isGame:com.thundercomm.screensaver
12-01 03:58:43.770 E/GameMode_GameModeNotificationListenerService( 4299): title :content :,PackageName:com.android.systemui,isGameModeOn:false,isBulletScreenOn:false,isBulletScreenPackage:false
12-01 03:58:43.770 D/Avrcp_ext( 2356): AudioManager Player: AudioPlaybackConfiguration piid:103 deviceId:0 type:android.media.SoundPool u/pid:1000/1525 state:idle attr:AudioAttributes: usage=USAGE_ASSISTANCE_SONIFICATION content=CONTENT_TYPE_SONIFICATION flags=0x800 tags= bundle=null sessionId:0
12-01 03:58:43.770 D/Avrcp_ext( 2356): AudioManager Player: AudioPlaybackConfiguration piid:711 deviceId:0 type:android.media.MediaPlayer u/pid:10080/2372 state:idle attr:AudioAttributes: usage=USAGE_NOTIFICATION content=CONTENT_TYPE_SONIFICATION flags=0x800 tags= bundle=null sessionId:0
12-01 03:58:43.770 D/Avrcp_ext( 2356): AudioManager Player: AudioPlaybackConfiguration piid:111 deviceId:0 type:android.media.SoundPool u/pid:10080/2372 state:idle attr:AudioAttributes: usage=USAGE_ASSISTANCE_SONIFICATION content=CONTENT_TYPE_SONIFICATION flags=0x800 tags= bundle=null sessionId:0
12-01 03:58:43.770 D/Avrcp_ext( 2356): AudioManager Player: AudioPlaybackConfiguration piid:127 deviceId:0 type:android.media.SoundPool u/pid:1000/4299 state:idle attr:AudioAttributes: usage=USAGE_ASSISTANCE_SONIFICATION content=CONTENT_TYPE_SONIFICATION flags=0x801 tags= bundle=null sessionId:0
12-01 03:58:43.770 D/Avrcp_ext( 2356): AudioManager Player: AudioPlaybackConfiguration piid:655 deviceId:0 type:android.media.MediaPlayer u/pid:10086/5199 state:idle attr:AudioAttributes: usage=USAGE_UNKNOWN content=CONTENT_TYPE_UNKNOWN flags=0x800 tags= bundle=null sessionId:0
12-01 03:58:43.771 D/Avrcp_ext( 2356): AudioManager isPlaying: false, mAudioPlaybackIsActive = false
12-01 03:58:43.771 D/Avrcp_ext( 2356): AudioManager Reset Active Player
12-01 03:58:43.772 W/MediaProvider( 3490): Failed to fetch original file descriptor
12-01 03:58:43.772 W/MediaProvider( 3490): java.io.IOException: stat failed: EACCES (Permission denied)
12-01 03:58:43.772 W/MediaProvider( 3490): at com.android.providers.media.MediaProvider.getFileFromFileDescriptor(MediaProvider.java:5794)
12-01 03:58:43.772 W/MediaProvider( 3490): at com.android.providers.media.MediaProvider.getOriginalMediaFormatFileDescriptor(MediaProvider.java:5711)
12-01 03:58:43.772 W/MediaProvider( 3490): at com.android.providers.media.MediaProvider.openTypedAssetFileCommon(MediaProvider.java:7134)
12-01 03:58:43.772 W/MediaProvider( 3490): at com.android.providers.media.MediaProvider.openTypedAssetFile(MediaProvider.java:7115)
12-01 03:58:43.772 W/MediaProvider( 3490): at android.content.ContentProvider$Transport.openTypedAssetFile(ContentProvider.java:548)
12-01 03:58:43.772 W/MediaProvider( 3490): at android.content.ContentProviderNative.onTransact(ContentProviderNative.java:327)
12-01 03:58:43.772 W/MediaProvider( 3490): at android.os.Binder.execTransactInternal(Binder.java:1179)
12-01 03:58:43.772 W/MediaProvider( 3490): at android.os.Binder.execTransact(Binder.java:1143)
12-01 03:58:43.772 W/MediaProvider( 3490): Caused by: android.system.ErrnoException: stat failed: EACCES (Permission denied)
12-01 03:58:43.772 W/MediaProvider( 3490): at libcore.io.Linux.stat(Native Method)
12-01 03:58:43.772 W/MediaProvider( 3490): at libcore.io.ForwardingOs.stat(ForwardingOs.java:853)
12-01 03:58:43.772 W/MediaProvider( 3490): at libcore.io.BlockGuardOs.stat(BlockGuardOs.java:420)
12-01 03:58:43.772 W/MediaProvider( 3490): at libcore.io.ForwardingOs.stat(ForwardingOs.java:853)
12-01 03:58:43.772 W/MediaProvider( 3490): at android.app.ActivityThread$AndroidOs.stat(ActivityThread.java:7780)
12-01 03:58:43.772 W/MediaProvider( 3490): at android.system.Os.stat(Os.java:919)
12-01 03:58:43.772 W/MediaProvider( 3490): at com.android.providers.media.MediaProvider.getFileFromFileDescriptor(MediaProvider.java:5788)
12-01 03:58:43.772 W/MediaProvider( 3490): ... 7 more
12-01 03:58:43.772 D/NuPlayerDriver( 1186): NuPlayerDriver(0xe4b819b0) created, clientPid(2372)
12-01 03:58:43.773 W/View ( 2372): requestLayout() improperly called by android.widget.TextView{b3e1c15 V.ED..... ..S..... 0,27-148,54 #7f0b00a4 app:id/app_label} during second layout pass: posting in next frame
12-01 03:58:43.777 I/sysui_multi_action( 2372): [757,111,758,2]
12-01 03:58:43.777 I/sysui_multi_action( 2372): [757,111,758,2]
12-01 03:58:43.777 I/GameModeConfig( 1525): isGameModeOn = false
12-01 03:58:43.777 I/GameModeConfig( 1525): isGameModeOn = false
12-01 03:58:43.777 I/GameModeConfig( 1525): isGameModeOn = false
12-01 03:58:43.777 I/GameModeConfig( 1525): isGameModeOn = false
12-01 03:58:43.778 I/notification_enqueue( 1525): [10080,2372,com.android.systemui,2048,NULL,0,Notification(channel=updateNotification shortcut=null contentView=null vibrate=null sound=null defaults=0x0 flags=0x0 color=0x00000000 vis=PRIVATE),1]
12-01 03:58:43.779 I/ExtendedNuUtils( 1186): printFileName fd(8) -> /data/system_de/0/ringtones/notification_sound_cache
12-01 03:58:43.781 D/GenericSource( 1186): FileSource remote
12-01 03:58:43.781 I/sysui_multi_action( 2372): [757,111,758,1]
12-01 03:58:43.781 I/sysui_multi_action( 2372): [757,126,758,1,759,126,927,0,928,1,1593,1]
12-01 03:58:43.781 I/sysui_multi_action( 2372): [757,113,758,1,759,113,927,1,928,1,1593,1]
12-01 03:58:43.781 I/sysui_multi_action( 2372): [757,0,758,1,759,0,927,2,928,0,1593,1]
12-01 03:58:43.781 I/sysui_multi_action( 2372): [757,0,758,1,759,0,927,3,928,0,1593,1]
12-01 03:58:43.781 I/sysui_multi_action( 2372): [757,491,758,1,759,491,927,4,928,0,1311,-1,1593,0]
12-01 03:58:43.781 I/sysui_multi_action( 2372): [757,0,758,1,759,0,927,5,928,0,1593,0]
12-01 03:58:43.782 I/sysui_multi_action( 2372): [757,111,758,1]
12-01 03:58:43.782 I/sysui_multi_action( 2372): [757,126,758,1,759,126,927,0,928,1,1593,1]
12-01 03:58:43.782 I/sysui_multi_action( 2372): [757,113,758,1,759,113,927,1,928,1,1593,1]
12-01 03:58:43.782 I/sysui_multi_action( 2372): [757,0,758,1,759,0,927,2,928,0,1593,1]
12-01 03:58:43.782 I/sysui_multi_action( 2372): [757,0,758,1,759,0,927,3,928,0,1593,1]
12-01 03:58:43.784 W/View ( 2372): requestLayout() improperly called by android.widget.TextView{b3e1c15 V.ED..... ..S...ID 0,27-148,54 #7f0b00a4 app:id/app_label} during layout: running second layout pass
12-01 03:58:43.784 W/View ( 2372): requestLayout() improperly called by com.android.systemui.util.animation.UniqueObjectHostView{af0c01e V.E...... ......ID 0,0-636,344} during layout: running second layout pass
12-01 03:58:43.784 I/MMParserExtractor( 1184): Created(0xb4000078ec996d30)
12-01 03:58:43.786 D/MediaBufferGroup( 1184): creating MemoryDealer
12-01 03:58:43.788 W/View ( 2372): requestLayout() improperly called by android.widget.TextView{b3e1c15 V.ED..... ..S..... 0,27-148,54 #7f0b00a4 app:id/app_label} during second layout pass: posting in next frame
12-01 03:58:43.789 I/MediaFocusControl( 1525): requestAudioFocus() from uid/pid 10080/2372 AA=USAGE_NOTIFICATION/CONTENT_TYPE_SONIFICATION clientId=android.media.AudioManager@206fd6f callingPack=com.android.systemui req=3 flags=0x0 sdk=31
12-01 03:58:43.789 I/AudioService.FadeOutManager( 1525): unfadeOutUid() uid:10080
12-01 03:58:43.789 D/InterruptionStateProvider( 2372): No bubble up: not allowed to bubble: 0|com.android.systemui|2048|null|10080
12-01 03:58:43.789 D/InterruptionStateProvider( 2372): No heads up: unimportant notification: 0|com.android.systemui|2048|null|10080
12-01 03:58:43.791 D/PeopleSpaceWidgetMgr( 2372): Sbn doesn't contain valid PeopleTileKey: null/0/com.android.systemui
12-01 03:58:43.793 I/sysui_multi_action( 2372): [757,111,758,2]
12-01 03:58:43.793 I/sysui_multi_action( 2372): [757,111,758,2]
12-01 03:58:43.794 I/notification_enqueue( 1525): [10080,2372,com.android.systemui,2048,NULL,0,Notification(channel=updateNotification shortcut=null contentView=null vibrate=null sound=null defaults=0x0 flags=0x0 color=0x00000000 vis=PRIVATE),1]
12-01 03:58:43.795 I/GameModeConfig( 1525): isGameModeOn = false
12-01 03:58:43.795 I/GameModeConfig( 1525): isGameModeOn = false
12-01 03:58:43.795 I/GameModeConfig( 1525): isGameModeOn = false
12-01 03:58:43.795 I/GameModeConfig( 1525): isGameModeOn = false
12-01 03:58:43.798 I/sysui_multi_action( 2372): [757,111,758,1]
12-01 03:58:43.798 I/sysui_multi_action( 2372): [757,126,758,1,759,126,927,0,928,1,1593,1]
12-01 03:58:43.798 I/sysui_multi_action( 2372): [757,113,758,1,759,113,927,1,928,1,1593,1]
12-01 03:58:43.798 I/sysui_multi_action( 2372): [757,0,758,1,759,0,927,2,928,0,1593,1]
12-01 03:58:43.798 I/sysui_multi_action( 2372): [757,0,758,1,759,0,927,3,928,0,1593,1]
12-01 03:58:43.798 I/sysui_multi_action( 2372): [757,491,758,1,759,491,927,4,928,0,1311,-1,1593,0]
12-01 03:58:43.798 I/sysui_multi_action( 2372): [757,0,758,1,759,0,927,5,928,0,1593,0]
12-01 03:58:43.798 I/sysui_multi_action( 2372): [757,111,758,1]
12-01 03:58:43.798 I/sysui_multi_action( 2372): [757,126,758,1,759,126,927,0,928,1,1593,1]
12-01 03:58:43.798 I/sysui_multi_action( 2372): [757,113,758,1,759,113,927,1,928,1,1593,1]
12-01 03:58:43.798 I/sysui_multi_action( 2372): [757,0,758,1,759,0,927,2,928,0,1593,1]
12-01 03:58:43.798 I/sysui_multi_action( 2372): [757,0,758,1,759,0,927,3,928,0,1593,1]
12-01 03:58:43.801 W/View ( 2372): requestLayout() improperly called by android.widget.TextView{b3e1c15 V.ED..... ..S...ID 0,27-148,54 #7f0b00a4 app:id/app_label} during layout: running second layout pass
12-01 03:58:43.801 W/View ( 2372): requestLayout() improperly called by com.android.systemui.util.animation.UniqueObjectHostView{af0c01e V.E...... ......ID 0,0-636,344} during layout: running second layout pass
12-01 03:58:43.804 W/View ( 2372): requestLayout() improperly called by android.widget.TextView{b3e1c15 V.ED..... ..S..... 0,27-148,54 #7f0b00a4 app:id/app_label} during second layout pass: posting in next frame
12-01 03:58:43.809 I/GameModeConfig( 1525): isGameModeOn = false
12-01 03:58:43.810 I/GameModeConfig( 1525): isGameModeOn = false
12-01 03:58:43.810 I/GameModeConfig( 1525): isGameModeOn = false
12-01 03:58:43.810 I/GameModeConfig( 1525): isGameModeOn = false
