12-01 09:22:51.403 1508 6436 I wm_destroy_activity: [0,63948008,376,com.android.gallery3d/.app.GalleryActivity,finish-imm:finishIfPossible]
12-01 09:22:51.406 1508 1636 I am_kill : [0,31634,com.android.gallery3d,900,remove task]
12-01 09:22:51.409 1508 1636 I sysui_multi_action: [757,803,799,window_time_0,802,0]
12-01 09:22:51.437 1508 6928 I am_proc_died: [0,31634,com.android.gallery3d,900,18]
12-01 09:22:51.441 1508 6928 I am_uid_stopped: 10064
12-01 09:22:51.443 1508 6928 I wm_task_removed: [376,removeChild:removeChild last r=ActivityRecord{3cfc4e8 u0 com.android.gallery3d/.app.GalleryActivity t-1 f}} in t=Task{2d94e0b #376 type=standard A=10064:com.android.gallery3d U=0 visible=false mode=fullscreen translucent=true sz=0}]
12-01 09:22:51.443 1508 6928 I wm_task_removed: [376,removeChild]
12-01 09:22:51.447 1508 1636 I am_uid_running: 10064
12-01 09:22:51.457 1508 1649 I am_proc_start: [0,31773,10064,com.android.gallery3d,NULL,]
12-01 09:22:51.483 1508 6928 I am_proc_bound: [0,31773,com.android.gallery3d]
12-01 09:22:52.351 0 0 I auditd : type=1400 audit(0.0:20975): avc: denied { kill } for comm="swapper/1" capability=5 scontext=u:r:kernel:s0 tcontext=u:r:kernel:s0 tclass=capability permissive=0
12-01 09:22:52.497 1508 8053 I wm_task_created: [378,-1]
12-01 09:22:52.504 1508 8053 I wm_task_moved: [378,1,6]
12-01 09:22:52.504 1508 8053 I wm_task_to_front: [0,378]
12-01 09:22:52.504 1508 8053 I wm_create_task: [0,378]
12-01 09:22:52.504 1508 8053 I wm_create_activity: [0,98415922,378,com.android.music/.VideoBrowserActivity,NULL,NULL,NULL,268468224]
12-01 09:22:52.504 1508 8053 I wm_task_moved: [378,1,6]
12-01 09:22:52.507 1508 8053 I wm_restart_activity: [0,98415922,378,com.android.music/.VideoBrowserActivity]
12-01 09:22:52.508 1508 8053 I wm_set_resumed_activity: [0,com.android.music/.VideoBrowserActivity,minimalResumeActivityLocked]
12-01 09:22:52.519 2822 2822 I wm_on_top_resumed_lost_called: [103113767,com.android.launcher3.uioverrides.QuickstepLauncher,topStateChangedWhenResumed]
12-01 09:22:52.544 31016 31016 I wm_on_create_called: [98415922,com.android.music.VideoBrowserActivity,performCreate]
12-01 09:22:52.545 31016 31016 I wm_on_start_called: [98415922,com.android.music.VideoBrowserActivity,handleStartActivity]
12-01 09:22:52.546 31016 31016 I wm_on_resume_called: [98415922,com.android.music.VideoBrowserActivity,RESUME_ACTIVITY]
12-01 09:22:52.548 31016 31016 I wm_on_top_resumed_gained_called: [98415922,com.android.music.VideoBrowserActivity,topStateChangedWhenResumed]
12-01 09:22:52.559 1508 1637 I input_focus: [Focus request 8e6d3df com.android.music/com.android.music.VideoBrowserActivity,reason=UpdateInputWindows]
12-01 09:22:52.572 1508 2005 I input_focus: [Focus leaving e9e80a1 com.android.launcher3/com.android.launcher3.uioverrides.QuickstepLauncher (server),reason=Waiting for window because NOT_VISIBLE]
12-01 09:22:52.584 1508 1633 I sysui_multi_action: [319,80,322,80,325,19791,757,761,758,8,759,2,806,com.android.music,871,com.android.music.VideoBrowserActivity,904,com.android.launcher3,905,0,1320,8,1321,5]
12-01 09:22:52.586 1508 1633 I wm_activity_launch_time: [0,98415922,com.android.music/.VideoBrowserActivity,80]
12-01 09:22:52.590 1508 2005 I input_focus: [Focus entering 8e6d3df com.android.music/com.android.music.VideoBrowserActivity (server),reason=Window became focusable. Previous reason: NOT_VISIBLE]
12-01 09:22:53.170 2822 2822 I view_enqueue_input_event: [Motion - Cancel,com.android.launcher3/com.android.launcher3.uioverrides.QuickstepLauncher]
12-01 09:22:53.171 1508 2005 I input_interaction: Interaction with: edge-swipe (server), swipe-up (server), PointerEventDispatcher0 (server),
12-01 09:22:53.351 0 0 I auditd : type=1400 audit(0.0:20976): avc: denied { kill } for comm="swapper/1" capability=5 scontext=u:r:kernel:s0 tcontext=u:r:kernel:s0 tclass=capability permissive=0
12-01 09:22:53.535 1508 3610 I wm_task_moved: [1,1,6]
12-01 09:22:53.537 1508 3610 I wm_set_resumed_activity: [0,com.android.launcher3/.uioverrides.QuickstepLauncher,positionChildAt]
12-01 09:22:53.537 1508 3610 I wm_task_moved: [10,1,2147483647]
12-01 09:22:53.537 31016 31016 I wm_on_top_resumed_lost_called: [98415922,com.android.music.VideoBrowserActivity,topStateChangedWhenResumed]
12-01 09:22:53.537 1508 3610 I wm_task_to_front: [0,10]
12-01 09:22:53.538 1508 3610 I wm_focused_root_task: [0,0,1,378,bringingFoundTaskToFront]
12-01 09:22:53.538 1508 3610 I wm_set_resumed_activity: [0,com.android.launcher3/.uioverrides.QuickstepLauncher,bringingFoundTaskToFront]
12-01 09:22:53.538 1508 3610 I wm_new_intent: [0,103113767,10,com.android.launcher3/.uioverrides.QuickstepLauncher,android.intent.action.MAIN,NULL,NULL,268435712]
12-01 09:22:53.539 1508 3610 I wm_task_moved: [1,1,6]
12-01 09:22:53.539 1508 3610 I wm_set_resumed_activity: [0,com.android.launcher3/.uioverrides.QuickstepLauncher,positionChildAt]
12-01 09:22:53.546 1508 1637 I input_focus: [Focus request e9e80a1 com.android.launcher3/com.android.launcher3.uioverrides.QuickstepLauncher,reason=UpdateInputWindows]
12-01 09:22:53.546 2822 2822 I wm_on_paused_called: [103113767,com.android.launcher3.uioverrides.QuickstepLauncher,performPause]
12-01 09:22:53.548 2822 2822 I wm_on_resume_called: [103113767,com.android.launcher3.uioverrides.QuickstepLauncher,LIFECYCLER_RESUME_ACTIVITY]
12-01 09:22:53.560 1508 2005 I input_focus: [Focus leaving 8e6d3df com.android.music/com.android.music.VideoBrowserActivity (server),reason=setFocusedWindow]
12-01 09:22:53.561 1508 2005 I input_focus: [Focus entering e9e80a1 com.android.launcher3/com.android.launcher3.uioverrides.QuickstepLauncher (server),reason=setFocusedWindow]
12-01 09:22:53.564 2822 2822 I wm_on_top_resumed_gained_called: [103113767,com.android.launcher3.uioverrides.QuickstepLauncher,topStateChangedWhenResumed]
12-01 09:22:54.288 1508 2005 I input_interaction: Interaction with: 8e6d3df com.android.music/com.android.music.VideoBrowserActivity (server), edge-swipe (server), swipe-up (server), PointerEventDispatcher0 (server),
12-01 09:22:54.293 1508 1636 I wm_task_moved: [378,1,6]
12-01 09:22:54.293 1508 1636 I wm_task_to_front: [0,378]
12-01 09:22:54.296 1508 1636 I wm_set_resumed_activity: [0,com.android.music/.VideoBrowserActivity,positionChildAt]
12-01 09:22:54.297 1508 1636 I wm_focused_root_task: [0,0,378,1,setFocusedTask]
12-01 09:22:54.297 1508 1636 I wm_set_resumed_activity: [0,com.android.music/.VideoBrowserActivity,setFocusedTask]
12-01 09:22:54.297 2822 2822 I wm_on_top_resumed_lost_called: [103113767,com.android.launcher3.uioverrides.QuickstepLauncher,topStateChangedWhenResumed]
12-01 09:22:54.297 1508 1637 I input_focus: [Focus request 8e6d3df com.android.music/com.android.music.VideoBrowserActivity,reason=UpdateInputWindows]
12-01 09:22:54.329 1508 2005 I input_focus: [Focus leaving e9e80a1 com.android.launcher3/com.android.launcher3.uioverrides.QuickstepLauncher (server),reason=setFocusedWindow]
12-01 09:22:54.329 1508 2005 I input_focus: [Focus entering 8e6d3df com.android.music/com.android.music.VideoBrowserActivity (server),reason=setFocusedWindow]
12-01 09:22:54.329 31016 31016 I wm_on_top_resumed_gained_called: [98415922,com.android.music.VideoBrowserActivity,topStateChangedWhenResumed]
12-01 09:22:54.391 1508 6928 I wm_relaunch_resume_activity: [0,98415922,378,com.android.music/.VideoBrowserActivity]
12-01 09:22:54.392 1508 6928 I wm_add_to_stopping: [0,103113767,com.android.launcher3/.uioverrides.QuickstepLauncher,makeInvisible]
12-01 09:22:54.400 31016 31016 I wm_on_top_resumed_lost_called: [98415922,com.android.music.VideoBrowserActivity,pausing]
12-01 09:22:54.400 31016 31016 I wm_on_paused_called: [98415922,com.android.music.VideoBrowserActivity,performPause]
12-01 09:22:54.400 31016 31016 I wm_on_stop_called: [98415922,com.android.music.VideoBrowserActivity,handleRelaunchActivity]
12-01 09:22:54.402 31016 31016 I wm_on_destroy_called: [98415922,com.android.music.VideoBrowserActivity,performDestroy]
12-01 09:22:54.428 31016 31016 I wm_on_create_called: [98415922,com.android.music.VideoBrowserActivity,performCreate]
12-01 09:22:54.429 31016 31016 I wm_on_start_called: [98415922,com.android.music.VideoBrowserActivity,handleStartActivity]
12-01 09:22:54.431 31016 31016 I wm_on_resume_called: [98415922,com.android.music.VideoBrowserActivity,RESUME_ACTIVITY]
12-01 09:22:54.431 31016 31016 I wm_on_top_resumed_gained_called: [98415922,com.android.music.VideoBrowserActivity,topWhenResuming]
12-01 09:22:54.798 1508 1636 I wm_stop_activity: [0,103113767,com.android.launcher3/.uioverrides.QuickstepLauncher]
12-01 09:22:54.826 2822 2822 I wm_on_paused_called: [103113767,com.android.launcher3.uioverrides.QuickstepLauncher,performPause]
12-01 09:22:54.830 2822 2822 I wm_on_stop_called: [103113767,com.android.launcher3.uioverrides.QuickstepLauncher,STOP_ACTIVITY_ITEM]
12-01 09:22:55.102 1508 6928 I wm_task_moved: [1,0,0]
12-01 09:22:55.103 1508 6928 I wm_task_moved: [1,0,5]
12-01 09:22:55.111 31016 31016 I view_enqueue_input_event: [Motion - Cancel,com.android.music/com.android.music.VideoBrowserActivity]
12-01 09:22:55.113 2822 2822 I wm_on_restart_called: [103113767,com.android.launcher3.uioverrides.QuickstepLauncher,performRestartActivity]
12-01 09:22:55.116 1508 2005 I input_interaction: Interaction with: edge-swipe (server), swipe-up (server), PointerEventDispatcher0 (server),
12-01 09:22:55.126 2822 2822 I wm_on_start_called: [103113767,com.android.launcher3.uioverrides.QuickstepLauncher,handleStartActivity]
12-01 09:22:55.136 1508 1637 I input_focus: [Focus request recents_animation_input_consumer,reason=UpdateInputWindows]
12-01 09:22:55.137 2822 2822 I sysui_latency: [1,50]
12-01 09:22:55.150 1508 1633 I sysui_multi_action: [319,9,322,42,325,19793,757,761,758,9,759,5,806,com.android.launcher3,871,com.android.launcher3.uioverrides.QuickstepLauncher,905,0,1320,8,1321,5]
12-01 09:22:55.160 1508 2005 I input_focus: [Focus leaving 8e6d3df com.android.music/com.android.music.VideoBrowserActivity (server),reason=NOT_FOCUSABLE]
12-01 09:22:55.161 1508 2005 I input_focus: [Focus entering recents_animation_input_consumer (server),reason=setFocusedWindow]
12-01 09:22:55.330 1508 1754 I commit_sys_config_file: [settings-1-0,5]
12-01 09:22:55.351 0 0 I auditd : type=1400 audit(0.0:20977): avc: denied { kill } for comm="swapper/1" capability=5 scontext=u:r:kernel:s0 tcontext=u:r:kernel:s0 tclass=capability permissive=0
12-01 09:22:55.448 1508 1647 I sysui_latency: [8,52]
12-01 09:22:55.783 1508 6928 I wm_task_moved: [1,1,6]
12-01 09:22:55.784 1508 6928 I wm_focused_root_task: [0,0,1,378,RecentsAnimation.onAnimationFinished()]
12-01 09:22:55.785 1508 6928 I wm_pause_activity: [0,98415922,com.android.music/.VideoBrowserActivity,userLeaving=false,pauseBackTasks]
12-01 09:22:55.785 1508 6928 I wm_set_resumed_activity: [0,com.android.launcher3/.uioverrides.QuickstepLauncher,resumeTopActivityInnerLocked]
12-01 09:22:55.786 1508 6928 I wm_resume_activity: [0,103113767,10,com.android.launcher3/.uioverrides.QuickstepLauncher]
12-01 09:22:55.786 1508 6928 I wm_add_to_stopping: [0,98415922,com.android.music/.VideoBrowserActivity,makeInvisible]
12-01 09:22:55.787 31016 31016 I wm_on_top_resumed_lost_called: [98415922,com.android.music.VideoBrowserActivity,topStateChangedWhenResumed]
12-01 09:22:55.789 1508 1637 I input_focus: [Focus request e9e80a1 com.android.launcher3/com.android.launcher3.uioverrides.QuickstepLauncher,reason=UpdateInputWindows]
12-01 09:22:55.790 2822 2822 I wm_on_resume_called: [103113767,com.android.launcher3.uioverrides.QuickstepLauncher,RESUME_ACTIVITY]
12-01 09:22:55.790 31016 31016 I wm_on_paused_called: [98415922,com.android.music.VideoBrowserActivity,performPause]
12-01 09:22:55.790 2822 2822 I wm_on_top_resumed_gained_called: [103113767,com.android.launcher3.uioverrides.QuickstepLauncher,topStateChangedWhenResumed]
12-01 09:22:55.797 1508 2005 I input_focus: [Focus leaving recents_animation_input_consumer (server),reason=NOT_VISIBLE]
12-01 09:22:55.797 1508 1636 I sysui_multi_action: [757,803,799,window_time_0,802,5]
12-01 09:22:55.802 1508 6928 I wm_stop_activity: [0,98415922,com.android.music/.VideoBrowserActivity]
12-01 09:22:55.805 1508 1636 I sysui_multi_action: [757,803,799,window_time_0,802,0]
12-01 09:22:55.814 1508 2005 I input_focus: [Focus entering e9e80a1 com.android.launcher3/com.android.launcher3.uioverrides.QuickstepLauncher (server),reason=setFocusedWindow]
12-01 09:22:55.824 31016 31016 I wm_on_stop_called: [98415922,com.android.music.VideoBrowserActivity,STOP_ACTIVITY_ITEM]
12-01 09:22:56.004 1508 1754 I commit_sys_config_file: [settings-1-0,6]
12-01 09:22:56.351 0 0 I auditd : type=1400 audit(0.0:20978): avc: denied { kill } for comm="swapper/1" capability=5 scontext=u:r:kernel:s0 tcontext=u:r:kernel:s0 tclass=capability permissive=0
12-01 09:22:57.166 1508 2005 I input_interaction: Interaction with: e9e80a1 com.android.launcher3/com.android.launcher3.uioverrides.QuickstepLauncher (server), 5ecd4a7 com.android.systemui.ImageWallpaper (server), edge-swipe (server), swipe-up (server), PointerEventDispatcher0 (server),
12-01 09:22:57.245 1508 8053 I wm_task_created: [379,-1]
12-01 09:22:57.251 1508 8053 I wm_task_moved: [379,1,7]
12-01 09:22:57.251 1508 8053 I wm_task_to_front: [0,379]
12-01 09:22:57.251 1508 8053 I wm_create_task: [0,379]
12-01 09:22:57.251 1508 8053 I wm_create_activity: [0,176414918,379,com.android.deskclock/.DeskClock,NULL,NULL,NULL,268468224]
12-01 09:22:57.251 1508 8053 I wm_task_moved: [379,1,7]
12-01 09:22:57.253 1508 8053 I wm_restart_activity: [0,176414918,379,com.android.deskclock/.DeskClock]
12-01 09:22:57.254 1508 8053 I wm_set_resumed_activity: [0,com.android.deskclock/.DeskClock,minimalResumeActivityLocked]
12-01 09:22:57.258 1508 1636 I am_uid_active: 10065
12-01 09:22:57.262 2822 2822 I wm_on_top_resumed_lost_called: [103113767,com.android.launcher3.uioverrides.QuickstepLauncher,topStateChangedWhenResumed]
12-01 09:22:57.306 1508 10935 I wm_task_moved: [379,1,7]
12-01 09:22:57.306 1508 10935 I wm_set_resumed_activity: [0,com.android.deskclock/.DeskClock,positionChildAt]
12-01 09:22:57.306 1508 10935 I wm_create_activity: [0,81057315,379,com.android.permissioncontroller/.permission.ui.GrantPermissionsActivity,android.content.pm.action.REQUEST_PERMISSIONS,NULL,NULL,8388608]
12-01 09:22:57.309 1508 10935 I wm_pause_activity: [0,176414918,com.android.deskclock/.DeskClock,userLeaving=true,resumeTopActivityInnerLocked]
12-01 09:22:57.327 31756 31756 I wm_on_create_called: [176414918,com.android.deskclock.DeskClock,performCreate]
12-01 09:22:57.330 31756 31756 I wm_on_start_called: [176414918,com.android.deskclock.DeskClock,handleStartActivity]
12-01 09:22:57.331 31756 31756 I wm_on_resume_called: [176414918,com.android.deskclock.DeskClock,RESUME_ACTIVITY]
12-01 09:22:57.337 31756 31756 I wm_on_top_resumed_gained_called: [176414918,com.android.deskclock.DeskClock,topStateChangedWhenResumed]
12-01 09:22:57.337 31756 31756 I wm_on_top_resumed_lost_called: [176414918,com.android.deskclock.DeskClock,topStateChangedWhenResumed]
12-01 09:22:57.338 31756 31756 I wm_on_paused_called: [176414918,com.android.deskclock.DeskClock,performPause]
12-01 09:22:57.341 1508 10935 I wm_restart_activity: [0,81057315,379,com.android.permissioncontroller/.permission.ui.GrantPermissionsActivity]
12-01 09:22:57.343 1508 10935 I wm_set_resumed_activity: [0,com.android.permissioncontroller/.permission.ui.GrantPermissionsActivity,minimalResumeActivityLocked]
12-01 09:22:57.345 1508 1636 I sysui_multi_action: [757,803,799,window_time_0,802,1]
12-01 09:22:57.361 29601 29601 I wm_on_create_called: [81057315,com.android.permissioncontroller.permission.ui.GrantPermissionsActivity,performCreate]
12-01 09:22:57.362 29601 29601 I wm_on_start_called: [81057315,com.android.permissioncontroller.permission.ui.GrantPermissionsActivity,handleStartActivity]
12-01 09:22:57.362 29601 29601 I wm_on_resume_called: [81057315,com.android.permissioncontroller.permission.ui.GrantPermissionsActivity,RESUME_ACTIVITY]
12-01 09:22:57.366 29601 29601 I wm_on_top_resumed_gained_called: [81057315,com.android.permissioncontroller.permission.ui.GrantPermissionsActivity,topStateChangedWhenResumed]
12-01 09:22:57.378 1508 1637 I input_focus: [Focus request c6c0776 com.android.permissioncontroller/com.android.permissioncontroller.permission.ui.GrantPermissionsActivity,reason=UpdateInputWindows]
12-01 09:22:57.383 1508 2005 I input_focus: [Focus leaving e9e80a1 com.android.launcher3/com.android.launcher3.uioverrides.QuickstepLauncher (server),reason=Waiting for window because NOT_VISIBLE]
12-01 09:22:57.387 1508 3610 I wm_finish_activity: [0,81057315,379,com.android.permissioncontroller/.permission.ui.GrantPermissionsActivity,app-request]
12-01 09:22:57.387 1508 3610 I wm_pause_activity: [0,81057315,com.android.permissioncontroller/.permission.ui.GrantPermissionsActivity,userLeaving=false,finish]
12-01 09:22:57.398 29601 29601 I wm_on_top_resumed_lost_called: [81057315,com.android.permissioncontroller.permission.ui.GrantPermissionsActivity,topStateChangedWhenResumed]
12-01 09:22:57.398 29601 29601 I wm_on_paused_called: [81057315,com.android.permissioncontroller.permission.ui.GrantPermissionsActivity,performPause]
12-01 09:22:57.399 1508 2996 I wm_add_to_stopping: [0,81057315,com.android.permissioncontroller/.permission.ui.GrantPermissionsActivity,completeFinishing]
12-01 09:22:57.401 1508 2996 I wm_set_resumed_activity: [0,com.android.deskclock/.DeskClock,resumeTopActivityInnerLocked]
12-01 09:22:57.401 1508 2996 I wm_resume_activity: [0,176414918,379,com.android.deskclock/.DeskClock]
12-01 09:22:57.404 1508 1637 I input_focus: [Focus request 8fd4995 com.android.deskclock/com.android.deskclock.DeskClock,reason=UpdateInputWindows]
12-01 09:22:57.408 1508 1636 I sysui_multi_action: [757,803,799,window_time_2,802,0]
12-01 09:22:57.457 31756 31756 I wm_on_activity_result_called: [176414918,com.android.deskclock.DeskClock,ACTIVITY_RESULT]
12-01 09:22:57.457 31756 31756 I wm_on_resume_called: [176414918,com.android.deskclock.DeskClock,RESUME_ACTIVITY]
12-01 09:22:57.458 31756 31756 I wm_on_top_resumed_gained_called: [176414918,com.android.deskclock.DeskClock,topWhenResuming]
12-01 09:22:57.466 1508 2005 I input_focus: [Focus entering 8fd4995 com.android.deskclock/com.android.deskclock.DeskClock (server),reason=Window became focusable. Previous reason: NOT_VISIBLE]
12-01 09:22:57.740 1508 1636 I wm_destroy_activity: [0,81057315,379,com.android.permissioncontroller/.permission.ui.GrantPermissionsActivity,finish-imm:idle]
12-01 09:22:57.743 29601 29601 I wm_on_stop_called: [81057315,com.android.permissioncontroller.permission.ui.GrantPermissionsActivity,LIFECYCLER_STOP_ACTIVITY]
12-01 09:22:57.744 29601 29601 I wm_on_destroy_called: [81057315,com.android.permissioncontroller.permission.ui.GrantPermissionsActivity,performDestroy]
12-01 09:22:58.351 0 0 I auditd : type=1400 audit(0.0:20979): avc: denied { kill } for comm="swapper/1" capability=5 scontext=u:r:kernel:s0 tcontext=u:r:kernel:s0 tclass=capability permissive=0
12-01 09:22:59.351 0 0 I auditd : type=1400 audit(0.0:20980): avc: denied { kill } for comm="swapper/1" capability=5 scontext=u:r:kernel:s0 tcontext=u:r:kernel:s0 tclass=capability permissive=0
12-01 09:23:00.351 0 0 I auditd : type=1400 audit(0.0:20981): avc: denied { kill } for comm="swapper/1" capability=5 scontext=u:r:kernel:s0 tcontext=u:r:kernel:s0 tclass=capability permissive=0
12-01 09:23:01.351 0 0 I auditd : type=1400 audit(0.0:20982): avc: denied { kill } for comm="swapper/1" capability=5 scontext=u:r:kernel:s0 tcontext=u:r:kernel:s0 tclass=capability permissive=0
12-01 09:23:01.751 562 562 I auditd : type=1400 audit(0.0:20983): avc: denied { read } for comm="Binder:562_2" name="wakeup58" dev="sysfs" ino=71806 scontext=u:r:system_suspend:s0 tcontext=u:object_r:sysfs:s0 tclass=dir permissive=0
12-01 09:23:01.755 562 562 I auditd : type=1400 audit(0.0:20984): avc: denied { read } for comm="Binder:562_2" name="wakeup48" dev="sysfs" ino=67430 scontext=u:r:system_suspend:s0 tcontext=u:object_r:sysfs:s0 tclass=dir permissive=0
12-01 09:23:01.755 562 562 I auditd : type=1400 audit(0.0:20985): avc: denied { read } for comm="Binder:562_2" name="wakeup4" dev="sysfs" ino=47032 scontext=u:r:system_suspend:s0 tcontext=u:object_r:sysfs:s0 tclass=dir permissive=0
12-01 09:23:01.755 562 562 I auditd : type=1400 audit(0.0:20986): avc: denied { read } for comm="Binder:562_2" name="wakeup76" dev="sysfs" ino=76834 scontext=u:r:system_suspend:s0 tcontext=u:object_r:sysfs:s0 tclass=dir permissive=0
12-01 09:23:01.755 562 562 I auditd : type=1400 audit(0.0:20987): avc: denied { read } for comm="Binder:562_2" name="wakeup28" dev="sysfs" ino=53237 scontext=u:r:system_suspend:s0 tcontext=u:object_r:sysfs:s0 tclass=dir permissive=0
12-01 09:23:01.755 562 562 I auditd : type=1400 audit(0.0:20988): avc: denied { read } for comm="Binder:562_2" name="wakeup56" dev="sysfs" ino=71734 scontext=u:r:system_suspend:s0 tcontext=u:object_r:sysfs:s0 tclass=dir permissive=0
12-01 09:23:01.755 562 562 I auditd : type=1400 audit(0.0:20989): avc: denied { read } for comm="Binder:562_2" name="wakeup2" dev="sysfs" ino=46556 scontext=u:r:system_suspend:s0 tcontext=u:object_r:sysfs:s0 tclass=dir permissive=0
12-01 09:23:01.796 1508 1647 I commit_sys_config_file: [batterystats,4]
12-01 09:23:01.797 1508 1647 I commit_sys_config_file: [batterystats,1]
12-01 09:23:03.351 0 0 I auditd : type=1400 audit(0.0:21033): avc: denied { kill } for comm="swapper/1" capability=5 scontext=u:r:kernel:s0 tcontext=u:r:kernel:s0 tclass=capability permissive=0
12-01 09:23:04.351 0 0 I auditd : type=1400 audit(0.0:21034): avc: denied { kill } for comm="swapper/1" capability=5 scontext=u:r:kernel:s0 tcontext=u:r:kernel:s0 tclass=capability permissive=0
12-01 09:23:05.351 0 0 I auditd : type=1400 audit(0.0:21035): avc: denied { kill } for comm="swapper/1" capability=5 scontext=u:r:kernel:s0 tcontext=u:r:kernel:s0 tclass=capability permissive=0
12-01 09:23:06.351 0 0 I auditd : type=1400 audit(0.0:21036): avc: denied { kill } for comm="swapper/1" capability=5 scontext=u:r:kernel:s0 tcontext=u:r:kernel:s0 tclass=capability permissive=0
12-01 09:23:07.351 0 0 I auditd : type=1400 audit(0.0:21037): avc: denied { kill } for comm="swapper/1" capability=5 scontext=u:r:kernel:s0 tcontext=u:r:kernel:s0 tclass=capability permissive=0
12-01 09:23:08.351 0 0 I auditd : type=1400 audit(0.0:21038): avc: denied { kill } for comm="swapper/1" capability=5 scontext=u:r:kernel:s0 tcontext=u:r:kernel:s0 tclass=capability permissive=0
12-01 09:23:09.351 0 0 I auditd : type=1400 audit(0.0:21039): avc: denied { kill } for comm="swapper/1" capability=5 scontext=u:r:kernel:s0 tcontext=u:r:kernel:s0 tclass=capability permissive=0
12-01 09:23:10.351 0 0 I auditd : type=1400 audit(0.0:21040): avc: denied { kill } for comm="swapper/1" capability=5 scontext=u:r:kernel:s0 tcontext=u:r:kernel:s0 tclass=capability permissive=0
12-01 09:23:11.351 0 0 I auditd : type=1400 audit(0.0:21041): avc: denied { kill } for comm="swapper/1" capability=5 scontext=u:r:kernel:s0 tcontext=u:r:kernel:s0 tclass=capability permissive=0
12-01 09:23:12.351 0 0 I auditd : type=1400 audit(0.0:21042): avc: denied { kill } for comm="swapper/1" capability=5 scontext=u:r:kernel:s0 tcontext=u:r:kernel:s0 tclass=capability permissive=0
12-01 09:23:13.351 0 0 I auditd : type=1400 audit(0.0:21043): avc: denied { kill } for comm="swapper/1" capability=5 scontext=u:r:kernel:s0 tcontext=u:r:kernel:s0 tclass=capability permissive=0
12-01 09:23:14.351 0 0 I auditd : type=1400 audit(0.0:21044): avc: denied { kill } for comm="swapper/1" capability=5 scontext=u:r:kernel:s0 tcontext=u:r:kernel:s0 tclass=capability permissive=0
12-01 09:23:14.949 1508 1508 I notification_enqueue: [10097,9319,com.github.uiautomator,1,NULL,0,Notification(channel=monitor service shortcut=null contentView=null vibrate=null sound=null tick defaults=0x0 flags=0x40 color=0x00000000 vis=PRIVATE),1]
12-01 09:23:15.351 0 0 I auditd : type=1400 audit(0.0:21045): avc: denied { kill } for comm="swapper/1" capability=5 scontext=u:r:kernel:s0 tcontext=u:r:kernel:s0 tclass=capability permissive=0
12-01 09:23:16.351 0 0 I auditd : type=1400 audit(0.0:21046): avc: denied { kill } for comm="swapper/1" capability=5 scontext=u:r:kernel:s0 tcontext=u:r:kernel:s0 tclass=capability permissive=0
12-01 09:23:17.351 0 0 I auditd : type=1400 audit(0.0:21047): avc: denied { kill } for comm="swapper/1" capability=5 scontext=u:r:kernel:s0 tcontext=u:r:kernel:s0 tclass=capability permissive=0
12-01 09:23:18.351 0 0 I auditd : type=1400 audit(0.0:21048): avc: denied { kill } for comm="swapper/1" capability=5 scontext=u:r:kernel:s0 tcontext=u:r:kernel:s0 tclass=capability permissive=0
12-01 09:23:19.351 0 0 I auditd : type=1400 audit(0.0:21049): avc: denied { kill } for comm="swapper/1" capability=5 scontext=u:r:kernel:s0 tcontext=u:r:kernel:s0 tclass=capability permissive=0
12-01 09:23:20.351 0 0 I auditd : type=1400 audit(0.0:21050): avc: denied { kill } for comm="swapper/1" capability=5 scontext=u:r:kernel:s0 tcontext=u:r:kernel:s0 tclass=capability permissive=0
12-01 09:23:21.351 0 0 I auditd : type=1400 audit(0.0:21051): avc: denied { kill } for comm="swapper/1" capability=5 scontext=u:r:kernel:s0 tcontext=u:r:kernel:s0 tclass=capability permissive=0
12-01 09:23:22.351 0 0 I auditd : type=1400 audit(0.0:21052): avc: denied { kill } for comm="swapper/1" capability=5 scontext=u:r:kernel:s0 tcontext=u:r:kernel:s0 tclass=capability permissive=0
12-01 09:23:23.351 0 0 I auditd : type=1400 audit(0.0:21053): avc: denied { kill } for comm="swapper/1" capability=5 scontext=u:r:kernel:s0 tcontext=u:r:kernel:s0 tclass=capability permissive=0
12-01 09:23:24.351 0 0 I auditd : type=1400 audit(0.0:21054): avc: denied { kill } for comm="swapper/1" capability=5 scontext=u:r:kernel:s0 tcontext=u:r:kernel:s0 tclass=capability permissive=0
12-01 09:23:25.351 0 0 I auditd : type=1400 audit(0.0:21055): avc: denied { kill } for comm="swapper/1" capability=5 scontext=u:r:kernel:s0 tcontext=u:r:kernel:s0 tclass=capability permissive=0
12-01 09:23:26.351 0 0 I auditd : type=1400 audit(0.0:21056): avc: denied { kill } for comm="swapper/1" capability=5 scontext=u:r:kernel:s0 tcontext=u:r:kernel:s0 tclass=capability permissive=0
12-01 09:23:27.351 0 0 I auditd : type=1400 audit(0.0:21057): avc: denied { kill } for comm="swapper/1" capability=5 scontext=u:r:kernel:s0 tcontext=u:r:kernel:s0 tclass=capability permissive=0
12-01 09:23:28.351 0 0 I auditd : type=1400 audit(0.0:21058): avc: denied { kill } for comm="swapper/1" capability=5 scontext=u:r:kernel:s0 tcontext=u:r:kernel:s0 tclass=capability permissive=0
12-01 09:23:30.351 0 0 I auditd : type=1400 audit(0.0:21059): avc: denied { kill } for comm="swapper/1" capability=5 scontext=u:r:kernel:s0 tcontext=u:r:kernel:s0 tclass=capability permissive=0
12-01 09:23:31.351 0 0 I auditd : type=1400 audit(0.0:21060): avc: denied { kill } for comm="swapper/1" capability=5 scontext=u:r:kernel:s0 tcontext=u:r:kernel:s0 tclass=capability permissive=0
12-01 09:23:31.479 1508 1647 I commit_sys_config_file: [procstats,5]
12-01 09:23:32.351 0 0 I auditd : type=1400 audit(0.0:21061): avc: denied { kill } for comm="swapper/1" capability=5 scontext=u:r:kernel:s0 tcontext=u:r:kernel:s0 tclass=capability permissive=0
12-01 09:23:34.351 0 0 I auditd : type=1400 audit(0.0:21062): avc: denied { kill } for comm="swapper/1" capability=5 scontext=u:r:kernel:s0 tcontext=u:r:kernel:s0 tclass=capability permissive=0
12-01 09:23:35.351 0 0 I auditd : type=1400 audit(0.0:21063): avc: denied { kill } for comm="swapper/1" capability=5 scontext=u:r:kernel:s0 tcontext=u:r:kernel:s0 tclass=capability permissive=0
12-01 09:23:36.351 0 0 I auditd : type=1400 audit(0.0:21064): avc: denied { kill } for comm="swapper/1" capability=5 scontext=u:r:kernel:s0 tcontext=u:r:kernel:s0 tclass=capability permissive=0
12-01 09:23:37.103 499 512 I auditd : type=1401 audit(0.0:21065): op=security_compute_sid invalid_context=u:r:np_thundercomm_tlog_pstore:s0 scontext=u:r:init:s0 tcontext=u:object_r:np_thundercomm_tlog_pstore_exec:s0 tclass=process
12-01 09:23:37.351 0 0 I auditd : type=1400 audit(0.0:21066): avc: denied { kill } for comm="swapper/1" capability=5 scontext=u:r:kernel:s0 tcontext=u:r:kernel:s0 tclass=capability permissive=0
12-01 09:23:38.351 0 0 I auditd : type=1400 audit(0.0:21067): avc: denied { kill } for comm="swapper/1" capability=5 scontext=u:r:kernel:s0 tcontext=u:r:kernel:s0 tclass=capability permissive=0
12-01 09:23:39.351 0 0 I auditd : type=1400 audit(0.0:21068): avc: denied { kill } for comm="swapper/1" capability=5 scontext=u:r:kernel:s0 tcontext=u:r:kernel:s0 tclass=capability permissive=0
12-01 09:23:39.483 31857 31857 I auditd : type=1400 audit(0.0:21069): avc: denied { read } for comm="ls" name="/" dev="dm-5" ino=2 scontext=u:r:system_app:s0 tcontext=u:object_r:rootfs:s0 tclass=dir permissive=0
12-01 09:23:39.527 31861 31861 I auditd : type=1400 audit(0.0:21070): avc: denied { read } for comm="ls" name="/" dev="dm-5" ino=2 scontext=u:r:system_app:s0 tcontext=u:object_r:rootfs:s0 tclass=dir permissive=0
12-01 09:23:40.351 0 0 I auditd : type=1400 audit(0.0:21071): avc: denied { kill } for comm="swapper/1" capability=5 scontext=u:r:kernel:s0 tcontext=u:r:kernel:s0 tclass=capability permissive=0
12-01 09:23:41.351 0 0 I auditd : type=1400 audit(0.0:21072): avc: denied { kill } for comm="swapper/1" capability=5 scontext=u:r:kernel:s0 tcontext=u:r:kernel:s0 tclass=capability permissive=0
12-01 09:23:42.351 0 0 I auditd : type=1400 audit(0.0:21073): avc: denied { kill } for comm="swapper/1" capability=5 scontext=u:r:kernel:s0 tcontext=u:r:kernel:s0 tclass=capability permissive=0
12-01 09:23:43.351 0 0 I auditd : type=1400 audit(0.0:21074): avc: denied { kill } for comm="swapper/1" capability=5 scontext=u:r:kernel:s0 tcontext=u:r:kernel:s0 tclass=capability permissive=0
12-01 09:23:44.351 0 0 I auditd : type=1400 audit(0.0:21075): avc: denied { kill } for comm="swapper/1" capability=5 scontext=u:r:kernel:s0 tcontext=u:r:kernel:s0 tclass=capability permissive=0
12-01 09:23:45.351 0 0 I auditd : type=1400 audit(0.0:21076): avc: denied { kill } for comm="swapper/1" capability=5 scontext=u:r:kernel:s0 tcontext=u:r:kernel:s0 tclass=capability permissive=0
12-01 09:23:46.090 1508 1508 I notification_enqueue: [10097,9319,com.github.uiautomator,1,NULL,0,Notification(channel=monitor service shortcut=null contentView=null vibrate=null sound=null tick defaults=0x0 flags=0x40 color=0x00000000 vis=PRIVATE),1]
12-01 09:23:46.351 0 0 I auditd : type=1400 audit(0.0:21077): avc: denied { kill } for comm="swapper/1" capability=5 scontext=u:r:kernel:s0 tcontext=u:r:kernel:s0 tclass=capability permissive=0
12-01 09:23:47.351 0 0 I auditd : type=1400 audit(0.0:21078): avc: denied { kill } for comm="swapper/1" capability=5 scontext=u:r:kernel:s0 tcontext=u:r:kernel:s0 tclass=capability permissive=0
12-01 09:23:48.351 0 0 I auditd : type=1400 audit(0.0:21079): avc: denied { kill } for comm="swapper/1" capability=5 scontext=u:r:kernel:s0 tcontext=u:r:kernel:s0 tclass=capability permissive=0
12-01 09:23:49.351 0 0 I auditd : type=1400 audit(0.0:21080): avc: denied { kill } for comm="swapper/1" capability=5 scontext=u:r:kernel:s0 tcontext=u:r:kernel:s0 tclass=capability permissive=0
12-01 09:23:50.174 1508 1666 I sysui_multi_action: [757,1696,758,6,759,2]
12-01 09:23:50.181 1508 1648 I am_wtf : [0,1508,system_server,-1,DisplayDeviceConfig,requesting nits when no mapping exists.]
12-01 09:23:50.185 1508 1648 I am_wtf : [0,1508,system_server,-1,DisplayDeviceConfig,requesting nits when no mapping exists.]
12-01 09:23:50.197 1508 1648 I am_wtf : [0,1508,system_server,-1,DisplayDeviceConfig,requesting nits when no mapping exists.]
12-01 09:23:50.199 1508 1648 I am_wtf : [0,1508,system_server,-1,DisplayDeviceConfig,requesting nits when no mapping exists.]
12-01 09:23:50.207 1508 1648 I am_wtf : [0,1508,system_server,-1,DisplayDeviceConfig,requesting nits when no mapping exists.]
12-01 09:23:50.207 1508 1648 I service_manager_stats: [100,70,80014]
12-01 09:23:50.208 1508 1648 I am_wtf : [0,1508,system_server,-1,DisplayDeviceConfig,requesting nits when no mapping exists.]
12-01 09:23:50.223 1508 1648 I am_wtf : [0,1508,system_server,-1,DisplayDeviceConfig,requesting nits when no mapping exists.]
12-01 09:23:50.224 1508 1648 I am_wtf : [0,1508,system_server,-1,DisplayDeviceConfig,requesting nits when no mapping exists.]
12-01 09:23:50.240 1508 1648 I am_wtf : [0,1508,system_server,-1,DisplayDeviceConfig,requesting nits when no mapping exists.]
12-01 09:23:50.241 1508 1648 I am_wtf : [0,1508,system_server,-1,DisplayDeviceConfig,requesting nits when no mapping exists.]
12-01 09:23:50.256 1508 1648 I am_wtf : [0,1508,system_server,-1,DisplayDeviceConfig,requesting nits when no mapping exists.]
12-01 09:23:50.258 1508 1648 I am_wtf : [0,1508,system_server,-1,DisplayDeviceConfig,requesting nits when no mapping exists.]
12-01 09:23:50.274 1508 1648 I am_wtf : [0,1508,system_server,-1,DisplayDeviceConfig,requesting nits when no mapping exists.]
12-01 09:23:50.276 1508 1648 I am_wtf : [0,1508,system_server,-1,DisplayDeviceConfig,requesting nits when no mapping exists.]
12-01 09:23:50.290 1508 1648 I am_wtf : [0,1508,system_server,-1,DisplayDeviceConfig,requesting nits when no mapping exists.]
12-01 09:23:50.291 1508 1648 I am_wtf : [0,1508,system_server,-1,DisplayDeviceConfig,requesting nits when no mapping exists.]
12-01 09:23:50.307 1508 1648 I am_wtf : [0,1508,system_server,-1,DisplayDeviceConfig,requesting nits when no mapping exists.]
12-01 09:23:50.307 1508 1648 I am_wtf : [0,1508,system_server,-1,DisplayDeviceConfig,requesting nits when no mapping exists.]
12-01 09:23:50.324 1508 1648 I am_wtf : [0,1508,system_server,-1,DisplayDeviceConfig,requesting nits when no mapping exists.]
12-01 09:23:50.325 1508 1648 I am_wtf : [0,1508,system_server,-1,DisplayDeviceConfig,requesting nits when no mapping exists.]
12-01 09:23:50.341 1508 1648 I am_wtf : [0,1508,system_server,-1,DisplayDeviceConfig,requesting nits when no mapping exists.]
12-01 09:23:50.342 1508 1648 I am_wtf : [0,1508,system_server,-1,DisplayDeviceConfig,requesting nits when no mapping exists.]
12-01 09:23:50.351 0 0 I auditd : type=1400 audit(0.0:21081): avc: denied { kill } for comm="swapper/1" capability=5 scontext=u:r:kernel:s0 tcontext=u:r:kernel:s0 tclass=capability permissive=0
12-01 09:23:50.357 1508 1648 I am_wtf : [0,1508,system_server,-1,DisplayDeviceConfig,requesting nits when no mapping exists.]
12-01 09:23:50.358 1508 1648 I am_wtf : [0,1508,system_server,-1,DisplayDeviceConfig,requesting nits when no mapping exists.]
12-01 09:23:50.374 1508 1648 I am_wtf : [0,1508,system_server,-1,DisplayDeviceConfig,requesting nits when no mapping exists.]
12-01 09:23:50.375 1508 1648 I am_wtf : [0,1508,system_server,-1,DisplayDeviceConfig,requesting nits when no mapping exists.]
12-01 09:23:50.391 1508 1648 I am_wtf : [0,1508,system_server,-1,DisplayDeviceConfig,requesting nits when no mapping exists.]
12-01 09:23:50.392 1508 1648 I am_wtf : [0,1508,system_server,-1,DisplayDeviceConfig,requesting nits when no mapping exists.]
12-01 09:23:50.407 1508 1648 I am_wtf : [0,1508,system_server,-1,DisplayDeviceConfig,requesting nits when no mapping exists.]
12-01 09:23:50.409 1508 1648 I am_wtf : [0,1508,system_server,-1,DisplayDeviceConfig,requesting nits when no mapping exists.]
12-01 09:23:50.424 1508 1648 I am_wtf : [0,1508,system_server,-1,DisplayDeviceConfig,requesting nits when no mapping exists.]
12-01 09:23:50.425 1508 1648 I am_wtf : [0,1508,system_server,-1,DisplayDeviceConfig,requesting nits when no mapping exists.]
12-01 09:23:50.441 1508 1648 I am_wtf : [0,1508,system_server,-1,DisplayDeviceConfig,requesting nits when no mapping exists.]
12-01 09:23:50.442 1508 1648 I am_wtf : [0,1508,system_server,-1,DisplayDeviceConfig,requesting nits when no mapping exists.]
12-01 09:23:50.457 1508 1648 I am_wtf : [0,1508,system_server,-1,DisplayDeviceConfig,requesting nits when no mapping exists.]
12-01 09:23:50.458 1508 1648 I am_wtf : [0,1508,system_server,-1,DisplayDeviceConfig,requesting nits when no mapping exists.]
12-01 09:23:50.474 1508 1648 I am_wtf : [0,1508,system_server,-1,DisplayDeviceConfig,requesting nits when no mapping exists.]
12-01 09:23:50.475 1508 1648 I am_wtf : [0,1508,system_server,-1,DisplayDeviceConfig,requesting nits when no mapping exists.]
12-01 09:23:50.490 1508 1648 I am_wtf : [0,1508,system_server,-1,DisplayDeviceConfig,requesting nits when no mapping exists.]
12-01 09:23:50.492 1508 1648 I am_wtf : [0,1508,system_server,-1,DisplayDeviceConfig,requesting nits when no mapping exists.]
12-01 09:23:50.507 1508 1648 I am_wtf : [0,1508,system_server,-1,DisplayDeviceConfig,requesting nits when no mapping exists.]
12-01 09:23:50.508 1508 1648 I am_wtf : [0,1508,system_server,-1,DisplayDeviceConfig,requesting nits when no mapping exists.]
12-01 09:23:50.524 1508 1648 I am_wtf : [0,1508,system_server,-1,DisplayDeviceConfig,requesting nits when no mapping exists.]
12-01 09:23:50.524 1508 1648 I am_wtf : [0,1508,system_server,-1,DisplayDeviceConfig,requesting nits when no mapping exists.]
12-01 09:23:50.541 1508 1648 I am_wtf : [0,1508,system_server,-1,DisplayDeviceConfig,requesting nits when no mapping exists.]
12-01 09:23:50.542 1508 1648 I am_wtf : [0,1508,system_server,-1,DisplayDeviceConfig,requesting nits when no mapping exists.]
12-01 09:23:50.558 1508 1648 I am_wtf : [0,1508,system_server,-1,DisplayDeviceConfig,requesting nits when no mapping exists.]
12-01 09:23:50.559 1508 1648 I am_wtf : [0,1508,system_server,-1,DisplayDeviceConfig,requesting nits when no mapping exists.]
12-01 09:23:50.574 1508 1648 I am_wtf : [0,1508,system_server,-1,DisplayDeviceConfig,requesting nits when no mapping exists.]
12-01 09:23:50.575 1508 1648 I am_wtf : [0,1508,system_server,-1,DisplayDeviceConfig,requesting nits when no mapping exists.]
12-01 09:23:50.590 1508 1648 I am_wtf : [0,1508,system_server,-1,DisplayDeviceConfig,requesting nits when no mapping exists.]
12-01 09:23:50.592 1508 1648 I am_wtf : [0,1508,system_server,-1,DisplayDeviceConfig,requesting nits when no mapping exists.]
12-01 09:23:50.608 1508 1648 I am_wtf : [0,1508,system_server,-1,DisplayDeviceConfig,requesting nits when no mapping exists.]
12-01 09:23:50.608 1508 1648 I am_wtf : [0,1508,system_server,-1,DisplayDeviceConfig,requesting nits when no mapping exists.]
12-01 09:23:50.624 1508 1648 I am_wtf : [0,1508,system_server,-1,DisplayDeviceConfig,requesting nits when no mapping exists.]
12-01 09:23:50.625 1508 1648 I am_wtf : [0,1508,system_server,-1,DisplayDeviceConfig,requesting nits when no mapping exists.]
12-01 09:23:50.641 1508 1648 I am_wtf : [0,1508,system_server,-1,DisplayDeviceConfig,requesting nits when no mapping exists.]
12-01 09:23:50.642 1508 1648 I am_wtf : [0,1508,system_server,-1,DisplayDeviceConfig,requesting nits when no mapping exists.]
12-01 09:23:50.657 1508 1648 I am_wtf : [0,1508,system_server,-1,DisplayDeviceConfig,requesting nits when no mapping exists.]
12-01 09:23:50.659 1508 1648 I am_wtf : [0,1508,system_server,-1,DisplayDeviceConfig,requesting nits when no mapping exists.]
12-01 09:23:50.674 1508 1648 I am_wtf : [0,1508,system_server,-1,DisplayDeviceConfig,requesting nits when no mapping exists.]
12-01 09:23:50.674 1508 1648 I am_wtf : [0,1508,system_server,-1,DisplayDeviceConfig,requesting nits when no mapping exists.]
12-01 09:23:50.691 1508 1648 I am_wtf : [0,1508,system_server,-1,DisplayDeviceConfig,requesting nits when no mapping exists.]
12-01 09:23:50.691 1508 1648 I am_wtf : [0,1508,system_server,-1,DisplayDeviceConfig,requesting nits when no mapping exists.]
12-01 09:23:50.707 1508 1648 I am_wtf : [0,1508,system_server,-1,DisplayDeviceConfig,requesting nits when no mapping exists.]
12-01 09:23:50.709 1508 1648 I am_wtf : [0,1508,system_server,-1,DisplayDeviceConfig,requesting nits when no mapping exists.]
12-01 09:23:50.725 1508 1648 I am_wtf : [0,1508,system_server,-1,DisplayDeviceConfig,requesting nits when no mapping exists.]
12-01 09:23:50.725 1508 1648 I am_wtf : [0,1508,system_server,-1,DisplayDeviceConfig,requesting nits when no mapping exists.]
12-01 09:23:50.741 1508 1648 I am_wtf : [0,1508,system_server,-1,DisplayDeviceConfig,requesting nits when no mapping exists.]
12-01 09:23:50.742 1508 1648 I am_wtf : [0,1508,system_server,-1,DisplayDeviceConfig,requesting nits when no mapping exists.]
12-01 09:23:50.758 1508 1648 I am_wtf : [0,1508,system_server,-1,DisplayDeviceConfig,requesting nits when no mapping exists.]
12-01 09:23:50.758 1508 1648 I am_wtf : [0,1508,system_server,-1,DisplayDeviceConfig,requesting nits when no mapping exists.]
12-01 09:23:50.774 1508 1648 I am_wtf : [0,1508,system_server,-1,DisplayDeviceConfig,requesting nits when no mapping exists.]
12-01 09:23:50.775 1508 1648 I am_wtf : [0,1508,system_server,-1,DisplayDeviceConfig,requesting nits when no mapping exists.]
12-01 09:23:50.791 1508 1648 I am_wtf : [0,1508,system_server,-1,DisplayDeviceConfig,requesting nits when no mapping exists.]
12-01 09:23:50.793 1508 1648 I am_wtf : [0,1508,system_server,-1,DisplayDeviceConfig,requesting nits when no mapping exists.]
12-01 09:23:50.808 1508 1648 I am_wtf : [0,1508,system_server,-1,DisplayDeviceConfig,requesting nits when no mapping exists.]
12-01 09:23:50.809 1508 1648 I am_wtf : [0,1508,system_server,-1,DisplayDeviceConfig,requesting nits when no mapping exists.]
12-01 09:23:50.825 1508 1648 I am_wtf : [0,1508,system_server,-1,DisplayDeviceConfig,requesting nits when no mapping exists.]
12-01 09:23:50.825 1508 1648 I am_wtf : [0,1508,system_server,-1,DisplayDeviceConfig,requesting nits when no mapping exists.]
12-01 09:23:50.841 1508 1648 I am_wtf : [0,1508,system_server,-1,DisplayDeviceConfig,requesting nits when no mapping exists.]
12-01 09:23:50.842 1508 1648 I am_wtf : [0,1508,system_server,-1,DisplayDeviceConfig,requesting nits when no mapping exists.]
12-01 09:23:50.858 1508 1648 I am_wtf : [0,1508,system_server,-1,DisplayDeviceConfig,requesting nits when no mapping exists.]
12-01 09:23:50.859 1508 1648 I am_wtf : [0,1508,system_server,-1,DisplayDeviceConfig,requesting nits when no mapping exists.]
12-01 09:23:50.875 1508 1648 I am_wtf : [0,1508,system_server,-1,DisplayDeviceConfig,requesting nits when no mapping exists.]
12-01 09:23:50.876 1508 1648 I am_wtf : [0,1508,system_server,-1,DisplayDeviceConfig,requesting nits when no mapping exists.]
12-01 09:23:50.891 1508 1648 I am_wtf : [0,1508,system_server,-1,DisplayDeviceConfig,requesting nits when no mapping exists.]
12-01 09:23:50.892 1508 1648 I am_wtf : [0,1508,system_server,-1,DisplayDeviceConfig,requesting nits when no mapping exists.]
12-01 09:23:50.909 1508 1648 I am_wtf : [0,1508,system_server,-1,DisplayDeviceConfig,requesting nits when no mapping exists.]
12-01 09:23:50.909 1508 1648 I am_wtf : [0,1508,system_server,-1,DisplayDeviceConfig,requesting nits when no mapping exists.]
12-01 09:23:50.925 1508 1648 I am_wtf : [0,1508,system_server,-1,DisplayDeviceConfig,requesting nits when no mapping exists.]
12-01 09:23:50.926 1508 1648 I am_wtf : [0,1508,system_server,-1,DisplayDeviceConfig,requesting nits when no mapping exists.]
12-01 09:23:50.941 1508 1648 I am_wtf : [0,1508,system_server,-1,DisplayDeviceConfig,requesting nits when no mapping exists.]
12-01 09:23:50.942 1508 1648 I am_wtf : [0,1508,system_server,-1,DisplayDeviceConfig,requesting nits when no mapping exists.]
12-01 09:23:50.958 1508 1648 I am_wtf : [0,1508,system_server,-1,DisplayDeviceConfig,requesting nits when no mapping exists.]
12-01 09:23:50.966 1508 1648 I am_wtf : [0,1508,system_server,-1,DisplayDeviceConfig,requesting nits when no mapping exists.]
12-01 09:23:50.975 1508 1648 I am_wtf : [0,1508,system_server,-1,DisplayDeviceConfig,requesting nits when no mapping exists.]
12-01 09:23:50.976 1508 1648 I am_wtf : [0,1508,system_server,-1,DisplayDeviceConfig,requesting nits when no mapping exists.]
12-01 09:23:50.993 1508 1648 I am_wtf : [0,1508,system_server,-1,DisplayDeviceConfig,requesting nits when no mapping exists.]
12-01 09:23:50.994 1508 1648 I am_wtf : [0,1508,system_server,-1,DisplayDeviceConfig,requesting nits when no mapping exists.]
12-01 09:23:51.008 1508 1648 I am_wtf : [0,1508,system_server,-1,DisplayDeviceConfig,requesting nits when no mapping exists.]
12-01 09:23:51.010 1508 1648 I am_wtf : [0,1508,system_server,-1,DisplayDeviceConfig,requesting nits when no mapping exists.]
12-01 09:23:51.025 1508 1648 I am_wtf : [0,1508,system_server,-1,DisplayDeviceConfig,requesting nits when no mapping exists.]
12-01 09:23:51.027 1508 1648 I am_wtf : [0,1508,system_server,-1,DisplayDeviceConfig,requesting nits when no mapping exists.]
12-01 09:23:51.042 1508 1648 I am_wtf : [0,1508,system_server,-1,DisplayDeviceConfig,requesting nits when no mapping exists.]
12-01 09:23:51.043 1508 1648 I am_wtf : [0,1508,system_server,-1,DisplayDeviceConfig,requesting nits when no mapping exists.]
12-01 09:23:51.058 1508 1648 I am_wtf : [0,1508,system_server,-1,DisplayDeviceConfig,requesting nits when no mapping exists.]
12-01 09:23:51.059 1508 1648 I am_wtf : [0,1508,system_server,-1,DisplayDeviceConfig,requesting nits when no mapping exists.]
12-01 09:23:51.075 1508 1648 I am_wtf : [0,1508,system_server,-1,DisplayDeviceConfig,requesting nits when no mapping exists.]
12-01 09:23:51.077 1508 1648 I am_wtf : [0,1508,system_server,-1,DisplayDeviceConfig,requesting nits when no mapping exists.]
12-01 09:23:51.092 1508 1648 I am_wtf : [0,1508,system_server,-1,DisplayDeviceConfig,requesting nits when no mapping exists.]
12-01 09:23:51.094 1508 1648 I am_wtf : [0,1508,system_server,-1,DisplayDeviceConfig,requesting nits when no mapping exists.]
12-01 09:23:51.109 1508 1648 I am_wtf : [0,1508,system_server,-1,DisplayDeviceConfig,requesting nits when no mapping exists.]
12-01 09:23:51.110 1508 1648 I am_wtf : [0,1508,system_server,-1,DisplayDeviceConfig,requesting nits when no mapping exists.]
12-01 09:23:51.126 1508 1648 I am_wtf : [0,1508,system_server,-1,DisplayDeviceConfig,requesting nits when no mapping exists.]
12-01 09:23:51.127 1508 1648 I am_wtf : [0,1508,system_server,-1,DisplayDeviceConfig,requesting nits when no mapping exists.]
12-01 09:23:51.351 0 0 I auditd : type=1400 audit(0.0:21082): avc: denied { kill } for comm="swapper/1" capability=5 scontext=u:r:kernel:s0 tcontext=u:r:kernel:s0 tclass=capability permissive=0
12-01 09:23:52.351 0 0 I auditd : type=1400 audit(0.0:21083): avc: denied { kill } for comm="swapper/1" capability=5 scontext=u:r:kernel:s0 tcontext=u:r:kernel:s0 tclass=capability permissive=0
12-01 09:23:53.030 1508 2305 I netstats_mobile_sample: [0,0,0,0,0,0,0,0,0,0,0,0,1669857833029]
12-01 09:23:53.030 1508 2305 I netstats_wifi_sample: [329849832,728674,201016212,469806,329849832,728674,201016212,469806,434438908,1496624,101315284,244585,1669857833029]
12-01 09:23:53.351 0 0 I auditd : type=1400 audit(0.0:21084): avc: denied { kill } for comm="swapper/1" capability=5 scontext=u:r:kernel:s0 tcontext=u:r:kernel:s0 tclass=capability permissive=0
12-01 09:23:54.351 0 0 I auditd : type=1400 audit(0.0:21085): avc: denied { kill } for comm="swapper/1" capability=5 scontext=u:r:kernel:s0 tcontext=u:r:kernel:s0 tclass=capability permissive=0
12-01 09:23:55.351 0 0 I auditd : type=1400 audit(0.0:21086): avc: denied { kill } for comm="swapper/1" capability=5 scontext=u:r:kernel:s0 tcontext=u:r:kernel:s0 tclass=capability permissive=0
12-01 09:23:55.808 1508 1648 I am_uid_idle: 10086
12-01 09:23:56.351 0 0 I auditd : type=1400 audit(0.0:21087): avc: denied { kill } for comm="swapper/1" capability=5 scontext=u:r:kernel:s0 tcontext=u:r:kernel:s0 tclass=capability permissive=0
12-01 09:23:57.183 1508 1633 I sysui_multi_action: [757,222,758,1]
12-01 09:23:57.185 1508 1633 I am_uid_active: 10042
12-01 09:23:57.189 1508 1633 I service_manager_stats: [116,59,6981]
12-01 09:23:57.194 1508 1647 I am_pss : [31756,10065,com.android.deskclock,42938368,38195200,0,164646912,0,2,10]
12-01 09:23:57.199 1508 8053 I wm_task_created: [380,-1]
12-01 09:23:57.202 1508 1647 I am_pss : [31773,10064,com.android.gallery3d,7740416,5308416,0,92823552,0,19,6]
12-01 09:23:57.202 1508 8053 I wm_task_moved: [380,1,8]
12-01 09:23:57.202 1508 8053 I wm_task_to_front: [0,380]
12-01 09:23:57.202 1508 8053 I wm_create_task: [0,380]
12-01 09:23:57.202 1508 8053 I wm_create_activity: [0,127227012,380,com.thundercomm.screensaver/android.service.dreams.DreamActivity,NULL,NULL,NULL,276824064]
12-01 09:23:57.202 1508 8053 I wm_task_moved: [380,1,8]
12-01 09:23:57.203 31756 31756 I wm_on_top_resumed_lost_called: [176414918,com.android.deskclock.DeskClock,topStateChangedWhenResumed]
12-01 09:23:57.204 1508 8053 I wm_pause_activity: [0,103113767,com.android.launcher3/.uioverrides.QuickstepLauncher,userLeaving=true,pauseBackTasks]
12-01 09:23:57.205 2822 2822 I wm_on_paused_called: [103113767,com.android.launcher3.uioverrides.QuickstepLauncher,performPause]
12-01 09:23:57.209 1508 1647 I am_pss : [28897,10070,com.thundercomm.gamemode.provider,8532992,6467584,0,96378880,0,19,6]
12-01 09:23:57.211 1508 2996 I wm_add_to_stopping: [0,103113767,com.android.launcher3/.uioverrides.QuickstepLauncher,makeInvisible]
12-01 09:23:57.212 1508 2996 I wm_restart_activity: [0,127227012,380,com.thundercomm.screensaver/android.service.dreams.DreamActivity]
12-01 09:23:57.215 1508 2996 I wm_set_resumed_activity: [0,com.thundercomm.screensaver/android.service.dreams.DreamActivity,minimalResumeActivityLocked]
12-01 09:23:57.228 19950 19950 I wm_on_create_called: [127227012,android.service.dreams.DreamActivity,performCreate]
12-01 09:23:57.228 19950 19950 I wm_on_start_called: [127227012,android.service.dreams.DreamActivity,handleStartActivity]
12-01 09:23:57.229 1508 1636 I sysui_multi_action: [757,803,799,window_time_2,802,60]
