12-01 09:05:18.331 18856 18856 I sysui_multi_action: [757,0,758,1,759,0,927,3,928,0,1593,1]
12-01 09:05:18.331 18856 18856 I sysui_multi_action: [757,491,758,1,759,491,927,4,928,0,1311,-1,1593,0]
12-01 09:05:18.331 18856 18856 I sysui_multi_action: [757,0,758,1,759,0,927,5,928,0,1593,0]
12-01 09:05:18.331 18856 18856 I sysui_multi_action: [757,111,758,1]
12-01 09:05:18.331 18856 18856 I sysui_multi_action: [757,126,758,1,759,126,927,0,928,1,1593,1]
12-01 09:05:18.331 18856 18856 I sysui_multi_action: [757,113,758,1,759,113,927,1,928,1,1593,1]
12-01 09:05:18.331 18856 18856 I sysui_multi_action: [757,0,758,1,759,0,927,2,928,0,1593,1]
12-01 09:05:18.331 18856 18856 I sysui_multi_action: [757,0,758,1,759,0,927,3,928,0,1593,1]
12-01 09:05:18.345 18856 18856 I sysui_multi_action: [757,111,758,2]
12-01 09:05:18.345 1508 1508 I notification_enqueue: [10082,18856,com.android.systemui,2048,NULL,0,Notification(channel=updateNotification shortcut=null contentView=null vibrate=null sound=null defaults=0x0 flags=0x0 color=0x00000000 vis=PRIVATE),1]
12-01 09:05:18.345 18856 18856 I sysui_multi_action: [757,111,758,2]
12-01 09:05:18.349 18856 18856 I sysui_multi_action: [757,111,758,1]
12-01 09:05:18.349 18856 18856 I sysui_multi_action: [757,126,758,1,759,126,927,0,928,1,1593,1]
12-01 09:05:18.349 18856 18856 I sysui_multi_action: [757,113,758,1,759,113,927,1,928,1,1593,1]
12-01 09:05:18.349 18856 18856 I sysui_multi_action: [757,0,758,1,759,0,927,2,928,0,1593,1]
12-01 09:05:18.349 18856 18856 I sysui_multi_action: [757,0,758,1,759,0,927,3,928,0,1593,1]
12-01 09:05:18.349 18856 18856 I sysui_multi_action: [757,491,758,1,759,491,927,4,928,0,1311,-1,1593,0]
12-01 09:05:18.349 18856 18856 I sysui_multi_action: [757,0,758,1,759,0,927,5,928,0,1593,0]
12-01 09:05:18.349 18856 18856 I sysui_multi_action: [757,111,758,1]
12-01 09:05:18.349 18856 18856 I sysui_multi_action: [757,126,758,1,759,126,927,0,928,1,1593,1]
12-01 09:05:18.349 18856 18856 I sysui_multi_action: [757,113,758,1,759,113,927,1,928,1,1593,1]
12-01 09:05:18.349 18856 18856 I sysui_multi_action: [757,0,758,1,759,0,927,2,928,0,1593,1]
12-01 09:05:18.349 18856 18856 I sysui_multi_action: [757,0,758,1,759,0,927,3,928,0,1593,1]
12-01 09:05:18.351 0 0 I auditd : type=1400 audit(0.0:20061): avc: denied { kill } for comm="swapper/1" capability=5 scontext=u:r:kernel:s0 tcontext=u:r:kernel:s0 tclass=capability permissive=0
12-01 09:05:18.366 1508 1508 I sysui_multi_action: [757,1501,758,1,793,14240046,794,0,795,209,796,2048,806,com.android.systemui,857,updateNotification,858,3,947,0,1500,0,1688,1]
12-01 09:05:18.366 1508 1508 I sysui_multi_action: [757,804,799,note_interruptive,801,0,802,1]
12-01 09:05:18.367 1508 1508 I sysui_multi_action: [757,199,758,1,759,2,793,14240047,794,0,795,210,796,2048,806,com.android.systemui,857,updateNotification,858,3,947,0,1500,1,1688,1]
12-01 09:05:18.367 1508 1508 I notification_alert: [0|com.android.systemui|2048|null|10082,0,1,0]
12-01 09:05:18.371 18856 18856 I sysui_multi_action: [757,111,758,2]
12-01 09:05:18.371 18856 18856 I sysui_multi_action: [757,111,758,2]
12-01 09:05:18.373 1508 1508 I notification_enqueue: [10082,18856,com.android.systemui,2048,NULL,0,Notification(channel=updateNotification shortcut=null contentView=null vibrate=null sound=null defaults=0x0 flags=0x0 color=0x00000000 vis=PRIVATE),1]
12-01 09:05:18.375 18856 18856 I sysui_multi_action: [757,111,758,1]
12-01 09:05:18.375 18856 18856 I sysui_multi_action: [757,126,758,1,759,126,927,0,928,1,1593,1]
12-01 09:05:18.375 18856 18856 I sysui_multi_action: [757,113,758,1,759,113,927,1,928,1,1593,1]
12-01 09:05:18.375 18856 18856 I sysui_multi_action: [757,0,758,1,759,0,927,2,928,0,1593,1]
12-01 09:05:18.375 18856 18856 I sysui_multi_action: [757,0,758,1,759,0,927,3,928,0,1593,1]
12-01 09:05:18.375 18856 18856 I sysui_multi_action: [757,491,758,1,759,491,927,4,928,0,1311,-1,1593,0]
12-01 09:05:18.375 18856 18856 I sysui_multi_action: [757,0,758,1,759,0,927,5,928,0,1593,0]
12-01 09:05:18.375 18856 18856 I sysui_multi_action: [757,111,758,1]
12-01 09:05:18.376 18856 18856 I sysui_multi_action: [757,126,758,1,759,126,927,0,928,1,1593,1]
12-01 09:05:18.376 18856 18856 I sysui_multi_action: [757,113,758,1,759,113,927,1,928,1,1593,1]
12-01 09:05:18.376 18856 18856 I sysui_multi_action: [757,0,758,1,759,0,927,2,928,0,1593,1]
12-01 09:05:18.376 18856 18856 I sysui_multi_action: [757,0,758,1,759,0,927,3,928,0,1593,1]
12-01 09:05:18.391 18856 18856 I sysui_multi_action: [757,111,758,2]
12-01 09:05:18.391 1508 1508 I notification_enqueue: [10082,18856,com.android.systemui,2048,NULL,0,Notification(channel=updateNotification shortcut=null contentView=null vibrate=null sound=null defaults=0x0 flags=0x0 color=0x00000000 vis=PRIVATE),1]
12-01 09:05:18.391 18856 18856 I sysui_multi_action: [757,111,758,2]
12-01 09:05:18.395 18856 18856 I sysui_multi_action: [757,111,758,1]
12-01 09:05:18.395 18856 18856 I sysui_multi_action: [757,126,758,1,759,126,927,0,928,1,1593,1]
12-01 09:05:18.395 18856 18856 I sysui_multi_action: [757,113,758,1,759,113,927,1,928,1,1593,1]
12-01 09:05:18.395 18856 18856 I sysui_multi_action: [757,0,758,1,759,0,927,2,928,0,1593,1]
12-01 09:05:18.395 18856 18856 I sysui_multi_action: [757,0,758,1,759,0,927,3,928,0,1593,1]
12-01 09:05:18.395 18856 18856 I sysui_multi_action: [757,491,758,1,759,491,927,4,928,0,1311,-1,1593,0]
12-01 09:05:18.395 18856 18856 I sysui_multi_action: [757,0,758,1,759,0,927,5,928,0,1593,0]
12-01 09:05:18.395 18856 18856 I sysui_multi_action: [757,111,758,1]
12-01 09:05:18.395 18856 18856 I sysui_multi_action: [757,126,758,1,759,126,927,0,928,1,1593,1]
12-01 09:05:18.395 18856 18856 I sysui_multi_action: [757,113,758,1,759,113,927,1,928,1,1593,1]
12-01 09:05:18.395 18856 18856 I sysui_multi_action: [757,0,758,1,759,0,927,2,928,0,1593,1]
12-01 09:05:18.395 18856 18856 I sysui_multi_action: [757,0,758,1,759,0,927,3,928,0,1593,1]
12-01 09:05:18.412 18856 18856 I sysui_multi_action: [757,111,758,2]
12-01 09:05:18.412 18856 18856 I sysui_multi_action: [757,111,758,2]
12-01 09:05:18.412 1508 1508 I notification_enqueue: [10082,18856,com.android.systemui,2048,NULL,0,Notification(channel=updateNotification shortcut=null contentView=null vibrate=null sound=null defaults=0x0 flags=0x0 color=0x00000000 vis=PRIVATE),1]
12-01 09:05:18.416 18856 18856 I sysui_multi_action: [757,111,758,1]
12-01 09:05:18.417 18856 18856 I sysui_multi_action: [757,126,758,1,759,126,927,0,928,1,1593,1]
12-01 09:05:18.417 18856 18856 I sysui_multi_action: [757,113,758,1,759,113,927,1,928,1,1593,1]
12-01 09:05:18.417 18856 18856 I sysui_multi_action: [757,0,758,1,759,0,927,2,928,0,1593,1]
12-01 09:05:18.417 18856 18856 I sysui_multi_action: [757,0,758,1,759,0,927,3,928,0,1593,1]
12-01 09:05:18.417 18856 18856 I sysui_multi_action: [757,491,758,1,759,491,927,4,928,0,1311,-1,1593,0]
12-01 09:05:18.417 18856 18856 I sysui_multi_action: [757,0,758,1,759,0,927,5,928,0,1593,0]
12-01 09:05:18.417 18856 18856 I sysui_multi_action: [757,111,758,1]
12-01 09:05:18.417 18856 18856 I sysui_multi_action: [757,126,758,1,759,126,927,0,928,1,1593,1]
12-01 09:05:18.417 18856 18856 I sysui_multi_action: [757,113,758,1,759,113,927,1,928,1,1593,1]
12-01 09:05:18.417 18856 18856 I sysui_multi_action: [757,0,758,1,759,0,927,2,928,0,1593,1]
12-01 09:05:18.417 18856 18856 I sysui_multi_action: [757,0,758,1,759,0,927,3,928,0,1593,1]
12-01 09:05:18.705 1508 6993 I sysui_multi_action: [757,128,758,1,793,18127347,794,0,795,18127347,796,26,798,0,806,android,857,DEVELOPER_IMPORTANT,858,4,947,0,1395,2,1500,18127142,1688,1]
12-01 09:05:18.705 1508 6993 I sysui_multi_action: [757,804,799,note_freshness,801,18127347,802,1]
12-01 09:05:18.705 1508 6993 I notification_visibility: [-1|android|26|null|1000,1,18127347,18127347,0,0]
12-01 09:05:18.705 1508 6993 I sysui_multi_action: [757,128,758,1,793,18710343,794,0,795,18710343,796,32,798,1,806,android,857,USB,858,1,947,0,1395,2,1500,18710097,1688,1]
12-01 09:05:18.705 1508 6993 I sysui_multi_action: [757,804,799,note_freshness,801,18710343,802,1]
12-01 09:05:18.705 1508 6993 I notification_visibility: [-1|android|32|null|1000,1,18710343,18710343,0,1]
12-01 09:05:19.351 0 0 I auditd : type=1400 audit(0.0:20062): avc: denied { kill } for comm="swapper/1" capability=5 scontext=u:r:kernel:s0 tcontext=u:r:kernel:s0 tclass=capability permissive=0
12-01 09:05:20.316 1508 2005 I input_interaction: Interaction with: 7a38c54 NotificationShade (server), edge-swipe (server), swipe-up (server), PointerEventDispatcher0 (server),
12-01 09:05:20.414 18856 18856 I sysui_multi_action: [757,148,758,4]
12-01 09:05:20.708 1508 1508 I notification_cancel_all: [10082,18856,NULL,0,0,0,3,NULL]
12-01 09:05:20.709 1508 1508 I sysui_multi_action: [757,804,799,note_dismiss_longevity,801,0,802,1]
12-01 09:05:20.710 1508 1508 I sysui_multi_action: [757,128,758,5,759,3,793,14242389,794,0,795,2297,796,2048,806,com.android.systemui,857,updateNotification,858,3,947,0,1500,2297,1688,1]
12-01 09:05:20.710 1508 1508 I notification_canceled: [0|com.android.systemui|2048|null|10082,3,14242389,2297,0,-1,-1,NULL]
12-01 09:05:20.985 1508 1637 I input_focus: [Focus request e9e80a1 com.android.launcher3/com.android.launcher3.uioverrides.QuickstepLauncher,reason=UpdateInputWindows]
12-01 09:05:21.015 1508 2005 I input_focus: [Focus leaving 7a38c54 NotificationShade (server),reason=NOT_FOCUSABLE]
12-01 09:05:21.015 1508 2005 I input_focus: [Focus entering e9e80a1 com.android.launcher3/com.android.launcher3.uioverrides.QuickstepLauncher (server),reason=setFocusedWindow]
12-01 09:05:21.146 18856 18856 I sysui_multi_action: [757,111,758,2]
12-01 09:05:21.146 1508 1508 I notification_enqueue: [10082,18856,com.android.systemui,2048,NULL,0,Notification(channel=updateNotification shortcut=null contentView=null vibrate=null sound=null defaults=0x0 flags=0x0 color=0x00000000 vis=PRIVATE),0]
12-01 09:05:21.146 18856 18856 I sysui_multi_action: [757,111,758,2]
12-01 09:05:21.161 18856 18856 I sysui_multi_action: [757,111,758,1]
12-01 09:05:21.161 18856 18856 I sysui_multi_action: [757,126,758,1,759,126,927,0,928,1,1593,1]
12-01 09:05:21.161 18856 18856 I sysui_multi_action: [757,113,758,1,759,113,927,1,928,1,1593,1]
12-01 09:05:21.161 18856 18856 I sysui_multi_action: [757,0,758,1,759,0,927,2,928,0,1593,1]
12-01 09:05:21.161 18856 18856 I sysui_multi_action: [757,0,758,1,759,0,927,3,928,0,1593,1]
12-01 09:05:21.162 18856 18856 I sysui_multi_action: [757,491,758,1,759,491,927,4,928,0,1311,-1,1593,0]
12-01 09:05:21.162 18856 18856 I sysui_multi_action: [757,0,758,1,759,0,927,5,928,0,1593,0]
12-01 09:05:21.162 18856 18856 I sysui_multi_action: [757,111,758,1]
12-01 09:05:21.162 18856 18856 I sysui_multi_action: [757,126,758,1,759,126,927,0,928,1,1593,1]
12-01 09:05:21.162 18856 18856 I sysui_multi_action: [757,113,758,1,759,113,927,1,928,1,1593,1]
12-01 09:05:21.163 18856 18856 I sysui_multi_action: [757,0,758,1,759,0,927,2,928,0,1593,1]
12-01 09:05:21.163 18856 18856 I sysui_multi_action: [757,0,758,1,759,0,927,3,928,0,1593,1]
12-01 09:05:21.183 18856 18856 I sysui_multi_action: [757,111,758,2]
12-01 09:05:21.183 18856 18856 I sysui_multi_action: [757,111,758,2]
12-01 09:05:21.188 1508 1508 I notification_enqueue: [10082,18856,com.android.systemui,2048,NULL,0,Notification(channel=updateNotification shortcut=null contentView=null vibrate=null sound=null defaults=0x0 flags=0x0 color=0x00000000 vis=PRIVATE),0]
12-01 09:05:21.191 18856 18856 I sysui_multi_action: [757,111,758,1]
12-01 09:05:21.191 18856 18856 I sysui_multi_action: [757,126,758,1,759,126,927,0,928,1,1593,0]
12-01 09:05:21.191 18856 18856 I sysui_multi_action: [757,113,758,1,759,113,927,1,928,1,1593,0]
12-01 09:05:21.191 18856 18856 I sysui_multi_action: [757,0,758,1,759,0,927,2,928,0,1593,1]
12-01 09:05:21.191 18856 18856 I sysui_multi_action: [757,0,758,1,759,0,927,3,928,0,1593,1]
12-01 09:05:21.192 18856 18856 I sysui_multi_action: [757,491,758,1,759,491,927,4,928,0,1311,-1,1593,0]
12-01 09:05:21.192 18856 18856 I sysui_multi_action: [757,0,758,1,759,0,927,5,928,0,1593,0]
12-01 09:05:21.192 18856 18856 I sysui_multi_action: [757,111,758,1]
12-01 09:05:21.192 18856 18856 I sysui_multi_action: [757,126,758,1,759,126,927,0,928,1,1593,1]
12-01 09:05:21.192 18856 18856 I sysui_multi_action: [757,113,758,1,759,113,927,1,928,1,1593,1]
12-01 09:05:21.192 18856 18856 I sysui_multi_action: [757,0,758,1,759,0,927,2,928,0,1593,1]
12-01 09:05:21.192 18856 18856 I sysui_multi_action: [757,0,758,1,759,0,927,3,928,0,1593,1]
12-01 09:05:21.210 18856 18856 I sysui_multi_action: [757,111,758,2]
12-01 09:05:21.210 18856 18856 I sysui_multi_action: [757,111,758,2]
12-01 09:05:21.210 1508 1508 I notification_enqueue: [10082,18856,com.android.systemui,2048,NULL,0,Notification(channel=updateNotification shortcut=null contentView=null vibrate=null sound=null defaults=0x0 flags=0x0 color=0x00000000 vis=PRIVATE),0]
12-01 09:05:21.215 18856 18856 I sysui_multi_action: [757,111,758,1]
12-01 09:05:21.215 18856 18856 I sysui_multi_action: [757,126,758,1,759,126,927,0,928,1,1593,1]
12-01 09:05:21.215 18856 18856 I sysui_multi_action: [757,113,758,1,759,113,927,1,928,1,1593,1]
12-01 09:05:21.216 18856 18856 I sysui_multi_action: [757,0,758,1,759,0,927,2,928,0,1593,1]
12-01 09:05:21.216 18856 18856 I sysui_multi_action: [757,0,758,1,759,0,927,3,928,0,1593,1]
12-01 09:05:21.216 18856 18856 I sysui_multi_action: [757,491,758,1,759,491,927,4,928,0,1311,-1,1593,0]
12-01 09:05:21.216 18856 18856 I sysui_multi_action: [757,0,758,1,759,0,927,5,928,0,1593,0]
12-01 09:05:21.216 18856 18856 I sysui_multi_action: [757,111,758,1]
12-01 09:05:21.216 18856 18856 I sysui_multi_action: [757,126,758,1,759,126,927,0,928,1,1593,1]
12-01 09:05:21.216 18856 18856 I sysui_multi_action: [757,113,758,1,759,113,927,1,928,1,1593,1]
12-01 09:05:21.216 18856 18856 I sysui_multi_action: [757,0,758,1,759,0,927,2,928,0,1593,1]
12-01 09:05:21.216 18856 18856 I sysui_multi_action: [757,0,758,1,759,0,927,3,928,0,1593,1]
12-01 09:05:21.227 18856 18856 I sysui_multi_action: [757,111,758,2]
12-01 09:05:21.227 18856 18856 I sysui_multi_action: [757,111,758,2]
12-01 09:05:21.227 1508 1508 I notification_enqueue: [10082,18856,com.android.systemui,2048,NULL,0,Notification(channel=updateNotification shortcut=null contentView=null vibrate=null sound=null defaults=0x0 flags=0x0 color=0x00000000 vis=PRIVATE),0]
12-01 09:05:21.231 18856 18856 I sysui_multi_action: [757,111,758,1]
12-01 09:05:21.231 18856 18856 I sysui_multi_action: [757,126,758,1,759,126,927,0,928,1,1593,1]
12-01 09:05:21.231 18856 18856 I sysui_multi_action: [757,113,758,1,759,113,927,1,928,1,1593,1]
12-01 09:05:21.231 18856 18856 I sysui_multi_action: [757,0,758,1,759,0,927,2,928,0,1593,1]
12-01 09:05:21.231 18856 18856 I sysui_multi_action: [757,0,758,1,759,0,927,3,928,0,1593,1]
12-01 09:05:21.232 18856 18856 I sysui_multi_action: [757,491,758,1,759,491,927,4,928,0,1311,-1,1593,0]
12-01 09:05:21.232 18856 18856 I sysui_multi_action: [757,0,758,1,759,0,927,5,928,0,1593,0]
12-01 09:05:21.232 18856 18856 I sysui_multi_action: [757,111,758,1]
12-01 09:05:21.232 18856 18856 I sysui_multi_action: [757,126,758,1,759,126,927,0,928,1,1593,1]
12-01 09:05:21.232 18856 18856 I sysui_multi_action: [757,113,758,1,759,113,927,1,928,1,1593,1]
12-01 09:05:21.232 18856 18856 I sysui_multi_action: [757,0,758,1,759,0,927,2,928,0,1593,1]
12-01 09:05:21.232 18856 18856 I sysui_multi_action: [757,0,758,1,759,0,927,3,928,0,1593,1]
12-01 09:05:21.239 1508 6993 I sysui_multi_action: [757,128,758,2,793,18129881,794,2534,795,18129881,796,26,798,0,806,android,857,DEVELOPER_IMPORTANT,858,4,947,0,1395,2,1500,18129676,1688,1]
12-01 09:05:21.239 1508 6993 I notification_visibility: [-1|android|26|null|1000,0,18129881,18129881,0,0]
12-01 09:05:21.239 1508 6993 I sysui_multi_action: [757,128,758,2,793,18712877,794,2534,795,18712877,796,32,798,1,806,android,857,USB,858,1,947,0,1395,2,1500,18712631,1688,1]
12-01 09:05:21.239 1508 6993 I notification_visibility: [-1|android|32|null|1000,0,18712877,18712877,0,1]
12-01 09:05:21.243 18856 18856 I sysui_multi_action: [757,111,758,2]
12-01 09:05:21.243 18856 18856 I sysui_multi_action: [757,111,758,2]
12-01 09:05:21.243 1508 1508 I notification_enqueue: [10082,18856,com.android.systemui,2048,NULL,0,Notification(channel=updateNotification shortcut=null contentView=null vibrate=null sound=null defaults=0x0 flags=0x0 color=0x00000000 vis=PRIVATE),0]
12-01 09:05:21.247 18856 18856 I sysui_multi_action: [757,111,758,1]
12-01 09:05:21.247 18856 18856 I sysui_multi_action: [757,126,758,1,759,126,927,0,928,1,1593,0]
12-01 09:05:21.247 18856 18856 I sysui_multi_action: [757,113,758,1,759,113,927,1,928,1,1593,0]
12-01 09:05:21.247 18856 18856 I sysui_multi_action: [757,0,758,1,759,0,927,2,928,0,1593,0]
12-01 09:05:21.247 18856 18856 I sysui_multi_action: [757,0,758,1,759,0,927,3,928,0,1593,0]
12-01 09:05:21.247 18856 18856 I sysui_multi_action: [757,491,758,1,759,491,927,4,928,0,1311,-1,1593,0]
12-01 09:05:21.247 18856 18856 I sysui_multi_action: [757,0,758,1,759,0,927,5,928,0,1593,0]
12-01 09:05:21.247 18856 18856 I sysui_multi_action: [757,111,758,1]
12-01 09:05:21.247 18856 18856 I sysui_multi_action: [757,126,758,1,759,126,927,0,928,1,1593,1]
12-01 09:05:21.247 18856 18856 I sysui_multi_action: [757,113,758,1,759,113,927,1,928,1,1593,1]
12-01 09:05:21.247 18856 18856 I sysui_multi_action: [757,0,758,1,759,0,927,2,928,0,1593,1]
12-01 09:05:21.247 18856 18856 I sysui_multi_action: [757,0,758,1,759,0,927,3,928,0,1593,1]
12-01 09:05:21.262 18856 18856 I sysui_multi_action: [757,111,758,2]
12-01 09:05:21.262 18856 18856 I sysui_multi_action: [757,111,758,2]
12-01 09:05:21.262 1508 1508 I notification_enqueue: [10082,18856,com.android.systemui,2048,NULL,0,Notification(channel=updateNotification shortcut=null contentView=null vibrate=null sound=null defaults=0x0 flags=0x0 color=0x00000000 vis=PRIVATE),0]
12-01 09:05:21.266 18856 18856 I sysui_multi_action: [757,111,758,1]
12-01 09:05:21.266 18856 18856 I sysui_multi_action: [757,126,758,1,759,126,927,0,928,1,1593,1]
12-01 09:05:21.266 18856 18856 I sysui_multi_action: [757,113,758,1,759,113,927,1,928,1,1593,1]
12-01 09:05:21.266 18856 18856 I sysui_multi_action: [757,0,758,1,759,0,927,2,928,0,1593,1]
12-01 09:05:21.266 18856 18856 I sysui_multi_action: [757,0,758,1,759,0,927,3,928,0,1593,1]
12-01 09:05:21.266 18856 18856 I sysui_multi_action: [757,491,758,1,759,491,927,4,928,0,1311,-1,1593,0]
12-01 09:05:21.266 18856 18856 I sysui_multi_action: [757,0,758,1,759,0,927,5,928,0,1593,0]
12-01 09:05:21.266 18856 18856 I sysui_multi_action: [757,111,758,1]
12-01 09:05:21.266 18856 18856 I sysui_multi_action: [757,126,758,1,759,126,927,0,928,1,1593,1]
12-01 09:05:21.266 18856 18856 I sysui_multi_action: [757,113,758,1,759,113,927,1,928,1,1593,1]
12-01 09:05:21.266 18856 18856 I sysui_multi_action: [757,0,758,1,759,0,927,2,928,0,1593,1]
12-01 09:05:21.266 18856 18856 I sysui_multi_action: [757,0,758,1,759,0,927,3,928,0,1593,1]
12-01 09:05:21.278 18856 18856 I sysui_multi_action: [757,111,758,2]
12-01 09:05:21.278 1508 1508 I notification_enqueue: [10082,18856,com.android.systemui,2048,NULL,0,Notification(channel=updateNotification shortcut=null contentView=null vibrate=null sound=null defaults=0x0 flags=0x0 color=0x00000000 vis=PRIVATE),0]
12-01 09:05:21.278 18856 18856 I sysui_multi_action: [757,111,758,2]
12-01 09:05:21.282 18856 18856 I sysui_multi_action: [757,111,758,1]
12-01 09:05:21.282 18856 18856 I sysui_multi_action: [757,126,758,1,759,126,927,0,928,1,1593,1]
12-01 09:05:21.282 18856 18856 I sysui_multi_action: [757,113,758,1,759,113,927,1,928,1,1593,1]
12-01 09:05:21.282 18856 18856 I sysui_multi_action: [757,0,758,1,759,0,927,2,928,0,1593,1]
12-01 09:05:21.282 18856 18856 I sysui_multi_action: [757,0,758,1,759,0,927,3,928,0,1593,1]
12-01 09:05:21.282 18856 18856 I sysui_multi_action: [757,491,758,1,759,491,927,4,928,0,1311,-1,1593,0]
12-01 09:05:21.283 18856 18856 I sysui_multi_action: [757,0,758,1,759,0,927,5,928,0,1593,0]
12-01 09:05:21.283 18856 18856 I sysui_multi_action: [757,111,758,1]
12-01 09:05:21.283 18856 18856 I sysui_multi_action: [757,126,758,1,759,126,927,0,928,1,1593,1]
12-01 09:05:21.283 18856 18856 I sysui_multi_action: [757,113,758,1,759,113,927,1,928,1,1593,1]
12-01 09:05:21.283 18856 18856 I sysui_multi_action: [757,0,758,1,759,0,927,2,928,0,1593,1]
12-01 09:05:21.283 18856 18856 I sysui_multi_action: [757,0,758,1,759,0,927,3,928,0,1593,1]
12-01 09:05:21.294 18856 18856 I sysui_multi_action: [757,111,758,2]
12-01 09:05:21.294 1508 1508 I notification_enqueue: [10082,18856,com.android.systemui,2048,NULL,0,Notification(channel=updateNotification shortcut=null contentView=null vibrate=null sound=null defaults=0x0 flags=0x0 color=0x00000000 vis=PRIVATE),0]
12-01 09:05:21.294 18856 18856 I sysui_multi_action: [757,111,758,2]
12-01 09:05:21.299 18856 18856 I sysui_multi_action: [757,111,758,1]
12-01 09:05:21.299 18856 18856 I sysui_multi_action: [757,126,758,1,759,126,927,0,928,1,1593,0]
12-01 09:05:21.299 18856 18856 I sysui_multi_action: [757,113,758,1,759,113,927,1,928,1,1593,0]
12-01 09:05:21.299 18856 18856 I sysui_multi_action: [757,0,758,1,759,0,927,2,928,0,1593,0]
12-01 09:05:21.299 18856 18856 I sysui_multi_action: [757,0,758,1,759,0,927,3,928,0,1593,0]
12-01 09:05:21.299 18856 18856 I sysui_multi_action: [757,491,758,1,759,491,927,4,928,0,1311,-1,1593,0]
12-01 09:05:21.299 18856 18856 I sysui_multi_action: [757,0,758,1,759,0,927,5,928,0,1593,0]
12-01 09:05:21.300 18856 18856 I sysui_multi_action: [757,111,758,1]
12-01 09:05:21.300 18856 18856 I sysui_multi_action: [757,126,758,1,759,126,927,0,928,1,1593,0]
12-01 09:05:21.300 18856 18856 I sysui_multi_action: [757,113,758,1,759,113,927,1,928,1,1593,0]
12-01 09:05:21.300 18856 18856 I sysui_multi_action: [757,0,758,1,759,0,927,2,928,0,1593,0]
12-01 09:05:21.300 18856 18856 I sysui_multi_action: [757,0,758,1,759,0,927,3,928,0,1593,0]
12-01 09:05:21.308 1508 1648 I am_uid_idle: 10064
12-01 09:05:21.312 18856 18856 I sysui_multi_action: [757,111,758,2]
12-01 09:05:21.312 1508 1508 I notification_enqueue: [10082,18856,com.android.systemui,2048,NULL,0,Notification(channel=updateNotification shortcut=null contentView=null vibrate=null sound=null defaults=0x0 flags=0x0 color=0x00000000 vis=PRIVATE),0]
12-01 09:05:21.312 18856 18856 I sysui_multi_action: [757,111,758,2]
12-01 09:05:21.318 18856 18856 I sysui_multi_action: [757,111,758,1]
12-01 09:05:21.318 18856 18856 I sysui_multi_action: [757,126,758,1,759,126,927,0,928,1,1593,1]
12-01 09:05:21.318 18856 18856 I sysui_multi_action: [757,113,758,1,759,113,927,1,928,1,1593,1]
12-01 09:05:21.318 18856 18856 I sysui_multi_action: [757,0,758,1,759,0,927,2,928,0,1593,1]
12-01 09:05:21.318 18856 18856 I sysui_multi_action: [757,0,758,1,759,0,927,3,928,0,1593,1]
12-01 09:05:21.318 18856 18856 I sysui_multi_action: [757,491,758,1,759,491,927,4,928,0,1311,-1,1593,0]
12-01 09:05:21.318 18856 18856 I sysui_multi_action: [757,0,758,1,759,0,927,5,928,0,1593,0]
12-01 09:05:21.318 18856 18856 I sysui_multi_action: [757,111,758,1]
12-01 09:05:21.319 18856 18856 I sysui_multi_action: [757,126,758,1,759,126,927,0,928,1,1593,1]
12-01 09:05:21.319 18856 18856 I sysui_multi_action: [757,113,758,1,759,113,927,1,928,1,1593,1]
12-01 09:05:21.319 18856 18856 I sysui_multi_action: [757,0,758,1,759,0,927,2,928,0,1593,1]
12-01 09:05:21.319 18856 18856 I sysui_multi_action: [757,0,758,1,759,0,927,3,928,0,1593,1]
12-01 09:05:21.332 18856 18856 I sysui_multi_action: [757,111,758,2]
12-01 09:05:21.332 1508 1508 I notification_enqueue: [10082,18856,com.android.systemui,2048,NULL,0,Notification(channel=updateNotification shortcut=null contentView=null vibrate=null sound=null defaults=0x0 flags=0x0 color=0x00000000 vis=PRIVATE),0]
12-01 09:05:21.332 18856 18856 I sysui_multi_action: [757,111,758,2]
12-01 09:05:21.342 18856 18856 I sysui_multi_action: [757,111,758,1]
12-01 09:05:21.342 18856 18856 I sysui_multi_action: [757,126,758,1,759,126,927,0,928,1,1593,1]
12-01 09:05:21.342 18856 18856 I sysui_multi_action: [757,113,758,1,759,113,927,1,928,1,1593,1]
12-01 09:05:21.342 18856 18856 I sysui_multi_action: [757,0,758,1,759,0,927,2,928,0,1593,1]
12-01 09:05:21.342 18856 18856 I sysui_multi_action: [757,0,758,1,759,0,927,3,928,0,1593,1]
12-01 09:05:21.342 18856 18856 I sysui_multi_action: [757,491,758,1,759,491,927,4,928,0,1311,-1,1593,0]
12-01 09:05:21.342 18856 18856 I sysui_multi_action: [757,0,758,1,759,0,927,5,928,0,1593,0]
12-01 09:05:21.342 18856 18856 I sysui_multi_action: [757,111,758,1]
12-01 09:05:21.343 18856 18856 I sysui_multi_action: [757,126,758,1,759,126,927,0,928,1,1593,1]
12-01 09:05:21.343 18856 18856 I sysui_multi_action: [757,113,758,1,759,113,927,1,928,1,1593,1]
12-01 09:05:21.343 18856 18856 I sysui_multi_action: [757,0,758,1,759,0,927,2,928,0,1593,1]
12-01 09:05:21.343 18856 18856 I sysui_multi_action: [757,0,758,1,759,0,927,3,928,0,1593,1]
12-01 09:05:21.347 1508 1508 I sysui_multi_action: [757,1501,758,1,793,204,794,0,795,204,796,2048,806,com.android.systemui,857,updateNotification,858,3,947,0,1500,0,1688,1]
12-01 09:05:21.347 1508 1508 I sysui_multi_action: [757,804,799,note_interruptive,801,0,802,1]
12-01 09:05:21.348 1508 1508 I sysui_multi_action: [757,1501,758,1,793,205,794,0,795,205,796,2048,806,com.android.systemui,857,updateNotification,858,3,947,0,1500,0,1688,1]
12-01 09:05:21.348 1508 1508 I sysui_multi_action: [757,804,799,note_interruptive,801,0,802,1]
12-01 09:05:21.348 1508 1508 I sysui_multi_action: [757,199,758,1,759,2,793,205,794,0,795,205,796,2048,806,com.android.systemui,857,updateNotification,858,3,947,0,1500,0,1688,1]
12-01 09:05:21.348 1508 1508 I notification_alert: [0|com.android.systemui|2048|null|10082,0,1,0]
12-01 09:05:21.353 18856 18856 I sysui_multi_action: [757,111,758,2]
12-01 09:05:21.353 18856 18856 I sysui_multi_action: [757,111,758,2]
12-01 09:05:21.353 1508 1508 I notification_enqueue: [10082,18856,com.android.systemui,2048,NULL,0,Notification(channel=updateNotification shortcut=null contentView=null vibrate=null sound=null defaults=0x0 flags=0x0 color=0x00000000 vis=PRIVATE),1]
12-01 09:05:21.357 18856 18856 I sysui_multi_action: [757,111,758,1]
12-01 09:05:21.357 18856 18856 I sysui_multi_action: [757,126,758,1,759,126,927,0,928,1,1593,1]
12-01 09:05:21.357 18856 18856 I sysui_multi_action: [757,113,758,1,759,113,927,1,928,1,1593,1]
12-01 09:05:21.357 18856 18856 I sysui_multi_action: [757,0,758,1,759,0,927,2,928,0,1593,1]
12-01 09:05:21.357 18856 18856 I sysui_multi_action: [757,0,758,1,759,0,927,3,928,0,1593,1]
12-01 09:05:21.357 18856 18856 I sysui_multi_action: [757,491,758,1,759,491,927,4,928,0,1311,-1,1593,0]
12-01 09:05:21.357 18856 18856 I sysui_multi_action: [757,0,758,1,759,0,927,5,928,0,1593,0]
12-01 09:05:21.357 18856 18856 I sysui_multi_action: [757,111,758,1]
12-01 09:05:21.358 18856 18856 I sysui_multi_action: [757,126,758,1,759,126,927,0,928,1,1593,1]
12-01 09:05:21.358 18856 18856 I sysui_multi_action: [757,113,758,1,759,113,927,1,928,1,1593,1]
12-01 09:05:21.358 18856 18856 I sysui_multi_action: [757,0,758,1,759,0,927,2,928,0,1593,1]
12-01 09:05:21.358 18856 18856 I sysui_multi_action: [757,0,758,1,759,0,927,3,928,0,1593,1]
12-01 09:05:21.367 18856 18856 I sysui_multi_action: [757,111,758,2]
12-01 09:05:21.367 18856 18856 I sysui_multi_action: [757,111,758,2]
12-01 09:05:21.371 18856 18856 I sysui_multi_action: [757,111,758,1]
12-01 09:05:21.371 18856 18856 I sysui_multi_action: [757,126,758,1,759,126,927,0,928,1,1593,1]
12-01 09:05:21.371 18856 18856 I sysui_multi_action: [757,113,758,1,759,113,927,1,928,1,1593,1]
12-01 09:05:21.371 18856 18856 I sysui_multi_action: [757,0,758,1,759,0,927,2,928,0,1593,1]
12-01 09:05:21.371 18856 18856 I sysui_multi_action: [757,0,758,1,759,0,927,3,928,0,1593,1]
12-01 09:05:21.371 18856 18856 I sysui_multi_action: [757,491,758,1,759,491,927,4,928,0,1311,-1,1593,0]
12-01 09:05:21.371 18856 18856 I sysui_multi_action: [757,0,758,1,759,0,927,5,928,0,1593,0]
12-01 09:05:21.371 18856 18856 I sysui_multi_action: [757,111,758,1]
12-01 09:05:21.371 18856 18856 I sysui_multi_action: [757,126,758,1,759,126,927,0,928,1,1593,1]
12-01 09:05:21.371 18856 18856 I sysui_multi_action: [757,113,758,1,759,113,927,1,928,1,1593,1]
12-01 09:05:21.371 18856 18856 I sysui_multi_action: [757,0,758,1,759,0,927,2,928,0,1593,1]
12-01 09:05:21.371 18856 18856 I sysui_multi_action: [757,0,758,1,759,0,927,3,928,0,1593,1]
12-01 09:05:21.372 1508 1508 I notification_enqueue: [10082,18856,com.android.systemui,2048,NULL,0,Notification(channel=updateNotification shortcut=null contentView=null vibrate=null sound=null defaults=0x0 flags=0x0 color=0x00000000 vis=PRIVATE),1]
12-01 09:05:21.386 18856 18856 I sysui_multi_action: [757,111,758,2]
12-01 09:05:21.386 1508 1508 I notification_enqueue: [10082,18856,com.android.systemui,2048,NULL,0,Notification(channel=updateNotification shortcut=null contentView=null vibrate=null sound=null defaults=0x0 flags=0x0 color=0x00000000 vis=PRIVATE),1]
12-01 09:05:21.386 18856 18856 I sysui_multi_action: [757,111,758,2]
12-01 09:05:21.390 18856 18856 I sysui_multi_action: [757,111,758,1]
12-01 09:05:21.390 18856 18856 I sysui_multi_action: [757,126,758,1,759,126,927,0,928,1,1593,1]
12-01 09:05:21.390 18856 18856 I sysui_multi_action: [757,113,758,1,759,113,927,1,928,1,1593,1]
12-01 09:05:21.390 18856 18856 I sysui_multi_action: [757,0,758,1,759,0,927,2,928,0,1593,1]
12-01 09:05:21.390 18856 18856 I sysui_multi_action: [757,0,758,1,759,0,927,3,928,0,1593,1]
12-01 09:05:21.390 18856 18856 I sysui_multi_action: [757,491,758,1,759,491,927,4,928,0,1311,-1,1593,0]
12-01 09:05:21.390 18856 18856 I sysui_multi_action: [757,0,758,1,759,0,927,5,928,0,1593,0]
12-01 09:05:21.390 18856 18856 I sysui_multi_action: [757,111,758,1]
12-01 09:05:21.391 18856 18856 I sysui_multi_action: [757,126,758,1,759,126,927,0,928,1,1593,1]
12-01 09:05:21.391 18856 18856 I sysui_multi_action: [757,113,758,1,759,113,927,1,928,1,1593,1]
12-01 09:05:21.391 18856 18856 I sysui_multi_action: [757,0,758,1,759,0,927,2,928,0,1593,1]
12-01 09:05:21.391 18856 18856 I sysui_multi_action: [757,0,758,1,759,0,927,3,928,0,1593,1]
12-01 09:05:21.401 18856 18856 I sysui_multi_action: [757,111,758,2]
12-01 09:05:21.401 1508 1508 I notification_enqueue: [10082,18856,com.android.systemui,2048,NULL,0,Notification(channel=updateNotification shortcut=null contentView=null vibrate=null sound=null defaults=0x0 flags=0x0 color=0x00000000 vis=PRIVATE),1]
12-01 09:05:21.401 18856 18856 I sysui_multi_action: [757,111,758,2]
12-01 09:05:21.405 18856 18856 I sysui_multi_action: [757,111,758,1]
12-01 09:05:21.405 18856 18856 I sysui_multi_action: [757,126,758,1,759,126,927,0,928,1,1593,1]
12-01 09:05:21.405 18856 18856 I sysui_multi_action: [757,113,758,1,759,113,927,1,928,1,1593,1]
12-01 09:05:21.405 18856 18856 I sysui_multi_action: [757,0,758,1,759,0,927,2,928,0,1593,1]
12-01 09:05:21.405 18856 18856 I sysui_multi_action: [757,0,758,1,759,0,927,3,928,0,1593,1]
12-01 09:05:21.405 18856 18856 I sysui_multi_action: [757,491,758,1,759,491,927,4,928,0,1311,-1,1593,0]
12-01 09:05:21.405 18856 18856 I sysui_multi_action: [757,0,758,1,759,0,927,5,928,0,1593,0]
12-01 09:05:21.405 18856 18856 I sysui_multi_action: [757,111,758,1]
12-01 09:05:21.405 18856 18856 I sysui_multi_action: [757,126,758,1,759,126,927,0,928,1,1593,1]
12-01 09:05:21.405 18856 18856 I sysui_multi_action: [757,113,758,1,759,113,927,1,928,1,1593,1]
12-01 09:05:21.405 18856 18856 I sysui_multi_action: [757,0,758,1,759,0,927,2,928,0,1593,1]
12-01 09:05:21.405 18856 18856 I sysui_multi_action: [757,0,758,1,759,0,927,3,928,0,1593,1]
12-01 09:05:21.418 1508 1508 I notification_enqueue: [10082,18856,com.android.systemui,2048,NULL,0,Notification(channel=updateNotification shortcut=null contentView=null vibrate=null sound=null defaults=0x0 flags=0x0 color=0x00000000 vis=PRIVATE),1]
12-01 09:05:21.418 18856 18856 I sysui_multi_action: [757,111,758,2]
12-01 09:05:21.419 18856 18856 I sysui_multi_action: [757,111,758,2]
12-01 09:05:21.422 18856 18856 I sysui_multi_action: [757,111,758,1]
12-01 09:05:21.422 18856 18856 I sysui_multi_action: [757,126,758,1,759,126,927,0,928,1,1593,1]
12-01 09:05:21.423 18856 18856 I sysui_multi_action: [757,113,758,1,759,113,927,1,928,1,1593,1]
12-01 09:05:21.423 18856 18856 I sysui_multi_action: [757,0,758,1,759,0,927,2,928,0,1593,1]
12-01 09:05:21.423 18856 18856 I sysui_multi_action: [757,0,758,1,759,0,927,3,928,0,1593,1]
12-01 09:05:21.423 18856 18856 I sysui_multi_action: [757,491,758,1,759,491,927,4,928,0,1311,-1,1593,0]
12-01 09:05:21.423 18856 18856 I sysui_multi_action: [757,0,758,1,759,0,927,5,928,0,1593,0]
12-01 09:05:21.423 18856 18856 I sysui_multi_action: [757,111,758,1]
12-01 09:05:21.423 18856 18856 I sysui_multi_action: [757,126,758,1,759,126,927,0,928,1,1593,1]
12-01 09:05:21.423 18856 18856 I sysui_multi_action: [757,113,758,1,759,113,927,1,928,1,1593,1]
12-01 09:05:21.423 18856 18856 I sysui_multi_action: [757,0,758,1,759,0,927,2,928,0,1593,1]
12-01 09:05:21.423 18856 18856 I sysui_multi_action: [757,0,758,1,759,0,927,3,928,0,1593,1]
12-01 09:05:21.432 1508 1508 I notification_enqueue: [10082,18856,com.android.systemui,2048,NULL,0,Notification(channel=updateNotification shortcut=null contentView=null vibrate=null sound=null defaults=0x0 flags=0x0 color=0x00000000 vis=PRIVATE),1]
12-01 09:05:21.432 18856 18856 I sysui_multi_action: [757,111,758,2]
12-01 09:05:21.432 18856 18856 I sysui_multi_action: [757,111,758,2]
12-01 09:05:21.436 18856 18856 I sysui_multi_action: [757,111,758,1]
12-01 09:05:21.436 18856 18856 I sysui_multi_action: [757,126,758,1,759,126,927,0,928,1,1593,1]
12-01 09:05:21.436 18856 18856 I sysui_multi_action: [757,113,758,1,759,113,927,1,928,1,1593,1]
12-01 09:05:21.436 18856 18856 I sysui_multi_action: [757,0,758,1,759,0,927,2,928,0,1593,1]
12-01 09:05:21.436 18856 18856 I sysui_multi_action: [757,0,758,1,759,0,927,3,928,0,1593,1]
12-01 09:05:21.436 18856 18856 I sysui_multi_action: [757,491,758,1,759,491,927,4,928,0,1311,-1,1593,0]
12-01 09:05:21.436 18856 18856 I sysui_multi_action: [757,0,758,1,759,0,927,5,928,0,1593,0]
12-01 09:05:21.436 18856 18856 I sysui_multi_action: [757,111,758,1]
12-01 09:05:21.436 18856 18856 I sysui_multi_action: [757,126,758,1,759,126,927,0,928,1,1593,1]
12-01 09:05:21.436 18856 18856 I sysui_multi_action: [757,113,758,1,759,113,927,1,928,1,1593,1]
12-01 09:05:21.436 18856 18856 I sysui_multi_action: [757,0,758,1,759,0,927,2,928,0,1593,1]
12-01 09:05:21.436 18856 18856 I sysui_multi_action: [757,0,758,1,759,0,927,3,928,0,1593,1]
12-01 09:05:21.448 18856 18856 I sysui_multi_action: [757,111,758,2]
12-01 09:05:21.448 18856 18856 I sysui_multi_action: [757,111,758,2]
12-01 09:05:21.448 1508 1508 I notification_enqueue: [10082,18856,com.android.systemui,2048,NULL,0,Notification(channel=updateNotification shortcut=null contentView=null vibrate=null sound=null defaults=0x0 flags=0x0 color=0x00000000 vis=PRIVATE),1]
12-01 09:05:21.452 18856 18856 I sysui_multi_action: [757,111,758,1]
12-01 09:05:21.452 18856 18856 I sysui_multi_action: [757,126,758,1,759,126,927,0,928,1,1593,1]
12-01 09:05:21.452 18856 18856 I sysui_multi_action: [757,113,758,1,759,113,927,1,928,1,1593,1]
12-01 09:05:21.452 18856 18856 I sysui_multi_action: [757,0,758,1,759,0,927,2,928,0,1593,1]
12-01 09:05:21.452 18856 18856 I sysui_multi_action: [757,0,758,1,759,0,927,3,928,0,1593,1]
12-01 09:05:21.452 18856 18856 I sysui_multi_action: [757,491,758,1,759,491,927,4,928,0,1311,-1,1593,0]
12-01 09:05:21.452 18856 18856 I sysui_multi_action: [757,0,758,1,759,0,927,5,928,0,1593,0]
12-01 09:05:21.452 18856 18856 I sysui_multi_action: [757,111,758,1]
12-01 09:05:21.452 18856 18856 I sysui_multi_action: [757,126,758,1,759,126,927,0,928,1,1593,1]
12-01 09:05:21.452 18856 18856 I sysui_multi_action: [757,113,758,1,759,113,927,1,928,1,1593,1]
12-01 09:05:21.452 18856 18856 I sysui_multi_action: [757,0,758,1,759,0,927,2,928,0,1593,1]
12-01 09:05:21.452 18856 18856 I sysui_multi_action: [757,0,758,1,759,0,927,3,928,0,1593,1]
12-01 09:05:21.466 18856 18856 I sysui_multi_action: [757,111,758,2]
12-01 09:05:21.466 18856 18856 I sysui_multi_action: [757,111,758,2]
12-01 09:05:21.469 1508 1508 I notification_enqueue: [10082,18856,com.android.systemui,2048,NULL,0,Notification(channel=updateNotification shortcut=null contentView=null vibrate=null sound=null defaults=0x0 flags=0x0 color=0x00000000 vis=PRIVATE),1]
12-01 09:05:21.470 18856 18856 I sysui_multi_action: [757,111,758,1]
12-01 09:05:21.470 18856 18856 I sysui_multi_action: [757,126,758,1,759,126,927,0,928,1,1593,1]
12-01 09:05:21.470 18856 18856 I sysui_multi_action: [757,113,758,1,759,113,927,1,928,1,1593,1]
12-01 09:05:21.470 18856 18856 I sysui_multi_action: [757,0,758,1,759,0,927,2,928,0,1593,1]
12-01 09:05:21.470 18856 18856 I sysui_multi_action: [757,0,758,1,759,0,927,3,928,0,1593,1]
12-01 09:05:21.470 18856 18856 I sysui_multi_action: [757,491,758,1,759,491,927,4,928,0,1311,-1,1593,0]
12-01 09:05:21.470 18856 18856 I sysui_multi_action: [757,0,758,1,759,0,927,5,928,0,1593,0]
12-01 09:05:21.470 18856 18856 I sysui_multi_action: [757,111,758,1]
12-01 09:05:21.470 18856 18856 I sysui_multi_action: [757,126,758,1,759,126,927,0,928,1,1593,1]
12-01 09:05:21.470 18856 18856 I sysui_multi_action: [757,113,758,1,759,113,927,1,928,1,1593,1]
12-01 09:05:21.470 18856 18856 I sysui_multi_action: [757,0,758,1,759,0,927,2,928,0,1593,1]
12-01 09:05:21.470 18856 18856 I sysui_multi_action: [757,0,758,1,759,0,927,3,928,0,1593,1]
12-01 09:05:21.483 18856 18856 I sysui_multi_action: [757,111,758,2]
12-01 09:05:21.483 1508 1508 I notification_enqueue: [10082,18856,com.android.systemui,2048,NULL,0,Notification(channel=updateNotification shortcut=null contentView=null vibrate=null sound=null defaults=0x0 flags=0x0 color=0x00000000 vis=PRIVATE),1]
12-01 09:05:21.483 18856 18856 I sysui_multi_action: [757,111,758,2]
12-01 09:05:21.493 18856 18856 I sysui_multi_action: [757,111,758,1]
12-01 09:05:21.493 18856 18856 I sysui_multi_action: [757,126,758,1,759,126,927,0,928,1,1593,1]
12-01 09:05:21.493 18856 18856 I sysui_multi_action: [757,113,758,1,759,113,927,1,928,1,1593,1]
12-01 09:05:21.493 18856 18856 I sysui_multi_action: [757,0,758,1,759,0,927,2,928,0,1593,1]
12-01 09:05:21.493 18856 18856 I sysui_multi_action: [757,0,758,1,759,0,927,3,928,0,1593,1]
12-01 09:05:21.493 18856 18856 I sysui_multi_action: [757,491,758,1,759,491,927,4,928,0,1311,-1,1593,0]
12-01 09:05:21.493 18856 18856 I sysui_multi_action: [757,0,758,1,759,0,927,5,928,0,1593,0]
12-01 09:05:21.493 18856 18856 I sysui_multi_action: [757,111,758,1]
12-01 09:05:21.493 18856 18856 I sysui_multi_action: [757,126,758,1,759,126,927,0,928,1,1593,1]
12-01 09:05:21.493 18856 18856 I sysui_multi_action: [757,113,758,1,759,113,927,1,928,1,1593,1]
12-01 09:05:21.493 18856 18856 I sysui_multi_action: [757,0,758,1,759,0,927,2,928,0,1593,1]
12-01 09:05:21.493 18856 18856 I sysui_multi_action: [757,0,758,1,759,0,927,3,928,0,1593,1]
12-01 09:05:21.502 18856 18856 I sysui_multi_action: [757,111,758,2]
12-01 09:05:21.502 1508 1508 I notification_enqueue: [10082,18856,com.android.systemui,2048,NULL,0,Notification(channel=updateNotification shortcut=null contentView=null vibrate=null sound=null defaults=0x0 flags=0x0 color=0x00000000 vis=PRIVATE),1]
12-01 09:05:21.502 18856 18856 I sysui_multi_action: [757,111,758,2]
12-01 09:05:21.504 1508 8059 I sysui_multi_action: [757,127,758,2]
12-01 09:05:21.504 1508 8059 I notification_panel_hidden:
12-01 09:05:21.512 18856 18856 I sysui_multi_action: [757,111,758,1]
12-01 09:05:21.512 18856 18856 I sysui_multi_action: [757,126,758,1,759,126,927,0,928,1,1593,1]
12-01 09:05:21.512 18856 18856 I sysui_multi_action: [757,113,758,1,759,113,927,1,928,1,1593,1]
12-01 09:05:21.512 18856 18856 I sysui_multi_action: [757,0,758,1,759,0,927,2,928,0,1593,1]
12-01 09:05:21.512 18856 18856 I sysui_multi_action: [757,0,758,1,759,0,927,3,928,0,1593,1]
12-01 09:05:21.513 18856 18856 I sysui_multi_action: [757,491,758,1,759,491,927,4,928,0,1311,-1,1593,0]
12-01 09:05:21.513 18856 18856 I sysui_multi_action: [757,0,758,1,759,0,927,5,928,0,1593,0]
12-01 09:05:21.513 18856 18856 I sysui_multi_action: [757,111,758,1]
12-01 09:05:21.513 18856 18856 I sysui_multi_action: [757,126,758,1,759,126,927,0,928,1,1593,1]
12-01 09:05:21.513 18856 18856 I sysui_multi_action: [757,113,758,1,759,113,927,1,928,1,1593,1]
12-01 09:05:21.513 18856 18856 I sysui_multi_action: [757,0,758,1,759,0,927,2,928,0,1593,1]
12-01 09:05:21.513 18856 18856 I sysui_multi_action: [757,0,758,1,759,0,927,3,928,0,1593,1]
12-01 09:05:22.084 1508 2005 I input_interaction: Interaction with: e9e80a1 com.android.launcher3/com.android.launcher3.uioverrides.QuickstepLauncher (server), 5ecd4a7 com.android.systemui.ImageWallpaper (server), edge-swipe (server), swipe-up (server), PointerEventDispatcher0 (server),
12-01 09:05:22.214 1508 6163 I wm_task_created: [326,-1]
12-01 09:05:22.222 1508 6163 I wm_task_moved: [326,1,9]
12-01 09:05:22.222 1508 6163 I wm_task_to_front: [0,326]
12-01 09:05:22.223 1508 6163 I wm_create_task: [0,326]
12-01 09:05:22.223 1508 6163 I wm_create_activity: [0,115398718,326,com.android.deskclock/.DeskClock,NULL,NULL,NULL,268435456]
12-01 09:05:22.223 1508 6163 I wm_task_moved: [326,1,9]
12-01 09:05:22.228 1508 6163 I wm_pause_activity: [0,103113767,com.android.launcher3/.uioverrides.QuickstepLauncher,userLeaving=true,pauseBackTasks]
12-01 09:05:22.237 2822 2822 I wm_on_top_resumed_lost_called: [103113767,com.android.launcher3.uioverrides.QuickstepLauncher,topStateChangedWhenResumed]
12-01 09:05:22.240 2822 2822 I wm_on_paused_called: [103113767,com.android.launcher3.uioverrides.QuickstepLauncher,performPause]
12-01 09:05:22.243 1508 6993 I wm_add_to_stopping: [0,103113767,com.android.launcher3/.uioverrides.QuickstepLauncher,makeInvisible]
12-01 09:05:22.245 1508 6993 I wm_restart_activity: [0,115398718,326,com.android.deskclock/.DeskClock]
12-01 09:05:22.247 1508 6993 I wm_set_resumed_activity: [0,com.android.deskclock/.DeskClock,minimalResumeActivityLocked]
12-01 09:05:22.267 1508 2005 I input_focus: [Focus leaving e9e80a1 com.android.launcher3/com.android.launcher3.uioverrides.QuickstepLauncher (server),reason=NO_WINDOW]
12-01 09:05:22.274 1508 1636 I sysui_multi_action: [757,803,799,window_time_0,802,4]
12-01 09:05:22.291 1508 6928 I wm_task_moved: [326,1,9]
12-01 09:05:22.291 1508 6928 I wm_set_resumed_activity: [0,com.android.deskclock/.DeskClock,positionChildAt]
12-01 09:05:22.291 1508 6928 I wm_create_activity: [0,63043891,326,com.android.permissioncontroller/.permission.ui.GrantPermissionsActivity,android.content.pm.action.REQUEST_PERMISSIONS,NULL,NULL,8388608]
12-01 09:05:22.295 1508 6928 I wm_pause_activity: [0,115398718,com.android.deskclock/.DeskClock,userLeaving=true,resumeTopActivityInnerLocked]
12-01 09:05:22.321 29053 29053 I wm_on_create_called: [115398718,com.android.deskclock.DeskClock,performCreate]
12-01 09:05:22.322 29053 29053 I wm_on_start_called: [115398718,com.android.deskclock.DeskClock,handleStartActivity]
12-01 09:05:22.323 29053 29053 I wm_on_resume_called: [115398718,com.android.deskclock.DeskClock,RESUME_ACTIVITY]
12-01 09:05:22.326 29053 29053 I wm_on_top_resumed_gained_called: [115398718,com.android.deskclock.DeskClock,topStateChangedWhenResumed]
12-01 09:05:22.326 29053 29053 I wm_on_top_resumed_lost_called: [115398718,com.android.deskclock.DeskClock,topStateChangedWhenResumed]
12-01 09:05:22.326 29053 29053 I wm_on_paused_called: [115398718,com.android.deskclock.DeskClock,performPause]
12-01 09:05:22.328 1508 9856 I wm_restart_activity: [0,63043891,326,com.android.permissioncontroller/.permission.ui.GrantPermissionsActivity]
12-01 09:05:22.328 1508 9856 I wm_set_resumed_activity: [0,com.android.permissioncontroller/.permission.ui.GrantPermissionsActivity,minimalResumeActivityLocked]
12-01 09:05:22.331 1508 1636 I sysui_multi_action: [757,803,799,window_time_0,802,0]
12-01 09:05:22.346 29601 29601 I wm_on_create_called: [63043891,com.android.permissioncontroller.permission.ui.GrantPermissionsActivity,performCreate]
12-01 09:05:22.348 29601 29601 I wm_on_start_called: [63043891,com.android.permissioncontroller.permission.ui.GrantPermissionsActivity,handleStartActivity]
12-01 09:05:22.348 29601 29601 I wm_on_resume_called: [63043891,com.android.permissioncontroller.permission.ui.GrantPermissionsActivity,RESUME_ACTIVITY]
12-01 09:05:22.350 29601 29601 I wm_on_top_resumed_gained_called: [63043891,com.android.permissioncontroller.permission.ui.GrantPermissionsActivity,topStateChangedWhenResumed]
12-01 09:05:22.351 0 0 I auditd : type=1400 audit(0.0:20063): avc: denied { kill } for comm="swapper/1" capability=5 scontext=u:r:kernel:s0 tcontext=u:r:kernel:s0 tclass=capability permissive=0
12-01 09:05:22.355 1508 6993 I wm_finish_activity: [0,63043891,326,com.android.permissioncontroller/.permission.ui.GrantPermissionsActivity,app-request]
12-01 09:05:22.368 1508 6993 I wm_pause_activity: [0,63043891,com.android.permissioncontroller/.permission.ui.GrantPermissionsActivity,userLeaving=false,finish]
12-01 09:05:22.389 29601 29601 I wm_on_top_resumed_lost_called: [63043891,com.android.permissioncontroller.permission.ui.GrantPermissionsActivity,topStateChangedWhenResumed]
12-01 09:05:22.389 29601 29601 I wm_on_paused_called: [63043891,com.android.permissioncontroller.permission.ui.GrantPermissionsActivity,performPause]
12-01 09:05:22.390 1508 6928 I wm_add_to_stopping: [0,63043891,com.android.permissioncontroller/.permission.ui.GrantPermissionsActivity,completeFinishing]
12-01 09:05:22.392 1508 6928 I wm_set_resumed_activity: [0,com.android.deskclock/.DeskClock,resumeTopActivityInnerLocked]
12-01 09:05:22.393 1508 6928 I wm_resume_activity: [0,115398718,326,com.android.deskclock/.DeskClock]
12-01 09:05:22.399 1508 1637 I input_focus: [Focus request 699fa69 com.android.deskclock/com.android.deskclock.DeskClock,reason=UpdateInputWindows]
12-01 09:05:22.400 1508 1636 I sysui_multi_action: [757,803,799,window_time_0,802,0]
12-01 09:05:22.410 29053 29053 I wm_on_activity_result_called: [115398718,com.android.deskclock.DeskClock,ACTIVITY_RESULT]
12-01 09:05:22.410 29053 29053 I wm_on_resume_called: [115398718,com.android.deskclock.DeskClock,RESUME_ACTIVITY]
12-01 09:05:22.412 29053 29053 I wm_on_top_resumed_gained_called: [115398718,com.android.deskclock.DeskClock,topWhenResuming]
12-01 09:05:22.416 1508 1633 I sysui_multi_action: [319,76,321,71,322,202,325,18740,757,761,758,8,759,1,806,com.android.permissioncontroller,871,com.android.permissioncontroller.permission.ui.GrantPermissionsActivity,904,com.android.deskclock,905,0,1320,8,1321,5]
12-01 09:05:22.416 1508 1633 I wm_activity_launch_time: [0,63043891,com.android.permissioncontroller/.permission.ui.GrantPermissionsActivity,202]
12-01 09:05:22.419 1508 2005 I input_focus: [Focus entering 699fa69 com.android.deskclock/com.android.deskclock.DeskClock (server),reason=setFocusedWindow]
12-01 09:05:22.823 1508 1636 I wm_destroy_activity: [0,63043891,326,com.android.permissioncontroller/.permission.ui.GrantPermissionsActivity,finish-imm:idle]
12-01 09:05:22.824 1508 1636 I wm_stop_activity: [0,103113767,com.android.launcher3/.uioverrides.QuickstepLauncher]
12-01 09:05:22.825 29601 29601 I wm_on_stop_called: [63043891,com.android.permissioncontroller.permission.ui.GrantPermissionsActivity,LIFECYCLER_STOP_ACTIVITY]
12-01 09:05:22.827 29601 29601 I wm_on_destroy_called: [63043891,com.android.permissioncontroller.permission.ui.GrantPermissionsActivity,performDestroy]
12-01 09:05:22.860 2822 2822 I wm_on_stop_called: [103113767,com.android.launcher3.uioverrides.QuickstepLauncher,STOP_ACTIVITY_ITEM]
12-01 09:05:23.351 0 0 I auditd : type=1400 audit(0.0:20064): avc: denied { kill } for comm="swapper/1" capability=5 scontext=u:r:kernel:s0 tcontext=u:r:kernel:s0 tclass=capability permissive=0
12-01 09:05:23.412 1508 2005 I input_interaction: Interaction with: beea6f9 StatusBar (server), edge-swipe (server), swipe-up (server), PointerEventDispatcher0 (server),
12-01 09:05:23.422 18856 18856 I sysui_multi_action: [757,803,799,panel_open,802,1]
12-01 09:05:23.423 18856 18856 I sysui_multi_action: [757,1328,758,4,1326,37,1327,1,1329,0]
12-01 09:05:23.592 1508 6993 I sysui_multi_action: [757,127,758,1]
12-01 09:05:23.592 1508 6993 I sysui_multi_action: [757,804,799,note_load,801,2,802,1]
12-01 09:05:23.592 1508 6993 I notification_panel_revealed: 2
12-01 09:05:23.598 1508 1508 I notification_enqueue: [10082,18856,com.android.systemui,2048,NULL,0,Notification(channel=updateNotification shortcut=null contentView=null vibrate=null sound=null defaults=0x0 flags=0x0 color=0x00000000 vis=PRIVATE),1]
12-01 09:05:23.599 18856 18856 I sysui_multi_action: [757,111,758,2]
12-01 09:05:23.599 18856 18856 I sysui_multi_action: [757,111,758,2]
12-01 09:05:23.623 1508 1637 I input_focus: [Focus request 7a38c54 NotificationShade,reason=UpdateInputWindows]
12-01 09:05:23.626 18856 18856 I sysui_multi_action: [757,111,758,1]
12-01 09:05:23.626 18856 18856 I sysui_multi_action: [757,126,758,1,759,126,927,0,928,1,1593,0]
12-01 09:05:23.626 18856 18856 I sysui_multi_action: [757,113,758,1,759,113,927,1,928,1,1593,0]
12-01 09:05:23.626 18856 18856 I sysui_multi_action: [757,0,758,1,759,0,927,2,928,0,1593,0]
12-01 09:05:23.626 18856 18856 I sysui_multi_action: [757,0,758,1,759,0,927,3,928,0,1593,0]
12-01 09:05:23.627 18856 18856 I sysui_multi_action: [757,491,758,1,759,491,927,4,928,0,1311,-1,1593,0]
12-01 09:05:23.627 18856 18856 I sysui_multi_action: [757,0,758,1,759,0,927,5,928,0,1593,0]
12-01 09:05:23.627 18856 18856 I sysui_multi_action: [757,111,758,1]
12-01 09:05:23.627 18856 18856 I sysui_multi_action: [757,126,758,1,759,126,927,0,928,1,1593,0]
12-01 09:05:23.627 18856 18856 I sysui_multi_action: [757,113,758,1,759,113,927,1,928,1,1593,0]
12-01 09:05:23.627 18856 18856 I sysui_multi_action: [757,0,758,1,759,0,927,2,928,0,1593,0]
