12-01 09:27:01.050 1508 10935 I ActivityTaskManager: FOREGROUND_APPLICATION_CHANGED to com.android.deskclock.DeskClock
12-01 09:27:01.050 1508 10935 I ActivityTaskManager: The Process com.android.deskclock Already Exists in BG. So sending its PID: 31926
12-01 09:27:01.050 1508 10935 W ActivityTaskManager: Tried to set launchTime (0) < mLastActivityLaunchTime (19956156)
12-01 09:27:01.052 1508 10935 I wm_restart_activity: [0,191143904,384,com.android.deskclock/.DeskClock]
12-01 09:27:01.052 1508 10935 D CompatibilityInfo: mCompatibilityFlags - 4
12-01 09:27:01.052 1508 10935 D CompatibilityInfo: applicationDensity - 240
12-01 09:27:01.052 1508 10935 D CompatibilityInfo: applicationScale - 1.0
12-01 09:27:01.054 1508 10935 I wm_set_resumed_activity: [0,com.android.deskclock/.DeskClock,minimalResumeActivityLocked]
12-01 09:27:01.058 1508 1636 I am_uid_active: 10065
12-01 09:27:01.058 2822 2822 D StateManager: goToState: Normal
12-01 09:27:01.062 2822 2822 I wm_on_top_resumed_lost_called: [103113767,com.android.launcher3.uioverrides.QuickstepLauncher,topStateChangedWhenResumed]
12-01 09:27:01.074 22714 22757 I GameMode_ActivityMonitoringService: onForegroundActivitiesChanged uid 10065 pid 31926 fg true
12-01 09:27:01.077 22714 22730 I GameMode_ActivityMonitoringService: Updating top task to: TaskInfoContainer [topActivity=ComponentInfo{com.android.deskclock/com.android.deskclock.DeskClock}, taskId=384, stackId=384, userId=0, displayId=0, position=6
12-01 09:27:01.077 22714 22730 I GameMode_ActivityMonitoringService: Notifying about top task: TaskInfoContainer [topActivity=ComponentInfo{com.android.deskclock/com.android.deskclock.DeskClock}, taskId=384, stackId=384, userId=0, displayId=0, position=6
12-01 09:27:01.077 22714 22730 E GameMode_ActivityMonitoringService: onActivityLaunch:com.android.deskclock
12-01 09:27:01.077 22714 22730 V GameMode_GameTypeUtils: judge isGame:com.android.deskclock
12-01 09:27:01.078 22714 22730 V GameMode_GpuUtils: fps:60
12-01 09:27:01.080 22714 22730 D GameMode_GameModeActionUtils: Show GameMode entry by service!
12-01 09:27:01.080 22714 22730 W ContextImpl: Calling a method in the system process without a qualified user: android.app.ContextImpl.startService:1816 android.content.ContextWrapper.startService:774 com.thundercomm.gamemode.ingame.services.GameModeActionUtils.startGameModeService:93 com.thundercomm.gamemode.ingame.services.GameModeActionUtils.startGameModeEntry:21 com.thundercomm.gamemode.ingame.services.ActivityMonitoringService$1.onActivityLaunch:127
12-01 09:27:01.082 22714 22730 D GameModeIF_GameModeSettings: getUriFor setting_content_uri_root = content://com.thundercomm.gamemode.api/gamemode_settings , name = gamemode_isgaming
12-01 09:27:01.083 2822 30521 I OpenGLRenderer: Davey! duration=9223351997227ms; Flags=0, FrameTimelineVsyncId=469952, IntendedVsync=20039627019385, Vsync=20039627019385, InputEventId=391251747, HandleInputStart=20039639097979, AnimationStart=20039639099333, PerformTraversalsStart=20039639305635, DrawStart=20039639435739, FrameDeadline=20039648352717, FrameInterval=20039639093031, FrameStartTime=16666666, SyncQueued=20039639744698, SyncStart=20039640187354, IssueDrawCommandsStart=20039641524073, SwapBuffers=20039648397041, FrameCompleted=9223372036854775807, DequeueBufferDuration=63958, QueueBufferDuration=4969323, GpuCompleted=9223372036854775807, SwapBuffersCompleted=20039654221937, DisplayPresentTime=-2243779304502567974,
12-01 09:27:01.084 1508 1508 I GameModeConfig: Current uri is uri = content://com.thundercomm.gamemode.api/gamemode_settings/gamemode_isgaming
12-01 09:27:01.084 1508 1508 D GameModeIF_GameModeSettings: getUriFor setting_content_uri_root = content://com.thundercomm.gamemode.api/gamemode_settings , name = gamemode_isgaming
12-01 09:27:01.085 22714 22730 D GameModeIF_GameModeSettings: gamemode_isgaming set to 0
12-01 09:27:01.087 22714 22714 D GameMode_GameModeService: type=hide_entry
12-01 09:27:01.087 22714 22714 D GameMode_GameSettingsObserver: Game Data change!!!! uri = content://com.thundercomm.gamemode.api/gamemode_settings/gamemode_isgaming
12-01 09:27:01.087 22714 22714 D GameModeIF_GameModeSettings: getUriFor setting_content_uri_root = content://com.thundercomm.gamemode.api/gamemode_settings , name = gamemode_isgaming
12-01 09:27:01.087 1508 1508 I GameModeConfig: isGameModeOn = false
12-01 09:27:01.088 1508 1508 I GameModeConfig: isGameModeOn = false
12-01 09:27:01.088 1508 1508 I GameModeConfig: isDisableVoice = true
12-01 09:27:01.089 22714 22714 D GameMode_GameModeService: updateGlobalSettings = gamemode_isgaming
12-01 09:27:01.094 1508 4735 I ActivityTaskManager: START u0 {act=android.content.pm.action.REQUEST_PERMISSIONS pkg=com.android.permissioncontroller cmp=com.android.permissioncontroller/.permission.ui.GrantPermissionsActivity (has extras)} from uid 10065
12-01 09:27:01.098 1508 4735 I wm_task_moved: [384,1,6]
12-01 09:27:01.098 1508 4735 I wm_set_resumed_activity: [0,com.android.deskclock/.DeskClock,positionChildAt]
12-01 09:27:01.098 1508 4735 I wm_create_activity: [0,183611711,384,com.android.permissioncontroller/.permission.ui.GrantPermissionsActivity,android.content.pm.action.REQUEST_PERMISSIONS,NULL,NULL,8388608]
12-01 09:27:01.099 1508 4735 D CompatibilityInfo: mCompatibilityFlags - 4
12-01 09:27:01.099 1508 4735 D CompatibilityInfo: applicationDensity - 240
12-01 09:27:01.099 1508 4735 D CompatibilityInfo: applicationScale - 1.0
12-01 09:27:01.099 1508 4735 D ActivityTrigger: ActivityTrigger activityPauseTrigger
12-01 09:27:01.100 1508 4735 I wm_pause_activity: [0,191143904,com.android.deskclock/.DeskClock,userLeaving=true,resumeTopActivityInnerLocked]
12-01 09:27:01.118 31926 31926 I wm_on_create_called: [191143904,com.android.deskclock.DeskClock,performCreate]
12-01 09:27:01.119 31926 31926 I wm_on_start_called: [191143904,com.android.deskclock.DeskClock,handleStartActivity]
12-01 09:27:01.119 31926 31926 I wm_on_resume_called: [191143904,com.android.deskclock.DeskClock,RESUME_ACTIVITY]
12-01 09:27:01.122 31926 31926 I wm_on_top_resumed_gained_called: [191143904,com.android.deskclock.DeskClock,topStateChangedWhenResumed]
12-01 09:27:01.122 31926 31926 I wm_on_top_resumed_lost_called: [191143904,com.android.deskclock.DeskClock,topStateChangedWhenResumed]
12-01 09:27:01.122 31926 31926 I wm_on_paused_called: [191143904,com.android.deskclock.DeskClock,performPause]
12-01 09:27:01.123 1508 10935 I ActivityTaskManager: FOREGROUND_APPLICATION_CHANGED to com.android.permissioncontroller.permission.ui.GrantPermissionsActivity
12-01 09:27:01.123 1508 10935 I ActivityTaskManager: The Process com.android.permissioncontroller Already Exists in BG. So sending its PID: 29601
12-01 09:27:01.123 1508 10935 W ActivityTaskManager: Tried to set launchTime (0) < mLastActivityLaunchTime (19960914)
12-01 09:27:01.124 1508 10935 I wm_restart_activity: [0,183611711,384,com.android.permissioncontroller/.permission.ui.GrantPermissionsActivity]
12-01 09:27:01.124 1508 10935 D CompatibilityInfo: mCompatibilityFlags - 4
12-01 09:27:01.124 1508 10935 D CompatibilityInfo: applicationDensity - 240
12-01 09:27:01.124 1508 10935 D CompatibilityInfo: applicationScale - 1.0
12-01 09:27:01.124 1508 10935 I wm_set_resumed_activity: [0,com.android.permissioncontroller/.permission.ui.GrantPermissionsActivity,minimalResumeActivityLocked]
12-01 09:27:01.125 1508 1636 I am_uid_active: 10094
12-01 09:27:01.127 1508 1636 I sysui_multi_action: [757,803,799,window_time_0,802,5]
12-01 09:27:01.139 29601 29601 I wm_on_create_called: [183611711,com.android.permissioncontroller.permission.ui.GrantPermissionsActivity,performCreate]
12-01 09:27:01.140 29601 29601 I wm_on_start_called: [183611711,com.android.permissioncontroller.permission.ui.GrantPermissionsActivity,handleStartActivity]
12-01 09:27:01.140 29601 29601 I wm_on_resume_called: [183611711,com.android.permissioncontroller.permission.ui.GrantPermissionsActivity,RESUME_ACTIVITY]
12-01 09:27:01.142 29601 29601 I wm_on_top_resumed_gained_called: [183611711,com.android.permissioncontroller.permission.ui.GrantPermissionsActivity,topStateChangedWhenResumed]
12-01 09:27:01.148 29601 29601 E GrantPermissionsViewModel: None of [org.codeaurora.permission.POWER_OFF_ALARM] in {android.permission-group.STORAGE=[android.permission.READ_EXTERNAL_STORAGE]}
12-01 09:27:01.148 1508 4735 I wm_finish_activity: [0,183611711,384,com.android.permissioncontroller/.permission.ui.GrantPermissionsActivity,app-request]
12-01 09:27:01.148 1508 4735 D ActivityTrigger: ActivityTrigger activityPauseTrigger
12-01 09:27:01.149 1508 4735 I wm_pause_activity: [0,183611711,com.android.permissioncontroller/.permission.ui.GrantPermissionsActivity,userLeaving=false,finish]
12-01 09:27:01.151 1508 2301 W WindowManager: updateScale0.7996942
12-01 09:27:01.151 1508 2301 W WindowManager: updateScale0.7996942
12-01 09:27:01.159 29601 29601 I wm_on_top_resumed_lost_called: [183611711,com.android.permissioncontroller.permission.ui.GrantPermissionsActivity,topStateChangedWhenResumed]
12-01 09:27:01.159 29601 29601 I wm_on_paused_called: [183611711,com.android.permissioncontroller.permission.ui.GrantPermissionsActivity,performPause]
12-01 09:27:01.162 1508 10935 I wm_add_to_stopping: [0,183611711,com.android.permissioncontroller/.permission.ui.GrantPermissionsActivity,completeFinishing]
12-01 09:27:01.162 1508 10935 I ActivityTaskManager: FOREGROUND_APPLICATION_CHANGED to com.android.deskclock.DeskClock
12-01 09:27:01.163 1508 10935 I wm_set_resumed_activity: [0,com.android.deskclock/.DeskClock,resumeTopActivityInnerLocked]
12-01 09:27:01.164 1508 10935 I wm_resume_activity: [0,191143904,384,com.android.deskclock/.DeskClock]
12-01 09:27:01.167 1508 1636 I sysui_multi_action: [757,803,799,window_time_2,802,0]
12-01 09:27:01.174 1508 10935 W WindowManager: updateScale0.7996942
12-01 09:27:01.178 1508 1637 I input_focus: [Focus request d7baf55 com.android.deskclock/com.android.deskclock.DeskClock,reason=UpdateInputWindows]
12-01 09:27:01.198 1508 1637 W WindowManager: updateScale0.7996942
12-01 09:27:01.200 1508 1637 W WindowManager: updateScale0.7996942
12-01 09:27:01.201 1508 1637 W WindowManager: updateScale0.7996942
12-01 09:27:01.203 31926 31926 I AlarmClock: Power off alarm permission is granted.
12-01 09:27:01.203 31926 31926 I wm_on_activity_result_called: [191143904,com.android.deskclock.DeskClock,ACTIVITY_RESULT]
12-01 09:27:01.203 31926 31926 I wm_on_resume_called: [191143904,com.android.deskclock.DeskClock,RESUME_ACTIVITY]
12-01 09:27:01.204 1508 2005 I input_focus: [Focus leaving e9e80a1 com.android.launcher3/com.android.launcher3.uioverrides.QuickstepLauncher (server),reason=Waiting for window because NOT_VISIBLE]
12-01 09:27:01.204 31926 31926 I wm_on_top_resumed_gained_called: [191143904,com.android.deskclock.DeskClock,topWhenResuming]
12-01 09:27:01.220 1508 2005 I input_focus: [Focus entering d7baf55 com.android.deskclock/com.android.deskclock.DeskClock (server),reason=Window became focusable. Previous reason: NOT_VISIBLE]
12-01 09:27:01.255 1211 28948 I OMX-VENC: venc_dev: stats: avg. fps 31.89, bitrate 1260894
12-01 09:27:01.265 22714 22757 I GameMode_ActivityMonitoringService: onTaskStackChanged
12-01 09:27:01.276 22714 22730 I GameMode_ActivityMonitoringService: Updating top task to: TaskInfoContainer [topActivity=ComponentInfo{com.android.deskclock/com.android.deskclock.DeskClock}, taskId=384, stackId=384, userId=0, displayId=0, position=6
12-01 09:27:01.277 22714 22730 I GameMode_ActivityMonitoringService: Notifying about top task: TaskInfoContainer [topActivity=ComponentInfo{com.android.deskclock/com.android.deskclock.DeskClock}, taskId=384, stackId=384, userId=0, displayId=0, position=6
12-01 09:27:01.277 22714 22730 E GameMode_ActivityMonitoringService: onActivityLaunch:com.android.deskclock
12-01 09:27:01.277 22714 22730 V GameMode_GameTypeUtils: judge isGame:com.android.deskclock
12-01 09:27:01.277 22714 22730 V GameMode_GpuUtils: fps:60
12-01 09:27:01.280 22714 22730 D GameMode_GameModeActionUtils: Show GameMode entry by service!
12-01 09:27:01.280 22714 22730 W ContextImpl: Calling a method in the system process without a qualified user: android.app.ContextImpl.startService:1816 android.content.ContextWrapper.startService:774 com.thundercomm.gamemode.ingame.services.GameModeActionUtils.startGameModeService:93 com.thundercomm.gamemode.ingame.services.GameModeActionUtils.startGameModeEntry:21 com.thundercomm.gamemode.ingame.services.ActivityMonitoringService$1.onActivityLaunch:127
12-01 09:27:01.282 22714 22714 D GameMode_GameModeService: type=hide_entry
12-01 09:27:01.282 22714 22730 D GameModeIF_GameModeSettings: getUriFor setting_content_uri_root = content://com.thundercomm.gamemode.api/gamemode_settings , name = gamemode_isgaming
12-01 09:27:01.284 1508 1508 I GameModeConfig: Current uri is uri = content://com.thundercomm.gamemode.api/gamemode_settings/gamemode_isgaming
12-01 09:27:01.284 22714 22714 D GameMode_GameSettingsObserver: Game Data change!!!! uri = content://com.thundercomm.gamemode.api/gamemode_settings/gamemode_isgaming
12-01 09:27:01.284 22714 22714 D GameModeIF_GameModeSettings: getUriFor setting_content_uri_root = content://com.thundercomm.gamemode.api/gamemode_settings , name = gamemode_isgaming
12-01 09:27:01.284 1508 1508 D GameModeIF_GameModeSettings: getUriFor setting_content_uri_root = content://com.thundercomm.gamemode.api/gamemode_settings , name = gamemode_isgaming
12-01 09:27:01.285 22714 22730 D GameModeIF_GameModeSettings: gamemode_isgaming set to 0
12-01 09:27:01.286 1508 1508 I GameModeConfig: isGameModeOn = false
12-01 09:27:01.287 22714 22714 D GameMode_GameModeService: updateGlobalSettings = gamemode_isgaming
12-01 09:27:01.287 1508 1508 I GameModeConfig: isGameModeOn = false
12-01 09:27:01.287 1508 1508 I GameModeConfig: isDisableVoice = true
12-01 09:27:01.434 647 662 I mpu_uart: [MSG-P:RECV]:No message received in 1000 ms
12-01 09:27:01.488 1508 1637 W WindowManager: updateScale0.7996942
12-01 09:27:01.491 1508 1636 I wm_destroy_activity: [0,183611711,384,com.android.permissioncontroller/.permission.ui.GrantPermissionsActivity,finish-imm:idle]
12-01 09:27:01.493 22714 22757 I GameMode_ActivityMonitoringService: onForegroundActivitiesChanged uid 10094 pid 29601 fg false
12-01 09:27:01.493 29601 29601 I wm_on_stop_called: [183611711,com.android.permissioncontroller.permission.ui.GrantPermissionsActivity,LIFECYCLER_STOP_ACTIVITY]
12-01 09:27:01.494 29601 29601 I wm_on_destroy_called: [183611711,com.android.permissioncontroller.permission.ui.GrantPermissionsActivity,performDestroy]
12-01 09:27:01.495 1508 2301 W InputManager-JNI: Input channel object '8e84636 com.android.permissioncontroller/com.android.permissioncontroller.permission.ui.GrantPermissionsActivity (client)' was disposed without first being removed with the input manager!
12-01 09:27:01.497 1508 2301 W WindowManager: updateScale0.7996942
12-01 09:27:01.501 22714 22730 I GameMode_ActivityMonitoringService: Updating top task to: TaskInfoContainer [topActivity=ComponentInfo{com.android.deskclock/com.android.deskclock.DeskClock}, taskId=384, stackId=384, userId=0, displayId=0, position=6
12-01 09:27:01.502 22714 22730 I GameMode_ActivityMonitoringService: Notifying about top task: TaskInfoContainer [topActivity=ComponentInfo{com.android.deskclock/com.android.deskclock.DeskClock}, taskId=384, stackId=384, userId=0, displayId=0, position=6
12-01 09:27:01.502 22714 22730 E GameMode_ActivityMonitoringService: onActivityLaunch:com.android.deskclock
12-01 09:27:01.502 22714 22730 V GameMode_GameTypeUtils: judge isGame:com.android.deskclock
12-01 09:27:01.502 22714 22730 V GameMode_GpuUtils: fps:60
12-01 09:27:01.504 22714 22730 D GameMode_GameModeActionUtils: Show GameMode entry by service!
12-01 09:27:01.505 22714 22730 W ContextImpl: Calling a method in the system process without a qualified user: android.app.ContextImpl.startService:1816 android.content.ContextWrapper.startService:774 com.thundercomm.gamemode.ingame.services.GameModeActionUtils.startGameModeService:93 com.thundercomm.gamemode.ingame.services.GameModeActionUtils.startGameModeEntry:21 com.thundercomm.gamemode.ingame.services.ActivityMonitoringService$1.onActivityLaunch:127
12-01 09:27:01.509 22714 22730 D GameModeIF_GameModeSettings: getUriFor setting_content_uri_root = content://com.thundercomm.gamemode.api/gamemode_settings , name = gamemode_isgaming
12-01 09:27:01.509 22714 22714 D GameMode_GameModeService: type=hide_entry
12-01 09:27:01.512 1508 1508 I GameModeConfig: Current uri is uri = content://com.thundercomm.gamemode.api/gamemode_settings/gamemode_isgaming
12-01 09:27:01.512 1508 1508 D GameModeIF_GameModeSettings: getUriFor setting_content_uri_root = content://com.thundercomm.gamemode.api/gamemode_settings , name = gamemode_isgaming
12-01 09:27:01.514 1508 1508 I GameModeConfig: isGameModeOn = false
12-01 09:27:01.515 1508 1508 I GameModeConfig: isGameModeOn = false
12-01 09:27:01.515 1508 1508 I GameModeConfig: isDisableVoice = true
12-01 09:27:01.515 22714 22714 D GameMode_GameSettingsObserver: Game Data change!!!! uri = content://com.thundercomm.gamemode.api/gamemode_settings/gamemode_isgaming
12-01 09:27:01.515 22714 22714 D GameModeIF_GameModeSettings: getUriFor setting_content_uri_root = content://com.thundercomm.gamemode.api/gamemode_settings , name = gamemode_isgaming
12-01 09:27:01.518 22714 22714 D GameMode_GameModeService: updateGlobalSettings = gamemode_isgaming
12-01 09:27:01.518 22714 22730 D GameModeIF_GameModeSettings: gamemode_isgaming set to 0
12-01 09:27:02.176 647 661 I mpu_uart: [MSG-P:R]:recv sync frame timeout
12-01 09:27:02.241 1508 2005 I input_interaction: Interaction with: d7baf55 com.android.deskclock/com.android.deskclock.DeskClock (server), edge-swipe (server), swipe-up (server), PointerEventDispatcher0 (server),
12-01 09:27:02.248 1508 8124 W WindowManager: updateScale0.7996942
12-01 09:27:02.260 989 3700 I BpBinder: onLastStrongRef automatically unlinking death recipients:
12-01 09:27:02.269 18856 18856 W View : requestLayout() improperly called by android.widget.FrameLayout{27c2644 I.E...... ......ID 0,0-780,179 #2bc} during second layout pass: posting in next frame
12-01 09:27:02.269 18856 18856 W View : requestLayout() improperly called by com.android.systemui.statusbar.AlphaOptimizedImageView{db72b57 VFED..C.. ......ID 0,0-140,23} during second layout pass: posting in next frame
12-01 09:27:02.274 1508 1637 W WindowManager: updateScale0.7996942
12-01 09:27:02.275 1211 28948 I OMX-VENC: venc_dev: stats: avg. fps 24.50, bitrate 1395786
12-01 09:27:02.285 18856 26548 I OpenGLRenderer: Davey! duration=274775ms; Flags=1, FrameTimelineVsyncId=-1, IntendedVsync=19766071556990, Vsync=19766071559333, InputEventId=0, HandleInputStart=19766071566312, AnimationStart=19766071567823, PerformTraversalsStart=19766071569750, DrawStart=19766081000635, FrameDeadline=-9223372036838109143, FrameInterval=19766071559333, FrameStartTime=16666666, SyncQueued=19766081120740, SyncStart=19766081241990, IssueDrawCommandsStart=19766081345531, SwapBuffers=19766081967198, FrameCompleted=20040847481728, DequeueBufferDuration=56146, QueueBufferDuration=603854, GpuCompleted=20040847481728, SwapBuffersCompleted=19766083006729, DisplayPresentTime=0,
12-01 09:27:02.287 18856 18856 W View : requestLayout() improperly called by android.widget.FrameLayout{27c2644 I.E...... ......ID 0,0-780,179 #2bc} during layout: running second layout pass
12-01 09:27:02.288 18856 18856 W View : requestLayout() improperly called by com.android.systemui.statusbar.AlphaOptimizedImageView{db72b57 VFED..C.. ......ID 0,0-140,23} during layout: running second layout pass
12-01 09:27:02.301 18856 18856 W View : requestLayout() improperly called by android.widget.FrameLayout{27c2644 I.E...... ......ID 0,0-780,179 #2bc} during second layout pass: posting in next frame
12-01 09:27:02.301 18856 18856 W View : requestLayout() improperly called by com.android.systemui.statusbar.AlphaOptimizedImageView{db72b57 VFED..C.. ......ID 0,0-140,23} during second layout pass: posting in next frame
12-01 09:27:02.310 989 3700 I BpBinder: onLastStrongRef automatically unlinking death recipients:
12-01 09:27:02.321 18856 18856 W View : requestLayout() improperly called by android.widget.FrameLayout{27c2644 I.E...... ......ID 0,0-780,179 #2bc} during layout: running second layout pass
12-01 09:27:02.321 18856 18856 W View : requestLayout() improperly called by com.android.systemui.statusbar.AlphaOptimizedImageView{db72b57 VFED..C.. ......ID 0,0-140,23} during layout: running second layout pass
12-01 09:27:02.325 1508 8124 I wm_relaunch_resume_activity: [0,191143904,384,com.android.deskclock/.DeskClock]
12-01 09:27:02.326 1508 8124 I wm_add_to_stopping: [0,103113767,com.android.launcher3/.uioverrides.QuickstepLauncher,makeInvisible]
12-01 09:27:02.328 1508 8124 D FreeFormWindowHelper: Remove freefrom task=Task{2cd59e3 #384 type=standard A=10065:com.android.deskclock U=0 visible=true mode=fullscreen translucent=false sz=1}
12-01 09:27:02.332 31926 31926 I wm_on_top_resumed_lost_called: [191143904,com.android.deskclock.DeskClock,pausing]
12-01 09:27:02.333 1508 8124 W WindowManager: Attempted to set replacing window on app token with no content Token{ef074 ActivityRecord{b649fe0 u0 com.android.deskclock/.DeskClock t384}}
12-01 09:27:02.334 31926 31926 I wm_on_paused_called: [191143904,com.android.deskclock.DeskClock,performPause]
12-01 09:27:02.335 31926 31926 I wm_on_stop_called: [191143904,com.android.deskclock.DeskClock,handleRelaunchActivity]
12-01 09:27:02.344 31926 31926 I wm_on_destroy_called: [191143904,com.android.deskclock.DeskClock,performDestroy]
12-01 09:27:02.345 18856 18856 W View : requestLayout() improperly called by android.widget.FrameLayout{27c2644 I.E...... ......ID 0,0-780,179 #2bc} during second layout pass: posting in next frame
12-01 09:27:02.345 18856 18856 W View : requestLayout() improperly called by com.android.systemui.statusbar.AlphaOptimizedImageView{db72b57 VFED..C.. ......ID 0,0-140,23} during second layout pass: posting in next frame
12-01 09:27:02.345 22714 22757 I GameMode_ActivityMonitoringService: onForegroundActivitiesChanged uid 10076 pid 2822 fg false
12-01 09:27:02.346 18856 18856 W View : requestLayout() improperly called by android.widget.FrameLayout{27c2644 I.E...... ......ID 0,0-780,179 #2bc} during layout: running second layout pass
12-01 09:27:02.346 18856 18856 W View : requestLayout() improperly called by com.android.systemui.statusbar.AlphaOptimizedImageView{db72b57 VFED..C.. ......ID 0,0-140,23} during layout: running second layout pass
12-01 09:27:02.355 22714 22730 I GameMode_ActivityMonitoringService: Updating top task to: TaskInfoContainer [topActivity=ComponentInfo{com.android.deskclock/com.android.deskclock.DeskClock}, taskId=384, stackId=384, userId=0, displayId=0, position=6
12-01 09:27:02.355 22714 22730 I GameMode_ActivityMonitoringService: Notifying about top task: TaskInfoContainer [topActivity=ComponentInfo{com.android.deskclock/com.android.deskclock.DeskClock}, taskId=384, stackId=384, userId=0, displayId=0, position=6
12-01 09:27:02.355 22714 22730 E GameMode_ActivityMonitoringService: onActivityLaunch:com.android.deskclock
12-01 09:27:02.355 22714 22730 V GameMode_GameTypeUtils: judge isGame:com.android.deskclock
12-01 09:27:02.355 22714 22730 V GameMode_GpuUtils: fps:60
12-01 09:27:02.358 22714 22730 D GameMode_GameModeActionUtils: Show GameMode entry by service!
12-01 09:27:02.358 22714 22730 W ContextImpl: Calling a method in the system process without a qualified user: android.app.ContextImpl.startService:1816 android.content.ContextWrapper.startService:774 com.thundercomm.gamemode.ingame.services.GameModeActionUtils.startGameModeService:93 com.thundercomm.gamemode.ingame.services.GameModeActionUtils.startGameModeEntry:21 com.thundercomm.gamemode.ingame.services.ActivityMonitoringService$1.onActivityLaunch:127
12-01 09:27:02.361 22714 22730 D GameModeIF_GameModeSettings: getUriFor setting_content_uri_root = content://com.thundercomm.gamemode.api/gamemode_settings , name = gamemode_isgaming
12-01 09:27:02.361 22714 22714 D GameMode_GameModeService: type=hide_entry
12-01 09:27:02.363 1508 1508 I GameModeConfig: Current uri is uri = content://com.thundercomm.gamemode.api/gamemode_settings/gamemode_isgaming
12-01 09:27:02.363 1508 1508 D GameModeIF_GameModeSettings: getUriFor setting_content_uri_root = content://com.thundercomm.gamemode.api/gamemode_settings , name = gamemode_isgaming
12-01 09:27:02.363 22714 22714 D GameMode_GameSettingsObserver: Game Data change!!!! uri = content://com.thundercomm.gamemode.api/gamemode_settings/gamemode_isgaming
12-01 09:27:02.363 22714 22714 D GameModeIF_GameModeSettings: getUriFor setting_content_uri_root = content://com.thundercomm.gamemode.api/gamemode_settings , name = gamemode_isgaming
12-01 09:27:02.363 22714 22730 D GameModeIF_GameModeSettings: gamemode_isgaming set to 0
12-01 09:27:02.369 1508 1508 I GameModeConfig: isGameModeOn = false
12-01 09:27:02.370 1508 1508 I GameModeConfig: isGameModeOn = false
12-01 09:27:02.370 1508 1508 I GameModeConfig: isDisableVoice = true
12-01 09:27:02.370 22714 22714 D GameMode_GameModeService: updateGlobalSettings = gamemode_isgaming
12-01 09:27:02.374 1508 10935 I ActivityTaskManager: START u0 {act=android.content.pm.action.REQUEST_PERMISSIONS pkg=com.android.permissioncontroller cmp=com.android.permissioncontroller/.permission.ui.GrantPermissionsActivity (has extras)} from uid 10065
12-01 09:27:02.374 1508 1636 I EventSequenceValidator: inc AccIntentStartedEvents to 3
12-01 09:27:02.375 1508 10935 I wm_task_moved: [384,1,6]
12-01 09:27:02.375 1508 10935 I wm_set_resumed_activity: [0,com.android.deskclock/.DeskClock,positionChildAt]
12-01 09:27:02.375 1508 10935 I wm_create_activity: [0,196731946,384,com.android.permissioncontroller/.permission.ui.GrantPermissionsActivity,android.content.pm.action.REQUEST_PERMISSIONS,NULL,NULL,8388608]
12-01 09:27:02.375 1508 10935 D CompatibilityInfo: mCompatibilityFlags - 4
12-01 09:27:02.375 1508 10935 D CompatibilityInfo: applicationDensity - 240
12-01 09:27:02.375 1508 10935 D CompatibilityInfo: applicationScale - 1.0
12-01 09:27:02.376 1508 10935 D ActivityTrigger: ActivityTrigger activityPauseTrigger
12-01 09:27:02.376 1508 10935 I wm_pause_activity: [0,103113767,com.android.launcher3/.uioverrides.QuickstepLauncher,userLeaving=true,pauseBackTasks]
12-01 09:27:02.376 1508 10935 D ActivityTrigger: ActivityTrigger activityPauseTrigger
12-01 09:27:02.376 1508 10935 I wm_pause_activity: [0,191143904,com.android.deskclock/.DeskClock,userLeaving=true,resumeTopActivityInnerLocked]
12-01 09:27:02.376 2822 2822 I wm_on_paused_called: [103113767,com.android.launcher3.uioverrides.QuickstepLauncher,performPause]
12-01 09:27:02.380 1508 1636 I EventSequenceValidator: dec AccIntentStartedEvents to 2
12-01 09:27:02.381 1508 4735 I ActivityTaskManager: The Process com.android.permissioncontroller Already Exists in BG. So sending its PID: 29601
12-01 09:27:02.383 1508 1636 I sysui_multi_action: [757,803,799,window_time_2,802,1]
12-01 09:27:02.384 22714 22757 I GameMode_ActivityMonitoringService: onForegroundActivitiesChanged uid 10076 pid 2822 fg true
12-01 09:27:02.388 22714 22730 I GameMode_ActivityMonitoringService: Updating top task to: TaskInfoContainer [topActivity=ComponentInfo{com.android.permissioncontroller/com.android.permissioncontroller.permission.ui.GrantPermissionsActivity}, taskId=384, stackId=384, userId=0, displayId=0, position=6
12-01 09:27:02.388 22714 22730 I GameMode_ActivityMonitoringService: Notifying about top task: TaskInfoContainer [topActivity=ComponentInfo{com.android.permissioncontroller/com.android.permissioncontroller.permission.ui.GrantPermissionsActivity}, taskId=384, stackId=384, userId=0, displayId=0, position=6
12-01 09:27:02.388 22714 22730 E GameMode_ActivityMonitoringService: onActivityLaunch:com.android.permissioncontroller
12-01 09:27:02.388 22714 22730 V GameMode_GameTypeUtils: judge isGame:com.android.permissioncontroller
12-01 09:27:02.389 22714 22730 V GameMode_GpuUtils: fps:60
12-01 09:27:02.390 22714 22730 D GameMode_GameModeActionUtils: Show GameMode entry by service!
12-01 09:27:02.391 22714 22730 W ContextImpl: Calling a method in the system process without a qualified user: android.app.ContextImpl.startService:1816 android.content.ContextWrapper.startService:774 com.thundercomm.gamemode.ingame.services.GameModeActionUtils.startGameModeService:93 com.thundercomm.gamemode.ingame.services.GameModeActionUtils.startGameModeEntry:21 com.thundercomm.gamemode.ingame.services.ActivityMonitoringService$1.onActivityLaunch:127
12-01 09:27:02.392 31926 31926 I wm_on_create_called: [191143904,com.android.deskclock.DeskClock,performCreate]
12-01 09:27:02.393 22714 22730 D GameModeIF_GameModeSettings: getUriFor setting_content_uri_root = content://com.thundercomm.gamemode.api/gamemode_settings , name = gamemode_isgaming
12-01 09:27:02.394 22714 22714 D GameMode_GameModeService: type=hide_entry
12-01 09:27:02.396 1508 1508 I GameModeConfig: Current uri is uri = content://com.thundercomm.gamemode.api/gamemode_settings/gamemode_isgaming
12-01 09:27:02.396 1508 1508 D GameModeIF_GameModeSettings: getUriFor setting_content_uri_root = content://com.thundercomm.gamemode.api/gamemode_settings , name = gamemode_isgaming
12-01 09:27:02.397 22714 22730 D GameModeIF_GameModeSettings: gamemode_isgaming set to 0
12-01 09:27:02.397 22714 22714 D GameMode_GameSettingsObserver: Game Data change!!!! uri = content://com.thundercomm.gamemode.api/gamemode_settings/gamemode_isgaming
12-01 09:27:02.397 22714 22714 D GameModeIF_GameModeSettings: getUriFor setting_content_uri_root = content://com.thundercomm.gamemode.api/gamemode_settings , name = gamemode_isgaming
12-01 09:27:02.398 1508 1508 I GameModeConfig: isGameModeOn = false
12-01 09:27:02.399 1508 1508 I GameModeConfig: isGameModeOn = false
12-01 09:27:02.399 1508 1508 I GameModeConfig: isDisableVoice = true
12-01 09:27:02.401 22714 22714 D GameMode_GameModeService: updateGlobalSettings = gamemode_isgaming
12-01 09:27:02.410 31926 31926 I wm_on_start_called: [191143904,com.android.deskclock.DeskClock,handleStartActivity]
12-01 09:27:02.410 31926 31926 I wm_on_resume_called: [191143904,com.android.deskclock.DeskClock,RESUME_ACTIVITY]
12-01 09:27:02.412 31926 31926 I wm_on_top_resumed_gained_called: [191143904,com.android.deskclock.DeskClock,topWhenResuming]
12-01 09:27:02.434 647 662 I mpu_uart: [MSG-P:RECV]:No message received in 1000 ms
12-01 09:27:02.446 31926 31926 I wm_on_top_resumed_lost_called: [191143904,com.android.deskclock.DeskClock,topStateChangedWhenResumed]
12-01 09:27:02.447 1508 6928 I WindowManager: finishDrawing of relaunch: Window{d7baf55 u0 com.android.deskclock/com.android.deskclock.DeskClock} 121ms
12-01 09:27:02.447 31926 31926 I wm_on_paused_called: [191143904,com.android.deskclock.DeskClock,performPause]
12-01 09:27:02.449 1508 4735 I ActivityTaskManager: FOREGROUND_APPLICATION_CHANGED to com.android.permissioncontroller.permission.ui.GrantPermissionsActivity
12-01 09:27:02.449 1508 4735 I ActivityTaskManager: The Process com.android.permissioncontroller Already Exists in BG. So sending its PID: 29601
12-01 09:27:02.450 1508 4735 W ActivityTaskManager: Tried to set launchTime (0) < mLastActivityLaunchTime (20039703)
12-01 09:27:02.451 1508 4735 I wm_restart_activity: [0,196731946,384,com.android.permissioncontroller/.permission.ui.GrantPermissionsActivity]
12-01 09:27:02.451 1508 4735 D CompatibilityInfo: mCompatibilityFlags - 4
12-01 09:27:02.451 1508 4735 D CompatibilityInfo: applicationDensity - 240
12-01 09:27:02.451 1508 4735 D CompatibilityInfo: applicationScale - 1.0
12-01 09:27:02.453 1508 4735 I wm_set_resumed_activity: [0,com.android.permissioncontroller/.permission.ui.GrantPermissionsActivity,minimalResumeActivityLocked]
12-01 09:27:02.455 22714 22757 I GameMode_ActivityMonitoringService: onForegroundActivitiesChanged uid 10094 pid 29601 fg true
12-01 09:27:02.462 1508 1636 I sysui_multi_action: [757,803,799,window_time_0,802,1]
12-01 09:27:02.474 29601 29601 I wm_on_create_called: [196731946,com.android.permissioncontroller.permission.ui.GrantPermissionsActivity,performCreate]
12-01 09:27:02.475 29601 29601 I wm_on_start_called: [196731946,com.android.permissioncontroller.permission.ui.GrantPermissionsActivity,handleStartActivity]
12-01 09:27:02.475 29601 29601 I wm_on_resume_called: [196731946,com.android.permissioncontroller.permission.ui.GrantPermissionsActivity,RESUME_ACTIVITY]
12-01 09:27:02.476 22714 22730 I GameMode_ActivityMonitoringService: Updating top task to: TaskInfoContainer [topActivity=ComponentInfo{com.android.permissioncontroller/com.android.permissioncontroller.permission.ui.GrantPermissionsActivity}, taskId=384, stackId=384, userId=0, displayId=0, position=6
12-01 09:27:02.477 22714 22730 I GameMode_ActivityMonitoringService: Notifying about top task: TaskInfoContainer [topActivity=ComponentInfo{com.android.permissioncontroller/com.android.permissioncontroller.permission.ui.GrantPermissionsActivity}, taskId=384, stackId=384, userId=0, displayId=0, position=6
12-01 09:27:02.477 22714 22730 E GameMode_ActivityMonitoringService: onActivityLaunch:com.android.permissioncontroller
12-01 09:27:02.477 22714 22730 V GameMode_GameTypeUtils: judge isGame:com.android.permissioncontroller
12-01 09:27:02.477 22714 22730 V GameMode_GpuUtils: fps:60
12-01 09:27:02.477 29601 29601 I wm_on_top_resumed_gained_called: [196731946,com.android.permissioncontroller.permission.ui.GrantPermissionsActivity,topStateChangedWhenResumed]
12-01 09:27:02.479 22714 22730 D GameMode_GameModeActionUtils: Show GameMode entry by service!
12-01 09:27:02.481 22714 22730 W ContextImpl: Calling a method in the system process without a qualified user: android.app.ContextImpl.startService:1816 android.content.ContextWrapper.startService:774 com.thundercomm.gamemode.ingame.services.GameModeActionUtils.startGameModeService:93 com.thundercomm.gamemode.ingame.services.GameModeActionUtils.startGameModeEntry:21 com.thundercomm.gamemode.ingame.services.ActivityMonitoringService$1.onActivityLaunch:127
12-01 09:27:02.484 22714 22730 D GameModeIF_GameModeSettings: getUriFor setting_content_uri_root = content://com.thundercomm.gamemode.api/gamemode_settings , name = gamemode_isgaming
12-01 09:27:02.484 22714 22714 D GameMode_GameModeService: type=hide_entry
12-01 09:27:02.486 22714 22714 D GameMode_GameSettingsObserver: Game Data change!!!! uri = content://com.thundercomm.gamemode.api/gamemode_settings/gamemode_isgaming
12-01 09:27:02.486 22714 22714 D GameModeIF_GameModeSettings: getUriFor setting_content_uri_root = content://com.thundercomm.gamemode.api/gamemode_settings , name = gamemode_isgaming
12-01 09:27:02.486 1508 1508 I GameModeConfig: Current uri is uri = content://com.thundercomm.gamemode.api/gamemode_settings/gamemode_isgaming
12-01 09:27:02.486 1508 1508 D GameModeIF_GameModeSettings: getUriFor setting_content_uri_root = content://com.thundercomm.gamemode.api/gamemode_settings , name = gamemode_isgaming
12-01 09:27:02.486 22714 22730 D GameModeIF_GameModeSettings: gamemode_isgaming set to 0
12-01 09:27:02.489 22714 22714 D GameMode_GameModeService: updateGlobalSettings = gamemode_isgaming
12-01 09:27:02.491 1508 1508 I GameModeConfig: isGameModeOn = false
12-01 09:27:02.491 1508 1508 I GameModeConfig: isGameModeOn = false
12-01 09:27:02.491 1508 1508 I GameModeConfig: isDisableVoice = true
12-01 09:27:02.501 1508 1637 I input_focus: [Focus request 8161edf com.android.permissioncontroller/com.android.permissioncontroller.permission.ui.GrantPermissionsActivity,reason=UpdateInputWindows]
12-01 09:27:02.508 29601 29601 E GrantPermissionsViewModel: None of [org.codeaurora.permission.POWER_OFF_ALARM] in {android.permission-group.STORAGE=[android.permission.READ_EXTERNAL_STORAGE]}
12-01 09:27:02.512 1508 1636 I EventSequenceValidator: dec AccIntentStartedEvents to 1
12-01 09:27:02.512 1508 10935 I wm_finish_activity: [0,196731946,384,com.android.permissioncontroller/.permission.ui.GrantPermissionsActivity,app-request]
12-01 09:27:02.512 1508 10935 D ActivityTrigger: ActivityTrigger activityPauseTrigger
12-01 09:27:02.513 1508 10935 I wm_pause_activity: [0,196731946,com.android.permissioncontroller/.permission.ui.GrantPermissionsActivity,userLeaving=false,finish]
12-01 09:27:02.517 1508 1633 I sysui_multi_action: [319,134,322,133,325,20040,757,761,758,8,759,2,806,com.android.permissioncontroller,871,com.android.permissioncontroller.permission.ui.GrantPermissionsActivity,904,com.android.deskclock,905,0,1320,8,1321,5]
12-01 09:27:02.518 1508 1633 I wm_activity_launch_time: [0,196731946,com.android.permissioncontroller/.permission.ui.GrantPermissionsActivity,133]
12-01 09:27:02.519 1508 1633 I ActivityTaskManager: Displayed com.android.permissioncontroller/.permission.ui.GrantPermissionsActivity: +133ms
12-01 09:27:02.520 29601 29601 I wm_on_top_resumed_lost_called: [196731946,com.android.permissioncontroller.permission.ui.GrantPermissionsActivity,topStateChangedWhenResumed]
12-01 09:27:02.522 29601 29601 I wm_on_paused_called: [196731946,com.android.permissioncontroller.permission.ui.GrantPermissionsActivity,performPause]
12-01 09:27:02.523 1508 3610 I ActivityTaskManager: FOREGROUND_APPLICATION_CHANGED to com.android.deskclock.DeskClock
12-01 09:27:02.525 1508 3610 I wm_set_resumed_activity: [0,com.android.deskclock/.DeskClock,resumeTopActivityInnerLocked]
12-01 09:27:02.525 1508 2005 I input_focus: [Focus leaving d7baf55 com.android.deskclock/com.android.deskclock.DeskClock (server),reason=setFocusedWindow]
12-01 09:27:02.525 1508 2005 I input_focus: [Focus entering 8161edf com.android.permissioncontroller/com.android.permissioncontroller.permission.ui.GrantPermissionsActivity (server),reason=setFocusedWindow]
12-01 09:27:02.526 1508 3610 I wm_resume_activity: [0,191143904,384,com.android.deskclock/.DeskClock]
12-01 09:27:02.538 31926 31926 I AlarmClock: Power off alarm permission is granted.
12-01 09:27:02.538 31926 31926 I wm_on_activity_result_called: [191143904,com.android.deskclock.DeskClock,ACTIVITY_RESULT]
12-01 09:27:02.538 31926 31926 I wm_on_resume_called: [191143904,com.android.deskclock.DeskClock,RESUME_ACTIVITY]
12-01 09:27:02.538 1508 2005 I input_focus: [Focus leaving 8161edf com.android.permissioncontroller/com.android.permissioncontroller.permission.ui.GrantPermissionsActivity (server),reason=NO_WINDOW]
12-01 09:27:02.540 31926 31926 I wm_on_top_resumed_gained_called: [191143904,com.android.deskclock.DeskClock,topWhenResuming]
12-01 09:27:02.542 1508 1637 I input_focus: [Focus request d7baf55 com.android.deskclock/com.android.deskclock.DeskClock,reason=UpdateInputWindows]
12-01 09:27:02.543 1508 1636 I sysui_multi_action: [757,803,799,window_time_0,802,0]
12-01 09:27:02.556 1508 2005 I input_focus: [Focus entering d7baf55 com.android.deskclock/com.android.deskclock.DeskClock (server),reason=setFocusedWindow]
12-01 09:27:02.590 1508 6928 I wm_destroy_activity: [0,196731946,384,com.android.permissioncontroller/.permission.ui.GrantPermissionsActivity,finish-idle]
12-01 09:27:02.591 29601 29601 I wm_on_stop_called: [196731946,com.android.permissioncontroller.permission.ui.GrantPermissionsActivity,LIFECYCLER_STOP_ACTIVITY]
12-01 09:27:02.591 29601 29601 I wm_on_destroy_called: [196731946,com.android.permissioncontroller.permission.ui.GrantPermissionsActivity,performDestroy]
12-01 09:27:02.591 1508 6928 W InputManager-JNI: Input channel object '8161edf com.android.permissioncontroller/com.android.permissioncontroller.permission.ui.GrantPermissionsActivity (client)' was disposed without first being removed with the input manager!
12-01 09:27:02.594 22714 22757 I GameMode_ActivityMonitoringService: onForegroundActivitiesChanged uid 10094 pid 29601 fg false
12-01 09:27:02.601 22714 22730 I GameMode_ActivityMonitoringService: Updating top task to: TaskInfoContainer [topActivity=ComponentInfo{com.android.deskclock/com.android.deskclock.DeskClock}, taskId=384, stackId=384, userId=0, displayId=0, position=6
12-01 09:27:02.602 22714 22730 I GameMode_ActivityMonitoringService: Notifying about top task: TaskInfoContainer [topActivity=ComponentInfo{com.android.deskclock/com.android.deskclock.DeskClock}, taskId=384, stackId=384, userId=0, displayId=0, position=6
12-01 09:27:02.602 22714 22730 E GameMode_ActivityMonitoringService: onActivityLaunch:com.android.deskclock
12-01 09:27:02.602 22714 22730 V GameMode_GameTypeUtils: judge isGame:com.android.deskclock
12-01 09:27:02.602 22714 22730 V GameMode_GpuUtils: fps:60
12-01 09:27:02.607 22714 22730 D GameMode_GameModeActionUtils: Show GameMode entry by service!
12-01 09:27:02.607 22714 22730 W ContextImpl: Calling a method in the system process without a qualified user: android.app.ContextImpl.startService:1816 android.content.ContextWrapper.startService:774 com.thundercomm.gamemode.ingame.services.GameModeActionUtils.startGameModeService:93 com.thundercomm.gamemode.ingame.services.GameModeActionUtils.startGameModeEntry:21 com.thundercomm.gamemode.ingame.services.ActivityMonitoringService$1.onActivityLaunch:127
12-01 09:27:02.611 22714 22714 D GameMode_GameModeService: type=hide_entry
12-01 09:27:02.611 22714 22730 D GameModeIF_GameModeSettings: getUriFor setting_content_uri_root = content://com.thundercomm.gamemode.api/gamemode_settings , name = gamemode_isgaming
12-01 09:27:02.613 1508 1508 I GameModeConfig: Current uri is uri = content://com.thundercomm.gamemode.api/gamemode_settings/gamemode_isgaming
12-01 09:27:02.613 1508 1508 D GameModeIF_GameModeSettings: getUriFor setting_content_uri_root = content://com.thundercomm.gamemode.api/gamemode_settings , name = gamemode_isgaming
12-01 09:27:02.614 22714 22730 D GameModeIF_GameModeSettings: gamemode_isgaming set to 0
12-01 09:27:02.614 22714 22714 D GameMode_GameSettingsObserver: Game Data change!!!! uri = content://com.thundercomm.gamemode.api/gamemode_settings/gamemode_isgaming
12-01 09:27:02.614 22714 22714 D GameModeIF_GameModeSettings: getUriFor setting_content_uri_root = content://com.thundercomm.gamemode.api/gamemode_settings , name = gamemode_isgaming
12-01 09:27:02.616 1508 1508 I GameModeConfig: isGameModeOn = false
12-01 09:27:02.616 1508 1508 I GameModeConfig: isGameModeOn = false
12-01 09:27:02.616 1508 1508 I GameModeConfig: isDisableVoice = true
12-01 09:27:02.616 22714 22714 D GameMode_GameModeService: updateGlobalSettings = gamemode_isgaming
12-01 09:27:02.627 22714 22757 I GameMode_ActivityMonitoringService: onTaskStackChanged
12-01 09:27:02.630 22714 22730 I GameMode_ActivityMonitoringService: Updating top task to: TaskInfoContainer [topActivity=ComponentInfo{com.android.deskclock/com.android.deskclock.DeskClock}, taskId=384, stackId=384, userId=0, displayId=0, position=6
12-01 09:27:02.630 22714 22730 I GameMode_ActivityMonitoringService: Notifying about top task: TaskInfoContainer [topActivity=ComponentInfo{com.android.deskclock/com.android.deskclock.DeskClock}, taskId=384, stackId=384, userId=0, displayId=0, position=6
12-01 09:27:02.630 22714 22730 E GameMode_ActivityMonitoringService: onActivityLaunch:com.android.deskclock
12-01 09:27:02.631 22714 22730 V GameMode_GameTypeUtils: judge isGame:com.android.deskclock
12-01 09:27:02.631 22714 22730 V GameMode_GpuUtils: fps:60
12-01 09:27:02.633 22714 22730 D GameMode_GameModeActionUtils: Show GameMode entry by service!
12-01 09:27:02.633 22714 22730 W ContextImpl: Calling a method in the system process without a qualified user: android.app.ContextImpl.startService:1816 android.content.ContextWrapper.startService:774 com.thundercomm.gamemode.ingame.services.GameModeActionUtils.startGameModeService:93 com.thundercomm.gamemode.ingame.services.GameModeActionUtils.startGameModeEntry:21 com.thundercomm.gamemode.ingame.services.ActivityMonitoringService$1.onActivityLaunch:127
12-01 09:27:02.635 22714 22714 D GameMode_GameModeService: type=hide_entry
12-01 09:27:02.635 22714 22730 D GameModeIF_GameModeSettings: getUriFor setting_content_uri_root = content://com.thundercomm.gamemode.api/gamemode_settings , name = gamemode_isgaming
12-01 09:27:02.637 22714 22714 D GameMode_GameSettingsObserver: Game Data change!!!! uri = content://com.thundercomm.gamemode.api/gamemode_settings/gamemode_isgaming
12-01 09:27:02.637 22714 22714 D GameModeIF_GameModeSettings: getUriFor setting_content_uri_root = content://com.thundercomm.gamemode.api/gamemode_settings , name = gamemode_isgaming
12-01 09:27:02.637 22714 22730 D GameModeIF_GameModeSettings: gamemode_isgaming set to 0
12-01 09:27:02.639 1508 1508 I GameModeConfig: Current uri is uri = content://com.thundercomm.gamemode.api/gamemode_settings/gamemode_isgaming
12-01 09:27:02.639 1508 1508 D GameModeIF_GameModeSettings: getUriFor setting_content_uri_root = content://com.thundercomm.gamemode.api/gamemode_settings , name = gamemode_isgaming
12-01 09:27:02.639 22714 22714 D GameMode_GameModeService: updateGlobalSettings = gamemode_isgaming
12-01 09:27:02.640 1508 1508 I GameModeConfig: isGameModeOn = false
12-01 09:27:02.640 1508 1508 I GameModeConfig: isGameModeOn = false
12-01 09:27:02.640 1508 1508 I GameModeConfig: isDisableVoice = true
12-01 09:27:02.857 1508 1636 I wm_stop_activity: [0,103113767,com.android.launcher3/.uioverrides.QuickstepLauncher]
12-01 09:27:02.888 2822 2822 D StateManager: goToState: Normal
12-01 09:27:02.890 2822 2822 I wm_on_stop_called: [103113767,com.android.launcher3.uioverrides.QuickstepLauncher,STOP_ACTIVITY_ITEM]
12-01 09:27:02.907 22714 22757 I GameMode_ActivityMonitoringService: onForegroundActivitiesChanged uid 10076 pid 2822 fg false
12-01 09:27:02.911 22714 22730 I GameMode_ActivityMonitoringService: Updating top task to: TaskInfoContainer [topActivity=ComponentInfo{com.android.deskclock/com.android.deskclock.DeskClock}, taskId=384, stackId=384, userId=0, displayId=0, position=6
12-01 09:27:02.911 22714 22730 I GameMode_ActivityMonitoringService: Notifying about top task: TaskInfoContainer [topActivity=ComponentInfo{com.android.deskclock/com.android.deskclock.DeskClock}, taskId=384, stackId=384, userId=0, displayId=0, position=6
12-01 09:27:02.911 22714 22730 E GameMode_ActivityMonitoringService: onActivityLaunch:com.android.deskclock
12-01 09:27:02.911 22714 22730 V GameMode_GameTypeUtils: judge isGame:com.android.deskclock
12-01 09:27:02.912 22714 22730 V GameMode_GpuUtils: fps:60
12-01 09:27:02.914 22714 22730 D GameMode_GameModeActionUtils: Show GameMode entry by service!
12-01 09:27:02.915 22714 22730 W ContextImpl: Calling a method in the system process without a qualified user: android.app.ContextImpl.startService:1816 android.content.ContextWrapper.startService:774 com.thundercomm.gamemode.ingame.services.GameModeActionUtils.startGameModeService:93 com.thundercomm.gamemode.ingame.services.GameModeActionUtils.startGameModeEntry:21 com.thundercomm.gamemode.ingame.services.ActivityMonitoringService$1.onActivityLaunch:127
12-01 09:27:02.917 22714 22714 D GameMode_GameModeService: type=hide_entry
12-01 09:27:02.917 22714 22730 D GameModeIF_GameModeSettings: getUriFor setting_content_uri_root = content://com.thundercomm.gamemode.api/gamemode_settings , name = gamemode_isgaming
12-01 09:27:02.919 1508 1508 I GameModeConfig: Current uri is uri = content://com.thundercomm.gamemode.api/gamemode_settings/gamemode_isgaming
12-01 09:27:02.919 1508 1508 D GameModeIF_GameModeSettings: getUriFor setting_content_uri_root = content://com.thundercomm.gamemode.api/gamemode_settings , name = gamemode_isgaming
12-01 09:27:02.920 22714 22730 D GameModeIF_GameModeSettings: gamemode_isgaming set to 0
12-01 09:27:02.920 22714 22714 D GameMode_GameSettingsObserver: Game Data change!!!! uri = content://com.thundercomm.gamemode.api/gamemode_settings/gamemode_isgaming
12-01 09:27:02.920 22714 22714 D GameModeIF_GameModeSettings: getUriFor setting_content_uri_root = content://com.thundercomm.gamemode.api/gamemode_settings , name = gamemode_isgaming
12-01 09:27:02.921 1508 1508 I GameModeConfig: isGameModeOn = false
12-01 09:27:02.921 1508 1508 I GameModeConfig: isGameModeOn = false
12-01 09:27:02.921 1508 1508 I GameModeConfig: isDisableVoice = true
12-01 09:27:02.922 22714 22714 D GameMode_GameModeService: updateGlobalSettings = gamemode_isgaming
12-01 09:27:03.294 2500 16570 D DhcpClient: Received packet: ee:9f:c3:ce:80:6c OFFER, ip /10.1.1.101, mask /255.255.255.0, DNS servers: /10.1.1.1 , gateways [/10.1.1.1], lease time 30, domain www.tendawifi.com
12-01 09:27:03.298 2500 16570 D DhcpClient: Received packet: 1a:ab:dd:7a:fb:ae ACK: your new IP /10.1.1.112, netmask /255.255.255.0, gateways [/10.1.1.1] DNS servers: /10.1.1.1 , lease time 30
12-01 09:27:03.347 1211 28948 I OMX-VENC: venc_dev: stats: avg. fps 37.32, bitrate 1299975
12-01 09:27:03.351 0 0 I auditd : type=1400 audit(0.0:21257): avc: denied { kill } for comm="swapper/0" capability=5 scontext=u:r:kernel:s0 tcontext=u:r:kernel:s0 tclass=capability permissive=0
12-01 09:27:03.351 0 0 W swapper/0: type=1400 audit(0.0:21257): avc: denied { kill } for capability=5 scontext=u:r:kernel:s0 tcontext=u:r:kernel:s0 tclass=capability permissive=0
12-01 09:27:03.358 1508 10935 I wm_task_moved: [1,0,0]
12-01 09:27:03.359 1508 10935 I wm_task_moved: [1,0,5]
12-01 09:27:03.359 1508 1636 I EventSequenceValidator: inc AccIntentStartedEvents to 2
12-01 09:27:03.362 989 3700 I BpBinder: onLastStrongRef automatically unlinking death recipients:
12-01 09:27:03.370 22714 22757 I GameMode_ActivityMonitoringService: onForegroundActivitiesChanged uid 10076 pid 2822 fg true
12-01 09:27:03.371 2822 2822 I wm_on_restart_called: [103113767,com.android.launcher3.uioverrides.QuickstepLauncher,performRestartActivity]
12-01 09:27:03.371 2822 2822 D StateManager: goToState: Background
12-01 09:27:03.371 2822 2822 D FreeWindowHelper: enterOrExitRecentTasks: isEnterRecentTasks=true,mExitFlag=0
