12-01 09:15:51.286 18856 18856 I sysui_multi_action: [757,0,758,1,759,0,927,3,928,0,1593,0]
12-01 09:15:51.287 18856 18856 I sysui_multi_action: [757,491,758,1,759,491,927,4,928,0,1311,-1,1593,0]
12-01 09:15:51.287 18856 18856 I sysui_multi_action: [757,0,758,1,759,0,927,5,928,0,1593,0]
12-01 09:15:51.287 18856 18856 I sysui_multi_action: [757,111,758,1]
12-01 09:15:51.287 18856 18856 I sysui_multi_action: [757,126,758,1,759,126,927,0,928,1,1593,0]
12-01 09:15:51.287 18856 18856 I sysui_multi_action: [757,113,758,1,759,113,927,1,928,1,1593,0]
12-01 09:15:51.287 18856 18856 I sysui_multi_action: [757,0,758,1,759,0,927,2,928,0,1593,0]
12-01 09:15:51.287 18856 18856 I sysui_multi_action: [757,0,758,1,759,0,927,3,928,0,1593,0]
12-01 09:15:51.298 1508 1648 I am_wtf : [0,1508,system_server,-1,DisplayDeviceConfig,requesting nits when no mapping exists.]
12-01 09:15:51.300 1508 1648 I am_wtf : [0,1508,system_server,-1,DisplayDeviceConfig,requesting nits when no mapping exists.]
12-01 09:15:51.309 1508 2005 I input_focus: [Focus entering 2d2b5e1 com.thundercomm.screensaver/android.service.dreams.DreamActivity (server),reason=Window became focusable. Previous reason: NOT_VISIBLE]
12-01 09:15:51.311 1508 1648 I am_wtf : [0,1508,system_server,-1,DisplayDeviceConfig,requesting nits when no mapping exists.]
12-01 09:15:51.312 1508 1648 I am_wtf : [0,1508,system_server,-1,DisplayDeviceConfig,requesting nits when no mapping exists.]
12-01 09:15:51.328 1508 1648 I am_wtf : [0,1508,system_server,-1,DisplayDeviceConfig,requesting nits when no mapping exists.]
12-01 09:15:51.329 1508 1648 I am_wtf : [0,1508,system_server,-1,DisplayDeviceConfig,requesting nits when no mapping exists.]
12-01 09:15:51.341 1508 1648 I am_uid_idle: 10065
12-01 09:15:51.348 1508 1648 I am_wtf : [0,1508,system_server,-1,DisplayDeviceConfig,requesting nits when no mapping exists.]
12-01 09:15:51.351 1508 1648 I am_wtf : [0,1508,system_server,-1,DisplayDeviceConfig,requesting nits when no mapping exists.]
12-01 09:15:51.351 0 0 I auditd : type=1400 audit(0.0:20614): avc: denied { kill } for comm="swapper/2" capability=5 scontext=u:r:kernel:s0 tcontext=u:r:kernel:s0 tclass=capability permissive=0
12-01 09:15:51.360 1508 1648 I am_wtf : [0,1508,system_server,-1,DisplayDeviceConfig,requesting nits when no mapping exists.]
12-01 09:15:51.361 1508 1648 I am_wtf : [0,1508,system_server,-1,DisplayDeviceConfig,requesting nits when no mapping exists.]
12-01 09:15:51.362 1508 1648 I am_uid_idle: 10094
12-01 09:15:51.375 1508 1648 I am_wtf : [0,1508,system_server,-1,DisplayDeviceConfig,requesting nits when no mapping exists.]
12-01 09:15:51.376 1508 1648 I am_wtf : [0,1508,system_server,-1,DisplayDeviceConfig,requesting nits when no mapping exists.]
12-01 09:15:51.398 1508 1648 I am_wtf : [0,1508,system_server,-1,DisplayDeviceConfig,requesting nits when no mapping exists.]
12-01 09:15:51.399 1508 1648 I am_wtf : [0,1508,system_server,-1,DisplayDeviceConfig,requesting nits when no mapping exists.]
12-01 09:15:51.409 1508 1648 I am_wtf : [0,1508,system_server,-1,DisplayDeviceConfig,requesting nits when no mapping exists.]
12-01 09:15:51.410 1508 1648 I am_wtf : [0,1508,system_server,-1,DisplayDeviceConfig,requesting nits when no mapping exists.]
12-01 09:15:51.428 1508 1648 I am_wtf : [0,1508,system_server,-1,DisplayDeviceConfig,requesting nits when no mapping exists.]
12-01 09:15:51.429 1508 1648 I am_wtf : [0,1508,system_server,-1,DisplayDeviceConfig,requesting nits when no mapping exists.]
12-01 09:15:51.444 1508 1648 I am_wtf : [0,1508,system_server,-1,DisplayDeviceConfig,requesting nits when no mapping exists.]
12-01 09:15:51.444 1508 1648 I am_wtf : [0,1508,system_server,-1,DisplayDeviceConfig,requesting nits when no mapping exists.]
12-01 09:15:51.459 1508 1648 I am_wtf : [0,1508,system_server,-1,DisplayDeviceConfig,requesting nits when no mapping exists.]
12-01 09:15:51.460 1508 1648 I am_wtf : [0,1508,system_server,-1,DisplayDeviceConfig,requesting nits when no mapping exists.]
12-01 09:15:51.471 1508 1508 I sysui_multi_action: [757,1501,758,1,793,630178,794,0,795,205,796,2048,806,com.android.systemui,857,updateNotification,858,3,947,0,1500,0,1688,1]
12-01 09:15:51.472 1508 1508 I sysui_multi_action: [757,804,799,note_interruptive,801,0,802,1]
12-01 09:15:51.472 1508 1508 I sysui_multi_action: [757,199,758,1,759,2,793,630179,794,0,795,206,796,2048,806,com.android.systemui,857,updateNotification,858,3,947,0,1500,1,1688,1]
12-01 09:15:51.472 1508 1508 I notification_alert: [0|com.android.systemui|2048|null|10082,0,1,0]
12-01 09:15:51.481 1508 1648 I am_wtf : [0,1508,system_server,-1,DisplayDeviceConfig,requesting nits when no mapping exists.]
12-01 09:15:51.483 1508 1648 I am_wtf : [0,1508,system_server,-1,DisplayDeviceConfig,requesting nits when no mapping exists.]
12-01 09:15:51.494 1508 1648 I am_wtf : [0,1508,system_server,-1,DisplayDeviceConfig,requesting nits when no mapping exists.]
12-01 09:15:51.502 1508 1648 I am_wtf : [0,1508,system_server,-1,DisplayDeviceConfig,requesting nits when no mapping exists.]
12-01 09:15:51.511 1508 1648 I am_wtf : [0,1508,system_server,-1,DisplayDeviceConfig,requesting nits when no mapping exists.]
12-01 09:15:51.512 1508 1648 I am_wtf : [0,1508,system_server,-1,DisplayDeviceConfig,requesting nits when no mapping exists.]
12-01 09:15:51.526 1508 1648 I am_wtf : [0,1508,system_server,-1,DisplayDeviceConfig,requesting nits when no mapping exists.]
12-01 09:15:51.526 1508 1648 I am_wtf : [0,1508,system_server,-1,DisplayDeviceConfig,requesting nits when no mapping exists.]
12-01 09:15:51.542 1508 1648 I am_wtf : [0,1508,system_server,-1,DisplayDeviceConfig,requesting nits when no mapping exists.]
12-01 09:15:51.543 1508 1648 I am_wtf : [0,1508,system_server,-1,DisplayDeviceConfig,requesting nits when no mapping exists.]
12-01 09:15:51.559 1508 1648 I am_wtf : [0,1508,system_server,-1,DisplayDeviceConfig,requesting nits when no mapping exists.]
12-01 09:15:51.561 1508 1648 I am_wtf : [0,1508,system_server,-1,DisplayDeviceConfig,requesting nits when no mapping exists.]
12-01 09:15:51.580 1508 1636 I wm_stop_activity: [0,103113767,com.android.launcher3/.uioverrides.QuickstepLauncher]
12-01 09:15:51.582 1508 1648 I am_wtf : [0,1508,system_server,-1,DisplayDeviceConfig,requesting nits when no mapping exists.]
12-01 09:15:51.583 1508 1648 I am_wtf : [0,1508,system_server,-1,DisplayDeviceConfig,requesting nits when no mapping exists.]
12-01 09:15:51.605 1508 1648 I am_wtf : [0,1508,system_server,-1,DisplayDeviceConfig,requesting nits when no mapping exists.]
12-01 09:15:51.606 1508 1648 I am_wtf : [0,1508,system_server,-1,DisplayDeviceConfig,requesting nits when no mapping exists.]
12-01 09:15:51.612 1508 1648 I am_wtf : [0,1508,system_server,-1,DisplayDeviceConfig,requesting nits when no mapping exists.]
12-01 09:15:51.614 1508 1648 I am_wtf : [0,1508,system_server,-1,DisplayDeviceConfig,requesting nits when no mapping exists.]
12-01 09:15:51.623 2822 2822 I wm_on_stop_called: [103113767,com.android.launcher3.uioverrides.QuickstepLauncher,STOP_ACTIVITY_ITEM]
12-01 09:15:51.627 1508 1648 I am_wtf : [0,1508,system_server,-1,DisplayDeviceConfig,requesting nits when no mapping exists.]
12-01 09:15:51.628 1508 1648 I am_wtf : [0,1508,system_server,-1,DisplayDeviceConfig,requesting nits when no mapping exists.]
12-01 09:15:51.642 1508 1648 I am_wtf : [0,1508,system_server,-1,DisplayDeviceConfig,requesting nits when no mapping exists.]
12-01 09:15:51.643 1508 1648 I am_wtf : [0,1508,system_server,-1,DisplayDeviceConfig,requesting nits when no mapping exists.]
12-01 09:15:51.657 1508 1648 I am_wtf : [0,1508,system_server,-1,DisplayDeviceConfig,requesting nits when no mapping exists.]
12-01 09:15:51.658 1508 1648 I am_wtf : [0,1508,system_server,-1,DisplayDeviceConfig,requesting nits when no mapping exists.]
12-01 09:15:51.673 1508 1648 I am_wtf : [0,1508,system_server,-1,DisplayDeviceConfig,requesting nits when no mapping exists.]
12-01 09:15:51.674 1508 1648 I am_wtf : [0,1508,system_server,-1,DisplayDeviceConfig,requesting nits when no mapping exists.]
12-01 09:15:51.690 1508 1648 I am_wtf : [0,1508,system_server,-1,DisplayDeviceConfig,requesting nits when no mapping exists.]
12-01 09:15:51.691 1508 1648 I am_wtf : [0,1508,system_server,-1,DisplayDeviceConfig,requesting nits when no mapping exists.]
12-01 09:15:51.691 1508 1648 I service_manager_stats: [100,66,6916]
12-01 09:15:51.707 1508 1648 I am_wtf : [0,1508,system_server,-1,DisplayDeviceConfig,requesting nits when no mapping exists.]
12-01 09:15:51.708 1508 1648 I am_wtf : [0,1508,system_server,-1,DisplayDeviceConfig,requesting nits when no mapping exists.]
12-01 09:15:51.724 1508 1648 I am_wtf : [0,1508,system_server,-1,DisplayDeviceConfig,requesting nits when no mapping exists.]
12-01 09:15:51.725 1508 1648 I am_wtf : [0,1508,system_server,-1,DisplayDeviceConfig,requesting nits when no mapping exists.]
12-01 09:15:51.741 1508 1648 I am_wtf : [0,1508,system_server,-1,DisplayDeviceConfig,requesting nits when no mapping exists.]
12-01 09:15:51.742 1508 1648 I am_wtf : [0,1508,system_server,-1,DisplayDeviceConfig,requesting nits when no mapping exists.]
12-01 09:15:51.758 1508 1648 I am_wtf : [0,1508,system_server,-1,DisplayDeviceConfig,requesting nits when no mapping exists.]
12-01 09:15:51.759 1508 1648 I am_wtf : [0,1508,system_server,-1,DisplayDeviceConfig,requesting nits when no mapping exists.]
12-01 09:15:51.774 1508 1648 I am_wtf : [0,1508,system_server,-1,DisplayDeviceConfig,requesting nits when no mapping exists.]
12-01 09:15:51.775 1508 1648 I am_wtf : [0,1508,system_server,-1,DisplayDeviceConfig,requesting nits when no mapping exists.]
12-01 09:15:51.791 1508 1648 I am_wtf : [0,1508,system_server,-1,DisplayDeviceConfig,requesting nits when no mapping exists.]
12-01 09:15:51.792 1508 1648 I am_wtf : [0,1508,system_server,-1,DisplayDeviceConfig,requesting nits when no mapping exists.]
12-01 09:15:51.808 1508 1648 I am_wtf : [0,1508,system_server,-1,DisplayDeviceConfig,requesting nits when no mapping exists.]
12-01 09:15:51.809 1508 1648 I am_wtf : [0,1508,system_server,-1,DisplayDeviceConfig,requesting nits when no mapping exists.]
12-01 09:15:51.824 1508 1648 I am_wtf : [0,1508,system_server,-1,DisplayDeviceConfig,requesting nits when no mapping exists.]
12-01 09:15:51.826 1508 1648 I am_wtf : [0,1508,system_server,-1,DisplayDeviceConfig,requesting nits when no mapping exists.]
12-01 09:15:51.842 1508 1648 I am_wtf : [0,1508,system_server,-1,DisplayDeviceConfig,requesting nits when no mapping exists.]
12-01 09:15:51.843 1508 1648 I am_wtf : [0,1508,system_server,-1,DisplayDeviceConfig,requesting nits when no mapping exists.]
12-01 09:15:51.858 1508 1648 I am_wtf : [0,1508,system_server,-1,DisplayDeviceConfig,requesting nits when no mapping exists.]
12-01 09:15:51.859 1508 1648 I am_wtf : [0,1508,system_server,-1,DisplayDeviceConfig,requesting nits when no mapping exists.]
12-01 09:15:51.875 1508 1648 I am_wtf : [0,1508,system_server,-1,DisplayDeviceConfig,requesting nits when no mapping exists.]
12-01 09:15:51.876 1508 1648 I am_wtf : [0,1508,system_server,-1,DisplayDeviceConfig,requesting nits when no mapping exists.]
12-01 09:15:51.892 1508 1648 I am_wtf : [0,1508,system_server,-1,DisplayDeviceConfig,requesting nits when no mapping exists.]
12-01 09:15:51.892 1508 1648 I am_wtf : [0,1508,system_server,-1,DisplayDeviceConfig,requesting nits when no mapping exists.]
12-01 09:15:51.908 1508 1648 I am_wtf : [0,1508,system_server,-1,DisplayDeviceConfig,requesting nits when no mapping exists.]
12-01 09:15:51.909 1508 1648 I am_wtf : [0,1508,system_server,-1,DisplayDeviceConfig,requesting nits when no mapping exists.]
12-01 09:15:51.925 1508 1648 I am_wtf : [0,1508,system_server,-1,DisplayDeviceConfig,requesting nits when no mapping exists.]
12-01 09:15:51.926 1508 1648 I am_wtf : [0,1508,system_server,-1,DisplayDeviceConfig,requesting nits when no mapping exists.]
12-01 09:15:51.942 1508 1648 I am_wtf : [0,1508,system_server,-1,DisplayDeviceConfig,requesting nits when no mapping exists.]
12-01 09:15:51.943 1508 1648 I am_wtf : [0,1508,system_server,-1,DisplayDeviceConfig,requesting nits when no mapping exists.]
12-01 09:15:51.958 1508 1648 I am_wtf : [0,1508,system_server,-1,DisplayDeviceConfig,requesting nits when no mapping exists.]
12-01 09:15:51.959 1508 1648 I am_wtf : [0,1508,system_server,-1,DisplayDeviceConfig,requesting nits when no mapping exists.]
12-01 09:15:51.975 1508 1648 I am_wtf : [0,1508,system_server,-1,DisplayDeviceConfig,requesting nits when no mapping exists.]
12-01 09:15:51.977 1508 1648 I am_wtf : [0,1508,system_server,-1,DisplayDeviceConfig,requesting nits when no mapping exists.]
12-01 09:15:51.992 1508 1648 I am_wtf : [0,1508,system_server,-1,DisplayDeviceConfig,requesting nits when no mapping exists.]
12-01 09:15:51.993 1508 1648 I am_wtf : [0,1508,system_server,-1,DisplayDeviceConfig,requesting nits when no mapping exists.]
12-01 09:15:52.009 1508 1648 I am_wtf : [0,1508,system_server,-1,DisplayDeviceConfig,requesting nits when no mapping exists.]
12-01 09:15:52.010 1508 1648 I am_wtf : [0,1508,system_server,-1,DisplayDeviceConfig,requesting nits when no mapping exists.]
12-01 09:15:52.028 1508 1648 I am_wtf : [0,1508,system_server,-1,DisplayDeviceConfig,requesting nits when no mapping exists.]
12-01 09:15:52.029 1508 1648 I am_wtf : [0,1508,system_server,-1,DisplayDeviceConfig,requesting nits when no mapping exists.]
12-01 09:15:52.041 1508 1648 I am_wtf : [0,1508,system_server,-1,DisplayDeviceConfig,requesting nits when no mapping exists.]
12-01 09:15:52.042 1508 1648 I am_wtf : [0,1508,system_server,-1,DisplayDeviceConfig,requesting nits when no mapping exists.]
12-01 09:15:52.058 1508 1648 I am_wtf : [0,1508,system_server,-1,DisplayDeviceConfig,requesting nits when no mapping exists.]
12-01 09:15:52.059 1508 1648 I am_wtf : [0,1508,system_server,-1,DisplayDeviceConfig,requesting nits when no mapping exists.]
12-01 09:15:52.075 1508 1648 I am_wtf : [0,1508,system_server,-1,DisplayDeviceConfig,requesting nits when no mapping exists.]
12-01 09:15:52.078 1508 1648 I am_wtf : [0,1508,system_server,-1,DisplayDeviceConfig,requesting nits when no mapping exists.]
12-01 09:15:52.098 1508 1648 I am_wtf : [0,1508,system_server,-1,DisplayDeviceConfig,requesting nits when no mapping exists.]
12-01 09:15:52.099 1508 1648 I am_wtf : [0,1508,system_server,-1,DisplayDeviceConfig,requesting nits when no mapping exists.]
12-01 09:15:52.112 1508 1648 I am_wtf : [0,1508,system_server,-1,DisplayDeviceConfig,requesting nits when no mapping exists.]
12-01 09:15:52.117 1508 1648 I am_wtf : [0,1508,system_server,-1,DisplayDeviceConfig,requesting nits when no mapping exists.]
12-01 09:15:52.127 1508 1648 I am_wtf : [0,1508,system_server,-1,DisplayDeviceConfig,requesting nits when no mapping exists.]
12-01 09:15:52.133 1508 1648 I am_wtf : [0,1508,system_server,-1,DisplayDeviceConfig,requesting nits when no mapping exists.]
12-01 09:15:52.143 1508 1648 I am_wtf : [0,1508,system_server,-1,DisplayDeviceConfig,requesting nits when no mapping exists.]
12-01 09:15:52.144 1508 1648 I am_wtf : [0,1508,system_server,-1,DisplayDeviceConfig,requesting nits when no mapping exists.]
12-01 09:15:52.159 1508 1648 I am_wtf : [0,1508,system_server,-1,DisplayDeviceConfig,requesting nits when no mapping exists.]
12-01 09:15:52.161 1508 1648 I am_wtf : [0,1508,system_server,-1,DisplayDeviceConfig,requesting nits when no mapping exists.]
12-01 09:15:52.178 1508 1648 I am_wtf : [0,1508,system_server,-1,DisplayDeviceConfig,requesting nits when no mapping exists.]
12-01 09:15:52.179 1508 1648 I am_wtf : [0,1508,system_server,-1,DisplayDeviceConfig,requesting nits when no mapping exists.]
12-01 09:15:52.193 1508 1648 I am_wtf : [0,1508,system_server,-1,DisplayDeviceConfig,requesting nits when no mapping exists.]
12-01 09:15:52.195 1508 1648 I am_wtf : [0,1508,system_server,-1,DisplayDeviceConfig,requesting nits when no mapping exists.]
12-01 09:15:52.211 1508 1648 I am_wtf : [0,1508,system_server,-1,DisplayDeviceConfig,requesting nits when no mapping exists.]
12-01 09:15:52.213 1508 1648 I am_wtf : [0,1508,system_server,-1,DisplayDeviceConfig,requesting nits when no mapping exists.]
12-01 09:15:52.229 1508 1648 I am_wtf : [0,1508,system_server,-1,DisplayDeviceConfig,requesting nits when no mapping exists.]
12-01 09:15:52.230 1508 1648 I am_wtf : [0,1508,system_server,-1,DisplayDeviceConfig,requesting nits when no mapping exists.]
12-01 09:15:52.252 1508 1648 I am_wtf : [0,1508,system_server,-1,DisplayDeviceConfig,requesting nits when no mapping exists.]
12-01 09:15:52.253 1508 1648 I am_wtf : [0,1508,system_server,-1,DisplayDeviceConfig,requesting nits when no mapping exists.]
12-01 09:15:52.351 0 0 I auditd : type=1400 audit(0.0:20615): avc: denied { kill } for comm="swapper/2" capability=5 scontext=u:r:kernel:s0 tcontext=u:r:kernel:s0 tclass=capability permissive=0
12-01 09:15:54.351 0 0 I auditd : type=1400 audit(0.0:20616): avc: denied { kill } for comm="swapper/2" capability=5 scontext=u:r:kernel:s0 tcontext=u:r:kernel:s0 tclass=capability permissive=0
12-01 09:15:55.351 0 0 I auditd : type=1400 audit(0.0:20617): avc: denied { kill } for comm="swapper/2" capability=5 scontext=u:r:kernel:s0 tcontext=u:r:kernel:s0 tclass=capability permissive=0
12-01 09:15:56.351 0 0 I auditd : type=1400 audit(0.0:20618): avc: denied { kill } for comm="swapper/2" capability=5 scontext=u:r:kernel:s0 tcontext=u:r:kernel:s0 tclass=capability permissive=0
12-01 09:15:58.351 0 0 I auditd : type=1400 audit(0.0:20619): avc: denied { kill } for comm="swapper/2" capability=5 scontext=u:r:kernel:s0 tcontext=u:r:kernel:s0 tclass=capability permissive=0
12-01 09:16:00.351 0 0 I auditd : type=1400 audit(0.0:20620): avc: denied { kill } for comm="swapper/2" capability=5 scontext=u:r:kernel:s0 tcontext=u:r:kernel:s0 tclass=capability permissive=0
12-01 09:16:01.351 0 0 I auditd : type=1400 audit(0.0:20621): avc: denied { kill } for comm="swapper/2" capability=5 scontext=u:r:kernel:s0 tcontext=u:r:kernel:s0 tclass=capability permissive=0
12-01 09:16:02.351 0 0 I auditd : type=1400 audit(0.0:20622): avc: denied { kill } for comm="swapper/2" capability=5 scontext=u:r:kernel:s0 tcontext=u:r:kernel:s0 tclass=capability permissive=0
12-01 09:16:03.351 0 0 I auditd : type=1400 audit(0.0:20623): avc: denied { kill } for comm="swapper/2" capability=5 scontext=u:r:kernel:s0 tcontext=u:r:kernel:s0 tclass=capability permissive=0
12-01 09:16:04.351 0 0 I auditd : type=1400 audit(0.0:20624): avc: denied { kill } for comm="swapper/2" capability=5 scontext=u:r:kernel:s0 tcontext=u:r:kernel:s0 tclass=capability permissive=0
12-01 09:16:05.351 0 0 I auditd : type=1400 audit(0.0:20625): avc: denied { kill } for comm="swapper/2" capability=5 scontext=u:r:kernel:s0 tcontext=u:r:kernel:s0 tclass=capability permissive=0
12-01 09:16:06.351 0 0 I auditd : type=1400 audit(0.0:20626): avc: denied { kill } for comm="swapper/2" capability=5 scontext=u:r:kernel:s0 tcontext=u:r:kernel:s0 tclass=capability permissive=0
12-01 09:16:06.597 1508 1508 I notification_enqueue: [10097,9319,com.github.uiautomator,1,NULL,0,Notification(channel=monitor service shortcut=null contentView=null vibrate=null sound=null tick defaults=0x0 flags=0x40 color=0x00000000 vis=PRIVATE),1]
12-01 09:16:07.351 0 0 I auditd : type=1400 audit(0.0:20627): avc: denied { kill } for comm="swapper/2" capability=5 scontext=u:r:kernel:s0 tcontext=u:r:kernel:s0 tclass=capability permissive=0
12-01 09:16:08.351 0 0 I auditd : type=1400 audit(0.0:20628): avc: denied { kill } for comm="swapper/2" capability=5 scontext=u:r:kernel:s0 tcontext=u:r:kernel:s0 tclass=capability permissive=0
12-01 09:16:09.351 0 0 I auditd : type=1400 audit(0.0:20629): avc: denied { kill } for comm="swapper/2" capability=5 scontext=u:r:kernel:s0 tcontext=u:r:kernel:s0 tclass=capability permissive=0
12-01 09:16:10.351 0 0 I auditd : type=1400 audit(0.0:20630): avc: denied { kill } for comm="swapper/2" capability=5 scontext=u:r:kernel:s0 tcontext=u:r:kernel:s0 tclass=capability permissive=0
12-01 09:16:11.351 0 0 I auditd : type=1400 audit(0.0:20631): avc: denied { kill } for comm="swapper/2" capability=5 scontext=u:r:kernel:s0 tcontext=u:r:kernel:s0 tclass=capability permissive=0
12-01 09:16:12.031 1508 2305 I netstats_mobile_sample: [0,0,0,0,0,0,0,0,0,0,0,0,1669857372031]
12-01 09:16:12.031 1508 2305 I netstats_wifi_sample: [322454810,711075,195863881,458079,322454810,711075,195863881,458079,424203627,1458691,98728573,238620,1669857372031]
12-01 09:16:12.351 0 0 I auditd : type=1400 audit(0.0:20632): avc: denied { kill } for comm="swapper/2" capability=5 scontext=u:r:kernel:s0 tcontext=u:r:kernel:s0 tclass=capability permissive=0
12-01 09:16:13.351 0 0 I auditd : type=1400 audit(0.0:20633): avc: denied { kill } for comm="swapper/2" capability=5 scontext=u:r:kernel:s0 tcontext=u:r:kernel:s0 tclass=capability permissive=0
12-01 09:16:14.351 0 0 I auditd : type=1400 audit(0.0:20634): avc: denied { kill } for comm="swapper/2" capability=5 scontext=u:r:kernel:s0 tcontext=u:r:kernel:s0 tclass=capability permissive=0
12-01 09:16:15.351 0 0 I auditd : type=1400 audit(0.0:20635): avc: denied { kill } for comm="swapper/2" capability=5 scontext=u:r:kernel:s0 tcontext=u:r:kernel:s0 tclass=capability permissive=0
12-01 09:16:16.351 0 0 I auditd : type=1400 audit(0.0:20636): avc: denied { kill } for comm="swapper/2" capability=5 scontext=u:r:kernel:s0 tcontext=u:r:kernel:s0 tclass=capability permissive=0
12-01 09:16:17.351 0 0 I auditd : type=1400 audit(0.0:20637): avc: denied { kill } for comm="swapper/2" capability=5 scontext=u:r:kernel:s0 tcontext=u:r:kernel:s0 tclass=capability permissive=0
12-01 09:16:18.351 0 0 I auditd : type=1400 audit(0.0:20638): avc: denied { kill } for comm="swapper/2" capability=5 scontext=u:r:kernel:s0 tcontext=u:r:kernel:s0 tclass=capability permissive=0
12-01 09:16:19.351 0 0 I auditd : type=1400 audit(0.0:20639): avc: denied { kill } for comm="swapper/2" capability=5 scontext=u:r:kernel:s0 tcontext=u:r:kernel:s0 tclass=capability permissive=0
12-01 09:16:20.351 0 0 I auditd : type=1400 audit(0.0:20640): avc: denied { kill } for comm="swapper/2" capability=5 scontext=u:r:kernel:s0 tcontext=u:r:kernel:s0 tclass=capability permissive=0
12-01 09:16:21.351 0 0 I auditd : type=1400 audit(0.0:20641): avc: denied { kill } for comm="swapper/2" capability=5 scontext=u:r:kernel:s0 tcontext=u:r:kernel:s0 tclass=capability permissive=0
12-01 09:16:22.351 0 0 I auditd : type=1400 audit(0.0:20642): avc: denied { kill } for comm="swapper/2" capability=5 scontext=u:r:kernel:s0 tcontext=u:r:kernel:s0 tclass=capability permissive=0
12-01 09:16:23.351 0 0 I auditd : type=1400 audit(0.0:20643): avc: denied { kill } for comm="swapper/2" capability=5 scontext=u:r:kernel:s0 tcontext=u:r:kernel:s0 tclass=capability permissive=0
12-01 09:16:24.351 0 0 I auditd : type=1400 audit(0.0:20644): avc: denied { kill } for comm="swapper/2" capability=5 scontext=u:r:kernel:s0 tcontext=u:r:kernel:s0 tclass=capability permissive=0
12-01 09:16:25.351 0 0 I auditd : type=1400 audit(0.0:20645): avc: denied { kill } for comm="swapper/2" capability=5 scontext=u:r:kernel:s0 tcontext=u:r:kernel:s0 tclass=capability permissive=0
12-01 09:16:26.351 0 0 I auditd : type=1400 audit(0.0:20646): avc: denied { kill } for comm="swapper/2" capability=5 scontext=u:r:kernel:s0 tcontext=u:r:kernel:s0 tclass=capability permissive=0
12-01 09:16:27.351 0 0 I auditd : type=1400 audit(0.0:20647): avc: denied { kill } for comm="swapper/2" capability=5 scontext=u:r:kernel:s0 tcontext=u:r:kernel:s0 tclass=capability permissive=0
12-01 09:16:29.351 0 0 I auditd : type=1400 audit(0.0:20648): avc: denied { kill } for comm="swapper/2" capability=5 scontext=u:r:kernel:s0 tcontext=u:r:kernel:s0 tclass=capability permissive=0
12-01 09:16:30.351 0 0 I auditd : type=1400 audit(0.0:20649): avc: denied { kill } for comm="swapper/2" capability=5 scontext=u:r:kernel:s0 tcontext=u:r:kernel:s0 tclass=capability permissive=0
12-01 09:16:31.351 0 0 I auditd : type=1400 audit(0.0:20650): avc: denied { kill } for comm="swapper/2" capability=5 scontext=u:r:kernel:s0 tcontext=u:r:kernel:s0 tclass=capability permissive=0
12-01 09:16:32.351 0 0 I auditd : type=1400 audit(0.0:20651): avc: denied { kill } for comm="swapper/2" capability=5 scontext=u:r:kernel:s0 tcontext=u:r:kernel:s0 tclass=capability permissive=0
12-01 09:16:33.351 0 0 I auditd : type=1400 audit(0.0:20652): avc: denied { kill } for comm="swapper/2" capability=5 scontext=u:r:kernel:s0 tcontext=u:r:kernel:s0 tclass=capability permissive=0
12-01 09:16:34.351 0 0 I auditd : type=1400 audit(0.0:20653): avc: denied { kill } for comm="swapper/2" capability=5 scontext=u:r:kernel:s0 tcontext=u:r:kernel:s0 tclass=capability permissive=0
12-01 09:16:35.351 0 0 I auditd : type=1400 audit(0.0:20654): avc: denied { kill } for comm="swapper/2" capability=5 scontext=u:r:kernel:s0 tcontext=u:r:kernel:s0 tclass=capability permissive=0
12-01 09:16:36.351 0 0 I auditd : type=1400 audit(0.0:20655): avc: denied { kill } for comm="swapper/2" capability=5 scontext=u:r:kernel:s0 tcontext=u:r:kernel:s0 tclass=capability permissive=0
12-01 09:16:36.702 1508 1508 I notification_enqueue: [10097,9319,com.github.uiautomator,1,NULL,0,Notification(channel=monitor service shortcut=null contentView=null vibrate=null sound=null tick defaults=0x0 flags=0x40 color=0x00000000 vis=PRIVATE),1]
12-01 09:16:37.351 0 0 I auditd : type=1400 audit(0.0:20656): avc: denied { kill } for comm="swapper/2" capability=5 scontext=u:r:kernel:s0 tcontext=u:r:kernel:s0 tclass=capability permissive=0
12-01 09:16:38.351 0 0 I auditd : type=1400 audit(0.0:20657): avc: denied { kill } for comm="swapper/2" capability=5 scontext=u:r:kernel:s0 tcontext=u:r:kernel:s0 tclass=capability permissive=0
12-01 09:16:39.351 0 0 I auditd : type=1400 audit(0.0:20658): avc: denied { kill } for comm="swapper/2" capability=5 scontext=u:r:kernel:s0 tcontext=u:r:kernel:s0 tclass=capability permissive=0
12-01 09:16:40.351 0 0 I auditd : type=1400 audit(0.0:20659): avc: denied { kill } for comm="swapper/2" capability=5 scontext=u:r:kernel:s0 tcontext=u:r:kernel:s0 tclass=capability permissive=0
12-01 09:16:41.351 0 0 I auditd : type=1400 audit(0.0:20660): avc: denied { kill } for comm="swapper/2" capability=5 scontext=u:r:kernel:s0 tcontext=u:r:kernel:s0 tclass=capability permissive=0
12-01 09:16:42.351 0 0 I auditd : type=1400 audit(0.0:20661): avc: denied { kill } for comm="swapper/2" capability=5 scontext=u:r:kernel:s0 tcontext=u:r:kernel:s0 tclass=capability permissive=0
12-01 09:16:43.351 0 0 I auditd : type=1400 audit(0.0:20662): avc: denied { kill } for comm="swapper/2" capability=5 scontext=u:r:kernel:s0 tcontext=u:r:kernel:s0 tclass=capability permissive=0
12-01 09:16:44.351 0 0 I auditd : type=1400 audit(0.0:20663): avc: denied { kill } for comm="swapper/2" capability=5 scontext=u:r:kernel:s0 tcontext=u:r:kernel:s0 tclass=capability permissive=0
12-01 09:16:45.351 0 0 I auditd : type=1400 audit(0.0:20664): avc: denied { kill } for comm="swapper/2" capability=5 scontext=u:r:kernel:s0 tcontext=u:r:kernel:s0 tclass=capability permissive=0
12-01 09:16:46.351 0 0 I auditd : type=1400 audit(0.0:20665): avc: denied { kill } for comm="swapper/2" capability=5 scontext=u:r:kernel:s0 tcontext=u:r:kernel:s0 tclass=capability permissive=0
12-01 09:16:47.351 0 0 I auditd : type=1400 audit(0.0:20666): avc: denied { kill } for comm="swapper/2" capability=5 scontext=u:r:kernel:s0 tcontext=u:r:kernel:s0 tclass=capability permissive=0
12-01 09:16:48.351 0 0 I auditd : type=1400 audit(0.0:20667): avc: denied { kill } for comm="swapper/2" capability=5 scontext=u:r:kernel:s0 tcontext=u:r:kernel:s0 tclass=capability permissive=0
12-01 09:16:49.351 0 0 I auditd : type=1400 audit(0.0:20668): avc: denied { kill } for comm="swapper/2" capability=5 scontext=u:r:kernel:s0 tcontext=u:r:kernel:s0 tclass=capability permissive=0
12-01 09:16:50.351 0 0 I auditd : type=1400 audit(0.0:20669): avc: denied { kill } for comm="swapper/2" capability=5 scontext=u:r:kernel:s0 tcontext=u:r:kernel:s0 tclass=capability permissive=0
12-01 09:16:51.351 0 0 I auditd : type=1400 audit(0.0:20670): avc: denied { kill } for comm="swapper/2" capability=5 scontext=u:r:kernel:s0 tcontext=u:r:kernel:s0 tclass=capability permissive=0
12-01 09:16:52.351 0 0 I auditd : type=1400 audit(0.0:20671): avc: denied { kill } for comm="swapper/2" capability=5 scontext=u:r:kernel:s0 tcontext=u:r:kernel:s0 tclass=capability permissive=0
12-01 09:16:53.351 0 0 I auditd : type=1400 audit(0.0:20672): avc: denied { kill } for comm="swapper/2" capability=5 scontext=u:r:kernel:s0 tcontext=u:r:kernel:s0 tclass=capability permissive=0
12-01 09:16:54.351 0 0 I auditd : type=1400 audit(0.0:20673): avc: denied { kill } for comm="swapper/2" capability=5 scontext=u:r:kernel:s0 tcontext=u:r:kernel:s0 tclass=capability permissive=0
12-01 09:16:55.351 0 0 I auditd : type=1400 audit(0.0:20674): avc: denied { kill } for comm="swapper/2" capability=5 scontext=u:r:kernel:s0 tcontext=u:r:kernel:s0 tclass=capability permissive=0
12-01 09:16:56.351 0 0 I auditd : type=1400 audit(0.0:20675): avc: denied { kill } for comm="swapper/2" capability=5 scontext=u:r:kernel:s0 tcontext=u:r:kernel:s0 tclass=capability permissive=0
12-01 09:16:57.672 1508 1648 I am_uid_idle: 10070
12-01 09:17:00.351 0 0 I auditd : type=1400 audit(0.0:20676): avc: denied { kill } for comm="swapper/1" capability=5 scontext=u:r:kernel:s0 tcontext=u:r:kernel:s0 tclass=capability permissive=0
12-01 09:17:01.351 0 0 I auditd : type=1400 audit(0.0:20677): avc: denied { kill } for comm="swapper/1" capability=5 scontext=u:r:kernel:s0 tcontext=u:r:kernel:s0 tclass=capability permissive=0
12-01 09:17:03.351 0 0 I auditd : type=1400 audit(0.0:20678): avc: denied { kill } for comm="swapper/1" capability=5 scontext=u:r:kernel:s0 tcontext=u:r:kernel:s0 tclass=capability permissive=0
12-01 09:17:05.351 0 0 I auditd : type=1400 audit(0.0:20679): avc: denied { kill } for comm="swapper/1" capability=5 scontext=u:r:kernel:s0 tcontext=u:r:kernel:s0 tclass=capability permissive=0
12-01 09:17:06.351 0 0 I auditd : type=1400 audit(0.0:20680): avc: denied { kill } for comm="swapper/1" capability=5 scontext=u:r:kernel:s0 tcontext=u:r:kernel:s0 tclass=capability permissive=0
12-01 09:17:06.824 1508 1508 I notification_enqueue: [10097,9319,com.github.uiautomator,1,NULL,0,Notification(channel=monitor service shortcut=null contentView=null vibrate=null sound=null tick defaults=0x0 flags=0x40 color=0x00000000 vis=PRIVATE),1]
12-01 09:17:07.351 0 0 I auditd : type=1400 audit(0.0:20681): avc: denied { kill } for comm="swapper/1" capability=5 scontext=u:r:kernel:s0 tcontext=u:r:kernel:s0 tclass=capability permissive=0
12-01 09:17:08.351 0 0 I auditd : type=1400 audit(0.0:20682): avc: denied { kill } for comm="swapper/1" capability=5 scontext=u:r:kernel:s0 tcontext=u:r:kernel:s0 tclass=capability permissive=0
12-01 09:17:09.351 0 0 I auditd : type=1400 audit(0.0:20683): avc: denied { kill } for comm="swapper/1" capability=5 scontext=u:r:kernel:s0 tcontext=u:r:kernel:s0 tclass=capability permissive=0
12-01 09:17:10.351 0 0 I auditd : type=1400 audit(0.0:20684): avc: denied { kill } for comm="swapper/1" capability=5 scontext=u:r:kernel:s0 tcontext=u:r:kernel:s0 tclass=capability permissive=0
12-01 09:17:11.351 0 0 I auditd : type=1400 audit(0.0:20685): avc: denied { kill } for comm="swapper/1" capability=5 scontext=u:r:kernel:s0 tcontext=u:r:kernel:s0 tclass=capability permissive=0
12-01 09:17:12.351 0 0 I auditd : type=1400 audit(0.0:20686): avc: denied { kill } for comm="swapper/1" capability=5 scontext=u:r:kernel:s0 tcontext=u:r:kernel:s0 tclass=capability permissive=0
12-01 09:17:13.351 0 0 I auditd : type=1400 audit(0.0:20687): avc: denied { kill } for comm="swapper/1" capability=5 scontext=u:r:kernel:s0 tcontext=u:r:kernel:s0 tclass=capability permissive=0
12-01 09:17:14.351 0 0 I auditd : type=1400 audit(0.0:20688): avc: denied { kill } for comm="swapper/1" capability=5 scontext=u:r:kernel:s0 tcontext=u:r:kernel:s0 tclass=capability permissive=0
12-01 09:17:15.351 0 0 I auditd : type=1400 audit(0.0:20689): avc: denied { kill } for comm="swapper/1" capability=5 scontext=u:r:kernel:s0 tcontext=u:r:kernel:s0 tclass=capability permissive=0
12-01 09:17:16.197 1508 1768 I am_freeze: [30037,com.android.musicfx]
12-01 09:17:16.201 1508 1768 I am_freeze: [29140,com.android.music]
12-01 09:17:16.202 1508 1768 I am_kill : [0,30037,com.android.musicfx,965,Unable to freeze binder interface]
12-01 09:17:16.208 1508 1768 I am_kill : [0,29140,com.android.music,900,Unable to freeze binder interface]
12-01 09:17:16.226 1508 10935 I am_proc_died: [0,30037,com.android.musicfx,965,19]
12-01 09:17:16.226 1508 10935 I am_uid_stopped: 10018
12-01 09:17:16.237 1508 1647 I am_pss : [30959,10061,com.android.soundrecorder,5776384,3821568,0,88498176,0,19,5]
12-01 09:17:16.245 1508 1647 I am_pss : [30958,1000,com.android.settings,20999168,13037568,0,111017984,0,19,5]
12-01 09:17:16.252 1508 6436 I am_proc_died: [0,29140,com.android.music,900,18]
12-01 09:17:16.254 1508 6436 I am_uid_stopped: 10086
12-01 09:17:16.260 1508 1636 I am_uid_running: 10086
12-01 09:17:16.276 1508 1649 I am_proc_start: [0,31016,10086,com.android.music,NULL,]
12-01 09:17:16.311 1508 6436 I am_proc_bound: [0,31016,com.android.music]
12-01 09:17:16.351 0 0 I auditd : type=1400 audit(0.0:20690): avc: denied { kill } for comm="swapper/1" capability=5 scontext=u:r:kernel:s0 tcontext=u:r:kernel:s0 tclass=capability permissive=0
12-01 09:17:17.351 0 0 I auditd : type=1400 audit(0.0:20691): avc: denied { kill } for comm="swapper/1" capability=5 scontext=u:r:kernel:s0 tcontext=u:r:kernel:s0 tclass=capability permissive=0
12-01 09:17:18.351 0 0 I auditd : type=1400 audit(0.0:20692): avc: denied { kill } for comm="swapper/1" capability=5 scontext=u:r:kernel:s0 tcontext=u:r:kernel:s0 tclass=capability permissive=0
12-01 09:17:19.351 0 0 I auditd : type=1400 audit(0.0:20693): avc: denied { kill } for comm="swapper/1" capability=5 scontext=u:r:kernel:s0 tcontext=u:r:kernel:s0 tclass=capability permissive=0
12-01 09:17:20.351 0 0 I auditd : type=1400 audit(0.0:20694): avc: denied { kill } for comm="swapper/1" capability=5 scontext=u:r:kernel:s0 tcontext=u:r:kernel:s0 tclass=capability permissive=0
12-01 09:17:21.351 0 0 I auditd : type=1400 audit(0.0:20695): avc: denied { kill } for comm="swapper/1" capability=5 scontext=u:r:kernel:s0 tcontext=u:r:kernel:s0 tclass=capability permissive=0
12-01 09:17:23.351 0 0 I auditd : type=1400 audit(0.0:20696): avc: denied { kill } for comm="swapper/1" capability=5 scontext=u:r:kernel:s0 tcontext=u:r:kernel:s0 tclass=capability permissive=0
12-01 09:17:24.351 0 0 I auditd : type=1400 audit(0.0:20697): avc: denied { kill } for comm="swapper/1" capability=5 scontext=u:r:kernel:s0 tcontext=u:r:kernel:s0 tclass=capability permissive=0
12-01 09:17:25.351 0 0 I auditd : type=1400 audit(0.0:20698): avc: denied { kill } for comm="swapper/1" capability=5 scontext=u:r:kernel:s0 tcontext=u:r:kernel:s0 tclass=capability permissive=0
12-01 09:17:26.351 0 0 I auditd : type=1400 audit(0.0:20699): avc: denied { kill } for comm="swapper/1" capability=5 scontext=u:r:kernel:s0 tcontext=u:r:kernel:s0 tclass=capability permissive=0
12-01 09:17:27.351 0 0 I auditd : type=1400 audit(0.0:20700): avc: denied { kill } for comm="swapper/1" capability=5 scontext=u:r:kernel:s0 tcontext=u:r:kernel:s0 tclass=capability permissive=0
12-01 09:17:28.351 0 0 I auditd : type=1400 audit(0.0:20701): avc: denied { kill } for comm="swapper/1" capability=5 scontext=u:r:kernel:s0 tcontext=u:r:kernel:s0 tclass=capability permissive=0
12-01 09:17:28.967 1508 2005 I input_interaction: Interaction with: 2d2b5e1 com.thundercomm.screensaver/android.service.dreams.DreamActivity (server), edge-swipe (server), swipe-up (server), PointerEventDispatcher0 (server),
12-01 09:17:28.970 1508 6436 I wm_finish_activity: [0,108394597,355,com.thundercomm.screensaver/android.service.dreams.DreamActivity,finish-activity]
12-01 09:17:28.971 1508 6436 I wm_task_moved: [1,1,5]
12-01 09:17:28.972 1508 6436 I wm_task_moved: [10,1,2147483647]
12-01 09:17:28.972 1508 6436 I wm_task_to_front: [0,10]
12-01 09:17:28.972 1508 6436 I wm_focused_root_task: [0,0,1,355,finish-top adjustFocusToNextFocusableTask]
12-01 09:17:28.972 1508 6436 I wm_set_resumed_activity: [0,com.android.launcher3/.uioverrides.QuickstepLauncher,finish-top adjustFocusToNextFocusableTask]
12-01 09:17:28.974 1508 6436 I wm_pause_activity: [0,108394597,com.thundercomm.screensaver/android.service.dreams.DreamActivity,userLeaving=false,finish]
12-01 09:17:28.983 1508 1636 I sysui_multi_action: [757,803,799,window_time_0,802,98]
12-01 09:17:28.985 19950 19950 I wm_on_top_resumed_lost_called: [108394597,android.service.dreams.DreamActivity,topStateChangedWhenResumed]
12-01 09:17:28.985 19950 19950 I wm_on_paused_called: [108394597,android.service.dreams.DreamActivity,performPause]
12-01 09:17:28.985 1508 8059 I wm_add_to_stopping: [0,108394597,com.thundercomm.screensaver/android.service.dreams.DreamActivity,completeFinishing]
12-01 09:17:28.987 1508 8059 I wm_set_resumed_activity: [0,com.android.launcher3/.uioverrides.QuickstepLauncher,resumeTopActivityInnerLocked]
12-01 09:17:28.990 1508 8059 I wm_resume_activity: [0,103113767,10,com.android.launcher3/.uioverrides.QuickstepLauncher]
12-01 09:17:29.000 19950 19950 I view_enqueue_input_event: [Motion - Cancel,com.thundercomm.screensaver/android.service.dreams.DreamActivity]
12-01 09:17:29.000 1508 2005 I input_focus: [Focus leaving 2d2b5e1 com.thundercomm.screensaver/android.service.dreams.DreamActivity (server),reason=NO_WINDOW]
12-01 09:17:29.003 1508 1636 I sysui_multi_action: [757,803,799,window_time_0,802,0]
12-01 09:17:29.003 2822 2822 I wm_on_restart_called: [103113767,com.android.launcher3.uioverrides.QuickstepLauncher,performRestartActivity]
12-01 09:17:29.004 2822 2822 I wm_on_start_called: [103113767,com.android.launcher3.uioverrides.QuickstepLauncher,handleStartActivity]
12-01 09:17:29.004 2822 2822 I wm_on_resume_called: [103113767,com.android.launcher3.uioverrides.QuickstepLauncher,RESUME_ACTIVITY]
12-01 09:17:29.004 2822 2822 I wm_on_top_resumed_gained_called: [103113767,com.android.launcher3.uioverrides.QuickstepLauncher,topWhenResuming]
12-01 09:17:29.018 1508 1637 I input_focus: [Focus request e9e80a1 com.android.launcher3/com.android.launcher3.uioverrides.QuickstepLauncher,reason=UpdateInputWindows]
12-01 09:17:29.044 1508 2005 I input_focus: [Focus entering e9e80a1 com.android.launcher3/com.android.launcher3.uioverrides.QuickstepLauncher (server),reason=Window became focusable. Previous reason: NOT_VISIBLE]
12-01 09:17:29.107 1508 1508 I am_uid_active: 10070
12-01 09:17:29.283 1508 1636 I wm_destroy_activity: [0,108394597,355,com.thundercomm.screensaver/android.service.dreams.DreamActivity,finish-imm:idle]
12-01 09:17:29.291 19950 19950 I wm_on_stop_called: [108394597,android.service.dreams.DreamActivity,LIFECYCLER_STOP_ACTIVITY]
12-01 09:17:29.292 19950 19950 I wm_on_destroy_called: [108394597,android.service.dreams.DreamActivity,performDestroy]
12-01 09:17:29.307 1508 1633 I sysui_multi_action: [757,222,758,2]
12-01 09:17:29.307 1508 1633 I sysui_multi_action: [757,804,799,dreaming_minutes,801,1,802,1]
12-01 09:17:29.327 1508 8059 I wm_task_removed: [355,removeChild:removeChild last r=ActivityRecord{675f865 u0 com.thundercomm.screensaver/android.service.dreams.DreamActivity t-1 f}} in t=Task{3e065b6 #355 type=dream A=10042:android:com.thundercomm.screensaver/dream U=0 visible=false mode=fullscreen translucent=true sz=0}]
12-01 09:17:29.327 1508 8059 I wm_task_removed: [355,removeChild]
12-01 09:17:29.351 0 0 I auditd : type=1400 audit(0.0:20702): avc: denied { kill } for comm="swapper/1" capability=5 scontext=u:r:kernel:s0 tcontext=u:r:kernel:s0 tclass=capability permissive=0
12-01 09:17:31.351 0 0 I auditd : type=1400 audit(0.0:20703): avc: denied { kill } for comm="swapper/1" capability=5 scontext=u:r:kernel:s0 tcontext=u:r:kernel:s0 tclass=capability permissive=0
12-01 09:17:32.351 0 0 I auditd : type=1400 audit(0.0:20704): avc: denied { kill } for comm="swapper/1" capability=5 scontext=u:r:kernel:s0 tcontext=u:r:kernel:s0 tclass=capability permissive=0
12-01 09:17:33.203 1508 2305 I netstats_mobile_sample: [0,0,0,0,0,0,0,0,0,0,0,0,1669857453202]
12-01 09:17:33.203 1508 2305 I netstats_wifi_sample: [324002088,714924,196773143,460145,324002088,714924,196773143,460145,426631019,1469576,99184360,239668,1669857453202]
12-01 09:17:33.351 0 0 I auditd : type=1400 audit(0.0:20705): avc: denied { kill } for comm="swapper/1" capability=5 scontext=u:r:kernel:s0 tcontext=u:r:kernel:s0 tclass=capability permissive=0
12-01 09:17:33.423 1508 1768 I am_freeze: [30571,com.android.calendar]
12-01 09:17:33.425 1508 1768 I am_kill : [0,30571,com.android.calendar,965,Unable to freeze binder interface]
12-01 09:17:33.450 1508 8059 I am_proc_died: [0,30571,com.android.calendar,965,19]
12-01 09:17:33.451 1508 8059 I am_uid_stopped: 10066
12-01 09:17:33.455 1508 1636 I am_uid_running: 10066
12-01 09:17:33.471 1508 1649 I am_proc_start: [0,31034,10066,com.android.calendar,NULL,]
12-01 09:17:33.501 1508 1602 I am_proc_bound: [0,31034,com.android.calendar]
12-01 09:17:34.351 0 0 I auditd : type=1400 audit(0.0:20706): avc: denied { kill } for comm="swapper/1" capability=5 scontext=u:r:kernel:s0 tcontext=u:r:kernel:s0 tclass=capability permissive=0
12-01 09:17:35.351 0 0 I auditd : type=1400 audit(0.0:20707): avc: denied { kill } for comm="swapper/1" capability=5 scontext=u:r:kernel:s0 tcontext=u:r:kernel:s0 tclass=capability permissive=0
12-01 09:17:36.351 0 0 I auditd : type=1400 audit(0.0:20708): avc: denied { kill } for comm="swapper/1" capability=5 scontext=u:r:kernel:s0 tcontext=u:r:kernel:s0 tclass=capability permissive=0
12-01 09:17:36.925 1508 1508 I notification_enqueue: [10097,9319,com.github.uiautomator,1,NULL,0,Notification(channel=monitor service shortcut=null contentView=null vibrate=null sound=null tick defaults=0x0 flags=0x40 color=0x00000000 vis=PRIVATE),1]
12-01 09:17:37.351 0 0 I auditd : type=1400 audit(0.0:20709): avc: denied { kill } for comm="swapper/1" capability=5 scontext=u:r:kernel:s0 tcontext=u:r:kernel:s0 tclass=capability permissive=0
12-01 09:17:38.351 0 0 I auditd : type=1400 audit(0.0:20710): avc: denied { kill } for comm="swapper/1" capability=5 scontext=u:r:kernel:s0 tcontext=u:r:kernel:s0 tclass=capability permissive=0
12-01 09:17:40.351 0 0 I auditd : type=1400 audit(0.0:20711): avc: denied { kill } for comm="swapper/1" capability=5 scontext=u:r:kernel:s0 tcontext=u:r:kernel:s0 tclass=capability permissive=0
12-01 09:17:41.351 0 0 I auditd : type=1400 audit(0.0:20712): avc: denied { kill } for comm="swapper/1" capability=5 scontext=u:r:kernel:s0 tcontext=u:r:kernel:s0 tclass=capability permissive=0
12-01 09:17:42.058 1508 2005 I input_interaction: Interaction with: e9e80a1 com.android.launcher3/com.android.launcher3.uioverrides.QuickstepLauncher (server), 5ecd4a7 com.android.systemui.ImageWallpaper (server), edge-swipe (server), swipe-up (server), PointerEventDispatcher0 (server),
12-01 09:17:43.088 1508 8059 I wm_task_created: [356,-1]
12-01 09:17:43.095 1508 8059 I wm_task_moved: [356,1,6]
12-01 09:17:43.095 1508 8059 I wm_task_to_front: [0,356]
12-01 09:17:43.095 1508 8059 I wm_create_task: [0,356]
12-01 09:17:43.095 1508 8059 I wm_create_activity: [0,200154755,356,com.android.gallery3d/.app.GalleryActivity,NULL,NULL,NULL,268468224]
12-01 09:17:43.095 1508 8059 I wm_task_moved: [356,1,6]
12-01 09:17:43.100 1508 8059 I wm_restart_activity: [0,200154755,356,com.android.gallery3d/.app.GalleryActivity]
12-01 09:17:43.101 1508 8059 I wm_set_resumed_activity: [0,com.android.gallery3d/.app.GalleryActivity,minimalResumeActivityLocked]
12-01 09:17:43.106 1508 1636 I am_uid_active: 10064
12-01 09:17:43.117 2822 2822 I wm_on_top_resumed_lost_called: [103113767,com.android.launcher3.uioverrides.QuickstepLauncher,topStateChangedWhenResumed]
12-01 09:17:43.155 30865 30865 I wm_on_create_called: [200154755,com.android.gallery3d.app.GalleryActivity,performCreate]
12-01 09:17:43.156 30865 30865 I wm_on_start_called: [200154755,com.android.gallery3d.app.GalleryActivity,handleStartActivity]
12-01 09:17:43.159 30865 30865 I wm_on_resume_called: [200154755,com.android.gallery3d.app.GalleryActivity,RESUME_ACTIVITY]
12-01 09:17:43.165 30865 30865 I wm_on_top_resumed_gained_called: [200154755,com.android.gallery3d.app.GalleryActivity,topStateChangedWhenResumed]
12-01 09:17:43.187 1508 1637 I input_focus: [Focus request 675d1a9 com.android.gallery3d/com.android.gallery3d.app.GalleryActivity,reason=UpdateInputWindows]
12-01 09:17:43.212 1508 2005 I input_focus: [Focus leaving e9e80a1 com.android.launcher3/com.android.launcher3.uioverrides.QuickstepLauncher (server),reason=Waiting for window because NOT_VISIBLE]
12-01 09:17:43.264 1508 2005 I input_focus: [Focus entering 675d1a9 com.android.gallery3d/com.android.gallery3d.app.GalleryActivity (server),reason=Window became focusable. Previous reason: NOT_VISIBLE]
12-01 09:17:43.281 1508 1633 I sysui_multi_action: [319,177,322,177,325,19481,757,761,758,8,759,2,806,com.android.gallery3d,871,com.android.gallery3d.app.GalleryActivity,904,com.android.launcher3,905,0,1320,8,1321,5]
12-01 09:17:43.283 1508 1633 I wm_activity_launch_time: [0,200154755,com.android.gallery3d/.app.GalleryActivity,177]
12-01 09:17:43.286 1508 1647 I am_pss : [31016,10086,com.android.music,6520832,4222976,0,89755648,0,19,6]
12-01 09:17:43.351 726 726 I auditd : type=1400 audit(0.0:20713): avc: denied { kill } for comm="crtc_commit:125" capability=5 scontext=u:r:kernel:s0 tcontext=u:r:kernel:s0 tclass=capability permissive=0
12-01 09:17:44.051 1508 2005 I input_interaction: Interaction with: 675d1a9 com.android.gallery3d/com.android.gallery3d.app.GalleryActivity (server), edge-swipe (server), swipe-up (server), PointerEventDispatcher0 (server),
12-01 09:17:44.351 0 0 I auditd : type=1400 audit(0.0:20714): avc: denied { kill } for comm="swapper/1" capability=5 scontext=u:r:kernel:s0 tcontext=u:r:kernel:s0 tclass=capability permissive=0
12-01 09:17:45.177 1508 8124 I wm_relaunch_resume_activity: [0,200154755,356,com.android.gallery3d/.app.GalleryActivity]
12-01 09:17:45.178 1508 8124 I wm_add_to_stopping: [0,103113767,com.android.launcher3/.uioverrides.QuickstepLauncher,makeInvisible]
12-01 09:17:45.185 30865 30865 I wm_on_top_resumed_lost_called: [200154755,com.android.gallery3d.app.GalleryActivity,pausing]
12-01 09:17:45.208 30865 30865 I wm_on_paused_called: [200154755,com.android.gallery3d.app.GalleryActivity,performPause]
12-01 09:17:45.209 30865 30865 I wm_on_stop_called: [200154755,com.android.gallery3d.app.GalleryActivity,handleRelaunchActivity]
12-01 09:17:45.213 30865 30865 I wm_on_destroy_called: [200154755,com.android.gallery3d.app.GalleryActivity,performDestroy]
12-01 09:17:45.245 30865 30865 I wm_on_create_called: [200154755,com.android.gallery3d.app.GalleryActivity,performCreate]
12-01 09:17:45.247 30865 30865 I wm_on_start_called: [200154755,com.android.gallery3d.app.GalleryActivity,handleStartActivity]
12-01 09:17:45.258 30865 30865 I wm_on_resume_called: [200154755,com.android.gallery3d.app.GalleryActivity,RESUME_ACTIVITY]
12-01 09:17:45.258 30865 30865 I wm_on_top_resumed_gained_called: [200154755,com.android.gallery3d.app.GalleryActivity,topWhenResuming]
12-01 09:17:45.274 1508 1508 I notification_enqueue: [10082,18856,com.android.systemui,2048,NULL,0,Notification(channel=updateNotification shortcut=null contentView=null vibrate=null sound=null defaults=0x0 flags=0x0 color=0x00000000 vis=PRIVATE),1]
12-01 09:17:45.275 18856 18856 I sysui_multi_action: [757,111,758,2]
12-01 09:17:45.276 18856 18856 I sysui_multi_action: [757,111,758,2]
12-01 09:17:45.292 18856 18856 I sysui_multi_action: [757,111,758,1]
12-01 09:17:45.292 18856 18856 I sysui_multi_action: [757,126,758,1,759,126,927,0,928,1,1593,0]
12-01 09:17:45.293 18856 18856 I sysui_multi_action: [757,113,758,1,759,113,927,1,928,1,1593,0]
12-01 09:17:45.293 18856 18856 I sysui_multi_action: [757,0,758,1,759,0,927,2,928,0,1593,0]
12-01 09:17:45.293 18856 18856 I sysui_multi_action: [757,0,758,1,759,0,927,3,928,0,1593,0]
12-01 09:17:45.294 18856 18856 I sysui_multi_action: [757,491,758,1,759,491,927,4,928,0,1311,-1,1593,0]
12-01 09:17:45.294 18856 18856 I sysui_multi_action: [757,0,758,1,759,0,927,5,928,0,1593,0]
12-01 09:17:45.294 18856 18856 I sysui_multi_action: [757,111,758,1]
12-01 09:17:45.295 18856 18856 I sysui_multi_action: [757,126,758,1,759,126,927,0,928,1,1593,0]
12-01 09:17:45.295 18856 18856 I sysui_multi_action: [757,113,758,1,759,113,927,1,928,1,1593,0]
12-01 09:17:45.295 18856 18856 I sysui_multi_action: [757,0,758,1,759,0,927,2,928,0,1593,0]
12-01 09:17:45.295 18856 18856 I sysui_multi_action: [757,0,758,1,759,0,927,3,928,0,1593,0]
12-01 09:17:45.477 1508 1508 I sysui_multi_action: [757,1501,758,1,793,744183,794,0,795,205,796,2048,806,com.android.systemui,857,updateNotification,858,3,947,0,1500,0,1688,1]
12-01 09:17:45.477 1508 1508 I sysui_multi_action: [757,804,799,note_interruptive,801,0,802,1]
12-01 09:17:45.477 1508 1508 I sysui_multi_action: [757,199,758,1,759,2,793,744184,794,0,795,206,796,2048,806,com.android.systemui,857,updateNotification,858,3,947,0,1500,1,1688,1]
12-01 09:17:45.477 1508 1508 I notification_alert: [0|com.android.systemui|2048|null|10082,0,1,0]
12-01 09:17:45.635 1508 1636 I wm_stop_activity: [0,103113767,com.android.launcher3/.uioverrides.QuickstepLauncher]
12-01 09:17:45.670 2822 2822 I wm_on_paused_called: [103113767,com.android.launcher3.uioverrides.QuickstepLauncher,performPause]
12-01 09:17:45.673 2822 2822 I wm_on_stop_called: [103113767,com.android.launcher3.uioverrides.QuickstepLauncher,STOP_ACTIVITY_ITEM]
12-01 09:17:46.139 1508 6436 I wm_task_moved: [1,0,0]
