12-01 09:25:37.585 2822 2822 I wm_on_top_resumed_lost_called: [103113767,com.android.launcher3.uioverrides.QuickstepLauncher,topStateChangedWhenResumed]
12-01 09:25:37.624 1508 3610 I wm_task_moved: [381,1,6]
12-01 09:25:37.625 1508 3610 I wm_set_resumed_activity: [0,com.android.deskclock/.DeskClock,positionChildAt]
12-01 09:25:37.625 1508 3610 I wm_create_activity: [0,181017346,381,com.android.permissioncontroller/.permission.ui.GrantPermissionsActivity,android.content.pm.action.REQUEST_PERMISSIONS,NULL,NULL,8388608]
12-01 09:25:37.626 1508 3610 I wm_pause_activity: [0,24385553,com.android.deskclock/.DeskClock,userLeaving=true,resumeTopActivityInnerLocked]
12-01 09:25:37.639 31926 31926 I wm_on_create_called: [24385553,com.android.deskclock.DeskClock,performCreate]
12-01 09:25:37.640 31926 31926 I wm_on_start_called: [24385553,com.android.deskclock.DeskClock,handleStartActivity]
12-01 09:25:37.641 31926 31926 I wm_on_resume_called: [24385553,com.android.deskclock.DeskClock,RESUME_ACTIVITY]
12-01 09:25:37.646 31926 31926 I wm_on_top_resumed_gained_called: [24385553,com.android.deskclock.DeskClock,topStateChangedWhenResumed]
12-01 09:25:37.646 31926 31926 I wm_on_top_resumed_lost_called: [24385553,com.android.deskclock.DeskClock,topStateChangedWhenResumed]
12-01 09:25:37.646 31926 31926 I wm_on_paused_called: [24385553,com.android.deskclock.DeskClock,performPause]
12-01 09:25:37.649 1508 10935 I wm_restart_activity: [0,181017346,381,com.android.permissioncontroller/.permission.ui.GrantPermissionsActivity]
12-01 09:25:37.651 1508 10935 I wm_set_resumed_activity: [0,com.android.permissioncontroller/.permission.ui.GrantPermissionsActivity,minimalResumeActivityLocked]
12-01 09:25:37.651 1508 1636 I am_uid_active: 10094
12-01 09:25:37.655 1508 1636 I sysui_multi_action: [757,803,799,window_time_0,802,5]
12-01 09:25:37.675 29601 29601 I wm_on_create_called: [181017346,com.android.permissioncontroller.permission.ui.GrantPermissionsActivity,performCreate]
12-01 09:25:37.676 29601 29601 I wm_on_start_called: [181017346,com.android.permissioncontroller.permission.ui.GrantPermissionsActivity,handleStartActivity]
12-01 09:25:37.676 29601 29601 I wm_on_resume_called: [181017346,com.android.permissioncontroller.permission.ui.GrantPermissionsActivity,RESUME_ACTIVITY]
12-01 09:25:37.679 29601 29601 I wm_on_top_resumed_gained_called: [181017346,com.android.permissioncontroller.permission.ui.GrantPermissionsActivity,topStateChangedWhenResumed]
12-01 09:25:37.683 1508 3610 I wm_finish_activity: [0,181017346,381,com.android.permissioncontroller/.permission.ui.GrantPermissionsActivity,app-request]
12-01 09:25:37.685 1508 3610 I wm_pause_activity: [0,181017346,com.android.permissioncontroller/.permission.ui.GrantPermissionsActivity,userLeaving=false,finish]
12-01 09:25:37.693 29601 29601 I wm_on_top_resumed_lost_called: [181017346,com.android.permissioncontroller.permission.ui.GrantPermissionsActivity,topStateChangedWhenResumed]
12-01 09:25:37.693 29601 29601 I wm_on_paused_called: [181017346,com.android.permissioncontroller.permission.ui.GrantPermissionsActivity,performPause]
12-01 09:25:37.695 1508 6542 I wm_add_to_stopping: [0,181017346,com.android.permissioncontroller/.permission.ui.GrantPermissionsActivity,completeFinishing]
12-01 09:25:37.696 1508 6542 I wm_set_resumed_activity: [0,com.android.deskclock/.DeskClock,resumeTopActivityInnerLocked]
12-01 09:25:37.698 1508 6542 I wm_resume_activity: [0,24385553,381,com.android.deskclock/.DeskClock]
12-01 09:25:37.706 1508 1637 I input_focus: [Focus request b990f7c com.android.deskclock/com.android.deskclock.DeskClock,reason=UpdateInputWindows]
12-01 09:25:37.709 1508 1636 I sysui_multi_action: [757,803,799,window_time_2,802,0]
12-01 09:25:37.719 1508 2005 I input_focus: [Focus leaving e9e80a1 com.android.launcher3/com.android.launcher3.uioverrides.QuickstepLauncher (server),reason=Waiting for window because NOT_VISIBLE]
12-01 09:25:37.773 31926 31926 I wm_on_activity_result_called: [24385553,com.android.deskclock.DeskClock,ACTIVITY_RESULT]
12-01 09:25:37.773 31926 31926 I wm_on_resume_called: [24385553,com.android.deskclock.DeskClock,RESUME_ACTIVITY]
12-01 09:25:37.774 31926 31926 I wm_on_top_resumed_gained_called: [24385553,com.android.deskclock.DeskClock,topWhenResuming]
12-01 09:25:37.786 1508 2005 I input_focus: [Focus entering b990f7c com.android.deskclock/com.android.deskclock.DeskClock (server),reason=Window became focusable. Previous reason: NOT_VISIBLE]
12-01 09:25:38.057 1508 1636 I wm_destroy_activity: [0,181017346,381,com.android.permissioncontroller/.permission.ui.GrantPermissionsActivity,finish-imm:idle]
12-01 09:25:38.060 29601 29601 I wm_on_stop_called: [181017346,com.android.permissioncontroller.permission.ui.GrantPermissionsActivity,LIFECYCLER_STOP_ACTIVITY]
12-01 09:25:38.060 29601 29601 I wm_on_destroy_called: [181017346,com.android.permissioncontroller.permission.ui.GrantPermissionsActivity,performDestroy]
12-01 09:25:38.351 0 0 I auditd : type=1400 audit(0.0:21182): avc: denied { kill } for comm="swapper/2" capability=5 scontext=u:r:kernel:s0 tcontext=u:r:kernel:s0 tclass=capability permissive=0
12-01 09:25:39.328 1508 2005 I input_interaction: Interaction with: b990f7c com.android.deskclock/com.android.deskclock.DeskClock (server), edge-swipe (server), swipe-up (server), PointerEventDispatcher0 (server),
12-01 09:25:39.444 1508 3610 I wm_relaunch_resume_activity: [0,24385553,381,com.android.deskclock/.DeskClock]
12-01 09:25:39.445 1508 3610 I wm_add_to_stopping: [0,103113767,com.android.launcher3/.uioverrides.QuickstepLauncher,makeInvisible]
12-01 09:25:39.460 31926 31926 I wm_on_top_resumed_lost_called: [24385553,com.android.deskclock.DeskClock,pausing]
12-01 09:25:39.461 31926 31926 I wm_on_paused_called: [24385553,com.android.deskclock.DeskClock,performPause]
12-01 09:25:39.462 31926 31926 I wm_on_stop_called: [24385553,com.android.deskclock.DeskClock,handleRelaunchActivity]
12-01 09:25:39.472 31926 31926 I wm_on_destroy_called: [24385553,com.android.deskclock.DeskClock,performDestroy]
12-01 09:25:39.490 1508 2301 I wm_task_moved: [381,1,6]
12-01 09:25:39.490 1508 2301 I wm_set_resumed_activity: [0,com.android.deskclock/.DeskClock,positionChildAt]
12-01 09:25:39.490 1508 2301 I wm_create_activity: [0,15176422,381,com.android.permissioncontroller/.permission.ui.GrantPermissionsActivity,android.content.pm.action.REQUEST_PERMISSIONS,NULL,NULL,8388608]
12-01 09:25:39.491 1508 2301 I wm_pause_activity: [0,103113767,com.android.launcher3/.uioverrides.QuickstepLauncher,userLeaving=true,pauseBackTasks]
12-01 09:25:39.492 2822 2822 I wm_on_paused_called: [103113767,com.android.launcher3.uioverrides.QuickstepLauncher,performPause]
12-01 09:25:39.492 1508 2301 I wm_pause_activity: [0,24385553,com.android.deskclock/.DeskClock,userLeaving=true,resumeTopActivityInnerLocked]
12-01 09:25:39.498 1508 1636 I sysui_multi_action: [757,803,799,window_time_2,802,2]
12-01 09:25:39.511 31926 31926 I wm_on_create_called: [24385553,com.android.deskclock.DeskClock,performCreate]
12-01 09:25:39.532 31926 31926 I wm_on_start_called: [24385553,com.android.deskclock.DeskClock,handleStartActivity]
12-01 09:25:39.532 31926 31926 I wm_on_resume_called: [24385553,com.android.deskclock.DeskClock,RESUME_ACTIVITY]
12-01 09:25:39.534 31926 31926 I wm_on_top_resumed_gained_called: [24385553,com.android.deskclock.DeskClock,topWhenResuming]
12-01 09:25:39.571 31926 31926 I wm_on_top_resumed_lost_called: [24385553,com.android.deskclock.DeskClock,topStateChangedWhenResumed]
12-01 09:25:39.571 31926 31926 I wm_on_paused_called: [24385553,com.android.deskclock.DeskClock,performPause]
12-01 09:25:39.575 1508 2301 I wm_restart_activity: [0,15176422,381,com.android.permissioncontroller/.permission.ui.GrantPermissionsActivity]
12-01 09:25:39.577 1508 2301 I wm_set_resumed_activity: [0,com.android.permissioncontroller/.permission.ui.GrantPermissionsActivity,minimalResumeActivityLocked]
12-01 09:25:39.580 1508 1636 I sysui_multi_action: [757,803,799,window_time_0,802,0]
12-01 09:25:39.610 29601 29601 I wm_on_create_called: [15176422,com.android.permissioncontroller.permission.ui.GrantPermissionsActivity,performCreate]
12-01 09:25:39.610 29601 29601 I wm_on_start_called: [15176422,com.android.permissioncontroller.permission.ui.GrantPermissionsActivity,handleStartActivity]
12-01 09:25:39.611 29601 29601 I wm_on_resume_called: [15176422,com.android.permissioncontroller.permission.ui.GrantPermissionsActivity,RESUME_ACTIVITY]
12-01 09:25:39.614 29601 29601 I wm_on_top_resumed_gained_called: [15176422,com.android.permissioncontroller.permission.ui.GrantPermissionsActivity,topStateChangedWhenResumed]
12-01 09:25:39.620 1508 2301 I wm_finish_activity: [0,15176422,381,com.android.permissioncontroller/.permission.ui.GrantPermissionsActivity,app-request]
12-01 09:25:39.637 1508 2301 I wm_pause_activity: [0,15176422,com.android.permissioncontroller/.permission.ui.GrantPermissionsActivity,userLeaving=false,finish]
12-01 09:25:39.640 1508 1636 I sysui_multi_action: [757,1144,758,8,806,com.android.permissioncontroller,871,com.android.permissioncontroller.permission.ui.GrantPermissionsActivity]
12-01 09:25:39.647 29601 29601 I wm_on_top_resumed_lost_called: [15176422,com.android.permissioncontroller.permission.ui.GrantPermissionsActivity,topStateChangedWhenResumed]
12-01 09:25:39.648 29601 29601 I wm_on_paused_called: [15176422,com.android.permissioncontroller.permission.ui.GrantPermissionsActivity,performPause]
12-01 09:25:39.650 1508 3610 I wm_set_resumed_activity: [0,com.android.deskclock/.DeskClock,resumeTopActivityInnerLocked]
12-01 09:25:39.651 1508 3610 I wm_resume_activity: [0,24385553,381,com.android.deskclock/.DeskClock]
12-01 09:25:39.651 31926 31926 I wm_on_activity_result_called: [24385553,com.android.deskclock.DeskClock,ACTIVITY_RESULT]
12-01 09:25:39.651 31926 31926 I wm_on_resume_called: [24385553,com.android.deskclock.DeskClock,RESUME_ACTIVITY]
12-01 09:25:39.654 31926 31926 I wm_on_top_resumed_gained_called: [24385553,com.android.deskclock.DeskClock,topWhenResuming]
12-01 09:25:39.657 1508 1637 I input_focus: [Focus request b990f7c com.android.deskclock/com.android.deskclock.DeskClock,reason=UpdateInputWindows]
12-01 09:25:39.661 1508 1636 I sysui_multi_action: [757,803,799,window_time_0,802,0]
12-01 09:25:39.668 1508 4735 I wm_destroy_activity: [0,15176422,381,com.android.permissioncontroller/.permission.ui.GrantPermissionsActivity,finish-idle]
12-01 09:25:39.669 29601 29601 I wm_on_stop_called: [15176422,com.android.permissioncontroller.permission.ui.GrantPermissionsActivity,LIFECYCLER_STOP_ACTIVITY]
12-01 09:25:39.669 29601 29601 I wm_on_destroy_called: [15176422,com.android.permissioncontroller.permission.ui.GrantPermissionsActivity,performDestroy]
12-01 09:25:40.008 1508 1636 I wm_stop_activity: [0,103113767,com.android.launcher3/.uioverrides.QuickstepLauncher]
12-01 09:25:40.040 2822 2822 I wm_on_stop_called: [103113767,com.android.launcher3.uioverrides.QuickstepLauncher,STOP_ACTIVITY_ITEM]
12-01 09:25:40.289 1508 6542 I wm_task_moved: [1,0,0]
12-01 09:25:40.290 1508 6542 I wm_task_moved: [1,0,5]
12-01 09:25:40.303 2822 2822 I wm_on_restart_called: [103113767,com.android.launcher3.uioverrides.QuickstepLauncher,performRestartActivity]
12-01 09:25:40.325 2822 2822 I wm_on_start_called: [103113767,com.android.launcher3.uioverrides.QuickstepLauncher,handleStartActivity]
12-01 09:25:40.326 31926 31926 I view_enqueue_input_event: [Motion - Cancel,com.android.deskclock/com.android.deskclock.DeskClock]
12-01 09:25:40.327 1508 1637 I input_focus: [Focus request recents_animation_input_consumer,reason=UpdateInputWindows]
12-01 09:25:40.329 1508 2005 I input_interaction: Interaction with: edge-swipe (server), swipe-up (server), PointerEventDispatcher0 (server),
12-01 09:25:40.332 2822 2822 I sysui_latency: [1,58]
12-01 09:25:40.341 1508 2005 I input_focus: [Focus leaving b990f7c com.android.deskclock/com.android.deskclock.DeskClock (server),reason=NOT_FOCUSABLE]
12-01 09:25:40.342 1508 2005 I input_focus: [Focus entering recents_animation_input_consumer (server),reason=setFocusedWindow]
12-01 09:25:40.343 1508 1633 I sysui_multi_action: [319,11,322,46,325,19958,757,761,758,9,759,5,806,com.android.launcher3,871,com.android.launcher3.uioverrides.QuickstepLauncher,905,0,1320,8,1321,5]
12-01 09:25:40.351 0 0 I auditd : type=1400 audit(0.0:21183): avc: denied { kill } for comm="swapper/1" capability=5 scontext=u:r:kernel:s0 tcontext=u:r:kernel:s0 tclass=capability permissive=0
12-01 09:25:40.529 1508 1754 I commit_sys_config_file: [settings-1-0,4]
12-01 09:25:40.638 1508 1647 I sysui_latency: [8,57]
12-01 09:25:41.052 1508 6542 I wm_task_moved: [1,1,6]
12-01 09:25:41.053 1508 6542 I wm_focused_root_task: [0,0,1,381,RecentsAnimation.onAnimationFinished()]
12-01 09:25:41.053 31926 31926 I wm_on_top_resumed_lost_called: [24385553,com.android.deskclock.DeskClock,topStateChangedWhenResumed]
12-01 09:25:41.055 1508 6542 I wm_pause_activity: [0,24385553,com.android.deskclock/.DeskClock,userLeaving=false,pauseBackTasks]
12-01 09:25:41.057 1508 6542 I wm_set_resumed_activity: [0,com.android.launcher3/.uioverrides.QuickstepLauncher,resumeTopActivityInnerLocked]
12-01 09:25:41.058 1508 6542 I wm_resume_activity: [0,103113767,10,com.android.launcher3/.uioverrides.QuickstepLauncher]
12-01 09:25:41.059 1508 6542 I wm_add_to_stopping: [0,24385553,com.android.deskclock/.DeskClock,makeInvisible]
12-01 09:25:41.062 2822 2822 I wm_on_resume_called: [103113767,com.android.launcher3.uioverrides.QuickstepLauncher,RESUME_ACTIVITY]
12-01 09:25:41.068 1508 1637 I input_focus: [Focus request e9e80a1 com.android.launcher3/com.android.launcher3.uioverrides.QuickstepLauncher,reason=UpdateInputWindows]
12-01 09:25:41.071 31926 31926 I wm_on_paused_called: [24385553,com.android.deskclock.DeskClock,performPause]
12-01 09:25:41.071 1508 1636 I sysui_multi_action: [757,803,799,window_time_0,802,1]
12-01 09:25:41.076 1508 2005 I input_focus: [Focus leaving recents_animation_input_consumer (server),reason=NOT_VISIBLE]
12-01 09:25:41.076 1508 2005 I input_focus: [Focus entering e9e80a1 com.android.launcher3/com.android.launcher3.uioverrides.QuickstepLauncher (server),reason=setFocusedWindow]
12-01 09:25:41.083 1508 3610 I wm_stop_activity: [0,24385553,com.android.deskclock/.DeskClock]
12-01 09:25:41.092 2822 2822 I wm_on_top_resumed_gained_called: [103113767,com.android.launcher3.uioverrides.QuickstepLauncher,topStateChangedWhenResumed]
12-01 09:25:41.096 1508 1636 I sysui_multi_action: [757,803,799,window_time_0,802,0]
12-01 09:25:41.097 31926 31926 I wm_on_stop_called: [24385553,com.android.deskclock.DeskClock,STOP_ACTIVITY_ITEM]
12-01 09:25:41.295 1508 1754 I commit_sys_config_file: [settings-1-0,6]
12-01 09:25:42.131 1508 2005 I input_interaction: Interaction with: e9e80a1 com.android.launcher3/com.android.launcher3.uioverrides.QuickstepLauncher (server), 5ecd4a7 com.android.systemui.ImageWallpaper (server), edge-swipe (server), swipe-up (server), PointerEventDispatcher0 (server),
12-01 09:25:42.206 1508 4735 I wm_task_moved: [381,1,6]
12-01 09:25:42.207 1508 4735 I wm_focused_root_task: [0,0,381,1,bringingFoundTaskToFront]
12-01 09:25:42.207 1508 4735 I wm_set_resumed_activity: [0,com.android.deskclock/.DeskClock,bringingFoundTaskToFront]
12-01 09:25:42.212 1508 4735 I wm_relaunch_resume_activity: [0,24385553,381,com.android.deskclock/.DeskClock]
12-01 09:25:42.214 1508 4735 I wm_set_resumed_activity: [0,com.android.deskclock/.DeskClock,resumeTopActivityInnerLocked]
12-01 09:25:42.215 1508 4735 I wm_resume_activity: [0,24385553,381,com.android.deskclock/.DeskClock]
12-01 09:25:42.216 1508 4735 I wm_finish_activity: [0,24385553,381,com.android.deskclock/.DeskClock,clear-task-all]
12-01 09:25:42.217 1508 4735 I wm_pause_activity: [0,24385553,com.android.deskclock/.DeskClock,userLeaving=false,finish]
12-01 09:25:42.220 1508 4735 I wm_task_moved: [381,1,6]
12-01 09:25:42.220 1508 4735 I wm_create_activity: [0,144812523,381,com.android.deskclock/.DeskClock,NULL,NULL,NULL,272662528]
12-01 09:25:42.227 31926 31926 I wm_on_destroy_called: [24385553,com.android.deskclock.DeskClock,performDestroy]
12-01 09:25:42.229 2822 2822 I wm_on_top_resumed_lost_called: [103113767,com.android.launcher3.uioverrides.QuickstepLauncher,topStateChangedWhenResumed]
12-01 09:25:42.254 1508 3610 I wm_task_created: [382,-1]
12-01 09:25:42.255 1508 3610 I wm_finish_activity: [0,144812523,381,com.android.deskclock/.DeskClock,app-request]
12-01 09:25:42.255 1508 3610 I wm_task_moved: [1,1,7]
12-01 09:25:42.255 1508 3610 I wm_set_resumed_activity: [0,com.android.launcher3/.uioverrides.QuickstepLauncher,positionChildAt]
12-01 09:25:42.255 1508 3610 I wm_task_moved: [10,1,2147483647]
12-01 09:25:42.255 1508 3610 I wm_task_to_front: [0,10]
12-01 09:25:42.256 1508 3610 I wm_focused_root_task: [0,0,1,-1,finish-top adjustFocusToNextFocusableTask]
12-01 09:25:42.256 1508 3610 I wm_set_resumed_activity: [0,com.android.launcher3/.uioverrides.QuickstepLauncher,finish-top]
12-01 09:25:42.256 1508 3610 I wm_destroy_activity: [0,144812523,381,com.android.deskclock/.DeskClock,finish-imm:finishIfPossible]
12-01 09:25:42.259 1508 3610 I wm_task_moved: [382,1,7]
12-01 09:25:42.259 1508 3610 I wm_task_to_front: [0,382]
12-01 09:25:42.259 1508 3610 I wm_focused_root_task: [0,0,382,1,reuseOrNewTask]
12-01 09:25:42.259 1508 3610 I wm_create_task: [0,382]
12-01 09:25:42.259 1508 3610 I wm_create_activity: [0,163916788,382,com.android.permissioncontroller/.permission.ui.GrantPermissionsActivity,android.content.pm.action.REQUEST_PERMISSIONS,NULL,NULL,276824064]
12-01 09:25:42.259 1508 3610 I wm_task_moved: [382,1,7]
12-01 09:25:42.262 1508 1637 I input_focus: [Focus request e9e80a1 com.android.launcher3/com.android.launcher3.uioverrides.QuickstepLauncher,reason=UpdateInputWindows]
12-01 09:25:42.266 2822 2822 I wm_on_top_resumed_gained_called: [103113767,com.android.launcher3.uioverrides.QuickstepLauncher,topStateChangedWhenResumed]
12-01 09:25:42.266 2822 2822 I wm_on_top_resumed_lost_called: [103113767,com.android.launcher3.uioverrides.QuickstepLauncher,topStateChangedWhenResumed]
12-01 09:25:42.266 31926 31926 I wm_on_create_called: [24385553,com.android.deskclock.DeskClock,performCreate]
12-01 09:25:42.287 31926 31926 I wm_on_start_called: [24385553,com.android.deskclock.DeskClock,handleStartActivity]
12-01 09:25:42.287 31926 31926 I wm_on_resume_called: [24385553,com.android.deskclock.DeskClock,RESUME_ACTIVITY]
12-01 09:25:42.329 31926 31926 I wm_on_paused_called: [24385553,com.android.deskclock.DeskClock,performPause]
12-01 09:25:42.330 1508 2301 I wm_add_to_stopping: [0,24385553,com.android.deskclock/.DeskClock,completeFinishing]
12-01 09:25:42.334 1508 2301 I wm_restart_activity: [0,163916788,382,com.android.permissioncontroller/.permission.ui.GrantPermissionsActivity]
12-01 09:25:42.336 1508 2301 I wm_set_resumed_activity: [0,com.android.permissioncontroller/.permission.ui.GrantPermissionsActivity,minimalResumeActivityLocked]
12-01 09:25:42.341 1508 1636 I wm_destroy_activity: [0,24385553,381,com.android.deskclock/.DeskClock,finish-imm:idle]
12-01 09:25:42.343 1508 1636 I sysui_multi_action: [757,803,799,window_time_0,802,1]
12-01 09:25:42.348 1508 10935 I wm_finish_activity: [0,163916788,382,com.android.permissioncontroller/.permission.ui.GrantPermissionsActivity,app-request]
12-01 09:25:42.349 1508 10935 I wm_task_moved: [1,1,7]
12-01 09:25:42.349 1508 10935 I wm_set_resumed_activity: [0,com.android.launcher3/.uioverrides.QuickstepLauncher,positionChildAt]
12-01 09:25:42.349 1508 10935 I wm_task_moved: [10,1,2147483647]
12-01 09:25:42.349 1508 10935 I wm_task_to_front: [0,10]
12-01 09:25:42.349 1508 10935 I wm_focused_root_task: [0,0,1,-1,finish-top adjustFocusToNextFocusableTask]
12-01 09:25:42.349 1508 10935 I wm_set_resumed_activity: [0,com.android.launcher3/.uioverrides.QuickstepLauncher,finish-top]
12-01 09:25:42.350 1508 10935 I wm_pause_activity: [0,163916788,com.android.permissioncontroller/.permission.ui.GrantPermissionsActivity,userLeaving=false,finish]
12-01 09:25:42.354 29601 29601 I wm_on_create_called: [163916788,com.android.permissioncontroller.permission.ui.GrantPermissionsActivity,performCreate]
12-01 09:25:42.354 1508 1637 I input_focus: [Focus request e9e80a1 com.android.launcher3/com.android.launcher3.uioverrides.QuickstepLauncher,reason=UpdateInputWindows]
12-01 09:25:42.357 1508 1636 I sysui_multi_action: [757,1144,758,8,806,com.android.permissioncontroller,871,com.android.permissioncontroller.permission.ui.GrantPermissionsActivity]
12-01 09:25:42.357 2822 2822 I wm_on_top_resumed_gained_called: [103113767,com.android.launcher3.uioverrides.QuickstepLauncher,topStateChangedWhenResumed]
12-01 09:25:42.359 1508 10935 I wm_destroy_activity: [0,163916788,382,com.android.permissioncontroller/.permission.ui.GrantPermissionsActivity,finish-imm:completePausedLocked]
12-01 09:25:42.365 1508 1636 I sysui_multi_action: [757,803,799,window_time_2,802,0]
12-01 09:25:42.371 29601 29601 I wm_on_destroy_called: [163916788,com.android.permissioncontroller.permission.ui.GrantPermissionsActivity,performDestroy]
12-01 09:25:42.372 1508 3610 I wm_task_removed: [382,removeChild:removeChild last r=ActivityRecord{9c52bf4 u0 com.android.permissioncontroller/.permission.ui.GrantPermissionsActivity t-1 f}} in t=Task{1eef9c7 #382 type=standard A=10065:com.android.deskclock U=0 visible=false mode=freeform translucent=true sz=0}]
12-01 09:25:42.372 1508 3610 I wm_task_removed: [382,removeChild]
12-01 09:25:42.373 31926 31926 I wm_on_stop_called: [24385553,com.android.deskclock.DeskClock,LIFECYCLER_STOP_ACTIVITY]
12-01 09:25:42.383 31926 31926 I wm_on_destroy_called: [24385553,com.android.deskclock.DeskClock,performDestroy]
12-01 09:25:42.394 1508 4735 I wm_task_removed: [381,removeChild:removeChild last r=ActivityRecord{1741811 u0 com.android.deskclock/.DeskClock t-1 f}} in t=Task{3a5c038 #381 type=standard A=10065:com.android.deskclock U=0 visible=false mode=freeform translucent=true sz=0}]
12-01 09:25:42.394 1508 4735 I wm_task_removed: [381,removeChild]
12-01 09:25:43.351 0 0 I auditd : type=1400 audit(0.0:21184): avc: denied { kill } for comm="swapper/1" capability=5 scontext=u:r:kernel:s0 tcontext=u:r:kernel:s0 tclass=capability permissive=0
12-01 09:25:43.780 2822 2822 I view_enqueue_input_event: [Motion - Cancel,com.android.launcher3/com.android.launcher3.uioverrides.QuickstepLauncher]
12-01 09:25:43.782 1508 2005 I input_interaction: Interaction with: edge-swipe (server), swipe-up (server), PointerEventDispatcher0 (server),
12-01 09:25:43.958 1508 1754 I commit_sys_config_file: [settings-1-0,10]
12-01 09:25:44.260 1508 1754 I commit_sys_config_file: [settings-1-0,3]
12-01 09:25:45.351 0 0 I auditd : type=1400 audit(0.0:21185): avc: denied { kill } for comm="swapper/0" capability=5 scontext=u:r:kernel:s0 tcontext=u:r:kernel:s0 tclass=capability permissive=0
12-01 09:25:46.351 0 0 I auditd : type=1400 audit(0.0:21186): avc: denied { kill } for comm="swapper/0" capability=5 scontext=u:r:kernel:s0 tcontext=u:r:kernel:s0 tclass=capability permissive=0
12-01 09:25:47.534 1508 1508 I notification_enqueue: [10097,9319,com.github.uiautomator,1,NULL,0,Notification(channel=monitor service shortcut=null contentView=null vibrate=null sound=null tick defaults=0x0 flags=0x40 color=0x00000000 vis=PRIVATE),1]
12-01 09:25:48.351 0 0 I auditd : type=1400 audit(0.0:21187): avc: denied { kill } for comm="swapper/2" capability=5 scontext=u:r:kernel:s0 tcontext=u:r:kernel:s0 tclass=capability permissive=0
12-01 09:25:49.351 0 0 I auditd : type=1400 audit(0.0:21188): avc: denied { kill } for comm="swapper/2" capability=5 scontext=u:r:kernel:s0 tcontext=u:r:kernel:s0 tclass=capability permissive=0
12-01 09:25:50.351 0 0 I auditd : type=1400 audit(0.0:21189): avc: denied { kill } for comm="swapper/2" capability=5 scontext=u:r:kernel:s0 tcontext=u:r:kernel:s0 tclass=capability permissive=0
12-01 09:25:51.351 0 0 I auditd : type=1400 audit(0.0:21190): avc: denied { kill } for comm="swapper/2" capability=5 scontext=u:r:kernel:s0 tcontext=u:r:kernel:s0 tclass=capability permissive=0
12-01 09:25:52.351 0 0 I auditd : type=1400 audit(0.0:21191): avc: denied { kill } for comm="swapper/2" capability=5 scontext=u:r:kernel:s0 tcontext=u:r:kernel:s0 tclass=capability permissive=0
12-01 09:25:53.351 0 0 I auditd : type=1400 audit(0.0:21192): avc: denied { kill } for comm="swapper/2" capability=5 scontext=u:r:kernel:s0 tcontext=u:r:kernel:s0 tclass=capability permissive=0
12-01 09:25:54.351 0 0 I auditd : type=1400 audit(0.0:21193): avc: denied { kill } for comm="swapper/2" capability=5 scontext=u:r:kernel:s0 tcontext=u:r:kernel:s0 tclass=capability permissive=0
12-01 09:25:55.351 0 0 I auditd : type=1400 audit(0.0:21194): avc: denied { kill } for comm="swapper/2" capability=5 scontext=u:r:kernel:s0 tcontext=u:r:kernel:s0 tclass=capability permissive=0
12-01 09:25:56.351 0 0 I auditd : type=1400 audit(0.0:21195): avc: denied { kill } for comm="swapper/2" capability=5 scontext=u:r:kernel:s0 tcontext=u:r:kernel:s0 tclass=capability permissive=0
12-01 09:25:57.351 0 0 I auditd : type=1400 audit(0.0:21196): avc: denied { kill } for comm="swapper/2" capability=5 scontext=u:r:kernel:s0 tcontext=u:r:kernel:s0 tclass=capability permissive=0
12-01 09:25:58.351 0 0 I auditd : type=1400 audit(0.0:21197): avc: denied { kill } for comm="swapper/2" capability=5 scontext=u:r:kernel:s0 tcontext=u:r:kernel:s0 tclass=capability permissive=0
12-01 09:25:59.351 0 0 I auditd : type=1400 audit(0.0:21198): avc: denied { kill } for comm="swapper/2" capability=5 scontext=u:r:kernel:s0 tcontext=u:r:kernel:s0 tclass=capability permissive=0
12-01 09:26:00.351 0 0 I auditd : type=1400 audit(0.0:21199): avc: denied { kill } for comm="swapper/2" capability=5 scontext=u:r:kernel:s0 tcontext=u:r:kernel:s0 tclass=capability permissive=0
12-01 09:26:02.351 0 0 I auditd : type=1400 audit(0.0:21200): avc: denied { kill } for comm="swapper/2" capability=5 scontext=u:r:kernel:s0 tcontext=u:r:kernel:s0 tclass=capability permissive=0
12-01 09:26:03.351 0 0 I auditd : type=1400 audit(0.0:21201): avc: denied { kill } for comm="swapper/2" capability=5 scontext=u:r:kernel:s0 tcontext=u:r:kernel:s0 tclass=capability permissive=0
12-01 09:26:04.351 0 0 I auditd : type=1400 audit(0.0:21202): avc: denied { kill } for comm="swapper/2" capability=5 scontext=u:r:kernel:s0 tcontext=u:r:kernel:s0 tclass=capability permissive=0
12-01 09:26:05.351 0 0 I auditd : type=1400 audit(0.0:21203): avc: denied { kill } for comm="swapper/2" capability=5 scontext=u:r:kernel:s0 tcontext=u:r:kernel:s0 tclass=capability permissive=0
12-01 09:26:06.351 0 0 I auditd : type=1400 audit(0.0:21204): avc: denied { kill } for comm="swapper/2" capability=5 scontext=u:r:kernel:s0 tcontext=u:r:kernel:s0 tclass=capability permissive=0
12-01 09:26:07.351 0 0 I auditd : type=1400 audit(0.0:21205): avc: denied { kill } for comm="swapper/2" capability=5 scontext=u:r:kernel:s0 tcontext=u:r:kernel:s0 tclass=capability permissive=0
12-01 09:26:08.351 0 0 I auditd : type=1400 audit(0.0:21206): avc: denied { kill } for comm="swapper/2" capability=5 scontext=u:r:kernel:s0 tcontext=u:r:kernel:s0 tclass=capability permissive=0
12-01 09:26:09.351 0 0 I auditd : type=1400 audit(0.0:21207): avc: denied { kill } for comm="swapper/2" capability=5 scontext=u:r:kernel:s0 tcontext=u:r:kernel:s0 tclass=capability permissive=0
12-01 09:26:10.351 0 0 I auditd : type=1400 audit(0.0:21208): avc: denied { kill } for comm="swapper/2" capability=5 scontext=u:r:kernel:s0 tcontext=u:r:kernel:s0 tclass=capability permissive=0
12-01 09:26:11.351 0 0 I auditd : type=1400 audit(0.0:21209): avc: denied { kill } for comm="swapper/2" capability=5 scontext=u:r:kernel:s0 tcontext=u:r:kernel:s0 tclass=capability permissive=0
12-01 09:26:12.351 0 0 I auditd : type=1400 audit(0.0:21210): avc: denied { kill } for comm="swapper/2" capability=5 scontext=u:r:kernel:s0 tcontext=u:r:kernel:s0 tclass=capability permissive=0
12-01 09:26:13.351 0 0 I auditd : type=1400 audit(0.0:21211): avc: denied { kill } for comm="swapper/2" capability=5 scontext=u:r:kernel:s0 tcontext=u:r:kernel:s0 tclass=capability permissive=0
12-01 09:26:14.351 0 0 I auditd : type=1400 audit(0.0:21212): avc: denied { kill } for comm="swapper/2" capability=5 scontext=u:r:kernel:s0 tcontext=u:r:kernel:s0 tclass=capability permissive=0
12-01 09:26:15.351 0 0 I auditd : type=1400 audit(0.0:21213): avc: denied { kill } for comm="swapper/2" capability=5 scontext=u:r:kernel:s0 tcontext=u:r:kernel:s0 tclass=capability permissive=0
12-01 09:26:16.351 0 0 I auditd : type=1400 audit(0.0:21214): avc: denied { kill } for comm="swapper/2" capability=5 scontext=u:r:kernel:s0 tcontext=u:r:kernel:s0 tclass=capability permissive=0
12-01 09:26:17.351 0 0 I auditd : type=1400 audit(0.0:21215): avc: denied { kill } for comm="swapper/2" capability=5 scontext=u:r:kernel:s0 tcontext=u:r:kernel:s0 tclass=capability permissive=0
12-01 09:26:17.644 1508 1508 I notification_enqueue: [10097,9319,com.github.uiautomator,1,NULL,0,Notification(channel=monitor service shortcut=null contentView=null vibrate=null sound=null tick defaults=0x0 flags=0x40 color=0x00000000 vis=PRIVATE),1]
12-01 09:26:18.351 0 0 I auditd : type=1400 audit(0.0:21216): avc: denied { kill } for comm="swapper/2" capability=5 scontext=u:r:kernel:s0 tcontext=u:r:kernel:s0 tclass=capability permissive=0
12-01 09:26:19.351 0 0 I auditd : type=1400 audit(0.0:21217): avc: denied { kill } for comm="swapper/2" capability=5 scontext=u:r:kernel:s0 tcontext=u:r:kernel:s0 tclass=capability permissive=0
12-01 09:26:20.351 0 0 I auditd : type=1400 audit(0.0:21218): avc: denied { kill } for comm="swapper/2" capability=5 scontext=u:r:kernel:s0 tcontext=u:r:kernel:s0 tclass=capability permissive=0
12-01 09:26:21.351 0 0 I auditd : type=1400 audit(0.0:21219): avc: denied { kill } for comm="swapper/2" capability=5 scontext=u:r:kernel:s0 tcontext=u:r:kernel:s0 tclass=capability permissive=0
12-01 09:26:22.351 0 0 I auditd : type=1400 audit(0.0:21220): avc: denied { kill } for comm="swapper/2" capability=5 scontext=u:r:kernel:s0 tcontext=u:r:kernel:s0 tclass=capability permissive=0
12-01 09:26:23.351 0 0 I auditd : type=1400 audit(0.0:21221): avc: denied { kill } for comm="swapper/2" capability=5 scontext=u:r:kernel:s0 tcontext=u:r:kernel:s0 tclass=capability permissive=0
12-01 09:26:24.196 1508 30957 I commit_sys_config_file: [appops,19967629]
12-01 09:26:24.351 0 0 I auditd : type=1400 audit(0.0:21222): avc: denied { kill } for comm="swapper/2" capability=5 scontext=u:r:kernel:s0 tcontext=u:r:kernel:s0 tclass=capability permissive=0
12-01 09:26:25.351 0 0 I auditd : type=1400 audit(0.0:21223): avc: denied { kill } for comm="swapper/2" capability=5 scontext=u:r:kernel:s0 tcontext=u:r:kernel:s0 tclass=capability permissive=0
12-01 09:26:26.351 0 0 I auditd : type=1400 audit(0.0:21224): avc: denied { kill } for comm="swapper/2" capability=5 scontext=u:r:kernel:s0 tcontext=u:r:kernel:s0 tclass=capability permissive=0
12-01 09:26:28.351 0 0 I auditd : type=1400 audit(0.0:21225): avc: denied { kill } for comm="swapper/2" capability=5 scontext=u:r:kernel:s0 tcontext=u:r:kernel:s0 tclass=capability permissive=0
12-01 09:26:29.351 0 0 I auditd : type=1400 audit(0.0:21226): avc: denied { kill } for comm="swapper/2" capability=5 scontext=u:r:kernel:s0 tcontext=u:r:kernel:s0 tclass=capability permissive=0
12-01 09:26:29.916 1508 1648 I am_uid_idle: 10042
12-01 09:26:30.351 0 0 I auditd : type=1400 audit(0.0:21227): avc: denied { kill } for comm="swapper/2" capability=5 scontext=u:r:kernel:s0 tcontext=u:r:kernel:s0 tclass=capability permissive=0
12-01 09:26:31.351 0 0 I auditd : type=1400 audit(0.0:21228): avc: denied { kill } for comm="swapper/2" capability=5 scontext=u:r:kernel:s0 tcontext=u:r:kernel:s0 tclass=capability permissive=0
12-01 09:26:32.351 0 0 I auditd : type=1400 audit(0.0:21229): avc: denied { kill } for comm="swapper/2" capability=5 scontext=u:r:kernel:s0 tcontext=u:r:kernel:s0 tclass=capability permissive=0
12-01 09:26:33.351 0 0 I auditd : type=1400 audit(0.0:21230): avc: denied { kill } for comm="swapper/2" capability=5 scontext=u:r:kernel:s0 tcontext=u:r:kernel:s0 tclass=capability permissive=0
12-01 09:26:34.351 0 0 I auditd : type=1400 audit(0.0:21231): avc: denied { kill } for comm="swapper/2" capability=5 scontext=u:r:kernel:s0 tcontext=u:r:kernel:s0 tclass=capability permissive=0
12-01 09:26:35.351 0 0 I auditd : type=1400 audit(0.0:21232): avc: denied { kill } for comm="swapper/2" capability=5 scontext=u:r:kernel:s0 tcontext=u:r:kernel:s0 tclass=capability permissive=0
12-01 09:26:36.351 0 0 I auditd : type=1400 audit(0.0:21233): avc: denied { kill } for comm="swapper/2" capability=5 scontext=u:r:kernel:s0 tcontext=u:r:kernel:s0 tclass=capability permissive=0
12-01 09:26:37.030 1508 1666 I sysui_multi_action: [757,1696,758,6,759,2]
12-01 09:26:37.045 1508 1648 I am_wtf : [0,1508,system_server,-1,DisplayDeviceConfig,requesting nits when no mapping exists.]
12-01 09:26:37.049 1508 1648 I am_wtf : [0,1508,system_server,-1,DisplayDeviceConfig,requesting nits when no mapping exists.]
12-01 09:26:37.062 1508 1648 I am_wtf : [0,1508,system_server,-1,DisplayDeviceConfig,requesting nits when no mapping exists.]
12-01 09:26:37.064 1508 1648 I am_wtf : [0,1508,system_server,-1,DisplayDeviceConfig,requesting nits when no mapping exists.]
12-01 09:26:37.074 1508 1648 I am_wtf : [0,1508,system_server,-1,DisplayDeviceConfig,requesting nits when no mapping exists.]
12-01 09:26:37.076 1508 1648 I am_wtf : [0,1508,system_server,-1,DisplayDeviceConfig,requesting nits when no mapping exists.]
12-01 09:26:37.091 1508 1648 I am_wtf : [0,1508,system_server,-1,DisplayDeviceConfig,requesting nits when no mapping exists.]
12-01 09:26:37.091 1508 1648 I am_wtf : [0,1508,system_server,-1,DisplayDeviceConfig,requesting nits when no mapping exists.]
12-01 09:26:37.107 1508 1648 I am_wtf : [0,1508,system_server,-1,DisplayDeviceConfig,requesting nits when no mapping exists.]
12-01 09:26:37.109 1508 1648 I am_wtf : [0,1508,system_server,-1,DisplayDeviceConfig,requesting nits when no mapping exists.]
12-01 09:26:37.124 1508 1648 I am_wtf : [0,1508,system_server,-1,DisplayDeviceConfig,requesting nits when no mapping exists.]
12-01 09:26:37.125 1508 1648 I am_wtf : [0,1508,system_server,-1,DisplayDeviceConfig,requesting nits when no mapping exists.]
12-01 09:26:37.141 1508 1648 I am_wtf : [0,1508,system_server,-1,DisplayDeviceConfig,requesting nits when no mapping exists.]
12-01 09:26:37.142 1508 1648 I am_wtf : [0,1508,system_server,-1,DisplayDeviceConfig,requesting nits when no mapping exists.]
12-01 09:26:37.157 1508 1648 I am_wtf : [0,1508,system_server,-1,DisplayDeviceConfig,requesting nits when no mapping exists.]
12-01 09:26:37.158 1508 1648 I am_wtf : [0,1508,system_server,-1,DisplayDeviceConfig,requesting nits when no mapping exists.]
12-01 09:26:37.174 1508 1648 I am_wtf : [0,1508,system_server,-1,DisplayDeviceConfig,requesting nits when no mapping exists.]
12-01 09:26:37.175 1508 1648 I am_wtf : [0,1508,system_server,-1,DisplayDeviceConfig,requesting nits when no mapping exists.]
12-01 09:26:37.191 1508 1648 I am_wtf : [0,1508,system_server,-1,DisplayDeviceConfig,requesting nits when no mapping exists.]
12-01 09:26:37.192 1508 1648 I am_wtf : [0,1508,system_server,-1,DisplayDeviceConfig,requesting nits when no mapping exists.]
12-01 09:26:37.209 1508 1648 I am_wtf : [0,1508,system_server,-1,DisplayDeviceConfig,requesting nits when no mapping exists.]
12-01 09:26:37.210 1508 1648 I am_wtf : [0,1508,system_server,-1,DisplayDeviceConfig,requesting nits when no mapping exists.]
12-01 09:26:37.224 1508 1648 I am_wtf : [0,1508,system_server,-1,DisplayDeviceConfig,requesting nits when no mapping exists.]
12-01 09:26:37.225 1508 1648 I am_wtf : [0,1508,system_server,-1,DisplayDeviceConfig,requesting nits when no mapping exists.]
12-01 09:26:37.241 1508 1648 I am_wtf : [0,1508,system_server,-1,DisplayDeviceConfig,requesting nits when no mapping exists.]
12-01 09:26:37.242 1508 1648 I am_wtf : [0,1508,system_server,-1,DisplayDeviceConfig,requesting nits when no mapping exists.]
12-01 09:26:37.258 1508 1648 I am_wtf : [0,1508,system_server,-1,DisplayDeviceConfig,requesting nits when no mapping exists.]
12-01 09:26:37.258 1508 1648 I am_wtf : [0,1508,system_server,-1,DisplayDeviceConfig,requesting nits when no mapping exists.]
12-01 09:26:37.274 1508 1648 I am_wtf : [0,1508,system_server,-1,DisplayDeviceConfig,requesting nits when no mapping exists.]
12-01 09:26:37.275 1508 1648 I am_wtf : [0,1508,system_server,-1,DisplayDeviceConfig,requesting nits when no mapping exists.]
12-01 09:26:37.291 1508 1648 I am_wtf : [0,1508,system_server,-1,DisplayDeviceConfig,requesting nits when no mapping exists.]
12-01 09:26:37.292 1508 1648 I am_wtf : [0,1508,system_server,-1,DisplayDeviceConfig,requesting nits when no mapping exists.]
12-01 09:26:37.309 1508 1648 I am_wtf : [0,1508,system_server,-1,DisplayDeviceConfig,requesting nits when no mapping exists.]
12-01 09:26:37.310 1508 1648 I am_wtf : [0,1508,system_server,-1,DisplayDeviceConfig,requesting nits when no mapping exists.]
12-01 09:26:37.324 1508 1648 I am_wtf : [0,1508,system_server,-1,DisplayDeviceConfig,requesting nits when no mapping exists.]
12-01 09:26:37.325 1508 1648 I am_wtf : [0,1508,system_server,-1,DisplayDeviceConfig,requesting nits when no mapping exists.]
12-01 09:26:37.341 1508 1648 I am_wtf : [0,1508,system_server,-1,DisplayDeviceConfig,requesting nits when no mapping exists.]
12-01 09:26:37.342 1508 1648 I am_wtf : [0,1508,system_server,-1,DisplayDeviceConfig,requesting nits when no mapping exists.]
12-01 09:26:37.351 0 0 I auditd : type=1400 audit(0.0:21234): avc: denied { kill } for comm="swapper/2" capability=5 scontext=u:r:kernel:s0 tcontext=u:r:kernel:s0 tclass=capability permissive=0
12-01 09:26:37.358 1508 1648 I am_wtf : [0,1508,system_server,-1,DisplayDeviceConfig,requesting nits when no mapping exists.]
12-01 09:26:37.359 1508 1648 I am_wtf : [0,1508,system_server,-1,DisplayDeviceConfig,requesting nits when no mapping exists.]
12-01 09:26:37.374 1508 1648 I am_wtf : [0,1508,system_server,-1,DisplayDeviceConfig,requesting nits when no mapping exists.]
12-01 09:26:37.375 1508 1648 I am_wtf : [0,1508,system_server,-1,DisplayDeviceConfig,requesting nits when no mapping exists.]
12-01 09:26:37.391 1508 1648 I am_wtf : [0,1508,system_server,-1,DisplayDeviceConfig,requesting nits when no mapping exists.]
12-01 09:26:37.392 1508 1648 I am_wtf : [0,1508,system_server,-1,DisplayDeviceConfig,requesting nits when no mapping exists.]
12-01 09:26:37.409 1508 1648 I am_wtf : [0,1508,system_server,-1,DisplayDeviceConfig,requesting nits when no mapping exists.]
12-01 09:26:37.409 1508 1648 I am_wtf : [0,1508,system_server,-1,DisplayDeviceConfig,requesting nits when no mapping exists.]
12-01 09:26:37.425 1508 1648 I am_wtf : [0,1508,system_server,-1,DisplayDeviceConfig,requesting nits when no mapping exists.]
12-01 09:26:37.426 1508 1648 I am_wtf : [0,1508,system_server,-1,DisplayDeviceConfig,requesting nits when no mapping exists.]
12-01 09:26:37.442 1508 1648 I am_wtf : [0,1508,system_server,-1,DisplayDeviceConfig,requesting nits when no mapping exists.]
12-01 09:26:37.443 1508 1648 I am_wtf : [0,1508,system_server,-1,DisplayDeviceConfig,requesting nits when no mapping exists.]
12-01 09:26:37.458 1508 1648 I am_wtf : [0,1508,system_server,-1,DisplayDeviceConfig,requesting nits when no mapping exists.]
12-01 09:26:37.459 1508 1648 I am_wtf : [0,1508,system_server,-1,DisplayDeviceConfig,requesting nits when no mapping exists.]
12-01 09:26:37.475 1508 1648 I am_wtf : [0,1508,system_server,-1,DisplayDeviceConfig,requesting nits when no mapping exists.]
12-01 09:26:37.477 1508 1648 I am_wtf : [0,1508,system_server,-1,DisplayDeviceConfig,requesting nits when no mapping exists.]
12-01 09:26:37.491 1508 1648 I am_wtf : [0,1508,system_server,-1,DisplayDeviceConfig,requesting nits when no mapping exists.]
12-01 09:26:37.492 1508 1648 I am_wtf : [0,1508,system_server,-1,DisplayDeviceConfig,requesting nits when no mapping exists.]
12-01 09:26:37.508 1508 1648 I am_wtf : [0,1508,system_server,-1,DisplayDeviceConfig,requesting nits when no mapping exists.]
12-01 09:26:37.509 1508 1648 I service_manager_stats: [100,66,73378]
12-01 09:26:37.509 1508 1648 I am_wtf : [0,1508,system_server,-1,DisplayDeviceConfig,requesting nits when no mapping exists.]
12-01 09:26:37.525 1508 1648 I am_wtf : [0,1508,system_server,-1,DisplayDeviceConfig,requesting nits when no mapping exists.]
12-01 09:26:37.527 1508 1648 I am_wtf : [0,1508,system_server,-1,DisplayDeviceConfig,requesting nits when no mapping exists.]
12-01 09:26:37.542 1508 1648 I am_wtf : [0,1508,system_server,-1,DisplayDeviceConfig,requesting nits when no mapping exists.]
12-01 09:26:37.543 1508 1648 I am_wtf : [0,1508,system_server,-1,DisplayDeviceConfig,requesting nits when no mapping exists.]
12-01 09:26:37.558 1508 1648 I am_wtf : [0,1508,system_server,-1,DisplayDeviceConfig,requesting nits when no mapping exists.]
12-01 09:26:37.559 1508 1648 I am_wtf : [0,1508,system_server,-1,DisplayDeviceConfig,requesting nits when no mapping exists.]
12-01 09:26:37.575 1508 1648 I am_wtf : [0,1508,system_server,-1,DisplayDeviceConfig,requesting nits when no mapping exists.]
12-01 09:26:37.577 1508 1648 I am_wtf : [0,1508,system_server,-1,DisplayDeviceConfig,requesting nits when no mapping exists.]
12-01 09:26:37.592 1508 1648 I am_wtf : [0,1508,system_server,-1,DisplayDeviceConfig,requesting nits when no mapping exists.]
12-01 09:26:37.593 1508 1648 I am_wtf : [0,1508,system_server,-1,DisplayDeviceConfig,requesting nits when no mapping exists.]
12-01 09:26:37.609 1508 1648 I am_wtf : [0,1508,system_server,-1,DisplayDeviceConfig,requesting nits when no mapping exists.]
12-01 09:26:37.610 1508 1648 I am_wtf : [0,1508,system_server,-1,DisplayDeviceConfig,requesting nits when no mapping exists.]
12-01 09:26:37.625 1508 1648 I am_wtf : [0,1508,system_server,-1,DisplayDeviceConfig,requesting nits when no mapping exists.]
12-01 09:26:37.627 1508 1648 I am_wtf : [0,1508,system_server,-1,DisplayDeviceConfig,requesting nits when no mapping exists.]
12-01 09:26:37.642 1508 1648 I am_wtf : [0,1508,system_server,-1,DisplayDeviceConfig,requesting nits when no mapping exists.]
12-01 09:26:37.643 1508 1648 I am_wtf : [0,1508,system_server,-1,DisplayDeviceConfig,requesting nits when no mapping exists.]
12-01 09:26:37.659 1508 1648 I am_wtf : [0,1508,system_server,-1,DisplayDeviceConfig,requesting nits when no mapping exists.]
12-01 09:26:37.660 1508 1648 I am_wtf : [0,1508,system_server,-1,DisplayDeviceConfig,requesting nits when no mapping exists.]
12-01 09:26:37.675 1508 1648 I am_wtf : [0,1508,system_server,-1,DisplayDeviceConfig,requesting nits when no mapping exists.]
12-01 09:26:37.676 1508 1648 I am_wtf : [0,1508,system_server,-1,DisplayDeviceConfig,requesting nits when no mapping exists.]
12-01 09:26:37.692 1508 1648 I am_wtf : [0,1508,system_server,-1,DisplayDeviceConfig,requesting nits when no mapping exists.]
12-01 09:26:37.694 1508 1648 I am_wtf : [0,1508,system_server,-1,DisplayDeviceConfig,requesting nits when no mapping exists.]
12-01 09:26:37.709 1508 1648 I am_wtf : [0,1508,system_server,-1,DisplayDeviceConfig,requesting nits when no mapping exists.]
12-01 09:26:37.710 1508 1648 I am_wtf : [0,1508,system_server,-1,DisplayDeviceConfig,requesting nits when no mapping exists.]
12-01 09:26:37.725 1508 1648 I am_wtf : [0,1508,system_server,-1,DisplayDeviceConfig,requesting nits when no mapping exists.]
12-01 09:26:37.726 1508 1648 I am_wtf : [0,1508,system_server,-1,DisplayDeviceConfig,requesting nits when no mapping exists.]
12-01 09:26:37.742 1508 1648 I am_wtf : [0,1508,system_server,-1,DisplayDeviceConfig,requesting nits when no mapping exists.]
12-01 09:26:37.743 1508 1648 I am_wtf : [0,1508,system_server,-1,DisplayDeviceConfig,requesting nits when no mapping exists.]
12-01 09:26:37.759 1508 1648 I am_wtf : [0,1508,system_server,-1,DisplayDeviceConfig,requesting nits when no mapping exists.]
12-01 09:26:37.760 1508 1648 I am_wtf : [0,1508,system_server,-1,DisplayDeviceConfig,requesting nits when no mapping exists.]
12-01 09:26:37.775 1508 1648 I am_wtf : [0,1508,system_server,-1,DisplayDeviceConfig,requesting nits when no mapping exists.]
12-01 09:26:37.776 1508 1648 I am_wtf : [0,1508,system_server,-1,DisplayDeviceConfig,requesting nits when no mapping exists.]
12-01 09:26:37.792 1508 1648 I am_wtf : [0,1508,system_server,-1,DisplayDeviceConfig,requesting nits when no mapping exists.]
12-01 09:26:37.793 1508 1648 I am_wtf : [0,1508,system_server,-1,DisplayDeviceConfig,requesting nits when no mapping exists.]
12-01 09:26:37.809 1508 1648 I am_wtf : [0,1508,system_server,-1,DisplayDeviceConfig,requesting nits when no mapping exists.]
12-01 09:26:37.810 1508 1648 I am_wtf : [0,1508,system_server,-1,DisplayDeviceConfig,requesting nits when no mapping exists.]
12-01 09:26:37.826 1508 1648 I am_wtf : [0,1508,system_server,-1,DisplayDeviceConfig,requesting nits when no mapping exists.]
12-01 09:26:37.827 1508 1648 I am_wtf : [0,1508,system_server,-1,DisplayDeviceConfig,requesting nits when no mapping exists.]
12-01 09:26:37.843 1508 1648 I am_wtf : [0,1508,system_server,-1,DisplayDeviceConfig,requesting nits when no mapping exists.]
12-01 09:26:37.844 1508 1648 I am_wtf : [0,1508,system_server,-1,DisplayDeviceConfig,requesting nits when no mapping exists.]
12-01 09:26:37.859 1508 1648 I am_wtf : [0,1508,system_server,-1,DisplayDeviceConfig,requesting nits when no mapping exists.]
12-01 09:26:37.860 1508 1648 I am_wtf : [0,1508,system_server,-1,DisplayDeviceConfig,requesting nits when no mapping exists.]
12-01 09:26:37.876 1508 1648 I am_wtf : [0,1508,system_server,-1,DisplayDeviceConfig,requesting nits when no mapping exists.]
12-01 09:26:37.877 1508 1648 I am_wtf : [0,1508,system_server,-1,DisplayDeviceConfig,requesting nits when no mapping exists.]
12-01 09:26:37.893 1508 1648 I am_wtf : [0,1508,system_server,-1,DisplayDeviceConfig,requesting nits when no mapping exists.]
12-01 09:26:37.895 1508 1648 I am_wtf : [0,1508,system_server,-1,DisplayDeviceConfig,requesting nits when no mapping exists.]
12-01 09:26:37.911 1508 1648 I am_wtf : [0,1508,system_server,-1,DisplayDeviceConfig,requesting nits when no mapping exists.]
12-01 09:26:37.912 1508 1648 I am_wtf : [0,1508,system_server,-1,DisplayDeviceConfig,requesting nits when no mapping exists.]
12-01 09:26:37.926 1508 1648 I am_wtf : [0,1508,system_server,-1,DisplayDeviceConfig,requesting nits when no mapping exists.]
12-01 09:26:37.928 1508 1648 I am_wtf : [0,1508,system_server,-1,DisplayDeviceConfig,requesting nits when no mapping exists.]
12-01 09:26:37.942 1508 1648 I am_wtf : [0,1508,system_server,-1,DisplayDeviceConfig,requesting nits when no mapping exists.]
12-01 09:26:37.943 1508 1648 I am_wtf : [0,1508,system_server,-1,DisplayDeviceConfig,requesting nits when no mapping exists.]
12-01 09:26:37.960 1508 1648 I am_wtf : [0,1508,system_server,-1,DisplayDeviceConfig,requesting nits when no mapping exists.]
12-01 09:26:37.961 1508 1648 I am_wtf : [0,1508,system_server,-1,DisplayDeviceConfig,requesting nits when no mapping exists.]
12-01 09:26:37.976 1508 1648 I am_wtf : [0,1508,system_server,-1,DisplayDeviceConfig,requesting nits when no mapping exists.]
12-01 09:26:37.977 1508 1648 I am_wtf : [0,1508,system_server,-1,DisplayDeviceConfig,requesting nits when no mapping exists.]
12-01 09:26:37.993 1508 1648 I am_wtf : [0,1508,system_server,-1,DisplayDeviceConfig,requesting nits when no mapping exists.]
12-01 09:26:37.994 1508 1648 I am_wtf : [0,1508,system_server,-1,DisplayDeviceConfig,requesting nits when no mapping exists.]
12-01 09:26:38.351 0 0 I auditd : type=1400 audit(0.0:21235): avc: denied { kill } for comm="swapper/2" capability=5 scontext=u:r:kernel:s0 tcontext=u:r:kernel:s0 tclass=capability permissive=0
12-01 09:26:39.351 0 0 I auditd : type=1400 audit(0.0:21236): avc: denied { kill } for comm="swapper/2" capability=5 scontext=u:r:kernel:s0 tcontext=u:r:kernel:s0 tclass=capability permissive=0
12-01 09:26:40.351 0 0 I auditd : type=1400 audit(0.0:21237): avc: denied { kill } for comm="swapper/2" capability=5 scontext=u:r:kernel:s0 tcontext=u:r:kernel:s0 tclass=capability permissive=0
12-01 09:26:41.351 0 0 I auditd : type=1400 audit(0.0:21238): avc: denied { kill } for comm="swapper/2" capability=5 scontext=u:r:kernel:s0 tcontext=u:r:kernel:s0 tclass=capability permissive=0
12-01 09:26:42.345 1508 1648 I am_uid_idle: 10065
12-01 09:26:42.351 0 0 I auditd : type=1400 audit(0.0:21239): avc: denied { kill } for comm="swapper/2" capability=5 scontext=u:r:kernel:s0 tcontext=u:r:kernel:s0 tclass=capability permissive=0
12-01 09:26:42.360 1508 1648 I am_uid_idle: 10094
12-01 09:26:43.351 0 0 I auditd : type=1400 audit(0.0:21240): avc: denied { kill } for comm="swapper/2" capability=5 scontext=u:r:kernel:s0 tcontext=u:r:kernel:s0 tclass=capability permissive=0
12-01 09:26:44.037 1508 1633 I sysui_multi_action: [757,222,758,1]
12-01 09:26:44.039 1508 1633 I am_uid_active: 10042
12-01 09:26:44.058 1508 1647 I am_pss : [31926,10065,com.android.deskclock,36401152,31428608,0,158371840,0,19,11]
12-01 09:26:44.064 1508 4735 I wm_task_created: [383,-1]
12-01 09:26:44.066 1508 1647 I am_pss : [31943,10086,com.android.music,6350848,4276224,0,89800704,0,19,6]
12-01 09:26:44.067 1508 4735 I wm_task_moved: [383,1,6]
12-01 09:26:44.067 1508 4735 I wm_task_to_front: [0,383]
12-01 09:26:44.067 1508 4735 I wm_create_task: [0,383]
12-01 09:26:44.067 1508 4735 I wm_create_activity: [0,153945065,383,com.thundercomm.screensaver/android.service.dreams.DreamActivity,NULL,NULL,NULL,276824064]
12-01 09:26:44.067 1508 4735 I wm_task_moved: [383,1,6]
