12-01 09:06:13.753 2822 2822 I view_enqueue_input_event: [Motion - Cancel,com.android.launcher3/com.android.launcher3.uioverrides.QuickstepLauncher]
12-01 09:06:13.759 1508 2005 I input_interaction: Interaction with: edge-swipe (server), swipe-up (server), PointerEventDispatcher0 (server),
12-01 09:06:13.986 1508 2437 I wm_task_moved: [1,1,7]
12-01 09:06:13.989 29140 29140 I wm_on_top_resumed_lost_called: [165010236,com.android.music.MusicBrowserActivity,topStateChangedWhenResumed]
12-01 09:06:13.989 1508 2437 I wm_set_resumed_activity: [0,com.android.launcher3/.uioverrides.QuickstepLauncher,positionChildAt]
12-01 09:06:13.989 1508 2437 I wm_task_moved: [10,1,2147483647]
12-01 09:06:13.989 1508 2437 I wm_task_to_front: [0,10]
12-01 09:06:13.990 1508 2437 I wm_focused_root_task: [0,0,1,330,bringingFoundTaskToFront]
12-01 09:06:13.990 1508 2437 I wm_set_resumed_activity: [0,com.android.launcher3/.uioverrides.QuickstepLauncher,bringingFoundTaskToFront]
12-01 09:06:13.991 1508 2437 I wm_new_intent: [0,103113767,10,com.android.launcher3/.uioverrides.QuickstepLauncher,android.intent.action.MAIN,NULL,NULL,268435712]
12-01 09:06:13.991 1508 2437 I wm_task_moved: [1,1,7]
12-01 09:06:13.991 1508 2437 I wm_set_resumed_activity: [0,com.android.launcher3/.uioverrides.QuickstepLauncher,positionChildAt]
12-01 09:06:13.998 1508 1637 I input_focus: [Focus request e9e80a1 com.android.launcher3/com.android.launcher3.uioverrides.QuickstepLauncher,reason=UpdateInputWindows]
12-01 09:06:14.002 2822 2822 I wm_on_paused_called: [103113767,com.android.launcher3.uioverrides.QuickstepLauncher,performPause]
12-01 09:06:14.005 2822 2822 I wm_on_resume_called: [103113767,com.android.launcher3.uioverrides.QuickstepLauncher,LIFECYCLER_RESUME_ACTIVITY]
12-01 09:06:14.012 2822 2822 I wm_on_top_resumed_gained_called: [103113767,com.android.launcher3.uioverrides.QuickstepLauncher,topStateChangedWhenResumed]
12-01 09:06:14.016 1508 2005 I input_focus: [Focus leaving 6f261a6 com.android.music/com.android.music.MusicBrowserActivity (server),reason=setFocusedWindow]
12-01 09:06:14.016 1508 2005 I input_focus: [Focus entering e9e80a1 com.android.launcher3/com.android.launcher3.uioverrides.QuickstepLauncher (server),reason=setFocusedWindow]
12-01 09:06:14.178 1508 2005 I input_interaction: Interaction with: e9e80a1 com.android.launcher3/com.android.launcher3.uioverrides.QuickstepLauncher (server), 5ecd4a7 com.android.systemui.ImageWallpaper (server), edge-swipe (server), swipe-up (server), PointerEventDispatcher0 (server),
12-01 09:06:14.239 2822 2822 I view_enqueue_input_event: [Motion - Cancel,com.android.launcher3/com.android.launcher3.uioverrides.QuickstepLauncher]
12-01 09:06:14.240 1508 2005 I input_interaction: Interaction with: edge-swipe (server), swipe-up (server), PointerEventDispatcher0 (server),
12-01 09:06:14.426 1508 1754 I commit_sys_config_file: [settings-1-0,4]
12-01 09:06:14.745 1508 1754 I commit_sys_config_file: [settings-1-0,4]
12-01 09:06:14.856 1508 2437 I wm_finish_activity: [0,165010236,330,com.android.music/.MusicBrowserActivity,app-request]
12-01 09:06:14.861 1508 2437 I wm_pause_activity: [0,165010236,com.android.music/.MusicBrowserActivity,userLeaving=false,finish]
12-01 09:06:14.866 29140 29140 I wm_on_paused_called: [165010236,com.android.music.MusicBrowserActivity,performPause]
12-01 09:06:14.868 1508 3610 I wm_destroy_activity: [0,165010236,330,com.android.music/.MusicBrowserActivity,finish-imm:completePausedLocked]
12-01 09:06:14.880 1508 1636 I sysui_multi_action: [757,803,799,window_time_0,802,3]
12-01 09:06:14.883 29140 29140 I wm_on_stop_called: [165010236,com.android.music.MusicBrowserActivity,LIFECYCLER_STOP_ACTIVITY]
12-01 09:06:14.891 29140 29140 I wm_on_destroy_called: [165010236,com.android.music.MusicBrowserActivity,performDestroy]
12-01 09:06:15.174 1508 1637 I wm_task_removed: [330,removeChild:removeChild last r=ActivityRecord{9d5db3c u0 com.android.music/.MusicBrowserActivity t-1 f}} in t=Task{1daaa79 #330 type=standard A=10086:android.task.music U=0 visible=false mode=freeform translucent=true sz=0}]
12-01 09:06:15.174 1508 1637 I wm_task_removed: [330,removeChild]
12-01 09:06:15.351 0 0 I auditd : type=1400 audit(0.0:20102): avc: denied { kill } for comm="swapper/2" capability=5 scontext=u:r:kernel:s0 tcontext=u:r:kernel:s0 tclass=capability permissive=0
12-01 09:06:15.453 1508 2005 I input_interaction: Interaction with: e9e80a1 com.android.launcher3/com.android.launcher3.uioverrides.QuickstepLauncher (server), 5ecd4a7 com.android.systemui.ImageWallpaper (server), edge-swipe (server), swipe-up (server), PointerEventDispatcher0 (server),
12-01 09:06:15.528 1508 6993 I wm_task_moved: [1,1,7]
12-01 09:06:15.528 1508 6993 I wm_set_resumed_activity: [0,com.android.launcher3/.uioverrides.QuickstepLauncher,positionChildAt]
12-01 09:06:15.535 1508 6993 I wm_task_moved: [337,1,7]
12-01 09:06:15.535 1508 6993 I wm_task_to_front: [0,337]
12-01 09:06:15.536 1508 6993 I wm_focused_root_task: [0,0,337,1,reuseOrNewTask]
12-01 09:06:15.536 1508 6993 I wm_create_activity: [0,226872751,337,com.android.deskclock/.DeskClock,NULL,NULL,NULL,269516800]
12-01 09:06:15.538 1508 6993 I wm_pause_activity: [0,103113767,com.android.launcher3/.uioverrides.QuickstepLauncher,userLeaving=true,pauseBackTasks]
12-01 09:06:15.544 2822 2822 I wm_on_top_resumed_lost_called: [103113767,com.android.launcher3.uioverrides.QuickstepLauncher,topStateChangedWhenResumed]
12-01 09:06:15.547 2822 2822 I wm_on_paused_called: [103113767,com.android.launcher3.uioverrides.QuickstepLauncher,performPause]
12-01 09:06:15.549 1508 2437 I wm_add_to_stopping: [0,103113767,com.android.launcher3/.uioverrides.QuickstepLauncher,makeInvisible]
12-01 09:06:15.550 1508 2437 I wm_restart_activity: [0,226872751,337,com.android.deskclock/.DeskClock]
12-01 09:06:15.551 1508 2437 I wm_set_resumed_activity: [0,com.android.deskclock/.DeskClock,minimalResumeActivityLocked]
12-01 09:06:15.566 1508 1636 I sysui_multi_action: [757,803,799,window_time_0,802,1]
12-01 09:06:15.574 1508 6163 I wm_task_moved: [337,1,7]
12-01 09:06:15.575 1508 6163 I wm_set_resumed_activity: [0,com.android.deskclock/.DeskClock,positionChildAt]
12-01 09:06:15.575 1508 6163 I wm_create_activity: [0,238363750,337,com.android.permissioncontroller/.permission.ui.GrantPermissionsActivity,android.content.pm.action.REQUEST_PERMISSIONS,NULL,NULL,8388608]
12-01 09:06:15.576 1508 6163 I wm_pause_activity: [0,226872751,com.android.deskclock/.DeskClock,userLeaving=true,resumeTopActivityInnerLocked]
12-01 09:06:15.577 1508 2005 I input_focus: [Focus leaving e9e80a1 com.android.launcher3/com.android.launcher3.uioverrides.QuickstepLauncher (server),reason=NO_WINDOW]
12-01 09:06:15.595 30186 30186 I wm_on_create_called: [226872751,com.android.deskclock.DeskClock,performCreate]
12-01 09:06:15.596 30186 30186 I wm_on_start_called: [226872751,com.android.deskclock.DeskClock,handleStartActivity]
12-01 09:06:15.596 30186 30186 I wm_on_resume_called: [226872751,com.android.deskclock.DeskClock,RESUME_ACTIVITY]
12-01 09:06:15.598 30186 30186 I wm_on_top_resumed_gained_called: [226872751,com.android.deskclock.DeskClock,topStateChangedWhenResumed]
12-01 09:06:15.598 30186 30186 I wm_on_top_resumed_lost_called: [226872751,com.android.deskclock.DeskClock,topStateChangedWhenResumed]
12-01 09:06:15.600 30186 30186 I wm_on_paused_called: [226872751,com.android.deskclock.DeskClock,performPause]
12-01 09:06:15.601 1508 6993 I wm_restart_activity: [0,238363750,337,com.android.permissioncontroller/.permission.ui.GrantPermissionsActivity]
12-01 09:06:15.602 1508 6993 I wm_set_resumed_activity: [0,com.android.permissioncontroller/.permission.ui.GrantPermissionsActivity,minimalResumeActivityLocked]
12-01 09:06:15.604 1508 1636 I sysui_multi_action: [757,803,799,window_time_0,802,0]
12-01 09:06:15.616 29601 29601 I wm_on_create_called: [238363750,com.android.permissioncontroller.permission.ui.GrantPermissionsActivity,performCreate]
12-01 09:06:15.617 29601 29601 I wm_on_start_called: [238363750,com.android.permissioncontroller.permission.ui.GrantPermissionsActivity,handleStartActivity]
12-01 09:06:15.617 29601 29601 I wm_on_resume_called: [238363750,com.android.permissioncontroller.permission.ui.GrantPermissionsActivity,RESUME_ACTIVITY]
12-01 09:06:15.619 29601 29601 I wm_on_top_resumed_gained_called: [238363750,com.android.permissioncontroller.permission.ui.GrantPermissionsActivity,topStateChangedWhenResumed]
12-01 09:06:15.621 1508 6163 I wm_finish_activity: [0,238363750,337,com.android.permissioncontroller/.permission.ui.GrantPermissionsActivity,app-request]
12-01 09:06:15.622 1508 6163 I wm_pause_activity: [0,238363750,com.android.permissioncontroller/.permission.ui.GrantPermissionsActivity,userLeaving=false,finish]
12-01 09:06:15.629 29601 29601 I wm_on_top_resumed_lost_called: [238363750,com.android.permissioncontroller.permission.ui.GrantPermissionsActivity,topStateChangedWhenResumed]
12-01 09:06:15.630 29601 29601 I wm_on_paused_called: [238363750,com.android.permissioncontroller.permission.ui.GrantPermissionsActivity,performPause]
12-01 09:06:15.630 1508 6993 I wm_add_to_stopping: [0,238363750,com.android.permissioncontroller/.permission.ui.GrantPermissionsActivity,completeFinishing]
12-01 09:06:15.631 1508 6993 I wm_set_resumed_activity: [0,com.android.deskclock/.DeskClock,resumeTopActivityInnerLocked]
12-01 09:06:15.631 1508 6993 I wm_resume_activity: [0,226872751,337,com.android.deskclock/.DeskClock]
12-01 09:06:15.641 1508 1636 I sysui_multi_action: [757,803,799,window_time_0,802,0]
12-01 09:06:15.652 1508 1637 I input_focus: [Focus request 4196054 com.android.deskclock/com.android.deskclock.DeskClock,reason=UpdateInputWindows]
12-01 09:06:15.669 30186 30186 I wm_on_activity_result_called: [226872751,com.android.deskclock.DeskClock,ACTIVITY_RESULT]
12-01 09:06:15.669 30186 30186 I wm_on_resume_called: [226872751,com.android.deskclock.DeskClock,RESUME_ACTIVITY]
12-01 09:06:15.671 30186 30186 I wm_on_top_resumed_gained_called: [226872751,com.android.deskclock.DeskClock,topWhenResuming]
12-01 09:06:15.674 1508 1633 I sysui_multi_action: [319,105,321,70,322,141,325,18794,757,761,758,8,759,1,806,com.android.permissioncontroller,871,com.android.permissioncontroller.permission.ui.GrantPermissionsActivity,904,com.android.deskclock,905,0,1320,8,1321,5]
12-01 09:06:15.675 1508 1633 I wm_activity_launch_time: [0,238363750,com.android.permissioncontroller/.permission.ui.GrantPermissionsActivity,141]
12-01 09:06:15.677 1508 2005 I input_focus: [Focus entering 4196054 com.android.deskclock/com.android.deskclock.DeskClock (server),reason=setFocusedWindow]
12-01 09:06:16.019 1508 1636 I wm_destroy_activity: [0,238363750,337,com.android.permissioncontroller/.permission.ui.GrantPermissionsActivity,finish-imm:idle]
12-01 09:06:16.020 1508 1636 I wm_stop_activity: [0,103113767,com.android.launcher3/.uioverrides.QuickstepLauncher]
12-01 09:06:16.020 29601 29601 I wm_on_stop_called: [238363750,com.android.permissioncontroller.permission.ui.GrantPermissionsActivity,LIFECYCLER_STOP_ACTIVITY]
12-01 09:06:16.021 29601 29601 I wm_on_destroy_called: [238363750,com.android.permissioncontroller.permission.ui.GrantPermissionsActivity,performDestroy]
12-01 09:06:16.046 1508 6993 I wm_task_created: [338,-1]
12-01 09:06:16.047 1508 6993 I wm_finish_activity: [0,226872751,337,com.android.deskclock/.DeskClock,app-request]
12-01 09:06:16.047 1508 6993 I wm_task_moved: [1,1,8]
12-01 09:06:16.047 1508 6993 I wm_task_moved: [10,1,2147483647]
12-01 09:06:16.047 1508 6993 I wm_task_to_front: [0,10]
12-01 09:06:16.047 30186 30186 I wm_on_top_resumed_lost_called: [226872751,com.android.deskclock.DeskClock,topStateChangedWhenResumed]
12-01 09:06:16.049 1508 6993 I wm_set_resumed_activity: [0,com.android.launcher3/.uioverrides.QuickstepLauncher,finish-top adjustFocusToNextFocusableTask]
12-01 09:06:16.057 1508 6993 I wm_pause_activity: [0,226872751,com.android.deskclock/.DeskClock,userLeaving=false,finish]
12-01 09:06:16.062 1508 6993 I wm_task_moved: [338,1,8]
12-01 09:06:16.062 1508 6993 I wm_task_to_front: [0,338]
12-01 09:06:16.062 1508 6993 I wm_focused_root_task: [0,0,338,1,reuseOrNewTask]
12-01 09:06:16.062 1508 6993 I wm_create_task: [0,338]
12-01 09:06:16.062 1508 6993 I wm_create_activity: [0,234240408,338,com.android.music/.MusicBrowserActivity,android.intent.action.MAIN,NULL,NULL,270532608]
12-01 09:06:16.062 1508 6993 I wm_task_moved: [338,1,8]
12-01 09:06:16.069 30186 30186 I wm_on_paused_called: [226872751,com.android.deskclock.DeskClock,performPause]
12-01 09:06:16.075 1508 6993 I wm_add_to_stopping: [0,226872751,com.android.deskclock/.DeskClock,completeFinishing]
12-01 09:06:16.077 1508 6993 I wm_restart_activity: [0,234240408,338,com.android.music/.MusicBrowserActivity]
12-01 09:06:16.077 1508 6993 I wm_set_resumed_activity: [0,com.android.music/.MusicBrowserActivity,minimalResumeActivityLocked]
12-01 09:06:16.078 1508 2005 I input_focus: [Focus leaving 4196054 com.android.deskclock/com.android.deskclock.DeskClock (server),reason=NO_WINDOW]
12-01 09:06:16.081 1508 6993 I wm_resume_activity: [0,103113767,10,com.android.launcher3/.uioverrides.QuickstepLauncher]
12-01 09:06:16.100 1508 1636 I sysui_multi_action: [757,803,799,window_time_0,802,0]
12-01 09:06:16.119 29140 29140 I wm_on_create_called: [234240408,com.android.music.MusicBrowserActivity,performCreate]
12-01 09:06:16.124 2822 2822 I wm_on_stop_called: [103113767,com.android.launcher3.uioverrides.QuickstepLauncher,STOP_ACTIVITY_ITEM]
12-01 09:06:16.127 2822 2822 I wm_on_restart_called: [103113767,com.android.launcher3.uioverrides.QuickstepLauncher,performRestartActivity]
12-01 09:06:16.127 2822 2822 I wm_on_start_called: [103113767,com.android.launcher3.uioverrides.QuickstepLauncher,handleStartActivity]
12-01 09:06:16.127 2822 2822 I wm_on_resume_called: [103113767,com.android.launcher3.uioverrides.QuickstepLauncher,RESUME_ACTIVITY]
12-01 09:06:16.131 29140 29140 I wm_on_start_called: [234240408,com.android.music.MusicBrowserActivity,handleStartActivity]
12-01 09:06:16.131 29140 29140 I wm_on_resume_called: [234240408,com.android.music.MusicBrowserActivity,RESUME_ACTIVITY]
12-01 09:06:16.133 29140 29140 I wm_on_top_resumed_gained_called: [234240408,com.android.music.MusicBrowserActivity,topStateChangedWhenResumed]
12-01 09:06:16.147 1508 1508 I notification_enqueue: [10086,29140,com.android.music,1,NULL,0,Notification(channel=Channel-music shortcut=null contentView=null vibrate=null sound=null defaults=0x0 flags=0x40 color=0x00000000 category=transport actions=4 vis=PRIVATE),1]
12-01 09:06:16.148 1508 1508 I notification_enqueue: [10086,29140,com.android.music,1,NULL,0,Notification(channel=Channel-music shortcut=null contentView=null vibrate=null sound=null defaults=0x0 flags=0x40 color=0x00000000 category=transport actions=4 vis=PRIVATE),1]
12-01 09:06:16.168 1508 1508 I notification_enqueue: [10086,29140,com.android.music,1,NULL,0,Notification(channel=Channel-music shortcut=null contentView=null vibrate=null sound=null defaults=0x0 flags=0x40 color=0x00000000 category=transport actions=4 vis=PRIVATE),1]
12-01 09:06:16.169 1508 1508 I notification_enqueue: [10086,29140,com.android.music,1,NULL,0,Notification(channel=Channel-music shortcut=null contentView=null vibrate=null sound=null defaults=0x0 flags=0x40 color=0x00000000 category=transport actions=4 vis=PRIVATE),1]
12-01 09:06:16.185 1508 1637 I input_focus: [Focus request 9b2f637 com.android.music/com.android.music.MusicBrowserActivity,reason=UpdateInputWindows]
12-01 09:06:16.207 1508 1633 I sysui_multi_action: [319,155,322,155,325,18794,757,761,758,8,759,2,806,com.android.music,871,com.android.music.MusicBrowserActivity,904,android,905,0,1320,8,1321,5]
12-01 09:06:16.208 1508 1633 I wm_activity_launch_time: [0,234240408,com.android.music/.MusicBrowserActivity,155]
12-01 09:06:16.213 1508 2005 I input_focus: [Focus entering 9b2f637 com.android.music/com.android.music.MusicBrowserActivity (server),reason=setFocusedWindow]
12-01 09:06:16.703 1508 1636 I wm_destroy_activity: [0,226872751,337,com.android.deskclock/.DeskClock,finish-imm:idle]
12-01 09:06:16.738 30186 30186 I wm_on_stop_called: [226872751,com.android.deskclock.DeskClock,LIFECYCLER_STOP_ACTIVITY]
12-01 09:06:16.745 30186 30186 I wm_on_destroy_called: [226872751,com.android.deskclock.DeskClock,performDestroy]
12-01 09:06:16.751 1508 8164 I wm_task_removed: [337,removeChild:removeChild last r=ActivityRecord{d85cdaf u0 com.android.deskclock/.DeskClock t-1 f}} in t=Task{bbaa381 #337 type=standard A=10065:com.android.deskclock U=0 visible=false mode=fullscreen translucent=true sz=0}]
12-01 09:06:16.751 1508 8164 I wm_task_removed: [337,removeChild]
12-01 09:06:17.346 2822 2822 I view_enqueue_input_event: [Motion - Cancel,com.android.launcher3/com.android.launcher3.uioverrides.QuickstepLauncher]
12-01 09:06:17.350 1508 2005 I input_interaction: Interaction with: edge-swipe (server), swipe-up (server), PointerEventDispatcher0 (server),
12-01 09:06:17.669 1508 8164 I wm_task_moved: [1,1,7]
12-01 09:06:17.671 1508 8164 I wm_set_resumed_activity: [0,com.android.launcher3/.uioverrides.QuickstepLauncher,positionChildAt]
12-01 09:06:17.671 1508 8164 I wm_task_moved: [10,1,2147483647]
12-01 09:06:17.671 1508 8164 I wm_task_to_front: [0,10]
12-01 09:06:17.671 1508 8164 I wm_focused_root_task: [0,0,1,338,bringingFoundTaskToFront]
12-01 09:06:17.671 1508 8164 I wm_set_resumed_activity: [0,com.android.launcher3/.uioverrides.QuickstepLauncher,bringingFoundTaskToFront]
12-01 09:06:17.672 1508 8164 I wm_new_intent: [0,103113767,10,com.android.launcher3/.uioverrides.QuickstepLauncher,android.intent.action.MAIN,NULL,NULL,268435712]
12-01 09:06:17.672 29140 29140 I wm_on_top_resumed_lost_called: [234240408,com.android.music.MusicBrowserActivity,topStateChangedWhenResumed]
12-01 09:06:17.672 1508 8164 I wm_task_moved: [1,1,7]
12-01 09:06:17.673 1508 8164 I wm_set_resumed_activity: [0,com.android.launcher3/.uioverrides.QuickstepLauncher,positionChildAt]
12-01 09:06:17.680 1508 1637 I input_focus: [Focus request e9e80a1 com.android.launcher3/com.android.launcher3.uioverrides.QuickstepLauncher,reason=UpdateInputWindows]
12-01 09:06:17.682 2822 2822 I wm_on_paused_called: [103113767,com.android.launcher3.uioverrides.QuickstepLauncher,performPause]
12-01 09:06:17.685 2822 2822 I wm_on_resume_called: [103113767,com.android.launcher3.uioverrides.QuickstepLauncher,LIFECYCLER_RESUME_ACTIVITY]
12-01 09:06:17.688 2822 2822 I wm_on_top_resumed_gained_called: [103113767,com.android.launcher3.uioverrides.QuickstepLauncher,topStateChangedWhenResumed]
12-01 09:06:17.700 1508 2005 I input_focus: [Focus leaving 9b2f637 com.android.music/com.android.music.MusicBrowserActivity (server),reason=setFocusedWindow]
12-01 09:06:17.700 1508 2005 I input_focus: [Focus entering e9e80a1 com.android.launcher3/com.android.launcher3.uioverrides.QuickstepLauncher (server),reason=setFocusedWindow]
12-01 09:06:17.810 1508 2005 I input_interaction: Interaction with: e9e80a1 com.android.launcher3/com.android.launcher3.uioverrides.QuickstepLauncher (server), 5ecd4a7 com.android.systemui.ImageWallpaper (server), edge-swipe (server), swipe-up (server), PointerEventDispatcher0 (server),
12-01 09:06:17.862 1508 2005 I input_interaction: Interaction with: edge-swipe (server), swipe-up (server), PointerEventDispatcher0 (server),
12-01 09:06:17.863 2822 2822 I view_enqueue_input_event: [Motion - Cancel,com.android.launcher3/com.android.launcher3.uioverrides.QuickstepLauncher]
12-01 09:06:18.060 1508 1754 I commit_sys_config_file: [settings-1-0,13]
12-01 09:06:18.381 1508 1754 I commit_sys_config_file: [settings-1-0,5]
12-01 09:06:18.483 1508 9285 I wm_finish_activity: [0,234240408,338,com.android.music/.MusicBrowserActivity,app-request]
12-01 09:06:18.498 1508 9285 I wm_pause_activity: [0,234240408,com.android.music/.MusicBrowserActivity,userLeaving=false,finish]
12-01 09:06:18.501 29140 29140 I wm_on_paused_called: [234240408,com.android.music.MusicBrowserActivity,performPause]
12-01 09:06:18.508 1508 10918 I wm_destroy_activity: [0,234240408,338,com.android.music/.MusicBrowserActivity,finish-imm:completePausedLocked]
12-01 09:06:18.518 1508 1636 I sysui_multi_action: [757,803,799,window_time_2,802,3]
12-01 09:06:18.529 29140 29140 I wm_on_stop_called: [234240408,com.android.music.MusicBrowserActivity,LIFECYCLER_STOP_ACTIVITY]
12-01 09:06:18.546 29140 29140 I wm_on_destroy_called: [234240408,com.android.music.MusicBrowserActivity,performDestroy]
12-01 09:06:18.800 1508 1637 I wm_task_removed: [338,removeChild:removeChild last r=ActivityRecord{df63998 u0 com.android.music/.MusicBrowserActivity t-1 f}} in t=Task{d8de30a #338 type=standard A=10086:android.task.music U=0 visible=false mode=freeform translucent=true sz=0}]
12-01 09:06:18.800 1508 1637 I wm_task_removed: [338,removeChild]
12-01 09:06:19.351 0 0 I auditd : type=1400 audit(0.0:20103): avc: denied { kill } for comm="swapper/2" capability=5 scontext=u:r:kernel:s0 tcontext=u:r:kernel:s0 tclass=capability permissive=0
12-01 09:06:20.351 0 0 I auditd : type=1400 audit(0.0:20104): avc: denied { kill } for comm="swapper/2" capability=5 scontext=u:r:kernel:s0 tcontext=u:r:kernel:s0 tclass=capability permissive=0
12-01 09:06:21.351 0 0 I auditd : type=1400 audit(0.0:20105): avc: denied { kill } for comm="swapper/2" capability=5 scontext=u:r:kernel:s0 tcontext=u:r:kernel:s0 tclass=capability permissive=0
12-01 09:06:22.351 0 0 I auditd : type=1400 audit(0.0:20106): avc: denied { kill } for comm="swapper/2" capability=5 scontext=u:r:kernel:s0 tcontext=u:r:kernel:s0 tclass=capability permissive=0
12-01 09:06:23.351 0 0 I auditd : type=1400 audit(0.0:20107): avc: denied { kill } for comm="swapper/2" capability=5 scontext=u:r:kernel:s0 tcontext=u:r:kernel:s0 tclass=capability permissive=0
12-01 09:06:24.351 0 0 I auditd : type=1400 audit(0.0:20108): avc: denied { kill } for comm="swapper/2" capability=5 scontext=u:r:kernel:s0 tcontext=u:r:kernel:s0 tclass=capability permissive=0
12-01 09:06:25.351 0 0 I auditd : type=1400 audit(0.0:20109): avc: denied { kill } for comm="swapper/2" capability=5 scontext=u:r:kernel:s0 tcontext=u:r:kernel:s0 tclass=capability permissive=0
12-01 09:06:26.351 0 0 I auditd : type=1400 audit(0.0:20110): avc: denied { kill } for comm="swapper/2" capability=5 scontext=u:r:kernel:s0 tcontext=u:r:kernel:s0 tclass=capability permissive=0
12-01 09:06:27.351 0 0 I auditd : type=1400 audit(0.0:20111): avc: denied { kill } for comm="swapper/2" capability=5 scontext=u:r:kernel:s0 tcontext=u:r:kernel:s0 tclass=capability permissive=0
12-01 09:06:28.351 0 0 I auditd : type=1400 audit(0.0:20112): avc: denied { kill } for comm="swapper/2" capability=5 scontext=u:r:kernel:s0 tcontext=u:r:kernel:s0 tclass=capability permissive=0
12-01 09:06:29.351 0 0 I auditd : type=1400 audit(0.0:20113): avc: denied { kill } for comm="swapper/2" capability=5 scontext=u:r:kernel:s0 tcontext=u:r:kernel:s0 tclass=capability permissive=0
12-01 09:06:30.351 0 0 I auditd : type=1400 audit(0.0:20114): avc: denied { kill } for comm="swapper/2" capability=5 scontext=u:r:kernel:s0 tcontext=u:r:kernel:s0 tclass=capability permissive=0
12-01 09:06:31.351 0 0 I auditd : type=1400 audit(0.0:20115): avc: denied { kill } for comm="swapper/2" capability=5 scontext=u:r:kernel:s0 tcontext=u:r:kernel:s0 tclass=capability permissive=0
12-01 09:06:32.351 0 0 I auditd : type=1400 audit(0.0:20116): avc: denied { kill } for comm="swapper/2" capability=5 scontext=u:r:kernel:s0 tcontext=u:r:kernel:s0 tclass=capability permissive=0
12-01 09:06:33.351 0 0 I auditd : type=1400 audit(0.0:20117): avc: denied { kill } for comm="swapper/2" capability=5 scontext=u:r:kernel:s0 tcontext=u:r:kernel:s0 tclass=capability permissive=0
12-01 09:06:34.351 0 0 I auditd : type=1400 audit(0.0:20118): avc: denied { kill } for comm="swapper/2" capability=5 scontext=u:r:kernel:s0 tcontext=u:r:kernel:s0 tclass=capability permissive=0
12-01 09:06:34.560 1508 1508 I notification_enqueue: [10097,9319,com.github.uiautomator,1,NULL,0,Notification(channel=monitor service shortcut=null contentView=null vibrate=null sound=null tick defaults=0x0 flags=0x40 color=0x00000000 vis=PRIVATE),1]
12-01 09:06:35.351 0 0 I auditd : type=1400 audit(0.0:20119): avc: denied { kill } for comm="swapper/2" capability=5 scontext=u:r:kernel:s0 tcontext=u:r:kernel:s0 tclass=capability permissive=0
12-01 09:06:36.351 0 0 I auditd : type=1400 audit(0.0:20120): avc: denied { kill } for comm="swapper/2" capability=5 scontext=u:r:kernel:s0 tcontext=u:r:kernel:s0 tclass=capability permissive=0
12-01 09:06:37.351 0 0 I auditd : type=1400 audit(0.0:20121): avc: denied { kill } for comm="swapper/2" capability=5 scontext=u:r:kernel:s0 tcontext=u:r:kernel:s0 tclass=capability permissive=0
12-01 09:06:37.454 1508 2005 I input_interaction: Interaction with: e9e80a1 com.android.launcher3/com.android.launcher3.uioverrides.QuickstepLauncher (server), 5ecd4a7 com.android.systemui.ImageWallpaper (server), edge-swipe (server), swipe-up (server), PointerEventDispatcher0 (server),
12-01 09:06:37.585 1508 8164 I wm_task_created: [339,-1]
12-01 09:06:37.591 1508 8164 I wm_task_moved: [339,1,7]
12-01 09:06:37.591 1508 8164 I wm_task_to_front: [0,339]
12-01 09:06:37.592 1508 8164 I wm_create_task: [0,339]
12-01 09:06:37.592 1508 8164 I wm_create_activity: [0,201292533,339,com.android.deskclock/.DeskClock,NULL,NULL,NULL,268468224]
12-01 09:06:37.592 1508 8164 I wm_task_moved: [339,1,7]
12-01 09:06:37.597 1508 8164 I wm_restart_activity: [0,201292533,339,com.android.deskclock/.DeskClock]
12-01 09:06:37.599 1508 8164 I wm_set_resumed_activity: [0,com.android.deskclock/.DeskClock,minimalResumeActivityLocked]
12-01 09:06:37.611 2822 2822 I wm_on_top_resumed_lost_called: [103113767,com.android.launcher3.uioverrides.QuickstepLauncher,topStateChangedWhenResumed]
12-01 09:06:37.644 1508 10918 I wm_task_created: [340,-1]
12-01 09:06:37.646 1508 10918 I wm_finish_activity: [0,201292533,339,com.android.deskclock/.DeskClock,app-request]
12-01 09:06:37.646 1508 10918 I wm_task_moved: [1,1,8]
12-01 09:06:37.647 1508 10918 I wm_set_resumed_activity: [0,com.android.launcher3/.uioverrides.QuickstepLauncher,positionChildAt]
12-01 09:06:37.647 1508 10918 I wm_task_moved: [10,1,2147483647]
12-01 09:06:37.647 1508 10918 I wm_task_to_front: [0,10]
12-01 09:06:37.647 1508 10918 I wm_focused_root_task: [0,0,1,-1,finish-top adjustFocusToNextFocusableTask]
12-01 09:06:37.647 1508 10918 I wm_set_resumed_activity: [0,com.android.launcher3/.uioverrides.QuickstepLauncher,finish-top]
12-01 09:06:37.648 1508 10918 I wm_pause_activity: [0,201292533,com.android.deskclock/.DeskClock,userLeaving=false,finish]
12-01 09:06:37.652 1508 10918 I wm_task_moved: [340,1,8]
12-01 09:06:37.652 1508 10918 I wm_task_to_front: [0,340]
12-01 09:06:37.652 1508 10918 I wm_focused_root_task: [0,0,340,1,reuseOrNewTask]
12-01 09:06:37.652 1508 10918 I wm_create_task: [0,340]
12-01 09:06:37.652 1508 10918 I wm_create_activity: [0,166918103,340,com.android.music/.MusicBrowserActivity,android.intent.action.MAIN,NULL,NULL,270532608]
12-01 09:06:37.652 1508 10918 I wm_task_moved: [340,1,8]
12-01 09:06:37.655 1508 1637 I input_focus: [Focus request e9e80a1 com.android.launcher3/com.android.launcher3.uioverrides.QuickstepLauncher,reason=UpdateInputWindows]
12-01 09:06:37.659 1508 8164 I wm_task_created: [341,-1]
12-01 09:06:37.660 1508 8164 I wm_finish_activity: [0,166918103,340,com.android.music/.MusicBrowserActivity,app-request]
12-01 09:06:37.660 1508 8164 I wm_task_moved: [1,1,9]
12-01 09:06:37.661 1508 8164 I wm_set_resumed_activity: [0,com.android.launcher3/.uioverrides.QuickstepLauncher,positionChildAt]
12-01 09:06:37.661 1508 8164 I wm_task_moved: [10,1,2147483647]
12-01 09:06:37.661 1508 8164 I wm_task_to_front: [0,10]
12-01 09:06:37.661 1508 8164 I wm_focused_root_task: [0,0,1,-1,finish-top adjustFocusToNextFocusableTask]
12-01 09:06:37.661 1508 8164 I wm_set_resumed_activity: [0,com.android.launcher3/.uioverrides.QuickstepLauncher,finish-top]
12-01 09:06:37.662 1508 8164 I wm_destroy_activity: [0,166918103,340,com.android.music/.MusicBrowserActivity,finish-imm:finishIfPossible]
12-01 09:06:37.662 1508 8164 I wm_task_removed: [340,removeChild:removeChild last r=ActivityRecord{9f2f7d7 u0 com.android.music/.MusicBrowserActivity t-1 f}} in t=Task{f34cb56 #340 type=standard A=10086:android.task.music U=0 visible=false mode=freeform translucent=true sz=0}]
12-01 09:06:37.662 1508 8164 I wm_task_removed: [340,removeChild]
12-01 09:06:37.670 1508 8164 I wm_task_moved: [341,1,8]
12-01 09:06:37.670 1508 8164 I wm_task_to_front: [0,341]
12-01 09:06:37.670 1508 8164 I wm_focused_root_task: [0,0,341,1,reuseOrNewTask]
12-01 09:06:37.670 1508 8164 I wm_create_task: [0,341]
12-01 09:06:37.670 1508 8164 I wm_create_activity: [0,226172208,341,com.android.permissioncontroller/.permission.ui.GrantPermissionsActivity,android.content.pm.action.REQUEST_PERMISSIONS,NULL,NULL,276824064]
12-01 09:06:37.670 1508 8164 I wm_task_moved: [341,1,8]
12-01 09:06:37.688 30186 30186 I wm_on_create_called: [201292533,com.android.deskclock.DeskClock,performCreate]
12-01 09:06:37.690 30186 30186 I wm_on_start_called: [201292533,com.android.deskclock.DeskClock,handleStartActivity]
12-01 09:06:37.690 30186 30186 I wm_on_resume_called: [201292533,com.android.deskclock.DeskClock,RESUME_ACTIVITY]
12-01 09:06:37.693 30186 30186 I wm_on_top_resumed_gained_called: [201292533,com.android.deskclock.DeskClock,topStateChangedWhenResumed]
12-01 09:06:37.694 30186 30186 I wm_on_top_resumed_lost_called: [201292533,com.android.deskclock.DeskClock,topStateChangedWhenResumed]
12-01 09:06:37.694 30186 30186 I wm_on_paused_called: [201292533,com.android.deskclock.DeskClock,performPause]
12-01 09:06:37.694 1508 10918 I wm_add_to_stopping: [0,201292533,com.android.deskclock/.DeskClock,completeFinishing]
12-01 09:06:37.696 1508 10918 I wm_restart_activity: [0,226172208,341,com.android.permissioncontroller/.permission.ui.GrantPermissionsActivity]
12-01 09:06:37.697 1508 10918 I wm_set_resumed_activity: [0,com.android.permissioncontroller/.permission.ui.GrantPermissionsActivity,minimalResumeActivityLocked]
12-01 09:06:37.700 1508 1636 I wm_destroy_activity: [0,201292533,339,com.android.deskclock/.DeskClock,finish-imm:idle]
12-01 09:06:37.702 1508 1636 I sysui_multi_action: [757,803,799,window_time_0,802,19]
12-01 09:06:37.704 1508 8164 I wm_finish_activity: [0,226172208,341,com.android.permissioncontroller/.permission.ui.GrantPermissionsActivity,app-request]
12-01 09:06:37.704 1508 8164 I wm_task_moved: [1,1,8]
12-01 09:06:37.706 1508 8164 I wm_set_resumed_activity: [0,com.android.launcher3/.uioverrides.QuickstepLauncher,positionChildAt]
12-01 09:06:37.706 1508 8164 I wm_task_moved: [10,1,2147483647]
12-01 09:06:37.706 1508 8164 I wm_task_to_front: [0,10]
12-01 09:06:37.707 1508 8164 I wm_focused_root_task: [0,0,1,-1,finish-top adjustFocusToNextFocusableTask]
12-01 09:06:37.707 1508 8164 I wm_set_resumed_activity: [0,com.android.launcher3/.uioverrides.QuickstepLauncher,finish-top]
12-01 09:06:37.707 1508 8164 I wm_pause_activity: [0,226172208,com.android.permissioncontroller/.permission.ui.GrantPermissionsActivity,userLeaving=false,finish]
12-01 09:06:37.710 1508 1637 I input_focus: [Focus request e9e80a1 com.android.launcher3/com.android.launcher3.uioverrides.QuickstepLauncher,reason=UpdateInputWindows]
12-01 09:06:37.710 29601 29601 I wm_on_create_called: [226172208,com.android.permissioncontroller.permission.ui.GrantPermissionsActivity,performCreate]
12-01 09:06:37.721 2822 2822 I wm_on_top_resumed_gained_called: [103113767,com.android.launcher3.uioverrides.QuickstepLauncher,topStateChangedWhenResumed]
12-01 09:06:37.722 1508 9285 I wm_destroy_activity: [0,226172208,341,com.android.permissioncontroller/.permission.ui.GrantPermissionsActivity,finish-imm:completePausedLocked]
12-01 09:06:37.730 29601 29601 I wm_on_destroy_called: [226172208,com.android.permissioncontroller.permission.ui.GrantPermissionsActivity,performDestroy]
12-01 09:06:37.732 1508 1636 I sysui_multi_action: [757,1144,758,8,806,com.android.permissioncontroller,871,com.android.permissioncontroller.permission.ui.GrantPermissionsActivity]
12-01 09:06:37.735 1508 10918 I wm_task_removed: [341,removeChild:removeChild last r=ActivityRecord{d7b1d30 u0 com.android.permissioncontroller/.permission.ui.GrantPermissionsActivity t-1 f}} in t=Task{9853a73 #341 type=standard A=10065:com.android.deskclock U=0 visible=false mode=freeform translucent=true sz=0}]
12-01 09:06:37.735 1508 10918 I wm_task_removed: [341,removeChild]
12-01 09:06:37.737 1508 1636 I sysui_multi_action: [757,803,799,window_time_2,802,0]
12-01 09:06:37.749 1508 1647 I am_pss : [29140,10086,com.android.music,64253952,59539456,0,184729600,0,4,10]
12-01 09:06:37.882 30186 30186 I wm_on_stop_called: [201292533,com.android.deskclock.DeskClock,LIFECYCLER_STOP_ACTIVITY]
12-01 09:06:37.887 30186 30186 I wm_on_destroy_called: [201292533,com.android.deskclock.DeskClock,performDestroy]
12-01 09:06:37.894 1508 2426 I wm_task_removed: [339,removeChild:removeChild last r=ActivityRecord{bff7af5 u0 com.android.deskclock/.DeskClock t-1 f}} in t=Task{20fea7e #339 type=standard A=10065:com.android.deskclock U=0 visible=false mode=freeform translucent=true sz=0}]
12-01 09:06:37.894 1508 2426 I wm_task_removed: [339,removeChild]
12-01 09:06:38.351 0 0 I auditd : type=1400 audit(0.0:20122): avc: denied { kill } for comm="swapper/2" capability=5 scontext=u:r:kernel:s0 tcontext=u:r:kernel:s0 tclass=capability permissive=0
12-01 09:06:39.351 0 0 I auditd : type=1400 audit(0.0:20123): avc: denied { kill } for comm="swapper/2" capability=5 scontext=u:r:kernel:s0 tcontext=u:r:kernel:s0 tclass=capability permissive=0
12-01 09:06:40.038 2822 2822 I view_enqueue_input_event: [Motion - Cancel,com.android.launcher3/com.android.launcher3.uioverrides.QuickstepLauncher]
12-01 09:06:40.041 1508 2005 I input_interaction: Interaction with: edge-swipe (server), swipe-up (server), PointerEventDispatcher0 (server),
12-01 09:06:40.222 1508 1754 I commit_sys_config_file: [settings-1-0,8]
12-01 09:06:40.630 1508 1754 I commit_sys_config_file: [settings-1-0,7]
12-01 09:06:41.351 288 288 I auditd : type=1400 audit(0.0:20124): avc: denied { kill } for comm="kgsl_worker_thr" capability=5 scontext=u:r:kernel:s0 tcontext=u:r:kernel:s0 tclass=capability permissive=0
12-01 09:06:42.351 0 0 I auditd : type=1400 audit(0.0:20125): avc: denied { kill } for comm="swapper/2" capability=5 scontext=u:r:kernel:s0 tcontext=u:r:kernel:s0 tclass=capability permissive=0
12-01 09:06:43.007 1508 2005 I input_interaction: Interaction with: e9e80a1 com.android.launcher3/com.android.launcher3.uioverrides.QuickstepLauncher (server), 5ecd4a7 com.android.systemui.ImageWallpaper (server), edge-swipe (server), swipe-up (server), PointerEventDispatcher0 (server),
12-01 09:06:43.130 1508 10918 I wm_task_moved: [1,1,7]
12-01 09:06:43.130 1508 10918 I wm_set_resumed_activity: [0,com.android.launcher3/.uioverrides.QuickstepLauncher,positionChildAt]
12-01 09:06:43.135 1508 10918 I wm_task_moved: [337,1,7]
12-01 09:06:43.135 1508 10918 I wm_task_to_front: [0,337]
12-01 09:06:43.135 1508 10918 I wm_focused_root_task: [0,0,337,1,reuseOrNewTask]
12-01 09:06:43.135 1508 10918 I wm_create_activity: [0,25669478,337,com.android.deskclock/.DeskClock,NULL,NULL,NULL,269516800]
12-01 09:06:43.140 1508 10918 I wm_restart_activity: [0,25669478,337,com.android.deskclock/.DeskClock]
12-01 09:06:43.142 1508 10918 I wm_set_resumed_activity: [0,com.android.deskclock/.DeskClock,minimalResumeActivityLocked]
12-01 09:06:43.151 2822 2822 I wm_on_top_resumed_lost_called: [103113767,com.android.launcher3.uioverrides.QuickstepLauncher,topStateChangedWhenResumed]
12-01 09:06:43.184 1508 6163 I wm_task_moved: [337,1,7]
12-01 09:06:43.184 1508 6163 I wm_set_resumed_activity: [0,com.android.deskclock/.DeskClock,positionChildAt]
12-01 09:06:43.184 1508 6163 I wm_create_activity: [0,93328125,337,com.android.permissioncontroller/.permission.ui.GrantPermissionsActivity,android.content.pm.action.REQUEST_PERMISSIONS,NULL,NULL,8388608]
12-01 09:06:43.185 1508 6163 I wm_pause_activity: [0,25669478,com.android.deskclock/.DeskClock,userLeaving=true,resumeTopActivityInnerLocked]
12-01 09:06:43.198 30186 30186 I wm_on_create_called: [25669478,com.android.deskclock.DeskClock,performCreate]
12-01 09:06:43.200 30186 30186 I wm_on_start_called: [25669478,com.android.deskclock.DeskClock,handleStartActivity]
12-01 09:06:43.201 30186 30186 I wm_on_resume_called: [25669478,com.android.deskclock.DeskClock,RESUME_ACTIVITY]
12-01 09:06:43.203 30186 30186 I wm_on_top_resumed_gained_called: [25669478,com.android.deskclock.DeskClock,topStateChangedWhenResumed]
12-01 09:06:43.203 30186 30186 I wm_on_top_resumed_lost_called: [25669478,com.android.deskclock.DeskClock,topStateChangedWhenResumed]
12-01 09:06:43.203 30186 30186 I wm_on_paused_called: [25669478,com.android.deskclock.DeskClock,performPause]
12-01 09:06:43.205 1508 6163 I wm_restart_activity: [0,93328125,337,com.android.permissioncontroller/.permission.ui.GrantPermissionsActivity]
12-01 09:06:43.206 1508 6163 I wm_set_resumed_activity: [0,com.android.permissioncontroller/.permission.ui.GrantPermissionsActivity,minimalResumeActivityLocked]
12-01 09:06:43.211 1508 1636 I sysui_multi_action: [757,803,799,window_time_0,802,5]
12-01 09:06:43.225 29601 29601 I wm_on_create_called: [93328125,com.android.permissioncontroller.permission.ui.GrantPermissionsActivity,performCreate]
12-01 09:06:43.226 29601 29601 I wm_on_start_called: [93328125,com.android.permissioncontroller.permission.ui.GrantPermissionsActivity,handleStartActivity]
12-01 09:06:43.226 29601 29601 I wm_on_resume_called: [93328125,com.android.permissioncontroller.permission.ui.GrantPermissionsActivity,RESUME_ACTIVITY]
12-01 09:06:43.229 29601 29601 I wm_on_top_resumed_gained_called: [93328125,com.android.permissioncontroller.permission.ui.GrantPermissionsActivity,topStateChangedWhenResumed]
12-01 09:06:43.232 1508 2426 I wm_finish_activity: [0,93328125,337,com.android.permissioncontroller/.permission.ui.GrantPermissionsActivity,app-request]
12-01 09:06:43.233 1508 2426 I wm_pause_activity: [0,93328125,com.android.permissioncontroller/.permission.ui.GrantPermissionsActivity,userLeaving=false,finish]
12-01 09:06:43.253 29601 29601 I wm_on_top_resumed_lost_called: [93328125,com.android.permissioncontroller.permission.ui.GrantPermissionsActivity,topStateChangedWhenResumed]
12-01 09:06:43.253 29601 29601 I wm_on_paused_called: [93328125,com.android.permissioncontroller.permission.ui.GrantPermissionsActivity,performPause]
12-01 09:06:43.254 1508 9619 I wm_add_to_stopping: [0,93328125,com.android.permissioncontroller/.permission.ui.GrantPermissionsActivity,completeFinishing]
12-01 09:06:43.256 1508 9619 I wm_set_resumed_activity: [0,com.android.deskclock/.DeskClock,resumeTopActivityInnerLocked]
12-01 09:06:43.257 1508 9619 I wm_resume_activity: [0,25669478,337,com.android.deskclock/.DeskClock]
12-01 09:06:43.260 1508 1637 I input_focus: [Focus request 57a1243 com.android.deskclock/com.android.deskclock.DeskClock,reason=UpdateInputWindows]
12-01 09:06:43.262 1508 1636 I sysui_multi_action: [757,803,799,window_time_2,802,0]
12-01 09:06:43.276 1508 2005 I input_focus: [Focus leaving e9e80a1 com.android.launcher3/com.android.launcher3.uioverrides.QuickstepLauncher (server),reason=Waiting for window because NOT_VISIBLE]
12-01 09:06:43.280 30186 30186 I wm_on_activity_result_called: [25669478,com.android.deskclock.DeskClock,ACTIVITY_RESULT]
12-01 09:06:43.280 30186 30186 I wm_on_resume_called: [25669478,com.android.deskclock.DeskClock,RESUME_ACTIVITY]
12-01 09:06:43.281 30186 30186 I wm_on_top_resumed_gained_called: [25669478,com.android.deskclock.DeskClock,topWhenResuming]
12-01 09:06:43.294 1508 2005 I input_focus: [Focus entering 57a1243 com.android.deskclock/com.android.deskclock.DeskClock (server),reason=Window became focusable. Previous reason: NOT_VISIBLE]
12-01 09:06:43.351 0 0 I auditd : type=1400 audit(0.0:20126): avc: denied { kill } for comm="swapper/2" capability=5 scontext=u:r:kernel:s0 tcontext=u:r:kernel:s0 tclass=capability permissive=0
12-01 09:06:43.575 1508 1636 I wm_destroy_activity: [0,93328125,337,com.android.permissioncontroller/.permission.ui.GrantPermissionsActivity,finish-imm:idle]
12-01 09:06:43.578 29601 29601 I wm_on_stop_called: [93328125,com.android.permissioncontroller.permission.ui.GrantPermissionsActivity,LIFECYCLER_STOP_ACTIVITY]
12-01 09:06:43.579 29601 29601 I wm_on_destroy_called: [93328125,com.android.permissioncontroller.permission.ui.GrantPermissionsActivity,performDestroy]
12-01 09:06:44.113 1508 1768 I am_freeze: [29187,com.android.systemui:screenshot]
12-01 09:06:44.114 1508 1768 I am_kill : [0,29187,com.android.systemui:screenshot,945,Unable to freeze binder interface]
12-01 09:06:44.170 1508 2426 I am_proc_died: [0,29187,com.android.systemui:screenshot,945,19]
12-01 09:06:44.351 0 0 I auditd : type=1400 audit(0.0:20127): avc: denied { kill } for comm="swapper/2" capability=5 scontext=u:r:kernel:s0 tcontext=u:r:kernel:s0 tclass=capability permissive=0
12-01 09:06:45.018 1508 2005 I input_interaction: Interaction with: 57a1243 com.android.deskclock/com.android.deskclock.DeskClock (server), edge-swipe (server), swipe-up (server), PointerEventDispatcher0 (server),
12-01 09:06:45.156 1508 1739 I wm_relaunch_resume_activity: [0,25669478,337,com.android.deskclock/.DeskClock]
12-01 09:06:45.156 1508 1739 I wm_add_to_stopping: [0,103113767,com.android.launcher3/.uioverrides.QuickstepLauncher,makeInvisible]
12-01 09:06:45.168 30186 30186 I wm_on_top_resumed_lost_called: [25669478,com.android.deskclock.DeskClock,pausing]
12-01 09:06:45.169 30186 30186 I wm_on_paused_called: [25669478,com.android.deskclock.DeskClock,performPause]
12-01 09:06:45.170 30186 30186 I wm_on_stop_called: [25669478,com.android.deskclock.DeskClock,handleRelaunchActivity]
12-01 09:06:45.183 30186 30186 I wm_on_destroy_called: [25669478,com.android.deskclock.DeskClock,performDestroy]
12-01 09:06:45.207 1508 1739 I wm_task_moved: [337,1,7]
12-01 09:06:45.207 1508 1739 I wm_set_resumed_activity: [0,com.android.deskclock/.DeskClock,positionChildAt]
12-01 09:06:45.207 1508 1739 I wm_create_activity: [0,154447801,337,com.android.permissioncontroller/.permission.ui.GrantPermissionsActivity,android.content.pm.action.REQUEST_PERMISSIONS,NULL,NULL,8388608]
12-01 09:06:45.208 1508 1739 I wm_pause_activity: [0,103113767,com.android.launcher3/.uioverrides.QuickstepLauncher,userLeaving=true,pauseBackTasks]
12-01 09:06:45.209 2822 2822 I wm_on_paused_called: [103113767,com.android.launcher3.uioverrides.QuickstepLauncher,performPause]
12-01 09:06:45.209 1508 1739 I wm_pause_activity: [0,25669478,com.android.deskclock/.DeskClock,userLeaving=true,resumeTopActivityInnerLocked]
12-01 09:06:45.216 1508 1636 I sysui_multi_action: [757,803,799,window_time_2,802,2]
12-01 09:06:45.233 30186 30186 I wm_on_create_called: [25669478,com.android.deskclock.DeskClock,performCreate]
12-01 09:06:45.254 30186 30186 I wm_on_start_called: [25669478,com.android.deskclock.DeskClock,handleStartActivity]
12-01 09:06:45.254 30186 30186 I wm_on_resume_called: [25669478,com.android.deskclock.DeskClock,RESUME_ACTIVITY]
12-01 09:06:45.255 30186 30186 I wm_on_top_resumed_gained_called: [25669478,com.android.deskclock.DeskClock,topWhenResuming]
12-01 09:06:45.285 30186 30186 I wm_on_top_resumed_lost_called: [25669478,com.android.deskclock.DeskClock,topStateChangedWhenResumed]
12-01 09:06:45.285 30186 30186 I wm_on_paused_called: [25669478,com.android.deskclock.DeskClock,performPause]
12-01 09:06:45.291 1508 6163 I wm_restart_activity: [0,154447801,337,com.android.permissioncontroller/.permission.ui.GrantPermissionsActivity]
12-01 09:06:45.293 1508 6163 I wm_set_resumed_activity: [0,com.android.permissioncontroller/.permission.ui.GrantPermissionsActivity,minimalResumeActivityLocked]
12-01 09:06:45.299 1508 1636 I sysui_multi_action: [757,803,799,window_time_0,802,0]
12-01 09:06:45.325 29601 29601 I wm_on_create_called: [154447801,com.android.permissioncontroller.permission.ui.GrantPermissionsActivity,performCreate]
12-01 09:06:45.326 29601 29601 I wm_on_start_called: [154447801,com.android.permissioncontroller.permission.ui.GrantPermissionsActivity,handleStartActivity]
12-01 09:06:45.327 29601 29601 I wm_on_resume_called: [154447801,com.android.permissioncontroller.permission.ui.GrantPermissionsActivity,RESUME_ACTIVITY]
12-01 09:06:45.330 29601 29601 I wm_on_top_resumed_gained_called: [154447801,com.android.permissioncontroller.permission.ui.GrantPermissionsActivity,topStateChangedWhenResumed]
12-01 09:06:45.337 1508 1637 I input_focus: [Focus request 85e0a12 com.android.permissioncontroller/com.android.permissioncontroller.permission.ui.GrantPermissionsActivity,reason=UpdateInputWindows]
12-01 09:06:45.345 1508 1739 I wm_finish_activity: [0,154447801,337,com.android.permissioncontroller/.permission.ui.GrantPermissionsActivity,app-request]
12-01 09:06:45.345 1508 1633 I sysui_multi_action: [319,137,322,136,325,18823,757,761,758,8,759,2,806,com.android.permissioncontroller,871,com.android.permissioncontroller.permission.ui.GrantPermissionsActivity,904,com.android.deskclock,905,0,1320,8,1321,5]
12-01 09:06:45.347 1508 1739 I wm_pause_activity: [0,154447801,com.android.permissioncontroller/.permission.ui.GrantPermissionsActivity,userLeaving=false,finish]
12-01 09:06:45.350 1508 2005 I input_focus: [Focus leaving 57a1243 com.android.deskclock/com.android.deskclock.DeskClock (server),reason=setFocusedWindow]
12-01 09:06:45.350 1508 2005 I input_focus: [Focus entering 85e0a12 com.android.permissioncontroller/com.android.permissioncontroller.permission.ui.GrantPermissionsActivity (server),reason=setFocusedWindow]
12-01 09:06:45.351 29601 29601 I wm_on_top_resumed_lost_called: [154447801,com.android.permissioncontroller.permission.ui.GrantPermissionsActivity,topStateChangedWhenResumed]
12-01 09:06:45.352 29601 29601 I wm_on_paused_called: [154447801,com.android.permissioncontroller.permission.ui.GrantPermissionsActivity,performPause]
12-01 09:06:45.354 1508 1739 I wm_set_resumed_activity: [0,com.android.deskclock/.DeskClock,resumeTopActivityInnerLocked]
12-01 09:06:45.355 1508 1739 I wm_resume_activity: [0,25669478,337,com.android.deskclock/.DeskClock]
12-01 09:06:45.355 1508 1633 I wm_activity_launch_time: [0,154447801,com.android.permissioncontroller/.permission.ui.GrantPermissionsActivity,136]
12-01 09:06:45.364 1508 1637 I input_focus: [Focus request 57a1243 com.android.deskclock/com.android.deskclock.DeskClock,reason=UpdateInputWindows]
12-01 09:06:45.365 1508 1636 I sysui_multi_action: [757,803,799,window_time_0,802,0]
12-01 09:06:45.368 1508 2005 I input_focus: [Focus leaving 85e0a12 com.android.permissioncontroller/com.android.permissioncontroller.permission.ui.GrantPermissionsActivity (server),reason=NO_WINDOW]
12-01 09:06:45.369 30186 30186 I wm_on_activity_result_called: [25669478,com.android.deskclock.DeskClock,ACTIVITY_RESULT]
12-01 09:06:45.369 30186 30186 I wm_on_resume_called: [25669478,com.android.deskclock.DeskClock,RESUME_ACTIVITY]
12-01 09:06:45.370 30186 30186 I wm_on_top_resumed_gained_called: [25669478,com.android.deskclock.DeskClock,topWhenResuming]
12-01 09:06:45.382 1508 2005 I input_focus: [Focus entering 57a1243 com.android.deskclock/com.android.deskclock.DeskClock (server),reason=setFocusedWindow]
12-01 09:06:45.417 1508 8164 I wm_destroy_activity: [0,154447801,337,com.android.permissioncontroller/.permission.ui.GrantPermissionsActivity,finish-idle]
12-01 09:06:45.420 29601 29601 I wm_on_stop_called: [154447801,com.android.permissioncontroller.permission.ui.GrantPermissionsActivity,LIFECYCLER_STOP_ACTIVITY]
12-01 09:06:45.422 29601 29601 I wm_on_destroy_called: [154447801,com.android.permissioncontroller.permission.ui.GrantPermissionsActivity,performDestroy]
12-01 09:06:45.683 1508 1636 I wm_stop_activity: [0,103113767,com.android.launcher3/.uioverrides.QuickstepLauncher]
12-01 09:06:45.731 2822 2822 I wm_on_stop_called: [103113767,com.android.launcher3.uioverrides.QuickstepLauncher,STOP_ACTIVITY_ITEM]
12-01 09:06:46.351 0 0 I auditd : type=1400 audit(0.0:20128): avc: denied { kill } for comm="swapper/2" capability=5 scontext=u:r:kernel:s0 tcontext=u:r:kernel:s0 tclass=capability permissive=0
12-01 09:06:46.510 1508 8164 I wm_task_moved: [1,0,0]
12-01 09:06:46.511 1508 8164 I wm_task_moved: [1,0,6]
12-01 09:06:46.517 2822 2822 I wm_on_restart_called: [103113767,com.android.launcher3.uioverrides.QuickstepLauncher,performRestartActivity]
12-01 09:06:46.550 2822 2822 I wm_on_start_called: [103113767,com.android.launcher3.uioverrides.QuickstepLauncher,handleStartActivity]
12-01 09:06:46.579 30186 30186 I view_enqueue_input_event: [Motion - Cancel,com.android.deskclock/com.android.deskclock.DeskClock]
12-01 09:06:46.580 2822 2822 I sysui_latency: [1,89]
12-01 09:06:46.585 1508 2005 I input_interaction: Interaction with: edge-swipe (server), swipe-up (server), PointerEventDispatcher0 (server),
12-01 09:06:46.594 1508 1637 I input_focus: [Focus request recents_animation_input_consumer,reason=UpdateInputWindows]
12-01 09:06:46.601 1508 2005 I input_focus: [Focus leaving 57a1243 com.android.deskclock/com.android.deskclock.DeskClock (server),reason=NOT_FOCUSABLE]
12-01 09:06:46.601 1508 2005 I input_focus: [Focus entering recents_animation_input_consumer (server),reason=setFocusedWindow]
12-01 09:06:46.603 1508 1633 I sysui_multi_action: [319,12,322,86,325,18825,757,761,758,9,759,5,806,com.android.launcher3,871,com.android.launcher3.uioverrides.QuickstepLauncher,905,0,1320,8,1321,5]
12-01 09:06:46.753 1508 1754 I commit_sys_config_file: [settings-1-0,4]
12-01 09:06:46.898 1508 1647 I sysui_latency: [8,101]
12-01 09:06:47.126 1508 2437 I wm_task_moved: [1,0,6]
