12-01 09:04:32.132 1508 2005 I input_focus: [Focus leaving recents_animation_input_consumer (server),reason=NOT_VISIBLE]
12-01 09:04:32.136 2822 2822 I wm_on_top_resumed_gained_called: [103113767,com.android.launcher3.uioverrides.QuickstepLauncher,topStateChangedWhenResumed]
12-01 09:04:32.145 1508 2005 I input_focus: [Focus entering e9e80a1 com.android.launcher3/com.android.launcher3.uioverrides.QuickstepLauncher (server),reason=setFocusedWindow]
12-01 09:04:32.183 29766 29766 I wm_on_stop_called: [16595386,com.android.soundrecorder.SoundRecorder,STOP_ACTIVITY_ITEM]
12-01 09:04:32.341 1508 1754 I commit_sys_config_file: [settings-1-0,8]
12-01 09:04:32.351 0 0 I auditd : type=1400 audit(0.0:20023): avc: denied { kill } for comm="swapper/0" capability=5 scontext=u:r:kernel:s0 tcontext=u:r:kernel:s0 tclass=capability permissive=0
12-01 09:04:32.995 1508 2005 I input_interaction: Interaction with: e9e80a1 com.android.launcher3/com.android.launcher3.uioverrides.QuickstepLauncher (server), 5ecd4a7 com.android.systemui.ImageWallpaper (server), edge-swipe (server), swipe-up (server), PointerEventDispatcher0 (server),
12-01 09:04:33.087 1508 9856 I wm_task_moved: [1,1,7]
12-01 09:04:33.088 1508 9856 I wm_set_resumed_activity: [0,com.android.launcher3/.uioverrides.QuickstepLauncher,positionChildAt]
12-01 09:04:33.089 1508 9856 I wm_task_moved: [321,1,7]
12-01 09:04:33.089 1508 9856 I wm_focused_root_task: [0,0,321,1,moveTaskToFront findTaskToMoveToFront]
12-01 09:04:33.090 1508 9856 I wm_set_resumed_activity: [0,com.android.soundrecorder/.SoundRecorder,moveTaskToFront findTaskToMoveToFront]
12-01 09:04:33.091 1508 9856 I wm_pause_activity: [0,103113767,com.android.launcher3/.uioverrides.QuickstepLauncher,userLeaving=true,pauseBackTasks]
12-01 09:04:33.097 2822 2822 I wm_on_top_resumed_lost_called: [103113767,com.android.launcher3.uioverrides.QuickstepLauncher,topStateChangedWhenResumed]
12-01 09:04:33.100 2822 2822 I wm_on_paused_called: [103113767,com.android.launcher3.uioverrides.QuickstepLauncher,performPause]
12-01 09:04:33.107 1508 6928 I wm_set_resumed_activity: [0,com.android.soundrecorder/.SoundRecorder,resumeTopActivityInnerLocked]
12-01 09:04:33.108 1508 6928 I wm_add_to_stopping: [0,103113767,com.android.launcher3/.uioverrides.QuickstepLauncher,makeInvisible]
12-01 09:04:33.109 1508 6928 I wm_resume_activity: [0,16595386,321,com.android.soundrecorder/.SoundRecorder]
12-01 09:04:33.132 1508 1636 I sysui_multi_action: [757,803,799,window_time_0,802,1]
12-01 09:04:33.132 29766 29766 I wm_on_restart_called: [16595386,com.android.soundrecorder.SoundRecorder,performRestartActivity]
12-01 09:04:33.132 29766 29766 I wm_on_start_called: [16595386,com.android.soundrecorder.SoundRecorder,handleStartActivity]
12-01 09:04:33.133 29766 29766 I wm_on_resume_called: [16595386,com.android.soundrecorder.SoundRecorder,RESUME_ACTIVITY]
12-01 09:04:33.133 29766 29766 I wm_on_top_resumed_gained_called: [16595386,com.android.soundrecorder.SoundRecorder,topWhenResuming]
12-01 09:04:33.137 1508 2005 I input_focus: [Focus leaving e9e80a1 com.android.launcher3/com.android.launcher3.uioverrides.QuickstepLauncher (server),reason=NO_WINDOW]
12-01 09:04:33.151 1508 1637 I input_focus: [Focus request e41a9d3 com.android.soundrecorder/com.android.soundrecorder.SoundRecorder,reason=UpdateInputWindows]
12-01 09:04:33.166 1508 1633 I sysui_multi_action: [319,32,321,29,322,73,325,18691,757,761,758,9,759,4,806,com.android.soundrecorder,871,com.android.soundrecorder.SoundRecorder,904,com.android.launcher3,905,0,1320,17,1321,1]
12-01 09:04:33.181 1508 2005 I input_focus: [Focus entering e41a9d3 com.android.soundrecorder/com.android.soundrecorder.SoundRecorder (server),reason=Window became focusable. Previous reason: NOT_VISIBLE]
12-01 09:04:33.351 0 0 I auditd : type=1400 audit(0.0:20024): avc: denied { kill } for comm="swapper/0" capability=5 scontext=u:r:kernel:s0 tcontext=u:r:kernel:s0 tclass=capability permissive=0
12-01 09:04:33.510 1508 1636 I wm_stop_activity: [0,103113767,com.android.launcher3/.uioverrides.QuickstepLauncher]
12-01 09:04:33.547 1508 6928 I wm_task_created: [322,-1]
12-01 09:04:33.551 1508 6928 I wm_task_moved: [322,1,8]
12-01 09:04:33.551 1508 6928 I wm_task_to_front: [0,322]
12-01 09:04:33.551 1508 6928 I wm_create_task: [0,322]
12-01 09:04:33.551 1508 6928 I wm_create_activity: [0,173698124,322,com.android.music/.VideoBrowserActivity,android.intent.action.MAIN,NULL,NULL,270532608]
12-01 09:04:33.551 1508 6928 I wm_task_moved: [322,1,8]
12-01 09:04:33.551 29766 29766 I wm_on_top_resumed_lost_called: [16595386,com.android.soundrecorder.SoundRecorder,topStateChangedWhenResumed]
12-01 09:04:33.554 1508 6928 I wm_restart_activity: [0,173698124,322,com.android.music/.VideoBrowserActivity]
12-01 09:04:33.555 1508 6928 I wm_set_resumed_activity: [0,com.android.music/.VideoBrowserActivity,minimalResumeActivityLocked]
12-01 09:04:33.591 29140 29140 I wm_on_create_called: [173698124,com.android.music.VideoBrowserActivity,performCreate]
12-01 09:04:33.591 29140 29140 I wm_on_start_called: [173698124,com.android.music.VideoBrowserActivity,handleStartActivity]
12-01 09:04:33.592 29140 29140 I wm_on_resume_called: [173698124,com.android.music.VideoBrowserActivity,RESUME_ACTIVITY]
12-01 09:04:33.594 29140 29140 I wm_on_top_resumed_gained_called: [173698124,com.android.music.VideoBrowserActivity,topStateChangedWhenResumed]
12-01 09:04:33.602 1508 1637 I input_focus: [Focus request 377c511 com.android.music/com.android.music.VideoBrowserActivity,reason=UpdateInputWindows]
12-01 09:04:33.602 2822 2822 I wm_on_stop_called: [103113767,com.android.launcher3.uioverrides.QuickstepLauncher,STOP_ACTIVITY_ITEM]
12-01 09:04:33.617 1508 2005 I input_focus: [Focus leaving e41a9d3 com.android.soundrecorder/com.android.soundrecorder.SoundRecorder (server),reason=Waiting for window because NOT_VISIBLE]
12-01 09:04:33.620 1508 1633 I sysui_multi_action: [319,75,322,73,325,18692,757,761,758,8,759,2,806,com.android.music,871,com.android.music.VideoBrowserActivity,904,android,905,0,1320,8,1321,5]
12-01 09:04:33.622 1508 1633 I wm_activity_launch_time: [0,173698124,com.android.music/.VideoBrowserActivity,73]
12-01 09:04:33.632 1508 2005 I input_focus: [Focus entering 377c511 com.android.music/com.android.music.VideoBrowserActivity (server),reason=Window became focusable. Previous reason: NOT_VISIBLE]
12-01 09:04:34.351 0 0 I auditd : type=1400 audit(0.0:20025): avc: denied { kill } for comm="swapper/0" capability=5 scontext=u:r:kernel:s0 tcontext=u:r:kernel:s0 tclass=capability permissive=0
12-01 09:04:34.376 1508 2005 I input_interaction: Interaction with: 377c511 com.android.music/com.android.music.VideoBrowserActivity (server), edge-swipe (server), swipe-up (server), PointerEventDispatcher0 (server),
12-01 09:04:34.388 1508 6928 I wm_task_moved: [1,0,0]
12-01 09:04:34.389 1508 6928 I wm_task_moved: [1,0,6]
12-01 09:04:34.396 2822 2822 I wm_on_restart_called: [103113767,com.android.launcher3.uioverrides.QuickstepLauncher,performRestartActivity]
12-01 09:04:34.400 1508 6436 I wm_finish_activity: [0,173698124,322,com.android.music/.VideoBrowserActivity,app-request]
12-01 09:04:34.400 1508 6436 I wm_task_moved: [321,1,8]
12-01 09:04:34.400 1508 6436 I wm_task_to_front: [0,321]
12-01 09:04:34.402 29140 29140 I wm_on_top_resumed_lost_called: [173698124,com.android.music.VideoBrowserActivity,topStateChangedWhenResumed]
12-01 09:04:34.402 1508 6436 I wm_set_resumed_activity: [0,com.android.soundrecorder/.SoundRecorder,positionChildAt]
12-01 09:04:34.402 1508 6436 I wm_focused_root_task: [0,0,321,322,finish-top adjustFocusToNextFocusableTask]
12-01 09:04:34.402 1508 6436 I wm_set_resumed_activity: [0,com.android.soundrecorder/.SoundRecorder,finish-top]
12-01 09:04:34.423 1508 6436 I wm_pause_activity: [0,173698124,com.android.music/.VideoBrowserActivity,userLeaving=false,finish]
12-01 09:04:34.427 1508 1637 I input_focus: [Focus request e41a9d3 com.android.soundrecorder/com.android.soundrecorder.SoundRecorder,reason=UpdateInputWindows]
12-01 09:04:34.433 29766 29766 I wm_on_top_resumed_gained_called: [16595386,com.android.soundrecorder.SoundRecorder,topStateChangedWhenResumed]
12-01 09:04:34.436 1508 2005 I input_focus: [Focus leaving 377c511 com.android.music/com.android.music.VideoBrowserActivity (server),reason=NO_WINDOW]
12-01 09:04:34.437 29140 29140 I view_enqueue_input_event: [Motion - Cancel,com.android.music/com.android.music.VideoBrowserActivity]
12-01 09:04:34.437 29140 29140 I wm_on_paused_called: [173698124,com.android.music.VideoBrowserActivity,performPause]
12-01 09:04:34.437 1508 2005 I input_focus: [Focus entering e41a9d3 com.android.soundrecorder/com.android.soundrecorder.SoundRecorder (server),reason=setFocusedWindow]
12-01 09:04:34.438 1508 2005 I input_interaction: Interaction with: edge-swipe (server), swipe-up (server), PointerEventDispatcher0 (server),
12-01 09:04:34.441 1508 9618 I wm_destroy_activity: [0,173698124,322,com.android.music/.VideoBrowserActivity,finish-imm:completePausedLocked]
12-01 09:04:34.443 2822 2822 I wm_on_start_called: [103113767,com.android.launcher3.uioverrides.QuickstepLauncher,handleStartActivity]
12-01 09:04:34.454 29140 29140 I wm_on_stop_called: [173698124,com.android.music.VideoBrowserActivity,LIFECYCLER_STOP_ACTIVITY]
12-01 09:04:34.454 1508 1636 I sysui_multi_action: [757,803,799,window_time_0,802,2]
12-01 09:04:34.459 29140 29140 I wm_on_destroy_called: [173698124,com.android.music.VideoBrowserActivity,performDestroy]
12-01 09:04:34.463 2822 2822 I sysui_latency: [1,87]
12-01 09:04:34.464 1508 1637 I input_focus: [Focus request recents_animation_input_consumer,reason=UpdateInputWindows]
12-01 09:04:34.478 1508 1633 I sysui_multi_action: [319,10,322,84,325,18692,757,761,758,9,759,5,806,com.android.launcher3,871,com.android.launcher3.uioverrides.QuickstepLauncher,905,0,1320,8,1321,5]
12-01 09:04:34.484 1508 2005 I input_focus: [Focus leaving e41a9d3 com.android.soundrecorder/com.android.soundrecorder.SoundRecorder (server),reason=NOT_FOCUSABLE]
12-01 09:04:34.484 1508 2005 I input_focus: [Focus entering recents_animation_input_consumer (server),reason=setFocusedWindow]
12-01 09:04:34.501 1508 4735 I wm_task_removed: [322,removeChild:removeChild last r=ActivityRecord{a5a6c4c u0 com.android.music/.VideoBrowserActivity t-1 f}} in t=Task{28c73d9 #322 type=standard A=10086:android.task.video U=0 visible=false mode=freeform translucent=true sz=0}]
12-01 09:04:34.501 1508 4735 I wm_task_removed: [322,removeChild]
12-01 09:04:34.647 1508 1754 I commit_sys_config_file: [settings-1-0,5]
12-01 09:04:34.774 1508 1647 I sysui_latency: [8,92]
12-01 09:04:34.837 1508 4735 I wm_task_moved: [1,0,6]
12-01 09:04:34.841 1508 4735 I wm_add_to_stopping: [0,103113767,com.android.launcher3/.uioverrides.QuickstepLauncher,makeInvisible]
12-01 09:04:34.852 1508 1637 I input_focus: [Focus request e41a9d3 com.android.soundrecorder/com.android.soundrecorder.SoundRecorder,reason=UpdateInputWindows]
12-01 09:04:34.853 1508 1636 I wm_stop_activity: [0,103113767,com.android.launcher3/.uioverrides.QuickstepLauncher]
12-01 09:04:34.867 1508 8059 I wm_task_created: [323,-1]
12-01 09:04:34.869 1508 2005 I input_focus: [Focus leaving recents_animation_input_consumer (server),reason=NOT_VISIBLE]
12-01 09:04:34.869 1508 2005 I input_focus: [Focus entering e41a9d3 com.android.soundrecorder/com.android.soundrecorder.SoundRecorder (server),reason=setFocusedWindow]
12-01 09:04:34.871 1508 8059 I wm_task_moved: [323,1,8]
12-01 09:04:34.871 1508 8059 I wm_task_to_front: [0,323]
12-01 09:04:34.871 1508 8059 I wm_create_task: [0,323]
12-01 09:04:34.871 1508 8059 I wm_create_activity: [0,251865508,323,com.android.music/.VideoBrowserActivity,android.intent.action.MAIN,NULL,NULL,270532608]
12-01 09:04:34.872 1508 8059 I wm_task_moved: [323,1,8]
12-01 09:04:34.874 1508 8059 I wm_restart_activity: [0,251865508,323,com.android.music/.VideoBrowserActivity]
12-01 09:04:34.875 1508 8059 I wm_set_resumed_activity: [0,com.android.music/.VideoBrowserActivity,minimalResumeActivityLocked]
12-01 09:04:34.888 29766 29766 I wm_on_top_resumed_lost_called: [16595386,com.android.soundrecorder.SoundRecorder,topStateChangedWhenResumed]
12-01 09:04:34.896 29140 29140 I wm_on_create_called: [251865508,com.android.music.VideoBrowserActivity,performCreate]
12-01 09:04:34.896 29140 29140 I wm_on_start_called: [251865508,com.android.music.VideoBrowserActivity,handleStartActivity]
12-01 09:04:34.897 29140 29140 I wm_on_resume_called: [251865508,com.android.music.VideoBrowserActivity,RESUME_ACTIVITY]
12-01 09:04:34.898 29140 29140 I wm_on_top_resumed_gained_called: [251865508,com.android.music.VideoBrowserActivity,topStateChangedWhenResumed]
12-01 09:04:34.904 1508 1637 I input_focus: [Focus request 449590e com.android.music/com.android.music.VideoBrowserActivity,reason=UpdateInputWindows]
12-01 09:04:34.915 1508 1633 I sysui_multi_action: [319,50,322,49,325,18693,757,761,758,8,759,2,806,com.android.music,871,com.android.music.VideoBrowserActivity,904,android,905,0,1320,8,1321,5]
12-01 09:04:34.917 1508 1633 I wm_activity_launch_time: [0,251865508,com.android.music/.VideoBrowserActivity,49]
12-01 09:04:34.919 1508 2005 I input_focus: [Focus leaving e41a9d3 com.android.soundrecorder/com.android.soundrecorder.SoundRecorder (server),reason=setFocusedWindow]
12-01 09:04:34.919 1508 2005 I input_focus: [Focus entering 449590e com.android.music/com.android.music.VideoBrowserActivity (server),reason=setFocusedWindow]
12-01 09:04:34.939 2822 2822 I wm_on_stop_called: [103113767,com.android.launcher3.uioverrides.QuickstepLauncher,STOP_ACTIVITY_ITEM]
12-01 09:04:35.136 1508 1754 I commit_sys_config_file: [settings-1-0,9]
12-01 09:04:35.351 0 0 I auditd : type=1400 audit(0.0:20026): avc: denied { kill } for comm="swapper/0" capability=5 scontext=u:r:kernel:s0 tcontext=u:r:kernel:s0 tclass=capability permissive=0
12-01 09:04:36.351 0 0 I auditd : type=1400 audit(0.0:20027): avc: denied { kill } for comm="swapper/0" capability=5 scontext=u:r:kernel:s0 tcontext=u:r:kernel:s0 tclass=capability permissive=0
12-01 09:04:37.351 0 0 I auditd : type=1400 audit(0.0:20028): avc: denied { kill } for comm="swapper/0" capability=5 scontext=u:r:kernel:s0 tcontext=u:r:kernel:s0 tclass=capability permissive=0
12-01 09:04:38.351 0 0 I auditd : type=1400 audit(0.0:20029): avc: denied { kill } for comm="swapper/0" capability=5 scontext=u:r:kernel:s0 tcontext=u:r:kernel:s0 tclass=capability permissive=0
12-01 09:04:39.351 352 352 I auditd : type=1400 audit(0.0:20030): avc: denied { kill } for comm="irq/382-atmel_m" capability=5 scontext=u:r:kernel:s0 tcontext=u:r:kernel:s0 tclass=capability permissive=0
12-01 09:04:40.351 0 0 I auditd : type=1400 audit(0.0:20031): avc: denied { kill } for comm="swapper/0" capability=5 scontext=u:r:kernel:s0 tcontext=u:r:kernel:s0 tclass=capability permissive=0
12-01 09:04:41.351 0 0 I auditd : type=1400 audit(0.0:20032): avc: denied { kill } for comm="swapper/0" capability=5 scontext=u:r:kernel:s0 tcontext=u:r:kernel:s0 tclass=capability permissive=0
12-01 09:04:42.351 0 0 I auditd : type=1400 audit(0.0:20033): avc: denied { kill } for comm="swapper/0" capability=5 scontext=u:r:kernel:s0 tcontext=u:r:kernel:s0 tclass=capability permissive=0
12-01 09:04:43.351 0 0 I auditd : type=1400 audit(0.0:20034): avc: denied { kill } for comm="swapper/0" capability=5 scontext=u:r:kernel:s0 tcontext=u:r:kernel:s0 tclass=capability permissive=0
12-01 09:04:44.351 0 0 I auditd : type=1400 audit(0.0:20035): avc: denied { kill } for comm="swapper/0" capability=5 scontext=u:r:kernel:s0 tcontext=u:r:kernel:s0 tclass=capability permissive=0
12-01 09:04:45.351 0 0 I auditd : type=1400 audit(0.0:20036): avc: denied { kill } for comm="swapper/0" capability=5 scontext=u:r:kernel:s0 tcontext=u:r:kernel:s0 tclass=capability permissive=0
12-01 09:04:46.351 0 0 I auditd : type=1400 audit(0.0:20037): avc: denied { kill } for comm="swapper/0" capability=5 scontext=u:r:kernel:s0 tcontext=u:r:kernel:s0 tclass=capability permissive=0
12-01 09:04:47.351 0 0 I auditd : type=1400 audit(0.0:20038): avc: denied { kill } for comm="swapper/0" capability=5 scontext=u:r:kernel:s0 tcontext=u:r:kernel:s0 tclass=capability permissive=0
12-01 09:04:48.351 352 352 I auditd : type=1400 audit(0.0:20039): avc: denied { kill } for comm="irq/382-atmel_m" capability=5 scontext=u:r:kernel:s0 tcontext=u:r:kernel:s0 tclass=capability permissive=0
12-01 09:04:49.351 0 0 I auditd : type=1400 audit(0.0:20040): avc: denied { kill } for comm="swapper/0" capability=5 scontext=u:r:kernel:s0 tcontext=u:r:kernel:s0 tclass=capability permissive=0
12-01 09:04:50.291 1508 2005 I input_interaction: Interaction with: e41a9d3 com.android.soundrecorder/com.android.soundrecorder.SoundRecorder (server), edge-swipe (server), swipe-up (server), PointerEventDispatcher0 (server),
12-01 09:04:50.296 1508 1636 I wm_task_moved: [321,1,8]
12-01 09:04:50.296 1508 1636 I wm_task_to_front: [0,321]
12-01 09:04:50.306 1508 1636 I wm_set_resumed_activity: [0,com.android.soundrecorder/.SoundRecorder,positionChildAt]
12-01 09:04:50.306 1508 1636 I wm_focused_root_task: [0,0,321,323,setFocusedTask]
12-01 09:04:50.306 1508 1636 I wm_set_resumed_activity: [0,com.android.soundrecorder/.SoundRecorder,setFocusedTask]
12-01 09:04:50.306 29140 29140 I wm_on_top_resumed_lost_called: [251865508,com.android.music.VideoBrowserActivity,topStateChangedWhenResumed]
12-01 09:04:50.307 1508 1637 I input_focus: [Focus request e41a9d3 com.android.soundrecorder/com.android.soundrecorder.SoundRecorder,reason=UpdateInputWindows]
12-01 09:04:50.308 29766 29766 I wm_on_top_resumed_gained_called: [16595386,com.android.soundrecorder.SoundRecorder,topStateChangedWhenResumed]
12-01 09:04:50.330 1508 2005 I input_focus: [Focus leaving 449590e com.android.music/com.android.music.VideoBrowserActivity (server),reason=setFocusedWindow]
12-01 09:04:50.331 1508 2005 I input_focus: [Focus entering e41a9d3 com.android.soundrecorder/com.android.soundrecorder.SoundRecorder (server),reason=setFocusedWindow]
12-01 09:04:50.351 28985 28985 I auditd : type=1400 audit(0.0:20041): avc: denied { kill } for comm="kworker/u16:11" capability=5 scontext=u:r:kernel:s0 tcontext=u:r:kernel:s0 tclass=capability permissive=0
12-01 09:04:51.351 0 0 I auditd : type=1400 audit(0.0:20042): avc: denied { kill } for comm="swapper/0" capability=5 scontext=u:r:kernel:s0 tcontext=u:r:kernel:s0 tclass=capability permissive=0
12-01 09:04:51.791 1508 2005 I input_interaction: Interaction with: 449590e com.android.music/com.android.music.VideoBrowserActivity (server), edge-swipe (server), swipe-up (server), PointerEventDispatcher0 (server),
12-01 09:04:51.796 1508 1636 I wm_task_moved: [323,1,8]
12-01 09:04:51.796 1508 1636 I wm_task_to_front: [0,323]
12-01 09:04:51.804 1508 1636 I wm_set_resumed_activity: [0,com.android.music/.VideoBrowserActivity,positionChildAt]
12-01 09:04:51.804 1508 1636 I wm_focused_root_task: [0,0,323,321,setFocusedTask]
12-01 09:04:51.804 1508 1636 I wm_set_resumed_activity: [0,com.android.music/.VideoBrowserActivity,setFocusedTask]
12-01 09:04:51.809 29766 29766 I wm_on_top_resumed_lost_called: [16595386,com.android.soundrecorder.SoundRecorder,topStateChangedWhenResumed]
12-01 09:04:51.809 1508 1637 I input_focus: [Focus request 449590e com.android.music/com.android.music.VideoBrowserActivity,reason=UpdateInputWindows]
12-01 09:04:51.812 29140 29140 I wm_on_top_resumed_gained_called: [251865508,com.android.music.VideoBrowserActivity,topStateChangedWhenResumed]
12-01 09:04:51.831 1508 2005 I input_focus: [Focus leaving e41a9d3 com.android.soundrecorder/com.android.soundrecorder.SoundRecorder (server),reason=setFocusedWindow]
12-01 09:04:51.831 1508 2005 I input_focus: [Focus entering 449590e com.android.music/com.android.music.VideoBrowserActivity (server),reason=setFocusedWindow]
12-01 09:04:51.911 1508 4735 I wm_finish_activity: [0,251865508,323,com.android.music/.VideoBrowserActivity,finish-activity]
12-01 09:04:51.911 1508 4735 I wm_task_moved: [321,1,8]
12-01 09:04:51.911 1508 4735 I wm_task_to_front: [0,321]
12-01 09:04:51.914 1508 4735 I wm_set_resumed_activity: [0,com.android.soundrecorder/.SoundRecorder,positionChildAt]
12-01 09:04:51.914 1508 4735 I wm_focused_root_task: [0,0,321,323,finish-top adjustFocusToNextFocusableTask]
12-01 09:04:51.914 1508 4735 I wm_set_resumed_activity: [0,com.android.soundrecorder/.SoundRecorder,finish-top]
12-01 09:04:51.924 1508 4735 I wm_pause_activity: [0,251865508,com.android.music/.VideoBrowserActivity,userLeaving=false,finish]
12-01 09:04:51.929 29140 29140 I wm_on_top_resumed_lost_called: [251865508,com.android.music.VideoBrowserActivity,topStateChangedWhenResumed]
12-01 09:04:51.931 29140 29140 I wm_on_paused_called: [251865508,com.android.music.VideoBrowserActivity,performPause]
12-01 09:04:51.931 29766 29766 I wm_on_top_resumed_gained_called: [16595386,com.android.soundrecorder.SoundRecorder,topStateChangedWhenResumed]
12-01 09:04:51.932 1508 1637 I input_focus: [Focus request e41a9d3 com.android.soundrecorder/com.android.soundrecorder.SoundRecorder,reason=UpdateInputWindows]
12-01 09:04:51.936 1508 4735 I wm_destroy_activity: [0,251865508,323,com.android.music/.VideoBrowserActivity,finish-imm:completePausedLocked]
12-01 09:04:51.945 1508 2005 I input_focus: [Focus leaving 449590e com.android.music/com.android.music.VideoBrowserActivity (server),reason=NO_WINDOW]
12-01 09:04:51.945 1508 2005 I input_focus: [Focus entering e41a9d3 com.android.soundrecorder/com.android.soundrecorder.SoundRecorder (server),reason=setFocusedWindow]
12-01 09:04:51.949 29140 29140 I wm_on_stop_called: [251865508,com.android.music.VideoBrowserActivity,LIFECYCLER_STOP_ACTIVITY]
12-01 09:04:51.951 29140 29140 I wm_on_destroy_called: [251865508,com.android.music.VideoBrowserActivity,performDestroy]
12-01 09:04:51.958 1508 1636 I sysui_multi_action: [757,803,799,window_time_0,802,17]
12-01 09:04:51.962 1508 1636 I sysui_multi_action: [757,803,799,window_time_0,802,0]
12-01 09:04:52.225 1508 1637 I wm_task_removed: [323,removeChild:removeChild last r=ActivityRecord{f0329a4 u0 com.android.music/.VideoBrowserActivity t-1 f}} in t=Task{f74a037 #323 type=standard A=10086:android.task.video U=0 visible=false mode=freeform translucent=true sz=0}]
12-01 09:04:52.225 1508 1637 I wm_task_removed: [323,removeChild]
12-01 09:04:52.351 0 0 I auditd : type=1400 audit(0.0:20043): avc: denied { kill } for comm="swapper/0" capability=5 scontext=u:r:kernel:s0 tcontext=u:r:kernel:s0 tclass=capability permissive=0
12-01 09:04:52.711 1508 2005 I input_interaction: Interaction with: beea6f9 StatusBar (server), edge-swipe (server), swipe-up (server), PointerEventDispatcher0 (server),
12-01 09:04:52.724 18856 18856 I sysui_multi_action: [757,803,799,panel_open,802,1]
12-01 09:04:52.728 18856 18856 I sysui_multi_action: [757,1328,758,4,1326,42,1327,2,1329,0]
12-01 09:04:52.792 1508 9618 I sysui_multi_action: [757,127,758,1]
12-01 09:04:52.792 1508 9618 I sysui_multi_action: [757,804,799,note_load,801,2,802,1]
12-01 09:04:52.792 1508 9618 I notification_panel_revealed: 2
12-01 09:04:52.799 18856 18856 I sysui_multi_action: [757,111,758,2]
12-01 09:04:52.799 18856 18856 I sysui_multi_action: [757,111,758,2]
12-01 09:04:52.800 1508 1508 I notification_enqueue: [10082,18856,com.android.systemui,2048,NULL,0,Notification(channel=updateNotification shortcut=null contentView=null vibrate=null sound=null defaults=0x0 flags=0x0 color=0x00000000 vis=PRIVATE),1]
12-01 09:04:52.815 1508 1637 I input_focus: [Focus request 7a38c54 NotificationShade,reason=UpdateInputWindows]
12-01 09:04:52.821 18856 18856 I sysui_multi_action: [757,111,758,1]
12-01 09:04:52.821 18856 18856 I sysui_multi_action: [757,126,758,1,759,126,927,0,928,1,1593,0]
12-01 09:04:52.821 18856 18856 I sysui_multi_action: [757,113,758,1,759,113,927,1,928,1,1593,0]
12-01 09:04:52.821 18856 18856 I sysui_multi_action: [757,0,758,1,759,0,927,2,928,0,1593,0]
12-01 09:04:52.822 18856 18856 I sysui_multi_action: [757,0,758,1,759,0,927,3,928,0,1593,0]
12-01 09:04:52.822 18856 18856 I sysui_multi_action: [757,491,758,1,759,491,927,4,928,0,1311,-1,1593,0]
12-01 09:04:52.822 18856 18856 I sysui_multi_action: [757,0,758,1,759,0,927,5,928,0,1593,0]
12-01 09:04:52.822 18856 18856 I sysui_multi_action: [757,111,758,1]
12-01 09:04:52.822 18856 18856 I sysui_multi_action: [757,126,758,1,759,126,927,0,928,1,1593,0]
12-01 09:04:52.822 18856 18856 I sysui_multi_action: [757,113,758,1,759,113,927,1,928,1,1593,0]
12-01 09:04:52.822 18856 18856 I sysui_multi_action: [757,0,758,1,759,0,927,2,928,0,1593,0]
12-01 09:04:52.822 18856 18856 I sysui_multi_action: [757,0,758,1,759,0,927,3,928,0,1593,0]
12-01 09:04:52.835 18856 18856 I sysui_multi_action: [757,111,758,2]
12-01 09:04:52.835 18856 18856 I sysui_multi_action: [757,111,758,2]
12-01 09:04:52.835 1508 1508 I notification_enqueue: [10082,18856,com.android.systemui,2048,NULL,0,Notification(channel=updateNotification shortcut=null contentView=null vibrate=null sound=null defaults=0x0 flags=0x0 color=0x00000000 vis=PRIVATE),1]
12-01 09:04:52.839 18856 18856 I sysui_multi_action: [757,111,758,1]
12-01 09:04:52.840 18856 18856 I sysui_multi_action: [757,126,758,1,759,126,927,0,928,1,1593,0]
12-01 09:04:52.840 18856 18856 I sysui_multi_action: [757,113,758,1,759,113,927,1,928,1,1593,0]
12-01 09:04:52.840 18856 18856 I sysui_multi_action: [757,0,758,1,759,0,927,2,928,0,1593,0]
12-01 09:04:52.840 18856 18856 I sysui_multi_action: [757,0,758,1,759,0,927,3,928,0,1593,0]
12-01 09:04:52.840 18856 18856 I sysui_multi_action: [757,491,758,1,759,491,927,4,928,0,1311,-1,1593,0]
12-01 09:04:52.840 18856 18856 I sysui_multi_action: [757,0,758,1,759,0,927,5,928,0,1593,0]
12-01 09:04:52.840 18856 18856 I sysui_multi_action: [757,111,758,1]
12-01 09:04:52.840 18856 18856 I sysui_multi_action: [757,126,758,1,759,126,927,0,928,1,1593,0]
12-01 09:04:52.840 18856 18856 I sysui_multi_action: [757,113,758,1,759,113,927,1,928,1,1593,0]
12-01 09:04:52.840 18856 18856 I sysui_multi_action: [757,0,758,1,759,0,927,2,928,0,1593,0]
12-01 09:04:52.841 18856 18856 I sysui_multi_action: [757,0,758,1,759,0,927,3,928,0,1593,0]
12-01 09:04:52.848 1508 2005 I input_focus: [Focus leaving e41a9d3 com.android.soundrecorder/com.android.soundrecorder.SoundRecorder (server),reason=setFocusedWindow]
12-01 09:04:52.848 1508 2005 I input_focus: [Focus entering 7a38c54 NotificationShade (server),reason=setFocusedWindow]
12-01 09:04:52.861 18856 18856 I sysui_multi_action: [757,111,758,2]
12-01 09:04:52.862 18856 18856 I sysui_multi_action: [757,111,758,2]
12-01 09:04:52.863 1508 1508 I notification_enqueue: [10082,18856,com.android.systemui,2048,NULL,0,Notification(channel=updateNotification shortcut=null contentView=null vibrate=null sound=null defaults=0x0 flags=0x0 color=0x00000000 vis=PRIVATE),1]
12-01 09:04:52.872 18856 18856 I sysui_multi_action: [757,111,758,1]
12-01 09:04:52.872 18856 18856 I sysui_multi_action: [757,126,758,1,759,126,927,0,928,1,1593,0]
12-01 09:04:52.872 18856 18856 I sysui_multi_action: [757,113,758,1,759,113,927,1,928,1,1593,0]
12-01 09:04:52.872 18856 18856 I sysui_multi_action: [757,0,758,1,759,0,927,2,928,0,1593,0]
12-01 09:04:52.872 18856 18856 I sysui_multi_action: [757,0,758,1,759,0,927,3,928,0,1593,0]
12-01 09:04:52.872 18856 18856 I sysui_multi_action: [757,491,758,1,759,491,927,4,928,0,1311,-1,1593,0]
12-01 09:04:52.873 18856 18856 I sysui_multi_action: [757,0,758,1,759,0,927,5,928,0,1593,0]
12-01 09:04:52.873 18856 18856 I sysui_multi_action: [757,111,758,1]
12-01 09:04:52.873 18856 18856 I sysui_multi_action: [757,126,758,1,759,126,927,0,928,1,1593,0]
12-01 09:04:52.873 18856 18856 I sysui_multi_action: [757,113,758,1,759,113,927,1,928,1,1593,0]
12-01 09:04:52.873 18856 18856 I sysui_multi_action: [757,0,758,1,759,0,927,2,928,0,1593,0]
12-01 09:04:52.873 18856 18856 I sysui_multi_action: [757,0,758,1,759,0,927,3,928,0,1593,0]
12-01 09:04:52.884 18856 18856 I sysui_multi_action: [757,111,758,2]
12-01 09:04:52.884 18856 18856 I sysui_multi_action: [757,111,758,2]
12-01 09:04:52.884 1508 1508 I notification_enqueue: [10082,18856,com.android.systemui,2048,NULL,0,Notification(channel=updateNotification shortcut=null contentView=null vibrate=null sound=null defaults=0x0 flags=0x0 color=0x00000000 vis=PRIVATE),1]
12-01 09:04:52.886 18856 18856 I sysui_multi_action: [757,111,758,1]
12-01 09:04:52.886 18856 18856 I sysui_multi_action: [757,126,758,1,759,126,927,0,928,1,1593,0]
12-01 09:04:52.887 18856 18856 I sysui_multi_action: [757,113,758,1,759,113,927,1,928,1,1593,0]
12-01 09:04:52.887 18856 18856 I sysui_multi_action: [757,0,758,1,759,0,927,2,928,0,1593,0]
12-01 09:04:52.887 18856 18856 I sysui_multi_action: [757,0,758,1,759,0,927,3,928,0,1593,0]
12-01 09:04:52.887 18856 18856 I sysui_multi_action: [757,491,758,1,759,491,927,4,928,0,1311,-1,1593,0]
12-01 09:04:52.887 18856 18856 I sysui_multi_action: [757,0,758,1,759,0,927,5,928,0,1593,0]
12-01 09:04:52.887 18856 18856 I sysui_multi_action: [757,111,758,1]
12-01 09:04:52.887 18856 18856 I sysui_multi_action: [757,126,758,1,759,126,927,0,928,1,1593,0]
12-01 09:04:52.887 18856 18856 I sysui_multi_action: [757,113,758,1,759,113,927,1,928,1,1593,0]
12-01 09:04:52.887 18856 18856 I sysui_multi_action: [757,0,758,1,759,0,927,2,928,0,1593,0]
12-01 09:04:52.887 18856 18856 I sysui_multi_action: [757,0,758,1,759,0,927,3,928,0,1593,0]
12-01 09:04:52.898 18856 18856 I sysui_multi_action: [757,111,758,2]
12-01 09:04:52.898 18856 18856 I sysui_multi_action: [757,111,758,2]
12-01 09:04:52.898 1508 1508 I notification_enqueue: [10082,18856,com.android.systemui,2048,NULL,0,Notification(channel=updateNotification shortcut=null contentView=null vibrate=null sound=null defaults=0x0 flags=0x0 color=0x00000000 vis=PRIVATE),1]
12-01 09:04:52.901 18856 18856 I sysui_multi_action: [757,111,758,1]
12-01 09:04:52.901 18856 18856 I sysui_multi_action: [757,126,758,1,759,126,927,0,928,1,1593,0]
12-01 09:04:52.901 18856 18856 I sysui_multi_action: [757,113,758,1,759,113,927,1,928,1,1593,0]
12-01 09:04:52.901 18856 18856 I sysui_multi_action: [757,0,758,1,759,0,927,2,928,0,1593,0]
12-01 09:04:52.901 18856 18856 I sysui_multi_action: [757,0,758,1,759,0,927,3,928,0,1593,0]
12-01 09:04:52.901 18856 18856 I sysui_multi_action: [757,491,758,1,759,491,927,4,928,0,1311,-1,1593,0]
12-01 09:04:52.901 18856 18856 I sysui_multi_action: [757,0,758,1,759,0,927,5,928,0,1593,0]
12-01 09:04:52.901 18856 18856 I sysui_multi_action: [757,111,758,1]
12-01 09:04:52.901 18856 18856 I sysui_multi_action: [757,126,758,1,759,126,927,0,928,1,1593,0]
12-01 09:04:52.901 18856 18856 I sysui_multi_action: [757,113,758,1,759,113,927,1,928,1,1593,0]
12-01 09:04:52.901 18856 18856 I sysui_multi_action: [757,0,758,1,759,0,927,2,928,0,1593,0]
12-01 09:04:52.901 18856 18856 I sysui_multi_action: [757,0,758,1,759,0,927,3,928,0,1593,0]
12-01 09:04:52.913 18856 18856 I sysui_multi_action: [757,111,758,2]
12-01 09:04:52.913 18856 18856 I sysui_multi_action: [757,111,758,2]
12-01 09:04:52.913 1508 1508 I notification_enqueue: [10082,18856,com.android.systemui,2048,NULL,0,Notification(channel=updateNotification shortcut=null contentView=null vibrate=null sound=null defaults=0x0 flags=0x0 color=0x00000000 vis=PRIVATE),1]
12-01 09:04:52.916 18856 18856 I sysui_multi_action: [757,111,758,1]
12-01 09:04:52.916 18856 18856 I sysui_multi_action: [757,126,758,1,759,126,927,0,928,1,1593,0]
12-01 09:04:52.916 18856 18856 I sysui_multi_action: [757,113,758,1,759,113,927,1,928,1,1593,0]
12-01 09:04:52.916 18856 18856 I sysui_multi_action: [757,0,758,1,759,0,927,2,928,0,1593,0]
12-01 09:04:52.916 18856 18856 I sysui_multi_action: [757,0,758,1,759,0,927,3,928,0,1593,0]
12-01 09:04:52.916 18856 18856 I sysui_multi_action: [757,491,758,1,759,491,927,4,928,0,1311,-1,1593,0]
12-01 09:04:52.916 18856 18856 I sysui_multi_action: [757,0,758,1,759,0,927,5,928,0,1593,0]
12-01 09:04:52.916 18856 18856 I sysui_multi_action: [757,111,758,1]
12-01 09:04:52.916 18856 18856 I sysui_multi_action: [757,126,758,1,759,126,927,0,928,1,1593,0]
12-01 09:04:52.916 18856 18856 I sysui_multi_action: [757,113,758,1,759,113,927,1,928,1,1593,0]
12-01 09:04:52.916 18856 18856 I sysui_multi_action: [757,0,758,1,759,0,927,2,928,0,1593,0]
12-01 09:04:52.916 18856 18856 I sysui_multi_action: [757,0,758,1,759,0,927,3,928,0,1593,0]
12-01 09:04:52.928 18856 18856 I sysui_multi_action: [757,111,758,2]
12-01 09:04:52.928 18856 18856 I sysui_multi_action: [757,111,758,2]
12-01 09:04:52.928 1508 1508 I notification_enqueue: [10082,18856,com.android.systemui,2048,NULL,0,Notification(channel=updateNotification shortcut=null contentView=null vibrate=null sound=null defaults=0x0 flags=0x0 color=0x00000000 vis=PRIVATE),1]
12-01 09:04:52.930 18856 18856 I sysui_multi_action: [757,111,758,1]
12-01 09:04:52.930 18856 18856 I sysui_multi_action: [757,126,758,1,759,126,927,0,928,1,1593,0]
12-01 09:04:52.931 18856 18856 I sysui_multi_action: [757,113,758,1,759,113,927,1,928,1,1593,0]
12-01 09:04:52.931 18856 18856 I sysui_multi_action: [757,0,758,1,759,0,927,2,928,0,1593,0]
12-01 09:04:52.931 18856 18856 I sysui_multi_action: [757,0,758,1,759,0,927,3,928,0,1593,0]
12-01 09:04:52.931 18856 18856 I sysui_multi_action: [757,491,758,1,759,491,927,4,928,0,1311,-1,1593,0]
12-01 09:04:52.931 18856 18856 I sysui_multi_action: [757,0,758,1,759,0,927,5,928,0,1593,0]
12-01 09:04:52.931 18856 18856 I sysui_multi_action: [757,111,758,1]
12-01 09:04:52.931 18856 18856 I sysui_multi_action: [757,126,758,1,759,126,927,0,928,1,1593,0]
12-01 09:04:52.931 18856 18856 I sysui_multi_action: [757,113,758,1,759,113,927,1,928,1,1593,0]
12-01 09:04:52.931 18856 18856 I sysui_multi_action: [757,0,758,1,759,0,927,2,928,0,1593,0]
12-01 09:04:52.931 18856 18856 I sysui_multi_action: [757,0,758,1,759,0,927,3,928,0,1593,0]
12-01 09:04:53.006 1508 1508 I sysui_multi_action: [757,1501,758,1,793,14214686,794,0,795,209,796,2048,806,com.android.systemui,857,updateNotification,858,3,947,0,1500,0,1688,1]
12-01 09:04:53.007 1508 1508 I sysui_multi_action: [757,804,799,note_interruptive,801,0,802,1]
12-01 09:04:53.008 1508 1508 I sysui_multi_action: [757,199,758,1,759,2,793,14214687,794,0,795,210,796,2048,806,com.android.systemui,857,updateNotification,858,3,947,0,1500,1,1688,1]
12-01 09:04:53.008 1508 1508 I notification_alert: [0|com.android.systemui|2048|null|10082,0,1,0]
12-01 09:04:53.348 1508 6436 I sysui_multi_action: [757,128,758,1,793,18101990,794,0,795,18101990,796,26,798,0,806,android,857,DEVELOPER_IMPORTANT,858,4,947,0,1395,2,1500,18101785,1688,1]
12-01 09:04:53.348 1508 6436 I sysui_multi_action: [757,804,799,note_freshness,801,18101990,802,1]
12-01 09:04:53.348 1508 6436 I notification_visibility: [-1|android|26|null|1000,1,18101990,18101990,0,0]
12-01 09:04:53.349 1508 6436 I sysui_multi_action: [757,128,758,1,793,18684987,794,0,795,18684987,796,32,798,1,806,android,857,USB,858,1,947,0,1395,2,1500,18684741,1688,1]
12-01 09:04:53.349 1508 6436 I sysui_multi_action: [757,804,799,note_freshness,801,18684987,802,1]
12-01 09:04:53.349 1508 6436 I notification_visibility: [-1|android|32|null|1000,1,18684987,18684987,0,1]
12-01 09:04:53.351 0 0 I auditd : type=1400 audit(0.0:20044): avc: denied { kill } for comm="swapper/0" capability=5 scontext=u:r:kernel:s0 tcontext=u:r:kernel:s0 tclass=capability permissive=0
12-01 09:04:54.351 352 352 I auditd : type=1400 audit(0.0:20045): avc: denied { kill } for comm="irq/382-atmel_m" capability=5 scontext=u:r:kernel:s0 tcontext=u:r:kernel:s0 tclass=capability permissive=0
12-01 09:04:55.351 0 0 I auditd : type=1400 audit(0.0:20046): avc: denied { kill } for comm="swapper/0" capability=5 scontext=u:r:kernel:s0 tcontext=u:r:kernel:s0 tclass=capability permissive=0
12-01 09:04:56.050 1508 2005 I input_interaction: Interaction with: 7a38c54 NotificationShade (server), edge-swipe (server), swipe-up (server), PointerEventDispatcher0 (server),
12-01 09:04:56.156 18856 18856 I sysui_multi_action: [757,407,758,4,759,1]
12-01 09:04:56.351 0 0 I auditd : type=1400 audit(0.0:20047): avc: denied { kill } for comm="swapper/0" capability=5 scontext=u:r:kernel:s0 tcontext=u:r:kernel:s0 tclass=capability permissive=0
12-01 09:04:56.609 1508 6436 I sysui_multi_action: [757,128,758,3,793,18688247,794,3260,795,18688247,796,32,806,android,857,USB,858,1,947,0,1500,18688001,1688,1]
12-01 09:04:57.068 1508 6928 I wm_task_created: [324,-1]
12-01 09:04:57.071 1508 6928 I wm_task_moved: [324,1,8]
12-01 09:04:57.071 1508 6928 I wm_task_to_front: [0,324]
12-01 09:04:57.072 1508 6928 I wm_create_task: [0,324]
12-01 09:04:57.072 1508 6928 I wm_create_activity: [0,217924888,324,com.android.settings/.Settings$UsbDetailsActivity,android.intent.action.MAIN,NULL,NULL,276856832]
12-01 09:04:57.072 1508 6928 I wm_task_moved: [324,1,8]
12-01 09:04:57.072 29766 29766 I wm_on_top_resumed_lost_called: [16595386,com.android.soundrecorder.SoundRecorder,topStateChangedWhenResumed]
12-01 09:04:57.074 1508 6928 I wm_pause_activity: [0,16595386,com.android.soundrecorder/.SoundRecorder,userLeaving=true,pauseBackTasks]
12-01 09:04:57.078 1508 6928 I sysui_multi_action: [757,128,758,4,793,18688716,794,3729,795,18688716,796,32,798,4,806,android,857,USB,858,1,947,0,1395,2,1500,18688470,1688,1]
12-01 09:04:57.078 1508 6928 I notification_clicked: [-1|android|32|null|1000,18688716,18688716,3729,4,2]
12-01 09:04:57.079 1508 1508 I sysui_multi_action: [757,804,799,note_click_longevity,801,311,802,1]
12-01 09:04:57.082 29766 29766 I wm_on_paused_called: [16595386,com.android.soundrecorder.SoundRecorder,performPause]
12-01 09:04:57.085 1508 6928 I wm_add_to_stopping: [0,16595386,com.android.soundrecorder/.SoundRecorder,makeInvisible]
12-01 09:04:57.087 1508 6928 I wm_restart_activity: [0,217924888,324,com.android.settings/.Settings$UsbDetailsActivity]
12-01 09:04:57.090 1508 6928 I wm_set_resumed_activity: [0,com.android.settings/.Settings$UsbDetailsActivity,minimalResumeActivityLocked]
12-01 09:04:57.099 1508 1636 I sysui_multi_action: [757,803,799,window_time_0,802,5]
12-01 09:04:57.114 1508 6436 I wm_task_moved: [308,1,8]
12-01 09:04:57.114 1508 6436 I wm_task_to_front: [0,308]
12-01 09:04:57.114 1508 6436 I wm_focused_root_task: [0,0,308,324,bringingFoundTaskToFront]
12-01 09:04:57.114 1508 6436 I wm_set_resumed_activity: [0,com.android.settings/.Settings,bringingFoundTaskToFront]
12-01 09:04:57.115 1508 6436 I wm_finish_activity: [0,190997172,308,com.android.settings/.Settings,clear-task-all]
12-01 09:04:57.115 1508 6436 I wm_destroy_activity: [0,190997172,308,com.android.settings/.Settings,finish-imm:finishIfPossible]
12-01 09:04:57.116 1508 6436 I wm_task_moved: [308,1,8]
12-01 09:04:57.117 1508 6436 I wm_create_activity: [0,111910704,308,com.android.settings/.homepage.SettingsHomepageActivity,android.intent.action.MAIN,NULL,NULL,281051136]
12-01 09:04:57.117 1508 6928 I am_uid_active: 10088
12-01 09:04:57.118 1508 6436 I wm_pause_activity: [0,217924888,com.android.settings/.Settings$UsbDetailsActivity,userLeaving=true,pauseBackTasks]
12-01 09:04:57.119 1508 1647 I am_pss : [29766,10061,com.android.soundrecorder,47579136,44261376,0,158085120,0,2,7]
12-01 09:04:57.135 1508 1647 I am_pss : [29377,10064,com.android.gallery3d,33232896,28364800,0,155160576,0,19,9]
12-01 09:04:57.136 1508 9618 I wm_finish_activity: [0,217924888,324,com.android.settings/.Settings$UsbDetailsActivity,app-request]
12-01 09:04:57.136 29378 29378 I wm_on_create_called: [217924888,com.android.settings.Settings$UsbDetailsActivity,performCreate]
12-01 09:04:57.147 29378 29378 I wm_on_destroy_called: [190997172,com.android.settings.Settings,performDestroy]
12-01 09:04:57.151 1508 6163 I wm_add_to_stopping: [0,217924888,com.android.settings/.Settings$UsbDetailsActivity,completeFinishing]
12-01 09:04:57.153 1508 6163 I wm_restart_activity: [0,111910704,308,com.android.settings/.homepage.SettingsHomepageActivity]
12-01 09:04:57.153 1508 6163 I wm_set_resumed_activity: [0,com.android.settings/.homepage.SettingsHomepageActivity,minimalResumeActivityLocked]
12-01 09:04:57.184 1508 1636 I sysui_multi_action: [757,803,799,window_time_0,802,0]
12-01 09:04:57.193 29378 29378 I wm_on_create_called: [111910704,com.android.settings.homepage.SettingsHomepageActivity,performCreate]
12-01 09:04:57.205 1508 9618 I sysui_multi_action: [324,1,757,1090,758,12,806,com.android.settings,871,com.android.settings.homepage.SettingsHomepageActivity,1091,144]
12-01 09:04:57.209 29378 29378 I wm_on_start_called: [111910704,com.android.settings.homepage.SettingsHomepageActivity,handleStartActivity]
12-01 09:04:57.209 29378 29378 I snet_event_log: [120484087,-1,]
12-01 09:04:57.209 29378 29378 I wm_on_resume_called: [111910704,com.android.settings.homepage.SettingsHomepageActivity,RESUME_ACTIVITY]
12-01 09:04:57.210 29378 29378 I sysui_multi_action: [757,35,758,1,833,0,1089,15]
12-01 09:04:57.212 29378 29378 I sysui_multi_action: [757,1729,758,4,854,isParalleledControllers:false,1089,18]
12-01 09:04:57.215 29378 29378 I wm_on_top_resumed_gained_called: [111910704,com.android.settings.homepage.SettingsHomepageActivity,topStateChangedWhenResumed]
12-01 09:04:57.351 0 0 I auditd : type=1400 audit(0.0:20048): avc: denied { kill } for comm="swapper/0" capability=5 scontext=u:r:kernel:s0 tcontext=u:r:kernel:s0 tclass=capability permissive=0
12-01 09:04:57.437 29378 29378 I sysui_multi_action: [757,1291,758,1,833,0,1089,44]
12-01 09:04:57.439 29378 29378 I sysui_multi_action: [757,1729,758,4,854,isParalleledControllers:false,1089,46]
12-01 09:04:57.648 1508 6928 I sysui_multi_action: [757,128,758,2,793,18689286,794,4299,795,18689286,796,32,798,1,806,android,857,USB,858,1,947,0,1395,2,1500,18689040,1688,1]
12-01 09:04:57.649 1508 6928 I notification_visibility: [-1|android|32|null|1000,0,18689286,18689286,0,1]
12-01 09:04:57.657 1508 1636 I wm_destroy_activity: [0,217924888,324,com.android.settings/.Settings$UsbDetailsActivity,finish-imm:idle]
12-01 09:04:57.659 29378 29378 I wm_on_destroy_called: [217924888,com.android.settings.Settings$UsbDetailsActivity,performDestroy]
12-01 09:04:57.661 1508 6928 I wm_task_removed: [324,removeChild:removeChild last r=ActivityRecord{cfd4518 u0 com.android.settings/.Settings$UsbDetailsActivity t-1 f}} in t=Task{b397a9 #324 type=standard A=1000:com.android.settings U=0 visible=false mode=fullscreen translucent=true sz=0}]
12-01 09:04:57.662 1508 6928 I wm_task_removed: [324,removeChild]
12-01 09:04:57.672 1508 1636 I wm_stop_activity: [0,16595386,com.android.soundrecorder/.SoundRecorder]
12-01 09:04:57.678 18856 18856 I sysui_multi_action: [757,111,758,2]
12-01 09:04:57.679 18856 18856 I sysui_multi_action: [757,111,758,2]
12-01 09:04:57.679 1508 1508 I notification_enqueue: [10082,18856,com.android.systemui,2048,NULL,0,Notification(channel=updateNotification shortcut=null contentView=null vibrate=null sound=null defaults=0x0 flags=0x0 color=0x00000000 vis=PRIVATE),1]
12-01 09:04:57.689 1508 1637 I input_focus: [Focus request 66f3853 com.android.settings/com.android.settings.homepage.SettingsHomepageActivity,reason=UpdateInputWindows]
12-01 09:04:57.689 18856 18856 I sysui_multi_action: [757,111,758,1]
12-01 09:04:57.689 18856 18856 I sysui_multi_action: [757,126,758,1,759,126,927,0,928,1,1593,0]
12-01 09:04:57.689 18856 18856 I sysui_multi_action: [757,113,758,1,759,113,927,1,928,1,1593,0]
12-01 09:04:57.689 18856 18856 I sysui_multi_action: [757,0,758,1,759,0,927,2,928,0,1593,0]
12-01 09:04:57.689 18856 18856 I sysui_multi_action: [757,0,758,1,759,0,927,3,928,0,1593,0]
12-01 09:04:57.689 18856 18856 I sysui_multi_action: [757,491,758,1,759,491,927,4,928,0,1311,-1,1593,0]
12-01 09:04:57.689 18856 18856 I sysui_multi_action: [757,0,758,1,759,0,927,5,928,0,1593,0]
12-01 09:04:57.689 18856 18856 I sysui_multi_action: [757,111,758,1]
12-01 09:04:57.689 18856 18856 I sysui_multi_action: [757,126,758,1,759,126,927,0,928,1,1593,1]
12-01 09:04:57.689 18856 18856 I sysui_multi_action: [757,113,758,1,759,113,927,1,928,1,1593,1]
12-01 09:04:57.689 18856 18856 I sysui_multi_action: [757,0,758,1,759,0,927,2,928,0,1593,1]
12-01 09:04:57.689 18856 18856 I sysui_multi_action: [757,0,758,1,759,0,927,3,928,0,1593,1]
12-01 09:04:57.702 18856 18856 I sysui_multi_action: [757,111,758,2]
12-01 09:04:57.702 1508 1508 I notification_enqueue: [10082,18856,com.android.systemui,2048,NULL,0,Notification(channel=updateNotification shortcut=null contentView=null vibrate=null sound=null defaults=0x0 flags=0x0 color=0x00000000 vis=PRIVATE),1]
12-01 09:04:57.702 18856 18856 I sysui_multi_action: [757,111,758,2]
12-01 09:04:57.704 1508 6928 I sysui_multi_action: [757,128,758,2,793,18106346,794,4356,795,18106346,796,26,798,0,806,android,857,DEVELOPER_IMPORTANT,858,4,947,0,1395,2,1500,18106141,1688,1]
12-01 09:04:57.705 1508 6928 I notification_visibility: [-1|android|26|null|1000,0,18106346,18106346,0,0]
12-01 09:04:57.705 1508 6928 I sysui_multi_action: [757,127,758,2]
12-01 09:04:57.705 1508 6928 I notification_panel_hidden:
12-01 09:04:57.706 1508 2005 I input_focus: [Focus leaving 7a38c54 NotificationShade (server),reason=NOT_FOCUSABLE]
12-01 09:04:57.706 1508 2005 I input_focus: [Focus entering 66f3853 com.android.settings/com.android.settings.homepage.SettingsHomepageActivity (server),reason=setFocusedWindow]
12-01 09:04:57.709 29766 29766 I wm_on_stop_called: [16595386,com.android.soundrecorder.SoundRecorder,STOP_ACTIVITY_ITEM]
12-01 09:04:57.724 18856 18856 I sysui_multi_action: [757,111,758,1]
12-01 09:04:57.724 18856 18856 I sysui_multi_action: [757,126,758,1,759,126,927,0,928,1,1593,1]
12-01 09:04:57.724 18856 18856 I sysui_multi_action: [757,113,758,1,759,113,927,1,928,1,1593,1]
12-01 09:04:57.724 18856 18856 I sysui_multi_action: [757,0,758,1,759,0,927,2,928,0,1593,1]
12-01 09:04:57.724 18856 18856 I sysui_multi_action: [757,0,758,1,759,0,927,3,928,0,1593,1]
12-01 09:04:57.725 18856 18856 I sysui_multi_action: [757,491,758,1,759,491,927,4,928,0,1311,-1,1593,0]
12-01 09:04:57.725 18856 18856 I sysui_multi_action: [757,0,758,1,759,0,927,5,928,0,1593,0]
12-01 09:04:57.725 18856 18856 I sysui_multi_action: [757,111,758,1]
12-01 09:04:57.725 18856 18856 I sysui_multi_action: [757,126,758,1,759,126,927,0,928,1,1593,1]
12-01 09:04:57.725 18856 18856 I sysui_multi_action: [757,113,758,1,759,113,927,1,928,1,1593,1]
12-01 09:04:57.725 18856 18856 I sysui_multi_action: [757,0,758,1,759,0,927,2,928,0,1593,1]
12-01 09:04:57.725 18856 18856 I sysui_multi_action: [757,0,758,1,759,0,927,3,928,0,1593,1]
12-01 09:04:57.884 1508 1508 I sysui_multi_action: [757,1501,758,1,793,14219564,794,0,795,206,796,2048,806,com.android.systemui,857,updateNotification,858,3,947,0,1500,0,1688,1]
12-01 09:04:57.884 1508 1508 I sysui_multi_action: [757,804,799,note_interruptive,801,0,802,1]
12-01 09:04:57.884 1508 1508 I sysui_multi_action: [757,199,758,1,759,2,793,14219564,794,0,795,206,796,2048,806,com.android.systemui,857,updateNotification,858,3,947,0,1500,0,1688,1]
12-01 09:04:57.885 1508 1508 I notification_alert: [0|com.android.systemui|2048|null|10082,0,1,0]
12-01 09:04:58.351 28985 28985 I auditd : type=1400 audit(0.0:20049): avc: denied { kill } for comm="kworker/u16:11" capability=5 scontext=u:r:kernel:s0 tcontext=u:r:kernel:s0 tclass=capability permissive=0
12-01 09:04:59.066 1508 2005 I input_interaction: Interaction with: 66f3853 com.android.settings/com.android.settings.homepage.SettingsHomepageActivity (server), edge-swipe (server), swipe-up (server), PointerEventDispatcher0 (server),
12-01 09:04:59.078 1508 4735 I wm_task_moved: [1,0,0]
12-01 09:04:59.079 1508 4735 I wm_task_moved: [1,0,6]
12-01 09:04:59.086 2822 2822 I wm_on_restart_called: [103113767,com.android.launcher3.uioverrides.QuickstepLauncher,performRestartActivity]
12-01 09:04:59.097 2822 2822 I wm_on_start_called: [103113767,com.android.launcher3.uioverrides.QuickstepLauncher,handleStartActivity]
12-01 09:04:59.122 1508 1633 I sysui_multi_action: [319,8,322,32,325,18717,757,761,758,9,759,5,806,com.android.launcher3,871,com.android.launcher3.uioverrides.QuickstepLauncher,905,0,1320,8,1321,5]
12-01 09:04:59.161 2822 2822 I sysui_latency: [1,42]
12-01 09:04:59.166 29378 29378 I view_enqueue_input_event: [Motion - Cancel,com.android.settings/com.android.settings.homepage.SettingsHomepageActivity]
12-01 09:04:59.176 1508 1637 I input_focus: [Focus request recents_animation_input_consumer,reason=UpdateInputWindows]
12-01 09:04:59.177 1508 2005 I input_interaction: Interaction with: edge-swipe (server), swipe-up (server), PointerEventDispatcher0 (server),
12-01 09:04:59.210 1508 2005 I input_focus: [Focus leaving 66f3853 com.android.settings/com.android.settings.homepage.SettingsHomepageActivity (server),reason=NOT_FOCUSABLE]
12-01 09:04:59.211 1508 2005 I input_focus: [Focus entering recents_animation_input_consumer (server),reason=setFocusedWindow]
12-01 09:04:59.304 1508 1754 I commit_sys_config_file: [settings-1-0,8]
12-01 09:04:59.412 1508 1647 I sysui_latency: [8,40]
12-01 09:04:59.890 1508 9856 I wm_task_moved: [1,1,7]
12-01 09:04:59.893 1508 9856 I wm_focused_root_task: [0,0,1,308,RecentsAnimation.onAnimationFinished()]
12-01 09:04:59.895 29378 29378 I wm_on_top_resumed_lost_called: [111910704,com.android.settings.homepage.SettingsHomepageActivity,topStateChangedWhenResumed]
12-01 09:04:59.901 1508 9856 I wm_pause_activity: [0,111910704,com.android.settings/.homepage.SettingsHomepageActivity,userLeaving=false,pauseBackTasks]
12-01 09:04:59.902 1508 9856 I wm_set_resumed_activity: [0,com.android.launcher3/.uioverrides.QuickstepLauncher,resumeTopActivityInnerLocked]
12-01 09:04:59.905 1508 9856 I wm_resume_activity: [0,103113767,10,com.android.launcher3/.uioverrides.QuickstepLauncher]
12-01 09:04:59.905 1508 9856 I wm_add_to_stopping: [0,111910704,com.android.settings/.homepage.SettingsHomepageActivity,makeInvisible]
12-01 09:04:59.907 2822 2822 I wm_on_resume_called: [103113767,com.android.launcher3.uioverrides.QuickstepLauncher,RESUME_ACTIVITY]
