12-01 09:14:23.351 0 0 I auditd : type=1400 audit(0.0:20536): avc: denied { kill } for comm="swapper/3" capability=5 scontext=u:r:kernel:s0 tcontext=u:r:kernel:s0 tclass=capability permissive=0
12-01 09:14:24.009 1508 1666 I sysui_multi_action: [757,1696,758,6,759,2]
12-01 09:14:24.023 1508 1648 I am_wtf : [0,1508,system_server,-1,DisplayDeviceConfig,requesting nits when no mapping exists.]
12-01 09:14:24.026 1508 1648 I am_wtf : [0,1508,system_server,-1,DisplayDeviceConfig,requesting nits when no mapping exists.]
12-01 09:14:24.038 1508 1648 I am_wtf : [0,1508,system_server,-1,DisplayDeviceConfig,requesting nits when no mapping exists.]
12-01 09:14:24.039 1508 1648 I am_wtf : [0,1508,system_server,-1,DisplayDeviceConfig,requesting nits when no mapping exists.]
12-01 09:14:24.046 1508 1648 I am_wtf : [0,1508,system_server,-1,DisplayDeviceConfig,requesting nits when no mapping exists.]
12-01 09:14:24.049 1508 1648 I am_wtf : [0,1508,system_server,-1,DisplayDeviceConfig,requesting nits when no mapping exists.]
12-01 09:14:24.063 1508 1648 I am_wtf : [0,1508,system_server,-1,DisplayDeviceConfig,requesting nits when no mapping exists.]
12-01 09:14:24.063 1508 1648 I am_wtf : [0,1508,system_server,-1,DisplayDeviceConfig,requesting nits when no mapping exists.]
12-01 09:14:24.079 1508 1648 I am_wtf : [0,1508,system_server,-1,DisplayDeviceConfig,requesting nits when no mapping exists.]
12-01 09:14:24.082 1508 1648 I am_wtf : [0,1508,system_server,-1,DisplayDeviceConfig,requesting nits when no mapping exists.]
12-01 09:14:24.097 1508 1648 I am_wtf : [0,1508,system_server,-1,DisplayDeviceConfig,requesting nits when no mapping exists.]
12-01 09:14:24.097 1508 1648 I am_wtf : [0,1508,system_server,-1,DisplayDeviceConfig,requesting nits when no mapping exists.]
12-01 09:14:24.114 1508 1648 I am_wtf : [0,1508,system_server,-1,DisplayDeviceConfig,requesting nits when no mapping exists.]
12-01 09:14:24.115 1508 1648 I am_wtf : [0,1508,system_server,-1,DisplayDeviceConfig,requesting nits when no mapping exists.]
12-01 09:14:24.130 1508 1648 I am_wtf : [0,1508,system_server,-1,DisplayDeviceConfig,requesting nits when no mapping exists.]
12-01 09:14:24.131 1508 1648 I am_wtf : [0,1508,system_server,-1,DisplayDeviceConfig,requesting nits when no mapping exists.]
12-01 09:14:24.147 1508 1648 I am_wtf : [0,1508,system_server,-1,DisplayDeviceConfig,requesting nits when no mapping exists.]
12-01 09:14:24.147 1508 1648 I am_wtf : [0,1508,system_server,-1,DisplayDeviceConfig,requesting nits when no mapping exists.]
12-01 09:14:24.164 1508 1648 I am_wtf : [0,1508,system_server,-1,DisplayDeviceConfig,requesting nits when no mapping exists.]
12-01 09:14:24.165 1508 1648 I am_wtf : [0,1508,system_server,-1,DisplayDeviceConfig,requesting nits when no mapping exists.]
12-01 09:14:24.181 1508 1648 I am_wtf : [0,1508,system_server,-1,DisplayDeviceConfig,requesting nits when no mapping exists.]
12-01 09:14:24.182 1508 1648 I am_wtf : [0,1508,system_server,-1,DisplayDeviceConfig,requesting nits when no mapping exists.]
12-01 09:14:24.197 1508 1648 I am_wtf : [0,1508,system_server,-1,DisplayDeviceConfig,requesting nits when no mapping exists.]
12-01 09:14:24.198 1508 1648 I am_wtf : [0,1508,system_server,-1,DisplayDeviceConfig,requesting nits when no mapping exists.]
12-01 09:14:24.214 1508 1648 I am_wtf : [0,1508,system_server,-1,DisplayDeviceConfig,requesting nits when no mapping exists.]
12-01 09:14:24.215 1508 1648 I am_wtf : [0,1508,system_server,-1,DisplayDeviceConfig,requesting nits when no mapping exists.]
12-01 09:14:24.231 1508 1648 I am_wtf : [0,1508,system_server,-1,DisplayDeviceConfig,requesting nits when no mapping exists.]
12-01 09:14:24.231 1508 1648 I am_wtf : [0,1508,system_server,-1,DisplayDeviceConfig,requesting nits when no mapping exists.]
12-01 09:14:24.247 1508 1648 I am_wtf : [0,1508,system_server,-1,DisplayDeviceConfig,requesting nits when no mapping exists.]
12-01 09:14:24.248 1508 1648 I am_wtf : [0,1508,system_server,-1,DisplayDeviceConfig,requesting nits when no mapping exists.]
12-01 09:14:24.264 1508 1648 I am_wtf : [0,1508,system_server,-1,DisplayDeviceConfig,requesting nits when no mapping exists.]
12-01 09:14:24.266 1508 1648 I am_wtf : [0,1508,system_server,-1,DisplayDeviceConfig,requesting nits when no mapping exists.]
12-01 09:14:24.281 1508 1648 I am_wtf : [0,1508,system_server,-1,DisplayDeviceConfig,requesting nits when no mapping exists.]
12-01 09:14:24.282 1508 1648 I am_wtf : [0,1508,system_server,-1,DisplayDeviceConfig,requesting nits when no mapping exists.]
12-01 09:14:24.297 1508 1648 I am_wtf : [0,1508,system_server,-1,DisplayDeviceConfig,requesting nits when no mapping exists.]
12-01 09:14:24.298 1508 1648 I am_wtf : [0,1508,system_server,-1,DisplayDeviceConfig,requesting nits when no mapping exists.]
12-01 09:14:24.314 1508 1648 I am_wtf : [0,1508,system_server,-1,DisplayDeviceConfig,requesting nits when no mapping exists.]
12-01 09:14:24.315 1508 1648 I am_wtf : [0,1508,system_server,-1,DisplayDeviceConfig,requesting nits when no mapping exists.]
12-01 09:14:24.331 1508 1648 I am_wtf : [0,1508,system_server,-1,DisplayDeviceConfig,requesting nits when no mapping exists.]
12-01 09:14:24.333 1508 1648 I am_wtf : [0,1508,system_server,-1,DisplayDeviceConfig,requesting nits when no mapping exists.]
12-01 09:14:24.347 1508 1648 I am_wtf : [0,1508,system_server,-1,DisplayDeviceConfig,requesting nits when no mapping exists.]
12-01 09:14:24.349 1508 1648 I am_wtf : [0,1508,system_server,-1,DisplayDeviceConfig,requesting nits when no mapping exists.]
12-01 09:14:24.351 0 0 I auditd : type=1400 audit(0.0:20537): avc: denied { kill } for comm="swapper/3" capability=5 scontext=u:r:kernel:s0 tcontext=u:r:kernel:s0 tclass=capability permissive=0
12-01 09:14:24.364 1508 1648 I am_wtf : [0,1508,system_server,-1,DisplayDeviceConfig,requesting nits when no mapping exists.]
12-01 09:14:24.365 1508 1648 I am_wtf : [0,1508,system_server,-1,DisplayDeviceConfig,requesting nits when no mapping exists.]
12-01 09:14:24.381 1508 1648 I am_wtf : [0,1508,system_server,-1,DisplayDeviceConfig,requesting nits when no mapping exists.]
12-01 09:14:24.382 1508 1648 I am_wtf : [0,1508,system_server,-1,DisplayDeviceConfig,requesting nits when no mapping exists.]
12-01 09:14:24.398 1508 1648 I am_wtf : [0,1508,system_server,-1,DisplayDeviceConfig,requesting nits when no mapping exists.]
12-01 09:14:24.399 1508 1648 I am_wtf : [0,1508,system_server,-1,DisplayDeviceConfig,requesting nits when no mapping exists.]
12-01 09:14:24.414 1508 1648 I am_wtf : [0,1508,system_server,-1,DisplayDeviceConfig,requesting nits when no mapping exists.]
12-01 09:14:24.416 1508 1648 I am_wtf : [0,1508,system_server,-1,DisplayDeviceConfig,requesting nits when no mapping exists.]
12-01 09:14:24.431 1508 1648 I am_wtf : [0,1508,system_server,-1,DisplayDeviceConfig,requesting nits when no mapping exists.]
12-01 09:14:24.433 1508 1648 I am_wtf : [0,1508,system_server,-1,DisplayDeviceConfig,requesting nits when no mapping exists.]
12-01 09:14:24.448 1508 1648 I am_wtf : [0,1508,system_server,-1,DisplayDeviceConfig,requesting nits when no mapping exists.]
12-01 09:14:24.449 1508 1648 I am_wtf : [0,1508,system_server,-1,DisplayDeviceConfig,requesting nits when no mapping exists.]
12-01 09:14:24.450 1508 1648 I service_manager_stats: [100,57,204430]
12-01 09:14:24.465 1508 1648 I am_wtf : [0,1508,system_server,-1,DisplayDeviceConfig,requesting nits when no mapping exists.]
12-01 09:14:24.466 1508 1648 I am_wtf : [0,1508,system_server,-1,DisplayDeviceConfig,requesting nits when no mapping exists.]
12-01 09:14:24.481 1508 1648 I am_wtf : [0,1508,system_server,-1,DisplayDeviceConfig,requesting nits when no mapping exists.]
12-01 09:14:24.482 1508 1648 I am_wtf : [0,1508,system_server,-1,DisplayDeviceConfig,requesting nits when no mapping exists.]
12-01 09:14:24.498 1508 1648 I am_wtf : [0,1508,system_server,-1,DisplayDeviceConfig,requesting nits when no mapping exists.]
12-01 09:14:24.499 1508 1648 I am_wtf : [0,1508,system_server,-1,DisplayDeviceConfig,requesting nits when no mapping exists.]
12-01 09:14:24.514 1508 1648 I am_wtf : [0,1508,system_server,-1,DisplayDeviceConfig,requesting nits when no mapping exists.]
12-01 09:14:24.515 1508 1648 I am_wtf : [0,1508,system_server,-1,DisplayDeviceConfig,requesting nits when no mapping exists.]
12-01 09:14:24.531 1508 1648 I am_wtf : [0,1508,system_server,-1,DisplayDeviceConfig,requesting nits when no mapping exists.]
12-01 09:14:24.533 1508 1648 I am_wtf : [0,1508,system_server,-1,DisplayDeviceConfig,requesting nits when no mapping exists.]
12-01 09:14:24.548 1508 1648 I am_wtf : [0,1508,system_server,-1,DisplayDeviceConfig,requesting nits when no mapping exists.]
12-01 09:14:24.549 1508 1648 I am_wtf : [0,1508,system_server,-1,DisplayDeviceConfig,requesting nits when no mapping exists.]
12-01 09:14:24.565 1508 1648 I am_wtf : [0,1508,system_server,-1,DisplayDeviceConfig,requesting nits when no mapping exists.]
12-01 09:14:24.566 1508 1648 I am_wtf : [0,1508,system_server,-1,DisplayDeviceConfig,requesting nits when no mapping exists.]
12-01 09:14:24.582 1508 1648 I am_wtf : [0,1508,system_server,-1,DisplayDeviceConfig,requesting nits when no mapping exists.]
12-01 09:14:24.583 1508 1648 I am_wtf : [0,1508,system_server,-1,DisplayDeviceConfig,requesting nits when no mapping exists.]
12-01 09:14:24.598 1508 1648 I am_wtf : [0,1508,system_server,-1,DisplayDeviceConfig,requesting nits when no mapping exists.]
12-01 09:14:24.599 1508 1648 I am_wtf : [0,1508,system_server,-1,DisplayDeviceConfig,requesting nits when no mapping exists.]
12-01 09:14:24.615 1508 1648 I am_wtf : [0,1508,system_server,-1,DisplayDeviceConfig,requesting nits when no mapping exists.]
12-01 09:14:24.616 1508 1648 I am_wtf : [0,1508,system_server,-1,DisplayDeviceConfig,requesting nits when no mapping exists.]
12-01 09:14:24.632 1508 1648 I am_wtf : [0,1508,system_server,-1,DisplayDeviceConfig,requesting nits when no mapping exists.]
12-01 09:14:24.633 1508 1648 I am_wtf : [0,1508,system_server,-1,DisplayDeviceConfig,requesting nits when no mapping exists.]
12-01 09:14:24.648 1508 1648 I am_wtf : [0,1508,system_server,-1,DisplayDeviceConfig,requesting nits when no mapping exists.]
12-01 09:14:24.649 1508 1648 I am_wtf : [0,1508,system_server,-1,DisplayDeviceConfig,requesting nits when no mapping exists.]
12-01 09:14:24.665 1508 1648 I am_wtf : [0,1508,system_server,-1,DisplayDeviceConfig,requesting nits when no mapping exists.]
12-01 09:14:24.666 1508 1648 I am_wtf : [0,1508,system_server,-1,DisplayDeviceConfig,requesting nits when no mapping exists.]
12-01 09:14:24.682 1508 1648 I am_wtf : [0,1508,system_server,-1,DisplayDeviceConfig,requesting nits when no mapping exists.]
12-01 09:14:24.683 1508 1648 I am_wtf : [0,1508,system_server,-1,DisplayDeviceConfig,requesting nits when no mapping exists.]
12-01 09:14:24.698 1508 1648 I am_wtf : [0,1508,system_server,-1,DisplayDeviceConfig,requesting nits when no mapping exists.]
12-01 09:14:24.699 1508 1648 I am_wtf : [0,1508,system_server,-1,DisplayDeviceConfig,requesting nits when no mapping exists.]
12-01 09:14:24.715 1508 1648 I am_wtf : [0,1508,system_server,-1,DisplayDeviceConfig,requesting nits when no mapping exists.]
12-01 09:14:24.716 1508 1648 I am_wtf : [0,1508,system_server,-1,DisplayDeviceConfig,requesting nits when no mapping exists.]
12-01 09:14:24.732 1508 1648 I am_wtf : [0,1508,system_server,-1,DisplayDeviceConfig,requesting nits when no mapping exists.]
12-01 09:14:24.732 1508 1648 I am_wtf : [0,1508,system_server,-1,DisplayDeviceConfig,requesting nits when no mapping exists.]
12-01 09:14:24.749 1508 1648 I am_wtf : [0,1508,system_server,-1,DisplayDeviceConfig,requesting nits when no mapping exists.]
12-01 09:14:24.750 1508 1648 I am_wtf : [0,1508,system_server,-1,DisplayDeviceConfig,requesting nits when no mapping exists.]
12-01 09:14:24.765 1508 1648 I am_wtf : [0,1508,system_server,-1,DisplayDeviceConfig,requesting nits when no mapping exists.]
12-01 09:14:24.766 1508 1648 I am_wtf : [0,1508,system_server,-1,DisplayDeviceConfig,requesting nits when no mapping exists.]
12-01 09:14:24.783 1508 1648 I am_wtf : [0,1508,system_server,-1,DisplayDeviceConfig,requesting nits when no mapping exists.]
12-01 09:14:24.783 1508 1648 I am_wtf : [0,1508,system_server,-1,DisplayDeviceConfig,requesting nits when no mapping exists.]
12-01 09:14:24.799 1508 1648 I am_wtf : [0,1508,system_server,-1,DisplayDeviceConfig,requesting nits when no mapping exists.]
12-01 09:14:24.801 1508 1648 I am_wtf : [0,1508,system_server,-1,DisplayDeviceConfig,requesting nits when no mapping exists.]
12-01 09:14:24.815 1508 1648 I am_wtf : [0,1508,system_server,-1,DisplayDeviceConfig,requesting nits when no mapping exists.]
12-01 09:14:24.817 1508 1648 I am_wtf : [0,1508,system_server,-1,DisplayDeviceConfig,requesting nits when no mapping exists.]
12-01 09:14:24.833 1508 1648 I am_wtf : [0,1508,system_server,-1,DisplayDeviceConfig,requesting nits when no mapping exists.]
12-01 09:14:24.834 1508 1648 I am_wtf : [0,1508,system_server,-1,DisplayDeviceConfig,requesting nits when no mapping exists.]
12-01 09:14:24.849 1508 1648 I am_wtf : [0,1508,system_server,-1,DisplayDeviceConfig,requesting nits when no mapping exists.]
12-01 09:14:24.850 1508 1648 I am_wtf : [0,1508,system_server,-1,DisplayDeviceConfig,requesting nits when no mapping exists.]
12-01 09:14:24.866 1508 1648 I am_wtf : [0,1508,system_server,-1,DisplayDeviceConfig,requesting nits when no mapping exists.]
12-01 09:14:24.867 1508 1648 I am_wtf : [0,1508,system_server,-1,DisplayDeviceConfig,requesting nits when no mapping exists.]
12-01 09:14:24.882 1508 1648 I am_wtf : [0,1508,system_server,-1,DisplayDeviceConfig,requesting nits when no mapping exists.]
12-01 09:14:24.883 1508 1648 I am_wtf : [0,1508,system_server,-1,DisplayDeviceConfig,requesting nits when no mapping exists.]
12-01 09:14:24.900 1508 1648 I am_wtf : [0,1508,system_server,-1,DisplayDeviceConfig,requesting nits when no mapping exists.]
12-01 09:14:24.901 1508 1648 I am_wtf : [0,1508,system_server,-1,DisplayDeviceConfig,requesting nits when no mapping exists.]
12-01 09:14:24.916 1508 1648 I am_wtf : [0,1508,system_server,-1,DisplayDeviceConfig,requesting nits when no mapping exists.]
12-01 09:14:24.917 1508 1648 I am_wtf : [0,1508,system_server,-1,DisplayDeviceConfig,requesting nits when no mapping exists.]
12-01 09:14:24.932 1508 1648 I am_wtf : [0,1508,system_server,-1,DisplayDeviceConfig,requesting nits when no mapping exists.]
12-01 09:14:24.933 1508 1648 I am_wtf : [0,1508,system_server,-1,DisplayDeviceConfig,requesting nits when no mapping exists.]
12-01 09:14:24.950 1508 1648 I am_wtf : [0,1508,system_server,-1,DisplayDeviceConfig,requesting nits when no mapping exists.]
12-01 09:14:24.950 1508 1648 I am_wtf : [0,1508,system_server,-1,DisplayDeviceConfig,requesting nits when no mapping exists.]
12-01 09:14:24.966 1508 1648 I am_wtf : [0,1508,system_server,-1,DisplayDeviceConfig,requesting nits when no mapping exists.]
12-01 09:14:24.967 1508 1648 I am_wtf : [0,1508,system_server,-1,DisplayDeviceConfig,requesting nits when no mapping exists.]
12-01 09:14:25.351 0 0 I auditd : type=1400 audit(0.0:20538): avc: denied { kill } for comm="swapper/3" capability=5 scontext=u:r:kernel:s0 tcontext=u:r:kernel:s0 tclass=capability permissive=0
12-01 09:14:26.351 0 0 I auditd : type=1400 audit(0.0:20539): avc: denied { kill } for comm="swapper/3" capability=5 scontext=u:r:kernel:s0 tcontext=u:r:kernel:s0 tclass=capability permissive=0
12-01 09:14:27.351 0 0 I auditd : type=1400 audit(0.0:20540): avc: denied { kill } for comm="swapper/3" capability=5 scontext=u:r:kernel:s0 tcontext=u:r:kernel:s0 tclass=capability permissive=0
12-01 09:14:28.351 0 0 I auditd : type=1400 audit(0.0:20541): avc: denied { kill } for comm="swapper/3" capability=5 scontext=u:r:kernel:s0 tcontext=u:r:kernel:s0 tclass=capability permissive=0
12-01 09:14:29.031 1508 2305 I netstats_mobile_sample: [0,0,0,0,0,0,0,0,0,0,0,0,1669857269030]
12-01 09:14:29.031 1508 2305 I netstats_wifi_sample: [321059969,707726,194712961,455451,321059969,707726,194712961,455451,422321799,1452172,98150975,237280,1669857269030]
12-01 09:14:29.351 0 0 I auditd : type=1400 audit(0.0:20542): avc: denied { kill } for comm="swapper/3" capability=5 scontext=u:r:kernel:s0 tcontext=u:r:kernel:s0 tclass=capability permissive=0
12-01 09:14:30.351 0 0 I auditd : type=1400 audit(0.0:20543): avc: denied { kill } for comm="swapper/3" capability=5 scontext=u:r:kernel:s0 tcontext=u:r:kernel:s0 tclass=capability permissive=0
12-01 09:14:31.009 1508 1633 I sysui_multi_action: [757,222,758,1]
12-01 09:14:31.011 1508 1633 I am_uid_active: 10042
12-01 09:14:31.032 1508 2470 I wm_task_created: [352,-1]
12-01 09:14:31.037 1508 2470 I wm_task_moved: [352,1,6]
12-01 09:14:31.037 1508 2470 I wm_task_to_front: [0,352]
12-01 09:14:31.038 1508 2470 I wm_create_task: [0,352]
12-01 09:14:31.038 1508 2470 I wm_create_activity: [0,101767857,352,com.thundercomm.screensaver/android.service.dreams.DreamActivity,NULL,NULL,NULL,276824064]
12-01 09:14:31.038 1508 2470 I wm_task_moved: [352,1,6]
12-01 09:14:31.038 2822 2822 I wm_on_top_resumed_lost_called: [103113767,com.android.launcher3.uioverrides.QuickstepLauncher,topStateChangedWhenResumed]
12-01 09:14:31.040 1508 2470 I wm_pause_activity: [0,103113767,com.android.launcher3/.uioverrides.QuickstepLauncher,userLeaving=true,pauseBackTasks]
12-01 09:14:31.045 2822 2822 I wm_on_paused_called: [103113767,com.android.launcher3.uioverrides.QuickstepLauncher,performPause]
12-01 09:14:31.049 1508 2470 I wm_add_to_stopping: [0,103113767,com.android.launcher3/.uioverrides.QuickstepLauncher,makeInvisible]
12-01 09:14:31.050 1508 2470 I wm_restart_activity: [0,101767857,352,com.thundercomm.screensaver/android.service.dreams.DreamActivity]
12-01 09:14:31.051 1508 2470 I wm_set_resumed_activity: [0,com.thundercomm.screensaver/android.service.dreams.DreamActivity,minimalResumeActivityLocked]
12-01 09:14:31.063 19950 19950 I wm_on_create_called: [101767857,android.service.dreams.DreamActivity,performCreate]
12-01 09:14:31.064 1508 1636 I sysui_multi_action: [757,803,799,window_time_0,802,60]
12-01 09:14:31.065 19950 19950 I wm_on_start_called: [101767857,android.service.dreams.DreamActivity,handleStartActivity]
12-01 09:14:31.067 19950 19950 I wm_on_resume_called: [101767857,android.service.dreams.DreamActivity,RESUME_ACTIVITY]
12-01 09:14:31.071 19950 19950 I wm_on_top_resumed_gained_called: [101767857,android.service.dreams.DreamActivity,topStateChangedWhenResumed]
12-01 09:14:31.083 1508 2005 I input_focus: [Focus leaving e9e80a1 com.android.launcher3/com.android.launcher3.uioverrides.QuickstepLauncher (server),reason=NO_WINDOW]
12-01 09:14:31.100 1508 1637 I input_focus: [Focus request 9f5c304 com.thundercomm.screensaver/android.service.dreams.DreamActivity,reason=UpdateInputWindows]
12-01 09:14:31.104 1508 1508 I notification_enqueue: [10082,18856,com.android.systemui,2048,NULL,0,Notification(channel=updateNotification shortcut=null contentView=null vibrate=null sound=null defaults=0x0 flags=0x0 color=0x00000000 vis=PRIVATE),1]
12-01 09:14:31.106 18856 18856 I sysui_multi_action: [757,111,758,2]
12-01 09:14:31.106 18856 18856 I sysui_multi_action: [757,111,758,2]
12-01 09:14:31.118 1508 1666 I sysui_multi_action: [757,1696,758,6,759,3]
12-01 09:14:31.119 18856 18856 I sysui_multi_action: [757,111,758,1]
12-01 09:14:31.120 18856 18856 I sysui_multi_action: [757,126,758,1,759,126,927,0,928,1,1593,0]
12-01 09:14:31.120 18856 18856 I sysui_multi_action: [757,113,758,1,759,113,927,1,928,1,1593,0]
12-01 09:14:31.120 18856 18856 I sysui_multi_action: [757,0,758,1,759,0,927,2,928,0,1593,0]
12-01 09:14:31.120 18856 18856 I sysui_multi_action: [757,0,758,1,759,0,927,3,928,0,1593,0]
12-01 09:14:31.120 18856 18856 I sysui_multi_action: [757,491,758,1,759,491,927,4,928,0,1311,-1,1593,0]
12-01 09:14:31.120 18856 18856 I sysui_multi_action: [757,0,758,1,759,0,927,5,928,0,1593,0]
12-01 09:14:31.120 18856 18856 I sysui_multi_action: [757,111,758,1]
12-01 09:14:31.120 18856 18856 I sysui_multi_action: [757,126,758,1,759,126,927,0,928,1,1593,0]
12-01 09:14:31.120 18856 18856 I sysui_multi_action: [757,113,758,1,759,113,927,1,928,1,1593,0]
12-01 09:14:31.120 18856 18856 I sysui_multi_action: [757,0,758,1,759,0,927,2,928,0,1593,0]
12-01 09:14:31.120 18856 18856 I sysui_multi_action: [757,0,758,1,759,0,927,3,928,0,1593,0]
12-01 09:14:31.121 1508 1633 I sysui_multi_action: [319,90,322,88,325,19289,757,761,758,8,759,2,806,com.thundercomm.screensaver,871,android.service.dreams.DreamActivity,904,com.thundercomm.screensaver,905,0,1320,8,1321,5]
12-01 09:14:31.121 1508 1633 I wm_activity_launch_time: [0,101767857,com.thundercomm.screensaver/android.service.dreams.DreamActivity,88]
12-01 09:14:31.133 1508 1648 I am_wtf : [0,1508,system_server,-1,DisplayDeviceConfig,requesting nits when no mapping exists.]
12-01 09:14:31.133 1508 1648 I am_wtf : [0,1508,system_server,-1,DisplayDeviceConfig,requesting nits when no mapping exists.]
12-01 09:14:31.150 1508 2005 I input_focus: [Focus entering 9f5c304 com.thundercomm.screensaver/android.service.dreams.DreamActivity (server),reason=Window became focusable. Previous reason: NOT_VISIBLE]
12-01 09:14:31.153 1508 1648 I am_wtf : [0,1508,system_server,-1,DisplayDeviceConfig,requesting nits when no mapping exists.]
12-01 09:14:31.153 1508 1648 I am_wtf : [0,1508,system_server,-1,DisplayDeviceConfig,requesting nits when no mapping exists.]
12-01 09:14:31.172 1508 1648 I am_wtf : [0,1508,system_server,-1,DisplayDeviceConfig,requesting nits when no mapping exists.]
12-01 09:14:31.173 1508 1648 I am_wtf : [0,1508,system_server,-1,DisplayDeviceConfig,requesting nits when no mapping exists.]
12-01 09:14:31.183 1508 1648 I am_wtf : [0,1508,system_server,-1,DisplayDeviceConfig,requesting nits when no mapping exists.]
12-01 09:14:31.188 1508 1648 I am_wtf : [0,1508,system_server,-1,DisplayDeviceConfig,requesting nits when no mapping exists.]
12-01 09:14:31.195 1508 1648 I am_uid_idle: 10065
12-01 09:14:31.199 1508 1648 I am_wtf : [0,1508,system_server,-1,DisplayDeviceConfig,requesting nits when no mapping exists.]
12-01 09:14:31.200 1508 1648 I am_wtf : [0,1508,system_server,-1,DisplayDeviceConfig,requesting nits when no mapping exists.]
12-01 09:14:31.215 1508 1648 I am_uid_idle: 10094
12-01 09:14:31.220 1508 1648 I am_wtf : [0,1508,system_server,-1,DisplayDeviceConfig,requesting nits when no mapping exists.]
12-01 09:14:31.221 1508 1648 I am_wtf : [0,1508,system_server,-1,DisplayDeviceConfig,requesting nits when no mapping exists.]
12-01 09:14:31.235 1508 1648 I am_wtf : [0,1508,system_server,-1,DisplayDeviceConfig,requesting nits when no mapping exists.]
12-01 09:14:31.237 1508 1648 I am_wtf : [0,1508,system_server,-1,DisplayDeviceConfig,requesting nits when no mapping exists.]
12-01 09:14:31.252 1508 1648 I am_wtf : [0,1508,system_server,-1,DisplayDeviceConfig,requesting nits when no mapping exists.]
12-01 09:14:31.253 1508 1648 I am_wtf : [0,1508,system_server,-1,DisplayDeviceConfig,requesting nits when no mapping exists.]
12-01 09:14:31.268 1508 1648 I am_wtf : [0,1508,system_server,-1,DisplayDeviceConfig,requesting nits when no mapping exists.]
12-01 09:14:31.269 1508 1648 I am_wtf : [0,1508,system_server,-1,DisplayDeviceConfig,requesting nits when no mapping exists.]
12-01 09:14:31.285 1508 1648 I am_wtf : [0,1508,system_server,-1,DisplayDeviceConfig,requesting nits when no mapping exists.]
12-01 09:14:31.287 1508 1648 I am_wtf : [0,1508,system_server,-1,DisplayDeviceConfig,requesting nits when no mapping exists.]
12-01 09:14:31.300 1508 1648 I am_wtf : [0,1508,system_server,-1,DisplayDeviceConfig,requesting nits when no mapping exists.]
12-01 09:14:31.302 1508 1648 I am_wtf : [0,1508,system_server,-1,DisplayDeviceConfig,requesting nits when no mapping exists.]
12-01 09:14:31.311 1508 1508 I sysui_multi_action: [757,1501,758,1,793,550018,794,0,795,209,796,2048,806,com.android.systemui,857,updateNotification,858,3,947,0,1500,0,1688,1]
12-01 09:14:31.311 1508 1508 I sysui_multi_action: [757,804,799,note_interruptive,801,0,802,1]
12-01 09:14:31.311 1508 1508 I sysui_multi_action: [757,199,758,1,759,2,793,550018,794,0,795,209,796,2048,806,com.android.systemui,857,updateNotification,858,3,947,0,1500,0,1688,1]
12-01 09:14:31.311 1508 1508 I notification_alert: [0|com.android.systemui|2048|null|10082,0,1,0]
12-01 09:14:31.319 1508 1648 I am_wtf : [0,1508,system_server,-1,DisplayDeviceConfig,requesting nits when no mapping exists.]
12-01 09:14:31.321 1508 1648 I am_wtf : [0,1508,system_server,-1,DisplayDeviceConfig,requesting nits when no mapping exists.]
12-01 09:14:31.334 1508 1648 I am_wtf : [0,1508,system_server,-1,DisplayDeviceConfig,requesting nits when no mapping exists.]
12-01 09:14:31.335 1508 1648 I am_wtf : [0,1508,system_server,-1,DisplayDeviceConfig,requesting nits when no mapping exists.]
12-01 09:14:31.351 1508 1648 I am_wtf : [0,1508,system_server,-1,DisplayDeviceConfig,requesting nits when no mapping exists.]
12-01 09:14:31.352 1508 1648 I am_wtf : [0,1508,system_server,-1,DisplayDeviceConfig,requesting nits when no mapping exists.]
12-01 09:14:31.352 1508 1648 I service_manager_stats: [100,52,6902]
12-01 09:14:31.367 1508 1648 I am_wtf : [0,1508,system_server,-1,DisplayDeviceConfig,requesting nits when no mapping exists.]
12-01 09:14:31.368 1508 1648 I am_wtf : [0,1508,system_server,-1,DisplayDeviceConfig,requesting nits when no mapping exists.]
12-01 09:14:31.384 1508 1648 I am_wtf : [0,1508,system_server,-1,DisplayDeviceConfig,requesting nits when no mapping exists.]
12-01 09:14:31.386 1508 1648 I am_wtf : [0,1508,system_server,-1,DisplayDeviceConfig,requesting nits when no mapping exists.]
12-01 09:14:31.404 1508 1636 I wm_stop_activity: [0,103113767,com.android.launcher3/.uioverrides.QuickstepLauncher]
12-01 09:14:31.408 1508 1648 I am_wtf : [0,1508,system_server,-1,DisplayDeviceConfig,requesting nits when no mapping exists.]
12-01 09:14:31.409 1508 1648 I am_wtf : [0,1508,system_server,-1,DisplayDeviceConfig,requesting nits when no mapping exists.]
12-01 09:14:31.419 1508 1648 I am_wtf : [0,1508,system_server,-1,DisplayDeviceConfig,requesting nits when no mapping exists.]
12-01 09:14:31.420 1508 1648 I am_wtf : [0,1508,system_server,-1,DisplayDeviceConfig,requesting nits when no mapping exists.]
12-01 09:14:31.438 1508 1648 I am_wtf : [0,1508,system_server,-1,DisplayDeviceConfig,requesting nits when no mapping exists.]
12-01 09:14:31.439 1508 1648 I am_wtf : [0,1508,system_server,-1,DisplayDeviceConfig,requesting nits when no mapping exists.]
12-01 09:14:31.444 2822 2822 I wm_on_stop_called: [103113767,com.android.launcher3.uioverrides.QuickstepLauncher,STOP_ACTIVITY_ITEM]
12-01 09:14:31.450 1508 1648 I am_wtf : [0,1508,system_server,-1,DisplayDeviceConfig,requesting nits when no mapping exists.]
12-01 09:14:31.451 1508 1648 I am_wtf : [0,1508,system_server,-1,DisplayDeviceConfig,requesting nits when no mapping exists.]
12-01 09:14:31.466 1508 1648 I am_wtf : [0,1508,system_server,-1,DisplayDeviceConfig,requesting nits when no mapping exists.]
12-01 09:14:31.467 1508 1648 I am_wtf : [0,1508,system_server,-1,DisplayDeviceConfig,requesting nits when no mapping exists.]
12-01 09:14:31.481 1508 1648 I am_wtf : [0,1508,system_server,-1,DisplayDeviceConfig,requesting nits when no mapping exists.]
12-01 09:14:31.482 1508 1648 I am_wtf : [0,1508,system_server,-1,DisplayDeviceConfig,requesting nits when no mapping exists.]
12-01 09:14:31.498 1508 1648 I am_wtf : [0,1508,system_server,-1,DisplayDeviceConfig,requesting nits when no mapping exists.]
12-01 09:14:31.499 1508 1648 I am_wtf : [0,1508,system_server,-1,DisplayDeviceConfig,requesting nits when no mapping exists.]
12-01 09:14:31.515 1508 1648 I am_wtf : [0,1508,system_server,-1,DisplayDeviceConfig,requesting nits when no mapping exists.]
12-01 09:14:31.515 1508 1648 I am_wtf : [0,1508,system_server,-1,DisplayDeviceConfig,requesting nits when no mapping exists.]
12-01 09:14:31.531 1508 1648 I am_wtf : [0,1508,system_server,-1,DisplayDeviceConfig,requesting nits when no mapping exists.]
12-01 09:14:31.532 1508 1648 I am_wtf : [0,1508,system_server,-1,DisplayDeviceConfig,requesting nits when no mapping exists.]
12-01 09:14:31.549 1508 1648 I am_wtf : [0,1508,system_server,-1,DisplayDeviceConfig,requesting nits when no mapping exists.]
12-01 09:14:31.550 1508 1648 I am_wtf : [0,1508,system_server,-1,DisplayDeviceConfig,requesting nits when no mapping exists.]
12-01 09:14:31.566 1508 1648 I am_wtf : [0,1508,system_server,-1,DisplayDeviceConfig,requesting nits when no mapping exists.]
12-01 09:14:31.567 1508 1648 I am_wtf : [0,1508,system_server,-1,DisplayDeviceConfig,requesting nits when no mapping exists.]
12-01 09:14:31.582 1508 1648 I am_wtf : [0,1508,system_server,-1,DisplayDeviceConfig,requesting nits when no mapping exists.]
12-01 09:14:31.583 1508 1648 I am_wtf : [0,1508,system_server,-1,DisplayDeviceConfig,requesting nits when no mapping exists.]
12-01 09:14:31.599 1508 1648 I am_wtf : [0,1508,system_server,-1,DisplayDeviceConfig,requesting nits when no mapping exists.]
12-01 09:14:31.600 1508 1648 I am_wtf : [0,1508,system_server,-1,DisplayDeviceConfig,requesting nits when no mapping exists.]
12-01 09:14:31.615 1508 1648 I am_wtf : [0,1508,system_server,-1,DisplayDeviceConfig,requesting nits when no mapping exists.]
12-01 09:14:31.617 1508 1648 I am_wtf : [0,1508,system_server,-1,DisplayDeviceConfig,requesting nits when no mapping exists.]
12-01 09:14:31.632 1508 1648 I am_wtf : [0,1508,system_server,-1,DisplayDeviceConfig,requesting nits when no mapping exists.]
12-01 09:14:31.633 1508 1648 I am_wtf : [0,1508,system_server,-1,DisplayDeviceConfig,requesting nits when no mapping exists.]
12-01 09:14:31.649 1508 1648 I am_wtf : [0,1508,system_server,-1,DisplayDeviceConfig,requesting nits when no mapping exists.]
12-01 09:14:31.650 1508 1648 I am_wtf : [0,1508,system_server,-1,DisplayDeviceConfig,requesting nits when no mapping exists.]
12-01 09:14:31.666 1508 1648 I am_wtf : [0,1508,system_server,-1,DisplayDeviceConfig,requesting nits when no mapping exists.]
12-01 09:14:31.666 1508 1648 I am_wtf : [0,1508,system_server,-1,DisplayDeviceConfig,requesting nits when no mapping exists.]
12-01 09:14:31.682 1508 1648 I am_wtf : [0,1508,system_server,-1,DisplayDeviceConfig,requesting nits when no mapping exists.]
12-01 09:14:31.683 1508 1648 I am_wtf : [0,1508,system_server,-1,DisplayDeviceConfig,requesting nits when no mapping exists.]
12-01 09:14:31.699 1508 1648 I am_wtf : [0,1508,system_server,-1,DisplayDeviceConfig,requesting nits when no mapping exists.]
12-01 09:14:31.700 1508 1648 I am_wtf : [0,1508,system_server,-1,DisplayDeviceConfig,requesting nits when no mapping exists.]
12-01 09:14:31.717 1508 1648 I am_wtf : [0,1508,system_server,-1,DisplayDeviceConfig,requesting nits when no mapping exists.]
12-01 09:14:31.718 1508 1648 I am_wtf : [0,1508,system_server,-1,DisplayDeviceConfig,requesting nits when no mapping exists.]
12-01 09:14:31.732 1508 1648 I am_wtf : [0,1508,system_server,-1,DisplayDeviceConfig,requesting nits when no mapping exists.]
12-01 09:14:31.734 1508 1648 I am_wtf : [0,1508,system_server,-1,DisplayDeviceConfig,requesting nits when no mapping exists.]
12-01 09:14:31.750 1508 1648 I am_wtf : [0,1508,system_server,-1,DisplayDeviceConfig,requesting nits when no mapping exists.]
12-01 09:14:31.751 1508 1648 I am_wtf : [0,1508,system_server,-1,DisplayDeviceConfig,requesting nits when no mapping exists.]
12-01 09:14:31.765 1508 1648 I am_wtf : [0,1508,system_server,-1,DisplayDeviceConfig,requesting nits when no mapping exists.]
12-01 09:14:31.767 1508 1648 I am_wtf : [0,1508,system_server,-1,DisplayDeviceConfig,requesting nits when no mapping exists.]
12-01 09:14:31.782 1508 1648 I am_wtf : [0,1508,system_server,-1,DisplayDeviceConfig,requesting nits when no mapping exists.]
12-01 09:14:31.783 1508 1648 I am_wtf : [0,1508,system_server,-1,DisplayDeviceConfig,requesting nits when no mapping exists.]
12-01 09:14:31.801 1508 1648 I am_wtf : [0,1508,system_server,-1,DisplayDeviceConfig,requesting nits when no mapping exists.]
12-01 09:14:31.802 1508 1648 I am_wtf : [0,1508,system_server,-1,DisplayDeviceConfig,requesting nits when no mapping exists.]
12-01 09:14:31.816 1508 1648 I am_wtf : [0,1508,system_server,-1,DisplayDeviceConfig,requesting nits when no mapping exists.]
12-01 09:14:31.816 1508 1648 I am_wtf : [0,1508,system_server,-1,DisplayDeviceConfig,requesting nits when no mapping exists.]
12-01 09:14:31.834 1508 1648 I am_wtf : [0,1508,system_server,-1,DisplayDeviceConfig,requesting nits when no mapping exists.]
12-01 09:14:31.835 1508 1648 I am_wtf : [0,1508,system_server,-1,DisplayDeviceConfig,requesting nits when no mapping exists.]
12-01 09:14:31.855 1508 1648 I am_wtf : [0,1508,system_server,-1,DisplayDeviceConfig,requesting nits when no mapping exists.]
12-01 09:14:31.860 1508 1648 I am_wtf : [0,1508,system_server,-1,DisplayDeviceConfig,requesting nits when no mapping exists.]
12-01 09:14:31.866 1508 1648 I am_wtf : [0,1508,system_server,-1,DisplayDeviceConfig,requesting nits when no mapping exists.]
12-01 09:14:31.867 1508 1648 I am_wtf : [0,1508,system_server,-1,DisplayDeviceConfig,requesting nits when no mapping exists.]
12-01 09:14:31.884 1508 1648 I am_wtf : [0,1508,system_server,-1,DisplayDeviceConfig,requesting nits when no mapping exists.]
12-01 09:14:31.885 1508 1648 I am_wtf : [0,1508,system_server,-1,DisplayDeviceConfig,requesting nits when no mapping exists.]
12-01 09:14:31.899 1508 1648 I am_wtf : [0,1508,system_server,-1,DisplayDeviceConfig,requesting nits when no mapping exists.]
12-01 09:14:31.902 1508 1648 I am_wtf : [0,1508,system_server,-1,DisplayDeviceConfig,requesting nits when no mapping exists.]
12-01 09:14:31.918 1508 1648 I am_wtf : [0,1508,system_server,-1,DisplayDeviceConfig,requesting nits when no mapping exists.]
12-01 09:14:31.921 1508 1648 I am_wtf : [0,1508,system_server,-1,DisplayDeviceConfig,requesting nits when no mapping exists.]
12-01 09:14:31.934 1508 1648 I am_wtf : [0,1508,system_server,-1,DisplayDeviceConfig,requesting nits when no mapping exists.]
12-01 09:14:31.934 1508 1648 I am_wtf : [0,1508,system_server,-1,DisplayDeviceConfig,requesting nits when no mapping exists.]
12-01 09:14:31.952 1508 1648 I am_wtf : [0,1508,system_server,-1,DisplayDeviceConfig,requesting nits when no mapping exists.]
12-01 09:14:31.953 1508 1648 I am_wtf : [0,1508,system_server,-1,DisplayDeviceConfig,requesting nits when no mapping exists.]
12-01 09:14:31.965 1508 1648 I am_wtf : [0,1508,system_server,-1,DisplayDeviceConfig,requesting nits when no mapping exists.]
12-01 09:14:31.966 1508 1648 I am_wtf : [0,1508,system_server,-1,DisplayDeviceConfig,requesting nits when no mapping exists.]
12-01 09:14:31.983 1508 1648 I am_wtf : [0,1508,system_server,-1,DisplayDeviceConfig,requesting nits when no mapping exists.]
12-01 09:14:31.984 1508 1648 I am_wtf : [0,1508,system_server,-1,DisplayDeviceConfig,requesting nits when no mapping exists.]
12-01 09:14:31.999 1508 1648 I am_wtf : [0,1508,system_server,-1,DisplayDeviceConfig,requesting nits when no mapping exists.]
12-01 09:14:31.999 1508 1648 I am_wtf : [0,1508,system_server,-1,DisplayDeviceConfig,requesting nits when no mapping exists.]
12-01 09:14:32.017 1508 1648 I am_wtf : [0,1508,system_server,-1,DisplayDeviceConfig,requesting nits when no mapping exists.]
12-01 09:14:32.020 1508 1648 I am_wtf : [0,1508,system_server,-1,DisplayDeviceConfig,requesting nits when no mapping exists.]
12-01 09:14:32.034 1508 1648 I am_wtf : [0,1508,system_server,-1,DisplayDeviceConfig,requesting nits when no mapping exists.]
12-01 09:14:32.034 1508 1648 I am_wtf : [0,1508,system_server,-1,DisplayDeviceConfig,requesting nits when no mapping exists.]
12-01 09:14:32.049 1508 1648 I am_wtf : [0,1508,system_server,-1,DisplayDeviceConfig,requesting nits when no mapping exists.]
12-01 09:14:32.050 1508 1648 I am_wtf : [0,1508,system_server,-1,DisplayDeviceConfig,requesting nits when no mapping exists.]
12-01 09:14:32.066 1508 1648 I am_wtf : [0,1508,system_server,-1,DisplayDeviceConfig,requesting nits when no mapping exists.]
12-01 09:14:32.067 1508 1648 I am_wtf : [0,1508,system_server,-1,DisplayDeviceConfig,requesting nits when no mapping exists.]
12-01 09:14:32.082 1508 1648 I am_wtf : [0,1508,system_server,-1,DisplayDeviceConfig,requesting nits when no mapping exists.]
12-01 09:14:32.083 1508 1648 I am_wtf : [0,1508,system_server,-1,DisplayDeviceConfig,requesting nits when no mapping exists.]
12-01 09:14:34.351 0 0 I auditd : type=1400 audit(0.0:20544): avc: denied { kill } for comm="swapper/3" capability=5 scontext=u:r:kernel:s0 tcontext=u:r:kernel:s0 tclass=capability permissive=0
12-01 09:14:34.377 1508 2005 I input_interaction: Interaction with: 9f5c304 com.thundercomm.screensaver/android.service.dreams.DreamActivity (server), edge-swipe (server), swipe-up (server), PointerEventDispatcher0 (server),
12-01 09:14:34.379 1508 4735 I wm_finish_activity: [0,101767857,352,com.thundercomm.screensaver/android.service.dreams.DreamActivity,finish-activity]
12-01 09:14:34.379 1508 4735 I wm_task_moved: [1,1,5]
12-01 09:14:34.380 1508 4735 I wm_task_moved: [10,1,2147483647]
12-01 09:14:34.380 1508 4735 I wm_task_to_front: [0,10]
12-01 09:14:34.381 1508 4735 I wm_focused_root_task: [0,0,1,352,finish-top adjustFocusToNextFocusableTask]
12-01 09:14:34.381 1508 4735 I wm_set_resumed_activity: [0,com.android.launcher3/.uioverrides.QuickstepLauncher,finish-top adjustFocusToNextFocusableTask]
12-01 09:14:34.382 1508 4735 I wm_pause_activity: [0,101767857,com.thundercomm.screensaver/android.service.dreams.DreamActivity,userLeaving=false,finish]
12-01 09:14:34.392 19950 19950 I wm_on_top_resumed_lost_called: [101767857,android.service.dreams.DreamActivity,topStateChangedWhenResumed]
12-01 09:14:34.396 19950 19950 I wm_on_paused_called: [101767857,android.service.dreams.DreamActivity,performPause]
12-01 09:14:34.397 1508 6335 I wm_add_to_stopping: [0,101767857,com.thundercomm.screensaver/android.service.dreams.DreamActivity,completeFinishing]
12-01 09:14:34.405 1508 6335 I wm_set_resumed_activity: [0,com.android.launcher3/.uioverrides.QuickstepLauncher,resumeTopActivityInnerLocked]
12-01 09:14:34.409 1508 2005 I input_focus: [Focus leaving 9f5c304 com.thundercomm.screensaver/android.service.dreams.DreamActivity (server),reason=NO_WINDOW]
12-01 09:14:34.410 1508 6335 I wm_resume_activity: [0,103113767,10,com.android.launcher3/.uioverrides.QuickstepLauncher]
12-01 09:14:34.417 19950 19950 I view_enqueue_input_event: [Motion - Cancel,com.thundercomm.screensaver/android.service.dreams.DreamActivity]
12-01 09:14:34.418 1508 1636 I sysui_multi_action: [757,803,799,window_time_0,802,3]
12-01 09:14:34.421 1508 2005 I input_interaction: Interaction with: edge-swipe (server), swipe-up (server), PointerEventDispatcher0 (server),
12-01 09:14:34.427 2822 2822 I wm_on_restart_called: [103113767,com.android.launcher3.uioverrides.QuickstepLauncher,performRestartActivity]
12-01 09:14:34.427 2822 2822 I wm_on_start_called: [103113767,com.android.launcher3.uioverrides.QuickstepLauncher,handleStartActivity]
12-01 09:14:34.430 2822 2822 I wm_on_resume_called: [103113767,com.android.launcher3.uioverrides.QuickstepLauncher,RESUME_ACTIVITY]
12-01 09:14:34.430 2822 2822 I wm_on_top_resumed_gained_called: [103113767,com.android.launcher3.uioverrides.QuickstepLauncher,topWhenResuming]
12-01 09:14:34.430 1508 1636 I sysui_multi_action: [757,803,799,window_time_0,802,1]
12-01 09:14:34.447 1508 1637 I input_focus: [Focus request e9e80a1 com.android.launcher3/com.android.launcher3.uioverrides.QuickstepLauncher,reason=UpdateInputWindows]
12-01 09:14:34.477 1508 2005 I input_focus: [Focus entering e9e80a1 com.android.launcher3/com.android.launcher3.uioverrides.QuickstepLauncher (server),reason=setFocusedWindow]
12-01 09:14:34.713 1508 1636 I wm_destroy_activity: [0,101767857,352,com.thundercomm.screensaver/android.service.dreams.DreamActivity,finish-imm:idle]
12-01 09:14:34.734 19950 19950 I wm_on_stop_called: [101767857,android.service.dreams.DreamActivity,LIFECYCLER_STOP_ACTIVITY]
12-01 09:14:34.735 19950 19950 I wm_on_destroy_called: [101767857,android.service.dreams.DreamActivity,performDestroy]
12-01 09:14:34.743 1508 1633 I sysui_multi_action: [757,222,758,2]
12-01 09:14:34.744 1508 1633 I sysui_multi_action: [757,804,799,dreaming_minutes,801,0,802,1]
12-01 09:14:34.755 1508 6335 I wm_task_removed: [352,removeChild:removeChild last r=ActivityRecord{610dab1 u0 com.thundercomm.screensaver/android.service.dreams.DreamActivity t-1 f}} in t=Task{e2f0d2 #352 type=dream A=10042:android:com.thundercomm.screensaver/dream U=0 visible=false mode=fullscreen translucent=true sz=0}]
12-01 09:14:34.755 1508 6335 I wm_task_removed: [352,removeChild]
12-01 09:14:35.188 1508 2005 I input_interaction: Interaction with: e9e80a1 com.android.launcher3/com.android.launcher3.uioverrides.QuickstepLauncher (server), 5ecd4a7 com.android.systemui.ImageWallpaper (server), edge-swipe (server), swipe-up (server), PointerEventDispatcher0 (server),
12-01 09:14:35.351 0 0 I auditd : type=1400 audit(0.0:20545): avc: denied { kill } for comm="swapper/3" capability=5 scontext=u:r:kernel:s0 tcontext=u:r:kernel:s0 tclass=capability permissive=0
12-01 09:14:36.085 2822 2822 I view_enqueue_input_event: [Motion - Cancel,com.android.launcher3/com.android.launcher3.uioverrides.QuickstepLauncher]
12-01 09:14:36.097 1508 2005 I input_interaction: Interaction with: edge-swipe (server), swipe-up (server), PointerEventDispatcher0 (server),
12-01 09:14:36.268 1508 1508 I notification_enqueue: [10097,9319,com.github.uiautomator,1,NULL,0,Notification(channel=monitor service shortcut=null contentView=null vibrate=null sound=null tick defaults=0x0 flags=0x40 color=0x00000000 vis=PRIVATE),1]
12-01 09:14:36.269 1508 1754 I commit_sys_config_file: [settings-1-0,5]
12-01 09:14:36.351 0 0 I auditd : type=1400 audit(0.0:20546): avc: denied { kill } for comm="swapper/3" capability=5 scontext=u:r:kernel:s0 tcontext=u:r:kernel:s0 tclass=capability permissive=0
12-01 09:14:36.388 1508 1508 I service_manager_stats: [102,65,5036]
12-01 09:14:36.598 1508 1754 I commit_sys_config_file: [settings-1-0,8]
12-01 09:14:37.197 1508 2005 I input_interaction: Interaction with: e9e80a1 com.android.launcher3/com.android.launcher3.uioverrides.QuickstepLauncher (server), 5ecd4a7 com.android.systemui.ImageWallpaper (server), edge-swipe (server), swipe-up (server), PointerEventDispatcher0 (server),
12-01 09:14:38.351 0 0 I auditd : type=1400 audit(0.0:20547): avc: denied { kill } for comm="swapper/3" capability=5 scontext=u:r:kernel:s0 tcontext=u:r:kernel:s0 tclass=capability permissive=0
12-01 09:14:40.351 0 0 I auditd : type=1400 audit(0.0:20548): avc: denied { kill } for comm="swapper/3" capability=5 scontext=u:r:kernel:s0 tcontext=u:r:kernel:s0 tclass=capability permissive=0
12-01 09:14:40.640 1508 5207 I wm_task_created: [353,-1]
12-01 09:14:40.650 1508 5207 I wm_task_moved: [353,1,6]
12-01 09:14:40.650 1508 5207 I wm_task_to_front: [0,353]
12-01 09:14:40.651 1508 5207 I wm_create_task: [0,353]
12-01 09:14:40.651 1508 5207 I wm_create_activity: [0,244529487,353,com.android.deskclock/.DeskClock,NULL,NULL,NULL,268468224]
12-01 09:14:40.651 1508 5207 I wm_task_moved: [353,1,6]
12-01 09:14:40.661 1508 5207 I wm_restart_activity: [0,244529487,353,com.android.deskclock/.DeskClock]
12-01 09:14:40.663 1508 5207 I wm_set_resumed_activity: [0,com.android.deskclock/.DeskClock,minimalResumeActivityLocked]
12-01 09:14:40.670 1508 1636 I am_uid_active: 10065
12-01 09:14:40.672 2822 2822 I wm_on_top_resumed_lost_called: [103113767,com.android.launcher3.uioverrides.QuickstepLauncher,topStateChangedWhenResumed]
12-01 09:14:40.717 1508 2971 I wm_task_moved: [353,1,6]
12-01 09:14:40.717 1508 2971 I wm_set_resumed_activity: [0,com.android.deskclock/.DeskClock,positionChildAt]
12-01 09:14:40.717 1508 2971 I wm_create_activity: [0,247771322,353,com.android.permissioncontroller/.permission.ui.GrantPermissionsActivity,android.content.pm.action.REQUEST_PERMISSIONS,NULL,NULL,8388608]
12-01 09:14:40.719 1508 2971 I wm_pause_activity: [0,244529487,com.android.deskclock/.DeskClock,userLeaving=true,resumeTopActivityInnerLocked]
12-01 09:14:40.741 30186 30186 I wm_on_create_called: [244529487,com.android.deskclock.DeskClock,performCreate]
12-01 09:14:40.742 30186 30186 I wm_on_start_called: [244529487,com.android.deskclock.DeskClock,handleStartActivity]
12-01 09:14:40.743 30186 30186 I wm_on_resume_called: [244529487,com.android.deskclock.DeskClock,RESUME_ACTIVITY]
12-01 09:14:40.746 30186 30186 I wm_on_top_resumed_gained_called: [244529487,com.android.deskclock.DeskClock,topStateChangedWhenResumed]
12-01 09:14:40.746 30186 30186 I wm_on_top_resumed_lost_called: [244529487,com.android.deskclock.DeskClock,topStateChangedWhenResumed]
12-01 09:14:40.746 30186 30186 I wm_on_paused_called: [244529487,com.android.deskclock.DeskClock,performPause]
12-01 09:14:40.748 1508 5207 I wm_restart_activity: [0,247771322,353,com.android.permissioncontroller/.permission.ui.GrantPermissionsActivity]
12-01 09:14:40.749 1508 5207 I wm_set_resumed_activity: [0,com.android.permissioncontroller/.permission.ui.GrantPermissionsActivity,minimalResumeActivityLocked]
12-01 09:14:40.749 1508 1636 I am_uid_active: 10094
12-01 09:14:40.754 1508 1636 I sysui_multi_action: [757,803,799,window_time_0,802,6]
12-01 09:14:40.774 29601 29601 I wm_on_create_called: [247771322,com.android.permissioncontroller.permission.ui.GrantPermissionsActivity,performCreate]
12-01 09:14:40.775 29601 29601 I wm_on_start_called: [247771322,com.android.permissioncontroller.permission.ui.GrantPermissionsActivity,handleStartActivity]
12-01 09:14:40.775 29601 29601 I wm_on_resume_called: [247771322,com.android.permissioncontroller.permission.ui.GrantPermissionsActivity,RESUME_ACTIVITY]
12-01 09:14:40.777 29601 29601 I wm_on_top_resumed_gained_called: [247771322,com.android.permissioncontroller.permission.ui.GrantPermissionsActivity,topStateChangedWhenResumed]
12-01 09:14:40.782 1508 2971 I wm_finish_activity: [0,247771322,353,com.android.permissioncontroller/.permission.ui.GrantPermissionsActivity,app-request]
12-01 09:14:40.783 1508 2971 I wm_pause_activity: [0,247771322,com.android.permissioncontroller/.permission.ui.GrantPermissionsActivity,userLeaving=false,finish]
12-01 09:14:40.794 29601 29601 I wm_on_top_resumed_lost_called: [247771322,com.android.permissioncontroller.permission.ui.GrantPermissionsActivity,topStateChangedWhenResumed]
12-01 09:14:40.796 29601 29601 I wm_on_paused_called: [247771322,com.android.permissioncontroller.permission.ui.GrantPermissionsActivity,performPause]
12-01 09:14:40.799 1508 2470 I wm_add_to_stopping: [0,247771322,com.android.permissioncontroller/.permission.ui.GrantPermissionsActivity,completeFinishing]
12-01 09:14:40.803 1508 2470 I wm_set_resumed_activity: [0,com.android.deskclock/.DeskClock,resumeTopActivityInnerLocked]
12-01 09:14:40.806 1508 2470 I wm_resume_activity: [0,244529487,353,com.android.deskclock/.DeskClock]
12-01 09:14:40.810 1508 1637 I input_focus: [Focus request e8c76c8 com.android.deskclock/com.android.deskclock.DeskClock,reason=UpdateInputWindows]
12-01 09:14:40.812 1508 1636 I sysui_multi_action: [757,803,799,window_time_2,802,0]
12-01 09:14:40.825 1508 2005 I input_focus: [Focus leaving e9e80a1 com.android.launcher3/com.android.launcher3.uioverrides.QuickstepLauncher (server),reason=Waiting for window because NOT_VISIBLE]
12-01 09:14:40.839 30186 30186 I wm_on_activity_result_called: [244529487,com.android.deskclock.DeskClock,ACTIVITY_RESULT]
12-01 09:14:40.839 30186 30186 I wm_on_resume_called: [244529487,com.android.deskclock.DeskClock,RESUME_ACTIVITY]
12-01 09:14:40.840 30186 30186 I wm_on_top_resumed_gained_called: [244529487,com.android.deskclock.DeskClock,topWhenResuming]
12-01 09:14:40.840 1508 2005 I input_focus: [Focus entering e8c76c8 com.android.deskclock/com.android.deskclock.DeskClock (server),reason=Window became focusable. Previous reason: NOT_VISIBLE]
12-01 09:14:41.112 1508 1636 I wm_destroy_activity: [0,247771322,353,com.android.permissioncontroller/.permission.ui.GrantPermissionsActivity,finish-imm:idle]
12-01 09:14:41.115 29601 29601 I wm_on_stop_called: [247771322,com.android.permissioncontroller.permission.ui.GrantPermissionsActivity,LIFECYCLER_STOP_ACTIVITY]
12-01 09:14:41.115 29601 29601 I wm_on_destroy_called: [247771322,com.android.permissioncontroller.permission.ui.GrantPermissionsActivity,performDestroy]
12-01 09:14:42.351 0 0 I auditd : type=1400 audit(0.0:20549): avc: denied { kill } for comm="swapper/3" capability=5 scontext=u:r:kernel:s0 tcontext=u:r:kernel:s0 tclass=capability permissive=0
12-01 09:14:43.351 0 0 I auditd : type=1400 audit(0.0:20550): avc: denied { kill } for comm="swapper/3" capability=5 scontext=u:r:kernel:s0 tcontext=u:r:kernel:s0 tclass=capability permissive=0
12-01 09:14:44.351 0 0 I auditd : type=1400 audit(0.0:20551): avc: denied { kill } for comm="swapper/3" capability=5 scontext=u:r:kernel:s0 tcontext=u:r:kernel:s0 tclass=capability permissive=0
12-01 09:14:44.817 1508 2005 I input_interaction: Interaction with: e8c76c8 com.android.deskclock/com.android.deskclock.DeskClock (server), edge-swipe (server), swipe-up (server), PointerEventDispatcher0 (server),
12-01 09:14:44.907 1508 2971 I wm_relaunch_resume_activity: [0,244529487,353,com.android.deskclock/.DeskClock]
12-01 09:14:44.907 1508 2971 I wm_add_to_stopping: [0,103113767,com.android.launcher3/.uioverrides.QuickstepLauncher,makeInvisible]
12-01 09:14:44.919 30186 30186 I wm_on_top_resumed_lost_called: [244529487,com.android.deskclock.DeskClock,pausing]
12-01 09:14:44.920 30186 30186 I wm_on_paused_called: [244529487,com.android.deskclock.DeskClock,performPause]
