12-01 09:22:14.524 1508 2301 I wm_finish_activity: [0,53905141,369,com.android.gallery3d/.app.GalleryActivity,app-request]
12-01 09:22:14.524 1508 2301 I wm_task_moved: [1,1,8]
12-01 09:22:14.525 1508 2301 I wm_set_resumed_activity: [0,com.android.launcher3/.uioverrides.QuickstepLauncher,positionChildAt]
12-01 09:22:14.525 1508 2301 I wm_task_moved: [10,1,2147483647]
12-01 09:22:14.525 1508 2301 I wm_task_to_front: [0,10]
12-01 09:22:14.525 1508 2301 I wm_focused_root_task: [0,0,1,-1,finish-top adjustFocusToNextFocusableTask]
12-01 09:22:14.525 1508 2301 I wm_set_resumed_activity: [0,com.android.launcher3/.uioverrides.QuickstepLauncher,finish-top]
12-01 09:22:14.525 1508 2301 I wm_destroy_activity: [0,53905141,369,com.android.gallery3d/.app.GalleryActivity,finish-imm:finishIfPossible]
12-01 09:22:14.525 1508 2301 I wm_task_removed: [369,removeChild:removeChild last r=ActivityRecord{33686f5 u0 com.android.gallery3d/.app.GalleryActivity t-1 f}} in t=Task{beacc2c #369 type=standard A=10064:com.android.gallery3d U=0 visible=false mode=freeform translucent=true sz=0}]
12-01 09:22:14.525 1508 2301 I wm_task_removed: [369,removeChild]
12-01 09:22:14.532 1508 2301 I wm_task_moved: [370,1,7]
12-01 09:22:14.532 1508 2301 I wm_task_to_front: [0,370]
12-01 09:22:14.532 1508 2301 I wm_focused_root_task: [0,0,370,1,reuseOrNewTask]
12-01 09:22:14.532 1508 2301 I wm_create_task: [0,370]
12-01 09:22:14.532 1508 2301 I wm_create_activity: [0,70808772,370,com.android.permissioncontroller/.permission.ui.GrantPermissionsActivity,android.content.pm.action.REQUEST_PERMISSIONS,NULL,NULL,276824064]
12-01 09:22:14.532 1508 2301 I wm_task_moved: [370,1,7]
12-01 09:22:14.556 30186 30186 I wm_on_create_called: [263004217,com.android.deskclock.DeskClock,performCreate]
12-01 09:22:14.558 30186 30186 I wm_on_start_called: [263004217,com.android.deskclock.DeskClock,handleStartActivity]
12-01 09:22:14.558 30186 30186 I wm_on_resume_called: [263004217,com.android.deskclock.DeskClock,RESUME_ACTIVITY]
12-01 09:22:14.562 30186 30186 I wm_on_top_resumed_gained_called: [263004217,com.android.deskclock.DeskClock,topStateChangedWhenResumed]
12-01 09:22:14.562 30186 30186 I wm_on_top_resumed_lost_called: [263004217,com.android.deskclock.DeskClock,topStateChangedWhenResumed]
12-01 09:22:14.563 30186 30186 I wm_on_paused_called: [263004217,com.android.deskclock.DeskClock,performPause]
12-01 09:22:14.563 1508 9618 I wm_add_to_stopping: [0,263004217,com.android.deskclock/.DeskClock,completeFinishing]
12-01 09:22:14.565 1508 9618 I wm_restart_activity: [0,70808772,370,com.android.permissioncontroller/.permission.ui.GrantPermissionsActivity]
12-01 09:22:14.565 1508 9618 I wm_set_resumed_activity: [0,com.android.permissioncontroller/.permission.ui.GrantPermissionsActivity,minimalResumeActivityLocked]
12-01 09:22:14.568 1508 1636 I wm_destroy_activity: [0,263004217,368,com.android.deskclock/.DeskClock,finish-imm:idle]
12-01 09:22:14.574 1508 1636 I sysui_multi_action: [757,803,799,window_time_0,802,2]
12-01 09:22:14.575 1508 8164 I wm_finish_activity: [0,70808772,370,com.android.permissioncontroller/.permission.ui.GrantPermissionsActivity,app-request]
12-01 09:22:14.575 1508 8164 I wm_task_moved: [1,1,7]
12-01 09:22:14.575 1508 8164 I wm_set_resumed_activity: [0,com.android.launcher3/.uioverrides.QuickstepLauncher,positionChildAt]
12-01 09:22:14.575 1508 8164 I wm_task_moved: [10,1,2147483647]
12-01 09:22:14.575 1508 8164 I wm_task_to_front: [0,10]
12-01 09:22:14.575 1508 8164 I wm_focused_root_task: [0,0,1,-1,finish-top adjustFocusToNextFocusableTask]
12-01 09:22:14.575 1508 8164 I wm_set_resumed_activity: [0,com.android.launcher3/.uioverrides.QuickstepLauncher,finish-top]
12-01 09:22:14.576 1508 8164 I wm_pause_activity: [0,70808772,com.android.permissioncontroller/.permission.ui.GrantPermissionsActivity,userLeaving=false,finish]
12-01 09:22:14.579 29601 29601 I wm_on_create_called: [70808772,com.android.permissioncontroller.permission.ui.GrantPermissionsActivity,performCreate]
12-01 09:22:14.579 1508 1637 I input_focus: [Focus request e9e80a1 com.android.launcher3/com.android.launcher3.uioverrides.QuickstepLauncher,reason=UpdateInputWindows]
12-01 09:22:14.586 1508 1636 I sysui_multi_action: [757,1144,758,8,806,com.android.permissioncontroller,871,com.android.permissioncontroller.permission.ui.GrantPermissionsActivity]
12-01 09:22:14.589 1508 8164 I wm_destroy_activity: [0,70808772,370,com.android.permissioncontroller/.permission.ui.GrantPermissionsActivity,finish-imm:completePausedLocked]
12-01 09:22:14.596 29601 29601 I wm_on_destroy_called: [70808772,com.android.permissioncontroller.permission.ui.GrantPermissionsActivity,performDestroy]
12-01 09:22:14.596 1508 1636 I sysui_multi_action: [757,803,799,window_time_2,802,0]
12-01 09:22:14.598 1508 8164 I wm_task_removed: [370,removeChild:removeChild last r=ActivityRecord{43874c4 u0 com.android.permissioncontroller/.permission.ui.GrantPermissionsActivity t-1 f}} in t=Task{391a3d7 #370 type=standard A=10065:com.android.deskclock U=0 visible=false mode=freeform translucent=true sz=0}]
12-01 09:22:14.598 1508 8164 I wm_task_removed: [370,removeChild]
12-01 09:22:14.612 2822 2822 I wm_on_top_resumed_gained_called: [103113767,com.android.launcher3.uioverrides.QuickstepLauncher,topStateChangedWhenResumed]
12-01 09:22:14.765 30186 30186 I wm_on_stop_called: [263004217,com.android.deskclock.DeskClock,LIFECYCLER_STOP_ACTIVITY]
12-01 09:22:14.770 30186 30186 I wm_on_destroy_called: [263004217,com.android.deskclock.DeskClock,performDestroy]
12-01 09:22:14.779 1508 9618 I wm_task_removed: [368,removeChild:removeChild last r=ActivityRecord{fad2039 u0 com.android.deskclock/.DeskClock t-1 f}} in t=Task{f8ab000 #368 type=standard A=10065:com.android.deskclock U=0 visible=false mode=freeform translucent=true sz=0}]
12-01 09:22:14.779 1508 9618 I wm_task_removed: [368,removeChild]
12-01 09:22:15.351 0 0 I auditd : type=1400 audit(0.0:20946): avc: denied { kill } for comm="swapper/1" capability=5 scontext=u:r:kernel:s0 tcontext=u:r:kernel:s0 tclass=capability permissive=0
12-01 09:22:15.474 1508 1648 I am_uid_idle: 10061
12-01 09:22:15.651 2822 2822 I view_enqueue_input_event: [Motion - Cancel,com.android.launcher3/com.android.launcher3.uioverrides.QuickstepLauncher]
12-01 09:22:15.653 1508 2005 I input_interaction: Interaction with: edge-swipe (server), swipe-up (server), PointerEventDispatcher0 (server),
12-01 09:22:15.842 1508 1754 I commit_sys_config_file: [settings-1-0,11]
12-01 09:22:16.099 1508 1754 I commit_sys_config_file: [settings-1-0,5]
12-01 09:22:16.460 1508 2005 I input_interaction: Interaction with: e9e80a1 com.android.launcher3/com.android.launcher3.uioverrides.QuickstepLauncher (server), 5ecd4a7 com.android.systemui.ImageWallpaper (server), edge-swipe (server), swipe-up (server), PointerEventDispatcher0 (server),
12-01 09:22:16.558 1508 9856 I wm_task_created: [371,-1]
12-01 09:22:16.563 1508 9856 I wm_task_moved: [371,1,6]
12-01 09:22:16.563 1508 9856 I wm_task_to_front: [0,371]
12-01 09:22:16.564 1508 9856 I wm_create_task: [0,371]
12-01 09:22:16.564 1508 9856 I wm_create_activity: [0,115543962,371,com.android.deskclock/.DeskClock,NULL,NULL,NULL,268468224]
12-01 09:22:16.564 1508 9856 I wm_task_moved: [371,1,6]
12-01 09:22:16.567 1508 9856 I wm_restart_activity: [0,115543962,371,com.android.deskclock/.DeskClock]
12-01 09:22:16.568 1508 9856 I wm_set_resumed_activity: [0,com.android.deskclock/.DeskClock,minimalResumeActivityLocked]
12-01 09:22:16.577 2822 2822 I wm_on_top_resumed_lost_called: [103113767,com.android.launcher3.uioverrides.QuickstepLauncher,topStateChangedWhenResumed]
12-01 09:22:16.602 1508 9856 I wm_task_moved: [371,1,6]
12-01 09:22:16.602 1508 9856 I wm_set_resumed_activity: [0,com.android.deskclock/.DeskClock,positionChildAt]
12-01 09:22:16.602 1508 9856 I wm_create_activity: [0,53823425,371,com.android.permissioncontroller/.permission.ui.GrantPermissionsActivity,android.content.pm.action.REQUEST_PERMISSIONS,NULL,NULL,8388608]
12-01 09:22:16.603 1508 9856 I wm_pause_activity: [0,115543962,com.android.deskclock/.DeskClock,userLeaving=true,resumeTopActivityInnerLocked]
12-01 09:22:16.615 30186 30186 I wm_on_create_called: [115543962,com.android.deskclock.DeskClock,performCreate]
12-01 09:22:16.616 30186 30186 I wm_on_start_called: [115543962,com.android.deskclock.DeskClock,handleStartActivity]
12-01 09:22:16.617 30186 30186 I wm_on_resume_called: [115543962,com.android.deskclock.DeskClock,RESUME_ACTIVITY]
12-01 09:22:16.619 30186 30186 I wm_on_top_resumed_gained_called: [115543962,com.android.deskclock.DeskClock,topStateChangedWhenResumed]
12-01 09:22:16.619 30186 30186 I wm_on_top_resumed_lost_called: [115543962,com.android.deskclock.DeskClock,topStateChangedWhenResumed]
12-01 09:22:16.620 30186 30186 I wm_on_paused_called: [115543962,com.android.deskclock.DeskClock,performPause]
12-01 09:22:16.622 1508 8164 I wm_restart_activity: [0,53823425,371,com.android.permissioncontroller/.permission.ui.GrantPermissionsActivity]
12-01 09:22:16.622 1508 8164 I wm_set_resumed_activity: [0,com.android.permissioncontroller/.permission.ui.GrantPermissionsActivity,minimalResumeActivityLocked]
12-01 09:22:16.629 1508 1636 I sysui_multi_action: [757,803,799,window_time_0,802,2]
12-01 09:22:16.643 29601 29601 I wm_on_create_called: [53823425,com.android.permissioncontroller.permission.ui.GrantPermissionsActivity,performCreate]
12-01 09:22:16.646 29601 29601 I wm_on_start_called: [53823425,com.android.permissioncontroller.permission.ui.GrantPermissionsActivity,handleStartActivity]
12-01 09:22:16.646 29601 29601 I wm_on_resume_called: [53823425,com.android.permissioncontroller.permission.ui.GrantPermissionsActivity,RESUME_ACTIVITY]
12-01 09:22:16.648 29601 29601 I wm_on_top_resumed_gained_called: [53823425,com.android.permissioncontroller.permission.ui.GrantPermissionsActivity,topStateChangedWhenResumed]
12-01 09:22:16.655 1508 1637 I input_focus: [Focus request 9bda13e com.android.permissioncontroller/com.android.permissioncontroller.permission.ui.GrantPermissionsActivity,reason=UpdateInputWindows]
12-01 09:22:16.661 1508 9618 I wm_finish_activity: [0,53823425,371,com.android.permissioncontroller/.permission.ui.GrantPermissionsActivity,app-request]
12-01 09:22:16.662 1508 9618 I wm_pause_activity: [0,53823425,com.android.permissioncontroller/.permission.ui.GrantPermissionsActivity,userLeaving=false,finish]
12-01 09:22:16.667 29601 29601 I wm_on_top_resumed_lost_called: [53823425,com.android.permissioncontroller.permission.ui.GrantPermissionsActivity,topStateChangedWhenResumed]
12-01 09:22:16.667 29601 29601 I wm_on_paused_called: [53823425,com.android.permissioncontroller.permission.ui.GrantPermissionsActivity,performPause]
12-01 09:22:16.668 1508 9618 I wm_add_to_stopping: [0,53823425,com.android.permissioncontroller/.permission.ui.GrantPermissionsActivity,completeFinishing]
12-01 09:22:16.669 1508 2005 I input_focus: [Focus leaving e9e80a1 com.android.launcher3/com.android.launcher3.uioverrides.QuickstepLauncher (server),reason=Waiting for window because NOT_VISIBLE]
12-01 09:22:16.670 1508 9618 I wm_set_resumed_activity: [0,com.android.deskclock/.DeskClock,resumeTopActivityInnerLocked]
12-01 09:22:16.671 1508 9618 I wm_resume_activity: [0,115543962,371,com.android.deskclock/.DeskClock]
12-01 09:22:16.673 1508 1636 I sysui_multi_action: [757,803,799,window_time_2,802,0]
12-01 09:22:16.682 1508 1637 I input_focus: [Focus request c029ea7 com.android.deskclock/com.android.deskclock.DeskClock,reason=UpdateInputWindows]
12-01 09:22:16.710 30186 30186 I wm_on_activity_result_called: [115543962,com.android.deskclock.DeskClock,ACTIVITY_RESULT]
12-01 09:22:16.710 30186 30186 I wm_on_resume_called: [115543962,com.android.deskclock.DeskClock,RESUME_ACTIVITY]
12-01 09:22:16.711 30186 30186 I wm_on_top_resumed_gained_called: [115543962,com.android.deskclock.DeskClock,topWhenResuming]
12-01 09:22:16.719 1508 2005 I input_focus: [Focus entering c029ea7 com.android.deskclock/com.android.deskclock.DeskClock (server),reason=Window became focusable. Previous reason: NOT_VISIBLE]
12-01 09:22:16.992 1508 1636 I wm_destroy_activity: [0,53823425,371,com.android.permissioncontroller/.permission.ui.GrantPermissionsActivity,finish-imm:idle]
12-01 09:22:16.995 29601 29601 I wm_on_stop_called: [53823425,com.android.permissioncontroller.permission.ui.GrantPermissionsActivity,LIFECYCLER_STOP_ACTIVITY]
12-01 09:22:16.995 29601 29601 I wm_on_destroy_called: [53823425,com.android.permissioncontroller.permission.ui.GrantPermissionsActivity,performDestroy]
12-01 09:22:17.351 0 0 I auditd : type=1400 audit(0.0:20947): avc: denied { kill } for comm="swapper/3" capability=5 scontext=u:r:kernel:s0 tcontext=u:r:kernel:s0 tclass=capability permissive=0
12-01 09:22:17.417 2822 2822 I view_enqueue_input_event: [Motion - Cancel,com.android.launcher3/com.android.launcher3.uioverrides.QuickstepLauncher]
12-01 09:22:17.422 1508 2005 I input_interaction: Interaction with: edge-swipe (server), swipe-up (server), PointerEventDispatcher0 (server),
12-01 09:22:18.365 1508 2005 I input_interaction: Interaction with: c029ea7 com.android.deskclock/com.android.deskclock.DeskClock (server), edge-swipe (server), swipe-up (server), PointerEventDispatcher0 (server),
12-01 09:22:18.460 1508 10935 I wm_relaunch_resume_activity: [0,115543962,371,com.android.deskclock/.DeskClock]
12-01 09:22:18.461 1508 10935 I wm_add_to_stopping: [0,103113767,com.android.launcher3/.uioverrides.QuickstepLauncher,makeInvisible]
12-01 09:22:18.468 30186 30186 I wm_on_top_resumed_lost_called: [115543962,com.android.deskclock.DeskClock,pausing]
12-01 09:22:18.471 30186 30186 I wm_on_paused_called: [115543962,com.android.deskclock.DeskClock,performPause]
12-01 09:22:18.472 30186 30186 I wm_on_stop_called: [115543962,com.android.deskclock.DeskClock,handleRelaunchActivity]
12-01 09:22:18.478 30186 30186 I wm_on_destroy_called: [115543962,com.android.deskclock.DeskClock,performDestroy]
12-01 09:22:18.500 1508 10935 I wm_task_moved: [371,1,6]
12-01 09:22:18.500 1508 10935 I wm_set_resumed_activity: [0,com.android.deskclock/.DeskClock,positionChildAt]
12-01 09:22:18.500 1508 10935 I wm_create_activity: [0,225876597,371,com.android.permissioncontroller/.permission.ui.GrantPermissionsActivity,android.content.pm.action.REQUEST_PERMISSIONS,NULL,NULL,8388608]
12-01 09:22:18.501 1508 10935 I wm_pause_activity: [0,103113767,com.android.launcher3/.uioverrides.QuickstepLauncher,userLeaving=true,pauseBackTasks]
12-01 09:22:18.502 2822 2822 I wm_on_paused_called: [103113767,com.android.launcher3.uioverrides.QuickstepLauncher,performPause]
12-01 09:22:18.502 1508 10935 I wm_pause_activity: [0,115543962,com.android.deskclock/.DeskClock,userLeaving=true,resumeTopActivityInnerLocked]
12-01 09:22:18.510 1508 1636 I sysui_multi_action: [757,803,799,window_time_2,802,2]
12-01 09:22:18.521 30186 30186 I wm_on_create_called: [115543962,com.android.deskclock.DeskClock,performCreate]
12-01 09:22:18.543 30186 30186 I wm_on_start_called: [115543962,com.android.deskclock.DeskClock,handleStartActivity]
12-01 09:22:18.544 30186 30186 I wm_on_resume_called: [115543962,com.android.deskclock.DeskClock,RESUME_ACTIVITY]
12-01 09:22:18.545 30186 30186 I wm_on_top_resumed_gained_called: [115543962,com.android.deskclock.DeskClock,topWhenResuming]
12-01 09:22:18.581 30186 30186 I wm_on_top_resumed_lost_called: [115543962,com.android.deskclock.DeskClock,topStateChangedWhenResumed]
12-01 09:22:18.581 30186 30186 I wm_on_paused_called: [115543962,com.android.deskclock.DeskClock,performPause]
12-01 09:22:18.587 1508 10935 I wm_restart_activity: [0,225876597,371,com.android.permissioncontroller/.permission.ui.GrantPermissionsActivity]
12-01 09:22:18.588 1508 10935 I wm_set_resumed_activity: [0,com.android.permissioncontroller/.permission.ui.GrantPermissionsActivity,minimalResumeActivityLocked]
12-01 09:22:18.592 1508 1636 I sysui_multi_action: [757,803,799,window_time_0,802,0]
12-01 09:22:18.612 29601 29601 I wm_on_create_called: [225876597,com.android.permissioncontroller.permission.ui.GrantPermissionsActivity,performCreate]
12-01 09:22:18.613 29601 29601 I wm_on_start_called: [225876597,com.android.permissioncontroller.permission.ui.GrantPermissionsActivity,handleStartActivity]
12-01 09:22:18.613 29601 29601 I wm_on_resume_called: [225876597,com.android.permissioncontroller.permission.ui.GrantPermissionsActivity,RESUME_ACTIVITY]
12-01 09:22:18.616 29601 29601 I wm_on_top_resumed_gained_called: [225876597,com.android.permissioncontroller.permission.ui.GrantPermissionsActivity,topStateChangedWhenResumed]
12-01 09:22:18.620 1508 10935 I wm_finish_activity: [0,225876597,371,com.android.permissioncontroller/.permission.ui.GrantPermissionsActivity,app-request]
12-01 09:22:18.637 1508 10935 I wm_pause_activity: [0,225876597,com.android.permissioncontroller/.permission.ui.GrantPermissionsActivity,userLeaving=false,finish]
12-01 09:22:18.645 1508 1636 I sysui_multi_action: [757,1144,758,8,806,com.android.permissioncontroller,871,com.android.permissioncontroller.permission.ui.GrantPermissionsActivity]
12-01 09:22:18.650 29601 29601 I wm_on_top_resumed_lost_called: [225876597,com.android.permissioncontroller.permission.ui.GrantPermissionsActivity,topStateChangedWhenResumed]
12-01 09:22:18.651 29601 29601 I wm_on_paused_called: [225876597,com.android.permissioncontroller.permission.ui.GrantPermissionsActivity,performPause]
12-01 09:22:18.652 1508 10935 I wm_set_resumed_activity: [0,com.android.deskclock/.DeskClock,resumeTopActivityInnerLocked]
12-01 09:22:18.653 1508 10935 I wm_resume_activity: [0,115543962,371,com.android.deskclock/.DeskClock]
12-01 09:22:18.656 30186 30186 I wm_on_activity_result_called: [115543962,com.android.deskclock.DeskClock,ACTIVITY_RESULT]
12-01 09:22:18.656 30186 30186 I wm_on_resume_called: [115543962,com.android.deskclock.DeskClock,RESUME_ACTIVITY]
12-01 09:22:18.658 1508 1637 I input_focus: [Focus request c029ea7 com.android.deskclock/com.android.deskclock.DeskClock,reason=UpdateInputWindows]
12-01 09:22:18.659 30186 30186 I wm_on_top_resumed_gained_called: [115543962,com.android.deskclock.DeskClock,topWhenResuming]
12-01 09:22:18.660 1508 1636 I sysui_multi_action: [757,803,799,window_time_0,802,0]
12-01 09:22:18.672 1508 9285 I wm_destroy_activity: [0,225876597,371,com.android.permissioncontroller/.permission.ui.GrantPermissionsActivity,finish-idle]
12-01 09:22:18.674 29601 29601 I wm_on_stop_called: [225876597,com.android.permissioncontroller.permission.ui.GrantPermissionsActivity,LIFECYCLER_STOP_ACTIVITY]
12-01 09:22:18.674 29601 29601 I wm_on_destroy_called: [225876597,com.android.permissioncontroller.permission.ui.GrantPermissionsActivity,performDestroy]
12-01 09:22:19.012 1508 1636 I wm_stop_activity: [0,103113767,com.android.launcher3/.uioverrides.QuickstepLauncher]
12-01 09:22:19.045 2822 2822 I wm_on_stop_called: [103113767,com.android.launcher3.uioverrides.QuickstepLauncher,STOP_ACTIVITY_ITEM]
12-01 09:22:19.274 30186 30186 I view_enqueue_input_event: [Motion - Cancel,com.android.deskclock/com.android.deskclock.DeskClock]
12-01 09:22:19.275 1508 9285 I wm_task_moved: [1,0,0]
12-01 09:22:19.276 1508 9285 I wm_task_moved: [1,0,5]
12-01 09:22:19.281 1508 2005 I input_interaction: Interaction with: edge-swipe (server), swipe-up (server), PointerEventDispatcher0 (server),
12-01 09:22:19.288 2822 2822 I wm_on_restart_called: [103113767,com.android.launcher3.uioverrides.QuickstepLauncher,performRestartActivity]
12-01 09:22:19.319 2822 2822 I wm_on_start_called: [103113767,com.android.launcher3.uioverrides.QuickstepLauncher,handleStartActivity]
12-01 09:22:19.321 1508 1637 I input_focus: [Focus request recents_animation_input_consumer,reason=UpdateInputWindows]
12-01 09:22:19.329 2822 2822 I sysui_latency: [1,69]
12-01 09:22:19.340 1508 1633 I sysui_multi_action: [319,12,322,59,325,19757,757,761,758,9,759,5,806,com.android.launcher3,871,com.android.launcher3.uioverrides.QuickstepLauncher,905,0,1320,8,1321,5]
12-01 09:22:19.343 1508 2005 I input_focus: [Focus leaving c029ea7 com.android.deskclock/com.android.deskclock.DeskClock (server),reason=NOT_FOCUSABLE]
12-01 09:22:19.344 1508 2005 I input_focus: [Focus entering recents_animation_input_consumer (server),reason=setFocusedWindow]
12-01 09:22:19.529 1508 1754 I commit_sys_config_file: [settings-1-0,10]
12-01 09:22:19.637 1508 1647 I sysui_latency: [8,71]
12-01 09:22:19.987 1508 9285 I wm_task_moved: [1,1,6]
12-01 09:22:19.988 1508 9285 I wm_focused_root_task: [0,0,1,371,RecentsAnimation.onAnimationFinished()]
12-01 09:22:19.988 30186 30186 I wm_on_top_resumed_lost_called: [115543962,com.android.deskclock.DeskClock,topStateChangedWhenResumed]
12-01 09:22:19.990 1508 9285 I wm_pause_activity: [0,115543962,com.android.deskclock/.DeskClock,userLeaving=false,pauseBackTasks]
12-01 09:22:19.991 1508 9285 I wm_set_resumed_activity: [0,com.android.launcher3/.uioverrides.QuickstepLauncher,resumeTopActivityInnerLocked]
12-01 09:22:19.994 1508 9285 I wm_resume_activity: [0,103113767,10,com.android.launcher3/.uioverrides.QuickstepLauncher]
12-01 09:22:19.995 2822 2822 I wm_on_resume_called: [103113767,com.android.launcher3.uioverrides.QuickstepLauncher,RESUME_ACTIVITY]
12-01 09:22:19.995 1508 9285 I wm_add_to_stopping: [0,115543962,com.android.deskclock/.DeskClock,makeInvisible]
12-01 09:22:20.004 1508 1637 I input_focus: [Focus request e9e80a1 com.android.launcher3/com.android.launcher3.uioverrides.QuickstepLauncher,reason=UpdateInputWindows]
12-01 09:22:20.005 1508 1636 I sysui_multi_action: [757,803,799,window_time_0,802,1]
12-01 09:22:20.006 30186 30186 I wm_on_paused_called: [115543962,com.android.deskclock.DeskClock,performPause]
12-01 09:22:20.009 1508 10935 I wm_stop_activity: [0,115543962,com.android.deskclock/.DeskClock]
12-01 09:22:20.010 1508 1636 I sysui_multi_action: [757,803,799,window_time_0,802,0]
12-01 09:22:20.010 1508 2005 I input_focus: [Focus leaving recents_animation_input_consumer (server),reason=NOT_VISIBLE]
12-01 09:22:20.012 1508 2005 I input_focus: [Focus entering e9e80a1 com.android.launcher3/com.android.launcher3.uioverrides.QuickstepLauncher (server),reason=setFocusedWindow]
12-01 09:22:20.017 30186 30186 I wm_on_stop_called: [115543962,com.android.deskclock.DeskClock,STOP_ACTIVITY_ITEM]
12-01 09:22:20.021 2822 2822 I wm_on_top_resumed_gained_called: [103113767,com.android.launcher3.uioverrides.QuickstepLauncher,topStateChangedWhenResumed]
12-01 09:22:20.224 1508 1754 I commit_sys_config_file: [settings-1-0,5]
12-01 09:22:20.351 0 0 I auditd : type=1400 audit(0.0:20948): avc: denied { kill } for comm="swapper/3" capability=5 scontext=u:r:kernel:s0 tcontext=u:r:kernel:s0 tclass=capability permissive=0
12-01 09:22:20.812 1508 2005 I input_interaction: Interaction with: e9e80a1 com.android.launcher3/com.android.launcher3.uioverrides.QuickstepLauncher (server), 5ecd4a7 com.android.systemui.ImageWallpaper (server), edge-swipe (server), swipe-up (server), PointerEventDispatcher0 (server),
12-01 09:22:21.312 1508 9285 I wm_finish_activity: [0,115543962,371,com.android.deskclock/.DeskClock,recent-task-trimmed]
12-01 09:22:21.314 1508 9285 I wm_destroy_activity: [0,115543962,371,com.android.deskclock/.DeskClock,finish-imm:finishIfPossible]
12-01 09:22:21.322 1508 1636 I am_kill : [0,30186,com.android.deskclock,905,remove task]
12-01 09:22:21.327 1508 1636 I sysui_multi_action: [757,803,799,window_time_0,802,1]
12-01 09:22:21.351 0 0 I auditd : type=1400 audit(0.0:20949): avc: denied { kill } for comm="swapper/3" capability=5 scontext=u:r:kernel:s0 tcontext=u:r:kernel:s0 tclass=capability permissive=0
12-01 09:22:21.381 1508 9618 I am_proc_died: [0,30186,com.android.deskclock,905,19]
12-01 09:22:21.387 1508 9618 I am_uid_stopped: 10065
12-01 09:22:21.389 1508 9618 I wm_task_removed: [371,removeChild:removeChild last r=ActivityRecord{6e30f9a u0 com.android.deskclock/.DeskClock t-1 f}} in t=Task{87848af #371 type=standard A=10065:com.android.deskclock U=0 visible=false mode=fullscreen translucent=true sz=0}]
12-01 09:22:21.389 1508 9618 I wm_task_removed: [371,removeChild]
12-01 09:22:21.395 1508 1636 I am_uid_running: 10065
12-01 09:22:21.411 1508 1649 I am_proc_start: [0,31539,10065,com.android.deskclock,NULL,]
12-01 09:22:21.450 1508 6436 I am_proc_bound: [0,31539,com.android.deskclock]
12-01 09:22:22.351 0 0 I auditd : type=1400 audit(0.0:20950): avc: denied { kill } for comm="swapper/3" capability=5 scontext=u:r:kernel:s0 tcontext=u:r:kernel:s0 tclass=capability permissive=0
12-01 09:22:23.351 0 0 I auditd : type=1400 audit(0.0:20951): avc: denied { kill } for comm="swapper/3" capability=5 scontext=u:r:kernel:s0 tcontext=u:r:kernel:s0 tclass=capability permissive=0
12-01 09:22:23.504 1508 1648 I am_uid_idle: 10066
12-01 09:22:23.505 1508 1648 I am_uid_idle: 10021
12-01 09:22:24.351 0 0 I auditd : type=1400 audit(0.0:20952): avc: denied { kill } for comm="swapper/3" capability=5 scontext=u:r:kernel:s0 tcontext=u:r:kernel:s0 tclass=capability permissive=0
12-01 09:22:24.726 1508 2005 I input_interaction: Interaction with: edge-swipe (server), swipe-up (server), PointerEventDispatcher0 (server),
12-01 09:22:24.728 2822 2822 I view_enqueue_input_event: [Motion - Cancel,com.android.launcher3/com.android.launcher3.uioverrides.QuickstepLauncher]
12-01 09:22:24.909 1508 1754 I commit_sys_config_file: [settings-1-0,13]
12-01 09:22:25.182 1508 1754 I commit_sys_config_file: [settings-1-0,7]
12-01 09:22:25.351 0 0 I auditd : type=1400 audit(0.0:20953): avc: denied { kill } for comm="swapper/3" capability=5 scontext=u:r:kernel:s0 tcontext=u:r:kernel:s0 tclass=capability permissive=0
12-01 09:22:25.789 1508 2005 I input_interaction: Interaction with: e9e80a1 com.android.launcher3/com.android.launcher3.uioverrides.QuickstepLauncher (server), 5ecd4a7 com.android.systemui.ImageWallpaper (server), edge-swipe (server), swipe-up (server), PointerEventDispatcher0 (server),
12-01 09:22:25.866 1508 6436 I wm_task_created: [372,-1]
12-01 09:22:25.871 1508 6436 I wm_task_moved: [372,1,6]
12-01 09:22:25.871 1508 6436 I wm_task_to_front: [0,372]
12-01 09:22:25.871 1508 6436 I wm_create_task: [0,372]
12-01 09:22:25.871 1508 6436 I wm_create_activity: [0,17999533,372,com.android.gallery3d/.app.GalleryActivity,NULL,NULL,NULL,268468224]
12-01 09:22:25.871 1508 6436 I wm_task_moved: [372,1,6]
12-01 09:22:25.874 1508 6436 I wm_restart_activity: [0,17999533,372,com.android.gallery3d/.app.GalleryActivity]
12-01 09:22:25.875 1508 6436 I wm_set_resumed_activity: [0,com.android.gallery3d/.app.GalleryActivity,minimalResumeActivityLocked]
12-01 09:22:25.884 2822 2822 I wm_on_top_resumed_lost_called: [103113767,com.android.launcher3.uioverrides.QuickstepLauncher,topStateChangedWhenResumed]
12-01 09:22:25.928 30865 30865 I wm_on_create_called: [17999533,com.android.gallery3d.app.GalleryActivity,performCreate]
12-01 09:22:25.929 30865 30865 I wm_on_start_called: [17999533,com.android.gallery3d.app.GalleryActivity,handleStartActivity]
12-01 09:22:25.932 30865 30865 I wm_on_resume_called: [17999533,com.android.gallery3d.app.GalleryActivity,RESUME_ACTIVITY]
12-01 09:22:25.934 30865 30865 I wm_on_top_resumed_gained_called: [17999533,com.android.gallery3d.app.GalleryActivity,topStateChangedWhenResumed]
12-01 09:22:25.945 1508 1637 I input_focus: [Focus request 79405cf com.android.gallery3d/com.android.gallery3d.app.GalleryActivity,reason=UpdateInputWindows]
12-01 09:22:25.974 1508 2005 I input_focus: [Focus leaving e9e80a1 com.android.launcher3/com.android.launcher3.uioverrides.QuickstepLauncher (server),reason=Waiting for window because NOT_VISIBLE]
12-01 09:22:26.019 1508 1633 I sysui_multi_action: [319,150,322,149,325,19764,757,761,758,8,759,2,806,com.android.gallery3d,871,com.android.gallery3d.app.GalleryActivity,904,com.android.launcher3,905,0,1320,8,1321,5]
12-01 09:22:26.020 1508 1633 I wm_activity_launch_time: [0,17999533,com.android.gallery3d/.app.GalleryActivity,149]
12-01 09:22:26.025 1508 2005 I input_focus: [Focus entering 79405cf com.android.gallery3d/com.android.gallery3d.app.GalleryActivity (server),reason=Window became focusable. Previous reason: NOT_VISIBLE]
12-01 09:22:26.091 1508 2305 I netstats_mobile_sample: [0,0,0,0,0,0,0,0,0,0,0,0,1669857746090]
12-01 09:22:26.091 1508 2305 I netstats_wifi_sample: [328301015,725015,200049518,467607,328301015,725015,200049518,467607,432332734,1489070,100830119,243468,1669857746090]
12-01 09:22:26.351 0 0 I auditd : type=1400 audit(0.0:20954): avc: denied { kill } for comm="swapper/3" capability=5 scontext=u:r:kernel:s0 tcontext=u:r:kernel:s0 tclass=capability permissive=0
12-01 09:22:27.351 0 0 I auditd : type=1400 audit(0.0:20955): avc: denied { kill } for comm="swapper/3" capability=5 scontext=u:r:kernel:s0 tcontext=u:r:kernel:s0 tclass=capability permissive=0
12-01 09:22:27.487 1508 2005 I input_interaction: Interaction with: 79405cf com.android.gallery3d/com.android.gallery3d.app.GalleryActivity (server), edge-swipe (server), swipe-up (server), PointerEventDispatcher0 (server),
12-01 09:22:27.585 1508 1739 I wm_relaunch_resume_activity: [0,17999533,372,com.android.gallery3d/.app.GalleryActivity]
12-01 09:22:27.586 1508 1739 I wm_add_to_stopping: [0,103113767,com.android.launcher3/.uioverrides.QuickstepLauncher,makeInvisible]
12-01 09:22:27.590 30865 30865 I wm_on_top_resumed_lost_called: [17999533,com.android.gallery3d.app.GalleryActivity,pausing]
12-01 09:22:27.605 30865 30865 I wm_on_paused_called: [17999533,com.android.gallery3d.app.GalleryActivity,performPause]
12-01 09:22:27.605 30865 30865 I wm_on_stop_called: [17999533,com.android.gallery3d.app.GalleryActivity,handleRelaunchActivity]
12-01 09:22:27.614 30865 30865 I wm_on_destroy_called: [17999533,com.android.gallery3d.app.GalleryActivity,performDestroy]
12-01 09:22:27.630 1508 1647 I am_pss : [31016,10086,com.android.music,39014400,34123776,0,159285248,0,19,10]
12-01 09:22:27.644 30865 30865 I wm_on_create_called: [17999533,com.android.gallery3d.app.GalleryActivity,performCreate]
12-01 09:22:27.645 30865 30865 I wm_on_start_called: [17999533,com.android.gallery3d.app.GalleryActivity,handleStartActivity]
12-01 09:22:27.651 30865 30865 I wm_on_resume_called: [17999533,com.android.gallery3d.app.GalleryActivity,RESUME_ACTIVITY]
12-01 09:22:27.651 30865 30865 I wm_on_top_resumed_gained_called: [17999533,com.android.gallery3d.app.GalleryActivity,topWhenResuming]
12-01 09:22:27.661 18856 18856 I sysui_multi_action: [757,111,758,2]
12-01 09:22:27.663 1508 1508 I notification_enqueue: [10082,18856,com.android.systemui,2048,NULL,0,Notification(channel=updateNotification shortcut=null contentView=null vibrate=null sound=null defaults=0x0 flags=0x0 color=0x00000000 vis=PRIVATE),1]
12-01 09:22:27.663 18856 18856 I sysui_multi_action: [757,111,758,2]
12-01 09:22:27.688 18856 18856 I sysui_multi_action: [757,111,758,1]
12-01 09:22:27.689 18856 18856 I sysui_multi_action: [757,126,758,1,759,126,927,0,928,1,1593,0]
12-01 09:22:27.689 18856 18856 I sysui_multi_action: [757,113,758,1,759,113,927,1,928,1,1593,0]
12-01 09:22:27.689 18856 18856 I sysui_multi_action: [757,0,758,1,759,0,927,2,928,0,1593,0]
12-01 09:22:27.690 18856 18856 I sysui_multi_action: [757,0,758,1,759,0,927,3,928,0,1593,0]
12-01 09:22:27.690 18856 18856 I sysui_multi_action: [757,491,758,1,759,491,927,4,928,0,1311,-1,1593,0]
12-01 09:22:27.690 18856 18856 I sysui_multi_action: [757,0,758,1,759,0,927,5,928,0,1593,0]
12-01 09:22:27.691 18856 18856 I sysui_multi_action: [757,111,758,1]
12-01 09:22:27.691 18856 18856 I sysui_multi_action: [757,126,758,1,759,126,927,0,928,1,1593,0]
12-01 09:22:27.691 18856 18856 I sysui_multi_action: [757,113,758,1,759,113,927,1,928,1,1593,0]
12-01 09:22:27.691 18856 18856 I sysui_multi_action: [757,0,758,1,759,0,927,2,928,0,1593,0]
12-01 09:22:27.692 18856 18856 I sysui_multi_action: [757,0,758,1,759,0,927,3,928,0,1593,0]
12-01 09:22:27.867 1508 1508 I sysui_multi_action: [757,1501,758,1,793,1026573,794,0,795,207,796,2048,806,com.android.systemui,857,updateNotification,858,3,947,0,1500,0,1688,1]
12-01 09:22:27.867 1508 1508 I sysui_multi_action: [757,804,799,note_interruptive,801,0,802,1]
12-01 09:22:27.867 1508 1508 I sysui_multi_action: [757,199,758,1,759,2,793,1026574,794,0,795,208,796,2048,806,com.android.systemui,857,updateNotification,858,3,947,0,1500,1,1688,1]
12-01 09:22:27.867 1508 1508 I notification_alert: [0|com.android.systemui|2048|null|10082,0,1,0]
12-01 09:22:28.029 1508 1636 I wm_stop_activity: [0,103113767,com.android.launcher3/.uioverrides.QuickstepLauncher]
12-01 09:22:28.064 2822 2822 I wm_on_paused_called: [103113767,com.android.launcher3.uioverrides.QuickstepLauncher,performPause]
12-01 09:22:28.067 2822 2822 I wm_on_stop_called: [103113767,com.android.launcher3.uioverrides.QuickstepLauncher,STOP_ACTIVITY_ITEM]
12-01 09:22:28.291 1508 6436 I wm_task_moved: [1,0,0]
12-01 09:22:28.292 1508 6436 I wm_task_moved: [1,0,5]
12-01 09:22:28.300 30865 30865 I view_enqueue_input_event: [Motion - Cancel,com.android.gallery3d/com.android.gallery3d.app.GalleryActivity]
12-01 09:22:28.306 1508 2005 I input_interaction: Interaction with: edge-swipe (server), swipe-up (server), PointerEventDispatcher0 (server),
12-01 09:22:28.315 2822 2822 I wm_on_restart_called: [103113767,com.android.launcher3.uioverrides.QuickstepLauncher,performRestartActivity]
12-01 09:22:28.316 1508 1637 I input_focus: [Focus request recents_animation_input_consumer,reason=UpdateInputWindows]
12-01 09:22:28.325 2822 2822 I wm_on_start_called: [103113767,com.android.launcher3.uioverrides.QuickstepLauncher,handleStartActivity]
12-01 09:22:28.336 2822 2822 I sysui_latency: [1,57]
12-01 09:22:28.347 1508 2005 I input_focus: [Focus leaving 79405cf com.android.gallery3d/com.android.gallery3d.app.GalleryActivity (server),reason=NOT_FOCUSABLE]
12-01 09:22:28.347 1508 2005 I input_focus: [Focus entering recents_animation_input_consumer (server),reason=setFocusedWindow]
12-01 09:22:28.348 1508 1633 I sysui_multi_action: [319,12,322,51,325,19766,757,761,758,9,759,5,806,com.android.launcher3,871,com.android.launcher3.uioverrides.QuickstepLauncher,905,0,1320,8,1321,5]
12-01 09:22:28.351 29939 29939 I auditd : type=1400 audit(0.0:20956): avc: denied { kill } for comm="kworker/u16:15" capability=5 scontext=u:r:kernel:s0 tcontext=u:r:kernel:s0 tclass=capability permissive=0
12-01 09:22:28.536 1508 1754 I commit_sys_config_file: [settings-1-0,11]
12-01 09:22:28.644 1508 1647 I sysui_latency: [8,59]
12-01 09:22:29.012 1508 9619 I wm_task_moved: [1,1,6]
12-01 09:22:29.014 30865 30865 I wm_on_top_resumed_lost_called: [17999533,com.android.gallery3d.app.GalleryActivity,topStateChangedWhenResumed]
12-01 09:22:29.015 1508 9619 I wm_focused_root_task: [0,0,1,372,RecentsAnimation.onAnimationFinished()]
12-01 09:22:29.018 1508 9619 I wm_pause_activity: [0,17999533,com.android.gallery3d/.app.GalleryActivity,userLeaving=false,pauseBackTasks]
12-01 09:22:29.022 1508 9619 I wm_set_resumed_activity: [0,com.android.launcher3/.uioverrides.QuickstepLauncher,resumeTopActivityInnerLocked]
12-01 09:22:29.023 1508 9619 I wm_resume_activity: [0,103113767,10,com.android.launcher3/.uioverrides.QuickstepLauncher]
12-01 09:22:29.024 1508 9619 I wm_add_to_stopping: [0,17999533,com.android.gallery3d/.app.GalleryActivity,makeInvisible]
12-01 09:22:29.024 2822 2822 I wm_on_resume_called: [103113767,com.android.launcher3.uioverrides.QuickstepLauncher,RESUME_ACTIVITY]
12-01 09:22:29.032 1508 1637 I input_focus: [Focus request e9e80a1 com.android.launcher3/com.android.launcher3.uioverrides.QuickstepLauncher,reason=UpdateInputWindows]
12-01 09:22:29.034 2822 2822 I wm_on_top_resumed_gained_called: [103113767,com.android.launcher3.uioverrides.QuickstepLauncher,topStateChangedWhenResumed]
12-01 09:22:29.036 1508 1603 I wm_stop_activity: [0,17999533,com.android.gallery3d/.app.GalleryActivity]
12-01 09:22:29.039 1508 1636 I sysui_multi_action: [757,803,799,window_time_0,802,8]
12-01 09:22:29.045 30865 30865 I wm_on_paused_called: [17999533,com.android.gallery3d.app.GalleryActivity,performPause]
12-01 09:22:29.048 1508 2005 I input_focus: [Focus leaving recents_animation_input_consumer (server),reason=NOT_VISIBLE]
12-01 09:22:29.049 1508 2005 I input_focus: [Focus entering e9e80a1 com.android.launcher3/com.android.launcher3.uioverrides.QuickstepLauncher (server),reason=setFocusedWindow]
12-01 09:22:29.051 30865 30865 I wm_on_stop_called: [17999533,com.android.gallery3d.app.GalleryActivity,STOP_ACTIVITY_ITEM]
12-01 09:22:29.052 1508 1636 I sysui_multi_action: [757,803,799,window_time_0,802,0]
12-01 09:22:29.275 1508 1754 I commit_sys_config_file: [settings-1-0,4]
12-01 09:22:29.351 0 0 I auditd : type=1400 audit(0.0:20957): avc: denied { kill } for comm="swapper/3" capability=5 scontext=u:r:kernel:s0 tcontext=u:r:kernel:s0 tclass=capability permissive=0
12-01 09:22:30.053 1508 2005 I input_interaction: Interaction with: e9e80a1 com.android.launcher3/com.android.launcher3.uioverrides.QuickstepLauncher (server), 5ecd4a7 com.android.systemui.ImageWallpaper (server), edge-swipe (server), swipe-up (server), PointerEventDispatcher0 (server),
12-01 09:22:30.131 1508 6436 I wm_task_created: [373,-1]
12-01 09:22:30.136 1508 6436 I wm_task_moved: [373,1,7]
12-01 09:22:30.136 1508 6436 I wm_task_to_front: [0,373]
12-01 09:22:30.136 1508 6436 I wm_create_task: [0,373]
12-01 09:22:30.136 1508 6436 I wm_create_activity: [0,181646009,373,com.android.deskclock/.DeskClock,NULL,NULL,NULL,268468224]
12-01 09:22:30.137 1508 6436 I wm_task_moved: [373,1,7]
12-01 09:22:30.140 1508 6436 I wm_restart_activity: [0,181646009,373,com.android.deskclock/.DeskClock]
12-01 09:22:30.141 1508 6436 I wm_set_resumed_activity: [0,com.android.deskclock/.DeskClock,minimalResumeActivityLocked]
12-01 09:22:30.150 1508 1636 I am_uid_active: 10065
12-01 09:22:30.155 2822 2822 I wm_on_top_resumed_lost_called: [103113767,com.android.launcher3.uioverrides.QuickstepLauncher,topStateChangedWhenResumed]
12-01 09:22:30.180 1508 1647 I am_pss : [28897,10070,com.thundercomm.gamemode.provider,8857600,6770688,0,96681984,0,5,6]
12-01 09:22:30.193 1508 1603 I wm_task_moved: [373,1,7]
12-01 09:22:30.193 1508 1603 I wm_set_resumed_activity: [0,com.android.deskclock/.DeskClock,positionChildAt]
12-01 09:22:30.193 1508 1603 I wm_create_activity: [0,96023818,373,com.android.permissioncontroller/.permission.ui.GrantPermissionsActivity,android.content.pm.action.REQUEST_PERMISSIONS,NULL,NULL,8388608]
12-01 09:22:30.194 1508 1603 I service_manager_stats: [100,68,49479]
12-01 09:22:30.196 1508 1603 I wm_pause_activity: [0,181646009,com.android.deskclock/.DeskClock,userLeaving=true,resumeTopActivityInnerLocked]
12-01 09:22:30.219 31539 31539 I wm_on_create_called: [181646009,com.android.deskclock.DeskClock,performCreate]
12-01 09:22:30.220 31539 31539 I wm_on_start_called: [181646009,com.android.deskclock.DeskClock,handleStartActivity]
12-01 09:22:30.223 31539 31539 I wm_on_resume_called: [181646009,com.android.deskclock.DeskClock,RESUME_ACTIVITY]
12-01 09:22:30.229 31539 31539 I wm_on_top_resumed_gained_called: [181646009,com.android.deskclock.DeskClock,topStateChangedWhenResumed]
12-01 09:22:30.229 31539 31539 I wm_on_top_resumed_lost_called: [181646009,com.android.deskclock.DeskClock,topStateChangedWhenResumed]
12-01 09:22:30.229 31539 31539 I wm_on_paused_called: [181646009,com.android.deskclock.DeskClock,performPause]
12-01 09:22:30.231 1508 1603 I wm_restart_activity: [0,96023818,373,com.android.permissioncontroller/.permission.ui.GrantPermissionsActivity]
12-01 09:22:30.231 1508 1603 I wm_set_resumed_activity: [0,com.android.permissioncontroller/.permission.ui.GrantPermissionsActivity,minimalResumeActivityLocked]
12-01 09:22:30.233 1508 1636 I sysui_multi_action: [757,803,799,window_time_0,802,1]
12-01 09:22:30.245 29601 29601 I wm_on_create_called: [96023818,com.android.permissioncontroller.permission.ui.GrantPermissionsActivity,performCreate]
12-01 09:22:30.246 29601 29601 I wm_on_start_called: [96023818,com.android.permissioncontroller.permission.ui.GrantPermissionsActivity,handleStartActivity]
12-01 09:22:30.246 29601 29601 I wm_on_resume_called: [96023818,com.android.permissioncontroller.permission.ui.GrantPermissionsActivity,RESUME_ACTIVITY]
12-01 09:22:30.249 29601 29601 I wm_on_top_resumed_gained_called: [96023818,com.android.permissioncontroller.permission.ui.GrantPermissionsActivity,topStateChangedWhenResumed]
12-01 09:22:30.256 1508 1637 I input_focus: [Focus request 869bc29 com.android.permissioncontroller/com.android.permissioncontroller.permission.ui.GrantPermissionsActivity,reason=UpdateInputWindows]
12-01 09:22:30.261 1508 9619 I wm_finish_activity: [0,96023818,373,com.android.permissioncontroller/.permission.ui.GrantPermissionsActivity,app-request]
12-01 09:22:30.263 1508 9619 I wm_pause_activity: [0,96023818,com.android.permissioncontroller/.permission.ui.GrantPermissionsActivity,userLeaving=false,finish]
12-01 09:22:30.267 29601 29601 I wm_on_top_resumed_lost_called: [96023818,com.android.permissioncontroller.permission.ui.GrantPermissionsActivity,topStateChangedWhenResumed]
12-01 09:22:30.268 1508 2005 I input_focus: [Focus leaving e9e80a1 com.android.launcher3/com.android.launcher3.uioverrides.QuickstepLauncher (server),reason=Waiting for window because NOT_VISIBLE]
12-01 09:22:30.268 29601 29601 I wm_on_paused_called: [96023818,com.android.permissioncontroller.permission.ui.GrantPermissionsActivity,performPause]
12-01 09:22:30.268 1508 6436 I wm_add_to_stopping: [0,96023818,com.android.permissioncontroller/.permission.ui.GrantPermissionsActivity,completeFinishing]
12-01 09:22:30.270 1508 6436 I wm_set_resumed_activity: [0,com.android.deskclock/.DeskClock,resumeTopActivityInnerLocked]
12-01 09:22:30.271 1508 6436 I wm_resume_activity: [0,181646009,373,com.android.deskclock/.DeskClock]
12-01 09:22:30.276 1508 1636 I sysui_multi_action: [757,803,799,window_time_2,802,0]
12-01 09:22:30.285 1508 1637 I input_focus: [Focus request 6e21944 com.android.deskclock/com.android.deskclock.DeskClock,reason=UpdateInputWindows]
12-01 09:22:30.355 31539 31539 I wm_on_activity_result_called: [181646009,com.android.deskclock.DeskClock,ACTIVITY_RESULT]
12-01 09:22:30.355 31539 31539 I wm_on_resume_called: [181646009,com.android.deskclock.DeskClock,RESUME_ACTIVITY]
12-01 09:22:30.356 31539 31539 I wm_on_top_resumed_gained_called: [181646009,com.android.deskclock.DeskClock,topWhenResuming]
12-01 09:22:30.369 1508 2005 I input_focus: [Focus entering 6e21944 com.android.deskclock/com.android.deskclock.DeskClock (server),reason=Window became focusable. Previous reason: NOT_VISIBLE]
12-01 09:22:30.414 1508 1647 I am_pss : [31331,10021,com.android.providers.calendar,7333888,5189632,0,97460224,0,19,5]
12-01 09:22:30.640 1508 1636 I wm_destroy_activity: [0,96023818,373,com.android.permissioncontroller/.permission.ui.GrantPermissionsActivity,finish-imm:idle]
12-01 09:22:30.642 29601 29601 I wm_on_stop_called: [96023818,com.android.permissioncontroller.permission.ui.GrantPermissionsActivity,LIFECYCLER_STOP_ACTIVITY]
12-01 09:22:30.642 29601 29601 I wm_on_destroy_called: [96023818,com.android.permissioncontroller.permission.ui.GrantPermissionsActivity,performDestroy]
12-01 09:22:31.351 0 0 I auditd : type=1400 audit(0.0:20958): avc: denied { kill } for comm="swapper/3" capability=5 scontext=u:r:kernel:s0 tcontext=u:r:kernel:s0 tclass=capability permissive=0
12-01 09:22:31.754 2822 2822 I view_enqueue_input_event: [Motion - Cancel,com.android.launcher3/com.android.launcher3.uioverrides.QuickstepLauncher]
12-01 09:22:31.756 1508 2005 I input_interaction: Interaction with: edge-swipe (server), swipe-up (server), PointerEventDispatcher0 (server),
12-01 09:22:32.126 1508 9619 I wm_task_moved: [1,1,7]
12-01 09:22:32.128 1508 9619 I wm_set_resumed_activity: [0,com.android.launcher3/.uioverrides.QuickstepLauncher,positionChildAt]
12-01 09:22:32.128 1508 9619 I wm_task_moved: [10,1,2147483647]
12-01 09:22:32.128 1508 9619 I wm_task_to_front: [0,10]
12-01 09:22:32.128 1508 9619 I wm_focused_root_task: [0,0,1,373,bringingFoundTaskToFront]
12-01 09:22:32.128 1508 9619 I wm_set_resumed_activity: [0,com.android.launcher3/.uioverrides.QuickstepLauncher,bringingFoundTaskToFront]
12-01 09:22:32.129 1508 9619 I wm_new_intent: [0,103113767,10,com.android.launcher3/.uioverrides.QuickstepLauncher,android.intent.action.MAIN,NULL,NULL,268435712]
12-01 09:22:32.130 1508 9619 I wm_task_moved: [1,1,7]
12-01 09:22:32.130 1508 9619 I wm_set_resumed_activity: [0,com.android.launcher3/.uioverrides.QuickstepLauncher,positionChildAt]
12-01 09:22:32.137 31539 31539 I wm_on_top_resumed_lost_called: [181646009,com.android.deskclock.DeskClock,topStateChangedWhenResumed]
12-01 09:22:32.138 1508 1637 I input_focus: [Focus request e9e80a1 com.android.launcher3/com.android.launcher3.uioverrides.QuickstepLauncher,reason=UpdateInputWindows]
12-01 09:22:32.141 2822 2822 I wm_on_paused_called: [103113767,com.android.launcher3.uioverrides.QuickstepLauncher,performPause]
12-01 09:22:32.142 2822 2822 I wm_on_resume_called: [103113767,com.android.launcher3.uioverrides.QuickstepLauncher,LIFECYCLER_RESUME_ACTIVITY]
12-01 09:22:32.150 2822 2822 I wm_on_top_resumed_gained_called: [103113767,com.android.launcher3.uioverrides.QuickstepLauncher,topStateChangedWhenResumed]
12-01 09:22:32.157 1508 2005 I input_focus: [Focus leaving 6e21944 com.android.deskclock/com.android.deskclock.DeskClock (server),reason=setFocusedWindow]
12-01 09:22:32.157 1508 2005 I input_focus: [Focus entering e9e80a1 com.android.launcher3/com.android.launcher3.uioverrides.QuickstepLauncher (server),reason=setFocusedWindow]
12-01 09:22:32.315 1508 2005 I input_interaction: Interaction with: e9e80a1 com.android.launcher3/com.android.launcher3.uioverrides.QuickstepLauncher (server), 5ecd4a7 com.android.systemui.ImageWallpaper (server), edge-swipe (server), swipe-up (server), PointerEventDispatcher0 (server),
12-01 09:22:32.351 0 0 I auditd : type=1400 audit(0.0:20959): avc: denied { kill } for comm="swapper/3" capability=5 scontext=u:r:kernel:s0 tcontext=u:r:kernel:s0 tclass=capability permissive=0
12-01 09:22:32.363 2822 2822 I view_enqueue_input_event: [Motion - Cancel,com.android.launcher3/com.android.launcher3.uioverrides.QuickstepLauncher]
12-01 09:22:32.364 1508 2005 I input_interaction: Interaction with: edge-swipe (server), swipe-up (server), PointerEventDispatcher0 (server),
12-01 09:22:32.544 1508 1754 I commit_sys_config_file: [settings-1-0,6]
12-01 09:22:32.862 1508 1754 I commit_sys_config_file: [settings-1-0,4]
12-01 09:22:32.974 1508 9618 I wm_finish_activity: [0,181646009,373,com.android.deskclock/.DeskClock,app-request]
12-01 09:22:32.987 1508 9618 I wm_pause_activity: [0,181646009,com.android.deskclock/.DeskClock,userLeaving=false,finish]
12-01 09:22:32.988 31539 31539 I wm_on_paused_called: [181646009,com.android.deskclock.DeskClock,performPause]
12-01 09:22:32.998 1508 9619 I wm_destroy_activity: [0,181646009,373,com.android.deskclock/.DeskClock,finish-imm:completePausedLocked]
12-01 09:22:33.012 1508 1636 I sysui_multi_action: [757,803,799,window_time_2,802,3]
12-01 09:22:33.021 31539 31539 I wm_on_stop_called: [181646009,com.android.deskclock.DeskClock,LIFECYCLER_STOP_ACTIVITY]
12-01 09:22:33.040 31539 31539 I wm_on_destroy_called: [181646009,com.android.deskclock.DeskClock,performDestroy]
12-01 09:22:33.291 1508 1637 I wm_task_removed: [373,removeChild:removeChild last r=ActivityRecord{ad3b2b9 u0 com.android.deskclock/.DeskClock t-1 f}} in t=Task{cbdfc80 #373 type=standard A=10065:com.android.deskclock U=0 visible=false mode=freeform translucent=true sz=0}]
12-01 09:22:33.291 1508 1637 I wm_task_removed: [373,removeChild]
12-01 09:22:33.351 0 0 I auditd : type=1400 audit(0.0:20960): avc: denied { kill } for comm="swapper/3" capability=5 scontext=u:r:kernel:s0 tcontext=u:r:kernel:s0 tclass=capability permissive=0
12-01 09:22:33.799 1508 2005 I input_interaction: Interaction with: e9e80a1 com.android.launcher3/com.android.launcher3.uioverrides.QuickstepLauncher (server), 5ecd4a7 com.android.systemui.ImageWallpaper (server), edge-swipe (server), swipe-up (server), PointerEventDispatcher0 (server),
12-01 09:22:34.351 0 0 I auditd : type=1400 audit(0.0:20961): avc: denied { kill } for comm="swapper/3" capability=5 scontext=u:r:kernel:s0 tcontext=u:r:kernel:s0 tclass=capability permissive=0
12-01 09:22:34.544 1508 1636 I am_kill : [0,31539,com.android.deskclock,900,remove task]
12-01 09:22:34.547 1508 1636 I sysui_multi_action: [757,803,799,window_time_0,802,2]
12-01 09:22:34.594 1508 2301 I am_proc_died: [0,31539,com.android.deskclock,900,18]
12-01 09:22:34.598 1508 2301 I am_uid_stopped: 10065
12-01 09:22:34.609 1508 1636 I am_uid_running: 10065
12-01 09:22:34.625 1508 1649 I am_proc_start: [0,31616,10065,com.android.deskclock,NULL,]
12-01 09:22:34.664 1508 10935 I am_proc_bound: [0,31616,com.android.deskclock]
12-01 09:22:35.227 1508 10935 I wm_finish_activity: [0,17999533,372,com.android.gallery3d/.app.GalleryActivity,remove-task]
12-01 09:22:35.229 1508 10935 I wm_destroy_activity: [0,17999533,372,com.android.gallery3d/.app.GalleryActivity,finish-imm:finishIfPossible]
12-01 09:22:35.240 1508 1636 I am_kill : [0,30865,com.android.gallery3d,905,remove task]
12-01 09:22:35.241 1508 1636 I sysui_multi_action: [757,803,799,window_time_0,802,0]
12-01 09:22:35.284 1508 9619 I am_proc_died: [0,30865,com.android.gallery3d,905,19]
12-01 09:22:35.288 1508 9619 I am_uid_stopped: 10064
12-01 09:22:35.289 1508 9619 I wm_task_removed: [372,removeChild:removeChild last r=ActivityRecord{112a6ad u0 com.android.gallery3d/.app.GalleryActivity t-1 f}} in t=Task{d937c4 #372 type=standard A=10064:com.android.gallery3d U=0 visible=false mode=fullscreen translucent=true sz=0}]
12-01 09:22:35.289 1508 9619 I wm_task_removed: [372,removeChild]
12-01 09:22:35.294 1508 1636 I am_uid_running: 10064
12-01 09:22:35.310 1508 1649 I am_proc_start: [0,31634,10064,com.android.gallery3d,NULL,]
