12-01 09:04:59.912 1508 1637 I input_focus: [Focus request e9e80a1 com.android.launcher3/com.android.launcher3.uioverrides.QuickstepLauncher,reason=UpdateInputWindows]
12-01 09:04:59.915 1508 2005 I input_focus: [Focus leaving recents_animation_input_consumer (server),reason=NOT_VISIBLE]
12-01 09:04:59.916 29378 29378 I sysui_multi_action: [757,35,758,2,1089,2706]
12-01 09:04:59.916 29378 29378 I sysui_multi_action: [757,1291,758,2,1089,2479]
12-01 09:04:59.917 29378 29378 I wm_on_paused_called: [111910704,com.android.settings.homepage.SettingsHomepageActivity,performPause]
12-01 09:04:59.920 1508 1636 I sysui_multi_action: [757,803,799,window_time_0,802,3]
12-01 09:04:59.922 1508 6928 I wm_stop_activity: [0,111910704,com.android.settings/.homepage.SettingsHomepageActivity]
12-01 09:04:59.925 1508 1636 I sysui_multi_action: [757,803,799,window_time_0,802,0]
12-01 09:04:59.929 1508 2005 I input_focus: [Focus entering e9e80a1 com.android.launcher3/com.android.launcher3.uioverrides.QuickstepLauncher (server),reason=setFocusedWindow]
12-01 09:04:59.937 2822 2822 I wm_on_top_resumed_gained_called: [103113767,com.android.launcher3.uioverrides.QuickstepLauncher,topStateChangedWhenResumed]
12-01 09:04:59.938 29378 29378 I wm_on_stop_called: [111910704,com.android.settings.homepage.SettingsHomepageActivity,STOP_ACTIVITY_ITEM]
12-01 09:05:00.139 1508 1754 I commit_sys_config_file: [settings-1-0,4]
12-01 09:05:00.929 1508 2005 I input_interaction: Interaction with: e9e80a1 com.android.launcher3/com.android.launcher3.uioverrides.QuickstepLauncher (server), 5ecd4a7 com.android.systemui.ImageWallpaper (server), edge-swipe (server), swipe-up (server), PointerEventDispatcher0 (server),
12-01 09:05:01.053 1508 6928 I wm_task_moved: [1,1,8]
12-01 09:05:01.053 1508 6928 I wm_set_resumed_activity: [0,com.android.launcher3/.uioverrides.QuickstepLauncher,positionChildAt]
12-01 09:05:01.067 1508 6928 I wm_task_moved: [320,1,8]
12-01 09:05:01.067 1508 6928 I wm_task_to_front: [0,320]
12-01 09:05:01.068 1508 6928 I wm_focused_root_task: [0,0,320,1,reuseOrNewTask]
12-01 09:05:01.068 1508 6928 I wm_create_activity: [0,147802203,320,com.android.deskclock/.DeskClock,android.intent.action.MAIN,NULL,NULL,271581184]
12-01 09:05:01.071 1508 6928 I wm_restart_activity: [0,147802203,320,com.android.deskclock/.DeskClock]
12-01 09:05:01.074 1508 6928 I wm_set_resumed_activity: [0,com.android.deskclock/.DeskClock,minimalResumeActivityLocked]
12-01 09:05:01.081 2822 2822 I wm_on_top_resumed_lost_called: [103113767,com.android.launcher3.uioverrides.QuickstepLauncher,topStateChangedWhenResumed]
12-01 09:05:01.111 1508 1508 I notification_enqueue: [10097,9319,com.github.uiautomator,1,NULL,0,Notification(channel=monitor service shortcut=null contentView=null vibrate=null sound=null tick defaults=0x0 flags=0x40 color=0x00000000 vis=PRIVATE),1]
12-01 09:05:01.121 1508 6436 I wm_task_moved: [320,1,8]
12-01 09:05:01.121 1508 6436 I wm_set_resumed_activity: [0,com.android.deskclock/.DeskClock,positionChildAt]
12-01 09:05:01.122 1508 6436 I wm_create_activity: [0,254026806,320,com.android.permissioncontroller/.permission.ui.GrantPermissionsActivity,android.content.pm.action.REQUEST_PERMISSIONS,NULL,NULL,8388608]
12-01 09:05:01.123 1508 6436 I wm_pause_activity: [0,147802203,com.android.deskclock/.DeskClock,userLeaving=true,resumeTopActivityInnerLocked]
12-01 09:05:01.136 29053 29053 I wm_on_create_called: [147802203,com.android.deskclock.DeskClock,performCreate]
12-01 09:05:01.137 29053 29053 I wm_on_start_called: [147802203,com.android.deskclock.DeskClock,handleStartActivity]
12-01 09:05:01.138 29053 29053 I wm_on_resume_called: [147802203,com.android.deskclock.DeskClock,RESUME_ACTIVITY]
12-01 09:05:01.140 29053 29053 I wm_on_top_resumed_gained_called: [147802203,com.android.deskclock.DeskClock,topStateChangedWhenResumed]
12-01 09:05:01.140 29053 29053 I wm_on_top_resumed_lost_called: [147802203,com.android.deskclock.DeskClock,topStateChangedWhenResumed]
12-01 09:05:01.141 29053 29053 I wm_on_paused_called: [147802203,com.android.deskclock.DeskClock,performPause]
12-01 09:05:01.142 1508 9856 I wm_restart_activity: [0,254026806,320,com.android.permissioncontroller/.permission.ui.GrantPermissionsActivity]
12-01 09:05:01.143 1508 9856 I wm_set_resumed_activity: [0,com.android.permissioncontroller/.permission.ui.GrantPermissionsActivity,minimalResumeActivityLocked]
12-01 09:05:01.145 1508 1636 I sysui_multi_action: [757,803,799,window_time_0,802,1]
12-01 09:05:01.156 29601 29601 I wm_on_create_called: [254026806,com.android.permissioncontroller.permission.ui.GrantPermissionsActivity,performCreate]
12-01 09:05:01.156 29601 29601 I wm_on_start_called: [254026806,com.android.permissioncontroller.permission.ui.GrantPermissionsActivity,handleStartActivity]
12-01 09:05:01.157 29601 29601 I wm_on_resume_called: [254026806,com.android.permissioncontroller.permission.ui.GrantPermissionsActivity,RESUME_ACTIVITY]
12-01 09:05:01.159 29601 29601 I wm_on_top_resumed_gained_called: [254026806,com.android.permissioncontroller.permission.ui.GrantPermissionsActivity,topStateChangedWhenResumed]
12-01 09:05:01.162 1508 9856 I wm_finish_activity: [0,254026806,320,com.android.permissioncontroller/.permission.ui.GrantPermissionsActivity,app-request]
12-01 09:05:01.163 1508 9856 I wm_pause_activity: [0,254026806,com.android.permissioncontroller/.permission.ui.GrantPermissionsActivity,userLeaving=false,finish]
12-01 09:05:01.169 29601 29601 I wm_on_top_resumed_lost_called: [254026806,com.android.permissioncontroller.permission.ui.GrantPermissionsActivity,topStateChangedWhenResumed]
12-01 09:05:01.169 29601 29601 I wm_on_paused_called: [254026806,com.android.permissioncontroller.permission.ui.GrantPermissionsActivity,performPause]
12-01 09:05:01.170 1508 9618 I wm_add_to_stopping: [0,254026806,com.android.permissioncontroller/.permission.ui.GrantPermissionsActivity,completeFinishing]
12-01 09:05:01.171 1508 9618 I wm_set_resumed_activity: [0,com.android.deskclock/.DeskClock,resumeTopActivityInnerLocked]
12-01 09:05:01.171 1508 9618 I wm_resume_activity: [0,147802203,320,com.android.deskclock/.DeskClock]
12-01 09:05:01.173 1508 1636 I sysui_multi_action: [757,803,799,window_time_2,802,0]
12-01 09:05:01.182 1508 1637 I input_focus: [Focus request da36ca4 com.android.deskclock/com.android.deskclock.DeskClock,reason=UpdateInputWindows]
12-01 09:05:01.214 29053 29053 I wm_on_activity_result_called: [147802203,com.android.deskclock.DeskClock,ACTIVITY_RESULT]
12-01 09:05:01.214 29053 29053 I wm_on_resume_called: [147802203,com.android.deskclock.DeskClock,RESUME_ACTIVITY]
12-01 09:05:01.214 29053 29053 I wm_on_top_resumed_gained_called: [147802203,com.android.deskclock.DeskClock,topWhenResuming]
12-01 09:05:01.215 1508 2005 I input_focus: [Focus leaving e9e80a1 com.android.launcher3/com.android.launcher3.uioverrides.QuickstepLauncher (server),reason=setFocusedWindow]
12-01 09:05:01.215 1508 2005 I input_focus: [Focus entering da36ca4 com.android.deskclock/com.android.deskclock.DeskClock (server),reason=setFocusedWindow]
12-01 09:05:01.488 1508 1636 I wm_destroy_activity: [0,254026806,320,com.android.permissioncontroller/.permission.ui.GrantPermissionsActivity,finish-imm:idle]
12-01 09:05:01.490 29601 29601 I wm_on_stop_called: [254026806,com.android.permissioncontroller.permission.ui.GrantPermissionsActivity,LIFECYCLER_STOP_ACTIVITY]
12-01 09:05:01.491 29601 29601 I wm_on_destroy_called: [254026806,com.android.permissioncontroller.permission.ui.GrantPermissionsActivity,performDestroy]
12-01 09:05:02.351 0 0 I auditd : type=1400 audit(0.0:20050): avc: denied { kill } for comm="swapper/2" capability=5 scontext=u:r:kernel:s0 tcontext=u:r:kernel:s0 tclass=capability permissive=0
12-01 09:05:02.920 1508 2005 I input_interaction: Interaction with: da36ca4 com.android.deskclock/com.android.deskclock.DeskClock (server), edge-swipe (server), swipe-up (server), PointerEventDispatcher0 (server),
12-01 09:05:03.080 1508 6436 I wm_finish_activity: [0,147802203,320,com.android.deskclock/.DeskClock,finish-activity]
12-01 09:05:03.080 1508 6436 I wm_task_moved: [1,1,8]
12-01 09:05:03.083 1508 6436 I wm_set_resumed_activity: [0,com.android.launcher3/.uioverrides.QuickstepLauncher,positionChildAt]
12-01 09:05:03.083 1508 6436 I wm_task_moved: [10,1,2147483647]
12-01 09:05:03.083 1508 6436 I wm_task_to_front: [0,10]
12-01 09:05:03.084 1508 6436 I wm_focused_root_task: [0,0,1,-1,finish-top adjustFocusToNextFocusableTask]
12-01 09:05:03.084 1508 6436 I wm_set_resumed_activity: [0,com.android.launcher3/.uioverrides.QuickstepLauncher,finish-top]
12-01 09:05:03.093 1508 6436 I wm_pause_activity: [0,147802203,com.android.deskclock/.DeskClock,userLeaving=false,finish]
12-01 09:05:03.100 1508 1637 I input_focus: [Focus request e9e80a1 com.android.launcher3/com.android.launcher3.uioverrides.QuickstepLauncher,reason=UpdateInputWindows]
12-01 09:05:03.101 29053 29053 I wm_on_top_resumed_lost_called: [147802203,com.android.deskclock.DeskClock,topStateChangedWhenResumed]
12-01 09:05:03.103 29053 29053 I wm_on_paused_called: [147802203,com.android.deskclock.DeskClock,performPause]
12-01 09:05:03.105 1508 1636 I sysui_multi_action: [757,803,799,window_time_2,802,2]
12-01 09:05:03.105 2822 2822 I wm_on_top_resumed_gained_called: [103113767,com.android.launcher3.uioverrides.QuickstepLauncher,topStateChangedWhenResumed]
12-01 09:05:03.108 1508 6436 I wm_destroy_activity: [0,147802203,320,com.android.deskclock/.DeskClock,finish-imm:completePausedLocked]
12-01 09:05:03.121 1508 1636 I sysui_multi_action: [757,803,799,window_time_0,802,0]
12-01 09:05:03.122 1508 2005 I input_focus: [Focus leaving da36ca4 com.android.deskclock/com.android.deskclock.DeskClock (server),reason=NO_WINDOW]
12-01 09:05:03.122 1508 2005 I input_focus: [Focus entering e9e80a1 com.android.launcher3/com.android.launcher3.uioverrides.QuickstepLauncher (server),reason=setFocusedWindow]
12-01 09:05:03.129 29053 29053 I wm_on_stop_called: [147802203,com.android.deskclock.DeskClock,LIFECYCLER_STOP_ACTIVITY]
12-01 09:05:03.143 29053 29053 I wm_on_destroy_called: [147802203,com.android.deskclock.DeskClock,performDestroy]
12-01 09:05:03.351 0 0 I auditd : type=1400 audit(0.0:20051): avc: denied { kill } for comm="swapper/2" capability=5 scontext=u:r:kernel:s0 tcontext=u:r:kernel:s0 tclass=capability permissive=0
12-01 09:05:03.402 1508 1637 I wm_task_removed: [320,removeChild:removeChild last r=ActivityRecord{8cf485b u0 com.android.deskclock/.DeskClock t-1 f}} in t=Task{b11a6f5 #320 type=standard A=10065:com.android.deskclock U=0 visible=false mode=freeform translucent=true sz=0}]
12-01 09:05:03.402 1508 1637 I wm_task_removed: [320,removeChild]
12-01 09:05:04.351 0 0 I auditd : type=1400 audit(0.0:20052): avc: denied { kill } for comm="swapper/2" capability=5 scontext=u:r:kernel:s0 tcontext=u:r:kernel:s0 tclass=capability permissive=0
12-01 09:05:04.658 1508 2005 I input_interaction: Interaction with: e9e80a1 com.android.launcher3/com.android.launcher3.uioverrides.QuickstepLauncher (server), 5ecd4a7 com.android.systemui.ImageWallpaper (server), edge-swipe (server), swipe-up (server), PointerEventDispatcher0 (server),
12-01 09:05:04.798 1508 6436 I wm_task_created: [325,-1]
12-01 09:05:04.804 1508 6436 I wm_task_moved: [325,1,8]
12-01 09:05:04.804 1508 6436 I wm_task_to_front: [0,325]
12-01 09:05:04.805 1508 6436 I wm_create_task: [0,325]
12-01 09:05:04.805 1508 6436 I wm_create_activity: [0,181900163,325,com.android.music/.MusicBrowserActivity,android.intent.action.MAIN,NULL,NULL,270532608]
12-01 09:05:04.805 1508 6436 I wm_task_moved: [325,1,8]
12-01 09:05:04.809 1508 6436 I wm_pause_activity: [0,103113767,com.android.launcher3/.uioverrides.QuickstepLauncher,userLeaving=true,pauseBackTasks]
12-01 09:05:04.818 2822 2822 I wm_on_top_resumed_lost_called: [103113767,com.android.launcher3.uioverrides.QuickstepLauncher,topStateChangedWhenResumed]
12-01 09:05:04.831 2822 2822 I wm_on_paused_called: [103113767,com.android.launcher3.uioverrides.QuickstepLauncher,performPause]
12-01 09:05:04.833 1508 9856 I wm_add_to_stopping: [0,103113767,com.android.launcher3/.uioverrides.QuickstepLauncher,makeInvisible]
12-01 09:05:04.834 1508 9856 I wm_restart_activity: [0,181900163,325,com.android.music/.MusicBrowserActivity]
12-01 09:05:04.837 1508 9856 I wm_set_resumed_activity: [0,com.android.music/.MusicBrowserActivity,minimalResumeActivityLocked]
12-01 09:05:04.844 1508 1636 I sysui_multi_action: [757,803,799,window_time_0,802,2]
12-01 09:05:04.856 1508 2005 I input_focus: [Focus leaving e9e80a1 com.android.launcher3/com.android.launcher3.uioverrides.QuickstepLauncher (server),reason=NO_WINDOW]
12-01 09:05:04.884 29140 29140 I wm_on_create_called: [181900163,com.android.music.MusicBrowserActivity,performCreate]
12-01 09:05:04.894 29140 29140 I wm_on_start_called: [181900163,com.android.music.MusicBrowserActivity,handleStartActivity]
12-01 09:05:04.894 29140 29140 I wm_on_resume_called: [181900163,com.android.music.MusicBrowserActivity,RESUME_ACTIVITY]
12-01 09:05:04.896 29140 29140 I wm_on_top_resumed_gained_called: [181900163,com.android.music.MusicBrowserActivity,topStateChangedWhenResumed]
12-01 09:05:04.935 1508 1648 I am_uid_running: 10018
12-01 09:05:04.944 1508 1649 I am_proc_start: [0,30037,10018,com.android.musicfx,broadcast,{com.android.musicfx/com.android.musicfx.ControlPanelReceiver}]
12-01 09:05:04.949 1508 6163 I sysui_multi_action: [757,856,758,1,806,com.android.music,857,Channel-music,858,2]
12-01 09:05:04.965 1508 1508 I notification_enqueue: [10086,29140,com.android.music,1,NULL,0,Notification(channel=Channel-music shortcut=null contentView=null vibrate=null sound=null defaults=0x0 flags=0x0 color=0x00000000 category=transport actions=4 vis=PRIVATE),0]
12-01 09:05:04.966 1508 6163 I am_proc_bound: [0,30037,com.android.musicfx]
12-01 09:05:04.978 1508 1508 I notification_enqueue: [10086,29140,com.android.music,1,NULL,0,Notification(channel=Channel-music shortcut=null contentView=null vibrate=null sound=null defaults=0x0 flags=0x40 color=0x00000000 category=transport actions=4 vis=PRIVATE),0]
12-01 09:05:04.979 1508 1508 I notification_enqueue: [10086,29140,com.android.music,1,NULL,0,Notification(channel=Channel-music shortcut=null contentView=null vibrate=null sound=null defaults=0x0 flags=0x40 color=0x00000000 category=transport actions=4 vis=PRIVATE),0]
12-01 09:05:04.979 1508 1508 I notification_enqueue: [10086,29140,com.android.music,1,NULL,0,Notification(channel=Channel-music shortcut=null contentView=null vibrate=null sound=null defaults=0x0 flags=0x40 color=0x00000000 category=transport actions=4 vis=PRIVATE),0]
12-01 09:05:04.996 1508 1508 I notification_enqueue: [10086,29140,com.android.music,1,NULL,0,Notification(channel=Channel-music shortcut=null contentView=null vibrate=null sound=null defaults=0x0 flags=0x40 color=0x00000000 category=transport actions=4 vis=PRIVATE),0]
12-01 09:05:04.997 1508 1508 I notification_enqueue: [10086,29140,com.android.music,1,NULL,0,Notification(channel=Channel-music shortcut=null contentView=null vibrate=null sound=null defaults=0x0 flags=0x40 color=0x00000000 category=transport actions=4 vis=PRIVATE),0]
12-01 09:05:05.004 1508 1637 I input_focus: [Focus request 2a20d51 com.android.music/com.android.music.MusicBrowserActivity,reason=UpdateInputWindows]
12-01 09:05:05.024 1508 2005 I input_focus: [Focus entering 2a20d51 com.android.music/com.android.music.MusicBrowserActivity (server),reason=setFocusedWindow]
12-01 09:05:05.030 1508 1633 I sysui_multi_action: [319,83,321,81,322,228,325,18723,757,761,758,8,759,1,806,com.android.music,871,com.android.music.MusicBrowserActivity,904,com.android.launcher3,905,0,1320,8,1321,5]
12-01 09:05:05.033 1508 1633 I wm_activity_launch_time: [0,181900163,com.android.music/.MusicBrowserActivity,228]
12-01 09:05:05.167 1508 1508 I sysui_multi_action: [757,1501,758,1,793,202,794,0,795,202,796,1,806,com.android.music,857,Channel-music,858,2,947,0,1500,0,1641,transport,1688,1,1745,1043716538]
12-01 09:05:05.167 1508 1508 I sysui_multi_action: [757,804,799,note_interruptive,801,0,802,1]
12-01 09:05:05.209 1508 1635 I commit_sys_config_file: [notification-policy,18698619]
12-01 09:05:05.310 1508 1508 I sysui_multi_action: [757,128,758,5,759,8,793,2411169,794,0,795,2411169,796,1,797,empty_media,806,com.android.systemui,857,empty_media_style_id,858,4,947,0,1500,2410963,1641,transport,1688,1,1745,1043716538]
12-01 09:05:05.310 1508 1508 I notification_canceled: [0|com.android.systemui|1|empty_media|10082,8,2411169,2411169,0,-1,-1,NULL]
12-01 09:05:05.351 0 0 I auditd : type=1400 audit(0.0:20053): avc: denied { kill } for comm="swapper/2" capability=5 scontext=u:r:kernel:s0 tcontext=u:r:kernel:s0 tclass=capability permissive=0
12-01 09:05:05.417 1508 1636 I wm_stop_activity: [0,103113767,com.android.launcher3/.uioverrides.QuickstepLauncher]
12-01 09:05:05.440 2822 2822 I wm_on_stop_called: [103113767,com.android.launcher3.uioverrides.QuickstepLauncher,STOP_ACTIVITY_ITEM]
12-01 09:05:06.351 0 0 I auditd : type=1400 audit(0.0:20054): avc: denied { kill } for comm="swapper/2" capability=5 scontext=u:r:kernel:s0 tcontext=u:r:kernel:s0 tclass=capability permissive=0
12-01 09:05:06.512 1508 2005 I input_interaction: Interaction with: 2a20d51 com.android.music/com.android.music.MusicBrowserActivity (server), edge-swipe (server), swipe-up (server), PointerEventDispatcher0 (server),
12-01 09:05:06.542 1508 9856 I wm_task_moved: [1,0,0]
12-01 09:05:06.543 1508 9856 I wm_task_moved: [1,0,7]
12-01 09:05:06.564 2822 2822 I wm_on_restart_called: [103113767,com.android.launcher3.uioverrides.QuickstepLauncher,performRestartActivity]
12-01 09:05:06.579 2822 2822 I wm_on_start_called: [103113767,com.android.launcher3.uioverrides.QuickstepLauncher,handleStartActivity]
12-01 09:05:06.601 1508 1633 I sysui_multi_action: [319,12,322,53,325,18725,757,761,758,9,759,5,806,com.android.launcher3,871,com.android.launcher3.uioverrides.QuickstepLauncher,905,0,1320,8,1321,5]
12-01 09:05:06.616 29140 29140 I view_enqueue_input_event: [Motion - Cancel,com.android.music/com.android.music.MusicBrowserActivity]
12-01 09:05:06.616 2822 2822 I sysui_latency: [1,77]
12-01 09:05:06.628 1508 1637 I input_focus: [Focus request recents_animation_input_consumer,reason=UpdateInputWindows]
12-01 09:05:06.630 1508 2005 I input_interaction: Interaction with: edge-swipe (server), swipe-up (server), PointerEventDispatcher0 (server),
12-01 09:05:06.661 1508 2005 I input_focus: [Focus leaving 2a20d51 com.android.music/com.android.music.MusicBrowserActivity (server),reason=NOT_FOCUSABLE]
12-01 09:05:06.662 1508 2005 I input_focus: [Focus entering recents_animation_input_consumer (server),reason=setFocusedWindow]
12-01 09:05:06.783 1508 1754 I commit_sys_config_file: [settings-1-0,5]
12-01 09:05:06.898 1508 1647 I sysui_latency: [8,79]
12-01 09:05:07.029 1508 1508 I service_manager_stats: [100,77,41281]
12-01 09:05:08.351 0 0 I auditd : type=1400 audit(0.0:20055): avc: denied { kill } for comm="swapper/2" capability=5 scontext=u:r:kernel:s0 tcontext=u:r:kernel:s0 tclass=capability permissive=0
12-01 09:05:10.351 0 0 I auditd : type=1400 audit(0.0:20056): avc: denied { kill } for comm="swapper/2" capability=5 scontext=u:r:kernel:s0 tcontext=u:r:kernel:s0 tclass=capability permissive=0
12-01 09:05:10.536 1508 9856 I wm_task_moved: [1,1,8]
12-01 09:05:10.539 1508 9856 I wm_focused_root_task: [0,0,1,325,RecentsAnimation.onAnimationFinished()]
12-01 09:05:10.539 29140 29140 I wm_on_top_resumed_lost_called: [181900163,com.android.music.MusicBrowserActivity,topStateChangedWhenResumed]
12-01 09:05:10.539 1508 9856 I wm_pause_activity: [0,181900163,com.android.music/.MusicBrowserActivity,userLeaving=false,pauseBackTasks]
12-01 09:05:10.540 1508 9856 I wm_set_resumed_activity: [0,com.android.launcher3/.uioverrides.QuickstepLauncher,resumeTopActivityInnerLocked]
12-01 09:05:10.542 1508 9856 I wm_resume_activity: [0,103113767,10,com.android.launcher3/.uioverrides.QuickstepLauncher]
12-01 09:05:10.543 1508 9856 I wm_add_to_stopping: [0,181900163,com.android.music/.MusicBrowserActivity,makeInvisible]
12-01 09:05:10.544 2822 2822 I wm_on_resume_called: [103113767,com.android.launcher3.uioverrides.QuickstepLauncher,RESUME_ACTIVITY]
12-01 09:05:10.547 1508 1637 I input_focus: [Focus request e9e80a1 com.android.launcher3/com.android.launcher3.uioverrides.QuickstepLauncher,reason=UpdateInputWindows]
12-01 09:05:10.548 29140 29140 I wm_on_paused_called: [181900163,com.android.music.MusicBrowserActivity,performPause]
12-01 09:05:10.555 1508 2005 I input_focus: [Focus leaving recents_animation_input_consumer (server),reason=NOT_VISIBLE]
12-01 09:05:10.558 1508 1636 I sysui_multi_action: [757,803,799,window_time_0,802,6]
12-01 09:05:10.562 1508 1636 I wm_stop_activity: [0,181900163,com.android.music/.MusicBrowserActivity]
12-01 09:05:10.562 1508 1636 I sysui_multi_action: [757,803,799,window_time_0,802,0]
12-01 09:05:10.566 29140 29140 I wm_on_stop_called: [181900163,com.android.music.MusicBrowserActivity,STOP_ACTIVITY_ITEM]
12-01 09:05:10.570 1508 2005 I input_focus: [Focus entering e9e80a1 com.android.launcher3/com.android.launcher3.uioverrides.QuickstepLauncher (server),reason=setFocusedWindow]
12-01 09:05:10.572 2822 2822 I wm_on_top_resumed_gained_called: [103113767,com.android.launcher3.uioverrides.QuickstepLauncher,topStateChangedWhenResumed]
12-01 09:05:10.771 1508 1754 I commit_sys_config_file: [settings-1-0,5]
12-01 09:05:11.351 0 0 I auditd : type=1400 audit(0.0:20057): avc: denied { kill } for comm="swapper/2" capability=5 scontext=u:r:kernel:s0 tcontext=u:r:kernel:s0 tclass=capability permissive=0
12-01 09:05:12.351 0 0 I auditd : type=1400 audit(0.0:20058): avc: denied { kill } for comm="swapper/1" capability=5 scontext=u:r:kernel:s0 tcontext=u:r:kernel:s0 tclass=capability permissive=0
12-01 09:05:12.435 1508 2005 I input_interaction: Interaction with: e9e80a1 com.android.launcher3/com.android.launcher3.uioverrides.QuickstepLauncher (server), 5ecd4a7 com.android.systemui.ImageWallpaper (server), edge-swipe (server), swipe-up (server), PointerEventDispatcher0 (server),
12-01 09:05:12.600 1508 9856 I wm_task_moved: [1,1,8]
12-01 09:05:12.601 1508 9856 I wm_set_resumed_activity: [0,com.android.launcher3/.uioverrides.QuickstepLauncher,positionChildAt]
12-01 09:05:12.602 1508 9856 I wm_task_moved: [325,1,8]
12-01 09:05:12.602 1508 9856 I wm_focused_root_task: [0,0,325,1,moveTaskToFront findTaskToMoveToFront]
12-01 09:05:12.603 1508 9856 I wm_set_resumed_activity: [0,com.android.music/.MusicBrowserActivity,moveTaskToFront findTaskToMoveToFront]
12-01 09:05:12.603 29140 29140 I wm_on_restart_called: [181900163,com.android.music.MusicBrowserActivity,performRestartActivity]
12-01 09:05:12.605 1508 9856 I wm_set_resumed_activity: [0,com.android.music/.MusicBrowserActivity,resumeTopActivityInnerLocked]
12-01 09:05:12.608 1508 9856 I wm_relaunch_resume_activity: [0,181900163,325,com.android.music/.MusicBrowserActivity]
12-01 09:05:12.620 2822 2822 I wm_on_top_resumed_lost_called: [103113767,com.android.launcher3.uioverrides.QuickstepLauncher,topStateChangedWhenResumed]
12-01 09:05:12.634 29140 29140 I wm_on_start_called: [181900163,com.android.music.MusicBrowserActivity,handleStartActivity]
12-01 09:05:12.643 1508 1637 I input_focus: [Focus request 2a20d51 com.android.music/com.android.music.MusicBrowserActivity,reason=UpdateInputWindows]
12-01 09:05:12.676 1508 2005 I input_focus: [Focus leaving e9e80a1 com.android.launcher3/com.android.launcher3.uioverrides.QuickstepLauncher (server),reason=Waiting for window because NOT_VISIBLE]
12-01 09:05:12.691 1508 1508 I notification_enqueue: [10086,29140,com.android.music,1,NULL,0,Notification(channel=Channel-music shortcut=null contentView=null vibrate=null sound=null defaults=0x0 flags=0x40 color=0x00000000 category=transport actions=4 vis=PRIVATE),1]
12-01 09:05:12.692 29140 29140 I wm_on_stop_called: [181900163,com.android.music.MusicBrowserActivity,handleRelaunchActivity]
12-01 09:05:12.694 29140 29140 I wm_on_destroy_called: [181900163,com.android.music.MusicBrowserActivity,performDestroy]
12-01 09:05:12.701 1508 1508 I notification_enqueue: [10086,29140,com.android.music,1,NULL,0,Notification(channel=Channel-music shortcut=null contentView=null vibrate=null sound=null defaults=0x0 flags=0x40 color=0x00000000 category=transport actions=4 vis=PRIVATE),1]
12-01 09:05:12.725 29140 29140 I wm_on_create_called: [181900163,com.android.music.MusicBrowserActivity,performCreate]
12-01 09:05:12.731 29140 29140 I wm_on_start_called: [181900163,com.android.music.MusicBrowserActivity,handleStartActivity]
12-01 09:05:12.732 29140 29140 I wm_on_resume_called: [181900163,com.android.music.MusicBrowserActivity,RESUME_ACTIVITY]
12-01 09:05:12.734 29140 29140 I wm_on_top_resumed_gained_called: [181900163,com.android.music.MusicBrowserActivity,topStateChangedWhenResumed]
12-01 09:05:12.739 1508 1637 I input_focus: [Focus request 8a31b9c com.android.music/com.android.music.MusicBrowserActivity,reason=UpdateInputWindows]
12-01 09:05:12.752 1508 1633 I sysui_multi_action: [319,144,322,144,325,18731,757,761,758,9,759,2,806,com.android.music,871,com.android.music.MusicBrowserActivity,904,com.android.launcher3,905,0,1320,8,1321,5]
12-01 09:05:12.760 1508 1508 I notification_enqueue: [10086,29140,com.android.music,1,NULL,0,Notification(channel=Channel-music shortcut=null contentView=null vibrate=null sound=null defaults=0x0 flags=0x40 color=0x00000000 category=transport actions=4 vis=PRIVATE),1]
12-01 09:05:12.760 1508 2005 I input_focus: [Focus entering 8a31b9c com.android.music/com.android.music.MusicBrowserActivity (server),reason=setFocusedWindow]
12-01 09:05:12.761 1508 1508 I notification_enqueue: [10086,29140,com.android.music,1,NULL,0,Notification(channel=Channel-music shortcut=null contentView=null vibrate=null sound=null defaults=0x0 flags=0x40 color=0x00000000 category=transport actions=4 vis=PRIVATE),1]
12-01 09:05:12.776 1508 1508 I notification_enqueue: [10086,29140,com.android.music,1,NULL,0,Notification(channel=Channel-music shortcut=null contentView=null vibrate=null sound=null defaults=0x0 flags=0x40 color=0x00000000 category=transport actions=4 vis=PRIVATE),1]
12-01 09:05:12.779 1508 1508 I notification_enqueue: [10086,29140,com.android.music,1,NULL,0,Notification(channel=Channel-music shortcut=null contentView=null vibrate=null sound=null defaults=0x0 flags=0x40 color=0x00000000 category=transport actions=4 vis=PRIVATE),1]
12-01 09:05:12.791 1508 1508 I notification_enqueue: [10086,29140,com.android.music,1,NULL,0,Notification(channel=Channel-music shortcut=null contentView=null vibrate=null sound=null defaults=0x0 flags=0x40 color=0x00000000 category=transport actions=4 vis=PRIVATE),1]
12-01 09:05:12.793 1508 1508 I notification_enqueue: [10086,29140,com.android.music,1,NULL,0,Notification(channel=Channel-music shortcut=null contentView=null vibrate=null sound=null defaults=0x0 flags=0x40 color=0x00000000 category=transport actions=4 vis=PRIVATE),1]
12-01 09:05:14.351 0 0 I auditd : type=1400 audit(0.0:20059): avc: denied { kill } for comm="swapper/1" capability=5 scontext=u:r:kernel:s0 tcontext=u:r:kernel:s0 tclass=capability permissive=0
12-01 09:05:14.907 1508 2005 I input_interaction: Interaction with: 8a31b9c com.android.music/com.android.music.MusicBrowserActivity (server), edge-swipe (server), swipe-up (server), PointerEventDispatcher0 (server),
12-01 09:05:15.046 1508 6993 I wm_relaunch_resume_activity: [0,181900163,325,com.android.music/.MusicBrowserActivity]
12-01 09:05:15.046 1508 6993 I wm_add_to_stopping: [0,103113767,com.android.launcher3/.uioverrides.QuickstepLauncher,makeInvisible]
12-01 09:05:15.057 29140 29140 I wm_on_top_resumed_lost_called: [181900163,com.android.music.MusicBrowserActivity,pausing]
12-01 09:05:15.057 29140 29140 I wm_on_paused_called: [181900163,com.android.music.MusicBrowserActivity,performPause]
12-01 09:05:15.059 29140 29140 I wm_on_stop_called: [181900163,com.android.music.MusicBrowserActivity,handleRelaunchActivity]
12-01 09:05:15.076 29140 29140 I wm_on_destroy_called: [181900163,com.android.music.MusicBrowserActivity,performDestroy]
12-01 09:05:15.082 1508 1647 I am_pss : [29140,10086,com.android.music,56187904,51695616,0,176918528,0,2,8]
12-01 09:05:15.101 29140 29140 I wm_on_create_called: [181900163,com.android.music.MusicBrowserActivity,performCreate]
12-01 09:05:15.112 29140 29140 I wm_on_start_called: [181900163,com.android.music.MusicBrowserActivity,handleStartActivity]
12-01 09:05:15.112 29140 29140 I wm_on_resume_called: [181900163,com.android.music.MusicBrowserActivity,RESUME_ACTIVITY]
12-01 09:05:15.113 29140 29140 I wm_on_top_resumed_gained_called: [181900163,com.android.music.MusicBrowserActivity,topWhenResuming]
12-01 09:05:15.139 1508 1508 I notification_enqueue: [10086,29140,com.android.music,1,NULL,0,Notification(channel=Channel-music shortcut=null contentView=null vibrate=null sound=null defaults=0x0 flags=0x40 color=0x00000000 category=transport actions=4 vis=PRIVATE),1]
12-01 09:05:15.143 1508 1508 I notification_enqueue: [10086,29140,com.android.music,1,NULL,0,Notification(channel=Channel-music shortcut=null contentView=null vibrate=null sound=null defaults=0x0 flags=0x40 color=0x00000000 category=transport actions=4 vis=PRIVATE),1]
12-01 09:05:15.156 1508 1508 I notification_enqueue: [10086,29140,com.android.music,1,NULL,0,Notification(channel=Channel-music shortcut=null contentView=null vibrate=null sound=null defaults=0x0 flags=0x40 color=0x00000000 category=transport actions=4 vis=PRIVATE),1]
12-01 09:05:15.162 1508 1508 I notification_enqueue: [10086,29140,com.android.music,1,NULL,0,Notification(channel=Channel-music shortcut=null contentView=null vibrate=null sound=null defaults=0x0 flags=0x40 color=0x00000000 category=transport actions=4 vis=PRIVATE),1]
12-01 09:05:15.173 1508 1508 I notification_enqueue: [10086,29140,com.android.music,1,NULL,0,Notification(channel=Channel-music shortcut=null contentView=null vibrate=null sound=null defaults=0x0 flags=0x40 color=0x00000000 category=transport actions=4 vis=PRIVATE),1]
12-01 09:05:15.175 1508 1508 I notification_enqueue: [10086,29140,com.android.music,1,NULL,0,Notification(channel=Channel-music shortcut=null contentView=null vibrate=null sound=null defaults=0x0 flags=0x40 color=0x00000000 category=transport actions=4 vis=PRIVATE),1]
12-01 09:05:15.465 1508 1636 I wm_stop_activity: [0,103113767,com.android.launcher3/.uioverrides.QuickstepLauncher]
12-01 09:05:15.465 2822 2822 I wm_on_paused_called: [103113767,com.android.launcher3.uioverrides.QuickstepLauncher,performPause]
12-01 09:05:15.491 2822 2822 I wm_on_stop_called: [103113767,com.android.launcher3.uioverrides.QuickstepLauncher,STOP_ACTIVITY_ITEM]
12-01 09:05:16.351 0 0 I auditd : type=1400 audit(0.0:20060): avc: denied { kill } for comm="swapper/1" capability=5 scontext=u:r:kernel:s0 tcontext=u:r:kernel:s0 tclass=capability permissive=0
12-01 09:05:17.246 1508 8059 I wm_task_moved: [1,0,0]
12-01 09:05:17.247 1508 8059 I wm_task_moved: [1,0,7]
12-01 09:05:17.259 29140 29140 I view_enqueue_input_event: [Motion - Cancel,com.android.music/com.android.music.MusicBrowserActivity]
12-01 09:05:17.265 1508 2005 I input_interaction: Interaction with: edge-swipe (server), swipe-up (server), PointerEventDispatcher0 (server),
12-01 09:05:17.275 2822 2822 I wm_on_restart_called: [103113767,com.android.launcher3.uioverrides.QuickstepLauncher,performRestartActivity]
12-01 09:05:17.276 1508 1637 I input_focus: [Focus request recents_animation_input_consumer,reason=UpdateInputWindows]
12-01 09:05:17.288 2822 2822 I wm_on_start_called: [103113767,com.android.launcher3.uioverrides.QuickstepLauncher,handleStartActivity]
12-01 09:05:17.299 2822 2822 I sysui_latency: [1,62]
12-01 09:05:17.303 1508 2005 I input_focus: [Focus leaving 8a31b9c com.android.music/com.android.music.MusicBrowserActivity (server),reason=NOT_FOCUSABLE]
12-01 09:05:17.304 1508 2005 I input_focus: [Focus entering recents_animation_input_consumer (server),reason=setFocusedWindow]
12-01 09:05:17.318 1508 1633 I sysui_multi_action: [319,14,322,62,325,18735,757,761,758,9,759,5,806,com.android.launcher3,871,com.android.launcher3.uioverrides.QuickstepLauncher,905,0,1320,8,1321,5]
12-01 09:05:17.494 1508 1754 I commit_sys_config_file: [settings-1-0,6]
12-01 09:05:17.610 1508 1647 I sysui_latency: [8,68]
12-01 09:05:18.066 1508 8059 I wm_task_moved: [1,1,8]
12-01 09:05:18.066 1508 8059 I wm_task_moved: [10,1,2147483647]
12-01 09:05:18.066 1508 8059 I wm_task_to_front: [0,10]
12-01 09:05:18.066 1508 8059 I wm_focused_root_task: [0,0,1,325,RecentsAnimation.onAnimationFinished()]
12-01 09:05:18.067 29140 29140 I wm_on_top_resumed_lost_called: [181900163,com.android.music.MusicBrowserActivity,topStateChangedWhenResumed]
12-01 09:05:18.067 1508 8059 I wm_set_resumed_activity: [0,com.android.launcher3/.uioverrides.QuickstepLauncher,RecentsAnimation.onAnimationFinished()]
12-01 09:05:18.068 1508 8059 I wm_pause_activity: [0,181900163,com.android.music/.MusicBrowserActivity,userLeaving=true,pauseBackTasks]
12-01 09:05:18.068 1508 2005 I input_interaction: Interaction with: beea6f9 StatusBar (server), edge-swipe (server), swipe-up (server), PointerEventDispatcher0 (server),
12-01 09:05:18.069 1508 8059 I wm_add_to_stopping: [0,181900163,com.android.music/.MusicBrowserActivity,makeInvisible]
12-01 09:05:18.069 1508 8059 I wm_set_resumed_activity: [0,com.android.launcher3/.uioverrides.QuickstepLauncher,resumeTopActivityInnerLocked]
12-01 09:05:18.071 1508 8059 I wm_resume_activity: [0,103113767,10,com.android.launcher3/.uioverrides.QuickstepLauncher]
12-01 09:05:18.077 1508 1637 I input_focus: [Focus request e9e80a1 com.android.launcher3/com.android.launcher3.uioverrides.QuickstepLauncher,reason=UpdateInputWindows]
12-01 09:05:18.081 18856 18856 I sysui_multi_action: [757,803,799,panel_open,802,1]
12-01 09:05:18.081 18856 18856 I sysui_multi_action: [757,1328,758,4,1326,28,1327,0,1329,0]
12-01 09:05:18.083 29140 29140 I wm_on_paused_called: [181900163,com.android.music.MusicBrowserActivity,performPause]
12-01 09:05:18.088 2822 2822 I wm_on_resume_called: [103113767,com.android.launcher3.uioverrides.QuickstepLauncher,RESUME_ACTIVITY]
12-01 09:05:18.089 2822 2822 I wm_on_top_resumed_gained_called: [103113767,com.android.launcher3.uioverrides.QuickstepLauncher,topStateChangedWhenResumed]
12-01 09:05:18.090 1508 2005 I input_focus: [Focus leaving recents_animation_input_consumer (server),reason=NOT_VISIBLE]
12-01 09:05:18.090 1508 2005 I input_focus: [Focus entering e9e80a1 com.android.launcher3/com.android.launcher3.uioverrides.QuickstepLauncher (server),reason=setFocusedWindow]
12-01 09:05:18.101 1508 1636 I wm_stop_activity: [0,181900163,com.android.music/.MusicBrowserActivity]
12-01 09:05:18.101 1508 1636 I sysui_multi_action: [757,803,799,window_time_0,802,7]
12-01 09:05:18.113 29140 29140 I wm_on_stop_called: [181900163,com.android.music.MusicBrowserActivity,STOP_ACTIVITY_ITEM]
12-01 09:05:18.123 1508 1636 I sysui_multi_action: [757,803,799,window_time_0,802,0]
12-01 09:05:18.131 1508 1647 I am_pss : [29766,10061,com.android.soundrecorder,12828672,9531392,0,123355136,0,16,6]
12-01 09:05:18.140 1508 1647 I am_pss : [29377,10064,com.android.gallery3d,33361920,28364800,0,155160576,0,19,8]
12-01 09:05:18.157 1508 6928 I sysui_multi_action: [757,127,758,1]
12-01 09:05:18.157 1508 6928 I sysui_multi_action: [757,804,799,note_load,801,2,802,1]
12-01 09:05:18.157 1508 6928 I notification_panel_revealed: 2
12-01 09:05:18.159 18856 18856 I sysui_multi_action: [757,111,758,2]
12-01 09:05:18.159 18856 18856 I sysui_multi_action: [757,111,758,2]
12-01 09:05:18.159 1508 1508 I notification_enqueue: [10082,18856,com.android.systemui,2048,NULL,0,Notification(channel=updateNotification shortcut=null contentView=null vibrate=null sound=null defaults=0x0 flags=0x0 color=0x00000000 vis=PRIVATE),1]
12-01 09:05:18.172 1508 1637 I input_focus: [Focus request 7a38c54 NotificationShade,reason=UpdateInputWindows]
12-01 09:05:18.176 18856 18856 I sysui_multi_action: [757,111,758,1]
12-01 09:05:18.176 18856 18856 I sysui_multi_action: [757,126,758,1,759,126,927,0,928,1,1593,0]
12-01 09:05:18.176 18856 18856 I sysui_multi_action: [757,113,758,1,759,113,927,1,928,1,1593,0]
12-01 09:05:18.176 18856 18856 I sysui_multi_action: [757,0,758,1,759,0,927,2,928,0,1593,0]
12-01 09:05:18.176 18856 18856 I sysui_multi_action: [757,0,758,1,759,0,927,3,928,0,1593,0]
12-01 09:05:18.177 18856 18856 I sysui_multi_action: [757,491,758,1,759,491,927,4,928,0,1311,-1,1593,0]
12-01 09:05:18.177 18856 18856 I sysui_multi_action: [757,0,758,1,759,0,927,5,928,0,1593,0]
12-01 09:05:18.177 18856 18856 I sysui_multi_action: [757,111,758,1]
12-01 09:05:18.177 18856 18856 I sysui_multi_action: [757,126,758,1,759,126,927,0,928,1,1593,0]
12-01 09:05:18.177 18856 18856 I sysui_multi_action: [757,113,758,1,759,113,927,1,928,1,1593,0]
12-01 09:05:18.177 18856 18856 I sysui_multi_action: [757,0,758,1,759,0,927,2,928,0,1593,0]
12-01 09:05:18.177 18856 18856 I sysui_multi_action: [757,0,758,1,759,0,927,3,928,0,1593,0]
12-01 09:05:18.187 18856 18856 I sysui_multi_action: [757,111,758,2]
12-01 09:05:18.188 18856 18856 I sysui_multi_action: [757,111,758,2]
12-01 09:05:18.188 1508 1508 I notification_enqueue: [10082,18856,com.android.systemui,2048,NULL,0,Notification(channel=updateNotification shortcut=null contentView=null vibrate=null sound=null defaults=0x0 flags=0x0 color=0x00000000 vis=PRIVATE),1]
12-01 09:05:18.191 1508 2005 I input_focus: [Focus leaving e9e80a1 com.android.launcher3/com.android.launcher3.uioverrides.QuickstepLauncher (server),reason=setFocusedWindow]
12-01 09:05:18.191 1508 2005 I input_focus: [Focus entering 7a38c54 NotificationShade (server),reason=setFocusedWindow]
12-01 09:05:18.191 18856 18856 I sysui_multi_action: [757,111,758,1]
12-01 09:05:18.191 18856 18856 I sysui_multi_action: [757,126,758,1,759,126,927,0,928,1,1593,1]
12-01 09:05:18.191 18856 18856 I sysui_multi_action: [757,113,758,1,759,113,927,1,928,1,1593,1]
12-01 09:05:18.192 18856 18856 I sysui_multi_action: [757,0,758,1,759,0,927,2,928,0,1593,1]
12-01 09:05:18.192 18856 18856 I sysui_multi_action: [757,0,758,1,759,0,927,3,928,0,1593,1]
12-01 09:05:18.192 18856 18856 I sysui_multi_action: [757,491,758,1,759,491,927,4,928,0,1311,-1,1593,0]
12-01 09:05:18.192 18856 18856 I sysui_multi_action: [757,0,758,1,759,0,927,5,928,0,1593,0]
12-01 09:05:18.192 18856 18856 I sysui_multi_action: [757,111,758,1]
12-01 09:05:18.192 18856 18856 I sysui_multi_action: [757,126,758,1,759,126,927,0,928,1,1593,1]
12-01 09:05:18.192 18856 18856 I sysui_multi_action: [757,113,758,1,759,113,927,1,928,1,1593,1]
12-01 09:05:18.192 18856 18856 I sysui_multi_action: [757,0,758,1,759,0,927,2,928,0,1593,1]
12-01 09:05:18.192 18856 18856 I sysui_multi_action: [757,0,758,1,759,0,927,3,928,0,1593,1]
12-01 09:05:18.208 18856 18856 I sysui_multi_action: [757,111,758,2]
12-01 09:05:18.208 1508 1508 I notification_enqueue: [10082,18856,com.android.systemui,2048,NULL,0,Notification(channel=updateNotification shortcut=null contentView=null vibrate=null sound=null defaults=0x0 flags=0x0 color=0x00000000 vis=PRIVATE),1]
12-01 09:05:18.209 18856 18856 I sysui_multi_action: [757,111,758,2]
12-01 09:05:18.214 18856 18856 I sysui_multi_action: [757,111,758,1]
12-01 09:05:18.214 18856 18856 I sysui_multi_action: [757,126,758,1,759,126,927,0,928,1,1593,1]
12-01 09:05:18.214 18856 18856 I sysui_multi_action: [757,113,758,1,759,113,927,1,928,1,1593,1]
12-01 09:05:18.214 18856 18856 I sysui_multi_action: [757,0,758,1,759,0,927,2,928,0,1593,1]
12-01 09:05:18.214 18856 18856 I sysui_multi_action: [757,0,758,1,759,0,927,3,928,0,1593,1]
12-01 09:05:18.214 18856 18856 I sysui_multi_action: [757,491,758,1,759,491,927,4,928,0,1311,-1,1593,0]
12-01 09:05:18.214 18856 18856 I sysui_multi_action: [757,0,758,1,759,0,927,5,928,0,1593,0]
12-01 09:05:18.214 18856 18856 I sysui_multi_action: [757,111,758,1]
12-01 09:05:18.214 18856 18856 I sysui_multi_action: [757,126,758,1,759,126,927,0,928,1,1593,1]
12-01 09:05:18.214 18856 18856 I sysui_multi_action: [757,113,758,1,759,113,927,1,928,1,1593,1]
12-01 09:05:18.214 18856 18856 I sysui_multi_action: [757,0,758,1,759,0,927,2,928,0,1593,1]
12-01 09:05:18.214 18856 18856 I sysui_multi_action: [757,0,758,1,759,0,927,3,928,0,1593,1]
12-01 09:05:18.229 1508 1508 I notification_enqueue: [10082,18856,com.android.systemui,2048,NULL,0,Notification(channel=updateNotification shortcut=null contentView=null vibrate=null sound=null defaults=0x0 flags=0x0 color=0x00000000 vis=PRIVATE),1]
12-01 09:05:18.229 18856 18856 I sysui_multi_action: [757,111,758,2]
12-01 09:05:18.229 18856 18856 I sysui_multi_action: [757,111,758,2]
12-01 09:05:18.233 18856 18856 I sysui_multi_action: [757,111,758,1]
12-01 09:05:18.233 18856 18856 I sysui_multi_action: [757,126,758,1,759,126,927,0,928,1,1593,1]
12-01 09:05:18.233 18856 18856 I sysui_multi_action: [757,113,758,1,759,113,927,1,928,1,1593,1]
12-01 09:05:18.233 18856 18856 I sysui_multi_action: [757,0,758,1,759,0,927,2,928,0,1593,1]
12-01 09:05:18.233 18856 18856 I sysui_multi_action: [757,0,758,1,759,0,927,3,928,0,1593,1]
12-01 09:05:18.233 18856 18856 I sysui_multi_action: [757,491,758,1,759,491,927,4,928,0,1311,-1,1593,0]
12-01 09:05:18.233 18856 18856 I sysui_multi_action: [757,0,758,1,759,0,927,5,928,0,1593,0]
12-01 09:05:18.233 18856 18856 I sysui_multi_action: [757,111,758,1]
12-01 09:05:18.233 18856 18856 I sysui_multi_action: [757,126,758,1,759,126,927,0,928,1,1593,1]
12-01 09:05:18.233 18856 18856 I sysui_multi_action: [757,113,758,1,759,113,927,1,928,1,1593,1]
12-01 09:05:18.233 18856 18856 I sysui_multi_action: [757,0,758,1,759,0,927,2,928,0,1593,1]
12-01 09:05:18.233 18856 18856 I sysui_multi_action: [757,0,758,1,759,0,927,3,928,0,1593,1]
12-01 09:05:18.244 18856 18856 I sysui_multi_action: [757,111,758,2]
12-01 09:05:18.244 1508 1508 I notification_enqueue: [10082,18856,com.android.systemui,2048,NULL,0,Notification(channel=updateNotification shortcut=null contentView=null vibrate=null sound=null defaults=0x0 flags=0x0 color=0x00000000 vis=PRIVATE),1]
12-01 09:05:18.244 18856 18856 I sysui_multi_action: [757,111,758,2]
12-01 09:05:18.250 18856 18856 I sysui_multi_action: [757,111,758,1]
12-01 09:05:18.250 18856 18856 I sysui_multi_action: [757,126,758,1,759,126,927,0,928,1,1593,1]
12-01 09:05:18.250 18856 18856 I sysui_multi_action: [757,113,758,1,759,113,927,1,928,1,1593,1]
12-01 09:05:18.250 18856 18856 I sysui_multi_action: [757,0,758,1,759,0,927,2,928,0,1593,1]
12-01 09:05:18.250 18856 18856 I sysui_multi_action: [757,0,758,1,759,0,927,3,928,0,1593,1]
12-01 09:05:18.250 18856 18856 I sysui_multi_action: [757,491,758,1,759,491,927,4,928,0,1311,-1,1593,0]
12-01 09:05:18.250 18856 18856 I sysui_multi_action: [757,0,758,1,759,0,927,5,928,0,1593,0]
12-01 09:05:18.250 18856 18856 I sysui_multi_action: [757,111,758,1]
12-01 09:05:18.250 18856 18856 I sysui_multi_action: [757,126,758,1,759,126,927,0,928,1,1593,1]
12-01 09:05:18.250 18856 18856 I sysui_multi_action: [757,113,758,1,759,113,927,1,928,1,1593,1]
12-01 09:05:18.250 18856 18856 I sysui_multi_action: [757,0,758,1,759,0,927,2,928,0,1593,1]
12-01 09:05:18.250 18856 18856 I sysui_multi_action: [757,0,758,1,759,0,927,3,928,0,1593,1]
12-01 09:05:18.262 18856 18856 I sysui_multi_action: [757,111,758,2]
12-01 09:05:18.262 1508 1508 I notification_enqueue: [10082,18856,com.android.systemui,2048,NULL,0,Notification(channel=updateNotification shortcut=null contentView=null vibrate=null sound=null defaults=0x0 flags=0x0 color=0x00000000 vis=PRIVATE),1]
12-01 09:05:18.262 18856 18856 I sysui_multi_action: [757,111,758,2]
12-01 09:05:18.266 18856 18856 I sysui_multi_action: [757,111,758,1]
12-01 09:05:18.266 18856 18856 I sysui_multi_action: [757,126,758,1,759,126,927,0,928,1,1593,1]
12-01 09:05:18.266 18856 18856 I sysui_multi_action: [757,113,758,1,759,113,927,1,928,1,1593,1]
12-01 09:05:18.266 18856 18856 I sysui_multi_action: [757,0,758,1,759,0,927,2,928,0,1593,1]
12-01 09:05:18.266 18856 18856 I sysui_multi_action: [757,0,758,1,759,0,927,3,928,0,1593,1]
12-01 09:05:18.266 18856 18856 I sysui_multi_action: [757,491,758,1,759,491,927,4,928,0,1311,-1,1593,0]
12-01 09:05:18.266 18856 18856 I sysui_multi_action: [757,0,758,1,759,0,927,5,928,0,1593,0]
12-01 09:05:18.266 18856 18856 I sysui_multi_action: [757,111,758,1]
12-01 09:05:18.266 18856 18856 I sysui_multi_action: [757,126,758,1,759,126,927,0,928,1,1593,1]
12-01 09:05:18.266 18856 18856 I sysui_multi_action: [757,113,758,1,759,113,927,1,928,1,1593,1]
12-01 09:05:18.266 18856 18856 I sysui_multi_action: [757,0,758,1,759,0,927,2,928,0,1593,1]
12-01 09:05:18.266 18856 18856 I sysui_multi_action: [757,0,758,1,759,0,927,3,928,0,1593,1]
12-01 09:05:18.278 1508 1508 I notification_enqueue: [10082,18856,com.android.systemui,2048,NULL,0,Notification(channel=updateNotification shortcut=null contentView=null vibrate=null sound=null defaults=0x0 flags=0x0 color=0x00000000 vis=PRIVATE),1]
12-01 09:05:18.278 18856 18856 I sysui_multi_action: [757,111,758,2]
12-01 09:05:18.278 18856 18856 I sysui_multi_action: [757,111,758,2]
12-01 09:05:18.282 18856 18856 I sysui_multi_action: [757,111,758,1]
12-01 09:05:18.282 18856 18856 I sysui_multi_action: [757,126,758,1,759,126,927,0,928,1,1593,1]
12-01 09:05:18.282 18856 18856 I sysui_multi_action: [757,113,758,1,759,113,927,1,928,1,1593,1]
12-01 09:05:18.282 18856 18856 I sysui_multi_action: [757,0,758,1,759,0,927,2,928,0,1593,1]
12-01 09:05:18.282 18856 18856 I sysui_multi_action: [757,0,758,1,759,0,927,3,928,0,1593,1]
12-01 09:05:18.282 18856 18856 I sysui_multi_action: [757,491,758,1,759,491,927,4,928,0,1311,-1,1593,0]
12-01 09:05:18.282 18856 18856 I sysui_multi_action: [757,0,758,1,759,0,927,5,928,0,1593,0]
12-01 09:05:18.282 18856 18856 I sysui_multi_action: [757,111,758,1]
12-01 09:05:18.282 18856 18856 I sysui_multi_action: [757,126,758,1,759,126,927,0,928,1,1593,1]
12-01 09:05:18.282 18856 18856 I sysui_multi_action: [757,113,758,1,759,113,927,1,928,1,1593,1]
12-01 09:05:18.282 18856 18856 I sysui_multi_action: [757,0,758,1,759,0,927,2,928,0,1593,1]
12-01 09:05:18.283 18856 18856 I sysui_multi_action: [757,0,758,1,759,0,927,3,928,0,1593,1]
12-01 09:05:18.294 18856 18856 I sysui_multi_action: [757,111,758,2]
12-01 09:05:18.295 1508 1508 I notification_enqueue: [10082,18856,com.android.systemui,2048,NULL,0,Notification(channel=updateNotification shortcut=null contentView=null vibrate=null sound=null defaults=0x0 flags=0x0 color=0x00000000 vis=PRIVATE),1]
12-01 09:05:18.295 18856 18856 I sysui_multi_action: [757,111,758,2]
12-01 09:05:18.298 18856 18856 I sysui_multi_action: [757,111,758,1]
12-01 09:05:18.298 18856 18856 I sysui_multi_action: [757,126,758,1,759,126,927,0,928,1,1593,1]
12-01 09:05:18.298 18856 18856 I sysui_multi_action: [757,113,758,1,759,113,927,1,928,1,1593,1]
12-01 09:05:18.298 18856 18856 I sysui_multi_action: [757,0,758,1,759,0,927,2,928,0,1593,1]
12-01 09:05:18.298 18856 18856 I sysui_multi_action: [757,0,758,1,759,0,927,3,928,0,1593,1]
12-01 09:05:18.298 18856 18856 I sysui_multi_action: [757,491,758,1,759,491,927,4,928,0,1311,-1,1593,0]
12-01 09:05:18.298 18856 18856 I sysui_multi_action: [757,0,758,1,759,0,927,5,928,0,1593,0]
12-01 09:05:18.298 18856 18856 I sysui_multi_action: [757,111,758,1]
12-01 09:05:18.299 18856 18856 I sysui_multi_action: [757,126,758,1,759,126,927,0,928,1,1593,1]
12-01 09:05:18.299 18856 18856 I sysui_multi_action: [757,113,758,1,759,113,927,1,928,1,1593,1]
12-01 09:05:18.299 18856 18856 I sysui_multi_action: [757,0,758,1,759,0,927,2,928,0,1593,1]
12-01 09:05:18.299 18856 18856 I sysui_multi_action: [757,0,758,1,759,0,927,3,928,0,1593,1]
12-01 09:05:18.312 18856 18856 I sysui_multi_action: [757,111,758,2]
12-01 09:05:18.312 1508 1508 I notification_enqueue: [10082,18856,com.android.systemui,2048,NULL,0,Notification(channel=updateNotification shortcut=null contentView=null vibrate=null sound=null defaults=0x0 flags=0x0 color=0x00000000 vis=PRIVATE),1]
12-01 09:05:18.312 18856 18856 I sysui_multi_action: [757,111,758,2]
12-01 09:05:18.315 18856 18856 I sysui_multi_action: [757,111,758,1]
12-01 09:05:18.315 18856 18856 I sysui_multi_action: [757,126,758,1,759,126,927,0,928,1,1593,1]
12-01 09:05:18.315 18856 18856 I sysui_multi_action: [757,113,758,1,759,113,927,1,928,1,1593,1]
12-01 09:05:18.315 18856 18856 I sysui_multi_action: [757,0,758,1,759,0,927,2,928,0,1593,1]
12-01 09:05:18.315 18856 18856 I sysui_multi_action: [757,0,758,1,759,0,927,3,928,0,1593,1]
12-01 09:05:18.316 18856 18856 I sysui_multi_action: [757,491,758,1,759,491,927,4,928,0,1311,-1,1593,0]
12-01 09:05:18.316 18856 18856 I sysui_multi_action: [757,0,758,1,759,0,927,5,928,0,1593,0]
12-01 09:05:18.316 18856 18856 I sysui_multi_action: [757,111,758,1]
12-01 09:05:18.316 18856 18856 I sysui_multi_action: [757,126,758,1,759,126,927,0,928,1,1593,1]
12-01 09:05:18.316 18856 18856 I sysui_multi_action: [757,113,758,1,759,113,927,1,928,1,1593,1]
12-01 09:05:18.316 18856 18856 I sysui_multi_action: [757,0,758,1,759,0,927,2,928,0,1593,1]
12-01 09:05:18.316 18856 18856 I sysui_multi_action: [757,0,758,1,759,0,927,3,928,0,1593,1]
12-01 09:05:18.327 18856 18856 I sysui_multi_action: [757,111,758,2]
12-01 09:05:18.327 1508 1508 I notification_enqueue: [10082,18856,com.android.systemui,2048,NULL,0,Notification(channel=updateNotification shortcut=null contentView=null vibrate=null sound=null defaults=0x0 flags=0x0 color=0x00000000 vis=PRIVATE),1]
12-01 09:05:18.327 18856 18856 I sysui_multi_action: [757,111,758,2]
12-01 09:05:18.331 18856 18856 I sysui_multi_action: [757,111,758,1]
12-01 09:05:18.331 18856 18856 I sysui_multi_action: [757,126,758,1,759,126,927,0,928,1,1593,1]
12-01 09:05:18.331 18856 18856 I sysui_multi_action: [757,113,758,1,759,113,927,1,928,1,1593,1]
12-01 09:05:18.331 18856 18856 I sysui_multi_action: [757,0,758,1,759,0,927,2,928,0,1593,1]
