12-01 09:06:47.127 1508 2437 I wm_add_to_stopping: [0,103113767,com.android.launcher3/.uioverrides.QuickstepLauncher,makeInvisible]
12-01 09:06:47.134 1508 1637 I input_focus: [Focus request 57a1243 com.android.deskclock/com.android.deskclock.DeskClock,reason=UpdateInputWindows]
12-01 09:06:47.135 1508 1636 I wm_stop_activity: [0,103113767,com.android.launcher3/.uioverrides.QuickstepLauncher]
12-01 09:06:47.142 1508 2005 I input_focus: [Focus leaving recents_animation_input_consumer (server),reason=NOT_VISIBLE]
12-01 09:06:47.142 1508 2005 I input_focus: [Focus entering 57a1243 com.android.deskclock/com.android.deskclock.DeskClock (server),reason=setFocusedWindow]
12-01 09:06:47.183 2822 2822 I wm_on_stop_called: [103113767,com.android.launcher3.uioverrides.QuickstepLauncher,STOP_ACTIVITY_ITEM]
12-01 09:06:47.351 0 0 I auditd : type=1400 audit(0.0:20129): avc: denied { kill } for comm="swapper/2" capability=5 scontext=u:r:kernel:s0 tcontext=u:r:kernel:s0 tclass=capability permissive=0
12-01 09:06:47.377 1508 1754 I commit_sys_config_file: [settings-1-0,6]
12-01 09:06:48.049 1508 2005 I input_interaction: Interaction with: 57a1243 com.android.deskclock/com.android.deskclock.DeskClock (server), edge-swipe (server), swipe-up (server), PointerEventDispatcher0 (server),
12-01 09:06:48.068 1508 8164 I wm_task_moved: [1,0,0]
12-01 09:06:48.069 1508 8164 I wm_task_moved: [1,0,6]
12-01 09:06:48.094 2822 2822 I wm_on_restart_called: [103113767,com.android.launcher3.uioverrides.QuickstepLauncher,performRestartActivity]
12-01 09:06:48.109 2822 2822 I wm_on_start_called: [103113767,com.android.launcher3.uioverrides.QuickstepLauncher,handleStartActivity]
12-01 09:06:48.131 1508 1633 I sysui_multi_action: [319,15,322,57,325,18826,757,761,758,9,759,5,806,com.android.launcher3,871,com.android.launcher3.uioverrides.QuickstepLauncher,905,0,1320,8,1321,5]
12-01 09:06:48.133 30186 30186 I view_enqueue_input_event: [Motion - Cancel,com.android.deskclock/com.android.deskclock.DeskClock]
12-01 09:06:48.133 2822 2822 I sysui_latency: [1,70]
12-01 09:06:48.139 1508 2005 I input_interaction: Interaction with: edge-swipe (server), swipe-up (server), PointerEventDispatcher0 (server),
12-01 09:06:48.142 1508 1637 I input_focus: [Focus request recents_animation_input_consumer,reason=UpdateInputWindows]
12-01 09:06:48.171 1508 2005 I input_focus: [Focus leaving 57a1243 com.android.deskclock/com.android.deskclock.DeskClock (server),reason=NOT_FOCUSABLE]
12-01 09:06:48.172 1508 2005 I input_focus: [Focus entering recents_animation_input_consumer (server),reason=setFocusedWindow]
12-01 09:06:48.318 1508 1754 I commit_sys_config_file: [settings-1-0,10]
12-01 09:06:48.427 1508 1647 I sysui_latency: [8,70]
12-01 09:06:48.801 1508 8164 I wm_task_moved: [1,1,7]
12-01 09:06:48.803 1508 8164 I wm_focused_root_task: [0,0,1,337,RecentsAnimation.onAnimationFinished()]
12-01 09:06:48.803 30186 30186 I wm_on_top_resumed_lost_called: [25669478,com.android.deskclock.DeskClock,topStateChangedWhenResumed]
12-01 09:06:48.804 1508 8164 I wm_pause_activity: [0,25669478,com.android.deskclock/.DeskClock,userLeaving=false,pauseBackTasks]
12-01 09:06:48.806 1508 8164 I wm_set_resumed_activity: [0,com.android.launcher3/.uioverrides.QuickstepLauncher,resumeTopActivityInnerLocked]
12-01 09:06:48.809 1508 8164 I wm_resume_activity: [0,103113767,10,com.android.launcher3/.uioverrides.QuickstepLauncher]
12-01 09:06:48.809 1508 8164 I wm_add_to_stopping: [0,25669478,com.android.deskclock/.DeskClock,makeInvisible]
12-01 09:06:48.815 2822 2822 I wm_on_resume_called: [103113767,com.android.launcher3.uioverrides.QuickstepLauncher,RESUME_ACTIVITY]
12-01 09:06:48.817 1508 1637 I input_focus: [Focus request e9e80a1 com.android.launcher3/com.android.launcher3.uioverrides.QuickstepLauncher,reason=UpdateInputWindows]
12-01 09:06:48.818 30186 30186 I wm_on_paused_called: [25669478,com.android.deskclock.DeskClock,performPause]
12-01 09:06:48.820 1508 1636 I sysui_multi_action: [757,803,799,window_time_0,802,4]
12-01 09:06:48.822 1508 2437 I wm_stop_activity: [0,25669478,com.android.deskclock/.DeskClock]
12-01 09:06:48.824 1508 2005 I input_focus: [Focus leaving recents_animation_input_consumer (server),reason=NOT_VISIBLE]
12-01 09:06:48.825 1508 2005 I input_focus: [Focus entering e9e80a1 com.android.launcher3/com.android.launcher3.uioverrides.QuickstepLauncher (server),reason=setFocusedWindow]
12-01 09:06:48.836 2822 2822 I wm_on_top_resumed_gained_called: [103113767,com.android.launcher3.uioverrides.QuickstepLauncher,topStateChangedWhenResumed]
12-01 09:06:48.836 1508 1636 I sysui_multi_action: [757,803,799,window_time_0,802,0]
12-01 09:06:48.846 30186 30186 I wm_on_stop_called: [25669478,com.android.deskclock.DeskClock,STOP_ACTIVITY_ITEM]
12-01 09:06:49.037 1508 1754 I commit_sys_config_file: [settings-1-0,3]
12-01 09:06:49.351 0 0 I auditd : type=1400 audit(0.0:20130): avc: denied { kill } for comm="swapper/2" capability=5 scontext=u:r:kernel:s0 tcontext=u:r:kernel:s0 tclass=capability permissive=0
12-01 09:06:50.125 1508 2005 I input_interaction: Interaction with: e9e80a1 com.android.launcher3/com.android.launcher3.uioverrides.QuickstepLauncher (server), 5ecd4a7 com.android.systemui.ImageWallpaper (server), edge-swipe (server), swipe-up (server), PointerEventDispatcher0 (server),
12-01 09:06:50.251 1508 6163 I wm_task_moved: [337,1,7]
12-01 09:06:50.252 1508 6163 I wm_focused_root_task: [0,0,337,1,bringingFoundTaskToFront]
12-01 09:06:50.253 1508 6163 I wm_set_resumed_activity: [0,com.android.deskclock/.DeskClock,bringingFoundTaskToFront]
12-01 09:06:50.257 1508 6163 I wm_relaunch_resume_activity: [0,25669478,337,com.android.deskclock/.DeskClock]
12-01 09:06:50.259 1508 6163 I wm_set_resumed_activity: [0,com.android.deskclock/.DeskClock,resumeTopActivityInnerLocked]
12-01 09:06:50.260 1508 6163 I wm_resume_activity: [0,25669478,337,com.android.deskclock/.DeskClock]
12-01 09:06:50.262 1508 6163 I wm_finish_activity: [0,25669478,337,com.android.deskclock/.DeskClock,clear-task-all]
12-01 09:06:50.263 1508 6163 I wm_pause_activity: [0,25669478,com.android.deskclock/.DeskClock,userLeaving=false,finish]
12-01 09:06:50.265 1508 6163 I wm_task_moved: [337,1,7]
12-01 09:06:50.265 1508 6163 I wm_create_activity: [0,97917613,337,com.android.deskclock/.DeskClock,NULL,NULL,NULL,272662528]
12-01 09:06:50.273 2822 2822 I wm_on_top_resumed_lost_called: [103113767,com.android.launcher3.uioverrides.QuickstepLauncher,topStateChangedWhenResumed]
12-01 09:06:50.276 30186 30186 I wm_on_destroy_called: [25669478,com.android.deskclock.DeskClock,performDestroy]
12-01 09:06:50.301 1508 6163 I wm_task_created: [342,-1]
12-01 09:06:50.302 1508 6163 I wm_finish_activity: [0,97917613,337,com.android.deskclock/.DeskClock,app-request]
12-01 09:06:50.302 1508 6163 I wm_task_moved: [1,1,8]
12-01 09:06:50.302 1508 6163 I wm_set_resumed_activity: [0,com.android.launcher3/.uioverrides.QuickstepLauncher,positionChildAt]
12-01 09:06:50.302 1508 6163 I wm_task_moved: [10,1,2147483647]
12-01 09:06:50.302 1508 6163 I wm_task_to_front: [0,10]
12-01 09:06:50.302 1508 6163 I wm_focused_root_task: [0,0,1,-1,finish-top adjustFocusToNextFocusableTask]
12-01 09:06:50.302 1508 6163 I wm_set_resumed_activity: [0,com.android.launcher3/.uioverrides.QuickstepLauncher,finish-top]
12-01 09:06:50.302 2822 2822 I wm_on_top_resumed_gained_called: [103113767,com.android.launcher3.uioverrides.QuickstepLauncher,topStateChangedWhenResumed]
12-01 09:06:50.303 1508 6163 I wm_destroy_activity: [0,97917613,337,com.android.deskclock/.DeskClock,finish-imm:finishIfPossible]
12-01 09:06:50.306 1508 6163 I wm_task_moved: [342,1,8]
12-01 09:06:50.306 1508 6163 I wm_task_to_front: [0,342]
12-01 09:06:50.306 1508 6163 I wm_focused_root_task: [0,0,342,1,reuseOrNewTask]
12-01 09:06:50.306 1508 6163 I wm_create_task: [0,342]
12-01 09:06:50.306 1508 6163 I wm_create_activity: [0,251435566,342,com.android.permissioncontroller/.permission.ui.GrantPermissionsActivity,android.content.pm.action.REQUEST_PERMISSIONS,NULL,NULL,276824064]
12-01 09:06:50.306 1508 6163 I wm_task_moved: [342,1,8]
12-01 09:06:50.309 2822 2822 I wm_on_top_resumed_lost_called: [103113767,com.android.launcher3.uioverrides.QuickstepLauncher,topStateChangedWhenResumed]
12-01 09:06:50.310 1508 1637 I input_focus: [Focus request e9e80a1 com.android.launcher3/com.android.launcher3.uioverrides.QuickstepLauncher,reason=UpdateInputWindows]
12-01 09:06:50.320 30186 30186 I wm_on_create_called: [25669478,com.android.deskclock.DeskClock,performCreate]
12-01 09:06:50.342 30186 30186 I wm_on_start_called: [25669478,com.android.deskclock.DeskClock,handleStartActivity]
12-01 09:06:50.343 30186 30186 I wm_on_resume_called: [25669478,com.android.deskclock.DeskClock,RESUME_ACTIVITY]
12-01 09:06:50.351 0 0 I auditd : type=1400 audit(0.0:20131): avc: denied { kill } for comm="swapper/2" capability=5 scontext=u:r:kernel:s0 tcontext=u:r:kernel:s0 tclass=capability permissive=0
12-01 09:06:50.389 30186 30186 I wm_on_paused_called: [25669478,com.android.deskclock.DeskClock,performPause]
12-01 09:06:50.391 1508 2426 I wm_add_to_stopping: [0,25669478,com.android.deskclock/.DeskClock,completeFinishing]
12-01 09:06:50.395 1508 2426 I wm_restart_activity: [0,251435566,342,com.android.permissioncontroller/.permission.ui.GrantPermissionsActivity]
12-01 09:06:50.397 1508 2426 I wm_set_resumed_activity: [0,com.android.permissioncontroller/.permission.ui.GrantPermissionsActivity,minimalResumeActivityLocked]
12-01 09:06:50.401 1508 1636 I wm_destroy_activity: [0,25669478,337,com.android.deskclock/.DeskClock,finish-imm:idle]
12-01 09:06:50.403 1508 1636 I sysui_multi_action: [757,803,799,window_time_0,802,1]
12-01 09:06:50.418 30186 30186 I wm_on_stop_called: [25669478,com.android.deskclock.DeskClock,LIFECYCLER_STOP_ACTIVITY]
12-01 09:06:50.422 1508 8164 I wm_finish_activity: [0,251435566,342,com.android.permissioncontroller/.permission.ui.GrantPermissionsActivity,app-request]
12-01 09:06:50.422 1508 8164 I wm_task_moved: [1,1,8]
12-01 09:06:50.423 1508 8164 I wm_set_resumed_activity: [0,com.android.launcher3/.uioverrides.QuickstepLauncher,positionChildAt]
12-01 09:06:50.423 1508 8164 I wm_task_moved: [10,1,2147483647]
12-01 09:06:50.423 1508 8164 I wm_task_to_front: [0,10]
12-01 09:06:50.423 1508 8164 I wm_focused_root_task: [0,0,1,-1,finish-top adjustFocusToNextFocusableTask]
12-01 09:06:50.423 1508 8164 I wm_set_resumed_activity: [0,com.android.launcher3/.uioverrides.QuickstepLauncher,finish-top]
12-01 09:06:50.423 1508 8164 I wm_pause_activity: [0,251435566,com.android.permissioncontroller/.permission.ui.GrantPermissionsActivity,userLeaving=false,finish]
12-01 09:06:50.425 29601 29601 I wm_on_create_called: [251435566,com.android.permissioncontroller.permission.ui.GrantPermissionsActivity,performCreate]
12-01 09:06:50.425 1508 1637 I input_focus: [Focus request e9e80a1 com.android.launcher3/com.android.launcher3.uioverrides.QuickstepLauncher,reason=UpdateInputWindows]
12-01 09:06:50.426 30186 30186 I wm_on_destroy_called: [25669478,com.android.deskclock.DeskClock,performDestroy]
12-01 09:06:50.432 2822 2822 I wm_on_top_resumed_gained_called: [103113767,com.android.launcher3.uioverrides.QuickstepLauncher,topStateChangedWhenResumed]
12-01 09:06:50.434 1508 6163 I wm_destroy_activity: [0,251435566,342,com.android.permissioncontroller/.permission.ui.GrantPermissionsActivity,finish-imm:completePausedLocked]
12-01 09:06:50.437 1508 1636 I sysui_multi_action: [757,1144,758,8,806,com.android.permissioncontroller,871,com.android.permissioncontroller.permission.ui.GrantPermissionsActivity]
12-01 09:06:50.438 29601 29601 I wm_on_destroy_called: [251435566,com.android.permissioncontroller.permission.ui.GrantPermissionsActivity,performDestroy]
12-01 09:06:50.439 1508 1636 I sysui_multi_action: [757,803,799,window_time_2,802,1]
12-01 09:06:50.441 1508 2437 I wm_task_removed: [337,removeChild:removeChild last r=ActivityRecord{187af66 u0 com.android.deskclock/.DeskClock t-1 f}} in t=Task{bbaa381 #337 type=standard A=10065:com.android.deskclock U=0 visible=false mode=freeform translucent=true sz=0}]
12-01 09:06:50.441 1508 2437 I wm_task_removed: [337,removeChild]
12-01 09:06:50.443 1508 6163 I wm_task_removed: [342,removeChild:removeChild last r=ActivityRecord{efc9a2e u0 com.android.permissioncontroller/.permission.ui.GrantPermissionsActivity t-1 f}} in t=Task{6e6b4a9 #342 type=standard A=10065:com.android.deskclock U=0 visible=false mode=freeform translucent=true sz=0}]
12-01 09:06:50.443 1508 6163 I wm_task_removed: [342,removeChild]
12-01 09:06:51.351 0 0 I auditd : type=1400 audit(0.0:20132): avc: denied { kill } for comm="swapper/2" capability=5 scontext=u:r:kernel:s0 tcontext=u:r:kernel:s0 tclass=capability permissive=0
12-01 09:06:52.351 0 0 I auditd : type=1400 audit(0.0:20133): avc: denied { kill } for comm="swapper/2" capability=5 scontext=u:r:kernel:s0 tcontext=u:r:kernel:s0 tclass=capability permissive=0
12-01 09:06:52.860 2822 2822 I view_enqueue_input_event: [Motion - Cancel,com.android.launcher3/com.android.launcher3.uioverrides.QuickstepLauncher]
12-01 09:06:52.865 1508 2005 I input_interaction: Interaction with: edge-swipe (server), swipe-up (server), PointerEventDispatcher0 (server),
12-01 09:06:53.041 1508 1754 I commit_sys_config_file: [settings-1-0,7]
12-01 09:06:53.403 1508 1754 I commit_sys_config_file: [settings-1-0,10]
12-01 09:06:55.141 1508 2005 I input_interaction: Interaction with: e9e80a1 com.android.launcher3/com.android.launcher3.uioverrides.QuickstepLauncher (server), 5ecd4a7 com.android.systemui.ImageWallpaper (server), edge-swipe (server), swipe-up (server), PointerEventDispatcher0 (server),
12-01 09:06:55.351 0 0 I auditd : type=1400 audit(0.0:20134): avc: denied { kill } for comm="swapper/2" capability=5 scontext=u:r:kernel:s0 tcontext=u:r:kernel:s0 tclass=capability permissive=0
12-01 09:06:55.755 1508 1739 I wm_finish_activity: [0,158112015,335,com.android.music/.VideoBrowserActivity,remove-task]
12-01 09:06:55.761 1508 1739 I wm_destroy_activity: [0,158112015,335,com.android.music/.VideoBrowserActivity,finish-imm:finishIfPossible]
12-01 09:06:55.770 1508 1636 I sysui_multi_action: [757,803,799,window_time_0,802,5]
12-01 09:06:55.774 29140 29140 I wm_on_destroy_called: [158112015,com.android.music.VideoBrowserActivity,performDestroy]
12-01 09:06:55.795 1508 8164 I wm_task_removed: [335,removeChild:removeChild last r=ActivityRecord{96c990f u0 com.android.music/.VideoBrowserActivity t-1 f}} in t=Task{aa81521 #335 type=standard A=10086:android.task.video U=0 visible=false mode=fullscreen translucent=true sz=0}]
12-01 09:06:55.795 1508 8164 I wm_task_removed: [335,removeChild]
12-01 09:06:56.351 0 0 I auditd : type=1400 audit(0.0:20135): avc: denied { kill } for comm="swapper/2" capability=5 scontext=u:r:kernel:s0 tcontext=u:r:kernel:s0 tclass=capability permissive=0
12-01 09:06:56.525 1508 8164 I wm_task_created: [343,-1]
12-01 09:06:56.531 1508 8164 I wm_task_moved: [343,1,6]
12-01 09:06:56.531 1508 8164 I wm_task_to_front: [0,343]
12-01 09:06:56.531 1508 8164 I wm_create_task: [0,343]
12-01 09:06:56.531 1508 8164 I wm_create_activity: [0,186200387,343,com.android.deskclock/.DeskClock,NULL,NULL,NULL,268468224]
12-01 09:06:56.532 1508 8164 I wm_task_moved: [343,1,6]
12-01 09:06:56.536 1508 8164 I wm_restart_activity: [0,186200387,343,com.android.deskclock/.DeskClock]
12-01 09:06:56.537 1508 8164 I wm_set_resumed_activity: [0,com.android.deskclock/.DeskClock,minimalResumeActivityLocked]
12-01 09:06:56.547 2822 2822 I wm_on_top_resumed_lost_called: [103113767,com.android.launcher3.uioverrides.QuickstepLauncher,topStateChangedWhenResumed]
12-01 09:06:56.584 1508 8164 I wm_task_moved: [343,1,6]
12-01 09:06:56.584 1508 8164 I wm_set_resumed_activity: [0,com.android.deskclock/.DeskClock,positionChildAt]
12-01 09:06:56.584 1508 8164 I wm_create_activity: [0,230174782,343,com.android.permissioncontroller/.permission.ui.GrantPermissionsActivity,android.content.pm.action.REQUEST_PERMISSIONS,NULL,NULL,8388608]
12-01 09:06:56.584 1508 8164 I wm_pause_activity: [0,186200387,com.android.deskclock/.DeskClock,userLeaving=true,resumeTopActivityInnerLocked]
12-01 09:06:56.597 30186 30186 I wm_on_create_called: [186200387,com.android.deskclock.DeskClock,performCreate]
12-01 09:06:56.598 30186 30186 I wm_on_start_called: [186200387,com.android.deskclock.DeskClock,handleStartActivity]
12-01 09:06:56.599 30186 30186 I wm_on_resume_called: [186200387,com.android.deskclock.DeskClock,RESUME_ACTIVITY]
12-01 09:06:56.603 30186 30186 I wm_on_top_resumed_gained_called: [186200387,com.android.deskclock.DeskClock,topStateChangedWhenResumed]
12-01 09:06:56.603 30186 30186 I wm_on_top_resumed_lost_called: [186200387,com.android.deskclock.DeskClock,topStateChangedWhenResumed]
12-01 09:06:56.603 30186 30186 I wm_on_paused_called: [186200387,com.android.deskclock.DeskClock,performPause]
12-01 09:06:56.604 1508 8164 I wm_restart_activity: [0,230174782,343,com.android.permissioncontroller/.permission.ui.GrantPermissionsActivity]
12-01 09:06:56.605 1508 8164 I wm_set_resumed_activity: [0,com.android.permissioncontroller/.permission.ui.GrantPermissionsActivity,minimalResumeActivityLocked]
12-01 09:06:56.607 1508 1636 I sysui_multi_action: [757,803,799,window_time_0,802,1]
12-01 09:06:56.619 29601 29601 I wm_on_create_called: [230174782,com.android.permissioncontroller.permission.ui.GrantPermissionsActivity,performCreate]
12-01 09:06:56.620 29601 29601 I wm_on_start_called: [230174782,com.android.permissioncontroller.permission.ui.GrantPermissionsActivity,handleStartActivity]
12-01 09:06:56.620 29601 29601 I wm_on_resume_called: [230174782,com.android.permissioncontroller.permission.ui.GrantPermissionsActivity,RESUME_ACTIVITY]
12-01 09:06:56.622 29601 29601 I wm_on_top_resumed_gained_called: [230174782,com.android.permissioncontroller.permission.ui.GrantPermissionsActivity,topStateChangedWhenResumed]
12-01 09:06:56.628 1508 1637 I input_focus: [Focus request 1c06e31 com.android.permissioncontroller/com.android.permissioncontroller.permission.ui.GrantPermissionsActivity,reason=UpdateInputWindows]
12-01 09:06:56.639 1508 1739 I wm_finish_activity: [0,230174782,343,com.android.permissioncontroller/.permission.ui.GrantPermissionsActivity,app-request]
12-01 09:06:56.641 1508 1739 I wm_pause_activity: [0,230174782,com.android.permissioncontroller/.permission.ui.GrantPermissionsActivity,userLeaving=false,finish]
12-01 09:06:56.642 1508 2005 I input_focus: [Focus leaving e9e80a1 com.android.launcher3/com.android.launcher3.uioverrides.QuickstepLauncher (server),reason=Waiting for window because NOT_VISIBLE]
12-01 09:06:56.647 29601 29601 I wm_on_top_resumed_lost_called: [230174782,com.android.permissioncontroller.permission.ui.GrantPermissionsActivity,topStateChangedWhenResumed]
12-01 09:06:56.651 29601 29601 I wm_on_paused_called: [230174782,com.android.permissioncontroller.permission.ui.GrantPermissionsActivity,performPause]
12-01 09:06:56.651 1508 1603 I wm_add_to_stopping: [0,230174782,com.android.permissioncontroller/.permission.ui.GrantPermissionsActivity,completeFinishing]
12-01 09:06:56.653 1508 1603 I wm_set_resumed_activity: [0,com.android.deskclock/.DeskClock,resumeTopActivityInnerLocked]
12-01 09:06:56.653 1508 1603 I wm_resume_activity: [0,186200387,343,com.android.deskclock/.DeskClock]
12-01 09:06:56.656 1508 1637 I input_focus: [Focus request 4a92bec com.android.deskclock/com.android.deskclock.DeskClock,reason=UpdateInputWindows]
12-01 09:06:56.656 1508 1636 I sysui_multi_action: [757,803,799,window_time_2,802,0]
12-01 09:06:56.670 30186 30186 I wm_on_activity_result_called: [186200387,com.android.deskclock.DeskClock,ACTIVITY_RESULT]
12-01 09:06:56.670 30186 30186 I wm_on_resume_called: [186200387,com.android.deskclock.DeskClock,RESUME_ACTIVITY]
12-01 09:06:56.671 30186 30186 I wm_on_top_resumed_gained_called: [186200387,com.android.deskclock.DeskClock,topWhenResuming]
12-01 09:06:56.675 1508 2005 I input_focus: [Focus entering 4a92bec com.android.deskclock/com.android.deskclock.DeskClock (server),reason=setFocusedWindow]
12-01 09:06:56.948 1508 1636 I wm_destroy_activity: [0,230174782,343,com.android.permissioncontroller/.permission.ui.GrantPermissionsActivity,finish-imm:idle]
12-01 09:06:56.950 29601 29601 I wm_on_stop_called: [230174782,com.android.permissioncontroller.permission.ui.GrantPermissionsActivity,LIFECYCLER_STOP_ACTIVITY]
12-01 09:06:56.952 29601 29601 I wm_on_destroy_called: [230174782,com.android.permissioncontroller.permission.ui.GrantPermissionsActivity,performDestroy]
12-01 09:06:57.351 0 0 I auditd : type=1400 audit(0.0:20136): avc: denied { kill } for comm="swapper/2" capability=5 scontext=u:r:kernel:s0 tcontext=u:r:kernel:s0 tclass=capability permissive=0
12-01 09:06:57.844 1508 2005 I input_interaction: Interaction with: 4a92bec com.android.deskclock/com.android.deskclock.DeskClock (server), edge-swipe (server), swipe-up (server), PointerEventDispatcher0 (server),
12-01 09:06:57.967 1508 1739 I wm_relaunch_resume_activity: [0,186200387,343,com.android.deskclock/.DeskClock]
12-01 09:06:57.968 1508 1739 I wm_add_to_stopping: [0,103113767,com.android.launcher3/.uioverrides.QuickstepLauncher,makeInvisible]
12-01 09:06:57.987 30186 30186 I wm_on_top_resumed_lost_called: [186200387,com.android.deskclock.DeskClock,pausing]
12-01 09:06:57.989 30186 30186 I wm_on_paused_called: [186200387,com.android.deskclock.DeskClock,performPause]
12-01 09:06:57.989 30186 30186 I wm_on_stop_called: [186200387,com.android.deskclock.DeskClock,handleRelaunchActivity]
12-01 09:06:57.998 30186 30186 I wm_on_destroy_called: [186200387,com.android.deskclock.DeskClock,performDestroy]
12-01 09:06:58.015 1508 1739 I wm_task_moved: [343,1,6]
12-01 09:06:58.015 1508 1739 I wm_set_resumed_activity: [0,com.android.deskclock/.DeskClock,positionChildAt]
12-01 09:06:58.015 1508 1739 I wm_create_activity: [0,237515761,343,com.android.permissioncontroller/.permission.ui.GrantPermissionsActivity,android.content.pm.action.REQUEST_PERMISSIONS,NULL,NULL,8388608]
12-01 09:06:58.015 1508 1739 I wm_pause_activity: [0,103113767,com.android.launcher3/.uioverrides.QuickstepLauncher,userLeaving=true,pauseBackTasks]
12-01 09:06:58.016 1508 1739 I wm_pause_activity: [0,186200387,com.android.deskclock/.DeskClock,userLeaving=true,resumeTopActivityInnerLocked]
12-01 09:06:58.019 2822 2822 I wm_on_paused_called: [103113767,com.android.launcher3.uioverrides.QuickstepLauncher,performPause]
12-01 09:06:58.023 1508 1636 I sysui_multi_action: [757,803,799,window_time_2,802,1]
12-01 09:06:58.028 30186 30186 I wm_on_create_called: [186200387,com.android.deskclock.DeskClock,performCreate]
12-01 09:06:58.045 30186 30186 I wm_on_start_called: [186200387,com.android.deskclock.DeskClock,handleStartActivity]
12-01 09:06:58.045 30186 30186 I wm_on_resume_called: [186200387,com.android.deskclock.DeskClock,RESUME_ACTIVITY]
12-01 09:06:58.047 30186 30186 I wm_on_top_resumed_gained_called: [186200387,com.android.deskclock.DeskClock,topWhenResuming]
12-01 09:06:58.082 30186 30186 I wm_on_top_resumed_lost_called: [186200387,com.android.deskclock.DeskClock,topStateChangedWhenResumed]
12-01 09:06:58.083 30186 30186 I wm_on_paused_called: [186200387,com.android.deskclock.DeskClock,performPause]
12-01 09:06:58.089 1508 1739 I wm_restart_activity: [0,237515761,343,com.android.permissioncontroller/.permission.ui.GrantPermissionsActivity]
12-01 09:06:58.090 1508 1739 I wm_set_resumed_activity: [0,com.android.permissioncontroller/.permission.ui.GrantPermissionsActivity,minimalResumeActivityLocked]
12-01 09:06:58.102 1508 1636 I sysui_multi_action: [757,803,799,window_time_0,802,0]
12-01 09:06:58.116 29601 29601 I wm_on_create_called: [237515761,com.android.permissioncontroller.permission.ui.GrantPermissionsActivity,performCreate]
12-01 09:06:58.117 29601 29601 I wm_on_start_called: [237515761,com.android.permissioncontroller.permission.ui.GrantPermissionsActivity,handleStartActivity]
12-01 09:06:58.117 29601 29601 I wm_on_resume_called: [237515761,com.android.permissioncontroller.permission.ui.GrantPermissionsActivity,RESUME_ACTIVITY]
12-01 09:06:58.119 29601 29601 I wm_on_top_resumed_gained_called: [237515761,com.android.permissioncontroller.permission.ui.GrantPermissionsActivity,topStateChangedWhenResumed]
12-01 09:06:58.124 1508 9619 I wm_finish_activity: [0,237515761,343,com.android.permissioncontroller/.permission.ui.GrantPermissionsActivity,app-request]
12-01 09:06:58.136 1508 9619 I wm_pause_activity: [0,237515761,com.android.permissioncontroller/.permission.ui.GrantPermissionsActivity,userLeaving=false,finish]
12-01 09:06:58.139 1508 1636 I sysui_multi_action: [757,1144,758,8,806,com.android.permissioncontroller,871,com.android.permissioncontroller.permission.ui.GrantPermissionsActivity]
12-01 09:06:58.145 29601 29601 I wm_on_top_resumed_lost_called: [237515761,com.android.permissioncontroller.permission.ui.GrantPermissionsActivity,topStateChangedWhenResumed]
12-01 09:06:58.145 29601 29601 I wm_on_paused_called: [237515761,com.android.permissioncontroller.permission.ui.GrantPermissionsActivity,performPause]
12-01 09:06:58.148 1508 9619 I wm_set_resumed_activity: [0,com.android.deskclock/.DeskClock,resumeTopActivityInnerLocked]
12-01 09:06:58.149 1508 9619 I wm_resume_activity: [0,186200387,343,com.android.deskclock/.DeskClock]
12-01 09:06:58.150 30186 30186 I wm_on_activity_result_called: [186200387,com.android.deskclock.DeskClock,ACTIVITY_RESULT]
12-01 09:06:58.150 30186 30186 I wm_on_resume_called: [186200387,com.android.deskclock.DeskClock,RESUME_ACTIVITY]
12-01 09:06:58.153 30186 30186 I wm_on_top_resumed_gained_called: [186200387,com.android.deskclock.DeskClock,topWhenResuming]
12-01 09:06:58.156 1508 1637 I input_focus: [Focus request 4a92bec com.android.deskclock/com.android.deskclock.DeskClock,reason=UpdateInputWindows]
12-01 09:06:58.156 1508 1636 I sysui_multi_action: [757,803,799,window_time_0,802,0]
12-01 09:06:58.167 1508 10935 I wm_destroy_activity: [0,237515761,343,com.android.permissioncontroller/.permission.ui.GrantPermissionsActivity,finish-idle]
12-01 09:06:58.168 29601 29601 I wm_on_stop_called: [237515761,com.android.permissioncontroller.permission.ui.GrantPermissionsActivity,LIFECYCLER_STOP_ACTIVITY]
12-01 09:06:58.169 29601 29601 I wm_on_destroy_called: [237515761,com.android.permissioncontroller.permission.ui.GrantPermissionsActivity,performDestroy]
12-01 09:06:58.351 0 0 I auditd : type=1400 audit(0.0:20137): avc: denied { kill } for comm="swapper/2" capability=5 scontext=u:r:kernel:s0 tcontext=u:r:kernel:s0 tclass=capability permissive=0
12-01 09:06:58.497 1508 1636 I wm_stop_activity: [0,103113767,com.android.launcher3/.uioverrides.QuickstepLauncher]
12-01 09:06:58.545 2822 2822 I wm_on_stop_called: [103113767,com.android.launcher3.uioverrides.QuickstepLauncher,STOP_ACTIVITY_ITEM]
12-01 09:06:59.294 1508 1739 I wm_task_moved: [1,0,0]
12-01 09:06:59.295 1508 1739 I wm_task_moved: [1,0,5]
12-01 09:06:59.311 2822 2822 I wm_on_restart_called: [103113767,com.android.launcher3.uioverrides.QuickstepLauncher,performRestartActivity]
12-01 09:06:59.344 2822 2822 I wm_on_start_called: [103113767,com.android.launcher3.uioverrides.QuickstepLauncher,handleStartActivity]
12-01 09:06:59.367 1508 1633 I sysui_multi_action: [319,10,322,65,325,18837,757,761,758,9,759,5,806,com.android.launcher3,871,com.android.launcher3.uioverrides.QuickstepLauncher,905,0,1320,8,1321,5]
12-01 09:06:59.368 2822 2822 I sysui_latency: [1,77]
12-01 09:06:59.369 30186 30186 I view_enqueue_input_event: [Motion - Cancel,com.android.deskclock/com.android.deskclock.DeskClock]
12-01 09:06:59.374 1508 1637 I input_focus: [Focus request recents_animation_input_consumer,reason=UpdateInputWindows]
12-01 09:06:59.379 1508 2005 I input_interaction: Interaction with: edge-swipe (server), swipe-up (server), PointerEventDispatcher0 (server),
12-01 09:06:59.382 1508 2005 I input_focus: [Focus leaving 4a92bec com.android.deskclock/com.android.deskclock.DeskClock (server),reason=NOT_FOCUSABLE]
12-01 09:06:59.383 1508 2005 I input_focus: [Focus entering recents_animation_input_consumer (server),reason=setFocusedWindow]
12-01 09:06:59.550 1508 1754 I commit_sys_config_file: [settings-1-0,7]
12-01 09:06:59.661 1508 1647 I sysui_latency: [8,78]
12-01 09:07:00.011 1508 9619 I wm_task_moved: [1,1,6]
12-01 09:07:00.019 1508 9619 I wm_focused_root_task: [0,0,1,343,RecentsAnimation.onAnimationFinished()]
12-01 09:07:00.020 1508 9619 I wm_pause_activity: [0,186200387,com.android.deskclock/.DeskClock,userLeaving=false,pauseBackTasks]
12-01 09:07:00.022 1508 9619 I wm_set_resumed_activity: [0,com.android.launcher3/.uioverrides.QuickstepLauncher,resumeTopActivityInnerLocked]
12-01 09:07:00.024 1508 9619 I wm_resume_activity: [0,103113767,10,com.android.launcher3/.uioverrides.QuickstepLauncher]
12-01 09:07:00.024 1508 9619 I wm_add_to_stopping: [0,186200387,com.android.deskclock/.DeskClock,makeInvisible]
12-01 09:07:00.024 2822 2822 I wm_on_resume_called: [103113767,com.android.launcher3.uioverrides.QuickstepLauncher,RESUME_ACTIVITY]
12-01 09:07:00.025 30186 30186 I wm_on_top_resumed_lost_called: [186200387,com.android.deskclock.DeskClock,topStateChangedWhenResumed]
12-01 09:07:00.035 1508 1637 I input_focus: [Focus request e9e80a1 com.android.launcher3/com.android.launcher3.uioverrides.QuickstepLauncher,reason=UpdateInputWindows]
12-01 09:07:00.047 30186 30186 I wm_on_paused_called: [186200387,com.android.deskclock.DeskClock,performPause]
12-01 09:07:00.051 1508 1603 I wm_stop_activity: [0,186200387,com.android.deskclock/.DeskClock]
12-01 09:07:00.054 1508 1636 I sysui_multi_action: [757,803,799,window_time_0,802,2]
12-01 09:07:00.055 1508 1636 I sysui_multi_action: [757,803,799,window_time_0,802,0]
12-01 09:07:00.056 1508 2005 I input_focus: [Focus leaving recents_animation_input_consumer (server),reason=NOT_VISIBLE]
12-01 09:07:00.056 1508 2005 I input_focus: [Focus entering e9e80a1 com.android.launcher3/com.android.launcher3.uioverrides.QuickstepLauncher (server),reason=setFocusedWindow]
12-01 09:07:00.062 2822 2822 I wm_on_top_resumed_gained_called: [103113767,com.android.launcher3.uioverrides.QuickstepLauncher,topStateChangedWhenResumed]
12-01 09:07:00.073 30186 30186 I wm_on_stop_called: [186200387,com.android.deskclock.DeskClock,STOP_ACTIVITY_ITEM]
12-01 09:07:00.247 1508 1754 I commit_sys_config_file: [settings-1-0,5]
12-01 09:07:00.351 0 0 I auditd : type=1400 audit(0.0:20138): avc: denied { kill } for comm="swapper/2" capability=5 scontext=u:r:kernel:s0 tcontext=u:r:kernel:s0 tclass=capability permissive=0
12-01 09:07:00.819 1508 2005 I input_interaction: Interaction with: e9e80a1 com.android.launcher3/com.android.launcher3.uioverrides.QuickstepLauncher (server), 5ecd4a7 com.android.systemui.ImageWallpaper (server), edge-swipe (server), swipe-up (server), PointerEventDispatcher0 (server),
12-01 09:07:00.922 1508 6163 I wm_task_moved: [343,1,6]
12-01 09:07:00.923 1508 6163 I wm_focused_root_task: [0,0,343,1,bringingFoundTaskToFront]
12-01 09:07:00.924 1508 6163 I wm_set_resumed_activity: [0,com.android.deskclock/.DeskClock,bringingFoundTaskToFront]
12-01 09:07:00.926 1508 6163 I wm_relaunch_resume_activity: [0,186200387,343,com.android.deskclock/.DeskClock]
12-01 09:07:00.929 1508 6163 I wm_set_resumed_activity: [0,com.android.deskclock/.DeskClock,resumeTopActivityInnerLocked]
12-01 09:07:00.930 1508 6163 I wm_resume_activity: [0,186200387,343,com.android.deskclock/.DeskClock]
12-01 09:07:00.932 1508 6163 I wm_finish_activity: [0,186200387,343,com.android.deskclock/.DeskClock,clear-task-all]
12-01 09:07:00.933 1508 6163 I wm_pause_activity: [0,186200387,com.android.deskclock/.DeskClock,userLeaving=false,finish]
12-01 09:07:00.937 1508 6163 I wm_task_moved: [343,1,6]
12-01 09:07:00.937 1508 6163 I wm_create_activity: [0,187210773,343,com.android.deskclock/.DeskClock,NULL,NULL,NULL,272662528]
12-01 09:07:00.939 30186 30186 I wm_on_destroy_called: [186200387,com.android.deskclock.DeskClock,performDestroy]
12-01 09:07:00.946 2822 2822 I wm_on_top_resumed_lost_called: [103113767,com.android.launcher3.uioverrides.QuickstepLauncher,topStateChangedWhenResumed]
12-01 09:07:00.972 1508 9619 I wm_task_created: [344,-1]
12-01 09:07:00.973 1508 9619 I wm_finish_activity: [0,187210773,343,com.android.deskclock/.DeskClock,app-request]
12-01 09:07:00.973 1508 9619 I wm_task_moved: [1,1,7]
12-01 09:07:00.974 1508 9619 I wm_set_resumed_activity: [0,com.android.launcher3/.uioverrides.QuickstepLauncher,positionChildAt]
12-01 09:07:00.974 1508 9619 I wm_task_moved: [10,1,2147483647]
12-01 09:07:00.974 1508 9619 I wm_task_to_front: [0,10]
12-01 09:07:00.974 1508 9619 I wm_focused_root_task: [0,0,1,-1,finish-top adjustFocusToNextFocusableTask]
12-01 09:07:00.974 1508 9619 I wm_set_resumed_activity: [0,com.android.launcher3/.uioverrides.QuickstepLauncher,finish-top]
12-01 09:07:00.974 2822 2822 I wm_on_top_resumed_gained_called: [103113767,com.android.launcher3.uioverrides.QuickstepLauncher,topStateChangedWhenResumed]
12-01 09:07:00.974 1508 9619 I wm_destroy_activity: [0,187210773,343,com.android.deskclock/.DeskClock,finish-imm:finishIfPossible]
12-01 09:07:00.977 1508 9619 I wm_task_moved: [344,1,7]
12-01 09:07:00.977 1508 9619 I wm_task_to_front: [0,344]
12-01 09:07:00.977 1508 9619 I wm_focused_root_task: [0,0,344,1,reuseOrNewTask]
12-01 09:07:00.978 1508 9619 I wm_create_task: [0,344]
12-01 09:07:00.978 1508 9619 I wm_create_activity: [0,41070582,344,com.android.permissioncontroller/.permission.ui.GrantPermissionsActivity,android.content.pm.action.REQUEST_PERMISSIONS,NULL,NULL,276824064]
12-01 09:07:00.978 1508 9619 I wm_task_moved: [344,1,7]
12-01 09:07:00.980 2822 2822 I wm_on_top_resumed_lost_called: [103113767,com.android.launcher3.uioverrides.QuickstepLauncher,topStateChangedWhenResumed]
12-01 09:07:00.982 1508 1637 I input_focus: [Focus request e9e80a1 com.android.launcher3/com.android.launcher3.uioverrides.QuickstepLauncher,reason=UpdateInputWindows]
12-01 09:07:00.991 30186 30186 I wm_on_create_called: [186200387,com.android.deskclock.DeskClock,performCreate]
12-01 09:07:01.013 30186 30186 I wm_on_start_called: [186200387,com.android.deskclock.DeskClock,handleStartActivity]
12-01 09:07:01.015 30186 30186 I wm_on_resume_called: [186200387,com.android.deskclock.DeskClock,RESUME_ACTIVITY]
12-01 09:07:01.053 30186 30186 I wm_on_paused_called: [186200387,com.android.deskclock.DeskClock,performPause]
12-01 09:07:01.055 1508 6163 I wm_add_to_stopping: [0,186200387,com.android.deskclock/.DeskClock,completeFinishing]
12-01 09:07:01.062 1508 6163 I wm_restart_activity: [0,41070582,344,com.android.permissioncontroller/.permission.ui.GrantPermissionsActivity]
12-01 09:07:01.063 1508 6163 I wm_set_resumed_activity: [0,com.android.permissioncontroller/.permission.ui.GrantPermissionsActivity,minimalResumeActivityLocked]
12-01 09:07:01.066 1508 1636 I wm_destroy_activity: [0,186200387,343,com.android.deskclock/.DeskClock,finish-imm:idle]
12-01 09:07:01.070 1508 1636 I sysui_multi_action: [757,803,799,window_time_0,802,1]
12-01 09:07:01.079 1508 1739 I wm_finish_activity: [0,41070582,344,com.android.permissioncontroller/.permission.ui.GrantPermissionsActivity,app-request]
12-01 09:07:01.080 1508 1739 I wm_task_moved: [1,1,7]
12-01 09:07:01.080 1508 1739 I wm_set_resumed_activity: [0,com.android.launcher3/.uioverrides.QuickstepLauncher,positionChildAt]
12-01 09:07:01.080 1508 1739 I wm_task_moved: [10,1,2147483647]
12-01 09:07:01.080 1508 1739 I wm_task_to_front: [0,10]
12-01 09:07:01.080 1508 1739 I wm_focused_root_task: [0,0,1,-1,finish-top adjustFocusToNextFocusableTask]
12-01 09:07:01.080 1508 1739 I wm_set_resumed_activity: [0,com.android.launcher3/.uioverrides.QuickstepLauncher,finish-top]
12-01 09:07:01.081 1508 1739 I wm_pause_activity: [0,41070582,com.android.permissioncontroller/.permission.ui.GrantPermissionsActivity,userLeaving=false,finish]
12-01 09:07:01.091 29601 29601 I wm_on_create_called: [41070582,com.android.permissioncontroller.permission.ui.GrantPermissionsActivity,performCreate]
12-01 09:07:01.091 1508 1637 I input_focus: [Focus request e9e80a1 com.android.launcher3/com.android.launcher3.uioverrides.QuickstepLauncher,reason=UpdateInputWindows]
12-01 09:07:01.097 1508 1603 I wm_destroy_activity: [0,41070582,344,com.android.permissioncontroller/.permission.ui.GrantPermissionsActivity,finish-imm:completePausedLocked]
12-01 09:07:01.100 30186 30186 I wm_on_stop_called: [186200387,com.android.deskclock.DeskClock,LIFECYCLER_STOP_ACTIVITY]
12-01 09:07:01.105 30186 30186 I wm_on_destroy_called: [186200387,com.android.deskclock.DeskClock,performDestroy]
12-01 09:07:01.107 2822 2822 I wm_on_top_resumed_gained_called: [103113767,com.android.launcher3.uioverrides.QuickstepLauncher,topStateChangedWhenResumed]
12-01 09:07:01.111 29601 29601 I wm_on_destroy_called: [41070582,com.android.permissioncontroller.permission.ui.GrantPermissionsActivity,performDestroy]
12-01 09:07:01.117 1508 1636 I sysui_multi_action: [757,1144,758,8,806,com.android.permissioncontroller,871,com.android.permissioncontroller.permission.ui.GrantPermissionsActivity]
12-01 09:07:01.123 1508 1636 I sysui_multi_action: [757,803,799,window_time_2,802,0]
12-01 09:07:01.129 1508 1739 I wm_task_removed: [344,removeChild:removeChild last r=ActivityRecord{272aff6 u0 com.android.permissioncontroller/.permission.ui.GrantPermissionsActivity t-1 f}} in t=Task{803e491 #344 type=standard A=10065:com.android.deskclock U=0 visible=false mode=freeform translucent=true sz=0}]
12-01 09:07:01.129 1508 1739 I wm_task_removed: [344,removeChild]
12-01 09:07:01.131 1508 1739 I wm_task_removed: [343,removeChild:removeChild last r=ActivityRecord{b193143 u0 com.android.deskclock/.DeskClock t-1 f}} in t=Task{10b96f2 #343 type=standard A=10065:com.android.deskclock U=0 visible=false mode=freeform translucent=true sz=0}]
12-01 09:07:01.131 1508 1739 I wm_task_removed: [343,removeChild]
12-01 09:07:01.351 0 0 I auditd : type=1400 audit(0.0:20139): avc: denied { kill } for comm="swapper/2" capability=5 scontext=u:r:kernel:s0 tcontext=u:r:kernel:s0 tclass=capability permissive=0
12-01 09:07:02.351 0 0 I auditd : type=1400 audit(0.0:20140): avc: denied { kill } for comm="swapper/2" capability=5 scontext=u:r:kernel:s0 tcontext=u:r:kernel:s0 tclass=capability permissive=0
12-01 09:07:03.351 0 0 I auditd : type=1400 audit(0.0:20141): avc: denied { kill } for comm="swapper/2" capability=5 scontext=u:r:kernel:s0 tcontext=u:r:kernel:s0 tclass=capability permissive=0
12-01 09:07:04.351 0 0 I auditd : type=1400 audit(0.0:20142): avc: denied { kill } for comm="swapper/2" capability=5 scontext=u:r:kernel:s0 tcontext=u:r:kernel:s0 tclass=capability permissive=0
12-01 09:07:04.672 1508 1508 I notification_enqueue: [10097,9319,com.github.uiautomator,1,NULL,0,Notification(channel=monitor service shortcut=null contentView=null vibrate=null sound=null tick defaults=0x0 flags=0x40 color=0x00000000 vis=PRIVATE),1]
12-01 09:07:05.351 0 0 I auditd : type=1400 audit(0.0:20143): avc: denied { kill } for comm="swapper/2" capability=5 scontext=u:r:kernel:s0 tcontext=u:r:kernel:s0 tclass=capability permissive=0
12-01 09:07:06.351 0 0 I auditd : type=1400 audit(0.0:20144): avc: denied { kill } for comm="swapper/2" capability=5 scontext=u:r:kernel:s0 tcontext=u:r:kernel:s0 tclass=capability permissive=0
12-01 09:07:07.351 0 0 I auditd : type=1400 audit(0.0:20145): avc: denied { kill } for comm="swapper/2" capability=5 scontext=u:r:kernel:s0 tcontext=u:r:kernel:s0 tclass=capability permissive=0
12-01 09:07:08.351 0 0 I auditd : type=1400 audit(0.0:20146): avc: denied { kill } for comm="swapper/2" capability=5 scontext=u:r:kernel:s0 tcontext=u:r:kernel:s0 tclass=capability permissive=0
12-01 09:07:09.351 0 0 I auditd : type=1400 audit(0.0:20147): avc: denied { kill } for comm="swapper/2" capability=5 scontext=u:r:kernel:s0 tcontext=u:r:kernel:s0 tclass=capability permissive=0
12-01 09:07:10.351 0 0 I auditd : type=1400 audit(0.0:20148): avc: denied { kill } for comm="swapper/2" capability=5 scontext=u:r:kernel:s0 tcontext=u:r:kernel:s0 tclass=capability permissive=0
12-01 09:07:11.351 0 0 I auditd : type=1400 audit(0.0:20149): avc: denied { kill } for comm="swapper/2" capability=5 scontext=u:r:kernel:s0 tcontext=u:r:kernel:s0 tclass=capability permissive=0
12-01 09:07:12.351 0 0 I auditd : type=1400 audit(0.0:20150): avc: denied { kill } for comm="swapper/2" capability=5 scontext=u:r:kernel:s0 tcontext=u:r:kernel:s0 tclass=capability permissive=0
12-01 09:07:13.351 0 0 I auditd : type=1400 audit(0.0:20151): avc: denied { kill } for comm="swapper/2" capability=5 scontext=u:r:kernel:s0 tcontext=u:r:kernel:s0 tclass=capability permissive=0
12-01 09:07:14.351 0 0 I auditd : type=1400 audit(0.0:20152): avc: denied { kill } for comm="swapper/2" capability=5 scontext=u:r:kernel:s0 tcontext=u:r:kernel:s0 tclass=capability permissive=0
12-01 09:07:15.351 0 0 I auditd : type=1400 audit(0.0:20153): avc: denied { kill } for comm="swapper/2" capability=5 scontext=u:r:kernel:s0 tcontext=u:r:kernel:s0 tclass=capability permissive=0
12-01 09:07:16.173 1508 1508 I sysui_multi_action: [757,128,758,5,759,8,793,131177,794,0,795,60006,796,1,806,com.android.music,857,Channel-music,858,2,947,0,1500,60006,1641,transport,1688,1,1745,1043716538]
12-01 09:07:16.173 1508 1508 I notification_canceled: [0|com.android.music|1|null|10086,8,131177,60006,0,-1,-1,NULL]
12-01 09:07:16.195 1508 1508 I notification_cancel_all: [1000,1508,com.android.music,0,0,0,20,NULL]
12-01 09:07:16.195 1508 1739 I sysui_multi_action: [757,856,758,2,806,com.android.music,857,Channel-music,858,2]
12-01 09:07:16.218 1508 1508 I notification_enqueue: [10082,18856,com.android.systemui,1,empty_media,0,Notification(channel=empty_media_style_id shortcut=null contentView=null vibrate=null sound=null defaults=0x0 flags=0x20 color=0x00000000 category=transport actions=4 vis=PRIVATE),0]
12-01 09:07:16.351 0 0 I auditd : type=1400 audit(0.0:20154): avc: denied { kill } for comm="swapper/2" capability=5 scontext=u:r:kernel:s0 tcontext=u:r:kernel:s0 tclass=capability permissive=0
12-01 09:07:16.419 1508 1508 I sysui_multi_action: [757,1501,758,1,793,204,794,0,795,204,796,1,797,empty_media,806,com.android.systemui,857,empty_media_style_id,858,4,947,0,1500,0,1641,transport,1688,1,1745,1043716538]
12-01 09:07:16.420 1508 1508 I sysui_multi_action: [757,804,799,note_interruptive,801,0,802,1]
12-01 09:07:16.423 1508 1508 I sysui_multi_action: [757,1501,758,1,793,208,794,0,795,208,796,1,797,empty_media,806,com.android.systemui,857,empty_media_style_id,858,4,947,0,1500,0,1641,transport,1688,1,1745,1043716538]
12-01 09:07:16.423 1508 1508 I sysui_multi_action: [757,804,799,note_interruptive,801,0,802,1]
12-01 09:07:16.423 1508 1508 I sysui_multi_action: [757,199,758,1,759,2,793,208,794,0,795,208,796,1,797,empty_media,806,com.android.systemui,857,empty_media_style_id,858,4,947,0,1500,0,1641,transport,1688,1,1745,1043716538]
12-01 09:07:16.424 1508 1508 I notification_alert: [0|com.android.systemui|1|empty_media|10082,0,1,0]
12-01 09:07:16.454 1508 1635 I commit_sys_config_file: [notification-policy,18829865]
12-01 09:07:17.351 0 0 I auditd : type=1400 audit(0.0:20155): avc: denied { kill } for comm="swapper/2" capability=5 scontext=u:r:kernel:s0 tcontext=u:r:kernel:s0 tclass=capability permissive=0
12-01 09:07:18.351 0 0 I auditd : type=1400 audit(0.0:20156): avc: denied { kill } for comm="swapper/2" capability=5 scontext=u:r:kernel:s0 tcontext=u:r:kernel:s0 tclass=capability permissive=0
12-01 09:07:19.351 0 0 I auditd : type=1400 audit(0.0:20157): avc: denied { kill } for comm="swapper/2" capability=5 scontext=u:r:kernel:s0 tcontext=u:r:kernel:s0 tclass=capability permissive=0
12-01 09:07:20.351 0 0 I auditd : type=1400 audit(0.0:20158): avc: denied { kill } for comm="swapper/2" capability=5 scontext=u:r:kernel:s0 tcontext=u:r:kernel:s0 tclass=capability permissive=0
12-01 09:07:21.351 0 0 I auditd : type=1400 audit(0.0:20159): avc: denied { kill } for comm="swapper/2" capability=5 scontext=u:r:kernel:s0 tcontext=u:r:kernel:s0 tclass=capability permissive=0
12-01 09:07:22.351 0 0 I auditd : type=1400 audit(0.0:20160): avc: denied { kill } for comm="swapper/2" capability=5 scontext=u:r:kernel:s0 tcontext=u:r:kernel:s0 tclass=capability permissive=0
12-01 09:07:23.351 0 0 I auditd : type=1400 audit(0.0:20161): avc: denied { kill } for comm="swapper/2" capability=5 scontext=u:r:kernel:s0 tcontext=u:r:kernel:s0 tclass=capability permissive=0
12-01 09:07:24.351 0 0 I auditd : type=1400 audit(0.0:20162): avc: denied { kill } for comm="swapper/2" capability=5 scontext=u:r:kernel:s0 tcontext=u:r:kernel:s0 tclass=capability permissive=0
12-01 09:07:25.351 0 0 I auditd : type=1400 audit(0.0:20163): avc: denied { kill } for comm="swapper/2" capability=5 scontext=u:r:kernel:s0 tcontext=u:r:kernel:s0 tclass=capability permissive=0
12-01 09:07:27.351 0 0 I auditd : type=1400 audit(0.0:20164): avc: denied { kill } for comm="swapper/2" capability=5 scontext=u:r:kernel:s0 tcontext=u:r:kernel:s0 tclass=capability permissive=0
12-01 09:07:28.351 0 0 I auditd : type=1400 audit(0.0:20165): avc: denied { kill } for comm="swapper/2" capability=5 scontext=u:r:kernel:s0 tcontext=u:r:kernel:s0 tclass=capability permissive=0
12-01 09:07:29.351 0 0 I auditd : type=1400 audit(0.0:20166): avc: denied { kill } for comm="swapper/2" capability=5 scontext=u:r:kernel:s0 tcontext=u:r:kernel:s0 tclass=capability permissive=0
12-01 09:07:30.351 0 0 I auditd : type=1400 audit(0.0:20167): avc: denied { kill } for comm="swapper/2" capability=5 scontext=u:r:kernel:s0 tcontext=u:r:kernel:s0 tclass=capability permissive=0
12-01 09:07:31.351 0 0 I auditd : type=1400 audit(0.0:20168): avc: denied { kill } for comm="swapper/2" capability=5 scontext=u:r:kernel:s0 tcontext=u:r:kernel:s0 tclass=capability permissive=0
12-01 09:07:32.351 0 0 I auditd : type=1400 audit(0.0:20169): avc: denied { kill } for comm="swapper/2" capability=5 scontext=u:r:kernel:s0 tcontext=u:r:kernel:s0 tclass=capability permissive=0
12-01 09:07:33.278 1508 1768 I am_freeze: [29229,com.android.calendar]
12-01 09:07:33.280 1508 1768 I am_kill : [0,29229,com.android.calendar,935,Unable to freeze binder interface]
12-01 09:07:33.304 1508 10935 I am_proc_died: [0,29229,com.android.calendar,935,19]
12-01 09:07:33.305 1508 10935 I am_uid_stopped: 10066
12-01 09:07:33.312 1508 1636 I am_uid_running: 10066
12-01 09:07:33.319 1508 1647 I am_pss : [30186,10065,com.android.deskclock,37265408,32190464,0,159019008,0,19,8]
12-01 09:07:33.330 1508 1649 I am_proc_start: [0,30571,10066,com.android.calendar,NULL,]
12-01 09:07:33.353 1508 10935 I wm_task_created: [345,-1]
12-01 09:07:33.357 1508 10935 I wm_task_moved: [345,1,6]
12-01 09:07:33.357 1508 10935 I wm_task_to_front: [0,345]
12-01 09:07:33.357 1508 10935 I wm_create_task: [0,345]
12-01 09:07:33.357 1508 10935 I wm_create_activity: [0,249156674,345,com.android.deskclock/.DeskClock,NULL,NULL,NULL,268468224]
12-01 09:07:33.357 1508 10935 I wm_task_moved: [345,1,6]
12-01 09:07:33.360 1508 10935 I wm_restart_activity: [0,249156674,345,com.android.deskclock/.DeskClock]
12-01 09:07:33.361 1508 10935 I wm_set_resumed_activity: [0,com.android.deskclock/.DeskClock,minimalResumeActivityLocked]
12-01 09:07:33.366 2822 2822 I wm_on_top_resumed_lost_called: [103113767,com.android.launcher3.uioverrides.QuickstepLauncher,topStateChangedWhenResumed]
12-01 09:07:33.381 1508 10935 I am_proc_bound: [0,30571,com.android.calendar]
12-01 09:07:33.403 1508 10935 I wm_task_moved: [345,1,6]
12-01 09:07:33.403 1508 10935 I wm_set_resumed_activity: [0,com.android.deskclock/.DeskClock,positionChildAt]
12-01 09:07:33.403 1508 10935 I wm_create_activity: [0,52540041,345,com.android.permissioncontroller/.permission.ui.GrantPermissionsActivity,android.content.pm.action.REQUEST_PERMISSIONS,NULL,NULL,8388608]
12-01 09:07:33.404 1508 10935 I wm_pause_activity: [0,249156674,com.android.deskclock/.DeskClock,userLeaving=true,resumeTopActivityInnerLocked]
12-01 09:07:33.419 30186 30186 I wm_on_create_called: [249156674,com.android.deskclock.DeskClock,performCreate]
12-01 09:07:33.420 30186 30186 I wm_on_start_called: [249156674,com.android.deskclock.DeskClock,handleStartActivity]
12-01 09:07:33.421 30186 30186 I wm_on_resume_called: [249156674,com.android.deskclock.DeskClock,RESUME_ACTIVITY]
12-01 09:07:33.423 30186 30186 I wm_on_top_resumed_gained_called: [249156674,com.android.deskclock.DeskClock,topStateChangedWhenResumed]
12-01 09:07:33.423 30186 30186 I wm_on_top_resumed_lost_called: [249156674,com.android.deskclock.DeskClock,topStateChangedWhenResumed]
12-01 09:07:33.424 30186 30186 I wm_on_paused_called: [249156674,com.android.deskclock.DeskClock,performPause]
12-01 09:07:33.425 1508 10935 I wm_restart_activity: [0,52540041,345,com.android.permissioncontroller/.permission.ui.GrantPermissionsActivity]
12-01 09:07:33.426 1508 10935 I wm_set_resumed_activity: [0,com.android.permissioncontroller/.permission.ui.GrantPermissionsActivity,minimalResumeActivityLocked]
12-01 09:07:33.433 1508 1636 I sysui_multi_action: [757,803,799,window_time_0,802,33]
12-01 09:07:33.439 29601 29601 I wm_on_create_called: [52540041,com.android.permissioncontroller.permission.ui.GrantPermissionsActivity,performCreate]
12-01 09:07:33.439 29601 29601 I wm_on_start_called: [52540041,com.android.permissioncontroller.permission.ui.GrantPermissionsActivity,handleStartActivity]
12-01 09:07:33.439 29601 29601 I wm_on_resume_called: [52540041,com.android.permissioncontroller.permission.ui.GrantPermissionsActivity,RESUME_ACTIVITY]
12-01 09:07:33.450 29601 29601 I wm_on_top_resumed_gained_called: [52540041,com.android.permissioncontroller.permission.ui.GrantPermissionsActivity,topStateChangedWhenResumed]
12-01 09:07:33.457 1508 1637 I input_focus: [Focus request de4a0fd com.android.permissioncontroller/com.android.permissioncontroller.permission.ui.GrantPermissionsActivity,reason=UpdateInputWindows]
