12-01 09:07:33.460 1508 10935 I wm_finish_activity: [0,52540041,345,com.android.permissioncontroller/.permission.ui.GrantPermissionsActivity,app-request]
12-01 09:07:33.461 1508 10935 I wm_pause_activity: [0,52540041,com.android.permissioncontroller/.permission.ui.GrantPermissionsActivity,userLeaving=false,finish]
12-01 09:07:33.463 29601 29601 I wm_on_top_resumed_lost_called: [52540041,com.android.permissioncontroller.permission.ui.GrantPermissionsActivity,topStateChangedWhenResumed]
12-01 09:07:33.463 29601 29601 I wm_on_paused_called: [52540041,com.android.permissioncontroller.permission.ui.GrantPermissionsActivity,performPause]
12-01 09:07:33.464 1508 2437 I wm_add_to_stopping: [0,52540041,com.android.permissioncontroller/.permission.ui.GrantPermissionsActivity,completeFinishing]
12-01 09:07:33.464 1508 2005 I input_focus: [Focus leaving e9e80a1 com.android.launcher3/com.android.launcher3.uioverrides.QuickstepLauncher (server),reason=Waiting for window because NOT_VISIBLE]
12-01 09:07:33.465 1508 2437 I wm_set_resumed_activity: [0,com.android.deskclock/.DeskClock,resumeTopActivityInnerLocked]
12-01 09:07:33.466 1508 2437 I wm_resume_activity: [0,249156674,345,com.android.deskclock/.DeskClock]
12-01 09:07:33.469 1508 1637 I input_focus: [Focus request 69ee45 com.android.deskclock/com.android.deskclock.DeskClock,reason=UpdateInputWindows]
12-01 09:07:33.469 1508 1636 I sysui_multi_action: [757,803,799,window_time_2,802,0]
12-01 09:07:33.489 30186 30186 I wm_on_activity_result_called: [249156674,com.android.deskclock.DeskClock,ACTIVITY_RESULT]
12-01 09:07:33.489 30186 30186 I wm_on_resume_called: [249156674,com.android.deskclock.DeskClock,RESUME_ACTIVITY]
12-01 09:07:33.490 30186 30186 I wm_on_top_resumed_gained_called: [249156674,com.android.deskclock.DeskClock,topWhenResuming]
12-01 09:07:33.499 1508 2005 I input_focus: [Focus entering 69ee45 com.android.deskclock/com.android.deskclock.DeskClock (server),reason=setFocusedWindow]
12-01 09:07:33.769 1508 1636 I wm_destroy_activity: [0,52540041,345,com.android.permissioncontroller/.permission.ui.GrantPermissionsActivity,finish-imm:idle]
12-01 09:07:33.771 29601 29601 I wm_on_stop_called: [52540041,com.android.permissioncontroller.permission.ui.GrantPermissionsActivity,LIFECYCLER_STOP_ACTIVITY]
12-01 09:07:33.772 29601 29601 I wm_on_destroy_called: [52540041,com.android.permissioncontroller.permission.ui.GrantPermissionsActivity,performDestroy]
12-01 09:07:34.088 1508 2305 I service_manager_stats: [100,75,82725]
12-01 09:07:34.089 1508 2305 I netstats_mobile_sample: [0,0,0,0,0,0,0,0,0,0,0,0,1669856854089]
12-01 09:07:34.090 1508 2305 I netstats_wifi_sample: [315394836,694353,190085347,444917,315394836,694353,190085347,444917,414585836,1424714,95830072,231926,1669856854089]
12-01 09:07:34.351 0 0 I auditd : type=1400 audit(0.0:20170): avc: denied { kill } for comm="swapper/2" capability=5 scontext=u:r:kernel:s0 tcontext=u:r:kernel:s0 tclass=capability permissive=0
12-01 09:07:34.725 1508 2005 I input_interaction: Interaction with: 69ee45 com.android.deskclock/com.android.deskclock.DeskClock (server), edge-swipe (server), swipe-up (server), PointerEventDispatcher0 (server),
12-01 09:07:34.769 1508 1508 I notification_enqueue: [10097,9319,com.github.uiautomator,1,NULL,0,Notification(channel=monitor service shortcut=null contentView=null vibrate=null sound=null tick defaults=0x0 flags=0x40 color=0x00000000 vis=PRIVATE),1]
12-01 09:07:35.351 288 288 I auditd : type=1400 audit(0.0:20171): avc: denied { kill } for comm="kgsl_worker_thr" capability=5 scontext=u:r:kernel:s0 tcontext=u:r:kernel:s0 tclass=capability permissive=0
12-01 09:07:36.351 0 0 I auditd : type=1400 audit(0.0:20172): avc: denied { kill } for comm="swapper/2" capability=5 scontext=u:r:kernel:s0 tcontext=u:r:kernel:s0 tclass=capability permissive=0
12-01 09:07:38.773 1508 1647 I sysui_multi_action: [757,1717,758,1,759,0]
12-01 09:07:38.773 1508 1647 I sysui_multi_action: [757,1717,758,2,759,0]
12-01 09:07:38.774 1508 1647 I sysui_multi_action: [757,1717,758,3,759,0]
12-01 09:07:39.351 0 0 I auditd : type=1400 audit(0.0:20173): avc: denied { kill } for comm="swapper/2" capability=5 scontext=u:r:kernel:s0 tcontext=u:r:kernel:s0 tclass=capability permissive=0
12-01 09:07:40.351 0 0 I auditd : type=1400 audit(0.0:20174): avc: denied { kill } for comm="swapper/2" capability=5 scontext=u:r:kernel:s0 tcontext=u:r:kernel:s0 tclass=capability permissive=0
12-01 09:07:41.351 0 0 I auditd : type=1400 audit(0.0:20175): avc: denied { kill } for comm="swapper/2" capability=5 scontext=u:r:kernel:s0 tcontext=u:r:kernel:s0 tclass=capability permissive=0
12-01 09:07:42.351 0 0 I auditd : type=1400 audit(0.0:20176): avc: denied { kill } for comm="swapper/2" capability=5 scontext=u:r:kernel:s0 tcontext=u:r:kernel:s0 tclass=capability permissive=0
12-01 09:07:44.351 0 0 I auditd : type=1400 audit(0.0:20177): avc: denied { kill } for comm="swapper/2" capability=5 scontext=u:r:kernel:s0 tcontext=u:r:kernel:s0 tclass=capability permissive=0
12-01 09:07:45.184 1508 1647 I am_pss : [30186,10065,com.android.deskclock,56261632,49975296,0,188637184,0,2,11]
12-01 09:07:45.196 1508 1603 I sysui_multi_action: [757,856,758,1,806,com.android.deskclock,857,TimerModelNotification,858,3]
12-01 09:07:45.202 1508 1508 I notification_enqueue: [10065,30186,com.android.deskclock,2147483644,NULL,0,Notification(channel=TimerModelNotification shortcut=null contentView=com.android.deskclock/0x7f0d0024 vibrate=null sound=null defaults=0x0 flags=0x1c2 color=0xff1a237e actions=2 vis=PRIVATE),0]
12-01 09:07:45.351 0 0 I auditd : type=1400 audit(0.0:20178): avc: denied { kill } for comm="swapper/2" capability=5 scontext=u:r:kernel:s0 tcontext=u:r:kernel:s0 tclass=capability permissive=0
12-01 09:07:45.403 1508 1508 I sysui_multi_action: [757,1501,758,1,793,205,794,0,795,205,796,2147483644,806,com.android.deskclock,857,TimerModelNotification,858,3,947,0,1500,0,1688,1,1745,-868672399]
12-01 09:07:45.403 1508 1508 I sysui_multi_action: [757,804,799,note_interruptive,801,0,802,1]
12-01 09:07:45.405 1508 1508 I sysui_multi_action: [757,1501,758,1,793,207,794,0,795,207,796,2147483644,806,com.android.deskclock,857,TimerModelNotification,858,3,947,0,1500,0,1688,1,1745,-868672399]
12-01 09:07:45.405 1508 1508 I sysui_multi_action: [757,804,799,note_interruptive,801,0,802,1]
12-01 09:07:45.405 1508 1508 I sysui_multi_action: [757,199,758,1,759,2,793,207,794,0,795,207,796,2147483644,806,com.android.deskclock,857,TimerModelNotification,858,3,947,0,1500,0,1688,1,1745,-868672399]
12-01 09:07:45.405 1508 1508 I notification_alert: [0|com.android.deskclock|2147483644|null|10065,0,1,0]
12-01 09:07:45.451 1508 1635 I commit_sys_config_file: [notification-policy,18858862]
12-01 09:07:46.351 0 0 I auditd : type=1400 audit(0.0:20179): avc: denied { kill } for comm="swapper/2" capability=5 scontext=u:r:kernel:s0 tcontext=u:r:kernel:s0 tclass=capability permissive=0
12-01 09:07:47.351 0 0 I auditd : type=1400 audit(0.0:20180): avc: denied { kill } for comm="swapper/2" capability=5 scontext=u:r:kernel:s0 tcontext=u:r:kernel:s0 tclass=capability permissive=0
12-01 09:07:50.908 1508 2005 I input_interaction: Interaction with: beea6f9 StatusBar (server), edge-swipe (server), swipe-up (server), PointerEventDispatcher0 (server),
12-01 09:07:50.916 18856 18856 I sysui_multi_action: [757,803,799,panel_open,802,1]
12-01 09:07:50.920 18856 18856 I sysui_multi_action: [757,1328,758,4,1326,42,1327,0,1329,0]
12-01 09:07:50.936 1508 10935 I sysui_multi_action: [757,127,758,1]
12-01 09:07:50.936 1508 10935 I sysui_multi_action: [757,804,799,note_load,801,3,802,1]
12-01 09:07:50.937 1508 10935 I notification_panel_revealed: 3
12-01 09:07:50.940 1508 1508 I notification_enqueue: [10082,18856,com.android.systemui,2048,NULL,0,Notification(channel=updateNotification shortcut=null contentView=null vibrate=null sound=null defaults=0x0 flags=0x0 color=0x00000000 vis=PRIVATE),1]
12-01 09:07:50.941 18856 18856 I sysui_multi_action: [757,111,758,2]
12-01 09:07:50.941 18856 18856 I sysui_multi_action: [757,111,758,2]
12-01 09:07:50.955 1508 1637 I input_focus: [Focus request 7a38c54 NotificationShade,reason=UpdateInputWindows]
12-01 09:07:50.959 18856 18856 I sysui_multi_action: [757,111,758,1]
12-01 09:07:50.959 18856 18856 I sysui_multi_action: [757,126,758,1,759,126,927,0,928,1,1593,0]
12-01 09:07:50.959 18856 18856 I sysui_multi_action: [757,113,758,1,759,113,927,1,928,1,1593,0]
12-01 09:07:50.959 18856 18856 I sysui_multi_action: [757,0,758,1,759,0,927,2,928,0,1593,0]
12-01 09:07:50.959 18856 18856 I sysui_multi_action: [757,0,758,1,759,0,927,3,928,0,1593,0]
12-01 09:07:50.960 18856 18856 I sysui_multi_action: [757,491,758,1,759,491,927,4,928,0,1311,-1,1593,0]
12-01 09:07:50.960 18856 18856 I sysui_multi_action: [757,0,758,1,759,0,927,5,928,0,1593,0]
12-01 09:07:50.960 18856 18856 I sysui_multi_action: [757,111,758,1]
12-01 09:07:50.960 18856 18856 I sysui_multi_action: [757,126,758,1,759,126,927,0,928,1,1593,0]
12-01 09:07:50.960 18856 18856 I sysui_multi_action: [757,113,758,1,759,113,927,1,928,1,1593,0]
12-01 09:07:50.960 18856 18856 I sysui_multi_action: [757,0,758,1,759,0,927,2,928,0,1593,0]
12-01 09:07:50.960 18856 18856 I sysui_multi_action: [757,0,758,1,759,0,927,3,928,0,1593,0]
12-01 09:07:50.970 18856 18856 I sysui_multi_action: [757,111,758,2]
12-01 09:07:50.970 1508 1508 I notification_enqueue: [10082,18856,com.android.systemui,2048,NULL,0,Notification(channel=updateNotification shortcut=null contentView=null vibrate=null sound=null defaults=0x0 flags=0x0 color=0x00000000 vis=PRIVATE),1]
12-01 09:07:50.970 18856 18856 I sysui_multi_action: [757,111,758,2]
12-01 09:07:50.974 18856 18856 I sysui_multi_action: [757,111,758,1]
12-01 09:07:50.974 18856 18856 I sysui_multi_action: [757,126,758,1,759,126,927,0,928,1,1593,1]
12-01 09:07:50.974 18856 18856 I sysui_multi_action: [757,113,758,1,759,113,927,1,928,1,1593,1]
12-01 09:07:50.974 18856 18856 I sysui_multi_action: [757,0,758,1,759,0,927,2,928,0,1593,1]
12-01 09:07:50.974 18856 18856 I sysui_multi_action: [757,0,758,1,759,0,927,3,928,0,1593,1]
12-01 09:07:50.974 18856 18856 I sysui_multi_action: [757,491,758,1,759,491,927,4,928,0,1311,-1,1593,0]
12-01 09:07:50.974 18856 18856 I sysui_multi_action: [757,0,758,1,759,0,927,5,928,0,1593,0]
12-01 09:07:50.974 18856 18856 I sysui_multi_action: [757,111,758,1]
12-01 09:07:50.974 18856 18856 I sysui_multi_action: [757,126,758,1,759,126,927,0,928,1,1593,1]
12-01 09:07:50.974 18856 18856 I sysui_multi_action: [757,113,758,1,759,113,927,1,928,1,1593,1]
12-01 09:07:50.974 18856 18856 I sysui_multi_action: [757,0,758,1,759,0,927,2,928,0,1593,1]
12-01 09:07:50.974 18856 18856 I sysui_multi_action: [757,0,758,1,759,0,927,3,928,0,1593,1]
12-01 09:07:50.993 1508 2005 I input_focus: [Focus leaving 69ee45 com.android.deskclock/com.android.deskclock.DeskClock (server),reason=setFocusedWindow]
12-01 09:07:50.993 1508 2005 I input_focus: [Focus entering 7a38c54 NotificationShade (server),reason=setFocusedWindow]
12-01 09:07:50.999 18856 18856 I sysui_multi_action: [757,111,758,2]
12-01 09:07:50.999 18856 18856 I sysui_multi_action: [757,111,758,2]
12-01 09:07:50.999 1508 1508 I notification_enqueue: [10082,18856,com.android.systemui,2048,NULL,0,Notification(channel=updateNotification shortcut=null contentView=null vibrate=null sound=null defaults=0x0 flags=0x0 color=0x00000000 vis=PRIVATE),1]
12-01 09:07:51.004 18856 18856 I sysui_multi_action: [757,111,758,1]
12-01 09:07:51.004 18856 18856 I sysui_multi_action: [757,126,758,1,759,126,927,0,928,1,1593,1]
12-01 09:07:51.004 18856 18856 I sysui_multi_action: [757,113,758,1,759,113,927,1,928,1,1593,1]
12-01 09:07:51.004 18856 18856 I sysui_multi_action: [757,0,758,1,759,0,927,2,928,0,1593,1]
12-01 09:07:51.004 18856 18856 I sysui_multi_action: [757,0,758,1,759,0,927,3,928,0,1593,1]
12-01 09:07:51.004 18856 18856 I sysui_multi_action: [757,491,758,1,759,491,927,4,928,0,1311,-1,1593,0]
12-01 09:07:51.004 18856 18856 I sysui_multi_action: [757,0,758,1,759,0,927,5,928,0,1593,0]
12-01 09:07:51.004 18856 18856 I sysui_multi_action: [757,111,758,1]
12-01 09:07:51.004 18856 18856 I sysui_multi_action: [757,126,758,1,759,126,927,0,928,1,1593,1]
12-01 09:07:51.004 18856 18856 I sysui_multi_action: [757,113,758,1,759,113,927,1,928,1,1593,1]
12-01 09:07:51.004 18856 18856 I sysui_multi_action: [757,0,758,1,759,0,927,2,928,0,1593,1]
12-01 09:07:51.004 18856 18856 I sysui_multi_action: [757,0,758,1,759,0,927,3,928,0,1593,1]
12-01 09:07:51.015 18856 18856 I sysui_multi_action: [757,111,758,2]
12-01 09:07:51.015 18856 18856 I sysui_multi_action: [757,111,758,2]
12-01 09:07:51.015 1508 1508 I notification_enqueue: [10082,18856,com.android.systemui,2048,NULL,0,Notification(channel=updateNotification shortcut=null contentView=null vibrate=null sound=null defaults=0x0 flags=0x0 color=0x00000000 vis=PRIVATE),1]
12-01 09:07:51.018 18856 18856 I sysui_multi_action: [757,111,758,1]
12-01 09:07:51.018 18856 18856 I sysui_multi_action: [757,126,758,1,759,126,927,0,928,1,1593,1]
12-01 09:07:51.018 18856 18856 I sysui_multi_action: [757,113,758,1,759,113,927,1,928,1,1593,1]
12-01 09:07:51.018 18856 18856 I sysui_multi_action: [757,0,758,1,759,0,927,2,928,0,1593,1]
12-01 09:07:51.018 18856 18856 I sysui_multi_action: [757,0,758,1,759,0,927,3,928,0,1593,1]
12-01 09:07:51.019 18856 18856 I sysui_multi_action: [757,491,758,1,759,491,927,4,928,0,1311,-1,1593,0]
12-01 09:07:51.019 18856 18856 I sysui_multi_action: [757,0,758,1,759,0,927,5,928,0,1593,0]
12-01 09:07:51.019 18856 18856 I sysui_multi_action: [757,111,758,1]
12-01 09:07:51.019 18856 18856 I sysui_multi_action: [757,126,758,1,759,126,927,0,928,1,1593,1]
12-01 09:07:51.019 18856 18856 I sysui_multi_action: [757,113,758,1,759,113,927,1,928,1,1593,1]
12-01 09:07:51.019 18856 18856 I sysui_multi_action: [757,0,758,1,759,0,927,2,928,0,1593,1]
12-01 09:07:51.019 18856 18856 I sysui_multi_action: [757,0,758,1,759,0,927,3,928,0,1593,1]
12-01 09:07:51.037 18856 18856 I sysui_multi_action: [757,111,758,2]
12-01 09:07:51.038 18856 18856 I sysui_multi_action: [757,111,758,2]
12-01 09:07:51.043 18856 18856 I sysui_multi_action: [757,111,758,1]
12-01 09:07:51.043 18856 18856 I sysui_multi_action: [757,126,758,1,759,126,927,0,928,1,1593,1]
12-01 09:07:51.043 18856 18856 I sysui_multi_action: [757,113,758,1,759,113,927,1,928,1,1593,1]
12-01 09:07:51.043 18856 18856 I sysui_multi_action: [757,0,758,1,759,0,927,2,928,0,1593,1]
12-01 09:07:51.043 18856 18856 I sysui_multi_action: [757,0,758,1,759,0,927,3,928,0,1593,1]
12-01 09:07:51.043 1508 1508 I notification_enqueue: [10082,18856,com.android.systemui,2048,NULL,0,Notification(channel=updateNotification shortcut=null contentView=null vibrate=null sound=null defaults=0x0 flags=0x0 color=0x00000000 vis=PRIVATE),1]
12-01 09:07:51.043 18856 18856 I sysui_multi_action: [757,491,758,1,759,491,927,4,928,0,1311,-1,1593,0]
12-01 09:07:51.043 18856 18856 I sysui_multi_action: [757,0,758,1,759,0,927,5,928,0,1593,0]
12-01 09:07:51.044 18856 18856 I sysui_multi_action: [757,111,758,1]
12-01 09:07:51.044 18856 18856 I sysui_multi_action: [757,126,758,1,759,126,927,0,928,1,1593,1]
12-01 09:07:51.044 18856 18856 I sysui_multi_action: [757,113,758,1,759,113,927,1,928,1,1593,1]
12-01 09:07:51.044 18856 18856 I sysui_multi_action: [757,0,758,1,759,0,927,2,928,0,1593,1]
12-01 09:07:51.044 18856 18856 I sysui_multi_action: [757,0,758,1,759,0,927,3,928,0,1593,1]
12-01 09:07:51.055 18856 18856 I sysui_multi_action: [757,111,758,2]
12-01 09:07:51.055 18856 18856 I sysui_multi_action: [757,111,758,2]
12-01 09:07:51.059 18856 18856 I sysui_multi_action: [757,111,758,1]
12-01 09:07:51.059 18856 18856 I sysui_multi_action: [757,126,758,1,759,126,927,0,928,1,1593,1]
12-01 09:07:51.059 18856 18856 I sysui_multi_action: [757,113,758,1,759,113,927,1,928,1,1593,1]
12-01 09:07:51.059 18856 18856 I sysui_multi_action: [757,0,758,1,759,0,927,2,928,0,1593,1]
12-01 09:07:51.059 18856 18856 I sysui_multi_action: [757,0,758,1,759,0,927,3,928,0,1593,1]
12-01 09:07:51.059 18856 18856 I sysui_multi_action: [757,491,758,1,759,491,927,4,928,0,1311,-1,1593,0]
12-01 09:07:51.059 18856 18856 I sysui_multi_action: [757,0,758,1,759,0,927,5,928,0,1593,0]
12-01 09:07:51.059 18856 18856 I sysui_multi_action: [757,111,758,1]
12-01 09:07:51.059 18856 18856 I sysui_multi_action: [757,126,758,1,759,126,927,0,928,1,1593,1]
12-01 09:07:51.059 18856 18856 I sysui_multi_action: [757,113,758,1,759,113,927,1,928,1,1593,1]
12-01 09:07:51.059 18856 18856 I sysui_multi_action: [757,0,758,1,759,0,927,2,928,0,1593,1]
12-01 09:07:51.059 18856 18856 I sysui_multi_action: [757,0,758,1,759,0,927,3,928,0,1593,1]
12-01 09:07:51.060 1508 1508 I notification_enqueue: [10082,18856,com.android.systemui,2048,NULL,0,Notification(channel=updateNotification shortcut=null contentView=null vibrate=null sound=null defaults=0x0 flags=0x0 color=0x00000000 vis=PRIVATE),1]
12-01 09:07:51.080 18856 18856 I sysui_multi_action: [757,111,758,2]
12-01 09:07:51.080 1508 1508 I notification_enqueue: [10082,18856,com.android.systemui,2048,NULL,0,Notification(channel=updateNotification shortcut=null contentView=null vibrate=null sound=null defaults=0x0 flags=0x0 color=0x00000000 vis=PRIVATE),1]
12-01 09:07:51.080 18856 18856 I sysui_multi_action: [757,111,758,2]
12-01 09:07:51.084 18856 18856 I sysui_multi_action: [757,111,758,1]
12-01 09:07:51.084 18856 18856 I sysui_multi_action: [757,126,758,1,759,126,927,0,928,1,1593,1]
12-01 09:07:51.084 18856 18856 I sysui_multi_action: [757,113,758,1,759,113,927,1,928,1,1593,1]
12-01 09:07:51.084 18856 18856 I sysui_multi_action: [757,0,758,1,759,0,927,2,928,0,1593,1]
12-01 09:07:51.084 18856 18856 I sysui_multi_action: [757,0,758,1,759,0,927,3,928,0,1593,1]
12-01 09:07:51.085 18856 18856 I sysui_multi_action: [757,491,758,1,759,491,927,4,928,0,1311,-1,1593,0]
12-01 09:07:51.085 18856 18856 I sysui_multi_action: [757,0,758,1,759,0,927,5,928,0,1593,0]
12-01 09:07:51.085 18856 18856 I sysui_multi_action: [757,111,758,1]
12-01 09:07:51.085 18856 18856 I sysui_multi_action: [757,126,758,1,759,126,927,0,928,1,1593,1]
12-01 09:07:51.085 18856 18856 I sysui_multi_action: [757,113,758,1,759,113,927,1,928,1,1593,1]
12-01 09:07:51.085 18856 18856 I sysui_multi_action: [757,0,758,1,759,0,927,2,928,0,1593,1]
12-01 09:07:51.085 18856 18856 I sysui_multi_action: [757,0,758,1,759,0,927,3,928,0,1593,1]
12-01 09:07:51.145 1508 1508 I sysui_multi_action: [757,1501,758,1,793,149852,794,0,795,209,796,2048,806,com.android.systemui,857,updateNotification,858,3,947,0,1500,0,1688,1]
12-01 09:07:51.145 1508 1508 I sysui_multi_action: [757,804,799,note_interruptive,801,0,802,1]
12-01 09:07:51.146 1508 1508 I sysui_multi_action: [757,199,758,1,759,2,793,149853,794,0,795,210,796,2048,806,com.android.systemui,857,updateNotification,858,3,947,0,1500,1,1688,1]
12-01 09:07:51.146 1508 1508 I notification_alert: [0|com.android.systemui|2048|null|10082,0,1,0]
12-01 09:07:51.351 726 726 I auditd : type=1400 audit(0.0:20181): avc: denied { kill } for comm="crtc_commit:125" capability=5 scontext=u:r:kernel:s0 tcontext=u:r:kernel:s0 tclass=capability permissive=0
12-01 09:07:51.499 1508 10935 I sysui_multi_action: [757,128,758,1,793,18280141,794,0,795,18280141,796,26,798,0,806,android,857,DEVELOPER_IMPORTANT,858,4,947,0,1395,3,1500,18279936,1688,1]
12-01 09:07:51.499 1508 10935 I sysui_multi_action: [757,804,799,note_freshness,801,18280141,802,1]
12-01 09:07:51.500 1508 10935 I notification_visibility: [-1|android|26|null|1000,1,18280141,18280141,0,0]
12-01 09:07:51.500 1508 10935 I sysui_multi_action: [757,128,758,1,793,6302,794,0,795,6302,796,2147483644,798,1,806,com.android.deskclock,857,TimerModelNotification,858,3,947,0,1395,3,1500,6095,1688,1,1745,-868672399]
12-01 09:07:51.500 1508 10935 I sysui_multi_action: [757,804,799,note_freshness,801,6302,802,1]
12-01 09:07:51.500 1508 10935 I notification_visibility: [0|com.android.deskclock|2147483644|null|10065,1,6302,6302,0,1]
12-01 09:07:51.501 1508 10935 I sysui_multi_action: [757,128,758,1,793,18863138,794,0,795,18863138,796,32,798,2,806,android,857,USB,858,1,947,0,1395,3,1500,18862892,1688,1]
12-01 09:07:51.501 1508 10935 I sysui_multi_action: [757,804,799,note_freshness,801,18863138,802,1]
12-01 09:07:51.501 1508 10935 I notification_visibility: [-1|android|32|null|1000,1,18863138,18863138,0,2]
12-01 09:07:52.074 1508 1647 I sysui_multi_action: [757,1717,758,1,759,0]
12-01 09:07:52.074 1508 1647 I sysui_multi_action: [757,1717,758,2,759,0]
12-01 09:07:52.074 1508 1647 I sysui_multi_action: [757,1717,758,3,759,0]
12-01 09:07:53.393 1508 2005 I input_interaction: Interaction with: 7a38c54 NotificationShade (server), edge-swipe (server), swipe-up (server), PointerEventDispatcher0 (server),
12-01 09:07:53.462 1508 2005 I input_interaction: Interaction with: edge-swipe (server), swipe-up (server), PointerEventDispatcher0 (server),
12-01 09:07:53.467 18856 18856 I view_enqueue_input_event: [Motion - Cancel,NotificationShade]
12-01 09:07:53.642 1508 10935 I wm_task_moved: [1,1,6]
12-01 09:07:53.643 1508 10935 I wm_set_resumed_activity: [0,com.android.launcher3/.uioverrides.QuickstepLauncher,positionChildAt]
12-01 09:07:53.643 1508 10935 I wm_task_moved: [10,1,2147483647]
12-01 09:07:53.643 1508 10935 I wm_task_to_front: [0,10]
12-01 09:07:53.643 1508 10935 I wm_focused_root_task: [0,0,1,345,bringingFoundTaskToFront]
12-01 09:07:53.643 1508 10935 I wm_set_resumed_activity: [0,com.android.launcher3/.uioverrides.QuickstepLauncher,bringingFoundTaskToFront]
12-01 09:07:53.643 1508 10935 I wm_new_intent: [0,103113767,10,com.android.launcher3/.uioverrides.QuickstepLauncher,android.intent.action.MAIN,NULL,NULL,268435712]
12-01 09:07:53.644 1508 10935 I wm_task_moved: [1,1,6]
12-01 09:07:53.644 1508 10935 I wm_set_resumed_activity: [0,com.android.launcher3/.uioverrides.QuickstepLauncher,positionChildAt]
12-01 09:07:53.649 2822 2822 I wm_on_paused_called: [103113767,com.android.launcher3.uioverrides.QuickstepLauncher,performPause]
12-01 09:07:53.653 2822 2822 I wm_on_resume_called: [103113767,com.android.launcher3.uioverrides.QuickstepLauncher,LIFECYCLER_RESUME_ACTIVITY]
12-01 09:07:53.665 30186 30186 I wm_on_top_resumed_lost_called: [249156674,com.android.deskclock.DeskClock,topStateChangedWhenResumed]
12-01 09:07:53.667 2822 2822 I wm_on_top_resumed_gained_called: [103113767,com.android.launcher3.uioverrides.QuickstepLauncher,topStateChangedWhenResumed]
12-01 09:07:53.684 1508 1637 I input_focus: [Focus request e9e80a1 com.android.launcher3/com.android.launcher3.uioverrides.QuickstepLauncher,reason=UpdateInputWindows]
12-01 09:07:53.685 1508 1647 I am_pss : [29140,10086,com.android.music,51111936,46280704,0,171462656,0,18,10]
12-01 09:07:53.695 1508 1647 I am_pss : [30571,10066,com.android.calendar,6222848,4034560,0,90910720,0,19,6]
12-01 09:07:53.716 1508 2005 I input_focus: [Focus leaving 7a38c54 NotificationShade (server),reason=NOT_FOCUSABLE]
12-01 09:07:53.716 1508 2005 I input_focus: [Focus entering e9e80a1 com.android.launcher3/com.android.launcher3.uioverrides.QuickstepLauncher (server),reason=setFocusedWindow]
12-01 09:07:53.830 18856 18856 I sysui_multi_action: [757,111,758,2]
12-01 09:07:53.830 1508 1508 I notification_enqueue: [10082,18856,com.android.systemui,2048,NULL,0,Notification(channel=updateNotification shortcut=null contentView=null vibrate=null sound=null defaults=0x0 flags=0x0 color=0x00000000 vis=PRIVATE),1]
12-01 09:07:53.831 18856 18856 I sysui_multi_action: [757,111,758,2]
12-01 09:07:53.846 18856 18856 I sysui_multi_action: [757,111,758,1]
12-01 09:07:53.847 18856 18856 I sysui_multi_action: [757,126,758,1,759,126,927,0,928,1,1593,0]
12-01 09:07:53.847 18856 18856 I sysui_multi_action: [757,113,758,1,759,113,927,1,928,1,1593,0]
12-01 09:07:53.847 18856 18856 I sysui_multi_action: [757,0,758,1,759,0,927,2,928,0,1593,0]
12-01 09:07:53.847 18856 18856 I sysui_multi_action: [757,0,758,1,759,0,927,3,928,0,1593,1]
12-01 09:07:53.848 18856 18856 I sysui_multi_action: [757,491,758,1,759,491,927,4,928,0,1311,-1,1593,0]
12-01 09:07:53.848 18856 18856 I sysui_multi_action: [757,0,758,1,759,0,927,5,928,0,1593,0]
12-01 09:07:53.848 18856 18856 I sysui_multi_action: [757,111,758,1]
12-01 09:07:53.849 18856 18856 I sysui_multi_action: [757,126,758,1,759,126,927,0,928,1,1593,1]
12-01 09:07:53.849 18856 18856 I sysui_multi_action: [757,113,758,1,759,113,927,1,928,1,1593,1]
12-01 09:07:53.849 18856 18856 I sysui_multi_action: [757,0,758,1,759,0,927,2,928,0,1593,1]
12-01 09:07:53.849 18856 18856 I sysui_multi_action: [757,0,758,1,759,0,927,3,928,0,1593,1]
12-01 09:07:53.869 18856 18856 I sysui_multi_action: [757,111,758,2]
12-01 09:07:53.869 18856 18856 I sysui_multi_action: [757,111,758,2]
12-01 09:07:53.869 1508 1508 I notification_enqueue: [10082,18856,com.android.systemui,2048,NULL,0,Notification(channel=updateNotification shortcut=null contentView=null vibrate=null sound=null defaults=0x0 flags=0x0 color=0x00000000 vis=PRIVATE),1]
12-01 09:07:53.875 18856 18856 I sysui_multi_action: [757,111,758,1]
12-01 09:07:53.875 18856 18856 I sysui_multi_action: [757,126,758,1,759,126,927,0,928,1,1593,1]
12-01 09:07:53.875 18856 18856 I sysui_multi_action: [757,113,758,1,759,113,927,1,928,1,1593,1]
12-01 09:07:53.875 18856 18856 I sysui_multi_action: [757,0,758,1,759,0,927,2,928,0,1593,1]
12-01 09:07:53.875 18856 18856 I sysui_multi_action: [757,0,758,1,759,0,927,3,928,0,1593,1]
12-01 09:07:53.875 18856 18856 I sysui_multi_action: [757,491,758,1,759,491,927,4,928,0,1311,-1,1593,0]
12-01 09:07:53.875 18856 18856 I sysui_multi_action: [757,0,758,1,759,0,927,5,928,0,1593,0]
12-01 09:07:53.875 18856 18856 I sysui_multi_action: [757,111,758,1]
12-01 09:07:53.875 18856 18856 I sysui_multi_action: [757,126,758,1,759,126,927,0,928,1,1593,1]
12-01 09:07:53.876 18856 18856 I sysui_multi_action: [757,113,758,1,759,113,927,1,928,1,1593,1]
12-01 09:07:53.876 18856 18856 I sysui_multi_action: [757,0,758,1,759,0,927,2,928,0,1593,1]
12-01 09:07:53.876 18856 18856 I sysui_multi_action: [757,0,758,1,759,0,927,3,928,0,1593,1]
12-01 09:07:53.898 18856 18856 I sysui_multi_action: [757,111,758,2]
12-01 09:07:53.898 18856 18856 I sysui_multi_action: [757,111,758,2]
12-01 09:07:53.898 1508 1508 I notification_enqueue: [10082,18856,com.android.systemui,2048,NULL,0,Notification(channel=updateNotification shortcut=null contentView=null vibrate=null sound=null defaults=0x0 flags=0x0 color=0x00000000 vis=PRIVATE),1]
12-01 09:07:53.903 18856 18856 I sysui_multi_action: [757,111,758,1]
12-01 09:07:53.903 18856 18856 I sysui_multi_action: [757,126,758,1,759,126,927,0,928,1,1593,1]
12-01 09:07:53.903 18856 18856 I sysui_multi_action: [757,113,758,1,759,113,927,1,928,1,1593,1]
12-01 09:07:53.903 18856 18856 I sysui_multi_action: [757,0,758,1,759,0,927,2,928,0,1593,1]
12-01 09:07:53.903 18856 18856 I sysui_multi_action: [757,0,758,1,759,0,927,3,928,0,1593,1]
12-01 09:07:53.903 18856 18856 I sysui_multi_action: [757,491,758,1,759,491,927,4,928,0,1311,-1,1593,0]
12-01 09:07:53.903 18856 18856 I sysui_multi_action: [757,0,758,1,759,0,927,5,928,0,1593,0]
12-01 09:07:53.903 18856 18856 I sysui_multi_action: [757,111,758,1]
12-01 09:07:53.903 18856 18856 I sysui_multi_action: [757,126,758,1,759,126,927,0,928,1,1593,1]
12-01 09:07:53.903 18856 18856 I sysui_multi_action: [757,113,758,1,759,113,927,1,928,1,1593,1]
12-01 09:07:53.903 18856 18856 I sysui_multi_action: [757,0,758,1,759,0,927,2,928,0,1593,1]
12-01 09:07:53.904 18856 18856 I sysui_multi_action: [757,0,758,1,759,0,927,3,928,0,1593,1]
12-01 09:07:53.914 18856 18856 I sysui_multi_action: [757,111,758,2]
12-01 09:07:53.914 18856 18856 I sysui_multi_action: [757,111,758,2]
12-01 09:07:53.914 1508 1508 I notification_enqueue: [10082,18856,com.android.systemui,2048,NULL,0,Notification(channel=updateNotification shortcut=null contentView=null vibrate=null sound=null defaults=0x0 flags=0x0 color=0x00000000 vis=PRIVATE),1]
12-01 09:07:53.919 18856 18856 I sysui_multi_action: [757,111,758,1]
12-01 09:07:53.919 18856 18856 I sysui_multi_action: [757,126,758,1,759,126,927,0,928,1,1593,1]
12-01 09:07:53.919 18856 18856 I sysui_multi_action: [757,113,758,1,759,113,927,1,928,1,1593,1]
12-01 09:07:53.919 18856 18856 I sysui_multi_action: [757,0,758,1,759,0,927,2,928,0,1593,1]
12-01 09:07:53.919 18856 18856 I sysui_multi_action: [757,0,758,1,759,0,927,3,928,0,1593,1]
12-01 09:07:53.919 18856 18856 I sysui_multi_action: [757,491,758,1,759,491,927,4,928,0,1311,-1,1593,0]
12-01 09:07:53.919 18856 18856 I sysui_multi_action: [757,0,758,1,759,0,927,5,928,0,1593,0]
12-01 09:07:53.920 18856 18856 I sysui_multi_action: [757,111,758,1]
12-01 09:07:53.920 18856 18856 I sysui_multi_action: [757,126,758,1,759,126,927,0,928,1,1593,1]
12-01 09:07:53.920 18856 18856 I sysui_multi_action: [757,113,758,1,759,113,927,1,928,1,1593,1]
12-01 09:07:53.920 18856 18856 I sysui_multi_action: [757,0,758,1,759,0,927,2,928,0,1593,1]
12-01 09:07:53.920 18856 18856 I sysui_multi_action: [757,0,758,1,759,0,927,3,928,0,1593,1]
12-01 09:07:53.938 18856 18856 I sysui_multi_action: [757,111,758,2]
12-01 09:07:53.938 18856 18856 I sysui_multi_action: [757,111,758,2]
12-01 09:07:53.938 1508 1508 I notification_enqueue: [10082,18856,com.android.systemui,2048,NULL,0,Notification(channel=updateNotification shortcut=null contentView=null vibrate=null sound=null defaults=0x0 flags=0x0 color=0x00000000 vis=PRIVATE),1]
12-01 09:07:53.942 18856 18856 I sysui_multi_action: [757,111,758,1]
12-01 09:07:53.942 18856 18856 I sysui_multi_action: [757,126,758,1,759,126,927,0,928,1,1593,1]
12-01 09:07:53.942 18856 18856 I sysui_multi_action: [757,113,758,1,759,113,927,1,928,1,1593,1]
12-01 09:07:53.942 18856 18856 I sysui_multi_action: [757,0,758,1,759,0,927,2,928,0,1593,1]
12-01 09:07:53.942 18856 18856 I sysui_multi_action: [757,0,758,1,759,0,927,3,928,0,1593,1]
12-01 09:07:53.943 18856 18856 I sysui_multi_action: [757,491,758,1,759,491,927,4,928,0,1311,-1,1593,0]
12-01 09:07:53.943 18856 18856 I sysui_multi_action: [757,0,758,1,759,0,927,5,928,0,1593,0]
12-01 09:07:53.943 18856 18856 I sysui_multi_action: [757,111,758,1]
12-01 09:07:53.943 18856 18856 I sysui_multi_action: [757,126,758,1,759,126,927,0,928,1,1593,1]
12-01 09:07:53.943 18856 18856 I sysui_multi_action: [757,113,758,1,759,113,927,1,928,1,1593,1]
12-01 09:07:53.943 18856 18856 I sysui_multi_action: [757,0,758,1,759,0,927,2,928,0,1593,1]
12-01 09:07:53.943 18856 18856 I sysui_multi_action: [757,0,758,1,759,0,927,3,928,0,1593,1]
12-01 09:07:53.953 18856 18856 I sysui_multi_action: [757,111,758,2]
12-01 09:07:53.953 18856 18856 I sysui_multi_action: [757,111,758,2]
12-01 09:07:53.953 1508 1508 I notification_enqueue: [10082,18856,com.android.systemui,2048,NULL,0,Notification(channel=updateNotification shortcut=null contentView=null vibrate=null sound=null defaults=0x0 flags=0x0 color=0x00000000 vis=PRIVATE),1]
12-01 09:07:53.957 18856 18856 I sysui_multi_action: [757,111,758,1]
12-01 09:07:53.957 18856 18856 I sysui_multi_action: [757,126,758,1,759,126,927,0,928,1,1593,1]
12-01 09:07:53.957 18856 18856 I sysui_multi_action: [757,113,758,1,759,113,927,1,928,1,1593,1]
12-01 09:07:53.958 18856 18856 I sysui_multi_action: [757,0,758,1,759,0,927,2,928,0,1593,1]
12-01 09:07:53.958 18856 18856 I sysui_multi_action: [757,0,758,1,759,0,927,3,928,0,1593,1]
12-01 09:07:53.958 18856 18856 I sysui_multi_action: [757,491,758,1,759,491,927,4,928,0,1311,-1,1593,0]
12-01 09:07:53.958 18856 18856 I sysui_multi_action: [757,0,758,1,759,0,927,5,928,0,1593,0]
12-01 09:07:53.958 18856 18856 I sysui_multi_action: [757,111,758,1]
12-01 09:07:53.958 18856 18856 I sysui_multi_action: [757,126,758,1,759,126,927,0,928,1,1593,1]
12-01 09:07:53.958 18856 18856 I sysui_multi_action: [757,113,758,1,759,113,927,1,928,1,1593,1]
12-01 09:07:53.958 18856 18856 I sysui_multi_action: [757,0,758,1,759,0,927,2,928,0,1593,1]
12-01 09:07:53.958 18856 18856 I sysui_multi_action: [757,0,758,1,759,0,927,3,928,0,1593,1]
12-01 09:07:53.970 18856 18856 I sysui_multi_action: [757,111,758,2]
12-01 09:07:53.970 18856 18856 I sysui_multi_action: [757,111,758,2]
12-01 09:07:53.970 1508 1508 I notification_enqueue: [10082,18856,com.android.systemui,2048,NULL,0,Notification(channel=updateNotification shortcut=null contentView=null vibrate=null sound=null defaults=0x0 flags=0x0 color=0x00000000 vis=PRIVATE),1]
12-01 09:07:53.974 18856 18856 I sysui_multi_action: [757,111,758,1]
12-01 09:07:53.974 18856 18856 I sysui_multi_action: [757,126,758,1,759,126,927,0,928,1,1593,1]
12-01 09:07:53.974 18856 18856 I sysui_multi_action: [757,113,758,1,759,113,927,1,928,1,1593,1]
12-01 09:07:53.974 18856 18856 I sysui_multi_action: [757,0,758,1,759,0,927,2,928,0,1593,1]
12-01 09:07:53.974 18856 18856 I sysui_multi_action: [757,0,758,1,759,0,927,3,928,0,1593,1]
12-01 09:07:53.974 18856 18856 I sysui_multi_action: [757,491,758,1,759,491,927,4,928,0,1311,-1,1593,0]
12-01 09:07:53.974 18856 18856 I sysui_multi_action: [757,0,758,1,759,0,927,5,928,0,1593,0]
12-01 09:07:53.974 18856 18856 I sysui_multi_action: [757,111,758,1]
12-01 09:07:53.975 18856 18856 I sysui_multi_action: [757,126,758,1,759,126,927,0,928,1,1593,1]
12-01 09:07:53.975 18856 18856 I sysui_multi_action: [757,113,758,1,759,113,927,1,928,1,1593,1]
12-01 09:07:53.975 18856 18856 I sysui_multi_action: [757,0,758,1,759,0,927,2,928,0,1593,1]
12-01 09:07:53.975 18856 18856 I sysui_multi_action: [757,0,758,1,759,0,927,3,928,0,1593,1]
12-01 09:07:53.985 18856 18856 I sysui_multi_action: [757,111,758,2]
12-01 09:07:53.986 18856 18856 I sysui_multi_action: [757,111,758,2]
12-01 09:07:53.986 1508 1508 I notification_enqueue: [10082,18856,com.android.systemui,2048,NULL,0,Notification(channel=updateNotification shortcut=null contentView=null vibrate=null sound=null defaults=0x0 flags=0x0 color=0x00000000 vis=PRIVATE),1]
12-01 09:07:53.989 18856 18856 I sysui_multi_action: [757,111,758,1]
12-01 09:07:53.989 18856 18856 I sysui_multi_action: [757,126,758,1,759,126,927,0,928,1,1593,1]
12-01 09:07:53.989 18856 18856 I sysui_multi_action: [757,113,758,1,759,113,927,1,928,1,1593,1]
12-01 09:07:53.989 18856 18856 I sysui_multi_action: [757,0,758,1,759,0,927,2,928,0,1593,1]
12-01 09:07:53.989 18856 18856 I sysui_multi_action: [757,0,758,1,759,0,927,3,928,0,1593,1]
12-01 09:07:53.989 18856 18856 I sysui_multi_action: [757,491,758,1,759,491,927,4,928,0,1311,-1,1593,0]
12-01 09:07:53.990 18856 18856 I sysui_multi_action: [757,0,758,1,759,0,927,5,928,0,1593,0]
12-01 09:07:53.990 18856 18856 I sysui_multi_action: [757,111,758,1]
12-01 09:07:53.990 18856 18856 I sysui_multi_action: [757,126,758,1,759,126,927,0,928,1,1593,1]
12-01 09:07:53.990 18856 18856 I sysui_multi_action: [757,113,758,1,759,113,927,1,928,1,1593,1]
12-01 09:07:53.990 18856 18856 I sysui_multi_action: [757,0,758,1,759,0,927,2,928,0,1593,1]
12-01 09:07:53.990 18856 18856 I sysui_multi_action: [757,0,758,1,759,0,927,3,928,0,1593,1]
12-01 09:07:54.002 18856 18856 I sysui_multi_action: [757,111,758,2]
12-01 09:07:54.002 18856 18856 I sysui_multi_action: [757,111,758,2]
12-01 09:07:54.002 1508 1508 I notification_enqueue: [10082,18856,com.android.systemui,2048,NULL,0,Notification(channel=updateNotification shortcut=null contentView=null vibrate=null sound=null defaults=0x0 flags=0x0 color=0x00000000 vis=PRIVATE),1]
12-01 09:07:54.006 18856 18856 I sysui_multi_action: [757,111,758,1]
12-01 09:07:54.006 18856 18856 I sysui_multi_action: [757,126,758,1,759,126,927,0,928,1,1593,1]
12-01 09:07:54.006 18856 18856 I sysui_multi_action: [757,113,758,1,759,113,927,1,928,1,1593,1]
12-01 09:07:54.006 18856 18856 I sysui_multi_action: [757,0,758,1,759,0,927,2,928,0,1593,1]
12-01 09:07:54.006 18856 18856 I sysui_multi_action: [757,0,758,1,759,0,927,3,928,0,1593,1]
12-01 09:07:54.006 18856 18856 I sysui_multi_action: [757,491,758,1,759,491,927,4,928,0,1311,-1,1593,0]
12-01 09:07:54.006 18856 18856 I sysui_multi_action: [757,0,758,1,759,0,927,5,928,0,1593,0]
12-01 09:07:54.006 18856 18856 I sysui_multi_action: [757,111,758,1]
12-01 09:07:54.006 18856 18856 I sysui_multi_action: [757,126,758,1,759,126,927,0,928,1,1593,1]
12-01 09:07:54.006 18856 18856 I sysui_multi_action: [757,113,758,1,759,113,927,1,928,1,1593,1]
12-01 09:07:54.006 18856 18856 I sysui_multi_action: [757,0,758,1,759,0,927,2,928,0,1593,1]
12-01 09:07:54.006 18856 18856 I sysui_multi_action: [757,0,758,1,759,0,927,3,928,0,1593,1]
12-01 09:07:54.018 18856 18856 I sysui_multi_action: [757,111,758,2]
12-01 09:07:54.018 18856 18856 I sysui_multi_action: [757,111,758,2]
12-01 09:07:54.018 1508 1508 I notification_enqueue: [10082,18856,com.android.systemui,2048,NULL,0,Notification(channel=updateNotification shortcut=null contentView=null vibrate=null sound=null defaults=0x0 flags=0x0 color=0x00000000 vis=PRIVATE),1]
12-01 09:07:54.022 18856 18856 I sysui_multi_action: [757,111,758,1]
12-01 09:07:54.022 18856 18856 I sysui_multi_action: [757,126,758,1,759,126,927,0,928,1,1593,1]
12-01 09:07:54.022 18856 18856 I sysui_multi_action: [757,113,758,1,759,113,927,1,928,1,1593,1]
12-01 09:07:54.022 18856 18856 I sysui_multi_action: [757,0,758,1,759,0,927,2,928,0,1593,1]
12-01 09:07:54.022 18856 18856 I sysui_multi_action: [757,0,758,1,759,0,927,3,928,0,1593,1]
12-01 09:07:54.022 18856 18856 I sysui_multi_action: [757,491,758,1,759,491,927,4,928,0,1311,-1,1593,0]
12-01 09:07:54.023 18856 18856 I sysui_multi_action: [757,0,758,1,759,0,927,5,928,0,1593,0]
12-01 09:07:54.023 18856 18856 I sysui_multi_action: [757,111,758,1]
12-01 09:07:54.023 18856 18856 I sysui_multi_action: [757,126,758,1,759,126,927,0,928,1,1593,1]
12-01 09:07:54.023 18856 18856 I sysui_multi_action: [757,113,758,1,759,113,927,1,928,1,1593,1]
12-01 09:07:54.023 18856 18856 I sysui_multi_action: [757,0,758,1,759,0,927,2,928,0,1593,1]
12-01 09:07:54.023 18856 18856 I sysui_multi_action: [757,0,758,1,759,0,927,3,928,0,1593,1]
12-01 09:07:54.033 1508 1508 I sysui_multi_action: [757,1501,758,1,793,152740,794,0,795,206,796,2048,806,com.android.systemui,857,updateNotification,858,3,947,0,1500,0,1688,1]
12-01 09:07:54.034 1508 1508 I sysui_multi_action: [757,804,799,note_interruptive,801,0,802,1]
12-01 09:07:54.034 1508 1508 I sysui_multi_action: [757,199,758,1,759,2,793,152741,794,0,795,207,796,2048,806,com.android.systemui,857,updateNotification,858,3,947,0,1500,1,1688,1]
12-01 09:07:54.034 1508 1508 I notification_alert: [0|com.android.systemui|2048|null|10082,0,1,0]
12-01 09:07:54.037 18856 18856 I sysui_multi_action: [757,111,758,2]
12-01 09:07:54.037 18856 18856 I sysui_multi_action: [757,111,758,2]
12-01 09:07:54.039 1508 1508 I notification_enqueue: [10082,18856,com.android.systemui,2048,NULL,0,Notification(channel=updateNotification shortcut=null contentView=null vibrate=null sound=null defaults=0x0 flags=0x0 color=0x00000000 vis=PRIVATE),1]
12-01 09:07:54.041 18856 18856 I sysui_multi_action: [757,111,758,1]
12-01 09:07:54.041 18856 18856 I sysui_multi_action: [757,126,758,1,759,126,927,0,928,1,1593,1]
12-01 09:07:54.041 18856 18856 I sysui_multi_action: [757,113,758,1,759,113,927,1,928,1,1593,1]
12-01 09:07:54.041 18856 18856 I sysui_multi_action: [757,0,758,1,759,0,927,2,928,0,1593,1]
12-01 09:07:54.041 18856 18856 I sysui_multi_action: [757,0,758,1,759,0,927,3,928,0,1593,1]
12-01 09:07:54.042 18856 18856 I sysui_multi_action: [757,491,758,1,759,491,927,4,928,0,1311,-1,1593,0]
12-01 09:07:54.042 18856 18856 I sysui_multi_action: [757,0,758,1,759,0,927,5,928,0,1593,0]
12-01 09:07:54.042 18856 18856 I sysui_multi_action: [757,111,758,1]
12-01 09:07:54.042 18856 18856 I sysui_multi_action: [757,126,758,1,759,126,927,0,928,1,1593,1]
12-01 09:07:54.042 18856 18856 I sysui_multi_action: [757,113,758,1,759,113,927,1,928,1,1593,1]
12-01 09:07:54.042 18856 18856 I sysui_multi_action: [757,0,758,1,759,0,927,2,928,0,1593,1]
12-01 09:07:54.042 18856 18856 I sysui_multi_action: [757,0,758,1,759,0,927,3,928,0,1593,1]
12-01 09:07:54.055 18856 18856 I sysui_multi_action: [757,111,758,2]
12-01 09:07:54.056 18856 18856 I sysui_multi_action: [757,111,758,2]
12-01 09:07:54.056 1508 1508 I notification_enqueue: [10082,18856,com.android.systemui,2048,NULL,0,Notification(channel=updateNotification shortcut=null contentView=null vibrate=null sound=null defaults=0x0 flags=0x0 color=0x00000000 vis=PRIVATE),1]
12-01 09:07:54.059 18856 18856 I sysui_multi_action: [757,111,758,1]
12-01 09:07:54.059 18856 18856 I sysui_multi_action: [757,126,758,1,759,126,927,0,928,1,1593,1]
12-01 09:07:54.060 18856 18856 I sysui_multi_action: [757,113,758,1,759,113,927,1,928,1,1593,1]
12-01 09:07:54.060 18856 18856 I sysui_multi_action: [757,0,758,1,759,0,927,2,928,0,1593,1]
12-01 09:07:54.060 18856 18856 I sysui_multi_action: [757,0,758,1,759,0,927,3,928,0,1593,1]
12-01 09:07:54.060 18856 18856 I sysui_multi_action: [757,491,758,1,759,491,927,4,928,0,1311,-1,1593,0]
12-01 09:07:54.060 18856 18856 I sysui_multi_action: [757,0,758,1,759,0,927,5,928,0,1593,0]
12-01 09:07:54.060 18856 18856 I sysui_multi_action: [757,111,758,1]
12-01 09:07:54.060 18856 18856 I sysui_multi_action: [757,126,758,1,759,126,927,0,928,1,1593,1]
12-01 09:07:54.060 18856 18856 I sysui_multi_action: [757,113,758,1,759,113,927,1,928,1,1593,1]
12-01 09:07:54.060 18856 18856 I sysui_multi_action: [757,0,758,1,759,0,927,2,928,0,1593,1]
12-01 09:07:54.060 18856 18856 I sysui_multi_action: [757,0,758,1,759,0,927,3,928,0,1593,1]
12-01 09:07:54.075 18856 18856 I sysui_multi_action: [757,111,758,2]
12-01 09:07:54.075 1508 1508 I notification_enqueue: [10082,18856,com.android.systemui,2048,NULL,0,Notification(channel=updateNotification shortcut=null contentView=null vibrate=null sound=null defaults=0x0 flags=0x0 color=0x00000000 vis=PRIVATE),1]
12-01 09:07:54.075 18856 18856 I sysui_multi_action: [757,111,758,2]
12-01 09:07:54.079 18856 18856 I sysui_multi_action: [757,111,758,1]
12-01 09:07:54.079 18856 18856 I sysui_multi_action: [757,126,758,1,759,126,927,0,928,1,1593,1]
12-01 09:07:54.079 18856 18856 I sysui_multi_action: [757,113,758,1,759,113,927,1,928,1,1593,1]
12-01 09:07:54.079 18856 18856 I sysui_multi_action: [757,0,758,1,759,0,927,2,928,0,1593,1]
12-01 09:07:54.079 18856 18856 I sysui_multi_action: [757,0,758,1,759,0,927,3,928,0,1593,1]
12-01 09:07:54.079 18856 18856 I sysui_multi_action: [757,491,758,1,759,491,927,4,928,0,1311,-1,1593,0]
12-01 09:07:54.079 18856 18856 I sysui_multi_action: [757,0,758,1,759,0,927,5,928,0,1593,0]
12-01 09:07:54.079 18856 18856 I sysui_multi_action: [757,111,758,1]
12-01 09:07:54.079 18856 18856 I sysui_multi_action: [757,126,758,1,759,126,927,0,928,1,1593,1]
12-01 09:07:54.079 18856 18856 I sysui_multi_action: [757,113,758,1,759,113,927,1,928,1,1593,1]
12-01 09:07:54.079 18856 18856 I sysui_multi_action: [757,0,758,1,759,0,927,2,928,0,1593,1]
12-01 09:07:54.079 18856 18856 I sysui_multi_action: [757,0,758,1,759,0,927,3,928,0,1593,1]
12-01 09:07:54.090 18856 18856 I sysui_multi_action: [757,111,758,2]
12-01 09:07:54.090 1508 1508 I notification_enqueue: [10082,18856,com.android.systemui,2048,NULL,0,Notification(channel=updateNotification shortcut=null contentView=null vibrate=null sound=null defaults=0x0 flags=0x0 color=0x00000000 vis=PRIVATE),1]
12-01 09:07:54.090 18856 18856 I sysui_multi_action: [757,111,758,2]
12-01 09:07:54.093 18856 18856 I sysui_multi_action: [757,111,758,1]
12-01 09:07:54.094 18856 18856 I sysui_multi_action: [757,126,758,1,759,126,927,0,928,1,1593,1]
12-01 09:07:54.094 18856 18856 I sysui_multi_action: [757,113,758,1,759,113,927,1,928,1,1593,1]
12-01 09:07:54.094 18856 18856 I sysui_multi_action: [757,0,758,1,759,0,927,2,928,0,1593,1]
12-01 09:07:54.094 18856 18856 I sysui_multi_action: [757,0,758,1,759,0,927,3,928,0,1593,1]
12-01 09:07:54.094 18856 18856 I sysui_multi_action: [757,491,758,1,759,491,927,4,928,0,1311,-1,1593,0]
12-01 09:07:54.094 18856 18856 I sysui_multi_action: [757,0,758,1,759,0,927,5,928,0,1593,0]
12-01 09:07:54.094 18856 18856 I sysui_multi_action: [757,111,758,1]
12-01 09:07:54.094 18856 18856 I sysui_multi_action: [757,126,758,1,759,126,927,0,928,1,1593,1]
12-01 09:07:54.094 18856 18856 I sysui_multi_action: [757,113,758,1,759,113,927,1,928,1,1593,1]
12-01 09:07:54.094 18856 18856 I sysui_multi_action: [757,0,758,1,759,0,927,2,928,0,1593,1]
12-01 09:07:54.094 18856 18856 I sysui_multi_action: [757,0,758,1,759,0,927,3,928,0,1593,1]
12-01 09:07:54.108 18856 18856 I sysui_multi_action: [757,111,758,2]
12-01 09:07:54.108 18856 18856 I sysui_multi_action: [757,111,758,2]
12-01 09:07:54.111 1508 1508 I notification_enqueue: [10082,18856,com.android.systemui,2048,NULL,0,Notification(channel=updateNotification shortcut=null contentView=null vibrate=null sound=null defaults=0x0 flags=0x0 color=0x00000000 vis=PRIVATE),1]
12-01 09:07:54.112 18856 18856 I sysui_multi_action: [757,111,758,1]
12-01 09:07:54.112 18856 18856 I sysui_multi_action: [757,126,758,1,759,126,927,0,928,1,1593,1]
12-01 09:07:54.112 18856 18856 I sysui_multi_action: [757,113,758,1,759,113,927,1,928,1,1593,1]
12-01 09:07:54.113 18856 18856 I sysui_multi_action: [757,0,758,1,759,0,927,2,928,0,1593,1]
12-01 09:07:54.113 18856 18856 I sysui_multi_action: [757,0,758,1,759,0,927,3,928,0,1593,1]
12-01 09:07:54.113 18856 18856 I sysui_multi_action: [757,491,758,1,759,491,927,4,928,0,1311,-1,1593,0]
12-01 09:07:54.113 18856 18856 I sysui_multi_action: [757,0,758,1,759,0,927,5,928,0,1593,0]
12-01 09:07:54.113 18856 18856 I sysui_multi_action: [757,111,758,1]
12-01 09:07:54.113 18856 18856 I sysui_multi_action: [757,126,758,1,759,126,927,0,928,1,1593,1]
12-01 09:07:54.113 18856 18856 I sysui_multi_action: [757,113,758,1,759,113,927,1,928,1,1593,1]
12-01 09:07:54.113 18856 18856 I sysui_multi_action: [757,0,758,1,759,0,927,2,928,0,1593,1]
12-01 09:07:54.113 18856 18856 I sysui_multi_action: [757,0,758,1,759,0,927,3,928,0,1593,1]
12-01 09:07:54.120 1508 9619 I sysui_multi_action: [757,128,758,2,793,18282762,794,2621,795,18282762,796,26,798,0,806,android,857,DEVELOPER_IMPORTANT,858,4,947,0,1395,3,1500,18282557,1688,1]
12-01 09:07:54.121 1508 9619 I notification_visibility: [-1|android|26|null|1000,0,18282762,18282762,0,0]
12-01 09:07:54.121 1508 9619 I sysui_multi_action: [757,128,758,2,793,8923,794,2621,795,8923,796,2147483644,798,1,806,com.android.deskclock,857,TimerModelNotification,858,3,947,0,1395,3,1500,8716,1688,1,1745,-868672399]
12-01 09:07:54.121 1508 9619 I notification_visibility: [0|com.android.deskclock|2147483644|null|10065,0,8923,8923,0,1]
12-01 09:07:54.121 1508 9619 I sysui_multi_action: [757,128,758,2,793,18865759,794,2621,795,18865759,796,32,798,2,806,android,857,USB,858,1,947,0,1395,3,1500,18865513,1688,1]
12-01 09:07:54.121 1508 9619 I notification_visibility: [-1|android|32|null|1000,0,18865759,18865759,0,2]
12-01 09:07:54.128 18856 18856 I sysui_multi_action: [757,111,758,2]
12-01 09:07:54.128 1508 1508 I notification_enqueue: [10082,18856,com.android.systemui,2048,NULL,0,Notification(channel=updateNotification shortcut=null contentView=null vibrate=null sound=null defaults=0x0 flags=0x0 color=0x00000000 vis=PRIVATE),1]
12-01 09:07:54.129 18856 18856 I sysui_multi_action: [757,111,758,2]
12-01 09:07:54.134 18856 18856 I sysui_multi_action: [757,111,758,1]
12-01 09:07:54.134 18856 18856 I sysui_multi_action: [757,126,758,1,759,126,927,0,928,1,1593,1]
12-01 09:07:54.134 18856 18856 I sysui_multi_action: [757,113,758,1,759,113,927,1,928,1,1593,1]
12-01 09:07:54.134 18856 18856 I sysui_multi_action: [757,0,758,1,759,0,927,2,928,0,1593,1]
12-01 09:07:54.134 18856 18856 I sysui_multi_action: [757,0,758,1,759,0,927,3,928,0,1593,1]
12-01 09:07:54.135 18856 18856 I sysui_multi_action: [757,491,758,1,759,491,927,4,928,0,1311,-1,1593,0]
12-01 09:07:54.135 18856 18856 I sysui_multi_action: [757,0,758,1,759,0,927,5,928,0,1593,0]
12-01 09:07:54.135 18856 18856 I sysui_multi_action: [757,111,758,1]
12-01 09:07:54.135 18856 18856 I sysui_multi_action: [757,126,758,1,759,126,927,0,928,1,1593,1]
12-01 09:07:54.135 18856 18856 I sysui_multi_action: [757,113,758,1,759,113,927,1,928,1,1593,1]
12-01 09:07:54.135 18856 18856 I sysui_multi_action: [757,0,758,1,759,0,927,2,928,0,1593,1]
12-01 09:07:54.135 18856 18856 I sysui_multi_action: [757,0,758,1,759,0,927,3,928,0,1593,1]
12-01 09:07:54.156 18856 18856 I sysui_multi_action: [757,111,758,2]
12-01 09:07:54.156 18856 18856 I sysui_multi_action: [757,111,758,2]
12-01 09:07:54.158 1508 1508 I notification_enqueue: [10082,18856,com.android.systemui,2048,NULL,0,Notification(channel=updateNotification shortcut=null contentView=null vibrate=null sound=null defaults=0x0 flags=0x0 color=0x00000000 vis=PRIVATE),1]
12-01 09:07:54.159 18856 18856 I sysui_multi_action: [757,111,758,1]
12-01 09:07:54.160 18856 18856 I sysui_multi_action: [757,126,758,1,759,126,927,0,928,1,1593,0]
12-01 09:07:54.160 18856 18856 I sysui_multi_action: [757,113,758,1,759,113,927,1,928,1,1593,0]
12-01 09:07:54.160 18856 18856 I sysui_multi_action: [757,0,758,1,759,0,927,2,928,0,1593,0]
12-01 09:07:54.160 18856 18856 I sysui_multi_action: [757,0,758,1,759,0,927,3,928,0,1593,0]
12-01 09:07:54.160 18856 18856 I sysui_multi_action: [757,491,758,1,759,491,927,4,928,0,1311,-1,1593,0]
12-01 09:07:54.160 18856 18856 I sysui_multi_action: [757,0,758,1,759,0,927,5,928,0,1593,0]
12-01 09:07:54.160 18856 18856 I sysui_multi_action: [757,111,758,1]
12-01 09:07:54.160 18856 18856 I sysui_multi_action: [757,126,758,1,759,126,927,0,928,1,1593,0]
12-01 09:07:54.160 18856 18856 I sysui_multi_action: [757,113,758,1,759,113,927,1,928,1,1593,0]
12-01 09:07:54.160 18856 18856 I sysui_multi_action: [757,0,758,1,759,0,927,2,928,0,1593,0]
12-01 09:07:54.160 18856 18856 I sysui_multi_action: [757,0,758,1,759,0,927,3,928,0,1593,0]
12-01 09:07:54.173 18856 18856 I sysui_multi_action: [757,111,758,2]
12-01 09:07:54.174 18856 18856 I sysui_multi_action: [757,111,758,2]
