12-01 09:19:00.011 1508 1648 I am_wtf : [0,1508,system_server,-1,DisplayDeviceConfig,requesting nits when no mapping exists.]
12-01 09:19:00.012 1508 1648 I am_wtf : [0,1508,system_server,-1,DisplayDeviceConfig,requesting nits when no mapping exists.]
12-01 09:19:00.026 1508 1648 I am_wtf : [0,1508,system_server,-1,DisplayDeviceConfig,requesting nits when no mapping exists.]
12-01 09:19:00.027 1508 1648 I am_wtf : [0,1508,system_server,-1,DisplayDeviceConfig,requesting nits when no mapping exists.]
12-01 09:19:00.043 1508 1648 I am_wtf : [0,1508,system_server,-1,DisplayDeviceConfig,requesting nits when no mapping exists.]
12-01 09:19:00.044 1508 1648 I service_manager_stats: [100,50,61092]
12-01 09:19:00.044 1508 1648 I am_wtf : [0,1508,system_server,-1,DisplayDeviceConfig,requesting nits when no mapping exists.]
12-01 09:19:00.064 1508 1648 I am_wtf : [0,1508,system_server,-1,DisplayDeviceConfig,requesting nits when no mapping exists.]
12-01 09:19:00.065 1508 1648 I am_wtf : [0,1508,system_server,-1,DisplayDeviceConfig,requesting nits when no mapping exists.]
12-01 09:19:00.076 1508 1648 I am_wtf : [0,1508,system_server,-1,DisplayDeviceConfig,requesting nits when no mapping exists.]
12-01 09:19:00.077 1508 1648 I am_wtf : [0,1508,system_server,-1,DisplayDeviceConfig,requesting nits when no mapping exists.]
12-01 09:19:00.093 1508 1648 I am_wtf : [0,1508,system_server,-1,DisplayDeviceConfig,requesting nits when no mapping exists.]
12-01 09:19:00.093 1508 1648 I am_wtf : [0,1508,system_server,-1,DisplayDeviceConfig,requesting nits when no mapping exists.]
12-01 09:19:00.110 1508 1648 I am_wtf : [0,1508,system_server,-1,DisplayDeviceConfig,requesting nits when no mapping exists.]
12-01 09:19:00.111 1508 1648 I am_wtf : [0,1508,system_server,-1,DisplayDeviceConfig,requesting nits when no mapping exists.]
12-01 09:19:00.127 1508 1648 I am_wtf : [0,1508,system_server,-1,DisplayDeviceConfig,requesting nits when no mapping exists.]
12-01 09:19:00.128 1508 1648 I am_wtf : [0,1508,system_server,-1,DisplayDeviceConfig,requesting nits when no mapping exists.]
12-01 09:19:00.143 1508 1648 I am_wtf : [0,1508,system_server,-1,DisplayDeviceConfig,requesting nits when no mapping exists.]
12-01 09:19:00.146 1508 1648 I am_wtf : [0,1508,system_server,-1,DisplayDeviceConfig,requesting nits when no mapping exists.]
12-01 09:19:00.160 1508 1648 I am_wtf : [0,1508,system_server,-1,DisplayDeviceConfig,requesting nits when no mapping exists.]
12-01 09:19:00.161 1508 1648 I am_wtf : [0,1508,system_server,-1,DisplayDeviceConfig,requesting nits when no mapping exists.]
12-01 09:19:00.177 1508 1648 I am_wtf : [0,1508,system_server,-1,DisplayDeviceConfig,requesting nits when no mapping exists.]
12-01 09:19:00.179 1508 1648 I am_wtf : [0,1508,system_server,-1,DisplayDeviceConfig,requesting nits when no mapping exists.]
12-01 09:19:00.194 1508 1648 I am_wtf : [0,1508,system_server,-1,DisplayDeviceConfig,requesting nits when no mapping exists.]
12-01 09:19:00.195 1508 1648 I am_wtf : [0,1508,system_server,-1,DisplayDeviceConfig,requesting nits when no mapping exists.]
12-01 09:19:00.210 1508 1648 I am_wtf : [0,1508,system_server,-1,DisplayDeviceConfig,requesting nits when no mapping exists.]
12-01 09:19:00.212 1508 1648 I am_wtf : [0,1508,system_server,-1,DisplayDeviceConfig,requesting nits when no mapping exists.]
12-01 09:19:00.227 1508 1648 I am_wtf : [0,1508,system_server,-1,DisplayDeviceConfig,requesting nits when no mapping exists.]
12-01 09:19:00.229 1508 1648 I am_wtf : [0,1508,system_server,-1,DisplayDeviceConfig,requesting nits when no mapping exists.]
12-01 09:19:00.244 1508 1648 I am_wtf : [0,1508,system_server,-1,DisplayDeviceConfig,requesting nits when no mapping exists.]
12-01 09:19:00.245 1508 1648 I am_wtf : [0,1508,system_server,-1,DisplayDeviceConfig,requesting nits when no mapping exists.]
12-01 09:19:00.261 1508 1648 I am_wtf : [0,1508,system_server,-1,DisplayDeviceConfig,requesting nits when no mapping exists.]
12-01 09:19:00.262 1508 1648 I am_wtf : [0,1508,system_server,-1,DisplayDeviceConfig,requesting nits when no mapping exists.]
12-01 09:19:00.280 1508 1648 I am_wtf : [0,1508,system_server,-1,DisplayDeviceConfig,requesting nits when no mapping exists.]
12-01 09:19:00.282 1508 1648 I am_wtf : [0,1508,system_server,-1,DisplayDeviceConfig,requesting nits when no mapping exists.]
12-01 09:19:00.294 1508 1648 I am_wtf : [0,1508,system_server,-1,DisplayDeviceConfig,requesting nits when no mapping exists.]
12-01 09:19:00.294 1508 1648 I am_wtf : [0,1508,system_server,-1,DisplayDeviceConfig,requesting nits when no mapping exists.]
12-01 09:19:00.310 1508 1648 I am_wtf : [0,1508,system_server,-1,DisplayDeviceConfig,requesting nits when no mapping exists.]
12-01 09:19:00.310 1508 1648 I am_wtf : [0,1508,system_server,-1,DisplayDeviceConfig,requesting nits when no mapping exists.]
12-01 09:19:00.328 1508 1648 I am_wtf : [0,1508,system_server,-1,DisplayDeviceConfig,requesting nits when no mapping exists.]
12-01 09:19:00.330 1508 1648 I am_wtf : [0,1508,system_server,-1,DisplayDeviceConfig,requesting nits when no mapping exists.]
12-01 09:19:00.345 1508 1648 I am_wtf : [0,1508,system_server,-1,DisplayDeviceConfig,requesting nits when no mapping exists.]
12-01 09:19:00.346 1508 1648 I am_wtf : [0,1508,system_server,-1,DisplayDeviceConfig,requesting nits when no mapping exists.]
12-01 09:19:00.351 0 0 I auditd : type=1400 audit(0.0:20780): avc: denied { kill } for comm="swapper/3" capability=5 scontext=u:r:kernel:s0 tcontext=u:r:kernel:s0 tclass=capability permissive=0
12-01 09:19:00.360 1508 1648 I am_wtf : [0,1508,system_server,-1,DisplayDeviceConfig,requesting nits when no mapping exists.]
12-01 09:19:00.362 1508 1648 I am_wtf : [0,1508,system_server,-1,DisplayDeviceConfig,requesting nits when no mapping exists.]
12-01 09:19:01.351 0 0 I auditd : type=1400 audit(0.0:20781): avc: denied { kill } for comm="swapper/3" capability=5 scontext=u:r:kernel:s0 tcontext=u:r:kernel:s0 tclass=capability permissive=0
12-01 09:19:02.351 0 0 I auditd : type=1400 audit(0.0:20782): avc: denied { kill } for comm="swapper/3" capability=5 scontext=u:r:kernel:s0 tcontext=u:r:kernel:s0 tclass=capability permissive=0
12-01 09:19:03.351 0 0 I auditd : type=1400 audit(0.0:20783): avc: denied { kill } for comm="swapper/3" capability=5 scontext=u:r:kernel:s0 tcontext=u:r:kernel:s0 tclass=capability permissive=0
12-01 09:19:04.351 0 0 I auditd : type=1400 audit(0.0:20784): avc: denied { kill } for comm="swapper/3" capability=5 scontext=u:r:kernel:s0 tcontext=u:r:kernel:s0 tclass=capability permissive=0
12-01 09:19:05.351 0 0 I auditd : type=1400 audit(0.0:20785): avc: denied { kill } for comm="swapper/3" capability=5 scontext=u:r:kernel:s0 tcontext=u:r:kernel:s0 tclass=capability permissive=0
12-01 09:19:06.351 0 0 I auditd : type=1400 audit(0.0:20786): avc: denied { kill } for comm="swapper/3" capability=5 scontext=u:r:kernel:s0 tcontext=u:r:kernel:s0 tclass=capability permissive=0
12-01 09:19:06.410 1508 1633 I sysui_multi_action: [757,222,758,1]
12-01 09:19:06.412 1508 1633 I am_uid_active: 10042
12-01 09:19:06.432 1508 1603 I wm_task_created: [358,-1]
12-01 09:19:06.435 1508 1647 I am_pss : [31016,10086,com.android.music,59606016,54714368,0,179896320,0,2,13]
12-01 09:19:06.436 1508 1603 I wm_task_moved: [358,1,7]
12-01 09:19:06.436 1508 1603 I wm_task_to_front: [0,358]
12-01 09:19:06.437 1508 1603 I wm_create_task: [0,358]
12-01 09:19:06.437 1508 1603 I wm_create_activity: [0,258530360,358,com.thundercomm.screensaver/android.service.dreams.DreamActivity,NULL,NULL,NULL,276824064]
12-01 09:19:06.437 1508 1603 I wm_task_moved: [358,1,7]
12-01 09:19:06.437 31016 31016 I wm_on_top_resumed_lost_called: [21231846,com.android.music.MusicBrowserActivity,topStateChangedWhenResumed]
12-01 09:19:06.439 1508 1603 I wm_pause_activity: [0,103113767,com.android.launcher3/.uioverrides.QuickstepLauncher,userLeaving=true,pauseBackTasks]
12-01 09:19:06.440 2822 2822 I wm_on_paused_called: [103113767,com.android.launcher3.uioverrides.QuickstepLauncher,performPause]
12-01 09:19:06.443 1508 1647 I am_pss : [31146,10018,com.android.musicfx,5695488,3895296,0,89133056,0,19,7]
12-01 09:19:06.449 1508 1647 I am_pss : [31034,10066,com.android.calendar,6298624,4046848,0,91009024,0,19,6]
12-01 09:19:06.450 1508 9856 I wm_add_to_stopping: [0,103113767,com.android.launcher3/.uioverrides.QuickstepLauncher,makeInvisible]
12-01 09:19:06.451 1508 9856 I wm_restart_activity: [0,258530360,358,com.thundercomm.screensaver/android.service.dreams.DreamActivity]
12-01 09:19:06.453 1508 9856 I wm_set_resumed_activity: [0,com.thundercomm.screensaver/android.service.dreams.DreamActivity,minimalResumeActivityLocked]
12-01 09:19:06.465 1508 1636 I sysui_multi_action: [757,803,799,window_time_0,802,61]
12-01 09:19:06.465 19950 19950 I wm_on_create_called: [258530360,android.service.dreams.DreamActivity,performCreate]
12-01 09:19:06.466 19950 19950 I wm_on_start_called: [258530360,android.service.dreams.DreamActivity,handleStartActivity]
12-01 09:19:06.467 19950 19950 I wm_on_resume_called: [258530360,android.service.dreams.DreamActivity,RESUME_ACTIVITY]
12-01 09:19:06.477 19950 19950 I wm_on_top_resumed_gained_called: [258530360,android.service.dreams.DreamActivity,topStateChangedWhenResumed]
12-01 09:19:06.501 1508 1637 I input_focus: [Focus request a145702 com.thundercomm.screensaver/android.service.dreams.DreamActivity,reason=UpdateInputWindows]
12-01 09:19:06.512 1508 1508 I notification_enqueue: [10082,18856,com.android.systemui,2048,NULL,0,Notification(channel=updateNotification shortcut=null contentView=null vibrate=null sound=null defaults=0x0 flags=0x0 color=0x00000000 vis=PRIVATE),1]
12-01 09:19:06.512 18856 18856 I sysui_multi_action: [757,111,758,2]
12-01 09:19:06.513 18856 18856 I sysui_multi_action: [757,111,758,2]
12-01 09:19:06.522 1508 1666 I sysui_multi_action: [757,1696,758,6,759,3]
12-01 09:19:06.528 1508 1633 I sysui_multi_action: [319,90,322,88,325,19565,757,761,758,8,759,2,806,com.thundercomm.screensaver,871,android.service.dreams.DreamActivity,904,com.thundercomm.screensaver,905,0,1320,8,1321,5]
12-01 09:19:06.529 1508 2005 I input_focus: [Focus leaving b3731a3 com.android.music/com.android.music.MusicBrowserActivity (server),reason=Waiting for window because NOT_VISIBLE]
12-01 09:19:06.530 1508 1633 I wm_activity_launch_time: [0,258530360,com.thundercomm.screensaver/android.service.dreams.DreamActivity,88]
12-01 09:19:06.535 1508 1648 I am_wtf : [0,1508,system_server,-1,DisplayDeviceConfig,requesting nits when no mapping exists.]
12-01 09:19:06.535 18856 18856 I sysui_multi_action: [757,111,758,1]
12-01 09:19:06.535 18856 18856 I sysui_multi_action: [757,126,758,1,759,126,927,0,928,1,1593,0]
12-01 09:19:06.535 18856 18856 I sysui_multi_action: [757,113,758,1,759,113,927,1,928,1,1593,0]
12-01 09:19:06.535 18856 18856 I sysui_multi_action: [757,0,758,1,759,0,927,2,928,0,1593,0]
12-01 09:19:06.535 18856 18856 I sysui_multi_action: [757,0,758,1,759,0,927,3,928,0,1593,0]
12-01 09:19:06.535 18856 18856 I sysui_multi_action: [757,491,758,1,759,491,927,4,928,0,1311,-1,1593,0]
12-01 09:19:06.536 18856 18856 I sysui_multi_action: [757,0,758,1,759,0,927,5,928,0,1593,0]
12-01 09:19:06.536 18856 18856 I sysui_multi_action: [757,111,758,1]
12-01 09:19:06.536 18856 18856 I sysui_multi_action: [757,126,758,1,759,126,927,0,928,1,1593,0]
12-01 09:19:06.536 18856 18856 I sysui_multi_action: [757,113,758,1,759,113,927,1,928,1,1593,0]
12-01 09:19:06.536 18856 18856 I sysui_multi_action: [757,0,758,1,759,0,927,2,928,0,1593,0]
12-01 09:19:06.536 18856 18856 I sysui_multi_action: [757,0,758,1,759,0,927,3,928,0,1593,0]
12-01 09:19:06.536 1508 1648 I am_wtf : [0,1508,system_server,-1,DisplayDeviceConfig,requesting nits when no mapping exists.]
12-01 09:19:06.544 1508 1648 I am_wtf : [0,1508,system_server,-1,DisplayDeviceConfig,requesting nits when no mapping exists.]
12-01 09:19:06.544 1508 1648 I am_wtf : [0,1508,system_server,-1,DisplayDeviceConfig,requesting nits when no mapping exists.]
12-01 09:19:06.545 1508 2005 I input_focus: [Focus entering a145702 com.thundercomm.screensaver/android.service.dreams.DreamActivity (server),reason=Window became focusable. Previous reason: NOT_VISIBLE]
12-01 09:19:06.563 1508 1648 I am_wtf : [0,1508,system_server,-1,DisplayDeviceConfig,requesting nits when no mapping exists.]
12-01 09:19:06.565 1508 1648 I am_wtf : [0,1508,system_server,-1,DisplayDeviceConfig,requesting nits when no mapping exists.]
12-01 09:19:06.581 1508 1648 I am_wtf : [0,1508,system_server,-1,DisplayDeviceConfig,requesting nits when no mapping exists.]
12-01 09:19:06.582 1508 1648 I am_wtf : [0,1508,system_server,-1,DisplayDeviceConfig,requesting nits when no mapping exists.]
12-01 09:19:06.594 1508 1648 I am_wtf : [0,1508,system_server,-1,DisplayDeviceConfig,requesting nits when no mapping exists.]
12-01 09:19:06.595 1508 1648 I am_wtf : [0,1508,system_server,-1,DisplayDeviceConfig,requesting nits when no mapping exists.]
12-01 09:19:06.613 1508 1648 I am_wtf : [0,1508,system_server,-1,DisplayDeviceConfig,requesting nits when no mapping exists.]
12-01 09:19:06.614 1508 1648 I am_wtf : [0,1508,system_server,-1,DisplayDeviceConfig,requesting nits when no mapping exists.]
12-01 09:19:06.627 1508 1648 I am_wtf : [0,1508,system_server,-1,DisplayDeviceConfig,requesting nits when no mapping exists.]
12-01 09:19:06.628 1508 1648 I am_wtf : [0,1508,system_server,-1,DisplayDeviceConfig,requesting nits when no mapping exists.]
12-01 09:19:06.652 1508 1648 I am_wtf : [0,1508,system_server,-1,DisplayDeviceConfig,requesting nits when no mapping exists.]
12-01 09:19:06.653 1508 1648 I am_wtf : [0,1508,system_server,-1,DisplayDeviceConfig,requesting nits when no mapping exists.]
12-01 09:19:06.661 1508 1648 I am_wtf : [0,1508,system_server,-1,DisplayDeviceConfig,requesting nits when no mapping exists.]
12-01 09:19:06.662 1508 1648 I am_wtf : [0,1508,system_server,-1,DisplayDeviceConfig,requesting nits when no mapping exists.]
12-01 09:19:06.679 1508 1648 I am_wtf : [0,1508,system_server,-1,DisplayDeviceConfig,requesting nits when no mapping exists.]
12-01 09:19:06.680 1508 1648 I am_wtf : [0,1508,system_server,-1,DisplayDeviceConfig,requesting nits when no mapping exists.]
12-01 09:19:06.698 1508 1648 I am_wtf : [0,1508,system_server,-1,DisplayDeviceConfig,requesting nits when no mapping exists.]
12-01 09:19:06.698 1508 1648 I am_wtf : [0,1508,system_server,-1,DisplayDeviceConfig,requesting nits when no mapping exists.]
12-01 09:19:06.712 1508 1648 I am_wtf : [0,1508,system_server,-1,DisplayDeviceConfig,requesting nits when no mapping exists.]
12-01 09:19:06.716 1508 1508 I sysui_multi_action: [757,1501,758,1,793,825423,794,0,795,207,796,2048,806,com.android.systemui,857,updateNotification,858,3,947,0,1500,0,1688,1]
12-01 09:19:06.716 1508 1508 I sysui_multi_action: [757,804,799,note_interruptive,801,0,802,1]
12-01 09:19:06.716 1508 1508 I sysui_multi_action: [757,199,758,1,759,2,793,825423,794,0,795,207,796,2048,806,com.android.systemui,857,updateNotification,858,3,947,0,1500,0,1688,1]
12-01 09:19:06.716 1508 1508 I notification_alert: [0|com.android.systemui|2048|null|10082,0,1,0]
12-01 09:19:06.719 1508 1648 I am_wtf : [0,1508,system_server,-1,DisplayDeviceConfig,requesting nits when no mapping exists.]
12-01 09:19:06.729 1508 1648 I am_wtf : [0,1508,system_server,-1,DisplayDeviceConfig,requesting nits when no mapping exists.]
12-01 09:19:06.730 1508 1648 I am_wtf : [0,1508,system_server,-1,DisplayDeviceConfig,requesting nits when no mapping exists.]
12-01 09:19:06.748 1508 1648 I am_wtf : [0,1508,system_server,-1,DisplayDeviceConfig,requesting nits when no mapping exists.]
12-01 09:19:06.749 1508 1648 I am_wtf : [0,1508,system_server,-1,DisplayDeviceConfig,requesting nits when no mapping exists.]
12-01 09:19:06.769 1508 1648 I am_wtf : [0,1508,system_server,-1,DisplayDeviceConfig,requesting nits when no mapping exists.]
12-01 09:19:06.770 1508 1648 I am_wtf : [0,1508,system_server,-1,DisplayDeviceConfig,requesting nits when no mapping exists.]
12-01 09:19:06.778 1508 1648 I am_wtf : [0,1508,system_server,-1,DisplayDeviceConfig,requesting nits when no mapping exists.]
12-01 09:19:06.779 1508 1648 I am_wtf : [0,1508,system_server,-1,DisplayDeviceConfig,requesting nits when no mapping exists.]
12-01 09:19:06.795 1508 1648 I am_wtf : [0,1508,system_server,-1,DisplayDeviceConfig,requesting nits when no mapping exists.]
12-01 09:19:06.796 1508 1648 I am_wtf : [0,1508,system_server,-1,DisplayDeviceConfig,requesting nits when no mapping exists.]
12-01 09:19:06.814 1508 1648 I am_wtf : [0,1508,system_server,-1,DisplayDeviceConfig,requesting nits when no mapping exists.]
12-01 09:19:06.815 1508 1648 I am_wtf : [0,1508,system_server,-1,DisplayDeviceConfig,requesting nits when no mapping exists.]
12-01 09:19:06.816 1508 1636 I wm_stop_activity: [0,103113767,com.android.launcher3/.uioverrides.QuickstepLauncher]
12-01 09:19:06.830 1508 1648 I am_wtf : [0,1508,system_server,-1,DisplayDeviceConfig,requesting nits when no mapping exists.]
12-01 09:19:06.831 1508 1648 I am_wtf : [0,1508,system_server,-1,DisplayDeviceConfig,requesting nits when no mapping exists.]
12-01 09:19:06.853 2822 2822 I wm_on_stop_called: [103113767,com.android.launcher3.uioverrides.QuickstepLauncher,STOP_ACTIVITY_ITEM]
12-01 09:19:06.856 1508 1648 I am_wtf : [0,1508,system_server,-1,DisplayDeviceConfig,requesting nits when no mapping exists.]
12-01 09:19:06.858 1508 1648 I am_wtf : [0,1508,system_server,-1,DisplayDeviceConfig,requesting nits when no mapping exists.]
12-01 09:19:06.862 1508 1648 I am_wtf : [0,1508,system_server,-1,DisplayDeviceConfig,requesting nits when no mapping exists.]
12-01 09:19:06.863 1508 1648 I am_wtf : [0,1508,system_server,-1,DisplayDeviceConfig,requesting nits when no mapping exists.]
12-01 09:19:06.880 1508 1648 I am_wtf : [0,1508,system_server,-1,DisplayDeviceConfig,requesting nits when no mapping exists.]
12-01 09:19:06.882 1508 1648 I am_wtf : [0,1508,system_server,-1,DisplayDeviceConfig,requesting nits when no mapping exists.]
12-01 09:19:06.896 1508 1648 I am_wtf : [0,1508,system_server,-1,DisplayDeviceConfig,requesting nits when no mapping exists.]
12-01 09:19:06.899 1508 1648 I am_wtf : [0,1508,system_server,-1,DisplayDeviceConfig,requesting nits when no mapping exists.]
12-01 09:19:06.909 1508 1648 I am_wtf : [0,1508,system_server,-1,DisplayDeviceConfig,requesting nits when no mapping exists.]
12-01 09:19:06.910 1508 1648 I am_wtf : [0,1508,system_server,-1,DisplayDeviceConfig,requesting nits when no mapping exists.]
12-01 09:19:06.926 1508 1648 I am_wtf : [0,1508,system_server,-1,DisplayDeviceConfig,requesting nits when no mapping exists.]
12-01 09:19:06.927 1508 1648 I am_wtf : [0,1508,system_server,-1,DisplayDeviceConfig,requesting nits when no mapping exists.]
12-01 09:19:06.943 1508 1648 I am_wtf : [0,1508,system_server,-1,DisplayDeviceConfig,requesting nits when no mapping exists.]
12-01 09:19:06.944 1508 1648 I am_wtf : [0,1508,system_server,-1,DisplayDeviceConfig,requesting nits when no mapping exists.]
12-01 09:19:06.960 1508 1648 I am_wtf : [0,1508,system_server,-1,DisplayDeviceConfig,requesting nits when no mapping exists.]
12-01 09:19:06.961 1508 1648 I am_wtf : [0,1508,system_server,-1,DisplayDeviceConfig,requesting nits when no mapping exists.]
12-01 09:19:06.977 1508 1648 I am_wtf : [0,1508,system_server,-1,DisplayDeviceConfig,requesting nits when no mapping exists.]
12-01 09:19:06.978 1508 1648 I service_manager_stats: [100,51,6934]
12-01 09:19:06.978 1508 1648 I am_wtf : [0,1508,system_server,-1,DisplayDeviceConfig,requesting nits when no mapping exists.]
12-01 09:19:06.993 1508 1648 I am_wtf : [0,1508,system_server,-1,DisplayDeviceConfig,requesting nits when no mapping exists.]
12-01 09:19:06.994 1508 1648 I am_wtf : [0,1508,system_server,-1,DisplayDeviceConfig,requesting nits when no mapping exists.]
12-01 09:19:07.010 1508 1648 I am_wtf : [0,1508,system_server,-1,DisplayDeviceConfig,requesting nits when no mapping exists.]
12-01 09:19:07.012 1508 1648 I am_wtf : [0,1508,system_server,-1,DisplayDeviceConfig,requesting nits when no mapping exists.]
12-01 09:19:07.026 1508 1648 I am_wtf : [0,1508,system_server,-1,DisplayDeviceConfig,requesting nits when no mapping exists.]
12-01 09:19:07.027 1508 1648 I am_wtf : [0,1508,system_server,-1,DisplayDeviceConfig,requesting nits when no mapping exists.]
12-01 09:19:07.043 1508 1648 I am_wtf : [0,1508,system_server,-1,DisplayDeviceConfig,requesting nits when no mapping exists.]
12-01 09:19:07.045 1508 1648 I am_wtf : [0,1508,system_server,-1,DisplayDeviceConfig,requesting nits when no mapping exists.]
12-01 09:19:07.060 1508 1648 I am_wtf : [0,1508,system_server,-1,DisplayDeviceConfig,requesting nits when no mapping exists.]
12-01 09:19:07.061 1508 1648 I am_wtf : [0,1508,system_server,-1,DisplayDeviceConfig,requesting nits when no mapping exists.]
12-01 09:19:07.077 1508 1648 I am_wtf : [0,1508,system_server,-1,DisplayDeviceConfig,requesting nits when no mapping exists.]
12-01 09:19:07.078 1508 1648 I am_wtf : [0,1508,system_server,-1,DisplayDeviceConfig,requesting nits when no mapping exists.]
12-01 09:19:07.093 1508 1648 I am_wtf : [0,1508,system_server,-1,DisplayDeviceConfig,requesting nits when no mapping exists.]
12-01 09:19:07.094 1508 1648 I am_wtf : [0,1508,system_server,-1,DisplayDeviceConfig,requesting nits when no mapping exists.]
12-01 09:19:07.111 1508 1648 I am_wtf : [0,1508,system_server,-1,DisplayDeviceConfig,requesting nits when no mapping exists.]
12-01 09:19:07.112 1508 1648 I am_wtf : [0,1508,system_server,-1,DisplayDeviceConfig,requesting nits when no mapping exists.]
12-01 09:19:07.127 1508 1648 I am_wtf : [0,1508,system_server,-1,DisplayDeviceConfig,requesting nits when no mapping exists.]
12-01 09:19:07.128 1508 1648 I am_wtf : [0,1508,system_server,-1,DisplayDeviceConfig,requesting nits when no mapping exists.]
12-01 09:19:07.143 1508 1648 I am_wtf : [0,1508,system_server,-1,DisplayDeviceConfig,requesting nits when no mapping exists.]
12-01 09:19:07.145 1508 1648 I am_wtf : [0,1508,system_server,-1,DisplayDeviceConfig,requesting nits when no mapping exists.]
12-01 09:19:07.160 1508 1648 I am_wtf : [0,1508,system_server,-1,DisplayDeviceConfig,requesting nits when no mapping exists.]
12-01 09:19:07.161 1508 1648 I am_wtf : [0,1508,system_server,-1,DisplayDeviceConfig,requesting nits when no mapping exists.]
12-01 09:19:07.177 1508 1648 I am_wtf : [0,1508,system_server,-1,DisplayDeviceConfig,requesting nits when no mapping exists.]
12-01 09:19:07.179 1508 1648 I am_wtf : [0,1508,system_server,-1,DisplayDeviceConfig,requesting nits when no mapping exists.]
12-01 09:19:07.193 1508 1648 I am_wtf : [0,1508,system_server,-1,DisplayDeviceConfig,requesting nits when no mapping exists.]
12-01 09:19:07.194 1508 1648 I am_wtf : [0,1508,system_server,-1,DisplayDeviceConfig,requesting nits when no mapping exists.]
12-01 09:19:07.210 1508 1648 I am_wtf : [0,1508,system_server,-1,DisplayDeviceConfig,requesting nits when no mapping exists.]
12-01 09:19:07.211 1508 1648 I am_wtf : [0,1508,system_server,-1,DisplayDeviceConfig,requesting nits when no mapping exists.]
12-01 09:19:07.227 1508 1648 I am_wtf : [0,1508,system_server,-1,DisplayDeviceConfig,requesting nits when no mapping exists.]
12-01 09:19:07.228 1508 1648 I am_wtf : [0,1508,system_server,-1,DisplayDeviceConfig,requesting nits when no mapping exists.]
12-01 09:19:07.244 1508 1648 I am_wtf : [0,1508,system_server,-1,DisplayDeviceConfig,requesting nits when no mapping exists.]
12-01 09:19:07.245 1508 1648 I am_wtf : [0,1508,system_server,-1,DisplayDeviceConfig,requesting nits when no mapping exists.]
12-01 09:19:07.260 1508 1648 I am_wtf : [0,1508,system_server,-1,DisplayDeviceConfig,requesting nits when no mapping exists.]
12-01 09:19:07.261 1508 1648 I am_wtf : [0,1508,system_server,-1,DisplayDeviceConfig,requesting nits when no mapping exists.]
12-01 09:19:07.279 1508 1648 I am_wtf : [0,1508,system_server,-1,DisplayDeviceConfig,requesting nits when no mapping exists.]
12-01 09:19:07.280 1508 1648 I am_wtf : [0,1508,system_server,-1,DisplayDeviceConfig,requesting nits when no mapping exists.]
12-01 09:19:07.295 1508 1648 I am_wtf : [0,1508,system_server,-1,DisplayDeviceConfig,requesting nits when no mapping exists.]
12-01 09:19:07.296 1508 1648 I am_wtf : [0,1508,system_server,-1,DisplayDeviceConfig,requesting nits when no mapping exists.]
12-01 09:19:07.311 1508 1648 I am_wtf : [0,1508,system_server,-1,DisplayDeviceConfig,requesting nits when no mapping exists.]
12-01 09:19:07.314 1508 1648 I am_wtf : [0,1508,system_server,-1,DisplayDeviceConfig,requesting nits when no mapping exists.]
12-01 09:19:07.335 1508 1648 I am_wtf : [0,1508,system_server,-1,DisplayDeviceConfig,requesting nits when no mapping exists.]
12-01 09:19:07.336 1508 1648 I am_wtf : [0,1508,system_server,-1,DisplayDeviceConfig,requesting nits when no mapping exists.]
12-01 09:19:07.344 1508 1648 I am_wtf : [0,1508,system_server,-1,DisplayDeviceConfig,requesting nits when no mapping exists.]
12-01 09:19:07.345 1508 1648 I am_wtf : [0,1508,system_server,-1,DisplayDeviceConfig,requesting nits when no mapping exists.]
12-01 09:19:07.351 0 0 I auditd : type=1400 audit(0.0:20787): avc: denied { kill } for comm="swapper/3" capability=5 scontext=u:r:kernel:s0 tcontext=u:r:kernel:s0 tclass=capability permissive=0
12-01 09:19:07.361 1508 1648 I am_wtf : [0,1508,system_server,-1,DisplayDeviceConfig,requesting nits when no mapping exists.]
12-01 09:19:07.362 1508 1648 I am_wtf : [0,1508,system_server,-1,DisplayDeviceConfig,requesting nits when no mapping exists.]
12-01 09:19:07.380 1508 1648 I am_wtf : [0,1508,system_server,-1,DisplayDeviceConfig,requesting nits when no mapping exists.]
12-01 09:19:07.381 1508 1648 I am_wtf : [0,1508,system_server,-1,DisplayDeviceConfig,requesting nits when no mapping exists.]
12-01 09:19:07.402 1508 1648 I am_wtf : [0,1508,system_server,-1,DisplayDeviceConfig,requesting nits when no mapping exists.]
12-01 09:19:07.403 1508 1648 I am_wtf : [0,1508,system_server,-1,DisplayDeviceConfig,requesting nits when no mapping exists.]
12-01 09:19:07.418 1508 1648 I am_wtf : [0,1508,system_server,-1,DisplayDeviceConfig,requesting nits when no mapping exists.]
12-01 09:19:07.419 1508 1648 I am_wtf : [0,1508,system_server,-1,DisplayDeviceConfig,requesting nits when no mapping exists.]
12-01 09:19:07.427 1508 1648 I am_wtf : [0,1508,system_server,-1,DisplayDeviceConfig,requesting nits when no mapping exists.]
12-01 09:19:07.428 1508 1648 I am_wtf : [0,1508,system_server,-1,DisplayDeviceConfig,requesting nits when no mapping exists.]
12-01 09:19:07.444 1508 1648 I am_wtf : [0,1508,system_server,-1,DisplayDeviceConfig,requesting nits when no mapping exists.]
12-01 09:19:07.445 1508 1648 I am_wtf : [0,1508,system_server,-1,DisplayDeviceConfig,requesting nits when no mapping exists.]
12-01 09:19:07.461 1508 1648 I am_wtf : [0,1508,system_server,-1,DisplayDeviceConfig,requesting nits when no mapping exists.]
12-01 09:19:07.463 1508 1648 I am_wtf : [0,1508,system_server,-1,DisplayDeviceConfig,requesting nits when no mapping exists.]
12-01 09:19:07.478 1508 1648 I am_wtf : [0,1508,system_server,-1,DisplayDeviceConfig,requesting nits when no mapping exists.]
12-01 09:19:07.480 1508 1648 I am_wtf : [0,1508,system_server,-1,DisplayDeviceConfig,requesting nits when no mapping exists.]
12-01 09:19:08.351 0 0 I auditd : type=1400 audit(0.0:20788): avc: denied { kill } for comm="swapper/3" capability=5 scontext=u:r:kernel:s0 tcontext=u:r:kernel:s0 tclass=capability permissive=0
12-01 09:19:10.351 0 0 I auditd : type=1400 audit(0.0:20789): avc: denied { kill } for comm="swapper/3" capability=5 scontext=u:r:kernel:s0 tcontext=u:r:kernel:s0 tclass=capability permissive=0
12-01 09:19:11.249 1508 1508 I notification_enqueue: [10097,9319,com.github.uiautomator,1,NULL,0,Notification(channel=monitor service shortcut=null contentView=null vibrate=null sound=null tick defaults=0x0 flags=0x40 color=0x00000000 vis=PRIVATE),1]
12-01 09:19:11.351 0 0 I auditd : type=1400 audit(0.0:20790): avc: denied { kill } for comm="swapper/3" capability=5 scontext=u:r:kernel:s0 tcontext=u:r:kernel:s0 tclass=capability permissive=0
12-01 09:19:12.086 1508 2305 I netstats_mobile_sample: [0,0,0,0,0,0,0,0,0,0,0,0,1669857552085]
12-01 09:19:12.086 1508 2305 I netstats_wifi_sample: [325401533,718226,197879575,462663,325401533,718226,197879575,462663,428550243,1476401,99739732,240948,1669857552085]
12-01 09:19:12.351 0 0 I auditd : type=1400 audit(0.0:20791): avc: denied { kill } for comm="swapper/3" capability=5 scontext=u:r:kernel:s0 tcontext=u:r:kernel:s0 tclass=capability permissive=0
12-01 09:19:13.351 0 0 I auditd : type=1400 audit(0.0:20792): avc: denied { kill } for comm="swapper/3" capability=5 scontext=u:r:kernel:s0 tcontext=u:r:kernel:s0 tclass=capability permissive=0
12-01 09:19:14.351 0 0 I auditd : type=1400 audit(0.0:20793): avc: denied { kill } for comm="swapper/3" capability=5 scontext=u:r:kernel:s0 tcontext=u:r:kernel:s0 tclass=capability permissive=0
12-01 09:19:15.351 0 0 I auditd : type=1400 audit(0.0:20794): avc: denied { kill } for comm="swapper/3" capability=5 scontext=u:r:kernel:s0 tcontext=u:r:kernel:s0 tclass=capability permissive=0
12-01 09:19:16.351 0 0 I auditd : type=1400 audit(0.0:20795): avc: denied { kill } for comm="swapper/3" capability=5 scontext=u:r:kernel:s0 tcontext=u:r:kernel:s0 tclass=capability permissive=0
12-01 09:19:17.351 0 0 I auditd : type=1400 audit(0.0:20796): avc: denied { kill } for comm="swapper/3" capability=5 scontext=u:r:kernel:s0 tcontext=u:r:kernel:s0 tclass=capability permissive=0
12-01 09:19:18.351 0 0 I auditd : type=1400 audit(0.0:20797): avc: denied { kill } for comm="swapper/3" capability=5 scontext=u:r:kernel:s0 tcontext=u:r:kernel:s0 tclass=capability permissive=0
12-01 09:19:19.351 0 0 I auditd : type=1400 audit(0.0:20798): avc: denied { kill } for comm="swapper/3" capability=5 scontext=u:r:kernel:s0 tcontext=u:r:kernel:s0 tclass=capability permissive=0
12-01 09:19:20.351 0 0 I auditd : type=1400 audit(0.0:20799): avc: denied { kill } for comm="swapper/3" capability=5 scontext=u:r:kernel:s0 tcontext=u:r:kernel:s0 tclass=capability permissive=0
12-01 09:19:21.344 1508 1768 I am_freeze: [28731,com.qti.diagservices]
12-01 09:19:21.345 1508 1768 I am_kill : [0,28731,com.qti.diagservices,965,Unable to freeze binder interface]
12-01 09:19:21.371 1508 8164 I am_proc_died: [0,28731,com.qti.diagservices,965,10]
12-01 09:19:21.373 1508 8164 I am_schedule_service_restart: [0,com.qti.diagservices/.QTIDiagServices,1000]
12-01 09:19:21.387 1508 1647 I am_pss : [31016,10086,com.android.music,59817984,54886400,0,180068352,0,2,11]
12-01 09:19:22.351 0 0 I auditd : type=1400 audit(0.0:20800): avc: denied { kill } for comm="swapper/3" capability=5 scontext=u:r:kernel:s0 tcontext=u:r:kernel:s0 tclass=capability permissive=0
12-01 09:19:22.412 1508 1649 I am_proc_start: [0,31226,1000,com.qti.diagservices,service,{com.qti.diagservices/com.qti.diagservices.QTIDiagServices}]
12-01 09:19:22.474 1508 8164 I am_proc_bound: [0,31226,com.qti.diagservices]
12-01 09:19:22.511 31226 31226 I auditd : type=1400 audit(0.0:20801): avc: denied { read write } for comm="ti.diagservices" name="diag" dev="tmpfs" ino=11385 scontext=u:r:system_app:s0 tcontext=u:object_r:vendor_diag_device:s0 tclass=chr_file permissive=0
12-01 09:19:23.351 0 0 I auditd : type=1400 audit(0.0:20802): avc: denied { kill } for comm="swapper/3" capability=5 scontext=u:r:kernel:s0 tcontext=u:r:kernel:s0 tclass=capability permissive=0
12-01 09:19:24.351 0 0 I auditd : type=1400 audit(0.0:20803): avc: denied { kill } for comm="swapper/3" capability=5 scontext=u:r:kernel:s0 tcontext=u:r:kernel:s0 tclass=capability permissive=0
12-01 09:19:25.351 0 0 I auditd : type=1400 audit(0.0:20804): avc: denied { kill } for comm="swapper/3" capability=5 scontext=u:r:kernel:s0 tcontext=u:r:kernel:s0 tclass=capability permissive=0
12-01 09:19:26.351 0 0 I auditd : type=1400 audit(0.0:20805): avc: denied { kill } for comm="swapper/3" capability=5 scontext=u:r:kernel:s0 tcontext=u:r:kernel:s0 tclass=capability permissive=0
12-01 09:19:27.351 0 0 I auditd : type=1400 audit(0.0:20806): avc: denied { kill } for comm="swapper/3" capability=5 scontext=u:r:kernel:s0 tcontext=u:r:kernel:s0 tclass=capability permissive=0
12-01 09:19:28.351 0 0 I auditd : type=1400 audit(0.0:20807): avc: denied { kill } for comm="swapper/3" capability=5 scontext=u:r:kernel:s0 tcontext=u:r:kernel:s0 tclass=capability permissive=0
12-01 09:19:29.351 0 0 I auditd : type=1400 audit(0.0:20808): avc: denied { kill } for comm="swapper/3" capability=5 scontext=u:r:kernel:s0 tcontext=u:r:kernel:s0 tclass=capability permissive=0
12-01 09:19:30.351 0 0 I auditd : type=1400 audit(0.0:20809): avc: denied { kill } for comm="swapper/3" capability=5 scontext=u:r:kernel:s0 tcontext=u:r:kernel:s0 tclass=capability permissive=0
12-01 09:19:31.351 0 0 I auditd : type=1400 audit(0.0:20810): avc: denied { kill } for comm="swapper/3" capability=5 scontext=u:r:kernel:s0 tcontext=u:r:kernel:s0 tclass=capability permissive=0
12-01 09:19:33.351 0 0 I auditd : type=1400 audit(0.0:20811): avc: denied { kill } for comm="swapper/3" capability=5 scontext=u:r:kernel:s0 tcontext=u:r:kernel:s0 tclass=capability permissive=0
12-01 09:19:34.351 0 0 I auditd : type=1400 audit(0.0:20812): avc: denied { kill } for comm="swapper/3" capability=5 scontext=u:r:kernel:s0 tcontext=u:r:kernel:s0 tclass=capability permissive=0
12-01 09:19:35.351 0 0 I auditd : type=1400 audit(0.0:20813): avc: denied { kill } for comm="swapper/3" capability=5 scontext=u:r:kernel:s0 tcontext=u:r:kernel:s0 tclass=capability permissive=0
12-01 09:19:36.351 0 0 I auditd : type=1400 audit(0.0:20814): avc: denied { kill } for comm="swapper/3" capability=5 scontext=u:r:kernel:s0 tcontext=u:r:kernel:s0 tclass=capability permissive=0
12-01 09:19:37.351 0 0 I auditd : type=1400 audit(0.0:20815): avc: denied { kill } for comm="swapper/3" capability=5 scontext=u:r:kernel:s0 tcontext=u:r:kernel:s0 tclass=capability permissive=0
12-01 09:19:38.351 0 0 I auditd : type=1400 audit(0.0:20816): avc: denied { kill } for comm="swapper/3" capability=5 scontext=u:r:kernel:s0 tcontext=u:r:kernel:s0 tclass=capability permissive=0
12-01 09:19:39.351 0 0 I auditd : type=1400 audit(0.0:20817): avc: denied { kill } for comm="swapper/3" capability=5 scontext=u:r:kernel:s0 tcontext=u:r:kernel:s0 tclass=capability permissive=0
12-01 09:19:40.351 0 0 I auditd : type=1400 audit(0.0:20818): avc: denied { kill } for comm="swapper/3" capability=5 scontext=u:r:kernel:s0 tcontext=u:r:kernel:s0 tclass=capability permissive=0
12-01 09:19:41.337 1508 1508 I notification_enqueue: [10097,9319,com.github.uiautomator,1,NULL,0,Notification(channel=monitor service shortcut=null contentView=null vibrate=null sound=null tick defaults=0x0 flags=0x40 color=0x00000000 vis=PRIVATE),1]
12-01 09:19:41.351 0 0 I auditd : type=1400 audit(0.0:20819): avc: denied { kill } for comm="swapper/3" capability=5 scontext=u:r:kernel:s0 tcontext=u:r:kernel:s0 tclass=capability permissive=0
12-01 09:19:42.351 0 0 I auditd : type=1400 audit(0.0:20820): avc: denied { kill } for comm="swapper/3" capability=5 scontext=u:r:kernel:s0 tcontext=u:r:kernel:s0 tclass=capability permissive=0
12-01 09:19:43.351 0 0 I auditd : type=1400 audit(0.0:20821): avc: denied { kill } for comm="swapper/3" capability=5 scontext=u:r:kernel:s0 tcontext=u:r:kernel:s0 tclass=capability permissive=0
12-01 09:19:44.351 0 0 I auditd : type=1400 audit(0.0:20822): avc: denied { kill } for comm="swapper/3" capability=5 scontext=u:r:kernel:s0 tcontext=u:r:kernel:s0 tclass=capability permissive=0
12-01 09:19:45.351 0 0 I auditd : type=1400 audit(0.0:20823): avc: denied { kill } for comm="swapper/3" capability=5 scontext=u:r:kernel:s0 tcontext=u:r:kernel:s0 tclass=capability permissive=0
12-01 09:19:46.351 0 0 I auditd : type=1400 audit(0.0:20824): avc: denied { kill } for comm="swapper/3" capability=5 scontext=u:r:kernel:s0 tcontext=u:r:kernel:s0 tclass=capability permissive=0
12-01 09:19:47.351 0 0 I auditd : type=1400 audit(0.0:20825): avc: denied { kill } for comm="swapper/3" capability=5 scontext=u:r:kernel:s0 tcontext=u:r:kernel:s0 tclass=capability permissive=0
12-01 09:19:48.351 0 0 I auditd : type=1400 audit(0.0:20826): avc: denied { kill } for comm="swapper/3" capability=5 scontext=u:r:kernel:s0 tcontext=u:r:kernel:s0 tclass=capability permissive=0
12-01 09:19:49.351 0 0 I auditd : type=1400 audit(0.0:20827): avc: denied { kill } for comm="swapper/3" capability=5 scontext=u:r:kernel:s0 tcontext=u:r:kernel:s0 tclass=capability permissive=0
12-01 09:19:50.351 0 0 I auditd : type=1400 audit(0.0:20828): avc: denied { kill } for comm="swapper/3" capability=5 scontext=u:r:kernel:s0 tcontext=u:r:kernel:s0 tclass=capability permissive=0
12-01 09:19:51.351 0 0 I auditd : type=1400 audit(0.0:20829): avc: denied { kill } for comm="swapper/3" capability=5 scontext=u:r:kernel:s0 tcontext=u:r:kernel:s0 tclass=capability permissive=0
12-01 09:19:52.351 0 0 I auditd : type=1400 audit(0.0:20830): avc: denied { kill } for comm="swapper/3" capability=5 scontext=u:r:kernel:s0 tcontext=u:r:kernel:s0 tclass=capability permissive=0
12-01 09:19:53.351 0 0 I auditd : type=1400 audit(0.0:20831): avc: denied { kill } for comm="swapper/3" capability=5 scontext=u:r:kernel:s0 tcontext=u:r:kernel:s0 tclass=capability permissive=0
12-01 09:19:54.351 30832 30832 I auditd : type=1400 audit(0.0:20832): avc: denied { kill } for comm="kworker/u17:0" capability=5 scontext=u:r:kernel:s0 tcontext=u:r:kernel:s0 tclass=capability permissive=0
12-01 09:19:54.990 1508 2005 I input_interaction: Interaction with: a145702 com.thundercomm.screensaver/android.service.dreams.DreamActivity (server), edge-swipe (server), swipe-up (server), PointerEventDispatcher0 (server),
12-01 09:19:54.993 1508 1603 I wm_finish_activity: [0,258530360,358,com.thundercomm.screensaver/android.service.dreams.DreamActivity,finish-activity]
12-01 09:19:54.994 1508 1603 I wm_task_moved: [357,1,6]
12-01 09:19:54.994 1508 1603 I wm_task_to_front: [0,357]
12-01 09:19:54.995 1508 1603 I wm_set_resumed_activity: [0,com.android.music/.MusicBrowserActivity,positionChildAt]
12-01 09:19:54.995 1508 1603 I wm_focused_root_task: [0,0,357,358,finish-top adjustFocusToNextFocusableTask]
12-01 09:19:54.995 1508 1603 I wm_set_resumed_activity: [0,com.android.music/.MusicBrowserActivity,finish-top]
12-01 09:19:54.996 1508 1603 I wm_pause_activity: [0,258530360,com.thundercomm.screensaver/android.service.dreams.DreamActivity,userLeaving=false,finish]
12-01 09:19:55.005 1508 1636 I sysui_multi_action: [757,803,799,window_time_0,802,48]
12-01 09:19:55.006 19950 19950 I wm_on_top_resumed_lost_called: [258530360,android.service.dreams.DreamActivity,topStateChangedWhenResumed]
12-01 09:19:55.007 31016 31016 I wm_on_top_resumed_gained_called: [21231846,com.android.music.MusicBrowserActivity,topStateChangedWhenResumed]
12-01 09:19:55.007 19950 19950 I wm_on_paused_called: [258530360,android.service.dreams.DreamActivity,performPause]
12-01 09:19:55.014 1508 1603 I wm_resume_activity: [0,103113767,10,com.android.launcher3/.uioverrides.QuickstepLauncher]
12-01 09:19:55.037 1508 1636 I sysui_multi_action: [757,803,799,window_time_2,802,0]
12-01 09:19:55.039 2822 2822 I wm_on_restart_called: [103113767,com.android.launcher3.uioverrides.QuickstepLauncher,performRestartActivity]
12-01 09:19:55.039 2822 2822 I wm_on_start_called: [103113767,com.android.launcher3.uioverrides.QuickstepLauncher,handleStartActivity]
12-01 09:19:55.040 2822 2822 I wm_on_resume_called: [103113767,com.android.launcher3.uioverrides.QuickstepLauncher,RESUME_ACTIVITY]
12-01 09:19:55.041 1508 1637 I input_focus: [Focus request b3731a3 com.android.music/com.android.music.MusicBrowserActivity,reason=UpdateInputWindows]
12-01 09:19:55.046 1508 2005 I input_focus: [Focus leaving a145702 com.thundercomm.screensaver/android.service.dreams.DreamActivity (server),reason=NO_WINDOW]
12-01 09:19:55.047 1508 2005 I input_focus: [Focus entering b3731a3 com.android.music/com.android.music.MusicBrowserActivity (server),reason=setFocusedWindow]
12-01 09:19:55.144 1508 10935 I wm_destroy_activity: [0,258530360,358,com.thundercomm.screensaver/android.service.dreams.DreamActivity,finish-idle]
12-01 09:19:55.144 19950 19950 I wm_on_stop_called: [258530360,android.service.dreams.DreamActivity,LIFECYCLER_STOP_ACTIVITY]
12-01 09:19:55.145 19950 19950 I wm_on_destroy_called: [258530360,android.service.dreams.DreamActivity,performDestroy]
12-01 09:19:55.165 1508 1647 I am_pss : [31226,1000,com.qti.diagservices,6037504,3850240,0,93450240,0,10,6]
12-01 09:19:55.167 1508 1633 I sysui_multi_action: [757,222,758,2]
12-01 09:19:55.167 1508 1633 I sysui_multi_action: [757,804,799,dreaming_minutes,801,0,802,1]
12-01 09:19:55.175 1508 1647 I am_pss : [31146,10018,com.android.musicfx,5695488,3895296,0,89133056,0,19,6]
12-01 09:19:55.360 1508 1637 I wm_task_removed: [358,removeChild:removeChild last r=ActivityRecord{f68dc38 u0 com.thundercomm.screensaver/android.service.dreams.DreamActivity t-1 f}} in t=Task{f16ec03 #358 type=dream A=10042:android:com.thundercomm.screensaver/dream U=0 visible=false mode=fullscreen translucent=true sz=0}]
12-01 09:19:55.360 1508 1637 I wm_task_removed: [358,removeChild]
12-01 09:19:57.351 0 0 I auditd : type=1400 audit(0.0:20833): avc: denied { kill } for comm="swapper/3" capability=5 scontext=u:r:kernel:s0 tcontext=u:r:kernel:s0 tclass=capability permissive=0
12-01 09:19:59.351 0 0 I auditd : type=1400 audit(0.0:20834): avc: denied { kill } for comm="swapper/3" capability=5 scontext=u:r:kernel:s0 tcontext=u:r:kernel:s0 tclass=capability permissive=0
12-01 09:20:00.351 0 0 I auditd : type=1400 audit(0.0:20835): avc: denied { kill } for comm="swapper/3" capability=5 scontext=u:r:kernel:s0 tcontext=u:r:kernel:s0 tclass=capability permissive=0
12-01 09:20:01.351 0 0 I auditd : type=1400 audit(0.0:20836): avc: denied { kill } for comm="swapper/3" capability=5 scontext=u:r:kernel:s0 tcontext=u:r:kernel:s0 tclass=capability permissive=0
12-01 09:20:02.351 0 0 I auditd : type=1400 audit(0.0:20837): avc: denied { kill } for comm="swapper/3" capability=5 scontext=u:r:kernel:s0 tcontext=u:r:kernel:s0 tclass=capability permissive=0
12-01 09:20:03.351 0 0 I auditd : type=1400 audit(0.0:20838): avc: denied { kill } for comm="swapper/3" capability=5 scontext=u:r:kernel:s0 tcontext=u:r:kernel:s0 tclass=capability permissive=0
12-01 09:20:04.351 0 0 I auditd : type=1400 audit(0.0:20839): avc: denied { kill } for comm="swapper/3" capability=5 scontext=u:r:kernel:s0 tcontext=u:r:kernel:s0 tclass=capability permissive=0
12-01 09:20:05.351 0 0 I auditd : type=1400 audit(0.0:20840): avc: denied { kill } for comm="swapper/3" capability=5 scontext=u:r:kernel:s0 tcontext=u:r:kernel:s0 tclass=capability permissive=0
12-01 09:20:06.351 0 0 I auditd : type=1400 audit(0.0:20841): avc: denied { kill } for comm="swapper/3" capability=5 scontext=u:r:kernel:s0 tcontext=u:r:kernel:s0 tclass=capability permissive=0
12-01 09:20:07.351 0 0 I auditd : type=1400 audit(0.0:20842): avc: denied { kill } for comm="swapper/3" capability=5 scontext=u:r:kernel:s0 tcontext=u:r:kernel:s0 tclass=capability permissive=0
12-01 09:20:08.351 0 0 I auditd : type=1400 audit(0.0:20843): avc: denied { kill } for comm="swapper/3" capability=5 scontext=u:r:kernel:s0 tcontext=u:r:kernel:s0 tclass=capability permissive=0
12-01 09:20:09.351 0 0 I auditd : type=1400 audit(0.0:20844): avc: denied { kill } for comm="swapper/3" capability=5 scontext=u:r:kernel:s0 tcontext=u:r:kernel:s0 tclass=capability permissive=0
12-01 09:20:10.351 0 0 I auditd : type=1400 audit(0.0:20845): avc: denied { kill } for comm="swapper/3" capability=5 scontext=u:r:kernel:s0 tcontext=u:r:kernel:s0 tclass=capability permissive=0
12-01 09:20:11.351 0 0 I auditd : type=1400 audit(0.0:20846): avc: denied { kill } for comm="swapper/3" capability=5 scontext=u:r:kernel:s0 tcontext=u:r:kernel:s0 tclass=capability permissive=0
12-01 09:20:11.442 1508 1508 I notification_enqueue: [10097,9319,com.github.uiautomator,1,NULL,0,Notification(channel=monitor service shortcut=null contentView=null vibrate=null sound=null tick defaults=0x0 flags=0x40 color=0x00000000 vis=PRIVATE),1]
12-01 09:20:12.351 0 0 I auditd : type=1400 audit(0.0:20847): avc: denied { kill } for comm="swapper/3" capability=5 scontext=u:r:kernel:s0 tcontext=u:r:kernel:s0 tclass=capability permissive=0
12-01 09:20:13.351 0 0 I auditd : type=1400 audit(0.0:20848): avc: denied { kill } for comm="swapper/3" capability=5 scontext=u:r:kernel:s0 tcontext=u:r:kernel:s0 tclass=capability permissive=0
12-01 09:20:15.351 0 0 I auditd : type=1400 audit(0.0:20849): avc: denied { kill } for comm="swapper/3" capability=5 scontext=u:r:kernel:s0 tcontext=u:r:kernel:s0 tclass=capability permissive=0
12-01 09:20:16.351 0 0 I auditd : type=1400 audit(0.0:20850): avc: denied { kill } for comm="swapper/3" capability=5 scontext=u:r:kernel:s0 tcontext=u:r:kernel:s0 tclass=capability permissive=0
12-01 09:20:17.351 0 0 I auditd : type=1400 audit(0.0:20851): avc: denied { kill } for comm="swapper/3" capability=5 scontext=u:r:kernel:s0 tcontext=u:r:kernel:s0 tclass=capability permissive=0
12-01 09:20:18.351 0 0 I auditd : type=1400 audit(0.0:20852): avc: denied { kill } for comm="swapper/3" capability=5 scontext=u:r:kernel:s0 tcontext=u:r:kernel:s0 tclass=capability permissive=0
12-01 09:20:19.351 0 0 I auditd : type=1400 audit(0.0:20853): avc: denied { kill } for comm="swapper/3" capability=5 scontext=u:r:kernel:s0 tcontext=u:r:kernel:s0 tclass=capability permissive=0
12-01 09:20:20.351 0 0 I auditd : type=1400 audit(0.0:20854): avc: denied { kill } for comm="swapper/3" capability=5 scontext=u:r:kernel:s0 tcontext=u:r:kernel:s0 tclass=capability permissive=0
12-01 09:20:23.351 0 0 I auditd : type=1400 audit(0.0:20855): avc: denied { kill } for comm="swapper/3" capability=5 scontext=u:r:kernel:s0 tcontext=u:r:kernel:s0 tclass=capability permissive=0
12-01 09:20:24.351 0 0 I auditd : type=1400 audit(0.0:20856): avc: denied { kill } for comm="swapper/3" capability=5 scontext=u:r:kernel:s0 tcontext=u:r:kernel:s0 tclass=capability permissive=0
12-01 09:20:25.351 0 0 I auditd : type=1400 audit(0.0:20857): avc: denied { kill } for comm="swapper/3" capability=5 scontext=u:r:kernel:s0 tcontext=u:r:kernel:s0 tclass=capability permissive=0
12-01 09:20:26.351 0 0 I auditd : type=1400 audit(0.0:20858): avc: denied { kill } for comm="swapper/3" capability=5 scontext=u:r:kernel:s0 tcontext=u:r:kernel:s0 tclass=capability permissive=0
12-01 09:20:27.351 0 0 I auditd : type=1400 audit(0.0:20859): avc: denied { kill } for comm="swapper/3" capability=5 scontext=u:r:kernel:s0 tcontext=u:r:kernel:s0 tclass=capability permissive=0
12-01 09:20:28.351 0 0 I auditd : type=1400 audit(0.0:20860): avc: denied { kill } for comm="swapper/3" capability=5 scontext=u:r:kernel:s0 tcontext=u:r:kernel:s0 tclass=capability permissive=0
12-01 09:20:29.351 0 0 I auditd : type=1400 audit(0.0:20861): avc: denied { kill } for comm="swapper/3" capability=5 scontext=u:r:kernel:s0 tcontext=u:r:kernel:s0 tclass=capability permissive=0
12-01 09:20:30.351 0 0 I auditd : type=1400 audit(0.0:20862): avc: denied { kill } for comm="swapper/3" capability=5 scontext=u:r:kernel:s0 tcontext=u:r:kernel:s0 tclass=capability permissive=0
12-01 09:20:31.351 0 0 I auditd : type=1400 audit(0.0:20863): avc: denied { kill } for comm="swapper/3" capability=5 scontext=u:r:kernel:s0 tcontext=u:r:kernel:s0 tclass=capability permissive=0
12-01 09:20:32.351 0 0 I auditd : type=1400 audit(0.0:20864): avc: denied { kill } for comm="swapper/3" capability=5 scontext=u:r:kernel:s0 tcontext=u:r:kernel:s0 tclass=capability permissive=0
12-01 09:20:33.351 0 0 I auditd : type=1400 audit(0.0:20865): avc: denied { kill } for comm="swapper/3" capability=5 scontext=u:r:kernel:s0 tcontext=u:r:kernel:s0 tclass=capability permissive=0
12-01 09:20:34.351 0 0 I auditd : type=1400 audit(0.0:20866): avc: denied { kill } for comm="swapper/3" capability=5 scontext=u:r:kernel:s0 tcontext=u:r:kernel:s0 tclass=capability permissive=0
12-01 09:20:35.351 0 0 I auditd : type=1400 audit(0.0:20867): avc: denied { kill } for comm="swapper/3" capability=5 scontext=u:r:kernel:s0 tcontext=u:r:kernel:s0 tclass=capability permissive=0
12-01 09:20:36.351 0 0 I auditd : type=1400 audit(0.0:20868): avc: denied { kill } for comm="swapper/3" capability=5 scontext=u:r:kernel:s0 tcontext=u:r:kernel:s0 tclass=capability permissive=0
12-01 09:20:37.351 0 0 I auditd : type=1400 audit(0.0:20869): avc: denied { kill } for comm="swapper/3" capability=5 scontext=u:r:kernel:s0 tcontext=u:r:kernel:s0 tclass=capability permissive=0
12-01 09:20:38.351 0 0 I auditd : type=1400 audit(0.0:20870): avc: denied { kill } for comm="swapper/3" capability=5 scontext=u:r:kernel:s0 tcontext=u:r:kernel:s0 tclass=capability permissive=0
12-01 09:20:39.351 0 0 I auditd : type=1400 audit(0.0:20871): avc: denied { kill } for comm="swapper/3" capability=5 scontext=u:r:kernel:s0 tcontext=u:r:kernel:s0 tclass=capability permissive=0
12-01 09:20:40.351 0 0 I auditd : type=1400 audit(0.0:20872): avc: denied { kill } for comm="swapper/3" capability=5 scontext=u:r:kernel:s0 tcontext=u:r:kernel:s0 tclass=capability permissive=0
12-01 09:20:41.555 1508 1508 I notification_enqueue: [10097,9319,com.github.uiautomator,1,NULL,0,Notification(channel=monitor service shortcut=null contentView=null vibrate=null sound=null tick defaults=0x0 flags=0x40 color=0x00000000 vis=PRIVATE),1]
12-01 09:20:44.351 0 0 I auditd : type=1400 audit(0.0:20873): avc: denied { kill } for comm="swapper/3" capability=5 scontext=u:r:kernel:s0 tcontext=u:r:kernel:s0 tclass=capability permissive=0
