12-01 09:26:58.964 18856 18856 W View : requestLayout() improperly called by android.widget.FrameLayout{27c2644 I.E...... ......ID 0,0-780,179 #2bc} during second layout pass: posting in next frame
12-01 09:26:58.964 18856 18856 W View : requestLayout() improperly called by com.android.systemui.statusbar.AlphaOptimizedImageView{db72b57 VFED..C.. ......ID 0,0-140,23} during second layout pass: posting in next frame
12-01 09:26:58.978 18856 18856 W View : requestLayout() improperly called by android.widget.FrameLayout{27c2644 I.E...... ......ID 0,0-780,179 #2bc} during layout: running second layout pass
12-01 09:26:58.978 18856 18856 W View : requestLayout() improperly called by com.android.systemui.statusbar.AlphaOptimizedImageView{db72b57 VFED..C.. ......ID 0,0-140,23} during layout: running second layout pass
12-01 09:26:58.980 18856 18856 W View : requestLayout() improperly called by android.widget.FrameLayout{27c2644 I.E...... ......ID 0,0-780,179 #2bc} during second layout pass: posting in next frame
12-01 09:26:58.980 18856 18856 W View : requestLayout() improperly called by com.android.systemui.statusbar.AlphaOptimizedImageView{db72b57 VFED..C.. ......ID 0,0-140,23} during second layout pass: posting in next frame
12-01 09:26:58.980 1508 2005 I input_interaction: Interaction with: e9e80a1 com.android.launcher3/com.android.launcher3.uioverrides.QuickstepLauncher (server), 5ecd4a7 com.android.systemui.ImageWallpaper (server), edge-swipe (server), swipe-up (server), PointerEventDispatcher0 (server),
12-01 09:26:58.994 18856 18856 W View : requestLayout() improperly called by android.widget.FrameLayout{27c2644 I.E...... ......ID 0,0-780,179 #2bc} during layout: running second layout pass
12-01 09:26:58.994 18856 18856 W View : requestLayout() improperly called by com.android.systemui.statusbar.AlphaOptimizedImageView{db72b57 VFED..C.. ......ID 0,0-140,23} during layout: running second layout pass
12-01 09:26:58.996 18856 18856 W View : requestLayout() improperly called by android.widget.FrameLayout{27c2644 I.E...... ......ID 0,0-780,179 #2bc} during second layout pass: posting in next frame
12-01 09:26:58.996 18856 18856 W View : requestLayout() improperly called by com.android.systemui.statusbar.AlphaOptimizedImageView{db72b57 VFED..C.. ......ID 0,0-140,23} during second layout pass: posting in next frame
12-01 09:26:59.011 18856 18856 W View : requestLayout() improperly called by android.widget.FrameLayout{27c2644 I.E...... ......ID 0,0-780,179 #2bc} during layout: running second layout pass
12-01 09:26:59.011 18856 18856 W View : requestLayout() improperly called by com.android.systemui.statusbar.AlphaOptimizedImageView{db72b57 VFED..C.. ......ID 0,0-140,23} during layout: running second layout pass
12-01 09:26:59.015 18856 18856 W View : requestLayout() improperly called by android.widget.FrameLayout{27c2644 I.E...... ......ID 0,0-780,179 #2bc} during second layout pass: posting in next frame
12-01 09:26:59.015 18856 18856 W View : requestLayout() improperly called by com.android.systemui.statusbar.AlphaOptimizedImageView{db72b57 VFED..C.. ......ID 0,0-140,23} during second layout pass: posting in next frame
12-01 09:26:59.027 18856 18856 W View : requestLayout() improperly called by android.widget.FrameLayout{27c2644 I.E...... ......ID 0,0-780,179 #2bc} during layout: running second layout pass
12-01 09:26:59.027 18856 18856 W View : requestLayout() improperly called by com.android.systemui.statusbar.AlphaOptimizedImageView{db72b57 VFED..C.. ......ID 0,0-140,23} during layout: running second layout pass
12-01 09:26:59.029 18856 18856 W View : requestLayout() improperly called by android.widget.FrameLayout{27c2644 I.E...... ......ID 0,0-780,179 #2bc} during second layout pass: posting in next frame
12-01 09:26:59.029 18856 18856 W View : requestLayout() improperly called by com.android.systemui.statusbar.AlphaOptimizedImageView{db72b57 VFED..C.. ......ID 0,0-140,23} during second layout pass: posting in next frame
12-01 09:26:59.044 2822 2822 D StateManager: goToState: Normal
12-01 09:26:59.045 2822 2822 D EditModeHelper: setHotseatVisibility: 0
12-01 09:26:59.046 18856 18856 W View : requestLayout() improperly called by android.widget.FrameLayout{27c2644 I.E...... ......ID 0,0-780,179 #2bc} during layout: running second layout pass
12-01 09:26:59.046 18856 18856 W View : requestLayout() improperly called by com.android.systemui.statusbar.AlphaOptimizedImageView{db72b57 VFED..C.. ......ID 0,0-140,23} during layout: running second layout pass
12-01 09:26:59.050 18856 18856 W View : requestLayout() improperly called by android.widget.FrameLayout{27c2644 I.E...... ......ID 0,0-780,179 #2bc} during second layout pass: posting in next frame
12-01 09:26:59.050 18856 18856 W View : requestLayout() improperly called by com.android.systemui.statusbar.AlphaOptimizedImageView{db72b57 VFED..C.. ......ID 0,0-140,23} during second layout pass: posting in next frame
12-01 09:26:59.061 18856 18856 W View : requestLayout() improperly called by android.widget.FrameLayout{27c2644 I.E...... ......ID 0,0-780,179 #2bc} during layout: running second layout pass
12-01 09:26:59.061 18856 18856 W View : requestLayout() improperly called by com.android.systemui.statusbar.AlphaOptimizedImageView{db72b57 VFED..C.. ......ID 0,0-140,23} during layout: running second layout pass
12-01 09:26:59.063 2822 2822 D FreeWindowHelper: enterOrExitRecentTasks: isEnterRecentTasks=false,mExitFlag=0
12-01 09:26:59.075 18856 18856 W View : requestLayout() improperly called by android.widget.FrameLayout{27c2644 I.E...... ......ID 0,0-780,179 #2bc} during second layout pass: posting in next frame
12-01 09:26:59.075 18856 18856 W View : requestLayout() improperly called by com.android.systemui.statusbar.AlphaOptimizedImageView{db72b57 VFED..C.. ......ID 0,0-140,23} during second layout pass: posting in next frame
12-01 09:26:59.078 18856 18856 W View : requestLayout() improperly called by android.widget.FrameLayout{27c2644 I.E...... ......ID 0,0-780,179 #2bc} during layout: running second layout pass
12-01 09:26:59.078 18856 18856 W View : requestLayout() improperly called by com.android.systemui.statusbar.AlphaOptimizedImageView{db72b57 VFED..C.. ......ID 0,0-140,23} during layout: running second layout pass
12-01 09:26:59.080 18856 18856 W View : requestLayout() improperly called by android.widget.FrameLayout{27c2644 I.E...... ......ID 0,0-780,179 #2bc} during second layout pass: posting in next frame
12-01 09:26:59.080 18856 18856 W View : requestLayout() improperly called by com.android.systemui.statusbar.AlphaOptimizedImageView{db72b57 VFED..C.. ......ID 0,0-140,23} during second layout pass: posting in next frame
12-01 09:26:59.095 18856 18856 W View : requestLayout() improperly called by android.widget.FrameLayout{27c2644 I.E...... ......ID 0,0-780,179 #2bc} during layout: running second layout pass
12-01 09:26:59.095 18856 18856 W View : requestLayout() improperly called by com.android.systemui.statusbar.AlphaOptimizedImageView{db72b57 VFED..C.. ......ID 0,0-140,23} during layout: running second layout pass
12-01 09:26:59.097 18856 18856 W View : requestLayout() improperly called by android.widget.FrameLayout{27c2644 I.E...... ......ID 0,0-780,179 #2bc} during second layout pass: posting in next frame
12-01 09:26:59.097 18856 18856 W View : requestLayout() improperly called by com.android.systemui.statusbar.AlphaOptimizedImageView{db72b57 VFED..C.. ......ID 0,0-140,23} during second layout pass: posting in next frame
12-01 09:26:59.111 18856 18856 W View : requestLayout() improperly called by android.widget.FrameLayout{27c2644 I.E...... ......ID 0,0-780,179 #2bc} during layout: running second layout pass
12-01 09:26:59.111 18856 18856 W View : requestLayout() improperly called by com.android.systemui.statusbar.AlphaOptimizedImageView{db72b57 VFED..C.. ......ID 0,0-140,23} during layout: running second layout pass
12-01 09:26:59.115 18856 18856 W View : requestLayout() improperly called by android.widget.FrameLayout{27c2644 I.E...... ......ID 0,0-780,179 #2bc} during second layout pass: posting in next frame
12-01 09:26:59.115 18856 18856 W View : requestLayout() improperly called by com.android.systemui.statusbar.AlphaOptimizedImageView{db72b57 VFED..C.. ......ID 0,0-140,23} during second layout pass: posting in next frame
12-01 09:26:59.128 18856 18856 W View : requestLayout() improperly called by android.widget.FrameLayout{27c2644 I.E...... ......ID 0,0-780,179 #2bc} during layout: running second layout pass
12-01 09:26:59.128 18856 18856 W View : requestLayout() improperly called by com.android.systemui.statusbar.AlphaOptimizedImageView{db72b57 VFED..C.. ......ID 0,0-140,23} during layout: running second layout pass
12-01 09:26:59.131 18856 18856 W View : requestLayout() improperly called by android.widget.FrameLayout{27c2644 I.E...... ......ID 0,0-780,179 #2bc} during second layout pass: posting in next frame
12-01 09:26:59.131 18856 18856 W View : requestLayout() improperly called by com.android.systemui.statusbar.AlphaOptimizedImageView{db72b57 VFED..C.. ......ID 0,0-140,23} during second layout pass: posting in next frame
12-01 09:26:59.148 18856 18856 W View : requestLayout() improperly called by android.widget.FrameLayout{27c2644 I.E...... ......ID 0,0-780,179 #2bc} during layout: running second layout pass
12-01 09:26:59.148 18856 18856 W View : requestLayout() improperly called by com.android.systemui.statusbar.AlphaOptimizedImageView{db72b57 VFED..C.. ......ID 0,0-140,23} during layout: running second layout pass
12-01 09:26:59.152 18856 18856 W View : requestLayout() improperly called by android.widget.FrameLayout{27c2644 I.E...... ......ID 0,0-780,179 #2bc} during second layout pass: posting in next frame
12-01 09:26:59.152 18856 18856 W View : requestLayout() improperly called by com.android.systemui.statusbar.AlphaOptimizedImageView{db72b57 VFED..C.. ......ID 0,0-140,23} during second layout pass: posting in next frame
12-01 09:26:59.162 18856 18856 W View : requestLayout() improperly called by android.widget.FrameLayout{27c2644 I.E...... ......ID 0,0-780,179 #2bc} during layout: running second layout pass
12-01 09:26:59.163 18856 18856 W View : requestLayout() improperly called by com.android.systemui.statusbar.AlphaOptimizedImageView{db72b57 VFED..C.. ......ID 0,0-140,23} during layout: running second layout pass
12-01 09:26:59.165 18856 18856 W View : requestLayout() improperly called by android.widget.FrameLayout{27c2644 I.E...... ......ID 0,0-780,179 #2bc} during second layout pass: posting in next frame
12-01 09:26:59.165 18856 18856 W View : requestLayout() improperly called by com.android.systemui.statusbar.AlphaOptimizedImageView{db72b57 VFED..C.. ......ID 0,0-140,23} during second layout pass: posting in next frame
12-01 09:26:59.175 647 661 I mpu_uart: [MSG-P:R]:recv sync frame timeout
12-01 09:26:59.180 18856 18856 W View : requestLayout() improperly called by android.widget.FrameLayout{27c2644 I.E...... ......ID 0,0-780,179 #2bc} during layout: running second layout pass
12-01 09:26:59.181 18856 18856 W View : requestLayout() improperly called by com.android.systemui.statusbar.AlphaOptimizedImageView{db72b57 VFED..C.. ......ID 0,0-140,23} during layout: running second layout pass
12-01 09:26:59.185 18856 18856 W View : requestLayout() improperly called by android.widget.FrameLayout{27c2644 I.E...... ......ID 0,0-780,179 #2bc} during second layout pass: posting in next frame
12-01 09:26:59.185 18856 18856 W View : requestLayout() improperly called by com.android.systemui.statusbar.AlphaOptimizedImageView{db72b57 VFED..C.. ......ID 0,0-140,23} during second layout pass: posting in next frame
12-01 09:26:59.196 18856 18856 W View : requestLayout() improperly called by android.widget.FrameLayout{27c2644 I.E...... ......ID 0,0-780,179 #2bc} during layout: running second layout pass
12-01 09:26:59.196 18856 18856 W View : requestLayout() improperly called by com.android.systemui.statusbar.AlphaOptimizedImageView{db72b57 VFED..C.. ......ID 0,0-140,23} during layout: running second layout pass
12-01 09:26:59.198 18856 18856 W View : requestLayout() improperly called by android.widget.FrameLayout{27c2644 I.E...... ......ID 0,0-780,179 #2bc} during second layout pass: posting in next frame
12-01 09:26:59.198 18856 18856 W View : requestLayout() improperly called by com.android.systemui.statusbar.AlphaOptimizedImageView{db72b57 VFED..C.. ......ID 0,0-140,23} during second layout pass: posting in next frame
12-01 09:26:59.212 18856 18856 W View : requestLayout() improperly called by android.widget.FrameLayout{27c2644 I.E...... ......ID 0,0-780,179 #2bc} during layout: running second layout pass
12-01 09:26:59.212 18856 18856 W View : requestLayout() improperly called by com.android.systemui.statusbar.AlphaOptimizedImageView{db72b57 VFED..C.. ......ID 0,0-140,23} during layout: running second layout pass
12-01 09:26:59.213 18856 18856 W View : requestLayout() improperly called by android.widget.FrameLayout{27c2644 I.E...... ......ID 0,0-780,179 #2bc} during second layout pass: posting in next frame
12-01 09:26:59.213 18856 18856 W View : requestLayout() improperly called by com.android.systemui.statusbar.AlphaOptimizedImageView{db72b57 VFED..C.. ......ID 0,0-140,23} during second layout pass: posting in next frame
12-01 09:26:59.229 18856 18856 W View : requestLayout() improperly called by android.widget.FrameLayout{27c2644 I.E...... ......ID 0,0-780,179 #2bc} during layout: running second layout pass
12-01 09:26:59.229 18856 18856 W View : requestLayout() improperly called by com.android.systemui.statusbar.AlphaOptimizedImageView{db72b57 VFED..C.. ......ID 0,0-140,23} during layout: running second layout pass
12-01 09:26:59.231 18856 18856 W View : requestLayout() improperly called by android.widget.FrameLayout{27c2644 I.E...... ......ID 0,0-780,179 #2bc} during second layout pass: posting in next frame
12-01 09:26:59.231 18856 18856 W View : requestLayout() improperly called by com.android.systemui.statusbar.AlphaOptimizedImageView{db72b57 VFED..C.. ......ID 0,0-140,23} during second layout pass: posting in next frame
12-01 09:26:59.246 18856 18856 W View : requestLayout() improperly called by android.widget.FrameLayout{27c2644 I.E...... ......ID 0,0-780,179 #2bc} during layout: running second layout pass
12-01 09:26:59.246 18856 18856 W View : requestLayout() improperly called by com.android.systemui.statusbar.AlphaOptimizedImageView{db72b57 VFED..C.. ......ID 0,0-140,23} during layout: running second layout pass
12-01 09:26:59.249 18856 18856 W View : requestLayout() improperly called by android.widget.FrameLayout{27c2644 I.E...... ......ID 0,0-780,179 #2bc} during second layout pass: posting in next frame
12-01 09:26:59.249 1211 28948 I OMX-VENC: venc_dev: stats: avg. fps 55.72, bitrate 7374393
12-01 09:26:59.249 18856 18856 W View : requestLayout() improperly called by com.android.systemui.statusbar.AlphaOptimizedImageView{db72b57 VFED..C.. ......ID 0,0-140,23} during second layout pass: posting in next frame
12-01 09:26:59.262 18856 18856 W View : requestLayout() improperly called by android.widget.FrameLayout{27c2644 I.E...... ......ID 0,0-780,179 #2bc} during layout: running second layout pass
12-01 09:26:59.262 18856 18856 W View : requestLayout() improperly called by com.android.systemui.statusbar.AlphaOptimizedImageView{db72b57 VFED..C.. ......ID 0,0-140,23} during layout: running second layout pass
12-01 09:26:59.263 18856 18856 W View : requestLayout() improperly called by android.widget.FrameLayout{27c2644 I.E...... ......ID 0,0-780,179 #2bc} during second layout pass: posting in next frame
12-01 09:26:59.263 18856 18856 W View : requestLayout() improperly called by com.android.systemui.statusbar.AlphaOptimizedImageView{db72b57 VFED..C.. ......ID 0,0-140,23} during second layout pass: posting in next frame
12-01 09:26:59.279 18856 18856 W View : requestLayout() improperly called by android.widget.FrameLayout{27c2644 I.E...... ......ID 0,0-780,179 #2bc} during layout: running second layout pass
12-01 09:26:59.279 18856 18856 W View : requestLayout() improperly called by com.android.systemui.statusbar.AlphaOptimizedImageView{db72b57 VFED..C.. ......ID 0,0-140,23} during layout: running second layout pass
12-01 09:26:59.280 18856 18856 W View : requestLayout() improperly called by android.widget.FrameLayout{27c2644 I.E...... ......ID 0,0-780,179 #2bc} during second layout pass: posting in next frame
12-01 09:26:59.281 18856 18856 W View : requestLayout() improperly called by com.android.systemui.statusbar.AlphaOptimizedImageView{db72b57 VFED..C.. ......ID 0,0-140,23} during second layout pass: posting in next frame
12-01 09:26:59.295 18856 18856 W View : requestLayout() improperly called by android.widget.FrameLayout{27c2644 I.E...... ......ID 0,0-780,179 #2bc} during layout: running second layout pass
12-01 09:26:59.295 18856 18856 W View : requestLayout() improperly called by com.android.systemui.statusbar.AlphaOptimizedImageView{db72b57 VFED..C.. ......ID 0,0-140,23} during layout: running second layout pass
12-01 09:26:59.297 18856 18856 W View : requestLayout() improperly called by android.widget.FrameLayout{27c2644 I.E...... ......ID 0,0-780,179 #2bc} during second layout pass: posting in next frame
12-01 09:26:59.297 18856 18856 W View : requestLayout() improperly called by com.android.systemui.statusbar.AlphaOptimizedImageView{db72b57 VFED..C.. ......ID 0,0-140,23} during second layout pass: posting in next frame
12-01 09:26:59.311 18856 18856 W View : requestLayout() improperly called by android.widget.FrameLayout{27c2644 I.E...... ......ID 0,0-780,179 #2bc} during layout: running second layout pass
12-01 09:26:59.311 18856 18856 W View : requestLayout() improperly called by com.android.systemui.statusbar.AlphaOptimizedImageView{db72b57 VFED..C.. ......ID 0,0-140,23} during layout: running second layout pass
12-01 09:26:59.313 18856 18856 W View : requestLayout() improperly called by android.widget.FrameLayout{27c2644 I.E...... ......ID 0,0-780,179 #2bc} during second layout pass: posting in next frame
12-01 09:26:59.313 18856 18856 W View : requestLayout() improperly called by com.android.systemui.statusbar.AlphaOptimizedImageView{db72b57 VFED..C.. ......ID 0,0-140,23} during second layout pass: posting in next frame
12-01 09:26:59.330 18856 18856 W View : requestLayout() improperly called by android.widget.FrameLayout{27c2644 I.E...... ......ID 0,0-780,179 #2bc} during layout: running second layout pass
12-01 09:26:59.330 18856 18856 W View : requestLayout() improperly called by com.android.systemui.statusbar.AlphaOptimizedImageView{db72b57 VFED..C.. ......ID 0,0-140,23} during layout: running second layout pass
12-01 09:26:59.334 18856 18856 W View : requestLayout() improperly called by android.widget.FrameLayout{27c2644 I.E...... ......ID 0,0-780,179 #2bc} during second layout pass: posting in next frame
12-01 09:26:59.334 18856 18856 W View : requestLayout() improperly called by com.android.systemui.statusbar.AlphaOptimizedImageView{db72b57 VFED..C.. ......ID 0,0-140,23} during second layout pass: posting in next frame
12-01 09:26:59.346 18856 18856 W View : requestLayout() improperly called by android.widget.FrameLayout{27c2644 I.E...... ......ID 0,0-780,179 #2bc} during layout: running second layout pass
12-01 09:26:59.346 18856 18856 W View : requestLayout() improperly called by com.android.systemui.statusbar.AlphaOptimizedImageView{db72b57 VFED..C.. ......ID 0,0-140,23} during layout: running second layout pass
12-01 09:26:59.349 18856 18856 W View : requestLayout() improperly called by android.widget.FrameLayout{27c2644 I.E...... ......ID 0,0-780,179 #2bc} during second layout pass: posting in next frame
12-01 09:26:59.349 18856 18856 W View : requestLayout() improperly called by com.android.systemui.statusbar.AlphaOptimizedImageView{db72b57 VFED..C.. ......ID 0,0-140,23} during second layout pass: posting in next frame
12-01 09:26:59.351 0 0 I auditd : type=1400 audit(0.0:21255): avc: denied { kill } for comm="swapper/2" capability=5 scontext=u:r:kernel:s0 tcontext=u:r:kernel:s0 tclass=capability permissive=0
12-01 09:26:59.351 0 0 W swapper/2: type=1400 audit(0.0:21255): avc: denied { kill } for capability=5 scontext=u:r:kernel:s0 tcontext=u:r:kernel:s0 tclass=capability permissive=0
12-01 09:26:59.364 18856 18856 W View : requestLayout() improperly called by android.widget.FrameLayout{27c2644 I.E...... ......ID 0,0-780,179 #2bc} during layout: running second layout pass
12-01 09:26:59.364 18856 18856 W View : requestLayout() improperly called by com.android.systemui.statusbar.AlphaOptimizedImageView{db72b57 VFED..C.. ......ID 0,0-140,23} during layout: running second layout pass
12-01 09:26:59.367 18856 18856 W View : requestLayout() improperly called by android.widget.FrameLayout{27c2644 I.E...... ......ID 0,0-780,179 #2bc} during second layout pass: posting in next frame
12-01 09:26:59.367 18856 18856 W View : requestLayout() improperly called by com.android.systemui.statusbar.AlphaOptimizedImageView{db72b57 VFED..C.. ......ID 0,0-140,23} during second layout pass: posting in next frame
12-01 09:26:59.380 18856 18856 W View : requestLayout() improperly called by android.widget.FrameLayout{27c2644 I.E...... ......ID 0,0-780,179 #2bc} during layout: running second layout pass
12-01 09:26:59.380 18856 18856 W View : requestLayout() improperly called by com.android.systemui.statusbar.AlphaOptimizedImageView{db72b57 VFED..C.. ......ID 0,0-140,23} during layout: running second layout pass
12-01 09:26:59.383 18856 18856 W View : requestLayout() improperly called by android.widget.FrameLayout{27c2644 I.E...... ......ID 0,0-780,179 #2bc} during second layout pass: posting in next frame
12-01 09:26:59.383 18856 18856 W View : requestLayout() improperly called by com.android.systemui.statusbar.AlphaOptimizedImageView{db72b57 VFED..C.. ......ID 0,0-140,23} during second layout pass: posting in next frame
12-01 09:26:59.397 18856 18856 W View : requestLayout() improperly called by android.widget.FrameLayout{27c2644 I.E...... ......ID 0,0-780,179 #2bc} during layout: running second layout pass
12-01 09:26:59.397 18856 18856 W View : requestLayout() improperly called by com.android.systemui.statusbar.AlphaOptimizedImageView{db72b57 VFED..C.. ......ID 0,0-140,23} during layout: running second layout pass
12-01 09:26:59.401 2500 16570 D DhcpClient: Received packet: 2a:88:d0:aa:50:c7 ACK: your new IP /10.1.1.110, netmask /255.255.255.0, gateways [/10.1.1.1] DNS servers: /10.1.1.1 , lease time 30
12-01 09:26:59.405 18856 18856 W View : requestLayout() improperly called by android.widget.FrameLayout{27c2644 I.E...... ......ID 0,0-780,179 #2bc} during second layout pass: posting in next frame
12-01 09:26:59.405 18856 18856 W View : requestLayout() improperly called by com.android.systemui.statusbar.AlphaOptimizedImageView{db72b57 VFED..C.. ......ID 0,0-140,23} during second layout pass: posting in next frame
12-01 09:26:59.415 18856 18856 W View : requestLayout() improperly called by android.widget.FrameLayout{27c2644 I.E...... ......ID 0,0-780,179 #2bc} during layout: running second layout pass
12-01 09:26:59.415 18856 18856 W View : requestLayout() improperly called by com.android.systemui.statusbar.AlphaOptimizedImageView{db72b57 VFED..C.. ......ID 0,0-140,23} during layout: running second layout pass
12-01 09:26:59.429 18856 18856 W View : requestLayout() improperly called by android.widget.FrameLayout{27c2644 I.E...... ......ID 0,0-780,179 #2bc} during second layout pass: posting in next frame
12-01 09:26:59.429 18856 18856 W View : requestLayout() improperly called by com.android.systemui.statusbar.AlphaOptimizedImageView{db72b57 VFED..C.. ......ID 0,0-140,23} during second layout pass: posting in next frame
12-01 09:26:59.433 647 662 I mpu_uart: [MSG-P:RECV]:No message received in 1000 ms
12-01 09:26:59.447 18856 18856 W View : requestLayout() improperly called by android.widget.FrameLayout{27c2644 I.E...... ......ID 0,0-780,179 #2bc} during layout: running second layout pass
12-01 09:26:59.447 18856 18856 W View : requestLayout() improperly called by com.android.systemui.statusbar.AlphaOptimizedImageView{db72b57 VFED..C.. ......ID 0,0-140,23} during layout: running second layout pass
12-01 09:26:59.452 18856 18856 W View : requestLayout() improperly called by android.widget.FrameLayout{27c2644 I.E...... ......ID 0,0-780,179 #2bc} during second layout pass: posting in next frame
12-01 09:26:59.452 18856 18856 W View : requestLayout() improperly called by com.android.systemui.statusbar.AlphaOptimizedImageView{db72b57 VFED..C.. ......ID 0,0-140,23} during second layout pass: posting in next frame
12-01 09:26:59.465 18856 18856 W View : requestLayout() improperly called by android.widget.FrameLayout{27c2644 I.E...... ......ID 0,0-780,179 #2bc} during layout: running second layout pass
12-01 09:26:59.465 18856 18856 W View : requestLayout() improperly called by com.android.systemui.statusbar.AlphaOptimizedImageView{db72b57 VFED..C.. ......ID 0,0-140,23} during layout: running second layout pass
12-01 09:26:59.469 18856 18856 W View : requestLayout() improperly called by android.widget.FrameLayout{27c2644 I.E...... ......ID 0,0-780,179 #2bc} during second layout pass: posting in next frame
12-01 09:26:59.469 18856 18856 W View : requestLayout() improperly called by com.android.systemui.statusbar.AlphaOptimizedImageView{db72b57 VFED..C.. ......ID 0,0-140,23} during second layout pass: posting in next frame
12-01 09:26:59.479 18856 18856 W View : requestLayout() improperly called by android.widget.FrameLayout{27c2644 I.E...... ......ID 0,0-780,179 #2bc} during layout: running second layout pass
12-01 09:26:59.479 18856 18856 W View : requestLayout() improperly called by com.android.systemui.statusbar.AlphaOptimizedImageView{db72b57 VFED..C.. ......ID 0,0-140,23} during layout: running second layout pass
12-01 09:26:59.482 18856 18856 W View : requestLayout() improperly called by android.widget.FrameLayout{27c2644 I.E...... ......ID 0,0-780,179 #2bc} during second layout pass: posting in next frame
12-01 09:26:59.482 18856 18856 W View : requestLayout() improperly called by com.android.systemui.statusbar.AlphaOptimizedImageView{db72b57 VFED..C.. ......ID 0,0-140,23} during second layout pass: posting in next frame
12-01 09:26:59.496 18856 18856 W View : requestLayout() improperly called by android.widget.FrameLayout{27c2644 I.E...... ......ID 0,0-780,179 #2bc} during layout: running second layout pass
12-01 09:26:59.496 18856 18856 W View : requestLayout() improperly called by com.android.systemui.statusbar.AlphaOptimizedImageView{db72b57 VFED..C.. ......ID 0,0-140,23} during layout: running second layout pass
12-01 09:26:59.511 18856 18856 W View : requestLayout() improperly called by android.widget.FrameLayout{27c2644 I.E...... ......ID 0,0-780,179 #2bc} during second layout pass: posting in next frame
12-01 09:26:59.511 18856 18856 W View : requestLayout() improperly called by com.android.systemui.statusbar.AlphaOptimizedImageView{db72b57 VFED..C.. ......ID 0,0-140,23} during second layout pass: posting in next frame
12-01 09:26:59.530 18856 18856 W View : requestLayout() improperly called by android.widget.FrameLayout{27c2644 I.E...... ......ID 0,0-780,179 #2bc} during layout: running second layout pass
12-01 09:26:59.531 18856 18856 W View : requestLayout() improperly called by com.android.systemui.statusbar.AlphaOptimizedImageView{db72b57 VFED..C.. ......ID 0,0-140,23} during layout: running second layout pass
12-01 09:26:59.535 18856 18856 W View : requestLayout() improperly called by android.widget.FrameLayout{27c2644 I.E...... ......ID 0,0-780,179 #2bc} during second layout pass: posting in next frame
12-01 09:26:59.535 18856 18856 W View : requestLayout() improperly called by com.android.systemui.statusbar.AlphaOptimizedImageView{db72b57 VFED..C.. ......ID 0,0-140,23} during second layout pass: posting in next frame
12-01 09:26:59.548 18856 18856 W View : requestLayout() improperly called by android.widget.FrameLayout{27c2644 I.E...... ......ID 0,0-780,179 #2bc} during layout: running second layout pass
12-01 09:26:59.549 18856 18856 W View : requestLayout() improperly called by com.android.systemui.statusbar.AlphaOptimizedImageView{db72b57 VFED..C.. ......ID 0,0-140,23} during layout: running second layout pass
12-01 09:26:59.553 18856 18856 W View : requestLayout() improperly called by android.widget.FrameLayout{27c2644 I.E...... ......ID 0,0-780,179 #2bc} during second layout pass: posting in next frame
12-01 09:26:59.553 18856 18856 W View : requestLayout() improperly called by com.android.systemui.statusbar.AlphaOptimizedImageView{db72b57 VFED..C.. ......ID 0,0-140,23} during second layout pass: posting in next frame
12-01 09:26:59.565 18856 18856 W View : requestLayout() improperly called by android.widget.FrameLayout{27c2644 I.E...... ......ID 0,0-780,179 #2bc} during layout: running second layout pass
12-01 09:26:59.565 18856 18856 W View : requestLayout() improperly called by com.android.systemui.statusbar.AlphaOptimizedImageView{db72b57 VFED..C.. ......ID 0,0-140,23} during layout: running second layout pass
12-01 09:26:59.569 18856 18856 W View : requestLayout() improperly called by android.widget.FrameLayout{27c2644 I.E...... ......ID 0,0-780,179 #2bc} during second layout pass: posting in next frame
12-01 09:26:59.569 18856 18856 W View : requestLayout() improperly called by com.android.systemui.statusbar.AlphaOptimizedImageView{db72b57 VFED..C.. ......ID 0,0-140,23} during second layout pass: posting in next frame
12-01 09:26:59.581 18856 18856 W View : requestLayout() improperly called by android.widget.FrameLayout{27c2644 I.E...... ......ID 0,0-780,179 #2bc} during layout: running second layout pass
12-01 09:26:59.581 18856 18856 W View : requestLayout() improperly called by com.android.systemui.statusbar.AlphaOptimizedImageView{db72b57 VFED..C.. ......ID 0,0-140,23} during layout: running second layout pass
12-01 09:26:59.590 18856 18856 W View : requestLayout() improperly called by android.widget.FrameLayout{27c2644 I.E...... ......ID 0,0-780,179 #2bc} during second layout pass: posting in next frame
12-01 09:26:59.590 18856 18856 W View : requestLayout() improperly called by com.android.systemui.statusbar.AlphaOptimizedImageView{db72b57 VFED..C.. ......ID 0,0-140,23} during second layout pass: posting in next frame
12-01 09:26:59.598 18856 18856 W View : requestLayout() improperly called by android.widget.FrameLayout{27c2644 I.E...... ......ID 0,0-780,179 #2bc} during layout: running second layout pass
12-01 09:26:59.598 18856 18856 W View : requestLayout() improperly called by com.android.systemui.statusbar.AlphaOptimizedImageView{db72b57 VFED..C.. ......ID 0,0-140,23} during layout: running second layout pass
12-01 09:26:59.601 18856 18856 W View : requestLayout() improperly called by android.widget.FrameLayout{27c2644 I.E...... ......ID 0,0-780,179 #2bc} during second layout pass: posting in next frame
12-01 09:26:59.602 18856 18856 W View : requestLayout() improperly called by com.android.systemui.statusbar.AlphaOptimizedImageView{db72b57 VFED..C.. ......ID 0,0-140,23} during second layout pass: posting in next frame
12-01 09:26:59.612 18856 18856 W View : requestLayout() improperly called by android.widget.FrameLayout{27c2644 I.E...... ......ID 0,0-780,179 #2bc} during layout: running second layout pass
12-01 09:26:59.613 18856 18856 W View : requestLayout() improperly called by com.android.systemui.statusbar.AlphaOptimizedImageView{db72b57 VFED..C.. ......ID 0,0-140,23} during layout: running second layout pass
12-01 09:26:59.615 18856 18856 W View : requestLayout() improperly called by android.widget.FrameLayout{27c2644 I.E...... ......ID 0,0-780,179 #2bc} during second layout pass: posting in next frame
12-01 09:26:59.615 18856 18856 W View : requestLayout() improperly called by com.android.systemui.statusbar.AlphaOptimizedImageView{db72b57 VFED..C.. ......ID 0,0-140,23} during second layout pass: posting in next frame
12-01 09:26:59.630 18856 18856 W View : requestLayout() improperly called by android.widget.FrameLayout{27c2644 I.E...... ......ID 0,0-780,179 #2bc} during layout: running second layout pass
12-01 09:26:59.630 18856 18856 W View : requestLayout() improperly called by com.android.systemui.statusbar.AlphaOptimizedImageView{db72b57 VFED..C.. ......ID 0,0-140,23} during layout: running second layout pass
12-01 09:26:59.633 18856 18856 W View : requestLayout() improperly called by android.widget.FrameLayout{27c2644 I.E...... ......ID 0,0-780,179 #2bc} during second layout pass: posting in next frame
12-01 09:26:59.633 18856 18856 W View : requestLayout() improperly called by com.android.systemui.statusbar.AlphaOptimizedImageView{db72b57 VFED..C.. ......ID 0,0-140,23} during second layout pass: posting in next frame
12-01 09:26:59.645 18856 18856 W View : requestLayout() improperly called by android.widget.FrameLayout{27c2644 I.E...... ......ID 0,0-780,179 #2bc} during layout: running second layout pass
12-01 09:26:59.645 18856 18856 W View : requestLayout() improperly called by com.android.systemui.statusbar.AlphaOptimizedImageView{db72b57 VFED..C.. ......ID 0,0-140,23} during layout: running second layout pass
12-01 09:26:59.647 18856 18856 W View : requestLayout() improperly called by android.widget.FrameLayout{27c2644 I.E...... ......ID 0,0-780,179 #2bc} during second layout pass: posting in next frame
12-01 09:26:59.647 18856 18856 W View : requestLayout() improperly called by com.android.systemui.statusbar.AlphaOptimizedImageView{db72b57 VFED..C.. ......ID 0,0-140,23} during second layout pass: posting in next frame
12-01 09:26:59.662 18856 18856 W View : requestLayout() improperly called by android.widget.FrameLayout{27c2644 I.E...... ......ID 0,0-780,179 #2bc} during layout: running second layout pass
12-01 09:26:59.662 18856 18856 W View : requestLayout() improperly called by com.android.systemui.statusbar.AlphaOptimizedImageView{db72b57 VFED..C.. ......ID 0,0-140,23} during layout: running second layout pass
12-01 09:26:59.664 18856 18856 W View : requestLayout() improperly called by android.widget.FrameLayout{27c2644 I.E...... ......ID 0,0-780,179 #2bc} during second layout pass: posting in next frame
12-01 09:26:59.664 18856 18856 W View : requestLayout() improperly called by com.android.systemui.statusbar.AlphaOptimizedImageView{db72b57 VFED..C.. ......ID 0,0-140,23} during second layout pass: posting in next frame
12-01 09:26:59.679 18856 18856 W View : requestLayout() improperly called by android.widget.FrameLayout{27c2644 I.E...... ......ID 0,0-780,179 #2bc} during layout: running second layout pass
12-01 09:26:59.679 18856 18856 W View : requestLayout() improperly called by com.android.systemui.statusbar.AlphaOptimizedImageView{db72b57 VFED..C.. ......ID 0,0-140,23} during layout: running second layout pass
12-01 09:26:59.681 18856 18856 W View : requestLayout() improperly called by android.widget.FrameLayout{27c2644 I.E...... ......ID 0,0-780,179 #2bc} during second layout pass: posting in next frame
12-01 09:26:59.681 18856 18856 W View : requestLayout() improperly called by com.android.systemui.statusbar.AlphaOptimizedImageView{db72b57 VFED..C.. ......ID 0,0-140,23} during second layout pass: posting in next frame
12-01 09:26:59.696 18856 18856 W View : requestLayout() improperly called by android.widget.FrameLayout{27c2644 I.E...... ......ID 0,0-780,179 #2bc} during layout: running second layout pass
12-01 09:26:59.696 18856 18856 W View : requestLayout() improperly called by com.android.systemui.statusbar.AlphaOptimizedImageView{db72b57 VFED..C.. ......ID 0,0-140,23} during layout: running second layout pass
12-01 09:26:59.698 18856 18856 W View : requestLayout() improperly called by android.widget.FrameLayout{27c2644 I.E...... ......ID 0,0-780,179 #2bc} during second layout pass: posting in next frame
12-01 09:26:59.698 18856 18856 W View : requestLayout() improperly called by com.android.systemui.statusbar.AlphaOptimizedImageView{db72b57 VFED..C.. ......ID 0,0-140,23} during second layout pass: posting in next frame
12-01 09:26:59.713 18856 18856 W View : requestLayout() improperly called by android.widget.FrameLayout{27c2644 I.E...... ......ID 0,0-780,179 #2bc} during layout: running second layout pass
12-01 09:26:59.713 18856 18856 W View : requestLayout() improperly called by com.android.systemui.statusbar.AlphaOptimizedImageView{db72b57 VFED..C.. ......ID 0,0-140,23} during layout: running second layout pass
12-01 09:26:59.728 18856 18856 W View : requestLayout() improperly called by android.widget.FrameLayout{27c2644 I.E...... ......ID 0,0-780,179 #2bc} during second layout pass: posting in next frame
12-01 09:26:59.728 18856 18856 W View : requestLayout() improperly called by com.android.systemui.statusbar.AlphaOptimizedImageView{db72b57 VFED..C.. ......ID 0,0-140,23} during second layout pass: posting in next frame
12-01 09:26:59.750 18856 18856 W View : requestLayout() improperly called by android.widget.FrameLayout{27c2644 I.E...... ......ID 0,0-780,179 #2bc} during layout: running second layout pass
12-01 09:26:59.750 18856 18856 W View : requestLayout() improperly called by com.android.systemui.statusbar.AlphaOptimizedImageView{db72b57 VFED..C.. ......ID 0,0-140,23} during layout: running second layout pass
12-01 09:26:59.779 18856 18856 W View : requestLayout() improperly called by android.widget.FrameLayout{27c2644 I.E...... ......ID 0,0-780,179 #2bc} during second layout pass: posting in next frame
12-01 09:26:59.779 18856 18856 W View : requestLayout() improperly called by com.android.systemui.statusbar.AlphaOptimizedImageView{db72b57 VFED..C.. ......ID 0,0-140,23} during second layout pass: posting in next frame
12-01 09:26:59.799 18856 18856 W View : requestLayout() improperly called by android.widget.FrameLayout{27c2644 I.E...... ......ID 0,0-780,179 #2bc} during layout: running second layout pass
12-01 09:26:59.799 18856 18856 W View : requestLayout() improperly called by com.android.systemui.statusbar.AlphaOptimizedImageView{db72b57 VFED..C.. ......ID 0,0-140,23} during layout: running second layout pass
12-01 09:26:59.804 18856 18856 W View : requestLayout() improperly called by android.widget.FrameLayout{27c2644 I.E...... ......ID 0,0-780,179 #2bc} during second layout pass: posting in next frame
12-01 09:26:59.804 18856 18856 W View : requestLayout() improperly called by com.android.systemui.statusbar.AlphaOptimizedImageView{db72b57 VFED..C.. ......ID 0,0-140,23} during second layout pass: posting in next frame
12-01 09:26:59.814 18856 18856 W View : requestLayout() improperly called by android.widget.FrameLayout{27c2644 I.E...... ......ID 0,0-780,179 #2bc} during layout: running second layout pass
12-01 09:26:59.814 18856 18856 W View : requestLayout() improperly called by com.android.systemui.statusbar.AlphaOptimizedImageView{db72b57 VFED..C.. ......ID 0,0-140,23} during layout: running second layout pass
12-01 09:26:59.817 18856 18856 W View : requestLayout() improperly called by android.widget.FrameLayout{27c2644 I.E...... ......ID 0,0-780,179 #2bc} during second layout pass: posting in next frame
12-01 09:26:59.817 18856 18856 W View : requestLayout() improperly called by com.android.systemui.statusbar.AlphaOptimizedImageView{db72b57 VFED..C.. ......ID 0,0-140,23} during second layout pass: posting in next frame
12-01 09:26:59.830 18856 18856 W View : requestLayout() improperly called by android.widget.FrameLayout{27c2644 I.E...... ......ID 0,0-780,179 #2bc} during layout: running second layout pass
12-01 09:26:59.830 18856 18856 W View : requestLayout() improperly called by com.android.systemui.statusbar.AlphaOptimizedImageView{db72b57 VFED..C.. ......ID 0,0-140,23} during layout: running second layout pass
12-01 09:26:59.863 18856 18856 W View : requestLayout() improperly called by android.widget.FrameLayout{27c2644 I.E...... ......ID 0,0-780,179 #2bc} during second layout pass: posting in next frame
12-01 09:26:59.863 18856 18856 W View : requestLayout() improperly called by com.android.systemui.statusbar.AlphaOptimizedImageView{db72b57 VFED..C.. ......ID 0,0-140,23} during second layout pass: posting in next frame
12-01 09:26:59.884 18856 18856 W View : requestLayout() improperly called by android.widget.FrameLayout{27c2644 I.E...... ......ID 0,0-780,179 #2bc} during layout: running second layout pass
12-01 09:26:59.884 18856 18856 W View : requestLayout() improperly called by com.android.systemui.statusbar.AlphaOptimizedImageView{db72b57 VFED..C.. ......ID 0,0-140,23} during layout: running second layout pass
12-01 09:26:59.930 18856 18856 W View : requestLayout() improperly called by android.widget.FrameLayout{27c2644 I.E...... ......ID 0,0-780,179 #2bc} during second layout pass: posting in next frame
12-01 09:26:59.930 18856 18856 W View : requestLayout() improperly called by com.android.systemui.statusbar.AlphaOptimizedImageView{db72b57 VFED..C.. ......ID 0,0-140,23} during second layout pass: posting in next frame
12-01 09:26:59.951 18856 18856 W View : requestLayout() improperly called by android.widget.FrameLayout{27c2644 I.E...... ......ID 0,0-780,179 #2bc} during layout: running second layout pass
12-01 09:26:59.951 18856 18856 W View : requestLayout() improperly called by com.android.systemui.statusbar.AlphaOptimizedImageView{db72b57 VFED..C.. ......ID 0,0-140,23} during layout: running second layout pass
12-01 09:26:59.955 18856 18856 W View : requestLayout() improperly called by android.widget.FrameLayout{27c2644 I.E...... ......ID 0,0-780,179 #2bc} during second layout pass: posting in next frame
12-01 09:26:59.955 18856 18856 W View : requestLayout() improperly called by com.android.systemui.statusbar.AlphaOptimizedImageView{db72b57 VFED..C.. ......ID 0,0-140,23} during second layout pass: posting in next frame
12-01 09:26:59.965 18856 18856 W View : requestLayout() improperly called by android.widget.FrameLayout{27c2644 I.E...... ......ID 0,0-780,179 #2bc} during layout: running second layout pass
12-01 09:26:59.965 18856 18856 W View : requestLayout() improperly called by com.android.systemui.statusbar.AlphaOptimizedImageView{db72b57 VFED..C.. ......ID 0,0-140,23} during layout: running second layout pass
12-01 09:26:59.999 18856 18856 W View : requestLayout() improperly called by android.widget.FrameLayout{27c2644 I.E...... ......ID 0,0-780,179 #2bc} during second layout pass: posting in next frame
12-01 09:26:59.999 18856 18856 W View : requestLayout() improperly called by com.android.systemui.statusbar.AlphaOptimizedImageView{db72b57 VFED..C.. ......ID 0,0-140,23} during second layout pass: posting in next frame
12-01 09:27:00.016 18856 18856 W View : requestLayout() improperly called by android.widget.FrameLayout{27c2644 I.E...... ......ID 0,0-780,179 #2bc} during layout: running second layout pass
12-01 09:27:00.016 18856 18856 W View : requestLayout() improperly called by com.android.systemui.statusbar.AlphaOptimizedImageView{db72b57 VFED..C.. ......ID 0,0-140,23} during layout: running second layout pass
12-01 09:27:00.020 18856 18856 D KeyguardUpdateMonitor: received broadcast android.intent.action.TIME_TICK
12-01 09:27:00.025 18856 18856 D KeyguardUpdateMonitor: handleTimeUpdate
12-01 09:27:00.035 2822 5009 E FrameEvents: updateAcquireFence: Did not find frame.
12-01 09:27:00.040 18856 18856 W View : requestLayout() improperly called by android.widget.FrameLayout{27c2644 I.E...... ......ID 0,0-780,179 #2bc} during second layout pass: posting in next frame
12-01 09:27:00.041 18856 18856 W View : requestLayout() improperly called by com.android.systemui.statusbar.AlphaOptimizedImageView{db72b57 VFED..C.. ......ID 0,0-140,23} during second layout pass: posting in next frame
12-01 09:27:00.050 18856 18856 W View : requestLayout() improperly called by android.widget.FrameLayout{27c2644 I.E...... ......ID 0,0-780,179 #2bc} during layout: running second layout pass
12-01 09:27:00.050 18856 18856 W View : requestLayout() improperly called by com.android.systemui.statusbar.AlphaOptimizedImageView{db72b57 VFED..C.. ......ID 0,0-140,23} during layout: running second layout pass
12-01 09:27:00.076 2822 10327 D libEGL : MSAA-->msaa:0 gamemode:0 4x_msaa:0
12-01 09:27:00.077 2822 10327 D libEGL : MSAA-->msaa:0 gamemode:0 4x_msaa:0
12-01 09:27:00.078 874 874 D vendor.qti.vibrator: Vibrator perform effect 5
12-01 09:27:00.078 874 874 D vendor.qti.vibrator: Vibrator on for timeoutMs: 1
12-01 09:27:00.078 874 874 D vendor.qti.vibrator: QTI Vibrator off
12-01 09:27:00.079 2822 10327 D libEGL : MSAA-->msaa:0 gamemode:0 4x_msaa:0
12-01 09:27:00.079 874 32041 D vendor.qti.vibrator: Starting on on another thread
12-01 09:27:00.080 874 32041 D vendor.qti.vibrator: Notifying on complete
12-01 09:27:00.081 18856 18856 W View : requestLayout() improperly called by android.widget.FrameLayout{27c2644 I.E...... ......ID 0,0-780,179 #2bc} during second layout pass: posting in next frame
12-01 09:27:00.081 18856 18856 W View : requestLayout() improperly called by com.android.systemui.statusbar.AlphaOptimizedImageView{db72b57 VFED..C.. ......ID 0,0-140,23} during second layout pass: posting in next frame
12-01 09:27:00.099 874 874 D vendor.qti.vibrator: Vibrator on for timeoutMs: 21
12-01 09:27:00.099 874 32042 D vendor.qti.vibrator: Starting on on another thread
12-01 09:27:00.099 18856 18856 W View : requestLayout() improperly called by android.widget.FrameLayout{27c2644 I.E...... ......ID 0,0-780,179 #2bc} during layout: running second layout pass
12-01 09:27:00.100 18856 18856 W View : requestLayout() improperly called by com.android.systemui.statusbar.AlphaOptimizedImageView{db72b57 VFED..C.. ......ID 0,0-140,23} during layout: running second layout pass
12-01 09:27:00.115 18856 18856 W View : requestLayout() improperly called by android.widget.FrameLayout{27c2644 I.E...... ......ID 0,0-780,179 #2bc} during second layout pass: posting in next frame
12-01 09:27:00.115 18856 18856 W View : requestLayout() improperly called by com.android.systemui.statusbar.AlphaOptimizedImageView{db72b57 VFED..C.. ......ID 0,0-140,23} during second layout pass: posting in next frame
12-01 09:27:00.121 874 32042 D vendor.qti.vibrator: Notifying on complete
12-01 09:27:00.124 2822 2929 I WidgetsModel: found whitelist widget: com.android.systemui, label: 对话, sectionName:D
12-01 09:27:00.124 874 874 D vendor.qti.vibrator: QTI Vibrator off
12-01 09:27:00.131 18856 18856 W View : requestLayout() improperly called by android.widget.FrameLayout{27c2644 I.E...... ......ID 0,0-780,179 #2bc} during layout: running second layout pass
12-01 09:27:00.132 18856 18856 W View : requestLayout() improperly called by com.android.systemui.statusbar.AlphaOptimizedImageView{db72b57 VFED..C.. ......ID 0,0-140,23} during layout: running second layout pass
12-01 09:27:00.251 1211 28948 I OMX-VENC: venc_dev: stats: avg. fps 48.90, bitrate 2907805
12-01 09:27:00.351 0 0 I auditd : type=1400 audit(0.0:21256): avc: denied { kill } for comm="swapper/2" capability=5 scontext=u:r:kernel:s0 tcontext=u:r:kernel:s0 tclass=capability permissive=0
12-01 09:27:00.351 0 0 W swapper/2: type=1400 audit(0.0:21256): avc: denied { kill } for capability=5 scontext=u:r:kernel:s0 tcontext=u:r:kernel:s0 tclass=capability permissive=0
12-01 09:27:00.365 2822 2822 D FlingToDeleteHelper: isFlingToDelete = false
12-01 09:27:00.433 647 662 I mpu_uart: [MSG-P:RECV]:No message received in 1000 ms
12-01 09:27:00.481 2822 2822 D HotseatController: adjustPadding: height=800,size=4
12-01 09:27:00.483 2822 2822 W View : requestLayout() improperly called by com.android.launcher3.views.NoInsetView{495a0a9 V.ED..... ......I. 2218,0-2560,1080 #7f09007c app:id/bg_hotseat} during layout: running second layout pass
12-01 09:27:01.036 1508 10935 I ActivityTaskManager: START u0 {flg=0x10008000 cmp=com.android.deskclock/.DeskClock} from uid 10076
12-01 09:27:01.037 1508 1636 I EventSequenceValidator: inc AccIntentStartedEvents to 2
12-01 09:27:01.040 1508 10935 E ANDR-PERF-JNI: com_qualcomm_qtiperformance_native_perf_io_prefetch_start
12-01 09:27:01.041 1508 10935 I wm_task_created: [384,-1]
12-01 09:27:01.041 1508 10935 W ActivityTaskManager: Can't find TaskDisplayArea to determine support for multi window. Task id=384 attached=false
12-01 09:27:01.043 1508 10935 D FreeFormWindowHelper: Add freeform task=Task{2cd59e3 #384 type=standard ?? U=0 visible=false mode=freeform translucent=true sz=0}
12-01 09:27:01.044 1508 10935 I service_manager_stats: [100,83,16599]
12-01 09:27:01.044 862 3811 E ANDR-IOP: io prefetch is disabled
12-01 09:27:01.045 1508 10935 D CompatibilityChangeReporter: Compat change id reported: 184838306; UID 10065; state: DISABLED
12-01 09:27:01.046 1508 10935 D CompatibilityChangeReporter: Compat change id reported: 185004937; UID 10065; state: DISABLED
12-01 09:27:01.046 1508 10935 D CompatibilityChangeReporter: Compat change id reported: 181136395; UID 10065; state: DISABLED
12-01 09:27:01.046 1508 10935 D CompatibilityChangeReporter: Compat change id reported: 174042936; UID 10065; state: DISABLED
12-01 09:27:01.047 1508 10935 I wm_task_moved: [384,1,6]
12-01 09:27:01.047 1508 10935 I wm_task_to_front: [0,384]
12-01 09:27:01.048 1508 10935 I wm_create_task: [0,384]
12-01 09:27:01.048 1508 10935 I wm_create_activity: [0,191143904,384,com.android.deskclock/.DeskClock,NULL,NULL,NULL,268468224]
12-01 09:27:01.048 1508 10935 I wm_task_moved: [384,1,6]
12-01 09:27:01.049 1508 10935 D CompatibilityChangeReporter: Compat change id reported: 168419799; UID 10065; state: DISABLED
12-01 09:27:01.049 1508 10935 D CompatibilityInfo: mCompatibilityFlags - 4
12-01 09:27:01.049 1508 10935 D CompatibilityInfo: applicationDensity - 240
12-01 09:27:01.049 1508 10935 D CompatibilityInfo: applicationScale - 1.0
