--------- beginning of radio
12-01 03:53:26.254 1508 1508 D TelephonyRegistry: listen oscl: mHasNotifySubscriptionInfoChangedOccurred==false no callback
12-01 03:53:26.738 1508 2437 D TelephonyRegistry: listen oscl: mHasNotifySubscriptionInfoChangedOccurred==false no callback
12-01 03:53:26.812 1508 2305 D TelephonyRegistry: listen oscl: mHasNotifySubscriptionInfoChangedOccurred==false no callback
12-01 03:53:26.826 1508 1508 D TelephonyRegistry: listen oscl: mHasNotifySubscriptionInfoChangedOccurred==false no callback
12-01 03:53:26.840 1508 2306 D TelephonyRegistry: listen oscl: mHasNotifySubscriptionInfoChangedOccurred==false no callback
12-01 03:53:26.858 1508 1508 D TelephonyRegistry: listen oscl: mHasNotifySubscriptionInfoChangedOccurred==false no callback
12-01 03:53:26.880 1508 1633 W CarrierConfigManager: Error getting config for subId -1 ICarrierConfigLoader is null
12-01 03:53:26.910 1508 1508 D TelephonyRegistry: systemRunning register for intents
12-01 03:53:26.978 1508 1647 D TelephonyRegistry: listen oscl: mHasNotifySubscriptionInfoChangedOccurred==false no callback
12-01 03:53:27.196 2378 2378 W CarrierConfigManager: Error getting config for subId -1 ICarrierConfigLoader is null
12-01 03:53:27.205 1508 2301 D TelephonyRegistry: listen oscl: mHasNotifySubscriptionInfoChangedOccurred==false no callback
12-01 03:53:27.670 1508 1508 D TelephonyRegistry: listen oscl: mHasNotifySubscriptionInfoChangedOccurred==false no callback
12-01 03:53:27.672 1508 1508 W CarrierConfigManager: Error getting config for subId -1 ICarrierConfigLoader is null
12-01 03:53:28.259 1508 2437 D TelephonyRegistry: listen oscl: mHasNotifySubscriptionInfoChangedOccurred==false no callback
12-01 03:53:28.288 1508 1508 D TelephonyRegistry: notifyCellLocationForSubscriber: subId=2147483647 cellIdentity=null
12-01 03:53:29.036 1508 1739 D TelephonyRegistry: listen oscl: mHasNotifySubscriptionInfoChangedOccurred==false no callback
12-01 03:53:29.615 1508 1603 D TelephonyRegistry: listen oscl: mHasNotifySubscriptionInfoChangedOccurred==false no callback
12-01 03:53:31.364 4225 4225 D CAT : BootCompletedReceiver: [ACTION_BOOT_COMPLETED]
12-01 03:53:31.365 4225 4225 D CAT : StkAppService: onCreate()+
12-01 03:53:31.366 4225 4225 D CAT : StkAppService: simCount: 1
12-01 03:53:31.366 4225 4225 D CAT : StkAppService: slotId: 0
12-01 03:53:31.367 4225 4225 D CAT : StkAppService: onStart sim id: 0, op: 5, *****
12-01 03:53:31.368 4225 4225 D CAT : StkAppService: mStkService is: -1
12-01 03:53:31.375 4225 4225 D CAT : StkAppService: onDestroy()
12-01 03:54:01.054 1508 1508 W CarrierConfigManager: Error getting config for subId -1 ICarrierConfigLoader is null
12-01 03:54:01.063 1508 1508 W CarrierConfigManager: Error getting config for subId -1 ICarrierConfigLoader is null
12-01 03:54:52.935 2932 2932 W CarrierConfigManager: Error getting config for subId -1 ICarrierConfigLoader is null
12-01 03:54:52.992 1508 2996 D TelephonyRegistry: listen oscl: mHasNotifySubscriptionInfoChangedOccurred==false no callback
12-01 03:54:52.995 1508 2301 D TelephonyRegistry: listen oscl: mHasNotifySubscriptionInfoChangedOccurred==false no callback
12-01 03:54:56.073 1508 2470 D TelephonyRegistry: listen oscl: mHasNotifySubscriptionInfoChangedOccurred==false no callback
12-01 03:54:56.074 2378 2378 W CarrierConfigManager: Error getting config for subId -1 ICarrierConfigLoader is null
12-01 03:55:10.548 1508 1739 D TelephonyRegistry: listen oscl: mHasNotifySubscriptionInfoChangedOccurred==false no callback
12-01 03:55:12.168 1508 2971 D TelephonyRegistry: listen oscl: mHasNotifySubscriptionInfoChangedOccurred==false no callback
12-01 03:55:12.171 1508 1602 D TelephonyRegistry: listen oscl: mHasNotifySubscriptionInfoChangedOccurred==false no callback
12-01 04:02:51.403 7080 7080 W FeatureConnector: [ImsConnector, 0] connect: not supported.
12-01 04:03:06.810 1508 6542 D TelephonyRegistry: listen oscl: mHasNotifySubscriptionInfoChangedOccurred==false no callback
12-01 04:03:06.813 1508 6542 D TelephonyRegistry: listen oscl: mHasNotifySubscriptionInfoChangedOccurred==false no callback
12-01 04:05:39.331 1508 6335 D TelephonyRegistry: listen oscl: mHasNotifySubscriptionInfoChangedOccurred==false no callback
12-01 04:05:39.333 2378 2378 W CarrierConfigManager: Error getting config for subId -1 ICarrierConfigLoader is null
12-01 04:05:51.052 1508 6928 D TelephonyRegistry: listen oscl: mHasNotifySubscriptionInfoChangedOccurred==false no callback
12-01 04:05:51.060 1508 6928 D TelephonyRegistry: listen oscl: mHasNotifySubscriptionInfoChangedOccurred==false no callback
12-01 04:05:51.325 7080 7080 W CarrierConfigManager: Error getting config for subId -1 ICarrierConfigLoader is null
12-01 04:05:51.348 1508 6928 D TelephonyRegistry: listen oscl: mHasNotifySubscriptionInfoChangedOccurred==false no callback
12-01 04:06:55.260 1508 6335 D TelephonyRegistry: listen oscl: mHasNotifySubscriptionInfoChangedOccurred==false no callback
12-01 04:16:31.521 10865 10865 W CarrierConfigManager: Error getting config for subId -1 ICarrierConfigLoader is null
12-01 04:16:31.567 1508 1603 D TelephonyRegistry: listen oscl: mHasNotifySubscriptionInfoChangedOccurred==false no callback
12-01 04:16:31.571 1508 6163 D TelephonyRegistry: listen oscl: mHasNotifySubscriptionInfoChangedOccurred==false no callback
12-01 04:19:56.802 1508 6436 D TelephonyRegistry: listen oscl: mHasNotifySubscriptionInfoChangedOccurred==false no callback
12-01 04:20:48.676 11501 11501 W CarrierConfigManager: Error getting config for subId -1 ICarrierConfigLoader is null
12-01 04:20:48.723 1508 1739 D TelephonyRegistry: listen oscl: mHasNotifySubscriptionInfoChangedOccurred==false no callback
12-01 04:20:48.728 1508 1739 D TelephonyRegistry: listen oscl: mHasNotifySubscriptionInfoChangedOccurred==false no callback
12-01 04:22:59.474 11648 11648 W CarrierConfigManager: Error getting config for subId -1 ICarrierConfigLoader is null
12-01 04:22:59.514 1508 10935 D TelephonyRegistry: listen oscl: mHasNotifySubscriptionInfoChangedOccurred==false no callback
12-01 04:22:59.518 1508 10935 D TelephonyRegistry: listen oscl: mHasNotifySubscriptionInfoChangedOccurred==false no callback
12-01 04:26:06.061 11648 11648 W CarrierConfigManager: Error getting config for subId -1 ICarrierConfigLoader is null
12-01 04:26:06.101 1508 10918 D TelephonyRegistry: listen oscl: mHasNotifySubscriptionInfoChangedOccurred==false no callback
12-01 04:26:06.108 1508 10918 D TelephonyRegistry: listen oscl: mHasNotifySubscriptionInfoChangedOccurred==false no callback
12-01 04:26:11.672 11648 11648 W CarrierConfigManager: Error getting config for subId -1 ICarrierConfigLoader is null
12-01 04:26:11.729 1508 8164 D TelephonyRegistry: listen oscl: mHasNotifySubscriptionInfoChangedOccurred==false no callback
12-01 04:26:11.734 1508 8164 D TelephonyRegistry: listen oscl: mHasNotifySubscriptionInfoChangedOccurred==false no callback
12-01 04:29:39.518 1508 2301 D TelephonyRegistry: listen oscl: mHasNotifySubscriptionInfoChangedOccurred==false no callback
12-01 04:29:39.523 1508 8053 D TelephonyRegistry: listen oscl: mHasNotifySubscriptionInfoChangedOccurred==false no callback
12-01 04:32:42.990 12603 12603 W CarrierConfigManager: Error getting config for subId -1 ICarrierConfigLoader is null
12-01 04:32:43.028 1508 3610 D TelephonyRegistry: listen oscl: mHasNotifySubscriptionInfoChangedOccurred==false no callback
12-01 04:32:43.033 1508 3610 D TelephonyRegistry: listen oscl: mHasNotifySubscriptionInfoChangedOccurred==false no callback
12-01 04:34:15.239 1508 2996 D TelephonyRegistry: listen oscl: mHasNotifySubscriptionInfoChangedOccurred==false no callback
12-01 04:34:15.241 1508 6408 D TelephonyRegistry: listen oscl: mHasNotifySubscriptionInfoChangedOccurred==false no callback
12-01 04:34:15.597 12603 12603 W CarrierConfigManager: Error getting config for subId -1 ICarrierConfigLoader is null
12-01 04:34:15.648 1508 6408 D TelephonyRegistry: listen oscl: mHasNotifySubscriptionInfoChangedOccurred==false no callback
12-01 04:34:15.651 1508 6408 D TelephonyRegistry: listen oscl: mHasNotifySubscriptionInfoChangedOccurred==false no callback
12-01 04:35:41.892 12881 12881 W CarrierConfigManager: Error getting config for subId -1 ICarrierConfigLoader is null
12-01 04:35:41.937 1508 2426 D TelephonyRegistry: listen oscl: mHasNotifySubscriptionInfoChangedOccurred==false no callback
12-01 04:35:41.941 1508 2470 D TelephonyRegistry: listen oscl: mHasNotifySubscriptionInfoChangedOccurred==false no callback
12-01 04:41:13.564 13096 13096 W CarrierConfigManager: Error getting config for subId -1 ICarrierConfigLoader is null
12-01 04:41:13.602 1508 10918 D TelephonyRegistry: listen oscl: mHasNotifySubscriptionInfoChangedOccurred==false no callback
12-01 04:41:13.605 1508 8059 D TelephonyRegistry: listen oscl: mHasNotifySubscriptionInfoChangedOccurred==false no callback
12-01 04:58:55.869 14052 14052 W CarrierConfigManager: Error getting config for subId -1 ICarrierConfigLoader is null
12-01 04:58:55.916 1508 1602 D TelephonyRegistry: listen oscl: mHasNotifySubscriptionInfoChangedOccurred==false no callback
12-01 04:58:55.920 1508 1602 D TelephonyRegistry: listen oscl: mHasNotifySubscriptionInfoChangedOccurred==false no callback
12-01 05:05:19.979 15055 15055 W CarrierConfigManager: Error getting config for subId -1 ICarrierConfigLoader is null
12-01 05:05:20.019 1508 6896 D TelephonyRegistry: listen oscl: mHasNotifySubscriptionInfoChangedOccurred==false no callback
12-01 05:05:20.024 1508 6436 D TelephonyRegistry: listen oscl: mHasNotifySubscriptionInfoChangedOccurred==false no callback
12-01 05:07:40.487 15701 15701 W CarrierConfigManager: Error getting config for subId -1 ICarrierConfigLoader is null
12-01 05:07:40.523 1508 6163 D TelephonyRegistry: listen oscl: mHasNotifySubscriptionInfoChangedOccurred==false no callback
12-01 05:07:40.529 1508 6542 D TelephonyRegistry: listen oscl: mHasNotifySubscriptionInfoChangedOccurred==false no callback
12-01 05:07:50.262 1508 6436 D TelephonyRegistry: listen oscl: mHasNotifySubscriptionInfoChangedOccurred==false no callback
12-01 05:07:50.266 1508 6436 D TelephonyRegistry: listen oscl: mHasNotifySubscriptionInfoChangedOccurred==false no callback
12-01 05:08:45.162 1508 6436 D TelephonyRegistry: listen oscl: mHasNotifySubscriptionInfoChangedOccurred==false no callback
12-01 05:08:45.164 2378 2378 W CarrierConfigManager: Error getting config for subId -1 ICarrierConfigLoader is null
12-01 05:11:30.710 16642 16642 W CarrierConfigManager: Error getting config for subId -1 ICarrierConfigLoader is null
12-01 05:11:30.753 1508 8124 D TelephonyRegistry: listen oscl: mHasNotifySubscriptionInfoChangedOccurred==false no callback
12-01 05:11:30.757 1508 1603 D TelephonyRegistry: listen oscl: mHasNotifySubscriptionInfoChangedOccurred==false no callback
12-01 05:14:29.823 1508 2470 D TelephonyRegistry: listen oscl: mHasNotifySubscriptionInfoChangedOccurred==false no callback
12-01 05:14:29.980 18856 18856 W CarrierConfigManager: Error getting config for subId -1 ICarrierConfigLoader is null
12-01 05:14:29.987 1508 2470 D TelephonyRegistry: listen oscl: mHasNotifySubscriptionInfoChangedOccurred==false no callback
12-01 05:15:50.448 1508 8013 D TelephonyRegistry: listen oscl: mHasNotifySubscriptionInfoChangedOccurred==false no callback
12-01 05:16:05.542 19524 19524 W CarrierConfigManager: Error getting config for subId -1 ICarrierConfigLoader is null
12-01 05:16:05.577 1508 2301 D TelephonyRegistry: listen oscl: mHasNotifySubscriptionInfoChangedOccurred==false no callback
12-01 05:16:05.580 1508 1603 D TelephonyRegistry: listen oscl: mHasNotifySubscriptionInfoChangedOccurred==false no callback
12-01 05:16:09.795 1508 8059 D TelephonyRegistry: listen oscl: mHasNotifySubscriptionInfoChangedOccurred==false no callback
12-01 07:43:48.619 22822 22822 W CarrierConfigManager: Error getting config for subId -1 ICarrierConfigLoader is null
12-01 07:43:48.660 1508 8013 D TelephonyRegistry: listen oscl: mHasNotifySubscriptionInfoChangedOccurred==false no callback
12-01 07:43:48.663 1508 8013 D TelephonyRegistry: listen oscl: mHasNotifySubscriptionInfoChangedOccurred==false no callback
12-01 07:58:36.113 24763 24763 W CarrierConfigManager: Error getting config for subId -1 ICarrierConfigLoader is null
12-01 07:58:36.162 1508 2971 D TelephonyRegistry: listen oscl: mHasNotifySubscriptionInfoChangedOccurred==false no callback
12-01 07:58:36.168 1508 6928 D TelephonyRegistry: listen oscl: mHasNotifySubscriptionInfoChangedOccurred==false no callback
12-01 07:58:38.470 1508 10918 D TelephonyRegistry: listen oscl: mHasNotifySubscriptionInfoChangedOccurred==false no callback
12-01 07:58:38.471 1508 2971 D TelephonyRegistry: listen oscl: mHasNotifySubscriptionInfoChangedOccurred==false no callback
12-01 07:58:49.233 1508 1603 D TelephonyRegistry: listen oscl: mHasNotifySubscriptionInfoChangedOccurred==false no callback
12-01 07:58:49.235 1508 1603 D TelephonyRegistry: listen oscl: mHasNotifySubscriptionInfoChangedOccurred==false no callback
12-01 07:58:51.870 1508 9285 D TelephonyRegistry: listen oscl: mHasNotifySubscriptionInfoChangedOccurred==false no callback
12-01 07:58:51.872 1508 9285 D TelephonyRegistry: listen oscl: mHasNotifySubscriptionInfoChangedOccurred==false no callback
12-01 07:59:00.544 25302 25302 W CarrierConfigManager: Error getting config for subId -1 ICarrierConfigLoader is null
12-01 07:59:00.579 1508 4735 D TelephonyRegistry: listen oscl: mHasNotifySubscriptionInfoChangedOccurred==false no callback
12-01 07:59:00.584 1508 4735 D TelephonyRegistry: listen oscl: mHasNotifySubscriptionInfoChangedOccurred==false no callback
12-01 07:59:03.203 1508 10918 D TelephonyRegistry: listen oscl: mHasNotifySubscriptionInfoChangedOccurred==false no callback
12-01 07:59:03.206 1508 8124 D TelephonyRegistry: listen oscl: mHasNotifySubscriptionInfoChangedOccurred==false no callback
12-01 07:59:05.860 1508 4735 D TelephonyRegistry: listen oscl: mHasNotifySubscriptionInfoChangedOccurred==false no callback
12-01 07:59:05.862 1508 4735 D TelephonyRegistry: listen oscl: mHasNotifySubscriptionInfoChangedOccurred==false no callback
12-01 07:59:11.767 1508 6335 D TelephonyRegistry: listen oscl: mHasNotifySubscriptionInfoChangedOccurred==false no callback
12-01 07:59:11.769 1508 10918 D TelephonyRegistry: listen oscl: mHasNotifySubscriptionInfoChangedOccurred==false no callback
12-01 07:59:14.223 1508 9618 D TelephonyRegistry: listen oscl: mHasNotifySubscriptionInfoChangedOccurred==false no callback
12-01 07:59:14.228 1508 2426 D TelephonyRegistry: listen oscl: mHasNotifySubscriptionInfoChangedOccurred==false no callback
12-01 07:59:17.325 1508 8059 D TelephonyRegistry: listen oscl: mHasNotifySubscriptionInfoChangedOccurred==false no callback
12-01 07:59:17.328 1508 8059 D TelephonyRegistry: listen oscl: mHasNotifySubscriptionInfoChangedOccurred==false no callback
12-01 08:06:11.562 1508 2301 D TelephonyRegistry: listen oscl: mHasNotifySubscriptionInfoChangedOccurred==false no callback
12-01 08:06:11.565 1508 6408 D TelephonyRegistry: listen oscl: mHasNotifySubscriptionInfoChangedOccurred==false no callback
12-01 08:29:34.544 27888 27888 W CarrierConfigManager: Error getting config for subId -1 ICarrierConfigLoader is null
12-01 08:29:34.582 1508 2971 D TelephonyRegistry: listen oscl: mHasNotifySubscriptionInfoChangedOccurred==false no callback
12-01 08:29:34.587 1508 6408 D TelephonyRegistry: listen oscl: mHasNotifySubscriptionInfoChangedOccurred==false no callback
12-01 08:29:37.078 27888 27888 W FeatureConnector: [ImsConnector, 0] connect: not supported.
12-01 08:33:11.396 27888 27888 W FeatureConnector: [ImsConnector, 0] connect: not supported.
12-01 09:02:51.455 29378 29378 W CarrierConfigManager: Error getting config for subId -1 ICarrierConfigLoader is null
12-01 09:02:51.489 1508 9618 D TelephonyRegistry: listen oscl: mHasNotifySubscriptionInfoChangedOccurred==false no callback
12-01 09:02:51.492 1508 2996 D TelephonyRegistry: listen oscl: mHasNotifySubscriptionInfoChangedOccurred==false no callback --------- beginning of events
12-01 09:04:07.542 29053 29053 I wm_on_destroy_called: [50439939,com.android.deskclock.DeskClock,performDestroy]
12-01 09:04:07.546 1508 1633 I sysui_multi_action: [319,16,322,51,325,18666,757,761,758,9,759,5,806,com.android.launcher3,871,com.android.launcher3.uioverrides.QuickstepLauncher,905,0,1320,8,1321,5]
12-01 09:04:07.552 1508 2005 I input_focus: [Focus leaving e418ef7 com.android.music/com.android.music.VideoBrowserActivity (server),reason=NOT_FOCUSABLE]
12-01 09:04:07.552 1508 2005 I input_focus: [Focus entering recents_animation_input_consumer (server),reason=setFocusedWindow]
12-01 09:04:07.635 1508 1754 I commit_sys_config_file: [settings-1-0,19]
12-01 09:04:07.841 1508 1647 I sysui_latency: [8,57]
12-01 09:04:07.976 1508 1636 I wm_destroy_activity: [0,258846815,318,com.android.permissioncontroller/.permission.ui.GrantPermissionsActivity,finish-imm:idle]
12-01 09:04:07.980 29601 29601 I wm_on_stop_called: [258846815,com.android.permissioncontroller.permission.ui.GrantPermissionsActivity,LIFECYCLER_STOP_ACTIVITY]
12-01 09:04:07.980 29601 29601 I wm_on_destroy_called: [258846815,com.android.permissioncontroller.permission.ui.GrantPermissionsActivity,performDestroy]
12-01 09:04:07.989 1508 8053 I wm_task_removed: [318,removeChild:removeChild last r=ActivityRecord{f6db05f u0 com.android.permissioncontroller/.permission.ui.GrantPermissionsActivity t-1 f}} in t=Task{b994bb2 #318 type=standard A=10065:com.android.deskclock U=0 visible=false mode=freeform translucent=true sz=0}]
12-01 09:04:07.989 1508 8053 I wm_task_removed: [318,removeChild]
12-01 09:04:08.104 1508 6993 I wm_task_moved: [1,1,7]
12-01 09:04:08.104 1508 6993 I wm_focused_root_task: [0,0,1,316,RecentsAnimation.onAnimationFinished()]
12-01 09:04:08.105 29140 29140 I wm_on_top_resumed_lost_called: [87208756,com.android.music.VideoBrowserActivity,topStateChangedWhenResumed]
12-01 09:04:08.105 1508 6993 I wm_pause_activity: [0,87208756,com.android.music/.VideoBrowserActivity,userLeaving=false,pauseBackTasks]
12-01 09:04:08.112 1508 6993 I wm_set_resumed_activity: [0,com.android.launcher3/.uioverrides.QuickstepLauncher,resumeTopActivityInnerLocked]
12-01 09:04:08.114 1508 6993 I wm_resume_activity: [0,103113767,10,com.android.launcher3/.uioverrides.QuickstepLauncher]
12-01 09:04:08.114 1508 6993 I wm_add_to_stopping: [0,87208756,com.android.music/.VideoBrowserActivity,makeInvisible]
12-01 09:04:08.115 2822 2822 I wm_on_resume_called: [103113767,com.android.launcher3.uioverrides.QuickstepLauncher,RESUME_ACTIVITY]
12-01 09:04:08.124 1508 1637 I input_focus: [Focus request e9e80a1 com.android.launcher3/com.android.launcher3.uioverrides.QuickstepLauncher,reason=UpdateInputWindows]
12-01 09:04:08.124 29140 29140 I wm_on_paused_called: [87208756,com.android.music.VideoBrowserActivity,performPause]
12-01 09:04:08.126 1508 8053 I wm_stop_activity: [0,87208756,com.android.music/.VideoBrowserActivity]
12-01 09:04:08.127 1508 1636 I sysui_multi_action: [757,803,799,window_time_0,802,0]
12-01 09:04:08.138 1508 2005 I input_focus: [Focus leaving recents_animation_input_consumer (server),reason=NOT_VISIBLE]
12-01 09:04:08.138 1508 2005 I input_focus: [Focus entering e9e80a1 com.android.launcher3/com.android.launcher3.uioverrides.QuickstepLauncher (server),reason=setFocusedWindow]
12-01 09:04:08.139 2822 2822 I wm_on_top_resumed_gained_called: [103113767,com.android.launcher3.uioverrides.QuickstepLauncher,topStateChangedWhenResumed]
12-01 09:04:08.145 29140 29140 I wm_on_stop_called: [87208756,com.android.music.VideoBrowserActivity,STOP_ACTIVITY_ITEM]
12-01 09:04:08.340 1508 1754 I commit_sys_config_file: [settings-1-0,4]
12-01 09:04:09.351 0 0 I auditd : type=1400 audit(0.0:20002): avc: denied { kill } for comm="swapper/0" capability=5 scontext=u:r:kernel:s0 tcontext=u:r:kernel:s0 tclass=capability permissive=0
12-01 09:04:10.351 0 0 I auditd : type=1400 audit(0.0:20003): avc: denied { kill } for comm="swapper/0" capability=5 scontext=u:r:kernel:s0 tcontext=u:r:kernel:s0 tclass=capability permissive=0
12-01 09:04:11.351 0 0 I auditd : type=1400 audit(0.0:20004): avc: denied { kill } for comm="swapper/0" capability=5 scontext=u:r:kernel:s0 tcontext=u:r:kernel:s0 tclass=capability permissive=0
12-01 09:04:12.351 0 0 I auditd : type=1400 audit(0.0:20005): avc: denied { kill } for comm="swapper/0" capability=5 scontext=u:r:kernel:s0 tcontext=u:r:kernel:s0 tclass=capability permissive=0
12-01 09:04:13.351 352 352 I auditd : type=1400 audit(0.0:20006): avc: denied { kill } for comm="irq/382-atmel_m" capability=5 scontext=u:r:kernel:s0 tcontext=u:r:kernel:s0 tclass=capability permissive=0
12-01 09:04:14.029 1508 2305 I netstats_mobile_sample: [0,0,0,0,0,0,0,0,0,0,0,0,1669856654029]
12-01 09:04:14.029 1508 2305 I netstats_wifi_sample: [312629586,687830,187846137,439816,312629586,687830,187846137,439816,410834643,1411574,94706707,229331,1669856654029]
12-01 09:04:14.351 352 352 I auditd : type=1400 audit(0.0:20007): avc: denied { kill } for comm="irq/382-atmel_m" capability=5 scontext=u:r:kernel:s0 tcontext=u:r:kernel:s0 tclass=capability permissive=0
12-01 09:04:15.351 0 0 I auditd : type=1400 audit(0.0:20008): avc: denied { kill } for comm="swapper/0" capability=5 scontext=u:r:kernel:s0 tcontext=u:r:kernel:s0 tclass=capability permissive=0
12-01 09:04:16.351 0 0 I auditd : type=1400 audit(0.0:20009): avc: denied { kill } for comm="swapper/0" capability=5 scontext=u:r:kernel:s0 tcontext=u:r:kernel:s0 tclass=capability permissive=0
12-01 09:04:16.932 1508 2005 I input_interaction: Interaction with: e9e80a1 com.android.launcher3/com.android.launcher3.uioverrides.QuickstepLauncher (server), 5ecd4a7 com.android.systemui.ImageWallpaper (server), edge-swipe (server), swipe-up (server), PointerEventDispatcher0 (server),
12-01 09:04:17.351 0 0 I auditd : type=1400 audit(0.0:20010): avc: denied { kill } for comm="swapper/0" capability=5 scontext=u:r:kernel:s0 tcontext=u:r:kernel:s0 tclass=capability permissive=0
12-01 09:04:18.351 0 0 I auditd : type=1400 audit(0.0:20011): avc: denied { kill } for comm="swapper/0" capability=5 scontext=u:r:kernel:s0 tcontext=u:r:kernel:s0 tclass=capability permissive=0
12-01 09:04:19.351 0 0 I auditd : type=1400 audit(0.0:20012): avc: denied { kill } for comm="swapper/0" capability=5 scontext=u:r:kernel:s0 tcontext=u:r:kernel:s0 tclass=capability permissive=0
12-01 09:04:20.351 352 352 I auditd : type=1400 audit(0.0:20013): avc: denied { kill } for comm="irq/382-atmel_m" capability=5 scontext=u:r:kernel:s0 tcontext=u:r:kernel:s0 tclass=capability permissive=0
12-01 09:04:21.219 1508 8053 I wm_task_created: [319,-1]
12-01 09:04:21.225 1508 8053 I wm_task_moved: [319,1,8]
12-01 09:04:21.225 1508 8053 I wm_task_to_front: [0,319]
12-01 09:04:21.225 1508 8053 I wm_create_task: [0,319]
12-01 09:04:21.225 1508 8053 I wm_create_activity: [0,8074883,319,com.android.gallery3d/.app.GalleryActivity,NULL,NULL,NULL,268468224]
12-01 09:04:21.225 1508 8053 I wm_task_moved: [319,1,8]
12-01 09:04:21.228 1508 8053 I wm_restart_activity: [0,8074883,319,com.android.gallery3d/.app.GalleryActivity]
12-01 09:04:21.230 1508 8053 I wm_set_resumed_activity: [0,com.android.gallery3d/.app.GalleryActivity,minimalResumeActivityLocked]
12-01 09:04:21.239 2822 2822 I wm_on_top_resumed_lost_called: [103113767,com.android.launcher3.uioverrides.QuickstepLauncher,topStateChangedWhenResumed]
12-01 09:04:21.262 1508 6928 I wm_task_created: [320,-1]
12-01 09:04:21.263 1508 6928 I wm_finish_activity: [0,8074883,319,com.android.gallery3d/.app.GalleryActivity,app-request]
12-01 09:04:21.263 1508 6928 I wm_task_moved: [1,1,9]
12-01 09:04:21.263 1508 6928 I wm_set_resumed_activity: [0,com.android.launcher3/.uioverrides.QuickstepLauncher,positionChildAt]
12-01 09:04:21.263 1508 6928 I wm_task_moved: [10,1,2147483647]
12-01 09:04:21.263 1508 6928 I wm_task_to_front: [0,10]
12-01 09:04:21.263 1508 6928 I wm_focused_root_task: [0,0,1,-1,finish-top adjustFocusToNextFocusableTask]
12-01 09:04:21.263 1508 6928 I wm_set_resumed_activity: [0,com.android.launcher3/.uioverrides.QuickstepLauncher,finish-top]
12-01 09:04:21.264 1508 6928 I wm_pause_activity: [0,8074883,com.android.gallery3d/.app.GalleryActivity,userLeaving=false,finish]
12-01 09:04:21.270 29377 29377 I wm_on_create_called: [8074883,com.android.gallery3d.app.GalleryActivity,performCreate]
12-01 09:04:21.270 1508 6928 I wm_task_moved: [320,1,9]
12-01 09:04:21.270 1508 6928 I wm_task_to_front: [0,320]
12-01 09:04:21.270 1508 6928 I wm_focused_root_task: [0,0,320,1,reuseOrNewTask]
12-01 09:04:21.270 1508 6928 I wm_create_task: [0,320]
12-01 09:04:21.270 1508 6928 I wm_create_activity: [0,112992024,320,com.android.deskclock/.DeskClock,android.intent.action.MAIN,NULL,NULL,270532608]
12-01 09:04:21.270 1508 6928 I wm_task_moved: [320,1,9]
12-01 09:04:21.271 29377 29377 I wm_on_start_called: [8074883,com.android.gallery3d.app.GalleryActivity,handleStartActivity]
12-01 09:04:21.272 29377 29377 I wm_on_resume_called: [8074883,com.android.gallery3d.app.GalleryActivity,RESUME_ACTIVITY]
12-01 09:04:21.275 1508 1637 I input_focus: [Focus request e9e80a1 com.android.launcher3/com.android.launcher3.uioverrides.QuickstepLauncher,reason=UpdateInputWindows]
12-01 09:04:21.278 29377 29377 I wm_on_top_resumed_gained_called: [8074883,com.android.gallery3d.app.GalleryActivity,topStateChangedWhenResumed]
12-01 09:04:21.279 29377 29377 I wm_on_top_resumed_lost_called: [8074883,com.android.gallery3d.app.GalleryActivity,topStateChangedWhenResumed]
12-01 09:04:21.281 29377 29377 I wm_on_paused_called: [8074883,com.android.gallery3d.app.GalleryActivity,performPause]
12-01 09:04:21.282 1508 9856 I wm_add_to_stopping: [0,8074883,com.android.gallery3d/.app.GalleryActivity,completeFinishing]
12-01 09:04:21.286 1508 9856 I wm_restart_activity: [0,112992024,320,com.android.deskclock/.DeskClock]
12-01 09:04:21.289 1508 9856 I wm_set_resumed_activity: [0,com.android.deskclock/.DeskClock,minimalResumeActivityLocked]
12-01 09:04:21.298 1508 1636 I wm_destroy_activity: [0,8074883,319,com.android.gallery3d/.app.GalleryActivity,finish-imm:idle]
12-01 09:04:21.306 1508 1636 I sysui_multi_action: [757,803,799,window_time_0,802,13]
12-01 09:04:21.320 1508 1647 I am_pss : [29766,10061,com.android.soundrecorder,5672960,3821568,0,88502272,0,19,6]
12-01 09:04:21.333 1508 8053 I wm_task_moved: [320,1,9]
12-01 09:04:21.334 1508 8053 I wm_set_resumed_activity: [0,com.android.deskclock/.DeskClock,positionChildAt]
12-01 09:04:21.334 1508 8053 I wm_create_activity: [0,227666734,320,com.android.permissioncontroller/.permission.ui.GrantPermissionsActivity,android.content.pm.action.REQUEST_PERMISSIONS,NULL,NULL,8388608]
12-01 09:04:21.336 1508 8053 I wm_pause_activity: [0,112992024,com.android.deskclock/.DeskClock,userLeaving=true,resumeTopActivityInnerLocked]
12-01 09:04:21.348 29053 29053 I wm_on_create_called: [112992024,com.android.deskclock.DeskClock,performCreate]
12-01 09:04:21.349 29053 29053 I wm_on_start_called: [112992024,com.android.deskclock.DeskClock,handleStartActivity]
12-01 09:04:21.349 29053 29053 I wm_on_resume_called: [112992024,com.android.deskclock.DeskClock,RESUME_ACTIVITY]
12-01 09:04:21.351 29053 29053 I wm_on_top_resumed_gained_called: [112992024,com.android.deskclock.DeskClock,topStateChangedWhenResumed]
12-01 09:04:21.351 29053 29053 I wm_on_top_resumed_lost_called: [112992024,com.android.deskclock.DeskClock,topStateChangedWhenResumed]
12-01 09:04:21.351 29053 29053 I wm_on_paused_called: [112992024,com.android.deskclock.DeskClock,performPause]
12-01 09:04:21.353 1508 6928 I wm_restart_activity: [0,227666734,320,com.android.permissioncontroller/.permission.ui.GrantPermissionsActivity]
12-01 09:04:21.353 1508 6928 I wm_set_resumed_activity: [0,com.android.permissioncontroller/.permission.ui.GrantPermissionsActivity,minimalResumeActivityLocked]
12-01 09:04:21.354 1508 1636 I sysui_multi_action: [757,803,799,window_time_2,802,0]
12-01 09:04:21.363 29601 29601 I wm_on_create_called: [227666734,com.android.permissioncontroller.permission.ui.GrantPermissionsActivity,performCreate]
12-01 09:04:21.364 29601 29601 I wm_on_start_called: [227666734,com.android.permissioncontroller.permission.ui.GrantPermissionsActivity,handleStartActivity]
12-01 09:04:21.364 29601 29601 I wm_on_resume_called: [227666734,com.android.permissioncontroller.permission.ui.GrantPermissionsActivity,RESUME_ACTIVITY]
12-01 09:04:21.366 29601 29601 I wm_on_top_resumed_gained_called: [227666734,com.android.permissioncontroller.permission.ui.GrantPermissionsActivity,topStateChangedWhenResumed]
12-01 09:04:21.369 29377 29377 I wm_on_stop_called: [8074883,com.android.gallery3d.app.GalleryActivity,LIFECYCLER_STOP_ACTIVITY]
12-01 09:04:21.372 1508 1637 I input_focus: [Focus request 1817e48 com.android.permissioncontroller/com.android.permissioncontroller.permission.ui.GrantPermissionsActivity,reason=UpdateInputWindows]
12-01 09:04:21.376 1508 8059 I wm_finish_activity: [0,227666734,320,com.android.permissioncontroller/.permission.ui.GrantPermissionsActivity,app-request]
12-01 09:04:21.376 1508 8059 I wm_pause_activity: [0,227666734,com.android.permissioncontroller/.permission.ui.GrantPermissionsActivity,userLeaving=false,finish]
12-01 09:04:21.383 29377 29377 I wm_on_destroy_called: [8074883,com.android.gallery3d.app.GalleryActivity,performDestroy]
12-01 09:04:21.385 29601 29601 I wm_on_top_resumed_lost_called: [227666734,com.android.permissioncontroller.permission.ui.GrantPermissionsActivity,topStateChangedWhenResumed]
12-01 09:04:21.386 29601 29601 I wm_on_paused_called: [227666734,com.android.permissioncontroller.permission.ui.GrantPermissionsActivity,performPause]
12-01 09:04:21.386 1508 6928 I wm_add_to_stopping: [0,227666734,com.android.permissioncontroller/.permission.ui.GrantPermissionsActivity,completeFinishing]
12-01 09:04:21.387 1508 2005 I input_focus: [Focus leaving e9e80a1 com.android.launcher3/com.android.launcher3.uioverrides.QuickstepLauncher (server),reason=Waiting for window because NOT_VISIBLE]
12-01 09:04:21.388 1508 6928 I wm_set_resumed_activity: [0,com.android.deskclock/.DeskClock,resumeTopActivityInnerLocked]
12-01 09:04:21.389 1508 6928 I wm_resume_activity: [0,112992024,320,com.android.deskclock/.DeskClock]
12-01 09:04:21.397 1508 9856 I wm_task_removed: [319,removeChild:removeChild last r=ActivityRecord{7b3683 u0 com.android.gallery3d/.app.GalleryActivity t-1 f}} in t=Task{6c96932 #319 type=standard A=10064:com.android.gallery3d U=0 visible=false mode=freeform translucent=true sz=0}]
12-01 09:04:21.397 1508 9856 I wm_task_removed: [319,removeChild]
12-01 09:04:21.397 1508 1636 I sysui_multi_action: [757,803,799,window_time_2,802,0]
12-01 09:04:21.402 1508 1637 I input_focus: [Focus request b4b385c com.android.deskclock/com.android.deskclock.DeskClock,reason=UpdateInputWindows]
12-01 09:04:21.433 29053 29053 I wm_on_activity_result_called: [112992024,com.android.deskclock.DeskClock,ACTIVITY_RESULT]
12-01 09:04:21.433 29053 29053 I wm_on_resume_called: [112992024,com.android.deskclock.DeskClock,RESUME_ACTIVITY]
12-01 09:04:21.434 29053 29053 I wm_on_top_resumed_gained_called: [112992024,com.android.deskclock.DeskClock,topWhenResuming]
12-01 09:04:21.436 1508 2005 I input_focus: [Focus entering b4b385c com.android.deskclock/com.android.deskclock.DeskClock (server),reason=Window became focusable. Previous reason: NOT_VISIBLE]
12-01 09:04:21.708 1508 1636 I wm_destroy_activity: [0,227666734,320,com.android.permissioncontroller/.permission.ui.GrantPermissionsActivity,finish-imm:idle]
12-01 09:04:21.711 29601 29601 I wm_on_stop_called: [227666734,com.android.permissioncontroller.permission.ui.GrantPermissionsActivity,LIFECYCLER_STOP_ACTIVITY]
12-01 09:04:21.712 29601 29601 I wm_on_destroy_called: [227666734,com.android.permissioncontroller.permission.ui.GrantPermissionsActivity,performDestroy]
12-01 09:04:22.351 352 352 I auditd : type=1400 audit(0.0:20014): avc: denied { kill } for comm="irq/382-atmel_m" capability=5 scontext=u:r:kernel:s0 tcontext=u:r:kernel:s0 tclass=capability permissive=0
12-01 09:04:22.721 2822 2822 I view_enqueue_input_event: [Motion - Cancel,com.android.launcher3/com.android.launcher3.uioverrides.QuickstepLauncher]
12-01 09:04:22.725 1508 2005 I input_interaction: Interaction with: edge-swipe (server), swipe-up (server), PointerEventDispatcher0 (server),
12-01 09:04:22.955 1508 9856 I wm_task_moved: [1,1,8]
12-01 09:04:22.957 1508 9856 I wm_set_resumed_activity: [0,com.android.launcher3/.uioverrides.QuickstepLauncher,positionChildAt]
12-01 09:04:22.957 29053 29053 I wm_on_top_resumed_lost_called: [112992024,com.android.deskclock.DeskClock,topStateChangedWhenResumed]
12-01 09:04:22.957 1508 9856 I wm_task_moved: [10,1,2147483647]
12-01 09:04:22.957 1508 9856 I wm_task_to_front: [0,10]
12-01 09:04:22.958 1508 9856 I wm_focused_root_task: [0,0,1,320,bringingFoundTaskToFront]
12-01 09:04:22.958 1508 9856 I wm_set_resumed_activity: [0,com.android.launcher3/.uioverrides.QuickstepLauncher,bringingFoundTaskToFront]
12-01 09:04:22.958 1508 9856 I wm_new_intent: [0,103113767,10,com.android.launcher3/.uioverrides.QuickstepLauncher,android.intent.action.MAIN,NULL,NULL,268435712]
12-01 09:04:22.959 1508 9856 I wm_task_moved: [1,1,8]
12-01 09:04:22.959 1508 9856 I wm_set_resumed_activity: [0,com.android.launcher3/.uioverrides.QuickstepLauncher,positionChildAt]
12-01 09:04:22.965 1508 1637 I input_focus: [Focus request e9e80a1 com.android.launcher3/com.android.launcher3.uioverrides.QuickstepLauncher,reason=UpdateInputWindows]
12-01 09:04:22.966 2822 2822 I wm_on_paused_called: [103113767,com.android.launcher3.uioverrides.QuickstepLauncher,performPause]
12-01 09:04:22.968 2822 2822 I wm_on_resume_called: [103113767,com.android.launcher3.uioverrides.QuickstepLauncher,LIFECYCLER_RESUME_ACTIVITY]
12-01 09:04:22.970 2822 2822 I wm_on_top_resumed_gained_called: [103113767,com.android.launcher3.uioverrides.QuickstepLauncher,topStateChangedWhenResumed]
12-01 09:04:22.991 1508 2005 I input_focus: [Focus leaving b4b385c com.android.deskclock/com.android.deskclock.DeskClock (server),reason=setFocusedWindow]
12-01 09:04:22.991 1508 2005 I input_focus: [Focus entering e9e80a1 com.android.launcher3/com.android.launcher3.uioverrides.QuickstepLauncher (server),reason=setFocusedWindow]
12-01 09:04:23.233 1508 2005 I input_interaction: Interaction with: e9e80a1 com.android.launcher3/com.android.launcher3.uioverrides.QuickstepLauncher (server), 5ecd4a7 com.android.systemui.ImageWallpaper (server), edge-swipe (server), swipe-up (server), PointerEventDispatcher0 (server),
12-01 09:04:23.297 2822 2822 I view_enqueue_input_event: [Motion - Cancel,com.android.launcher3/com.android.launcher3.uioverrides.QuickstepLauncher]
12-01 09:04:23.300 1508 2005 I input_interaction: Interaction with: edge-swipe (server), swipe-up (server), PointerEventDispatcher0 (server),
12-01 09:04:23.351 0 0 I auditd : type=1400 audit(0.0:20015): avc: denied { kill } for comm="swapper/0" capability=5 scontext=u:r:kernel:s0 tcontext=u:r:kernel:s0 tclass=capability permissive=0
12-01 09:04:23.489 1508 1754 I commit_sys_config_file: [settings-1-0,5]
12-01 09:04:23.828 1508 1754 I commit_sys_config_file: [settings-1-0,5]
12-01 09:04:24.093 1508 2005 I input_interaction: Interaction with: e9e80a1 com.android.launcher3/com.android.launcher3.uioverrides.QuickstepLauncher (server), 5ecd4a7 com.android.systemui.ImageWallpaper (server), edge-swipe (server), swipe-up (server), PointerEventDispatcher0 (server),
12-01 09:04:24.130 2822 2822 I view_enqueue_input_event: [Motion - Cancel,com.android.launcher3/com.android.launcher3.uioverrides.QuickstepLauncher]
12-01 09:04:24.133 1508 2005 I input_interaction: Interaction with: edge-swipe (server), swipe-up (server), PointerEventDispatcher0 (server),
12-01 09:04:24.316 1508 1754 I commit_sys_config_file: [settings-1-0,6]
12-01 09:04:24.351 647 647 I auditd : type=1400 audit(0.0:20016): avc: denied { kill } for comm="vendor.ts.uart@" capability=5 scontext=u:r:uart_service_deamon:s0 tcontext=u:r:uart_service_deamon:s0 tclass=capability permissive=0
12-01 09:04:24.634 1508 1754 I commit_sys_config_file: [settings-1-0,6]
12-01 09:04:24.743 1508 6436 I wm_finish_activity: [0,112992024,320,com.android.deskclock/.DeskClock,app-request]
12-01 09:04:24.761 1508 6436 I wm_pause_activity: [0,112992024,com.android.deskclock/.DeskClock,userLeaving=false,finish]
12-01 09:04:24.763 29053 29053 I wm_on_paused_called: [112992024,com.android.deskclock.DeskClock,performPause]
12-01 09:04:24.768 1508 6993 I wm_destroy_activity: [0,112992024,320,com.android.deskclock/.DeskClock,finish-imm:completePausedLocked]
12-01 09:04:24.790 29053 29053 I wm_on_stop_called: [112992024,com.android.deskclock.DeskClock,LIFECYCLER_STOP_ACTIVITY]
12-01 09:04:24.797 29053 29053 I wm_on_destroy_called: [112992024,com.android.deskclock.DeskClock,performDestroy]
12-01 09:04:24.803 1508 1636 I sysui_multi_action: [757,803,799,window_time_2,802,4]
12-01 09:04:25.059 1508 1637 I wm_task_removed: [320,removeChild:removeChild last r=ActivityRecord{6bc1f18 u0 com.android.deskclock/.DeskClock t-1 f}} in t=Task{b11a6f5 #320 type=standard A=10065:com.android.deskclock U=0 visible=false mode=freeform translucent=true sz=0}]
12-01 09:04:25.060 1508 1637 I wm_task_removed: [320,removeChild]
12-01 09:04:25.351 0 0 I auditd : type=1400 audit(0.0:20017): avc: denied { kill } for comm="swapper/0" capability=5 scontext=u:r:kernel:s0 tcontext=u:r:kernel:s0 tclass=capability permissive=0
12-01 09:04:25.743 1508 2005 I input_interaction: Interaction with: e9e80a1 com.android.launcher3/com.android.launcher3.uioverrides.QuickstepLauncher (server), 5ecd4a7 com.android.systemui.ImageWallpaper (server), edge-swipe (server), swipe-up (server), PointerEventDispatcher0 (server),
12-01 09:04:25.748 1508 1508 I service_manager_stats: [100,70,30452]
12-01 09:04:25.853 1508 8059 I wm_task_moved: [1,1,7]
12-01 09:04:25.853 1508 8059 I wm_set_resumed_activity: [0,com.android.launcher3/.uioverrides.QuickstepLauncher,positionChildAt]
12-01 09:04:25.853 1508 8059 I wm_task_moved: [316,1,7]
12-01 09:04:25.854 1508 8059 I wm_task_to_front: [0,316]
12-01 09:04:25.854 1508 8059 I wm_focused_root_task: [0,0,316,1,moveTaskToFront findTaskToMoveToFront]
12-01 09:04:25.855 1508 8059 I wm_set_resumed_activity: [0,com.android.music/.VideoBrowserActivity,moveTaskToFront findTaskToMoveToFront]
12-01 09:04:25.856 1508 8059 I wm_set_resumed_activity: [0,com.android.music/.VideoBrowserActivity,resumeTopActivityInnerLocked]
12-01 09:04:25.857 1508 8059 I wm_relaunch_resume_activity: [0,87208756,316,com.android.music/.VideoBrowserActivity]
12-01 09:04:25.866 2822 2822 I wm_on_top_resumed_lost_called: [103113767,com.android.launcher3.uioverrides.QuickstepLauncher,topStateChangedWhenResumed]
12-01 09:04:25.871 29140 29140 I wm_on_restart_called: [87208756,com.android.music.VideoBrowserActivity,performRestartActivity]
12-01 09:04:25.871 29140 29140 I wm_on_start_called: [87208756,com.android.music.VideoBrowserActivity,handleStartActivity]
12-01 09:04:25.872 29140 29140 I wm_on_stop_called: [87208756,com.android.music.VideoBrowserActivity,handleRelaunchActivity]
12-01 09:04:25.873 29140 29140 I wm_on_destroy_called: [87208756,com.android.music.VideoBrowserActivity,performDestroy]
12-01 09:04:25.916 29140 29140 I wm_on_create_called: [87208756,com.android.music.VideoBrowserActivity,performCreate]
12-01 09:04:25.917 29140 29140 I wm_on_start_called: [87208756,com.android.music.VideoBrowserActivity,handleStartActivity]
12-01 09:04:25.918 29140 29140 I wm_on_resume_called: [87208756,com.android.music.VideoBrowserActivity,RESUME_ACTIVITY]
12-01 09:04:25.920 29140 29140 I wm_on_top_resumed_gained_called: [87208756,com.android.music.VideoBrowserActivity,topStateChangedWhenResumed]
12-01 09:04:25.927 1508 1637 I input_focus: [Focus request fac86b2 com.android.music/com.android.music.VideoBrowserActivity,reason=UpdateInputWindows]
12-01 09:04:25.945 1508 1633 I sysui_multi_action: [319,83,322,83,325,18684,757,761,758,9,759,2,806,com.android.music,871,com.android.music.VideoBrowserActivity,904,com.android.launcher3,905,0,1320,8,1321,5]
12-01 09:04:25.948 1508 2005 I input_focus: [Focus leaving e9e80a1 com.android.launcher3/com.android.launcher3.uioverrides.QuickstepLauncher (server),reason=setFocusedWindow]
12-01 09:04:25.948 1508 2005 I input_focus: [Focus entering fac86b2 com.android.music/com.android.music.VideoBrowserActivity (server),reason=setFocusedWindow]
12-01 09:04:26.351 0 0 I auditd : type=1400 audit(0.0:20018): avc: denied { kill } for comm="swapper/0" capability=5 scontext=u:r:kernel:s0 tcontext=u:r:kernel:s0 tclass=capability permissive=0
12-01 09:04:27.351 352 352 I auditd : type=1400 audit(0.0:20019): avc: denied { kill } for comm="irq/382-atmel_m" capability=5 scontext=u:r:kernel:s0 tcontext=u:r:kernel:s0 tclass=capability permissive=0
12-01 09:04:27.401 1508 2005 I input_interaction: Interaction with: fac86b2 com.android.music/com.android.music.VideoBrowserActivity (server), edge-swipe (server), swipe-up (server), PointerEventDispatcher0 (server),
12-01 09:04:28.351 0 0 I auditd : type=1400 audit(0.0:20020): avc: denied { kill } for comm="swapper/0" capability=5 scontext=u:r:kernel:s0 tcontext=u:r:kernel:s0 tclass=capability permissive=0
12-01 09:04:28.543 1508 2005 I input_interaction: Interaction with: beea6f9 StatusBar (server), edge-swipe (server), swipe-up (server), PointerEventDispatcher0 (server),
12-01 09:04:28.545 1508 2005 I input_interaction: Interaction with: beea6f9 StatusBar (server), fac86b2 com.android.music/com.android.music.VideoBrowserActivity (server), edge-swipe (server), swipe-up (server), PointerEventDispatcher0 (server),
12-01 09:04:28.551 18856 18856 I sysui_multi_action: [757,803,799,panel_open,802,1]
12-01 09:04:28.552 18856 18856 I sysui_multi_action: [757,1328,758,4,1326,22,1327,6,1329,0]
12-01 09:04:28.696 1508 8059 I sysui_multi_action: [757,127,758,1]
12-01 09:04:28.696 1508 8059 I sysui_multi_action: [757,804,799,note_load,801,2,802,1]
12-01 09:04:28.696 1508 8059 I notification_panel_revealed: 2
12-01 09:04:28.701 18856 18856 I sysui_multi_action: [757,111,758,2]
12-01 09:04:28.701 18856 18856 I sysui_multi_action: [757,111,758,2]
12-01 09:04:28.701 1508 1508 I notification_enqueue: [10082,18856,com.android.systemui,2048,NULL,0,Notification(channel=updateNotification shortcut=null contentView=null vibrate=null sound=null defaults=0x0 flags=0x0 color=0x00000000 vis=PRIVATE),1]
12-01 09:04:28.717 18856 18856 I sysui_multi_action: [757,111,758,1]
12-01 09:04:28.717 18856 18856 I sysui_multi_action: [757,126,758,1,759,126,927,0,928,1,1593,0]
12-01 09:04:28.717 18856 18856 I sysui_multi_action: [757,113,758,1,759,113,927,1,928,1,1593,0]
12-01 09:04:28.717 18856 18856 I sysui_multi_action: [757,0,758,1,759,0,927,2,928,0,1593,0]
12-01 09:04:28.717 18856 18856 I sysui_multi_action: [757,0,758,1,759,0,927,3,928,0,1593,0]
12-01 09:04:28.718 18856 18856 I sysui_multi_action: [757,491,758,1,759,491,927,4,928,0,1311,-1,1593,0]
12-01 09:04:28.718 18856 18856 I sysui_multi_action: [757,0,758,1,759,0,927,5,928,0,1593,0]
12-01 09:04:28.718 18856 18856 I sysui_multi_action: [757,111,758,1]
12-01 09:04:28.718 18856 18856 I sysui_multi_action: [757,126,758,1,759,126,927,0,928,1,1593,0]
12-01 09:04:28.718 18856 18856 I sysui_multi_action: [757,113,758,1,759,113,927,1,928,1,1593,0]
12-01 09:04:28.719 18856 18856 I sysui_multi_action: [757,0,758,1,759,0,927,2,928,0,1593,0]
12-01 09:04:28.719 18856 18856 I sysui_multi_action: [757,0,758,1,759,0,927,3,928,0,1593,0]
12-01 09:04:28.734 18856 18856 I sysui_multi_action: [757,111,758,2]
12-01 09:04:28.734 1508 1508 I notification_enqueue: [10082,18856,com.android.systemui,2048,NULL,0,Notification(channel=updateNotification shortcut=null contentView=null vibrate=null sound=null defaults=0x0 flags=0x0 color=0x00000000 vis=PRIVATE),1]
12-01 09:04:28.734 18856 18856 I sysui_multi_action: [757,111,758,2]
12-01 09:04:28.740 18856 18856 I sysui_multi_action: [757,111,758,1]
12-01 09:04:28.740 18856 18856 I sysui_multi_action: [757,126,758,1,759,126,927,0,928,1,1593,0]
12-01 09:04:28.740 18856 18856 I sysui_multi_action: [757,113,758,1,759,113,927,1,928,1,1593,0]
12-01 09:04:28.740 18856 18856 I sysui_multi_action: [757,0,758,1,759,0,927,2,928,0,1593,0]
12-01 09:04:28.740 18856 18856 I sysui_multi_action: [757,0,758,1,759,0,927,3,928,0,1593,0]
12-01 09:04:28.740 18856 18856 I sysui_multi_action: [757,491,758,1,759,491,927,4,928,0,1311,-1,1593,0]
12-01 09:04:28.741 18856 18856 I sysui_multi_action: [757,0,758,1,759,0,927,5,928,0,1593,0]
12-01 09:04:28.741 18856 18856 I sysui_multi_action: [757,111,758,1]
12-01 09:04:28.741 18856 18856 I sysui_multi_action: [757,126,758,1,759,126,927,0,928,1,1593,0]
12-01 09:04:28.741 18856 18856 I sysui_multi_action: [757,113,758,1,759,113,927,1,928,1,1593,0]
12-01 09:04:28.741 18856 18856 I sysui_multi_action: [757,0,758,1,759,0,927,2,928,0,1593,0]
12-01 09:04:28.741 18856 18856 I sysui_multi_action: [757,0,758,1,759,0,927,3,928,0,1593,0]
12-01 09:04:28.763 18856 18856 I sysui_multi_action: [757,111,758,2]
12-01 09:04:28.763 18856 18856 I sysui_multi_action: [757,111,758,2]
12-01 09:04:28.763 1508 1508 I notification_enqueue: [10082,18856,com.android.systemui,2048,NULL,0,Notification(channel=updateNotification shortcut=null contentView=null vibrate=null sound=null defaults=0x0 flags=0x0 color=0x00000000 vis=PRIVATE),1]
12-01 09:04:28.767 18856 18856 I sysui_multi_action: [757,111,758,1]
12-01 09:04:28.767 18856 18856 I sysui_multi_action: [757,126,758,1,759,126,927,0,928,1,1593,0]
12-01 09:04:28.767 18856 18856 I sysui_multi_action: [757,113,758,1,759,113,927,1,928,1,1593,0]
12-01 09:04:28.767 18856 18856 I sysui_multi_action: [757,0,758,1,759,0,927,2,928,0,1593,0]
12-01 09:04:28.767 18856 18856 I sysui_multi_action: [757,0,758,1,759,0,927,3,928,0,1593,0]
12-01 09:04:28.767 18856 18856 I sysui_multi_action: [757,491,758,1,759,491,927,4,928,0,1311,-1,1593,0]
12-01 09:04:28.767 18856 18856 I sysui_multi_action: [757,0,758,1,759,0,927,5,928,0,1593,0]
12-01 09:04:28.768 18856 18856 I sysui_multi_action: [757,111,758,1]
12-01 09:04:28.768 18856 18856 I sysui_multi_action: [757,126,758,1,759,126,927,0,928,1,1593,0]
12-01 09:04:28.768 18856 18856 I sysui_multi_action: [757,113,758,1,759,113,927,1,928,1,1593,0]
12-01 09:04:28.768 18856 18856 I sysui_multi_action: [757,0,758,1,759,0,927,2,928,0,1593,0]
12-01 09:04:28.768 18856 18856 I sysui_multi_action: [757,0,758,1,759,0,927,3,928,0,1593,0]
12-01 09:04:28.777 18856 18856 I sysui_multi_action: [757,111,758,2]
12-01 09:04:28.777 1508 1508 I notification_enqueue: [10082,18856,com.android.systemui,2048,NULL,0,Notification(channel=updateNotification shortcut=null contentView=null vibrate=null sound=null defaults=0x0 flags=0x0 color=0x00000000 vis=PRIVATE),1]
12-01 09:04:28.777 18856 18856 I sysui_multi_action: [757,111,758,2]
12-01 09:04:28.781 18856 18856 I sysui_multi_action: [757,111,758,1]
12-01 09:04:28.781 18856 18856 I sysui_multi_action: [757,126,758,1,759,126,927,0,928,1,1593,0]
12-01 09:04:28.781 18856 18856 I sysui_multi_action: [757,113,758,1,759,113,927,1,928,1,1593,0]
12-01 09:04:28.781 18856 18856 I sysui_multi_action: [757,0,758,1,759,0,927,2,928,0,1593,0]
12-01 09:04:28.781 18856 18856 I sysui_multi_action: [757,0,758,1,759,0,927,3,928,0,1593,0]
12-01 09:04:28.781 18856 18856 I sysui_multi_action: [757,491,758,1,759,491,927,4,928,0,1311,-1,1593,0]
12-01 09:04:28.781 18856 18856 I sysui_multi_action: [757,0,758,1,759,0,927,5,928,0,1593,0]
12-01 09:04:28.781 18856 18856 I sysui_multi_action: [757,111,758,1]
12-01 09:04:28.782 18856 18856 I sysui_multi_action: [757,126,758,1,759,126,927,0,928,1,1593,0]
12-01 09:04:28.782 18856 18856 I sysui_multi_action: [757,113,758,1,759,113,927,1,928,1,1593,0]
12-01 09:04:28.782 18856 18856 I sysui_multi_action: [757,0,758,1,759,0,927,2,928,0,1593,0]
12-01 09:04:28.782 18856 18856 I sysui_multi_action: [757,0,758,1,759,0,927,3,928,0,1593,0]
12-01 09:04:28.795 18856 18856 I sysui_multi_action: [757,111,758,2]
12-01 09:04:28.795 1508 1508 I notification_enqueue: [10082,18856,com.android.systemui,2048,NULL,0,Notification(channel=updateNotification shortcut=null contentView=null vibrate=null sound=null defaults=0x0 flags=0x0 color=0x00000000 vis=PRIVATE),1]
12-01 09:04:28.795 18856 18856 I sysui_multi_action: [757,111,758,2]
12-01 09:04:28.798 18856 18856 I sysui_multi_action: [757,111,758,1]
12-01 09:04:28.799 18856 18856 I sysui_multi_action: [757,126,758,1,759,126,927,0,928,1,1593,0]
12-01 09:04:28.799 18856 18856 I sysui_multi_action: [757,113,758,1,759,113,927,1,928,1,1593,0]
12-01 09:04:28.799 18856 18856 I sysui_multi_action: [757,0,758,1,759,0,927,2,928,0,1593,0]
12-01 09:04:28.799 18856 18856 I sysui_multi_action: [757,0,758,1,759,0,927,3,928,0,1593,0]
12-01 09:04:28.799 18856 18856 I sysui_multi_action: [757,491,758,1,759,491,927,4,928,0,1311,-1,1593,0]
12-01 09:04:28.799 18856 18856 I sysui_multi_action: [757,0,758,1,759,0,927,5,928,0,1593,0]
12-01 09:04:28.799 18856 18856 I sysui_multi_action: [757,111,758,1]
12-01 09:04:28.799 18856 18856 I sysui_multi_action: [757,126,758,1,759,126,927,0,928,1,1593,0]
12-01 09:04:28.799 18856 18856 I sysui_multi_action: [757,113,758,1,759,113,927,1,928,1,1593,0]
12-01 09:04:28.799 18856 18856 I sysui_multi_action: [757,0,758,1,759,0,927,2,928,0,1593,0]
12-01 09:04:28.800 18856 18856 I sysui_multi_action: [757,0,758,1,759,0,927,3,928,0,1593,0]
12-01 09:04:28.810 18856 18856 I sysui_multi_action: [757,111,758,2]
12-01 09:04:28.810 18856 18856 I sysui_multi_action: [757,111,758,2]
12-01 09:04:28.810 1508 1508 I notification_enqueue: [10082,18856,com.android.systemui,2048,NULL,0,Notification(channel=updateNotification shortcut=null contentView=null vibrate=null sound=null defaults=0x0 flags=0x0 color=0x00000000 vis=PRIVATE),1]
12-01 09:04:28.813 18856 18856 I sysui_multi_action: [757,111,758,1]
