12-01 09:26:57.531 18856 18856 W View : requestLayout() improperly called by android.widget.FrameLayout{27c2644 I.E...... ......ID 0,0-780,179 #2bc} during second layout pass: posting in next frame
12-01 09:26:57.532 18856 18856 W View : requestLayout() improperly called by com.android.systemui.statusbar.AlphaOptimizedImageView{db72b57 VFED..C.. ......ID 0,0-140,23} during second layout pass: posting in next frame
12-01 09:26:57.544 18856 18856 W View : requestLayout() improperly called by android.widget.FrameLayout{27c2644 I.E...... ......ID 0,0-780,179 #2bc} during layout: running second layout pass
12-01 09:26:57.545 18856 18856 W View : requestLayout() improperly called by com.android.systemui.statusbar.AlphaOptimizedImageView{db72b57 VFED..C.. ......ID 0,0-140,23} during layout: running second layout pass
12-01 09:26:57.550 18856 18856 W View : requestLayout() improperly called by android.widget.FrameLayout{27c2644 I.E...... ......ID 0,0-780,179 #2bc} during second layout pass: posting in next frame
12-01 09:26:57.550 18856 18856 W View : requestLayout() improperly called by com.android.systemui.statusbar.AlphaOptimizedImageView{db72b57 VFED..C.. ......ID 0,0-140,23} during second layout pass: posting in next frame
12-01 09:26:57.560 18856 18856 W View : requestLayout() improperly called by android.widget.FrameLayout{27c2644 I.E...... ......ID 0,0-780,179 #2bc} during layout: running second layout pass
12-01 09:26:57.561 18856 18856 W View : requestLayout() improperly called by com.android.systemui.statusbar.AlphaOptimizedImageView{db72b57 VFED..C.. ......ID 0,0-140,23} during layout: running second layout pass
12-01 09:26:57.565 18856 18856 W View : requestLayout() improperly called by android.widget.FrameLayout{27c2644 I.E...... ......ID 0,0-780,179 #2bc} during second layout pass: posting in next frame
12-01 09:26:57.565 18856 18856 W View : requestLayout() improperly called by com.android.systemui.statusbar.AlphaOptimizedImageView{db72b57 VFED..C.. ......ID 0,0-140,23} during second layout pass: posting in next frame
12-01 09:26:57.575 18856 18856 W View : requestLayout() improperly called by android.widget.FrameLayout{27c2644 I.E...... ......ID 0,0-780,179 #2bc} during layout: running second layout pass
12-01 09:26:57.575 18856 18856 W View : requestLayout() improperly called by com.android.systemui.statusbar.AlphaOptimizedImageView{db72b57 VFED..C.. ......ID 0,0-140,23} during layout: running second layout pass
12-01 09:26:57.578 18856 18856 W View : requestLayout() improperly called by android.widget.FrameLayout{27c2644 I.E...... ......ID 0,0-780,179 #2bc} during second layout pass: posting in next frame
12-01 09:26:57.578 18856 18856 W View : requestLayout() improperly called by com.android.systemui.statusbar.AlphaOptimizedImageView{db72b57 VFED..C.. ......ID 0,0-140,23} during second layout pass: posting in next frame
12-01 09:26:57.591 18856 18856 W View : requestLayout() improperly called by android.widget.FrameLayout{27c2644 I.E...... ......ID 0,0-780,179 #2bc} during layout: running second layout pass
12-01 09:26:57.592 18856 18856 W View : requestLayout() improperly called by com.android.systemui.statusbar.AlphaOptimizedImageView{db72b57 VFED..C.. ......ID 0,0-140,23} during layout: running second layout pass
12-01 09:26:57.594 18856 18856 W View : requestLayout() improperly called by android.widget.FrameLayout{27c2644 I.E...... ......ID 0,0-780,179 #2bc} during second layout pass: posting in next frame
12-01 09:26:57.594 18856 18856 W View : requestLayout() improperly called by com.android.systemui.statusbar.AlphaOptimizedImageView{db72b57 VFED..C.. ......ID 0,0-140,23} during second layout pass: posting in next frame
12-01 09:26:57.608 18856 18856 W View : requestLayout() improperly called by android.widget.FrameLayout{27c2644 I.E...... ......ID 0,0-780,179 #2bc} during layout: running second layout pass
12-01 09:26:57.608 18856 18856 W View : requestLayout() improperly called by com.android.systemui.statusbar.AlphaOptimizedImageView{db72b57 VFED..C.. ......ID 0,0-140,23} during layout: running second layout pass
12-01 09:26:57.612 18856 18856 W View : requestLayout() improperly called by android.widget.FrameLayout{27c2644 I.E...... ......ID 0,0-780,179 #2bc} during second layout pass: posting in next frame
12-01 09:26:57.612 18856 18856 W View : requestLayout() improperly called by com.android.systemui.statusbar.AlphaOptimizedImageView{db72b57 VFED..C.. ......ID 0,0-140,23} during second layout pass: posting in next frame
12-01 09:26:57.625 18856 18856 W View : requestLayout() improperly called by android.widget.FrameLayout{27c2644 I.E...... ......ID 0,0-780,179 #2bc} during layout: running second layout pass
12-01 09:26:57.625 18856 18856 W View : requestLayout() improperly called by com.android.systemui.statusbar.AlphaOptimizedImageView{db72b57 VFED..C.. ......ID 0,0-140,23} during layout: running second layout pass
12-01 09:26:57.627 18856 18856 W View : requestLayout() improperly called by android.widget.FrameLayout{27c2644 I.E...... ......ID 0,0-780,179 #2bc} during second layout pass: posting in next frame
12-01 09:26:57.627 18856 18856 W View : requestLayout() improperly called by com.android.systemui.statusbar.AlphaOptimizedImageView{db72b57 VFED..C.. ......ID 0,0-140,23} during second layout pass: posting in next frame
12-01 09:26:57.641 18856 18856 W View : requestLayout() improperly called by android.widget.FrameLayout{27c2644 I.E...... ......ID 0,0-780,179 #2bc} during layout: running second layout pass
12-01 09:26:57.642 18856 18856 W View : requestLayout() improperly called by com.android.systemui.statusbar.AlphaOptimizedImageView{db72b57 VFED..C.. ......ID 0,0-140,23} during layout: running second layout pass
12-01 09:26:57.643 18856 18856 W View : requestLayout() improperly called by android.widget.FrameLayout{27c2644 I.E...... ......ID 0,0-780,179 #2bc} during second layout pass: posting in next frame
12-01 09:26:57.644 18856 18856 W View : requestLayout() improperly called by com.android.systemui.statusbar.AlphaOptimizedImageView{db72b57 VFED..C.. ......ID 0,0-140,23} during second layout pass: posting in next frame
12-01 09:26:57.658 18856 18856 W View : requestLayout() improperly called by android.widget.FrameLayout{27c2644 I.E...... ......ID 0,0-780,179 #2bc} during layout: running second layout pass
12-01 09:26:57.659 18856 18856 W View : requestLayout() improperly called by com.android.systemui.statusbar.AlphaOptimizedImageView{db72b57 VFED..C.. ......ID 0,0-140,23} during layout: running second layout pass
12-01 09:26:57.666 18856 18856 W View : requestLayout() improperly called by android.widget.FrameLayout{27c2644 I.E...... ......ID 0,0-780,179 #2bc} during second layout pass: posting in next frame
12-01 09:26:57.666 18856 18856 W View : requestLayout() improperly called by com.android.systemui.statusbar.AlphaOptimizedImageView{db72b57 VFED..C.. ......ID 0,0-140,23} during second layout pass: posting in next frame
12-01 09:26:57.675 18856 18856 W View : requestLayout() improperly called by android.widget.FrameLayout{27c2644 I.E...... ......ID 0,0-780,179 #2bc} during layout: running second layout pass
12-01 09:26:57.675 18856 18856 W View : requestLayout() improperly called by com.android.systemui.statusbar.AlphaOptimizedImageView{db72b57 VFED..C.. ......ID 0,0-140,23} during layout: running second layout pass
12-01 09:26:57.678 18856 18856 W View : requestLayout() improperly called by android.widget.FrameLayout{27c2644 I.E...... ......ID 0,0-780,179 #2bc} during second layout pass: posting in next frame
12-01 09:26:57.678 18856 18856 W View : requestLayout() improperly called by com.android.systemui.statusbar.AlphaOptimizedImageView{db72b57 VFED..C.. ......ID 0,0-140,23} during second layout pass: posting in next frame
12-01 09:26:57.692 18856 18856 W View : requestLayout() improperly called by android.widget.FrameLayout{27c2644 I.E...... ......ID 0,0-780,179 #2bc} during layout: running second layout pass
12-01 09:26:57.692 18856 18856 W View : requestLayout() improperly called by com.android.systemui.statusbar.AlphaOptimizedImageView{db72b57 VFED..C.. ......ID 0,0-140,23} during layout: running second layout pass
12-01 09:26:57.695 18856 18856 W View : requestLayout() improperly called by android.widget.FrameLayout{27c2644 I.E...... ......ID 0,0-780,179 #2bc} during second layout pass: posting in next frame
12-01 09:26:57.695 18856 18856 W View : requestLayout() improperly called by com.android.systemui.statusbar.AlphaOptimizedImageView{db72b57 VFED..C.. ......ID 0,0-140,23} during second layout pass: posting in next frame
12-01 09:26:57.711 18856 18856 W View : requestLayout() improperly called by android.widget.FrameLayout{27c2644 I.E...... ......ID 0,0-780,179 #2bc} during layout: running second layout pass
12-01 09:26:57.711 18856 18856 W View : requestLayout() improperly called by com.android.systemui.statusbar.AlphaOptimizedImageView{db72b57 VFED..C.. ......ID 0,0-140,23} during layout: running second layout pass
12-01 09:26:57.718 18856 18856 W View : requestLayout() improperly called by android.widget.FrameLayout{27c2644 I.E...... ......ID 0,0-780,179 #2bc} during second layout pass: posting in next frame
12-01 09:26:57.718 18856 18856 W View : requestLayout() improperly called by com.android.systemui.statusbar.AlphaOptimizedImageView{db72b57 VFED..C.. ......ID 0,0-140,23} during second layout pass: posting in next frame
12-01 09:26:57.725 18856 18856 W View : requestLayout() improperly called by android.widget.FrameLayout{27c2644 I.E...... ......ID 0,0-780,179 #2bc} during layout: running second layout pass
12-01 09:26:57.725 18856 18856 W View : requestLayout() improperly called by com.android.systemui.statusbar.AlphaOptimizedImageView{db72b57 VFED..C.. ......ID 0,0-140,23} during layout: running second layout pass
12-01 09:26:57.729 18856 18856 W View : requestLayout() improperly called by android.widget.FrameLayout{27c2644 I.E...... ......ID 0,0-780,179 #2bc} during second layout pass: posting in next frame
12-01 09:26:57.729 18856 18856 W View : requestLayout() improperly called by com.android.systemui.statusbar.AlphaOptimizedImageView{db72b57 VFED..C.. ......ID 0,0-140,23} during second layout pass: posting in next frame
12-01 09:26:57.744 18856 18856 W View : requestLayout() improperly called by android.widget.FrameLayout{27c2644 I.E...... ......ID 0,0-780,179 #2bc} during layout: running second layout pass
12-01 09:26:57.744 18856 18856 W View : requestLayout() improperly called by com.android.systemui.statusbar.AlphaOptimizedImageView{db72b57 VFED..C.. ......ID 0,0-140,23} during layout: running second layout pass
12-01 09:26:57.748 18856 18856 W View : requestLayout() improperly called by android.widget.FrameLayout{27c2644 I.E...... ......ID 0,0-780,179 #2bc} during second layout pass: posting in next frame
12-01 09:26:57.748 18856 18856 W View : requestLayout() improperly called by com.android.systemui.statusbar.AlphaOptimizedImageView{db72b57 VFED..C.. ......ID 0,0-140,23} during second layout pass: posting in next frame
12-01 09:26:57.759 18856 18856 W View : requestLayout() improperly called by android.widget.FrameLayout{27c2644 I.E...... ......ID 0,0-780,179 #2bc} during layout: running second layout pass
12-01 09:26:57.759 18856 18856 W View : requestLayout() improperly called by com.android.systemui.statusbar.AlphaOptimizedImageView{db72b57 VFED..C.. ......ID 0,0-140,23} during layout: running second layout pass
12-01 09:26:57.766 18856 18856 W View : requestLayout() improperly called by android.widget.FrameLayout{27c2644 I.E...... ......ID 0,0-780,179 #2bc} during second layout pass: posting in next frame
12-01 09:26:57.766 18856 18856 W View : requestLayout() improperly called by com.android.systemui.statusbar.AlphaOptimizedImageView{db72b57 VFED..C.. ......ID 0,0-140,23} during second layout pass: posting in next frame
12-01 09:26:57.775 18856 18856 W View : requestLayout() improperly called by android.widget.FrameLayout{27c2644 I.E...... ......ID 0,0-780,179 #2bc} during layout: running second layout pass
12-01 09:26:57.775 18856 18856 W View : requestLayout() improperly called by com.android.systemui.statusbar.AlphaOptimizedImageView{db72b57 VFED..C.. ......ID 0,0-140,23} during layout: running second layout pass
12-01 09:26:57.785 18856 18856 W View : requestLayout() improperly called by android.widget.FrameLayout{27c2644 I.E...... ......ID 0,0-780,179 #2bc} during second layout pass: posting in next frame
12-01 09:26:57.785 18856 18856 W View : requestLayout() improperly called by com.android.systemui.statusbar.AlphaOptimizedImageView{db72b57 VFED..C.. ......ID 0,0-140,23} during second layout pass: posting in next frame
12-01 09:26:57.793 18856 18856 W View : requestLayout() improperly called by android.widget.FrameLayout{27c2644 I.E...... ......ID 0,0-780,179 #2bc} during layout: running second layout pass
12-01 09:26:57.793 18856 18856 W View : requestLayout() improperly called by com.android.systemui.statusbar.AlphaOptimizedImageView{db72b57 VFED..C.. ......ID 0,0-140,23} during layout: running second layout pass
12-01 09:26:57.796 18856 18856 W View : requestLayout() improperly called by android.widget.FrameLayout{27c2644 I.E...... ......ID 0,0-780,179 #2bc} during second layout pass: posting in next frame
12-01 09:26:57.796 18856 18856 W View : requestLayout() improperly called by com.android.systemui.statusbar.AlphaOptimizedImageView{db72b57 VFED..C.. ......ID 0,0-140,23} during second layout pass: posting in next frame
12-01 09:26:57.809 18856 18856 W View : requestLayout() improperly called by android.widget.FrameLayout{27c2644 I.E...... ......ID 0,0-780,179 #2bc} during layout: running second layout pass
12-01 09:26:57.809 18856 18856 W View : requestLayout() improperly called by com.android.systemui.statusbar.AlphaOptimizedImageView{db72b57 VFED..C.. ......ID 0,0-140,23} during layout: running second layout pass
12-01 09:26:57.811 18856 18856 W View : requestLayout() improperly called by android.widget.FrameLayout{27c2644 I.E...... ......ID 0,0-780,179 #2bc} during second layout pass: posting in next frame
12-01 09:26:57.811 18856 18856 W View : requestLayout() improperly called by com.android.systemui.statusbar.AlphaOptimizedImageView{db72b57 VFED..C.. ......ID 0,0-140,23} during second layout pass: posting in next frame
12-01 09:26:57.827 18856 18856 W View : requestLayout() improperly called by android.widget.FrameLayout{27c2644 I.E...... ......ID 0,0-780,179 #2bc} during layout: running second layout pass
12-01 09:26:57.827 18856 18856 W View : requestLayout() improperly called by com.android.systemui.statusbar.AlphaOptimizedImageView{db72b57 VFED..C.. ......ID 0,0-140,23} during layout: running second layout pass
12-01 09:26:57.832 18856 18856 W View : requestLayout() improperly called by android.widget.FrameLayout{27c2644 I.E...... ......ID 0,0-780,179 #2bc} during second layout pass: posting in next frame
12-01 09:26:57.833 18856 18856 W View : requestLayout() improperly called by com.android.systemui.statusbar.AlphaOptimizedImageView{db72b57 VFED..C.. ......ID 0,0-140,23} during second layout pass: posting in next frame
12-01 09:26:57.845 18856 18856 W View : requestLayout() improperly called by android.widget.FrameLayout{27c2644 I.E...... ......ID 0,0-780,179 #2bc} during layout: running second layout pass
12-01 09:26:57.845 18856 18856 W View : requestLayout() improperly called by com.android.systemui.statusbar.AlphaOptimizedImageView{db72b57 VFED..C.. ......ID 0,0-140,23} during layout: running second layout pass
12-01 09:26:57.849 18856 18856 W View : requestLayout() improperly called by android.widget.FrameLayout{27c2644 I.E...... ......ID 0,0-780,179 #2bc} during second layout pass: posting in next frame
12-01 09:26:57.849 18856 18856 W View : requestLayout() improperly called by com.android.systemui.statusbar.AlphaOptimizedImageView{db72b57 VFED..C.. ......ID 0,0-140,23} during second layout pass: posting in next frame
12-01 09:26:57.861 18856 18856 W View : requestLayout() improperly called by android.widget.FrameLayout{27c2644 I.E...... ......ID 0,0-780,179 #2bc} during layout: running second layout pass
12-01 09:26:57.862 18856 18856 W View : requestLayout() improperly called by com.android.systemui.statusbar.AlphaOptimizedImageView{db72b57 VFED..C.. ......ID 0,0-140,23} during layout: running second layout pass
12-01 09:26:57.866 18856 18856 W View : requestLayout() improperly called by android.widget.FrameLayout{27c2644 I.E...... ......ID 0,0-780,179 #2bc} during second layout pass: posting in next frame
12-01 09:26:57.866 18856 18856 W View : requestLayout() improperly called by com.android.systemui.statusbar.AlphaOptimizedImageView{db72b57 VFED..C.. ......ID 0,0-140,23} during second layout pass: posting in next frame
12-01 09:26:57.876 18856 18856 W View : requestLayout() improperly called by android.widget.FrameLayout{27c2644 I.E...... ......ID 0,0-780,179 #2bc} during layout: running second layout pass
12-01 09:26:57.876 18856 18856 W View : requestLayout() improperly called by com.android.systemui.statusbar.AlphaOptimizedImageView{db72b57 VFED..C.. ......ID 0,0-140,23} during layout: running second layout pass
12-01 09:26:57.879 18856 18856 W View : requestLayout() improperly called by android.widget.FrameLayout{27c2644 I.E...... ......ID 0,0-780,179 #2bc} during second layout pass: posting in next frame
12-01 09:26:57.879 18856 18856 W View : requestLayout() improperly called by com.android.systemui.statusbar.AlphaOptimizedImageView{db72b57 VFED..C.. ......ID 0,0-140,23} during second layout pass: posting in next frame
12-01 09:26:57.894 18856 18856 W View : requestLayout() improperly called by android.widget.FrameLayout{27c2644 I.E...... ......ID 0,0-780,179 #2bc} during layout: running second layout pass
12-01 09:26:57.894 18856 18856 W View : requestLayout() improperly called by com.android.systemui.statusbar.AlphaOptimizedImageView{db72b57 VFED..C.. ......ID 0,0-140,23} during layout: running second layout pass
12-01 09:26:57.898 18856 18856 W View : requestLayout() improperly called by android.widget.FrameLayout{27c2644 I.E...... ......ID 0,0-780,179 #2bc} during second layout pass: posting in next frame
12-01 09:26:57.898 18856 18856 W View : requestLayout() improperly called by com.android.systemui.statusbar.AlphaOptimizedImageView{db72b57 VFED..C.. ......ID 0,0-140,23} during second layout pass: posting in next frame
12-01 09:26:57.911 18856 18856 W View : requestLayout() improperly called by android.widget.FrameLayout{27c2644 I.E...... ......ID 0,0-780,179 #2bc} during layout: running second layout pass
12-01 09:26:57.911 18856 18856 W View : requestLayout() improperly called by com.android.systemui.statusbar.AlphaOptimizedImageView{db72b57 VFED..C.. ......ID 0,0-140,23} during layout: running second layout pass
12-01 09:26:57.916 18856 18856 W View : requestLayout() improperly called by android.widget.FrameLayout{27c2644 I.E...... ......ID 0,0-780,179 #2bc} during second layout pass: posting in next frame
12-01 09:26:57.917 18856 18856 W View : requestLayout() improperly called by com.android.systemui.statusbar.AlphaOptimizedImageView{db72b57 VFED..C.. ......ID 0,0-140,23} during second layout pass: posting in next frame
12-01 09:26:57.927 18856 18856 W View : requestLayout() improperly called by android.widget.FrameLayout{27c2644 I.E...... ......ID 0,0-780,179 #2bc} during layout: running second layout pass
12-01 09:26:57.927 18856 18856 W View : requestLayout() improperly called by com.android.systemui.statusbar.AlphaOptimizedImageView{db72b57 VFED..C.. ......ID 0,0-140,23} during layout: running second layout pass
12-01 09:26:57.929 18856 18856 W View : requestLayout() improperly called by android.widget.FrameLayout{27c2644 I.E...... ......ID 0,0-780,179 #2bc} during second layout pass: posting in next frame
12-01 09:26:57.929 18856 18856 W View : requestLayout() improperly called by com.android.systemui.statusbar.AlphaOptimizedImageView{db72b57 VFED..C.. ......ID 0,0-140,23} during second layout pass: posting in next frame
12-01 09:26:57.944 18856 18856 W View : requestLayout() improperly called by android.widget.FrameLayout{27c2644 I.E...... ......ID 0,0-780,179 #2bc} during layout: running second layout pass
12-01 09:26:57.944 18856 18856 W View : requestLayout() improperly called by com.android.systemui.statusbar.AlphaOptimizedImageView{db72b57 VFED..C.. ......ID 0,0-140,23} during layout: running second layout pass
12-01 09:26:57.947 18856 18856 W View : requestLayout() improperly called by android.widget.FrameLayout{27c2644 I.E...... ......ID 0,0-780,179 #2bc} during second layout pass: posting in next frame
12-01 09:26:57.947 18856 18856 W View : requestLayout() improperly called by com.android.systemui.statusbar.AlphaOptimizedImageView{db72b57 VFED..C.. ......ID 0,0-140,23} during second layout pass: posting in next frame
12-01 09:26:57.961 18856 18856 W View : requestLayout() improperly called by android.widget.FrameLayout{27c2644 I.E...... ......ID 0,0-780,179 #2bc} during layout: running second layout pass
12-01 09:26:57.961 18856 18856 W View : requestLayout() improperly called by com.android.systemui.statusbar.AlphaOptimizedImageView{db72b57 VFED..C.. ......ID 0,0-140,23} during layout: running second layout pass
12-01 09:26:57.965 18856 18856 W View : requestLayout() improperly called by android.widget.FrameLayout{27c2644 I.E...... ......ID 0,0-780,179 #2bc} during second layout pass: posting in next frame
12-01 09:26:57.965 18856 18856 W View : requestLayout() improperly called by com.android.systemui.statusbar.AlphaOptimizedImageView{db72b57 VFED..C.. ......ID 0,0-140,23} during second layout pass: posting in next frame
12-01 09:26:57.978 18856 18856 W View : requestLayout() improperly called by android.widget.FrameLayout{27c2644 I.E...... ......ID 0,0-780,179 #2bc} during layout: running second layout pass
12-01 09:26:57.979 18856 18856 W View : requestLayout() improperly called by com.android.systemui.statusbar.AlphaOptimizedImageView{db72b57 VFED..C.. ......ID 0,0-140,23} during layout: running second layout pass
12-01 09:26:57.981 18856 18856 W View : requestLayout() improperly called by android.widget.FrameLayout{27c2644 I.E...... ......ID 0,0-780,179 #2bc} during second layout pass: posting in next frame
12-01 09:26:57.981 18856 18856 W View : requestLayout() improperly called by com.android.systemui.statusbar.AlphaOptimizedImageView{db72b57 VFED..C.. ......ID 0,0-140,23} during second layout pass: posting in next frame
12-01 09:26:57.993 18856 18856 W View : requestLayout() improperly called by android.widget.FrameLayout{27c2644 I.E...... ......ID 0,0-780,179 #2bc} during layout: running second layout pass
12-01 09:26:57.994 18856 18856 W View : requestLayout() improperly called by com.android.systemui.statusbar.AlphaOptimizedImageView{db72b57 VFED..C.. ......ID 0,0-140,23} during layout: running second layout pass
12-01 09:26:57.997 18856 18856 W View : requestLayout() improperly called by android.widget.FrameLayout{27c2644 I.E...... ......ID 0,0-780,179 #2bc} during second layout pass: posting in next frame
12-01 09:26:57.997 18856 18856 W View : requestLayout() improperly called by com.android.systemui.statusbar.AlphaOptimizedImageView{db72b57 VFED..C.. ......ID 0,0-140,23} during second layout pass: posting in next frame
12-01 09:26:58.012 18856 18856 W View : requestLayout() improperly called by android.widget.FrameLayout{27c2644 I.E...... ......ID 0,0-780,179 #2bc} during layout: running second layout pass
12-01 09:26:58.013 18856 18856 W View : requestLayout() improperly called by com.android.systemui.statusbar.AlphaOptimizedImageView{db72b57 VFED..C.. ......ID 0,0-140,23} during layout: running second layout pass
12-01 09:26:58.017 18856 18856 W View : requestLayout() improperly called by android.widget.FrameLayout{27c2644 I.E...... ......ID 0,0-780,179 #2bc} during second layout pass: posting in next frame
12-01 09:26:58.017 18856 18856 W View : requestLayout() improperly called by com.android.systemui.statusbar.AlphaOptimizedImageView{db72b57 VFED..C.. ......ID 0,0-140,23} during second layout pass: posting in next frame
12-01 09:26:58.027 18856 18856 W View : requestLayout() improperly called by android.widget.FrameLayout{27c2644 I.E...... ......ID 0,0-780,179 #2bc} during layout: running second layout pass
12-01 09:26:58.028 18856 18856 W View : requestLayout() improperly called by com.android.systemui.statusbar.AlphaOptimizedImageView{db72b57 VFED..C.. ......ID 0,0-140,23} during layout: running second layout pass
12-01 09:26:58.032 18856 18856 W View : requestLayout() improperly called by android.widget.FrameLayout{27c2644 I.E...... ......ID 0,0-780,179 #2bc} during second layout pass: posting in next frame
12-01 09:26:58.032 18856 18856 W View : requestLayout() improperly called by com.android.systemui.statusbar.AlphaOptimizedImageView{db72b57 VFED..C.. ......ID 0,0-140,23} during second layout pass: posting in next frame
12-01 09:26:58.045 18856 18856 W View : requestLayout() improperly called by android.widget.FrameLayout{27c2644 I.E...... ......ID 0,0-780,179 #2bc} during layout: running second layout pass
12-01 09:26:58.045 18856 18856 W View : requestLayout() improperly called by com.android.systemui.statusbar.AlphaOptimizedImageView{db72b57 VFED..C.. ......ID 0,0-140,23} during layout: running second layout pass
12-01 09:26:58.050 18856 18856 W View : requestLayout() improperly called by android.widget.FrameLayout{27c2644 I.E...... ......ID 0,0-780,179 #2bc} during second layout pass: posting in next frame
12-01 09:26:58.051 18856 18856 W View : requestLayout() improperly called by com.android.systemui.statusbar.AlphaOptimizedImageView{db72b57 VFED..C.. ......ID 0,0-140,23} during second layout pass: posting in next frame
12-01 09:26:58.063 18856 18856 W View : requestLayout() improperly called by android.widget.FrameLayout{27c2644 I.E...... ......ID 0,0-780,179 #2bc} during layout: running second layout pass
12-01 09:26:58.063 18856 18856 W View : requestLayout() improperly called by com.android.systemui.statusbar.AlphaOptimizedImageView{db72b57 VFED..C.. ......ID 0,0-140,23} during layout: running second layout pass
12-01 09:26:58.069 18856 18856 W View : requestLayout() improperly called by android.widget.FrameLayout{27c2644 I.E...... ......ID 0,0-780,179 #2bc} during second layout pass: posting in next frame
12-01 09:26:58.069 18856 18856 W View : requestLayout() improperly called by com.android.systemui.statusbar.AlphaOptimizedImageView{db72b57 VFED..C.. ......ID 0,0-140,23} during second layout pass: posting in next frame
12-01 09:26:58.076 18856 18856 W View : requestLayout() improperly called by android.widget.FrameLayout{27c2644 I.E...... ......ID 0,0-780,179 #2bc} during layout: running second layout pass
12-01 09:26:58.076 18856 18856 W View : requestLayout() improperly called by com.android.systemui.statusbar.AlphaOptimizedImageView{db72b57 VFED..C.. ......ID 0,0-140,23} during layout: running second layout pass
12-01 09:26:58.148 1508 2005 I input_interaction: Interaction with: e9e80a1 com.android.launcher3/com.android.launcher3.uioverrides.QuickstepLauncher (server), 5ecd4a7 com.android.systemui.ImageWallpaper (server), edge-swipe (server), swipe-up (server), PointerEventDispatcher0 (server),
12-01 09:26:58.174 2822 2822 D EditModeHelper: setHotseatVisibility: 8
12-01 09:26:58.178 2822 2822 D FreeWindowContainer: reloadTask: null
12-01 09:26:58.193 1508 10935 I InputDispatcher: Monitor swipe-up (server) is stealing touch from [e9e80a1 com.android.launcher3/com.android.launcher3.uioverrides.QuickstepLauncher (server), 5ecd4a7 com.android.systemui.ImageWallpaper (server), ]
12-01 09:26:58.196 1508 2005 I input_interaction: Interaction with: edge-swipe (server), swipe-up (server), PointerEventDispatcher0 (server),
12-01 09:26:58.197 18856 18856 V ShadeControllerImpl: NotificationShadeWindow: com.android.systemui.statusbar.phone.NotificationShadeWindowView{bb921a4 I.E...... ......ID 0,0-2560,1080} canPanelBeCollapsed(): false
12-01 09:26:58.198 2822 2822 I view_enqueue_input_event: [Motion - Cancel,com.android.launcher3/com.android.launcher3.uioverrides.QuickstepLauncher]
12-01 09:26:58.244 1211 28948 I OMX-VENC: venc_dev: stats: avg. fps 55.00, bitrate 257649
12-01 09:26:58.326 2822 2822 D NoButtonQuickSwitchTouchController: onMotionPauseDetected:
12-01 09:26:58.331 874 874 D vendor.qti.vibrator: Vibrator perform effect 0
12-01 09:26:58.351 1339 1339 I auditd : type=1400 audit(0.0:21254): avc: denied { kill } for comm="wlan_logging_th" capability=5 scontext=u:r:kernel:s0 tcontext=u:r:kernel:s0 tclass=capability permissive=0
12-01 09:26:58.351 1339 1339 W wlan_logging_th: type=1400 audit(0.0:21254): avc: denied { kill } for capability=5 scontext=u:r:kernel:s0 tcontext=u:r:kernel:s0 tclass=capability permissive=0
12-01 09:26:58.362 874 874 D vendor.qti.vibrator: Vibrator on for timeoutMs: 30
12-01 09:26:58.362 874 32038 D vendor.qti.vibrator: Starting on on another thread
12-01 09:26:58.382 1508 1754 I commit_sys_config_file: [settings-1-0,6]
12-01 09:26:58.392 874 32038 D vendor.qti.vibrator: Notifying on complete
12-01 09:26:58.393 874 874 D vendor.qti.vibrator: QTI Vibrator off
12-01 09:26:58.433 647 662 I mpu_uart: [MSG-P:RECV]:No message received in 1000 ms
12-01 09:26:58.445 2822 2822 D NoButtonQuickSwitchTouchController: onDragEnd: noFling=true,isPaused=true,velocity=PointF(-0.0043054027, 0.021666057)
12-01 09:26:58.446 2822 2822 D EditModeHelper: setHotseatVisibility: 0
12-01 09:26:58.459 2822 2822 W View : requestLayout() improperly called by com.android.launcher3.views.NoInsetView{495a0a9 V.ED..... ......ID 2218,0-2560,1080 #7f09007c app:id/bg_hotseat} during layout: running second layout pass
12-01 09:26:58.561 18856 18856 W View : requestLayout() improperly called by android.widget.FrameLayout{27c2644 I.E...... ......ID 0,0-780,179 #2bc} during second layout pass: posting in next frame
12-01 09:26:58.562 18856 18856 W View : requestLayout() improperly called by com.android.systemui.statusbar.AlphaOptimizedImageView{db72b57 VFED..C.. ......ID 0,0-140,23} during second layout pass: posting in next frame
12-01 09:26:58.580 18856 18856 W View : requestLayout() improperly called by android.widget.FrameLayout{27c2644 I.E...... ......ID 0,0-780,179 #2bc} during layout: running second layout pass
12-01 09:26:58.580 18856 18856 W View : requestLayout() improperly called by com.android.systemui.statusbar.AlphaOptimizedImageView{db72b57 VFED..C.. ......ID 0,0-140,23} during layout: running second layout pass
12-01 09:26:58.586 18856 18856 W View : requestLayout() improperly called by android.widget.FrameLayout{27c2644 I.E...... ......ID 0,0-780,179 #2bc} during second layout pass: posting in next frame
12-01 09:26:58.586 18856 18856 W View : requestLayout() improperly called by com.android.systemui.statusbar.AlphaOptimizedImageView{db72b57 VFED..C.. ......ID 0,0-140,23} during second layout pass: posting in next frame
12-01 09:26:58.594 18856 18856 W View : requestLayout() improperly called by android.widget.FrameLayout{27c2644 I.E...... ......ID 0,0-780,179 #2bc} during layout: running second layout pass
12-01 09:26:58.594 18856 18856 W View : requestLayout() improperly called by com.android.systemui.statusbar.AlphaOptimizedImageView{db72b57 VFED..C.. ......ID 0,0-140,23} during layout: running second layout pass
12-01 09:26:58.598 18856 18856 W View : requestLayout() improperly called by android.widget.FrameLayout{27c2644 I.E...... ......ID 0,0-780,179 #2bc} during second layout pass: posting in next frame
12-01 09:26:58.598 18856 18856 W View : requestLayout() improperly called by com.android.systemui.statusbar.AlphaOptimizedImageView{db72b57 VFED..C.. ......ID 0,0-140,23} during second layout pass: posting in next frame
12-01 09:26:58.610 18856 18856 W View : requestLayout() improperly called by android.widget.FrameLayout{27c2644 I.E...... ......ID 0,0-780,179 #2bc} during layout: running second layout pass
12-01 09:26:58.610 18856 18856 W View : requestLayout() improperly called by com.android.systemui.statusbar.AlphaOptimizedImageView{db72b57 VFED..C.. ......ID 0,0-140,23} during layout: running second layout pass
12-01 09:26:58.612 18856 18856 W View : requestLayout() improperly called by android.widget.FrameLayout{27c2644 I.E...... ......ID 0,0-780,179 #2bc} during second layout pass: posting in next frame
12-01 09:26:58.612 18856 18856 W View : requestLayout() improperly called by com.android.systemui.statusbar.AlphaOptimizedImageView{db72b57 VFED..C.. ......ID 0,0-140,23} during second layout pass: posting in next frame
12-01 09:26:58.627 18856 18856 W View : requestLayout() improperly called by android.widget.FrameLayout{27c2644 I.E...... ......ID 0,0-780,179 #2bc} during layout: running second layout pass
12-01 09:26:58.627 18856 18856 W View : requestLayout() improperly called by com.android.systemui.statusbar.AlphaOptimizedImageView{db72b57 VFED..C.. ......ID 0,0-140,23} during layout: running second layout pass
12-01 09:26:58.629 18856 18856 W View : requestLayout() improperly called by android.widget.FrameLayout{27c2644 I.E...... ......ID 0,0-780,179 #2bc} during second layout pass: posting in next frame
12-01 09:26:58.629 18856 18856 W View : requestLayout() improperly called by com.android.systemui.statusbar.AlphaOptimizedImageView{db72b57 VFED..C.. ......ID 0,0-140,23} during second layout pass: posting in next frame
12-01 09:26:58.644 18856 18856 W View : requestLayout() improperly called by android.widget.FrameLayout{27c2644 I.E...... ......ID 0,0-780,179 #2bc} during layout: running second layout pass
12-01 09:26:58.644 18856 18856 W View : requestLayout() improperly called by com.android.systemui.statusbar.AlphaOptimizedImageView{db72b57 VFED..C.. ......ID 0,0-140,23} during layout: running second layout pass
12-01 09:26:58.647 18856 18856 W View : requestLayout() improperly called by android.widget.FrameLayout{27c2644 I.E...... ......ID 0,0-780,179 #2bc} during second layout pass: posting in next frame
12-01 09:26:58.648 18856 18856 W View : requestLayout() improperly called by com.android.systemui.statusbar.AlphaOptimizedImageView{db72b57 VFED..C.. ......ID 0,0-140,23} during second layout pass: posting in next frame
12-01 09:26:58.653 1508 1754 I commit_sys_config_file: [settings-1-0,4]
12-01 09:26:58.663 18856 18856 W View : requestLayout() improperly called by android.widget.FrameLayout{27c2644 I.E...... ......ID 0,0-780,179 #2bc} during layout: running second layout pass
12-01 09:26:58.663 18856 18856 W View : requestLayout() improperly called by com.android.systemui.statusbar.AlphaOptimizedImageView{db72b57 VFED..C.. ......ID 0,0-140,23} during layout: running second layout pass
12-01 09:26:58.667 18856 18856 W View : requestLayout() improperly called by android.widget.FrameLayout{27c2644 I.E...... ......ID 0,0-780,179 #2bc} during second layout pass: posting in next frame
12-01 09:26:58.667 18856 18856 W View : requestLayout() improperly called by com.android.systemui.statusbar.AlphaOptimizedImageView{db72b57 VFED..C.. ......ID 0,0-140,23} during second layout pass: posting in next frame
12-01 09:26:58.679 18856 18856 W View : requestLayout() improperly called by android.widget.FrameLayout{27c2644 I.E...... ......ID 0,0-780,179 #2bc} during layout: running second layout pass
12-01 09:26:58.679 18856 18856 W View : requestLayout() improperly called by com.android.systemui.statusbar.AlphaOptimizedImageView{db72b57 VFED..C.. ......ID 0,0-140,23} during layout: running second layout pass
12-01 09:26:58.685 18856 18856 W View : requestLayout() improperly called by android.widget.FrameLayout{27c2644 I.E...... ......ID 0,0-780,179 #2bc} during second layout pass: posting in next frame
12-01 09:26:58.685 18856 18856 W View : requestLayout() improperly called by com.android.systemui.statusbar.AlphaOptimizedImageView{db72b57 VFED..C.. ......ID 0,0-140,23} during second layout pass: posting in next frame
12-01 09:26:58.694 18856 18856 W View : requestLayout() improperly called by android.widget.FrameLayout{27c2644 I.E...... ......ID 0,0-780,179 #2bc} during layout: running second layout pass
12-01 09:26:58.694 18856 18856 W View : requestLayout() improperly called by com.android.systemui.statusbar.AlphaOptimizedImageView{db72b57 VFED..C.. ......ID 0,0-140,23} during layout: running second layout pass
12-01 09:26:58.696 18856 18856 W View : requestLayout() improperly called by android.widget.FrameLayout{27c2644 I.E...... ......ID 0,0-780,179 #2bc} during second layout pass: posting in next frame
12-01 09:26:58.696 18856 18856 W View : requestLayout() improperly called by com.android.systemui.statusbar.AlphaOptimizedImageView{db72b57 VFED..C.. ......ID 0,0-140,23} during second layout pass: posting in next frame
12-01 09:26:58.711 18856 18856 W View : requestLayout() improperly called by android.widget.FrameLayout{27c2644 I.E...... ......ID 0,0-780,179 #2bc} during layout: running second layout pass
12-01 09:26:58.711 18856 18856 W View : requestLayout() improperly called by com.android.systemui.statusbar.AlphaOptimizedImageView{db72b57 VFED..C.. ......ID 0,0-140,23} during layout: running second layout pass
12-01 09:26:58.712 18856 18856 W View : requestLayout() improperly called by android.widget.FrameLayout{27c2644 I.E...... ......ID 0,0-780,179 #2bc} during second layout pass: posting in next frame
12-01 09:26:58.712 18856 18856 W View : requestLayout() improperly called by com.android.systemui.statusbar.AlphaOptimizedImageView{db72b57 VFED..C.. ......ID 0,0-140,23} during second layout pass: posting in next frame
12-01 09:26:58.727 18856 18856 W View : requestLayout() improperly called by android.widget.FrameLayout{27c2644 I.E...... ......ID 0,0-780,179 #2bc} during layout: running second layout pass
12-01 09:26:58.728 18856 18856 W View : requestLayout() improperly called by com.android.systemui.statusbar.AlphaOptimizedImageView{db72b57 VFED..C.. ......ID 0,0-140,23} during layout: running second layout pass
12-01 09:26:58.730 18856 18856 W View : requestLayout() improperly called by android.widget.FrameLayout{27c2644 I.E...... ......ID 0,0-780,179 #2bc} during second layout pass: posting in next frame
12-01 09:26:58.730 18856 18856 W View : requestLayout() improperly called by com.android.systemui.statusbar.AlphaOptimizedImageView{db72b57 VFED..C.. ......ID 0,0-140,23} during second layout pass: posting in next frame
12-01 09:26:58.745 18856 18856 W View : requestLayout() improperly called by android.widget.FrameLayout{27c2644 I.E...... ......ID 0,0-780,179 #2bc} during layout: running second layout pass
12-01 09:26:58.745 18856 18856 W View : requestLayout() improperly called by com.android.systemui.statusbar.AlphaOptimizedImageView{db72b57 VFED..C.. ......ID 0,0-140,23} during layout: running second layout pass
12-01 09:26:58.747 18856 18856 W View : requestLayout() improperly called by android.widget.FrameLayout{27c2644 I.E...... ......ID 0,0-780,179 #2bc} during second layout pass: posting in next frame
12-01 09:26:58.747 18856 18856 W View : requestLayout() improperly called by com.android.systemui.statusbar.AlphaOptimizedImageView{db72b57 VFED..C.. ......ID 0,0-140,23} during second layout pass: posting in next frame
12-01 09:26:58.761 2822 2822 D StateManager: goToState: Overview
12-01 09:26:58.762 2822 2822 D FreeWindowHelper: enterOrExitRecentTasks: isEnterRecentTasks=true,mExitFlag=0
12-01 09:26:58.763 2822 2822 D FreeWindowContainer: reloadTask: null
12-01 09:26:58.763 18856 18856 W View : requestLayout() improperly called by android.widget.FrameLayout{27c2644 I.E...... ......ID 0,0-780,179 #2bc} during layout: running second layout pass
12-01 09:26:58.763 18856 18856 W View : requestLayout() improperly called by com.android.systemui.statusbar.AlphaOptimizedImageView{db72b57 VFED..C.. ......ID 0,0-140,23} during layout: running second layout pass
12-01 09:26:58.772 18856 18856 W View : requestLayout() improperly called by android.widget.FrameLayout{27c2644 I.E...... ......ID 0,0-780,179 #2bc} during second layout pass: posting in next frame
12-01 09:26:58.772 18856 18856 W View : requestLayout() improperly called by com.android.systemui.statusbar.AlphaOptimizedImageView{db72b57 VFED..C.. ......ID 0,0-140,23} during second layout pass: posting in next frame
12-01 09:26:58.782 18856 18856 W View : requestLayout() improperly called by android.widget.FrameLayout{27c2644 I.E...... ......ID 0,0-780,179 #2bc} during layout: running second layout pass
12-01 09:26:58.782 18856 18856 W View : requestLayout() improperly called by com.android.systemui.statusbar.AlphaOptimizedImageView{db72b57 VFED..C.. ......ID 0,0-140,23} during layout: running second layout pass
12-01 09:26:58.783 2822 2822 D EditModeHelper: setHotseatVisibility: 0
12-01 09:26:58.790 18856 18856 W View : requestLayout() improperly called by android.widget.FrameLayout{27c2644 I.E...... ......ID 0,0-780,179 #2bc} during second layout pass: posting in next frame
12-01 09:26:58.790 18856 18856 W View : requestLayout() improperly called by com.android.systemui.statusbar.AlphaOptimizedImageView{db72b57 VFED..C.. ......ID 0,0-140,23} during second layout pass: posting in next frame
12-01 09:26:58.794 18856 18856 W View : requestLayout() improperly called by android.widget.FrameLayout{27c2644 I.E...... ......ID 0,0-780,179 #2bc} during layout: running second layout pass
12-01 09:26:58.794 18856 18856 W View : requestLayout() improperly called by com.android.systemui.statusbar.AlphaOptimizedImageView{db72b57 VFED..C.. ......ID 0,0-140,23} during layout: running second layout pass
12-01 09:26:58.795 18856 18856 W View : requestLayout() improperly called by android.widget.FrameLayout{27c2644 I.E...... ......ID 0,0-780,179 #2bc} during second layout pass: posting in next frame
12-01 09:26:58.795 18856 18856 W View : requestLayout() improperly called by com.android.systemui.statusbar.AlphaOptimizedImageView{db72b57 VFED..C.. ......ID 0,0-140,23} during second layout pass: posting in next frame
12-01 09:26:58.811 18856 18856 W View : requestLayout() improperly called by android.widget.FrameLayout{27c2644 I.E...... ......ID 0,0-780,179 #2bc} during layout: running second layout pass
12-01 09:26:58.811 18856 18856 W View : requestLayout() improperly called by com.android.systemui.statusbar.AlphaOptimizedImageView{db72b57 VFED..C.. ......ID 0,0-140,23} during layout: running second layout pass
12-01 09:26:58.812 18856 18856 W View : requestLayout() improperly called by android.widget.FrameLayout{27c2644 I.E...... ......ID 0,0-780,179 #2bc} during second layout pass: posting in next frame
12-01 09:26:58.812 18856 18856 W View : requestLayout() improperly called by com.android.systemui.statusbar.AlphaOptimizedImageView{db72b57 VFED..C.. ......ID 0,0-140,23} during second layout pass: posting in next frame
12-01 09:26:58.827 18856 18856 W View : requestLayout() improperly called by android.widget.FrameLayout{27c2644 I.E...... ......ID 0,0-780,179 #2bc} during layout: running second layout pass
12-01 09:26:58.827 18856 18856 W View : requestLayout() improperly called by com.android.systemui.statusbar.AlphaOptimizedImageView{db72b57 VFED..C.. ......ID 0,0-140,23} during layout: running second layout pass
12-01 09:26:58.829 18856 18856 W View : requestLayout() improperly called by android.widget.FrameLayout{27c2644 I.E...... ......ID 0,0-780,179 #2bc} during second layout pass: posting in next frame
12-01 09:26:58.829 18856 18856 W View : requestLayout() improperly called by com.android.systemui.statusbar.AlphaOptimizedImageView{db72b57 VFED..C.. ......ID 0,0-140,23} during second layout pass: posting in next frame
12-01 09:26:58.844 18856 18856 W View : requestLayout() improperly called by android.widget.FrameLayout{27c2644 I.E...... ......ID 0,0-780,179 #2bc} during layout: running second layout pass
12-01 09:26:58.844 18856 18856 W View : requestLayout() improperly called by com.android.systemui.statusbar.AlphaOptimizedImageView{db72b57 VFED..C.. ......ID 0,0-140,23} during layout: running second layout pass
12-01 09:26:58.846 18856 18856 W View : requestLayout() improperly called by android.widget.FrameLayout{27c2644 I.E...... ......ID 0,0-780,179 #2bc} during second layout pass: posting in next frame
12-01 09:26:58.846 18856 18856 W View : requestLayout() improperly called by com.android.systemui.statusbar.AlphaOptimizedImageView{db72b57 VFED..C.. ......ID 0,0-140,23} during second layout pass: posting in next frame
12-01 09:26:58.862 18856 18856 W View : requestLayout() improperly called by android.widget.FrameLayout{27c2644 I.E...... ......ID 0,0-780,179 #2bc} during layout: running second layout pass
12-01 09:26:58.862 18856 18856 W View : requestLayout() improperly called by com.android.systemui.statusbar.AlphaOptimizedImageView{db72b57 VFED..C.. ......ID 0,0-140,23} during layout: running second layout pass
12-01 09:26:58.871 18856 18856 W View : requestLayout() improperly called by android.widget.FrameLayout{27c2644 I.E...... ......ID 0,0-780,179 #2bc} during second layout pass: posting in next frame
12-01 09:26:58.872 18856 18856 W View : requestLayout() improperly called by com.android.systemui.statusbar.AlphaOptimizedImageView{db72b57 VFED..C.. ......ID 0,0-140,23} during second layout pass: posting in next frame
12-01 09:26:58.879 18856 18856 W View : requestLayout() improperly called by android.widget.FrameLayout{27c2644 I.E...... ......ID 0,0-780,179 #2bc} during layout: running second layout pass
12-01 09:26:58.879 18856 18856 W View : requestLayout() improperly called by com.android.systemui.statusbar.AlphaOptimizedImageView{db72b57 VFED..C.. ......ID 0,0-140,23} during layout: running second layout pass
12-01 09:26:58.883 18856 18856 W View : requestLayout() improperly called by android.widget.FrameLayout{27c2644 I.E...... ......ID 0,0-780,179 #2bc} during second layout pass: posting in next frame
12-01 09:26:58.883 18856 18856 W View : requestLayout() improperly called by com.android.systemui.statusbar.AlphaOptimizedImageView{db72b57 VFED..C.. ......ID 0,0-140,23} during second layout pass: posting in next frame
12-01 09:26:58.896 18856 18856 W View : requestLayout() improperly called by android.widget.FrameLayout{27c2644 I.E...... ......ID 0,0-780,179 #2bc} during layout: running second layout pass
12-01 09:26:58.896 18856 18856 W View : requestLayout() improperly called by com.android.systemui.statusbar.AlphaOptimizedImageView{db72b57 VFED..C.. ......ID 0,0-140,23} during layout: running second layout pass
12-01 09:26:58.899 18856 18856 W View : requestLayout() improperly called by android.widget.FrameLayout{27c2644 I.E...... ......ID 0,0-780,179 #2bc} during second layout pass: posting in next frame
12-01 09:26:58.899 18856 18856 W View : requestLayout() improperly called by com.android.systemui.statusbar.AlphaOptimizedImageView{db72b57 VFED..C.. ......ID 0,0-140,23} during second layout pass: posting in next frame
12-01 09:26:58.912 18856 18856 W View : requestLayout() improperly called by android.widget.FrameLayout{27c2644 I.E...... ......ID 0,0-780,179 #2bc} during layout: running second layout pass
12-01 09:26:58.912 18856 18856 W View : requestLayout() improperly called by com.android.systemui.statusbar.AlphaOptimizedImageView{db72b57 VFED..C.. ......ID 0,0-140,23} during layout: running second layout pass
12-01 09:26:58.915 18856 18856 W View : requestLayout() improperly called by android.widget.FrameLayout{27c2644 I.E...... ......ID 0,0-780,179 #2bc} during second layout pass: posting in next frame
12-01 09:26:58.915 18856 18856 W View : requestLayout() improperly called by com.android.systemui.statusbar.AlphaOptimizedImageView{db72b57 VFED..C.. ......ID 0,0-140,23} during second layout pass: posting in next frame
12-01 09:26:58.929 18856 18856 W View : requestLayout() improperly called by android.widget.FrameLayout{27c2644 I.E...... ......ID 0,0-780,179 #2bc} during layout: running second layout pass
12-01 09:26:58.930 18856 18856 W View : requestLayout() improperly called by com.android.systemui.statusbar.AlphaOptimizedImageView{db72b57 VFED..C.. ......ID 0,0-140,23} during layout: running second layout pass
12-01 09:26:58.932 18856 18856 W View : requestLayout() improperly called by android.widget.FrameLayout{27c2644 I.E...... ......ID 0,0-780,179 #2bc} during second layout pass: posting in next frame
12-01 09:26:58.932 18856 18856 W View : requestLayout() improperly called by com.android.systemui.statusbar.AlphaOptimizedImageView{db72b57 VFED..C.. ......ID 0,0-140,23} during second layout pass: posting in next frame
12-01 09:26:58.948 18856 18856 W View : requestLayout() improperly called by android.widget.FrameLayout{27c2644 I.E...... ......ID 0,0-780,179 #2bc} during layout: running second layout pass
12-01 09:26:58.948 18856 18856 W View : requestLayout() improperly called by com.android.systemui.statusbar.AlphaOptimizedImageView{db72b57 VFED..C.. ......ID 0,0-140,23} during layout: running second layout pass
12-01 09:26:58.954 18856 18856 W View : requestLayout() improperly called by android.widget.FrameLayout{27c2644 I.E...... ......ID 0,0-780,179 #2bc} during second layout pass: posting in next frame
12-01 09:26:58.954 18856 18856 W View : requestLayout() improperly called by com.android.systemui.statusbar.AlphaOptimizedImageView{db72b57 VFED..C.. ......ID 0,0-140,23} during second layout pass: posting in next frame
12-01 09:26:58.962 18856 18856 W View : requestLayout() improperly called by android.widget.FrameLayout{27c2644 I.E...... ......ID 0,0-780,179 #2bc} during layout: running second layout pass
12-01 09:26:58.962 18856 18856 W View : requestLayout() improperly called by com.android.systemui.statusbar.AlphaOptimizedImageView{db72b57 VFED..C.. ......ID 0,0-140,23} during layout: running second layout pass
