12-01 09:14:44.921 30186 30186 I wm_on_stop_called: [244529487,com.android.deskclock.DeskClock,handleRelaunchActivity]
12-01 09:14:44.929 30186 30186 I wm_on_destroy_called: [244529487,com.android.deskclock.DeskClock,performDestroy]
12-01 09:14:44.940 1508 1647 I am_pss : [30865,10064,com.android.gallery3d,7530496,5296128,0,92778496,0,19,6]
12-01 09:14:44.949 1508 2470 I wm_task_moved: [353,1,6]
12-01 09:14:44.949 1508 2470 I wm_set_resumed_activity: [0,com.android.deskclock/.DeskClock,positionChildAt]
12-01 09:14:44.949 1508 2470 I wm_create_activity: [0,180670215,353,com.android.permissioncontroller/.permission.ui.GrantPermissionsActivity,android.content.pm.action.REQUEST_PERMISSIONS,NULL,NULL,8388608]
12-01 09:14:44.950 1508 2470 I wm_pause_activity: [0,103113767,com.android.launcher3/.uioverrides.QuickstepLauncher,userLeaving=true,pauseBackTasks]
12-01 09:14:44.950 1508 2470 I wm_pause_activity: [0,244529487,com.android.deskclock/.DeskClock,userLeaving=true,resumeTopActivityInnerLocked]
12-01 09:14:44.952 2822 2822 I wm_on_paused_called: [103113767,com.android.launcher3.uioverrides.QuickstepLauncher,performPause]
12-01 09:14:44.958 1508 1636 I sysui_multi_action: [757,803,799,window_time_2,802,4]
12-01 09:14:44.969 30186 30186 I wm_on_create_called: [244529487,com.android.deskclock.DeskClock,performCreate]
12-01 09:14:44.988 30186 30186 I wm_on_start_called: [244529487,com.android.deskclock.DeskClock,handleStartActivity]
12-01 09:14:44.989 30186 30186 I wm_on_resume_called: [244529487,com.android.deskclock.DeskClock,RESUME_ACTIVITY]
12-01 09:14:44.990 30186 30186 I wm_on_top_resumed_gained_called: [244529487,com.android.deskclock.DeskClock,topWhenResuming]
12-01 09:14:45.021 30186 30186 I wm_on_top_resumed_lost_called: [244529487,com.android.deskclock.DeskClock,topStateChangedWhenResumed]
12-01 09:14:45.021 30186 30186 I wm_on_paused_called: [244529487,com.android.deskclock.DeskClock,performPause]
12-01 09:14:45.025 1508 6335 I wm_restart_activity: [0,180670215,353,com.android.permissioncontroller/.permission.ui.GrantPermissionsActivity]
12-01 09:14:45.027 1508 6335 I wm_set_resumed_activity: [0,com.android.permissioncontroller/.permission.ui.GrantPermissionsActivity,minimalResumeActivityLocked]
12-01 09:14:45.030 1508 1636 I sysui_multi_action: [757,803,799,window_time_0,802,0]
12-01 09:14:45.044 29601 29601 I wm_on_create_called: [180670215,com.android.permissioncontroller.permission.ui.GrantPermissionsActivity,performCreate]
12-01 09:14:45.044 29601 29601 I wm_on_start_called: [180670215,com.android.permissioncontroller.permission.ui.GrantPermissionsActivity,handleStartActivity]
12-01 09:14:45.045 29601 29601 I wm_on_resume_called: [180670215,com.android.permissioncontroller.permission.ui.GrantPermissionsActivity,RESUME_ACTIVITY]
12-01 09:14:45.047 29601 29601 I wm_on_top_resumed_gained_called: [180670215,com.android.permissioncontroller.permission.ui.GrantPermissionsActivity,topStateChangedWhenResumed]
12-01 09:14:45.053 1508 1637 I input_focus: [Focus request b920de8 com.android.permissioncontroller/com.android.permissioncontroller.permission.ui.GrantPermissionsActivity,reason=UpdateInputWindows]
12-01 09:14:45.060 1508 2971 I wm_finish_activity: [0,180670215,353,com.android.permissioncontroller/.permission.ui.GrantPermissionsActivity,app-request]
12-01 09:14:45.061 1508 2971 I wm_pause_activity: [0,180670215,com.android.permissioncontroller/.permission.ui.GrantPermissionsActivity,userLeaving=false,finish]
12-01 09:14:45.066 29601 29601 I wm_on_top_resumed_lost_called: [180670215,com.android.permissioncontroller.permission.ui.GrantPermissionsActivity,topStateChangedWhenResumed]
12-01 09:14:45.067 29601 29601 I wm_on_paused_called: [180670215,com.android.permissioncontroller.permission.ui.GrantPermissionsActivity,performPause]
12-01 09:14:45.068 1508 2005 I input_focus: [Focus leaving e8c76c8 com.android.deskclock/com.android.deskclock.DeskClock (server),reason=setFocusedWindow]
12-01 09:14:45.068 1508 2005 I input_focus: [Focus entering b920de8 com.android.permissioncontroller/com.android.permissioncontroller.permission.ui.GrantPermissionsActivity (server),reason=setFocusedWindow]
12-01 09:14:45.070 1508 1633 I sysui_multi_action: [319,110,322,110,325,19303,757,761,758,8,759,2,806,com.android.permissioncontroller,871,com.android.permissioncontroller.permission.ui.GrantPermissionsActivity,904,com.android.deskclock,905,0,1320,8,1321,5]
12-01 09:14:45.070 1508 2470 I wm_set_resumed_activity: [0,com.android.deskclock/.DeskClock,resumeTopActivityInnerLocked]
12-01 09:14:45.071 1508 2470 I wm_resume_activity: [0,244529487,353,com.android.deskclock/.DeskClock]
12-01 09:14:45.076 1508 1633 I wm_activity_launch_time: [0,180670215,com.android.permissioncontroller/.permission.ui.GrantPermissionsActivity,110]
12-01 09:14:45.082 1508 1637 I input_focus: [Focus request e8c76c8 com.android.deskclock/com.android.deskclock.DeskClock,reason=UpdateInputWindows]
12-01 09:14:45.083 1508 1636 I sysui_multi_action: [757,803,799,window_time_0,802,0]
12-01 09:14:45.084 30186 30186 I wm_on_activity_result_called: [244529487,com.android.deskclock.DeskClock,ACTIVITY_RESULT]
12-01 09:14:45.084 30186 30186 I wm_on_resume_called: [244529487,com.android.deskclock.DeskClock,RESUME_ACTIVITY]
12-01 09:14:45.085 1508 2005 I input_focus: [Focus leaving b920de8 com.android.permissioncontroller/com.android.permissioncontroller.permission.ui.GrantPermissionsActivity (server),reason=NO_WINDOW]
12-01 09:14:45.087 30186 30186 I wm_on_top_resumed_gained_called: [244529487,com.android.deskclock.DeskClock,topWhenResuming]
12-01 09:14:45.104 1508 2470 I wm_destroy_activity: [0,180670215,353,com.android.permissioncontroller/.permission.ui.GrantPermissionsActivity,finish-idle]
12-01 09:14:45.105 29601 29601 I wm_on_stop_called: [180670215,com.android.permissioncontroller.permission.ui.GrantPermissionsActivity,LIFECYCLER_STOP_ACTIVITY]
12-01 09:14:45.105 29601 29601 I wm_on_destroy_called: [180670215,com.android.permissioncontroller.permission.ui.GrantPermissionsActivity,performDestroy]
12-01 09:14:45.109 1508 2005 I input_focus: [Focus entering e8c76c8 com.android.deskclock/com.android.deskclock.DeskClock (server),reason=setFocusedWindow]
12-01 09:14:45.351 0 0 I auditd : type=1400 audit(0.0:20552): avc: denied { kill } for comm="swapper/3" capability=5 scontext=u:r:kernel:s0 tcontext=u:r:kernel:s0 tclass=capability permissive=0
12-01 09:14:45.402 1508 1636 I wm_stop_activity: [0,103113767,com.android.launcher3/.uioverrides.QuickstepLauncher]
12-01 09:14:45.445 2822 2822 I wm_on_stop_called: [103113767,com.android.launcher3.uioverrides.QuickstepLauncher,STOP_ACTIVITY_ITEM]
12-01 09:14:46.351 0 0 I auditd : type=1400 audit(0.0:20553): avc: denied { kill } for comm="swapper/3" capability=5 scontext=u:r:kernel:s0 tcontext=u:r:kernel:s0 tclass=capability permissive=0
12-01 09:14:46.840 1508 5207 I wm_task_moved: [1,0,0]
12-01 09:14:46.841 1508 5207 I wm_task_moved: [1,0,5]
12-01 09:14:46.852 2822 2822 I wm_on_restart_called: [103113767,com.android.launcher3.uioverrides.QuickstepLauncher,performRestartActivity]
12-01 09:14:46.868 2822 2822 I wm_on_start_called: [103113767,com.android.launcher3.uioverrides.QuickstepLauncher,handleStartActivity]
12-01 09:14:46.894 1508 1633 I sysui_multi_action: [319,19,322,45,325,19305,757,761,758,9,759,5,806,com.android.launcher3,871,com.android.launcher3.uioverrides.QuickstepLauncher,905,0,1320,8,1321,5]
12-01 09:14:46.983 30186 30186 I view_enqueue_input_event: [Motion - Cancel,com.android.deskclock/com.android.deskclock.DeskClock]
12-01 09:14:46.985 2822 2822 I sysui_latency: [1,58]
12-01 09:14:47.000 1508 2005 I input_interaction: Interaction with: edge-swipe (server), swipe-up (server), PointerEventDispatcher0 (server),
12-01 09:14:47.012 1508 1637 I input_focus: [Focus request recents_animation_input_consumer,reason=UpdateInputWindows]
12-01 09:14:47.039 1508 2005 I input_focus: [Focus leaving e8c76c8 com.android.deskclock/com.android.deskclock.DeskClock (server),reason=NOT_FOCUSABLE]
12-01 09:14:47.039 1508 2005 I input_focus: [Focus entering recents_animation_input_consumer (server),reason=setFocusedWindow]
12-01 09:14:47.071 1508 1754 I commit_sys_config_file: [settings-1-0,5]
12-01 09:14:47.187 1508 1647 I sysui_latency: [8,58]
12-01 09:14:47.351 0 0 I auditd : type=1400 audit(0.0:20554): avc: denied { kill } for comm="swapper/3" capability=5 scontext=u:r:kernel:s0 tcontext=u:r:kernel:s0 tclass=capability permissive=0
12-01 09:14:47.815 1508 4735 I wm_task_moved: [1,1,6]
12-01 09:14:47.817 1508 4735 I wm_focused_root_task: [0,0,1,353,RecentsAnimation.onAnimationFinished()]
12-01 09:14:47.817 30186 30186 I wm_on_top_resumed_lost_called: [244529487,com.android.deskclock.DeskClock,topStateChangedWhenResumed]
12-01 09:14:47.824 1508 4735 I wm_pause_activity: [0,244529487,com.android.deskclock/.DeskClock,userLeaving=false,pauseBackTasks]
12-01 09:14:47.827 1508 4735 I wm_set_resumed_activity: [0,com.android.launcher3/.uioverrides.QuickstepLauncher,resumeTopActivityInnerLocked]
12-01 09:14:47.828 1508 4735 I wm_resume_activity: [0,103113767,10,com.android.launcher3/.uioverrides.QuickstepLauncher]
12-01 09:14:47.828 1508 4735 I wm_add_to_stopping: [0,244529487,com.android.deskclock/.DeskClock,makeInvisible]
12-01 09:14:47.835 2822 2822 I wm_on_resume_called: [103113767,com.android.launcher3.uioverrides.QuickstepLauncher,RESUME_ACTIVITY]
12-01 09:14:47.838 1508 1637 I input_focus: [Focus request e9e80a1 com.android.launcher3/com.android.launcher3.uioverrides.QuickstepLauncher,reason=UpdateInputWindows]
12-01 09:14:47.840 30186 30186 I wm_on_paused_called: [244529487,com.android.deskclock.DeskClock,performPause]
12-01 09:14:47.842 1508 2005 I input_focus: [Focus leaving recents_animation_input_consumer (server),reason=NOT_VISIBLE]
12-01 09:14:47.845 1508 2470 I wm_stop_activity: [0,244529487,com.android.deskclock/.DeskClock]
12-01 09:14:47.846 1508 1636 I sysui_multi_action: [757,803,799,window_time_0,802,3]
12-01 09:14:47.851 1508 1636 I sysui_multi_action: [757,803,799,window_time_0,802,0]
12-01 09:14:47.857 1508 2005 I input_focus: [Focus entering e9e80a1 com.android.launcher3/com.android.launcher3.uioverrides.QuickstepLauncher (server),reason=setFocusedWindow]
12-01 09:14:47.857 2822 2822 I wm_on_top_resumed_gained_called: [103113767,com.android.launcher3.uioverrides.QuickstepLauncher,topStateChangedWhenResumed]
12-01 09:14:47.874 30186 30186 I wm_on_stop_called: [244529487,com.android.deskclock.DeskClock,STOP_ACTIVITY_ITEM]
12-01 09:14:48.056 1508 1754 I commit_sys_config_file: [settings-1-0,5]
12-01 09:14:48.351 0 0 I auditd : type=1400 audit(0.0:20555): avc: denied { kill } for comm="swapper/3" capability=5 scontext=u:r:kernel:s0 tcontext=u:r:kernel:s0 tclass=capability permissive=0
12-01 09:14:49.351 0 0 I auditd : type=1400 audit(0.0:20556): avc: denied { kill } for comm="swapper/3" capability=5 scontext=u:r:kernel:s0 tcontext=u:r:kernel:s0 tclass=capability permissive=0
12-01 09:14:50.351 0 0 I auditd : type=1400 audit(0.0:20557): avc: denied { kill } for comm="swapper/3" capability=5 scontext=u:r:kernel:s0 tcontext=u:r:kernel:s0 tclass=capability permissive=0
12-01 09:14:51.033 1508 2005 I input_interaction: Interaction with: e9e80a1 com.android.launcher3/com.android.launcher3.uioverrides.QuickstepLauncher (server), 5ecd4a7 com.android.systemui.ImageWallpaper (server), edge-swipe (server), swipe-up (server), PointerEventDispatcher0 (server),
12-01 09:14:51.178 1508 4735 I wm_task_moved: [353,1,6]
12-01 09:14:51.179 1508 4735 I wm_focused_root_task: [0,0,353,1,bringingFoundTaskToFront]
12-01 09:14:51.180 1508 4735 I wm_set_resumed_activity: [0,com.android.deskclock/.DeskClock,bringingFoundTaskToFront]
12-01 09:14:51.183 1508 4735 I wm_relaunch_resume_activity: [0,244529487,353,com.android.deskclock/.DeskClock]
12-01 09:14:51.185 1508 4735 I wm_set_resumed_activity: [0,com.android.deskclock/.DeskClock,resumeTopActivityInnerLocked]
12-01 09:14:51.187 1508 4735 I wm_resume_activity: [0,244529487,353,com.android.deskclock/.DeskClock]
12-01 09:14:51.189 1508 4735 I wm_finish_activity: [0,244529487,353,com.android.deskclock/.DeskClock,clear-task-all]
12-01 09:14:51.190 1508 4735 I wm_pause_activity: [0,244529487,com.android.deskclock/.DeskClock,userLeaving=false,finish]
12-01 09:14:51.194 1508 4735 I wm_task_moved: [353,1,6]
12-01 09:14:51.195 1508 4735 I wm_create_activity: [0,181117724,353,com.android.deskclock/.DeskClock,NULL,NULL,NULL,272662528]
12-01 09:14:51.206 2822 2822 I wm_on_top_resumed_lost_called: [103113767,com.android.launcher3.uioverrides.QuickstepLauncher,topStateChangedWhenResumed]
12-01 09:14:51.218 30186 30186 I wm_on_destroy_called: [244529487,com.android.deskclock.DeskClock,performDestroy]
12-01 09:14:51.244 1508 1603 I wm_task_created: [354,-1]
12-01 09:14:51.245 1508 1603 I wm_finish_activity: [0,181117724,353,com.android.deskclock/.DeskClock,app-request]
12-01 09:14:51.245 1508 1603 I wm_task_moved: [1,1,7]
12-01 09:14:51.245 1508 1603 I wm_set_resumed_activity: [0,com.android.launcher3/.uioverrides.QuickstepLauncher,positionChildAt]
12-01 09:14:51.245 1508 1603 I wm_task_moved: [10,1,2147483647]
12-01 09:14:51.245 1508 1603 I wm_task_to_front: [0,10]
12-01 09:14:51.245 1508 1603 I wm_focused_root_task: [0,0,1,-1,finish-top adjustFocusToNextFocusableTask]
12-01 09:14:51.245 1508 1603 I wm_set_resumed_activity: [0,com.android.launcher3/.uioverrides.QuickstepLauncher,finish-top]
12-01 09:14:51.246 1508 1603 I wm_destroy_activity: [0,181117724,353,com.android.deskclock/.DeskClock,finish-imm:finishIfPossible]
12-01 09:14:51.249 1508 1603 I wm_task_moved: [354,1,7]
12-01 09:14:51.249 1508 1603 I wm_task_to_front: [0,354]
12-01 09:14:51.249 1508 1603 I wm_focused_root_task: [0,0,354,1,reuseOrNewTask]
12-01 09:14:51.249 1508 1603 I wm_create_task: [0,354]
12-01 09:14:51.249 1508 1603 I wm_create_activity: [0,246174881,354,com.android.permissioncontroller/.permission.ui.GrantPermissionsActivity,android.content.pm.action.REQUEST_PERMISSIONS,NULL,NULL,276824064]
12-01 09:14:51.249 1508 1603 I wm_task_moved: [354,1,7]
12-01 09:14:51.252 2822 2822 I wm_on_top_resumed_gained_called: [103113767,com.android.launcher3.uioverrides.QuickstepLauncher,topStateChangedWhenResumed]
12-01 09:14:51.252 2822 2822 I wm_on_top_resumed_lost_called: [103113767,com.android.launcher3.uioverrides.QuickstepLauncher,topStateChangedWhenResumed]
12-01 09:14:51.252 1508 1637 I input_focus: [Focus request e9e80a1 com.android.launcher3/com.android.launcher3.uioverrides.QuickstepLauncher,reason=UpdateInputWindows]
12-01 09:14:51.262 30186 30186 I wm_on_create_called: [244529487,com.android.deskclock.DeskClock,performCreate]
12-01 09:14:51.284 30186 30186 I wm_on_start_called: [244529487,com.android.deskclock.DeskClock,handleStartActivity]
12-01 09:14:51.285 30186 30186 I wm_on_resume_called: [244529487,com.android.deskclock.DeskClock,RESUME_ACTIVITY]
12-01 09:14:51.329 30186 30186 I wm_on_paused_called: [244529487,com.android.deskclock.DeskClock,performPause]
12-01 09:14:51.331 1508 2470 I wm_add_to_stopping: [0,244529487,com.android.deskclock/.DeskClock,completeFinishing]
12-01 09:14:51.334 1508 2470 I wm_restart_activity: [0,246174881,354,com.android.permissioncontroller/.permission.ui.GrantPermissionsActivity]
12-01 09:14:51.336 1508 2470 I wm_set_resumed_activity: [0,com.android.permissioncontroller/.permission.ui.GrantPermissionsActivity,minimalResumeActivityLocked]
12-01 09:14:51.338 1508 1636 I wm_destroy_activity: [0,244529487,353,com.android.deskclock/.DeskClock,finish-imm:idle]
12-01 09:14:51.341 1508 1636 I sysui_multi_action: [757,803,799,window_time_0,802,3]
12-01 09:14:51.350 1508 7139 I wm_finish_activity: [0,246174881,354,com.android.permissioncontroller/.permission.ui.GrantPermissionsActivity,app-request]
12-01 09:14:51.350 1508 7139 I wm_task_moved: [1,1,7]
12-01 09:14:51.350 1508 7139 I wm_set_resumed_activity: [0,com.android.launcher3/.uioverrides.QuickstepLauncher,positionChildAt]
12-01 09:14:51.350 1508 7139 I wm_task_moved: [10,1,2147483647]
12-01 09:14:51.350 1508 7139 I wm_task_to_front: [0,10]
12-01 09:14:51.351 1508 7139 I wm_focused_root_task: [0,0,1,-1,finish-top adjustFocusToNextFocusableTask]
12-01 09:14:51.351 1508 7139 I wm_set_resumed_activity: [0,com.android.launcher3/.uioverrides.QuickstepLauncher,finish-top]
12-01 09:14:51.351 1508 7139 I wm_pause_activity: [0,246174881,com.android.permissioncontroller/.permission.ui.GrantPermissionsActivity,userLeaving=false,finish]
12-01 09:14:51.355 29601 29601 I wm_on_create_called: [246174881,com.android.permissioncontroller.permission.ui.GrantPermissionsActivity,performCreate]
12-01 09:14:51.355 1508 1637 I input_focus: [Focus request e9e80a1 com.android.launcher3/com.android.launcher3.uioverrides.QuickstepLauncher,reason=UpdateInputWindows]
12-01 09:14:51.357 1508 1636 I sysui_multi_action: [757,1144,758,8,806,com.android.permissioncontroller,871,com.android.permissioncontroller.permission.ui.GrantPermissionsActivity]
12-01 09:14:51.358 2822 2822 I wm_on_top_resumed_gained_called: [103113767,com.android.launcher3.uioverrides.QuickstepLauncher,topStateChangedWhenResumed]
12-01 09:14:51.360 1508 5207 I wm_destroy_activity: [0,246174881,354,com.android.permissioncontroller/.permission.ui.GrantPermissionsActivity,finish-imm:completePausedLocked]
12-01 09:14:51.365 29601 29601 I wm_on_destroy_called: [246174881,com.android.permissioncontroller.permission.ui.GrantPermissionsActivity,performDestroy]
12-01 09:14:51.368 1508 1636 I sysui_multi_action: [757,803,799,window_time_2,802,0]
12-01 09:14:51.369 1508 5207 I wm_task_removed: [354,removeChild:removeChild last r=ActivityRecord{eac54a1 u0 com.android.permissioncontroller/.permission.ui.GrantPermissionsActivity t-1 f}} in t=Task{e7dd508 #354 type=standard A=10065:com.android.deskclock U=0 visible=false mode=freeform translucent=true sz=0}]
12-01 09:14:51.369 1508 5207 I wm_task_removed: [354,removeChild]
12-01 09:14:51.374 30186 30186 I wm_on_stop_called: [244529487,com.android.deskclock.DeskClock,LIFECYCLER_STOP_ACTIVITY]
12-01 09:14:51.379 30186 30186 I wm_on_destroy_called: [244529487,com.android.deskclock.DeskClock,performDestroy]
12-01 09:14:51.385 1508 4735 I wm_task_removed: [353,removeChild:removeChild last r=ActivityRecord{e93394f u0 com.android.deskclock/.DeskClock t-1 f}} in t=Task{4e221b0 #353 type=standard A=10065:com.android.deskclock U=0 visible=false mode=freeform translucent=true sz=0}]
12-01 09:14:51.385 1508 4735 I wm_task_removed: [353,removeChild]
12-01 09:14:52.351 0 0 I auditd : type=1400 audit(0.0:20558): avc: denied { kill } for comm="swapper/3" capability=5 scontext=u:r:kernel:s0 tcontext=u:r:kernel:s0 tclass=capability permissive=0
12-01 09:14:53.351 0 0 I auditd : type=1400 audit(0.0:20559): avc: denied { kill } for comm="swapper/3" capability=5 scontext=u:r:kernel:s0 tcontext=u:r:kernel:s0 tclass=capability permissive=0
12-01 09:14:54.351 0 0 I auditd : type=1400 audit(0.0:20560): avc: denied { kill } for comm="swapper/3" capability=5 scontext=u:r:kernel:s0 tcontext=u:r:kernel:s0 tclass=capability permissive=0
12-01 09:14:55.351 0 0 I auditd : type=1400 audit(0.0:20561): avc: denied { kill } for comm="swapper/3" capability=5 scontext=u:r:kernel:s0 tcontext=u:r:kernel:s0 tclass=capability permissive=0
12-01 09:14:56.351 0 0 I auditd : type=1400 audit(0.0:20562): avc: denied { kill } for comm="swapper/3" capability=5 scontext=u:r:kernel:s0 tcontext=u:r:kernel:s0 tclass=capability permissive=0
12-01 09:14:57.351 0 0 I auditd : type=1400 audit(0.0:20563): avc: denied { kill } for comm="swapper/3" capability=5 scontext=u:r:kernel:s0 tcontext=u:r:kernel:s0 tclass=capability permissive=0
12-01 09:14:58.351 0 0 I auditd : type=1400 audit(0.0:20564): avc: denied { kill } for comm="swapper/3" capability=5 scontext=u:r:kernel:s0 tcontext=u:r:kernel:s0 tclass=capability permissive=0
12-01 09:14:59.351 0 0 I auditd : type=1400 audit(0.0:20565): avc: denied { kill } for comm="swapper/3" capability=5 scontext=u:r:kernel:s0 tcontext=u:r:kernel:s0 tclass=capability permissive=0
12-01 09:15:00.351 0 0 I auditd : type=1400 audit(0.0:20566): avc: denied { kill } for comm="swapper/3" capability=5 scontext=u:r:kernel:s0 tcontext=u:r:kernel:s0 tclass=capability permissive=0
12-01 09:15:01.351 0 0 I auditd : type=1400 audit(0.0:20567): avc: denied { kill } for comm="swapper/3" capability=5 scontext=u:r:kernel:s0 tcontext=u:r:kernel:s0 tclass=capability permissive=0
12-01 09:15:02.351 0 0 I auditd : type=1400 audit(0.0:20568): avc: denied { kill } for comm="swapper/3" capability=5 scontext=u:r:kernel:s0 tcontext=u:r:kernel:s0 tclass=capability permissive=0
12-01 09:15:03.220 1508 1768 I am_freeze: [29518,com.qualcomm.qti.qccauthmgr]
12-01 09:15:03.222 1508 1768 I am_kill : [0,29518,com.qualcomm.qti.qccauthmgr,935,Unable to freeze binder interface]
12-01 09:15:03.258 1508 2470 I am_proc_died: [0,29518,com.qualcomm.qti.qccauthmgr,935,19]
12-01 09:15:03.259 1508 2470 I am_uid_stopped: 10088
12-01 09:15:03.351 0 0 I auditd : type=1400 audit(0.0:20569): avc: denied { kill } for comm="swapper/3" capability=5 scontext=u:r:kernel:s0 tcontext=u:r:kernel:s0 tclass=capability permissive=0
12-01 09:15:04.351 0 0 I auditd : type=1400 audit(0.0:20570): avc: denied { kill } for comm="swapper/3" capability=5 scontext=u:r:kernel:s0 tcontext=u:r:kernel:s0 tclass=capability permissive=0
12-01 09:15:05.351 0 0 I auditd : type=1400 audit(0.0:20571): avc: denied { kill } for comm="swapper/3" capability=5 scontext=u:r:kernel:s0 tcontext=u:r:kernel:s0 tclass=capability permissive=0
12-01 09:15:06.323 1508 1508 I notification_enqueue: [10097,9319,com.github.uiautomator,1,NULL,0,Notification(channel=monitor service shortcut=null contentView=null vibrate=null sound=null tick defaults=0x0 flags=0x40 color=0x00000000 vis=PRIVATE),1]
12-01 09:15:06.351 0 0 I auditd : type=1400 audit(0.0:20572): avc: denied { kill } for comm="swapper/3" capability=5 scontext=u:r:kernel:s0 tcontext=u:r:kernel:s0 tclass=capability permissive=0
12-01 09:15:07.351 0 0 I auditd : type=1400 audit(0.0:20573): avc: denied { kill } for comm="swapper/3" capability=5 scontext=u:r:kernel:s0 tcontext=u:r:kernel:s0 tclass=capability permissive=0
12-01 09:15:08.351 0 0 I auditd : type=1400 audit(0.0:20574): avc: denied { kill } for comm="swapper/3" capability=5 scontext=u:r:kernel:s0 tcontext=u:r:kernel:s0 tclass=capability permissive=0
12-01 09:15:09.351 0 0 I auditd : type=1400 audit(0.0:20575): avc: denied { kill } for comm="swapper/3" capability=5 scontext=u:r:kernel:s0 tcontext=u:r:kernel:s0 tclass=capability permissive=0
12-01 09:15:10.351 0 0 I auditd : type=1400 audit(0.0:20576): avc: denied { kill } for comm="swapper/3" capability=5 scontext=u:r:kernel:s0 tcontext=u:r:kernel:s0 tclass=capability permissive=0
12-01 09:15:11.351 0 0 I auditd : type=1400 audit(0.0:20577): avc: denied { kill } for comm="swapper/3" capability=5 scontext=u:r:kernel:s0 tcontext=u:r:kernel:s0 tclass=capability permissive=0
12-01 09:15:12.351 0 0 I auditd : type=1400 audit(0.0:20578): avc: denied { kill } for comm="swapper/3" capability=5 scontext=u:r:kernel:s0 tcontext=u:r:kernel:s0 tclass=capability permissive=0
12-01 09:15:14.351 0 0 I auditd : type=1400 audit(0.0:20579): avc: denied { kill } for comm="swapper/2" capability=5 scontext=u:r:kernel:s0 tcontext=u:r:kernel:s0 tclass=capability permissive=0
12-01 09:15:15.351 0 0 I auditd : type=1400 audit(0.0:20580): avc: denied { kill } for comm="swapper/2" capability=5 scontext=u:r:kernel:s0 tcontext=u:r:kernel:s0 tclass=capability permissive=0
12-01 09:15:16.351 0 0 I auditd : type=1400 audit(0.0:20581): avc: denied { kill } for comm="swapper/2" capability=5 scontext=u:r:kernel:s0 tcontext=u:r:kernel:s0 tclass=capability permissive=0
12-01 09:15:17.351 0 0 I auditd : type=1400 audit(0.0:20582): avc: denied { kill } for comm="swapper/2" capability=5 scontext=u:r:kernel:s0 tcontext=u:r:kernel:s0 tclass=capability permissive=0
12-01 09:15:18.351 0 0 I auditd : type=1400 audit(0.0:20583): avc: denied { kill } for comm="swapper/2" capability=5 scontext=u:r:kernel:s0 tcontext=u:r:kernel:s0 tclass=capability permissive=0
12-01 09:15:19.351 0 0 I auditd : type=1400 audit(0.0:20584): avc: denied { kill } for comm="swapper/2" capability=5 scontext=u:r:kernel:s0 tcontext=u:r:kernel:s0 tclass=capability permissive=0
12-01 09:15:20.351 0 0 I auditd : type=1400 audit(0.0:20585): avc: denied { kill } for comm="swapper/2" capability=5 scontext=u:r:kernel:s0 tcontext=u:r:kernel:s0 tclass=capability permissive=0
12-01 09:15:21.351 0 0 I auditd : type=1400 audit(0.0:20586): avc: denied { kill } for comm="swapper/2" capability=5 scontext=u:r:kernel:s0 tcontext=u:r:kernel:s0 tclass=capability permissive=0
12-01 09:15:22.351 0 0 I auditd : type=1400 audit(0.0:20587): avc: denied { kill } for comm="swapper/2" capability=5 scontext=u:r:kernel:s0 tcontext=u:r:kernel:s0 tclass=capability permissive=0
12-01 09:15:23.351 0 0 I auditd : type=1400 audit(0.0:20588): avc: denied { kill } for comm="swapper/2" capability=5 scontext=u:r:kernel:s0 tcontext=u:r:kernel:s0 tclass=capability permissive=0
12-01 09:15:24.351 0 0 I auditd : type=1400 audit(0.0:20589): avc: denied { kill } for comm="swapper/2" capability=5 scontext=u:r:kernel:s0 tcontext=u:r:kernel:s0 tclass=capability permissive=0
12-01 09:15:25.351 0 0 I auditd : type=1400 audit(0.0:20590): avc: denied { kill } for comm="swapper/2" capability=5 scontext=u:r:kernel:s0 tcontext=u:r:kernel:s0 tclass=capability permissive=0
12-01 09:15:26.351 0 0 I auditd : type=1400 audit(0.0:20591): avc: denied { kill } for comm="swapper/2" capability=5 scontext=u:r:kernel:s0 tcontext=u:r:kernel:s0 tclass=capability permissive=0
12-01 09:15:27.351 0 0 I auditd : type=1400 audit(0.0:20592): avc: denied { kill } for comm="swapper/2" capability=5 scontext=u:r:kernel:s0 tcontext=u:r:kernel:s0 tclass=capability permissive=0
12-01 09:15:28.351 0 0 I auditd : type=1400 audit(0.0:20593): avc: denied { kill } for comm="swapper/2" capability=5 scontext=u:r:kernel:s0 tcontext=u:r:kernel:s0 tclass=capability permissive=0
12-01 09:15:29.351 0 0 I auditd : type=1400 audit(0.0:20594): avc: denied { kill } for comm="swapper/2" capability=5 scontext=u:r:kernel:s0 tcontext=u:r:kernel:s0 tclass=capability permissive=0
12-01 09:15:29.994 1508 1768 I am_freeze: [30185,com.android.settings]
12-01 09:15:29.995 1508 1768 I am_freeze: [30187,com.android.soundrecorder]
12-01 09:15:29.996 1508 1768 I am_kill : [0,30185,com.android.settings,935,Unable to freeze binder interface]
12-01 09:15:29.998 1508 1768 I am_kill : [0,30187,com.android.soundrecorder,935,Unable to freeze binder interface]
12-01 09:15:30.032 1508 2470 I am_proc_died: [0,30185,com.android.settings,935,19]
12-01 09:15:30.037 1508 5207 I am_proc_died: [0,30187,com.android.soundrecorder,935,19]
12-01 09:15:30.037 1508 5207 I am_uid_stopped: 10061
12-01 09:15:30.046 1508 1647 I am_pss : [30865,10064,com.android.gallery3d,7663616,5296128,0,92778496,0,19,7]
12-01 09:15:30.046 1508 1636 I am_uid_running: 10061
12-01 09:15:30.063 1508 1649 I am_proc_start: [0,30958,1000,com.android.settings,NULL,]
12-01 09:15:30.077 1508 1649 I am_proc_start: [0,30959,10061,com.android.soundrecorder,NULL,]
12-01 09:15:30.101 1508 2470 I am_proc_bound: [0,30958,com.android.settings]
12-01 09:15:30.109 1508 5207 I am_proc_bound: [0,30959,com.android.soundrecorder]
12-01 09:15:30.351 0 0 I auditd : type=1400 audit(0.0:20595): avc: denied { kill } for comm="swapper/2" capability=5 scontext=u:r:kernel:s0 tcontext=u:r:kernel:s0 tclass=capability permissive=0
12-01 09:15:32.351 0 0 I auditd : type=1400 audit(0.0:20596): avc: denied { kill } for comm="swapper/2" capability=5 scontext=u:r:kernel:s0 tcontext=u:r:kernel:s0 tclass=capability permissive=0
12-01 09:15:33.351 0 0 I auditd : type=1400 audit(0.0:20597): avc: denied { kill } for comm="swapper/2" capability=5 scontext=u:r:kernel:s0 tcontext=u:r:kernel:s0 tclass=capability permissive=0
12-01 09:15:34.351 0 0 I auditd : type=1400 audit(0.0:20598): avc: denied { kill } for comm="swapper/2" capability=5 scontext=u:r:kernel:s0 tcontext=u:r:kernel:s0 tclass=capability permissive=0
12-01 09:15:34.758 1508 1648 I am_uid_idle: 10042
12-01 09:15:35.351 0 0 I auditd : type=1400 audit(0.0:20599): avc: denied { kill } for comm="swapper/2" capability=5 scontext=u:r:kernel:s0 tcontext=u:r:kernel:s0 tclass=capability permissive=0
12-01 09:15:36.351 0 0 I auditd : type=1400 audit(0.0:20600): avc: denied { kill } for comm="swapper/2" capability=5 scontext=u:r:kernel:s0 tcontext=u:r:kernel:s0 tclass=capability permissive=0
12-01 09:15:36.493 1508 1508 I notification_enqueue: [10097,9319,com.github.uiautomator,1,NULL,0,Notification(channel=monitor service shortcut=null contentView=null vibrate=null sound=null tick defaults=0x0 flags=0x40 color=0x00000000 vis=PRIVATE),1]
12-01 09:15:37.351 0 0 I auditd : type=1400 audit(0.0:20601): avc: denied { kill } for comm="swapper/2" capability=5 scontext=u:r:kernel:s0 tcontext=u:r:kernel:s0 tclass=capability permissive=0
12-01 09:15:38.351 0 0 I auditd : type=1400 audit(0.0:20602): avc: denied { kill } for comm="swapper/2" capability=5 scontext=u:r:kernel:s0 tcontext=u:r:kernel:s0 tclass=capability permissive=0
12-01 09:15:39.351 0 0 I auditd : type=1400 audit(0.0:20603): avc: denied { kill } for comm="swapper/2" capability=5 scontext=u:r:kernel:s0 tcontext=u:r:kernel:s0 tclass=capability permissive=0
12-01 09:15:40.351 0 0 I auditd : type=1400 audit(0.0:20604): avc: denied { kill } for comm="swapper/2" capability=5 scontext=u:r:kernel:s0 tcontext=u:r:kernel:s0 tclass=capability permissive=0
12-01 09:15:41.351 0 0 I auditd : type=1400 audit(0.0:20605): avc: denied { kill } for comm="swapper/2" capability=5 scontext=u:r:kernel:s0 tcontext=u:r:kernel:s0 tclass=capability permissive=0
12-01 09:15:42.351 0 0 I auditd : type=1400 audit(0.0:20606): avc: denied { kill } for comm="swapper/2" capability=5 scontext=u:r:kernel:s0 tcontext=u:r:kernel:s0 tclass=capability permissive=0
12-01 09:15:43.351 0 0 I auditd : type=1400 audit(0.0:20607): avc: denied { kill } for comm="swapper/2" capability=5 scontext=u:r:kernel:s0 tcontext=u:r:kernel:s0 tclass=capability permissive=0
12-01 09:15:44.182 1508 1666 I sysui_multi_action: [757,1696,758,6,759,2]
12-01 09:15:44.189 1508 1648 I am_wtf : [0,1508,system_server,-1,DisplayDeviceConfig,requesting nits when no mapping exists.]
12-01 09:15:44.192 1508 1648 I am_wtf : [0,1508,system_server,-1,DisplayDeviceConfig,requesting nits when no mapping exists.]
12-01 09:15:44.205 1508 1648 I am_wtf : [0,1508,system_server,-1,DisplayDeviceConfig,requesting nits when no mapping exists.]
12-01 09:15:44.207 1508 1648 I am_wtf : [0,1508,system_server,-1,DisplayDeviceConfig,requesting nits when no mapping exists.]
12-01 09:15:44.221 1508 1648 I am_wtf : [0,1508,system_server,-1,DisplayDeviceConfig,requesting nits when no mapping exists.]
12-01 09:15:44.223 1508 1648 I am_wtf : [0,1508,system_server,-1,DisplayDeviceConfig,requesting nits when no mapping exists.]
12-01 09:15:44.240 1508 1648 I am_wtf : [0,1508,system_server,-1,DisplayDeviceConfig,requesting nits when no mapping exists.]
12-01 09:15:44.241 1508 1648 I am_wtf : [0,1508,system_server,-1,DisplayDeviceConfig,requesting nits when no mapping exists.]
12-01 09:15:44.256 1508 1648 I am_wtf : [0,1508,system_server,-1,DisplayDeviceConfig,requesting nits when no mapping exists.]
12-01 09:15:44.257 1508 1648 I am_wtf : [0,1508,system_server,-1,DisplayDeviceConfig,requesting nits when no mapping exists.]
12-01 09:15:44.273 1508 1648 I am_wtf : [0,1508,system_server,-1,DisplayDeviceConfig,requesting nits when no mapping exists.]
12-01 09:15:44.274 1508 1648 I am_wtf : [0,1508,system_server,-1,DisplayDeviceConfig,requesting nits when no mapping exists.]
12-01 09:15:44.290 1508 1648 I am_wtf : [0,1508,system_server,-1,DisplayDeviceConfig,requesting nits when no mapping exists.]
12-01 09:15:44.290 1508 1648 I am_wtf : [0,1508,system_server,-1,DisplayDeviceConfig,requesting nits when no mapping exists.]
12-01 09:15:44.306 1508 1648 I am_wtf : [0,1508,system_server,-1,DisplayDeviceConfig,requesting nits when no mapping exists.]
12-01 09:15:44.307 1508 1648 I am_wtf : [0,1508,system_server,-1,DisplayDeviceConfig,requesting nits when no mapping exists.]
12-01 09:15:44.323 1508 1648 I am_wtf : [0,1508,system_server,-1,DisplayDeviceConfig,requesting nits when no mapping exists.]
12-01 09:15:44.324 1508 1648 I am_wtf : [0,1508,system_server,-1,DisplayDeviceConfig,requesting nits when no mapping exists.]
12-01 09:15:44.340 1508 1648 I am_wtf : [0,1508,system_server,-1,DisplayDeviceConfig,requesting nits when no mapping exists.]
12-01 09:15:44.340 1508 1648 I am_wtf : [0,1508,system_server,-1,DisplayDeviceConfig,requesting nits when no mapping exists.]
12-01 09:15:44.351 0 0 I auditd : type=1400 audit(0.0:20608): avc: denied { kill } for comm="swapper/2" capability=5 scontext=u:r:kernel:s0 tcontext=u:r:kernel:s0 tclass=capability permissive=0
12-01 09:15:44.356 1508 1648 I am_wtf : [0,1508,system_server,-1,DisplayDeviceConfig,requesting nits when no mapping exists.]
12-01 09:15:44.357 1508 1648 I am_wtf : [0,1508,system_server,-1,DisplayDeviceConfig,requesting nits when no mapping exists.]
12-01 09:15:44.373 1508 1648 I am_wtf : [0,1508,system_server,-1,DisplayDeviceConfig,requesting nits when no mapping exists.]
12-01 09:15:44.374 1508 1648 I am_wtf : [0,1508,system_server,-1,DisplayDeviceConfig,requesting nits when no mapping exists.]
12-01 09:15:44.390 1508 1648 I am_wtf : [0,1508,system_server,-1,DisplayDeviceConfig,requesting nits when no mapping exists.]
12-01 09:15:44.391 1508 1648 I am_wtf : [0,1508,system_server,-1,DisplayDeviceConfig,requesting nits when no mapping exists.]
12-01 09:15:44.406 1508 1648 I am_wtf : [0,1508,system_server,-1,DisplayDeviceConfig,requesting nits when no mapping exists.]
12-01 09:15:44.407 1508 1648 I am_wtf : [0,1508,system_server,-1,DisplayDeviceConfig,requesting nits when no mapping exists.]
12-01 09:15:44.423 1508 1648 I am_wtf : [0,1508,system_server,-1,DisplayDeviceConfig,requesting nits when no mapping exists.]
12-01 09:15:44.424 1508 1648 I am_wtf : [0,1508,system_server,-1,DisplayDeviceConfig,requesting nits when no mapping exists.]
12-01 09:15:44.440 1508 1648 I am_wtf : [0,1508,system_server,-1,DisplayDeviceConfig,requesting nits when no mapping exists.]
12-01 09:15:44.441 1508 1648 I am_wtf : [0,1508,system_server,-1,DisplayDeviceConfig,requesting nits when no mapping exists.]
12-01 09:15:44.457 1508 1648 I am_wtf : [0,1508,system_server,-1,DisplayDeviceConfig,requesting nits when no mapping exists.]
12-01 09:15:44.458 1508 1648 I am_wtf : [0,1508,system_server,-1,DisplayDeviceConfig,requesting nits when no mapping exists.]
12-01 09:15:44.473 1508 1648 I am_wtf : [0,1508,system_server,-1,DisplayDeviceConfig,requesting nits when no mapping exists.]
12-01 09:15:44.474 1508 1648 I am_wtf : [0,1508,system_server,-1,DisplayDeviceConfig,requesting nits when no mapping exists.]
12-01 09:15:44.491 1508 1648 I am_wtf : [0,1508,system_server,-1,DisplayDeviceConfig,requesting nits when no mapping exists.]
12-01 09:15:44.493 1508 1648 I am_wtf : [0,1508,system_server,-1,DisplayDeviceConfig,requesting nits when no mapping exists.]
12-01 09:15:44.506 1508 1648 I am_wtf : [0,1508,system_server,-1,DisplayDeviceConfig,requesting nits when no mapping exists.]
12-01 09:15:44.507 1508 1648 I am_wtf : [0,1508,system_server,-1,DisplayDeviceConfig,requesting nits when no mapping exists.]
12-01 09:15:44.523 1508 1648 I am_wtf : [0,1508,system_server,-1,DisplayDeviceConfig,requesting nits when no mapping exists.]
12-01 09:15:44.524 1508 1648 I am_wtf : [0,1508,system_server,-1,DisplayDeviceConfig,requesting nits when no mapping exists.]
12-01 09:15:44.540 1508 1648 I am_wtf : [0,1508,system_server,-1,DisplayDeviceConfig,requesting nits when no mapping exists.]
12-01 09:15:44.541 1508 1648 I am_wtf : [0,1508,system_server,-1,DisplayDeviceConfig,requesting nits when no mapping exists.]
12-01 09:15:44.557 1508 1648 I am_wtf : [0,1508,system_server,-1,DisplayDeviceConfig,requesting nits when no mapping exists.]
12-01 09:15:44.557 1508 1648 I am_wtf : [0,1508,system_server,-1,DisplayDeviceConfig,requesting nits when no mapping exists.]
12-01 09:15:44.573 1508 1648 I am_wtf : [0,1508,system_server,-1,DisplayDeviceConfig,requesting nits when no mapping exists.]
12-01 09:15:44.574 1508 1648 I am_wtf : [0,1508,system_server,-1,DisplayDeviceConfig,requesting nits when no mapping exists.]
12-01 09:15:44.590 1508 1648 I am_wtf : [0,1508,system_server,-1,DisplayDeviceConfig,requesting nits when no mapping exists.]
12-01 09:15:44.591 1508 1648 I am_wtf : [0,1508,system_server,-1,DisplayDeviceConfig,requesting nits when no mapping exists.]
12-01 09:15:44.607 1508 1648 I am_wtf : [0,1508,system_server,-1,DisplayDeviceConfig,requesting nits when no mapping exists.]
12-01 09:15:44.607 1508 1648 I am_wtf : [0,1508,system_server,-1,DisplayDeviceConfig,requesting nits when no mapping exists.]
12-01 09:15:44.623 1508 1648 I am_wtf : [0,1508,system_server,-1,DisplayDeviceConfig,requesting nits when no mapping exists.]
12-01 09:15:44.624 1508 1648 I am_wtf : [0,1508,system_server,-1,DisplayDeviceConfig,requesting nits when no mapping exists.]
12-01 09:15:44.640 1508 1648 I am_wtf : [0,1508,system_server,-1,DisplayDeviceConfig,requesting nits when no mapping exists.]
12-01 09:15:44.641 1508 1648 I am_wtf : [0,1508,system_server,-1,DisplayDeviceConfig,requesting nits when no mapping exists.]
12-01 09:15:44.657 1508 1648 I am_wtf : [0,1508,system_server,-1,DisplayDeviceConfig,requesting nits when no mapping exists.]
12-01 09:15:44.658 1508 1648 I am_wtf : [0,1508,system_server,-1,DisplayDeviceConfig,requesting nits when no mapping exists.]
12-01 09:15:44.673 1508 1648 I am_wtf : [0,1508,system_server,-1,DisplayDeviceConfig,requesting nits when no mapping exists.]
12-01 09:15:44.674 1508 1648 I am_wtf : [0,1508,system_server,-1,DisplayDeviceConfig,requesting nits when no mapping exists.]
12-01 09:15:44.691 1508 1648 I am_wtf : [0,1508,system_server,-1,DisplayDeviceConfig,requesting nits when no mapping exists.]
12-01 09:15:44.691 1508 1648 I am_wtf : [0,1508,system_server,-1,DisplayDeviceConfig,requesting nits when no mapping exists.]
12-01 09:15:44.707 1508 1648 I am_wtf : [0,1508,system_server,-1,DisplayDeviceConfig,requesting nits when no mapping exists.]
12-01 09:15:44.707 1508 1648 I am_wtf : [0,1508,system_server,-1,DisplayDeviceConfig,requesting nits when no mapping exists.]
12-01 09:15:44.724 1508 1648 I am_wtf : [0,1508,system_server,-1,DisplayDeviceConfig,requesting nits when no mapping exists.]
12-01 09:15:44.725 1508 1648 I am_wtf : [0,1508,system_server,-1,DisplayDeviceConfig,requesting nits when no mapping exists.]
12-01 09:15:44.740 1508 1648 I am_wtf : [0,1508,system_server,-1,DisplayDeviceConfig,requesting nits when no mapping exists.]
12-01 09:15:44.741 1508 1648 I am_wtf : [0,1508,system_server,-1,DisplayDeviceConfig,requesting nits when no mapping exists.]
12-01 09:15:44.757 1508 1648 I am_wtf : [0,1508,system_server,-1,DisplayDeviceConfig,requesting nits when no mapping exists.]
12-01 09:15:44.758 1508 1648 I am_wtf : [0,1508,system_server,-1,DisplayDeviceConfig,requesting nits when no mapping exists.]
12-01 09:15:44.774 1508 1648 I am_wtf : [0,1508,system_server,-1,DisplayDeviceConfig,requesting nits when no mapping exists.]
12-01 09:15:44.775 1508 1648 I am_wtf : [0,1508,system_server,-1,DisplayDeviceConfig,requesting nits when no mapping exists.]
12-01 09:15:44.775 1508 1648 I service_manager_stats: [100,56,68387]
12-01 09:15:44.790 1508 1648 I am_wtf : [0,1508,system_server,-1,DisplayDeviceConfig,requesting nits when no mapping exists.]
12-01 09:15:44.791 1508 1648 I am_wtf : [0,1508,system_server,-1,DisplayDeviceConfig,requesting nits when no mapping exists.]
12-01 09:15:44.807 1508 1648 I am_wtf : [0,1508,system_server,-1,DisplayDeviceConfig,requesting nits when no mapping exists.]
12-01 09:15:44.808 1508 1648 I am_wtf : [0,1508,system_server,-1,DisplayDeviceConfig,requesting nits when no mapping exists.]
12-01 09:15:44.824 1508 1648 I am_wtf : [0,1508,system_server,-1,DisplayDeviceConfig,requesting nits when no mapping exists.]
12-01 09:15:44.826 1508 1648 I am_wtf : [0,1508,system_server,-1,DisplayDeviceConfig,requesting nits when no mapping exists.]
12-01 09:15:44.841 1508 1648 I am_wtf : [0,1508,system_server,-1,DisplayDeviceConfig,requesting nits when no mapping exists.]
12-01 09:15:44.843 1508 1648 I am_wtf : [0,1508,system_server,-1,DisplayDeviceConfig,requesting nits when no mapping exists.]
12-01 09:15:44.858 1508 1648 I am_wtf : [0,1508,system_server,-1,DisplayDeviceConfig,requesting nits when no mapping exists.]
12-01 09:15:44.860 1508 1648 I am_wtf : [0,1508,system_server,-1,DisplayDeviceConfig,requesting nits when no mapping exists.]
12-01 09:15:44.874 1508 1648 I am_wtf : [0,1508,system_server,-1,DisplayDeviceConfig,requesting nits when no mapping exists.]
12-01 09:15:44.875 1508 1648 I am_wtf : [0,1508,system_server,-1,DisplayDeviceConfig,requesting nits when no mapping exists.]
12-01 09:15:44.890 1508 1648 I am_wtf : [0,1508,system_server,-1,DisplayDeviceConfig,requesting nits when no mapping exists.]
12-01 09:15:44.891 1508 1648 I am_wtf : [0,1508,system_server,-1,DisplayDeviceConfig,requesting nits when no mapping exists.]
12-01 09:15:44.907 1508 1648 I am_wtf : [0,1508,system_server,-1,DisplayDeviceConfig,requesting nits when no mapping exists.]
12-01 09:15:44.909 1508 1648 I am_wtf : [0,1508,system_server,-1,DisplayDeviceConfig,requesting nits when no mapping exists.]
12-01 09:15:44.924 1508 1648 I am_wtf : [0,1508,system_server,-1,DisplayDeviceConfig,requesting nits when no mapping exists.]
12-01 09:15:44.925 1508 1648 I am_wtf : [0,1508,system_server,-1,DisplayDeviceConfig,requesting nits when no mapping exists.]
12-01 09:15:44.941 1508 1648 I am_wtf : [0,1508,system_server,-1,DisplayDeviceConfig,requesting nits when no mapping exists.]
12-01 09:15:44.942 1508 1648 I am_wtf : [0,1508,system_server,-1,DisplayDeviceConfig,requesting nits when no mapping exists.]
12-01 09:15:44.957 1508 1648 I am_wtf : [0,1508,system_server,-1,DisplayDeviceConfig,requesting nits when no mapping exists.]
12-01 09:15:44.958 1508 1648 I am_wtf : [0,1508,system_server,-1,DisplayDeviceConfig,requesting nits when no mapping exists.]
12-01 09:15:44.975 1508 1648 I am_wtf : [0,1508,system_server,-1,DisplayDeviceConfig,requesting nits when no mapping exists.]
12-01 09:15:44.975 1508 1648 I am_wtf : [0,1508,system_server,-1,DisplayDeviceConfig,requesting nits when no mapping exists.]
12-01 09:15:44.991 1508 1648 I am_wtf : [0,1508,system_server,-1,DisplayDeviceConfig,requesting nits when no mapping exists.]
12-01 09:15:44.992 1508 1648 I am_wtf : [0,1508,system_server,-1,DisplayDeviceConfig,requesting nits when no mapping exists.]
12-01 09:15:45.010 1508 1648 I am_wtf : [0,1508,system_server,-1,DisplayDeviceConfig,requesting nits when no mapping exists.]
12-01 09:15:45.012 1508 1648 I am_wtf : [0,1508,system_server,-1,DisplayDeviceConfig,requesting nits when no mapping exists.]
12-01 09:15:45.027 1508 1648 I am_wtf : [0,1508,system_server,-1,DisplayDeviceConfig,requesting nits when no mapping exists.]
12-01 09:15:45.028 1508 1648 I am_wtf : [0,1508,system_server,-1,DisplayDeviceConfig,requesting nits when no mapping exists.]
12-01 09:15:45.041 1508 1648 I am_wtf : [0,1508,system_server,-1,DisplayDeviceConfig,requesting nits when no mapping exists.]
12-01 09:15:45.043 1508 1648 I am_wtf : [0,1508,system_server,-1,DisplayDeviceConfig,requesting nits when no mapping exists.]
12-01 09:15:45.058 1508 1648 I am_wtf : [0,1508,system_server,-1,DisplayDeviceConfig,requesting nits when no mapping exists.]
12-01 09:15:45.060 1508 1648 I am_wtf : [0,1508,system_server,-1,DisplayDeviceConfig,requesting nits when no mapping exists.]
12-01 09:15:45.074 1508 1648 I am_wtf : [0,1508,system_server,-1,DisplayDeviceConfig,requesting nits when no mapping exists.]
12-01 09:15:45.075 1508 1648 I am_wtf : [0,1508,system_server,-1,DisplayDeviceConfig,requesting nits when no mapping exists.]
12-01 09:15:45.091 1508 1648 I am_wtf : [0,1508,system_server,-1,DisplayDeviceConfig,requesting nits when no mapping exists.]
12-01 09:15:45.092 1508 1648 I am_wtf : [0,1508,system_server,-1,DisplayDeviceConfig,requesting nits when no mapping exists.]
12-01 09:15:45.108 1508 1648 I am_wtf : [0,1508,system_server,-1,DisplayDeviceConfig,requesting nits when no mapping exists.]
12-01 09:15:45.110 1508 1648 I am_wtf : [0,1508,system_server,-1,DisplayDeviceConfig,requesting nits when no mapping exists.]
12-01 09:15:45.125 1508 1648 I am_wtf : [0,1508,system_server,-1,DisplayDeviceConfig,requesting nits when no mapping exists.]
12-01 09:15:45.127 1508 1648 I am_wtf : [0,1508,system_server,-1,DisplayDeviceConfig,requesting nits when no mapping exists.]
12-01 09:15:45.141 1508 1648 I am_wtf : [0,1508,system_server,-1,DisplayDeviceConfig,requesting nits when no mapping exists.]
12-01 09:15:45.142 1508 1648 I am_wtf : [0,1508,system_server,-1,DisplayDeviceConfig,requesting nits when no mapping exists.]
12-01 09:15:45.351 0 0 I auditd : type=1400 audit(0.0:20609): avc: denied { kill } for comm="swapper/2" capability=5 scontext=u:r:kernel:s0 tcontext=u:r:kernel:s0 tclass=capability permissive=0
12-01 09:15:46.351 0 0 I auditd : type=1400 audit(0.0:20610): avc: denied { kill } for comm="swapper/2" capability=5 scontext=u:r:kernel:s0 tcontext=u:r:kernel:s0 tclass=capability permissive=0
12-01 09:15:47.351 0 0 I auditd : type=1400 audit(0.0:20611): avc: denied { kill } for comm="swapper/2" capability=5 scontext=u:r:kernel:s0 tcontext=u:r:kernel:s0 tclass=capability permissive=0
12-01 09:15:49.351 0 0 I auditd : type=1400 audit(0.0:20612): avc: denied { kill } for comm="swapper/2" capability=5 scontext=u:r:kernel:s0 tcontext=u:r:kernel:s0 tclass=capability permissive=0
12-01 09:15:50.351 0 0 I auditd : type=1400 audit(0.0:20613): avc: denied { kill } for comm="swapper/2" capability=5 scontext=u:r:kernel:s0 tcontext=u:r:kernel:s0 tclass=capability permissive=0
12-01 09:15:51.179 1508 1633 I sysui_multi_action: [757,222,758,1]
12-01 09:15:51.181 1508 1633 I am_uid_active: 10042
12-01 09:15:51.189 1508 1647 I am_pss : [30959,10061,com.android.soundrecorder,5699584,3821568,0,88498176,0,19,7]
12-01 09:15:51.193 1508 6335 I wm_task_created: [355,-1]
12-01 09:15:51.197 1508 6335 I wm_task_moved: [355,1,6]
12-01 09:15:51.197 1508 6335 I wm_task_to_front: [0,355]
12-01 09:15:51.198 1508 6335 I wm_create_task: [0,355]
12-01 09:15:51.198 1508 6335 I wm_create_activity: [0,108394597,355,com.thundercomm.screensaver/android.service.dreams.DreamActivity,NULL,NULL,NULL,276824064]
12-01 09:15:51.198 1508 6335 I wm_task_moved: [355,1,6]
12-01 09:15:51.198 2822 2822 I wm_on_top_resumed_lost_called: [103113767,com.android.launcher3.uioverrides.QuickstepLauncher,topStateChangedWhenResumed]
12-01 09:15:51.200 1508 1647 I am_pss : [30958,1000,com.android.settings,20917248,13037568,0,111017984,0,19,9]
12-01 09:15:51.200 1508 6335 I wm_pause_activity: [0,103113767,com.android.launcher3/.uioverrides.QuickstepLauncher,userLeaving=true,pauseBackTasks]
12-01 09:15:51.204 2822 2822 I wm_on_paused_called: [103113767,com.android.launcher3.uioverrides.QuickstepLauncher,performPause]
12-01 09:15:51.208 1508 1647 I am_pss : [30037,10018,com.android.musicfx,5739520,3915776,0,89747456,0,19,6]
12-01 09:15:51.208 1508 6335 I wm_add_to_stopping: [0,103113767,com.android.launcher3/.uioverrides.QuickstepLauncher,makeInvisible]
12-01 09:15:51.209 1508 6335 I wm_restart_activity: [0,108394597,355,com.thundercomm.screensaver/android.service.dreams.DreamActivity]
12-01 09:15:51.210 1508 6335 I wm_set_resumed_activity: [0,com.thundercomm.screensaver/android.service.dreams.DreamActivity,minimalResumeActivityLocked]
12-01 09:15:51.215 1508 1636 I sysui_multi_action: [757,803,799,window_time_0,802,60]
12-01 09:15:51.222 19950 19950 I wm_on_create_called: [108394597,android.service.dreams.DreamActivity,performCreate]
12-01 09:15:51.223 19950 19950 I wm_on_start_called: [108394597,android.service.dreams.DreamActivity,handleStartActivity]
12-01 09:15:51.225 19950 19950 I wm_on_resume_called: [108394597,android.service.dreams.DreamActivity,RESUME_ACTIVITY]
12-01 09:15:51.228 1508 2005 I input_focus: [Focus leaving e9e80a1 com.android.launcher3/com.android.launcher3.uioverrides.QuickstepLauncher (server),reason=NO_WINDOW]
12-01 09:15:51.233 19950 19950 I wm_on_top_resumed_gained_called: [108394597,android.service.dreams.DreamActivity,topStateChangedWhenResumed]
12-01 09:15:51.263 1508 1637 I input_focus: [Focus request 2d2b5e1 com.thundercomm.screensaver/android.service.dreams.DreamActivity,reason=UpdateInputWindows]
12-01 09:15:51.267 1508 1508 I notification_enqueue: [10082,18856,com.android.systemui,2048,NULL,0,Notification(channel=updateNotification shortcut=null contentView=null vibrate=null sound=null defaults=0x0 flags=0x0 color=0x00000000 vis=PRIVATE),1]
12-01 09:15:51.267 18856 18856 I sysui_multi_action: [757,111,758,2]
12-01 09:15:51.268 18856 18856 I sysui_multi_action: [757,111,758,2]
12-01 09:15:51.280 1508 1633 I sysui_multi_action: [319,86,322,84,325,19369,757,761,758,8,759,2,806,com.thundercomm.screensaver,871,android.service.dreams.DreamActivity,904,com.thundercomm.screensaver,905,0,1320,8,1321,5]
12-01 09:15:51.281 1508 1633 I wm_activity_launch_time: [0,108394597,com.thundercomm.screensaver/android.service.dreams.DreamActivity,84]
12-01 09:15:51.284 1508 1666 I sysui_multi_action: [757,1696,758,6,759,3]
12-01 09:15:51.286 18856 18856 I sysui_multi_action: [757,111,758,1]
12-01 09:15:51.286 18856 18856 I sysui_multi_action: [757,126,758,1,759,126,927,0,928,1,1593,0]
12-01 09:15:51.286 18856 18856 I sysui_multi_action: [757,113,758,1,759,113,927,1,928,1,1593,0]
12-01 09:15:51.286 18856 18856 I sysui_multi_action: [757,0,758,1,759,0,927,2,928,0,1593,0]
