12-01 09:05:58.456 30186 30186 I wm_on_start_called: [220895057,com.android.deskclock.DeskClock,handleStartActivity]
12-01 09:05:58.457 30186 30186 I wm_on_resume_called: [220895057,com.android.deskclock.DeskClock,RESUME_ACTIVITY]
12-01 09:05:58.460 30186 30186 I wm_on_top_resumed_gained_called: [220895057,com.android.deskclock.DeskClock,topStateChangedWhenResumed]
12-01 09:05:58.460 30186 30186 I wm_on_top_resumed_lost_called: [220895057,com.android.deskclock.DeskClock,topStateChangedWhenResumed]
12-01 09:05:58.461 30186 30186 I wm_on_paused_called: [220895057,com.android.deskclock.DeskClock,performPause]
12-01 09:05:58.462 1508 6993 I wm_restart_activity: [0,265134116,333,com.android.permissioncontroller/.permission.ui.GrantPermissionsActivity]
12-01 09:05:58.463 1508 6993 I wm_set_resumed_activity: [0,com.android.permissioncontroller/.permission.ui.GrantPermissionsActivity,minimalResumeActivityLocked]
12-01 09:05:58.464 1508 1636 I sysui_multi_action: [757,803,799,window_time_0,802,1]
12-01 09:05:58.479 29601 29601 I wm_on_create_called: [265134116,com.android.permissioncontroller.permission.ui.GrantPermissionsActivity,performCreate]
12-01 09:05:58.479 29601 29601 I wm_on_start_called: [265134116,com.android.permissioncontroller.permission.ui.GrantPermissionsActivity,handleStartActivity]
12-01 09:05:58.479 29601 29601 I wm_on_resume_called: [265134116,com.android.permissioncontroller.permission.ui.GrantPermissionsActivity,RESUME_ACTIVITY]
12-01 09:05:58.481 29601 29601 I wm_on_top_resumed_gained_called: [265134116,com.android.permissioncontroller.permission.ui.GrantPermissionsActivity,topStateChangedWhenResumed]
12-01 09:05:58.497 1508 1637 I input_focus: [Focus request c112faf com.android.permissioncontroller/com.android.permissioncontroller.permission.ui.GrantPermissionsActivity,reason=UpdateInputWindows]
12-01 09:05:58.503 1508 2005 I input_focus: [Focus leaving e9e80a1 com.android.launcher3/com.android.launcher3.uioverrides.QuickstepLauncher (server),reason=Waiting for window because NOT_VISIBLE]
12-01 09:05:58.506 1508 8053 I wm_finish_activity: [0,265134116,333,com.android.permissioncontroller/.permission.ui.GrantPermissionsActivity,app-request]
12-01 09:05:58.508 1508 8053 I wm_pause_activity: [0,265134116,com.android.permissioncontroller/.permission.ui.GrantPermissionsActivity,userLeaving=false,finish]
12-01 09:05:58.511 29601 29601 I wm_on_top_resumed_lost_called: [265134116,com.android.permissioncontroller.permission.ui.GrantPermissionsActivity,topStateChangedWhenResumed]
12-01 09:05:58.513 29601 29601 I wm_on_paused_called: [265134116,com.android.permissioncontroller.permission.ui.GrantPermissionsActivity,performPause]
12-01 09:05:58.514 1508 3610 I wm_add_to_stopping: [0,265134116,com.android.permissioncontroller/.permission.ui.GrantPermissionsActivity,completeFinishing]
12-01 09:05:58.518 1508 3610 I wm_set_resumed_activity: [0,com.android.deskclock/.DeskClock,resumeTopActivityInnerLocked]
12-01 09:05:58.519 1508 3610 I wm_resume_activity: [0,220895057,333,com.android.deskclock/.DeskClock]
12-01 09:05:58.523 1508 1637 I input_focus: [Focus request 506d42 com.android.deskclock/com.android.deskclock.DeskClock,reason=UpdateInputWindows]
12-01 09:05:58.523 1508 1636 I sysui_multi_action: [757,803,799,window_time_2,802,0]
12-01 09:05:58.537 30186 30186 I wm_on_activity_result_called: [220895057,com.android.deskclock.DeskClock,ACTIVITY_RESULT]
12-01 09:05:58.538 30186 30186 I wm_on_resume_called: [220895057,com.android.deskclock.DeskClock,RESUME_ACTIVITY]
12-01 09:05:58.538 30186 30186 I wm_on_top_resumed_gained_called: [220895057,com.android.deskclock.DeskClock,topWhenResuming]
12-01 09:05:58.553 1508 2005 I input_focus: [Focus entering 506d42 com.android.deskclock/com.android.deskclock.DeskClock (server),reason=Window became focusable. Previous reason: NOT_VISIBLE]
12-01 09:05:58.826 1508 1636 I wm_destroy_activity: [0,265134116,333,com.android.permissioncontroller/.permission.ui.GrantPermissionsActivity,finish-imm:idle]
12-01 09:05:58.827 29601 29601 I wm_on_stop_called: [265134116,com.android.permissioncontroller.permission.ui.GrantPermissionsActivity,LIFECYCLER_STOP_ACTIVITY]
12-01 09:05:58.828 29601 29601 I wm_on_destroy_called: [265134116,com.android.permissioncontroller.permission.ui.GrantPermissionsActivity,performDestroy]
12-01 09:05:58.985 1508 2005 I input_interaction: Interaction with: e9e80a1 com.android.launcher3/com.android.launcher3.uioverrides.QuickstepLauncher (server), 5ecd4a7 com.android.systemui.ImageWallpaper (server), edge-swipe (server), swipe-up (server), PointerEventDispatcher0 (server),
12-01 09:05:59.051 2822 2822 I view_enqueue_input_event: [Motion - Cancel,com.android.launcher3/com.android.launcher3.uioverrides.QuickstepLauncher]
12-01 09:05:59.053 1508 2005 I input_interaction: Interaction with: edge-swipe (server), swipe-up (server), PointerEventDispatcher0 (server),
12-01 09:05:59.239 1508 3610 I wm_task_moved: [1,1,7]
12-01 09:05:59.242 1508 3610 I wm_set_resumed_activity: [0,com.android.launcher3/.uioverrides.QuickstepLauncher,positionChildAt]
12-01 09:05:59.242 30186 30186 I wm_on_top_resumed_lost_called: [220895057,com.android.deskclock.DeskClock,topStateChangedWhenResumed]
12-01 09:05:59.242 1508 3610 I wm_task_moved: [10,1,2147483647]
12-01 09:05:59.242 1508 3610 I wm_task_to_front: [0,10]
12-01 09:05:59.242 1508 3610 I wm_focused_root_task: [0,0,1,333,bringingFoundTaskToFront]
12-01 09:05:59.242 1508 3610 I wm_set_resumed_activity: [0,com.android.launcher3/.uioverrides.QuickstepLauncher,bringingFoundTaskToFront]
12-01 09:05:59.242 1508 3610 I wm_new_intent: [0,103113767,10,com.android.launcher3/.uioverrides.QuickstepLauncher,android.intent.action.MAIN,NULL,NULL,268435712]
12-01 09:05:59.243 1508 3610 I wm_task_moved: [1,1,7]
12-01 09:05:59.243 1508 3610 I wm_set_resumed_activity: [0,com.android.launcher3/.uioverrides.QuickstepLauncher,positionChildAt]
12-01 09:05:59.248 1508 1637 I input_focus: [Focus request e9e80a1 com.android.launcher3/com.android.launcher3.uioverrides.QuickstepLauncher,reason=UpdateInputWindows]
12-01 09:05:59.249 2822 2822 I wm_on_paused_called: [103113767,com.android.launcher3.uioverrides.QuickstepLauncher,performPause]
12-01 09:05:59.251 2822 2822 I wm_on_resume_called: [103113767,com.android.launcher3.uioverrides.QuickstepLauncher,LIFECYCLER_RESUME_ACTIVITY]
12-01 09:05:59.263 2822 2822 I wm_on_top_resumed_gained_called: [103113767,com.android.launcher3.uioverrides.QuickstepLauncher,topStateChangedWhenResumed]
12-01 09:05:59.272 1508 2005 I input_focus: [Focus leaving 506d42 com.android.deskclock/com.android.deskclock.DeskClock (server),reason=setFocusedWindow]
12-01 09:05:59.272 1508 2005 I input_focus: [Focus entering e9e80a1 com.android.launcher3/com.android.launcher3.uioverrides.QuickstepLauncher (server),reason=setFocusedWindow]
12-01 09:05:59.673 1508 2005 I input_interaction: Interaction with: 506d42 com.android.deskclock/com.android.deskclock.DeskClock (server), edge-swipe (server), swipe-up (server), PointerEventDispatcher0 (server),
12-01 09:05:59.675 1508 1636 I wm_task_moved: [333,1,7]
12-01 09:05:59.675 1508 1636 I wm_task_to_front: [0,333]
12-01 09:05:59.684 1508 1636 I wm_set_resumed_activity: [0,com.android.deskclock/.DeskClock,positionChildAt]
12-01 09:05:59.684 1508 1636 I wm_focused_root_task: [0,0,333,1,setFocusedTask]
12-01 09:05:59.684 1508 1636 I wm_set_resumed_activity: [0,com.android.deskclock/.DeskClock,setFocusedTask]
12-01 09:05:59.685 1508 1637 I input_focus: [Focus request 506d42 com.android.deskclock/com.android.deskclock.DeskClock,reason=UpdateInputWindows]
12-01 09:05:59.695 30186 30186 I view_enqueue_input_event: [Motion - Cancel,com.android.deskclock/com.android.deskclock.DeskClock]
12-01 09:05:59.697 2822 2822 I wm_on_top_resumed_lost_called: [103113767,com.android.launcher3.uioverrides.QuickstepLauncher,topStateChangedWhenResumed]
12-01 09:05:59.698 30186 30186 I wm_on_top_resumed_gained_called: [220895057,com.android.deskclock.DeskClock,topStateChangedWhenResumed]
12-01 09:05:59.702 1508 2005 I input_interaction: Interaction with: edge-swipe (server), swipe-up (server), PointerEventDispatcher0 (server),
12-01 09:05:59.711 1508 2005 I input_focus: [Focus leaving e9e80a1 com.android.launcher3/com.android.launcher3.uioverrides.QuickstepLauncher (server),reason=setFocusedWindow]
12-01 09:05:59.711 1508 2005 I input_focus: [Focus entering 506d42 com.android.deskclock/com.android.deskclock.DeskClock (server),reason=setFocusedWindow]
12-01 09:05:59.813 1508 8053 I wm_finish_activity: [0,220895057,333,com.android.deskclock/.DeskClock,app-request]
12-01 09:05:59.813 1508 8053 I wm_task_moved: [1,1,7]
12-01 09:05:59.815 1508 8053 I wm_set_resumed_activity: [0,com.android.launcher3/.uioverrides.QuickstepLauncher,positionChildAt]
12-01 09:05:59.815 1508 8053 I wm_task_moved: [10,1,2147483647]
12-01 09:05:59.815 1508 8053 I wm_task_to_front: [0,10]
12-01 09:05:59.815 1508 8053 I wm_focused_root_task: [0,0,1,-1,finish-top adjustFocusToNextFocusableTask]
12-01 09:05:59.815 1508 8053 I wm_set_resumed_activity: [0,com.android.launcher3/.uioverrides.QuickstepLauncher,finish-top]
12-01 09:05:59.829 1508 8053 I wm_pause_activity: [0,220895057,com.android.deskclock/.DeskClock,userLeaving=false,finish]
12-01 09:05:59.842 1508 1637 I input_focus: [Focus request e9e80a1 com.android.launcher3/com.android.launcher3.uioverrides.QuickstepLauncher,reason=UpdateInputWindows]
12-01 09:05:59.853 30186 30186 I wm_on_top_resumed_lost_called: [220895057,com.android.deskclock.DeskClock,topStateChangedWhenResumed]
12-01 09:05:59.856 2822 2822 I wm_on_top_resumed_gained_called: [103113767,com.android.launcher3.uioverrides.QuickstepLauncher,topStateChangedWhenResumed]
12-01 09:05:59.856 30186 30186 I wm_on_paused_called: [220895057,com.android.deskclock.DeskClock,performPause]
12-01 09:05:59.860 1508 2437 I wm_destroy_activity: [0,220895057,333,com.android.deskclock/.DeskClock,finish-imm:completePausedLocked]
12-01 09:05:59.874 1508 1636 I sysui_multi_action: [757,803,799,window_time_2,802,1]
12-01 09:05:59.875 1508 2005 I input_focus: [Focus leaving 506d42 com.android.deskclock/com.android.deskclock.DeskClock (server),reason=NO_WINDOW]
12-01 09:05:59.875 1508 2005 I input_focus: [Focus entering e9e80a1 com.android.launcher3/com.android.launcher3.uioverrides.QuickstepLauncher (server),reason=setFocusedWindow]
12-01 09:05:59.886 30186 30186 I wm_on_stop_called: [220895057,com.android.deskclock.DeskClock,LIFECYCLER_STOP_ACTIVITY]
12-01 09:05:59.892 1508 1754 I commit_sys_config_file: [settings-1-0,10]
12-01 09:05:59.895 30186 30186 I wm_on_destroy_called: [220895057,com.android.deskclock.DeskClock,performDestroy]
12-01 09:05:59.926 1508 1648 I am_uid_idle: 10088
12-01 09:06:00.155 1508 1637 I wm_task_removed: [333,removeChild:removeChild last r=ActivityRecord{d2a9751 u0 com.android.deskclock/.DeskClock t-1 f}} in t=Task{eb5b478 #333 type=standard A=10065:com.android.deskclock U=0 visible=false mode=freeform translucent=true sz=0}]
12-01 09:06:00.155 1508 1637 I wm_task_removed: [333,removeChild]
12-01 09:06:00.351 0 0 I auditd : type=1400 audit(0.0:20094): avc: denied { kill } for comm="swapper/1" capability=5 scontext=u:r:kernel:s0 tcontext=u:r:kernel:s0 tclass=capability permissive=0
12-01 09:06:00.980 1508 2005 I input_interaction: Interaction with: e9e80a1 com.android.launcher3/com.android.launcher3.uioverrides.QuickstepLauncher (server), 5ecd4a7 com.android.systemui.ImageWallpaper (server), edge-swipe (server), swipe-up (server), PointerEventDispatcher0 (server),
12-01 09:06:01.351 0 0 I auditd : type=1400 audit(0.0:20095): avc: denied { kill } for comm="swapper/1" capability=5 scontext=u:r:kernel:s0 tcontext=u:r:kernel:s0 tclass=capability permissive=0
12-01 09:06:02.351 0 0 I auditd : type=1400 audit(0.0:20096): avc: denied { kill } for comm="swapper/1" capability=5 scontext=u:r:kernel:s0 tcontext=u:r:kernel:s0 tclass=capability permissive=0
12-01 09:06:02.677 1508 8053 I wm_task_created: [334,-1]
12-01 09:06:02.681 1508 8053 I wm_task_moved: [334,1,7]
12-01 09:06:02.681 1508 8053 I wm_task_to_front: [0,334]
12-01 09:06:02.682 1508 8053 I wm_create_task: [0,334]
12-01 09:06:02.682 1508 8053 I wm_create_activity: [0,83541424,334,com.android.deskclock/.DeskClock,NULL,NULL,NULL,268468224]
12-01 09:06:02.682 1508 8053 I wm_task_moved: [334,1,7]
12-01 09:06:02.685 1508 8053 I wm_restart_activity: [0,83541424,334,com.android.deskclock/.DeskClock]
12-01 09:06:02.687 1508 8053 I wm_set_resumed_activity: [0,com.android.deskclock/.DeskClock,minimalResumeActivityLocked]
12-01 09:06:02.705 2822 2822 I wm_on_top_resumed_lost_called: [103113767,com.android.launcher3.uioverrides.QuickstepLauncher,topStateChangedWhenResumed]
12-01 09:06:02.717 1508 2437 I wm_task_moved: [334,1,7]
12-01 09:06:02.717 1508 2437 I wm_set_resumed_activity: [0,com.android.deskclock/.DeskClock,positionChildAt]
12-01 09:06:02.717 1508 2437 I wm_create_activity: [0,243893583,334,com.android.permissioncontroller/.permission.ui.GrantPermissionsActivity,android.content.pm.action.REQUEST_PERMISSIONS,NULL,NULL,8388608]
12-01 09:06:02.718 1508 2437 I wm_pause_activity: [0,83541424,com.android.deskclock/.DeskClock,userLeaving=true,resumeTopActivityInnerLocked]
12-01 09:06:02.728 30186 30186 I wm_on_create_called: [83541424,com.android.deskclock.DeskClock,performCreate]
12-01 09:06:02.729 30186 30186 I wm_on_start_called: [83541424,com.android.deskclock.DeskClock,handleStartActivity]
12-01 09:06:02.730 30186 30186 I wm_on_resume_called: [83541424,com.android.deskclock.DeskClock,RESUME_ACTIVITY]
12-01 09:06:02.732 30186 30186 I wm_on_paused_called: [83541424,com.android.deskclock.DeskClock,performPause]
12-01 09:06:02.735 1508 8053 I wm_restart_activity: [0,243893583,334,com.android.permissioncontroller/.permission.ui.GrantPermissionsActivity]
12-01 09:06:02.736 1508 8053 I wm_set_resumed_activity: [0,com.android.permissioncontroller/.permission.ui.GrantPermissionsActivity,minimalResumeActivityLocked]
12-01 09:06:02.737 1508 1636 I sysui_multi_action: [757,803,799,window_time_0,802,3]
12-01 09:06:02.747 29601 29601 I wm_on_create_called: [243893583,com.android.permissioncontroller.permission.ui.GrantPermissionsActivity,performCreate]
12-01 09:06:02.747 29601 29601 I wm_on_start_called: [243893583,com.android.permissioncontroller.permission.ui.GrantPermissionsActivity,handleStartActivity]
12-01 09:06:02.748 29601 29601 I wm_on_resume_called: [243893583,com.android.permissioncontroller.permission.ui.GrantPermissionsActivity,RESUME_ACTIVITY]
12-01 09:06:02.749 29601 29601 I wm_on_top_resumed_gained_called: [243893583,com.android.permissioncontroller.permission.ui.GrantPermissionsActivity,topStateChangedWhenResumed]
12-01 09:06:02.757 1508 6993 I wm_finish_activity: [0,243893583,334,com.android.permissioncontroller/.permission.ui.GrantPermissionsActivity,app-request]
12-01 09:06:02.758 1508 6993 I wm_pause_activity: [0,243893583,com.android.permissioncontroller/.permission.ui.GrantPermissionsActivity,userLeaving=false,finish]
12-01 09:06:02.767 29601 29601 I wm_on_top_resumed_lost_called: [243893583,com.android.permissioncontroller.permission.ui.GrantPermissionsActivity,topStateChangedWhenResumed]
12-01 09:06:02.767 29601 29601 I wm_on_paused_called: [243893583,com.android.permissioncontroller.permission.ui.GrantPermissionsActivity,performPause]
12-01 09:06:02.767 1508 2437 I wm_add_to_stopping: [0,243893583,com.android.permissioncontroller/.permission.ui.GrantPermissionsActivity,completeFinishing]
12-01 09:06:02.768 1508 2437 I wm_set_resumed_activity: [0,com.android.deskclock/.DeskClock,resumeTopActivityInnerLocked]
12-01 09:06:02.769 1508 2437 I wm_resume_activity: [0,83541424,334,com.android.deskclock/.DeskClock]
12-01 09:06:02.776 1508 1637 I input_focus: [Focus request e7349e5 com.android.deskclock/com.android.deskclock.DeskClock,reason=UpdateInputWindows]
12-01 09:06:02.777 1508 1636 I sysui_multi_action: [757,803,799,window_time_2,802,0]
12-01 09:06:02.796 1508 2005 I input_focus: [Focus leaving e9e80a1 com.android.launcher3/com.android.launcher3.uioverrides.QuickstepLauncher (server),reason=Waiting for window because NOT_VISIBLE]
12-01 09:06:02.819 30186 30186 I wm_on_activity_result_called: [83541424,com.android.deskclock.DeskClock,ACTIVITY_RESULT]
12-01 09:06:02.819 30186 30186 I wm_on_resume_called: [83541424,com.android.deskclock.DeskClock,RESUME_ACTIVITY]
12-01 09:06:02.820 30186 30186 I wm_on_top_resumed_gained_called: [83541424,com.android.deskclock.DeskClock,topWhenResuming]
12-01 09:06:02.830 1508 2005 I input_focus: [Focus entering e7349e5 com.android.deskclock/com.android.deskclock.DeskClock (server),reason=Window became focusable. Previous reason: NOT_VISIBLE]
12-01 09:06:03.102 1508 1636 I wm_destroy_activity: [0,243893583,334,com.android.permissioncontroller/.permission.ui.GrantPermissionsActivity,finish-imm:idle]
12-01 09:06:03.105 29601 29601 I wm_on_stop_called: [243893583,com.android.permissioncontroller.permission.ui.GrantPermissionsActivity,LIFECYCLER_STOP_ACTIVITY]
12-01 09:06:03.106 29601 29601 I wm_on_destroy_called: [243893583,com.android.permissioncontroller.permission.ui.GrantPermissionsActivity,performDestroy]
12-01 09:06:03.482 1508 6993 I wm_task_created: [335,-1]
12-01 09:06:03.490 1508 6993 I wm_task_moved: [335,1,8]
12-01 09:06:03.490 1508 6993 I wm_task_to_front: [0,335]
12-01 09:06:03.490 1508 6993 I wm_create_task: [0,335]
12-01 09:06:03.490 1508 6993 I wm_create_activity: [0,158112015,335,com.android.music/.VideoBrowserActivity,android.intent.action.MAIN,NULL,NULL,270532608]
12-01 09:06:03.490 1508 6993 I wm_task_moved: [335,1,8]
12-01 09:06:03.490 30186 30186 I wm_on_top_resumed_lost_called: [83541424,com.android.deskclock.DeskClock,topStateChangedWhenResumed]
12-01 09:06:03.493 1508 6993 I wm_pause_activity: [0,103113767,com.android.launcher3/.uioverrides.QuickstepLauncher,userLeaving=true,pauseBackTasks]
12-01 09:06:03.513 2822 2822 I wm_on_paused_called: [103113767,com.android.launcher3.uioverrides.QuickstepLauncher,performPause]
12-01 09:06:03.516 1508 2437 I wm_add_to_stopping: [0,103113767,com.android.launcher3/.uioverrides.QuickstepLauncher,makeInvisible]
12-01 09:06:03.517 1508 2437 I wm_restart_activity: [0,158112015,335,com.android.music/.VideoBrowserActivity]
12-01 09:06:03.519 1508 2437 I wm_set_resumed_activity: [0,com.android.music/.VideoBrowserActivity,minimalResumeActivityLocked]
12-01 09:06:03.535 1508 1636 I sysui_multi_action: [757,803,799,window_time_2,802,1]
12-01 09:06:03.551 29140 29140 I wm_on_create_called: [158112015,com.android.music.VideoBrowserActivity,performCreate]
12-01 09:06:03.552 29140 29140 I wm_on_start_called: [158112015,com.android.music.VideoBrowserActivity,handleStartActivity]
12-01 09:06:03.552 29140 29140 I wm_on_resume_called: [158112015,com.android.music.VideoBrowserActivity,RESUME_ACTIVITY]
12-01 09:06:03.555 29140 29140 I wm_on_top_resumed_gained_called: [158112015,com.android.music.VideoBrowserActivity,topStateChangedWhenResumed]
12-01 09:06:03.561 1508 1637 I input_focus: [Focus request da47fa0 com.android.music/com.android.music.VideoBrowserActivity,reason=UpdateInputWindows]
12-01 09:06:03.574 1508 1633 I sysui_multi_action: [319,65,321,63,322,92,325,18782,757,761,758,8,759,1,806,com.android.music,871,com.android.music.VideoBrowserActivity,904,com.android.launcher3,905,0,1320,8,1321,5]
12-01 09:06:03.575 1508 1633 I wm_activity_launch_time: [0,158112015,com.android.music/.VideoBrowserActivity,92]
12-01 09:06:03.582 1508 2005 I input_focus: [Focus leaving e7349e5 com.android.deskclock/com.android.deskclock.DeskClock (server),reason=setFocusedWindow]
12-01 09:06:03.583 1508 2005 I input_focus: [Focus entering da47fa0 com.android.music/com.android.music.VideoBrowserActivity (server),reason=setFocusedWindow]
12-01 09:06:04.103 1508 1636 I wm_stop_activity: [0,103113767,com.android.launcher3/.uioverrides.QuickstepLauncher]
12-01 09:06:04.154 2822 2822 I wm_on_stop_called: [103113767,com.android.launcher3.uioverrides.QuickstepLauncher,STOP_ACTIVITY_ITEM]
12-01 09:06:04.172 1508 2005 I input_interaction: Interaction with: da47fa0 com.android.music/com.android.music.VideoBrowserActivity (server), edge-swipe (server), swipe-up (server), PointerEventDispatcher0 (server),
12-01 09:06:04.189 1508 6993 I wm_task_moved: [1,0,0]
12-01 09:06:04.190 1508 6993 I wm_task_moved: [1,0,7]
12-01 09:06:04.209 29140 29140 I view_enqueue_input_event: [Motion - Cancel,com.android.music/com.android.music.VideoBrowserActivity]
12-01 09:06:04.213 1508 1637 I input_focus: [Focus request recents_animation_input_consumer,reason=UpdateInputWindows]
12-01 09:06:04.214 1508 2005 I input_interaction: Interaction with: edge-swipe (server), swipe-up (server), PointerEventDispatcher0 (server),
12-01 09:06:04.217 2822 2822 I wm_on_restart_called: [103113767,com.android.launcher3.uioverrides.QuickstepLauncher,performRestartActivity]
12-01 09:06:04.217 1508 2437 I wm_finish_activity: [0,83541424,334,com.android.deskclock/.DeskClock,app-request]
12-01 09:06:04.226 1508 2437 I wm_pause_activity: [0,83541424,com.android.deskclock/.DeskClock,userLeaving=false,finish]
12-01 09:06:04.228 30186 30186 I wm_on_paused_called: [83541424,com.android.deskclock.DeskClock,performPause]
12-01 09:06:04.231 1508 6993 I wm_destroy_activity: [0,83541424,334,com.android.deskclock/.DeskClock,finish-imm:completePausedLocked]
12-01 09:06:04.233 1508 2005 I input_focus: [Focus leaving da47fa0 com.android.music/com.android.music.VideoBrowserActivity (server),reason=NOT_FOCUSABLE]
12-01 09:06:04.233 1508 2005 I input_focus: [Focus entering recents_animation_input_consumer (server),reason=setFocusedWindow]
12-01 09:06:04.242 1508 1636 I sysui_multi_action: [757,803,799,window_time_0,802,0]
12-01 09:06:04.253 30186 30186 I wm_on_stop_called: [83541424,com.android.deskclock.DeskClock,LIFECYCLER_STOP_ACTIVITY]
12-01 09:06:04.256 2822 2822 I wm_on_start_called: [103113767,com.android.launcher3.uioverrides.QuickstepLauncher,handleStartActivity]
12-01 09:06:04.264 2822 2822 I sysui_latency: [1,92]
12-01 09:06:04.267 30186 30186 I wm_on_destroy_called: [83541424,com.android.deskclock.DeskClock,performDestroy]
12-01 09:06:04.282 1508 1633 I sysui_multi_action: [319,13,322,80,325,18782,757,761,758,9,759,5,806,com.android.launcher3,871,com.android.launcher3.uioverrides.QuickstepLauncher,905,0,1320,8,1321,5]
12-01 09:06:04.285 1508 9285 I wm_task_removed: [334,removeChild:removeChild last r=ActivityRecord{4fabdb0 u0 com.android.deskclock/.DeskClock t-1 f}} in t=Task{3b50cf3 #334 type=standard A=10065:com.android.deskclock U=0 visible=false mode=freeform translucent=true sz=0}]
12-01 09:06:04.285 1508 9285 I wm_task_removed: [334,removeChild]
12-01 09:06:04.412 1508 6993 I wm_task_created: [336,-1]
12-01 09:06:04.419 1508 6993 I wm_task_moved: [336,1,8]
12-01 09:06:04.419 1508 6993 I wm_task_to_front: [0,336]
12-01 09:06:04.420 1508 6993 I wm_create_task: [0,336]
12-01 09:06:04.420 1508 6993 I wm_create_activity: [0,59283758,336,com.android.deskclock/.DeskClock,NULL,NULL,NULL,268468224]
12-01 09:06:04.420 1508 6993 I wm_task_moved: [336,1,8]
12-01 09:06:04.420 29140 29140 I wm_on_top_resumed_lost_called: [158112015,com.android.music.VideoBrowserActivity,topStateChangedWhenResumed]
12-01 09:06:04.423 1508 6993 I wm_restart_activity: [0,59283758,336,com.android.deskclock/.DeskClock]
12-01 09:06:04.425 1508 6993 I wm_set_resumed_activity: [0,com.android.deskclock/.DeskClock,minimalResumeActivityLocked]
12-01 09:06:04.465 1508 6163 I wm_task_moved: [336,1,8]
12-01 09:06:04.465 1508 6163 I wm_set_resumed_activity: [0,com.android.deskclock/.DeskClock,positionChildAt]
12-01 09:06:04.465 1508 6163 I wm_create_activity: [0,25762362,336,com.android.permissioncontroller/.permission.ui.GrantPermissionsActivity,android.content.pm.action.REQUEST_PERMISSIONS,NULL,NULL,8388608]
12-01 09:06:04.465 1508 1508 I notification_enqueue: [10097,9319,com.github.uiautomator,1,NULL,0,Notification(channel=monitor service shortcut=null contentView=null vibrate=null sound=null tick defaults=0x0 flags=0x40 color=0x00000000 vis=PRIVATE),1]
12-01 09:06:04.468 1508 1754 I commit_sys_config_file: [settings-1-0,12]
12-01 09:06:04.468 1508 6163 I wm_pause_activity: [0,59283758,com.android.deskclock/.DeskClock,userLeaving=true,resumeTopActivityInnerLocked]
12-01 09:06:04.479 30186 30186 I wm_on_create_called: [59283758,com.android.deskclock.DeskClock,performCreate]
12-01 09:06:04.480 30186 30186 I wm_on_start_called: [59283758,com.android.deskclock.DeskClock,handleStartActivity]
12-01 09:06:04.481 30186 30186 I wm_on_resume_called: [59283758,com.android.deskclock.DeskClock,RESUME_ACTIVITY]
12-01 09:06:04.483 30186 30186 I wm_on_top_resumed_gained_called: [59283758,com.android.deskclock.DeskClock,topStateChangedWhenResumed]
12-01 09:06:04.483 30186 30186 I wm_on_top_resumed_lost_called: [59283758,com.android.deskclock.DeskClock,topStateChangedWhenResumed]
12-01 09:06:04.484 30186 30186 I wm_on_paused_called: [59283758,com.android.deskclock.DeskClock,performPause]
12-01 09:06:04.485 1508 6163 I wm_restart_activity: [0,25762362,336,com.android.permissioncontroller/.permission.ui.GrantPermissionsActivity]
12-01 09:06:04.486 1508 6163 I wm_set_resumed_activity: [0,com.android.permissioncontroller/.permission.ui.GrantPermissionsActivity,minimalResumeActivityLocked]
12-01 09:06:04.489 1508 1636 I sysui_multi_action: [757,803,799,window_time_0,802,1]
12-01 09:06:04.498 29601 29601 I wm_on_create_called: [25762362,com.android.permissioncontroller.permission.ui.GrantPermissionsActivity,performCreate]
12-01 09:06:04.499 29601 29601 I wm_on_start_called: [25762362,com.android.permissioncontroller.permission.ui.GrantPermissionsActivity,handleStartActivity]
12-01 09:06:04.499 29601 29601 I wm_on_resume_called: [25762362,com.android.permissioncontroller.permission.ui.GrantPermissionsActivity,RESUME_ACTIVITY]
12-01 09:06:04.502 29601 29601 I wm_on_top_resumed_gained_called: [25762362,com.android.permissioncontroller.permission.ui.GrantPermissionsActivity,topStateChangedWhenResumed]
12-01 09:06:04.509 1508 6993 I wm_finish_activity: [0,25762362,336,com.android.permissioncontroller/.permission.ui.GrantPermissionsActivity,app-request]
12-01 09:06:04.510 1508 6993 I wm_pause_activity: [0,25762362,com.android.permissioncontroller/.permission.ui.GrantPermissionsActivity,userLeaving=false,finish]
12-01 09:06:04.522 29601 29601 I wm_on_top_resumed_lost_called: [25762362,com.android.permissioncontroller.permission.ui.GrantPermissionsActivity,topStateChangedWhenResumed]
12-01 09:06:04.524 29601 29601 I wm_on_paused_called: [25762362,com.android.permissioncontroller.permission.ui.GrantPermissionsActivity,performPause]
12-01 09:06:04.526 1508 6163 I wm_add_to_stopping: [0,25762362,com.android.permissioncontroller/.permission.ui.GrantPermissionsActivity,completeFinishing]
12-01 09:06:04.529 1508 6163 I wm_set_resumed_activity: [0,com.android.deskclock/.DeskClock,resumeTopActivityInnerLocked]
12-01 09:06:04.530 1508 6163 I wm_resume_activity: [0,59283758,336,com.android.deskclock/.DeskClock]
12-01 09:06:04.534 1508 1637 I input_focus: [Focus request a884ae1 com.android.deskclock/com.android.deskclock.DeskClock,reason=UpdateInputWindows]
12-01 09:06:04.535 1508 1636 I sysui_multi_action: [757,803,799,window_time_2,802,0]
12-01 09:06:04.551 1508 2005 I input_focus: [Focus leaving recents_animation_input_consumer (server),reason=Waiting for window because NOT_VISIBLE]
12-01 09:06:04.559 30186 30186 I wm_on_activity_result_called: [59283758,com.android.deskclock.DeskClock,ACTIVITY_RESULT]
12-01 09:06:04.559 30186 30186 I wm_on_resume_called: [59283758,com.android.deskclock.DeskClock,RESUME_ACTIVITY]
12-01 09:06:04.560 30186 30186 I wm_on_top_resumed_gained_called: [59283758,com.android.deskclock.DeskClock,topWhenResuming]
12-01 09:06:04.566 1508 1636 I wm_destroy_activity: [0,25762362,336,com.android.permissioncontroller/.permission.ui.GrantPermissionsActivity,finish-imm:transit]
12-01 09:06:04.567 29601 29601 I wm_on_stop_called: [25762362,com.android.permissioncontroller.permission.ui.GrantPermissionsActivity,LIFECYCLER_STOP_ACTIVITY]
12-01 09:06:04.568 29601 29601 I wm_on_destroy_called: [25762362,com.android.permissioncontroller.permission.ui.GrantPermissionsActivity,performDestroy]
12-01 09:06:04.568 1508 2005 I input_focus: [Focus entering a884ae1 com.android.deskclock/com.android.deskclock.DeskClock (server),reason=Window became focusable. Previous reason: NOT_VISIBLE]
12-01 09:06:04.574 1508 1647 I sysui_latency: [8,91]
12-01 09:06:05.141 1508 2437 I wm_task_moved: [1,1,8]
12-01 09:06:05.142 1508 2437 I wm_task_moved: [10,1,2147483647]
12-01 09:06:05.143 1508 2437 I wm_task_to_front: [0,10]
12-01 09:06:05.143 1508 2437 I wm_focused_root_task: [0,0,1,336,RecentsAnimation.onAnimationFinished()]
12-01 09:06:05.143 30186 30186 I wm_on_top_resumed_lost_called: [59283758,com.android.deskclock.DeskClock,topStateChangedWhenResumed]
12-01 09:06:05.143 1508 2437 I wm_set_resumed_activity: [0,com.android.launcher3/.uioverrides.QuickstepLauncher,RecentsAnimation.onAnimationFinished()]
12-01 09:06:05.144 1508 2437 I wm_pause_activity: [0,158112015,com.android.music/.VideoBrowserActivity,userLeaving=true,pauseBackTasks]
12-01 09:06:05.144 29140 29140 I wm_on_paused_called: [158112015,com.android.music.VideoBrowserActivity,performPause]
12-01 09:06:05.150 1508 2437 I wm_add_to_stopping: [0,158112015,com.android.music/.VideoBrowserActivity,makeInvisible]
12-01 09:06:05.151 1508 2437 I wm_set_resumed_activity: [0,com.android.launcher3/.uioverrides.QuickstepLauncher,resumeTopActivityInnerLocked]
12-01 09:06:05.156 1508 2437 I wm_resume_activity: [0,103113767,10,com.android.launcher3/.uioverrides.QuickstepLauncher]
12-01 09:06:05.157 2822 2822 I wm_on_resume_called: [103113767,com.android.launcher3.uioverrides.QuickstepLauncher,RESUME_ACTIVITY]
12-01 09:06:05.165 1508 1637 I input_focus: [Focus request e9e80a1 com.android.launcher3/com.android.launcher3.uioverrides.QuickstepLauncher,reason=UpdateInputWindows]
12-01 09:06:05.178 2822 2822 I wm_on_top_resumed_gained_called: [103113767,com.android.launcher3.uioverrides.QuickstepLauncher,topStateChangedWhenResumed]
12-01 09:06:05.180 1508 3610 I wm_stop_activity: [0,158112015,com.android.music/.VideoBrowserActivity]
12-01 09:06:05.185 1508 2005 I input_focus: [Focus leaving a884ae1 com.android.deskclock/com.android.deskclock.DeskClock (server),reason=setFocusedWindow]
12-01 09:06:05.185 1508 2005 I input_focus: [Focus entering e9e80a1 com.android.launcher3/com.android.launcher3.uioverrides.QuickstepLauncher (server),reason=setFocusedWindow]
12-01 09:06:05.195 1508 1636 I sysui_multi_action: [757,803,799,window_time_2,802,0]
12-01 09:06:05.196 29140 29140 I wm_on_stop_called: [158112015,com.android.music.VideoBrowserActivity,STOP_ACTIVITY_ITEM]
12-01 09:06:05.196 1508 1636 I sysui_multi_action: [757,803,799,window_time_0,802,0]
12-01 09:06:05.351 0 0 I auditd : type=1400 audit(0.0:20097): avc: denied { kill } for comm="swapper/1" capability=5 scontext=u:r:kernel:s0 tcontext=u:r:kernel:s0 tclass=capability permissive=0
12-01 09:06:06.351 0 0 I auditd : type=1400 audit(0.0:20098): avc: denied { kill } for comm="swapper/1" capability=5 scontext=u:r:kernel:s0 tcontext=u:r:kernel:s0 tclass=capability permissive=0
12-01 09:06:07.351 0 0 I auditd : type=1400 audit(0.0:20099): avc: denied { kill } for comm="swapper/1" capability=5 scontext=u:r:kernel:s0 tcontext=u:r:kernel:s0 tclass=capability permissive=0
12-01 09:06:07.472 1508 2005 I input_interaction: Interaction with: e9e80a1 com.android.launcher3/com.android.launcher3.uioverrides.QuickstepLauncher (server), 5ecd4a7 com.android.systemui.ImageWallpaper (server), edge-swipe (server), swipe-up (server), PointerEventDispatcher0 (server),
12-01 09:06:07.550 2822 2822 I view_enqueue_input_event: [Motion - Cancel,com.android.launcher3/com.android.launcher3.uioverrides.QuickstepLauncher]
12-01 09:06:07.555 1508 2005 I input_interaction: Interaction with: edge-swipe (server), swipe-up (server), PointerEventDispatcher0 (server),
12-01 09:06:07.710 1508 1754 I commit_sys_config_file: [settings-1-0,5]
12-01 09:06:08.086 1508 1754 I commit_sys_config_file: [settings-1-0,8]
12-01 09:06:08.191 1508 2437 I wm_finish_activity: [0,59283758,336,com.android.deskclock/.DeskClock,app-request]
12-01 09:06:08.207 1508 2437 I wm_pause_activity: [0,59283758,com.android.deskclock/.DeskClock,userLeaving=false,finish]
12-01 09:06:08.209 30186 30186 I wm_on_paused_called: [59283758,com.android.deskclock.DeskClock,performPause]
12-01 09:06:08.216 1508 3610 I wm_destroy_activity: [0,59283758,336,com.android.deskclock/.DeskClock,finish-imm:completePausedLocked]
12-01 09:06:08.232 30186 30186 I wm_on_stop_called: [59283758,com.android.deskclock.DeskClock,LIFECYCLER_STOP_ACTIVITY]
12-01 09:06:08.244 30186 30186 I wm_on_destroy_called: [59283758,com.android.deskclock.DeskClock,performDestroy]
12-01 09:06:08.245 1508 1636 I sysui_multi_action: [757,803,799,window_time_0,802,3]
12-01 09:06:08.351 0 0 I auditd : type=1400 audit(0.0:20100): avc: denied { kill } for comm="swapper/1" capability=5 scontext=u:r:kernel:s0 tcontext=u:r:kernel:s0 tclass=capability permissive=0
12-01 09:06:08.508 1508 1637 I wm_task_removed: [336,removeChild:removeChild last r=ActivityRecord{388992e u0 com.android.deskclock/.DeskClock t-1 f}} in t=Task{c374fa9 #336 type=standard A=10065:com.android.deskclock U=0 visible=false mode=freeform translucent=true sz=0}]
12-01 09:06:08.508 1508 1637 I wm_task_removed: [336,removeChild]
12-01 09:06:08.781 1508 2005 I input_interaction: Interaction with: e9e80a1 com.android.launcher3/com.android.launcher3.uioverrides.QuickstepLauncher (server), 5ecd4a7 com.android.systemui.ImageWallpaper (server), edge-swipe (server), swipe-up (server), PointerEventDispatcher0 (server),
12-01 09:06:08.882 1508 8053 I wm_task_created: [337,-1]
12-01 09:06:08.887 1508 8053 I wm_task_moved: [337,1,8]
12-01 09:06:08.887 1508 8053 I wm_task_to_front: [0,337]
12-01 09:06:08.888 1508 8053 I wm_create_task: [0,337]
12-01 09:06:08.888 1508 8053 I wm_create_activity: [0,134839828,337,com.android.deskclock/.DeskClock,NULL,NULL,NULL,268468224]
12-01 09:06:08.888 1508 8053 I wm_task_moved: [337,1,8]
12-01 09:06:08.891 1508 8053 I wm_restart_activity: [0,134839828,337,com.android.deskclock/.DeskClock]
12-01 09:06:08.892 1508 8053 I wm_set_resumed_activity: [0,com.android.deskclock/.DeskClock,minimalResumeActivityLocked]
12-01 09:06:08.902 2822 2822 I wm_on_top_resumed_lost_called: [103113767,com.android.launcher3.uioverrides.QuickstepLauncher,topStateChangedWhenResumed]
12-01 09:06:08.923 1508 3610 I wm_task_moved: [337,1,8]
12-01 09:06:08.923 1508 3610 I wm_set_resumed_activity: [0,com.android.deskclock/.DeskClock,positionChildAt]
12-01 09:06:08.923 1508 3610 I wm_create_activity: [0,236256259,337,com.android.permissioncontroller/.permission.ui.GrantPermissionsActivity,android.content.pm.action.REQUEST_PERMISSIONS,NULL,NULL,8388608]
12-01 09:06:08.925 1508 3610 I wm_pause_activity: [0,134839828,com.android.deskclock/.DeskClock,userLeaving=true,resumeTopActivityInnerLocked]
12-01 09:06:08.939 30186 30186 I wm_on_create_called: [134839828,com.android.deskclock.DeskClock,performCreate]
12-01 09:06:08.940 30186 30186 I wm_on_start_called: [134839828,com.android.deskclock.DeskClock,handleStartActivity]
12-01 09:06:08.942 30186 30186 I wm_on_resume_called: [134839828,com.android.deskclock.DeskClock,RESUME_ACTIVITY]
12-01 09:06:08.945 30186 30186 I wm_on_top_resumed_gained_called: [134839828,com.android.deskclock.DeskClock,topStateChangedWhenResumed]
12-01 09:06:08.945 30186 30186 I wm_on_top_resumed_lost_called: [134839828,com.android.deskclock.DeskClock,topStateChangedWhenResumed]
12-01 09:06:08.945 30186 30186 I wm_on_paused_called: [134839828,com.android.deskclock.DeskClock,performPause]
12-01 09:06:08.952 1508 6163 I wm_restart_activity: [0,236256259,337,com.android.permissioncontroller/.permission.ui.GrantPermissionsActivity]
12-01 09:06:08.953 1508 6163 I wm_set_resumed_activity: [0,com.android.permissioncontroller/.permission.ui.GrantPermissionsActivity,minimalResumeActivityLocked]
12-01 09:06:08.957 1508 1636 I sysui_multi_action: [757,803,799,window_time_0,802,1]
12-01 09:06:08.976 29601 29601 I wm_on_create_called: [236256259,com.android.permissioncontroller.permission.ui.GrantPermissionsActivity,performCreate]
12-01 09:06:08.977 29601 29601 I wm_on_start_called: [236256259,com.android.permissioncontroller.permission.ui.GrantPermissionsActivity,handleStartActivity]
12-01 09:06:08.977 29601 29601 I wm_on_resume_called: [236256259,com.android.permissioncontroller.permission.ui.GrantPermissionsActivity,RESUME_ACTIVITY]
12-01 09:06:08.979 29601 29601 I wm_on_top_resumed_gained_called: [236256259,com.android.permissioncontroller.permission.ui.GrantPermissionsActivity,topStateChangedWhenResumed]
12-01 09:06:08.989 1508 3610 I wm_finish_activity: [0,236256259,337,com.android.permissioncontroller/.permission.ui.GrantPermissionsActivity,app-request]
12-01 09:06:08.989 1508 3610 I wm_pause_activity: [0,236256259,com.android.permissioncontroller/.permission.ui.GrantPermissionsActivity,userLeaving=false,finish]
12-01 09:06:09.005 29601 29601 I wm_on_top_resumed_lost_called: [236256259,com.android.permissioncontroller.permission.ui.GrantPermissionsActivity,topStateChangedWhenResumed]
12-01 09:06:09.006 29601 29601 I wm_on_paused_called: [236256259,com.android.permissioncontroller.permission.ui.GrantPermissionsActivity,performPause]
12-01 09:06:09.009 1508 6993 I wm_add_to_stopping: [0,236256259,com.android.permissioncontroller/.permission.ui.GrantPermissionsActivity,completeFinishing]
12-01 09:06:09.011 1508 6993 I wm_set_resumed_activity: [0,com.android.deskclock/.DeskClock,resumeTopActivityInnerLocked]
12-01 09:06:09.011 1508 6993 I wm_resume_activity: [0,134839828,337,com.android.deskclock/.DeskClock]
12-01 09:06:09.014 1508 1637 I input_focus: [Focus request 9f741b9 com.android.deskclock/com.android.deskclock.DeskClock,reason=UpdateInputWindows]
12-01 09:06:09.015 1508 1636 I sysui_multi_action: [757,803,799,window_time_2,802,0]
12-01 09:06:09.028 1508 2005 I input_focus: [Focus leaving e9e80a1 com.android.launcher3/com.android.launcher3.uioverrides.QuickstepLauncher (server),reason=Waiting for window because NOT_VISIBLE]
12-01 09:06:09.042 30186 30186 I wm_on_activity_result_called: [134839828,com.android.deskclock.DeskClock,ACTIVITY_RESULT]
12-01 09:06:09.042 30186 30186 I wm_on_resume_called: [134839828,com.android.deskclock.DeskClock,RESUME_ACTIVITY]
12-01 09:06:09.043 30186 30186 I wm_on_top_resumed_gained_called: [134839828,com.android.deskclock.DeskClock,topWhenResuming]
12-01 09:06:09.045 1508 2005 I input_focus: [Focus entering 9f741b9 com.android.deskclock/com.android.deskclock.DeskClock (server),reason=Window became focusable. Previous reason: NOT_VISIBLE]
12-01 09:06:09.123 1508 1647 I am_pss : [28731,1000,com.qti.diagservices,5924864,3821568,0,93409280,0,10,6]
12-01 09:06:09.313 1508 1636 I wm_destroy_activity: [0,236256259,337,com.android.permissioncontroller/.permission.ui.GrantPermissionsActivity,finish-imm:idle]
12-01 09:06:09.315 29601 29601 I wm_on_stop_called: [236256259,com.android.permissioncontroller.permission.ui.GrantPermissionsActivity,LIFECYCLER_STOP_ACTIVITY]
12-01 09:06:09.316 29601 29601 I wm_on_destroy_called: [236256259,com.android.permissioncontroller.permission.ui.GrantPermissionsActivity,performDestroy]
12-01 09:06:09.351 0 0 I auditd : type=1400 audit(0.0:20101): avc: denied { kill } for comm="swapper/1" capability=5 scontext=u:r:kernel:s0 tcontext=u:r:kernel:s0 tclass=capability permissive=0
12-01 09:06:09.862 2822 2822 I view_enqueue_input_event: [Motion - Cancel,com.android.launcher3/com.android.launcher3.uioverrides.QuickstepLauncher]
12-01 09:06:09.866 1508 2005 I input_interaction: Interaction with: edge-swipe (server), swipe-up (server), PointerEventDispatcher0 (server),
12-01 09:06:10.192 1508 2437 I wm_task_moved: [1,1,8]
12-01 09:06:10.194 1508 2437 I wm_set_resumed_activity: [0,com.android.launcher3/.uioverrides.QuickstepLauncher,positionChildAt]
12-01 09:06:10.194 30186 30186 I wm_on_top_resumed_lost_called: [134839828,com.android.deskclock.DeskClock,topStateChangedWhenResumed]
12-01 09:06:10.194 1508 2437 I wm_task_moved: [10,1,2147483647]
12-01 09:06:10.194 1508 2437 I wm_task_to_front: [0,10]
12-01 09:06:10.194 1508 2437 I wm_focused_root_task: [0,0,1,337,bringingFoundTaskToFront]
12-01 09:06:10.194 1508 2437 I wm_set_resumed_activity: [0,com.android.launcher3/.uioverrides.QuickstepLauncher,bringingFoundTaskToFront]
12-01 09:06:10.195 1508 2437 I wm_new_intent: [0,103113767,10,com.android.launcher3/.uioverrides.QuickstepLauncher,android.intent.action.MAIN,NULL,NULL,268435712]
12-01 09:06:10.195 1508 2437 I wm_task_moved: [1,1,8]
12-01 09:06:10.195 1508 2437 I wm_set_resumed_activity: [0,com.android.launcher3/.uioverrides.QuickstepLauncher,positionChildAt]
12-01 09:06:10.201 1508 1637 I input_focus: [Focus request e9e80a1 com.android.launcher3/com.android.launcher3.uioverrides.QuickstepLauncher,reason=UpdateInputWindows]
12-01 09:06:10.208 2822 2822 I wm_on_paused_called: [103113767,com.android.launcher3.uioverrides.QuickstepLauncher,performPause]
12-01 09:06:10.210 2822 2822 I wm_on_resume_called: [103113767,com.android.launcher3.uioverrides.QuickstepLauncher,LIFECYCLER_RESUME_ACTIVITY]
12-01 09:06:10.212 2822 2822 I wm_on_top_resumed_gained_called: [103113767,com.android.launcher3.uioverrides.QuickstepLauncher,topStateChangedWhenResumed]
12-01 09:06:10.218 1508 2005 I input_focus: [Focus leaving 9f741b9 com.android.deskclock/com.android.deskclock.DeskClock (server),reason=setFocusedWindow]
12-01 09:06:10.218 1508 2005 I input_focus: [Focus entering e9e80a1 com.android.launcher3/com.android.launcher3.uioverrides.QuickstepLauncher (server),reason=setFocusedWindow]
12-01 09:06:10.356 1508 2005 I input_interaction: Interaction with: e9e80a1 com.android.launcher3/com.android.launcher3.uioverrides.QuickstepLauncher (server), 5ecd4a7 com.android.systemui.ImageWallpaper (server), edge-swipe (server), swipe-up (server), PointerEventDispatcher0 (server),
12-01 09:06:10.428 2822 2822 I view_enqueue_input_event: [Motion - Cancel,com.android.launcher3/com.android.launcher3.uioverrides.QuickstepLauncher]
12-01 09:06:10.431 1508 2005 I input_interaction: Interaction with: edge-swipe (server), swipe-up (server), PointerEventDispatcher0 (server),
12-01 09:06:10.621 1508 1754 I commit_sys_config_file: [settings-1-0,7]
12-01 09:06:10.937 1508 1754 I commit_sys_config_file: [settings-1-0,4]
12-01 09:06:11.257 1508 2005 I input_interaction: Interaction with: e9e80a1 com.android.launcher3/com.android.launcher3.uioverrides.QuickstepLauncher (server), 5ecd4a7 com.android.systemui.ImageWallpaper (server), edge-swipe (server), swipe-up (server), PointerEventDispatcher0 (server),
12-01 09:06:11.324 2822 2822 I view_enqueue_input_event: [Motion - Cancel,com.android.launcher3/com.android.launcher3.uioverrides.QuickstepLauncher]
12-01 09:06:11.326 1508 2005 I input_interaction: Interaction with: edge-swipe (server), swipe-up (server), PointerEventDispatcher0 (server),
12-01 09:06:11.363 1508 1508 I service_manager_stats: [100,67,24356]
12-01 09:06:11.505 1508 1754 I commit_sys_config_file: [settings-1-0,3]
12-01 09:06:11.865 1508 1754 I commit_sys_config_file: [settings-1-0,8]
12-01 09:06:11.966 1508 8053 I wm_finish_activity: [0,134839828,337,com.android.deskclock/.DeskClock,app-request]
12-01 09:06:11.971 1508 8053 I wm_pause_activity: [0,134839828,com.android.deskclock/.DeskClock,userLeaving=false,finish]
12-01 09:06:11.973 30186 30186 I wm_on_paused_called: [134839828,com.android.deskclock.DeskClock,performPause]
12-01 09:06:11.979 1508 2437 I wm_destroy_activity: [0,134839828,337,com.android.deskclock/.DeskClock,finish-imm:completePausedLocked]
12-01 09:06:11.992 1508 1636 I sysui_multi_action: [757,803,799,window_time_2,802,3]
12-01 09:06:11.999 30186 30186 I wm_on_stop_called: [134839828,com.android.deskclock.DeskClock,LIFECYCLER_STOP_ACTIVITY]
12-01 09:06:12.021 30186 30186 I wm_on_destroy_called: [134839828,com.android.deskclock.DeskClock,performDestroy]
12-01 09:06:12.284 1508 1637 I wm_task_removed: [337,removeChild:removeChild last r=ActivityRecord{8097e14 u0 com.android.deskclock/.DeskClock t-1 f}} in t=Task{bbaa381 #337 type=standard A=10065:com.android.deskclock U=0 visible=false mode=freeform translucent=true sz=0}]
12-01 09:06:12.284 1508 1637 I wm_task_removed: [337,removeChild]
12-01 09:06:12.678 1508 2005 I input_interaction: Interaction with: e9e80a1 com.android.launcher3/com.android.launcher3.uioverrides.QuickstepLauncher (server), 5ecd4a7 com.android.systemui.ImageWallpaper (server), edge-swipe (server), swipe-up (server), PointerEventDispatcher0 (server),
12-01 09:06:12.777 1508 3610 I wm_task_moved: [1,1,7]
12-01 09:06:12.778 1508 3610 I wm_set_resumed_activity: [0,com.android.launcher3/.uioverrides.QuickstepLauncher,positionChildAt]
12-01 09:06:12.778 1508 3610 I wm_task_moved: [330,1,7]
12-01 09:06:12.778 1508 3610 I wm_task_to_front: [0,330]
12-01 09:06:12.779 1508 3610 I wm_focused_root_task: [0,0,330,1,moveTaskToFront findTaskToMoveToFront]
12-01 09:06:12.779 1508 3610 I wm_set_resumed_activity: [0,com.android.music/.MusicBrowserActivity,moveTaskToFront findTaskToMoveToFront]
12-01 09:06:12.781 1508 3610 I wm_set_resumed_activity: [0,com.android.music/.MusicBrowserActivity,resumeTopActivityInnerLocked]
12-01 09:06:12.782 1508 3610 I wm_relaunch_resume_activity: [0,165010236,330,com.android.music/.MusicBrowserActivity]
12-01 09:06:12.800 2822 2822 I wm_on_top_resumed_lost_called: [103113767,com.android.launcher3.uioverrides.QuickstepLauncher,topStateChangedWhenResumed]
12-01 09:06:12.803 29140 29140 I wm_on_restart_called: [165010236,com.android.music.MusicBrowserActivity,performRestartActivity]
12-01 09:06:12.809 29140 29140 I wm_on_start_called: [165010236,com.android.music.MusicBrowserActivity,handleStartActivity]
12-01 09:06:12.811 29140 29140 I wm_on_stop_called: [165010236,com.android.music.MusicBrowserActivity,handleRelaunchActivity]
12-01 09:06:12.813 29140 29140 I wm_on_destroy_called: [165010236,com.android.music.MusicBrowserActivity,performDestroy]
12-01 09:06:12.859 29140 29140 I wm_on_create_called: [165010236,com.android.music.MusicBrowserActivity,performCreate]
12-01 09:06:12.866 29140 29140 I wm_on_start_called: [165010236,com.android.music.MusicBrowserActivity,handleStartActivity]
12-01 09:06:12.866 29140 29140 I wm_on_resume_called: [165010236,com.android.music.MusicBrowserActivity,RESUME_ACTIVITY]
12-01 09:06:12.873 1508 1637 I input_focus: [Focus request 6f261a6 com.android.music/com.android.music.MusicBrowserActivity,reason=UpdateInputWindows]
12-01 09:06:12.881 29140 29140 I wm_on_top_resumed_gained_called: [165010236,com.android.music.MusicBrowserActivity,topStateChangedWhenResumed]
12-01 09:06:12.890 1508 1633 I sysui_multi_action: [319,105,322,105,325,18791,757,761,758,9,759,2,806,com.android.music,871,com.android.music.MusicBrowserActivity,904,com.android.launcher3,905,0,1320,8,1321,5]
12-01 09:06:12.897 1508 2005 I input_focus: [Focus leaving e9e80a1 com.android.launcher3/com.android.launcher3.uioverrides.QuickstepLauncher (server),reason=Waiting for window because NOT_VISIBLE]
12-01 09:06:12.899 1508 1508 I notification_enqueue: [10086,29140,com.android.music,1,NULL,0,Notification(channel=Channel-music shortcut=null contentView=null vibrate=null sound=null defaults=0x0 flags=0x40 color=0x00000000 category=transport actions=4 vis=PRIVATE),1]
12-01 09:06:12.900 1508 1508 I notification_enqueue: [10086,29140,com.android.music,1,NULL,0,Notification(channel=Channel-music shortcut=null contentView=null vibrate=null sound=null defaults=0x0 flags=0x40 color=0x00000000 category=transport actions=4 vis=PRIVATE),1]
12-01 09:06:12.904 1508 2005 I input_focus: [Focus entering 6f261a6 com.android.music/com.android.music.MusicBrowserActivity (server),reason=Window became focusable. Previous reason: NOT_VISIBLE]
12-01 09:06:12.919 1508 1508 I notification_enqueue: [10086,29140,com.android.music,1,NULL,0,Notification(channel=Channel-music shortcut=null contentView=null vibrate=null sound=null defaults=0x0 flags=0x40 color=0x00000000 category=transport actions=4 vis=PRIVATE),1]
12-01 09:06:12.921 1508 1508 I notification_enqueue: [10086,29140,com.android.music,1,NULL,0,Notification(channel=Channel-music shortcut=null contentView=null vibrate=null sound=null defaults=0x0 flags=0x40 color=0x00000000 category=transport actions=4 vis=PRIVATE),1]
12-01 09:06:12.936 1508 1508 I notification_enqueue: [10086,29140,com.android.music,1,NULL,0,Notification(channel=Channel-music shortcut=null contentView=null vibrate=null sound=null defaults=0x0 flags=0x40 color=0x00000000 category=transport actions=4 vis=PRIVATE),1]
12-01 09:06:12.939 1508 1508 I notification_enqueue: [10086,29140,com.android.music,1,NULL,0,Notification(channel=Channel-music shortcut=null contentView=null vibrate=null sound=null defaults=0x0 flags=0x40 color=0x00000000 category=transport actions=4 vis=PRIVATE),1]
12-01 09:06:12.953 1508 1508 I notification_enqueue: [10086,29140,com.android.music,1,NULL,0,Notification(channel=Channel-music shortcut=null contentView=null vibrate=null sound=null defaults=0x0 flags=0x40 color=0x00000000 category=transport actions=4 vis=PRIVATE),1]
12-01 09:06:12.953 1508 1508 I notification_enqueue: [10086,29140,com.android.music,1,NULL,0,Notification(channel=Channel-music shortcut=null contentView=null vibrate=null sound=null defaults=0x0 flags=0x40 color=0x00000000 category=transport actions=4 vis=PRIVATE),1]
12-01 09:06:13.464 1508 1647 I am_pss : [30187,10061,com.android.soundrecorder,5604352,3792896,0,88489984,0,19,8]
12-01 09:06:13.476 1508 1647 I am_pss : [30185,1000,com.android.settings,20491264,12226560,0,111124480,0,19,9]
