12-01 09:21:33.365 29601 29601 I wm_on_create_called: [172862640,com.android.permissioncontroller.permission.ui.GrantPermissionsActivity,performCreate]
12-01 09:21:33.366 29601 29601 I wm_on_start_called: [172862640,com.android.permissioncontroller.permission.ui.GrantPermissionsActivity,handleStartActivity]
12-01 09:21:33.366 29601 29601 I wm_on_resume_called: [172862640,com.android.permissioncontroller.permission.ui.GrantPermissionsActivity,RESUME_ACTIVITY]
12-01 09:21:33.369 29601 29601 I wm_on_top_resumed_gained_called: [172862640,com.android.permissioncontroller.permission.ui.GrantPermissionsActivity,topStateChangedWhenResumed]
12-01 09:21:33.373 1508 9285 I wm_finish_activity: [0,172862640,365,com.android.permissioncontroller/.permission.ui.GrantPermissionsActivity,app-request]
12-01 09:21:33.378 1508 9285 I wm_pause_activity: [0,172862640,com.android.permissioncontroller/.permission.ui.GrantPermissionsActivity,userLeaving=false,finish]
12-01 09:21:33.387 1508 1636 I sysui_multi_action: [757,1144,758,8,806,com.android.permissioncontroller,871,com.android.permissioncontroller.permission.ui.GrantPermissionsActivity]
12-01 09:21:33.397 29601 29601 I wm_on_top_resumed_lost_called: [172862640,com.android.permissioncontroller.permission.ui.GrantPermissionsActivity,topStateChangedWhenResumed]
12-01 09:21:33.398 29601 29601 I wm_on_paused_called: [172862640,com.android.permissioncontroller.permission.ui.GrantPermissionsActivity,performPause]
12-01 09:21:33.400 1508 2301 I wm_set_resumed_activity: [0,com.android.deskclock/.DeskClock,resumeTopActivityInnerLocked]
12-01 09:21:33.402 1508 2301 I wm_resume_activity: [0,33406700,365,com.android.deskclock/.DeskClock]
12-01 09:21:33.402 30186 30186 I wm_on_activity_result_called: [33406700,com.android.deskclock.DeskClock,ACTIVITY_RESULT]
12-01 09:21:33.403 30186 30186 I wm_on_resume_called: [33406700,com.android.deskclock.DeskClock,RESUME_ACTIVITY]
12-01 09:21:33.405 30186 30186 I wm_on_top_resumed_gained_called: [33406700,com.android.deskclock.DeskClock,topWhenResuming]
12-01 09:21:33.407 1508 1637 I input_focus: [Focus request b3f7531 com.android.deskclock/com.android.deskclock.DeskClock,reason=UpdateInputWindows]
12-01 09:21:33.409 1508 1636 I sysui_multi_action: [757,803,799,window_time_0,802,0]
12-01 09:21:33.419 1508 1603 I wm_destroy_activity: [0,172862640,365,com.android.permissioncontroller/.permission.ui.GrantPermissionsActivity,finish-idle]
12-01 09:21:33.420 29601 29601 I wm_on_stop_called: [172862640,com.android.permissioncontroller.permission.ui.GrantPermissionsActivity,LIFECYCLER_STOP_ACTIVITY]
12-01 09:21:33.420 29601 29601 I wm_on_destroy_called: [172862640,com.android.permissioncontroller.permission.ui.GrantPermissionsActivity,performDestroy]
12-01 09:21:33.753 1508 1636 I wm_stop_activity: [0,103113767,com.android.launcher3/.uioverrides.QuickstepLauncher]
12-01 09:21:33.780 2822 2822 I wm_on_stop_called: [103113767,com.android.launcher3.uioverrides.QuickstepLauncher,STOP_ACTIVITY_ITEM]
12-01 09:21:34.037 1508 9285 I wm_task_moved: [1,0,0]
12-01 09:21:34.038 1508 9285 I wm_task_moved: [1,0,5]
12-01 09:21:34.043 30186 30186 I view_enqueue_input_event: [Motion - Cancel,com.android.deskclock/com.android.deskclock.DeskClock]
12-01 09:21:34.046 2822 2822 I wm_on_restart_called: [103113767,com.android.launcher3.uioverrides.QuickstepLauncher,performRestartActivity]
12-01 09:21:34.048 1508 2005 I input_interaction: Interaction with: edge-swipe (server), swipe-up (server), PointerEventDispatcher0 (server),
12-01 09:21:34.058 2822 2822 I wm_on_start_called: [103113767,com.android.launcher3.uioverrides.QuickstepLauncher,handleStartActivity]
12-01 09:21:34.060 1508 1637 I input_focus: [Focus request recents_animation_input_consumer,reason=UpdateInputWindows]
12-01 09:21:34.082 1508 2005 I input_focus: [Focus leaving b3f7531 com.android.deskclock/com.android.deskclock.DeskClock (server),reason=NOT_FOCUSABLE]
12-01 09:21:34.082 1508 2005 I input_focus: [Focus entering recents_animation_input_consumer (server),reason=setFocusedWindow]
12-01 09:21:34.088 2822 2822 I sysui_latency: [1,67]
12-01 09:21:34.111 1508 1633 I sysui_multi_action: [319,9,322,69,325,19712,757,761,758,9,759,5,806,com.android.launcher3,871,com.android.launcher3.uioverrides.QuickstepLauncher,905,0,1320,8,1321,5]
12-01 09:21:34.262 1508 1754 I commit_sys_config_file: [settings-1-0,4]
12-01 09:21:34.351 0 0 I auditd : type=1400 audit(0.0:20910): avc: denied { kill } for comm="swapper/2" capability=5 scontext=u:r:kernel:s0 tcontext=u:r:kernel:s0 tclass=capability permissive=0
12-01 09:21:34.408 1508 1647 I sysui_latency: [8,80]
12-01 09:21:34.718 1508 1603 I wm_task_moved: [1,1,6]
12-01 09:21:34.720 1508 1603 I wm_focused_root_task: [0,0,1,365,RecentsAnimation.onAnimationFinished()]
12-01 09:21:34.720 30186 30186 I wm_on_top_resumed_lost_called: [33406700,com.android.deskclock.DeskClock,topStateChangedWhenResumed]
12-01 09:21:34.722 1508 1603 I wm_pause_activity: [0,33406700,com.android.deskclock/.DeskClock,userLeaving=false,pauseBackTasks]
12-01 09:21:34.726 1508 1603 I wm_set_resumed_activity: [0,com.android.launcher3/.uioverrides.QuickstepLauncher,resumeTopActivityInnerLocked]
12-01 09:21:34.728 1508 1603 I wm_resume_activity: [0,103113767,10,com.android.launcher3/.uioverrides.QuickstepLauncher]
12-01 09:21:34.729 2822 2822 I wm_on_resume_called: [103113767,com.android.launcher3.uioverrides.QuickstepLauncher,RESUME_ACTIVITY]
12-01 09:21:34.729 1508 1603 I wm_add_to_stopping: [0,33406700,com.android.deskclock/.DeskClock,makeInvisible]
12-01 09:21:34.736 1508 1636 I sysui_multi_action: [757,803,799,window_time_0,802,2]
12-01 09:21:34.736 30186 30186 I wm_on_paused_called: [33406700,com.android.deskclock.DeskClock,performPause]
12-01 09:21:34.736 1508 1637 I input_focus: [Focus request e9e80a1 com.android.launcher3/com.android.launcher3.uioverrides.QuickstepLauncher,reason=UpdateInputWindows]
12-01 09:21:34.738 1508 1636 I wm_stop_activity: [0,33406700,com.android.deskclock/.DeskClock]
12-01 09:21:34.738 1508 1636 I sysui_multi_action: [757,803,799,window_time_0,802,0]
12-01 09:21:34.751 1508 2005 I input_focus: [Focus leaving recents_animation_input_consumer (server),reason=NOT_VISIBLE]
12-01 09:21:34.760 30186 30186 I wm_on_stop_called: [33406700,com.android.deskclock.DeskClock,STOP_ACTIVITY_ITEM]
12-01 09:21:34.768 1508 2005 I input_focus: [Focus entering e9e80a1 com.android.launcher3/com.android.launcher3.uioverrides.QuickstepLauncher (server),reason=setFocusedWindow]
12-01 09:21:34.775 2822 2822 I wm_on_top_resumed_gained_called: [103113767,com.android.launcher3.uioverrides.QuickstepLauncher,topStateChangedWhenResumed]
12-01 09:21:34.978 1508 1754 I commit_sys_config_file: [settings-1-0,9]
12-01 09:21:35.351 0 0 I auditd : type=1400 audit(0.0:20911): avc: denied { kill } for comm="swapper/2" capability=5 scontext=u:r:kernel:s0 tcontext=u:r:kernel:s0 tclass=capability permissive=0
12-01 09:21:36.351 0 0 I auditd : type=1400 audit(0.0:20912): avc: denied { kill } for comm="swapper/2" capability=5 scontext=u:r:kernel:s0 tcontext=u:r:kernel:s0 tclass=capability permissive=0
12-01 09:21:37.103 1508 2005 I input_interaction: Interaction with: e9e80a1 com.android.launcher3/com.android.launcher3.uioverrides.QuickstepLauncher (server), 5ecd4a7 com.android.systemui.ImageWallpaper (server), edge-swipe (server), swipe-up (server), PointerEventDispatcher0 (server),
12-01 09:21:37.184 1508 8164 I wm_task_created: [366,-1]
12-01 09:21:37.189 1508 8164 I wm_task_moved: [366,1,7]
12-01 09:21:37.189 1508 8164 I wm_task_to_front: [0,366]
12-01 09:21:37.189 1508 8164 I wm_create_task: [0,366]
12-01 09:21:37.189 1508 8164 I wm_create_activity: [0,69176197,366,com.android.gallery3d/.app.GalleryActivity,NULL,NULL,NULL,268468224]
12-01 09:21:37.190 1508 8164 I wm_task_moved: [366,1,7]
12-01 09:21:37.195 1508 8164 I wm_restart_activity: [0,69176197,366,com.android.gallery3d/.app.GalleryActivity]
12-01 09:21:37.196 1508 8164 I wm_set_resumed_activity: [0,com.android.gallery3d/.app.GalleryActivity,minimalResumeActivityLocked]
12-01 09:21:37.204 1508 1636 I am_uid_active: 10064
12-01 09:21:37.206 2822 2822 I wm_on_top_resumed_lost_called: [103113767,com.android.launcher3.uioverrides.QuickstepLauncher,topStateChangedWhenResumed]
12-01 09:21:37.244 30865 30865 I wm_on_create_called: [69176197,com.android.gallery3d.app.GalleryActivity,performCreate]
12-01 09:21:37.245 30865 30865 I wm_on_start_called: [69176197,com.android.gallery3d.app.GalleryActivity,handleStartActivity]
12-01 09:21:37.248 30865 30865 I wm_on_resume_called: [69176197,com.android.gallery3d.app.GalleryActivity,RESUME_ACTIVITY]
12-01 09:21:37.251 30865 30865 I wm_on_top_resumed_gained_called: [69176197,com.android.gallery3d.app.GalleryActivity,topStateChangedWhenResumed]
12-01 09:21:37.262 1508 1637 I input_focus: [Focus request 28403e7 com.android.gallery3d/com.android.gallery3d.app.GalleryActivity,reason=UpdateInputWindows]
12-01 09:21:37.291 1508 2005 I input_focus: [Focus leaving e9e80a1 com.android.launcher3/com.android.launcher3.uioverrides.QuickstepLauncher (server),reason=Waiting for window because NOT_VISIBLE]
12-01 09:21:37.333 1508 1633 I sysui_multi_action: [319,153,322,153,325,19715,757,761,758,8,759,2,806,com.android.gallery3d,871,com.android.gallery3d.app.GalleryActivity,904,com.android.launcher3,905,0,1320,8,1321,5]
12-01 09:21:37.335 1508 1633 I wm_activity_launch_time: [0,69176197,com.android.gallery3d/.app.GalleryActivity,153]
12-01 09:21:37.342 1508 2005 I input_focus: [Focus entering 28403e7 com.android.gallery3d/com.android.gallery3d.app.GalleryActivity (server),reason=Window became focusable. Previous reason: NOT_VISIBLE]
12-01 09:21:37.351 0 0 I auditd : type=1400 audit(0.0:20913): avc: denied { kill } for comm="swapper/2" capability=5 scontext=u:r:kernel:s0 tcontext=u:r:kernel:s0 tclass=capability permissive=0
12-01 09:21:37.980 2822 2822 I view_enqueue_input_event: [Motion - Cancel,com.android.launcher3/com.android.launcher3.uioverrides.QuickstepLauncher]
12-01 09:21:37.984 1508 2005 I input_interaction: Interaction with: edge-swipe (server), swipe-up (server), PointerEventDispatcher0 (server),
12-01 09:21:38.275 1508 1603 I wm_task_moved: [1,1,7]
12-01 09:21:38.280 30865 30865 I wm_on_top_resumed_lost_called: [69176197,com.android.gallery3d.app.GalleryActivity,topStateChangedWhenResumed]
12-01 09:21:38.280 1508 1603 I wm_set_resumed_activity: [0,com.android.launcher3/.uioverrides.QuickstepLauncher,positionChildAt]
12-01 09:21:38.280 1508 1603 I wm_task_moved: [10,1,2147483647]
12-01 09:21:38.280 1508 1603 I wm_task_to_front: [0,10]
12-01 09:21:38.280 1508 1603 I wm_focused_root_task: [0,0,1,366,bringingFoundTaskToFront]
12-01 09:21:38.280 1508 1603 I wm_set_resumed_activity: [0,com.android.launcher3/.uioverrides.QuickstepLauncher,bringingFoundTaskToFront]
12-01 09:21:38.281 1508 1603 I wm_new_intent: [0,103113767,10,com.android.launcher3/.uioverrides.QuickstepLauncher,android.intent.action.MAIN,NULL,NULL,268435712]
12-01 09:21:38.281 1508 1603 I wm_task_moved: [1,1,7]
12-01 09:21:38.281 1508 1603 I wm_set_resumed_activity: [0,com.android.launcher3/.uioverrides.QuickstepLauncher,positionChildAt]
12-01 09:21:38.288 1508 1637 I input_focus: [Focus request e9e80a1 com.android.launcher3/com.android.launcher3.uioverrides.QuickstepLauncher,reason=UpdateInputWindows]
12-01 09:21:38.290 2822 2822 I wm_on_paused_called: [103113767,com.android.launcher3.uioverrides.QuickstepLauncher,performPause]
12-01 09:21:38.293 2822 2822 I wm_on_resume_called: [103113767,com.android.launcher3.uioverrides.QuickstepLauncher,LIFECYCLER_RESUME_ACTIVITY]
12-01 09:21:38.298 2822 2822 I wm_on_top_resumed_gained_called: [103113767,com.android.launcher3.uioverrides.QuickstepLauncher,topStateChangedWhenResumed]
12-01 09:21:38.327 1508 2005 I input_focus: [Focus leaving 28403e7 com.android.gallery3d/com.android.gallery3d.app.GalleryActivity (server),reason=setFocusedWindow]
12-01 09:21:38.328 1508 2005 I input_focus: [Focus entering e9e80a1 com.android.launcher3/com.android.launcher3.uioverrides.QuickstepLauncher (server),reason=setFocusedWindow]
12-01 09:21:38.480 1508 2005 I input_interaction: Interaction with: e9e80a1 com.android.launcher3/com.android.launcher3.uioverrides.QuickstepLauncher (server), 5ecd4a7 com.android.systemui.ImageWallpaper (server), edge-swipe (server), swipe-up (server), PointerEventDispatcher0 (server),
12-01 09:21:38.504 2822 2822 I view_enqueue_input_event: [Motion - Cancel,com.android.launcher3/com.android.launcher3.uioverrides.QuickstepLauncher]
12-01 09:21:38.507 1508 2005 I input_interaction: Interaction with: edge-swipe (server), swipe-up (server), PointerEventDispatcher0 (server),
12-01 09:21:38.701 1508 1754 I commit_sys_config_file: [settings-1-0,12]
12-01 09:21:39.010 1508 1754 I commit_sys_config_file: [settings-1-0,8]
12-01 09:21:39.351 0 0 I auditd : type=1400 audit(0.0:20914): avc: denied { kill } for comm="swapper/2" capability=5 scontext=u:r:kernel:s0 tcontext=u:r:kernel:s0 tclass=capability permissive=0
12-01 09:21:39.617 1508 2005 I input_interaction: Interaction with: 28403e7 com.android.gallery3d/com.android.gallery3d.app.GalleryActivity (server), edge-swipe (server), swipe-up (server), PointerEventDispatcher0 (server),
12-01 09:21:39.621 1508 1636 I wm_task_moved: [366,1,7]
12-01 09:21:39.621 1508 1636 I wm_task_to_front: [0,366]
12-01 09:21:39.627 1508 1636 I wm_set_resumed_activity: [0,com.android.gallery3d/.app.GalleryActivity,positionChildAt]
12-01 09:21:39.627 1508 1636 I wm_focused_root_task: [0,0,366,1,setFocusedTask]
12-01 09:21:39.627 1508 1636 I wm_set_resumed_activity: [0,com.android.gallery3d/.app.GalleryActivity,setFocusedTask]
12-01 09:21:39.627 2822 2822 I wm_on_top_resumed_lost_called: [103113767,com.android.launcher3.uioverrides.QuickstepLauncher,topStateChangedWhenResumed]
12-01 09:21:39.628 1508 1637 I input_focus: [Focus request 28403e7 com.android.gallery3d/com.android.gallery3d.app.GalleryActivity,reason=UpdateInputWindows]
12-01 09:21:39.637 30865 30865 I wm_on_top_resumed_gained_called: [69176197,com.android.gallery3d.app.GalleryActivity,topStateChangedWhenResumed]
12-01 09:21:39.649 1508 2005 I input_focus: [Focus leaving e9e80a1 com.android.launcher3/com.android.launcher3.uioverrides.QuickstepLauncher (server),reason=setFocusedWindow]
12-01 09:21:39.649 1508 2005 I input_focus: [Focus entering 28403e7 com.android.gallery3d/com.android.gallery3d.app.GalleryActivity (server),reason=setFocusedWindow]
12-01 09:21:39.721 1508 8164 I wm_relaunch_resume_activity: [0,69176197,366,com.android.gallery3d/.app.GalleryActivity]
12-01 09:21:39.722 1508 8164 I wm_add_to_stopping: [0,103113767,com.android.launcher3/.uioverrides.QuickstepLauncher,makeInvisible]
12-01 09:21:39.740 30865 30865 I wm_on_top_resumed_lost_called: [69176197,com.android.gallery3d.app.GalleryActivity,pausing]
12-01 09:21:39.746 30865 30865 I wm_on_paused_called: [69176197,com.android.gallery3d.app.GalleryActivity,performPause]
12-01 09:21:39.746 30865 30865 I wm_on_stop_called: [69176197,com.android.gallery3d.app.GalleryActivity,handleRelaunchActivity]
12-01 09:21:39.748 30865 30865 I wm_on_destroy_called: [69176197,com.android.gallery3d.app.GalleryActivity,performDestroy]
12-01 09:21:39.766 30865 30865 I wm_on_create_called: [69176197,com.android.gallery3d.app.GalleryActivity,performCreate]
12-01 09:21:39.768 30865 30865 I wm_on_start_called: [69176197,com.android.gallery3d.app.GalleryActivity,handleStartActivity]
12-01 09:21:39.775 30865 30865 I wm_on_resume_called: [69176197,com.android.gallery3d.app.GalleryActivity,RESUME_ACTIVITY]
12-01 09:21:39.775 30865 30865 I wm_on_top_resumed_gained_called: [69176197,com.android.gallery3d.app.GalleryActivity,topWhenResuming]
12-01 09:21:39.794 1508 1508 I notification_enqueue: [10082,18856,com.android.systemui,2048,NULL,0,Notification(channel=updateNotification shortcut=null contentView=null vibrate=null sound=null defaults=0x0 flags=0x0 color=0x00000000 vis=PRIVATE),1]
12-01 09:21:39.796 18856 18856 I sysui_multi_action: [757,111,758,2]
12-01 09:21:39.797 18856 18856 I sysui_multi_action: [757,111,758,2]
12-01 09:21:39.807 18856 18856 I sysui_multi_action: [757,111,758,1]
12-01 09:21:39.807 18856 18856 I sysui_multi_action: [757,126,758,1,759,126,927,0,928,1,1593,0]
12-01 09:21:39.807 18856 18856 I sysui_multi_action: [757,113,758,1,759,113,927,1,928,1,1593,0]
12-01 09:21:39.807 18856 18856 I sysui_multi_action: [757,0,758,1,759,0,927,2,928,0,1593,0]
12-01 09:21:39.807 18856 18856 I sysui_multi_action: [757,0,758,1,759,0,927,3,928,0,1593,0]
12-01 09:21:39.807 18856 18856 I sysui_multi_action: [757,491,758,1,759,491,927,4,928,0,1311,-1,1593,0]
12-01 09:21:39.807 18856 18856 I sysui_multi_action: [757,0,758,1,759,0,927,5,928,0,1593,0]
12-01 09:21:39.808 18856 18856 I sysui_multi_action: [757,111,758,1]
12-01 09:21:39.808 18856 18856 I sysui_multi_action: [757,126,758,1,759,126,927,0,928,1,1593,0]
12-01 09:21:39.808 18856 18856 I sysui_multi_action: [757,113,758,1,759,113,927,1,928,1,1593,0]
12-01 09:21:39.808 18856 18856 I sysui_multi_action: [757,0,758,1,759,0,927,2,928,0,1593,0]
12-01 09:21:39.808 18856 18856 I sysui_multi_action: [757,0,758,1,759,0,927,3,928,0,1593,0]
12-01 09:21:40.002 1508 1508 I sysui_multi_action: [757,1501,758,1,793,978709,794,0,795,210,796,2048,806,com.android.systemui,857,updateNotification,858,3,947,0,1500,0,1688,1]
12-01 09:21:40.003 1508 1508 I sysui_multi_action: [757,804,799,note_interruptive,801,0,802,1]
12-01 09:21:40.003 1508 1508 I sysui_multi_action: [757,199,758,1,759,2,793,978710,794,0,795,211,796,2048,806,com.android.systemui,857,updateNotification,858,3,947,0,1500,1,1688,1]
12-01 09:21:40.003 1508 1508 I notification_alert: [0|com.android.systemui|2048|null|10082,0,1,0]
12-01 09:21:40.151 1508 1636 I wm_stop_activity: [0,103113767,com.android.launcher3/.uioverrides.QuickstepLauncher]
12-01 09:21:40.187 2822 2822 I wm_on_paused_called: [103113767,com.android.launcher3.uioverrides.QuickstepLauncher,performPause]
12-01 09:21:40.192 2822 2822 I wm_on_stop_called: [103113767,com.android.launcher3.uioverrides.QuickstepLauncher,STOP_ACTIVITY_ITEM]
12-01 09:21:40.506 1508 2301 I wm_task_moved: [1,0,0]
12-01 09:21:40.507 1508 2301 I wm_task_moved: [1,0,6]
12-01 09:21:40.512 30865 30865 I view_enqueue_input_event: [Motion - Cancel,com.android.gallery3d/com.android.gallery3d.app.GalleryActivity]
12-01 09:21:40.527 1508 1637 I input_focus: [Focus request recents_animation_input_consumer,reason=UpdateInputWindows]
12-01 09:21:40.527 1508 2005 I input_interaction: Interaction with: edge-swipe (server), swipe-up (server), PointerEventDispatcher0 (server),
12-01 09:21:40.539 2822 2822 I wm_on_restart_called: [103113767,com.android.launcher3.uioverrides.QuickstepLauncher,performRestartActivity]
12-01 09:21:40.548 1508 2005 I input_focus: [Focus leaving 28403e7 com.android.gallery3d/com.android.gallery3d.app.GalleryActivity (server),reason=NOT_FOCUSABLE]
12-01 09:21:40.548 1508 2005 I input_focus: [Focus entering recents_animation_input_consumer (server),reason=setFocusedWindow]
12-01 09:21:40.550 2822 2822 I wm_on_start_called: [103113767,com.android.launcher3.uioverrides.QuickstepLauncher,handleStartActivity]
12-01 09:21:40.565 2822 2822 I sysui_latency: [1,72]
12-01 09:21:40.602 1508 1633 I sysui_multi_action: [319,15,322,71,325,19719,757,761,758,9,759,5,806,com.android.launcher3,871,com.android.launcher3.uioverrides.QuickstepLauncher,905,0,1320,8,1321,5]
12-01 09:21:40.715 1508 1508 I service_manager_stats: [100,77,36445]
12-01 09:21:40.753 1508 1754 I commit_sys_config_file: [settings-1-0,4]
12-01 09:21:40.879 1508 1647 I sysui_latency: [8,79]
12-01 09:21:41.131 1508 9856 I wm_task_moved: [1,1,7]
12-01 09:21:41.137 1508 9856 I wm_focused_root_task: [0,0,1,366,RecentsAnimation.onAnimationFinished()]
12-01 09:21:41.137 30865 30865 I wm_on_top_resumed_lost_called: [69176197,com.android.gallery3d.app.GalleryActivity,topStateChangedWhenResumed]
12-01 09:21:41.141 1508 9856 I wm_pause_activity: [0,69176197,com.android.gallery3d/.app.GalleryActivity,userLeaving=false,pauseBackTasks]
12-01 09:21:41.143 1508 9856 I wm_set_resumed_activity: [0,com.android.launcher3/.uioverrides.QuickstepLauncher,resumeTopActivityInnerLocked]
12-01 09:21:41.144 1508 9856 I wm_resume_activity: [0,103113767,10,com.android.launcher3/.uioverrides.QuickstepLauncher]
12-01 09:21:41.144 1508 9856 I wm_add_to_stopping: [0,69176197,com.android.gallery3d/.app.GalleryActivity,makeInvisible]
12-01 09:21:41.145 2822 2822 I wm_on_resume_called: [103113767,com.android.launcher3.uioverrides.QuickstepLauncher,RESUME_ACTIVITY]
12-01 09:21:41.160 1508 1637 I input_focus: [Focus request e9e80a1 com.android.launcher3/com.android.launcher3.uioverrides.QuickstepLauncher,reason=UpdateInputWindows]
12-01 09:21:41.161 1508 1636 I sysui_multi_action: [757,803,799,window_time_0,802,6]
12-01 09:21:41.168 1508 1636 I wm_stop_activity: [0,69176197,com.android.gallery3d/.app.GalleryActivity]
12-01 09:21:41.170 1508 1636 I sysui_multi_action: [757,803,799,window_time_0,802,0]
12-01 09:21:41.170 1508 2005 I input_focus: [Focus leaving recents_animation_input_consumer (server),reason=NOT_VISIBLE]
12-01 09:21:41.171 1508 2005 I input_focus: [Focus entering e9e80a1 com.android.launcher3/com.android.launcher3.uioverrides.QuickstepLauncher (server),reason=setFocusedWindow]
12-01 09:21:41.182 2822 2822 I wm_on_top_resumed_gained_called: [103113767,com.android.launcher3.uioverrides.QuickstepLauncher,topStateChangedWhenResumed]
12-01 09:21:41.189 30865 30865 I wm_on_paused_called: [69176197,com.android.gallery3d.app.GalleryActivity,performPause]
12-01 09:21:41.193 30865 30865 I wm_on_stop_called: [69176197,com.android.gallery3d.app.GalleryActivity,STOP_ACTIVITY_ITEM]
12-01 09:21:41.381 1508 1754 I commit_sys_config_file: [settings-1-0,4]
12-01 09:21:41.776 1508 1508 I notification_enqueue: [10097,9319,com.github.uiautomator,1,NULL,0,Notification(channel=monitor service shortcut=null contentView=null vibrate=null sound=null tick defaults=0x0 flags=0x40 color=0x00000000 vis=PRIVATE),1]
12-01 09:21:41.824 1508 2005 I input_interaction: Interaction with: e9e80a1 com.android.launcher3/com.android.launcher3.uioverrides.QuickstepLauncher (server), 5ecd4a7 com.android.systemui.ImageWallpaper (server), edge-swipe (server), swipe-up (server), PointerEventDispatcher0 (server),
12-01 09:21:41.895 1508 9618 I wm_task_moved: [365,1,7]
12-01 09:21:41.895 1508 9618 I wm_task_to_front: [0,365]
12-01 09:21:41.897 1508 9618 I wm_focused_root_task: [0,0,365,1,bringingFoundTaskToFront]
12-01 09:21:41.898 1508 9618 I wm_set_resumed_activity: [0,com.android.deskclock/.DeskClock,bringingFoundTaskToFront]
12-01 09:21:41.900 1508 9618 I wm_relaunch_resume_activity: [0,33406700,365,com.android.deskclock/.DeskClock]
12-01 09:21:41.902 1508 9618 I wm_set_resumed_activity: [0,com.android.deskclock/.DeskClock,resumeTopActivityInnerLocked]
12-01 09:21:41.903 1508 9618 I wm_resume_activity: [0,33406700,365,com.android.deskclock/.DeskClock]
12-01 09:21:41.904 1508 9618 I wm_finish_activity: [0,33406700,365,com.android.deskclock/.DeskClock,clear-task-all]
12-01 09:21:41.904 1508 9618 I wm_pause_activity: [0,33406700,com.android.deskclock/.DeskClock,userLeaving=false,finish]
12-01 09:21:41.906 1508 9618 I wm_task_moved: [365,1,7]
12-01 09:21:41.906 1508 9618 I wm_create_activity: [0,168561498,365,com.android.deskclock/.DeskClock,NULL,NULL,NULL,272662528]
12-01 09:21:41.915 2822 2822 I wm_on_top_resumed_lost_called: [103113767,com.android.launcher3.uioverrides.QuickstepLauncher,topStateChangedWhenResumed]
12-01 09:21:41.917 30186 30186 I wm_on_destroy_called: [33406700,com.android.deskclock.DeskClock,performDestroy]
12-01 09:21:41.951 1508 2301 I wm_task_created: [367,-1]
12-01 09:21:41.952 1508 2301 I wm_finish_activity: [0,168561498,365,com.android.deskclock/.DeskClock,app-request]
12-01 09:21:41.952 1508 2301 I wm_task_moved: [1,1,8]
12-01 09:21:41.952 1508 2301 I wm_set_resumed_activity: [0,com.android.launcher3/.uioverrides.QuickstepLauncher,positionChildAt]
12-01 09:21:41.952 1508 2301 I wm_task_moved: [10,1,2147483647]
12-01 09:21:41.952 1508 2301 I wm_task_to_front: [0,10]
12-01 09:21:41.953 1508 2301 I wm_focused_root_task: [0,0,1,-1,finish-top adjustFocusToNextFocusableTask]
12-01 09:21:41.953 1508 2301 I wm_set_resumed_activity: [0,com.android.launcher3/.uioverrides.QuickstepLauncher,finish-top]
12-01 09:21:41.953 2822 2822 I wm_on_top_resumed_gained_called: [103113767,com.android.launcher3.uioverrides.QuickstepLauncher,topStateChangedWhenResumed]
12-01 09:21:41.953 1508 2301 I wm_destroy_activity: [0,168561498,365,com.android.deskclock/.DeskClock,finish-imm:finishIfPossible]
12-01 09:21:41.965 1508 2301 I wm_task_moved: [367,1,8]
12-01 09:21:41.965 1508 2301 I wm_task_to_front: [0,367]
12-01 09:21:41.965 1508 2301 I wm_focused_root_task: [0,0,367,1,reuseOrNewTask]
12-01 09:21:41.965 1508 2301 I wm_create_task: [0,367]
12-01 09:21:41.965 1508 2301 I wm_create_activity: [0,122985319,367,com.android.permissioncontroller/.permission.ui.GrantPermissionsActivity,android.content.pm.action.REQUEST_PERMISSIONS,NULL,NULL,276824064]
12-01 09:21:41.965 1508 2301 I wm_task_moved: [367,1,8]
12-01 09:21:41.971 1508 1637 I input_focus: [Focus request e9e80a1 com.android.launcher3/com.android.launcher3.uioverrides.QuickstepLauncher,reason=UpdateInputWindows]
12-01 09:21:41.971 2822 2822 I wm_on_top_resumed_lost_called: [103113767,com.android.launcher3.uioverrides.QuickstepLauncher,topStateChangedWhenResumed]
12-01 09:21:41.980 30186 30186 I wm_on_create_called: [33406700,com.android.deskclock.DeskClock,performCreate]
12-01 09:21:42.006 30186 30186 I wm_on_start_called: [33406700,com.android.deskclock.DeskClock,handleStartActivity]
12-01 09:21:42.006 30186 30186 I wm_on_resume_called: [33406700,com.android.deskclock.DeskClock,RESUME_ACTIVITY]
12-01 09:21:42.050 30186 30186 I wm_on_paused_called: [33406700,com.android.deskclock.DeskClock,performPause]
12-01 09:21:42.051 1508 1603 I wm_add_to_stopping: [0,33406700,com.android.deskclock/.DeskClock,completeFinishing]
12-01 09:21:42.055 1508 1603 I wm_restart_activity: [0,122985319,367,com.android.permissioncontroller/.permission.ui.GrantPermissionsActivity]
12-01 09:21:42.056 1508 1603 I wm_set_resumed_activity: [0,com.android.permissioncontroller/.permission.ui.GrantPermissionsActivity,minimalResumeActivityLocked]
12-01 09:21:42.059 1508 1636 I wm_destroy_activity: [0,33406700,365,com.android.deskclock/.DeskClock,finish-imm:idle]
12-01 09:21:42.061 1508 1636 I sysui_multi_action: [757,803,799,window_time_0,802,1]
12-01 09:21:42.074 1508 2301 I wm_finish_activity: [0,122985319,367,com.android.permissioncontroller/.permission.ui.GrantPermissionsActivity,app-request]
12-01 09:21:42.075 1508 2301 I wm_task_moved: [1,1,8]
12-01 09:21:42.075 1508 2301 I wm_set_resumed_activity: [0,com.android.launcher3/.uioverrides.QuickstepLauncher,positionChildAt]
12-01 09:21:42.075 1508 2301 I wm_task_moved: [10,1,2147483647]
12-01 09:21:42.075 1508 2301 I wm_task_to_front: [0,10]
12-01 09:21:42.075 1508 2301 I wm_focused_root_task: [0,0,1,-1,finish-top adjustFocusToNextFocusableTask]
12-01 09:21:42.075 1508 2301 I wm_set_resumed_activity: [0,com.android.launcher3/.uioverrides.QuickstepLauncher,finish-top]
12-01 09:21:42.076 1508 2301 I wm_pause_activity: [0,122985319,com.android.permissioncontroller/.permission.ui.GrantPermissionsActivity,userLeaving=false,finish]
12-01 09:21:42.079 29601 29601 I wm_on_create_called: [122985319,com.android.permissioncontroller.permission.ui.GrantPermissionsActivity,performCreate]
12-01 09:21:42.079 1508 1637 I input_focus: [Focus request e9e80a1 com.android.launcher3/com.android.launcher3.uioverrides.QuickstepLauncher,reason=UpdateInputWindows]
12-01 09:21:42.080 1508 1636 I sysui_multi_action: [757,1144,758,8,806,com.android.permissioncontroller,871,com.android.permissioncontroller.permission.ui.GrantPermissionsActivity]
12-01 09:21:42.082 1508 8164 I wm_destroy_activity: [0,122985319,367,com.android.permissioncontroller/.permission.ui.GrantPermissionsActivity,finish-imm:completePausedLocked]
12-01 09:21:42.087 1508 1636 I sysui_multi_action: [757,803,799,window_time_2,802,0]
12-01 09:21:42.091 30186 30186 I wm_on_stop_called: [33406700,com.android.deskclock.DeskClock,LIFECYCLER_STOP_ACTIVITY]
12-01 09:21:42.093 29601 29601 I wm_on_destroy_called: [122985319,com.android.permissioncontroller.permission.ui.GrantPermissionsActivity,performDestroy]
12-01 09:21:42.094 1508 9618 I wm_task_removed: [367,removeChild:removeChild last r=ActivityRecord{7549b67 u0 com.android.permissioncontroller/.permission.ui.GrantPermissionsActivity t-1 f}} in t=Task{aef8326 #367 type=standard A=10065:com.android.deskclock U=0 visible=false mode=freeform translucent=true sz=0}]
12-01 09:21:42.094 1508 9618 I wm_task_removed: [367,removeChild]
12-01 09:21:42.103 30186 30186 I wm_on_destroy_called: [33406700,com.android.deskclock.DeskClock,performDestroy]
12-01 09:21:42.109 1508 9618 I wm_task_removed: [365,removeChild:removeChild last r=ActivityRecord{1fdbeec u0 com.android.deskclock/.DeskClock t-1 f}} in t=Task{4629d9f #365 type=standard A=10065:com.android.deskclock U=0 visible=false mode=freeform translucent=true sz=0}]
12-01 09:21:42.109 1508 9618 I wm_task_removed: [365,removeChild]
12-01 09:21:42.111 2822 2822 I wm_on_top_resumed_gained_called: [103113767,com.android.launcher3.uioverrides.QuickstepLauncher,topStateChangedWhenResumed]
12-01 09:21:42.351 0 0 I auditd : type=1400 audit(0.0:20915): avc: denied { kill } for comm="swapper/1" capability=5 scontext=u:r:kernel:s0 tcontext=u:r:kernel:s0 tclass=capability permissive=0
12-01 09:21:43.351 0 0 I auditd : type=1400 audit(0.0:20916): avc: denied { kill } for comm="swapper/1" capability=5 scontext=u:r:kernel:s0 tcontext=u:r:kernel:s0 tclass=capability permissive=0
12-01 09:21:44.351 0 0 I auditd : type=1400 audit(0.0:20917): avc: denied { kill } for comm="swapper/1" capability=5 scontext=u:r:kernel:s0 tcontext=u:r:kernel:s0 tclass=capability permissive=0
12-01 09:21:45.351 0 0 I auditd : type=1400 audit(0.0:20918): avc: denied { kill } for comm="swapper/1" capability=5 scontext=u:r:kernel:s0 tcontext=u:r:kernel:s0 tclass=capability permissive=0
12-01 09:21:46.351 0 0 I auditd : type=1400 audit(0.0:20919): avc: denied { kill } for comm="swapper/1" capability=5 scontext=u:r:kernel:s0 tcontext=u:r:kernel:s0 tclass=capability permissive=0
12-01 09:21:47.351 0 0 I auditd : type=1400 audit(0.0:20920): avc: denied { kill } for comm="swapper/1" capability=5 scontext=u:r:kernel:s0 tcontext=u:r:kernel:s0 tclass=capability permissive=0
12-01 09:21:48.351 0 0 I auditd : type=1400 audit(0.0:20921): avc: denied { kill } for comm="swapper/1" capability=5 scontext=u:r:kernel:s0 tcontext=u:r:kernel:s0 tclass=capability permissive=0
12-01 09:21:49.351 0 0 I auditd : type=1400 audit(0.0:20922): avc: denied { kill } for comm="swapper/1" capability=5 scontext=u:r:kernel:s0 tcontext=u:r:kernel:s0 tclass=capability permissive=0
12-01 09:21:50.351 0 0 I auditd : type=1400 audit(0.0:20923): avc: denied { kill } for comm="swapper/1" capability=5 scontext=u:r:kernel:s0 tcontext=u:r:kernel:s0 tclass=capability permissive=0
12-01 09:21:51.351 0 0 I auditd : type=1400 audit(0.0:20924): avc: denied { kill } for comm="swapper/1" capability=5 scontext=u:r:kernel:s0 tcontext=u:r:kernel:s0 tclass=capability permissive=0
12-01 09:21:52.351 0 0 I auditd : type=1400 audit(0.0:20925): avc: denied { kill } for comm="swapper/1" capability=5 scontext=u:r:kernel:s0 tcontext=u:r:kernel:s0 tclass=capability permissive=0
12-01 09:21:53.351 0 0 I auditd : type=1400 audit(0.0:20926): avc: denied { kill } for comm="swapper/1" capability=5 scontext=u:r:kernel:s0 tcontext=u:r:kernel:s0 tclass=capability permissive=0
12-01 09:21:54.351 0 0 I auditd : type=1400 audit(0.0:20927): avc: denied { kill } for comm="swapper/1" capability=5 scontext=u:r:kernel:s0 tcontext=u:r:kernel:s0 tclass=capability permissive=0
12-01 09:21:55.351 0 0 I auditd : type=1400 audit(0.0:20928): avc: denied { kill } for comm="swapper/1" capability=5 scontext=u:r:kernel:s0 tcontext=u:r:kernel:s0 tclass=capability permissive=0
12-01 09:21:56.351 0 0 I auditd : type=1400 audit(0.0:20929): avc: denied { kill } for comm="swapper/1" capability=5 scontext=u:r:kernel:s0 tcontext=u:r:kernel:s0 tclass=capability permissive=0
12-01 09:21:57.351 0 0 I auditd : type=1400 audit(0.0:20930): avc: denied { kill } for comm="swapper/1" capability=5 scontext=u:r:kernel:s0 tcontext=u:r:kernel:s0 tclass=capability permissive=0
12-01 09:21:58.351 0 0 I auditd : type=1400 audit(0.0:20931): avc: denied { kill } for comm="swapper/1" capability=5 scontext=u:r:kernel:s0 tcontext=u:r:kernel:s0 tclass=capability permissive=0
12-01 09:21:59.351 0 0 I auditd : type=1400 audit(0.0:20932): avc: denied { kill } for comm="swapper/1" capability=5 scontext=u:r:kernel:s0 tcontext=u:r:kernel:s0 tclass=capability permissive=0
12-01 09:22:01.351 0 0 I auditd : type=1400 audit(0.0:20933): avc: denied { kill } for comm="swapper/1" capability=5 scontext=u:r:kernel:s0 tcontext=u:r:kernel:s0 tclass=capability permissive=0
12-01 09:22:02.351 0 0 I auditd : type=1400 audit(0.0:20934): avc: denied { kill } for comm="swapper/1" capability=5 scontext=u:r:kernel:s0 tcontext=u:r:kernel:s0 tclass=capability permissive=0
12-01 09:22:03.351 0 0 I auditd : type=1400 audit(0.0:20935): avc: denied { kill } for comm="swapper/1" capability=5 scontext=u:r:kernel:s0 tcontext=u:r:kernel:s0 tclass=capability permissive=0
12-01 09:22:04.351 0 0 I auditd : type=1400 audit(0.0:20936): avc: denied { kill } for comm="swapper/1" capability=5 scontext=u:r:kernel:s0 tcontext=u:r:kernel:s0 tclass=capability permissive=0
12-01 09:22:05.351 0 0 I auditd : type=1400 audit(0.0:20937): avc: denied { kill } for comm="swapper/1" capability=5 scontext=u:r:kernel:s0 tcontext=u:r:kernel:s0 tclass=capability permissive=0
12-01 09:22:05.984 1508 1648 I am_uid_idle: 10042
12-01 09:22:06.351 0 0 I auditd : type=1400 audit(0.0:20938): avc: denied { kill } for comm="swapper/1" capability=5 scontext=u:r:kernel:s0 tcontext=u:r:kernel:s0 tclass=capability permissive=0
12-01 09:22:07.283 2822 2822 I view_enqueue_input_event: [Motion - Cancel,com.android.launcher3/com.android.launcher3.uioverrides.QuickstepLauncher]
12-01 09:22:07.284 1508 2005 I input_interaction: Interaction with: edge-swipe (server), swipe-up (server), PointerEventDispatcher0 (server),
12-01 09:22:07.351 0 0 I auditd : type=1400 audit(0.0:20939): avc: denied { kill } for comm="swapper/1" capability=5 scontext=u:r:kernel:s0 tcontext=u:r:kernel:s0 tclass=capability permissive=0
12-01 09:22:07.451 1508 1508 I sysui_multi_action: [757,128,758,5,759,8,793,244898,794,0,795,240819,796,1,806,com.android.music,857,Channel-music,858,2,947,0,1500,240819,1641,transport,1688,1,1745,1043716538]
12-01 09:22:07.451 1508 1508 I notification_canceled: [0|com.android.music|1|null|10086,8,244898,240819,0,-1,-1,NULL]
12-01 09:22:07.474 1508 8164 I sysui_multi_action: [757,856,758,2,806,com.android.music,857,Channel-music,858,2]
12-01 09:22:07.476 1508 1508 I notification_cancel_all: [1000,1508,com.android.music,0,0,0,20,NULL]
12-01 09:22:07.481 1508 1754 I commit_sys_config_file: [settings-1-0,21]
12-01 09:22:07.525 1508 1508 I notification_enqueue: [10082,18856,com.android.systemui,1,empty_media,0,Notification(channel=empty_media_style_id shortcut=null contentView=null vibrate=null sound=null defaults=0x0 flags=0x20 color=0x00000000 category=transport actions=4 vis=PRIVATE),0]
12-01 09:22:07.727 1508 1508 I sysui_multi_action: [757,1501,758,1,793,205,794,0,795,205,796,1,797,empty_media,806,com.android.systemui,857,empty_media_style_id,858,4,947,0,1500,0,1641,transport,1688,1,1745,1043716538]
12-01 09:22:07.728 1508 1508 I sysui_multi_action: [757,804,799,note_interruptive,801,0,802,1]
12-01 09:22:07.733 1508 1508 I sysui_multi_action: [757,1501,758,1,793,211,794,0,795,211,796,1,797,empty_media,806,com.android.systemui,857,empty_media_style_id,858,4,947,0,1500,0,1641,transport,1688,1,1745,1043716538]
12-01 09:22:07.733 1508 1508 I sysui_multi_action: [757,804,799,note_interruptive,801,0,802,1]
12-01 09:22:07.733 1508 1508 I sysui_multi_action: [757,199,758,1,759,2,793,211,794,0,795,211,796,1,797,empty_media,806,com.android.systemui,857,empty_media_style_id,858,4,947,0,1500,0,1641,transport,1688,1,1745,1043716538]
12-01 09:22:07.733 1508 1508 I notification_alert: [0|com.android.systemui|1|empty_media|10082,0,1,0]
12-01 09:22:07.746 1508 1635 I commit_sys_config_file: [notification-policy,19721157]
12-01 09:22:07.877 1508 1754 I commit_sys_config_file: [settings-1-0,7]
12-01 09:22:08.351 0 0 I auditd : type=1400 audit(0.0:20940): avc: denied { kill } for comm="swapper/1" capability=5 scontext=u:r:kernel:s0 tcontext=u:r:kernel:s0 tclass=capability permissive=0
12-01 09:22:09.351 0 0 I auditd : type=1400 audit(0.0:20941): avc: denied { kill } for comm="swapper/1" capability=5 scontext=u:r:kernel:s0 tcontext=u:r:kernel:s0 tclass=capability permissive=0
12-01 09:22:09.392 1508 2005 I input_interaction: Interaction with: e9e80a1 com.android.launcher3/com.android.launcher3.uioverrides.QuickstepLauncher (server), 5ecd4a7 com.android.systemui.ImageWallpaper (server), edge-swipe (server), swipe-up (server), PointerEventDispatcher0 (server),
12-01 09:22:09.474 1508 8164 I wm_task_moved: [366,1,6]
12-01 09:22:09.474 1508 8164 I wm_task_to_front: [0,366]
12-01 09:22:09.475 1508 8164 I wm_focused_root_task: [0,0,366,1,bringingFoundTaskToFront]
12-01 09:22:09.476 1508 8164 I wm_set_resumed_activity: [0,com.android.gallery3d/.app.GalleryActivity,bringingFoundTaskToFront]
12-01 09:22:09.479 1508 8164 I wm_relaunch_resume_activity: [0,69176197,366,com.android.gallery3d/.app.GalleryActivity]
12-01 09:22:09.481 1508 8164 I wm_set_resumed_activity: [0,com.android.gallery3d/.app.GalleryActivity,resumeTopActivityInnerLocked]
12-01 09:22:09.482 1508 8164 I wm_resume_activity: [0,69176197,366,com.android.gallery3d/.app.GalleryActivity]
12-01 09:22:09.483 1508 8164 I wm_finish_activity: [0,69176197,366,com.android.gallery3d/.app.GalleryActivity,clear-task-all]
12-01 09:22:09.483 1508 8164 I wm_pause_activity: [0,69176197,com.android.gallery3d/.app.GalleryActivity,userLeaving=false,finish]
12-01 09:22:09.486 1508 8164 I wm_task_moved: [366,1,6]
12-01 09:22:09.486 1508 8164 I wm_create_activity: [0,15785025,366,com.android.gallery3d/.app.GalleryActivity,NULL,NULL,NULL,272662528]
12-01 09:22:09.499 2822 2822 I wm_on_top_resumed_lost_called: [103113767,com.android.launcher3.uioverrides.QuickstepLauncher,topStateChangedWhenResumed]
12-01 09:22:09.504 30865 30865 I wm_on_destroy_called: [69176197,com.android.gallery3d.app.GalleryActivity,performDestroy]
12-01 09:22:09.542 30865 30865 I wm_on_create_called: [69176197,com.android.gallery3d.app.GalleryActivity,performCreate]
12-01 09:22:09.543 30865 30865 I wm_on_start_called: [69176197,com.android.gallery3d.app.GalleryActivity,handleStartActivity]
12-01 09:22:09.549 30865 30865 I wm_on_resume_called: [69176197,com.android.gallery3d.app.GalleryActivity,RESUME_ACTIVITY]
12-01 09:22:09.550 30865 30865 I wm_on_paused_called: [69176197,com.android.gallery3d.app.GalleryActivity,performPause]
12-01 09:22:09.550 1508 9856 I wm_add_to_stopping: [0,69176197,com.android.gallery3d/.app.GalleryActivity,completeFinishing]
12-01 09:22:09.552 1508 9856 I wm_restart_activity: [0,15785025,366,com.android.gallery3d/.app.GalleryActivity]
12-01 09:22:09.553 1508 9856 I wm_set_resumed_activity: [0,com.android.gallery3d/.app.GalleryActivity,minimalResumeActivityLocked]
12-01 09:22:09.556 1508 1636 I sysui_multi_action: [757,803,799,window_time_0,802,28]
12-01 09:22:09.588 30865 30865 I wm_on_create_called: [15785025,com.android.gallery3d.app.GalleryActivity,performCreate]
12-01 09:22:09.589 30865 30865 I wm_on_start_called: [15785025,com.android.gallery3d.app.GalleryActivity,handleStartActivity]
12-01 09:22:09.591 30865 30865 I wm_on_resume_called: [15785025,com.android.gallery3d.app.GalleryActivity,RESUME_ACTIVITY]
12-01 09:22:09.594 30865 30865 I wm_on_top_resumed_gained_called: [15785025,com.android.gallery3d.app.GalleryActivity,topStateChangedWhenResumed]
12-01 09:22:09.614 1508 1637 I input_focus: [Focus request ef7abbe com.android.gallery3d/com.android.gallery3d.app.GalleryActivity,reason=UpdateInputWindows]
12-01 09:22:09.637 1508 2005 I input_focus: [Focus leaving e9e80a1 com.android.launcher3/com.android.launcher3.uioverrides.QuickstepLauncher (server),reason=Waiting for window because NOT_VISIBLE]
12-01 09:22:09.638 1508 1633 I wm_activity_launch_time: [0,15785025,com.android.gallery3d/.app.GalleryActivity,168]
12-01 09:22:09.652 1508 2005 I input_focus: [Focus entering ef7abbe com.android.gallery3d/com.android.gallery3d.app.GalleryActivity (server),reason=Window became focusable. Previous reason: NOT_VISIBLE]
12-01 09:22:09.684 1508 1647 I am_pss : [31331,10021,com.android.providers.calendar,7332864,5189632,0,97460224,0,19,6]
12-01 09:22:09.925 1508 1636 I wm_destroy_activity: [0,69176197,366,com.android.gallery3d/.app.GalleryActivity,finish-imm:idle]
12-01 09:22:09.928 30865 30865 I wm_on_stop_called: [69176197,com.android.gallery3d.app.GalleryActivity,LIFECYCLER_STOP_ACTIVITY]
12-01 09:22:09.931 30865 30865 I wm_on_destroy_called: [69176197,com.android.gallery3d.app.GalleryActivity,performDestroy]
12-01 09:22:10.333 2822 2822 I view_enqueue_input_event: [Motion - Cancel,com.android.launcher3/com.android.launcher3.uioverrides.QuickstepLauncher]
12-01 09:22:10.334 1508 2005 I input_interaction: Interaction with: edge-swipe (server), swipe-up (server), PointerEventDispatcher0 (server),
12-01 09:22:10.351 0 0 I auditd : type=1400 audit(0.0:20942): avc: denied { kill } for comm="swapper/1" capability=5 scontext=u:r:kernel:s0 tcontext=u:r:kernel:s0 tclass=capability permissive=0
12-01 09:22:10.633 1508 9856 I wm_task_moved: [1,1,6]
12-01 09:22:10.635 1508 9856 I wm_set_resumed_activity: [0,com.android.launcher3/.uioverrides.QuickstepLauncher,positionChildAt]
12-01 09:22:10.635 1508 9856 I wm_task_moved: [10,1,2147483647]
12-01 09:22:10.635 30865 30865 I wm_on_top_resumed_lost_called: [15785025,com.android.gallery3d.app.GalleryActivity,topStateChangedWhenResumed]
12-01 09:22:10.635 1508 9856 I wm_task_to_front: [0,10]
12-01 09:22:10.635 1508 9856 I wm_focused_root_task: [0,0,1,366,bringingFoundTaskToFront]
12-01 09:22:10.636 1508 9856 I wm_set_resumed_activity: [0,com.android.launcher3/.uioverrides.QuickstepLauncher,bringingFoundTaskToFront]
12-01 09:22:10.636 1508 9856 I wm_new_intent: [0,103113767,10,com.android.launcher3/.uioverrides.QuickstepLauncher,android.intent.action.MAIN,NULL,NULL,268435712]
12-01 09:22:10.636 1508 9856 I wm_task_moved: [1,1,6]
12-01 09:22:10.637 1508 9856 I wm_set_resumed_activity: [0,com.android.launcher3/.uioverrides.QuickstepLauncher,positionChildAt]
12-01 09:22:10.644 1508 1637 I input_focus: [Focus request e9e80a1 com.android.launcher3/com.android.launcher3.uioverrides.QuickstepLauncher,reason=UpdateInputWindows]
12-01 09:22:10.648 2822 2822 I wm_on_paused_called: [103113767,com.android.launcher3.uioverrides.QuickstepLauncher,performPause]
12-01 09:22:10.651 2822 2822 I wm_on_resume_called: [103113767,com.android.launcher3.uioverrides.QuickstepLauncher,LIFECYCLER_RESUME_ACTIVITY]
12-01 09:22:10.653 2822 2822 I wm_on_top_resumed_gained_called: [103113767,com.android.launcher3.uioverrides.QuickstepLauncher,topStateChangedWhenResumed]
12-01 09:22:10.659 1508 2005 I input_focus: [Focus leaving ef7abbe com.android.gallery3d/com.android.gallery3d.app.GalleryActivity (server),reason=setFocusedWindow]
12-01 09:22:10.659 1508 2005 I input_focus: [Focus entering e9e80a1 com.android.launcher3/com.android.launcher3.uioverrides.QuickstepLauncher (server),reason=setFocusedWindow]
12-01 09:22:10.837 1508 2005 I input_interaction: Interaction with: e9e80a1 com.android.launcher3/com.android.launcher3.uioverrides.QuickstepLauncher (server), 5ecd4a7 com.android.systemui.ImageWallpaper (server), edge-swipe (server), swipe-up (server), PointerEventDispatcher0 (server),
12-01 09:22:10.868 2822 2822 I view_enqueue_input_event: [Motion - Cancel,com.android.launcher3/com.android.launcher3.uioverrides.QuickstepLauncher]
12-01 09:22:10.871 1508 2005 I input_interaction: Interaction with: edge-swipe (server), swipe-up (server), PointerEventDispatcher0 (server),
12-01 09:22:11.058 1508 1754 I commit_sys_config_file: [settings-1-0,5]
12-01 09:22:11.382 1508 1754 I commit_sys_config_file: [settings-1-0,7]
12-01 09:22:11.752 1508 2005 I input_interaction: Interaction with: e9e80a1 com.android.launcher3/com.android.launcher3.uioverrides.QuickstepLauncher (server), 5ecd4a7 com.android.systemui.ImageWallpaper (server), edge-swipe (server), swipe-up (server), PointerEventDispatcher0 (server),
12-01 09:22:11.814 2822 2822 I view_enqueue_input_event: [Motion - Cancel,com.android.launcher3/com.android.launcher3.uioverrides.QuickstepLauncher]
12-01 09:22:11.815 1508 2005 I input_interaction: Interaction with: edge-swipe (server), swipe-up (server), PointerEventDispatcher0 (server),
12-01 09:22:11.871 1508 1508 I notification_enqueue: [10097,9319,com.github.uiautomator,1,NULL,0,Notification(channel=monitor service shortcut=null contentView=null vibrate=null sound=null tick defaults=0x0 flags=0x40 color=0x00000000 vis=PRIVATE),1]
12-01 09:22:12.004 1508 1754 I commit_sys_config_file: [settings-1-0,7]
12-01 09:22:12.351 0 0 I auditd : type=1400 audit(0.0:20943): avc: denied { kill } for comm="swapper/1" capability=5 scontext=u:r:kernel:s0 tcontext=u:r:kernel:s0 tclass=capability permissive=0
12-01 09:22:12.432 1508 1754 I commit_sys_config_file: [settings-1-0,4]
12-01 09:22:12.540 1508 9856 I wm_finish_activity: [0,15785025,366,com.android.gallery3d/.app.GalleryActivity,app-request]
12-01 09:22:12.544 1508 9856 I wm_pause_activity: [0,15785025,com.android.gallery3d/.app.GalleryActivity,userLeaving=false,finish]
12-01 09:22:12.563 30865 30865 I wm_on_paused_called: [15785025,com.android.gallery3d.app.GalleryActivity,performPause]
12-01 09:22:12.564 1508 9856 I wm_destroy_activity: [0,15785025,366,com.android.gallery3d/.app.GalleryActivity,finish-imm:completePausedLocked]
12-01 09:22:12.575 1508 1636 I sysui_multi_action: [757,803,799,window_time_2,802,3]
12-01 09:22:12.578 30865 30865 I wm_on_stop_called: [15785025,com.android.gallery3d.app.GalleryActivity,LIFECYCLER_STOP_ACTIVITY]
12-01 09:22:12.581 30865 30865 I wm_on_destroy_called: [15785025,com.android.gallery3d.app.GalleryActivity,performDestroy]
12-01 09:22:12.858 1508 1637 I wm_task_removed: [366,removeChild:removeChild last r=ActivityRecord{f0dc41 u0 com.android.gallery3d/.app.GalleryActivity t-1 f}} in t=Task{b19c8fc #366 type=standard A=10064:com.android.gallery3d U=0 visible=false mode=freeform translucent=true sz=0}]
12-01 09:22:12.858 1508 1637 I wm_task_removed: [366,removeChild]
12-01 09:22:13.351 31015 31015 I auditd : type=1400 audit(0.0:20944): avc: denied { kill } for comm="kworker/u16:8" capability=5 scontext=u:r:kernel:s0 tcontext=u:r:kernel:s0 tclass=capability permissive=0
12-01 09:22:14.351 0 0 I auditd : type=1400 audit(0.0:20945): avc: denied { kill } for comm="swapper/1" capability=5 scontext=u:r:kernel:s0 tcontext=u:r:kernel:s0 tclass=capability permissive=0
12-01 09:22:14.381 1508 2005 I input_interaction: Interaction with: e9e80a1 com.android.launcher3/com.android.launcher3.uioverrides.QuickstepLauncher (server), 5ecd4a7 com.android.systemui.ImageWallpaper (server), edge-swipe (server), swipe-up (server), PointerEventDispatcher0 (server),
12-01 09:22:14.461 1508 9856 I wm_task_created: [368,-1]
12-01 09:22:14.469 1508 9856 I wm_task_moved: [368,1,6]
12-01 09:22:14.469 1508 9856 I wm_task_to_front: [0,368]
12-01 09:22:14.469 1508 9856 I wm_create_task: [0,368]
12-01 09:22:14.469 1508 9856 I wm_create_activity: [0,263004217,368,com.android.deskclock/.DeskClock,NULL,NULL,NULL,268468224]
12-01 09:22:14.469 1508 9856 I wm_task_moved: [368,1,6]
12-01 09:22:14.473 1508 9856 I wm_restart_activity: [0,263004217,368,com.android.deskclock/.DeskClock]
12-01 09:22:14.474 1508 9856 I wm_set_resumed_activity: [0,com.android.deskclock/.DeskClock,minimalResumeActivityLocked]
12-01 09:22:14.484 2822 2822 I wm_on_top_resumed_lost_called: [103113767,com.android.launcher3.uioverrides.QuickstepLauncher,topStateChangedWhenResumed]
12-01 09:22:14.502 1508 2301 I wm_task_created: [369,-1]
12-01 09:22:14.503 1508 2301 I wm_finish_activity: [0,263004217,368,com.android.deskclock/.DeskClock,app-request]
12-01 09:22:14.504 1508 2301 I wm_task_moved: [1,1,7]
12-01 09:22:14.504 1508 2301 I wm_set_resumed_activity: [0,com.android.launcher3/.uioverrides.QuickstepLauncher,positionChildAt]
12-01 09:22:14.504 1508 2301 I wm_task_moved: [10,1,2147483647]
12-01 09:22:14.504 1508 2301 I wm_task_to_front: [0,10]
12-01 09:22:14.504 1508 2301 I wm_focused_root_task: [0,0,1,-1,finish-top adjustFocusToNextFocusableTask]
12-01 09:22:14.504 1508 2301 I wm_set_resumed_activity: [0,com.android.launcher3/.uioverrides.QuickstepLauncher,finish-top]
12-01 09:22:14.505 1508 2301 I wm_pause_activity: [0,263004217,com.android.deskclock/.DeskClock,userLeaving=false,finish]
12-01 09:22:14.507 1508 2301 I wm_task_moved: [369,1,7]
12-01 09:22:14.507 1508 2301 I wm_task_to_front: [0,369]
12-01 09:22:14.508 1508 2301 I wm_focused_root_task: [0,0,369,1,reuseOrNewTask]
12-01 09:22:14.508 1508 2301 I wm_create_task: [0,369]
12-01 09:22:14.508 1508 2301 I wm_create_activity: [0,53905141,369,com.android.gallery3d/.app.GalleryActivity,NULL,NULL,NULL,268468224]
12-01 09:22:14.508 1508 2301 I wm_task_moved: [369,1,7]
12-01 09:22:14.512 1508 1637 I input_focus: [Focus request e9e80a1 com.android.launcher3/com.android.launcher3.uioverrides.QuickstepLauncher,reason=UpdateInputWindows]
12-01 09:22:14.524 1508 2301 I wm_task_created: [370,-1]
