12-10 06:05:34.617 1507 6852 I wm_resume_activity: [0,142082565,27,com.android.launcher3/.uioverrides.QuickstepLauncher]
12-10 06:05:34.620 2526 2526 I wm_on_resume_called: [142082565,com.android.launcher3.uioverrides.QuickstepLauncher,RESUME_ACTIVITY]
12-10 06:05:34.626 2526 2526 I wm_on_top_resumed_gained_called: [142082565,com.android.launcher3.uioverrides.QuickstepLauncher,topStateChangedWhenResumed]
12-10 06:05:34.626 13654 13654 I wm_on_paused_called: [215727779,com.android.deskclock.DeskClock,performPause]
12-10 06:05:34.628 1507 1569 I input_focus: [Focus request 2cb1f5d com.android.launcher3/com.android.launcher3.uioverrides.QuickstepLauncher,reason=UpdateInputWindows]
12-10 06:05:34.631 1507 1568 I wm_stop_activity: [0,215727779,com.android.deskclock/.DeskClock]
12-10 06:05:34.632 1507 1568 I sysui_multi_action: [757,803,799,window_time_0,802,2]
12-10 06:05:34.637 1507 1736 I input_focus: [Focus leaving recents_animation_input_consumer (server),reason=NOT_VISIBLE]
12-10 06:05:34.638 1507 1736 I input_focus: [Focus entering 2cb1f5d com.android.launcher3/com.android.launcher3.uioverrides.QuickstepLauncher (server),reason=setFocusedWindow]
12-10 06:05:34.645 1507 1568 I sysui_multi_action: [757,803,799,window_time_0,802,0]
12-10 06:05:34.655 13654 13654 I wm_on_stop_called: [215727779,com.android.deskclock.DeskClock,STOP_ACTIVITY_ITEM]
12-10 06:05:34.667 1507 1581 I am_pss : [13512,10066,com.android.gallery3d,8276992,6385664,0,93433856,0,19,7]
12-10 06:05:34.684 8492 8527 W ContextImpl: Calling a method in the system process without a qualified user: android.app.ContextImpl.startService:1816 android.content.ContextWrapper.startService:774 com.thundercomm.gamemode.ingame.services.GameModeActionUtils.startGameModeService:99 com.thundercomm.gamemode.ingame.services.GameModeActionUtils.startGameModeEntry:22 com.thundercomm.gamemode.ingame.services.ActivityMonitoringService$1.onActivityLaunch:127
12-10 06:05:34.688 1507 1507 I GameModeConfig: Current uri is uri = content://com.thundercomm.gamemode.api/gamemode_settings/gamemode_isgaming
12-10 06:05:34.689 1507 1507 I GameModeConfig: isGameModeOn = true
12-10 06:05:34.689 1507 1507 I GameModeConfig: isGaming = false
12-10 06:05:34.690 1507 1507 I GameModeConfig: isGameModeOn = true
12-10 06:05:34.690 1507 1507 I GameModeConfig: isGaming = false
12-10 06:05:34.690 1507 1507 I GameModeConfig: isDisableVoice = true
12-10 06:05:34.734 8492 8527 W ContextImpl: Calling a method in the system process without a qualified user: android.app.ContextImpl.startService:1816 android.content.ContextWrapper.startService:774 com.thundercomm.gamemode.ingame.services.GameModeActionUtils.startGameModeService:99 com.thundercomm.gamemode.ingame.services.GameModeActionUtils.startGameModeEntry:22 com.thundercomm.gamemode.ingame.services.ActivityMonitoringService$1.onActivityLaunch:127
12-10 06:05:34.739 1507 1507 I GameModeConfig: Current uri is uri = content://com.thundercomm.gamemode.api/gamemode_settings/gamemode_isgaming
12-10 06:05:34.740 1507 1507 I GameModeConfig: isGameModeOn = true
12-10 06:05:34.740 1507 1507 I GameModeConfig: isGaming = false
12-10 06:05:34.741 1507 1507 I GameModeConfig: isGameModeOn = true
12-10 06:05:34.741 1507 1507 I GameModeConfig: isGaming = false
12-10 06:05:34.741 1507 1507 I GameModeConfig: isDisableVoice = true
12-10 06:05:34.868 1507 2719 E TaskPersister: File error accessing recents directory (directory doesn't exist?).
12-10 06:05:35.155 0 0 I auditd : type=1400 audit(0.0:17347): avc: denied { kill } for comm="swapper/0" capability=5 scontext=u:r:kernel:s0 tcontext=u:r:kernel:s0 tclass=capability permissive=0
12-10 06:05:35.516 1507 1736 I input_interaction: Interaction with: 2cb1f5d com.android.launcher3/com.android.launcher3.uioverrides.QuickstepLauncher (server), 5478378 com.android.systemui.ImageWallpaper (server), edge-swipe (server), swipe-up (server), PointerEventDispatcher0 (server),
12-10 06:05:36.155 0 0 I auditd : type=1400 audit(0.0:17348): avc: denied { kill } for comm="swapper/0" capability=5 scontext=u:r:kernel:s0 tcontext=u:r:kernel:s0 tclass=capability permissive=0
12-10 06:05:36.683 1507 6852 I ActivityTaskManager: START u0 {flg=0x10008000 cmp=com.android.gallery3d/.app.GalleryActivity} from uid 10079
12-10 06:05:36.696 1507 6852 I wm_task_created: [121,-1]
12-10 06:05:36.696 1507 6852 W ActivityTaskManager: Can't find TaskDisplayArea to determine support for multi window. Task id=121 attached=false
12-10 06:05:36.699 1507 6852 D FreeFormWindowHelper: Add freeform task=Task{93724bd #121 type=standard ?? U=0 visible=false mode=freeform translucent=true sz=0}
12-10 06:05:36.703 1507 6852 D CompatibilityChangeReporter: Compat change id reported: 174042980; UID 10066; state: DISABLED
12-10 06:05:36.704 1507 6852 D CompatibilityChangeReporter: Compat change id reported: 184838306; UID 10066; state: DISABLED
12-10 06:05:36.705 1507 6852 D CompatibilityChangeReporter: Compat change id reported: 185004937; UID 10066; state: DISABLED
12-10 06:05:36.706 1507 6852 D CompatibilityChangeReporter: Compat change id reported: 181136395; UID 10066; state: DISABLED
12-10 06:05:36.707 1507 6852 D CompatibilityChangeReporter: Compat change id reported: 174042936; UID 10066; state: DISABLED
12-10 06:05:36.709 1507 6852 I wm_task_moved: [121,1,7]
12-10 06:05:36.709 1507 6852 I wm_task_to_front: [0,121]
12-10 06:05:36.710 1507 6852 I wm_create_task: [0,121]
12-10 06:05:36.710 1507 6852 I wm_create_activity: [0,14314162,121,com.android.gallery3d/.app.GalleryActivity,NULL,NULL,NULL,268468224]
12-10 06:05:36.710 1507 6852 I wm_task_moved: [121,1,7]
12-10 06:05:36.711 1507 6852 D CompatibilityChangeReporter: Compat change id reported: 168419799; UID 10066; state: DISABLED
12-10 06:05:36.713 1507 6852 I ActivityTaskManager: FOREGROUND_APPLICATION_CHANGED to com.android.gallery3d.app.GalleryActivity
12-10 06:05:36.713 1507 6852 I ActivityTaskManager: The Process com.android.gallery3d Already Exists in BG. So sending its PID: 13512
12-10 06:05:36.716 1507 6852 I wm_restart_activity: [0,14314162,121,com.android.gallery3d/.app.GalleryActivity]
12-10 06:05:36.718 1507 6852 I wm_set_resumed_activity: [0,com.android.gallery3d/.app.GalleryActivity,minimalResumeActivityLocked]
12-10 06:05:36.730 1507 1568 I am_uid_active: 10066
12-10 06:05:36.733 2526 2526 I wm_on_top_resumed_lost_called: [142082565,com.android.launcher3.uioverrides.QuickstepLauncher,topStateChangedWhenResumed]
12-10 06:05:36.747 8492 8527 W ContextImpl: Calling a method in the system process without a qualified user: android.app.ContextImpl.startService:1816 android.content.ContextWrapper.startService:774 com.thundercomm.gamemode.ingame.services.GameModeActionUtils.startGameModeService:99 com.thundercomm.gamemode.ingame.services.GameModeActionUtils.startGameModeEntry:22 com.thundercomm.gamemode.ingame.services.ActivityMonitoringService$1.onActivityLaunch:127
12-10 06:05:36.753 1507 1507 I GameModeConfig: Current uri is uri = content://com.thundercomm.gamemode.api/gamemode_settings/gamemode_isgaming
12-10 06:05:36.761 1507 1507 I GameModeConfig: isGameModeOn = true
12-10 06:05:36.762 1507 1507 I GameModeConfig: isGaming = false
12-10 06:05:36.762 1507 1507 I GameModeConfig: isGameModeOn = true
12-10 06:05:36.762 1507 1507 I GameModeConfig: isGaming = false
12-10 06:05:36.762 1507 1507 I GameModeConfig: isDisableVoice = true
12-10 06:05:36.800 13512 13512 I wm_on_create_called: [14314162,com.android.gallery3d.app.GalleryActivity,performCreate]
12-10 06:05:36.801 13512 13512 I wm_on_start_called: [14314162,com.android.gallery3d.app.GalleryActivity,handleStartActivity]
12-10 06:05:36.806 13512 13512 I wm_on_resume_called: [14314162,com.android.gallery3d.app.GalleryActivity,RESUME_ACTIVITY]
12-10 06:05:36.813 13512 13512 I wm_on_top_resumed_gained_called: [14314162,com.android.gallery3d.app.GalleryActivity,topStateChangedWhenResumed]
12-10 06:05:36.828 1507 6251 W WindowManager: updateScale0.7996942
12-10 06:05:36.832 1507 1569 I input_focus: [Focus request f2eb6b0 com.android.gallery3d/com.android.gallery3d.app.GalleryActivity,reason=UpdateInputWindows]
12-10 06:05:36.860 1507 1736 I input_focus: [Focus leaving 2cb1f5d com.android.launcher3/com.android.launcher3.uioverrides.QuickstepLauncher (server),reason=Waiting for window because NOT_VISIBLE]
12-10 06:05:36.892 1507 1569 W WindowManager: updateScale0.7996942
12-10 06:05:36.894 1507 1569 W WindowManager: updateScale0.7996942
12-10 06:05:36.894 1507 1569 W WindowManager: updateScale0.7996942
12-10 06:05:36.898 1507 1564 I sysui_multi_action: [319,210,322,210,325,15985,757,761,758,8,759,2,806,com.android.gallery3d,871,com.android.gallery3d.app.GalleryActivity,904,com.android.launcher3,905,0,1320,4,1321,1]
12-10 06:05:36.899 1507 1564 I wm_activity_launch_time: [0,14314162,com.android.gallery3d/.app.GalleryActivity,210]
12-10 06:05:36.910 1507 1736 I input_focus: [Focus entering f2eb6b0 com.android.gallery3d/com.android.gallery3d.app.GalleryActivity (server),reason=Window became focusable. Previous reason: NOT_VISIBLE]
12-10 06:05:37.155 1166 13649 I iorapd : Perfetto TraceBuffer saved to file: /data/misc/iorapd/com.android.deskclock/31/com.android.deskclock.DeskClock/raw_traces/1670623537154420728.perfetto_trace.pb
12-10 06:05:37.155 0 0 I auditd : type=1400 audit(0.0:17349): avc: denied { kill } for comm="swapper/0" capability=5 scontext=u:r:kernel:s0 tcontext=u:r:kernel:s0 tclass=capability permissive=0
12-10 06:05:37.178 1507 1569 W WindowManager: updateScale0.7996942
12-10 06:05:38.155 0 0 I auditd : type=1400 audit(0.0:17350): avc: denied { kill } for comm="swapper/0" capability=5 scontext=u:r:kernel:s0 tcontext=u:r:kernel:s0 tclass=capability permissive=0
12-10 06:05:38.516 1507 1736 I input_interaction: Interaction with: f2eb6b0 com.android.gallery3d/com.android.gallery3d.app.GalleryActivity (server), edge-swipe (server), swipe-up (server), PointerEventDispatcher0 (server),
12-10 06:05:38.525 1507 6852 W WindowManager: updateScale0.7996942
12-10 06:05:38.544 1507 1569 W WindowManager: updateScale0.7996942
12-10 06:05:38.655 1507 6251 I wm_relaunch_resume_activity: [0,14314162,121,com.android.gallery3d/.app.GalleryActivity]
12-10 06:05:38.657 1507 6251 I wm_add_to_stopping: [0,142082565,com.android.launcher3/.uioverrides.QuickstepLauncher,makeInvisible]
12-10 06:05:38.661 1507 6251 D FreeFormWindowHelper: Remove freefrom task=Task{93724bd #121 type=standard A=10066:com.android.gallery3d U=0 visible=true mode=fullscreen translucent=false sz=1}
12-10 06:05:38.675 13512 13512 I wm_on_top_resumed_lost_called: [14314162,com.android.gallery3d.app.GalleryActivity,pausing]
12-10 06:05:38.676 1507 12192 W WindowManager: Attempted to set replacing window on app token with no content Token{4325968 ActivityRecord{da6ab2 u0 com.android.gallery3d/.app.GalleryActivity t121}}
12-10 06:05:38.679 8492 8527 W ContextImpl: Calling a method in the system process without a qualified user: android.app.ContextImpl.startService:1816 android.content.ContextWrapper.startService:774 com.thundercomm.gamemode.ingame.services.GameModeActionUtils.startGameModeService:99 com.thundercomm.gamemode.ingame.services.GameModeActionUtils.startGameModeEntry:22 com.thundercomm.gamemode.ingame.services.ActivityMonitoringService$1.onActivityLaunch:127
12-10 06:05:38.687 13512 13512 I wm_on_paused_called: [14314162,com.android.gallery3d.app.GalleryActivity,performPause]
12-10 06:05:38.687 13512 13512 I wm_on_stop_called: [14314162,com.android.gallery3d.app.GalleryActivity,handleRelaunchActivity]
12-10 06:05:38.689 1507 1507 I GameModeConfig: Current uri is uri = content://com.thundercomm.gamemode.api/gamemode_settings/gamemode_isgaming
12-10 06:05:38.691 13512 13512 I wm_on_destroy_called: [14314162,com.android.gallery3d.app.GalleryActivity,performDestroy]
12-10 06:05:38.693 1507 1507 I GameModeConfig: isGameModeOn = true
12-10 06:05:38.693 1507 1507 I GameModeConfig: isGaming = false
12-10 06:05:38.694 1507 1507 I GameModeConfig: isGameModeOn = true
12-10 06:05:38.694 1507 1507 I GameModeConfig: isGaming = false
12-10 06:05:38.694 1507 1507 I GameModeConfig: isDisableVoice = true
12-10 06:05:38.718 13512 13512 I wm_on_create_called: [14314162,com.android.gallery3d.app.GalleryActivity,performCreate]
12-10 06:05:38.719 13512 13512 I wm_on_start_called: [14314162,com.android.gallery3d.app.GalleryActivity,handleStartActivity]
12-10 06:05:38.726 13512 13512 I wm_on_resume_called: [14314162,com.android.gallery3d.app.GalleryActivity,RESUME_ACTIVITY]
12-10 06:05:38.726 13512 13512 I wm_on_top_resumed_gained_called: [14314162,com.android.gallery3d.app.GalleryActivity,topWhenResuming]
12-10 06:05:38.734 1507 1909 I GameModeConfig: isGameModeOn = true
12-10 06:05:38.734 1507 1909 I GameModeConfig: isGaming = false
12-10 06:05:38.734 1507 1909 I GameModeConfig: isGameModeOn = true
12-10 06:05:38.734 1507 1909 I GameModeConfig: isGaming = false
12-10 06:05:38.734 1507 1909 I GameModeConfig: isGameModeOn = true
12-10 06:05:38.734 1507 1909 I GameModeConfig: isGaming = false
12-10 06:05:38.734 1507 1909 I GameModeConfig: isGameModeOn = true
12-10 06:05:38.734 1507 1909 I GameModeConfig: isGaming = false
12-10 06:05:38.737 2004 2004 I sysui_multi_action: [757,111,758,2]
12-10 06:05:38.737 1507 1507 I notification_enqueue: [10082,2004,com.android.systemui,2048,NULL,0,Notification(channel=updateNotification shortcut=null contentView=null vibrate=null sound=null defaults=0x0 flags=0x0 color=0x00000000 vis=PRIVATE),1]
12-10 06:05:38.738 2004 2004 I sysui_multi_action: [757,111,758,2]
12-10 06:05:38.750 1507 6251 I WindowManager: finishDrawing of relaunch: Window{f2eb6b0 u0 com.android.gallery3d/com.android.gallery3d.app.GalleryActivity} 94ms
12-10 06:05:38.755 2004 2004 I sysui_multi_action: [757,111,758,1]
12-10 06:05:38.755 2004 2004 I sysui_multi_action: [757,126,758,1,759,126,927,0,928,1,1593,0]
12-10 06:05:38.756 2004 2004 I sysui_multi_action: [757,113,758,1,759,113,927,1,928,1,1593,0]
12-10 06:05:38.756 2004 2004 I sysui_multi_action: [757,0,758,1,759,0,927,2,928,0,1593,0]
12-10 06:05:38.756 2004 2004 I sysui_multi_action: [757,0,758,1,759,0,927,3,928,0,1593,0]
12-10 06:05:38.756 2004 2004 I sysui_multi_action: [757,491,758,1,759,491,927,4,928,1,1311,1,1593,0]
12-10 06:05:38.757 2004 2004 I sysui_multi_action: [757,0,758,1,759,0,927,5,928,0,1593,0]
12-10 06:05:38.757 2004 2004 I sysui_multi_action: [757,111,758,1]
12-10 06:05:38.757 2004 2004 I sysui_multi_action: [757,126,758,1,759,126,927,0,928,1,1593,0]
12-10 06:05:38.757 2004 2004 I sysui_multi_action: [757,113,758,1,759,113,927,1,928,1,1593,0]
12-10 06:05:38.757 2004 2004 I sysui_multi_action: [757,0,758,1,759,0,927,2,928,0,1593,0]
12-10 06:05:38.757 2004 2004 I sysui_multi_action: [757,0,758,1,759,0,927,3,928,0,1593,0]
12-10 06:05:38.941 1507 1507 I GameModeConfig: isGameModeOn = true
12-10 06:05:38.941 1507 1507 I GameModeConfig: isGaming = false
12-10 06:05:39.099 1507 1568 I wm_stop_activity: [0,142082565,com.android.launcher3/.uioverrides.QuickstepLauncher]
12-10 06:05:39.110 8492 8527 W ContextImpl: Calling a method in the system process without a qualified user: android.app.ContextImpl.startService:1816 android.content.ContextWrapper.startService:774 com.thundercomm.gamemode.ingame.services.GameModeActionUtils.startGameModeService:99 com.thundercomm.gamemode.ingame.services.GameModeActionUtils.startGameModeEntry:22 com.thundercomm.gamemode.ingame.services.ActivityMonitoringService$1.onActivityLaunch:127
12-10 06:05:39.115 1507 1507 I GameModeConfig: Current uri is uri = content://com.thundercomm.gamemode.api/gamemode_settings/gamemode_isgaming
12-10 06:05:39.119 1507 1507 I GameModeConfig: isGameModeOn = true
12-10 06:05:39.119 1507 1507 I GameModeConfig: isGaming = false
12-10 06:05:39.119 1507 1507 I GameModeConfig: isGameModeOn = true
12-10 06:05:39.119 1507 1507 I GameModeConfig: isGaming = false
12-10 06:05:39.119 1507 1507 I GameModeConfig: isDisableVoice = true
12-10 06:05:39.135 2526 2526 I wm_on_paused_called: [142082565,com.android.launcher3.uioverrides.QuickstepLauncher,performPause]
12-10 06:05:39.138 2526 2526 I wm_on_stop_called: [142082565,com.android.launcher3.uioverrides.QuickstepLauncher,STOP_ACTIVITY_ITEM]
12-10 06:05:39.158 8492 8527 W ContextImpl: Calling a method in the system process without a qualified user: android.app.ContextImpl.startService:1816 android.content.ContextWrapper.startService:774 com.thundercomm.gamemode.ingame.services.GameModeActionUtils.startGameModeService:99 com.thundercomm.gamemode.ingame.services.GameModeActionUtils.startGameModeEntry:22 com.thundercomm.gamemode.ingame.services.ActivityMonitoringService$1.onActivityLaunch:127
12-10 06:05:39.163 1507 1507 I GameModeConfig: Current uri is uri = content://com.thundercomm.gamemode.api/gamemode_settings/gamemode_isgaming
12-10 06:05:39.165 1507 1507 I GameModeConfig: isGameModeOn = true
12-10 06:05:39.165 1507 1507 I GameModeConfig: isGaming = false
12-10 06:05:39.166 1507 1507 I GameModeConfig: isGameModeOn = true
12-10 06:05:39.166 1507 1507 I GameModeConfig: isGaming = false
12-10 06:05:39.166 1507 1507 I GameModeConfig: isDisableVoice = true
12-10 06:05:39.724 1507 2719 E TaskPersister: File error accessing recents directory (directory doesn't exist?).
12-10 06:05:40.155 0 0 I auditd : type=1400 audit(0.0:17351): avc: denied { kill } for comm="swapper/3" capability=5 scontext=u:r:kernel:s0 tcontext=u:r:kernel:s0 tclass=capability permissive=0
12-10 06:05:40.731 1507 6852 I wm_task_moved: [26,0,0]
12-10 06:05:40.732 1507 6852 I wm_task_moved: [26,0,6]
12-10 06:05:40.748 2526 2526 I wm_on_restart_called: [142082565,com.android.launcher3.uioverrides.QuickstepLauncher,performRestartActivity]
12-10 06:05:40.761 8492 8527 W ContextImpl: Calling a method in the system process without a qualified user: android.app.ContextImpl.startService:1816 android.content.ContextWrapper.startService:774 com.thundercomm.gamemode.ingame.services.GameModeActionUtils.startGameModeService:99 com.thundercomm.gamemode.ingame.services.GameModeActionUtils.startGameModeEntry:22 com.thundercomm.gamemode.ingame.services.ActivityMonitoringService$1.onActivityLaunch:127
12-10 06:05:40.768 1507 1507 I GameModeConfig: Current uri is uri = content://com.thundercomm.gamemode.api/gamemode_settings/gamemode_isgaming
12-10 06:05:40.772 1507 1507 I GameModeConfig: isGameModeOn = true
12-10 06:05:40.772 1507 1507 I GameModeConfig: isGaming = false
12-10 06:05:40.772 1507 1507 I GameModeConfig: isGameModeOn = true
12-10 06:05:40.772 1507 1507 I GameModeConfig: isGaming = false
12-10 06:05:40.772 1507 1507 I GameModeConfig: isDisableVoice = true
12-10 06:05:40.782 2526 2526 I wm_on_start_called: [142082565,com.android.launcher3.uioverrides.QuickstepLauncher,handleStartActivity]
12-10 06:05:40.784 1507 6852 W ActivityTaskManager: getTaskSnapshot: taskId=4120 not found
12-10 06:05:40.787 1507 6852 W ActivityTaskManager: getTaskSnapshot: taskId=3120 not found
12-10 06:05:40.789 1507 7192 W ActivityTaskManager: getTaskSnapshot: taskId=2120 not found
12-10 06:05:40.790 1507 7192 W ActivityTaskManager: getTaskSnapshot: taskId=1120 not found
12-10 06:05:40.792 1507 7192 W ActivityTaskManager: getTaskSnapshot: taskId=4120 not found
12-10 06:05:40.792 1507 7192 W ActivityTaskManager: getTaskSnapshot: taskId=3120 not found
12-10 06:05:40.792 1507 7192 W ActivityTaskManager: getTaskSnapshot: taskId=2120 not found
12-10 06:05:40.792 1507 7192 W ActivityTaskManager: getTaskSnapshot: taskId=1120 not found
12-10 06:05:40.817 1507 1564 I sysui_multi_action: [319,14,322,66,325,15989,757,761,758,9,759,5,806,com.android.launcher3,871,com.android.launcher3.uioverrides.QuickstepLauncher,904,com.android.launcher3,905,0,1320,8,1321,5]
12-10 06:05:40.821 13512 13512 I view_enqueue_input_event: [Motion - Cancel,com.android.gallery3d/com.android.gallery3d.app.GalleryActivity]
12-10 06:05:40.824 1507 1736 I input_interaction: Interaction with: edge-swipe (server), swipe-up (server), PointerEventDispatcher0 (server),
12-10 06:05:40.832 2526 2526 I sysui_latency: [1,89]
12-10 06:05:40.841 1507 1569 I input_focus: [Focus request recents_animation_input_consumer,reason=UpdateInputWindows]
12-10 06:05:40.843 1507 7192 W ActivityTaskManager: getTaskSnapshot: taskId=4120 not found
12-10 06:05:40.871 1507 1736 I input_focus: [Focus leaving f2eb6b0 com.android.gallery3d/com.android.gallery3d.app.GalleryActivity (server),reason=NOT_FOCUSABLE]
12-10 06:05:40.871 1507 1736 I input_focus: [Focus entering recents_animation_input_consumer (server),reason=setFocusedWindow]
12-10 06:05:40.988 1507 1710 I commit_sys_config_file: [settings-1-0,8]
12-10 06:05:41.099 1507 1581 I sysui_latency: [8,87]
12-10 06:05:41.571 1507 6852 I wm_task_moved: [26,1,7]
12-10 06:05:41.574 1507 6852 I wm_focused_root_task: [0,0,26,121,RecentsAnimation.onAnimationFinished()]
12-10 06:05:41.576 1507 6852 I wm_pause_activity: [0,14314162,com.android.gallery3d/.app.GalleryActivity,userLeaving=false,pauseBackTasks]
12-10 06:05:41.577 13512 13512 I wm_on_top_resumed_lost_called: [14314162,com.android.gallery3d.app.GalleryActivity,topStateChangedWhenResumed]
12-10 06:05:41.578 1507 6852 I ActivityTaskManager: FOREGROUND_APPLICATION_CHANGED to com.android.launcher3.uioverrides.QuickstepLauncher
12-10 06:05:41.583 1507 6852 I wm_set_resumed_activity: [0,com.android.launcher3/.uioverrides.QuickstepLauncher,resumeTopActivityInnerLocked]
12-10 06:05:41.584 1507 6852 I wm_resume_activity: [0,142082565,27,com.android.launcher3/.uioverrides.QuickstepLauncher]
12-10 06:05:41.586 2526 2526 I wm_on_resume_called: [142082565,com.android.launcher3.uioverrides.QuickstepLauncher,RESUME_ACTIVITY]
12-10 06:05:41.588 1507 6852 I wm_add_to_stopping: [0,14314162,com.android.gallery3d/.app.GalleryActivity,makeInvisible]
12-10 06:05:41.598 1507 1569 I input_focus: [Focus request 2cb1f5d com.android.launcher3/com.android.launcher3.uioverrides.QuickstepLauncher,reason=UpdateInputWindows]
12-10 06:05:41.600 1507 1568 I sysui_multi_action: [757,803,799,window_time_0,802,7]
12-10 06:05:41.602 1507 6852 I wm_stop_activity: [0,14314162,com.android.gallery3d/.app.GalleryActivity]
12-10 06:05:41.604 13512 13512 I wm_on_paused_called: [14314162,com.android.gallery3d.app.GalleryActivity,performPause]
12-10 06:05:41.605 1507 1568 I sysui_multi_action: [757,803,799,window_time_0,802,0]
12-10 06:05:41.606 13512 13512 I wm_on_stop_called: [14314162,com.android.gallery3d.app.GalleryActivity,STOP_ACTIVITY_ITEM]
12-10 06:05:41.605 1507 1736 I input_focus: [Focus leaving recents_animation_input_consumer (server),reason=NOT_VISIBLE]
12-10 06:05:41.606 1507 1736 I input_focus: [Focus entering 2cb1f5d com.android.launcher3/com.android.launcher3.uioverrides.QuickstepLauncher (server),reason=setFocusedWindow]
12-10 06:05:41.639 8492 8527 W ContextImpl: Calling a method in the system process without a qualified user: android.app.ContextImpl.startService:1816 android.content.ContextWrapper.startService:774 com.thundercomm.gamemode.ingame.services.GameModeActionUtils.startGameModeService:99 com.thundercomm.gamemode.ingame.services.GameModeActionUtils.startGameModeEntry:22 com.thundercomm.gamemode.ingame.services.ActivityMonitoringService$1.onActivityLaunch:127
12-10 06:05:41.644 1507 1507 I GameModeConfig: Current uri is uri = content://com.thundercomm.gamemode.api/gamemode_settings/gamemode_isgaming
12-10 06:05:41.646 2526 2526 I wm_on_top_resumed_gained_called: [142082565,com.android.launcher3.uioverrides.QuickstepLauncher,topStateChangedWhenResumed]
12-10 06:05:41.646 1507 1507 I GameModeConfig: isGameModeOn = true
12-10 06:05:41.646 1507 1507 I GameModeConfig: isGaming = false
12-10 06:05:41.647 1507 1507 I GameModeConfig: isGameModeOn = true
12-10 06:05:41.647 1507 1507 I GameModeConfig: isGaming = false
12-10 06:05:41.647 1507 1507 I GameModeConfig: isDisableVoice = true
12-10 06:05:41.707 8492 8527 W ContextImpl: Calling a method in the system process without a qualified user: android.app.ContextImpl.startService:1816 android.content.ContextWrapper.startService:774 com.thundercomm.gamemode.ingame.services.GameModeActionUtils.startGameModeService:99 com.thundercomm.gamemode.ingame.services.GameModeActionUtils.startGameModeEntry:22 com.thundercomm.gamemode.ingame.services.ActivityMonitoringService$1.onActivityLaunch:127
12-10 06:05:41.712 1507 1507 I GameModeConfig: Current uri is uri = content://com.thundercomm.gamemode.api/gamemode_settings/gamemode_isgaming
12-10 06:05:41.714 1507 1507 I GameModeConfig: isGameModeOn = true
12-10 06:05:41.714 1507 1507 I GameModeConfig: isGaming = false
12-10 06:05:41.714 1507 1507 I GameModeConfig: isGameModeOn = true
12-10 06:05:41.714 1507 1507 I GameModeConfig: isGaming = false
12-10 06:05:41.714 1507 1507 I GameModeConfig: isDisableVoice = true
12-10 06:05:41.820 1507 1710 I commit_sys_config_file: [settings-1-0,7]
12-10 06:05:42.155 0 0 I auditd : type=1400 audit(0.0:17352): avc: denied { kill } for comm="swapper/3" capability=5 scontext=u:r:kernel:s0 tcontext=u:r:kernel:s0 tclass=capability permissive=0
12-10 06:05:42.955 1507 1736 I input_interaction: Interaction with: 2cb1f5d com.android.launcher3/com.android.launcher3.uioverrides.QuickstepLauncher (server), 5478378 com.android.systemui.ImageWallpaper (server), edge-swipe (server), swipe-up (server), PointerEventDispatcher0 (server),
12-10 06:05:43.087 1507 6719 D FreeFormWindowHelper: Add freeform task=Task{93724bd #121 type=standard A=10066:com.android.gallery3d U=0 visible=false mode=freeform translucent=true sz=1}
12-10 06:05:43.088 1507 6719 I wm_relaunch_activity: [0,14314162,121,com.android.gallery3d/.app.GalleryActivity]
12-10 06:05:43.091 1507 6719 I wm_task_moved: [26,1,7]
12-10 06:05:43.091 1507 6719 I wm_set_resumed_activity: [0,com.android.launcher3/.uioverrides.QuickstepLauncher,positionChildAt]
12-10 06:05:43.091 1507 6719 I wm_task_moved: [121,1,7]
12-10 06:05:43.092 1507 6719 I wm_focused_root_task: [0,0,121,26,moveTaskToFront findTaskToMoveToFront]
12-10 06:05:43.093 1507 6719 I wm_set_resumed_activity: [0,com.android.gallery3d/.app.GalleryActivity,moveTaskToFront findTaskToMoveToFront]
12-10 06:05:43.094 1507 6719 I ActivityTaskManager: FOREGROUND_APPLICATION_CHANGED to com.android.gallery3d.app.GalleryActivity
12-10 06:05:43.095 1507 6719 I wm_set_resumed_activity: [0,com.android.gallery3d/.app.GalleryActivity,resumeTopActivityInnerLocked]
12-10 06:05:43.097 1507 6719 I wm_resume_activity: [0,14314162,121,com.android.gallery3d/.app.GalleryActivity]
12-10 06:05:43.105 1507 6251 W WindowManager: Attempted to set replacing window on app token with no content Token{4325968 ActivityRecord{da6ab2 u0 com.android.gallery3d/.app.GalleryActivity t121}}
12-10 06:05:43.111 2526 2526 I wm_on_top_resumed_lost_called: [142082565,com.android.launcher3.uioverrides.QuickstepLauncher,topStateChangedWhenResumed]
12-10 06:05:43.111 13512 13512 I wm_on_destroy_called: [14314162,com.android.gallery3d.app.GalleryActivity,performDestroy]
12-10 06:05:43.118 8492 8527 W ContextImpl: Calling a method in the system process without a qualified user: android.app.ContextImpl.startService:1816 android.content.ContextWrapper.startService:774 com.thundercomm.gamemode.ingame.services.GameModeActionUtils.startGameModeService:99 com.thundercomm.gamemode.ingame.services.GameModeActionUtils.startGameModeEntry:22 com.thundercomm.gamemode.ingame.services.ActivityMonitoringService$1.onActivityLaunch:127
12-10 06:05:43.124 1507 1507 I GameModeConfig: Current uri is uri = content://com.thundercomm.gamemode.api/gamemode_settings/gamemode_isgaming
12-10 06:05:43.128 1507 1507 I GameModeConfig: isGameModeOn = true
12-10 06:05:43.128 1507 1507 I GameModeConfig: isGaming = false
12-10 06:05:43.128 1507 1507 I GameModeConfig: isGameModeOn = true
12-10 06:05:43.128 1507 1507 I GameModeConfig: isGaming = false
12-10 06:05:43.128 1507 1507 I GameModeConfig: isDisableVoice = true
12-10 06:05:43.138 13512 13512 I wm_on_create_called: [14314162,com.android.gallery3d.app.GalleryActivity,performCreate]
12-10 06:05:43.139 13512 13512 I wm_on_start_called: [14314162,com.android.gallery3d.app.GalleryActivity,handleStartActivity]
12-10 06:05:43.145 13512 13512 I wm_on_resume_called: [14314162,com.android.gallery3d.app.GalleryActivity,LIFECYCLER_RESUME_ACTIVITY]
12-10 06:05:43.145 13512 13512 I wm_on_paused_called: [14314162,com.android.gallery3d.app.GalleryActivity,performPause]
12-10 06:05:43.150 1507 6719 W WindowManager: updateScale0.7996942
12-10 06:05:43.153 1507 1569 I input_focus: [Focus request f2eb6b0 com.android.gallery3d/com.android.gallery3d.app.GalleryActivity,reason=UpdateInputWindows]
12-10 06:05:43.156 1507 1569 W WindowManager: updateScale0.7996942
12-10 06:05:43.160 1507 6251 W FreeFormWindowHelper: exitRecentTasks type=1
12-10 06:05:43.163 13512 13512 I wm_on_resume_called: [14314162,com.android.gallery3d.app.GalleryActivity,RESUME_ACTIVITY]
12-10 06:05:43.163 13512 13512 I wm_on_top_resumed_gained_called: [14314162,com.android.gallery3d.app.GalleryActivity,topStateChangedWhenResumed]
12-10 06:05:43.155 0 0 I auditd : type=1400 audit(0.0:17353): avc: denied { kill } for comm="swapper/3" capability=5 scontext=u:r:kernel:s0 tcontext=u:r:kernel:s0 tclass=capability permissive=0
12-10 06:05:43.167 1507 6719 W WindowManager: updateScale0.7996942
12-10 06:05:43.175 1507 1736 I input_focus: [Focus leaving 2cb1f5d com.android.launcher3/com.android.launcher3.uioverrides.QuickstepLauncher (server),reason=Waiting for window because NOT_VISIBLE]
12-10 06:05:43.178 1507 12192 I WindowManager: finishDrawing of relaunch: Window{f2eb6b0 u0 com.android.gallery3d/com.android.gallery3d.app.GalleryActivity} 90ms
12-10 06:05:43.178 1507 1569 W WindowManager: updateScale0.7996942
12-10 06:05:43.179 1507 1569 W WindowManager: updateScale0.7996942
12-10 06:05:43.186 1507 1564 I sysui_multi_action: [319,87,322,87,325,15992,757,761,758,9,759,2,806,com.android.gallery3d,871,com.android.gallery3d.app.GalleryActivity,904,com.android.launcher3,905,0,1320,4,1321,1]
12-10 06:05:43.191 1507 1736 I input_focus: [Focus entering f2eb6b0 com.android.gallery3d/com.android.gallery3d.app.GalleryActivity (server),reason=Window became focusable. Previous reason: NOT_VISIBLE]
12-10 06:05:44.155 0 0 I auditd : type=1400 audit(0.0:17354): avc: denied { kill } for comm="swapper/3" capability=5 scontext=u:r:kernel:s0 tcontext=u:r:kernel:s0 tclass=capability permissive=0
12-10 06:05:44.401 1507 6852 I ActivityTaskManager: START u0 {act=android.intent.action.MAIN cat=[android.intent.category.LAUNCHER] flg=0x10200000 cmp=com.android.settings/.Settings bnds=[2308,740][2494,940]} from uid 10079
12-10 06:05:44.413 1507 6852 I wm_task_created: [122,-1]
12-10 06:05:44.413 1507 6852 W ActivityTaskManager: Can't find TaskDisplayArea to determine support for multi window. Task id=122 attached=false
12-10 06:05:44.419 1507 6852 D CompatibilityChangeReporter: Compat change id reported: 174042980; UID 1000; state: DISABLED
12-10 06:05:44.421 1507 6852 I wm_task_moved: [122,1,8]
12-10 06:05:44.421 1507 6852 I wm_task_to_front: [0,122]
12-10 06:05:44.421 1507 6852 I wm_create_task: [0,122]
12-10 06:05:44.421 1507 6852 I wm_create_activity: [0,235564433,122,com.android.settings/.Settings,android.intent.action.MAIN,NULL,NULL,270532608]
12-10 06:05:44.422 1507 6852 I wm_task_moved: [122,1,8]
12-10 06:05:44.422 13512 13512 I wm_on_top_resumed_lost_called: [14314162,com.android.gallery3d.app.GalleryActivity,topStateChangedWhenResumed]
12-10 06:05:44.423 1507 6852 D CompatibilityChangeReporter: Compat change id reported: 168419799; UID 1000; state: DISABLED
12-10 06:05:44.425 1507 6852 I wm_pause_activity: [0,142082565,com.android.launcher3/.uioverrides.QuickstepLauncher,userLeaving=true,pauseBackTasks]
12-10 06:05:44.427 1507 6852 W WindowManager: updateScale0.7996942
12-10 06:05:44.448 2526 2526 I wm_on_paused_called: [142082565,com.android.launcher3.uioverrides.QuickstepLauncher,performPause]
12-10 06:05:44.449 1507 6852 I ActivityTaskManager: FOREGROUND_APPLICATION_CHANGED to com.android.settings.homepage.SettingsHomepageActivity
12-10 06:05:44.451 1507 6852 I ActivityTaskManager: The Process com.android.settings Already Exists in BG. So sending its PID: 13615
12-10 06:05:44.451 1507 6852 I wm_add_to_stopping: [0,142082565,com.android.launcher3/.uioverrides.QuickstepLauncher,makeInvisible]
12-10 06:05:44.454 1507 6852 D CompatibilityChangeReporter: Compat change id reported: 181136395; UID 1000; state: DISABLED
12-10 06:05:44.454 1507 6852 D CompatibilityChangeReporter: Compat change id reported: 174042936; UID 1000; state: DISABLED
12-10 06:05:44.454 1507 6852 I wm_restart_activity: [0,235564433,122,com.android.settings/.Settings]
12-10 06:05:44.457 1507 6852 I wm_set_resumed_activity: [0,com.android.settings/.Settings,minimalResumeActivityLocked]
12-10 06:05:44.458 1507 6852 W WindowManager: updateScale0.7996942
12-10 06:05:44.463 1507 12192 W WindowManager: updateScale0.7996942
12-10 06:05:44.468 1507 1568 I sysui_multi_action: [757,803,799,window_time_0,802,3]
12-10 06:05:44.477 1507 1569 W WindowManager: updateScale0.7996942
12-10 06:05:44.479 8492 8527 W ContextImpl: Calling a method in the system process without a qualified user: android.app.ContextImpl.startService:1816 android.content.ContextWrapper.startService:774 com.thundercomm.gamemode.ingame.services.GameModeActionUtils.startGameModeService:99 com.thundercomm.gamemode.ingame.services.GameModeActionUtils.startGameModeEntry:22 com.thundercomm.gamemode.ingame.services.ActivityMonitoringService$1.onActivityLaunch:127
12-10 06:05:44.481 1507 1569 W WindowManager: updateScale0.7996942
12-10 06:05:44.482 1507 1569 W WindowManager: updateScale0.7996942
12-10 06:05:44.484 1507 1507 I GameModeConfig: Current uri is uri = content://com.thundercomm.gamemode.api/gamemode_settings/gamemode_isgaming
12-10 06:05:44.494 1507 1507 I GameModeConfig: isGameModeOn = true
12-10 06:05:44.494 1507 1507 I GameModeConfig: isGaming = false
12-10 06:05:44.494 1507 1507 I GameModeConfig: isGameModeOn = true
12-10 06:05:44.494 1507 1507 I GameModeConfig: isGaming = false
12-10 06:05:44.494 1507 1507 I GameModeConfig: isDisableVoice = true
12-10 06:05:44.567 8492 8527 W ContextImpl: Calling a method in the system process without a qualified user: android.app.ContextImpl.startService:1816 android.content.ContextWrapper.startService:774 com.thundercomm.gamemode.ingame.services.GameModeActionUtils.startGameModeService:99 com.thundercomm.gamemode.ingame.services.GameModeActionUtils.startGameModeEntry:22 com.thundercomm.gamemode.ingame.services.ActivityMonitoringService$1.onActivityLaunch:127
12-10 06:05:44.575 1507 1507 I GameModeConfig: Current uri is uri = content://com.thundercomm.gamemode.api/gamemode_settings/gamemode_isgaming
12-10 06:05:44.577 1507 1507 I GameModeConfig: isGameModeOn = true
12-10 06:05:44.577 1507 1507 I GameModeConfig: isGaming = false
12-10 06:05:44.577 1507 1507 I GameModeConfig: isGameModeOn = true
12-10 06:05:44.577 1507 1507 I GameModeConfig: isGaming = false
12-10 06:05:44.577 1507 1507 I GameModeConfig: isDisableVoice = true
12-10 06:05:44.623 13615 13615 I wm_on_create_called: [235564433,com.android.settings.Settings,performCreate]
12-10 06:05:44.632 1507 7192 E UserRestrictionsUtils: Unknown restriction queried by uid 1000 (com.android.localtransport et al): null
12-10 06:05:44.632 1507 7192 E UserRestrictionsUtils: Unknown restriction queried by uid 1000 (com.android.localtransport et al): null
12-10 06:05:44.633 1507 7192 E UserRestrictionsUtils: Unknown restriction queried by uid 1000 (com.android.localtransport et al): null
12-10 06:05:44.633 1507 7192 E UserRestrictionsUtils: Unknown restriction queried by uid 1000 (com.android.localtransport et al): null
12-10 06:05:44.633 1507 7192 E UserRestrictionsUtils: Unknown restriction queried by uid 1000 (com.android.localtransport et al): null
12-10 06:05:44.633 1507 7192 E UserRestrictionsUtils: Unknown restriction queried by uid 1000 (com.android.localtransport et al): null
12-10 06:05:44.633 1507 7192 E UserRestrictionsUtils: Unknown restriction queried by uid 1000 (com.android.localtransport et al): null
12-10 06:05:44.633 1507 7192 E UserRestrictionsUtils: Unknown restriction queried by uid 1000 (com.android.localtransport et al): null
12-10 06:05:44.633 1507 7192 E UserRestrictionsUtils: Unknown restriction queried by uid 1000 (com.android.localtransport et al): null
12-10 06:05:44.633 1507 7192 E UserRestrictionsUtils: Unknown restriction queried by uid 1000 (com.android.localtransport et al): null
12-10 06:05:44.634 1507 7192 E UserRestrictionsUtils: Unknown restriction queried by uid 1000 (com.android.localtransport et al): null
12-10 06:05:44.634 1507 7192 E UserRestrictionsUtils: Unknown restriction queried by uid 1000 (com.android.localtransport et al): null
12-10 06:05:44.634 1507 7192 E UserRestrictionsUtils: Unknown restriction queried by uid 1000 (com.android.localtransport et al): null
12-10 06:05:44.634 1507 7192 E UserRestrictionsUtils: Unknown restriction queried by uid 1000 (com.android.localtransport et al): null
12-10 06:05:44.634 1507 7192 E UserRestrictionsUtils: Unknown restriction queried by uid 1000 (com.android.localtransport et al): null
12-10 06:05:44.634 1507 7192 E UserRestrictionsUtils: Unknown restriction queried by uid 1000 (com.android.localtransport et al): null
12-10 06:05:44.634 1507 7192 E UserRestrictionsUtils: Unknown restriction queried by uid 1000 (com.android.localtransport et al): null
12-10 06:05:44.634 1507 7192 E UserRestrictionsUtils: Unknown restriction queried by uid 1000 (com.android.localtransport et al): null
12-10 06:05:44.661 13615 13615 I wm_on_start_called: [235564433,com.android.settings.Settings,handleStartActivity]
12-10 06:05:44.662 13615 13615 I snet_event_log: [120484087,-1,]
12-10 06:05:44.662 13615 13615 I wm_on_resume_called: [235564433,com.android.settings.Settings,RESUME_ACTIVITY]
12-10 06:05:44.664 13615 13615 I sysui_multi_action: [757,35,758,1,833,0,1089,38]
12-10 06:05:44.672 13615 13615 I sysui_multi_action: [757,1729,758,4,854,isParalleledControllers:false,1089,47]
12-10 06:05:44.681 13615 13615 I wm_on_top_resumed_gained_called: [235564433,com.android.settings.Settings,topStateChangedWhenResumed]
12-10 06:05:44.714 1507 6251 W WindowManager: updateScale0.7996942
12-10 06:05:44.718 1507 1569 I input_focus: [Focus request cd5b618 com.android.settings/com.android.settings.Settings,reason=UpdateInputWindows]
12-10 06:05:44.748 1507 1736 I input_focus: [Focus leaving f2eb6b0 com.android.gallery3d/com.android.gallery3d.app.GalleryActivity (server),reason=Waiting for window because NOT_VISIBLE]
12-10 06:05:44.755 1507 1569 W WindowManager: updateScale0.7996942
12-10 06:05:44.756 1507 1569 W WindowManager: updateScale0.7996942
12-10 06:05:44.757 1507 1569 I sysui_multi_action: [324,1,757,1090,758,12,806,com.android.settings,871,com.android.settings.Settings,1091,356]
12-10 06:05:44.768 1507 1736 I input_focus: [Focus entering cd5b618 com.android.settings/com.android.settings.Settings (server),reason=Window became focusable. Previous reason: NOT_VISIBLE]
12-10 06:05:44.771 1507 1564 I sysui_multi_action: [319,80,321,77,322,356,325,15993,757,761,758,8,759,1,806,com.android.settings,871,com.android.settings.Settings,904,com.android.launcher3,905,0,1320,21,1321,5]
12-10 06:05:44.772 1507 1564 I wm_activity_launch_time: [0,235564433,com.android.settings/.Settings,356]
12-10 06:05:44.780 13615 13615 W CarrierConfigManager: Error getting config for subId -1 ICarrierConfigLoader is null
12-10 06:05:44.785 1507 6852 E UserRestrictionsUtils: Unknown restriction queried by uid 1000 (com.android.localtransport et al): null
12-10 06:05:44.810 13615 13615 I sysui_multi_action: [757,746,758,1,833,0,1089,46]
12-10 06:05:44.811 1507 6251 D TelephonyRegistry: listen oscl: mHasNotifySubscriptionInfoChangedOccurred==false no callback
12-10 06:05:44.818 1507 6719 D TelephonyRegistry: listen oscl: mHasNotifySubscriptionInfoChangedOccurred==false no callback
12-10 06:05:44.828 13615 13615 I sysui_multi_action: [757,1729,758,4,854,isParalleledControllers:false,1089,64]
12-10 06:05:44.845 1507 6852 W WindowManager: updateScale0.7996942
12-10 06:05:45.025 1507 1569 W WindowManager: updateScale0.7996942
12-10 06:05:45.028 1507 1568 I wm_stop_activity: [0,142082565,com.android.launcher3/.uioverrides.QuickstepLauncher]
12-10 06:05:45.078 1507 12192 W WindowManager: updateScale0.7996942
12-10 06:05:45.086 2526 2526 I wm_on_stop_called: [142082565,com.android.launcher3.uioverrides.QuickstepLauncher,STOP_ACTIVITY_ITEM]
12-10 06:05:45.098 1507 1569 W WindowManager: updateScale0.7996942
12-10 06:05:45.102 8492 8527 W ContextImpl: Calling a method in the system process without a qualified user: android.app.ContextImpl.startService:1816 android.content.ContextWrapper.startService:774 com.thundercomm.gamemode.ingame.services.GameModeActionUtils.startGameModeService:99 com.thundercomm.gamemode.ingame.services.GameModeActionUtils.startGameModeEntry:22 com.thundercomm.gamemode.ingame.services.ActivityMonitoringService$1.onActivityLaunch:127
12-10 06:05:45.107 1507 1507 I GameModeConfig: Current uri is uri = content://com.thundercomm.gamemode.api/gamemode_settings/gamemode_isgaming
12-10 06:05:45.110 1507 1507 I GameModeConfig: isGameModeOn = true
12-10 06:05:45.110 1507 1507 I GameModeConfig: isGaming = false
12-10 06:05:45.110 1507 1507 I GameModeConfig: isGameModeOn = true
12-10 06:05:45.110 1507 1507 I GameModeConfig: isGaming = false
12-10 06:05:45.110 1507 1507 I GameModeConfig: isDisableVoice = true
12-10 06:05:45.164 1507 6719 W WindowManager: updateScale0.7996942
12-10 06:05:45.168 1507 6251 W WindowManager: updateScale0.7996942
12-10 06:05:45.333 1507 1569 W WindowManager: updateScale0.7996942
12-10 06:05:45.334 1507 1569 W WindowManager: updateScale0.7996942
12-10 06:05:45.349 1507 1569 W WindowManager: updateScale0.7996942
12-10 06:05:46.155 0 0 I auditd : type=1400 audit(0.0:17355): avc: denied { kill } for comm="swapper/3" capability=5 scontext=u:r:kernel:s0 tcontext=u:r:kernel:s0 tclass=capability permissive=0
12-10 06:05:46.613 1507 2719 E TaskPersister: File error accessing recents directory (directory doesn't exist?).
12-10 06:05:48.155 0 0 I auditd : type=1400 audit(0.0:17356): avc: denied { kill } for comm="swapper/3" capability=5 scontext=u:r:kernel:s0 tcontext=u:r:kernel:s0 tclass=capability permissive=0
12-10 06:05:48.953 1507 1909 I GameModeConfig: isGameModeOn = true
12-10 06:05:48.953 1507 1909 I GameModeConfig: isGaming = false
12-10 06:05:49.155 0 0 I auditd : type=1400 audit(0.0:17357): avc: denied { kill } for comm="swapper/3" capability=5 scontext=u:r:kernel:s0 tcontext=u:r:kernel:s0 tclass=capability permissive=0
12-10 06:05:50.155 0 0 I auditd : type=1400 audit(0.0:17358): avc: denied { kill } for comm="swapper/3" capability=5 scontext=u:r:kernel:s0 tcontext=u:r:kernel:s0 tclass=capability permissive=0
12-10 06:05:51.155 0 0 I auditd : type=1400 audit(0.0:17359): avc: denied { kill } for comm="swapper/3" capability=5 scontext=u:r:kernel:s0 tcontext=u:r:kernel:s0 tclass=capability permissive=0
12-10 06:05:52.155 0 0 I auditd : type=1400 audit(0.0:17360): avc: denied { kill } for comm="swapper/3" capability=5 scontext=u:r:kernel:s0 tcontext=u:r:kernel:s0 tclass=capability permissive=0
12-10 06:05:53.155 0 0 I auditd : type=1400 audit(0.0:17361): avc: denied { kill } for comm="swapper/3" capability=5 scontext=u:r:kernel:s0 tcontext=u:r:kernel:s0 tclass=capability permissive=0
12-10 06:05:53.480 1507 1736 I input_interaction: Interaction with: f2eb6b0 com.android.gallery3d/com.android.gallery3d.app.GalleryActivity (server), edge-swipe (server), swipe-up (server), PointerEventDispatcher0 (server),
12-10 06:05:53.485 1507 1507 I service_manager_stats: [100,96,50383]
12-10 06:05:53.487 1507 1568 I wm_task_moved: [121,1,8]
12-10 06:05:53.487 1507 1568 I wm_task_to_front: [0,121]
12-10 06:05:53.490 1507 1568 W WindowManager: updateScale0.7996942
12-10 06:05:53.501 1507 1568 I wm_set_resumed_activity: [0,com.android.gallery3d/.app.GalleryActivity,positionChildAt]
12-10 06:05:53.501 1507 1568 I wm_focused_root_task: [0,0,121,122,setFocusedTask]
12-10 06:05:53.501 1507 1568 I wm_set_resumed_activity: [0,com.android.gallery3d/.app.GalleryActivity,setFocusedTask]
12-10 06:05:53.502 1507 1568 I ActivityTaskManager: FOREGROUND_APPLICATION_CHANGED to com.android.gallery3d.app.GalleryActivity
12-10 06:05:53.505 13615 13615 I wm_on_top_resumed_lost_called: [235564433,com.android.settings.Settings,topStateChangedWhenResumed]
12-10 06:05:53.509 1507 1569 I input_focus: [Focus request f2eb6b0 com.android.gallery3d/com.android.gallery3d.app.GalleryActivity,reason=UpdateInputWindows]
12-10 06:05:53.510 13512 13512 I wm_on_top_resumed_gained_called: [14314162,com.android.gallery3d.app.GalleryActivity,topStateChangedWhenResumed]
12-10 06:05:53.519 1507 1736 I input_focus: [Focus leaving cd5b618 com.android.settings/com.android.settings.Settings (server),reason=setFocusedWindow]
12-10 06:05:53.519 1507 1736 I input_focus: [Focus entering f2eb6b0 com.android.gallery3d/com.android.gallery3d.app.GalleryActivity (server),reason=setFocusedWindow]
12-10 06:05:53.607 1507 6251 I wm_finish_activity: [0,14314162,121,com.android.gallery3d/.app.GalleryActivity,finish-activity]
12-10 06:05:53.607 1507 6251 I wm_task_moved: [122,1,8]
12-10 06:05:53.607 1507 6251 I wm_task_to_front: [0,122]
12-10 06:05:53.610 1507 6251 I wm_set_resumed_activity: [0,com.android.settings/.Settings,positionChildAt]
12-10 06:05:53.610 1507 6251 I wm_focused_root_task: [0,0,122,121,finish-top adjustFocusToNextFocusableTask]
12-10 06:05:53.610 1507 6251 I wm_set_resumed_activity: [0,com.android.settings/.Settings,finish-top]
12-10 06:05:53.622 1507 6251 I wm_pause_activity: [0,14314162,com.android.gallery3d/.app.GalleryActivity,userLeaving=false,finish]
12-10 06:05:53.627 13512 13512 I wm_on_top_resumed_lost_called: [14314162,com.android.gallery3d.app.GalleryActivity,topStateChangedWhenResumed]
12-10 06:05:53.627 1507 2719 E TaskPersister: File error accessing recents directory (directory doesn't exist?).
12-10 06:05:53.628 13615 13615 I wm_on_top_resumed_gained_called: [235564433,com.android.settings.Settings,topStateChangedWhenResumed]
12-10 06:05:53.637 13512 13512 I wm_on_paused_called: [14314162,com.android.gallery3d.app.GalleryActivity,performPause]
12-10 06:05:53.644 1507 1569 I input_focus: [Focus request cd5b618 com.android.settings/com.android.settings.Settings,reason=UpdateInputWindows]
12-10 06:05:53.646 1507 6719 I ActivityTaskManager: FOREGROUND_APPLICATION_CHANGED to com.android.settings.homepage.SettingsHomepageActivity
12-10 06:05:53.646 1507 6719 I wm_destroy_activity: [0,14314162,121,com.android.gallery3d/.app.GalleryActivity,finish-imm:completePausedLocked]
12-10 06:05:53.651 1507 1736 I input_focus: [Focus leaving f2eb6b0 com.android.gallery3d/com.android.gallery3d.app.GalleryActivity (server),reason=NO_WINDOW]
12-10 06:05:53.651 1507 1736 I input_focus: [Focus entering cd5b618 com.android.settings/com.android.settings.Settings (server),reason=setFocusedWindow]
12-10 06:05:53.662 1507 1568 I sysui_multi_action: [757,803,799,window_time_0,802,9]
12-10 06:05:53.668 1507 1568 I sysui_multi_action: [757,803,799,window_time_0,802,0]
12-10 06:05:53.684 13512 13512 I wm_on_stop_called: [14314162,com.android.gallery3d.app.GalleryActivity,LIFECYCLER_STOP_ACTIVITY]
12-10 06:05:53.691 13512 13512 I wm_on_destroy_called: [14314162,com.android.gallery3d.app.GalleryActivity,performDestroy]
12-10 06:05:53.690 8492 8527 W ContextImpl: Calling a method in the system process without a qualified user: android.app.ContextImpl.startService:1816 android.content.ContextWrapper.startService:774 com.thundercomm.gamemode.ingame.services.GameModeActionUtils.startGameModeService:99 com.thundercomm.gamemode.ingame.services.GameModeActionUtils.startGameModeEntry:22 com.thundercomm.gamemode.ingame.services.ActivityMonitoringService$1.onActivityLaunch:127
12-10 06:05:53.696 1507 1507 I GameModeConfig: Current uri is uri = content://com.thundercomm.gamemode.api/gamemode_settings/gamemode_isgaming
12-10 06:05:53.704 1507 1507 I GameModeConfig: isGameModeOn = true
12-10 06:05:53.704 1507 1507 I GameModeConfig: isGaming = false
12-10 06:05:53.705 1507 1507 I GameModeConfig: isGameModeOn = true
12-10 06:05:53.705 1507 1507 I GameModeConfig: isGaming = false
12-10 06:05:53.705 1507 1507 I GameModeConfig: isDisableVoice = true
12-10 06:05:53.758 8492 8527 W ContextImpl: Calling a method in the system process without a qualified user: android.app.ContextImpl.startService:1816 android.content.ContextWrapper.startService:774 com.thundercomm.gamemode.ingame.services.GameModeActionUtils.startGameModeService:99 com.thundercomm.gamemode.ingame.services.GameModeActionUtils.startGameModeEntry:22 com.thundercomm.gamemode.ingame.services.ActivityMonitoringService$1.onActivityLaunch:127
12-10 06:05:53.762 1507 1507 I GameModeConfig: Current uri is uri = content://com.thundercomm.gamemode.api/gamemode_settings/gamemode_isgaming
12-10 06:05:53.765 1507 1507 I GameModeConfig: isGameModeOn = true
12-10 06:05:53.765 1507 1507 I GameModeConfig: isGaming = false
12-10 06:05:53.766 1507 1507 I GameModeConfig: isGameModeOn = true
12-10 06:05:53.766 1507 1507 I GameModeConfig: isGaming = false
12-10 06:05:53.766 1507 1507 I GameModeConfig: isDisableVoice = true
12-10 06:05:53.948 1507 1569 I wm_task_removed: [121,removeChild:removeChild last r=ActivityRecord{da6ab2 u0 com.android.gallery3d/.app.GalleryActivity t-1 f}} in t=Task{93724bd #121 type=standard A=10066:com.android.gallery3d U=0 visible=false mode=freeform translucent=true sz=0}]
12-10 06:05:53.948 1507 1569 I wm_task_removed: [121,removeChild]
12-10 06:05:53.949 1507 1569 D FreeFormWindowHelper: Remove freefrom task=Task{93724bd #121 type=standard A=10066:com.android.gallery3d U=0 visible=false mode=freeform translucent=true sz=0}
