12-10 06:02:53.193 2004 2004 I sysui_multi_action: [757,0,758,1,759,0,927,3,928,0,1593,0]
12-10 06:02:53.201 1507 1909 I GameModeConfig: isGameModeOn = true
12-10 06:02:53.201 1507 1909 I GameModeConfig: isGaming = false
12-10 06:02:53.201 1507 1909 I GameModeConfig: isGameModeOn = true
12-10 06:02:53.201 1507 1909 I GameModeConfig: isGaming = false
12-10 06:02:53.201 1507 1909 I GameModeConfig: isGameModeOn = true
12-10 06:02:53.201 1507 1909 I GameModeConfig: isGaming = false
12-10 06:02:53.201 1507 1909 I GameModeConfig: isGameModeOn = true
12-10 06:02:53.201 1507 1909 I GameModeConfig: isGaming = false
12-10 06:02:53.205 2004 2004 I sysui_multi_action: [757,111,758,2]
12-10 06:02:53.205 1507 1507 I notification_enqueue: [10082,2004,com.android.systemui,2048,NULL,0,Notification(channel=updateNotification shortcut=null contentView=null vibrate=null sound=null defaults=0x0 flags=0x0 color=0x00000000 vis=PRIVATE),1]
12-10 06:02:53.205 2004 2004 I sysui_multi_action: [757,111,758,2]
12-10 06:02:53.207 2004 2004 I sysui_multi_action: [757,111,758,1]
12-10 06:02:53.207 2004 2004 I sysui_multi_action: [757,126,758,1,759,126,927,0,928,1,1593,1]
12-10 06:02:53.207 2004 2004 I sysui_multi_action: [757,113,758,1,759,113,927,1,928,1,1593,1]
12-10 06:02:53.207 2004 2004 I sysui_multi_action: [757,0,758,1,759,0,927,2,928,0,1593,1]
12-10 06:02:53.207 2004 2004 I sysui_multi_action: [757,0,758,1,759,0,927,3,928,0,1593,1]
12-10 06:02:53.208 2004 2004 I sysui_multi_action: [757,491,758,1,759,491,927,4,928,1,1311,1,1593,0]
12-10 06:02:53.208 2004 2004 I sysui_multi_action: [757,0,758,1,759,0,927,5,928,0,1593,0]
12-10 06:02:53.208 2004 2004 I sysui_multi_action: [757,111,758,1]
12-10 06:02:53.208 2004 2004 I sysui_multi_action: [757,126,758,1,759,126,927,0,928,1,1593,1]
12-10 06:02:53.208 2004 2004 I sysui_multi_action: [757,113,758,1,759,113,927,1,928,1,1593,1]
12-10 06:02:53.208 2004 2004 I sysui_multi_action: [757,0,758,1,759,0,927,2,928,0,1593,1]
12-10 06:02:53.208 2004 2004 I sysui_multi_action: [757,0,758,1,759,0,927,3,928,0,1593,1]
12-10 06:02:53.213 1507 1909 I GameModeConfig: isGameModeOn = true
12-10 06:02:53.213 1507 1909 I GameModeConfig: isGaming = false
12-10 06:02:53.213 1507 1909 I GameModeConfig: isGameModeOn = true
12-10 06:02:53.213 1507 1909 I GameModeConfig: isGaming = false
12-10 06:02:53.214 1507 1909 I GameModeConfig: isGameModeOn = true
12-10 06:02:53.214 1507 1909 I GameModeConfig: isGaming = false
12-10 06:02:53.214 1507 1909 I GameModeConfig: isGameModeOn = true
12-10 06:02:53.214 1507 1909 I GameModeConfig: isGaming = false
12-10 06:02:53.214 2004 2004 I sysui_multi_action: [757,111,758,2]
12-10 06:02:53.215 2004 2004 I sysui_multi_action: [757,111,758,2]
12-10 06:02:53.215 1507 1507 I notification_enqueue: [10082,2004,com.android.systemui,2048,NULL,0,Notification(channel=updateNotification shortcut=null contentView=null vibrate=null sound=null defaults=0x0 flags=0x0 color=0x00000000 vis=PRIVATE),1]
12-10 06:02:53.217 2004 2004 I sysui_multi_action: [757,111,758,1]
12-10 06:02:53.217 2004 2004 I sysui_multi_action: [757,126,758,1,759,126,927,0,928,1,1593,0]
12-10 06:02:53.218 2004 2004 I sysui_multi_action: [757,113,758,1,759,113,927,1,928,1,1593,0]
12-10 06:02:53.218 2004 2004 I sysui_multi_action: [757,0,758,1,759,0,927,2,928,0,1593,0]
12-10 06:02:53.218 2004 2004 I sysui_multi_action: [757,0,758,1,759,0,927,3,928,0,1593,0]
12-10 06:02:53.218 2004 2004 I sysui_multi_action: [757,491,758,1,759,491,927,4,928,1,1311,1,1593,0]
12-10 06:02:53.218 2004 2004 I sysui_multi_action: [757,0,758,1,759,0,927,5,928,0,1593,0]
12-10 06:02:53.218 2004 2004 I sysui_multi_action: [757,111,758,1]
12-10 06:02:53.218 2004 2004 I sysui_multi_action: [757,126,758,1,759,126,927,0,928,1,1593,0]
12-10 06:02:53.218 2004 2004 I sysui_multi_action: [757,113,758,1,759,113,927,1,928,1,1593,0]
12-10 06:02:53.218 2004 2004 I sysui_multi_action: [757,0,758,1,759,0,927,2,928,0,1593,0]
12-10 06:02:53.218 2004 2004 I sysui_multi_action: [757,0,758,1,759,0,927,3,928,0,1593,0]
12-10 06:02:53.229 1507 1909 I GameModeConfig: isGameModeOn = true
12-10 06:02:53.229 1507 1909 I GameModeConfig: isGaming = false
12-10 06:02:53.229 1507 1909 I GameModeConfig: isGameModeOn = true
12-10 06:02:53.229 1507 1909 I GameModeConfig: isGaming = false
12-10 06:02:53.229 1507 1909 I GameModeConfig: isGameModeOn = true
12-10 06:02:53.229 1507 1909 I GameModeConfig: isGaming = false
12-10 06:02:53.229 1507 1909 I GameModeConfig: isGameModeOn = true
12-10 06:02:53.229 1507 1909 I GameModeConfig: isGaming = false
12-10 06:02:53.230 2004 2004 I sysui_multi_action: [757,111,758,2]
12-10 06:02:53.230 2004 2004 I sysui_multi_action: [757,111,758,2]
12-10 06:02:53.231 1507 1507 I notification_enqueue: [10082,2004,com.android.systemui,2048,NULL,0,Notification(channel=updateNotification shortcut=null contentView=null vibrate=null sound=null defaults=0x0 flags=0x0 color=0x00000000 vis=PRIVATE),1]
12-10 06:02:53.235 2004 2004 I sysui_multi_action: [757,111,758,1]
12-10 06:02:53.235 2004 2004 I sysui_multi_action: [757,126,758,1,759,126,927,0,928,1,1593,1]
12-10 06:02:53.235 2004 2004 I sysui_multi_action: [757,113,758,1,759,113,927,1,928,1,1593,1]
12-10 06:02:53.235 2004 2004 I sysui_multi_action: [757,0,758,1,759,0,927,2,928,0,1593,1]
12-10 06:02:53.235 2004 2004 I sysui_multi_action: [757,0,758,1,759,0,927,3,928,0,1593,1]
12-10 06:02:53.235 2004 2004 I sysui_multi_action: [757,491,758,1,759,491,927,4,928,1,1311,1,1593,0]
12-10 06:02:53.235 2004 2004 I sysui_multi_action: [757,0,758,1,759,0,927,5,928,0,1593,0]
12-10 06:02:53.235 2004 2004 I sysui_multi_action: [757,111,758,1]
12-10 06:02:53.235 2004 2004 I sysui_multi_action: [757,126,758,1,759,126,927,0,928,1,1593,1]
12-10 06:02:53.235 2004 2004 I sysui_multi_action: [757,113,758,1,759,113,927,1,928,1,1593,1]
12-10 06:02:53.235 2004 2004 I sysui_multi_action: [757,0,758,1,759,0,927,2,928,0,1593,1]
12-10 06:02:53.235 2004 2004 I sysui_multi_action: [757,0,758,1,759,0,927,3,928,0,1593,1]
12-10 06:02:53.267 1507 1909 I GameModeConfig: isGameModeOn = true
12-10 06:02:53.267 1507 1909 I GameModeConfig: isGaming = false
12-10 06:02:53.267 1507 1909 I GameModeConfig: isGameModeOn = true
12-10 06:02:53.267 1507 1909 I GameModeConfig: isGaming = false
12-10 06:02:53.268 1507 1909 I GameModeConfig: isGameModeOn = true
12-10 06:02:53.268 1507 1909 I GameModeConfig: isGaming = false
12-10 06:02:53.268 1507 1909 I GameModeConfig: isGameModeOn = true
12-10 06:02:53.268 1507 1909 I GameModeConfig: isGaming = false
12-10 06:02:53.268 2004 2004 I sysui_multi_action: [757,111,758,2]
12-10 06:02:53.269 2004 2004 I sysui_multi_action: [757,111,758,2]
12-10 06:02:53.270 1507 11870 I sysui_multi_action: [757,128,758,2,793,15809739,794,500,795,15809739,796,26,798,0,806,android,857,DEVELOPER_IMPORTANT,858,4,947,0,1395,2,1500,15809273,1688,1]
12-10 06:02:53.271 1507 11870 I notification_visibility: [-1|android|26|null|1000,0,15809739,15809739,0,0]
12-10 06:02:53.271 1507 11870 I sysui_multi_action: [757,128,758,2,793,15810638,794,500,795,15810638,796,32,798,1,806,android,857,USB,858,1,947,0,1395,2,1500,15810291,1688,1]
12-10 06:02:53.271 1507 11870 I notification_visibility: [-1|android|32|null|1000,0,15810638,15810638,0,1]
12-10 06:02:53.271 1507 5617 I sysui_multi_action: [757,127,758,2]
12-10 06:02:53.271 1507 5617 I notification_panel_hidden:
12-10 06:02:53.281 1507 1507 I notification_enqueue: [10082,2004,com.android.systemui,2048,NULL,0,Notification(channel=updateNotification shortcut=null contentView=null vibrate=null sound=null defaults=0x0 flags=0x0 color=0x00000000 vis=PRIVATE),1]
12-10 06:02:53.292 1507 1736 I input_interaction: Interaction with: edge-swipe (server), swipe-up (server), PointerEventDispatcher0 (server),
12-10 06:02:53.297 2004 2004 I sysui_multi_action: [757,111,758,1]
12-10 06:02:53.298 2004 2004 I sysui_multi_action: [757,126,758,1,759,126,927,0,928,1,1593,0]
12-10 06:02:53.298 2004 2004 I sysui_multi_action: [757,113,758,1,759,113,927,1,928,1,1593,0]
12-10 06:02:53.298 2004 2004 I sysui_multi_action: [757,0,758,1,759,0,927,2,928,0,1593,0]
12-10 06:02:53.298 2004 2004 I sysui_multi_action: [757,0,758,1,759,0,927,3,928,0,1593,0]
12-10 06:02:53.298 2004 2004 I sysui_multi_action: [757,491,758,1,759,491,927,4,928,1,1311,1,1593,0]
12-10 06:02:53.298 2004 2004 I sysui_multi_action: [757,0,758,1,759,0,927,5,928,0,1593,0]
12-10 06:02:53.298 2004 2004 I sysui_multi_action: [757,111,758,1]
12-10 06:02:53.298 2004 2004 I sysui_multi_action: [757,126,758,1,759,126,927,0,928,1,1593,0]
12-10 06:02:53.298 2004 2004 I sysui_multi_action: [757,113,758,1,759,113,927,1,928,1,1593,0]
12-10 06:02:53.298 2004 2004 I sysui_multi_action: [757,0,758,1,759,0,927,2,928,0,1593,0]
12-10 06:02:53.298 2004 2004 I sysui_multi_action: [757,0,758,1,759,0,927,3,928,0,1593,0]
12-10 06:02:53.319 1507 1507 I GameModeConfig: isGameModeOn = true
12-10 06:02:53.319 1507 1507 I GameModeConfig: isGaming = false
12-10 06:02:53.319 1507 1507 E NotificationService: Muting recently noisy 0|com.android.systemui|2048|null|10082
12-10 06:02:53.365 1507 1507 I GameModeConfig: isGameModeOn = true
12-10 06:02:53.365 1507 1507 I GameModeConfig: isGaming = false
12-10 06:02:53.366 1507 1507 E NotificationService: Muting recently noisy 0|com.android.systemui|2048|null|10082
12-10 06:02:53.379 1507 1507 I GameModeConfig: isGameModeOn = true
12-10 06:02:53.379 1507 1507 I GameModeConfig: isGaming = false
12-10 06:02:53.379 1507 1507 E NotificationService: Muting recently noisy 0|com.android.systemui|2048|null|10082
12-10 06:02:53.391 1507 1507 I GameModeConfig: isGameModeOn = true
12-10 06:02:53.391 1507 1507 I GameModeConfig: isGaming = false
12-10 06:02:53.391 1507 1507 E NotificationService: Muting recently noisy 0|com.android.systemui|2048|null|10082
12-10 06:02:53.406 1507 1507 I GameModeConfig: isGameModeOn = true
12-10 06:02:53.406 1507 1507 I GameModeConfig: isGaming = false
12-10 06:02:53.407 1507 1507 E NotificationService: Muting recently noisy 0|com.android.systemui|2048|null|10082
12-10 06:02:53.416 1507 1507 I GameModeConfig: isGameModeOn = true
12-10 06:02:53.417 1507 1507 I GameModeConfig: isGaming = false
12-10 06:02:53.417 1507 1507 E NotificationService: Muting recently noisy 0|com.android.systemui|2048|null|10082
12-10 06:02:53.435 1507 1507 I GameModeConfig: isGameModeOn = true
12-10 06:02:53.435 1507 1507 I GameModeConfig: isGaming = false
12-10 06:02:53.483 1507 1507 I GameModeConfig: isGameModeOn = true
12-10 06:02:53.483 1507 1507 I GameModeConfig: isGaming = false
12-10 06:02:53.483 1507 1507 E NotificationService: Muting recently noisy 0|com.android.systemui|2048|null|10082
12-10 06:02:53.559 1507 1909 I GameModeConfig: isGameModeOn = true
12-10 06:02:53.559 1507 1909 I GameModeConfig: isGaming = false
12-10 06:02:53.559 1507 1909 I GameModeConfig: isGameModeOn = true
12-10 06:02:53.559 1507 1909 I GameModeConfig: isGaming = false
12-10 06:02:53.573 1507 1909 I GameModeConfig: isGameModeOn = true
12-10 06:02:53.573 1507 1909 I GameModeConfig: isGaming = false
12-10 06:02:53.585 1507 1909 I GameModeConfig: isGameModeOn = true
12-10 06:02:53.585 1507 1909 I GameModeConfig: isGaming = false
12-10 06:02:53.589 1507 1909 I GameModeConfig: isGameModeOn = true
12-10 06:02:53.589 1507 1909 I GameModeConfig: isGaming = false
12-10 06:02:53.612 1507 1909 I GameModeConfig: isGameModeOn = true
12-10 06:02:53.612 1507 1909 I GameModeConfig: isGaming = false
12-10 06:02:53.612 1507 1909 I GameModeConfig: isGameModeOn = true
12-10 06:02:53.612 1507 1909 I GameModeConfig: isGaming = false
12-10 06:02:53.623 1507 1909 I GameModeConfig: isGameModeOn = true
12-10 06:02:53.623 1507 1909 I GameModeConfig: isGaming = false
12-10 06:02:53.624 1507 1909 I GameModeConfig: isGameModeOn = true
12-10 06:02:53.624 1507 1909 I GameModeConfig: isGaming = false
12-10 06:02:53.640 1507 1909 I GameModeConfig: isGameModeOn = true
12-10 06:02:53.641 1507 1909 I GameModeConfig: isGaming = false
12-10 06:02:53.642 1507 1909 I GameModeConfig: isGameModeOn = true
12-10 06:02:53.642 1507 1909 I GameModeConfig: isGaming = false
12-10 06:02:53.657 1507 1909 I GameModeConfig: isGameModeOn = true
12-10 06:02:53.657 1507 1909 I GameModeConfig: isGaming = false
12-10 06:02:53.661 1507 1909 I GameModeConfig: isGameModeOn = true
12-10 06:02:53.661 1507 1909 I GameModeConfig: isGaming = false
12-10 06:02:53.674 1507 1909 I GameModeConfig: isGameModeOn = true
12-10 06:02:53.674 1507 1909 I GameModeConfig: isGaming = false
12-10 06:02:53.679 1507 1909 I GameModeConfig: isGameModeOn = true
12-10 06:02:53.679 1507 1909 I GameModeConfig: isGaming = false
12-10 06:02:53.693 1507 1909 I GameModeConfig: isGameModeOn = true
12-10 06:02:53.693 1507 1909 I GameModeConfig: isGaming = false
12-10 06:02:53.707 1507 1909 I GameModeConfig: isGameModeOn = true
12-10 06:02:53.707 1507 1909 I GameModeConfig: isGaming = false
12-10 06:02:53.707 1507 1909 I GameModeConfig: isGameModeOn = true
12-10 06:02:53.707 1507 1909 I GameModeConfig: isGaming = false
12-10 06:02:53.717 1507 1909 I GameModeConfig: isGameModeOn = true
12-10 06:02:53.717 1507 1909 I GameModeConfig: isGaming = false
12-10 06:02:53.737 1507 1909 I GameModeConfig: isGameModeOn = true
12-10 06:02:53.737 1507 1909 I GameModeConfig: isGaming = false
12-10 06:02:53.739 1507 1909 I GameModeConfig: isGameModeOn = true
12-10 06:02:53.739 1507 1909 I GameModeConfig: isGaming = false
12-10 06:02:53.763 1507 1909 I GameModeConfig: isGameModeOn = true
12-10 06:02:53.763 1507 1909 I GameModeConfig: isGaming = false
12-10 06:02:53.766 1507 1909 I GameModeConfig: isGameModeOn = true
12-10 06:02:53.766 1507 1909 I GameModeConfig: isGaming = false
12-10 06:02:53.779 1507 1909 I GameModeConfig: isGameModeOn = true
12-10 06:02:53.779 1507 1909 I GameModeConfig: isGaming = false
12-10 06:02:53.793 1507 1909 I GameModeConfig: isGameModeOn = true
12-10 06:02:53.793 1507 1909 I GameModeConfig: isGaming = false
12-10 06:02:53.793 1507 1909 I GameModeConfig: isGameModeOn = true
12-10 06:02:53.793 1507 1909 I GameModeConfig: isGaming = false
12-10 06:02:53.810 1507 1909 I GameModeConfig: isGameModeOn = true
12-10 06:02:53.810 1507 1909 I GameModeConfig: isGaming = false
12-10 06:02:53.815 1507 1909 I GameModeConfig: isGameModeOn = true
12-10 06:02:53.815 1507 1909 I GameModeConfig: isGaming = false
12-10 06:02:53.828 1507 1909 I GameModeConfig: isGameModeOn = true
12-10 06:02:53.828 1507 1909 I GameModeConfig: isGaming = false
12-10 06:02:53.830 1507 1909 I GameModeConfig: isGameModeOn = true
12-10 06:02:53.830 1507 1909 I GameModeConfig: isGaming = false
12-10 06:02:53.847 1507 1711 D ActivityManager: freezing 12215 com.android.soundrecorder
12-10 06:02:53.848 1507 1909 I GameModeConfig: isGameModeOn = true
12-10 06:02:53.848 1507 1909 I GameModeConfig: isGaming = false
12-10 06:02:53.848 1507 1711 E ActivityManager: Unable to freeze binder for 12215 com.android.soundrecorder
12-10 06:02:53.848 1507 1909 I GameModeConfig: isGameModeOn = true
12-10 06:02:53.848 1507 1909 I GameModeConfig: isGaming = false
12-10 06:02:53.849 1507 1711 D ActivityManager: froze 12215 com.android.soundrecorder
12-10 06:02:53.849 1507 1711 I am_freeze: [12215,com.android.soundrecorder]
12-10 06:02:53.849 1507 1711 E ActivityManager: Unable to freeze binder for 12215 com.android.soundrecorder
12-10 06:02:53.850 1507 1711 I ActivityManager: Killing 12215:com.android.soundrecorder/u0a61 (adj 905): Unable to freeze binder interface
12-10 06:02:53.850 1507 1711 I am_kill : [0,12215,com.android.soundrecorder,905,Unable to freeze binder interface]
12-10 06:02:53.864 1507 1909 I GameModeConfig: isGameModeOn = true
12-10 06:02:53.864 1507 1909 I GameModeConfig: isGaming = false
12-10 06:02:53.878 1507 1909 I GameModeConfig: isGameModeOn = true
12-10 06:02:53.878 1507 1909 I GameModeConfig: isGaming = false
12-10 06:02:53.896 1507 11870 I am_proc_died: [0,12215,com.android.soundrecorder,905,19]
12-10 06:02:53.897 1507 11870 I am_uid_stopped: 10061
12-10 06:02:53.898 1507 1909 I GameModeConfig: isGameModeOn = true
12-10 06:02:53.898 1507 1909 I GameModeConfig: isGaming = false
12-10 06:02:53.900 1507 1568 W ActivityManager: setHasOverlayUi called on unknown pid: 12215
12-10 06:02:53.903 1507 1568 I am_uid_running: 10061
12-10 06:02:53.904 1507 1568 D CompatibilityChangeReporter: Compat change id reported: 135634846; UID 10061; state: DISABLED
12-10 06:02:53.904 1507 1568 D CompatibilityChangeReporter: Compat change id reported: 177438394; UID 10061; state: DISABLED
12-10 06:02:53.904 1507 1568 D CompatibilityChangeReporter: Compat change id reported: 135772972; UID 10061; state: DISABLED
12-10 06:02:53.904 1507 1568 D CompatibilityChangeReporter: Compat change id reported: 135754954; UID 10061; state: ENABLED
12-10 06:02:53.905 1507 1584 D CompatibilityChangeReporter: Compat change id reported: 143937733; UID 10061; state: ENABLED
12-10 06:02:53.912 1507 1909 I GameModeConfig: isGameModeOn = true
12-10 06:02:53.912 1507 1909 I GameModeConfig: isGaming = false
12-10 06:02:53.927 1507 1584 I am_proc_start: [0,13260,10061,com.android.soundrecorder,NULL,]
12-10 06:02:53.927 1507 1584 I ActivityManager: Start proc 13260:com.android.soundrecorder/u0a61 for null
12-10 06:02:53.952 1507 1909 I GameModeConfig: isGameModeOn = true
12-10 06:02:53.953 1507 1909 I GameModeConfig: isGaming = false
12-10 06:02:53.968 1507 11870 I am_proc_bound: [0,13260,com.android.soundrecorder]
12-10 06:02:53.969 1507 1909 I GameModeConfig: isGameModeOn = true
12-10 06:02:53.969 1507 1909 I GameModeConfig: isGaming = false
12-10 06:02:53.997 1507 1909 I GameModeConfig: isGameModeOn = true
12-10 06:02:53.997 1507 1909 I GameModeConfig: isGaming = false
12-10 06:02:54.019 1507 1909 I GameModeConfig: isGameModeOn = true
12-10 06:02:54.019 1507 1909 I GameModeConfig: isGaming = false
12-10 06:02:54.034 1507 1736 I input_interaction: Interaction with: 857ffa8 com.android.settings/com.android.settings.homepage.SettingsHomepageActivity (server), edge-swipe (server), swipe-up (server), PointerEventDispatcher0 (server),
12-10 06:02:54.036 1507 1909 I GameModeConfig: isGameModeOn = true
12-10 06:02:54.036 1507 1909 I GameModeConfig: isGaming = false
12-10 06:02:54.055 1507 1909 I GameModeConfig: isGameModeOn = true
12-10 06:02:54.055 1507 1909 I GameModeConfig: isGaming = false
12-10 06:02:54.155 0 0 I auditd : type=1400 audit(0.0:17212): avc: denied { kill } for comm="swapper/3" capability=5 scontext=u:r:kernel:s0 tcontext=u:r:kernel:s0 tclass=capability permissive=0
12-10 06:02:54.417 1507 1736 I input_interaction: Interaction with: edge-swipe (server), swipe-up (server), PointerEventDispatcher0 (server),
12-10 06:02:54.683 1507 1736 I input_interaction: Interaction with: 857ffa8 com.android.settings/com.android.settings.homepage.SettingsHomepageActivity (server), edge-swipe (server), swipe-up (server), PointerEventDispatcher0 (server),
12-10 06:02:55.741 12573 12573 I sysui_multi_action: [757,830,758,4,833,0,854,top_level_display,1089,0]
12-10 06:02:55.847 12573 12573 I sysui_multi_action: [757,39,758,2,1089,10223]
12-10 06:02:55.876 1507 11870 E UserRestrictionsUtils: Unknown restriction queried by uid 1000 (com.android.localtransport et al): null
12-10 06:02:55.877 1507 11870 E UserRestrictionsUtils: Unknown restriction queried by uid 1000 (com.android.localtransport et al): null
12-10 06:02:55.896 1507 1909 I GameModeConfig: isGameModeOn = true
12-10 06:02:55.897 1507 1909 I GameModeConfig: isGaming = false
12-10 06:02:55.899 12573 12573 I sysui_multi_action: [757,46,758,1,833,0,1089,40]
12-10 06:02:55.910 12573 12573 I sysui_multi_action: [757,1729,758,4,854,isParalleledControllers:false,1089,51]
12-10 06:02:55.933 1507 1909 I GameModeConfig: isGameModeOn = true
12-10 06:02:55.933 1507 1909 I GameModeConfig: isGaming = false
12-10 06:02:56.102 1507 1909 I GameModeConfig: isGameModeOn = true
12-10 06:02:56.102 1507 1909 I GameModeConfig: isGaming = false
12-10 06:02:56.139 1507 1909 I GameModeConfig: isGameModeOn = true
12-10 06:02:56.139 1507 1909 I GameModeConfig: isGaming = false
12-10 06:02:56.155 0 0 I auditd : type=1400 audit(0.0:17213): avc: denied { kill } for comm="swapper/3" capability=5 scontext=u:r:kernel:s0 tcontext=u:r:kernel:s0 tclass=capability permissive=0
12-10 06:02:56.858 1507 1909 I GameModeConfig: isGameModeOn = true
12-10 06:02:56.859 1507 1909 I GameModeConfig: isGaming = false
12-10 06:02:56.890 1507 1909 I GameModeConfig: isGameModeOn = true
12-10 06:02:56.891 1507 1909 I GameModeConfig: isGaming = false
12-10 06:02:56.911 1507 1909 I GameModeConfig: isGameModeOn = true
12-10 06:02:56.911 1507 1909 I GameModeConfig: isGaming = false
12-10 06:02:56.938 1507 1909 I GameModeConfig: isGameModeOn = true
12-10 06:02:56.938 1507 1909 I GameModeConfig: isGaming = false
12-10 06:02:56.965 1507 1909 I GameModeConfig: isGameModeOn = true
12-10 06:02:56.965 1507 1909 I GameModeConfig: isGaming = false
12-10 06:02:56.981 1507 1909 I GameModeConfig: isGameModeOn = true
12-10 06:02:56.982 1507 1909 I GameModeConfig: isGaming = false
12-10 06:02:56.998 1507 1909 I GameModeConfig: isGameModeOn = true
12-10 06:02:56.998 1507 1909 I GameModeConfig: isGaming = false
12-10 06:02:57.015 1507 1909 I GameModeConfig: isGameModeOn = true
12-10 06:02:57.015 1507 1909 I GameModeConfig: isGaming = false
12-10 06:02:57.032 1507 1909 I GameModeConfig: isGameModeOn = true
12-10 06:02:57.032 1507 1909 I GameModeConfig: isGaming = false
12-10 06:02:57.062 1507 1909 I GameModeConfig: isGameModeOn = true
12-10 06:02:57.062 1507 1909 I GameModeConfig: isGaming = false
12-10 06:02:57.094 1507 1909 I GameModeConfig: isGameModeOn = true
12-10 06:02:57.094 1507 1909 I GameModeConfig: isGaming = false
12-10 06:02:57.116 1507 1909 I GameModeConfig: isGameModeOn = true
12-10 06:02:57.116 1507 1909 I GameModeConfig: isGaming = false
12-10 06:02:57.145 1507 1909 I GameModeConfig: isGameModeOn = true
12-10 06:02:57.145 1507 1909 I GameModeConfig: isGaming = false
12-10 06:02:57.155 0 0 I auditd : type=1400 audit(0.0:17214): avc: denied { kill } for comm="swapper/3" capability=5 scontext=u:r:kernel:s0 tcontext=u:r:kernel:s0 tclass=capability permissive=0
12-10 06:02:57.169 1507 1909 I GameModeConfig: isGameModeOn = true
12-10 06:02:57.169 1507 1909 I GameModeConfig: isGaming = false
12-10 06:02:57.185 1507 1909 I GameModeConfig: isGameModeOn = true
12-10 06:02:57.185 1507 1909 I GameModeConfig: isGaming = false
12-10 06:02:57.202 1507 1909 I GameModeConfig: isGameModeOn = true
12-10 06:02:57.202 1507 1909 I GameModeConfig: isGaming = false
12-10 06:02:57.221 1507 1909 I GameModeConfig: isGameModeOn = true
12-10 06:02:57.221 1507 1909 I GameModeConfig: isGaming = false
12-10 06:02:57.237 1507 1909 I GameModeConfig: isGameModeOn = true
12-10 06:02:57.237 1507 1909 I GameModeConfig: isGaming = false
12-10 06:02:58.155 0 0 I auditd : type=1400 audit(0.0:17215): avc: denied { kill } for comm="swapper/3" capability=5 scontext=u:r:kernel:s0 tcontext=u:r:kernel:s0 tclass=capability permissive=0
12-10 06:02:58.421 1507 1736 I input_interaction: Interaction with: edge-swipe (server), swipe-up (server), PointerEventDispatcher0 (server),
12-10 06:02:58.724 1507 1736 I input_interaction: Interaction with: 857ffa8 com.android.settings/com.android.settings.homepage.SettingsHomepageActivity (server), edge-swipe (server), swipe-up (server), PointerEventDispatcher0 (server),
12-10 06:02:58.844 12573 12573 I sysui_multi_action: [757,830,758,4,833,0,854,night_display,1089,0]
12-10 06:02:58.848 12573 12573 I sysui_multi_action: [757,46,758,2,1089,2949]
12-10 06:02:58.861 1507 11870 E UserRestrictionsUtils: Unknown restriction queried by uid 1000 (com.android.localtransport et al): null
12-10 06:02:58.879 12573 12573 I sysui_multi_action: [757,488,758,1,833,0,1089,25]
12-10 06:02:58.881 12573 12573 I sysui_multi_action: [757,1729,758,4,854,isParalleledControllers:false,1089,27]
12-10 06:02:59.155 0 0 I auditd : type=1400 audit(0.0:17216): avc: denied { kill } for comm="swapper/3" capability=5 scontext=u:r:kernel:s0 tcontext=u:r:kernel:s0 tclass=capability permissive=0
12-10 06:03:00.155 0 0 I auditd : type=1400 audit(0.0:17217): avc: denied { kill } for comm="swapper/3" capability=5 scontext=u:r:kernel:s0 tcontext=u:r:kernel:s0 tclass=capability permissive=0
12-10 06:03:00.398 1507 1736 I input_interaction: Interaction with: edge-swipe (server), swipe-up (server), PointerEventDispatcher0 (server),
12-10 06:03:00.991 1507 1736 I input_interaction: Interaction with: 857ffa8 com.android.settings/com.android.settings.homepage.SettingsHomepageActivity (server), edge-swipe (server), swipe-up (server), PointerEventDispatcher0 (server),
12-10 06:03:01.179 1507 1909 I GameModeConfig: isGameModeOn = true
12-10 06:03:01.179 1507 1909 I GameModeConfig: isGaming = false
12-10 06:03:01.196 1507 1909 I GameModeConfig: isGameModeOn = true
12-10 06:03:01.196 1507 1909 I GameModeConfig: isGaming = false
12-10 06:03:01.213 1507 1909 I GameModeConfig: isGameModeOn = true
12-10 06:03:01.213 1507 1909 I GameModeConfig: isGaming = false
12-10 06:03:01.246 1507 1909 I GameModeConfig: isGameModeOn = true
12-10 06:03:01.246 1507 1909 I GameModeConfig: isGaming = false
12-10 06:03:01.365 1507 1909 I GameModeConfig: isGameModeOn = true
12-10 06:03:01.365 1507 1909 I GameModeConfig: isGaming = false
12-10 06:03:01.403 1507 1909 I GameModeConfig: isGameModeOn = true
12-10 06:03:01.403 1507 1909 I GameModeConfig: isGaming = false
12-10 06:03:01.421 1507 1909 I GameModeConfig: isGameModeOn = true
12-10 06:03:01.421 1507 1909 I GameModeConfig: isGaming = false
12-10 06:03:01.450 1507 1909 I GameModeConfig: isGameModeOn = true
12-10 06:03:01.450 1507 1909 I GameModeConfig: isGaming = false
12-10 06:03:02.110 1507 11870 I ColorDisplayService: Turning off night display
12-10 06:03:02.221 1507 1909 I GameModeConfig: isGameModeOn = true
12-10 06:03:02.221 1507 1909 I GameModeConfig: isGaming = false
12-10 06:03:02.258 1507 1909 I GameModeConfig: isGameModeOn = true
12-10 06:03:02.258 1507 1909 I GameModeConfig: isGaming = false
12-10 06:03:02.287 1507 1909 I GameModeConfig: isGameModeOn = true
12-10 06:03:02.288 1507 1909 I GameModeConfig: isGaming = false
12-10 06:03:02.321 1507 1710 I commit_sys_config_file: [settings-2-0,10]
12-10 06:03:02.429 1507 1909 I GameModeConfig: isGameModeOn = true
12-10 06:03:02.429 1507 1909 I GameModeConfig: isGaming = false
12-10 06:03:02.463 1507 1909 I GameModeConfig: isGameModeOn = true
12-10 06:03:02.464 1507 1909 I GameModeConfig: isGaming = false
12-10 06:03:02.492 1507 1909 I GameModeConfig: isGameModeOn = true
12-10 06:03:02.492 1507 1909 I GameModeConfig: isGaming = false
12-10 06:03:02.695 1507 1736 I input_interaction: Interaction with: edge-swipe (server), swipe-up (server), PointerEventDispatcher0 (server),
12-10 06:03:03.117 1507 1909 I GameModeConfig: isGameModeOn = true
12-10 06:03:03.117 1507 1909 I GameModeConfig: isGaming = false
12-10 06:03:03.155 0 0 I auditd : type=1400 audit(0.0:17218): avc: denied { kill } for comm="swapper/3" capability=5 scontext=u:r:kernel:s0 tcontext=u:r:kernel:s0 tclass=capability permissive=0
12-10 06:03:03.165 1507 1909 I GameModeConfig: isGameModeOn = true
12-10 06:03:03.165 1507 1909 I GameModeConfig: isGaming = false
12-10 06:03:03.175 1507 1909 I GameModeConfig: isGameModeOn = true
12-10 06:03:03.175 1507 1909 I GameModeConfig: isGaming = false
12-10 06:03:03.188 1507 1909 I GameModeConfig: isGameModeOn = true
12-10 06:03:03.188 1507 1909 I GameModeConfig: isGaming = false
12-10 06:03:03.202 1507 1909 I GameModeConfig: isGameModeOn = true
12-10 06:03:03.202 1507 1909 I GameModeConfig: isGaming = false
12-10 06:03:03.214 1507 1909 I GameModeConfig: isGameModeOn = true
12-10 06:03:03.214 1507 1909 I GameModeConfig: isGaming = false
12-10 06:03:03.229 1507 1909 I GameModeConfig: isGameModeOn = true
12-10 06:03:03.229 1507 1909 I GameModeConfig: isGaming = false
12-10 06:03:03.268 1507 1909 I GameModeConfig: isGameModeOn = true
12-10 06:03:03.268 1507 1909 I GameModeConfig: isGaming = false
12-10 06:03:03.319 1507 1909 I GameModeConfig: isGameModeOn = true
12-10 06:03:03.319 1507 1909 I GameModeConfig: isGaming = false
12-10 06:03:03.365 1507 1909 I GameModeConfig: isGameModeOn = true
12-10 06:03:03.365 1507 1909 I GameModeConfig: isGaming = false
12-10 06:03:03.379 1507 1909 I GameModeConfig: isGameModeOn = true
12-10 06:03:03.380 1507 1909 I GameModeConfig: isGaming = false
12-10 06:03:03.392 1507 1909 I GameModeConfig: isGameModeOn = true
12-10 06:03:03.392 1507 1909 I GameModeConfig: isGaming = false
12-10 06:03:03.410 1507 1909 I GameModeConfig: isGameModeOn = true
12-10 06:03:03.410 1507 1909 I GameModeConfig: isGaming = false
12-10 06:03:03.417 1507 1909 I GameModeConfig: isGameModeOn = true
12-10 06:03:03.417 1507 1909 I GameModeConfig: isGaming = false
12-10 06:03:03.435 1507 1909 I GameModeConfig: isGameModeOn = true
12-10 06:03:03.435 1507 1909 I GameModeConfig: isGaming = false
12-10 06:03:03.484 1507 1909 I GameModeConfig: isGameModeOn = true
12-10 06:03:03.484 1507 1909 I GameModeConfig: isGaming = false
12-10 06:03:04.155 0 0 I auditd : type=1400 audit(0.0:17219): avc: denied { kill } for comm="swapper/3" capability=5 scontext=u:r:kernel:s0 tcontext=u:r:kernel:s0 tclass=capability permissive=0
12-10 06:03:05.138 1507 1568 D ColorDisplayService: NightDisplayTintController Animation cancelled: false to matrix:
12-10 06:03:05.138 1507 1568 D ColorDisplayService: 1.000000 0.000000 0.000000 0.000000 0.000000 1.000000 0.000000 0.000000 0.000000 0.000000 1.000000 0.000000 0.000000 0.000000 0.000000 1.000000 min matrix coefficients:
12-10 06:03:05.138 1507 1568 D ColorDisplayService: 1.000000 0.000000 0.000000 0.000000 0.000000 0.723234 0.000000 0.000000 0.000000 0.000000 0.458798 0.000000 0.000000 0.000000 0.000000 1.000000 max matrix coefficients:
12-10 06:03:05.138 1507 1568 D ColorDisplayService: 1.000000 0.000000 0.000000 0.000000 0.000000 1.000000 0.000000 0.000000 0.000000 0.000000 1.000000 0.000000 0.000000 0.000000 0.000000 1.000000
12-10 06:03:05.155 0 0 I auditd : type=1400 audit(0.0:17220): avc: denied { kill } for comm="swapper/3" capability=5 scontext=u:r:kernel:s0 tcontext=u:r:kernel:s0 tclass=capability permissive=0
12-10 06:03:05.714 1507 1736 I input_interaction: Interaction with: 857ffa8 com.android.settings/com.android.settings.homepage.SettingsHomepageActivity (server), edge-swipe (server), swipe-up (server), PointerEventDispatcher0 (server),
12-10 06:03:05.835 1507 11870 I ColorDisplayService: Turning on night display
12-10 06:03:06.030 1507 1736 I input_interaction: Interaction with: edge-swipe (server), swipe-up (server), PointerEventDispatcher0 (server),
12-10 06:03:06.041 1507 1710 I commit_sys_config_file: [settings-2-0,6]
12-10 06:03:06.155 0 0 I auditd : type=1400 audit(0.0:17221): avc: denied { kill } for comm="swapper/3" capability=5 scontext=u:r:kernel:s0 tcontext=u:r:kernel:s0 tclass=capability permissive=0
12-10 06:03:07.155 0 0 I auditd : type=1400 audit(0.0:17222): avc: denied { kill } for comm="swapper/3" capability=5 scontext=u:r:kernel:s0 tcontext=u:r:kernel:s0 tclass=capability permissive=0
12-10 06:03:08.065 1507 1736 I input_interaction: Interaction with: 857ffa8 com.android.settings/com.android.settings.homepage.SettingsHomepageActivity (server), edge-swipe (server), swipe-up (server), PointerEventDispatcher0 (server),
12-10 06:03:08.155 0 0 I auditd : type=1400 audit(0.0:17223): avc: denied { kill } for comm="swapper/3" capability=5 scontext=u:r:kernel:s0 tcontext=u:r:kernel:s0 tclass=capability permissive=0
12-10 06:03:08.866 1507 1568 D ColorDisplayService: NightDisplayTintController Animation cancelled: false to matrix:
12-10 06:03:08.866 1507 1568 D ColorDisplayService: 1.000000 0.000000 0.000000 0.000000 0.000000 0.723234 0.000000 0.000000 0.000000 0.000000 0.458798 0.000000 0.000000 0.000000 0.000000 1.000000 min matrix coefficients:
12-10 06:03:08.866 1507 1568 D ColorDisplayService: 1.000000 0.000000 0.000000 0.000000 0.000000 0.723234 0.000000 0.000000 0.000000 0.000000 0.458798 0.000000 0.000000 0.000000 0.000000 1.000000 max matrix coefficients:
12-10 06:03:08.866 1507 1568 D ColorDisplayService: 1.000000 0.000000 0.000000 0.000000 0.000000 1.000000 0.000000 0.000000 0.000000 0.000000 1.000000 0.000000 0.000000 0.000000 0.000000 1.000000
12-10 06:03:10.155 0 0 I auditd : type=1400 audit(0.0:17224): avc: denied { kill } for comm="swapper/2" capability=5 scontext=u:r:kernel:s0 tcontext=u:r:kernel:s0 tclass=capability permissive=0
12-10 06:03:11.155 0 0 I auditd : type=1400 audit(0.0:17225): avc: denied { kill } for comm="swapper/2" capability=5 scontext=u:r:kernel:s0 tcontext=u:r:kernel:s0 tclass=capability permissive=0
12-10 06:03:12.155 0 0 I auditd : type=1400 audit(0.0:17226): avc: denied { kill } for comm="swapper/2" capability=5 scontext=u:r:kernel:s0 tcontext=u:r:kernel:s0 tclass=capability permissive=0
12-10 06:03:12.952 1507 1710 I commit_sys_config_file: [settings-2-0,5]
12-10 06:03:13.155 0 0 I auditd : type=1400 audit(0.0:17227): avc: denied { kill } for comm="swapper/2" capability=5 scontext=u:r:kernel:s0 tcontext=u:r:kernel:s0 tclass=capability permissive=0
12-10 06:03:13.167 1507 1710 I commit_sys_config_file: [settings-2-0,5]
12-10 06:03:13.717 1507 1710 I commit_sys_config_file: [settings-2-0,4]
12-10 06:03:13.936 1507 1710 I commit_sys_config_file: [settings-2-0,6]
12-10 06:03:14.155 0 0 I auditd : type=1400 audit(0.0:17228): avc: denied { kill } for comm="swapper/2" capability=5 scontext=u:r:kernel:s0 tcontext=u:r:kernel:s0 tclass=capability permissive=0
12-10 06:03:15.155 0 0 I auditd : type=1400 audit(0.0:17229): avc: denied { kill } for comm="swapper/2" capability=5 scontext=u:r:kernel:s0 tcontext=u:r:kernel:s0 tclass=capability permissive=0
12-10 06:03:15.393 1507 1710 I commit_sys_config_file: [settings-2-0,9]
12-10 06:03:15.608 1507 1710 I commit_sys_config_file: [settings-2-0,4]
12-10 06:03:16.155 0 0 I auditd : type=1400 audit(0.0:17230): avc: denied { kill } for comm="swapper/2" capability=5 scontext=u:r:kernel:s0 tcontext=u:r:kernel:s0 tclass=capability permissive=0
12-10 06:03:16.465 1507 1710 I commit_sys_config_file: [settings-2-0,4]
12-10 06:03:16.675 1507 1710 I commit_sys_config_file: [settings-2-0,5]
12-10 06:03:16.897 1507 1710 I commit_sys_config_file: [settings-2-0,9]
12-10 06:03:17.112 1507 1710 I commit_sys_config_file: [settings-2-0,7]
12-10 06:03:17.327 1507 1710 I commit_sys_config_file: [settings-2-0,6]
12-10 06:03:17.548 1507 1710 I commit_sys_config_file: [settings-2-0,9]
12-10 06:03:18.155 0 0 I auditd : type=1400 audit(0.0:17231): avc: denied { kill } for comm="swapper/2" capability=5 scontext=u:r:kernel:s0 tcontext=u:r:kernel:s0 tclass=capability permissive=0
12-10 06:03:20.155 0 0 I auditd : type=1400 audit(0.0:17232): avc: denied { kill } for comm="swapper/2" capability=5 scontext=u:r:kernel:s0 tcontext=u:r:kernel:s0 tclass=capability permissive=0
12-10 06:03:21.155 0 0 I auditd : type=1400 audit(0.0:17233): avc: denied { kill } for comm="swapper/2" capability=5 scontext=u:r:kernel:s0 tcontext=u:r:kernel:s0 tclass=capability permissive=0
12-10 06:03:22.155 0 0 I auditd : type=1400 audit(0.0:17234): avc: denied { kill } for comm="swapper/2" capability=5 scontext=u:r:kernel:s0 tcontext=u:r:kernel:s0 tclass=capability permissive=0
12-10 06:03:23.155 0 0 I auditd : type=1400 audit(0.0:17235): avc: denied { kill } for comm="swapper/2" capability=5 scontext=u:r:kernel:s0 tcontext=u:r:kernel:s0 tclass=capability permissive=0
12-10 06:03:24.155 0 0 I auditd : type=1400 audit(0.0:17236): avc: denied { kill } for comm="swapper/2" capability=5 scontext=u:r:kernel:s0 tcontext=u:r:kernel:s0 tclass=capability permissive=0
12-10 06:03:25.155 0 0 I auditd : type=1400 audit(0.0:17237): avc: denied { kill } for comm="swapper/2" capability=5 scontext=u:r:kernel:s0 tcontext=u:r:kernel:s0 tclass=capability permissive=0
12-10 06:03:26.155 0 0 I auditd : type=1400 audit(0.0:17238): avc: denied { kill } for comm="swapper/2" capability=5 scontext=u:r:kernel:s0 tcontext=u:r:kernel:s0 tclass=capability permissive=0
12-10 06:03:27.155 0 0 I auditd : type=1400 audit(0.0:17239): avc: denied { kill } for comm="swapper/2" capability=5 scontext=u:r:kernel:s0 tcontext=u:r:kernel:s0 tclass=capability permissive=0
12-10 06:03:29.155 0 0 I auditd : type=1400 audit(0.0:17240): avc: denied { kill } for comm="swapper/2" capability=5 scontext=u:r:kernel:s0 tcontext=u:r:kernel:s0 tclass=capability permissive=0
12-10 06:03:30.155 0 0 I auditd : type=1400 audit(0.0:17241): avc: denied { kill } for comm="swapper/2" capability=5 scontext=u:r:kernel:s0 tcontext=u:r:kernel:s0 tclass=capability permissive=0
12-10 06:03:31.155 0 0 I auditd : type=1400 audit(0.0:17242): avc: denied { kill } for comm="swapper/2" capability=5 scontext=u:r:kernel:s0 tcontext=u:r:kernel:s0 tclass=capability permissive=0
12-10 06:03:32.155 0 0 I auditd : type=1400 audit(0.0:17243): avc: denied { kill } for comm="swapper/2" capability=5 scontext=u:r:kernel:s0 tcontext=u:r:kernel:s0 tclass=capability permissive=0
12-10 06:03:32.779 1507 1583 I am_uid_idle: 10094
12-10 06:03:33.155 0 0 I auditd : type=1400 audit(0.0:17244): avc: denied { kill } for comm="swapper/2" capability=5 scontext=u:r:kernel:s0 tcontext=u:r:kernel:s0 tclass=capability permissive=0
12-10 06:03:34.155 0 0 I auditd : type=1400 audit(0.0:17245): avc: denied { kill } for comm="swapper/2" capability=5 scontext=u:r:kernel:s0 tcontext=u:r:kernel:s0 tclass=capability permissive=0
12-10 06:03:35.155 0 0 I auditd : type=1400 audit(0.0:17246): avc: denied { kill } for comm="swapper/2" capability=5 scontext=u:r:kernel:s0 tcontext=u:r:kernel:s0 tclass=capability permissive=0
12-10 06:03:36.155 0 0 I auditd : type=1400 audit(0.0:17247): avc: denied { kill } for comm="swapper/2" capability=5 scontext=u:r:kernel:s0 tcontext=u:r:kernel:s0 tclass=capability permissive=0
12-10 06:03:37.155 0 0 I auditd : type=1400 audit(0.0:17248): avc: denied { kill } for comm="swapper/2" capability=5 scontext=u:r:kernel:s0 tcontext=u:r:kernel:s0 tclass=capability permissive=0
12-10 06:03:38.155 0 0 I auditd : type=1400 audit(0.0:17249): avc: denied { kill } for comm="swapper/2" capability=5 scontext=u:r:kernel:s0 tcontext=u:r:kernel:s0 tclass=capability permissive=0
12-10 06:03:38.734 1507 6850 I ColorDisplayService: Turning off night display
12-10 06:03:38.940 1507 1710 I commit_sys_config_file: [settings-2-0,5]
12-10 06:03:39.875 1507 5826 I ColorDisplayService: Turning on night display
12-10 06:03:39.896 1507 1568 D ColorDisplayService: NightDisplayTintController Animation cancelled: true to matrix:
12-10 06:03:39.896 1507 1568 D ColorDisplayService: 1.000000 0.000000 0.000000 0.000000 0.000000 1.000000 0.000000 0.000000 0.000000 0.000000 1.000000 0.000000 0.000000 0.000000 0.000000 1.000000 min matrix coefficients:
12-10 06:03:39.896 1507 1568 D ColorDisplayService: 1.000000 0.000000 0.000000 0.000000 0.000000 0.727035 0.000000 0.000000 0.000000 0.000000 0.466324 0.000000 0.000000 0.000000 0.000000 1.000000 max matrix coefficients:
12-10 06:03:39.896 1507 1568 D ColorDisplayService: 1.000000 0.000000 0.000000 0.000000 0.000000 0.878281 0.000000 0.000000 0.000000 0.000000 0.762026 0.000000 0.000000 0.000000 0.000000 1.000000
12-10 06:03:40.080 1507 1710 I commit_sys_config_file: [settings-2-0,4]
12-10 06:03:41.155 0 0 I auditd : type=1400 audit(0.0:17250): avc: denied { kill } for comm="swapper/2" capability=5 scontext=u:r:kernel:s0 tcontext=u:r:kernel:s0 tclass=capability permissive=0
12-10 06:03:41.699 1507 1507 I service_manager_stats: [100,63,53151]
12-10 06:03:42.155 0 0 I auditd : type=1400 audit(0.0:17251): avc: denied { kill } for comm="swapper/2" capability=5 scontext=u:r:kernel:s0 tcontext=u:r:kernel:s0 tclass=capability permissive=0
12-10 06:03:42.784 1507 6850 I wm_task_moved: [26,0,0]
12-10 06:03:42.785 1507 6850 I wm_task_moved: [26,0,7]
12-10 06:03:42.812 12573 12573 I view_enqueue_input_event: [Motion - Cancel,com.android.settings/com.android.settings.homepage.SettingsHomepageActivity]
12-10 06:03:42.816 1507 1736 I input_interaction: Interaction with: edge-swipe (server), swipe-up (server), PointerEventDispatcher0 (server),
12-10 06:03:42.818 1507 1569 I input_focus: [Focus request recents_animation_input_consumer,reason=UpdateInputWindows]
12-10 06:03:42.829 2526 2526 I wm_on_restart_called: [142082565,com.android.launcher3.uioverrides.QuickstepLauncher,performRestartActivity]
12-10 06:03:42.833 8492 8527 W ContextImpl: Calling a method in the system process without a qualified user: android.app.ContextImpl.startService:1816 android.content.ContextWrapper.startService:774 com.thundercomm.gamemode.ingame.services.GameModeActionUtils.startGameModeService:99 com.thundercomm.gamemode.ingame.services.GameModeActionUtils.startGameModeEntry:22 com.thundercomm.gamemode.ingame.services.ActivityMonitoringService$1.onActivityLaunch:127
12-10 06:03:42.835 1507 1736 I input_focus: [Focus leaving 857ffa8 com.android.settings/com.android.settings.homepage.SettingsHomepageActivity (server),reason=NOT_FOCUSABLE]
12-10 06:03:42.835 1507 1736 I input_focus: [Focus entering recents_animation_input_consumer (server),reason=setFocusedWindow]
12-10 06:03:42.841 1507 1507 I GameModeConfig: Current uri is uri = content://com.thundercomm.gamemode.api/gamemode_settings/gamemode_isgaming
12-10 06:03:42.845 1507 1507 I GameModeConfig: isGameModeOn = true
12-10 06:03:42.845 1507 1507 I GameModeConfig: isGaming = false
12-10 06:03:42.846 1507 1507 I GameModeConfig: isGameModeOn = true
12-10 06:03:42.846 1507 1507 I GameModeConfig: isGaming = false
12-10 06:03:42.846 1507 1507 I GameModeConfig: isDisableVoice = true
12-10 06:03:42.865 2526 2526 I wm_on_start_called: [142082565,com.android.launcher3.uioverrides.QuickstepLauncher,handleStartActivity]
12-10 06:03:42.874 1507 6848 W ActivityTaskManager: getTaskSnapshot: taskId=3110 not found
12-10 06:03:42.880 1507 5826 W ActivityTaskManager: getTaskSnapshot: taskId=3110 not found
12-10 06:03:42.880 1507 5826 W ActivityTaskManager: getTaskSnapshot: taskId=2110 not found
12-10 06:03:42.880 1507 5826 W ActivityTaskManager: getTaskSnapshot: taskId=1110 not found
12-10 06:03:42.881 2526 2526 I sysui_latency: [1,121]
12-10 06:03:42.898 1507 1564 I sysui_multi_action: [319,21,322,103,325,15871,757,761,758,9,759,5,806,com.android.launcher3,871,com.android.launcher3.uioverrides.QuickstepLauncher,904,com.android.launcher3,905,0,1320,8,1321,5]
12-10 06:03:42.903 1507 1568 D ColorDisplayService: NightDisplayTintController Animation cancelled: false to matrix:
12-10 06:03:42.903 1507 1568 D ColorDisplayService: 1.000000 0.000000 0.000000 0.000000 0.000000 0.727035 0.000000 0.000000 0.000000 0.000000 0.466324 0.000000 0.000000 0.000000 0.000000 1.000000 min matrix coefficients:
12-10 06:03:42.903 1507 1568 D ColorDisplayService: 1.000000 0.000000 0.000000 0.000000 0.000000 0.727035 0.000000 0.000000 0.000000 0.000000 0.466324 0.000000 0.000000 0.000000 0.000000 1.000000 max matrix coefficients:
12-10 06:03:42.903 1507 1568 D ColorDisplayService: 1.000000 0.000000 0.000000 0.000000 0.000000 0.878281 0.000000 0.000000 0.000000 0.000000 0.762026 0.000000 0.000000 0.000000 0.000000 1.000000
12-10 06:03:42.912 1507 5826 W ActivityTaskManager: getTaskSnapshot: taskId=1110 not found
12-10 06:03:42.912 1507 5859 W ActivityTaskManager: getTaskSnapshot: taskId=2110 not found
12-10 06:03:42.912 1507 5859 W ActivityTaskManager: getTaskSnapshot: taskId=3110 not found
12-10 06:03:43.067 1507 1710 I commit_sys_config_file: [settings-1-0,4]
12-10 06:03:43.188 1507 1581 I sysui_latency: [8,122]
12-10 06:03:43.596 1507 5826 I wm_task_moved: [26,1,8]
12-10 06:03:43.596 1507 5826 I wm_task_moved: [27,1,2147483647]
12-10 06:03:43.596 1507 5826 I wm_task_to_front: [0,27]
12-10 06:03:43.597 1507 5826 I wm_focused_root_task: [0,0,26,111,RecentsAnimation.onAnimationFinished()]
12-10 06:03:43.597 12573 12573 I wm_on_top_resumed_lost_called: [77725580,com.android.settings.homepage.SettingsHomepageActivity,topStateChangedWhenResumed]
12-10 06:03:43.597 1507 5826 I wm_set_resumed_activity: [0,com.android.launcher3/.uioverrides.QuickstepLauncher,RecentsAnimation.onAnimationFinished()]
12-10 06:03:43.598 1507 5826 I wm_pause_activity: [0,77725580,com.android.settings/.homepage.SettingsHomepageActivity,userLeaving=true,pauseBackTasks]
12-10 06:03:43.602 1507 5826 I wm_add_to_stopping: [0,77725580,com.android.settings/.homepage.SettingsHomepageActivity,makeInvisible]
12-10 06:03:43.602 1507 5826 I ActivityTaskManager: FOREGROUND_APPLICATION_CHANGED to com.android.launcher3.uioverrides.QuickstepLauncher
12-10 06:03:43.602 1507 5826 I wm_set_resumed_activity: [0,com.android.launcher3/.uioverrides.QuickstepLauncher,resumeTopActivityInnerLocked]
12-10 06:03:43.607 1507 5826 I wm_resume_activity: [0,142082565,27,com.android.launcher3/.uioverrides.QuickstepLauncher]
12-10 06:03:43.612 2526 2526 I wm_on_resume_called: [142082565,com.android.launcher3.uioverrides.QuickstepLauncher,RESUME_ACTIVITY]
12-10 06:03:43.617 1507 1569 I input_focus: [Focus request 2cb1f5d com.android.launcher3/com.android.launcher3.uioverrides.QuickstepLauncher,reason=UpdateInputWindows]
12-10 06:03:43.619 12573 12573 I sysui_multi_action: [757,35,758,2,1089,58260]
12-10 06:03:43.620 12573 12573 I sysui_multi_action: [757,488,758,2,1089,44741]
12-10 06:03:43.620 12573 12573 I wm_on_paused_called: [77725580,com.android.settings.homepage.SettingsHomepageActivity,performPause]
12-10 06:03:43.620 1507 1736 I input_focus: [Focus leaving recents_animation_input_consumer (server),reason=NOT_VISIBLE]
12-10 06:03:43.623 1507 5859 I wm_stop_activity: [0,77725580,com.android.settings/.homepage.SettingsHomepageActivity]
12-10 06:03:43.624 2526 2526 I wm_on_top_resumed_gained_called: [142082565,com.android.launcher3.uioverrides.QuickstepLauncher,topStateChangedWhenResumed]
12-10 06:03:43.629 1507 1568 I sysui_multi_action: [757,803,799,window_time_0,802,58]
12-10 06:03:43.630 1507 1568 I sysui_multi_action: [757,803,799,window_time_0,802,0]
12-10 06:03:43.638 1507 1736 I input_focus: [Focus entering 2cb1f5d com.android.launcher3/com.android.launcher3.uioverrides.QuickstepLauncher (server),reason=setFocusedWindow]
12-10 06:03:43.642 1507 1581 I am_pss : [13260,10061,com.android.soundrecorder,5774336,3989504,0,88961024,0,19,6]
12-10 06:03:43.657 12573 12573 I wm_on_stop_called: [77725580,com.android.settings.homepage.SettingsHomepageActivity,STOP_ACTIVITY_ITEM]
12-10 06:03:43.687 8492 8527 W ContextImpl: Calling a method in the system process without a qualified user: android.app.ContextImpl.startService:1816 android.content.ContextWrapper.startService:774 com.thundercomm.gamemode.ingame.services.GameModeActionUtils.startGameModeService:99 com.thundercomm.gamemode.ingame.services.GameModeActionUtils.startGameModeEntry:22 com.thundercomm.gamemode.ingame.services.ActivityMonitoringService$1.onActivityLaunch:127
12-10 06:03:43.691 1507 1507 I GameModeConfig: Current uri is uri = content://com.thundercomm.gamemode.api/gamemode_settings/gamemode_isgaming
12-10 06:03:43.693 1507 1507 I GameModeConfig: isGameModeOn = true
12-10 06:03:43.693 1507 1507 I GameModeConfig: isGaming = false
12-10 06:03:43.693 1507 1507 I GameModeConfig: isGameModeOn = true
12-10 06:03:43.693 1507 1507 I GameModeConfig: isGaming = false
12-10 06:03:43.693 1507 1507 I GameModeConfig: isDisableVoice = true
12-10 06:03:43.723 8492 8527 W ContextImpl: Calling a method in the system process without a qualified user: android.app.ContextImpl.startService:1816 android.content.ContextWrapper.startService:774 com.thundercomm.gamemode.ingame.services.GameModeActionUtils.startGameModeService:99 com.thundercomm.gamemode.ingame.services.GameModeActionUtils.startGameModeEntry:22 com.thundercomm.gamemode.ingame.services.ActivityMonitoringService$1.onActivityLaunch:127
12-10 06:03:43.726 1507 1507 I GameModeConfig: Current uri is uri = content://com.thundercomm.gamemode.api/gamemode_settings/gamemode_isgaming
12-10 06:03:43.727 1507 1507 I GameModeConfig: isGameModeOn = true
12-10 06:03:43.728 1507 1507 I GameModeConfig: isGaming = false
12-10 06:03:43.728 1507 1507 I GameModeConfig: isGameModeOn = true
12-10 06:03:43.728 1507 1507 I GameModeConfig: isGaming = false
12-10 06:03:43.728 1507 1507 I GameModeConfig: isDisableVoice = true
12-10 06:03:44.155 0 0 I auditd : type=1400 audit(0.0:17252): avc: denied { kill } for comm="swapper/1" capability=5 scontext=u:r:kernel:s0 tcontext=u:r:kernel:s0 tclass=capability permissive=0
12-10 06:03:44.334 1507 1736 I input_interaction: Interaction with: 2cb1f5d com.android.launcher3/com.android.launcher3.uioverrides.QuickstepLauncher (server), 5478378 com.android.systemui.ImageWallpaper (server), edge-swipe (server), swipe-up (server), PointerEventDispatcher0 (server),
12-10 06:03:45.155 0 0 I auditd : type=1400 audit(0.0:17253): avc: denied { kill } for comm="swapper/1" capability=5 scontext=u:r:kernel:s0 tcontext=u:r:kernel:s0 tclass=capability permissive=0
12-10 06:03:45.878 1507 6850 I ActivityTaskManager: START u0 {flg=0x10008000 cmp=com.android.soundrecorder/.SoundRecorder} from uid 10079
12-10 06:03:45.889 1507 6850 I wm_task_created: [113,-1]
12-10 06:03:45.889 1507 6850 W ActivityTaskManager: Can't find TaskDisplayArea to determine support for multi window. Task id=113 attached=false
12-10 06:03:45.892 1507 6850 D FreeFormWindowHelper: Add freeform task=Task{1f838b1 #113 type=standard ?? U=0 visible=false mode=freeform translucent=true sz=0}
12-10 06:03:45.898 1507 6850 D CompatibilityChangeReporter: Compat change id reported: 174042980; UID 10061; state: DISABLED
12-10 06:03:45.899 1507 6850 D CompatibilityChangeReporter: Compat change id reported: 184838306; UID 10061; state: DISABLED
12-10 06:03:45.900 1507 6850 D CompatibilityChangeReporter: Compat change id reported: 185004937; UID 10061; state: DISABLED
12-10 06:03:45.901 1507 6850 D CompatibilityChangeReporter: Compat change id reported: 181136395; UID 10061; state: DISABLED
