12-10 06:06:10.430 1507 8474 W ActivityTaskManager: Tried to set launchTime (0) < mLastActivityLaunchTime (16006651)
12-10 06:06:10.432 1507 8474 I wm_restart_activity: [0,30783056,125,com.android.music/.VideoBrowserActivity]
12-10 06:06:10.434 1507 8474 I wm_set_resumed_activity: [0,com.android.music/.VideoBrowserActivity,minimalResumeActivityLocked]
12-10 06:06:10.444 2526 2526 I wm_on_top_resumed_lost_called: [142082565,com.android.launcher3.uioverrides.QuickstepLauncher,topStateChangedWhenResumed]
12-10 06:06:10.460 8492 8527 W ContextImpl: Calling a method in the system process without a qualified user: android.app.ContextImpl.startService:1816 android.content.ContextWrapper.startService:774 com.thundercomm.gamemode.ingame.services.GameModeActionUtils.startGameModeService:99 com.thundercomm.gamemode.ingame.services.GameModeActionUtils.startGameModeEntry:22 com.thundercomm.gamemode.ingame.services.ActivityMonitoringService$1.onActivityLaunch:127
12-10 06:06:10.464 1507 1507 I GameModeConfig: Current uri is uri = content://com.thundercomm.gamemode.api/gamemode_settings/gamemode_isgaming
12-10 06:06:10.467 1507 1507 I GameModeConfig: isGameModeOn = true
12-10 06:06:10.467 1507 1507 I GameModeConfig: isGaming = false
12-10 06:06:10.467 1507 1507 I GameModeConfig: isGameModeOn = true
12-10 06:06:10.467 1507 1507 I GameModeConfig: isGaming = false
12-10 06:06:10.467 1507 1507 I GameModeConfig: isDisableVoice = true
12-10 06:06:10.492 12253 12253 I wm_on_create_called: [30783056,com.android.music.VideoBrowserActivity,performCreate]
12-10 06:06:10.493 12253 12253 I wm_on_start_called: [30783056,com.android.music.VideoBrowserActivity,handleStartActivity]
12-10 06:06:10.494 12253 12253 I wm_on_resume_called: [30783056,com.android.music.VideoBrowserActivity,RESUME_ACTIVITY]
12-10 06:06:10.496 12253 12253 I wm_on_top_resumed_gained_called: [30783056,com.android.music.VideoBrowserActivity,topStateChangedWhenResumed]
12-10 06:06:10.498 1507 1965 W WindowManager: updateScale0.7996942
12-10 06:06:10.503 1507 1569 I input_focus: [Focus request 12d8805 com.android.music/com.android.music.VideoBrowserActivity,reason=UpdateInputWindows]
12-10 06:06:10.513 1507 1569 W WindowManager: updateScale0.7996942
12-10 06:06:10.516 1507 1569 W WindowManager: updateScale0.7996942
12-10 06:06:10.516 1507 1569 W WindowManager: updateScale0.7996942
12-10 06:06:10.521 1507 1564 I sysui_multi_action: [319,103,322,103,325,16019,757,761,758,8,759,2,806,com.android.music,871,com.android.music.VideoBrowserActivity,904,com.android.launcher3,905,0,1320,8,1321,5]
12-10 06:06:10.524 1507 1736 I input_focus: [Focus leaving 2cb1f5d com.android.launcher3/com.android.launcher3.uioverrides.QuickstepLauncher (server),reason=setFocusedWindow]
12-10 06:06:10.524 1507 1736 I input_focus: [Focus entering 12d8805 com.android.music/com.android.music.VideoBrowserActivity (server),reason=setFocusedWindow]
12-10 06:06:10.525 1507 1564 I wm_activity_launch_time: [0,30783056,com.android.music/.VideoBrowserActivity,103]
12-10 06:06:10.792 1507 1569 W WindowManager: updateScale0.7996942
12-10 06:06:11.155 0 0 I auditd : type=1400 audit(0.0:17376): avc: denied { kill } for comm="swapper/3" capability=5 scontext=u:r:kernel:s0 tcontext=u:r:kernel:s0 tclass=capability permissive=0
12-10 06:06:12.155 0 0 I auditd : type=1400 audit(0.0:17377): avc: denied { kill } for comm="swapper/3" capability=5 scontext=u:r:kernel:s0 tcontext=u:r:kernel:s0 tclass=capability permissive=0
12-10 06:06:12.263 1507 1736 I input_interaction: Interaction with: 12d8805 com.android.music/com.android.music.VideoBrowserActivity (server), edge-swipe (server), swipe-up (server), PointerEventDispatcher0 (server),
12-10 06:06:12.271 1507 6251 W WindowManager: updateScale0.7996942
12-10 06:06:12.286 1507 1569 W WindowManager: updateScale0.7996942
12-10 06:06:12.443 1507 7192 I wm_relaunch_resume_activity: [0,30783056,125,com.android.music/.VideoBrowserActivity]
12-10 06:06:12.444 1507 7192 I wm_add_to_stopping: [0,142082565,com.android.launcher3/.uioverrides.QuickstepLauncher,makeInvisible]
12-10 06:06:12.447 1507 7192 D FreeFormWindowHelper: Remove freefrom task=Task{3f40413 #125 type=standard A=10090:android.task.video U=0 visible=true mode=fullscreen translucent=false sz=1}
12-10 06:06:12.454 12253 12253 I wm_on_top_resumed_lost_called: [30783056,com.android.music.VideoBrowserActivity,pausing]
12-10 06:06:12.454 12253 12253 I wm_on_paused_called: [30783056,com.android.music.VideoBrowserActivity,performPause]
12-10 06:06:12.454 12253 12253 I wm_on_stop_called: [30783056,com.android.music.VideoBrowserActivity,handleRelaunchActivity]
12-10 06:06:12.457 12253 12253 I wm_on_destroy_called: [30783056,com.android.music.VideoBrowserActivity,performDestroy]
12-10 06:06:12.460 1507 7192 W WindowManager: Attempted to set replacing window on app token with no content Token{6be7fe4 ActivityRecord{1d5b650 u0 com.android.music/.VideoBrowserActivity t125}}
12-10 06:06:12.486 8492 8527 W ContextImpl: Calling a method in the system process without a qualified user: android.app.ContextImpl.startService:1816 android.content.ContextWrapper.startService:774 com.thundercomm.gamemode.ingame.services.GameModeActionUtils.startGameModeService:99 com.thundercomm.gamemode.ingame.services.GameModeActionUtils.startGameModeEntry:22 com.thundercomm.gamemode.ingame.services.ActivityMonitoringService$1.onActivityLaunch:127
12-10 06:06:12.491 1507 1507 I GameModeConfig: Current uri is uri = content://com.thundercomm.gamemode.api/gamemode_settings/gamemode_isgaming
12-10 06:06:12.494 1507 1507 I GameModeConfig: isGameModeOn = true
12-10 06:06:12.494 1507 1507 I GameModeConfig: isGaming = false
12-10 06:06:12.494 1507 1507 I GameModeConfig: isGameModeOn = true
12-10 06:06:12.494 1507 1507 I GameModeConfig: isGaming = false
12-10 06:06:12.494 1507 1507 I GameModeConfig: isDisableVoice = true
12-10 06:06:12.510 12253 12253 I wm_on_create_called: [30783056,com.android.music.VideoBrowserActivity,performCreate]
12-10 06:06:12.511 12253 12253 I wm_on_start_called: [30783056,com.android.music.VideoBrowserActivity,handleStartActivity]
12-10 06:06:12.513 12253 12253 I wm_on_resume_called: [30783056,com.android.music.VideoBrowserActivity,RESUME_ACTIVITY]
12-10 06:06:12.513 12253 12253 I wm_on_top_resumed_gained_called: [30783056,com.android.music.VideoBrowserActivity,topWhenResuming]
12-10 06:06:12.526 1507 6251 I WindowManager: finishDrawing of relaunch: Window{12d8805 u0 com.android.music/com.android.music.VideoBrowserActivity} 83ms
12-10 06:06:12.880 1507 1568 I wm_stop_activity: [0,142082565,com.android.launcher3/.uioverrides.QuickstepLauncher]
12-10 06:06:12.890 8492 8527 W ContextImpl: Calling a method in the system process without a qualified user: android.app.ContextImpl.startService:1816 android.content.ContextWrapper.startService:774 com.thundercomm.gamemode.ingame.services.GameModeActionUtils.startGameModeService:99 com.thundercomm.gamemode.ingame.services.GameModeActionUtils.startGameModeEntry:22 com.thundercomm.gamemode.ingame.services.ActivityMonitoringService$1.onActivityLaunch:127
12-10 06:06:12.895 1507 1507 I GameModeConfig: Current uri is uri = content://com.thundercomm.gamemode.api/gamemode_settings/gamemode_isgaming
12-10 06:06:12.898 1507 1507 I GameModeConfig: isGameModeOn = true
12-10 06:06:12.898 1507 1507 I GameModeConfig: isGaming = false
12-10 06:06:12.898 1507 1507 I GameModeConfig: isGameModeOn = true
12-10 06:06:12.898 1507 1507 I GameModeConfig: isGaming = false
12-10 06:06:12.898 1507 1507 I GameModeConfig: isDisableVoice = true
12-10 06:06:12.918 2526 2526 I wm_on_paused_called: [142082565,com.android.launcher3.uioverrides.QuickstepLauncher,performPause]
12-10 06:06:12.921 2526 2526 I wm_on_stop_called: [142082565,com.android.launcher3.uioverrides.QuickstepLauncher,STOP_ACTIVITY_ITEM]
12-10 06:06:12.939 8492 8527 W ContextImpl: Calling a method in the system process without a qualified user: android.app.ContextImpl.startService:1816 android.content.ContextWrapper.startService:774 com.thundercomm.gamemode.ingame.services.GameModeActionUtils.startGameModeService:99 com.thundercomm.gamemode.ingame.services.GameModeActionUtils.startGameModeEntry:22 com.thundercomm.gamemode.ingame.services.ActivityMonitoringService$1.onActivityLaunch:127
12-10 06:06:12.944 1507 1507 I GameModeConfig: Current uri is uri = content://com.thundercomm.gamemode.api/gamemode_settings/gamemode_isgaming
12-10 06:06:12.946 1507 1507 I GameModeConfig: isGameModeOn = true
12-10 06:06:12.946 1507 1507 I GameModeConfig: isGaming = false
12-10 06:06:12.947 1507 1507 I GameModeConfig: isGameModeOn = true
12-10 06:06:12.947 1507 1507 I GameModeConfig: isGaming = false
12-10 06:06:12.947 1507 1507 I GameModeConfig: isDisableVoice = true
12-10 06:06:13.155 0 0 I auditd : type=1400 audit(0.0:17378): avc: denied { kill } for comm="swapper/3" capability=5 scontext=u:r:kernel:s0 tcontext=u:r:kernel:s0 tclass=capability permissive=0
12-10 06:06:13.444 1507 2719 E TaskPersister: File error accessing recents directory (directory doesn't exist?).
12-10 06:06:13.761 1507 7192 I wm_task_moved: [26,0,0]
12-10 06:06:13.772 1507 7192 I wm_task_moved: [26,0,5]
12-10 06:06:13.796 2526 2526 I wm_on_restart_called: [142082565,com.android.launcher3.uioverrides.QuickstepLauncher,performRestartActivity]
12-10 06:06:13.800 8492 8527 W ContextImpl: Calling a method in the system process without a qualified user: android.app.ContextImpl.startService:1816 android.content.ContextWrapper.startService:774 com.thundercomm.gamemode.ingame.services.GameModeActionUtils.startGameModeService:99 com.thundercomm.gamemode.ingame.services.GameModeActionUtils.startGameModeEntry:22 com.thundercomm.gamemode.ingame.services.ActivityMonitoringService$1.onActivityLaunch:127
12-10 06:06:13.807 1507 1507 I GameModeConfig: Current uri is uri = content://com.thundercomm.gamemode.api/gamemode_settings/gamemode_isgaming
12-10 06:06:13.810 1507 1507 I GameModeConfig: isGameModeOn = true
12-10 06:06:13.810 1507 1507 I GameModeConfig: isGaming = false
12-10 06:06:13.811 1507 1507 I GameModeConfig: isGameModeOn = true
12-10 06:06:13.811 1507 1507 I GameModeConfig: isGaming = false
12-10 06:06:13.811 1507 1507 I GameModeConfig: isDisableVoice = true
12-10 06:06:13.827 2526 2526 I wm_on_start_called: [142082565,com.android.launcher3.uioverrides.QuickstepLauncher,handleStartActivity]
12-10 06:06:13.828 12253 12253 I view_enqueue_input_event: [Motion - Cancel,com.android.music/com.android.music.VideoBrowserActivity]
12-10 06:06:13.833 1507 1736 I input_interaction: Interaction with: edge-swipe (server), swipe-up (server), PointerEventDispatcher0 (server),
12-10 06:06:13.835 1507 1569 I input_focus: [Focus request recents_animation_input_consumer,reason=UpdateInputWindows]
12-10 06:06:13.839 2526 2526 I sysui_latency: [1,106]
12-10 06:06:13.848 1507 1736 I input_focus: [Focus leaving 12d8805 com.android.music/com.android.music.VideoBrowserActivity (server),reason=NOT_FOCUSABLE]
12-10 06:06:13.848 1507 1736 I input_focus: [Focus entering recents_animation_input_consumer (server),reason=setFocusedWindow]
12-10 06:06:13.855 1507 1564 I sysui_multi_action: [319,24,322,84,325,16022,757,761,758,9,759,5,806,com.android.launcher3,871,com.android.launcher3.uioverrides.QuickstepLauncher,904,com.android.launcher3,905,0,1320,8,1321,5]
12-10 06:06:13.871 1507 5436 W ActivityTaskManager: getTaskSnapshot: taskId=4124 not found
12-10 06:06:13.873 1507 7192 W ActivityTaskManager: getTaskSnapshot: taskId=3124 not found
12-10 06:06:13.874 1507 5436 W ActivityTaskManager: getTaskSnapshot: taskId=2124 not found
12-10 06:06:13.875 1507 5436 W ActivityTaskManager: getTaskSnapshot: taskId=1124 not found
12-10 06:06:14.032 1507 1710 I commit_sys_config_file: [settings-1-0,8]
12-10 06:06:14.147 1507 1581 I sysui_latency: [8,103]
12-10 06:06:14.155 0 0 I auditd : type=1400 audit(0.0:17379): avc: denied { kill } for comm="swapper/3" capability=5 scontext=u:r:kernel:s0 tcontext=u:r:kernel:s0 tclass=capability permissive=0
12-10 06:06:14.667 1507 7192 I wm_task_moved: [26,1,6]
12-10 06:06:14.668 1507 7192 I wm_focused_root_task: [0,0,26,125,RecentsAnimation.onAnimationFinished()]
12-10 06:06:14.669 12253 12253 I wm_on_top_resumed_lost_called: [30783056,com.android.music.VideoBrowserActivity,topStateChangedWhenResumed]
12-10 06:06:14.669 1507 7192 I wm_pause_activity: [0,30783056,com.android.music/.VideoBrowserActivity,userLeaving=false,pauseBackTasks]
12-10 06:06:14.669 1507 7192 I ActivityTaskManager: FOREGROUND_APPLICATION_CHANGED to com.android.launcher3.uioverrides.QuickstepLauncher
12-10 06:06:14.670 1507 7192 I wm_set_resumed_activity: [0,com.android.launcher3/.uioverrides.QuickstepLauncher,resumeTopActivityInnerLocked]
12-10 06:06:14.670 1507 7192 I wm_resume_activity: [0,142082565,27,com.android.launcher3/.uioverrides.QuickstepLauncher]
12-10 06:06:14.670 1507 7192 I wm_add_to_stopping: [0,30783056,com.android.music/.VideoBrowserActivity,makeInvisible]
12-10 06:06:14.671 2526 2526 I wm_on_resume_called: [142082565,com.android.launcher3.uioverrides.QuickstepLauncher,RESUME_ACTIVITY]
12-10 06:06:14.677 1507 1569 I input_focus: [Focus request 2cb1f5d com.android.launcher3/com.android.launcher3.uioverrides.QuickstepLauncher,reason=UpdateInputWindows]
12-10 06:06:14.678 12253 12253 I wm_on_paused_called: [30783056,com.android.music.VideoBrowserActivity,performPause]
12-10 06:06:14.679 1507 1568 I sysui_multi_action: [757,803,799,window_time_0,802,9]
12-10 06:06:14.680 1507 1568 I wm_stop_activity: [0,30783056,com.android.music/.VideoBrowserActivity]
12-10 06:06:14.680 1507 1568 I sysui_multi_action: [757,803,799,window_time_0,802,0]
12-10 06:06:14.689 1507 1736 I input_focus: [Focus leaving recents_animation_input_consumer (server),reason=NOT_VISIBLE]
12-10 06:06:14.693 12253 12253 I wm_on_stop_called: [30783056,com.android.music.VideoBrowserActivity,STOP_ACTIVITY_ITEM]
12-10 06:06:14.699 1507 1736 I input_focus: [Focus entering 2cb1f5d com.android.launcher3/com.android.launcher3.uioverrides.QuickstepLauncher (server),reason=setFocusedWindow]
12-10 06:06:14.718 8492 8527 W ContextImpl: Calling a method in the system process without a qualified user: android.app.ContextImpl.startService:1816 android.content.ContextWrapper.startService:774 com.thundercomm.gamemode.ingame.services.GameModeActionUtils.startGameModeService:99 com.thundercomm.gamemode.ingame.services.GameModeActionUtils.startGameModeEntry:22 com.thundercomm.gamemode.ingame.services.ActivityMonitoringService$1.onActivityLaunch:127
12-10 06:06:14.725 1507 1507 I GameModeConfig: Current uri is uri = content://com.thundercomm.gamemode.api/gamemode_settings/gamemode_isgaming
12-10 06:06:14.727 1507 1507 I GameModeConfig: isGameModeOn = true
12-10 06:06:14.727 1507 1507 I GameModeConfig: isGaming = false
12-10 06:06:14.728 1507 1507 I GameModeConfig: isGameModeOn = true
12-10 06:06:14.728 1507 1507 I GameModeConfig: isGaming = false
12-10 06:06:14.728 1507 1507 I GameModeConfig: isDisableVoice = true
12-10 06:06:14.751 2526 2526 I wm_on_top_resumed_gained_called: [142082565,com.android.launcher3.uioverrides.QuickstepLauncher,topStateChangedWhenResumed]
12-10 06:06:14.783 8492 8527 W ContextImpl: Calling a method in the system process without a qualified user: android.app.ContextImpl.startService:1816 android.content.ContextWrapper.startService:774 com.thundercomm.gamemode.ingame.services.GameModeActionUtils.startGameModeService:99 com.thundercomm.gamemode.ingame.services.GameModeActionUtils.startGameModeEntry:22 com.thundercomm.gamemode.ingame.services.ActivityMonitoringService$1.onActivityLaunch:127
12-10 06:06:14.787 1507 1507 I GameModeConfig: Current uri is uri = content://com.thundercomm.gamemode.api/gamemode_settings/gamemode_isgaming
12-10 06:06:14.789 1507 1507 I GameModeConfig: isGameModeOn = true
12-10 06:06:14.789 1507 1507 I GameModeConfig: isGaming = false
12-10 06:06:14.789 1507 1507 I GameModeConfig: isGameModeOn = true
12-10 06:06:14.790 1507 1507 I GameModeConfig: isGaming = false
12-10 06:06:14.790 1507 1507 I GameModeConfig: isDisableVoice = true
12-10 06:06:14.911 1507 1710 I commit_sys_config_file: [settings-1-0,4]
12-10 06:06:15.155 0 0 I auditd : type=1400 audit(0.0:17380): avc: denied { kill } for comm="swapper/3" capability=5 scontext=u:r:kernel:s0 tcontext=u:r:kernel:s0 tclass=capability permissive=0
12-10 06:06:16.155 0 0 I auditd : type=1400 audit(0.0:17381): avc: denied { kill } for comm="swapper/3" capability=5 scontext=u:r:kernel:s0 tcontext=u:r:kernel:s0 tclass=capability permissive=0
12-10 06:06:16.890 1507 1736 I input_interaction: Interaction with: 2cb1f5d com.android.launcher3/com.android.launcher3.uioverrides.QuickstepLauncher (server), 5478378 com.android.systemui.ImageWallpaper (server), edge-swipe (server), swipe-up (server), PointerEventDispatcher0 (server),
12-10 06:06:17.024 1507 5436 D FreeFormWindowHelper: Add freeform task=Task{3f40413 #125 type=standard A=10090:android.task.video U=0 visible=false mode=freeform translucent=true sz=1}
12-10 06:06:17.025 1507 5436 I wm_relaunch_activity: [0,30783056,125,com.android.music/.VideoBrowserActivity]
12-10 06:06:17.028 1507 5436 I wm_task_moved: [26,1,6]
12-10 06:06:17.029 1507 5436 I wm_set_resumed_activity: [0,com.android.launcher3/.uioverrides.QuickstepLauncher,positionChildAt]
12-10 06:06:17.029 1507 5436 I wm_task_moved: [125,1,6]
12-10 06:06:17.029 1507 5436 I wm_focused_root_task: [0,0,125,26,moveTaskToFront findTaskToMoveToFront]
12-10 06:06:17.030 1507 5436 I wm_set_resumed_activity: [0,com.android.music/.VideoBrowserActivity,moveTaskToFront findTaskToMoveToFront]
12-10 06:06:17.031 1507 5436 I ActivityTaskManager: FOREGROUND_APPLICATION_CHANGED to com.android.music.VideoBrowserActivity
12-10 06:06:17.032 1507 5436 I wm_set_resumed_activity: [0,com.android.music/.VideoBrowserActivity,resumeTopActivityInnerLocked]
12-10 06:06:17.034 1507 5436 I wm_resume_activity: [0,30783056,125,com.android.music/.VideoBrowserActivity]
12-10 06:06:17.044 2526 2526 I wm_on_top_resumed_lost_called: [142082565,com.android.launcher3.uioverrides.QuickstepLauncher,topStateChangedWhenResumed]
12-10 06:06:17.055 1507 5436 W WindowManager: updateScale0.7996942
12-10 06:06:17.057 8492 8527 W ContextImpl: Calling a method in the system process without a qualified user: android.app.ContextImpl.startService:1816 android.content.ContextWrapper.startService:774 com.thundercomm.gamemode.ingame.services.GameModeActionUtils.startGameModeService:99 com.thundercomm.gamemode.ingame.services.GameModeActionUtils.startGameModeEntry:22 com.thundercomm.gamemode.ingame.services.ActivityMonitoringService$1.onActivityLaunch:127
12-10 06:06:17.058 1507 9362 W WindowManager: Attempted to set replacing window on app token with no content Token{6be7fe4 ActivityRecord{1d5b650 u0 com.android.music/.VideoBrowserActivity t125}}
12-10 06:06:17.059 12253 12253 I wm_on_destroy_called: [30783056,com.android.music.VideoBrowserActivity,performDestroy]
12-10 06:06:17.064 1507 1507 I GameModeConfig: Current uri is uri = content://com.thundercomm.gamemode.api/gamemode_settings/gamemode_isgaming
12-10 06:06:17.068 1507 1507 I GameModeConfig: isGameModeOn = true
12-10 06:06:17.068 1507 1507 I GameModeConfig: isGaming = false
12-10 06:06:17.069 1507 1507 I GameModeConfig: isGameModeOn = true
12-10 06:06:17.069 1507 1507 I GameModeConfig: isGaming = false
12-10 06:06:17.069 1507 1507 I GameModeConfig: isDisableVoice = true
12-10 06:06:17.091 12253 12253 I wm_on_create_called: [30783056,com.android.music.VideoBrowserActivity,performCreate]
12-10 06:06:17.091 12253 12253 I wm_on_start_called: [30783056,com.android.music.VideoBrowserActivity,handleStartActivity]
12-10 06:06:17.092 12253 12253 I wm_on_resume_called: [30783056,com.android.music.VideoBrowserActivity,LIFECYCLER_RESUME_ACTIVITY]
12-10 06:06:17.092 12253 12253 I wm_on_paused_called: [30783056,com.android.music.VideoBrowserActivity,performPause]
12-10 06:06:17.093 12253 12253 I wm_on_resume_called: [30783056,com.android.music.VideoBrowserActivity,RESUME_ACTIVITY]
12-10 06:06:17.093 12253 12253 I wm_on_top_resumed_gained_called: [30783056,com.android.music.VideoBrowserActivity,topStateChangedWhenResumed]
12-10 06:06:17.095 1507 9362 W WindowManager: updateScale0.7996942
12-10 06:06:17.098 1507 1569 I input_focus: [Focus request 12d8805 com.android.music/com.android.music.VideoBrowserActivity,reason=UpdateInputWindows]
12-10 06:06:17.105 1507 5436 I WindowManager: finishDrawing of relaunch: Window{12d8805 u0 com.android.music/com.android.music.VideoBrowserActivity} 80ms
12-10 06:06:17.105 1507 1569 W WindowManager: updateScale0.7996942
12-10 06:06:17.107 1507 1569 W WindowManager: updateScale0.7996942
12-10 06:06:17.111 1507 1564 I sysui_multi_action: [319,77,322,77,325,16026,757,761,758,9,759,2,806,com.android.music,871,com.android.music.VideoBrowserActivity,904,com.android.launcher3,905,0,1320,8,1321,5]
12-10 06:06:17.118 1507 6251 W FreeFormWindowHelper: exitRecentTasks type=1
12-10 06:06:17.123 1507 1736 I input_focus: [Focus leaving 2cb1f5d com.android.launcher3/com.android.launcher3.uioverrides.QuickstepLauncher (server),reason=setFocusedWindow]
12-10 06:06:17.123 1507 1736 I input_focus: [Focus entering 12d8805 com.android.music/com.android.music.VideoBrowserActivity (server),reason=setFocusedWindow]
12-10 06:06:17.134 1507 1581 I am_pss : [13616,10061,com.android.soundrecorder,5872640,4075520,0,89133056,0,19,5]
12-10 06:06:17.155 0 0 I auditd : type=1400 audit(0.0:17382): avc: denied { kill } for comm="swapper/3" capability=5 scontext=u:r:kernel:s0 tcontext=u:r:kernel:s0 tclass=capability permissive=0
12-10 06:06:18.155 0 0 I auditd : type=1400 audit(0.0:17383): avc: denied { kill } for comm="swapper/3" capability=5 scontext=u:r:kernel:s0 tcontext=u:r:kernel:s0 tclass=capability permissive=0
12-10 06:06:19.074 1507 1710 I commit_sys_config_file: [settings-1-0,5]
12-10 06:06:20.040 1507 2719 E TaskPersister: File error accessing recents directory (directory doesn't exist?).
12-10 06:06:20.155 0 0 I auditd : type=1400 audit(0.0:17384): avc: denied { kill } for comm="swapper/2" capability=5 scontext=u:r:kernel:s0 tcontext=u:r:kernel:s0 tclass=capability permissive=0
12-10 06:06:21.155 753 753 I auditd : type=1400 audit(0.0:17385): avc: denied { kill } for comm="crtc_commit:125" capability=5 scontext=u:r:kernel:s0 tcontext=u:r:kernel:s0 tclass=capability permissive=0
12-10 06:06:21.518 1507 5436 I ActivityTaskManager: START u0 {flg=0x10000000 cmp=com.android.deskclock/.DeskClock} from uid 10079
12-10 06:06:21.527 1507 5436 I wm_task_created: [126,-1]
12-10 06:06:21.527 1507 5436 W ActivityTaskManager: Can't find TaskDisplayArea to determine support for multi window. Task id=126 attached=false
12-10 06:06:21.529 1507 5436 D FreeFormWindowHelper: Need finish old freeform task=Task{3f40413 #125 type=standard A=10090:android.task.video U=0 visible=true mode=freeform translucent=false sz=1}
12-10 06:06:21.530 1507 5436 I wm_finish_activity: [0,30783056,125,com.android.music/.VideoBrowserActivity,app-request]
12-10 06:06:21.530 1507 5436 I wm_task_moved: [26,1,7]
12-10 06:06:21.533 1507 5436 I wm_set_resumed_activity: [0,com.android.launcher3/.uioverrides.QuickstepLauncher,positionChildAt]
12-10 06:06:21.533 1507 5436 I wm_task_moved: [27,1,2147483647]
12-10 06:06:21.533 1507 5436 I wm_task_to_front: [0,27]
12-10 06:06:21.533 1507 5436 I wm_focused_root_task: [0,0,26,-1,finish-top adjustFocusToNextFocusableTask]
12-10 06:06:21.533 1507 5436 I wm_set_resumed_activity: [0,com.android.launcher3/.uioverrides.QuickstepLauncher,finish-top]
12-10 06:06:21.533 12253 12253 I wm_on_top_resumed_lost_called: [30783056,com.android.music.VideoBrowserActivity,topStateChangedWhenResumed]
12-10 06:06:21.549 1507 5436 I wm_pause_activity: [0,30783056,com.android.music/.VideoBrowserActivity,userLeaving=false,finish]
12-10 06:06:21.551 1507 5436 D FreeFormWindowHelper: Add freeform task=Task{ac6e6ed #126 type=standard ?? U=0 visible=false mode=freeform translucent=true sz=0}
12-10 06:06:21.553 1507 5436 D CompatibilityChangeReporter: Compat change id reported: 174042980; UID 10069; state: DISABLED
12-10 06:06:21.554 1507 5436 D CompatibilityChangeReporter: Compat change id reported: 184838306; UID 10069; state: DISABLED
12-10 06:06:21.554 1507 5436 D CompatibilityChangeReporter: Compat change id reported: 185004937; UID 10069; state: DISABLED
12-10 06:06:21.555 1507 5436 D CompatibilityChangeReporter: Compat change id reported: 181136395; UID 10069; state: DISABLED
12-10 06:06:21.556 1507 5436 D CompatibilityChangeReporter: Compat change id reported: 174042936; UID 10069; state: DISABLED
12-10 06:06:21.558 1507 5436 I wm_task_moved: [126,1,7]
12-10 06:06:21.558 1507 5436 I wm_task_to_front: [0,126]
12-10 06:06:21.559 1507 5436 I wm_focused_root_task: [0,0,126,26,reuseOrNewTask]
12-10 06:06:21.559 1507 5436 I wm_create_task: [0,126]
12-10 06:06:21.559 1507 5436 I wm_create_activity: [0,156940578,126,com.android.deskclock/.DeskClock,NULL,NULL,NULL,268435456]
12-10 06:06:21.559 1507 5436 I wm_task_moved: [126,1,7]
12-10 06:06:21.561 1507 5436 D CompatibilityChangeReporter: Compat change id reported: 168419799; UID 10069; state: DISABLED
12-10 06:06:21.567 1507 1569 I input_focus: [Focus request 2cb1f5d com.android.launcher3/com.android.launcher3.uioverrides.QuickstepLauncher,reason=UpdateInputWindows]
12-10 06:06:21.578 12253 12253 I wm_on_paused_called: [30783056,com.android.music.VideoBrowserActivity,performPause]
12-10 06:06:21.579 1507 5436 I wm_add_to_stopping: [0,30783056,com.android.music/.VideoBrowserActivity,completeFinishing]
12-10 06:06:21.580 1507 5436 I ActivityTaskManager: FOREGROUND_APPLICATION_CHANGED to com.android.deskclock.DeskClock
12-10 06:06:21.584 1507 1736 I input_focus: [Focus leaving 12d8805 com.android.music/com.android.music.VideoBrowserActivity (server),reason=NO_WINDOW]
12-10 06:06:21.584 1507 1736 I input_focus: [Focus entering 2cb1f5d com.android.launcher3/com.android.launcher3.uioverrides.QuickstepLauncher (server),reason=setFocusedWindow]
12-10 06:06:21.589 1507 1568 I am_uid_running: 10069
12-10 06:06:21.590 1507 1568 D CompatibilityChangeReporter: Compat change id reported: 135634846; UID 10069; state: DISABLED
12-10 06:06:21.590 1507 1568 D CompatibilityChangeReporter: Compat change id reported: 177438394; UID 10069; state: DISABLED
12-10 06:06:21.590 1507 1568 D CompatibilityChangeReporter: Compat change id reported: 135772972; UID 10069; state: DISABLED
12-10 06:06:21.591 1507 1568 D CompatibilityChangeReporter: Compat change id reported: 135754954; UID 10069; state: DISABLED
12-10 06:06:21.592 1507 1584 D CompatibilityChangeReporter: Compat change id reported: 143937733; UID 10069; state: DISABLED
12-10 06:06:21.592 1507 1568 I sysui_multi_action: [757,803,799,window_time_0,802,7]
12-10 06:06:21.599 1507 1584 I am_proc_start: [0,13893,10069,com.android.deskclock,top-activity,{com.android.deskclock/com.android.deskclock.DeskClock}]
12-10 06:06:21.599 1507 1584 I ActivityManager: Start proc 13893:com.android.deskclock/u0a69 for top-activity {com.android.deskclock/com.android.deskclock.DeskClock}
12-10 06:06:21.612 1507 1581 I am_pss : [13816,10032,com.android.musicfx,5625856,3837952,0,89874432,0,19,6]
12-10 06:06:21.627 1507 6251 I am_proc_bound: [0,13893,com.android.deskclock]
12-10 06:06:21.630 1507 6251 I wm_restart_activity: [0,156940578,126,com.android.deskclock/.DeskClock]
12-10 06:06:21.631 1507 6251 I wm_set_resumed_activity: [0,com.android.deskclock/.DeskClock,minimalResumeActivityLocked]
12-10 06:06:21.632 1507 1568 I am_uid_active: 10069
12-10 06:06:21.639 8492 8527 W ContextImpl: Calling a method in the system process without a qualified user: android.app.ContextImpl.startService:1816 android.content.ContextWrapper.startService:774 com.thundercomm.gamemode.ingame.services.GameModeActionUtils.startGameModeService:99 com.thundercomm.gamemode.ingame.services.GameModeActionUtils.startGameModeEntry:22 com.thundercomm.gamemode.ingame.services.ActivityMonitoringService$1.onActivityLaunch:127
12-10 06:06:21.647 1507 1507 I GameModeConfig: Current uri is uri = content://com.thundercomm.gamemode.api/gamemode_settings/gamemode_isgaming
12-10 06:06:21.657 1507 1507 I GameModeConfig: isGameModeOn = true
12-10 06:06:21.657 1507 1507 I GameModeConfig: isGaming = false
12-10 06:06:21.657 1507 1507 I GameModeConfig: isGameModeOn = true
12-10 06:06:21.657 1507 1507 I GameModeConfig: isGaming = false
12-10 06:06:21.657 1507 1507 I GameModeConfig: isDisableVoice = true
12-10 06:06:21.683 1507 8474 I ActivityTaskManager: START u0 {act=android.content.pm.action.REQUEST_PERMISSIONS pkg=com.android.permissioncontroller cmp=com.android.permissioncontroller/.permission.ui.GrantPermissionsActivity (has extras)} from uid 10069
12-10 06:06:21.688 1507 8474 I wm_task_moved: [126,1,7]
12-10 06:06:21.688 1507 8474 I wm_set_resumed_activity: [0,com.android.deskclock/.DeskClock,positionChildAt]
12-10 06:06:21.688 1507 8474 I wm_create_activity: [0,114437012,126,com.android.permissioncontroller/.permission.ui.GrantPermissionsActivity,android.content.pm.action.REQUEST_PERMISSIONS,NULL,NULL,8388608]
12-10 06:06:21.690 1507 8474 I wm_pause_activity: [0,156940578,com.android.deskclock/.DeskClock,userLeaving=true,resumeTopActivityInnerLocked]
12-10 06:06:21.699 8492 8527 W ContextImpl: Calling a method in the system process without a qualified user: android.app.ContextImpl.startService:1816 android.content.ContextWrapper.startService:774 com.thundercomm.gamemode.ingame.services.GameModeActionUtils.startGameModeService:99 com.thundercomm.gamemode.ingame.services.GameModeActionUtils.startGameModeEntry:22 com.thundercomm.gamemode.ingame.services.ActivityMonitoringService$1.onActivityLaunch:127
12-10 06:06:21.704 13893 13893 I wm_on_create_called: [156940578,com.android.deskclock.DeskClock,performCreate]
12-10 06:06:21.705 1507 1507 I GameModeConfig: Current uri is uri = content://com.thundercomm.gamemode.api/gamemode_settings/gamemode_isgaming
12-10 06:06:21.705 13893 13893 I wm_on_start_called: [156940578,com.android.deskclock.DeskClock,handleStartActivity]
12-10 06:06:21.707 13893 13893 I wm_on_resume_called: [156940578,com.android.deskclock.DeskClock,RESUME_ACTIVITY]
12-10 06:06:21.708 1507 1507 I GameModeConfig: isGameModeOn = true
12-10 06:06:21.708 1507 1507 I GameModeConfig: isGaming = false
12-10 06:06:21.709 1507 1507 I GameModeConfig: isGameModeOn = true
12-10 06:06:21.709 1507 1507 I GameModeConfig: isGaming = false
12-10 06:06:21.709 1507 1507 I GameModeConfig: isDisableVoice = true
12-10 06:06:21.712 13893 13893 I wm_on_top_resumed_gained_called: [156940578,com.android.deskclock.DeskClock,topStateChangedWhenResumed]
12-10 06:06:21.712 13893 13893 I wm_on_top_resumed_lost_called: [156940578,com.android.deskclock.DeskClock,topStateChangedWhenResumed]
12-10 06:06:21.712 13893 13893 I wm_on_paused_called: [156940578,com.android.deskclock.DeskClock,performPause]
12-10 06:06:21.713 1507 6251 I ActivityTaskManager: FOREGROUND_APPLICATION_CHANGED to com.android.permissioncontroller.permission.ui.GrantPermissionsActivity
12-10 06:06:21.713 1507 6251 I ActivityTaskManager: The Process com.android.permissioncontroller Already Exists in BG. So sending its PID: 12461
12-10 06:06:21.714 1507 1710 I commit_sys_config_file: [settings-1-0,8]
12-10 06:06:21.714 1507 6251 W ActivityTaskManager: Tried to set launchTime (0) < mLastActivityLaunchTime (15981281)
12-10 06:06:21.715 1507 6251 I wm_restart_activity: [0,114437012,126,com.android.permissioncontroller/.permission.ui.GrantPermissionsActivity]
12-10 06:06:21.716 1507 6251 I wm_set_resumed_activity: [0,com.android.permissioncontroller/.permission.ui.GrantPermissionsActivity,minimalResumeActivityLocked]
12-10 06:06:21.725 1507 1568 I sysui_multi_action: [757,803,799,window_time_2,802,0]
12-10 06:06:21.731 8492 8527 W ContextImpl: Calling a method in the system process without a qualified user: android.app.ContextImpl.startService:1816 android.content.ContextWrapper.startService:774 com.thundercomm.gamemode.ingame.services.GameModeActionUtils.startGameModeService:99 com.thundercomm.gamemode.ingame.services.GameModeActionUtils.startGameModeEntry:22 com.thundercomm.gamemode.ingame.services.ActivityMonitoringService$1.onActivityLaunch:127
12-10 06:06:21.734 1507 1507 I GameModeConfig: Current uri is uri = content://com.thundercomm.gamemode.api/gamemode_settings/gamemode_isgaming
12-10 06:06:21.736 1507 1507 I GameModeConfig: isGameModeOn = true
12-10 06:06:21.736 1507 1507 I GameModeConfig: isGaming = false
12-10 06:06:21.736 1507 1507 I GameModeConfig: isGameModeOn = true
12-10 06:06:21.736 1507 1507 I GameModeConfig: isGaming = false
12-10 06:06:21.736 1507 1507 I GameModeConfig: isDisableVoice = true
12-10 06:06:21.737 12461 12461 I wm_on_create_called: [114437012,com.android.permissioncontroller.permission.ui.GrantPermissionsActivity,performCreate]
12-10 06:06:21.737 12461 12461 I wm_on_start_called: [114437012,com.android.permissioncontroller.permission.ui.GrantPermissionsActivity,handleStartActivity]
12-10 06:06:21.738 12461 12461 I wm_on_resume_called: [114437012,com.android.permissioncontroller.permission.ui.GrantPermissionsActivity,RESUME_ACTIVITY]
12-10 06:06:21.740 12461 12461 I wm_on_top_resumed_gained_called: [114437012,com.android.permissioncontroller.permission.ui.GrantPermissionsActivity,topStateChangedWhenResumed]
12-10 06:06:21.744 1507 9362 I wm_finish_activity: [0,114437012,126,com.android.permissioncontroller/.permission.ui.GrantPermissionsActivity,app-request]
12-10 06:06:21.745 1507 9362 I wm_pause_activity: [0,114437012,com.android.permissioncontroller/.permission.ui.GrantPermissionsActivity,userLeaving=false,finish]
12-10 06:06:21.750 1507 5436 W WindowManager: updateScale0.7996942
12-10 06:06:21.750 1507 5436 W WindowManager: updateScale0.7996942
12-10 06:06:21.754 12461 12461 I wm_on_top_resumed_lost_called: [114437012,com.android.permissioncontroller.permission.ui.GrantPermissionsActivity,topStateChangedWhenResumed]
12-10 06:06:21.754 12461 12461 I wm_on_paused_called: [114437012,com.android.permissioncontroller.permission.ui.GrantPermissionsActivity,performPause]
12-10 06:06:21.756 1507 6251 I wm_add_to_stopping: [0,114437012,com.android.permissioncontroller/.permission.ui.GrantPermissionsActivity,completeFinishing]
12-10 06:06:21.758 1507 6251 I ActivityTaskManager: FOREGROUND_APPLICATION_CHANGED to com.android.deskclock.DeskClock
12-10 06:06:21.759 1507 6251 I wm_set_resumed_activity: [0,com.android.deskclock/.DeskClock,resumeTopActivityInnerLocked]
12-10 06:06:21.761 1507 6251 I wm_resume_activity: [0,156940578,126,com.android.deskclock/.DeskClock]
12-10 06:06:21.765 1507 5436 W WindowManager: updateScale0.7996942
12-10 06:06:21.768 1507 1569 I input_focus: [Focus request 68d38df com.android.deskclock/com.android.deskclock.DeskClock,reason=UpdateInputWindows]
12-10 06:06:21.770 1507 1568 I sysui_multi_action: [757,803,799,window_time_2,802,0]
12-10 06:06:21.785 1507 1736 I input_focus: [Focus leaving 2cb1f5d com.android.launcher3/com.android.launcher3.uioverrides.QuickstepLauncher (server),reason=Waiting for window because NOT_VISIBLE]
12-10 06:06:21.823 1507 1569 W WindowManager: updateScale0.7996942
12-10 06:06:21.825 1507 1569 W WindowManager: updateScale0.7996942
12-10 06:06:21.825 1507 1569 W WindowManager: updateScale0.7996942
12-10 06:06:21.828 13893 13893 I wm_on_activity_result_called: [156940578,com.android.deskclock.DeskClock,ACTIVITY_RESULT]
12-10 06:06:21.828 13893 13893 I wm_on_resume_called: [156940578,com.android.deskclock.DeskClock,RESUME_ACTIVITY]
12-10 06:06:21.829 13893 13893 I wm_on_top_resumed_gained_called: [156940578,com.android.deskclock.DeskClock,topWhenResuming]
12-10 06:06:21.834 1507 1736 I input_focus: [Focus entering 68d38df com.android.deskclock/com.android.deskclock.DeskClock (server),reason=Window became focusable. Previous reason: NOT_VISIBLE]
12-10 06:06:21.873 8492 8527 W ContextImpl: Calling a method in the system process without a qualified user: android.app.ContextImpl.startService:1816 android.content.ContextWrapper.startService:774 com.thundercomm.gamemode.ingame.services.GameModeActionUtils.startGameModeService:99 com.thundercomm.gamemode.ingame.services.GameModeActionUtils.startGameModeEntry:22 com.thundercomm.gamemode.ingame.services.ActivityMonitoringService$1.onActivityLaunch:127
12-10 06:06:21.877 1507 1507 I GameModeConfig: Current uri is uri = content://com.thundercomm.gamemode.api/gamemode_settings/gamemode_isgaming
12-10 06:06:21.878 1507 1507 I GameModeConfig: isGameModeOn = true
12-10 06:06:21.878 1507 1507 I GameModeConfig: isGaming = false
12-10 06:06:21.879 1507 1507 I GameModeConfig: isGameModeOn = true
12-10 06:06:21.879 1507 1507 I GameModeConfig: isGaming = false
12-10 06:06:21.879 1507 1507 I GameModeConfig: isDisableVoice = true
12-10 06:06:21.915 1507 1581 I am_pss : [13833,1000,com.android.settings,19371008,11522048,0,109928448,0,19,6]
12-10 06:06:22.103 1507 1569 W WindowManager: updateScale0.7996942
12-10 06:06:22.106 1507 1568 I wm_destroy_activity: [0,114437012,126,com.android.permissioncontroller/.permission.ui.GrantPermissionsActivity,finish-imm:idle]
12-10 06:06:22.107 1507 1568 I wm_destroy_activity: [0,30783056,125,com.android.music/.VideoBrowserActivity,finish-imm:idle]
12-10 06:06:22.107 12461 12461 I wm_on_stop_called: [114437012,com.android.permissioncontroller.permission.ui.GrantPermissionsActivity,LIFECYCLER_STOP_ACTIVITY]
12-10 06:06:22.108 12461 12461 I wm_on_destroy_called: [114437012,com.android.permissioncontroller.permission.ui.GrantPermissionsActivity,performDestroy]
12-10 06:06:22.113 1507 5436 W WindowManager: updateScale0.7996942
12-10 06:06:22.121 1507 7192 W WindowManager: updateScale0.7996942
12-10 06:06:22.124 8492 8527 W ContextImpl: Calling a method in the system process without a qualified user: android.app.ContextImpl.startService:1816 android.content.ContextWrapper.startService:774 com.thundercomm.gamemode.ingame.services.GameModeActionUtils.startGameModeService:99 com.thundercomm.gamemode.ingame.services.GameModeActionUtils.startGameModeEntry:22 com.thundercomm.gamemode.ingame.services.ActivityMonitoringService$1.onActivityLaunch:127
12-10 06:06:22.127 12253 12253 I wm_on_stop_called: [30783056,com.android.music.VideoBrowserActivity,LIFECYCLER_STOP_ACTIVITY]
12-10 06:06:22.128 1507 1507 I GameModeConfig: Current uri is uri = content://com.thundercomm.gamemode.api/gamemode_settings/gamemode_isgaming
12-10 06:06:22.129 12253 12253 I wm_on_destroy_called: [30783056,com.android.music.VideoBrowserActivity,performDestroy]
12-10 06:06:22.131 1507 8474 W WindowManager: updateScale0.7996942
12-10 06:06:22.131 1507 1507 I GameModeConfig: isGameModeOn = true
12-10 06:06:22.131 1507 1507 I GameModeConfig: isGaming = false
12-10 06:06:22.133 1507 1507 I GameModeConfig: isGameModeOn = true
12-10 06:06:22.133 1507 1507 I GameModeConfig: isGaming = false
12-10 06:06:22.133 1507 1507 I GameModeConfig: isDisableVoice = true
12-10 06:06:22.135 1507 7192 I wm_task_removed: [125,removeChild:removeChild last r=ActivityRecord{1d5b650 u0 com.android.music/.VideoBrowserActivity t-1 f}} in t=Task{3f40413 #125 type=standard A=10090:android.task.video U=0 visible=false mode=freeform translucent=true sz=0}]
12-10 06:06:22.135 1507 7192 I wm_task_removed: [125,removeChild]
12-10 06:06:23.155 0 0 I auditd : type=1400 audit(0.0:17386): avc: denied { kill } for comm="swapper/2" capability=5 scontext=u:r:kernel:s0 tcontext=u:r:kernel:s0 tclass=capability permissive=0
12-10 06:06:24.155 0 0 I auditd : type=1400 audit(0.0:17387): avc: denied { kill } for comm="swapper/2" capability=5 scontext=u:r:kernel:s0 tcontext=u:r:kernel:s0 tclass=capability permissive=0
12-10 06:06:24.756 1507 7192 I ActivityTaskManager: START u0 {act=android.intent.action.MAIN cat=[android.intent.category.LAUNCHER] flg=0x10200000 cmp=com.android.music/.VideoBrowserActivity bnds=[2308,540][2494,740]} from uid 10079
12-10 06:06:24.766 1507 7192 I wm_task_created: [127,-1]
12-10 06:06:24.766 1507 7192 W ActivityTaskManager: Can't find TaskDisplayArea to determine support for multi window. Task id=127 attached=false
12-10 06:06:24.771 1507 7192 I wm_task_moved: [127,1,7]
12-10 06:06:24.771 1507 7192 I wm_task_to_front: [0,127]
12-10 06:06:24.772 1507 7192 I wm_create_task: [0,127]
12-10 06:06:24.772 1507 7192 I wm_create_activity: [0,22919605,127,com.android.music/.VideoBrowserActivity,android.intent.action.MAIN,NULL,NULL,270532608]
12-10 06:06:24.772 1507 7192 I wm_task_moved: [127,1,7]
12-10 06:06:24.772 13893 13893 I wm_on_top_resumed_lost_called: [156940578,com.android.deskclock.DeskClock,topStateChangedWhenResumed]
12-10 06:06:24.778 1507 7192 I wm_pause_activity: [0,142082565,com.android.launcher3/.uioverrides.QuickstepLauncher,userLeaving=true,pauseBackTasks]
12-10 06:06:24.781 1507 7192 W WindowManager: updateScale0.7996942
12-10 06:06:24.794 2526 2526 I wm_on_paused_called: [142082565,com.android.launcher3.uioverrides.QuickstepLauncher,performPause]
12-10 06:06:24.795 1507 5436 I ActivityTaskManager: FOREGROUND_APPLICATION_CHANGED to com.android.music.VideoBrowserActivity
12-10 06:06:24.795 1507 5436 I ActivityTaskManager: The Process com.android.music Already Exists in BG. So sending its PID: 12253
12-10 06:06:24.795 1507 5436 W ActivityTaskManager: Tried to set launchTime (0) < mLastActivityLaunchTime (16019435)
12-10 06:06:24.796 1507 5436 I wm_add_to_stopping: [0,142082565,com.android.launcher3/.uioverrides.QuickstepLauncher,makeInvisible]
12-10 06:06:24.797 1507 5436 I wm_restart_activity: [0,22919605,127,com.android.music/.VideoBrowserActivity]
12-10 06:06:24.799 1507 5436 I wm_set_resumed_activity: [0,com.android.music/.VideoBrowserActivity,minimalResumeActivityLocked]
12-10 06:06:24.799 1507 5436 W WindowManager: updateScale0.7996942
12-10 06:06:24.804 1507 1568 I sysui_multi_action: [757,803,799,window_time_2,802,3]
12-10 06:06:24.806 1507 5436 W WindowManager: updateScale0.7996942
12-10 06:06:24.816 8492 8527 W ContextImpl: Calling a method in the system process without a qualified user: android.app.ContextImpl.startService:1816 android.content.ContextWrapper.startService:774 com.thundercomm.gamemode.ingame.services.GameModeActionUtils.startGameModeService:99 com.thundercomm.gamemode.ingame.services.GameModeActionUtils.startGameModeEntry:22 com.thundercomm.gamemode.ingame.services.ActivityMonitoringService$1.onActivityLaunch:127
12-10 06:06:24.820 1507 1569 W WindowManager: updateScale0.7996942
12-10 06:06:24.821 1507 1507 I GameModeConfig: Current uri is uri = content://com.thundercomm.gamemode.api/gamemode_settings/gamemode_isgaming
12-10 06:06:24.823 1507 1569 W WindowManager: updateScale0.7996942
12-10 06:06:24.824 1507 1569 W WindowManager: updateScale0.7996942
12-10 06:06:24.825 12253 12253 I wm_on_create_called: [22919605,com.android.music.VideoBrowserActivity,performCreate]
12-10 06:06:24.826 12253 12253 I wm_on_start_called: [22919605,com.android.music.VideoBrowserActivity,handleStartActivity]
12-10 06:06:24.826 1507 1507 I GameModeConfig: isGameModeOn = true
12-10 06:06:24.826 12253 12253 I wm_on_resume_called: [22919605,com.android.music.VideoBrowserActivity,RESUME_ACTIVITY]
12-10 06:06:24.826 1507 1507 I GameModeConfig: isGaming = false
12-10 06:06:24.827 1507 1507 I GameModeConfig: isGameModeOn = true
12-10 06:06:24.827 1507 1507 I GameModeConfig: isGaming = false
12-10 06:06:24.827 1507 1507 I GameModeConfig: isDisableVoice = true
12-10 06:06:24.828 12253 12253 I wm_on_top_resumed_gained_called: [22919605,com.android.music.VideoBrowserActivity,topStateChangedWhenResumed]
12-10 06:06:24.830 1507 6251 W WindowManager: updateScale0.7996942
12-10 06:06:24.834 1507 1569 I input_focus: [Focus request 5979aee com.android.music/com.android.music.VideoBrowserActivity,reason=UpdateInputWindows]
12-10 06:06:24.841 1507 1569 W WindowManager: updateScale0.7996942
12-10 06:06:24.841 1507 1569 W WindowManager: updateScale0.7996942
12-10 06:06:24.847 1507 1564 I sysui_multi_action: [319,68,321,66,322,88,325,16033,757,761,758,8,759,1,806,com.android.music,871,com.android.music.VideoBrowserActivity,904,com.android.launcher3,905,0,1320,8,1321,5]
12-10 06:06:24.852 1507 1564 I wm_activity_launch_time: [0,22919605,com.android.music/.VideoBrowserActivity,88]
12-10 06:06:24.860 1507 1736 I input_focus: [Focus leaving 68d38df com.android.deskclock/com.android.deskclock.DeskClock (server),reason=setFocusedWindow]
12-10 06:06:24.860 1507 1736 I input_focus: [Focus entering 5979aee com.android.music/com.android.music.VideoBrowserActivity (server),reason=setFocusedWindow]
12-10 06:06:24.910 8492 8527 W ContextImpl: Calling a method in the system process without a qualified user: android.app.ContextImpl.startService:1816 android.content.ContextWrapper.startService:774 com.thundercomm.gamemode.ingame.services.GameModeActionUtils.startGameModeService:99 com.thundercomm.gamemode.ingame.services.GameModeActionUtils.startGameModeEntry:22 com.thundercomm.gamemode.ingame.services.ActivityMonitoringService$1.onActivityLaunch:127
12-10 06:06:24.915 1507 1507 I GameModeConfig: Current uri is uri = content://com.thundercomm.gamemode.api/gamemode_settings/gamemode_isgaming
12-10 06:06:24.917 1507 1507 I GameModeConfig: isGameModeOn = true
12-10 06:06:24.917 1507 1507 I GameModeConfig: isGaming = false
12-10 06:06:24.917 1507 1507 I GameModeConfig: isGameModeOn = true
12-10 06:06:24.918 1507 1507 I GameModeConfig: isGaming = false
12-10 06:06:24.918 1507 1507 I GameModeConfig: isDisableVoice = true
12-10 06:06:25.236 1507 8474 W WindowManager: updateScale0.7996942
12-10 06:06:25.241 1507 9362 W WindowManager: updateScale0.7996942
12-10 06:06:25.372 1507 1568 I wm_stop_activity: [0,142082565,com.android.launcher3/.uioverrides.QuickstepLauncher]
12-10 06:06:25.376 1507 1569 W WindowManager: updateScale0.7996942
12-10 06:06:25.378 1507 1569 W WindowManager: updateScale0.7996942
12-10 06:06:25.392 1507 1569 W WindowManager: updateScale0.7996942
12-10 06:06:25.393 1507 1569 W WindowManager: updateScale0.7996942
12-10 06:06:25.409 1507 1569 W WindowManager: updateScale0.7996942
12-10 06:06:25.420 2526 2526 I wm_on_stop_called: [142082565,com.android.launcher3.uioverrides.QuickstepLauncher,STOP_ACTIVITY_ITEM]
12-10 06:06:25.428 1507 9362 W WindowManager: updateScale0.7996942
12-10 06:06:25.438 8492 8527 W ContextImpl: Calling a method in the system process without a qualified user: android.app.ContextImpl.startService:1816 android.content.ContextWrapper.startService:774 com.thundercomm.gamemode.ingame.services.GameModeActionUtils.startGameModeService:99 com.thundercomm.gamemode.ingame.services.GameModeActionUtils.startGameModeEntry:22 com.thundercomm.gamemode.ingame.services.ActivityMonitoringService$1.onActivityLaunch:127
12-10 06:06:25.442 1507 1507 I GameModeConfig: Current uri is uri = content://com.thundercomm.gamemode.api/gamemode_settings/gamemode_isgaming
12-10 06:06:25.444 1507 1569 W WindowManager: updateScale0.7996942
12-10 06:06:25.445 1507 1507 I GameModeConfig: isGameModeOn = true
12-10 06:06:25.445 1507 1507 I GameModeConfig: isGaming = false
12-10 06:06:25.445 1507 1507 I GameModeConfig: isGameModeOn = true
12-10 06:06:25.445 1507 1507 I GameModeConfig: isGaming = false
12-10 06:06:25.446 1507 1507 I GameModeConfig: isDisableVoice = true
12-10 06:06:25.585 1507 2719 E TaskPersister: File error accessing recents directory (directory doesn't exist?).
12-10 06:06:26.062 1507 1736 I input_interaction: Interaction with: 5979aee com.android.music/com.android.music.VideoBrowserActivity (server), edge-swipe (server), swipe-up (server), PointerEventDispatcher0 (server),
12-10 06:06:26.091 1507 9362 I wm_task_moved: [26,0,0]
12-10 06:06:26.092 1507 9362 I wm_task_moved: [26,0,6]
12-10 06:06:26.103 1507 9362 W WindowManager: updateScale0.7996942
12-10 06:06:26.107 2526 2526 I wm_on_restart_called: [142082565,com.android.launcher3.uioverrides.QuickstepLauncher,performRestartActivity]
12-10 06:06:26.124 2526 2526 I wm_on_start_called: [142082565,com.android.launcher3.uioverrides.QuickstepLauncher,handleStartActivity]
12-10 06:06:26.124 1507 6251 W ActivityTaskManager: getTaskSnapshot: taskId=4124 not found
12-10 06:06:26.124 1507 6251 W ActivityTaskManager: getTaskSnapshot: taskId=3124 not found
12-10 06:06:26.124 1507 6251 W ActivityTaskManager: getTaskSnapshot: taskId=2124 not found
12-10 06:06:26.129 1507 6251 W WindowManager: updateScale0.7996942
12-10 06:06:26.129 8492 8527 W ContextImpl: Calling a method in the system process without a qualified user: android.app.ContextImpl.startService:1816 android.content.ContextWrapper.startService:774 com.thundercomm.gamemode.ingame.services.GameModeActionUtils.startGameModeService:99 com.thundercomm.gamemode.ingame.services.GameModeActionUtils.startGameModeEntry:22 com.thundercomm.gamemode.ingame.services.ActivityMonitoringService$1.onActivityLaunch:127
12-10 06:06:26.134 1507 6251 W ActivityTaskManager: getTaskSnapshot: taskId=4124 not found
12-10 06:06:26.135 1507 6251 W ActivityTaskManager: getTaskSnapshot: taskId=3124 not found
12-10 06:06:26.135 1507 6251 W ActivityTaskManager: getTaskSnapshot: taskId=2124 not found
12-10 06:06:26.136 1507 1507 I GameModeConfig: Current uri is uri = content://com.thundercomm.gamemode.api/gamemode_settings/gamemode_isgaming
12-10 06:06:26.137 1507 1507 I GameModeConfig: isGameModeOn = true
12-10 06:06:26.137 1507 1507 I GameModeConfig: isGaming = false
12-10 06:06:26.138 1507 1507 I GameModeConfig: isGameModeOn = true
12-10 06:06:26.138 1507 1507 I GameModeConfig: isGaming = false
12-10 06:06:26.138 1507 1507 I GameModeConfig: isDisableVoice = true
12-10 06:06:26.140 12253 12253 I view_enqueue_input_event: [Motion - Cancel,com.android.music/com.android.music.VideoBrowserActivity]
12-10 06:06:26.141 1507 9362 W ActivityTaskManager: getTaskSnapshot: taskId=4124 not found
