12-10 06:17:27.348 1507 1909 I GameModeConfig: isGaming = false
12-10 06:17:27.349 2004 2004 I sysui_multi_action: [757,111,758,2]
12-10 06:17:27.349 1507 1507 I notification_enqueue: [10082,2004,com.android.systemui,2048,NULL,0,Notification(channel=updateNotification shortcut=null contentView=null vibrate=null sound=null defaults=0x0 flags=0x0 color=0x00000000 vis=PRIVATE),1]
12-10 06:17:27.350 2004 2004 I sysui_multi_action: [757,111,758,2]
12-10 06:17:27.360 1507 1507 I GameModeConfig: isGameModeOn = true
12-10 06:17:27.360 1507 1507 I GameModeConfig: isGaming = false
12-10 06:17:27.361 1507 1507 E NotificationService: Muting recently noisy 0|com.android.systemui|2048|null|10082
12-10 06:17:27.362 2004 2004 I sysui_multi_action: [757,111,758,1]
12-10 06:17:27.363 2004 2004 I sysui_multi_action: [757,126,758,1,759,126,927,0,928,1,1593,1]
12-10 06:17:27.363 2004 2004 I sysui_multi_action: [757,113,758,1,759,113,927,1,928,1,1593,1]
12-10 06:17:27.363 2004 2004 I sysui_multi_action: [757,0,758,1,759,0,927,2,928,0,1593,1]
12-10 06:17:27.363 2004 2004 I sysui_multi_action: [757,0,758,1,759,0,927,3,928,0,1593,1]
12-10 06:17:27.363 2004 2004 I sysui_multi_action: [757,491,758,1,759,491,927,4,928,1,1311,1,1593,0]
12-10 06:17:27.363 2004 2004 I sysui_multi_action: [757,0,758,1,759,0,927,5,928,0,1593,0]
12-10 06:17:27.363 2004 2004 I sysui_multi_action: [757,111,758,1]
12-10 06:17:27.363 2004 2004 I sysui_multi_action: [757,126,758,1,759,126,927,0,928,1,1593,1]
12-10 06:17:27.363 2004 2004 I sysui_multi_action: [757,113,758,1,759,113,927,1,928,1,1593,1]
12-10 06:17:27.363 2004 2004 I sysui_multi_action: [757,0,758,1,759,0,927,2,928,0,1593,1]
12-10 06:17:27.363 2004 2004 I sysui_multi_action: [757,0,758,1,759,0,927,3,928,0,1593,1]
12-10 06:17:27.369 1507 1507 I GameModeConfig: isGameModeOn = true
12-10 06:17:27.369 1507 1507 I GameModeConfig: isGaming = false
12-10 06:17:27.369 1507 1507 E NotificationService: Muting recently noisy 0|com.android.systemui|2048|null|10082
12-10 06:17:27.372 1507 1909 I GameModeConfig: isGameModeOn = true
12-10 06:17:27.372 1507 1909 I GameModeConfig: isGaming = false
12-10 06:17:27.372 1507 1909 I GameModeConfig: isGameModeOn = true
12-10 06:17:27.372 1507 1909 I GameModeConfig: isGaming = false
12-10 06:17:27.372 1507 1909 I GameModeConfig: isGameModeOn = true
12-10 06:17:27.372 1507 1909 I GameModeConfig: isGaming = false
12-10 06:17:27.372 1507 1909 I GameModeConfig: isGameModeOn = true
12-10 06:17:27.372 1507 1909 I GameModeConfig: isGaming = false
12-10 06:17:27.373 2004 2004 I sysui_multi_action: [757,111,758,2]
12-10 06:17:27.373 2004 2004 I sysui_multi_action: [757,111,758,2]
12-10 06:17:27.373 1507 1507 I notification_enqueue: [10082,2004,com.android.systemui,2048,NULL,0,Notification(channel=updateNotification shortcut=null contentView=null vibrate=null sound=null defaults=0x0 flags=0x0 color=0x00000000 vis=PRIVATE),1]
12-10 06:17:27.375 1507 2005 I sysui_multi_action: [757,128,758,2,793,16683844,794,60069,795,16683844,796,26,798,0,806,android,857,DEVELOPER_IMPORTANT,858,4,947,0,1395,2,1500,16683378,1688,1]
12-10 06:17:27.375 1507 2005 I notification_visibility: [-1|android|26|null|1000,0,16683844,16683844,0,0]
12-10 06:17:27.375 1507 2005 I sysui_multi_action: [757,128,758,2,793,16684742,794,60069,795,16684742,796,32,798,1,806,android,857,USB,858,1,947,0,1395,2,1500,16684395,1688,1]
12-10 06:17:27.375 1507 2005 I notification_visibility: [-1|android|32|null|1000,0,16684742,16684742,0,1]
12-10 06:17:27.375 1507 6104 I sysui_multi_action: [757,127,758,2]
12-10 06:17:27.375 1507 6104 I notification_panel_hidden:
12-10 06:17:27.383 2004 2004 I sysui_multi_action: [757,111,758,1]
12-10 06:17:27.383 2004 2004 I sysui_multi_action: [757,126,758,1,759,126,927,0,928,1,1593,1]
12-10 06:17:27.383 2004 2004 I sysui_multi_action: [757,113,758,1,759,113,927,1,928,1,1593,1]
12-10 06:17:27.383 2004 2004 I sysui_multi_action: [757,0,758,1,759,0,927,2,928,0,1593,1]
12-10 06:17:27.383 2004 2004 I sysui_multi_action: [757,0,758,1,759,0,927,3,928,0,1593,1]
12-10 06:17:27.383 2004 2004 I sysui_multi_action: [757,491,758,1,759,491,927,4,928,1,1311,1,1593,0]
12-10 06:17:27.383 2004 2004 I sysui_multi_action: [757,0,758,1,759,0,927,5,928,0,1593,0]
12-10 06:17:27.383 2004 2004 I sysui_multi_action: [757,111,758,1]
12-10 06:17:27.383 2004 2004 I sysui_multi_action: [757,126,758,1,759,126,927,0,928,1,1593,1]
12-10 06:17:27.384 2004 2004 I sysui_multi_action: [757,113,758,1,759,113,927,1,928,1,1593,1]
12-10 06:17:27.384 2004 2004 I sysui_multi_action: [757,0,758,1,759,0,927,2,928,0,1593,1]
12-10 06:17:27.384 2004 2004 I sysui_multi_action: [757,0,758,1,759,0,927,3,928,0,1593,1]
12-10 06:17:27.393 1507 1507 I GameModeConfig: isGameModeOn = true
12-10 06:17:27.393 1507 1507 I GameModeConfig: isGaming = false
12-10 06:17:27.393 1507 1507 E NotificationService: Muting recently noisy 0|com.android.systemui|2048|null|10082
12-10 06:17:27.404 1507 1507 I GameModeConfig: isGameModeOn = true
12-10 06:17:27.404 1507 1507 I GameModeConfig: isGaming = false
12-10 06:17:27.405 1507 1507 E NotificationService: Muting recently noisy 0|com.android.systemui|2048|null|10082
12-10 06:17:27.420 1507 1507 I GameModeConfig: isGameModeOn = true
12-10 06:17:27.420 1507 1507 I GameModeConfig: isGaming = false
12-10 06:17:27.421 1507 1507 E NotificationService: Muting recently noisy 0|com.android.systemui|2048|null|10082
12-10 06:17:27.439 1507 1507 I GameModeConfig: isGameModeOn = true
12-10 06:17:27.439 1507 1507 I GameModeConfig: isGaming = false
12-10 06:17:27.440 1507 1507 E NotificationService: Muting recently noisy 0|com.android.systemui|2048|null|10082
12-10 06:17:27.456 1507 1507 I GameModeConfig: isGameModeOn = true
12-10 06:17:27.456 1507 1507 I GameModeConfig: isGaming = false
12-10 06:17:27.457 1507 1507 E NotificationService: Muting recently noisy 0|com.android.systemui|2048|null|10082
12-10 06:17:27.467 1507 1507 I GameModeConfig: isGameModeOn = true
12-10 06:17:27.467 1507 1507 I GameModeConfig: isGaming = false
12-10 06:17:27.467 1507 1507 E NotificationService: Muting recently noisy 0|com.android.systemui|2048|null|10082
12-10 06:17:27.483 1507 1507 I GameModeConfig: isGameModeOn = true
12-10 06:17:27.483 1507 1507 I GameModeConfig: isGaming = false
12-10 06:17:27.484 1507 1507 E NotificationService: Muting recently noisy 0|com.android.systemui|2048|null|10082
12-10 06:17:27.498 1507 1507 I GameModeConfig: isGameModeOn = true
12-10 06:17:27.498 1507 1507 I GameModeConfig: isGaming = false
12-10 06:17:27.498 1507 1507 E NotificationService: Muting recently noisy 0|com.android.systemui|2048|null|10082
12-10 06:17:27.515 1507 1507 I GameModeConfig: isGameModeOn = true
12-10 06:17:27.515 1507 1507 I GameModeConfig: isGaming = false
12-10 06:17:27.516 1507 1507 E NotificationService: Muting recently noisy 0|com.android.systemui|2048|null|10082
12-10 06:17:27.539 1507 1507 I GameModeConfig: isGameModeOn = true
12-10 06:17:27.539 1507 1507 I GameModeConfig: isGaming = false
12-10 06:17:27.539 1507 1507 E NotificationService: Muting recently noisy 0|com.android.systemui|2048|null|10082
12-10 06:17:27.550 1507 1507 I GameModeConfig: isGameModeOn = true
12-10 06:17:27.550 1507 1507 I GameModeConfig: isGaming = false
12-10 06:17:27.551 1507 1507 E NotificationService: Muting recently noisy 0|com.android.systemui|2048|null|10082
12-10 06:17:27.574 1507 1507 I GameModeConfig: isGameModeOn = true
12-10 06:17:27.574 1507 1507 I GameModeConfig: isGaming = false
12-10 06:17:27.575 1507 1507 E NotificationService: Muting recently noisy 0|com.android.systemui|2048|null|10082
12-10 06:17:28.155 0 0 I auditd : type=1400 audit(0.0:18218): avc: denied { kill } for comm="swapper/3" capability=5 scontext=u:r:kernel:s0 tcontext=u:r:kernel:s0 tclass=capability permissive=0
12-10 06:17:29.155 0 0 I auditd : type=1400 audit(0.0:18219): avc: denied { kill } for comm="swapper/3" capability=5 scontext=u:r:kernel:s0 tcontext=u:r:kernel:s0 tclass=capability permissive=0
12-10 06:17:30.155 0 0 I auditd : type=1400 audit(0.0:18220): avc: denied { kill } for comm="swapper/3" capability=5 scontext=u:r:kernel:s0 tcontext=u:r:kernel:s0 tclass=capability permissive=0
12-10 06:17:31.155 0 0 I auditd : type=1400 audit(0.0:18221): avc: denied { kill } for comm="swapper/3" capability=5 scontext=u:r:kernel:s0 tcontext=u:r:kernel:s0 tclass=capability permissive=0
12-10 06:17:32.155 0 0 I auditd : type=1400 audit(0.0:18222): avc: denied { kill } for comm="swapper/3" capability=5 scontext=u:r:kernel:s0 tcontext=u:r:kernel:s0 tclass=capability permissive=0
12-10 06:17:33.155 0 0 I auditd : type=1400 audit(0.0:18223): avc: denied { kill } for comm="swapper/3" capability=5 scontext=u:r:kernel:s0 tcontext=u:r:kernel:s0 tclass=capability permissive=0
12-10 06:17:34.155 0 0 I auditd : type=1400 audit(0.0:18224): avc: denied { kill } for comm="swapper/3" capability=5 scontext=u:r:kernel:s0 tcontext=u:r:kernel:s0 tclass=capability permissive=0
12-10 06:17:35.155 0 0 I auditd : type=1400 audit(0.0:18225): avc: denied { kill } for comm="swapper/3" capability=5 scontext=u:r:kernel:s0 tcontext=u:r:kernel:s0 tclass=capability permissive=0
12-10 06:17:36.155 0 0 I auditd : type=1400 audit(0.0:18226): avc: denied { kill } for comm="swapper/3" capability=5 scontext=u:r:kernel:s0 tcontext=u:r:kernel:s0 tclass=capability permissive=0
12-10 06:17:37.155 0 0 I auditd : type=1400 audit(0.0:18227): avc: denied { kill } for comm="swapper/3" capability=5 scontext=u:r:kernel:s0 tcontext=u:r:kernel:s0 tclass=capability permissive=0
12-10 06:17:37.161 1507 1909 I GameModeConfig: isGameModeOn = true
12-10 06:17:37.161 1507 1909 I GameModeConfig: isGaming = false
12-10 06:17:37.161 1507 1909 I GameModeConfig: isGameModeOn = true
12-10 06:17:37.161 1507 1909 I GameModeConfig: isGaming = false
12-10 06:17:37.165 1507 1909 I GameModeConfig: isGameModeOn = true
12-10 06:17:37.165 1507 1909 I GameModeConfig: isGaming = false
12-10 06:17:37.184 1507 1909 I GameModeConfig: isGameModeOn = true
12-10 06:17:37.185 1507 1909 I GameModeConfig: isGaming = false
12-10 06:17:37.200 1507 1909 I GameModeConfig: isGameModeOn = true
12-10 06:17:37.200 1507 1909 I GameModeConfig: isGaming = false
12-10 06:17:37.216 1507 1909 I GameModeConfig: isGameModeOn = true
12-10 06:17:37.216 1507 1909 I GameModeConfig: isGaming = false
12-10 06:17:37.234 1507 1909 I GameModeConfig: isGameModeOn = true
12-10 06:17:37.234 1507 1909 I GameModeConfig: isGaming = false
12-10 06:17:37.249 1507 1909 I GameModeConfig: isGameModeOn = true
12-10 06:17:37.249 1507 1909 I GameModeConfig: isGaming = false
12-10 06:17:37.267 1507 1909 I GameModeConfig: isGameModeOn = true
12-10 06:17:37.267 1507 1909 I GameModeConfig: isGaming = false
12-10 06:17:37.286 1507 1909 I GameModeConfig: isGameModeOn = true
12-10 06:17:37.286 1507 1909 I GameModeConfig: isGaming = false
12-10 06:17:37.296 1507 1909 I GameModeConfig: isGameModeOn = true
12-10 06:17:37.296 1507 1909 I GameModeConfig: isGaming = false
12-10 06:17:37.306 1507 1909 I GameModeConfig: isGameModeOn = true
12-10 06:17:37.306 1507 1909 I GameModeConfig: isGaming = false
12-10 06:17:37.313 1507 1909 I GameModeConfig: isGameModeOn = true
12-10 06:17:37.313 1507 1909 I GameModeConfig: isGaming = false
12-10 06:17:37.328 1507 1909 I GameModeConfig: isGameModeOn = true
12-10 06:17:37.328 1507 1909 I GameModeConfig: isGaming = false
12-10 06:17:37.332 1507 1909 I GameModeConfig: isGameModeOn = true
12-10 06:17:37.332 1507 1909 I GameModeConfig: isGaming = false
12-10 06:17:37.343 1507 1909 I GameModeConfig: isGameModeOn = true
12-10 06:17:37.343 1507 1909 I GameModeConfig: isGaming = false
12-10 06:17:37.348 1507 1909 I GameModeConfig: isGameModeOn = true
12-10 06:17:37.348 1507 1909 I GameModeConfig: isGaming = false
12-10 06:17:37.361 1507 1909 I GameModeConfig: isGameModeOn = true
12-10 06:17:37.361 1507 1909 I GameModeConfig: isGaming = false
12-10 06:17:37.370 1507 1909 I GameModeConfig: isGameModeOn = true
12-10 06:17:37.370 1507 1909 I GameModeConfig: isGaming = false
12-10 06:17:37.372 1507 1909 I GameModeConfig: isGameModeOn = true
12-10 06:17:37.372 1507 1909 I GameModeConfig: isGaming = false
12-10 06:17:37.393 1507 1909 I GameModeConfig: isGameModeOn = true
12-10 06:17:37.393 1507 1909 I GameModeConfig: isGaming = false
12-10 06:17:37.405 1507 1909 I GameModeConfig: isGameModeOn = true
12-10 06:17:37.405 1507 1909 I GameModeConfig: isGaming = false
12-10 06:17:37.421 1507 1909 I GameModeConfig: isGameModeOn = true
12-10 06:17:37.421 1507 1909 I GameModeConfig: isGaming = false
12-10 06:17:37.439 1507 1909 I GameModeConfig: isGameModeOn = true
12-10 06:17:37.439 1507 1909 I GameModeConfig: isGaming = false
12-10 06:17:37.457 1507 1909 I GameModeConfig: isGameModeOn = true
12-10 06:17:37.457 1507 1909 I GameModeConfig: isGaming = false
12-10 06:17:37.467 1507 1909 I GameModeConfig: isGameModeOn = true
12-10 06:17:37.468 1507 1909 I GameModeConfig: isGaming = false
12-10 06:17:37.484 1507 1909 I GameModeConfig: isGameModeOn = true
12-10 06:17:37.484 1507 1909 I GameModeConfig: isGaming = false
12-10 06:17:37.498 1507 1909 I GameModeConfig: isGameModeOn = true
12-10 06:17:37.498 1507 1909 I GameModeConfig: isGaming = false
12-10 06:17:37.516 1507 1909 I GameModeConfig: isGameModeOn = true
12-10 06:17:37.516 1507 1909 I GameModeConfig: isGaming = false
12-10 06:17:37.540 1507 1909 I GameModeConfig: isGameModeOn = true
12-10 06:17:37.540 1507 1909 I GameModeConfig: isGaming = false
12-10 06:17:37.551 1507 1909 I GameModeConfig: isGameModeOn = true
12-10 06:17:37.551 1507 1909 I GameModeConfig: isGaming = false
12-10 06:17:37.574 1507 1909 I GameModeConfig: isGameModeOn = true
12-10 06:17:37.574 1507 1909 I GameModeConfig: isGaming = false
12-10 06:17:38.155 0 0 I auditd : type=1400 audit(0.0:18228): avc: denied { kill } for comm="swapper/3" capability=5 scontext=u:r:kernel:s0 tcontext=u:r:kernel:s0 tclass=capability permissive=0
12-10 06:17:39.155 0 0 I auditd : type=1400 audit(0.0:18229): avc: denied { kill } for comm="swapper/3" capability=5 scontext=u:r:kernel:s0 tcontext=u:r:kernel:s0 tclass=capability permissive=0
12-10 06:17:40.155 0 0 I auditd : type=1400 audit(0.0:18230): avc: denied { kill } for comm="swapper/3" capability=5 scontext=u:r:kernel:s0 tcontext=u:r:kernel:s0 tclass=capability permissive=0
12-10 06:17:41.155 0 0 I auditd : type=1400 audit(0.0:18231): avc: denied { kill } for comm="swapper/3" capability=5 scontext=u:r:kernel:s0 tcontext=u:r:kernel:s0 tclass=capability permissive=0
12-10 06:17:42.155 0 0 I auditd : type=1400 audit(0.0:18232): avc: denied { kill } for comm="swapper/3" capability=5 scontext=u:r:kernel:s0 tcontext=u:r:kernel:s0 tclass=capability permissive=0
12-10 06:17:43.155 0 0 I auditd : type=1400 audit(0.0:18233): avc: denied { kill } for comm="swapper/3" capability=5 scontext=u:r:kernel:s0 tcontext=u:r:kernel:s0 tclass=capability permissive=0
12-10 06:17:44.155 0 0 I auditd : type=1400 audit(0.0:18234): avc: denied { kill } for comm="swapper/3" capability=5 scontext=u:r:kernel:s0 tcontext=u:r:kernel:s0 tclass=capability permissive=0
12-10 06:17:45.155 0 0 I auditd : type=1400 audit(0.0:18235): avc: denied { kill } for comm="swapper/3" capability=5 scontext=u:r:kernel:s0 tcontext=u:r:kernel:s0 tclass=capability permissive=0
12-10 06:17:46.155 0 0 I auditd : type=1400 audit(0.0:18236): avc: denied { kill } for comm="swapper/3" capability=5 scontext=u:r:kernel:s0 tcontext=u:r:kernel:s0 tclass=capability permissive=0
12-10 06:17:47.155 0 0 I auditd : type=1400 audit(0.0:18237): avc: denied { kill } for comm="swapper/3" capability=5 scontext=u:r:kernel:s0 tcontext=u:r:kernel:s0 tclass=capability permissive=0
12-10 06:17:48.155 0 0 I auditd : type=1400 audit(0.0:18238): avc: denied { kill } for comm="swapper/3" capability=5 scontext=u:r:kernel:s0 tcontext=u:r:kernel:s0 tclass=capability permissive=0
12-10 06:17:49.155 0 0 I auditd : type=1400 audit(0.0:18239): avc: denied { kill } for comm="swapper/3" capability=5 scontext=u:r:kernel:s0 tcontext=u:r:kernel:s0 tclass=capability permissive=0
12-10 06:17:50.155 0 0 I auditd : type=1400 audit(0.0:18240): avc: denied { kill } for comm="swapper/3" capability=5 scontext=u:r:kernel:s0 tcontext=u:r:kernel:s0 tclass=capability permissive=0
12-10 06:17:51.155 0 0 I auditd : type=1400 audit(0.0:18241): avc: denied { kill } for comm="swapper/3" capability=5 scontext=u:r:kernel:s0 tcontext=u:r:kernel:s0 tclass=capability permissive=0
12-10 06:17:52.155 0 0 I auditd : type=1400 audit(0.0:18242): avc: denied { kill } for comm="swapper/3" capability=5 scontext=u:r:kernel:s0 tcontext=u:r:kernel:s0 tclass=capability permissive=0
12-10 06:17:53.155 0 0 I auditd : type=1400 audit(0.0:18243): avc: denied { kill } for comm="swapper/3" capability=5 scontext=u:r:kernel:s0 tcontext=u:r:kernel:s0 tclass=capability permissive=0
12-10 06:17:54.155 0 0 I auditd : type=1400 audit(0.0:18244): avc: denied { kill } for comm="swapper/3" capability=5 scontext=u:r:kernel:s0 tcontext=u:r:kernel:s0 tclass=capability permissive=0
12-10 06:17:55.155 0 0 I auditd : type=1400 audit(0.0:18245): avc: denied { kill } for comm="swapper/3" capability=5 scontext=u:r:kernel:s0 tcontext=u:r:kernel:s0 tclass=capability permissive=0
12-10 06:17:56.155 0 0 I auditd : type=1400 audit(0.0:18246): avc: denied { kill } for comm="swapper/3" capability=5 scontext=u:r:kernel:s0 tcontext=u:r:kernel:s0 tclass=capability permissive=0
12-10 06:17:57.155 12604 12604 I auditd : type=1400 audit(0.0:18247): avc: denied { kill } for comm="kworker/u17:2" capability=5 scontext=u:r:kernel:s0 tcontext=u:r:kernel:s0 tclass=capability permissive=0
12-10 06:17:58.155 0 0 I auditd : type=1400 audit(0.0:18248): avc: denied { kill } for comm="swapper/3" capability=5 scontext=u:r:kernel:s0 tcontext=u:r:kernel:s0 tclass=capability permissive=0
12-10 06:17:59.155 0 0 I auditd : type=1400 audit(0.0:18249): avc: denied { kill } for comm="swapper/2" capability=5 scontext=u:r:kernel:s0 tcontext=u:r:kernel:s0 tclass=capability permissive=0
12-10 06:18:02.155 0 0 I auditd : type=1400 audit(0.0:18250): avc: denied { kill } for comm="swapper/2" capability=5 scontext=u:r:kernel:s0 tcontext=u:r:kernel:s0 tclass=capability permissive=0
12-10 06:18:03.155 0 0 I auditd : type=1400 audit(0.0:18251): avc: denied { kill } for comm="swapper/2" capability=5 scontext=u:r:kernel:s0 tcontext=u:r:kernel:s0 tclass=capability permissive=0
12-10 06:18:04.155 0 0 I auditd : type=1400 audit(0.0:18252): avc: denied { kill } for comm="swapper/2" capability=5 scontext=u:r:kernel:s0 tcontext=u:r:kernel:s0 tclass=capability permissive=0
12-10 06:18:05.155 0 0 I auditd : type=1400 audit(0.0:18253): avc: denied { kill } for comm="swapper/2" capability=5 scontext=u:r:kernel:s0 tcontext=u:r:kernel:s0 tclass=capability permissive=0
12-10 06:18:06.155 0 0 I auditd : type=1400 audit(0.0:18254): avc: denied { kill } for comm="swapper/2" capability=5 scontext=u:r:kernel:s0 tcontext=u:r:kernel:s0 tclass=capability permissive=0
12-10 06:18:07.155 0 0 I auditd : type=1400 audit(0.0:18255): avc: denied { kill } for comm="swapper/2" capability=5 scontext=u:r:kernel:s0 tcontext=u:r:kernel:s0 tclass=capability permissive=0
12-10 06:18:08.155 0 0 I auditd : type=1400 audit(0.0:18256): avc: denied { kill } for comm="swapper/2" capability=5 scontext=u:r:kernel:s0 tcontext=u:r:kernel:s0 tclass=capability permissive=0
12-10 06:18:09.155 0 0 I auditd : type=1400 audit(0.0:18257): avc: denied { kill } for comm="swapper/2" capability=5 scontext=u:r:kernel:s0 tcontext=u:r:kernel:s0 tclass=capability permissive=0
12-10 06:18:10.155 0 0 I auditd : type=1400 audit(0.0:18258): avc: denied { kill } for comm="swapper/2" capability=5 scontext=u:r:kernel:s0 tcontext=u:r:kernel:s0 tclass=capability permissive=0
12-10 06:18:11.155 0 0 I auditd : type=1400 audit(0.0:18259): avc: denied { kill } for comm="swapper/2" capability=5 scontext=u:r:kernel:s0 tcontext=u:r:kernel:s0 tclass=capability permissive=0
12-10 06:18:12.155 0 0 I auditd : type=1400 audit(0.0:18260): avc: denied { kill } for comm="swapper/2" capability=5 scontext=u:r:kernel:s0 tcontext=u:r:kernel:s0 tclass=capability permissive=0
12-10 06:18:13.155 0 0 I auditd : type=1400 audit(0.0:18261): avc: denied { kill } for comm="swapper/2" capability=5 scontext=u:r:kernel:s0 tcontext=u:r:kernel:s0 tclass=capability permissive=0
12-10 06:18:14.155 0 0 I auditd : type=1400 audit(0.0:18262): avc: denied { kill } for comm="swapper/2" capability=5 scontext=u:r:kernel:s0 tcontext=u:r:kernel:s0 tclass=capability permissive=0
12-10 06:18:16.155 0 0 I auditd : type=1400 audit(0.0:18263): avc: denied { kill } for comm="swapper/2" capability=5 scontext=u:r:kernel:s0 tcontext=u:r:kernel:s0 tclass=capability permissive=0
12-10 06:18:17.155 0 0 I auditd : type=1400 audit(0.0:18264): avc: denied { kill } for comm="swapper/2" capability=5 scontext=u:r:kernel:s0 tcontext=u:r:kernel:s0 tclass=capability permissive=0
12-10 06:18:18.155 0 0 I auditd : type=1400 audit(0.0:18265): avc: denied { kill } for comm="swapper/2" capability=5 scontext=u:r:kernel:s0 tcontext=u:r:kernel:s0 tclass=capability permissive=0
12-10 06:18:19.155 0 0 I auditd : type=1400 audit(0.0:18266): avc: denied { kill } for comm="swapper/2" capability=5 scontext=u:r:kernel:s0 tcontext=u:r:kernel:s0 tclass=capability permissive=0
12-10 06:18:20.155 0 0 I auditd : type=1400 audit(0.0:18267): avc: denied { kill } for comm="swapper/2" capability=5 scontext=u:r:kernel:s0 tcontext=u:r:kernel:s0 tclass=capability permissive=0
12-10 06:18:21.155 0 0 I auditd : type=1400 audit(0.0:18268): avc: denied { kill } for comm="swapper/2" capability=5 scontext=u:r:kernel:s0 tcontext=u:r:kernel:s0 tclass=capability permissive=0
12-10 06:18:22.155 0 0 I auditd : type=1400 audit(0.0:18269): avc: denied { kill } for comm="swapper/2" capability=5 scontext=u:r:kernel:s0 tcontext=u:r:kernel:s0 tclass=capability permissive=0
12-10 06:18:23.155 0 0 I auditd : type=1400 audit(0.0:18270): avc: denied { kill } for comm="swapper/2" capability=5 scontext=u:r:kernel:s0 tcontext=u:r:kernel:s0 tclass=capability permissive=0
12-10 06:18:24.155 0 0 I auditd : type=1400 audit(0.0:18271): avc: denied { kill } for comm="swapper/2" capability=5 scontext=u:r:kernel:s0 tcontext=u:r:kernel:s0 tclass=capability permissive=0
12-10 06:18:25.155 0 0 I auditd : type=1400 audit(0.0:18272): avc: denied { kill } for comm="swapper/2" capability=5 scontext=u:r:kernel:s0 tcontext=u:r:kernel:s0 tclass=capability permissive=0
12-10 06:18:26.155 0 0 I auditd : type=1400 audit(0.0:18273): avc: denied { kill } for comm="swapper/2" capability=5 scontext=u:r:kernel:s0 tcontext=u:r:kernel:s0 tclass=capability permissive=0
12-10 06:18:27.155 0 0 I auditd : type=1400 audit(0.0:18274): avc: denied { kill } for comm="swapper/2" capability=5 scontext=u:r:kernel:s0 tcontext=u:r:kernel:s0 tclass=capability permissive=0
12-10 06:18:28.155 0 0 I auditd : type=1400 audit(0.0:18275): avc: denied { kill } for comm="swapper/2" capability=5 scontext=u:r:kernel:s0 tcontext=u:r:kernel:s0 tclass=capability permissive=0
12-10 06:18:29.155 0 0 I auditd : type=1400 audit(0.0:18276): avc: denied { kill } for comm="swapper/2" capability=5 scontext=u:r:kernel:s0 tcontext=u:r:kernel:s0 tclass=capability permissive=0
12-10 06:18:30.155 0 0 I auditd : type=1400 audit(0.0:18277): avc: denied { kill } for comm="swapper/2" capability=5 scontext=u:r:kernel:s0 tcontext=u:r:kernel:s0 tclass=capability permissive=0
12-10 06:18:31.155 0 0 I auditd : type=1400 audit(0.0:18278): avc: denied { kill } for comm="swapper/2" capability=5 scontext=u:r:kernel:s0 tcontext=u:r:kernel:s0 tclass=capability permissive=0
12-10 06:18:32.155 0 0 I auditd : type=1400 audit(0.0:18279): avc: denied { kill } for comm="swapper/2" capability=5 scontext=u:r:kernel:s0 tcontext=u:r:kernel:s0 tclass=capability permissive=0
12-10 06:18:33.155 0 0 I auditd : type=1400 audit(0.0:18280): avc: denied { kill } for comm="swapper/2" capability=5 scontext=u:r:kernel:s0 tcontext=u:r:kernel:s0 tclass=capability permissive=0
12-10 06:18:33.357 1507 1583 I am_uid_idle: 10068
12-10 06:18:34.155 0 0 I auditd : type=1400 audit(0.0:18281): avc: denied { kill } for comm="swapper/2" capability=5 scontext=u:r:kernel:s0 tcontext=u:r:kernel:s0 tclass=capability permissive=0
12-10 06:18:35.155 0 0 I auditd : type=1400 audit(0.0:18282): avc: denied { kill } for comm="swapper/2" capability=5 scontext=u:r:kernel:s0 tcontext=u:r:kernel:s0 tclass=capability permissive=0
12-10 06:18:36.155 0 0 I auditd : type=1400 audit(0.0:18283): avc: denied { kill } for comm="swapper/2" capability=5 scontext=u:r:kernel:s0 tcontext=u:r:kernel:s0 tclass=capability permissive=0
12-10 06:18:37.155 0 0 I auditd : type=1400 audit(0.0:18284): avc: denied { kill } for comm="swapper/2" capability=5 scontext=u:r:kernel:s0 tcontext=u:r:kernel:s0 tclass=capability permissive=0
12-10 06:18:38.155 0 0 I auditd : type=1400 audit(0.0:18285): avc: denied { kill } for comm="swapper/2" capability=5 scontext=u:r:kernel:s0 tcontext=u:r:kernel:s0 tclass=capability permissive=0
12-10 06:18:39.155 0 0 I auditd : type=1400 audit(0.0:18286): avc: denied { kill } for comm="swapper/2" capability=5 scontext=u:r:kernel:s0 tcontext=u:r:kernel:s0 tclass=capability permissive=0
12-10 06:18:40.155 0 0 I auditd : type=1400 audit(0.0:18287): avc: denied { kill } for comm="swapper/2" capability=5 scontext=u:r:kernel:s0 tcontext=u:r:kernel:s0 tclass=capability permissive=0
12-10 06:18:41.155 0 0 I auditd : type=1400 audit(0.0:18288): avc: denied { kill } for comm="swapper/2" capability=5 scontext=u:r:kernel:s0 tcontext=u:r:kernel:s0 tclass=capability permissive=0
12-10 06:18:42.155 0 0 I auditd : type=1400 audit(0.0:18289): avc: denied { kill } for comm="swapper/2" capability=5 scontext=u:r:kernel:s0 tcontext=u:r:kernel:s0 tclass=capability permissive=0
12-10 06:18:43.155 0 0 I auditd : type=1400 audit(0.0:18290): avc: denied { kill } for comm="swapper/2" capability=5 scontext=u:r:kernel:s0 tcontext=u:r:kernel:s0 tclass=capability permissive=0
12-10 06:18:44.155 0 0 I auditd : type=1400 audit(0.0:18291): avc: denied { kill } for comm="swapper/2" capability=5 scontext=u:r:kernel:s0 tcontext=u:r:kernel:s0 tclass=capability permissive=0
12-10 06:18:45.155 0 0 I auditd : type=1400 audit(0.0:18292): avc: denied { kill } for comm="swapper/2" capability=5 scontext=u:r:kernel:s0 tcontext=u:r:kernel:s0 tclass=capability permissive=0
12-10 06:18:46.155 0 0 I auditd : type=1400 audit(0.0:18293): avc: denied { kill } for comm="swapper/2" capability=5 scontext=u:r:kernel:s0 tcontext=u:r:kernel:s0 tclass=capability permissive=0
12-10 06:18:47.155 0 0 I auditd : type=1400 audit(0.0:18294): avc: denied { kill } for comm="swapper/2" capability=5 scontext=u:r:kernel:s0 tcontext=u:r:kernel:s0 tclass=capability permissive=0
12-10 06:18:48.155 0 0 I auditd : type=1400 audit(0.0:18295): avc: denied { kill } for comm="swapper/2" capability=5 scontext=u:r:kernel:s0 tcontext=u:r:kernel:s0 tclass=capability permissive=0
12-10 06:18:49.155 0 0 I auditd : type=1400 audit(0.0:18296): avc: denied { kill } for comm="swapper/2" capability=5 scontext=u:r:kernel:s0 tcontext=u:r:kernel:s0 tclass=capability permissive=0
12-10 06:18:50.155 0 0 I auditd : type=1400 audit(0.0:18297): avc: denied { kill } for comm="swapper/2" capability=5 scontext=u:r:kernel:s0 tcontext=u:r:kernel:s0 tclass=capability permissive=0
12-10 06:18:51.155 0 0 I auditd : type=1400 audit(0.0:18298): avc: denied { kill } for comm="swapper/2" capability=5 scontext=u:r:kernel:s0 tcontext=u:r:kernel:s0 tclass=capability permissive=0
12-10 06:18:52.155 0 0 I auditd : type=1400 audit(0.0:18299): avc: denied { kill } for comm="swapper/2" capability=5 scontext=u:r:kernel:s0 tcontext=u:r:kernel:s0 tclass=capability permissive=0
12-10 06:18:53.155 0 0 I auditd : type=1400 audit(0.0:18300): avc: denied { kill } for comm="swapper/2" capability=5 scontext=u:r:kernel:s0 tcontext=u:r:kernel:s0 tclass=capability permissive=0
12-10 06:18:54.155 0 0 I auditd : type=1400 audit(0.0:18301): avc: denied { kill } for comm="swapper/2" capability=5 scontext=u:r:kernel:s0 tcontext=u:r:kernel:s0 tclass=capability permissive=0
12-10 06:18:55.155 0 0 I auditd : type=1400 audit(0.0:18302): avc: denied { kill } for comm="swapper/2" capability=5 scontext=u:r:kernel:s0 tcontext=u:r:kernel:s0 tclass=capability permissive=0
12-10 06:18:56.155 0 0 I auditd : type=1400 audit(0.0:18303): avc: denied { kill } for comm="swapper/2" capability=5 scontext=u:r:kernel:s0 tcontext=u:r:kernel:s0 tclass=capability permissive=0
12-10 06:18:57.155 0 0 I auditd : type=1400 audit(0.0:18304): avc: denied { kill } for comm="swapper/2" capability=5 scontext=u:r:kernel:s0 tcontext=u:r:kernel:s0 tclass=capability permissive=0
12-10 06:18:58.155 0 0 I auditd : type=1400 audit(0.0:18305): avc: denied { kill } for comm="swapper/2" capability=5 scontext=u:r:kernel:s0 tcontext=u:r:kernel:s0 tclass=capability permissive=0
12-10 06:19:01.098 1507 1736 I input_interaction: Interaction with: 2df4d5b com.thundercomm.screensaver/android.service.dreams.DreamActivity (server), edge-swipe (server), swipe-up (server), PointerEventDispatcher0 (server),
12-10 06:19:01.103 1507 12191 I wm_finish_activity: [0,241839167,141,com.thundercomm.screensaver/android.service.dreams.DreamActivity,finish-activity]
12-10 06:19:01.103 1507 12191 I wm_task_moved: [26,1,7]
12-10 06:19:01.104 1507 12191 I wm_task_moved: [27,1,2147483647]
12-10 06:19:01.104 1507 12191 I wm_task_to_front: [0,27]
12-10 06:19:01.105 1507 12191 I wm_focused_root_task: [0,0,26,141,finish-top adjustFocusToNextFocusableTask]
12-10 06:19:01.105 1507 12191 I wm_set_resumed_activity: [0,com.android.launcher3/.uioverrides.QuickstepLauncher,finish-top adjustFocusToNextFocusableTask]
12-10 06:19:01.106 1507 12191 I wm_pause_activity: [0,241839167,com.thundercomm.screensaver/android.service.dreams.DreamActivity,userLeaving=false,finish]
12-10 06:19:01.115 1507 1568 I sysui_multi_action: [757,803,799,window_time_0,802,95]
12-10 06:19:01.116 1507 12191 I DreamManagerService: Gently waking up from dream.
12-10 06:19:01.118 14020 14020 I wm_on_top_resumed_lost_called: [241839167,android.service.dreams.DreamActivity,topStateChangedWhenResumed]
12-10 06:19:01.120 1507 1564 I DreamManagerService: Performing gentle wake from dream.
12-10 06:19:01.120 14020 14020 I wm_on_paused_called: [241839167,android.service.dreams.DreamActivity,performPause]
12-10 06:19:01.121 1507 6104 I wm_add_to_stopping: [0,241839167,com.thundercomm.screensaver/android.service.dreams.DreamActivity,completeFinishing]
12-10 06:19:01.122 1507 6104 I ActivityTaskManager: FOREGROUND_APPLICATION_CHANGED to com.android.launcher3.uioverrides.QuickstepLauncher
12-10 06:19:01.123 1507 6104 I wm_set_resumed_activity: [0,com.android.launcher3/.uioverrides.QuickstepLauncher,resumeTopActivityInnerLocked]
12-10 06:19:01.125 1507 6104 I wm_resume_activity: [0,142082565,27,com.android.launcher3/.uioverrides.QuickstepLauncher]
12-10 06:19:01.135 1507 1568 I sysui_multi_action: [757,803,799,window_time_0,802,0]
12-10 06:19:01.143 1507 1736 I input_focus: [Focus leaving 2df4d5b com.thundercomm.screensaver/android.service.dreams.DreamActivity (server),reason=NO_WINDOW]
12-10 06:19:01.144 14020 14020 I view_enqueue_input_event: [Motion - Cancel,com.thundercomm.screensaver/android.service.dreams.DreamActivity]
12-10 06:19:01.147 2526 2526 I wm_on_restart_called: [142082565,com.android.launcher3.uioverrides.QuickstepLauncher,performRestartActivity]
12-10 06:19:01.147 2526 2526 I wm_on_start_called: [142082565,com.android.launcher3.uioverrides.QuickstepLauncher,handleStartActivity]
12-10 06:19:01.147 2526 2526 I wm_on_resume_called: [142082565,com.android.launcher3.uioverrides.QuickstepLauncher,RESUME_ACTIVITY]
12-10 06:19:01.147 2526 2526 I wm_on_top_resumed_gained_called: [142082565,com.android.launcher3.uioverrides.QuickstepLauncher,topWhenResuming]
12-10 06:19:01.148 1507 1581 I am_pss : [14561,10066,com.android.gallery3d,8433664,6463488,0,93663232,0,19,6]
12-10 06:19:01.153 8492 8527 W ContextImpl: Calling a method in the system process without a qualified user: android.app.ContextImpl.startService:1816 android.content.ContextWrapper.startService:774 com.thundercomm.gamemode.ingame.services.GameModeActionUtils.startGameModeService:99 com.thundercomm.gamemode.ingame.services.GameModeActionUtils.startGameModeEntry:22 com.thundercomm.gamemode.ingame.services.ActivityMonitoringService$1.onActivityLaunch:127
12-10 06:19:01.162 1507 1569 I input_focus: [Focus request 2cb1f5d com.android.launcher3/com.android.launcher3.uioverrides.QuickstepLauncher,reason=UpdateInputWindows]
12-10 06:19:01.163 1507 1507 I GameModeConfig: Current uri is uri = content://com.thundercomm.gamemode.api/gamemode_settings/gamemode_isgaming
12-10 06:19:01.163 1507 1507 I am_uid_active: 10068
12-10 06:19:01.166 1507 1507 I GameModeConfig: isGameModeOn = true
12-10 06:19:01.166 1507 1507 I GameModeConfig: isGaming = false
12-10 06:19:01.166 1507 1507 I GameModeConfig: isGameModeOn = true
12-10 06:19:01.166 1507 1507 I GameModeConfig: isGaming = false
12-10 06:19:01.166 1507 1507 I GameModeConfig: isDisableVoice = true
12-10 06:19:01.185 1507 1613 I PowerManagerService: Powering on display group fromDreaming (groupId=0, uid=1000, reason=WAKE_REASON_UNKNOWN, details=android.server.power:DREAM_FINISHED)...
12-10 06:19:01.186 1507 1613 I PowerManagerService: Waking up from Dreaming (uid=1000, reason=WAKE_REASON_UNKNOWN, details=android.server.power:DREAM_FINISHED)...
12-10 06:19:01.192 1507 1736 I input_focus: [Focus entering 2cb1f5d com.android.launcher3/com.android.launcher3.uioverrides.QuickstepLauncher (server),reason=setFocusedWindow]
12-10 06:19:01.233 8492 8527 W ContextImpl: Calling a method in the system process without a qualified user: android.app.ContextImpl.startService:1816 android.content.ContextWrapper.startService:774 com.thundercomm.gamemode.ingame.services.GameModeActionUtils.startGameModeService:99 com.thundercomm.gamemode.ingame.services.GameModeActionUtils.startGameModeEntry:22 com.thundercomm.gamemode.ingame.services.ActivityMonitoringService$1.onActivityLaunch:127
12-10 06:19:01.237 1507 1507 I GameModeConfig: Current uri is uri = content://com.thundercomm.gamemode.api/gamemode_settings/gamemode_isgaming
12-10 06:19:01.239 1507 1507 I GameModeConfig: isGameModeOn = true
12-10 06:19:01.239 1507 1507 I GameModeConfig: isGaming = false
12-10 06:19:01.240 1507 1507 I GameModeConfig: isGameModeOn = true
12-10 06:19:01.240 1507 1507 I GameModeConfig: isGaming = false
12-10 06:19:01.240 1507 1507 I GameModeConfig: isDisableVoice = true
12-10 06:19:01.429 1507 1568 I wm_destroy_activity: [0,241839167,141,com.thundercomm.screensaver/android.service.dreams.DreamActivity,finish-imm:idle]
12-10 06:19:01.445 14020 14020 I wm_on_stop_called: [241839167,android.service.dreams.DreamActivity,LIFECYCLER_STOP_ACTIVITY]
12-10 06:19:01.445 14020 14020 I wm_on_destroy_called: [241839167,android.service.dreams.DreamActivity,performDestroy]
12-10 06:19:01.448 1507 2038 I DreamManagerService: Leaving dreamland.
12-10 06:19:01.450 1507 1564 I DreamManagerService: Performing gentle wake from dream.
12-10 06:19:01.450 1507 1564 I DreamController: Stopping dream: name=ComponentInfo{com.thundercomm.screensaver/com.thundercomm.saverclock.service.ClockScreensaver}, isTest=false, canDoze=false, userId=0, reason='finished self'(from 'finished self')
12-10 06:19:01.450 1507 1564 I sysui_multi_action: [757,222,758,2]
12-10 06:19:01.450 1507 1564 I sysui_multi_action: [757,804,799,dreaming_minutes,801,1,802,1]
12-10 06:19:01.450 8492 8527 W ContextImpl: Calling a method in the system process without a qualified user: android.app.ContextImpl.startService:1816 android.content.ContextWrapper.startService:774 com.thundercomm.gamemode.ingame.services.GameModeActionUtils.startGameModeService:99 com.thundercomm.gamemode.ingame.services.GameModeActionUtils.startGameModeEntry:22 com.thundercomm.gamemode.ingame.services.ActivityMonitoringService$1.onActivityLaunch:127
12-10 06:19:01.457 1507 1507 I GameModeConfig: Current uri is uri = content://com.thundercomm.gamemode.api/gamemode_settings/gamemode_isgaming
12-10 06:19:01.459 1507 1507 I GameModeConfig: isGameModeOn = true
12-10 06:19:01.459 1507 1507 I GameModeConfig: isGaming = false
12-10 06:19:01.460 1507 1507 I GameModeConfig: isGameModeOn = true
12-10 06:19:01.460 1507 1507 I GameModeConfig: isGaming = false
12-10 06:19:01.460 1507 1507 I GameModeConfig: isDisableVoice = true
12-10 06:19:01.471 1507 9513 I wm_task_removed: [141,removeChild:removeChild last r=ActivityRecord{e6a2c3f u0 com.thundercomm.screensaver/android.service.dreams.DreamActivity t-1 f}} in t=Task{3bd0c1a #141 type=dream A=10052:android:com.thundercomm.screensaver/dream U=0 visible=false mode=fullscreen translucent=true sz=0}]
12-10 06:19:01.472 1507 9513 I wm_task_removed: [141,removeChild]
12-10 06:19:01.475 1507 1569 W ActivityTaskManager: Can't find TaskDisplayArea to determine support for multi window. Task id=141 attached=false
12-10 06:19:02.155 0 0 I auditd : type=1400 audit(0.0:18306): avc: denied { kill } for comm="swapper/1" capability=5 scontext=u:r:kernel:s0 tcontext=u:r:kernel:s0 tclass=capability permissive=0
12-10 06:19:03.056 1507 1736 I input_interaction: Interaction with: 2cb1f5d com.android.launcher3/com.android.launcher3.uioverrides.QuickstepLauncher (server), 5478378 com.android.systemui.ImageWallpaper (server), edge-swipe (server), swipe-up (server), PointerEventDispatcher0 (server),
12-10 06:19:03.059 1507 1507 I service_manager_stats: [100,76,156362]
12-10 06:19:03.155 0 0 I auditd : type=1400 audit(0.0:18307): avc: denied { kill } for comm="swapper/1" capability=5 scontext=u:r:kernel:s0 tcontext=u:r:kernel:s0 tclass=capability permissive=0
12-10 06:19:04.155 0 0 I auditd : type=1400 audit(0.0:18308): avc: denied { kill } for comm="swapper/1" capability=5 scontext=u:r:kernel:s0 tcontext=u:r:kernel:s0 tclass=capability permissive=0
12-10 06:19:05.155 0 0 I auditd : type=1400 audit(0.0:18309): avc: denied { kill } for comm="swapper/1" capability=5 scontext=u:r:kernel:s0 tcontext=u:r:kernel:s0 tclass=capability permissive=0
12-10 06:19:06.155 0 0 I auditd : type=1400 audit(0.0:18310): avc: denied { kill } for comm="swapper/1" capability=5 scontext=u:r:kernel:s0 tcontext=u:r:kernel:s0 tclass=capability permissive=0
12-10 06:19:07.155 0 0 I auditd : type=1400 audit(0.0:18311): avc: denied { kill } for comm="swapper/1" capability=5 scontext=u:r:kernel:s0 tcontext=u:r:kernel:s0 tclass=capability permissive=0
12-10 06:19:08.155 0 0 I auditd : type=1400 audit(0.0:18312): avc: denied { kill } for comm="swapper/1" capability=5 scontext=u:r:kernel:s0 tcontext=u:r:kernel:s0 tclass=capability permissive=0
12-10 06:19:09.155 0 0 I auditd : type=1400 audit(0.0:18313): avc: denied { kill } for comm="swapper/1" capability=5 scontext=u:r:kernel:s0 tcontext=u:r:kernel:s0 tclass=capability permissive=0
12-10 06:19:10.155 0 0 I auditd : type=1400 audit(0.0:18314): avc: denied { kill } for comm="swapper/1" capability=5 scontext=u:r:kernel:s0 tcontext=u:r:kernel:s0 tclass=capability permissive=0
12-10 06:19:11.114 1507 1710 I commit_sys_config_file: [settings-1-0,15]
12-10 06:19:13.155 0 0 I auditd : type=1400 audit(0.0:18315): avc: denied { kill } for comm="swapper/1" capability=5 scontext=u:r:kernel:s0 tcontext=u:r:kernel:s0 tclass=capability permissive=0
12-10 06:19:14.155 0 0 I auditd : type=1400 audit(0.0:18316): avc: denied { kill } for comm="swapper/1" capability=5 scontext=u:r:kernel:s0 tcontext=u:r:kernel:s0 tclass=capability permissive=0
12-10 06:19:14.289 1507 2038 I ActivityTaskManager: START u0 {act=com.android.deskclock.action.START_STOPWATCH flg=0x10000000 cmp=com.android.deskclock/.HandleShortcuts bnds=[752,830][1078,930] (has extras)} from uid 10069
12-10 06:19:14.291 1507 2038 I wm_task_created: [142,-1]
12-10 06:19:14.291 1507 2038 W ActivityTaskManager: Can't find TaskDisplayArea to determine support for multi window. Task id=142 attached=false
12-10 06:19:14.298 1507 2038 I wm_task_moved: [142,1,8]
12-10 06:19:14.298 1507 2038 I wm_task_to_front: [0,142]
12-10 06:19:14.299 1507 2038 I wm_create_task: [0,142]
12-10 06:19:14.299 1507 2038 I wm_create_activity: [0,119440256,142,com.android.deskclock/.HandleShortcuts,com.android.deskclock.action.START_STOPWATCH,NULL,NULL,276824064]
12-10 06:19:14.299 1507 2038 I wm_task_moved: [142,1,8]
12-10 06:19:14.301 1507 2038 I wm_pause_activity: [0,142082565,com.android.launcher3/.uioverrides.QuickstepLauncher,userLeaving=true,pauseBackTasks]
12-10 06:19:14.308 2526 2526 I wm_on_top_resumed_lost_called: [142082565,com.android.launcher3.uioverrides.QuickstepLauncher,topStateChangedWhenResumed]
12-10 06:19:14.317 2526 2526 I wm_on_paused_called: [142082565,com.android.launcher3.uioverrides.QuickstepLauncher,performPause]
12-10 06:19:14.318 1507 9513 I ActivityTaskManager: FOREGROUND_APPLICATION_CHANGED to com.android.deskclock.HandleShortcuts
12-10 06:19:14.319 1507 9513 I ActivityTaskManager: The Process com.android.deskclock Already Exists in BG. So sending its PID: 13893
12-10 06:19:14.319 1507 9513 W ActivityTaskManager: Tried to set launchTime (0) < mLastActivityLaunchTime (16511860)
12-10 06:19:14.321 1507 9513 I wm_restart_activity: [0,119440256,142,com.android.deskclock/.HandleShortcuts]
12-10 06:19:14.323 1507 9513 I wm_set_resumed_activity: [0,com.android.deskclock/.HandleShortcuts,minimalResumeActivityLocked]
12-10 06:19:14.328 1507 1568 I am_uid_active: 10069
12-10 06:19:14.332 1507 1568 I sysui_multi_action: [757,803,799,window_time_0,802,13]
12-10 06:19:14.343 1507 2038 I ActivityTaskManager: START u0 {act=com.android.deskclock.action.START_STOPWATCH cmp=com.android.deskclock/.DeskClock} from uid 10069
12-10 06:19:14.345 1507 2038 I wm_task_moved: [137,1,8]
12-10 06:19:14.345 1507 2038 I wm_task_to_front: [0,137]
12-10 06:19:14.346 1507 2038 I wm_focused_root_task: [0,0,137,142,bringingFoundTaskToFront]
12-10 06:19:14.346 1507 2038 I wm_set_resumed_activity: [0,com.android.deskclock/.DeskClock,bringingFoundTaskToFront]
12-10 06:19:14.346 1507 2038 I wm_new_intent: [0,28595287,137,com.android.deskclock/.DeskClock,NULL,NULL,NULL,268435456]
12-10 06:19:14.347 1507 2038 I wm_pause_activity: [0,119440256,com.android.deskclock/.HandleShortcuts,userLeaving=true,pauseBackTasks]
12-10 06:19:14.352 8492 8527 W ContextImpl: Calling a method in the system process without a qualified user: android.app.ContextImpl.startService:1816 android.content.ContextWrapper.startService:774 com.thundercomm.gamemode.ingame.services.GameModeActionUtils.startGameModeService:99 com.thundercomm.gamemode.ingame.services.GameModeActionUtils.startGameModeEntry:22 com.thundercomm.gamemode.ingame.services.ActivityMonitoringService$1.onActivityLaunch:127
12-10 06:19:14.356 1507 2038 I wm_finish_activity: [0,119440256,142,com.android.deskclock/.HandleShortcuts,app-request]
12-10 06:19:14.356 13893 13893 I wm_on_create_called: [119440256,com.android.deskclock.HandleShortcuts,performCreate]
12-10 06:19:14.361 1507 1507 I GameModeConfig: Current uri is uri = content://com.thundercomm.gamemode.api/gamemode_settings/gamemode_isgaming
12-10 06:19:14.364 1507 1507 I GameModeConfig: isGameModeOn = true
12-10 06:19:14.364 1507 1507 I GameModeConfig: isGaming = false
12-10 06:19:14.365 1507 1507 I GameModeConfig: isGameModeOn = true
12-10 06:19:14.365 1507 1507 I GameModeConfig: isGaming = false
12-10 06:19:14.365 1507 1507 I GameModeConfig: isDisableVoice = true
12-10 06:19:14.369 1507 2157 I wm_add_to_stopping: [0,119440256,com.android.deskclock/.HandleShortcuts,completeFinishing]
12-10 06:19:14.370 1507 2157 I ActivityTaskManager: FOREGROUND_APPLICATION_CHANGED to com.android.deskclock.DeskClock
12-10 06:19:14.371 1507 2157 I wm_set_resumed_activity: [0,com.android.deskclock/.DeskClock,resumeTopActivityInnerLocked]
12-10 06:19:14.371 1507 2157 I wm_add_to_stopping: [0,142082565,com.android.launcher3/.uioverrides.QuickstepLauncher,makeInvisible]
12-10 06:19:14.372 1507 2157 I wm_resume_activity: [0,28595287,137,com.android.deskclock/.DeskClock]
12-10 06:19:14.377 13893 13893 I wm_on_restart_called: [28595287,com.android.deskclock.DeskClock,performRestartActivity]
12-10 06:19:14.377 1507 1568 I wm_destroy_activity: [0,119440256,142,com.android.deskclock/.HandleShortcuts,finish-imm:idle]
12-10 06:19:14.378 1507 1568 I sysui_multi_action: [757,803,799,window_time_0,802,0]
12-10 06:19:14.382 13893 13893 I wm_on_start_called: [28595287,com.android.deskclock.DeskClock,handleStartActivity]
12-10 06:19:14.382 13893 13893 I wm_on_resume_called: [28595287,com.android.deskclock.DeskClock,RESUME_ACTIVITY]
12-10 06:19:14.386 13893 13893 I wm_on_top_resumed_gained_called: [28595287,com.android.deskclock.DeskClock,topWhenResuming]
12-10 06:19:14.396 1507 1569 I input_focus: [Focus request 51227b0 com.android.deskclock/com.android.deskclock.DeskClock,reason=UpdateInputWindows]
12-10 06:19:14.409 1507 1736 I input_focus: [Focus leaving 2cb1f5d com.android.launcher3/com.android.launcher3.uioverrides.QuickstepLauncher (server),reason=NO_WINDOW]
12-10 06:19:14.418 1507 1564 I sysui_multi_action: [319,122,322,121,325,16803,757,761,758,8,759,2,806,com.android.deskclock,871,com.android.deskclock.DeskClock,904,com.android.launcher3,905,0,1320,8,1321,5]
12-10 06:19:14.419 1507 1564 I wm_activity_launch_time: [0,28595287,com.android.deskclock/.DeskClock,121]
12-10 06:19:14.420 13893 13893 I wm_on_destroy_called: [119440256,com.android.deskclock.HandleShortcuts,performDestroy]
12-10 06:19:14.424 1507 1736 I input_focus: [Focus entering 51227b0 com.android.deskclock/com.android.deskclock.DeskClock (server),reason=setFocusedWindow]
12-10 06:19:14.431 1507 12191 I wm_task_removed: [142,removeChild:removeChild last r=ActivityRecord{71e8380 u0 com.android.deskclock/.HandleShortcuts t-1 f}} in t=Task{7a857ac #142 type=standard I=com.android.deskclock/.HandleShortcuts U=0 visible=false mode=fullscreen translucent=true sz=0}]
12-10 06:19:14.431 1507 12191 I wm_task_removed: [142,removeChild]
12-10 06:19:14.483 8492 8527 W ContextImpl: Calling a method in the system process without a qualified user: android.app.ContextImpl.startService:1816 android.content.ContextWrapper.startService:774 com.thundercomm.gamemode.ingame.services.GameModeActionUtils.startGameModeService:99 com.thundercomm.gamemode.ingame.services.GameModeActionUtils.startGameModeEntry:22 com.thundercomm.gamemode.ingame.services.ActivityMonitoringService$1.onActivityLaunch:127
12-10 06:19:14.487 1507 1507 I GameModeConfig: Current uri is uri = content://com.thundercomm.gamemode.api/gamemode_settings/gamemode_isgaming
12-10 06:19:14.488 1507 1507 I GameModeConfig: isGameModeOn = true
12-10 06:19:14.488 1507 1507 I GameModeConfig: isGaming = false
12-10 06:19:14.488 1507 1507 I GameModeConfig: isGameModeOn = true
12-10 06:19:14.488 1507 1507 I GameModeConfig: isGaming = false
12-10 06:19:14.488 1507 1507 I GameModeConfig: isDisableVoice = true
12-10 06:19:14.982 1507 1568 I wm_stop_activity: [0,142082565,com.android.launcher3/.uioverrides.QuickstepLauncher]
12-10 06:19:15.030 2526 2526 I wm_on_stop_called: [142082565,com.android.launcher3.uioverrides.QuickstepLauncher,STOP_ACTIVITY_ITEM]
12-10 06:19:15.054 8492 8527 W ContextImpl: Calling a method in the system process without a qualified user: android.app.ContextImpl.startService:1816 android.content.ContextWrapper.startService:774 com.thundercomm.gamemode.ingame.services.GameModeActionUtils.startGameModeService:99 com.thundercomm.gamemode.ingame.services.GameModeActionUtils.startGameModeEntry:22 com.thundercomm.gamemode.ingame.services.ActivityMonitoringService$1.onActivityLaunch:127
12-10 06:19:15.059 1507 1507 I GameModeConfig: Current uri is uri = content://com.thundercomm.gamemode.api/gamemode_settings/gamemode_isgaming
12-10 06:19:15.062 1507 1507 I GameModeConfig: isGameModeOn = true
12-10 06:19:15.062 1507 1507 I GameModeConfig: isGaming = false
12-10 06:19:15.063 1507 1507 I GameModeConfig: isGameModeOn = true
12-10 06:19:15.063 1507 1507 I GameModeConfig: isGaming = false
12-10 06:19:15.063 1507 1507 I GameModeConfig: isDisableVoice = true
12-10 06:19:15.155 0 0 I auditd : type=1400 audit(0.0:18317): avc: denied { kill } for comm="swapper/1" capability=5 scontext=u:r:kernel:s0 tcontext=u:r:kernel:s0 tclass=capability permissive=0
12-10 06:19:16.957 1507 1736 I input_interaction: Interaction with: 51227b0 com.android.deskclock/com.android.deskclock.DeskClock (server), edge-swipe (server), swipe-up (server), PointerEventDispatcher0 (server),
12-10 06:19:16.980 1507 9513 I wm_task_moved: [26,0,0]
12-10 06:19:16.980 1507 9513 I wm_task_moved: [26,0,6]
12-10 06:19:17.009 2526 2526 I wm_on_restart_called: [142082565,com.android.launcher3.uioverrides.QuickstepLauncher,performRestartActivity]
12-10 06:19:17.011 8492 8527 W ContextImpl: Calling a method in the system process without a qualified user: android.app.ContextImpl.startService:1816 android.content.ContextWrapper.startService:774 com.thundercomm.gamemode.ingame.services.GameModeActionUtils.startGameModeService:99 com.thundercomm.gamemode.ingame.services.GameModeActionUtils.startGameModeEntry:22 com.thundercomm.gamemode.ingame.services.ActivityMonitoringService$1.onActivityLaunch:127
12-10 06:19:17.025 1507 1507 I GameModeConfig: Current uri is uri = content://com.thundercomm.gamemode.api/gamemode_settings/gamemode_isgaming
12-10 06:19:17.028 1507 1507 I GameModeConfig: isGameModeOn = true
12-10 06:19:17.029 1507 1507 I GameModeConfig: isGaming = false
12-10 06:19:17.033 1507 1507 I GameModeConfig: isGameModeOn = true
12-10 06:19:17.033 1507 1507 I GameModeConfig: isGaming = false
12-10 06:19:17.033 1507 1507 I GameModeConfig: isDisableVoice = true
12-10 06:19:17.044 2526 2526 I wm_on_start_called: [142082565,com.android.launcher3.uioverrides.QuickstepLauncher,handleStartActivity]
12-10 06:19:17.055 1507 2038 W ActivityTaskManager: getTaskSnapshot: taskId=4136 not found
