12-10 06:04:46.201 1507 1528 W ActivityTaskManager: getTaskSnapshot: taskId=3113 not found
12-10 06:04:46.204 1507 6850 W ActivityTaskManager: getTaskSnapshot: taskId=2113 not found
12-10 06:04:46.208 1507 6852 W WindowManager: updateScale0.7996942
12-10 06:04:46.208 1507 1507 I GameModeConfig: isGameModeOn = true
12-10 06:04:46.209 1507 1507 I GameModeConfig: isGaming = false
12-10 06:04:46.209 1507 1507 I GameModeConfig: isGameModeOn = true
12-10 06:04:46.209 1507 1507 I GameModeConfig: isGaming = false
12-10 06:04:46.209 1507 1507 I GameModeConfig: isDisableVoice = true
12-10 06:04:46.211 1507 6850 W ActivityTaskManager: getTaskSnapshot: taskId=1113 not found
12-10 06:04:46.221 1507 1569 W WindowManager: updateScale0.7996942
12-10 06:04:46.222 1507 1569 W WindowManager: updateScale0.7996942
12-10 06:04:46.224 1507 1569 W WindowManager: updateScale0.7996942
12-10 06:04:46.232 1507 1564 I sysui_multi_action: [319,9,322,51,325,15935,757,761,758,9,759,5,806,com.android.launcher3,871,com.android.launcher3.uioverrides.QuickstepLauncher,904,com.android.launcher3,905,0,1320,8,1321,5]
12-10 06:04:46.400 1507 1710 I commit_sys_config_file: [settings-1-0,3]
12-10 06:04:46.403 12573 12573 I view_enqueue_input_event: [Motion - Cancel,com.android.settings/com.android.settings.homepage.SettingsHomepageActivity]
12-10 06:04:46.414 2526 2526 I sysui_latency: [1,64]
12-10 06:04:46.419 1507 1736 I input_interaction: Interaction with: edge-swipe (server), swipe-up (server), PointerEventDispatcher0 (server),
12-10 06:04:46.428 1507 1569 I input_focus: [Focus request recents_animation_input_consumer,reason=UpdateInputWindows]
12-10 06:04:46.428 1507 1569 W WindowManager: updateScale0.7996942
12-10 06:04:46.430 1507 1569 W WindowManager: updateScale0.7996942
12-10 06:04:46.438 1507 1736 I input_focus: [Focus leaving 857ffa8 com.android.settings/com.android.settings.homepage.SettingsHomepageActivity (server),reason=NOT_FOCUSABLE]
12-10 06:04:46.439 1507 1736 I input_focus: [Focus entering recents_animation_input_consumer (server),reason=setFocusedWindow]
12-10 06:04:46.525 1507 1581 I sysui_latency: [8,66]
12-10 06:04:46.785 1507 1569 W WindowManager: updateScale0.7996942
12-10 06:04:47.142 1507 6852 I wm_task_moved: [26,1,8]
12-10 06:04:47.145 1507 6852 I wm_focused_root_task: [0,0,26,111,RecentsAnimation.onAnimationFinished()]
12-10 06:04:47.146 12573 12573 I wm_on_top_resumed_lost_called: [77725580,com.android.settings.homepage.SettingsHomepageActivity,topStateChangedWhenResumed]
12-10 06:04:47.147 1507 6852 I wm_pause_activity: [0,77725580,com.android.settings/.homepage.SettingsHomepageActivity,userLeaving=false,pauseBackTasks]
12-10 06:04:47.148 1507 6852 I ActivityTaskManager: FOREGROUND_APPLICATION_CHANGED to com.android.launcher3.uioverrides.QuickstepLauncher
12-10 06:04:47.149 1507 6852 I wm_set_resumed_activity: [0,com.android.launcher3/.uioverrides.QuickstepLauncher,resumeTopActivityInnerLocked]
12-10 06:04:47.150 1507 6852 I wm_resume_activity: [0,142082565,27,com.android.launcher3/.uioverrides.QuickstepLauncher]
12-10 06:04:47.150 1507 6852 I wm_add_to_stopping: [0,77725580,com.android.settings/.homepage.SettingsHomepageActivity,makeInvisible]
12-10 06:04:47.151 1507 6852 W WindowManager: updateScale0.7996942
12-10 06:04:47.153 2526 2526 I wm_on_resume_called: [142082565,com.android.launcher3.uioverrides.QuickstepLauncher,RESUME_ACTIVITY]
12-10 06:04:47.154 1507 6852 W WindowManager: updateScale0.7996942
12-10 06:04:47.157 1507 1569 I input_focus: [Focus request 2cb1f5d com.android.launcher3/com.android.launcher3.uioverrides.QuickstepLauncher,reason=UpdateInputWindows]
12-10 06:04:47.160 12573 12573 I sysui_multi_action: [757,35,758,2,1089,2904]
12-10 06:04:47.160 12573 12573 I sysui_multi_action: [757,488,758,2,1089,2903]
12-10 06:04:47.160 12573 12573 I wm_on_paused_called: [77725580,com.android.settings.homepage.SettingsHomepageActivity,performPause]
12-10 06:04:47.163 1507 1568 I sysui_multi_action: [757,803,799,window_time_0,802,3]
12-10 06:04:47.171 1507 1568 I wm_stop_activity: [0,77725580,com.android.settings/.homepage.SettingsHomepageActivity]
12-10 06:04:47.171 1507 6852 I wm_finish_activity: [0,16545336,110,com.android.music/.VideoBrowserActivity,app-request]
12-10 06:04:47.173 1507 1736 I input_focus: [Focus leaving recents_animation_input_consumer (server),reason=NOT_VISIBLE]
12-10 06:04:47.174 1507 1736 I input_focus: [Focus entering 2cb1f5d com.android.launcher3/com.android.launcher3.uioverrides.QuickstepLauncher (server),reason=setFocusedWindow]
12-10 06:04:47.191 1507 6852 I wm_pause_activity: [0,16545336,com.android.music/.VideoBrowserActivity,userLeaving=false,finish]
12-10 06:04:47.191 12253 12253 I wm_on_paused_called: [16545336,com.android.music.VideoBrowserActivity,performPause]
12-10 06:04:47.198 1507 1965 I wm_destroy_activity: [0,16545336,110,com.android.music/.VideoBrowserActivity,finish-imm:completePausedLocked]
12-10 06:04:47.200 12573 12573 I wm_on_stop_called: [77725580,com.android.settings.homepage.SettingsHomepageActivity,STOP_ACTIVITY_ITEM]
12-10 06:04:47.209 1507 1568 I sysui_multi_action: [757,803,799,window_time_0,802,0]
12-10 06:04:47.219 12253 12253 I wm_on_stop_called: [16545336,com.android.music.VideoBrowserActivity,LIFECYCLER_STOP_ACTIVITY]
12-10 06:04:47.221 1507 1568 I sysui_multi_action: [757,803,799,window_time_0,802,0]
12-10 06:04:47.222 12253 12253 I wm_on_destroy_called: [16545336,com.android.music.VideoBrowserActivity,performDestroy]
12-10 06:04:47.227 1507 2719 E TaskPersister: File error accessing recents directory (directory doesn't exist?).
12-10 06:04:47.231 8492 8527 W ContextImpl: Calling a method in the system process without a qualified user: android.app.ContextImpl.startService:1816 android.content.ContextWrapper.startService:774 com.thundercomm.gamemode.ingame.services.GameModeActionUtils.startGameModeService:99 com.thundercomm.gamemode.ingame.services.GameModeActionUtils.startGameModeEntry:22 com.thundercomm.gamemode.ingame.services.ActivityMonitoringService$1.onActivityLaunch:127
12-10 06:04:47.238 1507 1507 I GameModeConfig: Current uri is uri = content://com.thundercomm.gamemode.api/gamemode_settings/gamemode_isgaming
12-10 06:04:47.241 1507 1507 I GameModeConfig: isGameModeOn = true
12-10 06:04:47.241 1507 1507 I GameModeConfig: isGaming = false
12-10 06:04:47.241 1507 1507 I GameModeConfig: isGameModeOn = true
12-10 06:04:47.241 1507 1507 I GameModeConfig: isGaming = false
12-10 06:04:47.241 1507 1507 I GameModeConfig: isDisableVoice = true
12-10 06:04:47.250 8492 8527 W ContextImpl: Calling a method in the system process without a qualified user: android.app.ContextImpl.startService:1816 android.content.ContextWrapper.startService:774 com.thundercomm.gamemode.ingame.services.GameModeActionUtils.startGameModeService:99 com.thundercomm.gamemode.ingame.services.GameModeActionUtils.startGameModeEntry:22 com.thundercomm.gamemode.ingame.services.ActivityMonitoringService$1.onActivityLaunch:127
12-10 06:04:47.257 1507 1507 I GameModeConfig: Current uri is uri = content://com.thundercomm.gamemode.api/gamemode_settings/gamemode_isgaming
12-10 06:04:47.259 1507 1507 I GameModeConfig: isGameModeOn = true
12-10 06:04:47.259 1507 1507 I GameModeConfig: isGaming = false
12-10 06:04:47.260 1507 1507 I GameModeConfig: isGameModeOn = true
12-10 06:04:47.260 1507 1507 I GameModeConfig: isGaming = false
12-10 06:04:47.260 1507 1507 I GameModeConfig: isDisableVoice = true
12-10 06:04:47.264 2526 2526 I wm_on_top_resumed_gained_called: [142082565,com.android.launcher3.uioverrides.QuickstepLauncher,topStateChangedWhenResumed]
12-10 06:04:47.307 8492 8527 W ContextImpl: Calling a method in the system process without a qualified user: android.app.ContextImpl.startService:1816 android.content.ContextWrapper.startService:774 com.thundercomm.gamemode.ingame.services.GameModeActionUtils.startGameModeService:99 com.thundercomm.gamemode.ingame.services.GameModeActionUtils.startGameModeEntry:22 com.thundercomm.gamemode.ingame.services.ActivityMonitoringService$1.onActivityLaunch:127
12-10 06:04:47.313 1507 1507 I GameModeConfig: Current uri is uri = content://com.thundercomm.gamemode.api/gamemode_settings/gamemode_isgaming
12-10 06:04:47.314 1507 1507 I GameModeConfig: isGameModeOn = true
12-10 06:04:47.314 1507 1507 I GameModeConfig: isGaming = false
12-10 06:04:47.314 1507 1507 I GameModeConfig: isGameModeOn = true
12-10 06:04:47.314 1507 1507 I GameModeConfig: isGaming = false
12-10 06:04:47.314 1507 1507 I GameModeConfig: isDisableVoice = true
12-10 06:04:47.428 1507 1710 I commit_sys_config_file: [settings-1-0,3]
12-10 06:04:47.489 1507 1569 I wm_task_removed: [110,removeChild:removeChild last r=ActivityRecord{fc7638 u0 com.android.music/.VideoBrowserActivity t-1 f}} in t=Task{efbd450 #110 type=standard A=10090:android.task.video U=0 visible=false mode=freeform translucent=true sz=0}]
12-10 06:04:47.489 1507 1569 I wm_task_removed: [110,removeChild]
12-10 06:04:47.489 1507 1569 D FreeFormWindowHelper: Remove freefrom task=Task{efbd450 #110 type=standard A=10090:android.task.video U=0 visible=false mode=freeform translucent=true sz=0}
12-10 06:04:48.155 0 0 I auditd : type=1400 audit(0.0:17309): avc: denied { kill } for comm="swapper/1" capability=5 scontext=u:r:kernel:s0 tcontext=u:r:kernel:s0 tclass=capability permissive=0
12-10 06:04:48.347 1507 1736 I input_interaction: Interaction with: 2cb1f5d com.android.launcher3/com.android.launcher3.uioverrides.QuickstepLauncher (server), 5478378 com.android.systemui.ImageWallpaper (server), edge-swipe (server), swipe-up (server), PointerEventDispatcher0 (server),
12-10 06:04:48.429 1507 2792 I wm_task_moved: [26,1,7]
12-10 06:04:48.430 1507 2792 I wm_set_resumed_activity: [0,com.android.launcher3/.uioverrides.QuickstepLauncher,positionChildAt]
12-10 06:04:48.430 1507 2792 I wm_task_moved: [111,1,7]
12-10 06:04:48.431 1507 2792 I wm_focused_root_task: [0,0,111,26,moveTaskToFront findTaskToMoveToFront]
12-10 06:04:48.432 1507 2792 I wm_set_resumed_activity: [0,com.android.settings/.homepage.SettingsHomepageActivity,moveTaskToFront findTaskToMoveToFront]
12-10 06:04:48.433 1507 2792 I wm_pause_activity: [0,142082565,com.android.launcher3/.uioverrides.QuickstepLauncher,userLeaving=true,pauseBackTasks]
12-10 06:04:48.442 2526 2526 I wm_on_top_resumed_lost_called: [142082565,com.android.launcher3.uioverrides.QuickstepLauncher,topStateChangedWhenResumed]
12-10 06:04:48.450 2526 2526 I wm_on_paused_called: [142082565,com.android.launcher3.uioverrides.QuickstepLauncher,performPause]
12-10 06:04:48.453 1507 2042 I ActivityTaskManager: FOREGROUND_APPLICATION_CHANGED to com.android.settings.homepage.SettingsHomepageActivity
12-10 06:04:48.457 1507 2042 I wm_set_resumed_activity: [0,com.android.settings/.homepage.SettingsHomepageActivity,resumeTopActivityInnerLocked]
12-10 06:04:48.457 1507 2042 I wm_add_to_stopping: [0,142082565,com.android.launcher3/.uioverrides.QuickstepLauncher,makeInvisible]
12-10 06:04:48.459 1507 2042 I wm_resume_activity: [0,77725580,111,com.android.settings/.homepage.SettingsHomepageActivity]
12-10 06:04:48.471 1507 1568 I sysui_multi_action: [757,803,799,window_time_0,802,1]
12-10 06:04:48.476 1507 1736 I input_focus: [Focus leaving 2cb1f5d com.android.launcher3/com.android.launcher3.uioverrides.QuickstepLauncher (server),reason=NO_WINDOW]
12-10 06:04:48.486 12573 12573 I wm_on_restart_called: [77725580,com.android.settings.homepage.SettingsHomepageActivity,performRestartActivity]
12-10 06:04:48.490 12573 12573 I wm_on_start_called: [77725580,com.android.settings.homepage.SettingsHomepageActivity,handleStartActivity]
12-10 06:04:48.491 12573 12573 I snet_event_log: [120484087,-1,]
12-10 06:04:48.491 12573 12573 I wm_on_resume_called: [77725580,com.android.settings.homepage.SettingsHomepageActivity,RESUME_ACTIVITY]
12-10 06:04:48.491 12573 12573 I sysui_multi_action: [757,35,758,1,833,0,1089,0]
12-10 06:04:48.492 12573 12573 I sysui_multi_action: [757,488,758,1,833,0,1089,0]
12-10 06:04:48.503 12573 12573 I wm_on_top_resumed_gained_called: [77725580,com.android.settings.homepage.SettingsHomepageActivity,topWhenResuming]
12-10 06:04:48.510 1507 1569 I input_focus: [Focus request 857ffa8 com.android.settings/com.android.settings.homepage.SettingsHomepageActivity,reason=UpdateInputWindows]
12-10 06:04:48.527 1507 1736 I input_focus: [Focus entering 857ffa8 com.android.settings/com.android.settings.homepage.SettingsHomepageActivity (server),reason=setFocusedWindow]
12-10 06:04:48.536 1507 1564 I sysui_multi_action: [319,46,321,43,322,90,325,15937,757,761,758,9,759,4,806,com.android.settings,871,com.android.settings.homepage.SettingsHomepageActivity,904,com.android.settings,905,0,1320,8,1321,5]
12-10 06:04:48.551 1507 1583 I am_uid_idle: 10061
12-10 06:04:48.567 8492 8527 W ContextImpl: Calling a method in the system process without a qualified user: android.app.ContextImpl.startService:1816 android.content.ContextWrapper.startService:774 com.thundercomm.gamemode.ingame.services.GameModeActionUtils.startGameModeService:99 com.thundercomm.gamemode.ingame.services.GameModeActionUtils.startGameModeEntry:22 com.thundercomm.gamemode.ingame.services.ActivityMonitoringService$1.onActivityLaunch:127
12-10 06:04:48.572 1507 1507 I GameModeConfig: Current uri is uri = content://com.thundercomm.gamemode.api/gamemode_settings/gamemode_isgaming
12-10 06:04:48.581 1507 1507 I GameModeConfig: isGameModeOn = true
12-10 06:04:48.581 1507 1507 I GameModeConfig: isGaming = false
12-10 06:04:48.581 1507 1507 I GameModeConfig: isGameModeOn = true
12-10 06:04:48.581 1507 1507 I GameModeConfig: isGaming = false
12-10 06:04:48.581 1507 1507 I GameModeConfig: isDisableVoice = true
12-10 06:04:48.862 1507 1568 I wm_stop_activity: [0,142082565,com.android.launcher3/.uioverrides.QuickstepLauncher]
12-10 06:04:48.909 1507 6850 W FreeFormWindowHelper: exitRecentTasks type=0
12-10 06:04:48.910 1507 6850 W ContextImpl: Calling a method in the system process without a qualified user: android.app.ContextImpl.startActivity:1067 com.android.server.wm.FreeFormWindowHelper.exitRecentTasks:495 com.android.server.wm.ActivityTaskManagerService.exitRecentTasks:3795 android.app.IActivityTaskManager$Stub.onTransact:2307 com.android.server.wm.ActivityTaskManagerService.onTransact:5046
12-10 06:04:48.911 1507 6850 I ActivityTaskManager: START u0 {act=android.intent.action.MAIN cat=[android.intent.category.LAUNCHER] flg=0x10200000 cmp=com.android.music/.VideoBrowserActivity} from uid 1000
12-10 06:04:48.916 1507 6850 I wm_task_created: [114,-1]
12-10 06:04:48.917 1507 6850 W ActivityTaskManager: Can't find TaskDisplayArea to determine support for multi window. Task id=114 attached=false
12-10 06:04:48.919 1507 6850 D FreeFormWindowHelper: Add freeform task=Task{5340636 #114 type=standard ?? U=0 visible=false mode=freeform translucent=true sz=0}
12-10 06:04:48.922 1507 6850 I wm_task_moved: [114,1,8]
12-10 06:04:48.922 1507 6850 I wm_task_to_front: [0,114]
12-10 06:04:48.922 1507 6850 I wm_create_task: [0,114]
12-10 06:04:48.923 1507 6850 I wm_create_activity: [0,80693559,114,com.android.music/.VideoBrowserActivity,android.intent.action.MAIN,NULL,NULL,270532608]
12-10 06:04:48.923 1507 6850 I wm_task_moved: [114,1,8]
12-10 06:04:48.923 12573 12573 I wm_on_top_resumed_lost_called: [77725580,com.android.settings.homepage.SettingsHomepageActivity,topStateChangedWhenResumed]
12-10 06:04:48.924 1507 6850 I ActivityTaskManager: FOREGROUND_APPLICATION_CHANGED to com.android.music.VideoBrowserActivity
12-10 06:04:48.924 1507 6850 I ActivityTaskManager: The Process com.android.music Already Exists in BG. So sending its PID: 12253
12-10 06:04:48.924 1507 6850 W ActivityTaskManager: Tried to set launchTime (0) < mLastActivityLaunchTime (15368506)
12-10 06:04:48.926 1507 6850 I wm_restart_activity: [0,80693559,114,com.android.music/.VideoBrowserActivity]
12-10 06:04:48.927 1507 6850 I wm_set_resumed_activity: [0,com.android.music/.VideoBrowserActivity,minimalResumeActivityLocked]
12-10 06:04:48.953 8492 8527 W ContextImpl: Calling a method in the system process without a qualified user: android.app.ContextImpl.startService:1816 android.content.ContextWrapper.startService:774 com.thundercomm.gamemode.ingame.services.GameModeActionUtils.startGameModeService:99 com.thundercomm.gamemode.ingame.services.GameModeActionUtils.startGameModeEntry:22 com.thundercomm.gamemode.ingame.services.ActivityMonitoringService$1.onActivityLaunch:127
12-10 06:04:48.959 1507 1507 I GameModeConfig: Current uri is uri = content://com.thundercomm.gamemode.api/gamemode_settings/gamemode_isgaming
12-10 06:04:48.961 1507 1507 I GameModeConfig: isGameModeOn = true
12-10 06:04:48.961 1507 1507 I GameModeConfig: isGaming = false
12-10 06:04:48.961 1507 1507 I GameModeConfig: isGameModeOn = true
12-10 06:04:48.961 1507 1507 I GameModeConfig: isGaming = false
12-10 06:04:48.961 1507 1507 I GameModeConfig: isDisableVoice = true
12-10 06:04:48.973 12253 12253 I wm_on_create_called: [80693559,com.android.music.VideoBrowserActivity,performCreate]
12-10 06:04:48.973 12253 12253 I wm_on_start_called: [80693559,com.android.music.VideoBrowserActivity,handleStartActivity]
12-10 06:04:48.973 12253 12253 I wm_on_resume_called: [80693559,com.android.music.VideoBrowserActivity,RESUME_ACTIVITY]
12-10 06:04:48.977 12253 12253 I wm_on_top_resumed_gained_called: [80693559,com.android.music.VideoBrowserActivity,topStateChangedWhenResumed]
12-10 06:04:48.980 1507 6850 W WindowManager: updateScale0.7996942
12-10 06:04:48.983 1507 1569 I input_focus: [Focus request 83d8110 com.android.music/com.android.music.VideoBrowserActivity,reason=UpdateInputWindows]
12-10 06:04:48.984 2526 2526 I wm_on_stop_called: [142082565,com.android.launcher3.uioverrides.QuickstepLauncher,STOP_ACTIVITY_ITEM]
12-10 06:04:48.990 1507 1569 W WindowManager: updateScale0.7996942
12-10 06:04:48.995 1507 1736 I input_focus: [Focus leaving 857ffa8 com.android.settings/com.android.settings.homepage.SettingsHomepageActivity (server),reason=Waiting for window because NOT_VISIBLE]
12-10 06:04:48.995 1507 1569 W WindowManager: updateScale0.7996942
12-10 06:04:48.996 1507 1569 W WindowManager: updateScale0.7996942
12-10 06:04:49.005 1507 1564 I sysui_multi_action: [319,84,322,83,325,15937,757,761,758,8,759,2,806,com.android.music,871,com.android.music.VideoBrowserActivity,904,android,905,0,1320,8,1321,5]
12-10 06:04:49.007 1507 1564 I wm_activity_launch_time: [0,80693559,com.android.music/.VideoBrowserActivity,83]
12-10 06:04:49.011 1507 1736 I input_focus: [Focus entering 83d8110 com.android.music/com.android.music.VideoBrowserActivity (server),reason=Window became focusable. Previous reason: NOT_VISIBLE]
12-10 06:04:49.039 8492 8527 W ContextImpl: Calling a method in the system process without a qualified user: android.app.ContextImpl.startService:1816 android.content.ContextWrapper.startService:774 com.thundercomm.gamemode.ingame.services.GameModeActionUtils.startGameModeService:99 com.thundercomm.gamemode.ingame.services.GameModeActionUtils.startGameModeEntry:22 com.thundercomm.gamemode.ingame.services.ActivityMonitoringService$1.onActivityLaunch:127
12-10 06:04:49.044 1507 1507 I GameModeConfig: Current uri is uri = content://com.thundercomm.gamemode.api/gamemode_settings/gamemode_isgaming
12-10 06:04:49.046 1507 1507 I GameModeConfig: isGameModeOn = true
12-10 06:04:49.046 1507 1507 I GameModeConfig: isGaming = false
12-10 06:04:49.049 1507 1507 I GameModeConfig: isGameModeOn = true
12-10 06:04:49.049 1507 1507 I GameModeConfig: isGaming = false
12-10 06:04:49.049 1507 1507 I GameModeConfig: isDisableVoice = true
12-10 06:04:49.155 0 0 I auditd : type=1400 audit(0.0:17310): avc: denied { kill } for comm="swapper/1" capability=5 scontext=u:r:kernel:s0 tcontext=u:r:kernel:s0 tclass=capability permissive=0
12-10 06:04:49.496 1507 1569 W WindowManager: updateScale0.7996942
12-10 06:04:49.498 1507 1569 W WindowManager: updateScale0.7996942
12-10 06:04:49.500 1507 6850 W WindowManager: updateScale0.7996942
12-10 06:04:50.488 1507 1736 I input_interaction: Interaction with: 857ffa8 com.android.settings/com.android.settings.homepage.SettingsHomepageActivity (server), edge-swipe (server), swipe-up (server), PointerEventDispatcher0 (server),
12-10 06:04:50.501 1507 1568 I wm_task_moved: [111,1,8]
12-10 06:04:50.501 1507 1568 I wm_task_to_front: [0,111]
12-10 06:04:50.504 1507 1568 W WindowManager: updateScale0.7996942
12-10 06:04:50.507 1507 1568 I wm_set_resumed_activity: [0,com.android.settings/.homepage.SettingsHomepageActivity,positionChildAt]
12-10 06:04:50.507 1507 1568 I wm_focused_root_task: [0,0,111,114,setFocusedTask]
12-10 06:04:50.507 1507 1568 I wm_set_resumed_activity: [0,com.android.settings/.homepage.SettingsHomepageActivity,setFocusedTask]
12-10 06:04:50.507 1507 1568 I ActivityTaskManager: FOREGROUND_APPLICATION_CHANGED to com.android.settings.homepage.SettingsHomepageActivity
12-10 06:04:50.508 1507 1569 I input_focus: [Focus request 857ffa8 com.android.settings/com.android.settings.homepage.SettingsHomepageActivity,reason=UpdateInputWindows]
12-10 06:04:50.509 12253 12253 I wm_on_top_resumed_lost_called: [80693559,com.android.music.VideoBrowserActivity,topStateChangedWhenResumed]
12-10 06:04:50.511 12573 12573 I wm_on_top_resumed_gained_called: [77725580,com.android.settings.homepage.SettingsHomepageActivity,topStateChangedWhenResumed]
12-10 06:04:50.525 1507 6850 I wm_task_moved: [26,0,0]
12-10 06:04:50.525 1507 6850 I wm_task_moved: [26,0,7]
12-10 06:04:50.532 1507 6850 W WindowManager: updateScale0.7996942
12-10 06:04:50.534 1507 1736 I input_focus: [Focus leaving 83d8110 com.android.music/com.android.music.VideoBrowserActivity (server),reason=setFocusedWindow]
12-10 06:04:50.534 1507 1736 I input_focus: [Focus entering 857ffa8 com.android.settings/com.android.settings.homepage.SettingsHomepageActivity (server),reason=setFocusedWindow]
12-10 06:04:50.549 1507 2042 W WindowManager: updateScale0.7996942
12-10 06:04:50.556 12573 12573 I view_enqueue_input_event: [Motion - Cancel,com.android.settings/com.android.settings.homepage.SettingsHomepageActivity]
12-10 06:04:50.559 2526 2526 I wm_on_restart_called: [142082565,com.android.launcher3.uioverrides.QuickstepLauncher,performRestartActivity]
12-10 06:04:50.560 1507 1569 I input_focus: [Focus request recents_animation_input_consumer,reason=UpdateInputWindows]
12-10 06:04:50.562 8492 8527 W ContextImpl: Calling a method in the system process without a qualified user: android.app.ContextImpl.startService:1816 android.content.ContextWrapper.startService:774 com.thundercomm.gamemode.ingame.services.GameModeActionUtils.startGameModeService:99 com.thundercomm.gamemode.ingame.services.GameModeActionUtils.startGameModeEntry:22 com.thundercomm.gamemode.ingame.services.ActivityMonitoringService$1.onActivityLaunch:127
12-10 06:04:50.565 1507 1736 I input_interaction: Interaction with: edge-swipe (server), swipe-up (server), PointerEventDispatcher0 (server),
12-10 06:04:50.572 1507 1507 I GameModeConfig: Current uri is uri = content://com.thundercomm.gamemode.api/gamemode_settings/gamemode_isgaming
12-10 06:04:50.576 1507 1507 I GameModeConfig: isGameModeOn = true
12-10 06:04:50.576 1507 1507 I GameModeConfig: isGaming = false
12-10 06:04:50.576 1507 1507 I GameModeConfig: isGameModeOn = true
12-10 06:04:50.576 1507 1507 I GameModeConfig: isGaming = false
12-10 06:04:50.576 1507 1507 I GameModeConfig: isDisableVoice = true
12-10 06:04:50.579 2526 2526 I wm_on_start_called: [142082565,com.android.launcher3.uioverrides.QuickstepLauncher,handleStartActivity]
12-10 06:04:50.587 1507 2042 W WindowManager: updateScale0.7996942
12-10 06:04:50.587 1507 1736 I input_focus: [Focus leaving 857ffa8 com.android.settings/com.android.settings.homepage.SettingsHomepageActivity (server),reason=NOT_FOCUSABLE]
12-10 06:04:50.587 1507 1736 I input_focus: [Focus entering recents_animation_input_consumer (server),reason=setFocusedWindow]
12-10 06:04:50.593 2526 2526 I sysui_latency: [1,107]
12-10 06:04:50.599 1507 1569 W WindowManager: updateScale0.7996942
12-10 06:04:50.600 1507 1569 W WindowManager: updateScale0.7996942
12-10 06:04:50.603 1507 1569 W WindowManager: updateScale0.7996942
12-10 06:04:50.605 1507 1569 W WindowManager: updateScale0.7996942
12-10 06:04:50.614 1507 1564 I sysui_multi_action: [319,13,322,75,325,15939,757,761,758,9,759,5,806,com.android.launcher3,871,com.android.launcher3.uioverrides.QuickstepLauncher,904,com.android.launcher3,905,0,1320,8,1321,5]
12-10 06:04:50.626 1507 2133 W ActivityTaskManager: getTaskSnapshot: taskId=3113 not found
12-10 06:04:50.627 1507 2133 W ActivityTaskManager: getTaskSnapshot: taskId=2113 not found
12-10 06:04:50.627 1507 2133 W ActivityTaskManager: getTaskSnapshot: taskId=1113 not found
12-10 06:04:50.779 1507 1710 I commit_sys_config_file: [settings-1-0,4]
12-10 06:04:50.902 1507 1581 I sysui_latency: [8,103]
12-10 06:04:51.155 0 0 I auditd : type=1400 audit(0.0:17311): avc: denied { kill } for comm="swapper/1" capability=5 scontext=u:r:kernel:s0 tcontext=u:r:kernel:s0 tclass=capability permissive=0
12-10 06:04:51.441 1507 2133 I wm_task_moved: [26,1,8]
12-10 06:04:51.442 1507 2133 I wm_task_moved: [27,1,2147483647]
12-10 06:04:51.442 1507 2133 I wm_task_to_front: [0,27]
12-10 06:04:51.442 1507 2133 I wm_focused_root_task: [0,0,26,111,RecentsAnimation.onAnimationFinished()]
12-10 06:04:51.442 12573 12573 I wm_on_top_resumed_lost_called: [77725580,com.android.settings.homepage.SettingsHomepageActivity,topStateChangedWhenResumed]
12-10 06:04:51.442 1507 2133 I wm_set_resumed_activity: [0,com.android.launcher3/.uioverrides.QuickstepLauncher,RecentsAnimation.onAnimationFinished()]
12-10 06:04:51.444 1507 2133 I wm_pause_activity: [0,77725580,com.android.settings/.homepage.SettingsHomepageActivity,userLeaving=true,pauseBackTasks]
12-10 06:04:51.446 1507 2133 I wm_add_to_stopping: [0,77725580,com.android.settings/.homepage.SettingsHomepageActivity,makeInvisible]
12-10 06:04:51.446 1507 2133 I ActivityTaskManager: FOREGROUND_APPLICATION_CHANGED to com.android.launcher3.uioverrides.QuickstepLauncher
12-10 06:04:51.447 1507 2133 I wm_set_resumed_activity: [0,com.android.launcher3/.uioverrides.QuickstepLauncher,resumeTopActivityInnerLocked]
12-10 06:04:51.451 1507 2133 I wm_resume_activity: [0,142082565,27,com.android.launcher3/.uioverrides.QuickstepLauncher]
12-10 06:04:51.454 2526 2526 I wm_on_resume_called: [142082565,com.android.launcher3.uioverrides.QuickstepLauncher,RESUME_ACTIVITY]
12-10 06:04:51.459 1507 2133 W WindowManager: updateScale0.7996942
12-10 06:04:51.469 1507 2133 W WindowManager: updateScale0.7996942
12-10 06:04:51.471 1507 1569 I input_focus: [Focus request 2cb1f5d com.android.launcher3/com.android.launcher3.uioverrides.QuickstepLauncher,reason=UpdateInputWindows]
12-10 06:04:51.473 12573 12573 I sysui_multi_action: [757,35,758,2,1089,2982]
12-10 06:04:51.474 12573 12573 I sysui_multi_action: [757,488,758,2,1089,2982]
12-10 06:04:51.474 12573 12573 I wm_on_paused_called: [77725580,com.android.settings.homepage.SettingsHomepageActivity,performPause]
12-10 06:04:51.479 2526 2526 I wm_on_top_resumed_gained_called: [142082565,com.android.launcher3.uioverrides.QuickstepLauncher,topStateChangedWhenResumed]
12-10 06:04:51.484 1507 1736 I input_focus: [Focus leaving recents_animation_input_consumer (server),reason=NOT_VISIBLE]
12-10 06:04:51.484 1507 1736 I input_focus: [Focus entering 2cb1f5d com.android.launcher3/com.android.launcher3.uioverrides.QuickstepLauncher (server),reason=setFocusedWindow]
12-10 06:04:51.484 1507 2042 I wm_stop_activity: [0,77725580,com.android.settings/.homepage.SettingsHomepageActivity]
12-10 06:04:51.490 1507 2042 W WindowManager: updateScale0.7996942
12-10 06:04:51.492 1507 1568 I sysui_multi_action: [757,803,799,window_time_0,802,3]
12-10 06:04:51.494 1507 1568 I sysui_multi_action: [757,803,799,window_time_0,802,0]
12-10 06:04:51.495 12573 12573 I wm_on_stop_called: [77725580,com.android.settings.homepage.SettingsHomepageActivity,STOP_ACTIVITY_ITEM]
12-10 06:04:51.503 1507 1965 W WindowManager: updateScale0.7996942
12-10 06:04:51.519 8492 8527 W ContextImpl: Calling a method in the system process without a qualified user: android.app.ContextImpl.startService:1816 android.content.ContextWrapper.startService:774 com.thundercomm.gamemode.ingame.services.GameModeActionUtils.startGameModeService:99 com.thundercomm.gamemode.ingame.services.GameModeActionUtils.startGameModeEntry:22 com.thundercomm.gamemode.ingame.services.ActivityMonitoringService$1.onActivityLaunch:127
12-10 06:04:51.523 1507 1507 I GameModeConfig: Current uri is uri = content://com.thundercomm.gamemode.api/gamemode_settings/gamemode_isgaming
12-10 06:04:51.525 1507 1507 I GameModeConfig: isGameModeOn = true
12-10 06:04:51.525 1507 1507 I GameModeConfig: isGaming = false
12-10 06:04:51.526 1507 1507 I GameModeConfig: isGameModeOn = true
12-10 06:04:51.526 1507 1507 I GameModeConfig: isGaming = false
12-10 06:04:51.526 1507 1507 I GameModeConfig: isDisableVoice = true
12-10 06:04:51.588 8492 8527 W ContextImpl: Calling a method in the system process without a qualified user: android.app.ContextImpl.startService:1816 android.content.ContextWrapper.startService:774 com.thundercomm.gamemode.ingame.services.GameModeActionUtils.startGameModeService:99 com.thundercomm.gamemode.ingame.services.GameModeActionUtils.startGameModeEntry:22 com.thundercomm.gamemode.ingame.services.ActivityMonitoringService$1.onActivityLaunch:127
12-10 06:04:51.592 1507 1507 I GameModeConfig: Current uri is uri = content://com.thundercomm.gamemode.api/gamemode_settings/gamemode_isgaming
12-10 06:04:51.594 1507 1507 I GameModeConfig: isGameModeOn = true
12-10 06:04:51.594 1507 1507 I GameModeConfig: isGaming = false
12-10 06:04:51.594 1507 1507 I GameModeConfig: isGameModeOn = true
12-10 06:04:51.594 1507 1507 I GameModeConfig: isGaming = false
12-10 06:04:51.594 1507 1507 I GameModeConfig: isDisableVoice = true
12-10 06:04:51.749 1507 1736 I input_interaction: Interaction with: 2cb1f5d com.android.launcher3/com.android.launcher3.uioverrides.QuickstepLauncher (server), 5478378 com.android.systemui.ImageWallpaper (server), edge-swipe (server), swipe-up (server), PointerEventDispatcher0 (server),
12-10 06:04:51.834 1507 6852 I ActivityTaskManager: START u0 {act=android.intent.action.MAIN cat=[android.intent.category.LAUNCHER] flg=0x10200000 cmp=com.android.music/.VideoBrowserActivity bnds=[2308,540][2494,740]} from uid 10079
12-10 06:04:51.835 1507 6852 I wm_task_moved: [114,1,8]
12-10 06:04:51.835 1507 6852 I wm_task_to_front: [0,114]
12-10 06:04:51.836 1507 6852 I wm_set_resumed_activity: [0,com.android.music/.VideoBrowserActivity,positionChildAt]
12-10 06:04:51.836 1507 6852 I wm_focused_root_task: [0,0,114,26,bringingFoundTaskToFront]
12-10 06:04:51.836 1507 6852 I wm_set_resumed_activity: [0,com.android.music/.VideoBrowserActivity,bringingFoundTaskToFront]
12-10 06:04:51.836 1507 6852 I wm_task_moved: [114,1,8]
12-10 06:04:51.837 1507 6852 I wm_set_resumed_activity: [0,com.android.music/.VideoBrowserActivity,positionChildAt]
12-10 06:04:51.837 1507 6852 I ActivityTaskManager: FOREGROUND_APPLICATION_CHANGED to com.android.music.VideoBrowserActivity
12-10 06:04:51.838 1507 6852 W WindowManager: updateScale0.7996942
12-10 06:04:51.841 1507 6852 W WindowManager: updateScale0.7996942
12-10 06:04:51.843 1507 1569 I input_focus: [Focus request 83d8110 com.android.music/com.android.music.VideoBrowserActivity,reason=UpdateInputWindows]
12-10 06:04:51.846 2526 2526 I wm_on_top_resumed_lost_called: [142082565,com.android.launcher3.uioverrides.QuickstepLauncher,topStateChangedWhenResumed]
12-10 06:04:51.849 12253 12253 I wm_on_top_resumed_gained_called: [80693559,com.android.music.VideoBrowserActivity,topStateChangedWhenResumed]
12-10 06:04:51.869 1507 1736 I input_focus: [Focus leaving 2cb1f5d com.android.launcher3/com.android.launcher3.uioverrides.QuickstepLauncher (server),reason=setFocusedWindow]
12-10 06:04:51.869 1507 1736 I input_focus: [Focus entering 83d8110 com.android.music/com.android.music.VideoBrowserActivity (server),reason=setFocusedWindow]
12-10 06:04:52.026 1507 2719 E TaskPersister: File error accessing recents directory (directory doesn't exist?).
12-10 06:04:52.155 0 0 I auditd : type=1400 audit(0.0:17312): avc: denied { kill } for comm="swapper/1" capability=5 scontext=u:r:kernel:s0 tcontext=u:r:kernel:s0 tclass=capability permissive=0
12-10 06:04:53.087 1507 6852 I ActivityTaskManager: START u0 {act=android.intent.action.MAIN cat=[android.intent.category.LAUNCHER] flg=0x10200000 cmp=com.android.music/.VideoBrowserActivity bnds=[2308,540][2494,740]} from uid 10079
12-10 06:04:53.090 1507 6852 I wm_task_moved: [114,1,8]
12-10 06:04:53.091 1507 6852 I wm_set_resumed_activity: [0,com.android.music/.VideoBrowserActivity,positionChildAt]
12-10 06:04:53.092 1507 6852 W WindowManager: updateScale0.7996942
12-10 06:04:53.155 0 0 I auditd : type=1400 audit(0.0:17313): avc: denied { kill } for comm="swapper/1" capability=5 scontext=u:r:kernel:s0 tcontext=u:r:kernel:s0 tclass=capability permissive=0
12-10 06:04:54.155 0 0 I auditd : type=1400 audit(0.0:17314): avc: denied { kill } for comm="swapper/1" capability=5 scontext=u:r:kernel:s0 tcontext=u:r:kernel:s0 tclass=capability permissive=0
12-10 06:04:54.276 1507 2042 I ActivityTaskManager: START u0 {act=android.intent.action.MAIN cat=[android.intent.category.LAUNCHER] flg=0x10200000 cmp=com.android.settings/.Settings bnds=[2308,740][2494,940]} from uid 10079
12-10 06:04:54.286 1507 2042 I wm_task_moved: [111,1,8]
12-10 06:04:54.286 1507 2042 I wm_task_to_front: [0,111]
12-10 06:04:54.288 1507 2042 I wm_focused_root_task: [0,0,111,114,bringingFoundTaskToFront]
12-10 06:04:54.291 1507 2042 I wm_set_resumed_activity: [0,com.android.settings/.homepage.SettingsHomepageActivity,bringingFoundTaskToFront]
12-10 06:04:54.291 1507 2042 I wm_new_intent: [0,77725580,111,com.android.settings/.homepage.SettingsHomepageActivity,android.settings.APPLICATION_DEVELOPMENT_SETTINGS,NULL,NULL,272662528]
12-10 06:04:54.294 1507 2042 I wm_pause_activity: [0,142082565,com.android.launcher3/.uioverrides.QuickstepLauncher,userLeaving=true,pauseBackTasks]
12-10 06:04:54.296 1507 2042 W WindowManager: updateScale0.7996942
12-10 06:04:54.296 12253 12253 I wm_on_top_resumed_lost_called: [80693559,com.android.music.VideoBrowserActivity,topStateChangedWhenResumed]
12-10 06:04:54.309 2526 2526 I wm_on_paused_called: [142082565,com.android.launcher3.uioverrides.QuickstepLauncher,performPause]
12-10 06:04:54.311 1507 6852 I ActivityTaskManager: FOREGROUND_APPLICATION_CHANGED to com.android.settings.homepage.SettingsHomepageActivity
12-10 06:04:54.312 1507 6852 I wm_set_resumed_activity: [0,com.android.settings/.homepage.SettingsHomepageActivity,resumeTopActivityInnerLocked]
12-10 06:04:54.313 1507 6852 I wm_add_to_stopping: [0,142082565,com.android.launcher3/.uioverrides.QuickstepLauncher,makeInvisible]
12-10 06:04:54.314 1507 6852 I wm_resume_activity: [0,77725580,111,com.android.settings/.homepage.SettingsHomepageActivity]
12-10 06:04:54.320 1507 1965 W WindowManager: updateScale0.7996942
12-10 06:04:54.323 1507 6852 W WindowManager: updateScale0.7996942
12-10 06:04:54.328 12573 12573 I wm_on_restart_called: [77725580,com.android.settings.homepage.SettingsHomepageActivity,performRestartActivity]
12-10 06:04:54.329 1507 1569 W WindowManager: updateScale0.7996942
12-10 06:04:54.333 12573 12573 I wm_on_start_called: [77725580,com.android.settings.homepage.SettingsHomepageActivity,handleStartActivity]
12-10 06:04:54.333 1507 1569 W WindowManager: updateScale0.7996942
12-10 06:04:54.333 12573 12573 I snet_event_log: [120484087,-1,]
12-10 06:04:54.334 12573 12573 I wm_on_resume_called: [77725580,com.android.settings.homepage.SettingsHomepageActivity,RESUME_ACTIVITY]
12-10 06:04:54.334 12573 12573 I sysui_multi_action: [757,35,758,1,833,0,1089,0]
12-10 06:04:54.335 1507 1569 W WindowManager: updateScale0.7996942
12-10 06:04:54.336 12573 12573 I sysui_multi_action: [757,488,758,1,833,0,1089,0]
12-10 06:04:54.338 12573 12573 I wm_on_top_resumed_gained_called: [77725580,com.android.settings.homepage.SettingsHomepageActivity,topWhenResuming]
12-10 06:04:54.340 1507 1568 I sysui_multi_action: [757,803,799,window_time_0,802,3]
12-10 06:04:54.343 1507 2133 W WindowManager: updateScale0.7996942
12-10 06:04:54.346 1507 1569 I input_focus: [Focus request 857ffa8 com.android.settings/com.android.settings.homepage.SettingsHomepageActivity,reason=UpdateInputWindows]
12-10 06:04:54.352 8492 8527 W ContextImpl: Calling a method in the system process without a qualified user: android.app.ContextImpl.startService:1816 android.content.ContextWrapper.startService:774 com.thundercomm.gamemode.ingame.services.GameModeActionUtils.startGameModeService:99 com.thundercomm.gamemode.ingame.services.GameModeActionUtils.startGameModeEntry:22 com.thundercomm.gamemode.ingame.services.ActivityMonitoringService$1.onActivityLaunch:127
12-10 06:04:54.354 1507 1569 W WindowManager: updateScale0.7996942
12-10 06:04:54.357 1507 1569 W WindowManager: updateScale0.7996942
12-10 06:04:54.365 1507 1507 I GameModeConfig: Current uri is uri = content://com.thundercomm.gamemode.api/gamemode_settings/gamemode_isgaming
12-10 06:04:54.368 1507 1564 I sysui_multi_action: [319,57,321,54,322,81,325,15943,757,761,758,9,759,4,806,com.android.settings,871,com.android.settings.homepage.SettingsHomepageActivity,904,com.android.settings,905,0,1320,8,1321,5]
12-10 06:04:54.370 1507 1507 I GameModeConfig: isGameModeOn = true
12-10 06:04:54.370 1507 1507 I GameModeConfig: isGaming = false
12-10 06:04:54.371 1507 1507 I GameModeConfig: isGameModeOn = true
12-10 06:04:54.371 1507 1507 I GameModeConfig: isGaming = false
12-10 06:04:54.371 1507 1507 I GameModeConfig: isDisableVoice = true
12-10 06:04:54.374 1507 1736 I input_focus: [Focus leaving 83d8110 com.android.music/com.android.music.VideoBrowserActivity (server),reason=setFocusedWindow]
12-10 06:04:54.374 1507 1736 I input_focus: [Focus entering 857ffa8 com.android.settings/com.android.settings.homepage.SettingsHomepageActivity (server),reason=setFocusedWindow]
12-10 06:04:54.428 8492 8527 W ContextImpl: Calling a method in the system process without a qualified user: android.app.ContextImpl.startService:1816 android.content.ContextWrapper.startService:774 com.thundercomm.gamemode.ingame.services.GameModeActionUtils.startGameModeService:99 com.thundercomm.gamemode.ingame.services.GameModeActionUtils.startGameModeEntry:22 com.thundercomm.gamemode.ingame.services.ActivityMonitoringService$1.onActivityLaunch:127
12-10 06:04:54.432 1507 1507 I GameModeConfig: Current uri is uri = content://com.thundercomm.gamemode.api/gamemode_settings/gamemode_isgaming
12-10 06:04:54.435 1507 1507 I GameModeConfig: isGameModeOn = true
12-10 06:04:54.435 1507 1507 I GameModeConfig: isGaming = false
12-10 06:04:54.435 1507 1507 I GameModeConfig: isGameModeOn = true
12-10 06:04:54.435 1507 1507 I GameModeConfig: isGaming = false
12-10 06:04:54.435 1507 1507 I GameModeConfig: isDisableVoice = true
12-10 06:04:54.461 1507 1965 W WindowManager: updateScale0.7996942
12-10 06:04:54.627 1507 1569 W WindowManager: updateScale0.7996942
12-10 06:04:54.641 1507 1569 W WindowManager: updateScale0.7996942
12-10 06:04:54.893 1507 1569 W WindowManager: updateScale0.7996942
12-10 06:04:54.896 1507 1583 I am_uid_idle: 10094
12-10 06:04:54.901 1507 1568 I wm_stop_activity: [0,142082565,com.android.launcher3/.uioverrides.QuickstepLauncher]
12-10 06:04:54.936 1507 6852 W WindowManager: updateScale0.7996942
12-10 06:04:54.947 2526 2526 I wm_on_stop_called: [142082565,com.android.launcher3.uioverrides.QuickstepLauncher,STOP_ACTIVITY_ITEM]
12-10 06:04:54.970 8492 8527 W ContextImpl: Calling a method in the system process without a qualified user: android.app.ContextImpl.startService:1816 android.content.ContextWrapper.startService:774 com.thundercomm.gamemode.ingame.services.GameModeActionUtils.startGameModeService:99 com.thundercomm.gamemode.ingame.services.GameModeActionUtils.startGameModeEntry:22 com.thundercomm.gamemode.ingame.services.ActivityMonitoringService$1.onActivityLaunch:127
12-10 06:04:54.975 1507 1507 I GameModeConfig: Current uri is uri = content://com.thundercomm.gamemode.api/gamemode_settings/gamemode_isgaming
12-10 06:04:54.976 1507 1507 I GameModeConfig: isGameModeOn = true
12-10 06:04:54.976 1507 1507 I GameModeConfig: isGaming = false
12-10 06:04:54.976 1507 1507 I GameModeConfig: isGameModeOn = true
12-10 06:04:54.976 1507 1507 I GameModeConfig: isGaming = false
12-10 06:04:54.976 1507 1507 I GameModeConfig: isDisableVoice = true
12-10 06:04:55.155 0 0 I auditd : type=1400 audit(0.0:17315): avc: denied { kill } for comm="swapper/1" capability=5 scontext=u:r:kernel:s0 tcontext=u:r:kernel:s0 tclass=capability permissive=0
12-10 06:04:57.155 0 0 I auditd : type=1400 audit(0.0:17316): avc: denied { kill } for comm="swapper/1" capability=5 scontext=u:r:kernel:s0 tcontext=u:r:kernel:s0 tclass=capability permissive=0
12-10 06:04:57.320 1507 2719 E TaskPersister: File error accessing recents directory (directory doesn't exist?).
12-10 06:04:58.155 0 0 I auditd : type=1400 audit(0.0:17317): avc: denied { kill } for comm="swapper/1" capability=5 scontext=u:r:kernel:s0 tcontext=u:r:kernel:s0 tclass=capability permissive=0
12-10 06:04:58.542 1507 1736 I input_interaction: Interaction with: 857ffa8 com.android.settings/com.android.settings.homepage.SettingsHomepageActivity (server), edge-swipe (server), swipe-up (server), PointerEventDispatcher0 (server),
12-10 06:04:58.562 1507 1965 I wm_task_moved: [26,0,0]
12-10 06:04:58.563 1507 1965 I wm_task_moved: [26,0,7]
12-10 06:04:58.572 1507 1965 W WindowManager: updateScale0.7996942
12-10 06:04:58.575 2526 2526 I wm_on_restart_called: [142082565,com.android.launcher3.uioverrides.QuickstepLauncher,performRestartActivity]
12-10 06:04:58.594 8492 8527 W ContextImpl: Calling a method in the system process without a qualified user: android.app.ContextImpl.startService:1816 android.content.ContextWrapper.startService:774 com.thundercomm.gamemode.ingame.services.GameModeActionUtils.startGameModeService:99 com.thundercomm.gamemode.ingame.services.GameModeActionUtils.startGameModeEntry:22 com.thundercomm.gamemode.ingame.services.ActivityMonitoringService$1.onActivityLaunch:127
12-10 06:04:58.600 1507 1507 I GameModeConfig: Current uri is uri = content://com.thundercomm.gamemode.api/gamemode_settings/gamemode_isgaming
12-10 06:04:58.608 1507 1507 I GameModeConfig: isGameModeOn = true
12-10 06:04:58.608 1507 1507 I GameModeConfig: isGaming = false
12-10 06:04:58.609 1507 1507 I GameModeConfig: isGameModeOn = true
12-10 06:04:58.609 1507 1507 I GameModeConfig: isGaming = false
12-10 06:04:58.609 1507 1507 I GameModeConfig: isDisableVoice = true
12-10 06:04:58.613 2526 2526 I wm_on_start_called: [142082565,com.android.launcher3.uioverrides.QuickstepLauncher,handleStartActivity]
12-10 06:04:58.614 1507 10787 W ActivityTaskManager: getTaskSnapshot: taskId=3113 not found
12-10 06:04:58.614 1507 10787 W ActivityTaskManager: getTaskSnapshot: taskId=2113 not found
12-10 06:04:58.614 1507 10787 W ActivityTaskManager: getTaskSnapshot: taskId=1113 not found
12-10 06:04:58.619 1507 10787 W WindowManager: updateScale0.7996942
12-10 06:04:58.634 1507 1569 W WindowManager: updateScale0.7996942
12-10 06:04:58.635 1507 1569 W WindowManager: updateScale0.7996942
12-10 06:04:58.636 1507 1569 W WindowManager: updateScale0.7996942
12-10 06:04:58.643 1507 1564 I sysui_multi_action: [319,14,322,73,325,15947,757,761,758,9,759,5,806,com.android.launcher3,871,com.android.launcher3.uioverrides.QuickstepLauncher,904,com.android.launcher3,905,0,1320,8,1321,5]
12-10 06:04:58.675 12573 12573 I view_enqueue_input_event: [Motion - Cancel,com.android.settings/com.android.settings.homepage.SettingsHomepageActivity]
12-10 06:04:58.679 1507 1736 I input_interaction: Interaction with: edge-swipe (server), swipe-up (server), PointerEventDispatcher0 (server),
12-10 06:04:58.701 2526 2526 I sysui_latency: [1,84]
12-10 06:04:58.718 1507 1569 I input_focus: [Focus request recents_animation_input_consumer,reason=UpdateInputWindows]
12-10 06:04:58.750 1507 1736 I input_focus: [Focus leaving 857ffa8 com.android.settings/com.android.settings.homepage.SettingsHomepageActivity (server),reason=NOT_FOCUSABLE]
12-10 06:04:58.750 1507 1736 I input_focus: [Focus entering recents_animation_input_consumer (server),reason=setFocusedWindow]
12-10 06:04:58.815 1507 1710 I commit_sys_config_file: [settings-1-0,4]
12-10 06:04:58.834 1507 1569 W WindowManager: updateScale0.7996942
12-10 06:04:58.938 1507 1581 I sysui_latency: [8,88]
12-10 06:04:59.155 0 0 I auditd : type=1400 audit(0.0:17318): avc: denied { kill } for comm="swapper/1" capability=5 scontext=u:r:kernel:s0 tcontext=u:r:kernel:s0 tclass=capability permissive=0
12-10 06:04:59.456 1507 2042 I wm_task_moved: [26,1,8]
12-10 06:04:59.459 1507 2042 I wm_focused_root_task: [0,0,26,111,RecentsAnimation.onAnimationFinished()]
12-10 06:04:59.460 12573 12573 I wm_on_top_resumed_lost_called: [77725580,com.android.settings.homepage.SettingsHomepageActivity,topStateChangedWhenResumed]
12-10 06:04:59.461 1507 2042 I wm_pause_activity: [0,77725580,com.android.settings/.homepage.SettingsHomepageActivity,userLeaving=false,pauseBackTasks]
12-10 06:04:59.463 1507 2042 I ActivityTaskManager: FOREGROUND_APPLICATION_CHANGED to com.android.launcher3.uioverrides.QuickstepLauncher
12-10 06:04:59.464 1507 2042 I wm_set_resumed_activity: [0,com.android.launcher3/.uioverrides.QuickstepLauncher,resumeTopActivityInnerLocked]
12-10 06:04:59.465 1507 2042 I wm_resume_activity: [0,142082565,27,com.android.launcher3/.uioverrides.QuickstepLauncher]
12-10 06:04:59.465 1507 2042 I wm_add_to_stopping: [0,77725580,com.android.settings/.homepage.SettingsHomepageActivity,makeInvisible]
12-10 06:04:59.469 1507 2042 W WindowManager: updateScale0.7996942
12-10 06:04:59.469 2526 2526 I wm_on_resume_called: [142082565,com.android.launcher3.uioverrides.QuickstepLauncher,RESUME_ACTIVITY]
12-10 06:04:59.475 1507 2042 W WindowManager: updateScale0.7996942
12-10 06:04:59.478 1507 1569 I input_focus: [Focus request 2cb1f5d com.android.launcher3/com.android.launcher3.uioverrides.QuickstepLauncher,reason=UpdateInputWindows]
12-10 06:04:59.486 1507 1736 I input_focus: [Focus leaving recents_animation_input_consumer (server),reason=NOT_VISIBLE]
12-10 06:04:59.486 1507 1736 I input_focus: [Focus entering 2cb1f5d com.android.launcher3/com.android.launcher3.uioverrides.QuickstepLauncher (server),reason=setFocusedWindow]
12-10 06:04:59.489 12573 12573 I sysui_multi_action: [757,35,758,2,1089,5155]
12-10 06:04:59.490 12573 12573 I sysui_multi_action: [757,488,758,2,1089,5155]
12-10 06:04:59.490 12573 12573 I wm_on_paused_called: [77725580,com.android.settings.homepage.SettingsHomepageActivity,performPause]
12-10 06:04:59.491 1507 2042 I wm_finish_activity: [0,80693559,114,com.android.music/.VideoBrowserActivity,app-request]
12-10 06:04:59.501 1507 2042 I wm_pause_activity: [0,80693559,com.android.music/.VideoBrowserActivity,userLeaving=false,finish]
12-10 06:04:59.501 12253 12253 I wm_on_paused_called: [80693559,com.android.music.VideoBrowserActivity,performPause]
12-10 06:04:59.503 1507 1568 I sysui_multi_action: [757,803,799,window_time_0,802,5]
12-10 06:04:59.511 1507 10787 I wm_destroy_activity: [0,80693559,114,com.android.music/.VideoBrowserActivity,finish-imm:completePausedLocked]
12-10 06:04:59.524 12253 12253 I wm_on_stop_called: [80693559,com.android.music.VideoBrowserActivity,LIFECYCLER_STOP_ACTIVITY]
12-10 06:04:59.528 12253 12253 I wm_on_destroy_called: [80693559,com.android.music.VideoBrowserActivity,performDestroy]
12-10 06:04:59.532 1507 1568 I wm_stop_activity: [0,77725580,com.android.settings/.homepage.SettingsHomepageActivity]
12-10 06:04:59.538 12573 12573 I wm_on_stop_called: [77725580,com.android.settings.homepage.SettingsHomepageActivity,STOP_ACTIVITY_ITEM]
12-10 06:04:59.540 1507 1568 I sysui_multi_action: [757,803,799,window_time_0,802,0]
12-10 06:04:59.543 1507 1568 I sysui_multi_action: [757,803,799,window_time_0,802,0]
12-10 06:04:59.564 8492 8527 W ContextImpl: Calling a method in the system process without a qualified user: android.app.ContextImpl.startService:1816 android.content.ContextWrapper.startService:774 com.thundercomm.gamemode.ingame.services.GameModeActionUtils.startGameModeService:99 com.thundercomm.gamemode.ingame.services.GameModeActionUtils.startGameModeEntry:22 com.thundercomm.gamemode.ingame.services.ActivityMonitoringService$1.onActivityLaunch:127
12-10 06:04:59.568 1507 1507 I GameModeConfig: Current uri is uri = content://com.thundercomm.gamemode.api/gamemode_settings/gamemode_isgaming
12-10 06:04:59.570 1507 1507 I GameModeConfig: isGameModeOn = true
12-10 06:04:59.570 1507 1507 I GameModeConfig: isGaming = false
12-10 06:04:59.571 1507 1507 I GameModeConfig: isGameModeOn = true
12-10 06:04:59.571 1507 1507 I GameModeConfig: isGaming = false
12-10 06:04:59.571 1507 1507 I GameModeConfig: isDisableVoice = true
12-10 06:04:59.574 8492 8527 W ContextImpl: Calling a method in the system process without a qualified user: android.app.ContextImpl.startService:1816 android.content.ContextWrapper.startService:774 com.thundercomm.gamemode.ingame.services.GameModeActionUtils.startGameModeService:99 com.thundercomm.gamemode.ingame.services.GameModeActionUtils.startGameModeEntry:22 com.thundercomm.gamemode.ingame.services.ActivityMonitoringService$1.onActivityLaunch:127
12-10 06:04:59.581 1507 1507 I GameModeConfig: Current uri is uri = content://com.thundercomm.gamemode.api/gamemode_settings/gamemode_isgaming
12-10 06:04:59.583 1507 1507 I GameModeConfig: isGameModeOn = true
12-10 06:04:59.583 1507 1507 I GameModeConfig: isGaming = false
