12-10 05:53:02.266 1507 12462 W ContextImpl: Calling a method in the system process without a qualified user: android.app.ContextImpl.sendBroadcast:1173 com.qualcomm.qti.Performance$SendGameLaunchBroadcast.run:217 java.lang.Thread.run:920
12-10 05:53:02.281 1507 5826 I ActivityTaskManager: The Process com.android.permissioncontroller Already Exists in BG. So sending its PID: 12461
12-10 05:53:02.282 1507 2042 I ActivityTaskManager: FOREGROUND_APPLICATION_CHANGED to com.android.permissioncontroller.permission.ui.GrantPermissionsActivity
12-10 05:53:02.282 1507 2042 I ActivityTaskManager: The Process com.android.permissioncontroller Already Exists in BG. So sending its PID: 12461
12-10 05:53:02.294 8492 8527 W ContextImpl: Calling a method in the system process without a qualified user: android.app.ContextImpl.startService:1816 android.content.ContextWrapper.startService:774 com.thundercomm.gamemode.ingame.services.GameModeActionUtils.startGameModeService:99 com.thundercomm.gamemode.ingame.services.GameModeActionUtils.startGameModeEntry:22 com.thundercomm.gamemode.ingame.services.ActivityMonitoringService$1.onActivityLaunch:127
12-10 05:53:02.301 1507 1507 I GameModeConfig: Current uri is uri = content://com.thundercomm.gamemode.api/gamemode_settings/gamemode_isgaming
12-10 05:53:02.303 1507 1507 I GameModeConfig: isGameModeOn = false
12-10 05:53:02.303 1507 1507 I GameModeConfig: isGameModeOn = false
12-10 05:53:02.303 1507 1507 I GameModeConfig: isDisableVoice = true
12-10 05:53:02.316 1507 2042 W WindowManager: updateScale0.7996942
12-10 05:53:02.342 1507 7192 W WindowManager: updateScale0.7996942
12-10 05:53:02.342 1507 7192 W WindowManager: updateScale0.7996942
12-10 05:53:02.346 1507 9513 W WindowManager: updateScale0.7996942
12-10 05:53:02.346 1507 9513 W WindowManager: updateScale0.7996942
12-10 05:53:02.350 1507 9513 I ActivityTaskManager: FOREGROUND_APPLICATION_CHANGED to com.android.deskclock.DeskClock
12-10 05:53:02.357 1507 1569 W WindowManager: updateScale0.7996942
12-10 05:53:02.374 1507 1569 W WindowManager: updateScale0.7996942
12-10 05:53:02.376 1507 1569 W WindowManager: updateScale0.7996942
12-10 05:53:02.377 1507 1569 W WindowManager: updateScale0.7996942
12-10 05:53:02.463 8492 8527 W ContextImpl: Calling a method in the system process without a qualified user: android.app.ContextImpl.startService:1816 android.content.ContextWrapper.startService:774 com.thundercomm.gamemode.ingame.services.GameModeActionUtils.startGameModeService:99 com.thundercomm.gamemode.ingame.services.GameModeActionUtils.startGameModeEntry:22 com.thundercomm.gamemode.ingame.services.ActivityMonitoringService$1.onActivityLaunch:127
12-10 05:53:02.468 1507 1507 I GameModeConfig: Current uri is uri = content://com.thundercomm.gamemode.api/gamemode_settings/gamemode_isgaming
12-10 05:53:02.470 1507 1507 I GameModeConfig: isGameModeOn = false
12-10 05:53:02.470 1507 1507 I GameModeConfig: isGameModeOn = false
12-10 05:53:02.470 1507 1507 I GameModeConfig: isDisableVoice = true
12-10 05:53:02.650 1507 1569 W WindowManager: updateScale0.7996942
12-10 05:53:02.661 1507 9513 W WindowManager: updateScale0.7996942
12-10 05:53:02.678 8492 8527 W ContextImpl: Calling a method in the system process without a qualified user: android.app.ContextImpl.startService:1816 android.content.ContextWrapper.startService:774 com.thundercomm.gamemode.ingame.services.GameModeActionUtils.startGameModeService:99 com.thundercomm.gamemode.ingame.services.GameModeActionUtils.startGameModeEntry:22 com.thundercomm.gamemode.ingame.services.ActivityMonitoringService$1.onActivityLaunch:127
12-10 05:53:02.684 1507 1507 I GameModeConfig: Current uri is uri = content://com.thundercomm.gamemode.api/gamemode_settings/gamemode_isgaming
12-10 05:53:02.686 1507 1507 I GameModeConfig: isGameModeOn = false
12-10 05:53:02.686 1507 1507 I GameModeConfig: isGameModeOn = false
12-10 05:53:02.686 1507 1507 I GameModeConfig: isDisableVoice = true
12-10 05:53:03.197 1507 1569 D FreeFormWindowHelper: refreshTipWindow windowDragBounds:Rect(22, 72 - 545, 1000)
12-10 05:53:03.200 1507 1569 W WindowManager: updateScale0.7996942
12-10 05:53:03.216 1507 1569 D FreeFormWindowHelper: refreshTipWindow windowDragBounds:Rect(52, 72 - 575, 1000)
12-10 05:53:03.219 1507 1569 W WindowManager: updateScale0.7996942
12-10 05:53:03.234 1507 1569 D FreeFormWindowHelper: refreshTipWindow windowDragBounds:Rect(78, 72 - 601, 1000)
12-10 05:53:03.236 1507 1569 W WindowManager: updateScale0.7996942
12-10 05:53:03.240 1507 1569 D FreeFormWindowHelper: refreshTipWindow windowDragBounds:Rect(85, 72 - 608, 1000)
12-10 05:53:03.246 1507 1569 W WindowManager: updateScale0.7996942
12-10 05:53:03.253 1507 1569 D FreeFormWindowHelper: refreshTipWindow windowDragBounds:Rect(116, 72 - 639, 1000)
12-10 05:53:03.254 1507 1569 W WindowManager: updateScale0.7996942
12-10 05:53:03.264 1507 9513 W WindowManager: updateScale0.7996942
12-10 05:53:03.266 1507 1569 D FreeFormWindowHelper: refreshTipWindow windowDragBounds:Rect(145, 72 - 668, 1000)
12-10 05:53:03.267 1507 1569 W WindowManager: updateScale0.7996942
12-10 05:53:03.285 1507 1569 D FreeFormWindowHelper: refreshTipWindow windowDragBounds:Rect(172, 72 - 695, 1000)
12-10 05:53:03.286 1507 1569 W WindowManager: updateScale0.7996942
12-10 05:53:03.300 1507 1569 D FreeFormWindowHelper: refreshTipWindow windowDragBounds:Rect(200, 72 - 723, 1000)
12-10 05:53:03.301 1507 1569 W WindowManager: updateScale0.7996942
12-10 05:53:03.316 1507 1569 D FreeFormWindowHelper: refreshTipWindow windowDragBounds:Rect(230, 72 - 753, 1000)
12-10 05:53:03.323 1507 1569 W WindowManager: updateScale0.7996942
12-10 05:53:03.334 1507 1569 D FreeFormWindowHelper: refreshTipWindow windowDragBounds:Rect(256, 76 - 779, 1004)
12-10 05:53:03.335 1507 1569 W WindowManager: updateScale0.7996942
12-10 05:53:03.337 1507 9513 W WindowManager: updateScale0.7996942
12-10 05:53:03.350 1507 1569 D FreeFormWindowHelper: refreshTipWindow windowDragBounds:Rect(281, 83 - 804, 1011)
12-10 05:53:03.350 1507 1569 W WindowManager: updateScale0.7996942
12-10 05:53:03.351 1507 1569 W WindowManager: updateScale0.7996942
12-10 05:53:03.366 1507 1569 D FreeFormWindowHelper: refreshTipWindow windowDragBounds:Rect(305, 86 - 828, 1014)
12-10 05:53:03.367 1507 1569 W WindowManager: updateScale0.7996942
12-10 05:53:03.383 1507 1569 D FreeFormWindowHelper: refreshTipWindow windowDragBounds:Rect(328, 91 - 851, 1019)
12-10 05:53:03.384 1507 1569 W WindowManager: updateScale0.7996942
12-10 05:53:03.400 1507 1569 D FreeFormWindowHelper: refreshTipWindow windowDragBounds:Rect(350, 94 - 873, 1022)
12-10 05:53:03.402 1507 1569 W WindowManager: updateScale0.7996942
12-10 05:53:03.417 1507 1569 D FreeFormWindowHelper: refreshTipWindow windowDragBounds:Rect(369, 96 - 892, 1024)
12-10 05:53:03.418 1507 1569 W WindowManager: updateScale0.7996942
12-10 05:53:03.442 1507 1569 D WindowManager: updateWindowDragBounds: mIsSwipeYfalse
12-10 05:53:03.442 1507 1569 D WindowManager: updateWindowDragBounds: mIsTopfalse
12-10 05:53:03.442 1507 1569 D WindowManager: updateWindowDragBounds: mIsSwipeXfalse
12-10 05:53:03.443 1507 1569 W WindowManager: updateScale0.7996942
12-10 05:53:03.443 1507 1569 W WindowManager: updateScale0.7996942
12-10 05:53:04.719 1507 2719 E TaskPersister: File error accessing recents directory (directory doesn't exist?).
12-10 05:53:05.261 1507 9513 D FreeFormWindowHelper: Remove freefrom task=Task{2e25aa3 #107 type=standard A=10069:com.android.deskclock U=0 visible=true mode=fullscreen translucent=false sz=1}
12-10 05:53:05.279 8492 8527 W ContextImpl: Calling a method in the system process without a qualified user: android.app.ContextImpl.startService:1816 android.content.ContextWrapper.startService:774 com.thundercomm.gamemode.ingame.services.GameModeActionUtils.startGameModeService:99 com.thundercomm.gamemode.ingame.services.GameModeActionUtils.startGameModeEntry:22 com.thundercomm.gamemode.ingame.services.ActivityMonitoringService$1.onActivityLaunch:127
12-10 05:53:05.283 1507 1507 I GameModeConfig: Current uri is uri = content://com.thundercomm.gamemode.api/gamemode_settings/gamemode_isgaming
12-10 05:53:05.285 1507 5826 W WindowManager: Attempted to set replacing window on app token with no content Token{a35220b ActivityRecord{f1071a0 u0 com.android.deskclock/.DeskClock t107}}
12-10 05:53:05.286 1507 1507 I GameModeConfig: isGameModeOn = false
12-10 05:53:05.287 1507 1507 I GameModeConfig: isGameModeOn = false
12-10 05:53:05.287 1507 1507 I GameModeConfig: isDisableVoice = true
12-10 05:53:05.311 1507 5826 I ActivityTaskManager: START u0 {act=android.content.pm.action.REQUEST_PERMISSIONS pkg=com.android.permissioncontroller cmp=com.android.permissioncontroller/.permission.ui.GrantPermissionsActivity (has extras)} from uid 10069
12-10 05:53:05.324 1507 7192 I ActivityTaskManager: The Process com.android.permissioncontroller Already Exists in BG. So sending its PID: 12461
12-10 05:53:05.334 8492 8527 W ContextImpl: Calling a method in the system process without a qualified user: android.app.ContextImpl.startService:1816 android.content.ContextWrapper.startService:774 com.thundercomm.gamemode.ingame.services.GameModeActionUtils.startGameModeService:99 com.thundercomm.gamemode.ingame.services.GameModeActionUtils.startGameModeEntry:22 com.thundercomm.gamemode.ingame.services.ActivityMonitoringService$1.onActivityLaunch:127
12-10 05:53:05.343 1507 1507 I GameModeConfig: Current uri is uri = content://com.thundercomm.gamemode.api/gamemode_settings/gamemode_isgaming
12-10 05:53:05.345 1507 1507 I GameModeConfig: isGameModeOn = false
12-10 05:53:05.345 1507 1507 I GameModeConfig: isGameModeOn = false
12-10 05:53:05.345 1507 1507 I GameModeConfig: isDisableVoice = true
12-10 05:53:05.406 1507 7192 I WindowManager: finishDrawing of relaunch: Window{4917673 u0 com.android.deskclock/com.android.deskclock.DeskClock} 147ms
12-10 05:53:05.409 1507 5826 I ActivityTaskManager: FOREGROUND_APPLICATION_CHANGED to com.android.permissioncontroller.permission.ui.GrantPermissionsActivity
12-10 05:53:05.410 1507 5826 I ActivityTaskManager: The Process com.android.permissioncontroller Already Exists in BG. So sending its PID: 12461
12-10 05:53:05.410 1507 5826 W ActivityTaskManager: Tried to set launchTime (0) < mLastActivityLaunchTime (15231286)
12-10 05:53:05.457 8492 8527 W ContextImpl: Calling a method in the system process without a qualified user: android.app.ContextImpl.startService:1816 android.content.ContextWrapper.startService:774 com.thundercomm.gamemode.ingame.services.GameModeActionUtils.startGameModeService:99 com.thundercomm.gamemode.ingame.services.GameModeActionUtils.startGameModeEntry:22 com.thundercomm.gamemode.ingame.services.ActivityMonitoringService$1.onActivityLaunch:127
12-10 05:53:05.462 1507 1507 I GameModeConfig: Current uri is uri = content://com.thundercomm.gamemode.api/gamemode_settings/gamemode_isgaming
12-10 05:53:05.464 1507 1507 I GameModeConfig: isGameModeOn = false
12-10 05:53:05.465 1507 1507 I GameModeConfig: isGameModeOn = false
12-10 05:53:05.465 1507 1507 I GameModeConfig: isDisableVoice = true
12-10 05:53:05.507 1507 6251 I ActivityTaskManager: FOREGROUND_APPLICATION_CHANGED to com.android.deskclock.DeskClock
12-10 05:53:05.546 8492 8527 W ContextImpl: Calling a method in the system process without a qualified user: android.app.ContextImpl.startService:1816 android.content.ContextWrapper.startService:774 com.thundercomm.gamemode.ingame.services.GameModeActionUtils.startGameModeService:99 com.thundercomm.gamemode.ingame.services.GameModeActionUtils.startGameModeEntry:22 com.thundercomm.gamemode.ingame.services.ActivityMonitoringService$1.onActivityLaunch:127
12-10 05:53:05.551 1507 1507 I GameModeConfig: Current uri is uri = content://com.thundercomm.gamemode.api/gamemode_settings/gamemode_isgaming
12-10 05:53:05.553 1507 1507 I GameModeConfig: isGameModeOn = false
12-10 05:53:05.553 1507 1507 I GameModeConfig: isGameModeOn = false
12-10 05:53:05.553 1507 1507 I GameModeConfig: isDisableVoice = true
12-10 05:53:05.621 8492 8527 W ContextImpl: Calling a method in the system process without a qualified user: android.app.ContextImpl.startService:1816 android.content.ContextWrapper.startService:774 com.thundercomm.gamemode.ingame.services.GameModeActionUtils.startGameModeService:99 com.thundercomm.gamemode.ingame.services.GameModeActionUtils.startGameModeEntry:22 com.thundercomm.gamemode.ingame.services.ActivityMonitoringService$1.onActivityLaunch:127
12-10 05:53:05.625 1507 1507 I GameModeConfig: Current uri is uri = content://com.thundercomm.gamemode.api/gamemode_settings/gamemode_isgaming
12-10 05:53:05.627 1507 1507 I GameModeConfig: isGameModeOn = false
12-10 05:53:05.627 1507 1507 I GameModeConfig: isGameModeOn = false
12-10 05:53:05.627 1507 1507 I GameModeConfig: isDisableVoice = true
12-10 05:53:05.901 8492 8527 W ContextImpl: Calling a method in the system process without a qualified user: android.app.ContextImpl.startService:1816 android.content.ContextWrapper.startService:774 com.thundercomm.gamemode.ingame.services.GameModeActionUtils.startGameModeService:99 com.thundercomm.gamemode.ingame.services.GameModeActionUtils.startGameModeEntry:22 com.thundercomm.gamemode.ingame.services.ActivityMonitoringService$1.onActivityLaunch:127
12-10 05:53:05.909 1507 1507 I GameModeConfig: Current uri is uri = content://com.thundercomm.gamemode.api/gamemode_settings/gamemode_isgaming
12-10 05:53:05.911 1507 1507 I GameModeConfig: isGameModeOn = false
12-10 05:53:05.912 1507 1507 I GameModeConfig: isGameModeOn = false
12-10 05:53:05.912 1507 1507 I GameModeConfig: isDisableVoice = true
12-10 05:53:06.520 8492 8527 W ContextImpl: Calling a method in the system process without a qualified user: android.app.ContextImpl.startService:1816 android.content.ContextWrapper.startService:774 com.thundercomm.gamemode.ingame.services.GameModeActionUtils.startGameModeService:99 com.thundercomm.gamemode.ingame.services.GameModeActionUtils.startGameModeEntry:22 com.thundercomm.gamemode.ingame.services.ActivityMonitoringService$1.onActivityLaunch:127
12-10 05:53:06.521 1507 5826 W ActivityTaskManager: getTaskSnapshot: taskId=5107 not found
12-10 05:53:06.524 1507 1507 I GameModeConfig: Current uri is uri = content://com.thundercomm.gamemode.api/gamemode_settings/gamemode_isgaming
12-10 05:53:06.524 1507 5826 W ActivityTaskManager: getTaskSnapshot: taskId=4107 not found
12-10 05:53:06.527 1507 1507 I GameModeConfig: isGameModeOn = false
12-10 05:53:06.528 1507 1507 I GameModeConfig: isGameModeOn = false
12-10 05:53:06.528 1507 1507 I GameModeConfig: isDisableVoice = true
12-10 05:53:06.533 1507 6251 W ActivityTaskManager: getTaskSnapshot: taskId=3107 not found
12-10 05:53:06.536 1507 7192 W ActivityTaskManager: getTaskSnapshot: taskId=5107 not found
12-10 05:53:06.537 1507 7192 W ActivityTaskManager: getTaskSnapshot: taskId=4107 not found
12-10 05:53:06.539 1507 7192 W ActivityTaskManager: getTaskSnapshot: taskId=3107 not found
12-10 05:53:06.540 1507 7192 W ActivityTaskManager: getTaskSnapshot: taskId=2107 not found
12-10 05:53:06.541 1507 6251 W ActivityTaskManager: getTaskSnapshot: taskId=5107 not found
12-10 05:53:06.544 1507 6251 W ActivityTaskManager: getTaskSnapshot: taskId=4107 not found
12-10 05:53:06.549 1507 5826 W ActivityTaskManager: getTaskSnapshot: taskId=5107 not found
12-10 05:53:06.550 1507 5826 W ActivityTaskManager: getTaskSnapshot: taskId=4107 not found
12-10 05:53:06.551 1507 5826 W ActivityTaskManager: getTaskSnapshot: taskId=3107 not found
12-10 05:53:06.551 1507 5826 W ActivityTaskManager: getTaskSnapshot: taskId=2107 not found
12-10 05:53:06.552 1507 5826 W ActivityTaskManager: getTaskSnapshot: taskId=1107 not found
12-10 05:53:07.131 1507 1581 W UsageStatsService: Unexpected activity event reported! (com.android.launcher3/com.android.launcher3.uioverrides.QuickstepLauncher event : 23 instanceId : 135712590)
12-10 05:53:07.139 8492 8527 W ContextImpl: Calling a method in the system process without a qualified user: android.app.ContextImpl.startService:1816 android.content.ContextWrapper.startService:774 com.thundercomm.gamemode.ingame.services.GameModeActionUtils.startGameModeService:99 com.thundercomm.gamemode.ingame.services.GameModeActionUtils.startGameModeEntry:22 com.thundercomm.gamemode.ingame.services.ActivityMonitoringService$1.onActivityLaunch:127
12-10 05:53:07.144 1507 1507 I GameModeConfig: Current uri is uri = content://com.thundercomm.gamemode.api/gamemode_settings/gamemode_isgaming
12-10 05:53:07.146 1507 1507 I GameModeConfig: isGameModeOn = false
12-10 05:53:07.147 1507 1507 I GameModeConfig: isGameModeOn = false
12-10 05:53:07.147 1507 1507 I GameModeConfig: isDisableVoice = true
12-10 05:53:07.852 1507 5826 W ActivityTaskManager: getTaskSnapshot: taskId=5107 not found
12-10 05:53:07.852 1507 2042 W ActivityTaskManager: getTaskSnapshot: taskId=4107 not found
12-10 05:53:07.856 1507 5826 W ActivityTaskManager: getTaskSnapshot: taskId=5107 not found
12-10 05:53:07.856 1507 5826 W ActivityTaskManager: getTaskSnapshot: taskId=4107 not found
12-10 05:53:07.857 8492 8527 W ContextImpl: Calling a method in the system process without a qualified user: android.app.ContextImpl.startService:1816 android.content.ContextWrapper.startService:774 com.thundercomm.gamemode.ingame.services.GameModeActionUtils.startGameModeService:99 com.thundercomm.gamemode.ingame.services.GameModeActionUtils.startGameModeEntry:22 com.thundercomm.gamemode.ingame.services.ActivityMonitoringService$1.onActivityLaunch:127
12-10 05:53:07.862 1507 1507 I GameModeConfig: Current uri is uri = content://com.thundercomm.gamemode.api/gamemode_settings/gamemode_isgaming
12-10 05:53:07.864 1507 1507 I GameModeConfig: isGameModeOn = false
12-10 05:53:07.865 1507 1507 I GameModeConfig: isGameModeOn = false
12-10 05:53:07.865 1507 1507 I GameModeConfig: isDisableVoice = true
12-10 05:53:07.867 1507 2042 W ActivityTaskManager: getTaskSnapshot: taskId=4107 not found
12-10 05:53:07.867 1507 2042 W ActivityTaskManager: getTaskSnapshot: taskId=5107 not found
12-10 05:53:07.874 1507 2042 W ActivityTaskManager: getTaskSnapshot: taskId=5107 not found
12-10 05:53:07.875 1507 2042 W ActivityTaskManager: getTaskSnapshot: taskId=4107 not found
12-10 05:53:08.699 1507 2042 I ActivityTaskManager: FOREGROUND_APPLICATION_CHANGED to com.android.launcher3.uioverrides.QuickstepLauncher
12-10 05:53:08.776 8492 8527 W ContextImpl: Calling a method in the system process without a qualified user: android.app.ContextImpl.startService:1816 android.content.ContextWrapper.startService:774 com.thundercomm.gamemode.ingame.services.GameModeActionUtils.startGameModeService:99 com.thundercomm.gamemode.ingame.services.GameModeActionUtils.startGameModeEntry:22 com.thundercomm.gamemode.ingame.services.ActivityMonitoringService$1.onActivityLaunch:127
12-10 05:53:08.784 1507 1507 I GameModeConfig: Current uri is uri = content://com.thundercomm.gamemode.api/gamemode_settings/gamemode_isgaming
12-10 05:53:08.786 1507 1507 I GameModeConfig: isGameModeOn = false
12-10 05:53:08.786 1507 1507 I GameModeConfig: isGameModeOn = false
12-10 05:53:08.786 1507 1507 I GameModeConfig: isDisableVoice = true
12-10 05:53:08.816 8492 8527 W ContextImpl: Calling a method in the system process without a qualified user: android.app.ContextImpl.startService:1816 android.content.ContextWrapper.startService:774 com.thundercomm.gamemode.ingame.services.GameModeActionUtils.startGameModeService:99 com.thundercomm.gamemode.ingame.services.GameModeActionUtils.startGameModeEntry:22 com.thundercomm.gamemode.ingame.services.ActivityMonitoringService$1.onActivityLaunch:127
12-10 05:53:08.821 1507 1507 I GameModeConfig: Current uri is uri = content://com.thundercomm.gamemode.api/gamemode_settings/gamemode_isgaming
12-10 05:53:08.823 1507 1507 I GameModeConfig: isGameModeOn = false
12-10 05:53:08.823 1507 1507 I GameModeConfig: isGameModeOn = false
12-10 05:53:08.823 1507 1507 I GameModeConfig: isDisableVoice = true
12-10 05:53:09.940 1507 5826 D FreeFormWindowHelper: Add freeform task=Task{2e25aa3 #107 type=standard A=10069:com.android.deskclock U=0 visible=false mode=freeform translucent=true sz=1}
12-10 05:53:09.948 1507 5826 I ActivityTaskManager: FOREGROUND_APPLICATION_CHANGED to com.android.deskclock.DeskClock
12-10 05:53:09.961 1507 6848 W WindowManager: Attempted to set replacing window on app token with no content Token{a35220b ActivityRecord{f1071a0 u0 com.android.deskclock/.DeskClock t107}}
12-10 05:53:09.987 8492 8527 W ContextImpl: Calling a method in the system process without a qualified user: android.app.ContextImpl.startService:1816 android.content.ContextWrapper.startService:774 com.thundercomm.gamemode.ingame.services.GameModeActionUtils.startGameModeService:99 com.thundercomm.gamemode.ingame.services.GameModeActionUtils.startGameModeEntry:22 com.thundercomm.gamemode.ingame.services.ActivityMonitoringService$1.onActivityLaunch:127
12-10 05:53:09.993 1507 5826 I ActivityTaskManager: START u0 {act=android.content.pm.action.REQUEST_PERMISSIONS pkg=com.android.permissioncontroller cmp=com.android.permissioncontroller/.permission.ui.GrantPermissionsActivity (has extras)} from uid 10069
12-10 05:53:09.999 1507 1507 I GameModeConfig: Current uri is uri = content://com.thundercomm.gamemode.api/gamemode_settings/gamemode_isgaming
12-10 05:53:10.002 1507 1507 I GameModeConfig: isGameModeOn = false
12-10 05:53:10.003 1507 1507 I GameModeConfig: isGameModeOn = false
12-10 05:53:10.003 1507 1507 I GameModeConfig: isDisableVoice = true
12-10 05:53:10.037 1507 6848 W WindowManager: updateScale0.7996942
12-10 05:53:10.047 1507 1569 W WindowManager: updateScale0.7996942
12-10 05:53:10.051 1507 5826 W FreeFormWindowHelper: exitRecentTasks type=1
12-10 05:53:10.063 1507 6848 I WindowManager: finishDrawing of relaunch: Window{4917673 u0 com.android.deskclock/com.android.deskclock.DeskClock} 122ms
12-10 05:53:10.063 1507 1569 W WindowManager: updateScale0.7996942
12-10 05:53:10.064 1507 1569 W WindowManager: updateScale0.7996942
12-10 05:53:10.067 1507 9513 I ActivityTaskManager: FOREGROUND_APPLICATION_CHANGED to com.android.permissioncontroller.permission.ui.GrantPermissionsActivity
12-10 05:53:10.070 1507 9513 I ActivityTaskManager: The Process com.android.permissioncontroller Already Exists in BG. So sending its PID: 12461
12-10 05:53:10.070 1507 9513 W ActivityTaskManager: Tried to set launchTime (0) < mLastActivityLaunchTime (15234415)
12-10 05:53:10.108 8492 8527 W ContextImpl: Calling a method in the system process without a qualified user: android.app.ContextImpl.startService:1816 android.content.ContextWrapper.startService:774 com.thundercomm.gamemode.ingame.services.GameModeActionUtils.startGameModeService:99 com.thundercomm.gamemode.ingame.services.GameModeActionUtils.startGameModeEntry:22 com.thundercomm.gamemode.ingame.services.ActivityMonitoringService$1.onActivityLaunch:127
12-10 05:53:10.111 1507 1507 I GameModeConfig: Current uri is uri = content://com.thundercomm.gamemode.api/gamemode_settings/gamemode_isgaming
12-10 05:53:10.114 1507 1507 I GameModeConfig: isGameModeOn = false
12-10 05:53:10.114 1507 1507 I GameModeConfig: isGameModeOn = false
12-10 05:53:10.114 1507 1507 I GameModeConfig: isDisableVoice = true
12-10 05:53:10.122 1507 7192 W WindowManager: updateScale0.7996942
12-10 05:53:10.122 1507 7192 W WindowManager: updateScale0.7996942
12-10 05:53:10.126 1507 1569 W WindowManager: updateScale0.7996942
12-10 05:53:10.129 1507 2042 I ActivityTaskManager: FOREGROUND_APPLICATION_CHANGED to com.android.deskclock.DeskClock
12-10 05:53:10.137 1507 2042 W WindowManager: updateScale0.7996942
12-10 05:53:10.150 1507 5826 W WindowManager: updateScale0.7996942
12-10 05:53:10.153 8492 8527 W ContextImpl: Calling a method in the system process without a qualified user: android.app.ContextImpl.startService:1816 android.content.ContextWrapper.startService:774 com.thundercomm.gamemode.ingame.services.GameModeActionUtils.startGameModeService:99 com.thundercomm.gamemode.ingame.services.GameModeActionUtils.startGameModeEntry:22 com.thundercomm.gamemode.ingame.services.ActivityMonitoringService$1.onActivityLaunch:127
12-10 05:53:10.154 1507 2042 W WindowManager: updateScale0.7996942
12-10 05:53:10.158 1507 1507 I GameModeConfig: Current uri is uri = content://com.thundercomm.gamemode.api/gamemode_settings/gamemode_isgaming
12-10 05:53:10.159 1507 1507 I GameModeConfig: isGameModeOn = false
12-10 05:53:10.159 1507 1507 I GameModeConfig: isGameModeOn = false
12-10 05:53:10.159 1507 1507 I GameModeConfig: isDisableVoice = true
12-10 05:53:10.244 8492 8527 W ContextImpl: Calling a method in the system process without a qualified user: android.app.ContextImpl.startService:1816 android.content.ContextWrapper.startService:774 com.thundercomm.gamemode.ingame.services.GameModeActionUtils.startGameModeService:99 com.thundercomm.gamemode.ingame.services.GameModeActionUtils.startGameModeEntry:22 com.thundercomm.gamemode.ingame.services.ActivityMonitoringService$1.onActivityLaunch:127
12-10 05:53:10.253 1507 1507 I GameModeConfig: Current uri is uri = content://com.thundercomm.gamemode.api/gamemode_settings/gamemode_isgaming
12-10 05:53:10.255 1507 1507 I GameModeConfig: isGameModeOn = false
12-10 05:53:10.255 1507 1507 I GameModeConfig: isGameModeOn = false
12-10 05:53:10.255 1507 1507 I GameModeConfig: isDisableVoice = true
12-10 05:53:10.985 1507 1569 D FreeFormWindowHelper: refreshTipWindow windowDragBounds:Rect(0, 84 - 523, 1012)
12-10 05:53:10.988 1507 1569 W WindowManager: updateScale0.7996942
12-10 05:53:10.989 1507 1569 W WindowManager: updateScale0.7996942
12-10 05:53:11.002 1507 1569 D FreeFormWindowHelper: refreshTipWindow windowDragBounds:Rect(0, 97 - 523, 1025)
12-10 05:53:11.003 1507 1569 W WindowManager: updateScale0.7996942
12-10 05:53:11.018 1507 1569 D FreeFormWindowHelper: refreshTipWindow windowDragBounds:Rect(0, 116 - 523, 1044)
12-10 05:53:11.022 1507 1569 W WindowManager: updateScale0.7996942
12-10 05:53:11.035 1507 1569 D FreeFormWindowHelper: refreshTipWindow windowDragBounds:Rect(0, 135 - 523, 1063)
12-10 05:53:11.037 1507 1569 W WindowManager: updateScale0.7996942
12-10 05:53:11.044 1507 2042 W WindowManager: updateScale0.7996942
12-10 05:53:11.054 1507 1569 D FreeFormWindowHelper: refreshTipWindow windowDragBounds:Rect(-9, 158 - 514, 1086)
12-10 05:53:11.056 1507 1569 W WindowManager: updateScale0.7996942
12-10 05:53:11.068 1507 1569 D FreeFormWindowHelper: refreshTipWindow windowDragBounds:Rect(-10, 179 - 513, 1107)
12-10 05:53:11.069 1507 1569 W WindowManager: updateScale0.7996942
12-10 05:53:11.085 1507 1569 D FreeFormWindowHelper: refreshTipWindow windowDragBounds:Rect(-12, 201 - 511, 1129)
12-10 05:53:11.086 1507 1569 W WindowManager: updateScale0.7996942
12-10 05:53:11.091 1507 2042 W WindowManager: updateScale0.7996942
12-10 05:53:11.102 1507 1569 D FreeFormWindowHelper: refreshTipWindow windowDragBounds:Rect(-13, 219 - 510, 1147)
12-10 05:53:11.103 1507 1569 W WindowManager: updateScale0.7996942
12-10 05:53:11.105 1507 2042 W WindowManager: updateScale0.7996942
12-10 05:53:11.118 1507 2042 W WindowManager: updateScale0.7996942
12-10 05:53:11.120 1507 1569 D FreeFormWindowHelper: refreshTipWindow windowDragBounds:Rect(-12, 238 - 511, 1166)
12-10 05:53:11.120 1507 1569 W WindowManager: updateScale0.7996942
12-10 05:53:11.135 1507 1569 D FreeFormWindowHelper: refreshTipWindow windowDragBounds:Rect(-12, 254 - 511, 1182)
12-10 05:53:11.136 1507 1569 W WindowManager: updateScale0.7996942
12-10 05:53:11.152 1507 1569 D FreeFormWindowHelper: refreshTipWindow windowDragBounds:Rect(-12, 271 - 511, 1199)
12-10 05:53:11.153 1507 1569 W WindowManager: updateScale0.7996942
12-10 05:53:11.168 1507 1569 D FreeFormWindowHelper: refreshTipWindow windowDragBounds:Rect(-12, 288 - 511, 1216)
12-10 05:53:11.170 1507 1569 W WindowManager: updateScale0.7996942
12-10 05:53:11.185 1507 1569 D FreeFormWindowHelper: refreshTipWindow windowDragBounds:Rect(-12, 303 - 511, 1231)
12-10 05:53:11.187 1507 1569 W WindowManager: updateScale0.7996942
12-10 05:53:11.188 1507 2042 W WindowManager: updateScale0.7996942
12-10 05:53:11.202 1507 1569 D FreeFormWindowHelper: refreshTipWindow windowDragBounds:Rect(-13, 324 - 510, 1252)
12-10 05:53:11.203 1507 1569 W WindowManager: updateScale0.7996942
12-10 05:53:11.205 1507 6848 W WindowManager: updateScale0.7996942
12-10 05:53:11.219 1507 1569 D FreeFormWindowHelper: refreshTipWindow windowDragBounds:Rect(-15, 344 - 508, 1272)
12-10 05:53:11.220 1507 1569 W WindowManager: updateScale0.7996942
12-10 05:53:11.223 1507 6848 W WindowManager: updateScale0.7996942
12-10 05:53:11.235 1507 1569 D FreeFormWindowHelper: refreshTipWindow windowDragBounds:Rect(-18, 369 - 505, 1297)
12-10 05:53:11.236 1507 1569 W WindowManager: updateScale0.7996942
12-10 05:53:11.240 1507 6848 W WindowManager: updateScale0.7996942
12-10 05:53:11.252 1507 1569 D FreeFormWindowHelper: refreshTipWindow windowDragBounds:Rect(-20, 392 - 503, 1320)
12-10 05:53:11.253 1507 1569 W WindowManager: updateScale0.7996942
12-10 05:53:11.254 1507 6848 W WindowManager: updateScale0.7996942
12-10 05:53:11.267 1507 6848 W WindowManager: updateScale0.7996942
12-10 05:53:11.270 1507 1569 D FreeFormWindowHelper: refreshTipWindow windowDragBounds:Rect(-23, 417 - 500, 1345)
12-10 05:53:11.271 1507 1569 W WindowManager: updateScale0.7996942
12-10 05:53:11.286 1507 1569 D FreeFormWindowHelper: refreshTipWindow windowDragBounds:Rect(-25, 443 - 498, 1371)
12-10 05:53:11.287 1507 1569 W WindowManager: updateScale0.7996942
12-10 05:53:11.302 1507 1569 D FreeFormWindowHelper: refreshTipWindow windowDragBounds:Rect(-29, 473 - 494, 1401)
12-10 05:53:11.303 1507 1569 W WindowManager: updateScale0.7996942
12-10 05:53:11.305 1507 2042 W WindowManager: updateScale0.7996942
12-10 05:53:11.319 1507 1569 D FreeFormWindowHelper: refreshTipWindow windowDragBounds:Rect(-36, 508 - 487, 1436)
12-10 05:53:11.320 1507 1569 W WindowManager: updateScale0.7996942
12-10 05:53:11.321 1507 2042 W WindowManager: updateScale0.7996942
12-10 05:53:11.336 1507 1569 D FreeFormWindowHelper: refreshTipWindow windowDragBounds:Rect(-42, 548 - 481, 1476)
12-10 05:53:11.337 1507 1569 W WindowManager: updateScale0.7996942
12-10 05:53:11.338 1507 2042 W WindowManager: updateScale0.7996942
12-10 05:53:11.352 1507 1569 D FreeFormWindowHelper: refreshTipWindow windowDragBounds:Rect(-43, 557 - 480, 1485)
12-10 05:53:11.353 1507 1569 W WindowManager: updateScale0.7996942
12-10 05:53:11.355 1507 6848 W WindowManager: updateScale0.7996942
12-10 05:53:11.364 1507 1569 D WindowManager: updateWindowDragBounds: mIsSwipeYtrue
12-10 05:53:11.364 1507 1569 D WindowManager: updateWindowDragBounds: mIsTopfalse
12-10 05:53:11.364 1507 1569 D WindowManager: updateWindowDragBounds: mIsSwipeXfalse
12-10 05:53:11.365 1507 1569 W WindowManager: updateScale0.7996942
12-10 05:53:11.374 1507 6848 W WindowManager: updateScale0.7996942
12-10 05:53:11.392 1507 6848 W WindowManager: updateScale0.7996942
12-10 05:53:11.768 1507 1568 W WindowManager: updateScale0.4617737
12-10 05:53:11.771 1507 1568 W WindowManager: updateScale0.4617737
12-10 05:53:11.798 1507 2042 I ActivityTaskManager: START u0 {act=android.content.pm.action.REQUEST_PERMISSIONS pkg=com.android.permissioncontroller cmp=com.android.permissioncontroller/.permission.ui.GrantPermissionsActivity (has extras)} from uid 10069
12-10 05:53:11.802 1507 2042 W WindowManager: updateScale0.4617737
12-10 05:53:11.858 1507 2042 W WindowManager: updateScale0.4617737
12-10 05:53:11.859 1507 2042 W WindowManager: updateScale0.4617737
12-10 05:53:11.886 1507 2042 I ActivityTaskManager: FOREGROUND_APPLICATION_CHANGED to com.android.permissioncontroller.permission.ui.GrantPermissionsActivity
12-10 05:53:11.887 1507 2042 I ActivityTaskManager: The Process com.android.permissioncontroller Already Exists in BG. So sending its PID: 12461
12-10 05:53:11.887 1507 2042 W ActivityTaskManager: Tried to set launchTime (0) < mLastActivityLaunchTime (15239075)
12-10 05:53:11.901 8492 8527 W ContextImpl: Calling a method in the system process without a qualified user: android.app.ContextImpl.startService:1816 android.content.ContextWrapper.startService:774 com.thundercomm.gamemode.ingame.services.GameModeActionUtils.startGameModeService:99 com.thundercomm.gamemode.ingame.services.GameModeActionUtils.startGameModeEntry:22 com.thundercomm.gamemode.ingame.services.ActivityMonitoringService$1.onActivityLaunch:127
12-10 05:53:11.909 1507 1507 I GameModeConfig: Current uri is uri = content://com.thundercomm.gamemode.api/gamemode_settings/gamemode_isgaming
12-10 05:53:11.914 1507 1507 I GameModeConfig: isGameModeOn = false
12-10 05:53:11.916 1507 1507 I GameModeConfig: isGameModeOn = false
12-10 05:53:11.916 1507 1507 I GameModeConfig: isDisableVoice = true
12-10 05:53:11.928 1507 5826 W WindowManager: updateScale0.4617737
12-10 05:53:11.928 1507 5826 W WindowManager: updateScale0.4617737
12-10 05:53:11.936 1507 1569 W WindowManager: updateScale0.4617737
12-10 05:53:11.939 1507 6848 I ActivityTaskManager: FOREGROUND_APPLICATION_CHANGED to com.android.deskclock.DeskClock
12-10 05:53:11.949 1507 6848 W WindowManager: updateScale0.4617737
12-10 05:53:11.955 1507 5826 W WindowManager: updateScale0.4617737
12-10 05:53:11.971 1507 2042 W WindowManager: updateScale0.4617737
12-10 05:53:11.990 8492 8527 W ContextImpl: Calling a method in the system process without a qualified user: android.app.ContextImpl.startService:1816 android.content.ContextWrapper.startService:774 com.thundercomm.gamemode.ingame.services.GameModeActionUtils.startGameModeService:99 com.thundercomm.gamemode.ingame.services.GameModeActionUtils.startGameModeEntry:22 com.thundercomm.gamemode.ingame.services.ActivityMonitoringService$1.onActivityLaunch:127
12-10 05:53:11.994 1507 1507 I GameModeConfig: Current uri is uri = content://com.thundercomm.gamemode.api/gamemode_settings/gamemode_isgaming
12-10 05:53:11.997 1507 1507 I GameModeConfig: isGameModeOn = false
12-10 05:53:11.997 1507 1507 I GameModeConfig: isGameModeOn = false
12-10 05:53:11.997 1507 1507 I GameModeConfig: isDisableVoice = true
12-10 05:53:12.053 8492 8527 W ContextImpl: Calling a method in the system process without a qualified user: android.app.ContextImpl.startService:1816 android.content.ContextWrapper.startService:774 com.thundercomm.gamemode.ingame.services.GameModeActionUtils.startGameModeService:99 com.thundercomm.gamemode.ingame.services.GameModeActionUtils.startGameModeEntry:22 com.thundercomm.gamemode.ingame.services.ActivityMonitoringService$1.onActivityLaunch:127
12-10 05:53:12.057 1507 1507 I GameModeConfig: Current uri is uri = content://com.thundercomm.gamemode.api/gamemode_settings/gamemode_isgaming
12-10 05:53:12.061 1507 1507 I GameModeConfig: isGameModeOn = false
12-10 05:53:12.061 1507 1507 I GameModeConfig: isGameModeOn = false
12-10 05:53:12.061 1507 1507 I GameModeConfig: isDisableVoice = true
12-10 05:53:12.271 1507 1569 D FreeFormWindowHelper: refreshTipWindow windowDragBounds:Rect(22, 468 - 324, 1006)
12-10 05:53:12.273 1507 1569 W WindowManager: updateScale0.4617737
12-10 05:53:12.273 1507 1569 W WindowManager: updateScale0.4617737
12-10 05:53:12.288 1507 1569 D FreeFormWindowHelper: refreshTipWindow windowDragBounds:Rect(44, 455 - 346, 993)
12-10 05:53:12.289 1507 1569 W WindowManager: updateScale0.4617737
12-10 05:53:12.296 1507 6848 W WindowManager: updateScale0.4617737
12-10 05:53:12.305 1507 1569 D FreeFormWindowHelper: refreshTipWindow windowDragBounds:Rect(66, 443 - 368, 981)
12-10 05:53:12.307 1507 1569 W WindowManager: updateScale0.4617737
12-10 05:53:12.322 1507 1569 D FreeFormWindowHelper: refreshTipWindow windowDragBounds:Rect(91, 430 - 393, 968)
12-10 05:53:12.323 1507 1569 W WindowManager: updateScale0.4617737
12-10 05:53:12.324 1507 6848 W WindowManager: updateScale0.4617737
12-10 05:53:12.338 1507 1569 D FreeFormWindowHelper: refreshTipWindow windowDragBounds:Rect(115, 418 - 417, 956)
12-10 05:53:12.340 1507 1569 W WindowManager: updateScale0.4617737
12-10 05:53:12.356 1507 1569 D FreeFormWindowHelper: refreshTipWindow windowDragBounds:Rect(148, 402 - 450, 940)
12-10 05:53:12.357 1507 1569 W WindowManager: updateScale0.4617737
12-10 05:53:12.371 1507 1569 D FreeFormWindowHelper: refreshTipWindow windowDragBounds:Rect(182, 389 - 484, 927)
12-10 05:53:12.372 1507 1569 W WindowManager: updateScale0.4617737
12-10 05:53:12.388 1507 1569 D FreeFormWindowHelper: refreshTipWindow windowDragBounds:Rect(217, 376 - 519, 914)
12-10 05:53:12.389 1507 1569 W WindowManager: updateScale0.4617737
12-10 05:53:12.405 1507 1569 D FreeFormWindowHelper: refreshTipWindow windowDragBounds:Rect(249, 365 - 551, 903)
12-10 05:53:12.406 1507 1569 W WindowManager: updateScale0.4617737
12-10 05:53:12.422 1507 1569 D FreeFormWindowHelper: refreshTipWindow windowDragBounds:Rect(280, 355 - 582, 893)
12-10 05:53:12.423 1507 1569 W WindowManager: updateScale0.4617737
12-10 05:53:12.424 1507 5826 W WindowManager: updateScale0.4617737
12-10 05:53:12.438 1507 1569 D FreeFormWindowHelper: refreshTipWindow windowDragBounds:Rect(306, 348 - 608, 886)
12-10 05:53:12.438 1507 5826 W WindowManager: updateScale0.4617737
12-10 05:53:12.441 1507 1569 W WindowManager: updateScale0.4617737
12-10 05:53:12.455 1507 1569 D FreeFormWindowHelper: refreshTipWindow windowDragBounds:Rect(333, 343 - 635, 881)
12-10 05:53:12.456 1507 1569 W WindowManager: updateScale0.4617737
12-10 05:53:12.472 1507 1569 D FreeFormWindowHelper: refreshTipWindow windowDragBounds:Rect(361, 339 - 663, 877)
12-10 05:53:12.472 1507 1569 W WindowManager: updateScale0.4617737
12-10 05:53:12.488 1507 1569 D FreeFormWindowHelper: refreshTipWindow windowDragBounds:Rect(392, 334 - 694, 872)
12-10 05:53:12.489 1507 1569 W WindowManager: updateScale0.4617737
12-10 05:53:12.505 1507 1569 D FreeFormWindowHelper: refreshTipWindow windowDragBounds:Rect(419, 331 - 721, 869)
12-10 05:53:12.506 1507 1569 W WindowManager: updateScale0.4617737
12-10 05:53:12.522 1507 1569 D FreeFormWindowHelper: refreshTipWindow windowDragBounds:Rect(447, 328 - 749, 866)
12-10 05:53:12.522 1507 1569 W WindowManager: updateScale0.4617737
12-10 05:53:12.539 1507 1569 D FreeFormWindowHelper: refreshTipWindow windowDragBounds:Rect(475, 324 - 777, 862)
12-10 05:53:12.540 1507 1569 W WindowManager: updateScale0.4617737
12-10 05:53:12.555 1507 1569 D FreeFormWindowHelper: refreshTipWindow windowDragBounds:Rect(502, 319 - 804, 857)
12-10 05:53:12.556 1507 1569 W WindowManager: updateScale0.4617737
12-10 05:53:12.572 1507 1569 D FreeFormWindowHelper: refreshTipWindow windowDragBounds:Rect(536, 313 - 838, 851)
12-10 05:53:12.573 1507 1569 W WindowManager: updateScale0.4617737
12-10 05:53:12.589 1507 1569 D FreeFormWindowHelper: refreshTipWindow windowDragBounds:Rect(576, 307 - 878, 845)
12-10 05:53:12.589 1507 1569 W WindowManager: updateScale0.4617737
12-10 05:53:12.605 1507 1569 D FreeFormWindowHelper: refreshTipWindow windowDragBounds:Rect(622, 303 - 924, 841)
12-10 05:53:12.606 1507 1569 W WindowManager: updateScale0.4617737
12-10 05:53:12.622 1507 1569 D FreeFormWindowHelper: refreshTipWindow windowDragBounds:Rect(656, 299 - 958, 837)
12-10 05:53:12.623 1507 1569 W WindowManager: updateScale0.4617737
12-10 05:53:12.639 1507 1569 D FreeFormWindowHelper: refreshTipWindow windowDragBounds:Rect(688, 295 - 990, 833)
12-10 05:53:12.640 1507 1569 W WindowManager: updateScale0.4617737
12-10 05:53:12.655 1507 1569 D FreeFormWindowHelper: refreshTipWindow windowDragBounds:Rect(734, 291 - 1036, 829)
12-10 05:53:12.656 1507 1569 W WindowManager: updateScale0.4617737
12-10 05:53:12.672 1507 1569 D FreeFormWindowHelper: refreshTipWindow windowDragBounds:Rect(797, 286 - 1099, 824)
12-10 05:53:12.673 1507 1569 W WindowManager: updateScale0.4617737
12-10 05:53:12.689 1507 1569 D FreeFormWindowHelper: refreshTipWindow windowDragBounds:Rect(895, 286 - 1197, 824)
12-10 05:53:12.689 1507 1569 W WindowManager: updateScale0.4617737
12-10 05:53:12.706 1507 1569 D FreeFormWindowHelper: refreshTipWindow windowDragBounds:Rect(1002, 306 - 1304, 844)
12-10 05:53:12.706 1507 1569 W WindowManager: updateScale0.4617737
12-10 05:53:12.722 1507 1569 D FreeFormWindowHelper: refreshTipWindow windowDragBounds:Rect(1077, 322 - 1379, 860)
12-10 05:53:12.723 1507 1569 W WindowManager: updateScale0.4617737
12-10 05:53:12.739 1507 1569 D FreeFormWindowHelper: refreshTipWindow windowDragBounds:Rect(1120, 328 - 1422, 866)
12-10 05:53:12.740 1507 1569 W WindowManager: updateScale0.4617737
12-10 05:53:12.756 1507 1569 D FreeFormWindowHelper: refreshTipWindow windowDragBounds:Rect(1169, 335 - 1471, 873)
12-10 05:53:12.756 1507 1569 W WindowManager: updateScale0.4617737
12-10 05:53:12.772 1507 5826 W WindowManager: updateScale0.4617737
12-10 05:53:12.774 1507 1569 D FreeFormWindowHelper: refreshTipWindow windowDragBounds:Rect(1261, 367 - 1563, 905)
12-10 05:53:12.775 1507 1569 W WindowManager: updateScale0.4617737
12-10 05:53:12.789 1507 1569 D FreeFormWindowHelper: refreshTipWindow windowDragBounds:Rect(1352, 420 - 1654, 958)
12-10 05:53:12.790 1507 1569 W WindowManager: updateScale0.4617737
12-10 05:53:12.791 1507 5826 W WindowManager: updateScale0.4617737
12-10 05:53:12.805 1507 5826 W WindowManager: updateScale0.4617737
12-10 05:53:12.807 1507 1569 D FreeFormWindowHelper: refreshTipWindow windowDragBounds:Rect(1432, 469 - 1734, 1007)
12-10 05:53:12.808 1507 1569 W WindowManager: updateScale0.4617737
12-10 05:53:12.822 1507 1569 D FreeFormWindowHelper: refreshTipWindow windowDragBounds:Rect(1500, 520 - 1802, 1058)
12-10 05:53:12.823 1507 1569 W WindowManager: updateScale0.4617737
12-10 05:53:12.824 1507 1569 W WindowManager: updateScale0.4617737
12-10 05:53:12.839 1507 1569 D FreeFormWindowHelper: refreshTipWindow windowDragBounds:Rect(1568, 571 - 1870, 1109)
12-10 05:53:12.840 1507 1569 W WindowManager: updateScale0.4617737
12-10 05:53:12.856 1507 1569 D FreeFormWindowHelper: refreshTipWindow windowDragBounds:Rect(1627, 611 - 1929, 1149)
12-10 05:53:12.857 1507 1569 W WindowManager: updateScale0.4617737
12-10 05:53:12.885 1507 1569 D WindowManager: updateWindowDragBounds: mIsSwipeYtrue
12-10 05:53:12.885 1507 1569 D WindowManager: updateWindowDragBounds: mIsTopfalse
12-10 05:53:12.885 1507 1569 D WindowManager: updateWindowDragBounds: mIsSwipeXfalse
12-10 05:53:12.887 1507 1569 W WindowManager: updateScale0.4617737
12-10 05:53:12.959 1507 2719 E TaskPersister: File error accessing recents directory (directory doesn't exist?).
12-10 05:53:13.708 1507 1569 D FreeFormWindowHelper: refreshTipWindow windowDragBounds:Rect(2066, 452 - 2368, 990)
12-10 05:53:13.710 1507 1569 W WindowManager: updateScale0.4617737
12-10 05:53:13.710 1507 1569 W WindowManager: updateScale0.4617737
12-10 05:53:13.725 1507 1569 D FreeFormWindowHelper: refreshTipWindow windowDragBounds:Rect(2063, 429 - 2365, 967)
12-10 05:53:13.726 1507 1569 W WindowManager: updateScale0.4617737
12-10 05:53:13.741 1507 1569 D FreeFormWindowHelper: refreshTipWindow windowDragBounds:Rect(2064, 403 - 2366, 941)
12-10 05:53:13.743 1507 1569 W WindowManager: updateScale0.4617737
12-10 05:53:13.760 1507 1569 D FreeFormWindowHelper: refreshTipWindow windowDragBounds:Rect(2064, 381 - 2366, 919)
12-10 05:53:13.762 1507 1569 W WindowManager: updateScale0.4617737
12-10 05:53:13.775 1507 1569 D FreeFormWindowHelper: refreshTipWindow windowDragBounds:Rect(2076, 359 - 2378, 897)
12-10 05:53:13.776 1507 1569 W WindowManager: updateScale0.4617737
12-10 05:53:13.783 1507 5826 W WindowManager: updateScale0.4617737
12-10 05:53:13.791 1507 1569 D FreeFormWindowHelper: refreshTipWindow windowDragBounds:Rect(2085, 334 - 2387, 872)
12-10 05:53:13.792 1507 1569 W WindowManager: updateScale0.4617737
12-10 05:53:13.808 1507 1569 D FreeFormWindowHelper: refreshTipWindow windowDragBounds:Rect(2094, 309 - 2396, 847)
12-10 05:53:13.809 1507 1569 W WindowManager: updateScale0.4617737
12-10 05:53:13.812 1507 5826 W WindowManager: updateScale0.4617737
12-10 05:53:13.824 1507 5826 W WindowManager: updateScale0.4617737
12-10 05:53:13.825 1507 1569 D FreeFormWindowHelper: refreshTipWindow windowDragBounds:Rect(2103, 281 - 2405, 819)
12-10 05:53:13.826 1507 1569 W WindowManager: updateScale0.4617737
12-10 05:53:13.842 1507 1569 D FreeFormWindowHelper: refreshTipWindow windowDragBounds:Rect(2109, 246 - 2411, 784)
12-10 05:53:13.843 1507 1569 W WindowManager: updateScale0.4617737
12-10 05:53:13.858 1507 1569 D FreeFormWindowHelper: refreshTipWindow windowDragBounds:Rect(2111, 197 - 2413, 735)
12-10 05:53:13.859 1507 1569 W WindowManager: updateScale0.4617737
12-10 05:53:13.875 1507 1569 D FreeFormWindowHelper: refreshTipWindow windowDragBounds:Rect(2111, 150 - 2413, 688)
12-10 05:53:13.876 1507 1569 W WindowManager: updateScale0.4617737
12-10 05:53:13.892 1507 1569 D FreeFormWindowHelper: refreshTipWindow windowDragBounds:Rect(2095, 100 - 2397, 638)
12-10 05:53:13.893 1507 1569 W WindowManager: updateScale0.4617737
12-10 05:53:13.910 1507 1569 D FreeFormWindowHelper: refreshTipWindow windowDragBounds:Rect(2084, 54 - 2386, 592)
12-10 05:53:13.911 1507 1569 W WindowManager: updateScale0.4617737
12-10 05:53:13.925 1507 1569 D FreeFormWindowHelper: refreshTipWindow windowDragBounds:Rect(2068, 11 - 2370, 549)
12-10 05:53:13.928 1507 1569 W WindowManager: updateScale0.4617737
12-10 05:53:13.943 1507 1569 D FreeFormWindowHelper: refreshTipWindow windowDragBounds:Rect(2051, -31 - 2353, 507)
12-10 05:53:13.945 1507 1569 W WindowManager: updateScale0.4617737
12-10 05:53:13.960 1507 2042 W WindowManager: updateScale0.4617737
12-10 05:53:13.969 1507 1569 D WindowManager: updateWindowDragBounds: mIsSwipeYtrue
12-10 05:53:13.969 1507 1569 D WindowManager: updateWindowDragBounds: mIsTopfalse
12-10 05:53:13.969 1507 1569 D WindowManager: updateWindowDragBounds: mIsSwipeXfalse
12-10 05:53:13.970 1507 1569 W WindowManager: updateScale0.4617737
12-10 05:53:13.993 1507 5826 W WindowManager: updateScale0.4617737
12-10 05:53:14.460 1507 1569 D FreeFormWindowHelper: refreshTipWindow windowDragBounds:Rect(2046, 72 - 2348, 610)
12-10 05:53:14.462 1507 1569 W WindowManager: updateScale0.4617737
12-10 05:53:14.476 1507 1569 D FreeFormWindowHelper: refreshTipWindow windowDragBounds:Rect(2012, 59 - 2314, 597)
12-10 05:53:14.478 1507 1569 W WindowManager: updateScale0.4617737
12-10 05:53:14.493 1507 1569 D FreeFormWindowHelper: refreshTipWindow windowDragBounds:Rect(1966, 47 - 2268, 585)
12-10 05:53:14.495 1507 1569 W WindowManager: updateScale0.4617737
12-10 05:53:14.510 1507 1569 D FreeFormWindowHelper: refreshTipWindow windowDragBounds:Rect(1908, 34 - 2210, 572)
12-10 05:53:14.511 1507 1569 W WindowManager: updateScale0.4617737
12-10 05:53:14.526 1507 1569 D FreeFormWindowHelper: refreshTipWindow windowDragBounds:Rect(1846, 18 - 2148, 556)
12-10 05:53:14.527 1507 1569 W WindowManager: updateScale0.4617737
12-10 05:53:14.543 1507 1569 D FreeFormWindowHelper: refreshTipWindow windowDragBounds:Rect(1762, -1 - 2064, 537)
12-10 05:53:14.544 1507 1569 W WindowManager: updateScale0.4617737
12-10 05:53:14.560 1507 1569 D FreeFormWindowHelper: refreshTipWindow windowDragBounds:Rect(1680, -13 - 1982, 525)
12-10 05:53:14.561 1507 1569 W WindowManager: updateScale0.4617737
12-10 05:53:14.564 1507 2042 W WindowManager: updateScale0.4617737
12-10 05:53:14.577 1507 1569 D FreeFormWindowHelper: refreshTipWindow windowDragBounds:Rect(1591, -22 - 1893, 516)
12-10 05:53:14.578 1507 1569 W WindowManager: updateScale0.4617737
12-10 05:53:14.580 1507 5826 W WindowManager: updateScale0.4617737
12-10 05:53:14.591 1507 5826 W WindowManager: updateScale0.4617737
12-10 05:53:14.594 1507 1569 D FreeFormWindowHelper: refreshTipWindow windowDragBounds:Rect(1508, -31 - 1810, 507)
12-10 05:53:14.594 1507 1569 W WindowManager: updateScale0.4617737
12-10 05:53:14.610 1507 1569 D FreeFormWindowHelper: refreshTipWindow windowDragBounds:Rect(1406, -40 - 1708, 498)
12-10 05:53:14.611 1507 1569 W WindowManager: updateScale0.4617737
12-10 05:53:14.627 1507 1569 D FreeFormWindowHelper: refreshTipWindow windowDragBounds:Rect(1310, -45 - 1612, 493)
12-10 05:53:14.628 1507 1569 W WindowManager: updateScale0.4617737
12-10 05:53:14.643 1507 1569 D FreeFormWindowHelper: refreshTipWindow windowDragBounds:Rect(1209, -47 - 1511, 491)
12-10 05:53:14.645 1507 1569 W WindowManager: updateScale0.4617737
12-10 05:53:14.660 1507 1569 D FreeFormWindowHelper: refreshTipWindow windowDragBounds:Rect(1108, -47 - 1410, 491)
12-10 05:53:14.663 1507 1569 W WindowManager: updateScale0.4617737
12-10 05:53:14.677 1507 1569 D FreeFormWindowHelper: refreshTipWindow windowDragBounds:Rect(1011, -34 - 1313, 504)
12-10 05:53:14.679 1507 1569 W WindowManager: updateScale0.4617737
12-10 05:53:14.694 1507 1569 D FreeFormWindowHelper: refreshTipWindow windowDragBounds:Rect(912, -21 - 1214, 517)
12-10 05:53:14.696 1507 1569 W WindowManager: updateScale0.4617737
12-10 05:53:14.712 1507 1569 D FreeFormWindowHelper: refreshTipWindow windowDragBounds:Rect(814, -10 - 1116, 528)
12-10 05:53:14.713 1507 1569 W WindowManager: updateScale0.4617737
12-10 05:53:14.727 1507 1569 D FreeFormWindowHelper: refreshTipWindow windowDragBounds:Rect(716, 1 - 1018, 539)
12-10 05:53:14.728 1507 1569 W WindowManager: updateScale0.4617737
12-10 05:53:14.744 1507 1569 D FreeFormWindowHelper: refreshTipWindow windowDragBounds:Rect(610, 17 - 912, 555)
12-10 05:53:14.745 1507 1569 W WindowManager: updateScale0.4617737
12-10 05:53:14.746 1507 2042 W WindowManager: updateScale0.4617737
12-10 05:53:14.760 1507 1569 D FreeFormWindowHelper: refreshTipWindow windowDragBounds:Rect(514, 32 - 816, 570)
12-10 05:53:14.761 1507 1569 W WindowManager: updateScale0.4617737
12-10 05:53:14.765 1507 2042 W WindowManager: updateScale0.4617737
12-10 05:53:14.777 1507 1569 D FreeFormWindowHelper: refreshTipWindow windowDragBounds:Rect(412, 50 - 714, 588)
12-10 05:53:14.778 1507 1569 W WindowManager: updateScale0.4617737
12-10 05:53:14.782 1507 2042 W WindowManager: updateScale0.4617737
