12-10 06:04:59.583 2526 2526 I wm_on_top_resumed_gained_called: [142082565,com.android.launcher3.uioverrides.QuickstepLauncher,topStateChangedWhenResumed]
12-10 06:04:59.584 1507 1507 I GameModeConfig: isGameModeOn = true
12-10 06:04:59.584 1507 1507 I GameModeConfig: isGaming = false
12-10 06:04:59.584 1507 1507 I GameModeConfig: isDisableVoice = true
12-10 06:04:59.620 8492 8527 W ContextImpl: Calling a method in the system process without a qualified user: android.app.ContextImpl.startService:1816 android.content.ContextWrapper.startService:774 com.thundercomm.gamemode.ingame.services.GameModeActionUtils.startGameModeService:99 com.thundercomm.gamemode.ingame.services.GameModeActionUtils.startGameModeEntry:22 com.thundercomm.gamemode.ingame.services.ActivityMonitoringService$1.onActivityLaunch:127
12-10 06:04:59.624 1507 1507 I GameModeConfig: Current uri is uri = content://com.thundercomm.gamemode.api/gamemode_settings/gamemode_isgaming
12-10 06:04:59.627 1507 1507 I GameModeConfig: isGameModeOn = true
12-10 06:04:59.627 1507 1507 I GameModeConfig: isGaming = false
12-10 06:04:59.627 1507 1507 I GameModeConfig: isGameModeOn = true
12-10 06:04:59.627 1507 1507 I GameModeConfig: isGaming = false
12-10 06:04:59.627 1507 1507 I GameModeConfig: isDisableVoice = true
12-10 06:04:59.736 1507 1710 I commit_sys_config_file: [settings-1-0,6]
12-10 06:04:59.802 1507 1569 I wm_task_removed: [114,removeChild:removeChild last r=ActivityRecord{4cf4937 u0 com.android.music/.VideoBrowserActivity t-1 f}} in t=Task{5340636 #114 type=standard A=10090:android.task.video U=0 visible=false mode=freeform translucent=true sz=0}]
12-10 06:04:59.802 1507 1569 I wm_task_removed: [114,removeChild]
12-10 06:04:59.802 1507 1569 D FreeFormWindowHelper: Remove freefrom task=Task{5340636 #114 type=standard A=10090:android.task.video U=0 visible=false mode=freeform translucent=true sz=0}
12-10 06:05:00.155 0 0 I auditd : type=1400 audit(0.0:17319): avc: denied { kill } for comm="swapper/1" capability=5 scontext=u:r:kernel:s0 tcontext=u:r:kernel:s0 tclass=capability permissive=0
12-10 06:05:00.442 1507 1583 W BroadcastQueue: Permission Denial: broadcasting Intent { act=android.net.conn.CONNECTIVITY_CHANGE flg=0x4200010 (has extras) } from null (pid=-1, uid=-1) requires com.baidu.input.permission.sofire.RECEIVE due to registered receiver BroadcastFilter{961caf2 10036/u0 ReceiverList{a3addfd 4215 com.baidu.input/10036/u0 remote:14d7a54}}
12-10 06:05:01.155 0 0 I auditd : type=1400 audit(0.0:17320): avc: denied { kill } for comm="swapper/1" capability=5 scontext=u:r:kernel:s0 tcontext=u:r:kernel:s0 tclass=capability permissive=0
12-10 06:05:02.155 0 0 I auditd : type=1400 audit(0.0:17321): avc: denied { kill } for comm="swapper/1" capability=5 scontext=u:r:kernel:s0 tcontext=u:r:kernel:s0 tclass=capability permissive=0
12-10 06:05:02.810 1507 2719 E TaskPersister: File error accessing recents directory (directory doesn't exist?).
12-10 06:05:02.951 1507 1736 I input_interaction: Interaction with: 2cb1f5d com.android.launcher3/com.android.launcher3.uioverrides.QuickstepLauncher (server), 5478378 com.android.systemui.ImageWallpaper (server), edge-swipe (server), swipe-up (server), PointerEventDispatcher0 (server),
12-10 06:05:03.085 1507 2150 I ActivityTaskManager: START u0 {act=android.intent.action.MAIN cat=[android.intent.category.LAUNCHER] flg=0x10200000 cmp=com.android.gallery3d/.app.GalleryActivity bnds=[2308,140][2494,340]} from uid 10079
12-10 06:05:03.094 1507 2150 I wm_task_created: [115,-1]
12-10 06:05:03.094 1507 2150 W ActivityTaskManager: Can't find TaskDisplayArea to determine support for multi window. Task id=115 attached=false
12-10 06:05:03.100 1507 2150 D CompatibilityChangeReporter: Compat change id reported: 174042980; UID 10066; state: DISABLED
12-10 06:05:03.101 1507 2150 D CompatibilityChangeReporter: Compat change id reported: 184838306; UID 10066; state: DISABLED
12-10 06:05:03.101 1507 2150 D CompatibilityChangeReporter: Compat change id reported: 185004937; UID 10066; state: DISABLED
12-10 06:05:03.102 1507 2150 I service_manager_stats: [100,84,81403]
12-10 06:05:03.102 1507 2150 D CompatibilityChangeReporter: Compat change id reported: 181136395; UID 10066; state: DISABLED
12-10 06:05:03.102 1507 2150 D CompatibilityChangeReporter: Compat change id reported: 174042936; UID 10066; state: DISABLED
12-10 06:05:03.104 1507 2150 I wm_task_moved: [115,1,8]
12-10 06:05:03.104 1507 2150 I wm_task_to_front: [0,115]
12-10 06:05:03.104 1507 2150 I wm_create_task: [0,115]
12-10 06:05:03.104 1507 2150 I wm_create_activity: [0,57394762,115,com.android.gallery3d/.app.GalleryActivity,android.intent.action.MAIN,NULL,NULL,270532608]
12-10 06:05:03.104 1507 2150 I wm_task_moved: [115,1,8]
12-10 06:05:03.106 1507 2150 D CompatibilityChangeReporter: Compat change id reported: 168419799; UID 10066; state: DISABLED
12-10 06:05:03.109 1507 2150 I wm_pause_activity: [0,142082565,com.android.launcher3/.uioverrides.QuickstepLauncher,userLeaving=true,pauseBackTasks]
12-10 06:05:03.116 2526 2526 I wm_on_top_resumed_lost_called: [142082565,com.android.launcher3.uioverrides.QuickstepLauncher,topStateChangedWhenResumed]
12-10 06:05:03.118 2526 2526 I wm_on_paused_called: [142082565,com.android.launcher3.uioverrides.QuickstepLauncher,performPause]
12-10 06:05:03.120 1507 12192 I ActivityTaskManager: FOREGROUND_APPLICATION_CHANGED to com.android.gallery3d.app.GalleryActivity
12-10 06:05:03.122 1507 12192 I wm_add_to_stopping: [0,142082565,com.android.launcher3/.uioverrides.QuickstepLauncher,makeInvisible]
12-10 06:05:03.127 1507 1568 I am_uid_running: 10066
12-10 06:05:03.131 1507 1568 D CompatibilityChangeReporter: Compat change id reported: 135634846; UID 10066; state: DISABLED
12-10 06:05:03.131 1507 1568 D CompatibilityChangeReporter: Compat change id reported: 177438394; UID 10066; state: DISABLED
12-10 06:05:03.131 1507 1568 D CompatibilityChangeReporter: Compat change id reported: 135772972; UID 10066; state: DISABLED
12-10 06:05:03.131 1507 1568 D CompatibilityChangeReporter: Compat change id reported: 135754954; UID 10066; state: DISABLED
12-10 06:05:03.132 1507 1584 D CompatibilityChangeReporter: Compat change id reported: 143937733; UID 10066; state: DISABLED
12-10 06:05:03.133 1507 1568 I sysui_multi_action: [757,803,799,window_time_0,802,4]
12-10 06:05:03.144 1507 1736 I input_focus: [Focus leaving 2cb1f5d com.android.launcher3/com.android.launcher3.uioverrides.QuickstepLauncher (server),reason=NO_WINDOW]
12-10 06:05:03.154 1507 1584 I am_proc_start: [0,13437,10066,com.android.gallery3d,pre-top-activity,{com.android.gallery3d/com.android.gallery3d.app.GalleryActivity}]
12-10 06:05:03.154 1507 1584 I ActivityManager: Start proc 13437:com.android.gallery3d/u0a66 for pre-top-activity {com.android.gallery3d/com.android.gallery3d.app.GalleryActivity}
12-10 06:05:03.155 1507 13438 W ContextImpl: Calling a method in the system process without a qualified user: android.app.ContextImpl.sendBroadcast:1173 com.qualcomm.qti.Performance$SendGameLaunchBroadcast.run:217 java.lang.Thread.run:920
12-10 06:05:03.174 1507 12192 I am_proc_bound: [0,13437,com.android.gallery3d]
12-10 06:05:03.177 1507 12192 I wm_restart_activity: [0,57394762,115,com.android.gallery3d/.app.GalleryActivity]
12-10 06:05:03.177 1507 12192 I wm_set_resumed_activity: [0,com.android.gallery3d/.app.GalleryActivity,minimalResumeActivityLocked]
12-10 06:05:03.180 1507 1568 I am_uid_active: 10066
12-10 06:05:03.195 8492 8527 W ContextImpl: Calling a method in the system process without a qualified user: android.app.ContextImpl.startService:1816 android.content.ContextWrapper.startService:774 com.thundercomm.gamemode.ingame.services.GameModeActionUtils.startGameModeService:99 com.thundercomm.gamemode.ingame.services.GameModeActionUtils.startGameModeEntry:22 com.thundercomm.gamemode.ingame.services.ActivityMonitoringService$1.onActivityLaunch:127
12-10 06:05:03.200 1507 1507 I GameModeConfig: Current uri is uri = content://com.thundercomm.gamemode.api/gamemode_settings/gamemode_isgaming
12-10 06:05:03.204 1507 1507 I GameModeConfig: isGameModeOn = true
12-10 06:05:03.204 1507 1507 I GameModeConfig: isGaming = false
12-10 06:05:03.204 1507 1507 I GameModeConfig: isGameModeOn = true
12-10 06:05:03.204 1507 1507 I GameModeConfig: isGaming = false
12-10 06:05:03.204 1507 1507 I GameModeConfig: isDisableVoice = true
12-10 06:05:03.221 13437 13437 I wm_on_create_called: [57394762,com.android.gallery3d.app.GalleryActivity,performCreate]
12-10 06:05:03.222 13437 13437 I wm_on_start_called: [57394762,com.android.gallery3d.app.GalleryActivity,handleStartActivity]
12-10 06:05:03.225 13437 13437 I wm_on_resume_called: [57394762,com.android.gallery3d.app.GalleryActivity,RESUME_ACTIVITY]
12-10 06:05:03.229 1507 6852 W WindowManager: Failed looking up window session=Session{a9fa44c 13437:u0a10066} callers=com.android.server.wm.WindowManagerService.windowForClientLocked:5628 com.android.server.wm.Session.insetsModified:629 android.view.IWindowSession$Stub.onTransact:1151
12-10 06:05:03.232 13437 13437 I wm_on_top_resumed_gained_called: [57394762,com.android.gallery3d.app.GalleryActivity,topStateChangedWhenResumed]
12-10 06:05:03.235 8492 8527 W ContextImpl: Calling a method in the system process without a qualified user: android.app.ContextImpl.startService:1816 android.content.ContextWrapper.startService:774 com.thundercomm.gamemode.ingame.services.GameModeActionUtils.startGameModeService:99 com.thundercomm.gamemode.ingame.services.GameModeActionUtils.startGameModeEntry:22 com.thundercomm.gamemode.ingame.services.ActivityMonitoringService$1.onActivityLaunch:127
12-10 06:05:03.239 1507 1507 I GameModeConfig: Current uri is uri = content://com.thundercomm.gamemode.api/gamemode_settings/gamemode_isgaming
12-10 06:05:03.241 1507 1507 I GameModeConfig: isGameModeOn = true
12-10 06:05:03.241 1507 1507 I GameModeConfig: isGaming = false
12-10 06:05:03.241 1507 1507 I GameModeConfig: isGameModeOn = true
12-10 06:05:03.241 1507 1507 I GameModeConfig: isGaming = false
12-10 06:05:03.241 1507 1507 I GameModeConfig: isDisableVoice = true
12-10 06:05:03.253 1507 1569 I input_focus: [Focus request 3b61d11 com.android.gallery3d/com.android.gallery3d.app.GalleryActivity,reason=UpdateInputWindows]
12-10 06:05:03.255 1507 1909 I GameModeConfig: isGameModeOn = true
12-10 06:05:03.255 1507 1909 I GameModeConfig: isGaming = false
12-10 06:05:03.258 1507 1909 I GameModeConfig: isGameModeOn = true
12-10 06:05:03.258 1507 1909 I GameModeConfig: isGaming = false
12-10 06:05:03.258 1507 1909 I GameModeConfig: isGameModeOn = true
12-10 06:05:03.258 1507 1909 I GameModeConfig: isGaming = false
12-10 06:05:03.258 1507 1909 I GameModeConfig: isGameModeOn = true
12-10 06:05:03.258 1507 1909 I GameModeConfig: isGaming = false
12-10 06:05:03.259 2004 2004 I sysui_multi_action: [757,111,758,2]
12-10 06:05:03.260 2004 2004 I sysui_multi_action: [757,111,758,2]
12-10 06:05:03.267 1507 1507 I notification_enqueue: [10082,2004,com.android.systemui,2048,NULL,0,Notification(channel=updateNotification shortcut=null contentView=null vibrate=null sound=null defaults=0x0 flags=0x0 color=0x00000000 vis=PRIVATE),1]
12-10 06:05:03.285 2004 2004 I sysui_multi_action: [757,111,758,1]
12-10 06:05:03.285 2004 2004 I sysui_multi_action: [757,126,758,1,759,126,927,0,928,1,1593,0]
12-10 06:05:03.286 2004 2004 I sysui_multi_action: [757,113,758,1,759,113,927,1,928,1,1593,0]
12-10 06:05:03.286 2004 2004 I sysui_multi_action: [757,0,758,1,759,0,927,2,928,0,1593,0]
12-10 06:05:03.286 2004 2004 I sysui_multi_action: [757,0,758,1,759,0,927,3,928,0,1593,0]
12-10 06:05:03.287 2004 2004 I sysui_multi_action: [757,491,758,1,759,491,927,4,928,1,1311,1,1593,0]
12-10 06:05:03.287 2004 2004 I sysui_multi_action: [757,0,758,1,759,0,927,5,928,0,1593,0]
12-10 06:05:03.287 2004 2004 I sysui_multi_action: [757,111,758,1]
12-10 06:05:03.288 2004 2004 I sysui_multi_action: [757,126,758,1,759,126,927,0,928,1,1593,0]
12-10 06:05:03.288 2004 2004 I sysui_multi_action: [757,113,758,1,759,113,927,1,928,1,1593,0]
12-10 06:05:03.288 2004 2004 I sysui_multi_action: [757,0,758,1,759,0,927,2,928,0,1593,0]
12-10 06:05:03.288 2004 2004 I sysui_multi_action: [757,0,758,1,759,0,927,3,928,0,1593,0]
12-10 06:05:03.301 1507 1564 I sysui_multi_action: [319,69,321,64,322,211,325,15952,757,761,758,7,759,1,806,com.android.gallery3d,871,com.android.gallery3d.app.GalleryActivity,904,com.android.launcher3,905,0,945,91,1320,4,1321,1]
12-10 06:05:03.302 1507 1564 I wm_activity_launch_time: [0,57394762,com.android.gallery3d/.app.GalleryActivity,211]
12-10 06:05:03.312 1507 1736 I input_focus: [Focus entering 3b61d11 com.android.gallery3d/com.android.gallery3d.app.GalleryActivity (server),reason=Window became focusable. Previous reason: NOT_VISIBLE]
12-10 06:05:03.469 1507 1507 I GameModeConfig: isGameModeOn = true
12-10 06:05:03.469 1507 1507 I GameModeConfig: isGaming = false
12-10 06:05:03.737 1507 1568 I wm_stop_activity: [0,142082565,com.android.launcher3/.uioverrides.QuickstepLauncher]
12-10 06:05:03.783 1507 2792 W FreeFormWindowHelper: exitRecentTasks type=0
12-10 06:05:03.783 1507 2792 W ContextImpl: Calling a method in the system process without a qualified user: android.app.ContextImpl.startActivity:1067 com.android.server.wm.FreeFormWindowHelper.exitRecentTasks:495 com.android.server.wm.ActivityTaskManagerService.exitRecentTasks:3795 android.app.IActivityTaskManager$Stub.onTransact:2307 com.android.server.wm.ActivityTaskManagerService.onTransact:5046
12-10 06:05:03.785 1507 2792 I ActivityTaskManager: START u0 {act=android.intent.action.MAIN cat=[android.intent.category.LAUNCHER] flg=0x10200000 cmp=com.android.music/.VideoBrowserActivity} from uid 1000
12-10 06:05:03.789 1507 2792 I wm_task_created: [116,-1]
12-10 06:05:03.790 1507 2792 W ActivityTaskManager: Can't find TaskDisplayArea to determine support for multi window. Task id=116 attached=false
12-10 06:05:03.791 1507 2792 D FreeFormWindowHelper: Add freeform task=Task{9dacf3 #116 type=standard ?? U=0 visible=false mode=freeform translucent=true sz=0}
12-10 06:05:03.794 1507 2792 I wm_task_moved: [116,1,9]
12-10 06:05:03.794 1507 2792 I wm_task_to_front: [0,116]
12-10 06:05:03.795 1507 2792 I wm_create_task: [0,116]
12-10 06:05:03.795 1507 2792 I wm_create_activity: [0,80141744,116,com.android.music/.VideoBrowserActivity,android.intent.action.MAIN,NULL,NULL,270532608]
12-10 06:05:03.795 1507 2792 I wm_task_moved: [116,1,9]
12-10 06:05:03.795 13437 13437 I wm_on_top_resumed_lost_called: [57394762,com.android.gallery3d.app.GalleryActivity,topStateChangedWhenResumed]
12-10 06:05:03.797 1507 2792 I ActivityTaskManager: FOREGROUND_APPLICATION_CHANGED to com.android.music.VideoBrowserActivity
12-10 06:05:03.797 1507 2792 I ActivityTaskManager: The Process com.android.music Already Exists in BG. So sending its PID: 12253
12-10 06:05:03.797 1507 2792 W ActivityTaskManager: Tried to set launchTime (0) < mLastActivityLaunchTime (15937929)
12-10 06:05:03.799 1507 2792 I wm_restart_activity: [0,80141744,116,com.android.music/.VideoBrowserActivity]
12-10 06:05:03.802 1507 2792 I wm_set_resumed_activity: [0,com.android.music/.VideoBrowserActivity,minimalResumeActivityLocked]
12-10 06:05:03.821 8492 8527 W ContextImpl: Calling a method in the system process without a qualified user: android.app.ContextImpl.startService:1816 android.content.ContextWrapper.startService:774 com.thundercomm.gamemode.ingame.services.GameModeActionUtils.startGameModeService:99 com.thundercomm.gamemode.ingame.services.GameModeActionUtils.startGameModeEntry:22 com.thundercomm.gamemode.ingame.services.ActivityMonitoringService$1.onActivityLaunch:127
12-10 06:05:03.826 1507 1507 I GameModeConfig: Current uri is uri = content://com.thundercomm.gamemode.api/gamemode_settings/gamemode_isgaming
12-10 06:05:03.830 1507 1507 I GameModeConfig: isGameModeOn = true
12-10 06:05:03.830 1507 1507 I GameModeConfig: isGaming = false
12-10 06:05:03.830 12253 12253 I wm_on_create_called: [80141744,com.android.music.VideoBrowserActivity,performCreate]
12-10 06:05:03.830 1507 1507 I GameModeConfig: isGameModeOn = true
12-10 06:05:03.830 1507 1507 I GameModeConfig: isGaming = false
12-10 06:05:03.830 1507 1507 I GameModeConfig: isDisableVoice = true
12-10 06:05:03.830 12253 12253 I wm_on_start_called: [80141744,com.android.music.VideoBrowserActivity,handleStartActivity]
12-10 06:05:03.831 12253 12253 I wm_on_resume_called: [80141744,com.android.music.VideoBrowserActivity,RESUME_ACTIVITY]
12-10 06:05:03.833 2526 2526 I wm_on_stop_called: [142082565,com.android.launcher3.uioverrides.QuickstepLauncher,STOP_ACTIVITY_ITEM]
12-10 06:05:03.834 12253 12253 I wm_on_top_resumed_gained_called: [80141744,com.android.music.VideoBrowserActivity,topStateChangedWhenResumed]
12-10 06:05:03.837 1507 2792 W WindowManager: updateScale0.7996942
12-10 06:05:03.842 1507 6852 W WindowManager: updateScale0.7996942
12-10 06:05:03.849 1507 1569 I input_focus: [Focus request 2513f61 com.android.music/com.android.music.VideoBrowserActivity,reason=UpdateInputWindows]
12-10 06:05:03.857 1507 1569 W WindowManager: updateScale0.7996942
12-10 06:05:03.860 1507 1569 W WindowManager: updateScale0.7996942
12-10 06:05:03.861 1507 1569 W WindowManager: updateScale0.7996942
12-10 06:05:03.863 8492 8527 W ContextImpl: Calling a method in the system process without a qualified user: android.app.ContextImpl.startService:1816 android.content.ContextWrapper.startService:774 com.thundercomm.gamemode.ingame.services.GameModeActionUtils.startGameModeService:99 com.thundercomm.gamemode.ingame.services.GameModeActionUtils.startGameModeEntry:22 com.thundercomm.gamemode.ingame.services.ActivityMonitoringService$1.onActivityLaunch:127
12-10 06:05:03.864 1507 1569 W WindowManager: updateScale0.7996942
12-10 06:05:03.866 1507 1569 W WindowManager: updateScale0.7996942
12-10 06:05:03.866 1507 1736 I input_focus: [Focus leaving 3b61d11 com.android.gallery3d/com.android.gallery3d.app.GalleryActivity (server),reason=Waiting for window because NOT_VISIBLE]
12-10 06:05:03.868 1507 1564 I sysui_multi_action: [319,75,322,75,325,15952,757,761,758,8,759,2,806,com.android.music,871,com.android.music.VideoBrowserActivity,904,android,905,0,1320,8,1321,5]
12-10 06:05:03.869 1507 1564 I wm_activity_launch_time: [0,80141744,com.android.music/.VideoBrowserActivity,75]
12-10 06:05:03.873 1507 1507 I GameModeConfig: Current uri is uri = content://com.thundercomm.gamemode.api/gamemode_settings/gamemode_isgaming
12-10 06:05:03.876 1507 1507 I GameModeConfig: isGameModeOn = true
12-10 06:05:03.876 1507 1507 I GameModeConfig: isGaming = false
12-10 06:05:03.876 1507 1507 I GameModeConfig: isGameModeOn = true
12-10 06:05:03.876 1507 1507 I GameModeConfig: isGaming = false
12-10 06:05:03.876 1507 1507 I GameModeConfig: isDisableVoice = true
12-10 06:05:03.880 1507 1736 I input_focus: [Focus entering 2513f61 com.android.music/com.android.music.VideoBrowserActivity (server),reason=Window became focusable. Previous reason: NOT_VISIBLE]
12-10 06:05:04.350 1507 1569 W WindowManager: updateScale0.7996942
12-10 06:05:04.352 1507 2150 W WindowManager: updateScale0.7996942
12-10 06:05:04.776 1507 1736 I input_interaction: Interaction with: 3b61d11 com.android.gallery3d/com.android.gallery3d.app.GalleryActivity (server), edge-swipe (server), swipe-up (server), PointerEventDispatcher0 (server),
12-10 06:05:04.781 1507 1568 I wm_task_moved: [115,1,9]
12-10 06:05:04.781 1507 1568 I wm_task_to_front: [0,115]
12-10 06:05:04.785 1507 1568 W WindowManager: updateScale0.7996942
12-10 06:05:04.791 12253 12253 I wm_on_top_resumed_lost_called: [80141744,com.android.music.VideoBrowserActivity,topStateChangedWhenResumed]
12-10 06:05:04.791 1507 1568 I wm_set_resumed_activity: [0,com.android.gallery3d/.app.GalleryActivity,positionChildAt]
12-10 06:05:04.791 1507 1568 I wm_focused_root_task: [0,0,115,116,setFocusedTask]
12-10 06:05:04.791 1507 1568 I wm_set_resumed_activity: [0,com.android.gallery3d/.app.GalleryActivity,setFocusedTask]
12-10 06:05:04.792 1507 1568 I ActivityTaskManager: FOREGROUND_APPLICATION_CHANGED to com.android.gallery3d.app.GalleryActivity
12-10 06:05:04.793 1507 1569 I input_focus: [Focus request 3b61d11 com.android.gallery3d/com.android.gallery3d.app.GalleryActivity,reason=UpdateInputWindows]
12-10 06:05:04.794 13437 13437 I wm_on_top_resumed_gained_called: [57394762,com.android.gallery3d.app.GalleryActivity,topStateChangedWhenResumed]
12-10 06:05:04.822 1507 2792 I wm_task_moved: [26,0,0]
12-10 06:05:04.823 1507 2792 I wm_task_moved: [26,0,8]
12-10 06:05:04.829 1507 2792 W WindowManager: updateScale0.7996942
12-10 06:05:04.831 2526 2526 I wm_on_restart_called: [142082565,com.android.launcher3.uioverrides.QuickstepLauncher,performRestartActivity]
12-10 06:05:04.832 1507 1736 I input_focus: [Focus leaving 2513f61 com.android.music/com.android.music.VideoBrowserActivity (server),reason=setFocusedWindow]
12-10 06:05:04.832 1507 1736 I input_focus: [Focus entering 3b61d11 com.android.gallery3d/com.android.gallery3d.app.GalleryActivity (server),reason=setFocusedWindow]
12-10 06:05:04.853 8492 8527 W ContextImpl: Calling a method in the system process without a qualified user: android.app.ContextImpl.startService:1816 android.content.ContextWrapper.startService:774 com.thundercomm.gamemode.ingame.services.GameModeActionUtils.startGameModeService:99 com.thundercomm.gamemode.ingame.services.GameModeActionUtils.startGameModeEntry:22 com.thundercomm.gamemode.ingame.services.ActivityMonitoringService$1.onActivityLaunch:127
12-10 06:05:04.858 1507 1507 I GameModeConfig: Current uri is uri = content://com.thundercomm.gamemode.api/gamemode_settings/gamemode_isgaming
12-10 06:05:04.860 1507 1507 I GameModeConfig: isGameModeOn = true
12-10 06:05:04.860 1507 1507 I GameModeConfig: isGaming = false
12-10 06:05:04.860 1507 1507 I GameModeConfig: isGameModeOn = true
12-10 06:05:04.860 1507 1507 I GameModeConfig: isGaming = false
12-10 06:05:04.860 1507 1507 I GameModeConfig: isDisableVoice = true
12-10 06:05:04.862 2526 2526 I wm_on_start_called: [142082565,com.android.launcher3.uioverrides.QuickstepLauncher,handleStartActivity]
12-10 06:05:04.865 1507 1965 W WindowManager: updateScale0.7996942
12-10 06:05:04.874 1507 1569 W WindowManager: updateScale0.7996942
12-10 06:05:04.876 1507 1569 W WindowManager: updateScale0.7996942
12-10 06:05:04.878 1507 1569 W WindowManager: updateScale0.7996942
12-10 06:05:04.880 1507 2150 W ActivityTaskManager: getTaskSnapshot: taskId=2113 not found
12-10 06:05:04.880 1507 2150 W ActivityTaskManager: getTaskSnapshot: taskId=1113 not found
12-10 06:05:04.886 1507 1564 I sysui_multi_action: [319,12,322,53,325,15953,757,761,758,9,759,5,806,com.android.launcher3,871,com.android.launcher3.uioverrides.QuickstepLauncher,904,com.android.launcher3,905,0,1320,8,1321,5]
12-10 06:05:04.899 13437 13437 I view_enqueue_input_event: [Motion - Cancel,com.android.gallery3d/com.android.gallery3d.app.GalleryActivity]
12-10 06:05:04.909 1507 1736 I input_interaction: Interaction with: edge-swipe (server), swipe-up (server), PointerEventDispatcher0 (server),
12-10 06:05:04.910 2526 2526 I sysui_latency: [1,96]
12-10 06:05:04.920 1507 1569 I input_focus: [Focus request recents_animation_input_consumer,reason=UpdateInputWindows]
12-10 06:05:04.950 1507 1736 I input_focus: [Focus leaving 3b61d11 com.android.gallery3d/com.android.gallery3d.app.GalleryActivity (server),reason=NOT_FOCUSABLE]
12-10 06:05:04.950 1507 1736 I input_focus: [Focus entering recents_animation_input_consumer (server),reason=setFocusedWindow]
12-10 06:05:05.065 1507 1710 I commit_sys_config_file: [settings-1-0,4]
12-10 06:05:05.178 1507 1581 I sysui_latency: [8,80]
12-10 06:05:05.391 1507 1569 W WindowManager: updateScale0.7996942
12-10 06:05:06.012 1507 1965 I wm_task_moved: [26,1,9]
12-10 06:05:06.014 1507 1965 I wm_focused_root_task: [0,0,26,115,RecentsAnimation.onAnimationFinished()]
12-10 06:05:06.016 13437 13437 I wm_on_top_resumed_lost_called: [57394762,com.android.gallery3d.app.GalleryActivity,topStateChangedWhenResumed]
12-10 06:05:06.017 1507 1965 I wm_pause_activity: [0,57394762,com.android.gallery3d/.app.GalleryActivity,userLeaving=false,pauseBackTasks]
12-10 06:05:06.018 1507 1965 I ActivityTaskManager: FOREGROUND_APPLICATION_CHANGED to com.android.launcher3.uioverrides.QuickstepLauncher
12-10 06:05:06.019 1507 1965 I wm_set_resumed_activity: [0,com.android.launcher3/.uioverrides.QuickstepLauncher,resumeTopActivityInnerLocked]
12-10 06:05:06.020 1507 1965 I wm_resume_activity: [0,142082565,27,com.android.launcher3/.uioverrides.QuickstepLauncher]
12-10 06:05:06.020 1507 1965 I wm_add_to_stopping: [0,57394762,com.android.gallery3d/.app.GalleryActivity,makeInvisible]
12-10 06:05:06.021 1507 1965 W WindowManager: updateScale0.7996942
12-10 06:05:06.022 2526 2526 I wm_on_resume_called: [142082565,com.android.launcher3.uioverrides.QuickstepLauncher,RESUME_ACTIVITY]
12-10 06:05:06.026 1507 1965 W WindowManager: updateScale0.7996942
12-10 06:05:06.030 1507 1569 I input_focus: [Focus request 2cb1f5d com.android.launcher3/com.android.launcher3.uioverrides.QuickstepLauncher,reason=UpdateInputWindows]
12-10 06:05:06.035 1507 1736 I input_focus: [Focus leaving recents_animation_input_consumer (server),reason=NOT_VISIBLE]
12-10 06:05:06.037 1507 1736 I input_focus: [Focus entering 2cb1f5d com.android.launcher3/com.android.launcher3.uioverrides.QuickstepLauncher (server),reason=setFocusedWindow]
12-10 06:05:06.039 1507 1965 I wm_finish_activity: [0,80141744,116,com.android.music/.VideoBrowserActivity,app-request]
12-10 06:05:06.040 13437 13437 I wm_on_paused_called: [57394762,com.android.gallery3d.app.GalleryActivity,performPause]
12-10 06:05:06.054 1507 1965 I wm_pause_activity: [0,80141744,com.android.music/.VideoBrowserActivity,userLeaving=false,finish]
12-10 06:05:06.055 12253 12253 I wm_on_paused_called: [80141744,com.android.music.VideoBrowserActivity,performPause]
12-10 06:05:06.059 1507 1568 I sysui_multi_action: [757,803,799,window_time_0,802,3]
12-10 06:05:06.062 1507 2150 I wm_destroy_activity: [0,80141744,116,com.android.music/.VideoBrowserActivity,finish-imm:completePausedLocked]
12-10 06:05:06.074 1507 6852 I wm_stop_activity: [0,57394762,com.android.gallery3d/.app.GalleryActivity]
12-10 06:05:06.078 12253 12253 I wm_on_stop_called: [80141744,com.android.music.VideoBrowserActivity,LIFECYCLER_STOP_ACTIVITY]
12-10 06:05:06.079 1507 1568 I sysui_multi_action: [757,803,799,window_time_0,802,0]
12-10 06:05:06.081 1507 1568 I sysui_multi_action: [757,803,799,window_time_0,802,0]
12-10 06:05:06.084 12253 12253 I wm_on_destroy_called: [80141744,com.android.music.VideoBrowserActivity,performDestroy]
12-10 06:05:06.085 13437 13437 I wm_on_stop_called: [57394762,com.android.gallery3d.app.GalleryActivity,STOP_ACTIVITY_ITEM]
12-10 06:05:06.097 8492 8527 W ContextImpl: Calling a method in the system process without a qualified user: android.app.ContextImpl.startService:1816 android.content.ContextWrapper.startService:774 com.thundercomm.gamemode.ingame.services.GameModeActionUtils.startGameModeService:99 com.thundercomm.gamemode.ingame.services.GameModeActionUtils.startGameModeEntry:22 com.thundercomm.gamemode.ingame.services.ActivityMonitoringService$1.onActivityLaunch:127
12-10 06:05:06.106 1507 1507 I GameModeConfig: Current uri is uri = content://com.thundercomm.gamemode.api/gamemode_settings/gamemode_isgaming
12-10 06:05:06.109 1507 1507 I GameModeConfig: isGameModeOn = true
12-10 06:05:06.109 1507 1507 I GameModeConfig: isGaming = false
12-10 06:05:06.109 1507 1507 I GameModeConfig: isGameModeOn = true
12-10 06:05:06.109 1507 1507 I GameModeConfig: isGaming = false
12-10 06:05:06.109 1507 1507 I GameModeConfig: isDisableVoice = true
12-10 06:05:06.120 8492 8527 W ContextImpl: Calling a method in the system process without a qualified user: android.app.ContextImpl.startService:1816 android.content.ContextWrapper.startService:774 com.thundercomm.gamemode.ingame.services.GameModeActionUtils.startGameModeService:99 com.thundercomm.gamemode.ingame.services.GameModeActionUtils.startGameModeEntry:22 com.thundercomm.gamemode.ingame.services.ActivityMonitoringService$1.onActivityLaunch:127
12-10 06:05:06.127 1507 1507 I GameModeConfig: Current uri is uri = content://com.thundercomm.gamemode.api/gamemode_settings/gamemode_isgaming
12-10 06:05:06.129 1507 1507 I GameModeConfig: isGameModeOn = true
12-10 06:05:06.129 1507 1507 I GameModeConfig: isGaming = false
12-10 06:05:06.130 2526 2526 I wm_on_top_resumed_gained_called: [142082565,com.android.launcher3.uioverrides.QuickstepLauncher,topStateChangedWhenResumed]
12-10 06:05:06.130 1507 1507 I GameModeConfig: isGameModeOn = true
12-10 06:05:06.130 1507 1507 I GameModeConfig: isGaming = false
12-10 06:05:06.130 1507 1507 I GameModeConfig: isDisableVoice = true
12-10 06:05:06.155 0 0 I auditd : type=1400 audit(0.0:17322): avc: denied { kill } for comm="swapper/0" capability=5 scontext=u:r:kernel:s0 tcontext=u:r:kernel:s0 tclass=capability permissive=0
12-10 06:05:06.173 8492 8527 W ContextImpl: Calling a method in the system process without a qualified user: android.app.ContextImpl.startService:1816 android.content.ContextWrapper.startService:774 com.thundercomm.gamemode.ingame.services.GameModeActionUtils.startGameModeService:99 com.thundercomm.gamemode.ingame.services.GameModeActionUtils.startGameModeEntry:22 com.thundercomm.gamemode.ingame.services.ActivityMonitoringService$1.onActivityLaunch:127
12-10 06:05:06.178 1507 1507 I GameModeConfig: Current uri is uri = content://com.thundercomm.gamemode.api/gamemode_settings/gamemode_isgaming
12-10 06:05:06.179 1507 1507 I GameModeConfig: isGameModeOn = true
12-10 06:05:06.179 1507 1507 I GameModeConfig: isGaming = false
12-10 06:05:06.180 1507 1507 I GameModeConfig: isGameModeOn = true
12-10 06:05:06.180 1507 1507 I GameModeConfig: isGaming = false
12-10 06:05:06.180 1507 1507 I GameModeConfig: isDisableVoice = true
12-10 06:05:06.276 1507 1710 I commit_sys_config_file: [settings-1-0,5]
12-10 06:05:06.351 1507 1569 I wm_task_removed: [116,removeChild:removeChild last r=ActivityRecord{4c6ddb0 u0 com.android.music/.VideoBrowserActivity t-1 f}} in t=Task{9dacf3 #116 type=standard A=10090:android.task.video U=0 visible=false mode=freeform translucent=true sz=0}]
12-10 06:05:06.351 1507 1569 I wm_task_removed: [116,removeChild]
12-10 06:05:06.351 1507 1569 D FreeFormWindowHelper: Remove freefrom task=Task{9dacf3 #116 type=standard A=10090:android.task.video U=0 visible=false mode=freeform translucent=true sz=0}
12-10 06:05:07.128 1507 2719 E TaskPersister: File error accessing recents directory (directory doesn't exist?).
12-10 06:05:07.155 0 0 I auditd : type=1400 audit(0.0:17323): avc: denied { kill } for comm="swapper/0" capability=5 scontext=u:r:kernel:s0 tcontext=u:r:kernel:s0 tclass=capability permissive=0
12-10 06:05:07.774 1507 1736 I input_interaction: Interaction with: 2cb1f5d com.android.launcher3/com.android.launcher3.uioverrides.QuickstepLauncher (server), 5478378 com.android.systemui.ImageWallpaper (server), edge-swipe (server), swipe-up (server), PointerEventDispatcher0 (server),
12-10 06:05:07.894 1507 2792 I wm_task_moved: [26,1,8]
12-10 06:05:07.895 1507 2792 I wm_set_resumed_activity: [0,com.android.launcher3/.uioverrides.QuickstepLauncher,positionChildAt]
12-10 06:05:07.895 1507 2792 I wm_task_moved: [115,1,8]
12-10 06:05:07.896 1507 2792 I wm_focused_root_task: [0,0,115,26,moveTaskToFront findTaskToMoveToFront]
12-10 06:05:07.896 1507 2792 I wm_set_resumed_activity: [0,com.android.gallery3d/.app.GalleryActivity,moveTaskToFront findTaskToMoveToFront]
12-10 06:05:07.898 1507 2792 I wm_pause_activity: [0,142082565,com.android.launcher3/.uioverrides.QuickstepLauncher,userLeaving=true,pauseBackTasks]
12-10 06:05:07.907 2526 2526 I wm_on_top_resumed_lost_called: [142082565,com.android.launcher3.uioverrides.QuickstepLauncher,topStateChangedWhenResumed]
12-10 06:05:07.911 2526 2526 I wm_on_paused_called: [142082565,com.android.launcher3.uioverrides.QuickstepLauncher,performPause]
12-10 06:05:07.913 1507 2042 I ActivityTaskManager: FOREGROUND_APPLICATION_CHANGED to com.android.gallery3d.app.GalleryActivity
12-10 06:05:07.916 1507 2042 I wm_set_resumed_activity: [0,com.android.gallery3d/.app.GalleryActivity,resumeTopActivityInnerLocked]
12-10 06:05:07.917 1507 2042 I wm_add_to_stopping: [0,142082565,com.android.launcher3/.uioverrides.QuickstepLauncher,makeInvisible]
12-10 06:05:07.924 1507 2042 I wm_resume_activity: [0,57394762,115,com.android.gallery3d/.app.GalleryActivity]
12-10 06:05:07.941 1507 1568 I sysui_multi_action: [757,803,799,window_time_0,802,1]
12-10 06:05:07.942 13437 13437 I wm_on_restart_called: [57394762,com.android.gallery3d.app.GalleryActivity,performRestartActivity]
12-10 06:05:07.943 13437 13437 I wm_on_start_called: [57394762,com.android.gallery3d.app.GalleryActivity,handleStartActivity]
12-10 06:05:07.945 1507 1736 I input_focus: [Focus leaving 2cb1f5d com.android.launcher3/com.android.launcher3.uioverrides.QuickstepLauncher (server),reason=NO_WINDOW]
12-10 06:05:07.945 8492 8527 W ContextImpl: Calling a method in the system process without a qualified user: android.app.ContextImpl.startService:1816 android.content.ContextWrapper.startService:774 com.thundercomm.gamemode.ingame.services.GameModeActionUtils.startGameModeService:99 com.thundercomm.gamemode.ingame.services.GameModeActionUtils.startGameModeEntry:22 com.thundercomm.gamemode.ingame.services.ActivityMonitoringService$1.onActivityLaunch:127
12-10 06:05:07.949 13437 13437 I wm_on_resume_called: [57394762,com.android.gallery3d.app.GalleryActivity,RESUME_ACTIVITY]
12-10 06:05:07.949 13437 13437 I wm_on_top_resumed_gained_called: [57394762,com.android.gallery3d.app.GalleryActivity,topWhenResuming]
12-10 06:05:07.951 1507 1507 I GameModeConfig: Current uri is uri = content://com.thundercomm.gamemode.api/gamemode_settings/gamemode_isgaming
12-10 06:05:07.953 1507 1507 I GameModeConfig: isGameModeOn = true
12-10 06:05:07.953 1507 1507 I GameModeConfig: isGaming = false
12-10 06:05:07.954 1507 1507 I GameModeConfig: isGameModeOn = true
12-10 06:05:07.954 1507 1507 I GameModeConfig: isGaming = false
12-10 06:05:07.954 1507 1507 I GameModeConfig: isDisableVoice = true
12-10 06:05:07.965 1507 1569 I input_focus: [Focus request 3b61d11 com.android.gallery3d/com.android.gallery3d.app.GalleryActivity,reason=UpdateInputWindows]
12-10 06:05:07.969 1507 1909 I GameModeConfig: isGameModeOn = true
12-10 06:05:07.969 1507 1909 I GameModeConfig: isGaming = false
12-10 06:05:07.970 1507 1909 I GameModeConfig: isGameModeOn = true
12-10 06:05:07.970 1507 1909 I GameModeConfig: isGaming = false
12-10 06:05:07.970 1507 1909 I GameModeConfig: isGameModeOn = true
12-10 06:05:07.970 1507 1909 I GameModeConfig: isGaming = false
12-10 06:05:07.970 1507 1909 I GameModeConfig: isGameModeOn = true
12-10 06:05:07.970 1507 1909 I GameModeConfig: isGaming = false
12-10 06:05:07.975 2004 2004 I sysui_multi_action: [757,111,758,2]
12-10 06:05:07.975 1507 1507 I notification_enqueue: [10082,2004,com.android.systemui,2048,NULL,0,Notification(channel=updateNotification shortcut=null contentView=null vibrate=null sound=null defaults=0x0 flags=0x0 color=0x00000000 vis=PRIVATE),1]
12-10 06:05:07.976 2004 2004 I sysui_multi_action: [757,111,758,2]
12-10 06:05:07.985 2004 2004 I sysui_multi_action: [757,111,758,1]
12-10 06:05:07.986 2004 2004 I sysui_multi_action: [757,126,758,1,759,126,927,0,928,1,1593,0]
12-10 06:05:07.986 2004 2004 I sysui_multi_action: [757,113,758,1,759,113,927,1,928,1,1593,0]
12-10 06:05:07.986 2004 2004 I sysui_multi_action: [757,0,758,1,759,0,927,2,928,0,1593,0]
12-10 06:05:07.986 2004 2004 I sysui_multi_action: [757,0,758,1,759,0,927,3,928,0,1593,0]
12-10 06:05:07.986 2004 2004 I sysui_multi_action: [757,491,758,1,759,491,927,4,928,1,1311,1,1593,0]
12-10 06:05:07.987 2004 2004 I sysui_multi_action: [757,0,758,1,759,0,927,5,928,0,1593,0]
12-10 06:05:07.987 2004 2004 I sysui_multi_action: [757,111,758,1]
12-10 06:05:07.988 2004 2004 I sysui_multi_action: [757,126,758,1,759,126,927,0,928,1,1593,0]
12-10 06:05:07.988 2004 2004 I sysui_multi_action: [757,113,758,1,759,113,927,1,928,1,1593,0]
12-10 06:05:07.988 2004 2004 I sysui_multi_action: [757,0,758,1,759,0,927,2,928,0,1593,0]
12-10 06:05:07.988 2004 2004 I sysui_multi_action: [757,0,758,1,759,0,927,3,928,0,1593,0]
12-10 06:05:07.990 1507 1564 I sysui_multi_action: [319,59,321,55,322,92,325,15956,757,761,758,9,759,4,806,com.android.gallery3d,871,com.android.gallery3d.app.GalleryActivity,904,com.android.launcher3,905,0,1320,4,1321,1]
12-10 06:05:08.006 1507 1736 I input_focus: [Focus entering 3b61d11 com.android.gallery3d/com.android.gallery3d.app.GalleryActivity (server),reason=Window became focusable. Previous reason: NOT_VISIBLE]
12-10 06:05:08.034 8492 8527 W ContextImpl: Calling a method in the system process without a qualified user: android.app.ContextImpl.startService:1816 android.content.ContextWrapper.startService:774 com.thundercomm.gamemode.ingame.services.GameModeActionUtils.startGameModeService:99 com.thundercomm.gamemode.ingame.services.GameModeActionUtils.startGameModeEntry:22 com.thundercomm.gamemode.ingame.services.ActivityMonitoringService$1.onActivityLaunch:127
12-10 06:05:08.038 1507 1507 I GameModeConfig: Current uri is uri = content://com.thundercomm.gamemode.api/gamemode_settings/gamemode_isgaming
12-10 06:05:08.040 1507 1507 I GameModeConfig: isGameModeOn = true
12-10 06:05:08.040 1507 1507 I GameModeConfig: isGaming = false
12-10 06:05:08.041 1507 1507 I GameModeConfig: isGameModeOn = true
12-10 06:05:08.041 1507 1507 I GameModeConfig: isGaming = false
12-10 06:05:08.041 1507 1507 I GameModeConfig: isDisableVoice = true
12-10 06:05:08.155 10069 10069 I auditd : type=1400 audit(0.0:17324): avc: denied { kill } for comm="kworker/u16:11" capability=5 scontext=u:r:kernel:s0 tcontext=u:r:kernel:s0 tclass=capability permissive=0
12-10 06:05:08.169 1166 13432 I iorapd : Perfetto TraceBuffer saved to file: /data/misc/iorapd/com.android.gallery3d/40030/com.android.gallery3d.app.GalleryActivity/raw_traces/1670623508168095270.perfetto_trace.pb
12-10 06:05:08.179 1507 1507 I GameModeConfig: isGameModeOn = true
12-10 06:05:08.179 1507 1507 I GameModeConfig: isGaming = false
12-10 06:05:08.353 1507 1568 I wm_stop_activity: [0,142082565,com.android.launcher3/.uioverrides.QuickstepLauncher]
12-10 06:05:08.393 1507 2042 W FreeFormWindowHelper: exitRecentTasks type=0
12-10 06:05:08.394 1507 2042 W ContextImpl: Calling a method in the system process without a qualified user: android.app.ContextImpl.startActivity:1067 com.android.server.wm.FreeFormWindowHelper.exitRecentTasks:495 com.android.server.wm.ActivityTaskManagerService.exitRecentTasks:3795 android.app.IActivityTaskManager$Stub.onTransact:2307 com.android.server.wm.ActivityTaskManagerService.onTransact:5046
12-10 06:05:08.395 1507 2042 I ActivityTaskManager: START u0 {act=android.intent.action.MAIN cat=[android.intent.category.LAUNCHER] flg=0x10200000 cmp=com.android.music/.VideoBrowserActivity} from uid 1000
12-10 06:05:08.399 1507 2042 I wm_task_created: [117,-1]
12-10 06:05:08.399 1507 2042 W ActivityTaskManager: Can't find TaskDisplayArea to determine support for multi window. Task id=117 attached=false
12-10 06:05:08.400 1507 2042 D FreeFormWindowHelper: Add freeform task=Task{81588fb #117 type=standard ?? U=0 visible=false mode=freeform translucent=true sz=0}
12-10 06:05:08.404 1507 2042 I wm_task_moved: [117,1,9]
12-10 06:05:08.404 1507 2042 I wm_task_to_front: [0,117]
12-10 06:05:08.404 1507 2042 I wm_create_task: [0,117]
12-10 06:05:08.404 1507 2042 I wm_create_activity: [0,235535640,117,com.android.music/.VideoBrowserActivity,android.intent.action.MAIN,NULL,NULL,270532608]
12-10 06:05:08.404 1507 2042 I wm_task_moved: [117,1,9]
12-10 06:05:08.405 13437 13437 I wm_on_top_resumed_lost_called: [57394762,com.android.gallery3d.app.GalleryActivity,topStateChangedWhenResumed]
12-10 06:05:08.408 1507 2042 I ActivityTaskManager: FOREGROUND_APPLICATION_CHANGED to com.android.music.VideoBrowserActivity
12-10 06:05:08.408 1507 2042 I ActivityTaskManager: The Process com.android.music Already Exists in BG. So sending its PID: 12253
12-10 06:05:08.408 1507 2042 W ActivityTaskManager: Tried to set launchTime (0) < mLastActivityLaunchTime (15952802)
12-10 06:05:08.410 1507 2042 I wm_restart_activity: [0,235535640,117,com.android.music/.VideoBrowserActivity]
12-10 06:05:08.412 1507 2042 I wm_set_resumed_activity: [0,com.android.music/.VideoBrowserActivity,minimalResumeActivityLocked]
12-10 06:05:08.438 8492 8527 W ContextImpl: Calling a method in the system process without a qualified user: android.app.ContextImpl.startService:1816 android.content.ContextWrapper.startService:774 com.thundercomm.gamemode.ingame.services.GameModeActionUtils.startGameModeService:99 com.thundercomm.gamemode.ingame.services.GameModeActionUtils.startGameModeEntry:22 com.thundercomm.gamemode.ingame.services.ActivityMonitoringService$1.onActivityLaunch:127
12-10 06:05:08.445 1507 1507 I GameModeConfig: Current uri is uri = content://com.thundercomm.gamemode.api/gamemode_settings/gamemode_isgaming
12-10 06:05:08.446 12253 12253 I wm_on_create_called: [235535640,com.android.music.VideoBrowserActivity,performCreate]
12-10 06:05:08.446 12253 12253 I wm_on_start_called: [235535640,com.android.music.VideoBrowserActivity,handleStartActivity]
12-10 06:05:08.447 12253 12253 I wm_on_resume_called: [235535640,com.android.music.VideoBrowserActivity,RESUME_ACTIVITY]
12-10 06:05:08.448 1507 1507 I GameModeConfig: isGameModeOn = true
12-10 06:05:08.448 1507 1507 I GameModeConfig: isGaming = false
12-10 06:05:08.448 1507 1507 I GameModeConfig: isGameModeOn = true
12-10 06:05:08.448 1507 1507 I GameModeConfig: isGaming = false
12-10 06:05:08.448 1507 1507 I GameModeConfig: isDisableVoice = true
12-10 06:05:08.450 12253 12253 I wm_on_top_resumed_gained_called: [235535640,com.android.music.VideoBrowserActivity,topStateChangedWhenResumed]
12-10 06:05:08.453 1507 1965 W WindowManager: updateScale0.7996942
12-10 06:05:08.457 1507 1569 I input_focus: [Focus request 952a5ad com.android.music/com.android.music.VideoBrowserActivity,reason=UpdateInputWindows]
12-10 06:05:08.457 2526 2526 I wm_on_stop_called: [142082565,com.android.launcher3.uioverrides.QuickstepLauncher,STOP_ACTIVITY_ITEM]
12-10 06:05:08.464 1507 1965 W WindowManager: updateScale0.7996942
12-10 06:05:08.466 1507 1965 W WindowManager: updateScale0.7996942
12-10 06:05:08.469 1507 1568 W WindowManager: updateScale0.7996942
12-10 06:05:08.471 1507 1568 W WindowManager: updateScale0.7996942
12-10 06:05:08.472 1507 1568 W WindowManager: updateScale0.7996942
12-10 06:05:08.475 1507 1564 I sysui_multi_action: [319,76,322,76,325,15957,757,761,758,8,759,2,806,com.android.music,871,com.android.music.VideoBrowserActivity,904,android,905,0,1320,8,1321,5]
12-10 06:05:08.475 1507 1736 I input_focus: [Focus leaving 3b61d11 com.android.gallery3d/com.android.gallery3d.app.GalleryActivity (server),reason=Waiting for window because NOT_VISIBLE]
12-10 06:05:08.483 1507 1564 I wm_activity_launch_time: [0,235535640,com.android.music/.VideoBrowserActivity,76]
12-10 06:05:08.491 1507 1736 I input_focus: [Focus entering 952a5ad com.android.music/com.android.music.VideoBrowserActivity (server),reason=Window became focusable. Previous reason: NOT_VISIBLE]
12-10 06:05:08.515 8492 8527 W ContextImpl: Calling a method in the system process without a qualified user: android.app.ContextImpl.startService:1816 android.content.ContextWrapper.startService:774 com.thundercomm.gamemode.ingame.services.GameModeActionUtils.startGameModeService:99 com.thundercomm.gamemode.ingame.services.GameModeActionUtils.startGameModeEntry:22 com.thundercomm.gamemode.ingame.services.ActivityMonitoringService$1.onActivityLaunch:127
12-10 06:05:08.520 1507 1507 I GameModeConfig: Current uri is uri = content://com.thundercomm.gamemode.api/gamemode_settings/gamemode_isgaming
12-10 06:05:08.522 1507 1507 I GameModeConfig: isGameModeOn = true
12-10 06:05:08.522 1507 1507 I GameModeConfig: isGaming = false
12-10 06:05:08.522 1507 1507 I GameModeConfig: isGameModeOn = true
12-10 06:05:08.522 1507 1507 I GameModeConfig: isGaming = false
12-10 06:05:08.522 1507 1507 I GameModeConfig: isDisableVoice = true
12-10 06:05:08.962 1507 1569 W WindowManager: updateScale0.7996942
12-10 06:05:08.965 1507 1569 W WindowManager: updateScale0.7996942
12-10 06:05:08.966 1507 1965 W WindowManager: updateScale0.7996942
12-10 06:05:09.155 0 0 I auditd : type=1400 audit(0.0:17325): avc: denied { kill } for comm="swapper/0" capability=5 scontext=u:r:kernel:s0 tcontext=u:r:kernel:s0 tclass=capability permissive=0
12-10 06:05:09.844 1507 1736 I input_interaction: Interaction with: 3b61d11 com.android.gallery3d/com.android.gallery3d.app.GalleryActivity (server), edge-swipe (server), swipe-up (server), PointerEventDispatcher0 (server),
12-10 06:05:09.849 1507 1568 I wm_task_moved: [115,1,9]
12-10 06:05:09.849 1507 1568 I wm_task_to_front: [0,115]
12-10 06:05:09.853 1507 1568 W WindowManager: updateScale0.7996942
12-10 06:05:09.858 1507 1568 I wm_set_resumed_activity: [0,com.android.gallery3d/.app.GalleryActivity,positionChildAt]
12-10 06:05:09.858 1507 1568 I wm_focused_root_task: [0,0,115,117,setFocusedTask]
12-10 06:05:09.858 1507 1568 I wm_set_resumed_activity: [0,com.android.gallery3d/.app.GalleryActivity,setFocusedTask]
12-10 06:05:09.858 12253 12253 I wm_on_top_resumed_lost_called: [235535640,com.android.music.VideoBrowserActivity,topStateChangedWhenResumed]
12-10 06:05:09.858 1507 1568 I ActivityTaskManager: FOREGROUND_APPLICATION_CHANGED to com.android.gallery3d.app.GalleryActivity
12-10 06:05:09.864 1507 1569 I input_focus: [Focus request 3b61d11 com.android.gallery3d/com.android.gallery3d.app.GalleryActivity,reason=UpdateInputWindows]
12-10 06:05:09.874 13437 13437 I wm_on_top_resumed_gained_called: [57394762,com.android.gallery3d.app.GalleryActivity,topStateChangedWhenResumed]
12-10 06:05:09.882 1507 1736 I input_focus: [Focus leaving 952a5ad com.android.music/com.android.music.VideoBrowserActivity (server),reason=setFocusedWindow]
12-10 06:05:09.882 1507 1736 I input_focus: [Focus entering 3b61d11 com.android.gallery3d/com.android.gallery3d.app.GalleryActivity (server),reason=setFocusedWindow]
12-10 06:05:09.884 1507 2792 I wm_task_moved: [26,0,0]
12-10 06:05:09.884 1507 2792 I wm_task_moved: [26,0,8]
12-10 06:05:09.889 1507 2792 W WindowManager: updateScale0.7996942
12-10 06:05:09.891 2526 2526 I wm_on_restart_called: [142082565,com.android.launcher3.uioverrides.QuickstepLauncher,performRestartActivity]
12-10 06:05:09.913 8492 8527 W ContextImpl: Calling a method in the system process without a qualified user: android.app.ContextImpl.startService:1816 android.content.ContextWrapper.startService:774 com.thundercomm.gamemode.ingame.services.GameModeActionUtils.startGameModeService:99 com.thundercomm.gamemode.ingame.services.GameModeActionUtils.startGameModeEntry:22 com.thundercomm.gamemode.ingame.services.ActivityMonitoringService$1.onActivityLaunch:127
12-10 06:05:09.925 1507 1507 I GameModeConfig: Current uri is uri = content://com.thundercomm.gamemode.api/gamemode_settings/gamemode_isgaming
12-10 06:05:09.929 1507 1507 I GameModeConfig: isGameModeOn = true
12-10 06:05:09.929 1507 1507 I GameModeConfig: isGaming = false
12-10 06:05:09.929 1507 1507 I GameModeConfig: isGameModeOn = true
12-10 06:05:09.929 1507 1507 I GameModeConfig: isGaming = false
12-10 06:05:09.929 1507 1507 I GameModeConfig: isDisableVoice = true
12-10 06:05:09.930 2526 2526 I wm_on_start_called: [142082565,com.android.launcher3.uioverrides.QuickstepLauncher,handleStartActivity]
12-10 06:05:09.932 13437 13437 I view_enqueue_input_event: [Motion - Cancel,com.android.gallery3d/com.android.gallery3d.app.GalleryActivity]
12-10 06:05:09.933 1507 1736 I input_interaction: Interaction with: edge-swipe (server), swipe-up (server), PointerEventDispatcher0 (server),
12-10 06:05:09.935 1507 1569 I input_focus: [Focus request recents_animation_input_consumer,reason=UpdateInputWindows]
12-10 06:05:09.937 1507 12192 W WindowManager: updateScale0.7996942
12-10 06:05:09.944 2526 2526 I sysui_latency: [1,100]
12-10 06:05:09.944 1507 1736 I input_focus: [Focus leaving 3b61d11 com.android.gallery3d/com.android.gallery3d.app.GalleryActivity (server),reason=NOT_FOCUSABLE]
12-10 06:05:09.947 1507 1736 I input_focus: [Focus entering recents_animation_input_consumer (server),reason=setFocusedWindow]
12-10 06:05:09.948 1507 1569 W WindowManager: updateScale0.7996942
12-10 06:05:09.949 1507 1569 W WindowManager: updateScale0.7996942
12-10 06:05:09.950 1507 1569 W WindowManager: updateScale0.7996942
12-10 06:05:09.956 1507 1564 I sysui_multi_action: [319,17,322,65,325,15958,757,761,758,9,759,5,806,com.android.launcher3,871,com.android.launcher3.uioverrides.QuickstepLauncher,904,com.android.launcher3,905,0,1320,8,1321,5]
12-10 06:05:09.966 1507 1569 W WindowManager: updateScale0.7996942
12-10 06:05:09.972 1507 12192 W ActivityTaskManager: getTaskSnapshot: taskId=2113 not found
12-10 06:05:09.972 1507 12192 W ActivityTaskManager: getTaskSnapshot: taskId=1113 not found
12-10 06:05:10.132 1507 1710 I commit_sys_config_file: [settings-1-0,5]
12-10 06:05:10.155 0 0 I auditd : type=1400 audit(0.0:17326): avc: denied { kill } for comm="swapper/0" capability=5 scontext=u:r:kernel:s0 tcontext=u:r:kernel:s0 tclass=capability permissive=0
12-10 06:05:10.251 1507 1581 I sysui_latency: [8,99]
12-10 06:05:10.548 1507 10787 I wm_task_moved: [26,1,9]
12-10 06:05:10.549 1507 10787 I wm_focused_root_task: [0,0,26,115,RecentsAnimation.onAnimationFinished()]
12-10 06:05:10.549 13437 13437 I wm_on_top_resumed_lost_called: [57394762,com.android.gallery3d.app.GalleryActivity,topStateChangedWhenResumed]
