12-10 06:17:26.834 1507 1564 I DreamController: Starting dream: name=ComponentInfo{com.thundercomm.screensaver/com.thundercomm.saverclock.service.ClockScreensaver}, isTest=false, canDoze=false, userId=0
12-10 06:17:26.834 1507 1564 I sysui_multi_action: [757,222,758,1]
12-10 06:17:26.836 1507 1564 I am_uid_active: 10052
12-10 06:17:26.844 1507 1581 I am_pss : [14561,10066,com.android.gallery3d,8433664,6463488,0,93663232,0,19,9]
12-10 06:17:26.853 1507 1581 I am_pss : [14518,10061,com.android.soundrecorder,5884928,4067328,0,89042944,0,19,8]
12-10 06:17:26.855 1507 6852 I ActivityTaskManager: START u0 {flg=0x10000000 pkg=com.thundercomm.screensaver cmp=com.thundercomm.screensaver/android.service.dreams.DreamActivity (has extras)} from uid 10052
12-10 06:17:26.867 1507 6852 I wm_task_created: [141,-1]
12-10 06:17:26.867 1507 6852 W ActivityTaskManager: Can't find TaskDisplayArea to determine support for multi window. Task id=141 attached=false
12-10 06:17:26.869 1507 6852 I wm_task_moved: [141,1,8]
12-10 06:17:26.869 1507 6852 I wm_task_to_front: [0,141]
12-10 06:17:26.870 1507 6852 I wm_create_task: [0,141]
12-10 06:17:26.870 1507 6852 I wm_create_activity: [0,241839167,141,com.thundercomm.screensaver/android.service.dreams.DreamActivity,NULL,NULL,NULL,276824064]
12-10 06:17:26.870 1507 6852 I wm_task_moved: [141,1,8]
12-10 06:17:26.870 2526 2526 I wm_on_top_resumed_lost_called: [142082565,com.android.launcher3.uioverrides.QuickstepLauncher,topStateChangedWhenResumed]
12-10 06:17:26.871 1507 6852 I wm_pause_activity: [0,142082565,com.android.launcher3/.uioverrides.QuickstepLauncher,userLeaving=true,pauseBackTasks]
12-10 06:17:26.875 1507 1569 I input_focus: [Focus request 2cb1f5d com.android.launcher3/com.android.launcher3.uioverrides.QuickstepLauncher,reason=UpdateInputWindows]
12-10 06:17:26.879 2526 2526 I wm_on_paused_called: [142082565,com.android.launcher3.uioverrides.QuickstepLauncher,performPause]
12-10 06:17:26.880 1507 9513 I ActivityTaskManager: FOREGROUND_APPLICATION_CHANGED to android.service.dreams.DreamActivity
12-10 06:17:26.881 1507 9513 I ActivityTaskManager: The Process com.thundercomm.screensaver Already Exists in BG. So sending its PID: 14020
12-10 06:17:26.881 1507 9513 W ActivityTaskManager: Tried to set launchTime (0) < mLastActivityLaunchTime (16340130)
12-10 06:17:26.882 1507 9513 I wm_add_to_stopping: [0,142082565,com.android.launcher3/.uioverrides.QuickstepLauncher,makeInvisible]
12-10 06:17:26.882 1507 9513 I wm_restart_activity: [0,241839167,141,com.thundercomm.screensaver/android.service.dreams.DreamActivity]
12-10 06:17:26.883 1507 1736 I input_focus: [Focus leaving 349ab61 NotificationShade (server),reason=NOT_FOCUSABLE]
12-10 06:17:26.883 1507 1736 I input_focus: [Focus entering 2cb1f5d com.android.launcher3/com.android.launcher3.uioverrides.QuickstepLauncher (server),reason=setFocusedWindow]
12-10 06:17:26.885 1507 9513 I wm_set_resumed_activity: [0,com.thundercomm.screensaver/android.service.dreams.DreamActivity,minimalResumeActivityLocked]
12-10 06:17:26.899 14020 14020 I wm_on_create_called: [241839167,android.service.dreams.DreamActivity,performCreate]
12-10 06:17:26.900 14020 14020 I wm_on_start_called: [241839167,android.service.dreams.DreamActivity,handleStartActivity]
12-10 06:17:26.902 1507 1568 I sysui_multi_action: [757,803,799,window_time_0,802,112]
12-10 06:17:26.903 14020 14020 I wm_on_resume_called: [241839167,android.service.dreams.DreamActivity,RESUME_ACTIVITY]
12-10 06:17:26.906 14020 14020 I wm_on_top_resumed_gained_called: [241839167,android.service.dreams.DreamActivity,topStateChangedWhenResumed]
12-10 06:17:26.914 1507 1736 I input_focus: [Focus leaving 2cb1f5d com.android.launcher3/com.android.launcher3.uioverrides.QuickstepLauncher (server),reason=NO_WINDOW]
12-10 06:17:26.919 8492 8527 W ContextImpl: Calling a method in the system process without a qualified user: android.app.ContextImpl.startService:1816 android.content.ContextWrapper.startService:774 com.thundercomm.gamemode.ingame.services.GameModeActionUtils.startGameModeService:99 com.thundercomm.gamemode.ingame.services.GameModeActionUtils.startGameModeEntry:22 com.thundercomm.gamemode.ingame.services.ActivityMonitoringService$1.onActivityLaunch:127
12-10 06:17:26.923 1507 1569 I input_focus: [Focus request 2df4d5b com.thundercomm.screensaver/android.service.dreams.DreamActivity,reason=UpdateInputWindows]
12-10 06:17:26.927 1507 1507 I GameModeConfig: Current uri is uri = content://com.thundercomm.gamemode.api/gamemode_settings/gamemode_isgaming
12-10 06:17:26.928 1507 1507 I am_uid_active: 10068
12-10 06:17:26.934 1507 1564 I sysui_multi_action: [319,79,322,78,325,16695,757,761,758,8,759,2,806,com.thundercomm.screensaver,871,android.service.dreams.DreamActivity,904,com.thundercomm.screensaver,905,0,1320,4,1321,2]
12-10 06:17:26.934 1507 1507 I GameModeConfig: isGameModeOn = true
12-10 06:17:26.934 1507 1507 I GameModeConfig: isGaming = false
12-10 06:17:26.934 1507 1564 I wm_activity_launch_time: [0,241839167,com.thundercomm.screensaver/android.service.dreams.DreamActivity,78]
12-10 06:17:26.935 1507 1507 I GameModeConfig: isGameModeOn = true
12-10 06:17:26.935 1507 1507 I GameModeConfig: isGaming = false
12-10 06:17:26.935 1507 1507 I GameModeConfig: isDisableVoice = true
12-10 06:17:26.942 1507 1909 I GameModeConfig: isGameModeOn = true
12-10 06:17:26.942 1507 1909 I GameModeConfig: isGaming = false
12-10 06:17:26.942 1507 1909 I GameModeConfig: isGameModeOn = true
12-10 06:17:26.942 1507 1909 I GameModeConfig: isGaming = false
12-10 06:17:26.942 1507 1909 I GameModeConfig: isGameModeOn = true
12-10 06:17:26.942 1507 1909 I GameModeConfig: isGaming = false
12-10 06:17:26.943 1507 1909 I GameModeConfig: isGameModeOn = true
12-10 06:17:26.943 1507 1909 I GameModeConfig: isGaming = false
12-10 06:17:26.943 2004 2004 I sysui_multi_action: [757,111,758,2]
12-10 06:17:26.943 1507 1613 V DisplayPowerController[0]: Brightness [0.37373737] reason changing to: 'manual', previous reason: 'manual [ dim ]'.
12-10 06:17:26.943 1507 1613 I sysui_multi_action: [757,1696,758,6,759,3]
12-10 06:17:26.943 2004 2004 I sysui_multi_action: [757,111,758,2]
12-10 06:17:26.946 1507 1507 I notification_enqueue: [10082,2004,com.android.systemui,2048,NULL,0,Notification(channel=updateNotification shortcut=null contentView=null vibrate=null sound=null defaults=0x0 flags=0x0 color=0x00000000 vis=PRIVATE),1]
12-10 06:17:26.947 1507 1980 E DisplayDeviceConfig: requesting nits when no mapping exists.
12-10 06:17:26.948 1507 1980 E DisplayDeviceConfig: requesting nits when no mapping exists.
12-10 06:17:26.948 2004 2004 I sysui_multi_action: [757,111,758,1]
12-10 06:17:26.948 2004 2004 I sysui_multi_action: [757,126,758,1,759,126,927,0,928,1,1593,0]
12-10 06:17:26.948 1507 1583 I am_wtf : [0,1507,system_server,-1,DisplayDeviceConfig,requesting nits when no mapping exists.]
12-10 06:17:26.948 2004 2004 I sysui_multi_action: [757,113,758,1,759,113,927,1,928,1,1593,0]
12-10 06:17:26.948 2004 2004 I sysui_multi_action: [757,0,758,1,759,0,927,2,928,0,1593,0]
12-10 06:17:26.948 2004 2004 I sysui_multi_action: [757,0,758,1,759,0,927,3,928,0,1593,0]
12-10 06:17:26.949 2004 2004 I sysui_multi_action: [757,491,758,1,759,491,927,4,928,1,1311,1,1593,1]
12-10 06:17:26.949 2004 2004 I sysui_multi_action: [757,0,758,1,759,0,927,5,928,0,1593,1]
12-10 06:17:26.949 2004 2004 I sysui_multi_action: [757,111,758,1]
12-10 06:17:26.949 2004 2004 I sysui_multi_action: [757,126,758,1,759,126,927,0,928,1,1593,0]
12-10 06:17:26.949 2004 2004 I sysui_multi_action: [757,113,758,1,759,113,927,1,928,1,1593,0]
12-10 06:17:26.949 2004 2004 I sysui_multi_action: [757,0,758,1,759,0,927,2,928,0,1593,0]
12-10 06:17:26.949 2004 2004 I sysui_multi_action: [757,0,758,1,759,0,927,3,928,0,1593,0]
12-10 06:17:26.949 1507 1583 I am_wtf : [0,1507,system_server,-1,DisplayDeviceConfig,requesting nits when no mapping exists.]
12-10 06:17:26.963 1507 1980 E DisplayDeviceConfig: requesting nits when no mapping exists.
12-10 06:17:26.963 1507 1980 E DisplayDeviceConfig: requesting nits when no mapping exists.
12-10 06:17:26.963 1507 1583 I am_wtf : [0,1507,system_server,-1,DisplayDeviceConfig,requesting nits when no mapping exists.]
12-10 06:17:26.966 1507 1736 I input_focus: [Focus entering 2df4d5b com.thundercomm.screensaver/android.service.dreams.DreamActivity (server),reason=Window became focusable. Previous reason: NOT_VISIBLE]
12-10 06:17:26.967 1507 1583 I am_wtf : [0,1507,system_server,-1,DisplayDeviceConfig,requesting nits when no mapping exists.]
12-10 06:17:26.981 1507 1980 E DisplayDeviceConfig: requesting nits when no mapping exists.
12-10 06:17:26.982 1507 1980 E DisplayDeviceConfig: requesting nits when no mapping exists.
12-10 06:17:26.982 1507 1583 I am_wtf : [0,1507,system_server,-1,DisplayDeviceConfig,requesting nits when no mapping exists.]
12-10 06:17:26.983 1507 1583 I am_wtf : [0,1507,system_server,-1,DisplayDeviceConfig,requesting nits when no mapping exists.]
12-10 06:17:26.991 8492 8527 W ContextImpl: Calling a method in the system process without a qualified user: android.app.ContextImpl.startService:1816 android.content.ContextWrapper.startService:774 com.thundercomm.gamemode.ingame.services.GameModeActionUtils.startGameModeService:99 com.thundercomm.gamemode.ingame.services.GameModeActionUtils.startGameModeEntry:22 com.thundercomm.gamemode.ingame.services.ActivityMonitoringService$1.onActivityLaunch:127
12-10 06:17:26.994 1507 1507 I GameModeConfig: Current uri is uri = content://com.thundercomm.gamemode.api/gamemode_settings/gamemode_isgaming
12-10 06:17:26.999 1507 1507 I GameModeConfig: isGameModeOn = true
12-10 06:17:26.999 1507 1507 I GameModeConfig: isGaming = false
12-10 06:17:26.999 1507 1507 I GameModeConfig: isGameModeOn = true
12-10 06:17:26.999 1507 1507 I GameModeConfig: isGaming = false
12-10 06:17:26.999 1507 1507 I GameModeConfig: isDisableVoice = true
12-10 06:17:26.999 1507 1980 E DisplayDeviceConfig: requesting nits when no mapping exists.
12-10 06:17:27.000 1507 1980 E DisplayDeviceConfig: requesting nits when no mapping exists.
12-10 06:17:27.004 1507 1583 I am_wtf : [0,1507,system_server,-1,DisplayDeviceConfig,requesting nits when no mapping exists.]
12-10 06:17:27.005 1507 1583 I am_wtf : [0,1507,system_server,-1,DisplayDeviceConfig,requesting nits when no mapping exists.]
12-10 06:17:27.017 1507 1980 E DisplayDeviceConfig: requesting nits when no mapping exists.
12-10 06:17:27.017 1507 1980 E DisplayDeviceConfig: requesting nits when no mapping exists.
12-10 06:17:27.017 1507 1583 I am_wtf : [0,1507,system_server,-1,DisplayDeviceConfig,requesting nits when no mapping exists.]
12-10 06:17:27.018 1507 1583 I am_wtf : [0,1507,system_server,-1,DisplayDeviceConfig,requesting nits when no mapping exists.]
12-10 06:17:27.031 1507 1980 E DisplayDeviceConfig: requesting nits when no mapping exists.
12-10 06:17:27.032 1507 1583 I am_wtf : [0,1507,system_server,-1,DisplayDeviceConfig,requesting nits when no mapping exists.]
12-10 06:17:27.032 1507 1980 E DisplayDeviceConfig: requesting nits when no mapping exists.
12-10 06:17:27.033 1507 1583 I am_wtf : [0,1507,system_server,-1,DisplayDeviceConfig,requesting nits when no mapping exists.]
12-10 06:17:27.047 1507 1980 E DisplayDeviceConfig: requesting nits when no mapping exists.
12-10 06:17:27.048 1507 1583 I am_wtf : [0,1507,system_server,-1,DisplayDeviceConfig,requesting nits when no mapping exists.]
12-10 06:17:27.048 1507 1980 E DisplayDeviceConfig: requesting nits when no mapping exists.
12-10 06:17:27.050 1507 1583 I am_wtf : [0,1507,system_server,-1,DisplayDeviceConfig,requesting nits when no mapping exists.]
12-10 06:17:27.064 1507 1980 E DisplayDeviceConfig: requesting nits when no mapping exists.
12-10 06:17:27.064 1507 1583 I am_wtf : [0,1507,system_server,-1,DisplayDeviceConfig,requesting nits when no mapping exists.]
12-10 06:17:27.064 1507 1980 E DisplayDeviceConfig: requesting nits when no mapping exists.
12-10 06:17:27.066 1507 1583 I am_wtf : [0,1507,system_server,-1,DisplayDeviceConfig,requesting nits when no mapping exists.]
12-10 06:17:27.080 1507 1980 E DisplayDeviceConfig: requesting nits when no mapping exists.
12-10 06:17:27.081 1507 1980 E DisplayDeviceConfig: requesting nits when no mapping exists.
12-10 06:17:27.081 1507 1583 I am_wtf : [0,1507,system_server,-1,DisplayDeviceConfig,requesting nits when no mapping exists.]
12-10 06:17:27.082 1507 1583 I am_wtf : [0,1507,system_server,-1,DisplayDeviceConfig,requesting nits when no mapping exists.]
12-10 06:17:27.098 1507 1980 E DisplayDeviceConfig: requesting nits when no mapping exists.
12-10 06:17:27.099 1507 1980 E DisplayDeviceConfig: requesting nits when no mapping exists.
12-10 06:17:27.099 1507 1583 I am_wtf : [0,1507,system_server,-1,DisplayDeviceConfig,requesting nits when no mapping exists.]
12-10 06:17:27.100 1507 1583 I am_wtf : [0,1507,system_server,-1,DisplayDeviceConfig,requesting nits when no mapping exists.]
12-10 06:17:27.102 1507 1909 I GameModeConfig: isGameModeOn = true
12-10 06:17:27.102 1507 1909 I GameModeConfig: isGaming = false
12-10 06:17:27.102 1507 1909 I GameModeConfig: isGameModeOn = true
12-10 06:17:27.102 1507 1909 I GameModeConfig: isGaming = false
12-10 06:17:27.102 1507 1909 I GameModeConfig: isGameModeOn = true
12-10 06:17:27.102 1507 1909 I GameModeConfig: isGaming = false
12-10 06:17:27.102 1507 1909 I GameModeConfig: isGameModeOn = true
12-10 06:17:27.102 1507 1909 I GameModeConfig: isGaming = false
12-10 06:17:27.103 2004 2004 I sysui_multi_action: [757,111,758,2]
12-10 06:17:27.103 1507 1507 I notification_enqueue: [10082,2004,com.android.systemui,2048,NULL,0,Notification(channel=updateNotification shortcut=null contentView=null vibrate=null sound=null defaults=0x0 flags=0x0 color=0x00000000 vis=PRIVATE),1]
12-10 06:17:27.103 2004 2004 I sysui_multi_action: [757,111,758,2]
12-10 06:17:27.107 2004 2004 I sysui_multi_action: [757,111,758,1]
12-10 06:17:27.107 2004 2004 I sysui_multi_action: [757,126,758,1,759,126,927,0,928,1,1593,0]
12-10 06:17:27.107 2004 2004 I sysui_multi_action: [757,113,758,1,759,113,927,1,928,1,1593,0]
12-10 06:17:27.107 2004 2004 I sysui_multi_action: [757,0,758,1,759,0,927,2,928,0,1593,0]
12-10 06:17:27.107 2004 2004 I sysui_multi_action: [757,0,758,1,759,0,927,3,928,0,1593,0]
12-10 06:17:27.108 2004 2004 I sysui_multi_action: [757,491,758,1,759,491,927,4,928,1,1311,1,1593,0]
12-10 06:17:27.108 2004 2004 I sysui_multi_action: [757,0,758,1,759,0,927,5,928,0,1593,0]
12-10 06:17:27.108 2004 2004 I sysui_multi_action: [757,111,758,1]
12-10 06:17:27.108 2004 2004 I sysui_multi_action: [757,126,758,1,759,126,927,0,928,1,1593,1]
12-10 06:17:27.108 2004 2004 I sysui_multi_action: [757,113,758,1,759,113,927,1,928,1,1593,1]
12-10 06:17:27.108 2004 2004 I sysui_multi_action: [757,0,758,1,759,0,927,2,928,0,1593,1]
12-10 06:17:27.109 2004 2004 I sysui_multi_action: [757,0,758,1,759,0,927,3,928,0,1593,1]
12-10 06:17:27.114 1507 1980 E DisplayDeviceConfig: requesting nits when no mapping exists.
12-10 06:17:27.114 1507 1980 E DisplayDeviceConfig: requesting nits when no mapping exists.
12-10 06:17:27.114 1507 1583 I am_wtf : [0,1507,system_server,-1,DisplayDeviceConfig,requesting nits when no mapping exists.]
12-10 06:17:27.116 1507 1583 I am_wtf : [0,1507,system_server,-1,DisplayDeviceConfig,requesting nits when no mapping exists.]
12-10 06:17:27.123 1507 1909 I GameModeConfig: isGameModeOn = true
12-10 06:17:27.123 1507 1909 I GameModeConfig: isGaming = false
12-10 06:17:27.123 1507 1909 I GameModeConfig: isGameModeOn = true
12-10 06:17:27.123 1507 1909 I GameModeConfig: isGaming = false
12-10 06:17:27.123 1507 1909 I GameModeConfig: isGameModeOn = true
12-10 06:17:27.123 1507 1909 I GameModeConfig: isGaming = false
12-10 06:17:27.124 1507 1909 I GameModeConfig: isGameModeOn = true
12-10 06:17:27.124 1507 1909 I GameModeConfig: isGaming = false
12-10 06:17:27.124 2004 2004 I sysui_multi_action: [757,111,758,2]
12-10 06:17:27.125 2004 2004 I sysui_multi_action: [757,111,758,2]
12-10 06:17:27.125 1507 1507 I notification_enqueue: [10082,2004,com.android.systemui,2048,NULL,0,Notification(channel=updateNotification shortcut=null contentView=null vibrate=null sound=null defaults=0x0 flags=0x0 color=0x00000000 vis=PRIVATE),1]
12-10 06:17:27.127 2004 2004 I sysui_multi_action: [757,111,758,1]
12-10 06:17:27.128 2004 2004 I sysui_multi_action: [757,126,758,1,759,126,927,0,928,1,1593,0]
12-10 06:17:27.128 2004 2004 I sysui_multi_action: [757,113,758,1,759,113,927,1,928,1,1593,0]
12-10 06:17:27.128 2004 2004 I sysui_multi_action: [757,0,758,1,759,0,927,2,928,0,1593,0]
12-10 06:17:27.128 2004 2004 I sysui_multi_action: [757,0,758,1,759,0,927,3,928,0,1593,0]
12-10 06:17:27.128 2004 2004 I sysui_multi_action: [757,491,758,1,759,491,927,4,928,1,1311,1,1593,0]
12-10 06:17:27.128 2004 2004 I sysui_multi_action: [757,0,758,1,759,0,927,5,928,0,1593,0]
12-10 06:17:27.128 2004 2004 I sysui_multi_action: [757,111,758,1]
12-10 06:17:27.128 2004 2004 I sysui_multi_action: [757,126,758,1,759,126,927,0,928,1,1593,1]
12-10 06:17:27.129 2004 2004 I sysui_multi_action: [757,113,758,1,759,113,927,1,928,1,1593,1]
12-10 06:17:27.129 2004 2004 I sysui_multi_action: [757,0,758,1,759,0,927,2,928,0,1593,1]
12-10 06:17:27.129 2004 2004 I sysui_multi_action: [757,0,758,1,759,0,927,3,928,0,1593,1]
12-10 06:17:27.133 1507 1980 E DisplayDeviceConfig: requesting nits when no mapping exists.
12-10 06:17:27.135 1507 1583 I am_wtf : [0,1507,system_server,-1,DisplayDeviceConfig,requesting nits when no mapping exists.]
12-10 06:17:27.135 1507 1980 E DisplayDeviceConfig: requesting nits when no mapping exists.
12-10 06:17:27.137 1507 1583 I am_wtf : [0,1507,system_server,-1,DisplayDeviceConfig,requesting nits when no mapping exists.]
12-10 06:17:27.139 1507 1909 I GameModeConfig: isGameModeOn = true
12-10 06:17:27.139 1507 1909 I GameModeConfig: isGaming = false
12-10 06:17:27.139 1507 1909 I GameModeConfig: isGameModeOn = true
12-10 06:17:27.139 1507 1909 I GameModeConfig: isGaming = false
12-10 06:17:27.139 1507 1909 I GameModeConfig: isGameModeOn = true
12-10 06:17:27.139 1507 1909 I GameModeConfig: isGaming = false
12-10 06:17:27.139 1507 1909 I GameModeConfig: isGameModeOn = true
12-10 06:17:27.139 1507 1909 I GameModeConfig: isGaming = false
12-10 06:17:27.140 2004 2004 I sysui_multi_action: [757,111,758,2]
12-10 06:17:27.140 2004 2004 I sysui_multi_action: [757,111,758,2]
12-10 06:17:27.140 1507 1507 I notification_enqueue: [10082,2004,com.android.systemui,2048,NULL,0,Notification(channel=updateNotification shortcut=null contentView=null vibrate=null sound=null defaults=0x0 flags=0x0 color=0x00000000 vis=PRIVATE),1]
12-10 06:17:27.142 2004 2004 I sysui_multi_action: [757,111,758,1]
12-10 06:17:27.142 2004 2004 I sysui_multi_action: [757,126,758,1,759,126,927,0,928,1,1593,1]
12-10 06:17:27.143 2004 2004 I sysui_multi_action: [757,113,758,1,759,113,927,1,928,1,1593,1]
12-10 06:17:27.143 2004 2004 I sysui_multi_action: [757,0,758,1,759,0,927,2,928,0,1593,1]
12-10 06:17:27.143 2004 2004 I sysui_multi_action: [757,0,758,1,759,0,927,3,928,0,1593,1]
12-10 06:17:27.143 2004 2004 I sysui_multi_action: [757,491,758,1,759,491,927,4,928,1,1311,1,1593,0]
12-10 06:17:27.143 2004 2004 I sysui_multi_action: [757,0,758,1,759,0,927,5,928,0,1593,0]
12-10 06:17:27.143 2004 2004 I sysui_multi_action: [757,111,758,1]
12-10 06:17:27.143 2004 2004 I sysui_multi_action: [757,126,758,1,759,126,927,0,928,1,1593,1]
12-10 06:17:27.143 2004 2004 I sysui_multi_action: [757,113,758,1,759,113,927,1,928,1,1593,1]
12-10 06:17:27.143 2004 2004 I sysui_multi_action: [757,0,758,1,759,0,927,2,928,0,1593,1]
12-10 06:17:27.143 2004 2004 I sysui_multi_action: [757,0,758,1,759,0,927,3,928,0,1593,1]
12-10 06:17:27.147 1507 1980 E DisplayDeviceConfig: requesting nits when no mapping exists.
12-10 06:17:27.148 1507 1980 E DisplayDeviceConfig: requesting nits when no mapping exists.
12-10 06:17:27.148 1507 1583 I am_wtf : [0,1507,system_server,-1,DisplayDeviceConfig,requesting nits when no mapping exists.]
12-10 06:17:27.151 1507 1583 I am_wtf : [0,1507,system_server,-1,DisplayDeviceConfig,requesting nits when no mapping exists.]
12-10 06:17:27.152 1507 1507 I GameModeConfig: isGameModeOn = true
12-10 06:17:27.152 1507 1507 I GameModeConfig: isGaming = false
12-10 06:17:27.153 1507 1909 I GameModeConfig: isGameModeOn = true
12-10 06:17:27.153 1507 1909 I GameModeConfig: isGaming = false
12-10 06:17:27.153 1507 1909 I GameModeConfig: isGameModeOn = true
12-10 06:17:27.153 1507 1909 I GameModeConfig: isGaming = false
12-10 06:17:27.154 1507 1909 I GameModeConfig: isGameModeOn = true
12-10 06:17:27.154 1507 1909 I GameModeConfig: isGaming = false
12-10 06:17:27.154 1507 1909 I GameModeConfig: isGameModeOn = true
12-10 06:17:27.154 1507 1909 I GameModeConfig: isGaming = false
12-10 06:17:27.154 2004 2004 I sysui_multi_action: [757,111,758,2]
12-10 06:17:27.154 2004 2004 I sysui_multi_action: [757,111,758,2]
12-10 06:17:27.155 1507 1507 I notification_enqueue: [10082,2004,com.android.systemui,2048,NULL,0,Notification(channel=updateNotification shortcut=null contentView=null vibrate=null sound=null defaults=0x0 flags=0x0 color=0x00000000 vis=PRIVATE),1]
12-10 06:17:27.157 2004 2004 I sysui_multi_action: [757,111,758,1]
12-10 06:17:27.157 2004 2004 I sysui_multi_action: [757,126,758,1,759,126,927,0,928,1,1593,1]
12-10 06:17:27.157 2004 2004 I sysui_multi_action: [757,113,758,1,759,113,927,1,928,1,1593,1]
12-10 06:17:27.157 2004 2004 I sysui_multi_action: [757,0,758,1,759,0,927,2,928,0,1593,1]
12-10 06:17:27.157 2004 2004 I sysui_multi_action: [757,0,758,1,759,0,927,3,928,0,1593,1]
12-10 06:17:27.157 2004 2004 I sysui_multi_action: [757,491,758,1,759,491,927,4,928,1,1311,1,1593,0]
12-10 06:17:27.157 2004 2004 I sysui_multi_action: [757,0,758,1,759,0,927,5,928,0,1593,0]
12-10 06:17:27.157 2004 2004 I sysui_multi_action: [757,111,758,1]
12-10 06:17:27.157 2004 2004 I sysui_multi_action: [757,126,758,1,759,126,927,0,928,1,1593,1]
12-10 06:17:27.157 2004 2004 I sysui_multi_action: [757,113,758,1,759,113,927,1,928,1,1593,1]
12-10 06:17:27.157 2004 2004 I sysui_multi_action: [757,0,758,1,759,0,927,2,928,0,1593,1]
12-10 06:17:27.157 2004 2004 I sysui_multi_action: [757,0,758,1,759,0,927,3,928,0,1593,1]
12-10 06:17:27.155 0 0 I auditd : type=1400 audit(0.0:18217): avc: denied { kill } for comm="swapper/3" capability=5 scontext=u:r:kernel:s0 tcontext=u:r:kernel:s0 tclass=capability permissive=0
12-10 06:17:27.164 1507 1980 E DisplayDeviceConfig: requesting nits when no mapping exists.
12-10 06:17:27.164 1507 1980 E DisplayDeviceConfig: requesting nits when no mapping exists.
12-10 06:17:27.165 1507 1583 I am_wtf : [0,1507,system_server,-1,DisplayDeviceConfig,requesting nits when no mapping exists.]
12-10 06:17:27.165 1507 1909 I GameModeConfig: isGameModeOn = true
12-10 06:17:27.165 1507 1909 I GameModeConfig: isGaming = false
12-10 06:17:27.165 1507 1583 I am_wtf : [0,1507,system_server,-1,DisplayDeviceConfig,requesting nits when no mapping exists.]
12-10 06:17:27.166 1507 1909 I GameModeConfig: isGameModeOn = true
12-10 06:17:27.166 1507 1909 I GameModeConfig: isGaming = false
12-10 06:17:27.166 1507 1909 I GameModeConfig: isGameModeOn = true
12-10 06:17:27.166 1507 1909 I GameModeConfig: isGaming = false
12-10 06:17:27.166 1507 1909 I GameModeConfig: isGameModeOn = true
12-10 06:17:27.166 1507 1909 I GameModeConfig: isGaming = false
12-10 06:17:27.167 2004 2004 I sysui_multi_action: [757,111,758,2]
12-10 06:17:27.167 2004 2004 I sysui_multi_action: [757,111,758,2]
12-10 06:17:27.167 1507 1507 I notification_enqueue: [10082,2004,com.android.systemui,2048,NULL,0,Notification(channel=updateNotification shortcut=null contentView=null vibrate=null sound=null defaults=0x0 flags=0x0 color=0x00000000 vis=PRIVATE),1]
12-10 06:17:27.169 2004 2004 I sysui_multi_action: [757,111,758,1]
12-10 06:17:27.169 2004 2004 I sysui_multi_action: [757,126,758,1,759,126,927,0,928,1,1593,1]
12-10 06:17:27.170 2004 2004 I sysui_multi_action: [757,113,758,1,759,113,927,1,928,1,1593,1]
12-10 06:17:27.170 2004 2004 I sysui_multi_action: [757,0,758,1,759,0,927,2,928,0,1593,1]
12-10 06:17:27.170 2004 2004 I sysui_multi_action: [757,0,758,1,759,0,927,3,928,0,1593,1]
12-10 06:17:27.170 2004 2004 I sysui_multi_action: [757,491,758,1,759,491,927,4,928,1,1311,1,1593,0]
12-10 06:17:27.170 2004 2004 I sysui_multi_action: [757,0,758,1,759,0,927,5,928,0,1593,0]
12-10 06:17:27.170 2004 2004 I sysui_multi_action: [757,111,758,1]
12-10 06:17:27.170 2004 2004 I sysui_multi_action: [757,126,758,1,759,126,927,0,928,1,1593,1]
12-10 06:17:27.170 2004 2004 I sysui_multi_action: [757,113,758,1,759,113,927,1,928,1,1593,1]
12-10 06:17:27.170 2004 2004 I sysui_multi_action: [757,0,758,1,759,0,927,2,928,0,1593,1]
12-10 06:17:27.170 2004 2004 I sysui_multi_action: [757,0,758,1,759,0,927,3,928,0,1593,1]
12-10 06:17:27.182 1507 1980 E DisplayDeviceConfig: requesting nits when no mapping exists.
12-10 06:17:27.182 1507 1980 E DisplayDeviceConfig: requesting nits when no mapping exists.
12-10 06:17:27.183 1507 1583 I am_wtf : [0,1507,system_server,-1,DisplayDeviceConfig,requesting nits when no mapping exists.]
12-10 06:17:27.184 1507 1583 I am_wtf : [0,1507,system_server,-1,DisplayDeviceConfig,requesting nits when no mapping exists.]
12-10 06:17:27.184 1507 1909 I GameModeConfig: isGameModeOn = true
12-10 06:17:27.184 1507 1909 I GameModeConfig: isGaming = false
12-10 06:17:27.185 1507 1909 I GameModeConfig: isGameModeOn = true
12-10 06:17:27.186 1507 1909 I GameModeConfig: isGaming = false
12-10 06:17:27.186 1507 1909 I GameModeConfig: isGameModeOn = true
12-10 06:17:27.186 1507 1909 I GameModeConfig: isGaming = false
12-10 06:17:27.186 1507 1909 I GameModeConfig: isGameModeOn = true
12-10 06:17:27.186 1507 1909 I GameModeConfig: isGaming = false
12-10 06:17:27.187 2004 2004 I sysui_multi_action: [757,111,758,2]
12-10 06:17:27.187 2004 2004 I sysui_multi_action: [757,111,758,2]
12-10 06:17:27.187 1507 1507 I notification_enqueue: [10082,2004,com.android.systemui,2048,NULL,0,Notification(channel=updateNotification shortcut=null contentView=null vibrate=null sound=null defaults=0x0 flags=0x0 color=0x00000000 vis=PRIVATE),1]
12-10 06:17:27.189 2004 2004 I sysui_multi_action: [757,111,758,1]
12-10 06:17:27.189 2004 2004 I sysui_multi_action: [757,126,758,1,759,126,927,0,928,1,1593,1]
12-10 06:17:27.189 2004 2004 I sysui_multi_action: [757,113,758,1,759,113,927,1,928,1,1593,1]
12-10 06:17:27.189 2004 2004 I sysui_multi_action: [757,0,758,1,759,0,927,2,928,0,1593,1]
12-10 06:17:27.189 2004 2004 I sysui_multi_action: [757,0,758,1,759,0,927,3,928,0,1593,1]
12-10 06:17:27.190 2004 2004 I sysui_multi_action: [757,491,758,1,759,491,927,4,928,1,1311,1,1593,0]
12-10 06:17:27.190 2004 2004 I sysui_multi_action: [757,0,758,1,759,0,927,5,928,0,1593,0]
12-10 06:17:27.190 2004 2004 I sysui_multi_action: [757,111,758,1]
12-10 06:17:27.190 2004 2004 I sysui_multi_action: [757,126,758,1,759,126,927,0,928,1,1593,1]
12-10 06:17:27.190 2004 2004 I sysui_multi_action: [757,113,758,1,759,113,927,1,928,1,1593,1]
12-10 06:17:27.190 2004 2004 I sysui_multi_action: [757,0,758,1,759,0,927,2,928,0,1593,1]
12-10 06:17:27.190 2004 2004 I sysui_multi_action: [757,0,758,1,759,0,927,3,928,0,1593,1]
12-10 06:17:27.198 1507 1980 E DisplayDeviceConfig: requesting nits when no mapping exists.
12-10 06:17:27.198 1507 1980 E DisplayDeviceConfig: requesting nits when no mapping exists.
12-10 06:17:27.198 1507 1583 I am_wtf : [0,1507,system_server,-1,DisplayDeviceConfig,requesting nits when no mapping exists.]
12-10 06:17:27.199 1507 1583 I am_wtf : [0,1507,system_server,-1,DisplayDeviceConfig,requesting nits when no mapping exists.]
12-10 06:17:27.200 1507 1909 I GameModeConfig: isGameModeOn = true
12-10 06:17:27.200 1507 1909 I GameModeConfig: isGaming = false
12-10 06:17:27.200 1507 1909 I GameModeConfig: isGameModeOn = true
12-10 06:17:27.200 1507 1909 I GameModeConfig: isGaming = false
12-10 06:17:27.201 1507 1909 I GameModeConfig: isGameModeOn = true
12-10 06:17:27.201 1507 1909 I GameModeConfig: isGaming = false
12-10 06:17:27.201 1507 1909 I GameModeConfig: isGameModeOn = true
12-10 06:17:27.201 1507 1909 I GameModeConfig: isGaming = false
12-10 06:17:27.202 2004 2004 I sysui_multi_action: [757,111,758,2]
12-10 06:17:27.202 2004 2004 I sysui_multi_action: [757,111,758,2]
12-10 06:17:27.202 1507 1507 I notification_enqueue: [10082,2004,com.android.systemui,2048,NULL,0,Notification(channel=updateNotification shortcut=null contentView=null vibrate=null sound=null defaults=0x0 flags=0x0 color=0x00000000 vis=PRIVATE),1]
12-10 06:17:27.204 2004 2004 I sysui_multi_action: [757,111,758,1]
12-10 06:17:27.204 2004 2004 I sysui_multi_action: [757,126,758,1,759,126,927,0,928,1,1593,1]
12-10 06:17:27.204 2004 2004 I sysui_multi_action: [757,113,758,1,759,113,927,1,928,1,1593,1]
12-10 06:17:27.204 2004 2004 I sysui_multi_action: [757,0,758,1,759,0,927,2,928,0,1593,1]
12-10 06:17:27.204 2004 2004 I sysui_multi_action: [757,0,758,1,759,0,927,3,928,0,1593,1]
12-10 06:17:27.204 2004 2004 I sysui_multi_action: [757,491,758,1,759,491,927,4,928,1,1311,1,1593,0]
12-10 06:17:27.204 2004 2004 I sysui_multi_action: [757,0,758,1,759,0,927,5,928,0,1593,0]
12-10 06:17:27.205 2004 2004 I sysui_multi_action: [757,111,758,1]
12-10 06:17:27.205 2004 2004 I sysui_multi_action: [757,126,758,1,759,126,927,0,928,1,1593,1]
12-10 06:17:27.205 2004 2004 I sysui_multi_action: [757,113,758,1,759,113,927,1,928,1,1593,1]
12-10 06:17:27.205 2004 2004 I sysui_multi_action: [757,0,758,1,759,0,927,2,928,0,1593,1]
12-10 06:17:27.205 2004 2004 I sysui_multi_action: [757,0,758,1,759,0,927,3,928,0,1593,1]
12-10 06:17:27.214 1507 1980 E DisplayDeviceConfig: requesting nits when no mapping exists.
12-10 06:17:27.215 1507 1583 I am_wtf : [0,1507,system_server,-1,DisplayDeviceConfig,requesting nits when no mapping exists.]
12-10 06:17:27.214 1507 1909 I GameModeConfig: isGameModeOn = true
12-10 06:17:27.216 1507 1980 E DisplayDeviceConfig: requesting nits when no mapping exists.
12-10 06:17:27.216 1507 1909 I GameModeConfig: isGaming = false
12-10 06:17:27.216 1507 1909 I GameModeConfig: isGameModeOn = true
12-10 06:17:27.216 1507 1909 I GameModeConfig: isGaming = false
12-10 06:17:27.216 1507 1909 I GameModeConfig: isGameModeOn = true
12-10 06:17:27.216 1507 1909 I GameModeConfig: isGaming = false
12-10 06:17:27.216 1507 1909 I GameModeConfig: isGameModeOn = true
12-10 06:17:27.216 1507 1909 I GameModeConfig: isGaming = false
12-10 06:17:27.217 1507 1583 I am_wtf : [0,1507,system_server,-1,DisplayDeviceConfig,requesting nits when no mapping exists.]
12-10 06:17:27.217 2004 2004 I sysui_multi_action: [757,111,758,2]
12-10 06:17:27.217 2004 2004 I sysui_multi_action: [757,111,758,2]
12-10 06:17:27.218 1507 1507 I notification_enqueue: [10082,2004,com.android.systemui,2048,NULL,0,Notification(channel=updateNotification shortcut=null contentView=null vibrate=null sound=null defaults=0x0 flags=0x0 color=0x00000000 vis=PRIVATE),1]
12-10 06:17:27.220 2004 2004 I sysui_multi_action: [757,111,758,1]
12-10 06:17:27.220 2004 2004 I sysui_multi_action: [757,126,758,1,759,126,927,0,928,1,1593,1]
12-10 06:17:27.220 2004 2004 I sysui_multi_action: [757,113,758,1,759,113,927,1,928,1,1593,1]
12-10 06:17:27.220 2004 2004 I sysui_multi_action: [757,0,758,1,759,0,927,2,928,0,1593,1]
12-10 06:17:27.220 2004 2004 I sysui_multi_action: [757,0,758,1,759,0,927,3,928,0,1593,1]
12-10 06:17:27.220 2004 2004 I sysui_multi_action: [757,491,758,1,759,491,927,4,928,1,1311,1,1593,0]
12-10 06:17:27.220 2004 2004 I sysui_multi_action: [757,0,758,1,759,0,927,5,928,0,1593,0]
12-10 06:17:27.221 2004 2004 I sysui_multi_action: [757,111,758,1]
12-10 06:17:27.221 2004 2004 I sysui_multi_action: [757,126,758,1,759,126,927,0,928,1,1593,1]
12-10 06:17:27.221 2004 2004 I sysui_multi_action: [757,113,758,1,759,113,927,1,928,1,1593,1]
12-10 06:17:27.221 2004 2004 I sysui_multi_action: [757,0,758,1,759,0,927,2,928,0,1593,1]
12-10 06:17:27.221 2004 2004 I sysui_multi_action: [757,0,758,1,759,0,927,3,928,0,1593,1]
12-10 06:17:27.233 1507 1909 I GameModeConfig: isGameModeOn = true
12-10 06:17:27.233 1507 1909 I GameModeConfig: isGaming = false
12-10 06:17:27.233 1507 1980 E DisplayDeviceConfig: requesting nits when no mapping exists.
12-10 06:17:27.234 1507 1980 E DisplayDeviceConfig: requesting nits when no mapping exists.
12-10 06:17:27.234 1507 1909 I GameModeConfig: isGameModeOn = true
12-10 06:17:27.234 1507 1909 I GameModeConfig: isGaming = false
12-10 06:17:27.234 1507 1568 I wm_stop_activity: [0,142082565,com.android.launcher3/.uioverrides.QuickstepLauncher]
12-10 06:17:27.234 1507 1909 I GameModeConfig: isGameModeOn = true
12-10 06:17:27.234 1507 1909 I GameModeConfig: isGaming = false
12-10 06:17:27.235 1507 1909 I GameModeConfig: isGameModeOn = true
12-10 06:17:27.236 1507 1909 I GameModeConfig: isGaming = false
12-10 06:17:27.237 2004 2004 I sysui_multi_action: [757,111,758,2]
12-10 06:17:27.237 2004 2004 I sysui_multi_action: [757,111,758,2]
12-10 06:17:27.237 1507 1507 I notification_enqueue: [10082,2004,com.android.systemui,2048,NULL,0,Notification(channel=updateNotification shortcut=null contentView=null vibrate=null sound=null defaults=0x0 flags=0x0 color=0x00000000 vis=PRIVATE),1]
12-10 06:17:27.238 1507 1583 I am_wtf : [0,1507,system_server,-1,DisplayDeviceConfig,requesting nits when no mapping exists.]
12-10 06:17:27.239 1507 1583 I am_wtf : [0,1507,system_server,-1,DisplayDeviceConfig,requesting nits when no mapping exists.]
12-10 06:17:27.239 2004 2004 I sysui_multi_action: [757,111,758,1]
12-10 06:17:27.239 2004 2004 I sysui_multi_action: [757,126,758,1,759,126,927,0,928,1,1593,1]
12-10 06:17:27.239 2004 2004 I sysui_multi_action: [757,113,758,1,759,113,927,1,928,1,1593,1]
12-10 06:17:27.240 2004 2004 I sysui_multi_action: [757,0,758,1,759,0,927,2,928,0,1593,1]
12-10 06:17:27.240 2004 2004 I sysui_multi_action: [757,0,758,1,759,0,927,3,928,0,1593,1]
12-10 06:17:27.240 2004 2004 I sysui_multi_action: [757,491,758,1,759,491,927,4,928,1,1311,1,1593,0]
12-10 06:17:27.240 2004 2004 I sysui_multi_action: [757,0,758,1,759,0,927,5,928,0,1593,0]
12-10 06:17:27.240 2004 2004 I sysui_multi_action: [757,111,758,1]
12-10 06:17:27.240 2004 2004 I sysui_multi_action: [757,126,758,1,759,126,927,0,928,1,1593,1]
12-10 06:17:27.240 2004 2004 I sysui_multi_action: [757,113,758,1,759,113,927,1,928,1,1593,1]
12-10 06:17:27.240 2004 2004 I sysui_multi_action: [757,0,758,1,759,0,927,2,928,0,1593,1]
12-10 06:17:27.240 2004 2004 I sysui_multi_action: [757,0,758,1,759,0,927,3,928,0,1593,1]
12-10 06:17:27.247 1507 1909 I GameModeConfig: isGameModeOn = true
12-10 06:17:27.248 1507 1909 I GameModeConfig: isGaming = false
12-10 06:17:27.248 1507 1909 I GameModeConfig: isGameModeOn = true
12-10 06:17:27.248 1507 1909 I GameModeConfig: isGaming = false
12-10 06:17:27.248 1507 1909 I GameModeConfig: isGameModeOn = true
12-10 06:17:27.248 1507 1909 I GameModeConfig: isGaming = false
12-10 06:17:27.248 1507 1909 I GameModeConfig: isGameModeOn = true
12-10 06:17:27.249 1507 1909 I GameModeConfig: isGaming = false
12-10 06:17:27.249 2004 2004 I sysui_multi_action: [757,111,758,2]
12-10 06:17:27.249 2004 2004 I sysui_multi_action: [757,111,758,2]
12-10 06:17:27.250 1507 1980 E DisplayDeviceConfig: requesting nits when no mapping exists.
12-10 06:17:27.251 1507 1583 I am_wtf : [0,1507,system_server,-1,DisplayDeviceConfig,requesting nits when no mapping exists.]
12-10 06:17:27.251 1507 1980 E DisplayDeviceConfig: requesting nits when no mapping exists.
12-10 06:17:27.253 2004 2004 I sysui_multi_action: [757,111,758,1]
12-10 06:17:27.253 2004 2004 I sysui_multi_action: [757,126,758,1,759,126,927,0,928,1,1593,1]
12-10 06:17:27.253 2004 2004 I sysui_multi_action: [757,113,758,1,759,113,927,1,928,1,1593,1]
12-10 06:17:27.253 2004 2004 I sysui_multi_action: [757,0,758,1,759,0,927,2,928,0,1593,1]
12-10 06:17:27.253 2004 2004 I sysui_multi_action: [757,0,758,1,759,0,927,3,928,0,1593,1]
12-10 06:17:27.253 2004 2004 I sysui_multi_action: [757,491,758,1,759,491,927,4,928,1,1311,1,1593,0]
12-10 06:17:27.253 2004 2004 I sysui_multi_action: [757,0,758,1,759,0,927,5,928,0,1593,0]
12-10 06:17:27.253 2004 2004 I sysui_multi_action: [757,111,758,1]
12-10 06:17:27.253 2004 2004 I sysui_multi_action: [757,126,758,1,759,126,927,0,928,1,1593,1]
12-10 06:17:27.253 2004 2004 I sysui_multi_action: [757,113,758,1,759,113,927,1,928,1,1593,1]
12-10 06:17:27.253 2004 2004 I sysui_multi_action: [757,0,758,1,759,0,927,2,928,0,1593,1]
12-10 06:17:27.253 2004 2004 I sysui_multi_action: [757,0,758,1,759,0,927,3,928,0,1593,1]
12-10 06:17:27.254 1507 1507 I notification_enqueue: [10082,2004,com.android.systemui,2048,NULL,0,Notification(channel=updateNotification shortcut=null contentView=null vibrate=null sound=null defaults=0x0 flags=0x0 color=0x00000000 vis=PRIVATE),1]
12-10 06:17:27.259 1507 1583 I am_wtf : [0,1507,system_server,-1,DisplayDeviceConfig,requesting nits when no mapping exists.]
12-10 06:17:27.265 1507 1980 E DisplayDeviceConfig: requesting nits when no mapping exists.
12-10 06:17:27.265 1507 1980 E DisplayDeviceConfig: requesting nits when no mapping exists.
12-10 06:17:27.265 1507 1507 I notification_enqueue: [10082,2004,com.android.systemui,2048,NULL,0,Notification(channel=updateNotification shortcut=null contentView=null vibrate=null sound=null defaults=0x0 flags=0x0 color=0x00000000 vis=PRIVATE),1]
12-10 06:17:27.265 1507 1583 I am_wtf : [0,1507,system_server,-1,DisplayDeviceConfig,requesting nits when no mapping exists.]
12-10 06:17:27.267 1507 1583 I am_wtf : [0,1507,system_server,-1,DisplayDeviceConfig,requesting nits when no mapping exists.]
12-10 06:17:27.265 2004 2004 I sysui_multi_action: [757,111,758,2]
12-10 06:17:27.267 1507 1909 I GameModeConfig: isGameModeOn = true
12-10 06:17:27.267 2004 2004 I sysui_multi_action: [757,111,758,2]
12-10 06:17:27.267 1507 1909 I GameModeConfig: isGaming = false
12-10 06:17:27.268 1507 1909 I GameModeConfig: isGameModeOn = true
12-10 06:17:27.268 1507 1909 I GameModeConfig: isGaming = false
12-10 06:17:27.268 1507 1909 I GameModeConfig: isGameModeOn = true
12-10 06:17:27.268 1507 1909 I GameModeConfig: isGaming = false
12-10 06:17:27.268 1507 1909 I GameModeConfig: isGameModeOn = true
12-10 06:17:27.268 1507 1909 I GameModeConfig: isGaming = false
12-10 06:17:27.270 2004 2004 I sysui_multi_action: [757,111,758,1]
12-10 06:17:27.270 2004 2004 I sysui_multi_action: [757,126,758,1,759,126,927,0,928,1,1593,1]
12-10 06:17:27.270 2004 2004 I sysui_multi_action: [757,113,758,1,759,113,927,1,928,1,1593,1]
12-10 06:17:27.270 2004 2004 I sysui_multi_action: [757,0,758,1,759,0,927,2,928,0,1593,1]
12-10 06:17:27.270 2004 2004 I sysui_multi_action: [757,0,758,1,759,0,927,3,928,0,1593,1]
12-10 06:17:27.270 2004 2004 I sysui_multi_action: [757,491,758,1,759,491,927,4,928,1,1311,1,1593,0]
12-10 06:17:27.270 2004 2004 I sysui_multi_action: [757,0,758,1,759,0,927,5,928,0,1593,0]
12-10 06:17:27.270 2004 2004 I sysui_multi_action: [757,111,758,1]
12-10 06:17:27.271 2004 2004 I sysui_multi_action: [757,126,758,1,759,126,927,0,928,1,1593,1]
12-10 06:17:27.271 2004 2004 I sysui_multi_action: [757,113,758,1,759,113,927,1,928,1,1593,1]
12-10 06:17:27.271 2004 2004 I sysui_multi_action: [757,0,758,1,759,0,927,2,928,0,1593,1]
12-10 06:17:27.271 2004 2004 I sysui_multi_action: [757,0,758,1,759,0,927,3,928,0,1593,1]
12-10 06:17:27.277 2526 2526 I wm_on_stop_called: [142082565,com.android.launcher3.uioverrides.QuickstepLauncher,STOP_ACTIVITY_ITEM]
12-10 06:17:27.281 1507 1980 E DisplayDeviceConfig: requesting nits when no mapping exists.
12-10 06:17:27.281 1507 1980 E DisplayDeviceConfig: requesting nits when no mapping exists.
12-10 06:17:27.281 2004 2004 I sysui_multi_action: [757,111,758,2]
12-10 06:17:27.281 1507 1583 I am_wtf : [0,1507,system_server,-1,DisplayDeviceConfig,requesting nits when no mapping exists.]
12-10 06:17:27.282 1507 1507 I notification_enqueue: [10082,2004,com.android.systemui,2048,NULL,0,Notification(channel=updateNotification shortcut=null contentView=null vibrate=null sound=null defaults=0x0 flags=0x0 color=0x00000000 vis=PRIVATE),1]
12-10 06:17:27.282 2004 2004 I sysui_multi_action: [757,111,758,2]
12-10 06:17:27.282 1507 1583 I am_wtf : [0,1507,system_server,-1,DisplayDeviceConfig,requesting nits when no mapping exists.]
12-10 06:17:27.284 2004 2004 I sysui_multi_action: [757,111,758,1]
12-10 06:17:27.284 2004 2004 I sysui_multi_action: [757,126,758,1,759,126,927,0,928,1,1593,1]
12-10 06:17:27.284 2004 2004 I sysui_multi_action: [757,113,758,1,759,113,927,1,928,1,1593,1]
12-10 06:17:27.284 2004 2004 I sysui_multi_action: [757,0,758,1,759,0,927,2,928,0,1593,1]
12-10 06:17:27.284 2004 2004 I sysui_multi_action: [757,0,758,1,759,0,927,3,928,0,1593,1]
12-10 06:17:27.285 2004 2004 I sysui_multi_action: [757,491,758,1,759,491,927,4,928,1,1311,1,1593,0]
12-10 06:17:27.285 2004 2004 I sysui_multi_action: [757,0,758,1,759,0,927,5,928,0,1593,0]
12-10 06:17:27.285 2004 2004 I sysui_multi_action: [757,111,758,1]
12-10 06:17:27.285 2004 2004 I sysui_multi_action: [757,126,758,1,759,126,927,0,928,1,1593,1]
12-10 06:17:27.285 2004 2004 I sysui_multi_action: [757,113,758,1,759,113,927,1,928,1,1593,1]
12-10 06:17:27.285 2004 2004 I sysui_multi_action: [757,0,758,1,759,0,927,2,928,0,1593,1]
12-10 06:17:27.285 2004 2004 I sysui_multi_action: [757,0,758,1,759,0,927,3,928,0,1593,1]
12-10 06:17:27.286 1507 1909 I GameModeConfig: isGameModeOn = true
12-10 06:17:27.286 1507 1909 I GameModeConfig: isGaming = false
12-10 06:17:27.286 1507 1909 I GameModeConfig: isGameModeOn = true
12-10 06:17:27.286 1507 1909 I GameModeConfig: isGaming = false
12-10 06:17:27.287 1507 1909 I GameModeConfig: isGameModeOn = true
12-10 06:17:27.287 1507 1909 I GameModeConfig: isGaming = false
12-10 06:17:27.287 1507 1909 I GameModeConfig: isGameModeOn = true
12-10 06:17:27.287 1507 1909 I GameModeConfig: isGaming = false
12-10 06:17:27.292 8492 8527 W ContextImpl: Calling a method in the system process without a qualified user: android.app.ContextImpl.startService:1816 android.content.ContextWrapper.startService:774 com.thundercomm.gamemode.ingame.services.GameModeActionUtils.startGameModeService:99 com.thundercomm.gamemode.ingame.services.GameModeActionUtils.startGameModeEntry:22 com.thundercomm.gamemode.ingame.services.ActivityMonitoringService$1.onActivityLaunch:127
12-10 06:17:27.295 1507 1909 I GameModeConfig: isGameModeOn = true
12-10 06:17:27.295 1507 1909 I GameModeConfig: isGaming = false
12-10 06:17:27.295 1507 1909 I GameModeConfig: isGameModeOn = true
12-10 06:17:27.295 1507 1909 I GameModeConfig: isGaming = false
12-10 06:17:27.295 1507 1909 I GameModeConfig: isGameModeOn = true
12-10 06:17:27.295 1507 1909 I GameModeConfig: isGaming = false
12-10 06:17:27.295 1507 1909 I GameModeConfig: isGameModeOn = true
12-10 06:17:27.295 1507 1909 I GameModeConfig: isGaming = false
12-10 06:17:27.296 2004 2004 I sysui_multi_action: [757,111,758,2]
12-10 06:17:27.296 2004 2004 I sysui_multi_action: [757,111,758,2]
12-10 06:17:27.296 1507 1507 I notification_enqueue: [10082,2004,com.android.systemui,2048,NULL,0,Notification(channel=updateNotification shortcut=null contentView=null vibrate=null sound=null defaults=0x0 flags=0x0 color=0x00000000 vis=PRIVATE),1]
12-10 06:17:27.297 1507 1507 I GameModeConfig: Current uri is uri = content://com.thundercomm.gamemode.api/gamemode_settings/gamemode_isgaming
12-10 06:17:27.298 2004 2004 I sysui_multi_action: [757,111,758,1]
12-10 06:17:27.298 2004 2004 I sysui_multi_action: [757,126,758,1,759,126,927,0,928,1,1593,1]
12-10 06:17:27.298 2004 2004 I sysui_multi_action: [757,113,758,1,759,113,927,1,928,1,1593,1]
12-10 06:17:27.298 2004 2004 I sysui_multi_action: [757,0,758,1,759,0,927,2,928,0,1593,1]
12-10 06:17:27.298 2004 2004 I sysui_multi_action: [757,0,758,1,759,0,927,3,928,0,1593,1]
12-10 06:17:27.299 1507 1507 I GameModeConfig: isGameModeOn = true
12-10 06:17:27.299 1507 1507 I GameModeConfig: isGaming = false
12-10 06:17:27.299 2004 2004 I sysui_multi_action: [757,491,758,1,759,491,927,4,928,1,1311,1,1593,0]
12-10 06:17:27.299 2004 2004 I sysui_multi_action: [757,0,758,1,759,0,927,5,928,0,1593,0]
12-10 06:17:27.299 2004 2004 I sysui_multi_action: [757,111,758,1]
12-10 06:17:27.299 2004 2004 I sysui_multi_action: [757,126,758,1,759,126,927,0,928,1,1593,1]
12-10 06:17:27.299 2004 2004 I sysui_multi_action: [757,113,758,1,759,113,927,1,928,1,1593,1]
12-10 06:17:27.299 2004 2004 I sysui_multi_action: [757,0,758,1,759,0,927,2,928,0,1593,1]
12-10 06:17:27.299 1507 1507 I GameModeConfig: isGameModeOn = true
12-10 06:17:27.299 1507 1507 I GameModeConfig: isGaming = false
12-10 06:17:27.299 2004 2004 I sysui_multi_action: [757,0,758,1,759,0,927,3,928,0,1593,1]
12-10 06:17:27.299 1507 1507 I GameModeConfig: isDisableVoice = true
12-10 06:17:27.305 1507 1507 I GameModeConfig: isGameModeOn = true
12-10 06:17:27.306 1507 1507 I GameModeConfig: isGaming = false
12-10 06:17:27.306 1507 1507 E NotificationService: Muting recently noisy 0|com.android.systemui|2048|null|10082
12-10 06:17:27.313 1507 1909 I GameModeConfig: isGameModeOn = true
12-10 06:17:27.313 1507 1909 I GameModeConfig: isGaming = false
12-10 06:17:27.313 1507 1909 I GameModeConfig: isGameModeOn = true
12-10 06:17:27.313 1507 1909 I GameModeConfig: isGaming = false
12-10 06:17:27.313 1507 1909 I GameModeConfig: isGameModeOn = true
12-10 06:17:27.313 1507 1909 I GameModeConfig: isGaming = false
12-10 06:17:27.313 1507 1909 I GameModeConfig: isGameModeOn = true
12-10 06:17:27.313 1507 1909 I GameModeConfig: isGaming = false
12-10 06:17:27.314 1507 1507 I notification_enqueue: [10082,2004,com.android.systemui,2048,NULL,0,Notification(channel=updateNotification shortcut=null contentView=null vibrate=null sound=null defaults=0x0 flags=0x0 color=0x00000000 vis=PRIVATE),1]
12-10 06:17:27.314 2004 2004 I sysui_multi_action: [757,111,758,2]
12-10 06:17:27.314 2004 2004 I sysui_multi_action: [757,111,758,2]
12-10 06:17:27.317 2004 2004 I sysui_multi_action: [757,111,758,1]
12-10 06:17:27.318 2004 2004 I sysui_multi_action: [757,126,758,1,759,126,927,0,928,1,1593,1]
12-10 06:17:27.318 2004 2004 I sysui_multi_action: [757,113,758,1,759,113,927,1,928,1,1593,1]
12-10 06:17:27.318 2004 2004 I sysui_multi_action: [757,0,758,1,759,0,927,2,928,0,1593,1]
12-10 06:17:27.318 2004 2004 I sysui_multi_action: [757,0,758,1,759,0,927,3,928,0,1593,1]
12-10 06:17:27.319 2004 2004 I sysui_multi_action: [757,491,758,1,759,491,927,4,928,1,1311,1,1593,0]
12-10 06:17:27.319 2004 2004 I sysui_multi_action: [757,0,758,1,759,0,927,5,928,0,1593,1]
12-10 06:17:27.319 2004 2004 I sysui_multi_action: [757,111,758,1]
12-10 06:17:27.319 2004 2004 I sysui_multi_action: [757,126,758,1,759,126,927,0,928,1,1593,1]
12-10 06:17:27.320 2004 2004 I sysui_multi_action: [757,113,758,1,759,113,927,1,928,1,1593,1]
12-10 06:17:27.320 2004 2004 I sysui_multi_action: [757,0,758,1,759,0,927,2,928,0,1593,1]
12-10 06:17:27.320 2004 2004 I sysui_multi_action: [757,0,758,1,759,0,927,3,928,0,1593,1]
12-10 06:17:27.326 1507 1507 I GameModeConfig: isGameModeOn = true
12-10 06:17:27.326 1507 1507 I GameModeConfig: isGaming = false
12-10 06:17:27.327 1507 1507 E NotificationService: Muting recently noisy 0|com.android.systemui|2048|null|10082
12-10 06:17:27.331 1507 1909 I GameModeConfig: isGameModeOn = true
12-10 06:17:27.331 1507 1909 I GameModeConfig: isGaming = false
12-10 06:17:27.332 1507 1909 I GameModeConfig: isGameModeOn = true
12-10 06:17:27.332 1507 1909 I GameModeConfig: isGaming = false
12-10 06:17:27.332 1507 1909 I GameModeConfig: isGameModeOn = true
12-10 06:17:27.332 1507 1909 I GameModeConfig: isGaming = false
12-10 06:17:27.332 1507 1909 I GameModeConfig: isGameModeOn = true
12-10 06:17:27.332 1507 1909 I GameModeConfig: isGaming = false
12-10 06:17:27.332 2004 2004 I sysui_multi_action: [757,111,758,2]
12-10 06:17:27.333 2004 2004 I sysui_multi_action: [757,111,758,2]
12-10 06:17:27.333 1507 1507 I notification_enqueue: [10082,2004,com.android.systemui,2048,NULL,0,Notification(channel=updateNotification shortcut=null contentView=null vibrate=null sound=null defaults=0x0 flags=0x0 color=0x00000000 vis=PRIVATE),1]
12-10 06:17:27.335 2004 2004 I sysui_multi_action: [757,111,758,1]
12-10 06:17:27.335 2004 2004 I sysui_multi_action: [757,126,758,1,759,126,927,0,928,1,1593,1]
12-10 06:17:27.335 2004 2004 I sysui_multi_action: [757,113,758,1,759,113,927,1,928,1,1593,1]
12-10 06:17:27.335 2004 2004 I sysui_multi_action: [757,0,758,1,759,0,927,2,928,0,1593,1]
12-10 06:17:27.335 2004 2004 I sysui_multi_action: [757,0,758,1,759,0,927,3,928,0,1593,1]
12-10 06:17:27.336 2004 2004 I sysui_multi_action: [757,491,758,1,759,491,927,4,928,1,1311,1,1593,0]
12-10 06:17:27.336 2004 2004 I sysui_multi_action: [757,0,758,1,759,0,927,5,928,0,1593,0]
12-10 06:17:27.336 2004 2004 I sysui_multi_action: [757,111,758,1]
12-10 06:17:27.336 2004 2004 I sysui_multi_action: [757,126,758,1,759,126,927,0,928,1,1593,1]
12-10 06:17:27.336 2004 2004 I sysui_multi_action: [757,113,758,1,759,113,927,1,928,1,1593,1]
12-10 06:17:27.336 2004 2004 I sysui_multi_action: [757,0,758,1,759,0,927,2,928,0,1593,1]
12-10 06:17:27.336 2004 2004 I sysui_multi_action: [757,0,758,1,759,0,927,3,928,0,1593,1]
12-10 06:17:27.341 1507 1507 I GameModeConfig: isGameModeOn = true
12-10 06:17:27.341 1507 1507 I GameModeConfig: isGaming = false
12-10 06:17:27.342 1507 1507 E NotificationService: Muting recently noisy 0|com.android.systemui|2048|null|10082
12-10 06:17:27.348 1507 1909 I GameModeConfig: isGameModeOn = true
12-10 06:17:27.348 1507 1909 I GameModeConfig: isGaming = false
12-10 06:17:27.348 1507 1909 I GameModeConfig: isGameModeOn = true
12-10 06:17:27.348 1507 1909 I GameModeConfig: isGaming = false
12-10 06:17:27.348 1507 1909 I GameModeConfig: isGameModeOn = true
12-10 06:17:27.348 1507 1909 I GameModeConfig: isGaming = false
12-10 06:17:27.348 1507 1909 I GameModeConfig: isGameModeOn = true
