12-10 06:07:33.101 2004 2004 I sysui_multi_action: [757,0,758,1,759,0,927,3,928,0,1593,0]
12-10 06:07:33.106 1507 1736 I input_focus: [Focus leaving 1cd006b com.android.deskclock/com.android.deskclock.DeskClock (server),reason=Waiting for window because NOT_VISIBLE]
12-10 06:07:33.106 1507 1569 W WindowManager: updateScale0.7996942
12-10 06:07:33.108 8492 8527 W ContextImpl: Calling a method in the system process without a qualified user: android.app.ContextImpl.startService:1816 android.content.ContextWrapper.startService:774 com.thundercomm.gamemode.ingame.services.GameModeActionUtils.startGameModeService:99 com.thundercomm.gamemode.ingame.services.GameModeActionUtils.startGameModeEntry:22 com.thundercomm.gamemode.ingame.services.ActivityMonitoringService$1.onActivityLaunch:127
12-10 06:07:33.114 1507 1507 I GameModeConfig: Current uri is uri = content://com.thundercomm.gamemode.api/gamemode_settings/gamemode_isgaming
12-10 06:07:33.116 1507 1507 I GameModeConfig: isGameModeOn = true
12-10 06:07:33.116 1507 1507 I GameModeConfig: isGaming = false
12-10 06:07:33.116 1507 1507 I GameModeConfig: isGameModeOn = true
12-10 06:07:33.116 1507 1507 I GameModeConfig: isGaming = false
12-10 06:07:33.116 1507 1507 I GameModeConfig: isDisableVoice = true
12-10 06:07:33.118 1507 1569 W WindowManager: updateScale0.7996942
12-10 06:07:33.119 1507 1569 W WindowManager: updateScale0.7996942
12-10 06:07:33.121 1507 1569 W WindowManager: updateScale0.7996942
12-10 06:07:33.122 1507 1613 V DisplayPowerController[0]: Brightness [1.0] reason changing to: 'manual', previous reason: 'manual [ dim ]'.
12-10 06:07:33.122 1507 1564 I sysui_multi_action: [319,164,322,155,325,16101,757,761,758,8,759,2,806,com.thundercomm.screensaver,871,android.service.dreams.DreamActivity,904,com.thundercomm.screensaver,905,0,1320,4,1321,2]
12-10 06:07:33.122 1507 1613 I sysui_multi_action: [757,1696,758,6,759,3]
12-10 06:07:33.126 1507 1564 I wm_activity_launch_time: [0,53551379,com.thundercomm.screensaver/android.service.dreams.DreamActivity,155]
12-10 06:07:33.138 1507 1736 I input_focus: [Focus entering 2fb0926 com.thundercomm.screensaver/android.service.dreams.DreamActivity (server),reason=Window became focusable. Previous reason: NOT_VISIBLE]
12-10 06:07:33.139 1507 1980 E DisplayDeviceConfig: requesting nits when no mapping exists.
12-10 06:07:33.140 1507 1980 E DisplayDeviceConfig: requesting nits when no mapping exists.
12-10 06:07:33.140 1507 1583 I am_wtf : [0,1507,system_server,-1,DisplayDeviceConfig,requesting nits when no mapping exists.]
12-10 06:07:33.141 1507 1583 I am_wtf : [0,1507,system_server,-1,DisplayDeviceConfig,requesting nits when no mapping exists.]
12-10 06:07:33.157 1507 1980 E DisplayDeviceConfig: requesting nits when no mapping exists.
12-10 06:07:33.157 1507 1980 E DisplayDeviceConfig: requesting nits when no mapping exists.
12-10 06:07:33.157 1507 1583 I am_wtf : [0,1507,system_server,-1,DisplayDeviceConfig,requesting nits when no mapping exists.]
12-10 06:07:33.158 1507 1583 I am_wtf : [0,1507,system_server,-1,DisplayDeviceConfig,requesting nits when no mapping exists.]
12-10 06:07:33.170 1507 1980 E DisplayDeviceConfig: requesting nits when no mapping exists.
12-10 06:07:33.171 1507 1980 E DisplayDeviceConfig: requesting nits when no mapping exists.
12-10 06:07:33.171 1507 1583 I am_wtf : [0,1507,system_server,-1,DisplayDeviceConfig,requesting nits when no mapping exists.]
12-10 06:07:33.173 1507 1583 I am_wtf : [0,1507,system_server,-1,DisplayDeviceConfig,requesting nits when no mapping exists.]
12-10 06:07:33.187 1507 1980 E DisplayDeviceConfig: requesting nits when no mapping exists.
12-10 06:07:33.188 1507 1980 E DisplayDeviceConfig: requesting nits when no mapping exists.
12-10 06:07:33.188 1507 1583 I am_wtf : [0,1507,system_server,-1,DisplayDeviceConfig,requesting nits when no mapping exists.]
12-10 06:07:33.190 1507 1583 I am_wtf : [0,1507,system_server,-1,DisplayDeviceConfig,requesting nits when no mapping exists.]
12-10 06:07:33.206 1507 1980 E DisplayDeviceConfig: requesting nits when no mapping exists.
12-10 06:07:33.206 1507 1980 E DisplayDeviceConfig: requesting nits when no mapping exists.
12-10 06:07:33.207 1507 1583 I am_wtf : [0,1507,system_server,-1,DisplayDeviceConfig,requesting nits when no mapping exists.]
12-10 06:07:33.208 1507 1583 I am_wtf : [0,1507,system_server,-1,DisplayDeviceConfig,requesting nits when no mapping exists.]
12-10 06:07:33.220 1507 1980 E DisplayDeviceConfig: requesting nits when no mapping exists.
12-10 06:07:33.221 1507 1980 E DisplayDeviceConfig: requesting nits when no mapping exists.
12-10 06:07:33.222 1507 1583 I am_wtf : [0,1507,system_server,-1,DisplayDeviceConfig,requesting nits when no mapping exists.]
12-10 06:07:33.223 1507 1583 I am_wtf : [0,1507,system_server,-1,DisplayDeviceConfig,requesting nits when no mapping exists.]
12-10 06:07:33.238 1507 1980 E DisplayDeviceConfig: requesting nits when no mapping exists.
12-10 06:07:33.239 1507 1980 E DisplayDeviceConfig: requesting nits when no mapping exists.
12-10 06:07:33.239 1507 1583 I am_wtf : [0,1507,system_server,-1,DisplayDeviceConfig,requesting nits when no mapping exists.]
12-10 06:07:33.241 1507 1583 I am_wtf : [0,1507,system_server,-1,DisplayDeviceConfig,requesting nits when no mapping exists.]
12-10 06:07:33.254 1507 1980 E DisplayDeviceConfig: requesting nits when no mapping exists.
12-10 06:07:33.254 1507 1980 E DisplayDeviceConfig: requesting nits when no mapping exists.
12-10 06:07:33.254 1507 1583 I am_wtf : [0,1507,system_server,-1,DisplayDeviceConfig,requesting nits when no mapping exists.]
12-10 06:07:33.255 1507 1583 I am_wtf : [0,1507,system_server,-1,DisplayDeviceConfig,requesting nits when no mapping exists.]
12-10 06:07:33.272 1507 1980 E DisplayDeviceConfig: requesting nits when no mapping exists.
12-10 06:07:33.273 1507 1980 E DisplayDeviceConfig: requesting nits when no mapping exists.
12-10 06:07:33.273 1507 1583 I am_wtf : [0,1507,system_server,-1,DisplayDeviceConfig,requesting nits when no mapping exists.]
12-10 06:07:33.274 1507 1583 I am_wtf : [0,1507,system_server,-1,DisplayDeviceConfig,requesting nits when no mapping exists.]
12-10 06:07:33.281 1507 1507 I GameModeConfig: isGameModeOn = true
12-10 06:07:33.281 1507 1507 I GameModeConfig: isGaming = false
12-10 06:07:33.290 1507 1980 E DisplayDeviceConfig: requesting nits when no mapping exists.
12-10 06:07:33.290 1507 1980 E DisplayDeviceConfig: requesting nits when no mapping exists.
12-10 06:07:33.290 1507 1583 I am_wtf : [0,1507,system_server,-1,DisplayDeviceConfig,requesting nits when no mapping exists.]
12-10 06:07:33.291 1507 1583 I am_wtf : [0,1507,system_server,-1,DisplayDeviceConfig,requesting nits when no mapping exists.]
12-10 06:07:33.306 1507 1980 E DisplayDeviceConfig: requesting nits when no mapping exists.
12-10 06:07:33.306 1507 1980 E DisplayDeviceConfig: requesting nits when no mapping exists.
12-10 06:07:33.306 1507 1583 I am_wtf : [0,1507,system_server,-1,DisplayDeviceConfig,requesting nits when no mapping exists.]
12-10 06:07:33.307 1507 1583 I am_wtf : [0,1507,system_server,-1,DisplayDeviceConfig,requesting nits when no mapping exists.]
12-10 06:07:33.323 1507 1980 E DisplayDeviceConfig: requesting nits when no mapping exists.
12-10 06:07:33.323 1507 1980 E DisplayDeviceConfig: requesting nits when no mapping exists.
12-10 06:07:33.324 1507 1583 I am_wtf : [0,1507,system_server,-1,DisplayDeviceConfig,requesting nits when no mapping exists.]
12-10 06:07:33.329 1507 1583 I am_wtf : [0,1507,system_server,-1,DisplayDeviceConfig,requesting nits when no mapping exists.]
12-10 06:07:33.338 1507 1980 E DisplayDeviceConfig: requesting nits when no mapping exists.
12-10 06:07:33.338 1507 1980 E DisplayDeviceConfig: requesting nits when no mapping exists.
12-10 06:07:33.338 1507 1583 I am_wtf : [0,1507,system_server,-1,DisplayDeviceConfig,requesting nits when no mapping exists.]
12-10 06:07:33.339 1507 1583 I am_wtf : [0,1507,system_server,-1,DisplayDeviceConfig,requesting nits when no mapping exists.]
12-10 06:07:33.354 1507 1980 E DisplayDeviceConfig: requesting nits when no mapping exists.
12-10 06:07:33.355 1507 1980 E DisplayDeviceConfig: requesting nits when no mapping exists.
12-10 06:07:33.355 1507 1583 I am_wtf : [0,1507,system_server,-1,DisplayDeviceConfig,requesting nits when no mapping exists.]
12-10 06:07:33.355 1507 1583 I am_wtf : [0,1507,system_server,-1,DisplayDeviceConfig,requesting nits when no mapping exists.]
12-10 06:07:33.372 1507 1980 E DisplayDeviceConfig: requesting nits when no mapping exists.
12-10 06:07:33.373 1507 1583 I am_wtf : [0,1507,system_server,-1,DisplayDeviceConfig,requesting nits when no mapping exists.]
12-10 06:07:33.373 1507 1980 E DisplayDeviceConfig: requesting nits when no mapping exists.
12-10 06:07:33.373 1507 1583 I am_wtf : [0,1507,system_server,-1,DisplayDeviceConfig,requesting nits when no mapping exists.]
12-10 06:07:33.389 1507 1980 E DisplayDeviceConfig: requesting nits when no mapping exists.
12-10 06:07:33.389 1507 1980 E DisplayDeviceConfig: requesting nits when no mapping exists.
12-10 06:07:33.389 1507 1583 I am_wtf : [0,1507,system_server,-1,DisplayDeviceConfig,requesting nits when no mapping exists.]
12-10 06:07:33.390 1507 1583 I am_wtf : [0,1507,system_server,-1,DisplayDeviceConfig,requesting nits when no mapping exists.]
12-10 06:07:33.405 1507 1980 E DisplayDeviceConfig: requesting nits when no mapping exists.
12-10 06:07:33.406 1507 1980 E DisplayDeviceConfig: requesting nits when no mapping exists.
12-10 06:07:33.406 1507 1583 I am_wtf : [0,1507,system_server,-1,DisplayDeviceConfig,requesting nits when no mapping exists.]
12-10 06:07:33.409 1507 1583 I am_wtf : [0,1507,system_server,-1,DisplayDeviceConfig,requesting nits when no mapping exists.]
12-10 06:07:33.430 1507 1980 E DisplayDeviceConfig: requesting nits when no mapping exists.
12-10 06:07:33.431 1507 1583 I am_wtf : [0,1507,system_server,-1,DisplayDeviceConfig,requesting nits when no mapping exists.]
12-10 06:07:33.432 1507 1980 E DisplayDeviceConfig: requesting nits when no mapping exists.
12-10 06:07:33.433 1507 1583 I am_wtf : [0,1507,system_server,-1,DisplayDeviceConfig,requesting nits when no mapping exists.]
12-10 06:07:33.441 1507 1980 E DisplayDeviceConfig: requesting nits when no mapping exists.
12-10 06:07:33.441 1507 1980 E DisplayDeviceConfig: requesting nits when no mapping exists.
12-10 06:07:33.441 1507 1583 I am_wtf : [0,1507,system_server,-1,DisplayDeviceConfig,requesting nits when no mapping exists.]
12-10 06:07:33.442 1507 1583 I am_wtf : [0,1507,system_server,-1,DisplayDeviceConfig,requesting nits when no mapping exists.]
12-10 06:07:33.456 1507 1980 E DisplayDeviceConfig: requesting nits when no mapping exists.
12-10 06:07:33.457 1507 1980 E DisplayDeviceConfig: requesting nits when no mapping exists.
12-10 06:07:33.457 1507 1583 I am_wtf : [0,1507,system_server,-1,DisplayDeviceConfig,requesting nits when no mapping exists.]
12-10 06:07:33.458 1507 1583 I am_wtf : [0,1507,system_server,-1,DisplayDeviceConfig,requesting nits when no mapping exists.]
12-10 06:07:33.471 1507 1980 E DisplayDeviceConfig: requesting nits when no mapping exists.
12-10 06:07:33.471 1507 1980 E DisplayDeviceConfig: requesting nits when no mapping exists.
12-10 06:07:33.472 1507 1583 I am_wtf : [0,1507,system_server,-1,DisplayDeviceConfig,requesting nits when no mapping exists.]
12-10 06:07:33.473 1507 1583 I am_wtf : [0,1507,system_server,-1,DisplayDeviceConfig,requesting nits when no mapping exists.]
12-10 06:07:33.488 1507 1980 E DisplayDeviceConfig: requesting nits when no mapping exists.
12-10 06:07:33.489 1507 1583 I am_wtf : [0,1507,system_server,-1,DisplayDeviceConfig,requesting nits when no mapping exists.]
12-10 06:07:33.489 1507 1980 E DisplayDeviceConfig: requesting nits when no mapping exists.
12-10 06:07:33.490 1507 1583 I am_wtf : [0,1507,system_server,-1,DisplayDeviceConfig,requesting nits when no mapping exists.]
12-10 06:07:33.506 1507 1980 E DisplayDeviceConfig: requesting nits when no mapping exists.
12-10 06:07:33.506 1507 1980 E DisplayDeviceConfig: requesting nits when no mapping exists.
12-10 06:07:33.506 1507 1583 I am_wtf : [0,1507,system_server,-1,DisplayDeviceConfig,requesting nits when no mapping exists.]
12-10 06:07:33.508 1507 1583 I am_wtf : [0,1507,system_server,-1,DisplayDeviceConfig,requesting nits when no mapping exists.]
12-10 06:07:33.523 1507 1980 E DisplayDeviceConfig: requesting nits when no mapping exists.
12-10 06:07:33.524 1507 1583 I am_wtf : [0,1507,system_server,-1,DisplayDeviceConfig,requesting nits when no mapping exists.]
12-10 06:07:33.524 1507 1980 E DisplayDeviceConfig: requesting nits when no mapping exists.
12-10 06:07:33.525 1507 1583 I am_wtf : [0,1507,system_server,-1,DisplayDeviceConfig,requesting nits when no mapping exists.]
12-10 06:07:33.543 1507 1980 E DisplayDeviceConfig: requesting nits when no mapping exists.
12-10 06:07:33.544 1507 1980 E DisplayDeviceConfig: requesting nits when no mapping exists.
12-10 06:07:33.544 1507 1583 I am_wtf : [0,1507,system_server,-1,DisplayDeviceConfig,requesting nits when no mapping exists.]
12-10 06:07:33.546 1507 1583 I am_wtf : [0,1507,system_server,-1,DisplayDeviceConfig,requesting nits when no mapping exists.]
12-10 06:07:33.557 1507 1980 E DisplayDeviceConfig: requesting nits when no mapping exists.
12-10 06:07:33.557 1507 1583 I am_wtf : [0,1507,system_server,-1,DisplayDeviceConfig,requesting nits when no mapping exists.]
12-10 06:07:33.558 1507 1980 E DisplayDeviceConfig: requesting nits when no mapping exists.
12-10 06:07:33.558 1507 1583 I am_wtf : [0,1507,system_server,-1,DisplayDeviceConfig,requesting nits when no mapping exists.]
12-10 06:07:33.572 1507 1980 E DisplayDeviceConfig: requesting nits when no mapping exists.
12-10 06:07:33.573 1507 1583 I am_wtf : [0,1507,system_server,-1,DisplayDeviceConfig,requesting nits when no mapping exists.]
12-10 06:07:33.574 1507 1980 E DisplayDeviceConfig: requesting nits when no mapping exists.
12-10 06:07:33.574 1507 1583 I am_wtf : [0,1507,system_server,-1,DisplayDeviceConfig,requesting nits when no mapping exists.]
12-10 06:07:33.582 1507 1583 I am_uid_idle: 10094
12-10 06:07:33.588 1507 1980 E DisplayDeviceConfig: requesting nits when no mapping exists.
12-10 06:07:33.589 1507 1583 I am_wtf : [0,1507,system_server,-1,DisplayDeviceConfig,requesting nits when no mapping exists.]
12-10 06:07:33.589 1507 1980 E DisplayDeviceConfig: requesting nits when no mapping exists.
12-10 06:07:33.589 1507 1583 I am_wtf : [0,1507,system_server,-1,DisplayDeviceConfig,requesting nits when no mapping exists.]
12-10 06:07:33.606 1507 1980 E DisplayDeviceConfig: requesting nits when no mapping exists.
12-10 06:07:33.607 1507 1583 I am_wtf : [0,1507,system_server,-1,DisplayDeviceConfig,requesting nits when no mapping exists.]
12-10 06:07:33.612 1507 1980 E DisplayDeviceConfig: requesting nits when no mapping exists.
12-10 06:07:33.612 1507 1583 I am_wtf : [0,1507,system_server,-1,DisplayDeviceConfig,requesting nits when no mapping exists.]
12-10 06:07:33.622 1507 1980 E DisplayDeviceConfig: requesting nits when no mapping exists.
12-10 06:07:33.622 1507 1980 E DisplayDeviceConfig: requesting nits when no mapping exists.
12-10 06:07:33.623 1507 1583 I am_wtf : [0,1507,system_server,-1,DisplayDeviceConfig,requesting nits when no mapping exists.]
12-10 06:07:33.623 1507 1583 I am_wtf : [0,1507,system_server,-1,DisplayDeviceConfig,requesting nits when no mapping exists.]
12-10 06:07:33.623 1507 1568 I wm_stop_activity: [0,160875417,com.android.settings/.Settings]
12-10 06:07:33.626 1507 1569 W WindowManager: updateScale0.7996942
12-10 06:07:33.639 1507 1980 E DisplayDeviceConfig: requesting nits when no mapping exists.
12-10 06:07:33.640 1507 1980 E DisplayDeviceConfig: requesting nits when no mapping exists.
12-10 06:07:33.640 1507 1583 I am_wtf : [0,1507,system_server,-1,DisplayDeviceConfig,requesting nits when no mapping exists.]
12-10 06:07:33.641 1507 1583 I am_wtf : [0,1507,system_server,-1,DisplayDeviceConfig,requesting nits when no mapping exists.]
12-10 06:07:33.646 1507 11870 W WindowManager: updateScale0.7996942
12-10 06:07:33.655 1507 1980 E DisplayDeviceConfig: requesting nits when no mapping exists.
12-10 06:07:33.655 1507 1980 E DisplayDeviceConfig: requesting nits when no mapping exists.
12-10 06:07:33.656 1507 1583 I am_wtf : [0,1507,system_server,-1,DisplayDeviceConfig,requesting nits when no mapping exists.]
12-10 06:07:33.657 1507 1583 I am_wtf : [0,1507,system_server,-1,DisplayDeviceConfig,requesting nits when no mapping exists.]
12-10 06:07:33.663 13833 13833 I wm_on_stop_called: [160875417,com.android.settings.Settings,STOP_ACTIVITY_ITEM]
12-10 06:07:33.667 1507 11870 W WindowManager: updateScale0.7996942
12-10 06:07:33.672 1507 1980 E DisplayDeviceConfig: requesting nits when no mapping exists.
12-10 06:07:33.678 1507 1583 I am_wtf : [0,1507,system_server,-1,DisplayDeviceConfig,requesting nits when no mapping exists.]
12-10 06:07:33.678 1507 1980 E DisplayDeviceConfig: requesting nits when no mapping exists.
12-10 06:07:33.679 1507 1583 I am_wtf : [0,1507,system_server,-1,DisplayDeviceConfig,requesting nits when no mapping exists.]
12-10 06:07:33.686 1507 1980 E DisplayDeviceConfig: requesting nits when no mapping exists.
12-10 06:07:33.686 8492 8527 W ContextImpl: Calling a method in the system process without a qualified user: android.app.ContextImpl.startService:1816 android.content.ContextWrapper.startService:774 com.thundercomm.gamemode.ingame.services.GameModeActionUtils.startGameModeService:99 com.thundercomm.gamemode.ingame.services.GameModeActionUtils.startGameModeEntry:22 com.thundercomm.gamemode.ingame.services.ActivityMonitoringService$1.onActivityLaunch:127
12-10 06:07:33.686 1507 1980 E DisplayDeviceConfig: requesting nits when no mapping exists.
12-10 06:07:33.686 1507 1583 I am_wtf : [0,1507,system_server,-1,DisplayDeviceConfig,requesting nits when no mapping exists.]
12-10 06:07:33.687 1507 1583 I am_wtf : [0,1507,system_server,-1,DisplayDeviceConfig,requesting nits when no mapping exists.]
12-10 06:07:33.696 1507 1507 I GameModeConfig: Current uri is uri = content://com.thundercomm.gamemode.api/gamemode_settings/gamemode_isgaming
12-10 06:07:33.698 1507 1507 I GameModeConfig: isGameModeOn = true
12-10 06:07:33.698 1507 1507 I GameModeConfig: isGaming = false
12-10 06:07:33.698 1507 1507 I GameModeConfig: isGameModeOn = true
12-10 06:07:33.698 1507 1507 I GameModeConfig: isGaming = false
12-10 06:07:33.698 1507 1507 I GameModeConfig: isDisableVoice = true
12-10 06:07:33.703 1507 1980 E DisplayDeviceConfig: requesting nits when no mapping exists.
12-10 06:07:33.704 1507 1980 E DisplayDeviceConfig: requesting nits when no mapping exists.
12-10 06:07:33.704 1507 1583 I am_wtf : [0,1507,system_server,-1,DisplayDeviceConfig,requesting nits when no mapping exists.]
12-10 06:07:33.705 1507 1583 I am_wtf : [0,1507,system_server,-1,DisplayDeviceConfig,requesting nits when no mapping exists.]
12-10 06:07:33.719 1507 1980 E DisplayDeviceConfig: requesting nits when no mapping exists.
12-10 06:07:33.720 1507 1980 E DisplayDeviceConfig: requesting nits when no mapping exists.
12-10 06:07:33.720 1507 1583 I am_wtf : [0,1507,system_server,-1,DisplayDeviceConfig,requesting nits when no mapping exists.]
12-10 06:07:33.721 1507 1583 I am_wtf : [0,1507,system_server,-1,DisplayDeviceConfig,requesting nits when no mapping exists.]
12-10 06:07:33.737 1507 1980 E DisplayDeviceConfig: requesting nits when no mapping exists.
12-10 06:07:33.737 1507 1980 E DisplayDeviceConfig: requesting nits when no mapping exists.
12-10 06:07:33.737 1507 1583 I am_wtf : [0,1507,system_server,-1,DisplayDeviceConfig,requesting nits when no mapping exists.]
12-10 06:07:33.740 1507 1583 I am_wtf : [0,1507,system_server,-1,DisplayDeviceConfig,requesting nits when no mapping exists.]
12-10 06:07:33.753 1507 1980 E DisplayDeviceConfig: requesting nits when no mapping exists.
12-10 06:07:33.753 1507 1980 E DisplayDeviceConfig: requesting nits when no mapping exists.
12-10 06:07:33.753 1507 1583 I am_wtf : [0,1507,system_server,-1,DisplayDeviceConfig,requesting nits when no mapping exists.]
12-10 06:07:33.755 1507 1583 I am_wtf : [0,1507,system_server,-1,DisplayDeviceConfig,requesting nits when no mapping exists.]
12-10 06:07:33.769 1507 1980 E DisplayDeviceConfig: requesting nits when no mapping exists.
12-10 06:07:33.770 1507 1583 I am_wtf : [0,1507,system_server,-1,DisplayDeviceConfig,requesting nits when no mapping exists.]
12-10 06:07:33.770 1507 1980 E DisplayDeviceConfig: requesting nits when no mapping exists.
12-10 06:07:33.771 1507 1583 I am_wtf : [0,1507,system_server,-1,DisplayDeviceConfig,requesting nits when no mapping exists.]
12-10 06:07:33.786 1507 1980 E DisplayDeviceConfig: requesting nits when no mapping exists.
12-10 06:07:33.787 1507 1980 E DisplayDeviceConfig: requesting nits when no mapping exists.
12-10 06:07:33.787 1507 1583 I am_wtf : [0,1507,system_server,-1,DisplayDeviceConfig,requesting nits when no mapping exists.]
12-10 06:07:33.788 1507 1583 I am_wtf : [0,1507,system_server,-1,DisplayDeviceConfig,requesting nits when no mapping exists.]
12-10 06:07:33.803 1507 1980 E DisplayDeviceConfig: requesting nits when no mapping exists.
12-10 06:07:33.803 1507 1980 E DisplayDeviceConfig: requesting nits when no mapping exists.
12-10 06:07:33.804 1507 1583 I am_wtf : [0,1507,system_server,-1,DisplayDeviceConfig,requesting nits when no mapping exists.]
12-10 06:07:33.805 1507 1583 I am_wtf : [0,1507,system_server,-1,DisplayDeviceConfig,requesting nits when no mapping exists.]
12-10 06:07:33.820 1507 1980 E DisplayDeviceConfig: requesting nits when no mapping exists.
12-10 06:07:33.820 1507 1980 E DisplayDeviceConfig: requesting nits when no mapping exists.
12-10 06:07:33.820 1507 1583 I am_wtf : [0,1507,system_server,-1,DisplayDeviceConfig,requesting nits when no mapping exists.]
12-10 06:07:33.821 1507 1583 I am_wtf : [0,1507,system_server,-1,DisplayDeviceConfig,requesting nits when no mapping exists.]
12-10 06:07:33.836 1507 1980 E DisplayDeviceConfig: requesting nits when no mapping exists.
12-10 06:07:33.837 1507 1980 E DisplayDeviceConfig: requesting nits when no mapping exists.
12-10 06:07:33.837 1507 1583 I am_wtf : [0,1507,system_server,-1,DisplayDeviceConfig,requesting nits when no mapping exists.]
12-10 06:07:33.839 1507 1583 I am_wtf : [0,1507,system_server,-1,DisplayDeviceConfig,requesting nits when no mapping exists.]
12-10 06:07:33.853 1507 1980 E DisplayDeviceConfig: requesting nits when no mapping exists.
12-10 06:07:33.854 1507 1980 E DisplayDeviceConfig: requesting nits when no mapping exists.
12-10 06:07:33.854 1507 1583 I am_wtf : [0,1507,system_server,-1,DisplayDeviceConfig,requesting nits when no mapping exists.]
12-10 06:07:33.856 1507 1583 I am_wtf : [0,1507,system_server,-1,DisplayDeviceConfig,requesting nits when no mapping exists.]
12-10 06:07:33.873 1507 1980 E DisplayDeviceConfig: requesting nits when no mapping exists.
12-10 06:07:33.873 1507 1980 E DisplayDeviceConfig: requesting nits when no mapping exists.
12-10 06:07:33.873 1507 1583 I am_wtf : [0,1507,system_server,-1,DisplayDeviceConfig,requesting nits when no mapping exists.]
12-10 06:07:33.874 1507 1583 I am_wtf : [0,1507,system_server,-1,DisplayDeviceConfig,requesting nits when no mapping exists.]
12-10 06:07:33.887 1507 1980 E DisplayDeviceConfig: requesting nits when no mapping exists.
12-10 06:07:33.888 1507 1980 E DisplayDeviceConfig: requesting nits when no mapping exists.
12-10 06:07:33.888 1507 1583 I am_wtf : [0,1507,system_server,-1,DisplayDeviceConfig,requesting nits when no mapping exists.]
12-10 06:07:33.890 1507 1583 I am_wtf : [0,1507,system_server,-1,DisplayDeviceConfig,requesting nits when no mapping exists.]
12-10 06:07:33.903 1507 1980 E DisplayDeviceConfig: requesting nits when no mapping exists.
12-10 06:07:33.904 1507 1980 E DisplayDeviceConfig: requesting nits when no mapping exists.
12-10 06:07:33.904 1507 1583 I am_wtf : [0,1507,system_server,-1,DisplayDeviceConfig,requesting nits when no mapping exists.]
12-10 06:07:33.905 1507 1583 I am_wtf : [0,1507,system_server,-1,DisplayDeviceConfig,requesting nits when no mapping exists.]
12-10 06:07:33.920 1507 1980 E DisplayDeviceConfig: requesting nits when no mapping exists.
12-10 06:07:33.920 1507 1980 E DisplayDeviceConfig: requesting nits when no mapping exists.
12-10 06:07:33.921 1507 1583 I am_wtf : [0,1507,system_server,-1,DisplayDeviceConfig,requesting nits when no mapping exists.]
12-10 06:07:33.922 1507 1583 I am_wtf : [0,1507,system_server,-1,DisplayDeviceConfig,requesting nits when no mapping exists.]
12-10 06:07:33.937 1507 1980 E DisplayDeviceConfig: requesting nits when no mapping exists.
12-10 06:07:33.937 1507 1980 E DisplayDeviceConfig: requesting nits when no mapping exists.
12-10 06:07:33.938 1507 1583 I am_wtf : [0,1507,system_server,-1,DisplayDeviceConfig,requesting nits when no mapping exists.]
12-10 06:07:33.939 1507 1583 I am_wtf : [0,1507,system_server,-1,DisplayDeviceConfig,requesting nits when no mapping exists.]
12-10 06:07:33.953 1507 1980 E DisplayDeviceConfig: requesting nits when no mapping exists.
12-10 06:07:33.954 1507 1583 I am_wtf : [0,1507,system_server,-1,DisplayDeviceConfig,requesting nits when no mapping exists.]
12-10 06:07:33.954 1507 1980 E DisplayDeviceConfig: requesting nits when no mapping exists.
12-10 06:07:33.955 1507 1583 I am_wtf : [0,1507,system_server,-1,DisplayDeviceConfig,requesting nits when no mapping exists.]
12-10 06:07:33.970 1507 1980 E DisplayDeviceConfig: requesting nits when no mapping exists.
12-10 06:07:33.971 1507 1980 E DisplayDeviceConfig: requesting nits when no mapping exists.
12-10 06:07:33.971 1507 1583 I am_wtf : [0,1507,system_server,-1,DisplayDeviceConfig,requesting nits when no mapping exists.]
12-10 06:07:33.972 1507 1583 I am_wtf : [0,1507,system_server,-1,DisplayDeviceConfig,requesting nits when no mapping exists.]
12-10 06:07:33.987 1507 1980 E DisplayDeviceConfig: requesting nits when no mapping exists.
12-10 06:07:33.988 1507 1583 I am_wtf : [0,1507,system_server,-1,DisplayDeviceConfig,requesting nits when no mapping exists.]
12-10 06:07:33.988 1507 1980 E DisplayDeviceConfig: requesting nits when no mapping exists.
12-10 06:07:33.990 1507 1583 I am_wtf : [0,1507,system_server,-1,DisplayDeviceConfig,requesting nits when no mapping exists.]
12-10 06:07:34.003 1507 1980 E DisplayDeviceConfig: requesting nits when no mapping exists.
12-10 06:07:34.004 1507 1980 E DisplayDeviceConfig: requesting nits when no mapping exists.
12-10 06:07:34.004 1507 1583 I am_wtf : [0,1507,system_server,-1,DisplayDeviceConfig,requesting nits when no mapping exists.]
12-10 06:07:34.006 1507 1583 I am_wtf : [0,1507,system_server,-1,DisplayDeviceConfig,requesting nits when no mapping exists.]
12-10 06:07:34.020 1507 1980 E DisplayDeviceConfig: requesting nits when no mapping exists.
12-10 06:07:34.021 1507 1583 I am_wtf : [0,1507,system_server,-1,DisplayDeviceConfig,requesting nits when no mapping exists.]
12-10 06:07:34.021 1507 1980 E DisplayDeviceConfig: requesting nits when no mapping exists.
12-10 06:07:34.022 1507 1583 I am_wtf : [0,1507,system_server,-1,DisplayDeviceConfig,requesting nits when no mapping exists.]
12-10 06:07:34.038 1507 1980 E DisplayDeviceConfig: requesting nits when no mapping exists.
12-10 06:07:34.038 1507 1980 E DisplayDeviceConfig: requesting nits when no mapping exists.
12-10 06:07:34.038 1507 1583 I am_wtf : [0,1507,system_server,-1,DisplayDeviceConfig,requesting nits when no mapping exists.]
12-10 06:07:34.040 1507 1583 I am_wtf : [0,1507,system_server,-1,DisplayDeviceConfig,requesting nits when no mapping exists.]
12-10 06:07:34.057 1507 1980 E DisplayDeviceConfig: requesting nits when no mapping exists.
12-10 06:07:34.059 1507 1980 E DisplayDeviceConfig: requesting nits when no mapping exists.
12-10 06:07:34.061 1507 1583 I am_wtf : [0,1507,system_server,-1,DisplayDeviceConfig,requesting nits when no mapping exists.]
12-10 06:07:34.062 1507 1583 I am_wtf : [0,1507,system_server,-1,DisplayDeviceConfig,requesting nits when no mapping exists.]
12-10 06:07:34.070 1507 1980 E DisplayDeviceConfig: requesting nits when no mapping exists.
12-10 06:07:34.071 1507 1980 E DisplayDeviceConfig: requesting nits when no mapping exists.
12-10 06:07:34.072 1507 1583 I am_wtf : [0,1507,system_server,-1,DisplayDeviceConfig,requesting nits when no mapping exists.]
12-10 06:07:34.073 1507 1583 I am_wtf : [0,1507,system_server,-1,DisplayDeviceConfig,requesting nits when no mapping exists.]
12-10 06:07:34.087 1507 1980 E DisplayDeviceConfig: requesting nits when no mapping exists.
12-10 06:07:34.088 1507 1583 I am_wtf : [0,1507,system_server,-1,DisplayDeviceConfig,requesting nits when no mapping exists.]
12-10 06:07:34.088 1507 1980 E DisplayDeviceConfig: requesting nits when no mapping exists.
12-10 06:07:34.088 1507 1583 I am_wtf : [0,1507,system_server,-1,DisplayDeviceConfig,requesting nits when no mapping exists.]
12-10 06:07:34.155 0 0 I auditd : type=1400 audit(0.0:17448): avc: denied { kill } for comm="swapper/2" capability=5 scontext=u:r:kernel:s0 tcontext=u:r:kernel:s0 tclass=capability permissive=0
12-10 06:07:35.155 0 0 I auditd : type=1400 audit(0.0:17449): avc: denied { kill } for comm="swapper/2" capability=5 scontext=u:r:kernel:s0 tcontext=u:r:kernel:s0 tclass=capability permissive=0
12-10 06:07:35.223 1351 9974 I liblog : 35
12-10 06:07:35.450 1507 1583 I am_uid_idle: 10088
12-10 06:07:36.155 0 0 I auditd : type=1400 audit(0.0:17450): avc: denied { kill } for comm="swapper/2" capability=5 scontext=u:r:kernel:s0 tcontext=u:r:kernel:s0 tclass=capability permissive=0
12-10 06:07:36.609 1507 1736 I input_interaction: Interaction with: 2fb0926 com.thundercomm.screensaver/android.service.dreams.DreamActivity (server), edge-swipe (server), swipe-up (server), PointerEventDispatcher0 (server),
12-10 06:07:36.612 1507 2133 I wm_finish_activity: [0,53551379,130,com.thundercomm.screensaver/android.service.dreams.DreamActivity,finish-activity]
12-10 06:07:36.612 1507 2133 I wm_task_moved: [129,1,8]
12-10 06:07:36.612 1507 2133 I wm_task_to_front: [0,129]
12-10 06:07:36.613 1507 2133 I wm_set_resumed_activity: [0,com.android.deskclock/.DeskClock,positionChildAt]
12-10 06:07:36.613 1507 2133 I wm_focused_root_task: [0,0,129,130,finish-top adjustFocusToNextFocusableTask]
12-10 06:07:36.613 1507 2133 I wm_set_resumed_activity: [0,com.android.deskclock/.DeskClock,finish-top]
12-10 06:07:36.614 1507 2133 I wm_pause_activity: [0,53551379,com.thundercomm.screensaver/android.service.dreams.DreamActivity,userLeaving=false,finish]
12-10 06:07:36.615 1507 2133 W WindowManager: updateScale0.7996942
12-10 06:07:36.619 1507 2133 I DreamManagerService: Gently waking up from dream.
12-10 06:07:36.620 1507 1564 I DreamManagerService: Performing gentle wake from dream.
12-10 06:07:36.621 14020 14020 I wm_on_top_resumed_lost_called: [53551379,android.service.dreams.DreamActivity,topStateChangedWhenResumed]
12-10 06:07:36.622 13893 13893 I wm_on_top_resumed_gained_called: [7704750,com.android.deskclock.DeskClock,topStateChangedWhenResumed]
12-10 06:07:36.622 14020 14020 I wm_on_paused_called: [53551379,android.service.dreams.DreamActivity,performPause]
12-10 06:07:36.624 1507 2133 I ActivityTaskManager: FOREGROUND_APPLICATION_CHANGED to com.android.settings.homepage.SettingsHomepageActivity
12-10 06:07:36.626 1507 2133 I wm_resume_activity: [0,160875417,128,com.android.settings/.Settings]
12-10 06:07:36.627 1507 2133 I ActivityTaskManager: FOREGROUND_APPLICATION_CHANGED to com.android.deskclock.DeskClock
12-10 06:07:36.632 1507 2133 W WindowManager: updateScale0.7996942
12-10 06:07:36.634 1507 1568 I sysui_multi_action: [757,803,799,window_time_0,802,3]
12-10 06:07:36.639 1507 1568 I sysui_multi_action: [757,803,799,window_time_2,802,0]
12-10 06:07:36.640 1507 1568 W WindowManager: updateScale0.7996942
12-10 06:07:36.641 1507 1568 W WindowManager: updateScale0.7996942
12-10 06:07:36.643 1507 1568 W WindowManager: updateScale0.7996942
12-10 06:07:36.645 1507 1569 I input_focus: [Focus request 1cd006b com.android.deskclock/com.android.deskclock.DeskClock,reason=UpdateInputWindows]
12-10 06:07:36.647 1507 1736 I input_focus: [Focus leaving 2fb0926 com.thundercomm.screensaver/android.service.dreams.DreamActivity (server),reason=NO_WINDOW]
12-10 06:07:36.647 14020 14020 I view_enqueue_input_event: [Motion - Cancel,com.thundercomm.screensaver/android.service.dreams.DreamActivity]
12-10 06:07:36.653 8492 8527 W ContextImpl: Calling a method in the system process without a qualified user: android.app.ContextImpl.startService:1816 android.content.ContextWrapper.startService:774 com.thundercomm.gamemode.ingame.services.GameModeActionUtils.startGameModeService:99 com.thundercomm.gamemode.ingame.services.GameModeActionUtils.startGameModeEntry:22 com.thundercomm.gamemode.ingame.services.ActivityMonitoringService$1.onActivityLaunch:127
12-10 06:07:36.656 1507 5436 W WindowManager: updateScale0.7996942
12-10 06:07:36.657 1507 1507 I GameModeConfig: Current uri is uri = content://com.thundercomm.gamemode.api/gamemode_settings/gamemode_isgaming
12-10 06:07:36.658 1507 1507 I GameModeConfig: isGameModeOn = true
12-10 06:07:36.658 1507 1507 I GameModeConfig: isGaming = false
12-10 06:07:36.658 1507 1507 I GameModeConfig: isGameModeOn = true
12-10 06:07:36.658 1507 1507 I GameModeConfig: isGaming = false
12-10 06:07:36.658 1507 1507 I GameModeConfig: isDisableVoice = true
12-10 06:07:36.660 13833 13833 I wm_on_restart_called: [160875417,com.android.settings.Settings,performRestartActivity]
12-10 06:07:36.663 1507 1736 I input_focus: [Focus entering 1cd006b com.android.deskclock/com.android.deskclock.DeskClock (server),reason=setFocusedWindow]
12-10 06:07:36.676 8492 8527 W ContextImpl: Calling a method in the system process without a qualified user: android.app.ContextImpl.startService:1816 android.content.ContextWrapper.startService:774 com.thundercomm.gamemode.ingame.services.GameModeActionUtils.startGameModeService:99 com.thundercomm.gamemode.ingame.services.GameModeActionUtils.startGameModeEntry:22 com.thundercomm.gamemode.ingame.services.ActivityMonitoringService$1.onActivityLaunch:127
12-10 06:07:36.678 1507 1593 W BatteryExternalStatsWorker: error reading modem stats:ERROR_PHONE_NOT_AVAILABLE
12-10 06:07:36.683 1507 1507 I GameModeConfig: Current uri is uri = content://com.thundercomm.gamemode.api/gamemode_settings/gamemode_isgaming
12-10 06:07:36.687 1507 1507 I GameModeConfig: isGameModeOn = true
12-10 06:07:36.687 1507 1507 I GameModeConfig: isGaming = false
12-10 06:07:36.688 1507 1507 I GameModeConfig: isGameModeOn = true
12-10 06:07:36.688 1507 1507 I GameModeConfig: isGaming = false
12-10 06:07:36.688 1507 1507 I GameModeConfig: isDisableVoice = true
12-10 06:07:36.692 13833 13833 I wm_on_start_called: [160875417,com.android.settings.Settings,handleStartActivity]
12-10 06:07:36.693 13833 13833 I snet_event_log: [120484087,-1,]
12-10 06:07:36.694 13833 13833 I wm_on_resume_called: [160875417,com.android.settings.Settings,RESUME_ACTIVITY]
12-10 06:07:36.695 13833 13833 I sysui_multi_action: [757,35,758,1,833,0,1089,0]
12-10 06:07:36.703 1507 1736 I input_interaction: Interaction with: edge-swipe (server), swipe-up (server), PointerEventDispatcher0 (server),
12-10 06:07:36.706 13833 13833 I sysui_multi_action: [757,746,758,1,833,0,1089,0]
12-10 06:07:36.706 1507 1593 E KernelCpuSpeedReader: Failed to read cpu-freq: /sys/devices/system/cpu/cpu4/cpufreq/stats/time_in_state: open failed: ENOENT (No such file or directory)
12-10 06:07:36.707 1507 1593 E KernelCpuSpeedReader: Failed to read cpu-freq: /sys/devices/system/cpu/cpu0/cpufreq/stats/time_in_state: open failed: ENOENT (No such file or directory)
12-10 06:07:36.707 1507 9362 D TelephonyRegistry: listen oscl: mHasNotifySubscriptionInfoChangedOccurred==false no callback
12-10 06:07:36.707 567 567 I auditd : type=1400 audit(0.0:17451): avc: denied { read } for comm="Binder:567_2" name="wakeup58" dev="sysfs" ino=71584 scontext=u:r:system_suspend:s0 tcontext=u:object_r:sysfs:s0 tclass=dir permissive=0
12-10 06:07:36.710 1507 9362 D TelephonyRegistry: listen oscl: mHasNotifySubscriptionInfoChangedOccurred==false no callback
12-10 06:07:36.707 567 567 I auditd : type=1400 audit(0.0:17452): avc: denied { read } for comm="Binder:567_2" name="wakeup48" dev="sysfs" ino=67173 scontext=u:r:system_suspend:s0 tcontext=u:object_r:sysfs:s0 tclass=dir permissive=0
12-10 06:07:36.707 567 567 I auditd : type=1400 audit(0.0:17453): avc: denied { read } for comm="Binder:567_2" name="wakeup4" dev="sysfs" ino=47032 scontext=u:r:system_suspend:s0 tcontext=u:object_r:sysfs:s0 tclass=dir permissive=0
12-10 06:07:36.707 567 567 I auditd : type=1400 audit(0.0:17454): avc: denied { read } for comm="Binder:567_2" name="wakeup76" dev="sysfs" ino=76639 scontext=u:r:system_suspend:s0 tcontext=u:object_r:sysfs:s0 tclass=dir permissive=0
12-10 06:07:36.707 567 567 I auditd : type=1400 audit(0.0:17455): avc: denied { read } for comm="Binder:567_2" name="wakeup28" dev="sysfs" ino=53097 scontext=u:r:system_suspend:s0 tcontext=u:object_r:sysfs:s0 tclass=dir permissive=0
12-10 06:07:36.707 567 567 I auditd : type=1400 audit(0.0:17456): avc: denied { read } for comm="Binder:567_2" name="wakeup56" dev="sysfs" ino=71512 scontext=u:r:system_suspend:s0 tcontext=u:object_r:sysfs:s0 tclass=dir permissive=0
12-10 06:07:36.728 1507 6251 W WindowManager: updateScale0.7996942
12-10 06:07:36.740 1507 1593 W BatteryExternalStatsWorker: error reading modem stats:ERROR_PHONE_NOT_AVAILABLE
12-10 06:07:36.743 8492 8527 W ContextImpl: Calling a method in the system process without a qualified user: android.app.ContextImpl.startService:1816 android.content.ContextWrapper.startService:774 com.thundercomm.gamemode.ingame.services.GameModeActionUtils.startGameModeService:99 com.thundercomm.gamemode.ingame.services.GameModeActionUtils.startGameModeEntry:22 com.thundercomm.gamemode.ingame.services.ActivityMonitoringService$1.onActivityLaunch:127
12-10 06:07:36.748 1507 1507 I GameModeConfig: Current uri is uri = content://com.thundercomm.gamemode.api/gamemode_settings/gamemode_isgaming
12-10 06:07:36.749 1507 1613 I PowerManagerService: Powering on display group fromDreaming (groupId=0, uid=1000, reason=WAKE_REASON_UNKNOWN, details=android.server.power:DREAM_FINISHED)...
12-10 06:07:36.749 1507 1613 I PowerManagerService: Waking up from Dreaming (uid=1000, reason=WAKE_REASON_UNKNOWN, details=android.server.power:DREAM_FINISHED)...
12-10 06:07:36.752 1507 1507 I GameModeConfig: isGameModeOn = true
12-10 06:07:36.752 1507 1507 I GameModeConfig: isGaming = false
12-10 06:07:36.752 1507 1507 I GameModeConfig: isGameModeOn = true
12-10 06:07:36.752 1507 1507 I GameModeConfig: isGaming = false
12-10 06:07:36.752 1507 1507 I GameModeConfig: isDisableVoice = true
12-10 06:07:36.753 1507 1569 W WindowManager: updateScale0.7996942
12-10 06:07:36.755 1507 1569 W WindowManager: updateScale0.7996942
12-10 06:07:36.756 1507 1569 W WindowManager: updateScale0.7996942
12-10 06:07:36.757 1507 1569 W WindowManager: updateScale0.7996942
12-10 06:07:36.758 1507 1593 E KernelCpuSpeedReader: Failed to read cpu-freq: /sys/devices/system/cpu/cpu4/cpufreq/stats/time_in_state: open failed: ENOENT (No such file or directory)
12-10 06:07:36.758 1507 1593 E KernelCpuSpeedReader: Failed to read cpu-freq: /sys/devices/system/cpu/cpu0/cpufreq/stats/time_in_state: open failed: ENOENT (No such file or directory)
12-10 06:07:36.775 1507 11870 I wm_destroy_activity: [0,53551379,130,com.thundercomm.screensaver/android.service.dreams.DreamActivity,finish-idle]
12-10 06:07:36.776 14020 14020 I wm_on_stop_called: [53551379,android.service.dreams.DreamActivity,LIFECYCLER_STOP_ACTIVITY]
12-10 06:07:36.780 14020 14020 I wm_on_destroy_called: [53551379,android.service.dreams.DreamActivity,performDestroy]
12-10 06:07:36.782 1507 11870 I DreamManagerService: Leaving dreamland.
12-10 06:07:36.782 1507 1564 I DreamManagerService: Performing gentle wake from dream.
12-10 06:07:36.782 1507 1564 I DreamController: Stopping dream: name=ComponentInfo{com.thundercomm.screensaver/com.thundercomm.saverclock.service.ClockScreensaver}, isTest=false, canDoze=false, userId=0, reason='finished self'(from 'finished self')
12-10 06:07:36.782 1507 1564 I sysui_multi_action: [757,222,758,2]
12-10 06:07:36.782 1507 1564 I sysui_multi_action: [757,804,799,dreaming_minutes,801,0,802,1]
12-10 06:07:36.790 1507 5859 W WindowManager: updateScale0.7996942
12-10 06:07:37.267 1507 1569 W WindowManager: updateScale0.7996942
12-10 06:07:37.270 1507 1569 W WindowManager: updateScale0.7996942
12-10 06:07:37.272 1507 1569 W WindowManager: updateScale0.7996942
12-10 06:07:37.275 1507 1569 W WindowManager: updateScale0.7996942
12-10 06:07:37.280 1507 1569 I wm_task_removed: [130,removeChild:removeChild last r=ActivityRecord{3312113 u0 com.thundercomm.screensaver/android.service.dreams.DreamActivity t-1 f}} in t=Task{d600944 #130 type=dream A=10052:android:com.thundercomm.screensaver/dream U=0 visible=false mode=fullscreen translucent=true sz=0}]
12-10 06:07:37.280 1507 1569 I wm_task_removed: [130,removeChild]
12-10 06:07:37.282 1507 1569 W ActivityTaskManager: Can't find TaskDisplayArea to determine support for multi window. Task id=130 attached=false
12-10 06:07:38.155 0 0 I auditd : type=1400 audit(0.0:17550): avc: denied { kill } for comm="swapper/2" capability=5 scontext=u:r:kernel:s0 tcontext=u:r:kernel:s0 tclass=capability permissive=0
12-10 06:07:39.155 0 0 I auditd : type=1400 audit(0.0:17551): avc: denied { kill } for comm="swapper/2" capability=5 scontext=u:r:kernel:s0 tcontext=u:r:kernel:s0 tclass=capability permissive=0
12-10 06:07:39.632 1507 2719 E TaskPersister: File error accessing recents directory (directory doesn't exist?).
12-10 06:07:40.155 0 0 I auditd : type=1400 audit(0.0:17552): avc: denied { kill } for comm="swapper/2" capability=5 scontext=u:r:kernel:s0 tcontext=u:r:kernel:s0 tclass=capability permissive=0
12-10 06:07:41.155 0 0 I auditd : type=1400 audit(0.0:17553): avc: denied { kill } for comm="swapper/2" capability=5 scontext=u:r:kernel:s0 tcontext=u:r:kernel:s0 tclass=capability permissive=0
12-10 06:07:42.155 0 0 I auditd : type=1400 audit(0.0:17554): avc: denied { kill } for comm="swapper/2" capability=5 scontext=u:r:kernel:s0 tcontext=u:r:kernel:s0 tclass=capability permissive=0
12-10 06:07:43.155 0 0 I auditd : type=1400 audit(0.0:17555): avc: denied { kill } for comm="swapper/2" capability=5 scontext=u:r:kernel:s0 tcontext=u:r:kernel:s0 tclass=capability permissive=0
12-10 06:07:43.329 1507 1909 I GameModeConfig: isGameModeOn = true
12-10 06:07:43.329 1507 1909 I GameModeConfig: isGaming = false
12-10 06:07:44.155 0 0 I auditd : type=1400 audit(0.0:17556): avc: denied { kill } for comm="swapper/2" capability=5 scontext=u:r:kernel:s0 tcontext=u:r:kernel:s0 tclass=capability permissive=0
12-10 06:07:45.155 0 0 I auditd : type=1400 audit(0.0:17557): avc: denied { kill } for comm="swapper/2" capability=5 scontext=u:r:kernel:s0 tcontext=u:r:kernel:s0 tclass=capability permissive=0
12-10 06:07:46.155 0 0 I auditd : type=1400 audit(0.0:17558): avc: denied { kill } for comm="swapper/2" capability=5 scontext=u:r:kernel:s0 tcontext=u:r:kernel:s0 tclass=capability permissive=0
12-10 06:07:47.155 0 0 I auditd : type=1400 audit(0.0:17559): avc: denied { kill } for comm="swapper/2" capability=5 scontext=u:r:kernel:s0 tcontext=u:r:kernel:s0 tclass=capability permissive=0
12-10 06:07:48.155 0 0 I auditd : type=1400 audit(0.0:17560): avc: denied { kill } for comm="swapper/2" capability=5 scontext=u:r:kernel:s0 tcontext=u:r:kernel:s0 tclass=capability permissive=0
12-10 06:07:48.776 1351 9974 I liblog : 172
12-10 06:07:49.155 0 0 I auditd : type=1400 audit(0.0:17561): avc: denied { kill } for comm="swapper/2" capability=5 scontext=u:r:kernel:s0 tcontext=u:r:kernel:s0 tclass=capability permissive=0
12-10 06:07:50.155 0 0 I auditd : type=1400 audit(0.0:17562): avc: denied { kill } for comm="swapper/2" capability=5 scontext=u:r:kernel:s0 tcontext=u:r:kernel:s0 tclass=capability permissive=0
12-10 06:07:51.155 0 0 I auditd : type=1400 audit(0.0:17563): avc: denied { kill } for comm="swapper/2" capability=5 scontext=u:r:kernel:s0 tcontext=u:r:kernel:s0 tclass=capability permissive=0
12-10 06:07:52.155 0 0 I auditd : type=1400 audit(0.0:17564): avc: denied { kill } for comm="swapper/2" capability=5 scontext=u:r:kernel:s0 tcontext=u:r:kernel:s0 tclass=capability permissive=0
12-10 06:07:53.155 0 0 I auditd : type=1400 audit(0.0:17565): avc: denied { kill } for comm="swapper/2" capability=5 scontext=u:r:kernel:s0 tcontext=u:r:kernel:s0 tclass=capability permissive=0
12-10 06:07:54.155 0 0 I auditd : type=1400 audit(0.0:17566): avc: denied { kill } for comm="swapper/2" capability=5 scontext=u:r:kernel:s0 tcontext=u:r:kernel:s0 tclass=capability permissive=0
12-10 06:07:55.155 0 0 I auditd : type=1400 audit(0.0:17567): avc: denied { kill } for comm="swapper/2" capability=5 scontext=u:r:kernel:s0 tcontext=u:r:kernel:s0 tclass=capability permissive=0
12-10 06:07:56.155 0 0 I auditd : type=1400 audit(0.0:17568): avc: denied { kill } for comm="swapper/2" capability=5 scontext=u:r:kernel:s0 tcontext=u:r:kernel:s0 tclass=capability permissive=0
12-10 06:07:57.155 0 0 I auditd : type=1400 audit(0.0:17569): avc: denied { kill } for comm="swapper/2" capability=5 scontext=u:r:kernel:s0 tcontext=u:r:kernel:s0 tclass=capability permissive=0
12-10 06:07:58.155 0 0 I auditd : type=1400 audit(0.0:17570): avc: denied { kill } for comm="swapper/2" capability=5 scontext=u:r:kernel:s0 tcontext=u:r:kernel:s0 tclass=capability permissive=0
12-10 06:07:59.155 0 0 I auditd : type=1400 audit(0.0:17571): avc: denied { kill } for comm="swapper/2" capability=5 scontext=u:r:kernel:s0 tcontext=u:r:kernel:s0 tclass=capability permissive=0
12-10 06:08:00.155 0 0 I auditd : type=1400 audit(0.0:17572): avc: denied { kill } for comm="swapper/2" capability=5 scontext=u:r:kernel:s0 tcontext=u:r:kernel:s0 tclass=capability permissive=0
12-10 06:08:01.155 0 0 I auditd : type=1400 audit(0.0:17573): avc: denied { kill } for comm="swapper/2" capability=5 scontext=u:r:kernel:s0 tcontext=u:r:kernel:s0 tclass=capability permissive=0
12-10 06:08:02.155 0 0 I auditd : type=1400 audit(0.0:17574): avc: denied { kill } for comm="swapper/2" capability=5 scontext=u:r:kernel:s0 tcontext=u:r:kernel:s0 tclass=capability permissive=0
12-10 06:08:03.155 0 0 I auditd : type=1400 audit(0.0:17575): avc: denied { kill } for comm="swapper/2" capability=5 scontext=u:r:kernel:s0 tcontext=u:r:kernel:s0 tclass=capability permissive=0
12-10 06:08:04.155 0 0 I auditd : type=1400 audit(0.0:17576): avc: denied { kill } for comm="swapper/2" capability=5 scontext=u:r:kernel:s0 tcontext=u:r:kernel:s0 tclass=capability permissive=0
12-10 06:08:05.155 0 0 I auditd : type=1400 audit(0.0:17577): avc: denied { kill } for comm="swapper/2" capability=5 scontext=u:r:kernel:s0 tcontext=u:r:kernel:s0 tclass=capability permissive=0
12-10 06:08:06.155 0 0 I auditd : type=1400 audit(0.0:17578): avc: denied { kill } for comm="swapper/2" capability=5 scontext=u:r:kernel:s0 tcontext=u:r:kernel:s0 tclass=capability permissive=0
12-10 06:08:07.155 0 0 I auditd : type=1400 audit(0.0:17579): avc: denied { kill } for comm="swapper/2" capability=5 scontext=u:r:kernel:s0 tcontext=u:r:kernel:s0 tclass=capability permissive=0
12-10 06:08:08.155 0 0 I auditd : type=1400 audit(0.0:17580): avc: denied { kill } for comm="swapper/2" capability=5 scontext=u:r:kernel:s0 tcontext=u:r:kernel:s0 tclass=capability permissive=0
12-10 06:08:10.155 0 0 I auditd : type=1400 audit(0.0:17581): avc: denied { kill } for comm="swapper/0" capability=5 scontext=u:r:kernel:s0 tcontext=u:r:kernel:s0 tclass=capability permissive=0
12-10 06:08:11.155 0 0 I auditd : type=1400 audit(0.0:17582): avc: denied { kill } for comm="swapper/0" capability=5 scontext=u:r:kernel:s0 tcontext=u:r:kernel:s0 tclass=capability permissive=0
12-10 06:08:12.155 0 0 I auditd : type=1400 audit(0.0:17583): avc: denied { kill } for comm="swapper/0" capability=5 scontext=u:r:kernel:s0 tcontext=u:r:kernel:s0 tclass=capability permissive=0
12-10 06:08:13.155 0 0 I auditd : type=1400 audit(0.0:17584): avc: denied { kill } for comm="swapper/0" capability=5 scontext=u:r:kernel:s0 tcontext=u:r:kernel:s0 tclass=capability permissive=0
12-10 06:08:14.155 13024 13024 I auditd : type=1400 audit(0.0:17585): avc: denied { kill } for comm="kworker/u17:6" capability=5 scontext=u:r:kernel:s0 tcontext=u:r:kernel:s0 tclass=capability permissive=0
12-10 06:08:15.155 0 0 I auditd : type=1400 audit(0.0:17586): avc: denied { kill } for comm="swapper/0" capability=5 scontext=u:r:kernel:s0 tcontext=u:r:kernel:s0 tclass=capability permissive=0
12-10 06:08:16.155 0 0 I auditd : type=1400 audit(0.0:17587): avc: denied { kill } for comm="swapper/2" capability=5 scontext=u:r:kernel:s0 tcontext=u:r:kernel:s0 tclass=capability permissive=0
12-10 06:08:17.155 0 0 I auditd : type=1400 audit(0.0:17588): avc: denied { kill } for comm="swapper/2" capability=5 scontext=u:r:kernel:s0 tcontext=u:r:kernel:s0 tclass=capability permissive=0
12-10 06:08:18.155 0 0 I auditd : type=1400 audit(0.0:17589): avc: denied { kill } for comm="swapper/2" capability=5 scontext=u:r:kernel:s0 tcontext=u:r:kernel:s0 tclass=capability permissive=0
12-10 06:08:19.113 13833 13833 I service_manager_stats: [100,91,16148116]
12-10 06:08:19.155 0 0 I auditd : type=1400 audit(0.0:17590): avc: denied { kill } for comm="swapper/2" capability=5 scontext=u:r:kernel:s0 tcontext=u:r:kernel:s0 tclass=capability permissive=0
12-10 06:08:20.155 0 0 I auditd : type=1400 audit(0.0:17591): avc: denied { kill } for comm="swapper/2" capability=5 scontext=u:r:kernel:s0 tcontext=u:r:kernel:s0 tclass=capability permissive=0
