12-10 06:14:54.253 2004 2004 I sysui_multi_action: [757,0,758,1,759,0,927,3,928,0,1593,0]
12-10 06:14:54.253 2004 2004 I sysui_multi_action: [757,491,758,1,759,491,927,4,928,1,1311,1,1593,0]
12-10 06:14:54.253 2004 2004 I sysui_multi_action: [757,0,758,1,759,0,927,5,928,0,1593,0]
12-10 06:14:54.253 2004 2004 I sysui_multi_action: [757,111,758,1]
12-10 06:14:54.254 2004 2004 I sysui_multi_action: [757,126,758,1,759,126,927,0,928,1,1593,0]
12-10 06:14:54.254 2004 2004 I sysui_multi_action: [757,113,758,1,759,113,927,1,928,1,1593,0]
12-10 06:14:54.254 2004 2004 I sysui_multi_action: [757,0,758,1,759,0,927,2,928,0,1593,0]
12-10 06:14:54.254 2004 2004 I sysui_multi_action: [757,0,758,1,759,0,927,3,928,0,1593,0]
12-10 06:14:54.262 1507 1909 I GameModeConfig: isGameModeOn = true
12-10 06:14:54.262 1507 1909 I GameModeConfig: isGaming = false
12-10 06:14:54.262 1507 1909 I GameModeConfig: isGameModeOn = true
12-10 06:14:54.262 1507 1909 I GameModeConfig: isGaming = false
12-10 06:14:54.262 1507 1909 I GameModeConfig: isGameModeOn = true
12-10 06:14:54.262 1507 1909 I GameModeConfig: isGaming = false
12-10 06:14:54.263 1507 1909 I GameModeConfig: isGameModeOn = true
12-10 06:14:54.263 1507 1909 I GameModeConfig: isGaming = false
12-10 06:14:54.263 2004 2004 I sysui_multi_action: [757,111,758,2]
12-10 06:14:54.263 1507 1507 I notification_enqueue: [10082,2004,com.android.systemui,2048,NULL,0,Notification(channel=updateNotification shortcut=null contentView=null vibrate=null sound=null defaults=0x0 flags=0x0 color=0x00000000 vis=PRIVATE),1]
12-10 06:14:54.263 2004 2004 I sysui_multi_action: [757,111,758,2]
12-10 06:14:54.267 2004 2004 I sysui_multi_action: [757,111,758,1]
12-10 06:14:54.268 2004 2004 I sysui_multi_action: [757,126,758,1,759,126,927,0,928,1,1593,1]
12-10 06:14:54.268 2004 2004 I sysui_multi_action: [757,113,758,1,759,113,927,1,928,1,1593,1]
12-10 06:14:54.268 2004 2004 I sysui_multi_action: [757,0,758,1,759,0,927,2,928,0,1593,1]
12-10 06:14:54.268 2004 2004 I sysui_multi_action: [757,0,758,1,759,0,927,3,928,0,1593,1]
12-10 06:14:54.268 2004 2004 I sysui_multi_action: [757,491,758,1,759,491,927,4,928,1,1311,1,1593,1]
12-10 06:14:54.268 2004 2004 I sysui_multi_action: [757,0,758,1,759,0,927,5,928,0,1593,1]
12-10 06:14:54.268 2004 2004 I sysui_multi_action: [757,111,758,1]
12-10 06:14:54.269 2004 2004 I sysui_multi_action: [757,126,758,1,759,126,927,0,928,1,1593,1]
12-10 06:14:54.269 2004 2004 I sysui_multi_action: [757,113,758,1,759,113,927,1,928,1,1593,1]
12-10 06:14:54.269 2004 2004 I sysui_multi_action: [757,0,758,1,759,0,927,2,928,0,1593,1]
12-10 06:14:54.269 2004 2004 I sysui_multi_action: [757,0,758,1,759,0,927,3,928,0,1593,1]
12-10 06:14:54.278 1507 1909 I GameModeConfig: isGameModeOn = true
12-10 06:14:54.278 1507 1909 I GameModeConfig: isGaming = false
12-10 06:14:54.278 1507 1909 I GameModeConfig: isGameModeOn = true
12-10 06:14:54.278 1507 1909 I GameModeConfig: isGaming = false
12-10 06:14:54.278 1507 1909 I GameModeConfig: isGameModeOn = true
12-10 06:14:54.278 1507 1909 I GameModeConfig: isGaming = false
12-10 06:14:54.279 1507 1909 I GameModeConfig: isGameModeOn = true
12-10 06:14:54.279 1507 1909 I GameModeConfig: isGaming = false
12-10 06:14:54.279 2004 2004 I sysui_multi_action: [757,111,758,2]
12-10 06:14:54.279 2004 2004 I sysui_multi_action: [757,111,758,2]
12-10 06:14:54.279 1507 1507 I notification_enqueue: [10082,2004,com.android.systemui,2048,NULL,0,Notification(channel=updateNotification shortcut=null contentView=null vibrate=null sound=null defaults=0x0 flags=0x0 color=0x00000000 vis=PRIVATE),1]
12-10 06:14:54.282 2004 2004 I sysui_multi_action: [757,111,758,1]
12-10 06:14:54.282 2004 2004 I sysui_multi_action: [757,126,758,1,759,126,927,0,928,1,1593,1]
12-10 06:14:54.282 2004 2004 I sysui_multi_action: [757,113,758,1,759,113,927,1,928,1,1593,1]
12-10 06:14:54.282 2004 2004 I sysui_multi_action: [757,0,758,1,759,0,927,2,928,0,1593,1]
12-10 06:14:54.282 2004 2004 I sysui_multi_action: [757,0,758,1,759,0,927,3,928,0,1593,1]
12-10 06:14:54.282 2004 2004 I sysui_multi_action: [757,491,758,1,759,491,927,4,928,1,1311,1,1593,1]
12-10 06:14:54.282 2004 2004 I sysui_multi_action: [757,0,758,1,759,0,927,5,928,0,1593,1]
12-10 06:14:54.283 2004 2004 I sysui_multi_action: [757,111,758,1]
12-10 06:14:54.283 2004 2004 I sysui_multi_action: [757,126,758,1,759,126,927,0,928,1,1593,1]
12-10 06:14:54.283 2004 2004 I sysui_multi_action: [757,113,758,1,759,113,927,1,928,1,1593,1]
12-10 06:14:54.283 2004 2004 I sysui_multi_action: [757,0,758,1,759,0,927,2,928,0,1593,1]
12-10 06:14:54.283 2004 2004 I sysui_multi_action: [757,0,758,1,759,0,927,3,928,0,1593,1]
12-10 06:14:54.295 1507 1909 I GameModeConfig: isGameModeOn = true
12-10 06:14:54.295 1507 1909 I GameModeConfig: isGaming = false
12-10 06:14:54.295 1507 1909 I GameModeConfig: isGameModeOn = true
12-10 06:14:54.295 1507 1909 I GameModeConfig: isGaming = false
12-10 06:14:54.295 1507 1909 I GameModeConfig: isGameModeOn = true
12-10 06:14:54.295 1507 1909 I GameModeConfig: isGaming = false
12-10 06:14:54.295 1507 1909 I GameModeConfig: isGameModeOn = true
12-10 06:14:54.295 1507 1909 I GameModeConfig: isGaming = false
12-10 06:14:54.296 2004 2004 I sysui_multi_action: [757,111,758,2]
12-10 06:14:54.296 1507 1507 I notification_enqueue: [10082,2004,com.android.systemui,2048,NULL,0,Notification(channel=updateNotification shortcut=null contentView=null vibrate=null sound=null defaults=0x0 flags=0x0 color=0x00000000 vis=PRIVATE),1]
12-10 06:14:54.296 2004 2004 I sysui_multi_action: [757,111,758,2]
12-10 06:14:54.299 2004 2004 I sysui_multi_action: [757,111,758,1]
12-10 06:14:54.299 2004 2004 I sysui_multi_action: [757,126,758,1,759,126,927,0,928,1,1593,1]
12-10 06:14:54.299 2004 2004 I sysui_multi_action: [757,113,758,1,759,113,927,1,928,1,1593,1]
12-10 06:14:54.299 2004 2004 I sysui_multi_action: [757,0,758,1,759,0,927,2,928,0,1593,1]
12-10 06:14:54.299 2004 2004 I sysui_multi_action: [757,0,758,1,759,0,927,3,928,0,1593,1]
12-10 06:14:54.299 2004 2004 I sysui_multi_action: [757,491,758,1,759,491,927,4,928,1,1311,1,1593,1]
12-10 06:14:54.299 2004 2004 I sysui_multi_action: [757,0,758,1,759,0,927,5,928,0,1593,1]
12-10 06:14:54.300 2004 2004 I sysui_multi_action: [757,111,758,1]
12-10 06:14:54.300 2004 2004 I sysui_multi_action: [757,126,758,1,759,126,927,0,928,1,1593,1]
12-10 06:14:54.300 2004 2004 I sysui_multi_action: [757,113,758,1,759,113,927,1,928,1,1593,1]
12-10 06:14:54.300 2004 2004 I sysui_multi_action: [757,0,758,1,759,0,927,2,928,0,1593,1]
12-10 06:14:54.300 2004 2004 I sysui_multi_action: [757,0,758,1,759,0,927,3,928,0,1593,1]
12-10 06:14:54.319 1507 1909 I GameModeConfig: isGameModeOn = true
12-10 06:14:54.320 1507 1909 I GameModeConfig: isGaming = false
12-10 06:14:54.320 1507 1909 I GameModeConfig: isGameModeOn = true
12-10 06:14:54.320 1507 1909 I GameModeConfig: isGaming = false
12-10 06:14:54.320 1507 1909 I GameModeConfig: isGameModeOn = true
12-10 06:14:54.320 1507 1909 I GameModeConfig: isGaming = false
12-10 06:14:54.320 1507 1909 I GameModeConfig: isGameModeOn = true
12-10 06:14:54.320 1507 1909 I GameModeConfig: isGaming = false
12-10 06:14:54.321 2004 2004 I sysui_multi_action: [757,111,758,2]
12-10 06:14:54.321 2004 2004 I sysui_multi_action: [757,111,758,2]
12-10 06:14:54.322 1507 1507 I notification_enqueue: [10082,2004,com.android.systemui,2048,NULL,0,Notification(channel=updateNotification shortcut=null contentView=null vibrate=null sound=null defaults=0x0 flags=0x0 color=0x00000000 vis=PRIVATE),1]
12-10 06:14:54.329 2004 2004 I sysui_multi_action: [757,111,758,1]
12-10 06:14:54.329 2004 2004 I sysui_multi_action: [757,126,758,1,759,126,927,0,928,1,1593,1]
12-10 06:14:54.329 2004 2004 I sysui_multi_action: [757,113,758,1,759,113,927,1,928,1,1593,1]
12-10 06:14:54.329 2004 2004 I sysui_multi_action: [757,0,758,1,759,0,927,2,928,0,1593,1]
12-10 06:14:54.329 2004 2004 I sysui_multi_action: [757,0,758,1,759,0,927,3,928,0,1593,1]
12-10 06:14:54.329 2004 2004 I sysui_multi_action: [757,491,758,1,759,491,927,4,928,1,1311,1,1593,0]
12-10 06:14:54.329 2004 2004 I sysui_multi_action: [757,0,758,1,759,0,927,5,928,0,1593,0]
12-10 06:14:54.329 2004 2004 I sysui_multi_action: [757,111,758,1]
12-10 06:14:54.329 2004 2004 I sysui_multi_action: [757,126,758,1,759,126,927,0,928,1,1593,1]
12-10 06:14:54.330 2004 2004 I sysui_multi_action: [757,113,758,1,759,113,927,1,928,1,1593,1]
12-10 06:14:54.330 2004 2004 I sysui_multi_action: [757,0,758,1,759,0,927,2,928,0,1593,1]
12-10 06:14:54.330 2004 2004 I sysui_multi_action: [757,0,758,1,759,0,927,3,928,0,1593,1]
12-10 06:14:54.345 1507 1909 I GameModeConfig: isGameModeOn = true
12-10 06:14:54.345 1507 1909 I GameModeConfig: isGaming = false
12-10 06:14:54.345 1507 1909 I GameModeConfig: isGameModeOn = true
12-10 06:14:54.345 1507 1909 I GameModeConfig: isGaming = false
12-10 06:14:54.345 1507 1909 I GameModeConfig: isGameModeOn = true
12-10 06:14:54.345 1507 1909 I GameModeConfig: isGaming = false
12-10 06:14:54.345 1507 1909 I GameModeConfig: isGameModeOn = true
12-10 06:14:54.345 1507 1909 I GameModeConfig: isGaming = false
12-10 06:14:54.346 2004 2004 I sysui_multi_action: [757,111,758,2]
12-10 06:14:54.346 2004 2004 I sysui_multi_action: [757,111,758,2]
12-10 06:14:54.347 1507 1507 I notification_enqueue: [10082,2004,com.android.systemui,2048,NULL,0,Notification(channel=updateNotification shortcut=null contentView=null vibrate=null sound=null defaults=0x0 flags=0x0 color=0x00000000 vis=PRIVATE),1]
12-10 06:14:54.350 2004 2004 I sysui_multi_action: [757,111,758,1]
12-10 06:14:54.350 2004 2004 I sysui_multi_action: [757,126,758,1,759,126,927,0,928,1,1593,1]
12-10 06:14:54.350 2004 2004 I sysui_multi_action: [757,113,758,1,759,113,927,1,928,1,1593,1]
12-10 06:14:54.350 2004 2004 I sysui_multi_action: [757,0,758,1,759,0,927,2,928,0,1593,1]
12-10 06:14:54.350 2004 2004 I sysui_multi_action: [757,0,758,1,759,0,927,3,928,0,1593,1]
12-10 06:14:54.350 2004 2004 I sysui_multi_action: [757,491,758,1,759,491,927,4,928,1,1311,1,1593,0]
12-10 06:14:54.350 2004 2004 I sysui_multi_action: [757,0,758,1,759,0,927,5,928,0,1593,0]
12-10 06:14:54.350 2004 2004 I sysui_multi_action: [757,111,758,1]
12-10 06:14:54.350 2004 2004 I sysui_multi_action: [757,126,758,1,759,126,927,0,928,1,1593,1]
12-10 06:14:54.350 2004 2004 I sysui_multi_action: [757,113,758,1,759,113,927,1,928,1,1593,1]
12-10 06:14:54.351 2004 2004 I sysui_multi_action: [757,0,758,1,759,0,927,2,928,0,1593,1]
12-10 06:14:54.351 2004 2004 I sysui_multi_action: [757,0,758,1,759,0,927,3,928,0,1593,1]
12-10 06:14:54.361 1507 1909 I GameModeConfig: isGameModeOn = true
12-10 06:14:54.361 1507 1909 I GameModeConfig: isGaming = false
12-10 06:14:54.362 1507 1909 I GameModeConfig: isGameModeOn = true
12-10 06:14:54.362 1507 1909 I GameModeConfig: isGaming = false
12-10 06:14:54.362 1507 1909 I GameModeConfig: isGameModeOn = true
12-10 06:14:54.362 1507 1909 I GameModeConfig: isGaming = false
12-10 06:14:54.362 1507 1909 I GameModeConfig: isGameModeOn = true
12-10 06:14:54.362 1507 1909 I GameModeConfig: isGaming = false
12-10 06:14:54.363 2004 2004 I sysui_multi_action: [757,111,758,2]
12-10 06:14:54.363 1507 1507 I notification_enqueue: [10082,2004,com.android.systemui,2048,NULL,0,Notification(channel=updateNotification shortcut=null contentView=null vibrate=null sound=null defaults=0x0 flags=0x0 color=0x00000000 vis=PRIVATE),1]
12-10 06:14:54.363 2004 2004 I sysui_multi_action: [757,111,758,2]
12-10 06:14:54.366 2004 2004 I sysui_multi_action: [757,111,758,1]
12-10 06:14:54.366 2004 2004 I sysui_multi_action: [757,126,758,1,759,126,927,0,928,1,1593,1]
12-10 06:14:54.366 2004 2004 I sysui_multi_action: [757,113,758,1,759,113,927,1,928,1,1593,1]
12-10 06:14:54.366 2004 2004 I sysui_multi_action: [757,0,758,1,759,0,927,2,928,0,1593,1]
12-10 06:14:54.367 2004 2004 I sysui_multi_action: [757,0,758,1,759,0,927,3,928,0,1593,1]
12-10 06:14:54.367 2004 2004 I sysui_multi_action: [757,491,758,1,759,491,927,4,928,1,1311,1,1593,0]
12-10 06:14:54.367 2004 2004 I sysui_multi_action: [757,0,758,1,759,0,927,5,928,0,1593,0]
12-10 06:14:54.367 2004 2004 I sysui_multi_action: [757,111,758,1]
12-10 06:14:54.367 2004 2004 I sysui_multi_action: [757,126,758,1,759,126,927,0,928,1,1593,1]
12-10 06:14:54.367 2004 2004 I sysui_multi_action: [757,113,758,1,759,113,927,1,928,1,1593,1]
12-10 06:14:54.367 2004 2004 I sysui_multi_action: [757,0,758,1,759,0,927,2,928,0,1593,1]
12-10 06:14:54.367 2004 2004 I sysui_multi_action: [757,0,758,1,759,0,927,3,928,0,1593,1]
12-10 06:14:54.378 1507 1909 I GameModeConfig: isGameModeOn = true
12-10 06:14:54.378 1507 1909 I GameModeConfig: isGaming = false
12-10 06:14:54.379 1507 1909 I GameModeConfig: isGameModeOn = true
12-10 06:14:54.379 1507 1909 I GameModeConfig: isGaming = false
12-10 06:14:54.379 1507 1909 I GameModeConfig: isGameModeOn = true
12-10 06:14:54.379 1507 1909 I GameModeConfig: isGaming = false
12-10 06:14:54.379 1507 1909 I GameModeConfig: isGameModeOn = true
12-10 06:14:54.379 1507 1909 I GameModeConfig: isGaming = false
12-10 06:14:54.380 2004 2004 I sysui_multi_action: [757,111,758,2]
12-10 06:14:54.380 2004 2004 I sysui_multi_action: [757,111,758,2]
12-10 06:14:54.380 1507 1507 I notification_enqueue: [10082,2004,com.android.systemui,2048,NULL,0,Notification(channel=updateNotification shortcut=null contentView=null vibrate=null sound=null defaults=0x0 flags=0x0 color=0x00000000 vis=PRIVATE),1]
12-10 06:14:54.383 2004 2004 I sysui_multi_action: [757,111,758,1]
12-10 06:14:54.383 2004 2004 I sysui_multi_action: [757,126,758,1,759,126,927,0,928,1,1593,1]
12-10 06:14:54.383 2004 2004 I sysui_multi_action: [757,113,758,1,759,113,927,1,928,1,1593,1]
12-10 06:14:54.383 2004 2004 I sysui_multi_action: [757,0,758,1,759,0,927,2,928,0,1593,1]
12-10 06:14:54.383 2004 2004 I sysui_multi_action: [757,0,758,1,759,0,927,3,928,0,1593,1]
12-10 06:14:54.383 2004 2004 I sysui_multi_action: [757,491,758,1,759,491,927,4,928,1,1311,1,1593,0]
12-10 06:14:54.383 2004 2004 I sysui_multi_action: [757,0,758,1,759,0,927,5,928,0,1593,0]
12-10 06:14:54.383 2004 2004 I sysui_multi_action: [757,111,758,1]
12-10 06:14:54.383 2004 2004 I sysui_multi_action: [757,126,758,1,759,126,927,0,928,1,1593,1]
12-10 06:14:54.384 2004 2004 I sysui_multi_action: [757,113,758,1,759,113,927,1,928,1,1593,1]
12-10 06:14:54.384 2004 2004 I sysui_multi_action: [757,0,758,1,759,0,927,2,928,0,1593,1]
12-10 06:14:54.384 2004 2004 I sysui_multi_action: [757,0,758,1,759,0,927,3,928,0,1593,1]
12-10 06:14:54.394 1507 1909 I GameModeConfig: isGameModeOn = true
12-10 06:14:54.394 1507 1909 I GameModeConfig: isGaming = false
12-10 06:14:54.395 1507 1909 I GameModeConfig: isGameModeOn = true
12-10 06:14:54.395 1507 1909 I GameModeConfig: isGaming = false
12-10 06:14:54.395 1507 1909 I GameModeConfig: isGameModeOn = true
12-10 06:14:54.395 1507 1909 I GameModeConfig: isGaming = false
12-10 06:14:54.395 1507 1909 I GameModeConfig: isGameModeOn = true
12-10 06:14:54.395 1507 1909 I GameModeConfig: isGaming = false
12-10 06:14:54.396 2004 2004 I sysui_multi_action: [757,111,758,2]
12-10 06:14:54.396 2004 2004 I sysui_multi_action: [757,111,758,2]
12-10 06:14:54.396 1507 1507 I notification_enqueue: [10082,2004,com.android.systemui,2048,NULL,0,Notification(channel=updateNotification shortcut=null contentView=null vibrate=null sound=null defaults=0x0 flags=0x0 color=0x00000000 vis=PRIVATE),1]
12-10 06:14:54.399 2004 2004 I sysui_multi_action: [757,111,758,1]
12-10 06:14:54.399 2004 2004 I sysui_multi_action: [757,126,758,1,759,126,927,0,928,1,1593,1]
12-10 06:14:54.399 2004 2004 I sysui_multi_action: [757,113,758,1,759,113,927,1,928,1,1593,1]
12-10 06:14:54.399 2004 2004 I sysui_multi_action: [757,0,758,1,759,0,927,2,928,0,1593,1]
12-10 06:14:54.399 2004 2004 I sysui_multi_action: [757,0,758,1,759,0,927,3,928,0,1593,1]
12-10 06:14:54.399 2004 2004 I sysui_multi_action: [757,491,758,1,759,491,927,4,928,1,1311,1,1593,0]
12-10 06:14:54.399 2004 2004 I sysui_multi_action: [757,0,758,1,759,0,927,5,928,0,1593,0]
12-10 06:14:54.399 2004 2004 I sysui_multi_action: [757,111,758,1]
12-10 06:14:54.399 2004 2004 I sysui_multi_action: [757,126,758,1,759,126,927,0,928,1,1593,1]
12-10 06:14:54.399 2004 2004 I sysui_multi_action: [757,113,758,1,759,113,927,1,928,1,1593,1]
12-10 06:14:54.400 2004 2004 I sysui_multi_action: [757,0,758,1,759,0,927,2,928,0,1593,1]
12-10 06:14:54.400 2004 2004 I sysui_multi_action: [757,0,758,1,759,0,927,3,928,0,1593,1]
12-10 06:14:54.449 1507 1507 I GameModeConfig: isGameModeOn = true
12-10 06:14:54.449 1507 1507 I GameModeConfig: isGaming = false
12-10 06:14:54.465 1507 1507 I GameModeConfig: isGameModeOn = true
12-10 06:14:54.465 1507 1507 I GameModeConfig: isGaming = false
12-10 06:14:54.465 1507 1507 E NotificationService: Muting recently noisy 0|com.android.systemui|2048|null|10082
12-10 06:14:54.481 1507 1507 I GameModeConfig: isGameModeOn = true
12-10 06:14:54.481 1507 1507 I GameModeConfig: isGaming = false
12-10 06:14:54.482 1507 1507 E NotificationService: Muting recently noisy 0|com.android.systemui|2048|null|10082
12-10 06:14:54.498 1507 1507 I GameModeConfig: isGameModeOn = true
12-10 06:14:54.498 1507 1507 I GameModeConfig: isGaming = false
12-10 06:14:54.499 1507 1507 E NotificationService: Muting recently noisy 0|com.android.systemui|2048|null|10082
12-10 06:14:54.524 1507 1507 I GameModeConfig: isGameModeOn = true
12-10 06:14:54.524 1507 1507 I GameModeConfig: isGaming = false
12-10 06:14:54.526 1507 1507 E NotificationService: Muting recently noisy 0|com.android.systemui|2048|null|10082
12-10 06:14:54.549 1507 1507 I GameModeConfig: isGameModeOn = true
12-10 06:14:54.549 1507 1507 I GameModeConfig: isGaming = false
12-10 06:14:54.550 1507 1507 E NotificationService: Muting recently noisy 0|com.android.systemui|2048|null|10082
12-10 06:14:54.566 1507 1507 I GameModeConfig: isGameModeOn = true
12-10 06:14:54.566 1507 1507 I GameModeConfig: isGaming = false
12-10 06:14:54.566 1507 1507 E NotificationService: Muting recently noisy 0|com.android.systemui|2048|null|10082
12-10 06:14:54.582 1507 1507 I GameModeConfig: isGameModeOn = true
12-10 06:14:54.582 1507 1507 I GameModeConfig: isGaming = false
12-10 06:14:54.582 1507 1507 E NotificationService: Muting recently noisy 0|com.android.systemui|2048|null|10082
12-10 06:14:54.599 1507 1507 I GameModeConfig: isGameModeOn = true
12-10 06:14:54.599 1507 1507 I GameModeConfig: isGaming = false
12-10 06:14:54.599 1507 1507 E NotificationService: Muting recently noisy 0|com.android.systemui|2048|null|10082
12-10 06:14:54.718 1507 11870 I sysui_multi_action: [757,128,758,1,793,16531187,794,0,795,16531187,796,26,798,0,806,android,857,DEVELOPER_IMPORTANT,858,4,947,0,1395,2,1500,16530721,1688,1]
12-10 06:14:54.719 1507 11870 I sysui_multi_action: [757,804,799,note_freshness,801,16531187,802,1]
12-10 06:14:54.719 1507 11870 I notification_visibility: [-1|android|26|null|1000,1,16531187,16531187,0,0]
12-10 06:14:54.719 1507 11870 I sysui_multi_action: [757,128,758,1,793,16532086,794,0,795,16532086,796,32,798,1,806,android,857,USB,858,1,947,0,1395,2,1500,16531739,1688,1]
12-10 06:14:54.719 1507 11870 I sysui_multi_action: [757,804,799,note_freshness,801,16532086,802,1]
12-10 06:14:54.719 1507 11870 I notification_visibility: [-1|android|32|null|1000,1,16532086,16532086,0,1]
12-10 06:14:55.155 0 0 I auditd : type=1400 audit(0.0:18092): avc: denied { kill } for comm="swapper/3" capability=5 scontext=u:r:kernel:s0 tcontext=u:r:kernel:s0 tclass=capability permissive=0
12-10 06:14:55.457 1507 1736 I input_interaction: Interaction with: 349ab61 NotificationShade (server), edge-swipe (server), swipe-up (server), PointerEventDispatcher0 (server),
12-10 06:14:55.471 1507 1507 I service_manager_slow: [11,phone]
12-10 06:14:57.019 2004 2004 I sysui_multi_action: [757,407,758,4,759,1]
12-10 06:14:57.783 1507 2157 I ActivityTaskManager: START u0 {act=android.intent.action.MAIN cat=[android.intent.category.LAUNCHER] flg=0x10008000 cmp=com.android.settings/.Settings$UsbDetailsActivity} from uid 1000
12-10 06:14:57.787 1507 2157 I wm_task_created: [138,-1]
12-10 06:14:57.787 1507 2157 W ActivityTaskManager: Can't find TaskDisplayArea to determine support for multi window. Task id=138 attached=false
12-10 06:14:57.790 1507 2157 I wm_task_moved: [138,1,8]
12-10 06:14:57.790 1507 2157 I wm_task_to_front: [0,138]
12-10 06:14:57.790 1507 2157 I wm_create_task: [0,138]
12-10 06:14:57.790 1507 2157 I wm_create_activity: [0,142951560,138,com.android.settings/.Settings$UsbDetailsActivity,android.intent.action.MAIN,NULL,NULL,276856832]
12-10 06:14:57.790 1507 2157 I wm_task_moved: [138,1,8]
12-10 06:14:57.791 2526 2526 I wm_on_top_resumed_lost_called: [142082565,com.android.launcher3.uioverrides.QuickstepLauncher,topStateChangedWhenResumed]
12-10 06:14:57.792 1507 2157 D CompatibilityChangeReporter: Compat change id reported: 168419799; UID 1000; state: DISABLED
12-10 06:14:57.793 1507 2157 I wm_pause_activity: [0,142082565,com.android.launcher3/.uioverrides.QuickstepLauncher,userLeaving=true,pauseBackTasks]
12-10 06:14:57.798 2526 2526 I wm_on_paused_called: [142082565,com.android.launcher3.uioverrides.QuickstepLauncher,performPause]
12-10 06:14:57.798 1507 11870 I sysui_multi_action: [757,128,758,4,793,16535165,794,3079,795,16535165,796,32,798,3,806,android,857,USB,858,1,947,0,1395,2,1500,16534818,1688,1]
12-10 06:14:57.799 1507 11870 I notification_clicked: [-1|android|32|null|1000,16535165,16535165,3079,3,2]
12-10 06:14:57.799 1507 1507 I sysui_multi_action: [757,804,799,note_click_longevity,801,275,802,1]
12-10 06:14:57.801 1507 2157 I ActivityTaskManager: FOREGROUND_APPLICATION_CHANGED to com.android.settings.Settings$UsbDetailsActivity
12-10 06:14:57.802 1507 2157 I ActivityTaskManager: The Process com.android.settings Already Exists in BG. So sending its PID: 14230
12-10 06:14:57.802 1507 2157 W ActivityTaskManager: Tried to set launchTime (0) < mLastActivityLaunchTime (16507623)
12-10 06:14:57.802 1507 2157 I wm_add_to_stopping: [0,142082565,com.android.launcher3/.uioverrides.QuickstepLauncher,makeInvisible]
12-10 06:14:57.804 1507 2157 I wm_restart_activity: [0,142951560,138,com.android.settings/.Settings$UsbDetailsActivity]
12-10 06:14:57.805 1507 2157 I wm_set_resumed_activity: [0,com.android.settings/.Settings$UsbDetailsActivity,minimalResumeActivityLocked]
12-10 06:14:57.830 1507 1568 I sysui_multi_action: [757,803,799,window_time_0,802,27]
12-10 06:14:57.832 8492 8527 W ContextImpl: Calling a method in the system process without a qualified user: android.app.ContextImpl.startService:1816 android.content.ContextWrapper.startService:774 com.thundercomm.gamemode.ingame.services.GameModeActionUtils.startGameModeService:99 com.thundercomm.gamemode.ingame.services.GameModeActionUtils.startGameModeEntry:22 com.thundercomm.gamemode.ingame.services.ActivityMonitoringService$1.onActivityLaunch:127
12-10 06:14:57.839 1507 1507 I GameModeConfig: Current uri is uri = content://com.thundercomm.gamemode.api/gamemode_settings/gamemode_isgaming
12-10 06:14:57.843 1507 1581 I am_pss : [14020,10052,com.thundercomm.screensaver,29114368,24551424,0,143888384,0,19,7]
12-10 06:14:57.843 1507 11870 I ActivityTaskManager: START u0 {act=android.intent.action.MAIN cat=[android.intent.category.LAUNCHER] flg=0x10808000 cmp=com.android.settings/.homepage.SettingsHomepageActivity (has extras)} from uid 1000
12-10 06:14:57.844 1507 11870 I wm_task_moved: [136,1,8]
12-10 06:14:57.844 1507 11870 I wm_task_to_front: [0,136]
12-10 06:14:57.844 1507 11870 I wm_focused_root_task: [0,0,136,138,bringingFoundTaskToFront]
12-10 06:14:57.844 1507 11870 I wm_set_resumed_activity: [0,com.android.settings/.homepage.SettingsHomepageActivity,bringingFoundTaskToFront]
12-10 06:14:57.844 1507 11870 I wm_finish_activity: [0,144311552,136,com.android.settings/.homepage.SettingsHomepageActivity,clear-task-all]
12-10 06:14:57.845 1507 11870 I wm_destroy_activity: [0,144311552,136,com.android.settings/.homepage.SettingsHomepageActivity,finish-imm:finishIfPossible]
12-10 06:14:57.846 1507 11870 I wm_task_moved: [136,1,8]
12-10 06:14:57.846 1507 11870 I wm_create_activity: [0,111661475,136,com.android.settings/.homepage.SettingsHomepageActivity,android.intent.action.MAIN,NULL,NULL,281051136]
12-10 06:14:57.851 1507 11870 I wm_pause_activity: [0,142951560,com.android.settings/.Settings$UsbDetailsActivity,userLeaving=true,pauseBackTasks]
12-10 06:14:57.854 1507 1507 I GameModeConfig: isGameModeOn = true
12-10 06:14:57.855 1507 1507 I GameModeConfig: isGaming = false
12-10 06:14:57.855 1507 1507 I GameModeConfig: isGameModeOn = true
12-10 06:14:57.855 1507 1507 I GameModeConfig: isGaming = false
12-10 06:14:57.855 1507 1507 I GameModeConfig: isDisableVoice = true
12-10 06:14:57.858 1507 11870 I wm_finish_activity: [0,142951560,138,com.android.settings/.Settings$UsbDetailsActivity,app-request]
12-10 06:14:57.859 14230 14230 I wm_on_create_called: [142951560,com.android.settings.Settings$UsbDetailsActivity,performCreate]
12-10 06:14:57.864 14230 14230 I wm_on_destroy_called: [144311552,com.android.settings.homepage.SettingsHomepageActivity,performDestroy]
12-10 06:14:57.868 1507 11870 I wm_add_to_stopping: [0,142951560,com.android.settings/.Settings$UsbDetailsActivity,completeFinishing]
12-10 06:14:57.868 1507 11870 I ActivityTaskManager: FOREGROUND_APPLICATION_CHANGED to com.android.settings.homepage.SettingsHomepageActivity
12-10 06:14:57.868 1507 11870 I ActivityTaskManager: The Process com.android.settings Already Exists in BG. So sending its PID: 14230
12-10 06:14:57.869 1507 11870 W ActivityTaskManager: Tried to set launchTime (0) < mLastActivityLaunchTime (16546807)
12-10 06:14:57.869 1507 11870 I wm_restart_activity: [0,111661475,136,com.android.settings/.homepage.SettingsHomepageActivity]
12-10 06:14:57.870 1507 11870 I wm_set_resumed_activity: [0,com.android.settings/.homepage.SettingsHomepageActivity,minimalResumeActivityLocked]
12-10 06:14:57.875 1507 1568 I wm_destroy_activity: [0,142951560,138,com.android.settings/.Settings$UsbDetailsActivity,finish-imm:idle]
12-10 06:14:57.877 1507 1568 I sysui_multi_action: [757,803,799,window_time_0,802,0]
12-10 06:14:57.878 1507 1581 W UsageStatsService: Unexpected activity event reported! (com.android.settings/com.android.settings.homepage.SettingsHomepageActivity event : 23 instanceId : 81137213)
12-10 06:14:57.887 14230 14230 I wm_on_create_called: [111661475,com.android.settings.homepage.SettingsHomepageActivity,performCreate]
12-10 06:14:57.892 1507 2157 E UserRestrictionsUtils: Unknown restriction queried by uid 1000 (com.android.localtransport et al): null
12-10 06:14:57.893 1507 2157 E UserRestrictionsUtils: Unknown restriction queried by uid 1000 (com.android.localtransport et al): null
12-10 06:14:57.893 1507 2157 E UserRestrictionsUtils: Unknown restriction queried by uid 1000 (com.android.localtransport et al): null
12-10 06:14:57.893 1507 2157 E UserRestrictionsUtils: Unknown restriction queried by uid 1000 (com.android.localtransport et al): null
12-10 06:14:57.893 1507 2157 E UserRestrictionsUtils: Unknown restriction queried by uid 1000 (com.android.localtransport et al): null
12-10 06:14:57.893 1507 2157 E UserRestrictionsUtils: Unknown restriction queried by uid 1000 (com.android.localtransport et al): null
12-10 06:14:57.893 1507 2157 E UserRestrictionsUtils: Unknown restriction queried by uid 1000 (com.android.localtransport et al): null
12-10 06:14:57.894 1507 2157 E UserRestrictionsUtils: Unknown restriction queried by uid 1000 (com.android.localtransport et al): null
12-10 06:14:57.894 1507 2157 E UserRestrictionsUtils: Unknown restriction queried by uid 1000 (com.android.localtransport et al): null
12-10 06:14:57.894 1507 2157 E UserRestrictionsUtils: Unknown restriction queried by uid 1000 (com.android.localtransport et al): null
12-10 06:14:57.894 1507 2157 E UserRestrictionsUtils: Unknown restriction queried by uid 1000 (com.android.localtransport et al): null
12-10 06:14:57.894 1507 2157 E UserRestrictionsUtils: Unknown restriction queried by uid 1000 (com.android.localtransport et al): null
12-10 06:14:57.894 1507 2157 E UserRestrictionsUtils: Unknown restriction queried by uid 1000 (com.android.localtransport et al): null
12-10 06:14:57.895 1507 2157 E UserRestrictionsUtils: Unknown restriction queried by uid 1000 (com.android.localtransport et al): null
12-10 06:14:57.895 1507 2157 E UserRestrictionsUtils: Unknown restriction queried by uid 1000 (com.android.localtransport et al): null
12-10 06:14:57.895 1507 2157 E UserRestrictionsUtils: Unknown restriction queried by uid 1000 (com.android.localtransport et al): null
12-10 06:14:57.895 1507 2157 E UserRestrictionsUtils: Unknown restriction queried by uid 1000 (com.android.localtransport et al): null
12-10 06:14:57.895 1507 2157 E UserRestrictionsUtils: Unknown restriction queried by uid 1000 (com.android.localtransport et al): null
12-10 06:14:57.901 14230 14230 I wm_on_start_called: [111661475,com.android.settings.homepage.SettingsHomepageActivity,handleStartActivity]
12-10 06:14:57.901 14230 14230 I snet_event_log: [120484087,-1,]
12-10 06:14:57.901 14230 14230 I wm_on_resume_called: [111661475,com.android.settings.homepage.SettingsHomepageActivity,RESUME_ACTIVITY]
12-10 06:14:57.901 14230 14230 I sysui_multi_action: [757,35,758,1,833,0,1089,12]
12-10 06:14:57.911 14230 14230 I sysui_multi_action: [757,1729,758,4,854,isParalleledControllers:false,1089,22]
12-10 06:14:57.914 14230 14230 I wm_on_top_resumed_gained_called: [111661475,com.android.settings.homepage.SettingsHomepageActivity,topStateChangedWhenResumed]
12-10 06:14:57.959 14230 14230 I wm_on_destroy_called: [142951560,com.android.settings.Settings$UsbDetailsActivity,performDestroy]
12-10 06:14:57.961 1507 1569 I sysui_multi_action: [324,1,757,1090,758,12,806,com.android.settings,871,com.android.settings.homepage.SettingsHomepageActivity,1091,176]
12-10 06:14:57.967 1507 1564 I sysui_multi_action: [319,177,322,176,325,16546,757,761,758,8,759,2,806,com.android.settings,871,com.android.settings.homepage.SettingsHomepageActivity,904,com.android.settings,905,0,1320,8,1321,5]
12-10 06:14:57.968 1507 2005 I wm_task_removed: [138,removeChild:removeChild last r=ActivityRecord{8854488 u0 com.android.settings/.Settings$UsbDetailsActivity t-1 f}} in t=Task{c5be4ff #138 type=standard A=1000:com.android.settings U=0 visible=false mode=fullscreen translucent=true sz=0}]
12-10 06:14:57.968 1507 2005 I wm_task_removed: [138,removeChild]
12-10 06:14:57.970 1507 1564 I wm_activity_launch_time: [0,111661475,com.android.settings/.homepage.SettingsHomepageActivity,176]
12-10 06:14:57.970 1507 1569 W ActivityTaskManager: Can't find TaskDisplayArea to determine support for multi window. Task id=138 attached=false
12-10 06:14:57.970 1507 1569 W ActivityTaskManager: Can't find TaskDisplayArea to determine support for multi window. Task id=138 attached=false
12-10 06:14:57.972 2004 2004 W StartingSurfaceDrawer: Window background is transparent, fill background with black color
12-10 06:14:57.977 1507 11870 W ActivityTaskManager: Request to remove task ignored for non-existent task 138
12-10 06:14:57.991 1507 2792 W WindowManager: Attempted to add starting window to token but already cleaned
12-10 06:14:57.991 2004 2195 W StartingSurfaceDrawer: android.os.BinderProxy@6378962 already running, starting window not displayed. Unable to add window -- window android.view.ViewRootImpl$W@f4fd02d has already been added
12-10 06:14:57.991 2004 2195 W StartingSurfaceDrawer: view not successfully added to wm, removing view
12-10 06:14:57.997 8492 8527 W ContextImpl: Calling a method in the system process without a qualified user: android.app.ContextImpl.startService:1816 android.content.ContextWrapper.startService:774 com.thundercomm.gamemode.ingame.services.GameModeActionUtils.startGameModeService:99 com.thundercomm.gamemode.ingame.services.GameModeActionUtils.startGameModeEntry:22 com.thundercomm.gamemode.ingame.services.ActivityMonitoringService$1.onActivityLaunch:127
12-10 06:14:58.006 1507 1507 I GameModeConfig: Current uri is uri = content://com.thundercomm.gamemode.api/gamemode_settings/gamemode_isgaming
12-10 06:14:58.011 1507 1507 I GameModeConfig: isGameModeOn = true
12-10 06:14:58.011 1507 1507 I GameModeConfig: isGaming = false
12-10 06:14:58.011 1507 1507 I GameModeConfig: isGameModeOn = true
12-10 06:14:58.011 1507 1507 I GameModeConfig: isGaming = false
12-10 06:14:58.011 1507 1507 I GameModeConfig: isDisableVoice = true
12-10 06:14:58.042 1507 2157 W WindowManager: Failed looking up window session=Session{c18576d 2004:u0a10082} callers=com.android.server.wm.WindowManagerService.windowForClientLocked:5628 com.android.server.wm.WindowManagerService.relayoutWindow:2229 com.android.server.wm.Session.relayout:235
12-10 06:14:58.059 1507 2157 W WindowManager: Failed looking up window session=Session{c18576d 2004:u0a10082} callers=com.android.server.wm.WindowManagerService.windowForClientLocked:5628 com.android.server.wm.WindowManagerService.removeWindow:2033 com.android.server.wm.Session.remove:218
12-10 06:14:58.116 14230 14230 I sysui_multi_action: [757,1291,758,1,833,0,1089,28]
12-10 06:14:58.117 14230 14230 I sysui_multi_action: [757,1729,758,4,854,isParalleledControllers:false,1089,29]
12-10 06:14:58.299 1507 2157 I sysui_multi_action: [757,128,758,2,793,16535665,794,3579,795,16535665,796,32,798,1,806,android,857,USB,858,1,947,0,1395,2,1500,16535318,1688,1]
12-10 06:14:58.299 1507 2157 I notification_visibility: [-1|android|32|null|1000,0,16535665,16535665,0,1]
12-10 06:14:58.509 1507 1909 I GameModeConfig: isGameModeOn = true
12-10 06:14:58.509 1507 1909 I GameModeConfig: isGaming = false
12-10 06:14:58.510 1507 1909 I GameModeConfig: isGameModeOn = true
12-10 06:14:58.510 1507 1909 I GameModeConfig: isGaming = false
12-10 06:14:58.510 1507 1568 I wm_stop_activity: [0,142082565,com.android.launcher3/.uioverrides.QuickstepLauncher]
12-10 06:14:58.511 1507 1909 I GameModeConfig: isGameModeOn = true
12-10 06:14:58.511 1507 1909 I GameModeConfig: isGaming = false
12-10 06:14:58.512 1507 1909 I GameModeConfig: isGameModeOn = true
12-10 06:14:58.512 1507 1909 I GameModeConfig: isGaming = false
12-10 06:14:58.513 2004 2004 I sysui_multi_action: [757,111,758,2]
12-10 06:14:58.514 1507 1507 I notification_enqueue: [10082,2004,com.android.systemui,2048,NULL,0,Notification(channel=updateNotification shortcut=null contentView=null vibrate=null sound=null defaults=0x0 flags=0x0 color=0x00000000 vis=PRIVATE),1]
12-10 06:14:58.514 2004 2004 I sysui_multi_action: [757,111,758,2]
12-10 06:14:58.521 1507 1569 I input_focus: [Focus request 98fd1c9 com.android.settings/com.android.settings.homepage.SettingsHomepageActivity,reason=UpdateInputWindows]
12-10 06:14:58.525 2004 2004 I sysui_multi_action: [757,111,758,1]
12-10 06:14:58.525 2004 2004 I sysui_multi_action: [757,126,758,1,759,126,927,0,928,1,1593,1]
12-10 06:14:58.525 2004 2004 I sysui_multi_action: [757,113,758,1,759,113,927,1,928,1,1593,1]
12-10 06:14:58.525 2004 2004 I sysui_multi_action: [757,0,758,1,759,0,927,2,928,0,1593,1]
12-10 06:14:58.525 2004 2004 I sysui_multi_action: [757,0,758,1,759,0,927,3,928,0,1593,1]
12-10 06:14:58.525 2004 2004 I sysui_multi_action: [757,491,758,1,759,491,927,4,928,1,1311,1,1593,0]
12-10 06:14:58.525 2004 2004 I sysui_multi_action: [757,0,758,1,759,0,927,5,928,0,1593,0]
12-10 06:14:58.525 2004 2004 I sysui_multi_action: [757,111,758,1]
12-10 06:14:58.525 2004 2004 I sysui_multi_action: [757,126,758,1,759,126,927,0,928,1,1593,1]
12-10 06:14:58.526 2004 2004 I sysui_multi_action: [757,113,758,1,759,113,927,1,928,1,1593,1]
12-10 06:14:58.526 2004 2004 I sysui_multi_action: [757,0,758,1,759,0,927,2,928,0,1593,1]
12-10 06:14:58.526 2004 2004 I sysui_multi_action: [757,0,758,1,759,0,927,3,928,0,1593,1]
12-10 06:14:58.538 1507 1909 I GameModeConfig: isGameModeOn = true
12-10 06:14:58.538 1507 1909 I GameModeConfig: isGaming = false
12-10 06:14:58.538 1507 1909 I GameModeConfig: isGameModeOn = true
12-10 06:14:58.538 1507 1909 I GameModeConfig: isGaming = false
12-10 06:14:58.543 1507 1736 I input_focus: [Focus leaving 349ab61 NotificationShade (server),reason=NOT_FOCUSABLE]
12-10 06:14:58.543 1507 1736 I input_focus: [Focus entering 98fd1c9 com.android.settings/com.android.settings.homepage.SettingsHomepageActivity (server),reason=setFocusedWindow]
12-10 06:14:58.546 1507 1909 I GameModeConfig: isGameModeOn = true
12-10 06:14:58.546 1507 1909 I GameModeConfig: isGaming = false
12-10 06:14:58.546 1507 1909 I GameModeConfig: isGameModeOn = true
12-10 06:14:58.546 1507 1909 I GameModeConfig: isGaming = false
12-10 06:14:58.547 2004 2004 I sysui_multi_action: [757,111,758,2]
12-10 06:14:58.548 1507 1507 I notification_enqueue: [10082,2004,com.android.systemui,2048,NULL,0,Notification(channel=updateNotification shortcut=null contentView=null vibrate=null sound=null defaults=0x0 flags=0x0 color=0x00000000 vis=PRIVATE),1]
12-10 06:14:58.548 2004 2004 I sysui_multi_action: [757,111,758,2]
12-10 06:14:58.550 1507 2005 I sysui_multi_action: [757,128,758,2,793,16535019,794,3832,795,16535019,796,26,798,0,806,android,857,DEVELOPER_IMPORTANT,858,4,947,0,1395,2,1500,16534553,1688,1]
12-10 06:14:58.550 1507 2005 I notification_visibility: [-1|android|26|null|1000,0,16535019,16535019,0,0]
12-10 06:14:58.551 1507 2005 I sysui_multi_action: [757,127,758,2]
12-10 06:14:58.551 1507 2005 I notification_panel_hidden:
12-10 06:14:58.562 2526 2526 I wm_on_stop_called: [142082565,com.android.launcher3.uioverrides.QuickstepLauncher,STOP_ACTIVITY_ITEM]
12-10 06:14:58.565 2004 2004 I sysui_multi_action: [757,111,758,1]
12-10 06:14:58.565 2004 2004 I sysui_multi_action: [757,126,758,1,759,126,927,0,928,1,1593,1]
12-10 06:14:58.565 2004 2004 I sysui_multi_action: [757,113,758,1,759,113,927,1,928,1,1593,1]
12-10 06:14:58.565 2004 2004 I sysui_multi_action: [757,0,758,1,759,0,927,2,928,0,1593,1]
12-10 06:14:58.565 2004 2004 I sysui_multi_action: [757,0,758,1,759,0,927,3,928,0,1593,1]
12-10 06:14:58.565 2004 2004 I sysui_multi_action: [757,491,758,1,759,491,927,4,928,1,1311,1,1593,0]
12-10 06:14:58.565 2004 2004 I sysui_multi_action: [757,0,758,1,759,0,927,5,928,0,1593,0]
12-10 06:14:58.565 2004 2004 I sysui_multi_action: [757,111,758,1]
12-10 06:14:58.565 2004 2004 I sysui_multi_action: [757,126,758,1,759,126,927,0,928,1,1593,1]
12-10 06:14:58.565 2004 2004 I sysui_multi_action: [757,113,758,1,759,113,927,1,928,1,1593,1]
12-10 06:14:58.565 2004 2004 I sysui_multi_action: [757,0,758,1,759,0,927,2,928,0,1593,1]
12-10 06:14:58.565 2004 2004 I sysui_multi_action: [757,0,758,1,759,0,927,3,928,0,1593,1]
12-10 06:14:58.590 8492 8527 W ContextImpl: Calling a method in the system process without a qualified user: android.app.ContextImpl.startService:1816 android.content.ContextWrapper.startService:774 com.thundercomm.gamemode.ingame.services.GameModeActionUtils.startGameModeService:99 com.thundercomm.gamemode.ingame.services.GameModeActionUtils.startGameModeEntry:22 com.thundercomm.gamemode.ingame.services.ActivityMonitoringService$1.onActivityLaunch:127
12-10 06:14:58.597 1507 1507 I GameModeConfig: Current uri is uri = content://com.thundercomm.gamemode.api/gamemode_settings/gamemode_isgaming
12-10 06:14:58.598 1507 1507 I GameModeConfig: isGameModeOn = true
12-10 06:14:58.598 1507 1507 I GameModeConfig: isGaming = false
12-10 06:14:58.598 1507 1507 I GameModeConfig: isGameModeOn = true
12-10 06:14:58.598 1507 1507 I GameModeConfig: isGaming = false
12-10 06:14:58.599 1507 1507 I GameModeConfig: isDisableVoice = true
12-10 06:14:58.717 1507 1507 I GameModeConfig: isGameModeOn = true
12-10 06:14:58.717 1507 1507 I GameModeConfig: isGaming = false
12-10 06:14:58.751 1507 1507 I GameModeConfig: isGameModeOn = true
12-10 06:14:58.751 1507 1507 I GameModeConfig: isGaming = false
12-10 06:14:58.752 1507 1507 E NotificationService: Muting recently noisy 0|com.android.systemui|2048|null|10082
12-10 06:14:58.824 1507 1736 I input_interaction: Interaction with: 98fd1c9 com.android.settings/com.android.settings.homepage.SettingsHomepageActivity (server), edge-swipe (server), swipe-up (server), PointerEventDispatcher0 (server),
12-10 06:14:58.856 14230 14230 I view_enqueue_input_event: [Motion - Cancel,com.android.settings/com.android.settings.homepage.SettingsHomepageActivity]
12-10 06:14:58.857 1507 1736 I input_interaction: Interaction with: edge-swipe (server), swipe-up (server), PointerEventDispatcher0 (server),
12-10 06:14:59.282 1507 2038 I sysui_multi_action: [757,803,799,key_back_press,802,1]
12-10 06:14:59.287 1507 1736 I input_interaction: Interaction with: 98fd1c9 com.android.settings/com.android.settings.homepage.SettingsHomepageActivity (server), PointerEventDispatcher0 (server),
12-10 06:14:59.292 1507 2792 I ActivityTaskManager: moveTaskToBack: Task{24e7bfb #136 type=standard A=1000:com.android.settings.root U=0 visible=true mode=fullscreen translucent=false sz=1}
12-10 06:14:59.293 1507 2792 I wm_task_moved: [136,0,0]
12-10 06:14:59.296 1507 2792 I wm_focused_root_task: [0,0,26,136,moveTaskToBackLocked]
12-10 06:14:59.297 1507 2792 I wm_add_to_stopping: [0,111661475,com.android.settings/.homepage.SettingsHomepageActivity,makeInvisible]
12-10 06:14:59.298 1507 2792 I wm_pause_activity: [0,111661475,com.android.settings/.homepage.SettingsHomepageActivity,userLeaving=false,pauseBackTasks]
12-10 06:14:59.300 1507 2792 I ActivityTaskManager: FOREGROUND_APPLICATION_CHANGED to com.android.launcher3.uioverrides.QuickstepLauncher
12-10 06:14:59.301 1507 2792 I wm_set_resumed_activity: [0,com.android.launcher3/.uioverrides.QuickstepLauncher,resumeTopActivityInnerLocked]
12-10 06:14:59.302 1507 2792 I wm_resume_activity: [0,142082565,27,com.android.launcher3/.uioverrides.QuickstepLauncher]
12-10 06:14:59.303 14230 14230 I wm_on_top_resumed_lost_called: [111661475,com.android.settings.homepage.SettingsHomepageActivity,topStateChangedWhenResumed]
12-10 06:14:59.313 1507 1736 I input_focus: [Focus leaving 98fd1c9 com.android.settings/com.android.settings.homepage.SettingsHomepageActivity (server),reason=NO_WINDOW]
12-10 06:14:59.314 2526 2526 I wm_on_restart_called: [142082565,com.android.launcher3.uioverrides.QuickstepLauncher,performRestartActivity]
12-10 06:14:59.314 2526 2526 I wm_on_start_called: [142082565,com.android.launcher3.uioverrides.QuickstepLauncher,handleStartActivity]
12-10 06:14:59.314 1507 1568 I sysui_multi_action: [757,803,799,window_time_0,802,2]
12-10 06:14:59.315 2526 2526 I wm_on_resume_called: [142082565,com.android.launcher3.uioverrides.QuickstepLauncher,RESUME_ACTIVITY]
12-10 06:14:59.319 14230 14230 I sysui_multi_action: [757,35,758,2,1089,1418]
12-10 06:14:59.320 14230 14230 I sysui_multi_action: [757,1291,758,2,1089,1204]
12-10 06:14:59.320 14230 14230 I wm_on_paused_called: [111661475,com.android.settings.homepage.SettingsHomepageActivity,performPause]
12-10 06:14:59.322 14230 14230 W ViewRootImpl[SettingsHomepageActivity]: Cancelling event (no window focus):KeyEvent { action=ACTION_UP, keyCode=KEYCODE_BACK, scanCode=0, metaState=0, flags=0x68, repeatCount=0, eventTime=16548285, downTime=16548285, deviceId=-1, source=0x101, displayId=0 }
12-10 06:14:59.322 14230 14230 W ViewRootImpl[SettingsHomepageActivity]: Cancelling event (no window focus):KeyEvent { action=ACTION_UP, keyCode=KEYCODE_BACK, scanCode=0, metaState=0, flags=0x68, repeatCount=0, eventTime=16548285, downTime=16548285, deviceId=-1, source=0x101, displayId=0 }
12-10 06:14:59.322 14230 14230 W ViewRootImpl[SettingsHomepageActivity]: Cancelling event (no window focus):KeyEvent { action=ACTION_UP, keyCode=KEYCODE_BACK, scanCode=0, metaState=0, flags=0x68, repeatCount=0, eventTime=16548285, downTime=16548285, deviceId=-1, source=0x101, displayId=0 }
12-10 06:14:59.323 14230 14230 W ViewRootImpl[SettingsHomepageActivity]: Cancelling event (no window focus):KeyEvent { action=ACTION_UP, keyCode=KEYCODE_BACK, scanCode=0, metaState=0, flags=0x68, repeatCount=0, eventTime=16548285, downTime=16548285, deviceId=-1, source=0x101, displayId=0 }
12-10 06:14:59.323 14230 14230 W ViewRootImpl[SettingsHomepageActivity]: Cancelling event (no window focus):KeyEvent { action=ACTION_UP, keyCode=KEYCODE_BACK, scanCode=0, metaState=0, flags=0x68, repeatCount=0, eventTime=16548285, downTime=16548285, deviceId=-1, source=0x101, displayId=0 }
12-10 06:14:59.323 14230 14230 W ViewRootImpl[SettingsHomepageActivity]: Cancelling event (no window focus):KeyEvent { action=ACTION_UP, keyCode=KEYCODE_BACK, scanCode=0, metaState=0, flags=0x68, repeatCount=0, eventTime=16548285, downTime=16548285, deviceId=-1, source=0x101, displayId=0 }
12-10 06:14:59.334 1507 1569 I input_focus: [Focus request 2cb1f5d com.android.launcher3/com.android.launcher3.uioverrides.QuickstepLauncher,reason=UpdateInputWindows]
12-10 06:14:59.343 2526 2526 I wm_on_top_resumed_gained_called: [142082565,com.android.launcher3.uioverrides.QuickstepLauncher,topStateChangedWhenResumed]
12-10 06:14:59.345 8492 8527 W ContextImpl: Calling a method in the system process without a qualified user: android.app.ContextImpl.startService:1816 android.content.ContextWrapper.startService:774 com.thundercomm.gamemode.ingame.services.GameModeActionUtils.startGameModeService:99 com.thundercomm.gamemode.ingame.services.GameModeActionUtils.startGameModeEntry:22 com.thundercomm.gamemode.ingame.services.ActivityMonitoringService$1.onActivityLaunch:127
12-10 06:14:59.351 1507 1507 I GameModeConfig: Current uri is uri = content://com.thundercomm.gamemode.api/gamemode_settings/gamemode_isgaming
12-10 06:14:59.356 1507 1507 I GameModeConfig: isGameModeOn = true
12-10 06:14:59.356 1507 1507 I GameModeConfig: isGaming = false
12-10 06:14:59.356 1507 1507 I GameModeConfig: isGameModeOn = true
12-10 06:14:59.356 1507 1507 I GameModeConfig: isGaming = false
12-10 06:14:59.356 1507 1507 I GameModeConfig: isDisableVoice = true
12-10 06:14:59.378 1507 1736 I input_focus: [Focus entering 2cb1f5d com.android.launcher3/com.android.launcher3.uioverrides.QuickstepLauncher (server),reason=Window became focusable. Previous reason: NOT_VISIBLE]
12-10 06:14:59.415 8492 8527 W ContextImpl: Calling a method in the system process without a qualified user: android.app.ContextImpl.startService:1816 android.content.ContextWrapper.startService:774 com.thundercomm.gamemode.ingame.services.GameModeActionUtils.startGameModeService:99 com.thundercomm.gamemode.ingame.services.GameModeActionUtils.startGameModeEntry:22 com.thundercomm.gamemode.ingame.services.ActivityMonitoringService$1.onActivityLaunch:127
12-10 06:14:59.420 1507 1507 I GameModeConfig: Current uri is uri = content://com.thundercomm.gamemode.api/gamemode_settings/gamemode_isgaming
12-10 06:14:59.422 1507 1507 I GameModeConfig: isGameModeOn = true
12-10 06:14:59.422 1507 1507 I GameModeConfig: isGaming = false
12-10 06:14:59.422 1507 1507 I GameModeConfig: isGameModeOn = true
12-10 06:14:59.422 1507 1507 I GameModeConfig: isGaming = false
12-10 06:14:59.422 1507 1507 I GameModeConfig: isDisableVoice = true
12-10 06:14:59.714 1507 1568 I wm_stop_activity: [0,111661475,com.android.settings/.homepage.SettingsHomepageActivity]
12-10 06:14:59.743 14230 14230 I wm_on_stop_called: [111661475,com.android.settings.homepage.SettingsHomepageActivity,STOP_ACTIVITY_ITEM]
12-10 06:14:59.767 8492 8527 W ContextImpl: Calling a method in the system process without a qualified user: android.app.ContextImpl.startService:1816 android.content.ContextWrapper.startService:774 com.thundercomm.gamemode.ingame.services.GameModeActionUtils.startGameModeService:99 com.thundercomm.gamemode.ingame.services.GameModeActionUtils.startGameModeEntry:22 com.thundercomm.gamemode.ingame.services.ActivityMonitoringService$1.onActivityLaunch:127
12-10 06:14:59.770 1507 1507 I GameModeConfig: Current uri is uri = content://com.thundercomm.gamemode.api/gamemode_settings/gamemode_isgaming
12-10 06:14:59.772 1507 1507 I GameModeConfig: isGameModeOn = true
12-10 06:14:59.772 1507 1507 I GameModeConfig: isGaming = false
12-10 06:14:59.772 1507 1507 I GameModeConfig: isGameModeOn = true
12-10 06:14:59.772 1507 1507 I GameModeConfig: isGaming = false
12-10 06:14:59.772 1507 1507 I GameModeConfig: isDisableVoice = true
12-10 06:15:00.155 0 0 I auditd : type=1400 audit(0.0:18093): avc: denied { kill } for comm="swapper/2" capability=5 scontext=u:r:kernel:s0 tcontext=u:r:kernel:s0 tclass=capability permissive=0
12-10 06:15:00.182 1507 1736 I input_interaction: Interaction with: 2cb1f5d com.android.launcher3/com.android.launcher3.uioverrides.QuickstepLauncher (server), 5478378 com.android.systemui.ImageWallpaper (server), edge-swipe (server), swipe-up (server), PointerEventDispatcher0 (server),
12-10 06:15:00.435 1507 2792 I ActivityTaskManager: START u0 {flg=0x10000000 cmp=com.android.deskclock/.DeskClock bnds=[465,154][965,624]} from uid 10069
12-10 06:15:00.436 1507 2792 I wm_task_moved: [137,1,7]
12-10 06:15:00.436 1507 2792 I wm_task_to_front: [0,137]
12-10 06:15:00.437 1507 2792 I wm_focused_root_task: [0,0,137,26,bringingFoundTaskToFront]
12-10 06:15:00.438 1507 2792 I wm_set_resumed_activity: [0,com.android.deskclock/.DeskClock,bringingFoundTaskToFront]
12-10 06:15:00.438 1507 2792 I wm_new_intent: [0,28595287,137,com.android.deskclock/.DeskClock,NULL,NULL,NULL,268435456]
12-10 06:15:00.440 1507 2792 I wm_pause_activity: [0,142082565,com.android.launcher3/.uioverrides.QuickstepLauncher,userLeaving=true,pauseBackTasks]
12-10 06:15:00.445 2526 2526 I wm_on_top_resumed_lost_called: [142082565,com.android.launcher3.uioverrides.QuickstepLauncher,topStateChangedWhenResumed]
12-10 06:15:00.454 2526 2526 I wm_on_paused_called: [142082565,com.android.launcher3.uioverrides.QuickstepLauncher,performPause]
12-10 06:15:00.456 1507 1528 I ActivityTaskManager: FOREGROUND_APPLICATION_CHANGED to com.android.deskclock.DeskClock
12-10 06:15:00.457 1507 1528 I wm_set_resumed_activity: [0,com.android.deskclock/.DeskClock,resumeTopActivityInnerLocked]
