12-10 06:08:37.828 1507 1583 I am_wtf : [0,1507,system_server,-1,DisplayDeviceConfig,requesting nits when no mapping exists.]
12-10 06:08:37.842 1507 1980 E DisplayDeviceConfig: requesting nits when no mapping exists.
12-10 06:08:37.844 1507 1583 I am_wtf : [0,1507,system_server,-1,DisplayDeviceConfig,requesting nits when no mapping exists.]
12-10 06:08:37.845 1507 1980 E DisplayDeviceConfig: requesting nits when no mapping exists.
12-10 06:08:37.846 1507 1583 I am_wtf : [0,1507,system_server,-1,DisplayDeviceConfig,requesting nits when no mapping exists.]
12-10 06:08:37.859 1507 1980 E DisplayDeviceConfig: requesting nits when no mapping exists.
12-10 06:08:37.860 1507 1583 I am_wtf : [0,1507,system_server,-1,DisplayDeviceConfig,requesting nits when no mapping exists.]
12-10 06:08:37.861 1507 1980 E DisplayDeviceConfig: requesting nits when no mapping exists.
12-10 06:08:37.862 1507 1583 I am_wtf : [0,1507,system_server,-1,DisplayDeviceConfig,requesting nits when no mapping exists.]
12-10 06:08:37.876 1507 1980 E DisplayDeviceConfig: requesting nits when no mapping exists.
12-10 06:08:37.878 1507 1583 I am_wtf : [0,1507,system_server,-1,DisplayDeviceConfig,requesting nits when no mapping exists.]
12-10 06:08:37.879 1507 1980 E DisplayDeviceConfig: requesting nits when no mapping exists.
12-10 06:08:37.881 1507 1583 I am_wtf : [0,1507,system_server,-1,DisplayDeviceConfig,requesting nits when no mapping exists.]
12-10 06:08:37.894 1507 1980 E DisplayDeviceConfig: requesting nits when no mapping exists.
12-10 06:08:37.896 1507 1583 I am_wtf : [0,1507,system_server,-1,DisplayDeviceConfig,requesting nits when no mapping exists.]
12-10 06:08:37.901 1507 1980 E DisplayDeviceConfig: requesting nits when no mapping exists.
12-10 06:08:37.901 1507 1583 I am_wtf : [0,1507,system_server,-1,DisplayDeviceConfig,requesting nits when no mapping exists.]
12-10 06:08:37.911 1507 1980 E DisplayDeviceConfig: requesting nits when no mapping exists.
12-10 06:08:37.911 1507 1583 I am_wtf : [0,1507,system_server,-1,DisplayDeviceConfig,requesting nits when no mapping exists.]
12-10 06:08:37.911 1507 1980 E DisplayDeviceConfig: requesting nits when no mapping exists.
12-10 06:08:37.913 1507 1569 W WindowManager: updateScale0.7996942
12-10 06:08:37.915 1507 1583 I am_wtf : [0,1507,system_server,-1,DisplayDeviceConfig,requesting nits when no mapping exists.]
12-10 06:08:37.915 1507 1568 I wm_stop_activity: [0,160875417,com.android.settings/.Settings]
12-10 06:08:37.927 1507 1980 E DisplayDeviceConfig: requesting nits when no mapping exists.
12-10 06:08:37.927 1507 1583 I am_wtf : [0,1507,system_server,-1,DisplayDeviceConfig,requesting nits when no mapping exists.]
12-10 06:08:37.927 1507 1980 E DisplayDeviceConfig: requesting nits when no mapping exists.
12-10 06:08:37.929 1507 1583 I am_wtf : [0,1507,system_server,-1,DisplayDeviceConfig,requesting nits when no mapping exists.]
12-10 06:08:37.932 1507 11870 W WindowManager: updateScale0.7996942
12-10 06:08:37.944 1507 1980 E DisplayDeviceConfig: requesting nits when no mapping exists.
12-10 06:08:37.944 1507 1583 I am_wtf : [0,1507,system_server,-1,DisplayDeviceConfig,requesting nits when no mapping exists.]
12-10 06:08:37.944 1507 1980 E DisplayDeviceConfig: requesting nits when no mapping exists.
12-10 06:08:37.945 1507 1583 I am_wtf : [0,1507,system_server,-1,DisplayDeviceConfig,requesting nits when no mapping exists.]
12-10 06:08:37.949 13833 13833 I wm_on_stop_called: [160875417,com.android.settings.Settings,STOP_ACTIVITY_ITEM]
12-10 06:08:37.954 1507 9362 W WindowManager: updateScale0.7996942
12-10 06:08:37.961 1507 1980 E DisplayDeviceConfig: requesting nits when no mapping exists.
12-10 06:08:37.961 1507 1980 E DisplayDeviceConfig: requesting nits when no mapping exists.
12-10 06:08:37.961 1507 1583 I am_wtf : [0,1507,system_server,-1,DisplayDeviceConfig,requesting nits when no mapping exists.]
12-10 06:08:37.962 1507 1583 I am_wtf : [0,1507,system_server,-1,DisplayDeviceConfig,requesting nits when no mapping exists.]
12-10 06:08:37.966 8492 8527 W ContextImpl: Calling a method in the system process without a qualified user: android.app.ContextImpl.startService:1816 android.content.ContextWrapper.startService:774 com.thundercomm.gamemode.ingame.services.GameModeActionUtils.startGameModeService:99 com.thundercomm.gamemode.ingame.services.GameModeActionUtils.startGameModeEntry:22 com.thundercomm.gamemode.ingame.services.ActivityMonitoringService$1.onActivityLaunch:127
12-10 06:08:37.970 1507 1507 I GameModeConfig: Current uri is uri = content://com.thundercomm.gamemode.api/gamemode_settings/gamemode_isgaming
12-10 06:08:37.973 1507 1507 I GameModeConfig: isGameModeOn = true
12-10 06:08:37.973 1507 1507 I GameModeConfig: isGaming = false
12-10 06:08:37.973 1507 1980 E DisplayDeviceConfig: requesting nits when no mapping exists.
12-10 06:08:37.973 1507 1507 I GameModeConfig: isGameModeOn = true
12-10 06:08:37.974 1507 1507 I GameModeConfig: isGaming = false
12-10 06:08:37.974 1507 1507 I GameModeConfig: isDisableVoice = true
12-10 06:08:37.974 1507 1980 E DisplayDeviceConfig: requesting nits when no mapping exists.
12-10 06:08:37.974 1507 1583 I am_wtf : [0,1507,system_server,-1,DisplayDeviceConfig,requesting nits when no mapping exists.]
12-10 06:08:37.975 1507 1583 I am_wtf : [0,1507,system_server,-1,DisplayDeviceConfig,requesting nits when no mapping exists.]
12-10 06:08:37.991 1507 1980 E DisplayDeviceConfig: requesting nits when no mapping exists.
12-10 06:08:37.991 1507 1980 E DisplayDeviceConfig: requesting nits when no mapping exists.
12-10 06:08:37.992 1507 1583 I am_wtf : [0,1507,system_server,-1,DisplayDeviceConfig,requesting nits when no mapping exists.]
12-10 06:08:37.993 1507 1583 I am_wtf : [0,1507,system_server,-1,DisplayDeviceConfig,requesting nits when no mapping exists.]
12-10 06:08:38.007 1507 1980 E DisplayDeviceConfig: requesting nits when no mapping exists.
12-10 06:08:38.007 1507 1980 E DisplayDeviceConfig: requesting nits when no mapping exists.
12-10 06:08:38.007 1507 1583 I am_wtf : [0,1507,system_server,-1,DisplayDeviceConfig,requesting nits when no mapping exists.]
12-10 06:08:38.008 1507 1583 I am_wtf : [0,1507,system_server,-1,DisplayDeviceConfig,requesting nits when no mapping exists.]
12-10 06:08:38.024 1507 1980 E DisplayDeviceConfig: requesting nits when no mapping exists.
12-10 06:08:38.025 1507 1980 E DisplayDeviceConfig: requesting nits when no mapping exists.
12-10 06:08:38.027 1507 1583 I am_wtf : [0,1507,system_server,-1,DisplayDeviceConfig,requesting nits when no mapping exists.]
12-10 06:08:38.028 1507 1583 I am_wtf : [0,1507,system_server,-1,DisplayDeviceConfig,requesting nits when no mapping exists.]
12-10 06:08:38.041 1507 1980 E DisplayDeviceConfig: requesting nits when no mapping exists.
12-10 06:08:38.041 1507 1980 E DisplayDeviceConfig: requesting nits when no mapping exists.
12-10 06:08:38.043 1507 1583 I am_wtf : [0,1507,system_server,-1,DisplayDeviceConfig,requesting nits when no mapping exists.]
12-10 06:08:38.044 1507 1583 I am_wtf : [0,1507,system_server,-1,DisplayDeviceConfig,requesting nits when no mapping exists.]
12-10 06:08:38.058 1507 1980 E DisplayDeviceConfig: requesting nits when no mapping exists.
12-10 06:08:38.058 1507 1980 E DisplayDeviceConfig: requesting nits when no mapping exists.
12-10 06:08:38.058 1507 1583 I am_wtf : [0,1507,system_server,-1,DisplayDeviceConfig,requesting nits when no mapping exists.]
12-10 06:08:38.059 1507 1583 I am_wtf : [0,1507,system_server,-1,DisplayDeviceConfig,requesting nits when no mapping exists.]
12-10 06:08:38.077 1507 1980 E DisplayDeviceConfig: requesting nits when no mapping exists.
12-10 06:08:38.083 1507 1583 I am_wtf : [0,1507,system_server,-1,DisplayDeviceConfig,requesting nits when no mapping exists.]
12-10 06:08:38.084 1507 1980 E DisplayDeviceConfig: requesting nits when no mapping exists.
12-10 06:08:38.085 1507 1583 I am_wtf : [0,1507,system_server,-1,DisplayDeviceConfig,requesting nits when no mapping exists.]
12-10 06:08:38.091 1507 1980 E DisplayDeviceConfig: requesting nits when no mapping exists.
12-10 06:08:38.091 1507 1583 I am_wtf : [0,1507,system_server,-1,DisplayDeviceConfig,requesting nits when no mapping exists.]
12-10 06:08:38.091 1507 1980 E DisplayDeviceConfig: requesting nits when no mapping exists.
12-10 06:08:38.092 1507 1583 I am_wtf : [0,1507,system_server,-1,DisplayDeviceConfig,requesting nits when no mapping exists.]
12-10 06:08:38.109 1507 1980 E DisplayDeviceConfig: requesting nits when no mapping exists.
12-10 06:08:38.110 1507 1980 E DisplayDeviceConfig: requesting nits when no mapping exists.
12-10 06:08:38.110 1507 1583 I am_wtf : [0,1507,system_server,-1,DisplayDeviceConfig,requesting nits when no mapping exists.]
12-10 06:08:38.110 1507 1583 I am_wtf : [0,1507,system_server,-1,DisplayDeviceConfig,requesting nits when no mapping exists.]
12-10 06:08:38.124 1507 1980 E DisplayDeviceConfig: requesting nits when no mapping exists.
12-10 06:08:38.125 1507 1980 E DisplayDeviceConfig: requesting nits when no mapping exists.
12-10 06:08:38.126 1507 1583 I am_wtf : [0,1507,system_server,-1,DisplayDeviceConfig,requesting nits when no mapping exists.]
12-10 06:08:38.127 1507 1583 I am_wtf : [0,1507,system_server,-1,DisplayDeviceConfig,requesting nits when no mapping exists.]
12-10 06:08:38.141 1507 1980 E DisplayDeviceConfig: requesting nits when no mapping exists.
12-10 06:08:38.141 1507 1980 E DisplayDeviceConfig: requesting nits when no mapping exists.
12-10 06:08:38.141 1507 1583 I am_wtf : [0,1507,system_server,-1,DisplayDeviceConfig,requesting nits when no mapping exists.]
12-10 06:08:38.142 1507 1583 I am_wtf : [0,1507,system_server,-1,DisplayDeviceConfig,requesting nits when no mapping exists.]
12-10 06:08:38.158 1507 1980 E DisplayDeviceConfig: requesting nits when no mapping exists.
12-10 06:08:38.158 1507 1980 E DisplayDeviceConfig: requesting nits when no mapping exists.
12-10 06:08:38.158 1507 1583 I am_wtf : [0,1507,system_server,-1,DisplayDeviceConfig,requesting nits when no mapping exists.]
12-10 06:08:38.159 1507 1583 I am_wtf : [0,1507,system_server,-1,DisplayDeviceConfig,requesting nits when no mapping exists.]
12-10 06:08:38.155 0 0 I auditd : type=1400 audit(0.0:17607): avc: denied { kill } for comm="swapper/2" capability=5 scontext=u:r:kernel:s0 tcontext=u:r:kernel:s0 tclass=capability permissive=0
12-10 06:08:38.174 1507 1980 E DisplayDeviceConfig: requesting nits when no mapping exists.
12-10 06:08:38.174 1507 1980 E DisplayDeviceConfig: requesting nits when no mapping exists.
12-10 06:08:38.174 1507 1583 I am_wtf : [0,1507,system_server,-1,DisplayDeviceConfig,requesting nits when no mapping exists.]
12-10 06:08:38.175 1507 1583 I am_wtf : [0,1507,system_server,-1,DisplayDeviceConfig,requesting nits when no mapping exists.]
12-10 06:08:38.192 1507 1980 E DisplayDeviceConfig: requesting nits when no mapping exists.
12-10 06:08:38.192 1507 1583 I am_wtf : [0,1507,system_server,-1,DisplayDeviceConfig,requesting nits when no mapping exists.]
12-10 06:08:38.192 1507 1980 E DisplayDeviceConfig: requesting nits when no mapping exists.
12-10 06:08:38.193 1507 1583 I am_wtf : [0,1507,system_server,-1,DisplayDeviceConfig,requesting nits when no mapping exists.]
12-10 06:08:38.209 1507 1980 E DisplayDeviceConfig: requesting nits when no mapping exists.
12-10 06:08:38.209 1507 1980 E DisplayDeviceConfig: requesting nits when no mapping exists.
12-10 06:08:38.209 1507 1583 I am_wtf : [0,1507,system_server,-1,DisplayDeviceConfig,requesting nits when no mapping exists.]
12-10 06:08:38.211 1507 1583 I am_wtf : [0,1507,system_server,-1,DisplayDeviceConfig,requesting nits when no mapping exists.]
12-10 06:08:38.224 1507 1980 E DisplayDeviceConfig: requesting nits when no mapping exists.
12-10 06:08:38.225 1507 1980 E DisplayDeviceConfig: requesting nits when no mapping exists.
12-10 06:08:38.225 1507 1583 I am_wtf : [0,1507,system_server,-1,DisplayDeviceConfig,requesting nits when no mapping exists.]
12-10 06:08:38.226 1507 1583 I am_wtf : [0,1507,system_server,-1,DisplayDeviceConfig,requesting nits when no mapping exists.]
12-10 06:08:38.243 1507 1980 E DisplayDeviceConfig: requesting nits when no mapping exists.
12-10 06:08:38.244 1507 1583 I am_wtf : [0,1507,system_server,-1,DisplayDeviceConfig,requesting nits when no mapping exists.]
12-10 06:08:38.246 1507 1980 E DisplayDeviceConfig: requesting nits when no mapping exists.
12-10 06:08:38.247 1507 1583 I am_wtf : [0,1507,system_server,-1,DisplayDeviceConfig,requesting nits when no mapping exists.]
12-10 06:08:38.259 1507 1980 E DisplayDeviceConfig: requesting nits when no mapping exists.
12-10 06:08:38.260 1507 1980 E DisplayDeviceConfig: requesting nits when no mapping exists.
12-10 06:08:38.260 1507 1583 I am_wtf : [0,1507,system_server,-1,DisplayDeviceConfig,requesting nits when no mapping exists.]
12-10 06:08:38.261 1507 1583 I am_wtf : [0,1507,system_server,-1,DisplayDeviceConfig,requesting nits when no mapping exists.]
12-10 06:08:38.274 1507 1980 E DisplayDeviceConfig: requesting nits when no mapping exists.
12-10 06:08:38.275 1507 1980 E DisplayDeviceConfig: requesting nits when no mapping exists.
12-10 06:08:38.275 1507 1583 I am_wtf : [0,1507,system_server,-1,DisplayDeviceConfig,requesting nits when no mapping exists.]
12-10 06:08:38.277 1507 1583 I am_wtf : [0,1507,system_server,-1,DisplayDeviceConfig,requesting nits when no mapping exists.]
12-10 06:08:38.291 1507 1980 E DisplayDeviceConfig: requesting nits when no mapping exists.
12-10 06:08:38.291 1507 1980 E DisplayDeviceConfig: requesting nits when no mapping exists.
12-10 06:08:38.293 1507 1583 I am_wtf : [0,1507,system_server,-1,DisplayDeviceConfig,requesting nits when no mapping exists.]
12-10 06:08:38.294 1507 1583 I am_wtf : [0,1507,system_server,-1,DisplayDeviceConfig,requesting nits when no mapping exists.]
12-10 06:08:38.308 1507 1980 E DisplayDeviceConfig: requesting nits when no mapping exists.
12-10 06:08:38.308 1507 1980 E DisplayDeviceConfig: requesting nits when no mapping exists.
12-10 06:08:38.309 1507 1583 I am_wtf : [0,1507,system_server,-1,DisplayDeviceConfig,requesting nits when no mapping exists.]
12-10 06:08:38.310 1507 1583 I am_wtf : [0,1507,system_server,-1,DisplayDeviceConfig,requesting nits when no mapping exists.]
12-10 06:08:38.325 1507 1980 E DisplayDeviceConfig: requesting nits when no mapping exists.
12-10 06:08:38.325 1507 1980 E DisplayDeviceConfig: requesting nits when no mapping exists.
12-10 06:08:38.325 1507 1583 I am_wtf : [0,1507,system_server,-1,DisplayDeviceConfig,requesting nits when no mapping exists.]
12-10 06:08:38.326 1507 1583 I am_wtf : [0,1507,system_server,-1,DisplayDeviceConfig,requesting nits when no mapping exists.]
12-10 06:08:38.342 1507 1980 E DisplayDeviceConfig: requesting nits when no mapping exists.
12-10 06:08:38.343 1507 1583 I am_wtf : [0,1507,system_server,-1,DisplayDeviceConfig,requesting nits when no mapping exists.]
12-10 06:08:38.345 1507 1980 E DisplayDeviceConfig: requesting nits when no mapping exists.
12-10 06:08:38.346 1507 1583 I am_wtf : [0,1507,system_server,-1,DisplayDeviceConfig,requesting nits when no mapping exists.]
12-10 06:08:38.359 1507 1980 E DisplayDeviceConfig: requesting nits when no mapping exists.
12-10 06:08:38.359 1507 1583 I am_wtf : [0,1507,system_server,-1,DisplayDeviceConfig,requesting nits when no mapping exists.]
12-10 06:08:38.359 1507 1980 E DisplayDeviceConfig: requesting nits when no mapping exists.
12-10 06:08:38.360 1507 1583 I am_wtf : [0,1507,system_server,-1,DisplayDeviceConfig,requesting nits when no mapping exists.]
12-10 06:08:38.375 1507 1980 E DisplayDeviceConfig: requesting nits when no mapping exists.
12-10 06:08:38.376 1507 1980 E DisplayDeviceConfig: requesting nits when no mapping exists.
12-10 06:08:38.376 1507 1583 I am_wtf : [0,1507,system_server,-1,DisplayDeviceConfig,requesting nits when no mapping exists.]
12-10 06:08:38.377 1507 1583 I am_wtf : [0,1507,system_server,-1,DisplayDeviceConfig,requesting nits when no mapping exists.]
12-10 06:08:39.060 1351 9974 I liblog : 49
12-10 06:08:39.155 0 0 I auditd : type=1400 audit(0.0:17608): avc: denied { kill } for comm="swapper/2" capability=5 scontext=u:r:kernel:s0 tcontext=u:r:kernel:s0 tclass=capability permissive=0
12-10 06:08:40.155 0 0 I auditd : type=1400 audit(0.0:17609): avc: denied { kill } for comm="swapper/2" capability=5 scontext=u:r:kernel:s0 tcontext=u:r:kernel:s0 tclass=capability permissive=0
12-10 06:08:41.155 0 0 I auditd : type=1400 audit(0.0:17610): avc: denied { kill } for comm="swapper/2" capability=5 scontext=u:r:kernel:s0 tcontext=u:r:kernel:s0 tclass=capability permissive=0
12-10 06:08:42.155 0 0 I auditd : type=1400 audit(0.0:17611): avc: denied { kill } for comm="swapper/2" capability=5 scontext=u:r:kernel:s0 tcontext=u:r:kernel:s0 tclass=capability permissive=0
12-10 06:08:43.155 0 0 I auditd : type=1400 audit(0.0:17612): avc: denied { kill } for comm="swapper/2" capability=5 scontext=u:r:kernel:s0 tcontext=u:r:kernel:s0 tclass=capability permissive=0
12-10 06:08:44.008 1507 1819 I service_manager_stats: [116,60,6582]
12-10 06:08:44.029 1507 1819 I netstats_mobile_sample: [0,0,0,0,0,0,0,0,0,0,0,0,1670623724028]
12-10 06:08:44.029 1507 1819 I netstats_wifi_sample: [5630634,12963,11347602,27489,5630634,12963,11347602,27489,7382813,25183,5714248,14383,1670623724028]
12-10 06:08:44.155 0 0 I auditd : type=1400 audit(0.0:17613): avc: denied { kill } for comm="swapper/2" capability=5 scontext=u:r:kernel:s0 tcontext=u:r:kernel:s0 tclass=capability permissive=0
12-10 06:08:45.155 0 0 I auditd : type=1400 audit(0.0:17614): avc: denied { kill } for comm="swapper/2" capability=5 scontext=u:r:kernel:s0 tcontext=u:r:kernel:s0 tclass=capability permissive=0
12-10 06:08:46.155 0 0 I auditd : type=1400 audit(0.0:17615): avc: denied { kill } for comm="swapper/2" capability=5 scontext=u:r:kernel:s0 tcontext=u:r:kernel:s0 tclass=capability permissive=0
12-10 06:08:47.155 0 0 I auditd : type=1400 audit(0.0:17616): avc: denied { kill } for comm="swapper/2" capability=5 scontext=u:r:kernel:s0 tcontext=u:r:kernel:s0 tclass=capability permissive=0
12-10 06:08:47.637 1507 1909 I GameModeConfig: isGameModeOn = true
12-10 06:08:47.637 1507 1909 I GameModeConfig: isGaming = false
12-10 06:08:48.155 0 0 I auditd : type=1400 audit(0.0:17617): avc: denied { kill } for comm="swapper/2" capability=5 scontext=u:r:kernel:s0 tcontext=u:r:kernel:s0 tclass=capability permissive=0
12-10 06:08:49.155 0 0 I auditd : type=1400 audit(0.0:17618): avc: denied { kill } for comm="swapper/2" capability=5 scontext=u:r:kernel:s0 tcontext=u:r:kernel:s0 tclass=capability permissive=0
12-10 06:08:50.155 0 0 I auditd : type=1400 audit(0.0:17619): avc: denied { kill } for comm="swapper/2" capability=5 scontext=u:r:kernel:s0 tcontext=u:r:kernel:s0 tclass=capability permissive=0
12-10 06:08:51.155 0 0 I auditd : type=1400 audit(0.0:17620): avc: denied { kill } for comm="swapper/2" capability=5 scontext=u:r:kernel:s0 tcontext=u:r:kernel:s0 tclass=capability permissive=0
12-10 06:08:52.155 0 0 I auditd : type=1400 audit(0.0:17621): avc: denied { kill } for comm="swapper/2" capability=5 scontext=u:r:kernel:s0 tcontext=u:r:kernel:s0 tclass=capability permissive=0
12-10 06:08:53.155 0 0 I auditd : type=1400 audit(0.0:17622): avc: denied { kill } for comm="swapper/2" capability=5 scontext=u:r:kernel:s0 tcontext=u:r:kernel:s0 tclass=capability permissive=0
12-10 06:08:54.155 0 0 I auditd : type=1400 audit(0.0:17623): avc: denied { kill } for comm="swapper/2" capability=5 scontext=u:r:kernel:s0 tcontext=u:r:kernel:s0 tclass=capability permissive=0
12-10 06:08:55.155 0 0 I auditd : type=1400 audit(0.0:17624): avc: denied { kill } for comm="swapper/2" capability=5 scontext=u:r:kernel:s0 tcontext=u:r:kernel:s0 tclass=capability permissive=0
12-10 06:08:56.155 0 0 I auditd : type=1400 audit(0.0:17625): avc: denied { kill } for comm="swapper/2" capability=5 scontext=u:r:kernel:s0 tcontext=u:r:kernel:s0 tclass=capability permissive=0
12-10 06:08:58.155 0 0 I auditd : type=1400 audit(0.0:17626): avc: denied { kill } for comm="swapper/1" capability=5 scontext=u:r:kernel:s0 tcontext=u:r:kernel:s0 tclass=capability permissive=0
12-10 06:08:59.155 287 287 I auditd : type=1400 audit(0.0:17627): avc: denied { kill } for comm="kgsl_worker_thr" capability=5 scontext=u:r:kernel:s0 tcontext=u:r:kernel:s0 tclass=capability permissive=0
12-10 06:09:01.155 0 0 I auditd : type=1400 audit(0.0:17628): avc: denied { kill } for comm="swapper/1" capability=5 scontext=u:r:kernel:s0 tcontext=u:r:kernel:s0 tclass=capability permissive=0
12-10 06:09:03.155 0 0 I auditd : type=1400 audit(0.0:17629): avc: denied { kill } for comm="swapper/1" capability=5 scontext=u:r:kernel:s0 tcontext=u:r:kernel:s0 tclass=capability permissive=0
12-10 06:09:04.155 0 0 I auditd : type=1400 audit(0.0:17630): avc: denied { kill } for comm="swapper/1" capability=5 scontext=u:r:kernel:s0 tcontext=u:r:kernel:s0 tclass=capability permissive=0
12-10 06:09:05.155 0 0 I auditd : type=1400 audit(0.0:17631): avc: denied { kill } for comm="swapper/1" capability=5 scontext=u:r:kernel:s0 tcontext=u:r:kernel:s0 tclass=capability permissive=0
12-10 06:09:05.276 1507 1711 D ActivityManager: freezing 12618 com.android.calendar
12-10 06:09:05.277 1507 1711 E ActivityManager: Unable to freeze binder for 12618 com.android.calendar
12-10 06:09:05.279 1507 1711 D ActivityManager: froze 12618 com.android.calendar
12-10 06:09:05.279 1507 1711 I am_freeze: [12618,com.android.calendar]
12-10 06:09:05.280 1507 1711 E ActivityManager: Unable to freeze binder for 12618 com.android.calendar
12-10 06:09:05.281 1507 1711 I ActivityManager: Killing 12618:com.android.calendar/u0a65 (adj 965): Unable to freeze binder interface
12-10 06:09:05.281 1507 1711 I am_kill : [0,12618,com.android.calendar,965,Unable to freeze binder interface]
12-10 06:09:05.314 1507 11870 I am_proc_died: [0,12618,com.android.calendar,965,19]
12-10 06:09:05.315 1507 11870 I am_uid_stopped: 10065
12-10 06:09:05.327 1507 1581 I am_pss : [14020,10052,com.thundercomm.screensaver,62714880,57278464,0,178778112,0,2,8]
12-10 06:09:05.337 1507 1711 D ActivityManager: freezing 13045 com.qualcomm.timeservice
12-10 06:09:05.337 1507 1711 E ActivityManager: Unable to freeze binder for 13045 com.qualcomm.timeservice
12-10 06:09:05.338 1507 1711 D ActivityManager: froze 13045 com.qualcomm.timeservice
12-10 06:09:05.338 1507 1711 I am_freeze: [13045,com.qualcomm.timeservice]
12-10 06:09:05.338 1507 1711 E ActivityManager: Unable to freeze binder for 13045 com.qualcomm.timeservice
12-10 06:09:05.338 1507 1711 I ActivityManager: Killing 13045:com.qualcomm.timeservice/u0a57 (adj 965): Unable to freeze binder interface
12-10 06:09:05.338 1507 1711 I am_kill : [0,13045,com.qualcomm.timeservice,965,Unable to freeze binder interface]
12-10 06:09:05.341 1507 1581 I am_pss : [13833,1000,com.android.settings,131753984,126173184,0,254091264,0,15,12]
12-10 06:09:05.360 1507 6251 I am_proc_died: [0,13045,com.qualcomm.timeservice,965,19]
12-10 06:09:05.361 1507 6251 I am_uid_stopped: 10057
12-10 06:09:06.155 0 0 I auditd : type=1400 audit(0.0:17632): avc: denied { kill } for comm="swapper/1" capability=5 scontext=u:r:kernel:s0 tcontext=u:r:kernel:s0 tclass=capability permissive=0
12-10 06:09:07.155 0 0 I auditd : type=1400 audit(0.0:17633): avc: denied { kill } for comm="swapper/1" capability=5 scontext=u:r:kernel:s0 tcontext=u:r:kernel:s0 tclass=capability permissive=0
12-10 06:09:08.155 0 0 I auditd : type=1400 audit(0.0:17634): avc: denied { kill } for comm="swapper/1" capability=5 scontext=u:r:kernel:s0 tcontext=u:r:kernel:s0 tclass=capability permissive=0
12-10 06:09:09.155 0 0 I auditd : type=1400 audit(0.0:17635): avc: denied { kill } for comm="swapper/1" capability=5 scontext=u:r:kernel:s0 tcontext=u:r:kernel:s0 tclass=capability permissive=0
12-10 06:09:10.155 0 0 I auditd : type=1400 audit(0.0:17636): avc: denied { kill } for comm="swapper/1" capability=5 scontext=u:r:kernel:s0 tcontext=u:r:kernel:s0 tclass=capability permissive=0
12-10 06:09:11.155 0 0 I auditd : type=1400 audit(0.0:17637): avc: denied { kill } for comm="swapper/1" capability=5 scontext=u:r:kernel:s0 tcontext=u:r:kernel:s0 tclass=capability permissive=0
12-10 06:09:11.322 1507 1593 W BatteryExternalStatsWorker: error reading modem stats:ERROR_PHONE_NOT_AVAILABLE
12-10 06:09:11.350 1507 1593 E KernelCpuSpeedReader: Failed to read cpu-freq: /sys/devices/system/cpu/cpu4/cpufreq/stats/time_in_state: open failed: ENOENT (No such file or directory)
12-10 06:09:11.350 1507 1593 E KernelCpuSpeedReader: Failed to read cpu-freq: /sys/devices/system/cpu/cpu0/cpufreq/stats/time_in_state: open failed: ENOENT (No such file or directory)
12-10 06:09:11.347 567 567 I auditd : type=1400 audit(0.0:17638): avc: denied { read } for comm="Binder:567_2" name="wakeup58" dev="sysfs" ino=71584 scontext=u:r:system_suspend:s0 tcontext=u:object_r:sysfs:s0 tclass=dir permissive=0
12-10 06:09:11.351 567 567 I auditd : type=1400 audit(0.0:17639): avc: denied { read } for comm="Binder:567_2" name="wakeup48" dev="sysfs" ino=67173 scontext=u:r:system_suspend:s0 tcontext=u:object_r:sysfs:s0 tclass=dir permissive=0
12-10 06:09:11.351 567 567 I auditd : type=1400 audit(0.0:17640): avc: denied { read } for comm="Binder:567_2" name="wakeup4" dev="sysfs" ino=47032 scontext=u:r:system_suspend:s0 tcontext=u:object_r:sysfs:s0 tclass=dir permissive=0
12-10 06:09:11.351 567 567 I auditd : type=1400 audit(0.0:17641): avc: denied { read } for comm="Binder:567_2" name="wakeup76" dev="sysfs" ino=76639 scontext=u:r:system_suspend:s0 tcontext=u:object_r:sysfs:s0 tclass=dir permissive=0
12-10 06:09:11.351 567 567 I auditd : type=1400 audit(0.0:17642): avc: denied { read } for comm="Binder:567_2" name="wakeup28" dev="sysfs" ino=53097 scontext=u:r:system_suspend:s0 tcontext=u:object_r:sysfs:s0 tclass=dir permissive=0
12-10 06:09:11.351 567 567 I auditd : type=1400 audit(0.0:17643): avc: denied { read } for comm="Binder:567_2" name="wakeup56" dev="sysfs" ino=71512 scontext=u:r:system_suspend:s0 tcontext=u:object_r:sysfs:s0 tclass=dir permissive=0
12-10 06:09:11.351 567 567 I auditd : type=1400 audit(0.0:17644): avc: denied { read } for comm="Binder:567_2" name="wakeup2" dev="sysfs" ino=46556 scontext=u:r:system_suspend:s0 tcontext=u:object_r:sysfs:s0 tclass=dir permissive=0
12-10 06:09:11.393 1507 1581 I commit_sys_config_file: [batterystats,6]
12-10 06:09:11.394 1507 1581 I commit_sys_config_file: [batterystats,1]
12-10 06:09:13.155 0 0 I auditd : type=1400 audit(0.0:17688): avc: denied { kill } for comm="swapper/1" capability=5 scontext=u:r:kernel:s0 tcontext=u:r:kernel:s0 tclass=capability permissive=0
12-10 06:09:14.155 0 0 I auditd : type=1400 audit(0.0:17689): avc: denied { kill } for comm="swapper/1" capability=5 scontext=u:r:kernel:s0 tcontext=u:r:kernel:s0 tclass=capability permissive=0
12-10 06:09:15.155 0 0 I auditd : type=1400 audit(0.0:17690): avc: denied { kill } for comm="swapper/1" capability=5 scontext=u:r:kernel:s0 tcontext=u:r:kernel:s0 tclass=capability permissive=0
12-10 06:09:16.155 0 0 I auditd : type=1400 audit(0.0:17691): avc: denied { kill } for comm="swapper/1" capability=5 scontext=u:r:kernel:s0 tcontext=u:r:kernel:s0 tclass=capability permissive=0
12-10 06:09:17.155 0 0 I auditd : type=1400 audit(0.0:17692): avc: denied { kill } for comm="swapper/1" capability=5 scontext=u:r:kernel:s0 tcontext=u:r:kernel:s0 tclass=capability permissive=0
12-10 06:09:18.155 0 0 I auditd : type=1400 audit(0.0:17693): avc: denied { kill } for comm="swapper/1" capability=5 scontext=u:r:kernel:s0 tcontext=u:r:kernel:s0 tclass=capability permissive=0
12-10 06:09:19.155 0 0 I auditd : type=1400 audit(0.0:17694): avc: denied { kill } for comm="swapper/1" capability=5 scontext=u:r:kernel:s0 tcontext=u:r:kernel:s0 tclass=capability permissive=0
12-10 06:09:21.155 0 0 I auditd : type=1400 audit(0.0:17695): avc: denied { kill } for comm="swapper/1" capability=5 scontext=u:r:kernel:s0 tcontext=u:r:kernel:s0 tclass=capability permissive=0
12-10 06:09:22.155 0 0 I auditd : type=1400 audit(0.0:17696): avc: denied { kill } for comm="swapper/1" capability=5 scontext=u:r:kernel:s0 tcontext=u:r:kernel:s0 tclass=capability permissive=0
12-10 06:09:23.155 0 0 I auditd : type=1400 audit(0.0:17697): avc: denied { kill } for comm="swapper/1" capability=5 scontext=u:r:kernel:s0 tcontext=u:r:kernel:s0 tclass=capability permissive=0
12-10 06:09:25.155 0 0 I auditd : type=1400 audit(0.0:17698): avc: denied { kill } for comm="swapper/1" capability=5 scontext=u:r:kernel:s0 tcontext=u:r:kernel:s0 tclass=capability permissive=0
12-10 06:09:26.155 0 0 I auditd : type=1400 audit(0.0:17699): avc: denied { kill } for comm="swapper/1" capability=5 scontext=u:r:kernel:s0 tcontext=u:r:kernel:s0 tclass=capability permissive=0
12-10 06:09:27.155 0 0 I auditd : type=1400 audit(0.0:17700): avc: denied { kill } for comm="swapper/1" capability=5 scontext=u:r:kernel:s0 tcontext=u:r:kernel:s0 tclass=capability permissive=0
12-10 06:09:28.155 0 0 I auditd : type=1400 audit(0.0:17701): avc: denied { kill } for comm="swapper/1" capability=5 scontext=u:r:kernel:s0 tcontext=u:r:kernel:s0 tclass=capability permissive=0
12-10 06:09:29.155 0 0 I auditd : type=1400 audit(0.0:17702): avc: denied { kill } for comm="swapper/1" capability=5 scontext=u:r:kernel:s0 tcontext=u:r:kernel:s0 tclass=capability permissive=0
12-10 06:09:30.155 0 0 I auditd : type=1400 audit(0.0:17703): avc: denied { kill } for comm="swapper/1" capability=5 scontext=u:r:kernel:s0 tcontext=u:r:kernel:s0 tclass=capability permissive=0
12-10 06:09:30.414 1507 1819 I netstats_mobile_sample: [0,0,0,0,0,0,0,0,0,0,0,0,1670623770414]
12-10 06:09:30.415 1507 1819 I netstats_wifi_sample: [5715192,13155,11517859,27892,5715192,13155,11517859,27892,7491395,25531,5799947,14594,1670623770414]
12-10 06:09:30.418 1507 1581 I am_pss : [14020,10052,com.thundercomm.screensaver,62750720,57278464,0,178778112,0,2,11]
12-10 06:09:31.155 0 0 I auditd : type=1400 audit(0.0:17704): avc: denied { kill } for comm="swapper/1" capability=5 scontext=u:r:kernel:s0 tcontext=u:r:kernel:s0 tclass=capability permissive=0
12-10 06:09:32.155 0 0 I auditd : type=1400 audit(0.0:17705): avc: denied { kill } for comm="swapper/1" capability=5 scontext=u:r:kernel:s0 tcontext=u:r:kernel:s0 tclass=capability permissive=0
12-10 06:09:32.931 500 512 I auditd : type=1401 audit(0.0:17706): op=security_compute_sid invalid_context=u:r:np_thundercomm_tlog_pstore:s0 scontext=u:r:init:s0 tcontext=u:object_r:np_thundercomm_tlog_pstore_exec:s0 tclass=process
12-10 06:09:33.155 0 0 I auditd : type=1400 audit(0.0:17707): avc: denied { kill } for comm="swapper/1" capability=5 scontext=u:r:kernel:s0 tcontext=u:r:kernel:s0 tclass=capability permissive=0
12-10 06:09:34.155 0 0 I auditd : type=1400 audit(0.0:17708): avc: denied { kill } for comm="swapper/1" capability=5 scontext=u:r:kernel:s0 tcontext=u:r:kernel:s0 tclass=capability permissive=0
12-10 06:09:35.155 0 0 I auditd : type=1400 audit(0.0:17709): avc: denied { kill } for comm="swapper/1" capability=5 scontext=u:r:kernel:s0 tcontext=u:r:kernel:s0 tclass=capability permissive=0
12-10 06:09:35.299 14114 14114 I auditd : type=1400 audit(0.0:17710): avc: denied { read } for comm="ls" name="/" dev="dm-5" ino=2 scontext=u:r:system_app:s0 tcontext=u:object_r:rootfs:s0 tclass=dir permissive=0
12-10 06:09:35.347 14118 14118 I auditd : type=1400 audit(0.0:17711): avc: denied { read } for comm="ls" name="/" dev="dm-5" ino=2 scontext=u:r:system_app:s0 tcontext=u:object_r:rootfs:s0 tclass=dir permissive=0
12-10 06:09:37.155 0 0 I auditd : type=1400 audit(0.0:17712): avc: denied { kill } for comm="swapper/1" capability=5 scontext=u:r:kernel:s0 tcontext=u:r:kernel:s0 tclass=capability permissive=0
12-10 06:09:38.155 0 0 I auditd : type=1400 audit(0.0:17713): avc: denied { kill } for comm="swapper/1" capability=5 scontext=u:r:kernel:s0 tcontext=u:r:kernel:s0 tclass=capability permissive=0
12-10 06:09:39.155 0 0 I auditd : type=1400 audit(0.0:17714): avc: denied { kill } for comm="swapper/1" capability=5 scontext=u:r:kernel:s0 tcontext=u:r:kernel:s0 tclass=capability permissive=0
12-10 06:09:40.155 0 0 I auditd : type=1400 audit(0.0:17715): avc: denied { kill } for comm="swapper/1" capability=5 scontext=u:r:kernel:s0 tcontext=u:r:kernel:s0 tclass=capability permissive=0
12-10 06:09:41.155 0 0 I auditd : type=1400 audit(0.0:17716): avc: denied { kill } for comm="swapper/1" capability=5 scontext=u:r:kernel:s0 tcontext=u:r:kernel:s0 tclass=capability permissive=0
12-10 06:09:42.155 0 0 I auditd : type=1400 audit(0.0:17717): avc: denied { kill } for comm="swapper/1" capability=5 scontext=u:r:kernel:s0 tcontext=u:r:kernel:s0 tclass=capability permissive=0
12-10 06:09:43.155 0 0 I auditd : type=1400 audit(0.0:17718): avc: denied { kill } for comm="swapper/1" capability=5 scontext=u:r:kernel:s0 tcontext=u:r:kernel:s0 tclass=capability permissive=0
12-10 06:09:44.012 1507 1583 I am_uid_idle: 10068
12-10 06:09:44.155 0 0 I auditd : type=1400 audit(0.0:17719): avc: denied { kill } for comm="swapper/1" capability=5 scontext=u:r:kernel:s0 tcontext=u:r:kernel:s0 tclass=capability permissive=0
12-10 06:09:45.155 0 0 I auditd : type=1400 audit(0.0:17720): avc: denied { kill } for comm="swapper/1" capability=5 scontext=u:r:kernel:s0 tcontext=u:r:kernel:s0 tclass=capability permissive=0
12-10 06:09:46.155 0 0 I auditd : type=1400 audit(0.0:17721): avc: denied { kill } for comm="swapper/1" capability=5 scontext=u:r:kernel:s0 tcontext=u:r:kernel:s0 tclass=capability permissive=0
12-10 06:09:47.155 0 0 I auditd : type=1400 audit(0.0:17722): avc: denied { kill } for comm="swapper/1" capability=5 scontext=u:r:kernel:s0 tcontext=u:r:kernel:s0 tclass=capability permissive=0
12-10 06:09:48.155 0 0 I auditd : type=1400 audit(0.0:17723): avc: denied { kill } for comm="swapper/1" capability=5 scontext=u:r:kernel:s0 tcontext=u:r:kernel:s0 tclass=capability permissive=0
12-10 06:09:49.155 0 0 I auditd : type=1400 audit(0.0:17724): avc: denied { kill } for comm="swapper/1" capability=5 scontext=u:r:kernel:s0 tcontext=u:r:kernel:s0 tclass=capability permissive=0
12-10 06:09:50.155 0 0 I auditd : type=1400 audit(0.0:17725): avc: denied { kill } for comm="swapper/1" capability=5 scontext=u:r:kernel:s0 tcontext=u:r:kernel:s0 tclass=capability permissive=0
12-10 06:09:51.155 0 0 I auditd : type=1400 audit(0.0:17726): avc: denied { kill } for comm="swapper/1" capability=5 scontext=u:r:kernel:s0 tcontext=u:r:kernel:s0 tclass=capability permissive=0
12-10 06:09:52.155 0 0 I auditd : type=1400 audit(0.0:17727): avc: denied { kill } for comm="swapper/1" capability=5 scontext=u:r:kernel:s0 tcontext=u:r:kernel:s0 tclass=capability permissive=0
12-10 06:09:53.155 0 0 I auditd : type=1400 audit(0.0:17728): avc: denied { kill } for comm="swapper/1" capability=5 scontext=u:r:kernel:s0 tcontext=u:r:kernel:s0 tclass=capability permissive=0
12-10 06:09:54.155 0 0 I auditd : type=1400 audit(0.0:17729): avc: denied { kill } for comm="swapper/1" capability=5 scontext=u:r:kernel:s0 tcontext=u:r:kernel:s0 tclass=capability permissive=0
12-10 06:09:55.155 0 0 I auditd : type=1400 audit(0.0:17730): avc: denied { kill } for comm="swapper/1" capability=5 scontext=u:r:kernel:s0 tcontext=u:r:kernel:s0 tclass=capability permissive=0
12-10 06:09:56.155 0 0 I auditd : type=1400 audit(0.0:17731): avc: denied { kill } for comm="swapper/1" capability=5 scontext=u:r:kernel:s0 tcontext=u:r:kernel:s0 tclass=capability permissive=0
12-10 06:10:00.155 0 0 I auditd : type=1400 audit(0.0:17732): avc: denied { kill } for comm="swapper/1" capability=5 scontext=u:r:kernel:s0 tcontext=u:r:kernel:s0 tclass=capability permissive=0
12-10 06:10:02.155 0 0 I auditd : type=1400 audit(0.0:17733): avc: denied { kill } for comm="swapper/1" capability=5 scontext=u:r:kernel:s0 tcontext=u:r:kernel:s0 tclass=capability permissive=0
12-10 06:10:03.155 0 0 I auditd : type=1400 audit(0.0:17734): avc: denied { kill } for comm="swapper/1" capability=5 scontext=u:r:kernel:s0 tcontext=u:r:kernel:s0 tclass=capability permissive=0
12-10 06:10:04.155 0 0 I auditd : type=1400 audit(0.0:17735): avc: denied { kill } for comm="swapper/1" capability=5 scontext=u:r:kernel:s0 tcontext=u:r:kernel:s0 tclass=capability permissive=0
12-10 06:10:05.155 0 0 I auditd : type=1400 audit(0.0:17736): avc: denied { kill } for comm="swapper/1" capability=5 scontext=u:r:kernel:s0 tcontext=u:r:kernel:s0 tclass=capability permissive=0
12-10 06:10:06.155 0 0 I auditd : type=1400 audit(0.0:17737): avc: denied { kill } for comm="swapper/1" capability=5 scontext=u:r:kernel:s0 tcontext=u:r:kernel:s0 tclass=capability permissive=0
12-10 06:10:07.155 0 0 I auditd : type=1400 audit(0.0:17738): avc: denied { kill } for comm="swapper/1" capability=5 scontext=u:r:kernel:s0 tcontext=u:r:kernel:s0 tclass=capability permissive=0
12-10 06:10:08.155 0 0 I auditd : type=1400 audit(0.0:17739): avc: denied { kill } for comm="swapper/1" capability=5 scontext=u:r:kernel:s0 tcontext=u:r:kernel:s0 tclass=capability permissive=0
12-10 06:10:09.155 0 0 I auditd : type=1400 audit(0.0:17740): avc: denied { kill } for comm="swapper/1" capability=5 scontext=u:r:kernel:s0 tcontext=u:r:kernel:s0 tclass=capability permissive=0
12-10 06:10:10.155 0 0 I auditd : type=1400 audit(0.0:17741): avc: denied { kill } for comm="swapper/1" capability=5 scontext=u:r:kernel:s0 tcontext=u:r:kernel:s0 tclass=capability permissive=0
12-10 06:10:11.155 13831 13831 I auditd : type=1400 audit(0.0:17742): avc: denied { kill } for comm="kworker/u16:10" capability=5 scontext=u:r:kernel:s0 tcontext=u:r:kernel:s0 tclass=capability permissive=0
12-10 06:10:11.778 1507 1736 I input_interaction: Interaction with: 4a06fe7 com.thundercomm.screensaver/android.service.dreams.DreamActivity (server), edge-swipe (server), swipe-up (server), PointerEventDispatcher0 (server),
12-10 06:10:11.782 1507 11870 I wm_finish_activity: [0,78796677,131,com.thundercomm.screensaver/android.service.dreams.DreamActivity,finish-activity]
12-10 06:10:11.782 1507 11870 I wm_task_moved: [129,1,8]
12-10 06:10:11.782 1507 11870 I wm_task_to_front: [0,129]
12-10 06:10:11.784 1507 11870 I wm_set_resumed_activity: [0,com.android.deskclock/.DeskClock,positionChildAt]
12-10 06:10:11.784 1507 11870 I wm_focused_root_task: [0,0,129,131,finish-top adjustFocusToNextFocusableTask]
12-10 06:10:11.785 1507 11870 I wm_set_resumed_activity: [0,com.android.deskclock/.DeskClock,finish-top]
12-10 06:10:11.786 1507 11870 I wm_pause_activity: [0,78796677,com.thundercomm.screensaver/android.service.dreams.DreamActivity,userLeaving=false,finish]
12-10 06:10:11.788 1507 11870 W WindowManager: updateScale0.7996942
12-10 06:10:11.797 1507 11870 I DreamManagerService: Gently waking up from dream.
12-10 06:10:11.799 1507 1568 I sysui_multi_action: [757,803,799,window_time_0,802,94]
12-10 06:10:11.800 14020 14020 I wm_on_top_resumed_lost_called: [78796677,android.service.dreams.DreamActivity,topStateChangedWhenResumed]
12-10 06:10:11.801 14020 14020 I wm_on_paused_called: [78796677,android.service.dreams.DreamActivity,performPause]
12-10 06:10:11.801 13893 13893 I wm_on_top_resumed_gained_called: [7704750,com.android.deskclock.DeskClock,topStateChangedWhenResumed]
12-10 06:10:11.801 1507 1564 I DreamManagerService: Performing gentle wake from dream.
12-10 06:10:11.803 1507 9362 I ActivityTaskManager: FOREGROUND_APPLICATION_CHANGED to com.android.settings.homepage.SettingsHomepageActivity
12-10 06:10:11.807 1507 9362 I wm_resume_activity: [0,160875417,128,com.android.settings/.Settings]
12-10 06:10:11.808 1507 9362 I ActivityTaskManager: FOREGROUND_APPLICATION_CHANGED to com.android.deskclock.DeskClock
12-10 06:10:11.814 1507 9362 W WindowManager: updateScale0.7996942
12-10 06:10:11.822 1507 9362 W WindowManager: updateScale0.7996942
12-10 06:10:11.824 1507 1568 I sysui_multi_action: [757,803,799,window_time_2,802,0]
12-10 06:10:11.825 1507 1568 W WindowManager: updateScale0.7996942
12-10 06:10:11.825 13833 13833 I wm_on_restart_called: [160875417,com.android.settings.Settings,performRestartActivity]
12-10 06:10:11.826 1507 1568 W WindowManager: updateScale0.7996942
12-10 06:10:11.826 8492 8527 W ContextImpl: Calling a method in the system process without a qualified user: android.app.ContextImpl.startService:1816 android.content.ContextWrapper.startService:774 com.thundercomm.gamemode.ingame.services.GameModeActionUtils.startGameModeService:99 com.thundercomm.gamemode.ingame.services.GameModeActionUtils.startGameModeEntry:22 com.thundercomm.gamemode.ingame.services.ActivityMonitoringService$1.onActivityLaunch:127
12-10 06:10:11.827 1507 1569 I input_focus: [Focus request 1cd006b com.android.deskclock/com.android.deskclock.DeskClock,reason=UpdateInputWindows]
12-10 06:10:11.828 1507 1568 W WindowManager: updateScale0.7996942
12-10 06:10:11.834 14020 14020 I view_enqueue_input_event: [Motion - Cancel,com.thundercomm.screensaver/android.service.dreams.DreamActivity]
12-10 06:10:11.835 1507 1736 I input_focus: [Focus leaving 4a06fe7 com.thundercomm.screensaver/android.service.dreams.DreamActivity (server),reason=NO_WINDOW]
12-10 06:10:11.835 1507 1736 I input_focus: [Focus entering 1cd006b com.android.deskclock/com.android.deskclock.DeskClock (server),reason=setFocusedWindow]
12-10 06:10:11.843 1507 1507 I GameModeConfig: Current uri is uri = content://com.thundercomm.gamemode.api/gamemode_settings/gamemode_isgaming
12-10 06:10:11.844 1507 1507 I am_uid_active: 10068
12-10 06:10:11.848 1507 1507 I GameModeConfig: isGameModeOn = true
12-10 06:10:11.848 1507 1507 I GameModeConfig: isGaming = false
12-10 06:10:11.848 1507 1507 I GameModeConfig: isGameModeOn = true
12-10 06:10:11.848 1507 1507 I GameModeConfig: isGaming = false
12-10 06:10:11.848 1507 1507 I GameModeConfig: isDisableVoice = true
12-10 06:10:11.851 13833 13833 I wm_on_start_called: [160875417,com.android.settings.Settings,handleStartActivity]
12-10 06:10:11.852 13833 13833 I snet_event_log: [120484087,-1,]
12-10 06:10:11.852 13833 13833 I wm_on_resume_called: [160875417,com.android.settings.Settings,RESUME_ACTIVITY]
12-10 06:10:11.852 13833 13833 I sysui_multi_action: [757,35,758,1,833,0,1089,0]
12-10 06:10:11.864 13833 13833 I sysui_multi_action: [757,746,758,1,833,0,1089,0]
12-10 06:10:11.864 1507 5859 D TelephonyRegistry: listen oscl: mHasNotifySubscriptionInfoChangedOccurred==false no callback
12-10 06:10:11.865 8492 8527 W ContextImpl: Calling a method in the system process without a qualified user: android.app.ContextImpl.startService:1816 android.content.ContextWrapper.startService:774 com.thundercomm.gamemode.ingame.services.GameModeActionUtils.startGameModeService:99 com.thundercomm.gamemode.ingame.services.GameModeActionUtils.startGameModeEntry:22 com.thundercomm.gamemode.ingame.services.ActivityMonitoringService$1.onActivityLaunch:127
12-10 06:10:11.869 1507 1507 I GameModeConfig: Current uri is uri = content://com.thundercomm.gamemode.api/gamemode_settings/gamemode_isgaming
12-10 06:10:11.870 1507 1965 D TelephonyRegistry: listen oscl: mHasNotifySubscriptionInfoChangedOccurred==false no callback
12-10 06:10:11.871 1507 1507 I GameModeConfig: isGameModeOn = true
12-10 06:10:11.871 1507 1507 I GameModeConfig: isGaming = false
12-10 06:10:11.872 1507 1507 I GameModeConfig: isGameModeOn = true
12-10 06:10:11.872 1507 1507 I GameModeConfig: isGaming = false
12-10 06:10:11.872 1507 1507 I GameModeConfig: isDisableVoice = true
12-10 06:10:11.881 1507 5859 W WindowManager: updateScale0.7996942
12-10 06:10:11.907 1507 1569 W WindowManager: updateScale0.7996942
12-10 06:10:11.913 1507 1569 W WindowManager: updateScale0.7996942
12-10 06:10:11.914 1507 1569 W WindowManager: updateScale0.7996942
12-10 06:10:11.915 1507 1569 W WindowManager: updateScale0.7996942
12-10 06:10:11.920 1507 1613 I PowerManagerService: Powering on display group fromDreaming (groupId=0, uid=1000, reason=WAKE_REASON_UNKNOWN, details=android.server.power:DREAM_FINISHED)...
12-10 06:10:11.920 1507 1613 I PowerManagerService: Waking up from Dreaming (uid=1000, reason=WAKE_REASON_UNKNOWN, details=android.server.power:DREAM_FINISHED)...
12-10 06:10:11.933 8492 8527 W ContextImpl: Calling a method in the system process without a qualified user: android.app.ContextImpl.startService:1816 android.content.ContextWrapper.startService:774 com.thundercomm.gamemode.ingame.services.GameModeActionUtils.startGameModeService:99 com.thundercomm.gamemode.ingame.services.GameModeActionUtils.startGameModeEntry:22 com.thundercomm.gamemode.ingame.services.ActivityMonitoringService$1.onActivityLaunch:127
12-10 06:10:11.939 1507 1507 I GameModeConfig: Current uri is uri = content://com.thundercomm.gamemode.api/gamemode_settings/gamemode_isgaming
12-10 06:10:11.942 1507 1507 I GameModeConfig: isGameModeOn = true
12-10 06:10:11.942 1507 1507 I GameModeConfig: isGaming = false
12-10 06:10:11.942 1507 1507 I GameModeConfig: isGameModeOn = true
12-10 06:10:11.942 1507 1507 I GameModeConfig: isGaming = false
12-10 06:10:11.942 1507 1507 I GameModeConfig: isDisableVoice = true
12-10 06:10:11.945 1507 1581 I am_pss : [13893,10069,com.android.deskclock,50264064,44802048,0,170807296,0,2,8]
12-10 06:10:11.947 1507 12191 I wm_destroy_activity: [0,78796677,131,com.thundercomm.screensaver/android.service.dreams.DreamActivity,finish-idle]
12-10 06:10:11.948 14020 14020 I wm_on_stop_called: [78796677,android.service.dreams.DreamActivity,LIFECYCLER_STOP_ACTIVITY]
12-10 06:10:11.949 14020 14020 I wm_on_destroy_called: [78796677,android.service.dreams.DreamActivity,performDestroy]
12-10 06:10:11.952 1507 12191 I DreamManagerService: Leaving dreamland.
12-10 06:10:11.953 1507 1564 I DreamManagerService: Performing gentle wake from dream.
12-10 06:10:11.953 1507 1564 I DreamController: Stopping dream: name=ComponentInfo{com.thundercomm.screensaver/com.thundercomm.saverclock.service.ClockScreensaver}, isTest=false, canDoze=false, userId=0, reason='finished self'(from 'finished self')
12-10 06:10:11.953 1507 1564 I sysui_multi_action: [757,222,758,2]
12-10 06:10:11.954 1507 1564 I sysui_multi_action: [757,804,799,dreaming_minutes,801,1,802,1]
12-10 06:10:11.958 1507 1965 W WindowManager: updateScale0.7996942
12-10 06:10:12.423 1507 1569 W WindowManager: updateScale0.7996942
12-10 06:10:12.426 1507 1569 W WindowManager: updateScale0.7996942
12-10 06:10:12.436 1507 1569 I wm_task_removed: [131,removeChild:removeChild last r=ActivityRecord{4b25785 u0 com.thundercomm.screensaver/android.service.dreams.DreamActivity t-1 f}} in t=Task{2fcadc4 #131 type=dream A=10052:android:com.thundercomm.screensaver/dream U=0 visible=false mode=fullscreen translucent=true sz=0}]
12-10 06:10:12.436 1507 1569 I wm_task_removed: [131,removeChild]
12-10 06:10:12.438 1507 1569 W ActivityTaskManager: Can't find TaskDisplayArea to determine support for multi window. Task id=131 attached=false
12-10 06:10:12.439 1507 1569 W WindowManager: updateScale0.7996942
12-10 06:10:13.759 1507 1736 I input_interaction: Interaction with: 1cd006b com.android.deskclock/com.android.deskclock.DeskClock (server), edge-swipe (server), swipe-up (server), PointerEventDispatcher0 (server),
12-10 06:10:13.896 1507 12191 I wm_finish_activity: [0,7704750,129,com.android.deskclock/.DeskClock,finish-activity]
12-10 06:10:13.896 1507 12191 I wm_task_moved: [128,1,8]
12-10 06:10:13.897 1507 12191 I wm_task_to_front: [0,128]
12-10 06:10:13.899 1507 12191 I wm_set_resumed_activity: [0,com.android.settings/.Settings,positionChildAt]
12-10 06:10:13.899 1507 12191 I wm_focused_root_task: [0,0,128,129,finish-top adjustFocusToNextFocusableTask]
12-10 06:10:13.899 1507 12191 I wm_set_resumed_activity: [0,com.android.settings/.Settings,finish-top]
12-10 06:10:13.907 1507 12191 I wm_pause_activity: [0,7704750,com.android.deskclock/.DeskClock,userLeaving=false,finish]
12-10 06:10:13.912 1507 1569 I input_focus: [Focus request 880b340 com.android.settings/com.android.settings.Settings,reason=UpdateInputWindows]
12-10 06:10:13.914 13893 13893 I wm_on_top_resumed_lost_called: [7704750,com.android.deskclock.DeskClock,topStateChangedWhenResumed]
12-10 06:10:13.918 13893 13893 I wm_on_paused_called: [7704750,com.android.deskclock.DeskClock,performPause]
12-10 06:10:13.918 13833 13833 I wm_on_top_resumed_gained_called: [160875417,com.android.settings.Settings,topStateChangedWhenResumed]
12-10 06:10:13.922 1507 1965 I ActivityTaskManager: FOREGROUND_APPLICATION_CHANGED to com.android.settings.homepage.SettingsHomepageActivity
12-10 06:10:13.923 1507 1965 I wm_destroy_activity: [0,7704750,129,com.android.deskclock/.DeskClock,finish-imm:completePausedLocked]
12-10 06:10:13.931 1507 1568 I sysui_multi_action: [757,803,799,window_time_2,802,2]
12-10 06:10:13.938 1507 2719 E TaskPersister: File error accessing recents directory (directory doesn't exist?).
12-10 06:10:13.940 1507 1568 I sysui_multi_action: [757,803,799,window_time_0,802,0]
12-10 06:10:13.944 1507 1736 I input_focus: [Focus leaving 1cd006b com.android.deskclock/com.android.deskclock.DeskClock (server),reason=NO_WINDOW]
12-10 06:10:13.944 1507 1736 I input_focus: [Focus entering 880b340 com.android.settings/com.android.settings.Settings (server),reason=setFocusedWindow]
12-10 06:10:13.948 8492 8527 W ContextImpl: Calling a method in the system process without a qualified user: android.app.ContextImpl.startService:1816 android.content.ContextWrapper.startService:774 com.thundercomm.gamemode.ingame.services.GameModeActionUtils.startGameModeService:99 com.thundercomm.gamemode.ingame.services.GameModeActionUtils.startGameModeEntry:22 com.thundercomm.gamemode.ingame.services.ActivityMonitoringService$1.onActivityLaunch:127
12-10 06:10:13.952 13893 13893 I wm_on_stop_called: [7704750,com.android.deskclock.DeskClock,LIFECYCLER_STOP_ACTIVITY]
12-10 06:10:13.956 1507 1507 I GameModeConfig: Current uri is uri = content://com.thundercomm.gamemode.api/gamemode_settings/gamemode_isgaming
