12-10 06:14:24.372 1507 1909 I GameModeConfig: isGameModeOn = true
12-10 06:14:24.372 1507 1909 I GameModeConfig: isGaming = false
12-10 06:14:24.577 1507 1736 I input_interaction: Interaction with: 51227b0 com.android.deskclock/com.android.deskclock.DeskClock (server), edge-swipe (server), swipe-up (server), PointerEventDispatcher0 (server),
12-10 06:14:25.111 1507 1568 W WindowManager: updateScale0.4617737
12-10 06:14:25.113 1507 1568 I wm_relaunch_resume_activity: [0,28595287,137,com.android.deskclock/.DeskClock]
12-10 06:14:25.115 1507 1568 W WindowManager: updateScale0.4617737
12-10 06:14:25.119 13893 13893 I wm_on_top_resumed_lost_called: [28595287,com.android.deskclock.DeskClock,pausing]
12-10 06:14:25.122 13893 13893 I wm_on_paused_called: [28595287,com.android.deskclock.DeskClock,performPause]
12-10 06:14:25.124 13893 13893 I wm_on_stop_called: [28595287,com.android.deskclock.DeskClock,handleRelaunchActivity]
12-10 06:14:25.133 13893 13893 I wm_on_destroy_called: [28595287,com.android.deskclock.DeskClock,performDestroy]
12-10 06:14:25.158 1507 6852 I ActivityTaskManager: START u0 {act=android.content.pm.action.REQUEST_PERMISSIONS pkg=com.android.permissioncontroller cmp=com.android.permissioncontroller/.permission.ui.GrantPermissionsActivity (has extras)} from uid 10069
12-10 06:14:25.155 0 0 I auditd : type=1400 audit(0.0:18064): avc: denied { kill } for comm="swapper/3" capability=5 scontext=u:r:kernel:s0 tcontext=u:r:kernel:s0 tclass=capability permissive=0
12-10 06:14:25.161 1507 6852 I wm_task_moved: [137,1,7]
12-10 06:14:25.161 1507 6852 I wm_set_resumed_activity: [0,com.android.deskclock/.DeskClock,positionChildAt]
12-10 06:14:25.161 1507 6852 I wm_create_activity: [0,105988017,137,com.android.permissioncontroller/.permission.ui.GrantPermissionsActivity,android.content.pm.action.REQUEST_PERMISSIONS,NULL,NULL,8388608]
12-10 06:14:25.162 1507 6852 I wm_pause_activity: [0,28595287,com.android.deskclock/.DeskClock,userLeaving=true,resumeTopActivityInnerLocked]
12-10 06:14:25.164 1507 6852 W WindowManager: updateScale0.4617737
12-10 06:14:25.191 13893 13893 I wm_on_create_called: [28595287,com.android.deskclock.DeskClock,performCreate]
12-10 06:14:25.212 13893 13893 I wm_on_start_called: [28595287,com.android.deskclock.DeskClock,handleStartActivity]
12-10 06:14:25.213 13893 13893 I wm_on_resume_called: [28595287,com.android.deskclock.DeskClock,RESUME_ACTIVITY]
12-10 06:14:25.214 13893 13893 I wm_on_top_resumed_gained_called: [28595287,com.android.deskclock.DeskClock,topWhenResuming]
12-10 06:14:25.219 1507 6852 W WindowManager: updateScale0.4617737
12-10 06:14:25.220 1507 6852 W WindowManager: updateScale0.4617737
12-10 06:14:25.242 13893 13893 I wm_on_top_resumed_lost_called: [28595287,com.android.deskclock.DeskClock,topStateChangedWhenResumed]
12-10 06:14:25.242 13893 13893 I wm_on_paused_called: [28595287,com.android.deskclock.DeskClock,performPause]
12-10 06:14:25.243 1507 6852 I ActivityTaskManager: FOREGROUND_APPLICATION_CHANGED to com.android.permissioncontroller.permission.ui.GrantPermissionsActivity
12-10 06:14:25.243 1507 6852 I ActivityTaskManager: The Process com.android.permissioncontroller Already Exists in BG. So sending its PID: 12461
12-10 06:14:25.243 1507 6852 W ActivityTaskManager: Tried to set launchTime (0) < mLastActivityLaunchTime (16511950)
12-10 06:14:25.243 1507 6852 I wm_restart_activity: [0,105988017,137,com.android.permissioncontroller/.permission.ui.GrantPermissionsActivity]
12-10 06:14:25.244 1507 6852 I wm_set_resumed_activity: [0,com.android.permissioncontroller/.permission.ui.GrantPermissionsActivity,minimalResumeActivityLocked]
12-10 06:14:25.254 1507 1568 I sysui_multi_action: [757,803,799,window_time_2,802,2]
12-10 06:14:25.262 8492 8527 W ContextImpl: Calling a method in the system process without a qualified user: android.app.ContextImpl.startService:1816 android.content.ContextWrapper.startService:774 com.thundercomm.gamemode.ingame.services.GameModeActionUtils.startGameModeService:99 com.thundercomm.gamemode.ingame.services.GameModeActionUtils.startGameModeEntry:22 com.thundercomm.gamemode.ingame.services.ActivityMonitoringService$1.onActivityLaunch:127
12-10 06:14:25.269 12461 12461 I wm_on_create_called: [105988017,com.android.permissioncontroller.permission.ui.GrantPermissionsActivity,performCreate]
12-10 06:14:25.269 12461 12461 I wm_on_start_called: [105988017,com.android.permissioncontroller.permission.ui.GrantPermissionsActivity,handleStartActivity]
12-10 06:14:25.270 12461 12461 I wm_on_resume_called: [105988017,com.android.permissioncontroller.permission.ui.GrantPermissionsActivity,RESUME_ACTIVITY]
12-10 06:14:25.271 1507 1507 I GameModeConfig: Current uri is uri = content://com.thundercomm.gamemode.api/gamemode_settings/gamemode_isgaming
12-10 06:14:25.272 12461 12461 I wm_on_top_resumed_gained_called: [105988017,com.android.permissioncontroller.permission.ui.GrantPermissionsActivity,topStateChangedWhenResumed]
12-10 06:14:25.274 1507 1507 I GameModeConfig: isGameModeOn = true
12-10 06:14:25.274 1507 1507 I GameModeConfig: isGaming = false
12-10 06:14:25.275 1507 1507 I GameModeConfig: isGameModeOn = true
12-10 06:14:25.275 1507 1507 I GameModeConfig: isGaming = false
12-10 06:14:25.275 1507 1507 I GameModeConfig: isDisableVoice = true
12-10 06:14:25.281 1507 6852 W WindowManager: updateScale0.4617737
12-10 06:14:25.281 1507 6852 W WindowManager: updateScale0.4617737
12-10 06:14:25.284 1507 1569 I input_focus: [Focus request 8319e34 com.android.permissioncontroller/com.android.permissioncontroller.permission.ui.GrantPermissionsActivity,reason=UpdateInputWindows]
12-10 06:14:25.286 1507 1569 W WindowManager: updateScale0.4617737
12-10 06:14:25.286 1507 1569 W WindowManager: updateScale0.4617737
12-10 06:14:25.288 1507 1569 W WindowManager: updateScale0.4617737
12-10 06:14:25.288 1507 1569 W WindowManager: updateScale0.4617737
12-10 06:14:25.290 1507 2038 I wm_finish_activity: [0,105988017,137,com.android.permissioncontroller/.permission.ui.GrantPermissionsActivity,app-request]
12-10 06:14:25.292 1507 1564 I sysui_multi_action: [319,129,322,129,325,16514,757,761,758,8,759,2,806,com.android.permissioncontroller,871,com.android.permissioncontroller.permission.ui.GrantPermissionsActivity,904,com.android.deskclock,905,0,1320,8,1321,5]
12-10 06:14:25.294 1507 1564 I wm_activity_launch_time: [0,105988017,com.android.permissioncontroller/.permission.ui.GrantPermissionsActivity,129]
12-10 06:14:25.295 1507 2038 I wm_pause_activity: [0,105988017,com.android.permissioncontroller/.permission.ui.GrantPermissionsActivity,userLeaving=false,finish]
12-10 06:14:25.296 1507 1736 I input_focus: [Focus leaving 51227b0 com.android.deskclock/com.android.deskclock.DeskClock (server),reason=setFocusedWindow]
12-10 06:14:25.296 1507 1736 I input_focus: [Focus entering 8319e34 com.android.permissioncontroller/com.android.permissioncontroller.permission.ui.GrantPermissionsActivity (server),reason=setFocusedWindow]
12-10 06:14:25.299 12461 12461 I wm_on_top_resumed_lost_called: [105988017,com.android.permissioncontroller.permission.ui.GrantPermissionsActivity,topStateChangedWhenResumed]
12-10 06:14:25.301 12461 12461 I wm_on_paused_called: [105988017,com.android.permissioncontroller.permission.ui.GrantPermissionsActivity,performPause]
12-10 06:14:25.302 1507 2157 I ActivityTaskManager: FOREGROUND_APPLICATION_CHANGED to com.android.deskclock.DeskClock
12-10 06:14:25.302 1507 2157 I wm_set_resumed_activity: [0,com.android.deskclock/.DeskClock,resumeTopActivityInnerLocked]
12-10 06:14:25.303 1507 2157 I wm_resume_activity: [0,28595287,137,com.android.deskclock/.DeskClock]
12-10 06:14:25.312 1507 2157 W WindowManager: updateScale0.4617737
12-10 06:14:25.313 13893 13893 I wm_on_activity_result_called: [28595287,com.android.deskclock.DeskClock,ACTIVITY_RESULT]
12-10 06:14:25.313 13893 13893 I wm_on_resume_called: [28595287,com.android.deskclock.DeskClock,RESUME_ACTIVITY]
12-10 06:14:25.314 13893 13893 I wm_on_top_resumed_gained_called: [28595287,com.android.deskclock.DeskClock,topWhenResuming]
12-10 06:14:25.315 1507 1569 I input_focus: [Focus request 51227b0 com.android.deskclock/com.android.deskclock.DeskClock,reason=UpdateInputWindows]
12-10 06:14:25.315 1507 1736 I input_focus: [Focus leaving 8319e34 com.android.permissioncontroller/com.android.permissioncontroller.permission.ui.GrantPermissionsActivity (server),reason=NO_WINDOW]
12-10 06:14:25.317 1507 1568 I sysui_multi_action: [757,803,799,window_time_2,802,0]
12-10 06:14:25.327 1507 6852 W WindowManager: updateScale0.4617737
12-10 06:14:25.333 1507 1736 I input_focus: [Focus entering 51227b0 com.android.deskclock/com.android.deskclock.DeskClock (server),reason=setFocusedWindow]
12-10 06:14:25.333 1507 6852 I wm_destroy_activity: [0,105988017,137,com.android.permissioncontroller/.permission.ui.GrantPermissionsActivity,finish-idle]
12-10 06:14:25.335 12461 12461 I wm_on_stop_called: [105988017,com.android.permissioncontroller.permission.ui.GrantPermissionsActivity,LIFECYCLER_STOP_ACTIVITY]
12-10 06:14:25.335 12461 12461 I wm_on_destroy_called: [105988017,com.android.permissioncontroller.permission.ui.GrantPermissionsActivity,performDestroy]
12-10 06:14:25.340 1507 6852 W WindowManager: updateScale0.4617737
12-10 06:14:25.350 8492 8527 W ContextImpl: Calling a method in the system process without a qualified user: android.app.ContextImpl.startService:1816 android.content.ContextWrapper.startService:774 com.thundercomm.gamemode.ingame.services.GameModeActionUtils.startGameModeService:99 com.thundercomm.gamemode.ingame.services.GameModeActionUtils.startGameModeEntry:22 com.thundercomm.gamemode.ingame.services.ActivityMonitoringService$1.onActivityLaunch:127
12-10 06:14:25.355 1507 1507 I GameModeConfig: Current uri is uri = content://com.thundercomm.gamemode.api/gamemode_settings/gamemode_isgaming
12-10 06:14:25.358 1507 1507 I GameModeConfig: isGameModeOn = true
12-10 06:14:25.358 1507 1507 I GameModeConfig: isGaming = false
12-10 06:14:25.358 1507 1507 I GameModeConfig: isGameModeOn = true
12-10 06:14:25.358 1507 1507 I GameModeConfig: isGaming = false
12-10 06:14:25.359 1507 1507 I GameModeConfig: isDisableVoice = true
12-10 06:14:25.413 8492 8527 W ContextImpl: Calling a method in the system process without a qualified user: android.app.ContextImpl.startService:1816 android.content.ContextWrapper.startService:774 com.thundercomm.gamemode.ingame.services.GameModeActionUtils.startGameModeService:99 com.thundercomm.gamemode.ingame.services.GameModeActionUtils.startGameModeEntry:22 com.thundercomm.gamemode.ingame.services.ActivityMonitoringService$1.onActivityLaunch:127
12-10 06:14:25.418 1507 1507 I GameModeConfig: Current uri is uri = content://com.thundercomm.gamemode.api/gamemode_settings/gamemode_isgaming
12-10 06:14:25.420 1507 1507 I GameModeConfig: isGameModeOn = true
12-10 06:14:25.420 1507 1507 I GameModeConfig: isGaming = false
12-10 06:14:25.420 1507 1507 I GameModeConfig: isGameModeOn = true
12-10 06:14:25.420 1507 1507 I GameModeConfig: isGaming = false
12-10 06:14:25.420 1507 1507 I GameModeConfig: isDisableVoice = true
12-10 06:14:25.497 1507 1569 W WindowManager: updateScale0.4617737
12-10 06:14:25.513 1507 1569 W WindowManager: updateScale0.4617737
12-10 06:14:25.583 1507 1569 W WindowManager: updateScale0.4617737
12-10 06:14:25.866 1507 2719 E TaskPersister: File error accessing recents directory (directory doesn't exist?).
12-10 06:14:26.062 1507 6852 I wm_relaunch_resume_activity: [0,28595287,137,com.android.deskclock/.DeskClock]
12-10 06:14:26.065 1507 6852 W WindowManager: updateScale0.7996942
12-10 06:14:26.076 13893 13893 I wm_on_top_resumed_lost_called: [28595287,com.android.deskclock.DeskClock,pausing]
12-10 06:14:26.078 13893 13893 I wm_on_paused_called: [28595287,com.android.deskclock.DeskClock,performPause]
12-10 06:14:26.079 13893 13893 I wm_on_stop_called: [28595287,com.android.deskclock.DeskClock,handleRelaunchActivity]
12-10 06:14:26.087 13893 13893 I wm_on_destroy_called: [28595287,com.android.deskclock.DeskClock,performDestroy]
12-10 06:14:26.109 1507 6852 I ActivityTaskManager: START u0 {act=android.content.pm.action.REQUEST_PERMISSIONS pkg=com.android.permissioncontroller cmp=com.android.permissioncontroller/.permission.ui.GrantPermissionsActivity (has extras)} from uid 10069
12-10 06:14:26.112 1507 6852 I wm_task_moved: [137,1,7]
12-10 06:14:26.112 1507 6852 I wm_set_resumed_activity: [0,com.android.deskclock/.DeskClock,positionChildAt]
12-10 06:14:26.112 1507 6852 I wm_create_activity: [0,257034008,137,com.android.permissioncontroller/.permission.ui.GrantPermissionsActivity,android.content.pm.action.REQUEST_PERMISSIONS,NULL,NULL,8388608]
12-10 06:14:26.114 1507 6852 I wm_pause_activity: [0,28595287,com.android.deskclock/.DeskClock,userLeaving=true,resumeTopActivityInnerLocked]
12-10 06:14:26.115 1507 6852 W WindowManager: updateScale0.7996942
12-10 06:14:26.135 13893 13893 I wm_on_create_called: [28595287,com.android.deskclock.DeskClock,performCreate]
12-10 06:14:26.157 13893 13893 I wm_on_start_called: [28595287,com.android.deskclock.DeskClock,handleStartActivity]
12-10 06:14:26.157 13893 13893 I wm_on_resume_called: [28595287,com.android.deskclock.DeskClock,RESUME_ACTIVITY]
12-10 06:14:26.159 13893 13893 I wm_on_top_resumed_gained_called: [28595287,com.android.deskclock.DeskClock,topWhenResuming]
12-10 06:14:26.155 0 0 I auditd : type=1400 audit(0.0:18065): avc: denied { kill } for comm="swapper/3" capability=5 scontext=u:r:kernel:s0 tcontext=u:r:kernel:s0 tclass=capability permissive=0
12-10 06:14:26.166 1507 6852 W WindowManager: updateScale0.7996942
12-10 06:14:26.167 1507 6852 W WindowManager: updateScale0.7996942
12-10 06:14:26.198 13893 13893 I wm_on_top_resumed_lost_called: [28595287,com.android.deskclock.DeskClock,topStateChangedWhenResumed]
12-10 06:14:26.199 13893 13893 I wm_on_paused_called: [28595287,com.android.deskclock.DeskClock,performPause]
12-10 06:14:26.199 1507 6852 I ActivityTaskManager: FOREGROUND_APPLICATION_CHANGED to com.android.permissioncontroller.permission.ui.GrantPermissionsActivity
12-10 06:14:26.199 1507 6852 I ActivityTaskManager: The Process com.android.permissioncontroller Already Exists in BG. So sending its PID: 12461
12-10 06:14:26.200 1507 6852 W ActivityTaskManager: Tried to set launchTime (0) < mLastActivityLaunchTime (16514246)
12-10 06:14:26.203 1507 6852 I wm_restart_activity: [0,257034008,137,com.android.permissioncontroller/.permission.ui.GrantPermissionsActivity]
12-10 06:14:26.208 1507 6852 I wm_set_resumed_activity: [0,com.android.permissioncontroller/.permission.ui.GrantPermissionsActivity,minimalResumeActivityLocked]
12-10 06:14:26.219 1507 1568 I sysui_multi_action: [757,803,799,window_time_2,802,1]
12-10 06:14:26.227 12461 12461 I wm_on_create_called: [257034008,com.android.permissioncontroller.permission.ui.GrantPermissionsActivity,performCreate]
12-10 06:14:26.227 8492 8527 W ContextImpl: Calling a method in the system process without a qualified user: android.app.ContextImpl.startService:1816 android.content.ContextWrapper.startService:774 com.thundercomm.gamemode.ingame.services.GameModeActionUtils.startGameModeService:99 com.thundercomm.gamemode.ingame.services.GameModeActionUtils.startGameModeEntry:22 com.thundercomm.gamemode.ingame.services.ActivityMonitoringService$1.onActivityLaunch:127
12-10 06:14:26.227 12461 12461 I wm_on_start_called: [257034008,com.android.permissioncontroller.permission.ui.GrantPermissionsActivity,handleStartActivity]
12-10 06:14:26.228 12461 12461 I wm_on_resume_called: [257034008,com.android.permissioncontroller.permission.ui.GrantPermissionsActivity,RESUME_ACTIVITY]
12-10 06:14:26.230 12461 12461 I wm_on_top_resumed_gained_called: [257034008,com.android.permissioncontroller.permission.ui.GrantPermissionsActivity,topStateChangedWhenResumed]
12-10 06:14:26.235 1507 1507 I GameModeConfig: Current uri is uri = content://com.thundercomm.gamemode.api/gamemode_settings/gamemode_isgaming
12-10 06:14:26.235 1507 2038 I wm_finish_activity: [0,257034008,137,com.android.permissioncontroller/.permission.ui.GrantPermissionsActivity,app-request]
12-10 06:14:26.237 1507 1507 I GameModeConfig: isGameModeOn = true
12-10 06:14:26.237 1507 1507 I GameModeConfig: isGaming = false
12-10 06:14:26.237 1507 1507 I GameModeConfig: isGameModeOn = true
12-10 06:14:26.237 1507 1507 I GameModeConfig: isGaming = false
12-10 06:14:26.237 1507 1507 I GameModeConfig: isDisableVoice = true
12-10 06:14:26.249 1507 2038 I wm_pause_activity: [0,257034008,com.android.permissioncontroller/.permission.ui.GrantPermissionsActivity,userLeaving=false,finish]
12-10 06:14:26.253 1507 1568 I sysui_multi_action: [757,1144,758,8,806,com.android.permissioncontroller,871,com.android.permissioncontroller.permission.ui.GrantPermissionsActivity]
12-10 06:14:26.254 1507 2038 W WindowManager: updateScale0.7996942
12-10 06:14:26.254 1507 2038 W WindowManager: updateScale0.7996942
12-10 06:14:26.258 12461 12461 I wm_on_top_resumed_lost_called: [257034008,com.android.permissioncontroller.permission.ui.GrantPermissionsActivity,topStateChangedWhenResumed]
12-10 06:14:26.258 1507 1569 W WindowManager: updateScale0.7996942
12-10 06:14:26.260 12461 12461 I wm_on_paused_called: [257034008,com.android.permissioncontroller.permission.ui.GrantPermissionsActivity,performPause]
12-10 06:14:26.261 1507 2038 I ActivityTaskManager: FOREGROUND_APPLICATION_CHANGED to com.android.deskclock.DeskClock
12-10 06:14:26.265 1507 2038 I wm_set_resumed_activity: [0,com.android.deskclock/.DeskClock,resumeTopActivityInnerLocked]
12-10 06:14:26.267 1507 2038 I wm_resume_activity: [0,28595287,137,com.android.deskclock/.DeskClock]
12-10 06:14:26.268 13893 13893 I wm_on_activity_result_called: [28595287,com.android.deskclock.DeskClock,ACTIVITY_RESULT]
12-10 06:14:26.268 13893 13893 I wm_on_resume_called: [28595287,com.android.deskclock.DeskClock,RESUME_ACTIVITY]
12-10 06:14:26.270 13893 13893 I wm_on_top_resumed_gained_called: [28595287,com.android.deskclock.DeskClock,topWhenResuming]
12-10 06:14:26.272 1507 2038 W WindowManager: updateScale0.7996942
12-10 06:14:26.275 1507 1569 I input_focus: [Focus request 51227b0 com.android.deskclock/com.android.deskclock.DeskClock,reason=UpdateInputWindows]
12-10 06:14:26.275 1507 1568 I sysui_multi_action: [757,803,799,window_time_2,802,0]
12-10 06:14:26.280 1507 6852 W WindowManager: updateScale0.7996942
12-10 06:14:26.291 1507 6852 I wm_destroy_activity: [0,257034008,137,com.android.permissioncontroller/.permission.ui.GrantPermissionsActivity,finish-idle]
12-10 06:14:26.292 12461 12461 I wm_on_stop_called: [257034008,com.android.permissioncontroller.permission.ui.GrantPermissionsActivity,LIFECYCLER_STOP_ACTIVITY]
12-10 06:14:26.293 12461 12461 I wm_on_destroy_called: [257034008,com.android.permissioncontroller.permission.ui.GrantPermissionsActivity,performDestroy]
12-10 06:14:26.296 1507 6852 W WindowManager: updateScale0.7996942
12-10 06:14:26.307 8492 8527 W ContextImpl: Calling a method in the system process without a qualified user: android.app.ContextImpl.startService:1816 android.content.ContextWrapper.startService:774 com.thundercomm.gamemode.ingame.services.GameModeActionUtils.startGameModeService:99 com.thundercomm.gamemode.ingame.services.GameModeActionUtils.startGameModeEntry:22 com.thundercomm.gamemode.ingame.services.ActivityMonitoringService$1.onActivityLaunch:127
12-10 06:14:26.313 1507 1507 I GameModeConfig: Current uri is uri = content://com.thundercomm.gamemode.api/gamemode_settings/gamemode_isgaming
12-10 06:14:26.313 1507 1507 I GameModeConfig: isGameModeOn = true
12-10 06:14:26.313 1507 1507 I GameModeConfig: isGaming = false
12-10 06:14:26.314 1507 1507 I GameModeConfig: isGameModeOn = true
12-10 06:14:26.314 1507 1507 I GameModeConfig: isGaming = false
12-10 06:14:26.314 1507 1507 I GameModeConfig: isDisableVoice = true
12-10 06:14:26.380 8492 8527 W ContextImpl: Calling a method in the system process without a qualified user: android.app.ContextImpl.startService:1816 android.content.ContextWrapper.startService:774 com.thundercomm.gamemode.ingame.services.GameModeActionUtils.startGameModeService:99 com.thundercomm.gamemode.ingame.services.GameModeActionUtils.startGameModeEntry:22 com.thundercomm.gamemode.ingame.services.ActivityMonitoringService$1.onActivityLaunch:127
12-10 06:14:26.384 1507 1507 I GameModeConfig: Current uri is uri = content://com.thundercomm.gamemode.api/gamemode_settings/gamemode_isgaming
12-10 06:14:26.386 1507 1507 I GameModeConfig: isGameModeOn = true
12-10 06:14:26.387 1507 1507 I GameModeConfig: isGaming = false
12-10 06:14:26.388 1507 1507 I GameModeConfig: isGameModeOn = true
12-10 06:14:26.388 1507 1507 I GameModeConfig: isGaming = false
12-10 06:14:26.388 1507 1507 I GameModeConfig: isDisableVoice = true
12-10 06:14:26.920 1507 2038 W WindowManager: updateScale0.7996942
12-10 06:14:26.934 1507 1569 W WindowManager: updateScale0.7996942
12-10 06:14:27.056 1507 2038 W WindowManager: updateScale0.7996942
12-10 06:14:27.155 0 0 I auditd : type=1400 audit(0.0:18066): avc: denied { kill } for comm="swapper/3" capability=5 scontext=u:r:kernel:s0 tcontext=u:r:kernel:s0 tclass=capability permissive=0
12-10 06:14:27.917 1507 2038 W WindowManager: updateScale0.7996942
12-10 06:14:27.938 1507 1569 W WindowManager: updateScale0.7996942
12-10 06:14:28.093 1507 2038 I wm_relaunch_resume_activity: [0,28595287,137,com.android.deskclock/.DeskClock]
12-10 06:14:28.093 1507 2038 I wm_add_to_stopping: [0,142082565,com.android.launcher3/.uioverrides.QuickstepLauncher,makeInvisible]
12-10 06:14:28.095 1507 2038 D FreeFormWindowHelper: Remove freefrom task=Task{6e7c9d6 #137 type=standard A=10069:com.android.deskclock U=0 visible=true mode=fullscreen translucent=false sz=1}
12-10 06:14:28.101 13893 13893 I wm_on_top_resumed_lost_called: [28595287,com.android.deskclock.DeskClock,pausing]
12-10 06:14:28.104 13893 13893 I wm_on_paused_called: [28595287,com.android.deskclock.DeskClock,performPause]
12-10 06:14:28.105 13893 13893 I wm_on_stop_called: [28595287,com.android.deskclock.DeskClock,handleRelaunchActivity]
12-10 06:14:28.106 1507 2038 W WindowManager: Attempted to set replacing window on app token with no content Token{2f37b7b ActivityRecord{1b45457 u0 com.android.deskclock/.DeskClock t137}}
12-10 06:14:28.111 13893 13893 I wm_on_destroy_called: [28595287,com.android.deskclock.DeskClock,performDestroy]
12-10 06:14:28.122 8492 8527 W ContextImpl: Calling a method in the system process without a qualified user: android.app.ContextImpl.startService:1816 android.content.ContextWrapper.startService:774 com.thundercomm.gamemode.ingame.services.GameModeActionUtils.startGameModeService:99 com.thundercomm.gamemode.ingame.services.GameModeActionUtils.startGameModeEntry:22 com.thundercomm.gamemode.ingame.services.ActivityMonitoringService$1.onActivityLaunch:127
12-10 06:14:28.125 1507 6852 I ActivityTaskManager: START u0 {act=android.content.pm.action.REQUEST_PERMISSIONS pkg=com.android.permissioncontroller cmp=com.android.permissioncontroller/.permission.ui.GrantPermissionsActivity (has extras)} from uid 10069
12-10 06:14:28.126 1507 6852 I wm_task_moved: [137,1,7]
12-10 06:14:28.127 1507 6852 I wm_set_resumed_activity: [0,com.android.deskclock/.DeskClock,positionChildAt]
12-10 06:14:28.127 1507 6852 I wm_create_activity: [0,112552139,137,com.android.permissioncontroller/.permission.ui.GrantPermissionsActivity,android.content.pm.action.REQUEST_PERMISSIONS,NULL,NULL,8388608]
12-10 06:14:28.127 1507 6852 I wm_pause_activity: [0,142082565,com.android.launcher3/.uioverrides.QuickstepLauncher,userLeaving=true,pauseBackTasks]
12-10 06:14:28.127 1507 6852 I wm_pause_activity: [0,28595287,com.android.deskclock/.DeskClock,userLeaving=true,resumeTopActivityInnerLocked]
12-10 06:14:28.128 2526 2526 I wm_on_paused_called: [142082565,com.android.launcher3.uioverrides.QuickstepLauncher,performPause]
12-10 06:14:28.130 1507 1507 I GameModeConfig: Current uri is uri = content://com.thundercomm.gamemode.api/gamemode_settings/gamemode_isgaming
12-10 06:14:28.132 1507 1507 I GameModeConfig: isGameModeOn = true
12-10 06:14:28.132 1507 1507 I GameModeConfig: isGaming = false
12-10 06:14:28.132 1507 1507 I GameModeConfig: isGameModeOn = true
12-10 06:14:28.132 1507 1507 I GameModeConfig: isGaming = false
12-10 06:14:28.132 1507 1507 I GameModeConfig: isDisableVoice = true
12-10 06:14:28.136 1507 2157 I ActivityTaskManager: The Process com.android.permissioncontroller Already Exists in BG. So sending its PID: 12461
12-10 06:14:28.140 1507 1568 I sysui_multi_action: [757,803,799,window_time_2,802,2]
12-10 06:14:28.149 13893 13893 I wm_on_create_called: [28595287,com.android.deskclock.DeskClock,performCreate]
12-10 06:14:28.162 8492 8527 W ContextImpl: Calling a method in the system process without a qualified user: android.app.ContextImpl.startService:1816 android.content.ContextWrapper.startService:774 com.thundercomm.gamemode.ingame.services.GameModeActionUtils.startGameModeService:99 com.thundercomm.gamemode.ingame.services.GameModeActionUtils.startGameModeEntry:22 com.thundercomm.gamemode.ingame.services.ActivityMonitoringService$1.onActivityLaunch:127
12-10 06:14:28.166 1507 1507 I GameModeConfig: Current uri is uri = content://com.thundercomm.gamemode.api/gamemode_settings/gamemode_isgaming
12-10 06:14:28.168 1507 1507 I GameModeConfig: isGameModeOn = true
12-10 06:14:28.168 1507 1507 I GameModeConfig: isGaming = false
12-10 06:14:28.168 1507 1507 I GameModeConfig: isGameModeOn = true
12-10 06:14:28.168 1507 1507 I GameModeConfig: isGaming = false
12-10 06:14:28.168 1507 1507 I GameModeConfig: isDisableVoice = true
12-10 06:14:28.171 13893 13893 I wm_on_start_called: [28595287,com.android.deskclock.DeskClock,handleStartActivity]
12-10 06:14:28.171 13893 13893 I wm_on_resume_called: [28595287,com.android.deskclock.DeskClock,RESUME_ACTIVITY]
12-10 06:14:28.172 13893 13893 I wm_on_top_resumed_gained_called: [28595287,com.android.deskclock.DeskClock,topWhenResuming]
12-10 06:14:28.203 13893 13893 I wm_on_top_resumed_lost_called: [28595287,com.android.deskclock.DeskClock,topStateChangedWhenResumed]
12-10 06:14:28.203 1507 2157 I WindowManager: finishDrawing of relaunch: Window{51227b0 u0 com.android.deskclock/com.android.deskclock.DeskClock} 110ms
12-10 06:14:28.203 13893 13893 I wm_on_paused_called: [28595287,com.android.deskclock.DeskClock,performPause]
12-10 06:14:28.206 1507 6852 I ActivityTaskManager: FOREGROUND_APPLICATION_CHANGED to com.android.permissioncontroller.permission.ui.GrantPermissionsActivity
12-10 06:14:28.206 1507 6852 I ActivityTaskManager: The Process com.android.permissioncontroller Already Exists in BG. So sending its PID: 12461
12-10 06:14:28.207 1507 6852 W ActivityTaskManager: Tried to set launchTime (0) < mLastActivityLaunchTime (16515206)
12-10 06:14:28.208 1507 6852 I wm_restart_activity: [0,112552139,137,com.android.permissioncontroller/.permission.ui.GrantPermissionsActivity]
12-10 06:14:28.211 1507 6852 I wm_set_resumed_activity: [0,com.android.permissioncontroller/.permission.ui.GrantPermissionsActivity,minimalResumeActivityLocked]
12-10 06:14:28.215 1507 1568 I sysui_multi_action: [757,803,799,window_time_0,802,0]
12-10 06:14:28.225 8492 8527 W ContextImpl: Calling a method in the system process without a qualified user: android.app.ContextImpl.startService:1816 android.content.ContextWrapper.startService:774 com.thundercomm.gamemode.ingame.services.GameModeActionUtils.startGameModeService:99 com.thundercomm.gamemode.ingame.services.GameModeActionUtils.startGameModeEntry:22 com.thundercomm.gamemode.ingame.services.ActivityMonitoringService$1.onActivityLaunch:127
12-10 06:14:28.228 1507 1507 I GameModeConfig: Current uri is uri = content://com.thundercomm.gamemode.api/gamemode_settings/gamemode_isgaming
12-10 06:14:28.231 1507 1507 I GameModeConfig: isGameModeOn = true
12-10 06:14:28.231 1507 1507 I GameModeConfig: isGaming = false
12-10 06:14:28.231 1507 1507 I GameModeConfig: isGameModeOn = true
12-10 06:14:28.231 1507 1507 I GameModeConfig: isGaming = false
12-10 06:14:28.231 1507 1507 I GameModeConfig: isDisableVoice = true
12-10 06:14:28.236 12461 12461 I wm_on_create_called: [112552139,com.android.permissioncontroller.permission.ui.GrantPermissionsActivity,performCreate]
12-10 06:14:28.237 12461 12461 I wm_on_start_called: [112552139,com.android.permissioncontroller.permission.ui.GrantPermissionsActivity,handleStartActivity]
12-10 06:14:28.237 12461 12461 I wm_on_resume_called: [112552139,com.android.permissioncontroller.permission.ui.GrantPermissionsActivity,RESUME_ACTIVITY]
12-10 06:14:28.239 12461 12461 I wm_on_top_resumed_gained_called: [112552139,com.android.permissioncontroller.permission.ui.GrantPermissionsActivity,topStateChangedWhenResumed]
12-10 06:14:28.243 1507 6852 I wm_finish_activity: [0,112552139,137,com.android.permissioncontroller/.permission.ui.GrantPermissionsActivity,app-request]
12-10 06:14:28.251 1507 6852 I wm_pause_activity: [0,112552139,com.android.permissioncontroller/.permission.ui.GrantPermissionsActivity,userLeaving=false,finish]
12-10 06:14:28.255 1507 1568 I sysui_multi_action: [757,1144,758,8,806,com.android.permissioncontroller,871,com.android.permissioncontroller.permission.ui.GrantPermissionsActivity]
12-10 06:14:28.261 12461 12461 I wm_on_top_resumed_lost_called: [112552139,com.android.permissioncontroller.permission.ui.GrantPermissionsActivity,topStateChangedWhenResumed]
12-10 06:14:28.263 12461 12461 I wm_on_paused_called: [112552139,com.android.permissioncontroller.permission.ui.GrantPermissionsActivity,performPause]
12-10 06:14:28.264 1507 2038 I ActivityTaskManager: FOREGROUND_APPLICATION_CHANGED to com.android.deskclock.DeskClock
12-10 06:14:28.264 1507 2038 I wm_set_resumed_activity: [0,com.android.deskclock/.DeskClock,resumeTopActivityInnerLocked]
12-10 06:14:28.265 1507 2038 I wm_resume_activity: [0,28595287,137,com.android.deskclock/.DeskClock]
12-10 06:14:28.266 13893 13893 I wm_on_activity_result_called: [28595287,com.android.deskclock.DeskClock,ACTIVITY_RESULT]
12-10 06:14:28.266 13893 13893 I wm_on_resume_called: [28595287,com.android.deskclock.DeskClock,RESUME_ACTIVITY]
12-10 06:14:28.269 13893 13893 I wm_on_top_resumed_gained_called: [28595287,com.android.deskclock.DeskClock,topWhenResuming]
12-10 06:14:28.271 1507 1569 I input_focus: [Focus request 51227b0 com.android.deskclock/com.android.deskclock.DeskClock,reason=UpdateInputWindows]
12-10 06:14:28.276 1507 1568 I sysui_multi_action: [757,803,799,window_time_0,802,0]
12-10 06:14:28.280 1507 2157 I wm_destroy_activity: [0,112552139,137,com.android.permissioncontroller/.permission.ui.GrantPermissionsActivity,finish-idle]
12-10 06:14:28.280 12461 12461 I wm_on_stop_called: [112552139,com.android.permissioncontroller.permission.ui.GrantPermissionsActivity,LIFECYCLER_STOP_ACTIVITY]
12-10 06:14:28.281 12461 12461 I wm_on_destroy_called: [112552139,com.android.permissioncontroller.permission.ui.GrantPermissionsActivity,performDestroy]
12-10 06:14:28.295 8492 8527 W ContextImpl: Calling a method in the system process without a qualified user: android.app.ContextImpl.startService:1816 android.content.ContextWrapper.startService:774 com.thundercomm.gamemode.ingame.services.GameModeActionUtils.startGameModeService:99 com.thundercomm.gamemode.ingame.services.GameModeActionUtils.startGameModeEntry:22 com.thundercomm.gamemode.ingame.services.ActivityMonitoringService$1.onActivityLaunch:127
12-10 06:14:28.299 1507 1507 I GameModeConfig: Current uri is uri = content://com.thundercomm.gamemode.api/gamemode_settings/gamemode_isgaming
12-10 06:14:28.303 1507 1507 I GameModeConfig: isGameModeOn = true
12-10 06:14:28.303 1507 1507 I GameModeConfig: isGaming = false
12-10 06:14:28.304 1507 1507 I GameModeConfig: isGameModeOn = true
12-10 06:14:28.304 1507 1507 I GameModeConfig: isGaming = false
12-10 06:14:28.304 1507 1507 I GameModeConfig: isDisableVoice = true
12-10 06:14:28.376 8492 8527 W ContextImpl: Calling a method in the system process without a qualified user: android.app.ContextImpl.startService:1816 android.content.ContextWrapper.startService:774 com.thundercomm.gamemode.ingame.services.GameModeActionUtils.startGameModeService:99 com.thundercomm.gamemode.ingame.services.GameModeActionUtils.startGameModeEntry:22 com.thundercomm.gamemode.ingame.services.ActivityMonitoringService$1.onActivityLaunch:127
12-10 06:14:28.380 1507 1507 I GameModeConfig: Current uri is uri = content://com.thundercomm.gamemode.api/gamemode_settings/gamemode_isgaming
12-10 06:14:28.382 1507 1507 I GameModeConfig: isGameModeOn = true
12-10 06:14:28.382 1507 1507 I GameModeConfig: isGaming = false
12-10 06:14:28.382 1507 1507 I GameModeConfig: isGameModeOn = true
12-10 06:14:28.382 1507 1507 I GameModeConfig: isGaming = false
12-10 06:14:28.383 1507 1507 I GameModeConfig: isDisableVoice = true
12-10 06:14:28.620 1507 1568 I wm_stop_activity: [0,142082565,com.android.launcher3/.uioverrides.QuickstepLauncher]
12-10 06:14:28.671 2526 2526 I wm_on_stop_called: [142082565,com.android.launcher3.uioverrides.QuickstepLauncher,STOP_ACTIVITY_ITEM]
12-10 06:14:28.699 8492 8527 W ContextImpl: Calling a method in the system process without a qualified user: android.app.ContextImpl.startService:1816 android.content.ContextWrapper.startService:774 com.thundercomm.gamemode.ingame.services.GameModeActionUtils.startGameModeService:99 com.thundercomm.gamemode.ingame.services.GameModeActionUtils.startGameModeEntry:22 com.thundercomm.gamemode.ingame.services.ActivityMonitoringService$1.onActivityLaunch:127
12-10 06:14:28.703 1507 1507 I GameModeConfig: Current uri is uri = content://com.thundercomm.gamemode.api/gamemode_settings/gamemode_isgaming
12-10 06:14:28.705 1507 1507 I GameModeConfig: isGameModeOn = true
12-10 06:14:28.705 1507 1507 I GameModeConfig: isGaming = false
12-10 06:14:28.705 1507 1507 I GameModeConfig: isGameModeOn = true
12-10 06:14:28.705 1507 1507 I GameModeConfig: isGaming = false
12-10 06:14:28.705 1507 1507 I GameModeConfig: isDisableVoice = true
12-10 06:14:29.125 1507 1909 I GameModeConfig: isGameModeOn = true
12-10 06:14:29.125 1507 1909 I GameModeConfig: isGaming = false
12-10 06:14:29.140 1507 1909 I GameModeConfig: isGameModeOn = true
12-10 06:14:29.140 1507 1909 I GameModeConfig: isGaming = false
12-10 06:14:29.155 0 0 I auditd : type=1400 audit(0.0:18067): avc: denied { kill } for comm="swapper/3" capability=5 scontext=u:r:kernel:s0 tcontext=u:r:kernel:s0 tclass=capability permissive=0
12-10 06:14:29.309 1507 1909 I GameModeConfig: isGameModeOn = true
12-10 06:14:29.309 1507 1909 I GameModeConfig: isGaming = false
12-10 06:14:29.344 1507 1909 I GameModeConfig: isGameModeOn = true
12-10 06:14:29.344 1507 1909 I GameModeConfig: isGaming = false
12-10 06:14:29.598 1507 6852 I wm_task_moved: [26,0,0]
12-10 06:14:29.599 1507 6852 I wm_task_moved: [26,0,6]
12-10 06:14:29.624 2526 2526 I wm_on_restart_called: [142082565,com.android.launcher3.uioverrides.QuickstepLauncher,performRestartActivity]
12-10 06:14:29.629 8492 8527 W ContextImpl: Calling a method in the system process without a qualified user: android.app.ContextImpl.startService:1816 android.content.ContextWrapper.startService:774 com.thundercomm.gamemode.ingame.services.GameModeActionUtils.startGameModeService:99 com.thundercomm.gamemode.ingame.services.GameModeActionUtils.startGameModeEntry:22 com.thundercomm.gamemode.ingame.services.ActivityMonitoringService$1.onActivityLaunch:127
12-10 06:14:29.635 1507 1507 I GameModeConfig: Current uri is uri = content://com.thundercomm.gamemode.api/gamemode_settings/gamemode_isgaming
12-10 06:14:29.638 1507 1507 I GameModeConfig: isGameModeOn = true
12-10 06:14:29.638 1507 1507 I GameModeConfig: isGaming = false
12-10 06:14:29.638 1507 1507 I GameModeConfig: isGameModeOn = true
12-10 06:14:29.638 1507 1507 I GameModeConfig: isGaming = false
12-10 06:14:29.638 1507 1507 I GameModeConfig: isDisableVoice = true
12-10 06:14:29.661 2526 2526 I wm_on_start_called: [142082565,com.android.launcher3.uioverrides.QuickstepLauncher,handleStartActivity]
12-10 06:14:29.668 1507 6852 W ActivityTaskManager: getTaskSnapshot: taskId=4136 not found
12-10 06:14:29.670 1507 11870 W ActivityTaskManager: getTaskSnapshot: taskId=3136 not found
12-10 06:14:29.673 1507 6852 W ActivityTaskManager: getTaskSnapshot: taskId=4136 not found
12-10 06:14:29.673 1507 6852 W ActivityTaskManager: getTaskSnapshot: taskId=3136 not found
12-10 06:14:29.675 1507 6852 W ActivityTaskManager: getTaskSnapshot: taskId=2136 not found
12-10 06:14:29.681 1507 2005 W ActivityTaskManager: getTaskSnapshot: taskId=1136 not found
12-10 06:14:29.691 13893 13893 I view_enqueue_input_event: [Motion - Cancel,com.android.deskclock/com.android.deskclock.DeskClock]
12-10 06:14:29.691 1507 1564 I sysui_multi_action: [319,13,322,80,325,16518,757,761,758,9,759,5,806,com.android.launcher3,871,com.android.launcher3.uioverrides.QuickstepLauncher,904,com.android.launcher3,905,0,1320,8,1321,5]
12-10 06:14:29.698 1507 2157 W ActivityTaskManager: getTaskSnapshot: taskId=1136 not found
12-10 06:14:29.698 1507 1736 I input_interaction: Interaction with: edge-swipe (server), swipe-up (server), PointerEventDispatcher0 (server),
12-10 06:14:29.699 2526 2526 I sysui_latency: [1,98]
12-10 06:14:29.707 1507 1569 I input_focus: [Focus request recents_animation_input_consumer,reason=UpdateInputWindows]
12-10 06:14:29.728 1507 2005 W ActivityTaskManager: getTaskSnapshot: taskId=1136 not found
12-10 06:14:29.740 1507 1736 I input_focus: [Focus leaving 51227b0 com.android.deskclock/com.android.deskclock.DeskClock (server),reason=NOT_FOCUSABLE]
12-10 06:14:29.740 1507 1736 I input_focus: [Focus entering recents_animation_input_consumer (server),reason=setFocusedWindow]
12-10 06:14:29.867 1507 1710 I commit_sys_config_file: [settings-1-0,8]
12-10 06:14:29.979 1507 1581 I sysui_latency: [8,98]
12-10 06:14:30.155 0 0 I auditd : type=1400 audit(0.0:18068): avc: denied { kill } for comm="swapper/3" capability=5 scontext=u:r:kernel:s0 tcontext=u:r:kernel:s0 tclass=capability permissive=0
12-10 06:14:30.490 1507 2005 I wm_task_moved: [26,1,7]
12-10 06:14:30.496 1507 2005 I wm_task_moved: [27,1,2147483647]
12-10 06:14:30.497 1507 2005 I wm_task_to_front: [0,27]
12-10 06:14:30.497 13893 13893 I wm_on_top_resumed_lost_called: [28595287,com.android.deskclock.DeskClock,topStateChangedWhenResumed]
12-10 06:14:30.497 1507 2005 I wm_focused_root_task: [0,0,26,137,RecentsAnimation.onAnimationFinished()]
12-10 06:14:30.498 1507 2005 I wm_set_resumed_activity: [0,com.android.launcher3/.uioverrides.QuickstepLauncher,RecentsAnimation.onAnimationFinished()]
12-10 06:14:30.499 1507 2005 I wm_pause_activity: [0,28595287,com.android.deskclock/.DeskClock,userLeaving=true,pauseBackTasks]
12-10 06:14:30.500 1507 2005 I wm_add_to_stopping: [0,28595287,com.android.deskclock/.DeskClock,makeInvisible]
12-10 06:14:30.500 1507 2005 I ActivityTaskManager: FOREGROUND_APPLICATION_CHANGED to com.android.launcher3.uioverrides.QuickstepLauncher
12-10 06:14:30.501 1507 2005 I wm_set_resumed_activity: [0,com.android.launcher3/.uioverrides.QuickstepLauncher,resumeTopActivityInnerLocked]
12-10 06:14:30.502 1507 2005 I wm_resume_activity: [0,142082565,27,com.android.launcher3/.uioverrides.QuickstepLauncher]
12-10 06:14:30.502 2526 2526 I wm_on_resume_called: [142082565,com.android.launcher3.uioverrides.QuickstepLauncher,RESUME_ACTIVITY]
12-10 06:14:30.506 1507 1569 I input_focus: [Focus request 2cb1f5d com.android.launcher3/com.android.launcher3.uioverrides.QuickstepLauncher,reason=UpdateInputWindows]
12-10 06:14:30.507 13893 13893 I wm_on_paused_called: [28595287,com.android.deskclock.DeskClock,performPause]
12-10 06:14:30.507 1507 1736 I input_focus: [Focus leaving recents_animation_input_consumer (server),reason=NOT_VISIBLE]
12-10 06:14:30.518 2526 2526 I wm_on_top_resumed_gained_called: [142082565,com.android.launcher3.uioverrides.QuickstepLauncher,topStateChangedWhenResumed]
12-10 06:14:30.519 1507 11870 I wm_stop_activity: [0,28595287,com.android.deskclock/.DeskClock]
12-10 06:14:30.520 1507 1568 I sysui_multi_action: [757,803,799,window_time_0,802,2]
12-10 06:14:30.521 1507 1568 I sysui_multi_action: [757,803,799,window_time_0,802,0]
12-10 06:14:30.524 1507 1736 I input_focus: [Focus entering 2cb1f5d com.android.launcher3/com.android.launcher3.uioverrides.QuickstepLauncher (server),reason=setFocusedWindow]
12-10 06:14:30.537 13893 13893 I wm_on_stop_called: [28595287,com.android.deskclock.DeskClock,STOP_ACTIVITY_ITEM]
12-10 06:14:30.557 8492 8527 W ContextImpl: Calling a method in the system process without a qualified user: android.app.ContextImpl.startService:1816 android.content.ContextWrapper.startService:774 com.thundercomm.gamemode.ingame.services.GameModeActionUtils.startGameModeService:99 com.thundercomm.gamemode.ingame.services.GameModeActionUtils.startGameModeEntry:22 com.thundercomm.gamemode.ingame.services.ActivityMonitoringService$1.onActivityLaunch:127
12-10 06:14:30.562 1507 1507 I GameModeConfig: Current uri is uri = content://com.thundercomm.gamemode.api/gamemode_settings/gamemode_isgaming
12-10 06:14:30.564 1507 1507 I GameModeConfig: isGameModeOn = true
12-10 06:14:30.564 1507 1507 I GameModeConfig: isGaming = false
12-10 06:14:30.565 1507 1507 I GameModeConfig: isGameModeOn = true
12-10 06:14:30.565 1507 1507 I GameModeConfig: isGaming = false
12-10 06:14:30.565 1507 1507 I GameModeConfig: isDisableVoice = true
12-10 06:14:30.615 8492 8527 W ContextImpl: Calling a method in the system process without a qualified user: android.app.ContextImpl.startService:1816 android.content.ContextWrapper.startService:774 com.thundercomm.gamemode.ingame.services.GameModeActionUtils.startGameModeService:99 com.thundercomm.gamemode.ingame.services.GameModeActionUtils.startGameModeEntry:22 com.thundercomm.gamemode.ingame.services.ActivityMonitoringService$1.onActivityLaunch:127
12-10 06:14:30.621 1507 1507 I GameModeConfig: Current uri is uri = content://com.thundercomm.gamemode.api/gamemode_settings/gamemode_isgaming
12-10 06:14:30.623 1507 1507 I GameModeConfig: isGameModeOn = true
12-10 06:14:30.623 1507 1507 I GameModeConfig: isGaming = false
12-10 06:14:30.624 1507 1507 I GameModeConfig: isGameModeOn = true
12-10 06:14:30.624 1507 1507 I GameModeConfig: isGaming = false
12-10 06:14:30.624 1507 1507 I GameModeConfig: isDisableVoice = true
12-10 06:14:31.155 0 0 I auditd : type=1400 audit(0.0:18069): avc: denied { kill } for comm="swapper/3" capability=5 scontext=u:r:kernel:s0 tcontext=u:r:kernel:s0 tclass=capability permissive=0
12-10 06:14:32.155 0 0 I auditd : type=1400 audit(0.0:18070): avc: denied { kill } for comm="swapper/3" capability=5 scontext=u:r:kernel:s0 tcontext=u:r:kernel:s0 tclass=capability permissive=0
12-10 06:14:33.155 0 0 I auditd : type=1400 audit(0.0:18071): avc: denied { kill } for comm="swapper/3" capability=5 scontext=u:r:kernel:s0 tcontext=u:r:kernel:s0 tclass=capability permissive=0
12-10 06:14:34.155 0 0 I auditd : type=1400 audit(0.0:18072): avc: denied { kill } for comm="swapper/3" capability=5 scontext=u:r:kernel:s0 tcontext=u:r:kernel:s0 tclass=capability permissive=0
12-10 06:14:35.155 0 0 I auditd : type=1400 audit(0.0:18073): avc: denied { kill } for comm="swapper/3" capability=5 scontext=u:r:kernel:s0 tcontext=u:r:kernel:s0 tclass=capability permissive=0
12-10 06:14:36.155 0 0 I auditd : type=1400 audit(0.0:18074): avc: denied { kill } for comm="swapper/3" capability=5 scontext=u:r:kernel:s0 tcontext=u:r:kernel:s0 tclass=capability permissive=0
12-10 06:14:37.155 0 0 I auditd : type=1400 audit(0.0:18075): avc: denied { kill } for comm="swapper/3" capability=5 scontext=u:r:kernel:s0 tcontext=u:r:kernel:s0 tclass=capability permissive=0
12-10 06:14:38.155 0 0 I auditd : type=1400 audit(0.0:18076): avc: denied { kill } for comm="swapper/3" capability=5 scontext=u:r:kernel:s0 tcontext=u:r:kernel:s0 tclass=capability permissive=0
12-10 06:14:39.155 0 0 I auditd : type=1400 audit(0.0:18077): avc: denied { kill } for comm="swapper/3" capability=5 scontext=u:r:kernel:s0 tcontext=u:r:kernel:s0 tclass=capability permissive=0
12-10 06:14:40.155 0 0 I auditd : type=1400 audit(0.0:18078): avc: denied { kill } for comm="swapper/3" capability=5 scontext=u:r:kernel:s0 tcontext=u:r:kernel:s0 tclass=capability permissive=0
12-10 06:14:41.155 0 0 I auditd : type=1400 audit(0.0:18079): avc: denied { kill } for comm="swapper/3" capability=5 scontext=u:r:kernel:s0 tcontext=u:r:kernel:s0 tclass=capability permissive=0
12-10 06:14:42.155 0 0 I auditd : type=1400 audit(0.0:18080): avc: denied { kill } for comm="swapper/3" capability=5 scontext=u:r:kernel:s0 tcontext=u:r:kernel:s0 tclass=capability permissive=0
12-10 06:14:43.155 0 0 I auditd : type=1400 audit(0.0:18081): avc: denied { kill } for comm="swapper/3" capability=5 scontext=u:r:kernel:s0 tcontext=u:r:kernel:s0 tclass=capability permissive=0
12-10 06:14:44.155 0 0 I auditd : type=1400 audit(0.0:18082): avc: denied { kill } for comm="swapper/3" capability=5 scontext=u:r:kernel:s0 tcontext=u:r:kernel:s0 tclass=capability permissive=0
12-10 06:14:45.155 0 0 I auditd : type=1400 audit(0.0:18083): avc: denied { kill } for comm="swapper/3" capability=5 scontext=u:r:kernel:s0 tcontext=u:r:kernel:s0 tclass=capability permissive=0
12-10 06:14:46.155 0 0 I auditd : type=1400 audit(0.0:18084): avc: denied { kill } for comm="swapper/3" capability=5 scontext=u:r:kernel:s0 tcontext=u:r:kernel:s0 tclass=capability permissive=0
12-10 06:14:47.155 0 0 I auditd : type=1400 audit(0.0:18085): avc: denied { kill } for comm="swapper/3" capability=5 scontext=u:r:kernel:s0 tcontext=u:r:kernel:s0 tclass=capability permissive=0
12-10 06:14:48.155 0 0 I auditd : type=1400 audit(0.0:18086): avc: denied { kill } for comm="swapper/3" capability=5 scontext=u:r:kernel:s0 tcontext=u:r:kernel:s0 tclass=capability permissive=0
12-10 06:14:49.155 0 0 I auditd : type=1400 audit(0.0:18087): avc: denied { kill } for comm="swapper/3" capability=5 scontext=u:r:kernel:s0 tcontext=u:r:kernel:s0 tclass=capability permissive=0
12-10 06:14:50.155 0 0 I auditd : type=1400 audit(0.0:18088): avc: denied { kill } for comm="swapper/3" capability=5 scontext=u:r:kernel:s0 tcontext=u:r:kernel:s0 tclass=capability permissive=0
12-10 06:14:51.155 0 0 I auditd : type=1400 audit(0.0:18089): avc: denied { kill } for comm="swapper/3" capability=5 scontext=u:r:kernel:s0 tcontext=u:r:kernel:s0 tclass=capability permissive=0
12-10 06:14:53.155 0 0 I auditd : type=1400 audit(0.0:18090): avc: denied { kill } for comm="swapper/3" capability=5 scontext=u:r:kernel:s0 tcontext=u:r:kernel:s0 tclass=capability permissive=0
12-10 06:14:54.118 1507 1736 I input_interaction: Interaction with: 2cb1f5d com.android.launcher3/com.android.launcher3.uioverrides.QuickstepLauncher (server), 5478378 com.android.systemui.ImageWallpaper (server), edge-swipe (server), swipe-up (server), PointerEventDispatcher0 (server),
12-10 06:14:54.155 0 0 I auditd : type=1400 audit(0.0:18091): avc: denied { kill } for comm="swapper/3" capability=5 scontext=u:r:kernel:s0 tcontext=u:r:kernel:s0 tclass=capability permissive=0
12-10 06:14:54.188 1507 12191 I sysui_multi_action: [757,127,758,1]
12-10 06:14:54.188 1507 12191 I sysui_multi_action: [757,804,799,note_load,801,2,802,1]
12-10 06:14:54.188 1507 12191 I notification_panel_revealed: 2
12-10 06:14:54.200 1507 1569 I input_focus: [Focus request 349ab61 NotificationShade,reason=UpdateInputWindows]
12-10 06:14:54.216 1507 1736 I input_focus: [Focus leaving 2cb1f5d com.android.launcher3/com.android.launcher3.uioverrides.QuickstepLauncher (server),reason=Waiting for window because NOT_VISIBLE]
12-10 06:14:54.233 1507 1736 I input_focus: [Focus entering 349ab61 NotificationShade (server),reason=Window became focusable. Previous reason: NOT_VISIBLE]
12-10 06:14:54.236 1507 1736 I input_interaction: Interaction with: 2cb1f5d com.android.launcher3/com.android.launcher3.uioverrides.QuickstepLauncher (server), 5478378 com.android.systemui.ImageWallpaper (server), 349ab61 NotificationShade (server), edge-swipe (server), swipe-up (server), PointerEventDispatcher0 (server),
12-10 06:14:54.236 2526 2526 I view_enqueue_input_event: [Motion - Cancel,com.android.launcher3/com.android.launcher3.uioverrides.QuickstepLauncher]
12-10 06:14:54.239 2004 2004 I sysui_multi_action: [757,803,799,panel_open,802,1]
12-10 06:14:54.240 2004 2004 I sysui_multi_action: [757,1328,758,4,1326,21,1327,22,1329,0]
12-10 06:14:54.243 1507 1736 I input_interaction: Interaction with: 5478378 com.android.systemui.ImageWallpaper (server), 349ab61 NotificationShade (server), edge-swipe (server), swipe-up (server), PointerEventDispatcher0 (server),
12-10 06:14:54.245 1507 1909 I GameModeConfig: isGameModeOn = true
12-10 06:14:54.245 1507 1909 I GameModeConfig: isGaming = false
12-10 06:14:54.245 1507 1909 I GameModeConfig: isGameModeOn = true
12-10 06:14:54.245 1507 1909 I GameModeConfig: isGaming = false
12-10 06:14:54.245 1507 1909 I GameModeConfig: isGameModeOn = true
12-10 06:14:54.245 1507 1909 I GameModeConfig: isGaming = false
12-10 06:14:54.245 1507 1909 I GameModeConfig: isGameModeOn = true
12-10 06:14:54.246 1507 1909 I GameModeConfig: isGaming = false
12-10 06:14:54.246 2004 2004 I sysui_multi_action: [757,111,758,2]
12-10 06:14:54.247 2004 2004 I sysui_multi_action: [757,111,758,2]
12-10 06:14:54.247 1507 1507 I notification_enqueue: [10082,2004,com.android.systemui,2048,NULL,0,Notification(channel=updateNotification shortcut=null contentView=null vibrate=null sound=null defaults=0x0 flags=0x0 color=0x00000000 vis=PRIVATE),1]
12-10 06:14:54.252 2004 2004 I sysui_multi_action: [757,111,758,1]
12-10 06:14:54.253 2004 2004 I sysui_multi_action: [757,126,758,1,759,126,927,0,928,1,1593,0]
12-10 06:14:54.253 2004 2004 I sysui_multi_action: [757,113,758,1,759,113,927,1,928,1,1593,0]
12-10 06:14:54.253 2004 2004 I sysui_multi_action: [757,0,758,1,759,0,927,2,928,0,1593,0]
