12-10 06:06:26.141 1507 9362 W ActivityTaskManager: getTaskSnapshot: taskId=3124 not found
12-10 06:06:26.142 2526 2526 I sysui_latency: [1,74]
12-10 06:06:26.145 1507 9362 W ActivityTaskManager: getTaskSnapshot: taskId=2124 not found
12-10 06:06:26.147 1507 1569 W WindowManager: updateScale0.7996942
12-10 06:06:26.148 1507 1569 W WindowManager: updateScale0.7996942
12-10 06:06:26.149 1507 1569 W WindowManager: updateScale0.7996942
12-10 06:06:26.150 1507 1569 I input_focus: [Focus request recents_animation_input_consumer,reason=UpdateInputWindows]
12-10 06:06:26.152 1507 1736 I input_interaction: Interaction with: edge-swipe (server), swipe-up (server), PointerEventDispatcher0 (server),
12-10 06:06:26.158 1507 1564 I sysui_multi_action: [319,16,322,57,325,16035,757,761,758,9,759,5,806,com.android.launcher3,871,com.android.launcher3.uioverrides.QuickstepLauncher,904,com.android.launcher3,905,0,1320,8,1321,5]
12-10 06:06:26.173 1507 9362 W ActivityTaskManager: getTaskSnapshot: taskId=4124 not found
12-10 06:06:26.173 1507 8474 W ActivityTaskManager: getTaskSnapshot: taskId=3124 not found
12-10 06:06:26.174 1507 8474 W ActivityTaskManager: getTaskSnapshot: taskId=2124 not found
12-10 06:06:26.177 1507 1736 I input_focus: [Focus leaving 5979aee com.android.music/com.android.music.VideoBrowserActivity (server),reason=NOT_FOCUSABLE]
12-10 06:06:26.178 1507 1736 I input_focus: [Focus entering recents_animation_input_consumer (server),reason=setFocusedWindow]
12-10 06:06:26.328 1507 1710 I commit_sys_config_file: [settings-1-0,7]
12-10 06:06:26.450 1507 1581 I sysui_latency: [8,78]
12-10 06:06:26.620 1507 9362 I wm_task_moved: [26,0,5]
12-10 06:06:26.622 1507 9362 I wm_add_to_stopping: [0,142082565,com.android.launcher3/.uioverrides.QuickstepLauncher,makeInvisible]
12-10 06:06:26.623 1507 9362 W WindowManager: updateScale0.7996942
12-10 06:06:26.628 1507 9362 W WindowManager: updateScale0.7996942
12-10 06:06:26.631 1507 1569 I input_focus: [Focus request 5979aee com.android.music/com.android.music.VideoBrowserActivity,reason=UpdateInputWindows]
12-10 06:06:26.633 1507 1568 I wm_stop_activity: [0,142082565,com.android.launcher3/.uioverrides.QuickstepLauncher]
12-10 06:06:26.646 1507 1736 I input_focus: [Focus leaving recents_animation_input_consumer (server),reason=NOT_VISIBLE]
12-10 06:06:26.646 1507 1736 I input_focus: [Focus entering 5979aee com.android.music/com.android.music.VideoBrowserActivity (server),reason=setFocusedWindow]
12-10 06:06:26.668 1507 9362 W WindowManager: updateScale0.7996942
12-10 06:06:26.687 2526 2526 I wm_on_stop_called: [142082565,com.android.launcher3.uioverrides.QuickstepLauncher,STOP_ACTIVITY_ITEM]
12-10 06:06:26.689 1507 1581 W UsageStatsService: Unexpected activity event reported! (com.android.launcher3/com.android.launcher3.uioverrides.QuickstepLauncher event : 23 instanceId : 135712590)
12-10 06:06:26.697 8492 8527 W ContextImpl: Calling a method in the system process without a qualified user: android.app.ContextImpl.startService:1816 android.content.ContextWrapper.startService:774 com.thundercomm.gamemode.ingame.services.GameModeActionUtils.startGameModeService:99 com.thundercomm.gamemode.ingame.services.GameModeActionUtils.startGameModeEntry:22 com.thundercomm.gamemode.ingame.services.ActivityMonitoringService$1.onActivityLaunch:127
12-10 06:06:26.700 1507 1507 I GameModeConfig: Current uri is uri = content://com.thundercomm.gamemode.api/gamemode_settings/gamemode_isgaming
12-10 06:06:26.703 1507 1507 I GameModeConfig: isGameModeOn = true
12-10 06:06:26.703 1507 1507 I GameModeConfig: isGaming = false
12-10 06:06:26.705 1507 1507 I GameModeConfig: isGameModeOn = true
12-10 06:06:26.705 1507 1507 I GameModeConfig: isGaming = false
12-10 06:06:26.705 1507 1507 I GameModeConfig: isDisableVoice = true
12-10 06:06:26.881 1507 1710 I commit_sys_config_file: [settings-1-0,7]
12-10 06:06:27.155 0 0 I auditd : type=1400 audit(0.0:17388): avc: denied { kill } for comm="swapper/2" capability=5 scontext=u:r:kernel:s0 tcontext=u:r:kernel:s0 tclass=capability permissive=0
12-10 06:06:27.743 1507 1736 I input_interaction: Interaction with: 5979aee com.android.music/com.android.music.VideoBrowserActivity (server), edge-swipe (server), swipe-up (server), PointerEventDispatcher0 (server),
12-10 06:06:27.760 1507 9362 I wm_task_moved: [26,0,0]
12-10 06:06:27.761 1507 9362 I wm_task_moved: [26,0,6]
12-10 06:06:27.767 2526 2526 I wm_on_restart_called: [142082565,com.android.launcher3.uioverrides.QuickstepLauncher,performRestartActivity]
12-10 06:06:27.768 1507 9362 W WindowManager: updateScale0.7996942
12-10 06:06:27.782 8492 8527 W ContextImpl: Calling a method in the system process without a qualified user: android.app.ContextImpl.startService:1816 android.content.ContextWrapper.startService:774 com.thundercomm.gamemode.ingame.services.GameModeActionUtils.startGameModeService:99 com.thundercomm.gamemode.ingame.services.GameModeActionUtils.startGameModeEntry:22 com.thundercomm.gamemode.ingame.services.ActivityMonitoringService$1.onActivityLaunch:127
12-10 06:06:27.787 1507 1507 I GameModeConfig: Current uri is uri = content://com.thundercomm.gamemode.api/gamemode_settings/gamemode_isgaming
12-10 06:06:27.789 1507 1507 I GameModeConfig: isGameModeOn = true
12-10 06:06:27.789 1507 1507 I GameModeConfig: isGaming = false
12-10 06:06:27.790 1507 1507 I GameModeConfig: isGameModeOn = true
12-10 06:06:27.790 1507 1507 I GameModeConfig: isGaming = false
12-10 06:06:27.790 1507 1507 I GameModeConfig: isDisableVoice = true
12-10 06:06:27.805 2526 2526 I wm_on_start_called: [142082565,com.android.launcher3.uioverrides.QuickstepLauncher,handleStartActivity]
12-10 06:06:27.808 1507 6251 W WindowManager: updateScale0.7996942
12-10 06:06:27.810 1507 9362 W ActivityTaskManager: getTaskSnapshot: taskId=1124 not found
12-10 06:06:27.813 12253 12253 I view_enqueue_input_event: [Motion - Cancel,com.android.music/com.android.music.VideoBrowserActivity]
12-10 06:06:27.817 1507 9362 W WindowManager: updateScale0.7996942
12-10 06:06:27.819 1507 1569 I input_focus: [Focus request recents_animation_input_consumer,reason=UpdateInputWindows]
12-10 06:06:27.820 1507 5436 W ActivityTaskManager: getTaskSnapshot: taskId=1124 not found
12-10 06:06:27.821 2526 2526 I sysui_latency: [1,80]
12-10 06:06:27.825 1507 1569 W WindowManager: updateScale0.7996942
12-10 06:06:27.826 1507 1736 I input_interaction: Interaction with: edge-swipe (server), swipe-up (server), PointerEventDispatcher0 (server),
12-10 06:06:27.827 1507 1569 W WindowManager: updateScale0.7996942
12-10 06:06:27.828 1507 1569 W WindowManager: updateScale0.7996942
12-10 06:06:27.833 1507 1736 I input_focus: [Focus leaving 5979aee com.android.music/com.android.music.VideoBrowserActivity (server),reason=NOT_FOCUSABLE]
12-10 06:06:27.837 1507 1564 I sysui_multi_action: [319,11,322,66,325,16036,757,761,758,9,759,5,806,com.android.launcher3,871,com.android.launcher3.uioverrides.QuickstepLauncher,904,com.android.launcher3,905,0,1320,8,1321,5]
12-10 06:06:27.840 1507 1736 I input_focus: [Focus entering recents_animation_input_consumer (server),reason=setFocusedWindow]
12-10 06:06:27.849 1507 8474 W ActivityTaskManager: getTaskSnapshot: taskId=4124 not found
12-10 06:06:27.849 1507 8474 W ActivityTaskManager: getTaskSnapshot: taskId=1124 not found
12-10 06:06:28.022 1507 1710 I commit_sys_config_file: [settings-1-0,20]
12-10 06:06:28.128 1507 1581 I sysui_latency: [8,79]
12-10 06:06:28.660 1507 7192 I wm_task_moved: [26,1,7]
12-10 06:06:28.663 12253 12253 I wm_on_top_resumed_lost_called: [22919605,com.android.music.VideoBrowserActivity,topStateChangedWhenResumed]
12-10 06:06:28.663 1507 7192 I wm_task_moved: [27,1,2147483647]
12-10 06:06:28.663 1507 7192 I wm_task_to_front: [0,27]
12-10 06:06:28.663 1507 7192 I wm_focused_root_task: [0,0,26,127,RecentsAnimation.onAnimationFinished()]
12-10 06:06:28.664 1507 7192 I wm_set_resumed_activity: [0,com.android.launcher3/.uioverrides.QuickstepLauncher,RecentsAnimation.onAnimationFinished()]
12-10 06:06:28.665 1507 7192 I wm_pause_activity: [0,22919605,com.android.music/.VideoBrowserActivity,userLeaving=true,pauseBackTasks]
12-10 06:06:28.667 1507 7192 I wm_add_to_stopping: [0,22919605,com.android.music/.VideoBrowserActivity,makeInvisible]
12-10 06:06:28.667 1507 7192 I ActivityTaskManager: FOREGROUND_APPLICATION_CHANGED to com.android.launcher3.uioverrides.QuickstepLauncher
12-10 06:06:28.667 1507 7192 I wm_set_resumed_activity: [0,com.android.launcher3/.uioverrides.QuickstepLauncher,resumeTopActivityInnerLocked]
12-10 06:06:28.670 1507 7192 I wm_resume_activity: [0,142082565,27,com.android.launcher3/.uioverrides.QuickstepLauncher]
12-10 06:06:28.672 1507 7192 W WindowManager: updateScale0.7996942
12-10 06:06:28.673 2526 2526 I wm_on_resume_called: [142082565,com.android.launcher3.uioverrides.QuickstepLauncher,RESUME_ACTIVITY]
12-10 06:06:28.678 1507 7192 W WindowManager: updateScale0.7996942
12-10 06:06:28.680 1507 1569 I input_focus: [Focus request 2cb1f5d com.android.launcher3/com.android.launcher3.uioverrides.QuickstepLauncher,reason=UpdateInputWindows]
12-10 06:06:28.683 2526 2526 I wm_on_top_resumed_gained_called: [142082565,com.android.launcher3.uioverrides.QuickstepLauncher,topStateChangedWhenResumed]
12-10 06:06:28.684 12253 12253 I wm_on_paused_called: [22919605,com.android.music.VideoBrowserActivity,performPause]
12-10 06:06:28.685 1507 1736 I input_focus: [Focus leaving recents_animation_input_consumer (server),reason=NOT_VISIBLE]
12-10 06:06:28.697 1507 5436 I wm_stop_activity: [0,22919605,com.android.music/.VideoBrowserActivity]
12-10 06:06:28.709 1507 7192 W WindowManager: updateScale0.7996942
12-10 06:06:28.712 1507 1568 I sysui_multi_action: [757,803,799,window_time_0,802,4]
12-10 06:06:28.714 12253 12253 I wm_on_stop_called: [22919605,com.android.music.VideoBrowserActivity,STOP_ACTIVITY_ITEM]
12-10 06:06:28.714 1507 1568 I sysui_multi_action: [757,803,799,window_time_0,802,0]
12-10 06:06:28.717 1507 1736 I input_focus: [Focus entering 2cb1f5d com.android.launcher3/com.android.launcher3.uioverrides.QuickstepLauncher (server),reason=setFocusedWindow]
12-10 06:06:28.733 1507 8474 W WindowManager: updateScale0.7996942
12-10 06:06:28.745 8492 8527 W ContextImpl: Calling a method in the system process without a qualified user: android.app.ContextImpl.startService:1816 android.content.ContextWrapper.startService:774 com.thundercomm.gamemode.ingame.services.GameModeActionUtils.startGameModeService:99 com.thundercomm.gamemode.ingame.services.GameModeActionUtils.startGameModeEntry:22 com.thundercomm.gamemode.ingame.services.ActivityMonitoringService$1.onActivityLaunch:127
12-10 06:06:28.748 1507 1507 I GameModeConfig: Current uri is uri = content://com.thundercomm.gamemode.api/gamemode_settings/gamemode_isgaming
12-10 06:06:28.750 1507 1507 I GameModeConfig: isGameModeOn = true
12-10 06:06:28.750 1507 1507 I GameModeConfig: isGaming = false
12-10 06:06:28.751 1507 1507 I GameModeConfig: isGameModeOn = true
12-10 06:06:28.751 1507 1507 I GameModeConfig: isGaming = false
12-10 06:06:28.751 1507 1507 I GameModeConfig: isDisableVoice = true
12-10 06:06:28.789 8492 8527 W ContextImpl: Calling a method in the system process without a qualified user: android.app.ContextImpl.startService:1816 android.content.ContextWrapper.startService:774 com.thundercomm.gamemode.ingame.services.GameModeActionUtils.startGameModeService:99 com.thundercomm.gamemode.ingame.services.GameModeActionUtils.startGameModeEntry:22 com.thundercomm.gamemode.ingame.services.ActivityMonitoringService$1.onActivityLaunch:127
12-10 06:06:28.793 1507 1507 I GameModeConfig: Current uri is uri = content://com.thundercomm.gamemode.api/gamemode_settings/gamemode_isgaming
12-10 06:06:28.796 1507 1507 I GameModeConfig: isGameModeOn = true
12-10 06:06:28.796 1507 1507 I GameModeConfig: isGaming = false
12-10 06:06:28.796 1507 1507 I GameModeConfig: isGameModeOn = true
12-10 06:06:28.796 1507 1507 I GameModeConfig: isGaming = false
12-10 06:06:28.796 1507 1507 I GameModeConfig: isDisableVoice = true
12-10 06:06:29.139 1507 1736 I input_interaction: Interaction with: 2cb1f5d com.android.launcher3/com.android.launcher3.uioverrides.QuickstepLauncher (server), 5478378 com.android.systemui.ImageWallpaper (server), edge-swipe (server), swipe-up (server), PointerEventDispatcher0 (server),
12-10 06:06:29.155 0 0 I auditd : type=1400 audit(0.0:17389): avc: denied { kill } for comm="swapper/2" capability=5 scontext=u:r:kernel:s0 tcontext=u:r:kernel:s0 tclass=capability permissive=0
12-10 06:06:29.224 1507 7192 I ActivityTaskManager: START u0 {act=android.intent.action.MAIN cat=[android.intent.category.LAUNCHER] flg=0x10200000 cmp=com.android.settings/.Settings bnds=[2308,740][2494,940]} from uid 10079
12-10 06:06:29.231 1507 7192 I wm_task_created: [128,-1]
12-10 06:06:29.231 1507 7192 W ActivityTaskManager: Can't find TaskDisplayArea to determine support for multi window. Task id=128 attached=false
12-10 06:06:29.234 1507 7192 D CompatibilityChangeReporter: Compat change id reported: 174042980; UID 1000; state: DISABLED
12-10 06:06:29.235 1507 7192 I wm_task_moved: [128,1,8]
12-10 06:06:29.235 1507 7192 I wm_task_to_front: [0,128]
12-10 06:06:29.236 1507 7192 I wm_create_task: [0,128]
12-10 06:06:29.236 1507 7192 I wm_create_activity: [0,160875417,128,com.android.settings/.Settings,android.intent.action.MAIN,NULL,NULL,270532608]
12-10 06:06:29.236 1507 7192 I wm_task_moved: [128,1,8]
12-10 06:06:29.237 1507 7192 D CompatibilityChangeReporter: Compat change id reported: 168419799; UID 1000; state: DISABLED
12-10 06:06:29.238 1507 7192 I wm_pause_activity: [0,142082565,com.android.launcher3/.uioverrides.QuickstepLauncher,userLeaving=true,pauseBackTasks]
12-10 06:06:29.240 1507 7192 W WindowManager: updateScale0.7996942
12-10 06:06:29.249 2526 2526 I wm_on_top_resumed_lost_called: [142082565,com.android.launcher3.uioverrides.QuickstepLauncher,topStateChangedWhenResumed]
12-10 06:06:29.250 2526 2526 I wm_on_paused_called: [142082565,com.android.launcher3.uioverrides.QuickstepLauncher,performPause]
12-10 06:06:29.251 1507 7192 I ActivityTaskManager: FOREGROUND_APPLICATION_CHANGED to com.android.settings.homepage.SettingsHomepageActivity
12-10 06:06:29.251 1507 7192 I ActivityTaskManager: The Process com.android.settings Already Exists in BG. So sending its PID: 13833
12-10 06:06:29.252 1507 7192 I wm_add_to_stopping: [0,142082565,com.android.launcher3/.uioverrides.QuickstepLauncher,makeInvisible]
12-10 06:06:29.256 1507 7192 D CompatibilityChangeReporter: Compat change id reported: 181136395; UID 1000; state: DISABLED
12-10 06:06:29.257 1507 7192 D CompatibilityChangeReporter: Compat change id reported: 174042936; UID 1000; state: DISABLED
12-10 06:06:29.257 1507 7192 I wm_restart_activity: [0,160875417,128,com.android.settings/.Settings]
12-10 06:06:29.258 1507 7192 I wm_set_resumed_activity: [0,com.android.settings/.Settings,minimalResumeActivityLocked]
12-10 06:06:29.259 1507 7192 W WindowManager: updateScale0.7996942
12-10 06:06:29.267 1507 8474 W WindowManager: updateScale0.7996942
12-10 06:06:29.274 1507 1568 I sysui_multi_action: [757,803,799,window_time_0,802,1]
12-10 06:06:29.281 8492 8527 W ContextImpl: Calling a method in the system process without a qualified user: android.app.ContextImpl.startService:1816 android.content.ContextWrapper.startService:774 com.thundercomm.gamemode.ingame.services.GameModeActionUtils.startGameModeService:99 com.thundercomm.gamemode.ingame.services.GameModeActionUtils.startGameModeEntry:22 com.thundercomm.gamemode.ingame.services.ActivityMonitoringService$1.onActivityLaunch:127
12-10 06:06:29.281 1507 1569 W WindowManager: updateScale0.7996942
12-10 06:06:29.285 1507 1507 I GameModeConfig: Current uri is uri = content://com.thundercomm.gamemode.api/gamemode_settings/gamemode_isgaming
12-10 06:06:29.286 1507 1569 W WindowManager: updateScale0.7996942
12-10 06:06:29.287 1507 1569 W WindowManager: updateScale0.7996942
12-10 06:06:29.288 1507 1736 I input_focus: [Focus leaving 2cb1f5d com.android.launcher3/com.android.launcher3.uioverrides.QuickstepLauncher (server),reason=NO_WINDOW]
12-10 06:06:29.290 1507 1507 I GameModeConfig: isGameModeOn = true
12-10 06:06:29.290 1507 1507 I GameModeConfig: isGaming = false
12-10 06:06:29.291 1507 1507 I GameModeConfig: isGameModeOn = true
12-10 06:06:29.291 1507 1507 I GameModeConfig: isGaming = false
12-10 06:06:29.291 1507 1507 I GameModeConfig: isDisableVoice = true
12-10 06:06:29.369 8492 8527 W ContextImpl: Calling a method in the system process without a qualified user: android.app.ContextImpl.startService:1816 android.content.ContextWrapper.startService:774 com.thundercomm.gamemode.ingame.services.GameModeActionUtils.startGameModeService:99 com.thundercomm.gamemode.ingame.services.GameModeActionUtils.startGameModeEntry:22 com.thundercomm.gamemode.ingame.services.ActivityMonitoringService$1.onActivityLaunch:127
12-10 06:06:29.372 1507 1507 I GameModeConfig: Current uri is uri = content://com.thundercomm.gamemode.api/gamemode_settings/gamemode_isgaming
12-10 06:06:29.375 1507 1507 I GameModeConfig: isGameModeOn = true
12-10 06:06:29.375 1507 1507 I GameModeConfig: isGaming = false
12-10 06:06:29.375 1507 1507 I GameModeConfig: isGameModeOn = true
12-10 06:06:29.375 1507 1507 I GameModeConfig: isGaming = false
12-10 06:06:29.376 1507 1507 I GameModeConfig: isDisableVoice = true
12-10 06:06:29.447 13833 13833 I wm_on_create_called: [160875417,com.android.settings.Settings,performCreate]
12-10 06:06:29.455 1507 9362 E UserRestrictionsUtils: Unknown restriction queried by uid 1000 (com.android.localtransport et al): null
12-10 06:06:29.456 1507 9362 E UserRestrictionsUtils: Unknown restriction queried by uid 1000 (com.android.localtransport et al): null
12-10 06:06:29.456 1507 9362 E UserRestrictionsUtils: Unknown restriction queried by uid 1000 (com.android.localtransport et al): null
12-10 06:06:29.456 1507 9362 E UserRestrictionsUtils: Unknown restriction queried by uid 1000 (com.android.localtransport et al): null
12-10 06:06:29.456 1507 9362 E UserRestrictionsUtils: Unknown restriction queried by uid 1000 (com.android.localtransport et al): null
12-10 06:06:29.456 1507 9362 E UserRestrictionsUtils: Unknown restriction queried by uid 1000 (com.android.localtransport et al): null
12-10 06:06:29.456 1507 9362 E UserRestrictionsUtils: Unknown restriction queried by uid 1000 (com.android.localtransport et al): null
12-10 06:06:29.457 1507 9362 E UserRestrictionsUtils: Unknown restriction queried by uid 1000 (com.android.localtransport et al): null
12-10 06:06:29.458 1507 9362 E UserRestrictionsUtils: Unknown restriction queried by uid 1000 (com.android.localtransport et al): null
12-10 06:06:29.458 1507 9362 E UserRestrictionsUtils: Unknown restriction queried by uid 1000 (com.android.localtransport et al): null
12-10 06:06:29.458 1507 9362 E UserRestrictionsUtils: Unknown restriction queried by uid 1000 (com.android.localtransport et al): null
12-10 06:06:29.458 1507 9362 E UserRestrictionsUtils: Unknown restriction queried by uid 1000 (com.android.localtransport et al): null
12-10 06:06:29.458 1507 9362 E UserRestrictionsUtils: Unknown restriction queried by uid 1000 (com.android.localtransport et al): null
12-10 06:06:29.458 1507 9362 E UserRestrictionsUtils: Unknown restriction queried by uid 1000 (com.android.localtransport et al): null
12-10 06:06:29.459 1507 9362 E UserRestrictionsUtils: Unknown restriction queried by uid 1000 (com.android.localtransport et al): null
12-10 06:06:29.459 1507 9362 E UserRestrictionsUtils: Unknown restriction queried by uid 1000 (com.android.localtransport et al): null
12-10 06:06:29.459 1507 9362 E UserRestrictionsUtils: Unknown restriction queried by uid 1000 (com.android.localtransport et al): null
12-10 06:06:29.460 1507 9362 E UserRestrictionsUtils: Unknown restriction queried by uid 1000 (com.android.localtransport et al): null
12-10 06:06:29.483 13833 13833 I wm_on_start_called: [160875417,com.android.settings.Settings,handleStartActivity]
12-10 06:06:29.485 13833 13833 I snet_event_log: [120484087,-1,]
12-10 06:06:29.486 13833 13833 I wm_on_resume_called: [160875417,com.android.settings.Settings,RESUME_ACTIVITY]
12-10 06:06:29.487 13833 13833 I sysui_multi_action: [757,35,758,1,833,0,1089,38]
12-10 06:06:29.494 13833 13833 I sysui_multi_action: [757,1729,758,4,854,isParalleledControllers:false,1089,45]
12-10 06:06:29.504 13833 13833 I wm_on_top_resumed_gained_called: [160875417,com.android.settings.Settings,topStateChangedWhenResumed]
12-10 06:06:29.539 1507 9362 W WindowManager: updateScale0.7996942
12-10 06:06:29.543 1507 1569 I input_focus: [Focus request 880b340 com.android.settings/com.android.settings.Settings,reason=UpdateInputWindows]
12-10 06:06:29.580 1507 1569 W WindowManager: updateScale0.7996942
12-10 06:06:29.580 1507 1569 W WindowManager: updateScale0.7996942
12-10 06:06:29.581 1507 1569 I sysui_multi_action: [324,1,757,1090,758,12,806,com.android.settings,871,com.android.settings.Settings,1091,357]
12-10 06:06:29.592 1507 1564 I sysui_multi_action: [319,62,321,58,322,357,325,16038,757,761,758,8,759,1,806,com.android.settings,871,com.android.settings.Settings,904,com.android.launcher3,905,0,1320,21,1321,5]
12-10 06:06:29.594 1507 1736 I input_focus: [Focus entering 880b340 com.android.settings/com.android.settings.Settings (server),reason=Window became focusable. Previous reason: NOT_VISIBLE]
12-10 06:06:29.595 1507 1564 I wm_activity_launch_time: [0,160875417,com.android.settings/.Settings,357]
12-10 06:06:29.599 13833 13833 W CarrierConfigManager: Error getting config for subId -1 ICarrierConfigLoader is null
12-10 06:06:29.604 1507 9362 E UserRestrictionsUtils: Unknown restriction queried by uid 1000 (com.android.localtransport et al): null
12-10 06:06:29.633 13833 13833 I sysui_multi_action: [757,746,758,1,833,0,1089,45]
12-10 06:06:29.636 1507 9362 D TelephonyRegistry: listen oscl: mHasNotifySubscriptionInfoChangedOccurred==false no callback
12-10 06:06:29.645 1507 6251 D TelephonyRegistry: listen oscl: mHasNotifySubscriptionInfoChangedOccurred==false no callback
12-10 06:06:29.652 13833 13833 I sysui_multi_action: [757,1729,758,4,854,isParalleledControllers:false,1089,64]
12-10 06:06:29.665 1507 6251 W WindowManager: updateScale0.7996942
12-10 06:06:29.823 1507 1568 I wm_stop_activity: [0,142082565,com.android.launcher3/.uioverrides.QuickstepLauncher]
12-10 06:06:29.827 1507 1569 W WindowManager: updateScale0.7996942
12-10 06:06:29.845 1507 5436 W WindowManager: updateScale0.7996942
12-10 06:06:29.855 2526 2526 I wm_on_stop_called: [142082565,com.android.launcher3.uioverrides.QuickstepLauncher,STOP_ACTIVITY_ITEM]
12-10 06:06:29.867 8492 8527 W ContextImpl: Calling a method in the system process without a qualified user: android.app.ContextImpl.startService:1816 android.content.ContextWrapper.startService:774 com.thundercomm.gamemode.ingame.services.GameModeActionUtils.startGameModeService:99 com.thundercomm.gamemode.ingame.services.GameModeActionUtils.startGameModeEntry:22 com.thundercomm.gamemode.ingame.services.ActivityMonitoringService$1.onActivityLaunch:127
12-10 06:06:29.870 1507 1507 I GameModeConfig: Current uri is uri = content://com.thundercomm.gamemode.api/gamemode_settings/gamemode_isgaming
12-10 06:06:29.872 1507 1507 I GameModeConfig: isGameModeOn = true
12-10 06:06:29.872 1507 1507 I GameModeConfig: isGaming = false
12-10 06:06:29.872 1507 1507 I GameModeConfig: isGameModeOn = true
12-10 06:06:29.872 1507 1507 I GameModeConfig: isGaming = false
12-10 06:06:29.872 1507 1507 I GameModeConfig: isDisableVoice = true
12-10 06:06:29.947 1507 6251 W WindowManager: updateScale0.7996942
12-10 06:06:29.955 1507 5436 W WindowManager: updateScale0.7996942
12-10 06:06:30.107 1507 1569 W WindowManager: updateScale0.7996942
12-10 06:06:30.108 1507 1569 W WindowManager: updateScale0.7996942
12-10 06:06:30.123 1507 1569 W WindowManager: updateScale0.7996942
12-10 06:06:30.155 0 0 I auditd : type=1400 audit(0.0:17390): avc: denied { kill } for comm="swapper/2" capability=5 scontext=u:r:kernel:s0 tcontext=u:r:kernel:s0 tclass=capability permissive=0
12-10 06:06:30.971 1507 1736 I input_interaction: Interaction with: 880b340 com.android.settings/com.android.settings.Settings (server), edge-swipe (server), swipe-up (server), PointerEventDispatcher0 (server),
12-10 06:06:31.007 1507 9362 I wm_task_moved: [26,0,0]
12-10 06:06:31.009 1507 9362 I wm_task_moved: [26,0,7]
12-10 06:06:31.018 1507 9362 W WindowManager: updateScale0.7996942
12-10 06:06:31.019 2526 2526 I wm_on_restart_called: [142082565,com.android.launcher3.uioverrides.QuickstepLauncher,performRestartActivity]
12-10 06:06:31.041 8492 8527 W ContextImpl: Calling a method in the system process without a qualified user: android.app.ContextImpl.startService:1816 android.content.ContextWrapper.startService:774 com.thundercomm.gamemode.ingame.services.GameModeActionUtils.startGameModeService:99 com.thundercomm.gamemode.ingame.services.GameModeActionUtils.startGameModeEntry:22 com.thundercomm.gamemode.ingame.services.ActivityMonitoringService$1.onActivityLaunch:127
12-10 06:06:31.048 1507 1507 I GameModeConfig: Current uri is uri = content://com.thundercomm.gamemode.api/gamemode_settings/gamemode_isgaming
12-10 06:06:31.050 2526 2526 I wm_on_start_called: [142082565,com.android.launcher3.uioverrides.QuickstepLauncher,handleStartActivity]
12-10 06:06:31.051 1507 1507 I GameModeConfig: isGameModeOn = true
12-10 06:06:31.051 1507 1507 I GameModeConfig: isGaming = false
12-10 06:06:31.051 1507 1507 I GameModeConfig: isGameModeOn = true
12-10 06:06:31.051 1507 1507 I GameModeConfig: isGaming = false
12-10 06:06:31.052 1507 7192 W ActivityTaskManager: getTaskSnapshot: taskId=3124 not found
12-10 06:06:31.052 1507 1507 I GameModeConfig: isDisableVoice = true
12-10 06:06:31.052 1507 7192 W ActivityTaskManager: getTaskSnapshot: taskId=2124 not found
12-10 06:06:31.054 1507 6251 W WindowManager: updateScale0.7996942
12-10 06:06:31.058 1507 9362 W ActivityTaskManager: getTaskSnapshot: taskId=3124 not found
12-10 06:06:31.059 1507 9362 W ActivityTaskManager: getTaskSnapshot: taskId=2124 not found
12-10 06:06:31.068 13833 13833 I view_enqueue_input_event: [Motion - Cancel,com.android.settings/com.android.settings.Settings]
12-10 06:06:31.068 1507 6251 W ActivityTaskManager: getTaskSnapshot: taskId=3124 not found
12-10 06:06:31.068 2526 2526 I sysui_latency: [1,90]
12-10 06:06:31.068 1507 1736 I input_interaction: Interaction with: edge-swipe (server), swipe-up (server), PointerEventDispatcher0 (server),
12-10 06:06:31.068 1507 9362 W ActivityTaskManager: getTaskSnapshot: taskId=2124 not found
12-10 06:06:31.069 1507 1569 W WindowManager: updateScale0.7996942
12-10 06:06:31.070 1507 1569 W WindowManager: updateScale0.7996942
12-10 06:06:31.072 1507 1569 W WindowManager: updateScale0.7996942
12-10 06:06:31.074 1507 9362 W ActivityTaskManager: getTaskSnapshot: taskId=2124 not found
12-10 06:06:31.075 1507 1569 I input_focus: [Focus request recents_animation_input_consumer,reason=UpdateInputWindows]
12-10 06:06:31.076 1507 9362 W ActivityTaskManager: getTaskSnapshot: taskId=3124 not found
12-10 06:06:31.076 1507 9362 W ActivityTaskManager: getTaskSnapshot: taskId=2124 not found
12-10 06:06:31.079 1507 1564 I sysui_multi_action: [319,21,322,63,325,16040,757,761,758,9,759,5,806,com.android.launcher3,871,com.android.launcher3.uioverrides.QuickstepLauncher,904,com.android.launcher3,905,0,1320,8,1321,5]
12-10 06:06:31.089 1507 1736 I input_focus: [Focus leaving 880b340 com.android.settings/com.android.settings.Settings (server),reason=NOT_FOCUSABLE]
12-10 06:06:31.089 1507 1736 I input_focus: [Focus entering recents_animation_input_consumer (server),reason=setFocusedWindow]
12-10 06:06:31.190 1507 1569 W WindowManager: updateScale0.7996942
12-10 06:06:31.254 1507 1710 I commit_sys_config_file: [settings-1-0,6]
12-10 06:06:31.372 1507 1581 I sysui_latency: [8,87]
12-10 06:06:31.760 1351 9974 I liblog : 71
12-10 06:06:31.866 1507 7192 I wm_task_moved: [26,1,8]
12-10 06:06:31.867 1507 7192 I wm_focused_root_task: [0,0,26,128,RecentsAnimation.onAnimationFinished()]
12-10 06:06:31.867 13833 13833 I wm_on_top_resumed_lost_called: [160875417,com.android.settings.Settings,topStateChangedWhenResumed]
12-10 06:06:31.868 1507 7192 I wm_pause_activity: [0,160875417,com.android.settings/.Settings,userLeaving=false,pauseBackTasks]
12-10 06:06:31.869 1507 7192 I ActivityTaskManager: FOREGROUND_APPLICATION_CHANGED to com.android.launcher3.uioverrides.QuickstepLauncher
12-10 06:06:31.869 1507 7192 I wm_set_resumed_activity: [0,com.android.launcher3/.uioverrides.QuickstepLauncher,resumeTopActivityInnerLocked]
12-10 06:06:31.870 1507 7192 I wm_resume_activity: [0,142082565,27,com.android.launcher3/.uioverrides.QuickstepLauncher]
12-10 06:06:31.870 1507 7192 I wm_add_to_stopping: [0,160875417,com.android.settings/.Settings,makeInvisible]
12-10 06:06:31.871 1507 7192 W WindowManager: updateScale0.7996942
12-10 06:06:31.873 1507 7192 W WindowManager: updateScale0.7996942
12-10 06:06:31.874 2526 2526 I wm_on_resume_called: [142082565,com.android.launcher3.uioverrides.QuickstepLauncher,RESUME_ACTIVITY]
12-10 06:06:31.875 1507 1569 I input_focus: [Focus request 2cb1f5d com.android.launcher3/com.android.launcher3.uioverrides.QuickstepLauncher,reason=UpdateInputWindows]
12-10 06:06:31.876 1507 1568 I sysui_multi_action: [757,803,799,window_time_0,802,2]
12-10 06:06:31.877 13833 13833 I sysui_multi_action: [757,35,758,2,1089,2390]
12-10 06:06:31.878 1507 1568 I wm_stop_activity: [0,160875417,com.android.settings/.Settings]
12-10 06:06:31.878 1507 1568 I sysui_multi_action: [757,803,799,window_time_0,802,0]
12-10 06:06:31.880 2526 2526 I wm_on_top_resumed_gained_called: [142082565,com.android.launcher3.uioverrides.QuickstepLauncher,topStateChangedWhenResumed]
12-10 06:06:31.880 13833 13833 I sysui_multi_action: [757,746,758,2,1089,2247]
12-10 06:06:31.886 1507 1965 I wm_finish_activity: [0,156940578,126,com.android.deskclock/.DeskClock,app-request]
12-10 06:06:31.893 1507 1965 I wm_pause_activity: [0,156940578,com.android.deskclock/.DeskClock,userLeaving=false,finish]
12-10 06:06:31.895 13893 13893 I wm_on_paused_called: [156940578,com.android.deskclock.DeskClock,performPause]
12-10 06:06:31.896 13833 13833 I wm_on_paused_called: [160875417,com.android.settings.Settings,performPause]
12-10 06:06:31.896 1507 1736 I input_focus: [Focus leaving recents_animation_input_consumer (server),reason=NOT_VISIBLE]
12-10 06:06:31.897 1507 1736 I input_focus: [Focus entering 2cb1f5d com.android.launcher3/com.android.launcher3.uioverrides.QuickstepLauncher (server),reason=setFocusedWindow]
12-10 06:06:31.901 1507 1965 I wm_destroy_activity: [0,156940578,126,com.android.deskclock/.DeskClock,finish-imm:completePausedLocked]
12-10 06:06:31.918 1507 1568 I sysui_multi_action: [757,803,799,window_time_0,802,0]
12-10 06:06:31.918 13833 13833 I wm_on_stop_called: [160875417,com.android.settings.Settings,STOP_ACTIVITY_ITEM]
12-10 06:06:31.929 13893 13893 I wm_on_stop_called: [156940578,com.android.deskclock.DeskClock,LIFECYCLER_STOP_ACTIVITY]
12-10 06:06:31.936 8492 8527 W ContextImpl: Calling a method in the system process without a qualified user: android.app.ContextImpl.startService:1816 android.content.ContextWrapper.startService:774 com.thundercomm.gamemode.ingame.services.GameModeActionUtils.startGameModeService:99 com.thundercomm.gamemode.ingame.services.GameModeActionUtils.startGameModeEntry:22 com.thundercomm.gamemode.ingame.services.ActivityMonitoringService$1.onActivityLaunch:127
12-10 06:06:31.940 13893 13893 I wm_on_destroy_called: [156940578,com.android.deskclock.DeskClock,performDestroy]
12-10 06:06:31.942 1507 1507 I GameModeConfig: Current uri is uri = content://com.thundercomm.gamemode.api/gamemode_settings/gamemode_isgaming
12-10 06:06:31.944 1507 1507 I GameModeConfig: isGameModeOn = true
12-10 06:06:31.944 1507 1507 I GameModeConfig: isGaming = false
12-10 06:06:31.945 1507 1507 I GameModeConfig: isGameModeOn = true
12-10 06:06:31.945 1507 1507 I GameModeConfig: isGaming = false
12-10 06:06:31.945 1507 1507 I GameModeConfig: isDisableVoice = true
12-10 06:06:31.956 8492 8527 W ContextImpl: Calling a method in the system process without a qualified user: android.app.ContextImpl.startService:1816 android.content.ContextWrapper.startService:774 com.thundercomm.gamemode.ingame.services.GameModeActionUtils.startGameModeService:99 com.thundercomm.gamemode.ingame.services.GameModeActionUtils.startGameModeEntry:22 com.thundercomm.gamemode.ingame.services.ActivityMonitoringService$1.onActivityLaunch:127
12-10 06:06:31.959 1507 1507 I GameModeConfig: Current uri is uri = content://com.thundercomm.gamemode.api/gamemode_settings/gamemode_isgaming
12-10 06:06:31.960 1507 1507 I GameModeConfig: isGameModeOn = true
12-10 06:06:31.960 1507 1507 I GameModeConfig: isGaming = false
12-10 06:06:31.960 1507 1507 I GameModeConfig: isGameModeOn = true
12-10 06:06:31.960 1507 1507 I GameModeConfig: isGaming = false
12-10 06:06:31.960 1507 1507 I GameModeConfig: isDisableVoice = true
12-10 06:06:32.014 8492 8527 W ContextImpl: Calling a method in the system process without a qualified user: android.app.ContextImpl.startService:1816 android.content.ContextWrapper.startService:774 com.thundercomm.gamemode.ingame.services.GameModeActionUtils.startGameModeService:99 com.thundercomm.gamemode.ingame.services.GameModeActionUtils.startGameModeEntry:22 com.thundercomm.gamemode.ingame.services.ActivityMonitoringService$1.onActivityLaunch:127
12-10 06:06:32.017 1507 1507 I GameModeConfig: Current uri is uri = content://com.thundercomm.gamemode.api/gamemode_settings/gamemode_isgaming
12-10 06:06:32.020 1507 1507 I GameModeConfig: isGameModeOn = true
12-10 06:06:32.020 1507 1507 I GameModeConfig: isGaming = false
12-10 06:06:32.021 1507 1507 I GameModeConfig: isGameModeOn = true
12-10 06:06:32.021 1507 1507 I GameModeConfig: isGaming = false
12-10 06:06:32.021 1507 1507 I GameModeConfig: isDisableVoice = true
12-10 06:06:32.112 1507 1710 I commit_sys_config_file: [settings-1-0,6]
12-10 06:06:32.155 0 0 I auditd : type=1400 audit(0.0:17391): avc: denied { kill } for comm="swapper/2" capability=5 scontext=u:r:kernel:s0 tcontext=u:r:kernel:s0 tclass=capability permissive=0
12-10 06:06:32.208 1507 1569 I wm_task_removed: [126,removeChild:removeChild last r=ActivityRecord{95ab922 u0 com.android.deskclock/.DeskClock t-1 f}} in t=Task{ac6e6ed #126 type=standard A=10069:com.android.deskclock U=0 visible=false mode=freeform translucent=true sz=0}]
12-10 06:06:32.208 1507 1569 I wm_task_removed: [126,removeChild]
12-10 06:06:32.208 1507 1569 D FreeFormWindowHelper: Remove freefrom task=Task{ac6e6ed #126 type=standard A=10069:com.android.deskclock U=0 visible=false mode=freeform translucent=true sz=0}
12-10 06:06:32.750 1507 2719 E TaskPersister: File error accessing recents directory (directory doesn't exist?).
12-10 06:06:32.821 1507 1736 I input_interaction: Interaction with: 2cb1f5d com.android.launcher3/com.android.launcher3.uioverrides.QuickstepLauncher (server), 5478378 com.android.systemui.ImageWallpaper (server), edge-swipe (server), swipe-up (server), PointerEventDispatcher0 (server),
12-10 06:06:32.923 1507 9362 I wm_task_moved: [26,1,7]
12-10 06:06:32.924 1507 9362 I wm_set_resumed_activity: [0,com.android.launcher3/.uioverrides.QuickstepLauncher,positionChildAt]
12-10 06:06:32.925 1507 9362 I wm_task_moved: [128,1,7]
12-10 06:06:32.925 1507 9362 I wm_focused_root_task: [0,0,128,26,moveTaskToFront findTaskToMoveToFront]
12-10 06:06:32.926 1507 9362 I wm_set_resumed_activity: [0,com.android.settings/.Settings,moveTaskToFront findTaskToMoveToFront]
12-10 06:06:32.928 1507 9362 I wm_pause_activity: [0,142082565,com.android.launcher3/.uioverrides.QuickstepLauncher,userLeaving=true,pauseBackTasks]
12-10 06:06:32.936 2526 2526 I wm_on_top_resumed_lost_called: [142082565,com.android.launcher3.uioverrides.QuickstepLauncher,topStateChangedWhenResumed]
12-10 06:06:32.937 2526 2526 I wm_on_paused_called: [142082565,com.android.launcher3.uioverrides.QuickstepLauncher,performPause]
12-10 06:06:32.949 1507 12191 I ActivityTaskManager: FOREGROUND_APPLICATION_CHANGED to com.android.settings.homepage.SettingsHomepageActivity
12-10 06:06:32.957 1507 12191 I wm_set_resumed_activity: [0,com.android.settings/.Settings,resumeTopActivityInnerLocked]
12-10 06:06:32.957 1507 12191 I wm_add_to_stopping: [0,142082565,com.android.launcher3/.uioverrides.QuickstepLauncher,makeInvisible]
12-10 06:06:32.959 1507 12191 I wm_resume_activity: [0,160875417,128,com.android.settings/.Settings]
12-10 06:06:32.965 1507 1568 I sysui_multi_action: [757,803,799,window_time_0,802,1]
12-10 06:06:32.989 13833 13833 I wm_on_restart_called: [160875417,com.android.settings.Settings,performRestartActivity]
12-10 06:06:32.994 1507 1736 I input_focus: [Focus leaving 2cb1f5d com.android.launcher3/com.android.launcher3.uioverrides.QuickstepLauncher (server),reason=NO_WINDOW]
12-10 06:06:33.002 13833 13833 I wm_on_start_called: [160875417,com.android.settings.Settings,handleStartActivity]
12-10 06:06:33.002 13833 13833 I snet_event_log: [120484087,-1,]
12-10 06:06:33.003 13833 13833 I wm_on_resume_called: [160875417,com.android.settings.Settings,RESUME_ACTIVITY]
12-10 06:06:33.003 13833 13833 I sysui_multi_action: [757,35,758,1,833,0,1089,0]
12-10 06:06:33.016 13833 13833 I sysui_multi_action: [757,746,758,1,833,0,1089,0]
12-10 06:06:33.016 1507 2792 D TelephonyRegistry: listen oscl: mHasNotifySubscriptionInfoChangedOccurred==false no callback
12-10 06:06:33.018 1507 9362 D TelephonyRegistry: listen oscl: mHasNotifySubscriptionInfoChangedOccurred==false no callback
12-10 06:06:33.023 13833 13833 I wm_on_top_resumed_gained_called: [160875417,com.android.settings.Settings,topWhenResuming]
12-10 06:06:33.026 1507 1569 I input_focus: [Focus request 880b340 com.android.settings/com.android.settings.Settings,reason=UpdateInputWindows]
12-10 06:06:33.044 1507 1564 I sysui_multi_action: [319,57,321,47,322,108,325,16041,757,761,758,9,759,4,806,com.android.settings,871,com.android.settings.Settings,904,com.android.launcher3,905,0,1320,21,1321,5]
12-10 06:06:33.045 1507 1736 I input_focus: [Focus entering 880b340 com.android.settings/com.android.settings.Settings (server),reason=setFocusedWindow]
12-10 06:06:33.070 8492 8527 W ContextImpl: Calling a method in the system process without a qualified user: android.app.ContextImpl.startService:1816 android.content.ContextWrapper.startService:774 com.thundercomm.gamemode.ingame.services.GameModeActionUtils.startGameModeService:99 com.thundercomm.gamemode.ingame.services.GameModeActionUtils.startGameModeEntry:22 com.thundercomm.gamemode.ingame.services.ActivityMonitoringService$1.onActivityLaunch:127
12-10 06:06:33.082 1507 1507 I GameModeConfig: Current uri is uri = content://com.thundercomm.gamemode.api/gamemode_settings/gamemode_isgaming
12-10 06:06:33.089 1507 1507 I GameModeConfig: isGameModeOn = true
12-10 06:06:33.089 1507 1507 I GameModeConfig: isGaming = false
12-10 06:06:33.092 1507 1507 I GameModeConfig: isGameModeOn = true
12-10 06:06:33.092 1507 1507 I GameModeConfig: isGaming = false
12-10 06:06:33.092 1507 1507 I GameModeConfig: isDisableVoice = true
12-10 06:06:33.155 0 0 I auditd : type=1400 audit(0.0:17392): avc: denied { kill } for comm="swapper/2" capability=5 scontext=u:r:kernel:s0 tcontext=u:r:kernel:s0 tclass=capability permissive=0
12-10 06:06:33.358 1507 1568 I wm_stop_activity: [0,142082565,com.android.launcher3/.uioverrides.QuickstepLauncher]
12-10 06:06:33.390 1507 5436 W FreeFormWindowHelper: exitRecentTasks type=0
12-10 06:06:33.390 1507 5436 W ContextImpl: Calling a method in the system process without a qualified user: android.app.ContextImpl.startActivity:1067 com.android.server.wm.FreeFormWindowHelper.exitRecentTasks:495 com.android.server.wm.ActivityTaskManagerService.exitRecentTasks:3795 android.app.IActivityTaskManager$Stub.onTransact:2307 com.android.server.wm.ActivityTaskManagerService.onTransact:5046
12-10 06:06:33.391 1507 5436 I ActivityTaskManager: START u0 {flg=0x10000000 cmp=com.android.deskclock/.DeskClock} from uid 1000
12-10 06:06:33.396 1507 5436 I wm_task_created: [129,-1]
12-10 06:06:33.396 1507 5436 W ActivityTaskManager: Can't find TaskDisplayArea to determine support for multi window. Task id=129 attached=false
12-10 06:06:33.397 1507 5436 D FreeFormWindowHelper: Add freeform task=Task{8677529 #129 type=standard ?? U=0 visible=false mode=freeform translucent=true sz=0}
12-10 06:06:33.399 1507 5436 D CompatibilityChangeReporter: Compat change id reported: 174042980; UID 10069; state: DISABLED
12-10 06:06:33.400 1507 5436 I wm_task_moved: [129,1,8]
12-10 06:06:33.400 1507 5436 I wm_task_to_front: [0,129]
12-10 06:06:33.400 1507 5436 I wm_create_task: [0,129]
12-10 06:06:33.400 1507 5436 I wm_create_activity: [0,7704750,129,com.android.deskclock/.DeskClock,NULL,NULL,NULL,268435456]
12-10 06:06:33.400 1507 5436 I wm_task_moved: [129,1,8]
12-10 06:06:33.400 13833 13833 I wm_on_top_resumed_lost_called: [160875417,com.android.settings.Settings,topStateChangedWhenResumed]
12-10 06:06:33.401 1507 5436 D CompatibilityChangeReporter: Compat change id reported: 168419799; UID 10069; state: DISABLED
12-10 06:06:33.401 1507 5436 I ActivityTaskManager: FOREGROUND_APPLICATION_CHANGED to com.android.deskclock.DeskClock
12-10 06:06:33.402 1507 5436 I ActivityTaskManager: The Process com.android.deskclock Already Exists in BG. So sending its PID: 13893
12-10 06:06:33.402 1507 5436 W ActivityTaskManager: Tried to set launchTime (0) < mLastActivityLaunchTime (16030633)
12-10 06:06:33.403 1507 5436 I wm_restart_activity: [0,7704750,129,com.android.deskclock/.DeskClock]
12-10 06:06:33.404 1507 5436 I wm_set_resumed_activity: [0,com.android.deskclock/.DeskClock,minimalResumeActivityLocked]
12-10 06:06:33.424 8492 8527 W ContextImpl: Calling a method in the system process without a qualified user: android.app.ContextImpl.startService:1816 android.content.ContextWrapper.startService:774 com.thundercomm.gamemode.ingame.services.GameModeActionUtils.startGameModeService:99 com.thundercomm.gamemode.ingame.services.GameModeActionUtils.startGameModeEntry:22 com.thundercomm.gamemode.ingame.services.ActivityMonitoringService$1.onActivityLaunch:127
12-10 06:06:33.427 1507 11870 I ActivityTaskManager: START u0 {act=android.content.pm.action.REQUEST_PERMISSIONS pkg=com.android.permissioncontroller cmp=com.android.permissioncontroller/.permission.ui.GrantPermissionsActivity (has extras)} from uid 10069
12-10 06:06:33.428 1507 1507 I GameModeConfig: Current uri is uri = content://com.thundercomm.gamemode.api/gamemode_settings/gamemode_isgaming
12-10 06:06:33.429 1507 1507 I GameModeConfig: isGameModeOn = true
12-10 06:06:33.429 1507 1507 I GameModeConfig: isGaming = false
12-10 06:06:33.430 1507 1507 I GameModeConfig: isGameModeOn = true
12-10 06:06:33.430 1507 1507 I GameModeConfig: isGaming = false
12-10 06:06:33.430 1507 1507 I GameModeConfig: isDisableVoice = true
12-10 06:06:33.431 1507 11870 I wm_task_moved: [129,1,8]
12-10 06:06:33.432 1507 11870 I wm_set_resumed_activity: [0,com.android.deskclock/.DeskClock,positionChildAt]
12-10 06:06:33.433 1507 11870 I wm_create_activity: [0,89733861,129,com.android.permissioncontroller/.permission.ui.GrantPermissionsActivity,android.content.pm.action.REQUEST_PERMISSIONS,NULL,NULL,8388608]
12-10 06:06:33.436 1507 11870 I wm_pause_activity: [0,7704750,com.android.deskclock/.DeskClock,userLeaving=true,resumeTopActivityInnerLocked]
12-10 06:06:33.450 2526 2526 I wm_on_stop_called: [142082565,com.android.launcher3.uioverrides.QuickstepLauncher,STOP_ACTIVITY_ITEM]
12-10 06:06:33.455 13893 13893 I wm_on_create_called: [7704750,com.android.deskclock.DeskClock,performCreate]
12-10 06:06:33.456 13893 13893 I wm_on_start_called: [7704750,com.android.deskclock.DeskClock,handleStartActivity]
12-10 06:06:33.458 13893 13893 I wm_on_resume_called: [7704750,com.android.deskclock.DeskClock,RESUME_ACTIVITY]
12-10 06:06:33.461 13893 13893 I wm_on_top_resumed_gained_called: [7704750,com.android.deskclock.DeskClock,topStateChangedWhenResumed]
12-10 06:06:33.462 13893 13893 I wm_on_top_resumed_lost_called: [7704750,com.android.deskclock.DeskClock,topStateChangedWhenResumed]
12-10 06:06:33.462 13893 13893 I wm_on_paused_called: [7704750,com.android.deskclock.DeskClock,performPause]
12-10 06:06:33.463 1507 11870 I ActivityTaskManager: FOREGROUND_APPLICATION_CHANGED to com.android.permissioncontroller.permission.ui.GrantPermissionsActivity
12-10 06:06:33.463 1507 11870 I ActivityTaskManager: The Process com.android.permissioncontroller Already Exists in BG. So sending its PID: 12461
12-10 06:06:33.464 1507 11870 W ActivityTaskManager: Tried to set launchTime (0) < mLastActivityLaunchTime (16030718)
12-10 06:06:33.465 1507 11870 I wm_restart_activity: [0,89733861,129,com.android.permissioncontroller/.permission.ui.GrantPermissionsActivity]
12-10 06:06:33.466 1507 11870 I wm_set_resumed_activity: [0,com.android.permissioncontroller/.permission.ui.GrantPermissionsActivity,minimalResumeActivityLocked]
12-10 06:06:33.471 1507 1568 I sysui_multi_action: [757,803,799,window_time_0,802,1]
12-10 06:06:33.480 8492 8527 W ContextImpl: Calling a method in the system process without a qualified user: android.app.ContextImpl.startService:1816 android.content.ContextWrapper.startService:774 com.thundercomm.gamemode.ingame.services.GameModeActionUtils.startGameModeService:99 com.thundercomm.gamemode.ingame.services.GameModeActionUtils.startGameModeEntry:22 com.thundercomm.gamemode.ingame.services.ActivityMonitoringService$1.onActivityLaunch:127
12-10 06:06:33.485 1507 1507 I GameModeConfig: Current uri is uri = content://com.thundercomm.gamemode.api/gamemode_settings/gamemode_isgaming
12-10 06:06:33.486 12461 12461 I wm_on_create_called: [89733861,com.android.permissioncontroller.permission.ui.GrantPermissionsActivity,performCreate]
12-10 06:06:33.486 12461 12461 I wm_on_start_called: [89733861,com.android.permissioncontroller.permission.ui.GrantPermissionsActivity,handleStartActivity]
12-10 06:06:33.487 12461 12461 I wm_on_resume_called: [89733861,com.android.permissioncontroller.permission.ui.GrantPermissionsActivity,RESUME_ACTIVITY]
12-10 06:06:33.487 1507 1507 I GameModeConfig: isGameModeOn = true
12-10 06:06:33.487 1507 1507 I GameModeConfig: isGaming = false
12-10 06:06:33.488 1507 1507 I GameModeConfig: isGameModeOn = true
12-10 06:06:33.488 1507 1507 I GameModeConfig: isGaming = false
12-10 06:06:33.488 1507 1507 I GameModeConfig: isDisableVoice = true
12-10 06:06:33.490 12461 12461 I wm_on_top_resumed_gained_called: [89733861,com.android.permissioncontroller.permission.ui.GrantPermissionsActivity,topStateChangedWhenResumed]
12-10 06:06:33.495 1507 11870 W WindowManager: updateScale0.7996942
12-10 06:06:33.495 1507 11870 W WindowManager: updateScale0.7996942
12-10 06:06:33.502 1507 2133 W WindowManager: updateScale0.7996942
12-10 06:06:33.502 1507 2133 W WindowManager: updateScale0.7996942
12-10 06:06:33.506 1507 1569 I input_focus: [Focus request a9ce19d com.android.permissioncontroller/com.android.permissioncontroller.permission.ui.GrantPermissionsActivity,reason=UpdateInputWindows]
12-10 06:06:33.507 1507 1569 W WindowManager: updateScale0.7996942
12-10 06:06:33.507 1507 1569 W WindowManager: updateScale0.7996942
12-10 06:06:33.507 1507 1569 W WindowManager: updateScale0.7996942
12-10 06:06:33.507 1507 1569 W WindowManager: updateScale0.7996942
12-10 06:06:33.509 1507 11870 I wm_finish_activity: [0,89733861,129,com.android.permissioncontroller/.permission.ui.GrantPermissionsActivity,app-request]
12-10 06:06:33.509 1507 11870 I wm_pause_activity: [0,89733861,com.android.permissioncontroller/.permission.ui.GrantPermissionsActivity,userLeaving=false,finish]
12-10 06:06:33.510 8492 8527 W ContextImpl: Calling a method in the system process without a qualified user: android.app.ContextImpl.startService:1816 android.content.ContextWrapper.startService:774 com.thundercomm.gamemode.ingame.services.GameModeActionUtils.startGameModeService:99 com.thundercomm.gamemode.ingame.services.GameModeActionUtils.startGameModeEntry:22 com.thundercomm.gamemode.ingame.services.ActivityMonitoringService$1.onActivityLaunch:127
12-10 06:06:33.511 12461 12461 I wm_on_top_resumed_lost_called: [89733861,com.android.permissioncontroller.permission.ui.GrantPermissionsActivity,topStateChangedWhenResumed]
12-10 06:06:33.511 12461 12461 I wm_on_paused_called: [89733861,com.android.permissioncontroller.permission.ui.GrantPermissionsActivity,performPause]
12-10 06:06:33.512 1507 1569 W WindowManager: updateScale0.7996942
12-10 06:06:33.513 1507 5436 I wm_add_to_stopping: [0,89733861,com.android.permissioncontroller/.permission.ui.GrantPermissionsActivity,completeFinishing]
12-10 06:06:33.513 1507 5436 I ActivityTaskManager: FOREGROUND_APPLICATION_CHANGED to com.android.deskclock.DeskClock
12-10 06:06:33.514 1507 5436 I wm_set_resumed_activity: [0,com.android.deskclock/.DeskClock,resumeTopActivityInnerLocked]
12-10 06:06:33.515 1507 5436 I wm_resume_activity: [0,7704750,129,com.android.deskclock/.DeskClock]
12-10 06:06:33.516 1507 1736 I input_focus: [Focus leaving 880b340 com.android.settings/com.android.settings.Settings (server),reason=Waiting for window because NOT_VISIBLE]
12-10 06:06:33.516 1507 1507 I GameModeConfig: Current uri is uri = content://com.thundercomm.gamemode.api/gamemode_settings/gamemode_isgaming
12-10 06:06:33.518 1507 1569 I input_focus: [Focus request 1cd006b com.android.deskclock/com.android.deskclock.DeskClock,reason=UpdateInputWindows]
12-10 06:06:33.518 1507 1568 I sysui_multi_action: [757,803,799,window_time_2,802,0]
12-10 06:06:33.521 1507 1507 I GameModeConfig: isGameModeOn = true
12-10 06:06:33.521 1507 1507 I GameModeConfig: isGaming = false
