12-10 06:15:00.459 1507 1528 I wm_add_to_stopping: [0,142082565,com.android.launcher3/.uioverrides.QuickstepLauncher,makeInvisible]
12-10 06:15:00.461 1507 1528 I wm_resume_activity: [0,28595287,137,com.android.deskclock/.DeskClock]
12-10 06:15:00.481 13893 13893 I wm_on_restart_called: [28595287,com.android.deskclock.DeskClock,performRestartActivity]
12-10 06:15:00.483 1507 1568 I sysui_multi_action: [757,803,799,window_time_0,802,1]
12-10 06:15:00.484 13893 13893 I wm_on_start_called: [28595287,com.android.deskclock.DeskClock,handleStartActivity]
12-10 06:15:00.485 13893 13893 I wm_on_resume_called: [28595287,com.android.deskclock.DeskClock,RESUME_ACTIVITY]
12-10 06:15:00.488 13893 13893 I wm_on_top_resumed_gained_called: [28595287,com.android.deskclock.DeskClock,topWhenResuming]
12-10 06:15:00.495 8492 8527 W ContextImpl: Calling a method in the system process without a qualified user: android.app.ContextImpl.startService:1816 android.content.ContextWrapper.startService:774 com.thundercomm.gamemode.ingame.services.GameModeActionUtils.startGameModeService:99 com.thundercomm.gamemode.ingame.services.GameModeActionUtils.startGameModeEntry:22 com.thundercomm.gamemode.ingame.services.ActivityMonitoringService$1.onActivityLaunch:127
12-10 06:15:00.500 1507 1507 I GameModeConfig: Current uri is uri = content://com.thundercomm.gamemode.api/gamemode_settings/gamemode_isgaming
12-10 06:15:00.506 1507 1507 I GameModeConfig: isGameModeOn = true
12-10 06:15:00.506 1507 1507 I GameModeConfig: isGaming = false
12-10 06:15:00.506 1507 1569 I input_focus: [Focus request 51227b0 com.android.deskclock/com.android.deskclock.DeskClock,reason=UpdateInputWindows]
12-10 06:15:00.506 1507 1507 I GameModeConfig: isGameModeOn = true
12-10 06:15:00.506 1507 1507 I GameModeConfig: isGaming = false
12-10 06:15:00.507 1507 1507 I GameModeConfig: isDisableVoice = true
12-10 06:15:00.507 1507 1736 I input_focus: [Focus leaving 2cb1f5d com.android.launcher3/com.android.launcher3.uioverrides.QuickstepLauncher (server),reason=NO_WINDOW]
12-10 06:15:00.524 1507 1564 I sysui_multi_action: [319,37,321,28,322,84,325,16549,757,761,758,9,759,4,806,com.android.deskclock,871,com.android.deskclock.DeskClock,904,com.android.launcher3,905,0,1320,8,1321,5]
12-10 06:15:00.530 1507 1736 I input_focus: [Focus entering 51227b0 com.android.deskclock/com.android.deskclock.DeskClock (server),reason=setFocusedWindow]
12-10 06:15:00.573 8492 8527 W ContextImpl: Calling a method in the system process without a qualified user: android.app.ContextImpl.startService:1816 android.content.ContextWrapper.startService:774 com.thundercomm.gamemode.ingame.services.GameModeActionUtils.startGameModeService:99 com.thundercomm.gamemode.ingame.services.GameModeActionUtils.startGameModeEntry:22 com.thundercomm.gamemode.ingame.services.ActivityMonitoringService$1.onActivityLaunch:127
12-10 06:15:00.578 1507 1507 I GameModeConfig: Current uri is uri = content://com.thundercomm.gamemode.api/gamemode_settings/gamemode_isgaming
12-10 06:15:00.580 1507 1507 I GameModeConfig: isGameModeOn = true
12-10 06:15:00.580 1507 1507 I GameModeConfig: isGaming = false
12-10 06:15:00.580 1507 1507 I GameModeConfig: isGameModeOn = true
12-10 06:15:00.580 1507 1507 I GameModeConfig: isGaming = false
12-10 06:15:00.580 1507 1507 I GameModeConfig: isDisableVoice = true
12-10 06:15:00.942 1507 1736 I input_interaction: Interaction with: edge-swipe (server), swipe-up (server), PointerEventDispatcher0 (server),
12-10 06:15:00.992 1507 1568 I wm_stop_activity: [0,142082565,com.android.launcher3/.uioverrides.QuickstepLauncher]
12-10 06:15:01.046 2526 2526 I wm_on_stop_called: [142082565,com.android.launcher3.uioverrides.QuickstepLauncher,STOP_ACTIVITY_ITEM]
12-10 06:15:01.074 8492 8527 W ContextImpl: Calling a method in the system process without a qualified user: android.app.ContextImpl.startService:1816 android.content.ContextWrapper.startService:774 com.thundercomm.gamemode.ingame.services.GameModeActionUtils.startGameModeService:99 com.thundercomm.gamemode.ingame.services.GameModeActionUtils.startGameModeEntry:22 com.thundercomm.gamemode.ingame.services.ActivityMonitoringService$1.onActivityLaunch:127
12-10 06:15:01.080 1507 1507 I GameModeConfig: Current uri is uri = content://com.thundercomm.gamemode.api/gamemode_settings/gamemode_isgaming
12-10 06:15:01.084 1507 1507 I GameModeConfig: isGameModeOn = true
12-10 06:15:01.084 1507 1507 I GameModeConfig: isGaming = false
12-10 06:15:01.084 1507 1507 I GameModeConfig: isGameModeOn = true
12-10 06:15:01.084 1507 1507 I GameModeConfig: isGaming = false
12-10 06:15:01.084 1507 1507 I GameModeConfig: isDisableVoice = true
12-10 06:15:01.155 0 0 I auditd : type=1400 audit(0.0:18094): avc: denied { kill } for comm="swapper/2" capability=5 scontext=u:r:kernel:s0 tcontext=u:r:kernel:s0 tclass=capability permissive=0
12-10 06:15:01.460 1507 2157 I sysui_multi_action: [757,803,799,key_back_press,802,1]
12-10 06:15:01.462 1507 1736 I input_interaction: Interaction with: 51227b0 com.android.deskclock/com.android.deskclock.DeskClock (server), PointerEventDispatcher0 (server),
12-10 06:15:01.478 1507 2157 I ActivityTaskManager: moveTaskToBack: Task{6e7c9d6 #137 type=standard A=10069:com.android.deskclock U=0 visible=true mode=fullscreen translucent=false sz=1}
12-10 06:15:01.478 1507 2157 I wm_task_moved: [137,0,0]
12-10 06:15:01.481 1507 2157 I wm_focused_root_task: [0,0,26,137,moveTaskToBackLocked]
12-10 06:15:01.481 13893 13893 I wm_on_top_resumed_lost_called: [28595287,com.android.deskclock.DeskClock,topStateChangedWhenResumed]
12-10 06:15:01.481 1507 2157 I wm_add_to_stopping: [0,28595287,com.android.deskclock/.DeskClock,makeInvisible]
12-10 06:15:01.483 1507 2157 I wm_pause_activity: [0,28595287,com.android.deskclock/.DeskClock,userLeaving=false,pauseBackTasks]
12-10 06:15:01.484 1507 2157 I ActivityTaskManager: FOREGROUND_APPLICATION_CHANGED to com.android.launcher3.uioverrides.QuickstepLauncher
12-10 06:15:01.485 1507 2157 I wm_set_resumed_activity: [0,com.android.launcher3/.uioverrides.QuickstepLauncher,resumeTopActivityInnerLocked]
12-10 06:15:01.486 1507 2157 I wm_resume_activity: [0,142082565,27,com.android.launcher3/.uioverrides.QuickstepLauncher]
12-10 06:15:01.487 2526 2526 I wm_on_restart_called: [142082565,com.android.launcher3.uioverrides.QuickstepLauncher,performRestartActivity]
12-10 06:15:01.489 13893 13893 I wm_on_paused_called: [28595287,com.android.deskclock.DeskClock,performPause]
12-10 06:15:01.490 1507 1568 I sysui_multi_action: [757,803,799,window_time_0,802,1]
12-10 06:15:01.493 2526 2526 I wm_on_start_called: [142082565,com.android.launcher3.uioverrides.QuickstepLauncher,handleStartActivity]
12-10 06:15:01.494 2526 2526 I wm_on_resume_called: [142082565,com.android.launcher3.uioverrides.QuickstepLauncher,RESUME_ACTIVITY]
12-10 06:15:01.499 8492 8527 W ContextImpl: Calling a method in the system process without a qualified user: android.app.ContextImpl.startService:1816 android.content.ContextWrapper.startService:774 com.thundercomm.gamemode.ingame.services.GameModeActionUtils.startGameModeService:99 com.thundercomm.gamemode.ingame.services.GameModeActionUtils.startGameModeEntry:22 com.thundercomm.gamemode.ingame.services.ActivityMonitoringService$1.onActivityLaunch:127
12-10 06:15:01.502 1507 1507 I GameModeConfig: Current uri is uri = content://com.thundercomm.gamemode.api/gamemode_settings/gamemode_isgaming
12-10 06:15:01.504 1507 1569 I input_focus: [Focus request 2cb1f5d com.android.launcher3/com.android.launcher3.uioverrides.QuickstepLauncher,reason=UpdateInputWindows]
12-10 06:15:01.506 1507 1507 I GameModeConfig: isGameModeOn = true
12-10 06:15:01.506 1507 1507 I GameModeConfig: isGaming = false
12-10 06:15:01.506 1507 1507 I GameModeConfig: isGameModeOn = true
12-10 06:15:01.506 1507 1507 I GameModeConfig: isGaming = false
12-10 06:15:01.506 1507 1507 I GameModeConfig: isDisableVoice = true
12-10 06:15:01.512 2526 2526 I wm_on_top_resumed_gained_called: [142082565,com.android.launcher3.uioverrides.QuickstepLauncher,topStateChangedWhenResumed]
12-10 06:15:01.516 1507 1736 I input_focus: [Focus leaving 51227b0 com.android.deskclock/com.android.deskclock.DeskClock (server),reason=NO_WINDOW]
12-10 06:15:01.532 1507 1736 I input_focus: [Focus entering 2cb1f5d com.android.launcher3/com.android.launcher3.uioverrides.QuickstepLauncher (server),reason=Window became focusable. Previous reason: NOT_VISIBLE]
12-10 06:15:01.592 8492 8527 W ContextImpl: Calling a method in the system process without a qualified user: android.app.ContextImpl.startService:1816 android.content.ContextWrapper.startService:774 com.thundercomm.gamemode.ingame.services.GameModeActionUtils.startGameModeService:99 com.thundercomm.gamemode.ingame.services.GameModeActionUtils.startGameModeEntry:22 com.thundercomm.gamemode.ingame.services.ActivityMonitoringService$1.onActivityLaunch:127
12-10 06:15:01.595 1507 1507 I GameModeConfig: Current uri is uri = content://com.thundercomm.gamemode.api/gamemode_settings/gamemode_isgaming
12-10 06:15:01.599 1507 1507 I GameModeConfig: isGameModeOn = true
12-10 06:15:01.600 1507 1507 I GameModeConfig: isGaming = false
12-10 06:15:01.600 1507 1507 I GameModeConfig: isGameModeOn = true
12-10 06:15:01.600 1507 1507 I GameModeConfig: isGaming = false
12-10 06:15:01.600 1507 1507 I GameModeConfig: isDisableVoice = true
12-10 06:15:01.878 1507 2719 E TaskPersister: File error accessing recents directory (directory doesn't exist?).
12-10 06:15:01.887 1507 1568 I wm_stop_activity: [0,28595287,com.android.deskclock/.DeskClock]
12-10 06:15:01.912 13893 13893 I wm_on_stop_called: [28595287,com.android.deskclock.DeskClock,STOP_ACTIVITY_ITEM]
12-10 06:15:01.932 8492 8527 W ContextImpl: Calling a method in the system process without a qualified user: android.app.ContextImpl.startService:1816 android.content.ContextWrapper.startService:774 com.thundercomm.gamemode.ingame.services.GameModeActionUtils.startGameModeService:99 com.thundercomm.gamemode.ingame.services.GameModeActionUtils.startGameModeEntry:22 com.thundercomm.gamemode.ingame.services.ActivityMonitoringService$1.onActivityLaunch:127
12-10 06:15:01.935 1507 1507 I GameModeConfig: Current uri is uri = content://com.thundercomm.gamemode.api/gamemode_settings/gamemode_isgaming
12-10 06:15:01.938 1507 1507 I GameModeConfig: isGameModeOn = true
12-10 06:15:01.938 1507 1507 I GameModeConfig: isGaming = false
12-10 06:15:01.938 1507 1507 I GameModeConfig: isGameModeOn = true
12-10 06:15:01.938 1507 1507 I GameModeConfig: isGaming = false
12-10 06:15:01.938 1507 1507 I GameModeConfig: isDisableVoice = true
12-10 06:15:02.041 1507 1736 I input_interaction: Interaction with: 2cb1f5d com.android.launcher3/com.android.launcher3.uioverrides.QuickstepLauncher (server), 5478378 com.android.systemui.ImageWallpaper (server), edge-swipe (server), swipe-up (server), PointerEventDispatcher0 (server),
12-10 06:15:02.155 0 0 I auditd : type=1400 audit(0.0:18095): avc: denied { kill } for comm="swapper/2" capability=5 scontext=u:r:kernel:s0 tcontext=u:r:kernel:s0 tclass=capability permissive=0
12-10 06:15:02.662 1507 1710 I commit_sys_config_file: [settings-1-0,5]
12-10 06:15:03.155 0 0 I auditd : type=1400 audit(0.0:18096): avc: denied { kill } for comm="swapper/2" capability=5 scontext=u:r:kernel:s0 tcontext=u:r:kernel:s0 tclass=capability permissive=0
12-10 06:15:04.120 2526 2526 I view_enqueue_input_event: [Motion - Cancel,com.android.launcher3/com.android.launcher3.uioverrides.QuickstepLauncher]
12-10 06:15:04.121 1507 1736 I input_interaction: Interaction with: edge-swipe (server), swipe-up (server), PointerEventDispatcher0 (server),
12-10 06:15:04.155 0 0 I auditd : type=1400 audit(0.0:18097): avc: denied { kill } for comm="swapper/2" capability=5 scontext=u:r:kernel:s0 tcontext=u:r:kernel:s0 tclass=capability permissive=0
12-10 06:15:04.477 1507 1909 I GameModeConfig: isGameModeOn = true
12-10 06:15:04.477 1507 1909 I GameModeConfig: isGaming = false
12-10 06:15:04.477 1507 1909 I GameModeConfig: isGameModeOn = true
12-10 06:15:04.477 1507 1909 I GameModeConfig: isGaming = false
12-10 06:15:04.482 1507 1909 I GameModeConfig: isGameModeOn = true
12-10 06:15:04.482 1507 1909 I GameModeConfig: isGaming = false
12-10 06:15:04.499 1507 1909 I GameModeConfig: isGameModeOn = true
12-10 06:15:04.499 1507 1909 I GameModeConfig: isGaming = false
12-10 06:15:04.523 1507 1528 I sysui_multi_action: [757,803,799,key_back_press,802,1]
12-10 06:15:04.525 1507 1909 I GameModeConfig: isGameModeOn = true
12-10 06:15:04.525 1507 1909 I GameModeConfig: isGaming = false
12-10 06:15:04.530 1507 1736 I input_interaction: Interaction with: 2cb1f5d com.android.launcher3/com.android.launcher3.uioverrides.QuickstepLauncher (server), PointerEventDispatcher0 (server),
12-10 06:15:04.550 1507 1909 I GameModeConfig: isGameModeOn = true
12-10 06:15:04.550 1507 1909 I GameModeConfig: isGaming = false
12-10 06:15:04.567 1507 1909 I GameModeConfig: isGameModeOn = true
12-10 06:15:04.567 1507 1909 I GameModeConfig: isGaming = false
12-10 06:15:04.583 1507 1909 I GameModeConfig: isGameModeOn = true
12-10 06:15:04.583 1507 1909 I GameModeConfig: isGaming = false
12-10 06:15:04.600 1507 1909 I GameModeConfig: isGameModeOn = true
12-10 06:15:04.600 1507 1909 I GameModeConfig: isGaming = false
12-10 06:15:05.155 0 0 I auditd : type=1400 audit(0.0:18098): avc: denied { kill } for comm="swapper/2" capability=5 scontext=u:r:kernel:s0 tcontext=u:r:kernel:s0 tclass=capability permissive=0
12-10 06:15:05.531 1507 1736 I input_interaction: Interaction with: 2cb1f5d com.android.launcher3/com.android.launcher3.uioverrides.QuickstepLauncher (server), 5478378 com.android.systemui.ImageWallpaper (server), edge-swipe (server), swipe-up (server), PointerEventDispatcher0 (server),
12-10 06:15:06.155 0 0 I auditd : type=1400 audit(0.0:18099): avc: denied { kill } for comm="swapper/2" capability=5 scontext=u:r:kernel:s0 tcontext=u:r:kernel:s0 tclass=capability permissive=0
12-10 06:15:06.290 2526 2526 I view_enqueue_input_event: [Motion - Cancel,com.android.launcher3/com.android.launcher3.uioverrides.QuickstepLauncher]
12-10 06:15:06.292 1507 1736 I input_interaction: Interaction with: edge-swipe (server), swipe-up (server), PointerEventDispatcher0 (server),
12-10 06:15:06.668 1507 2157 I sysui_multi_action: [757,803,799,key_back_press,802,1]
12-10 06:15:06.674 1507 1736 I input_interaction: Interaction with: 2cb1f5d com.android.launcher3/com.android.launcher3.uioverrides.QuickstepLauncher (server), PointerEventDispatcher0 (server),
12-10 06:15:07.155 0 0 I auditd : type=1400 audit(0.0:18100): avc: denied { kill } for comm="swapper/2" capability=5 scontext=u:r:kernel:s0 tcontext=u:r:kernel:s0 tclass=capability permissive=0
12-10 06:15:07.573 1507 1736 I input_interaction: Interaction with: 2cb1f5d com.android.launcher3/com.android.launcher3.uioverrides.QuickstepLauncher (server), 5478378 com.android.systemui.ImageWallpaper (server), edge-swipe (server), swipe-up (server), PointerEventDispatcher0 (server),
12-10 06:15:08.520 1507 1909 I GameModeConfig: isGameModeOn = true
12-10 06:15:08.520 1507 1909 I GameModeConfig: isGaming = false
12-10 06:15:08.538 1507 1909 I GameModeConfig: isGameModeOn = true
12-10 06:15:08.538 1507 1909 I GameModeConfig: isGaming = false
12-10 06:15:08.718 1507 1909 I GameModeConfig: isGameModeOn = true
12-10 06:15:08.718 1507 1909 I GameModeConfig: isGaming = false
12-10 06:15:08.752 1507 1909 I GameModeConfig: isGameModeOn = true
12-10 06:15:08.752 1507 1909 I GameModeConfig: isGaming = false
12-10 06:15:09.155 0 0 I auditd : type=1400 audit(0.0:18101): avc: denied { kill } for comm="swapper/2" capability=5 scontext=u:r:kernel:s0 tcontext=u:r:kernel:s0 tclass=capability permissive=0
12-10 06:15:09.919 1507 2157 W FreeFormWindowHelper: exitRecentTasks type=0
12-10 06:15:10.118 1507 1710 I commit_sys_config_file: [settings-1-0,4]
12-10 06:15:10.155 0 0 I auditd : type=1400 audit(0.0:18102): avc: denied { kill } for comm="swapper/2" capability=5 scontext=u:r:kernel:s0 tcontext=u:r:kernel:s0 tclass=capability permissive=0
12-10 06:15:11.155 0 0 I auditd : type=1400 audit(0.0:18103): avc: denied { kill } for comm="swapper/2" capability=5 scontext=u:r:kernel:s0 tcontext=u:r:kernel:s0 tclass=capability permissive=0
12-10 06:15:12.155 0 0 I auditd : type=1400 audit(0.0:18104): avc: denied { kill } for comm="swapper/2" capability=5 scontext=u:r:kernel:s0 tcontext=u:r:kernel:s0 tclass=capability permissive=0
12-10 06:15:13.155 0 0 I auditd : type=1400 audit(0.0:18105): avc: denied { kill } for comm="swapper/2" capability=5 scontext=u:r:kernel:s0 tcontext=u:r:kernel:s0 tclass=capability permissive=0
12-10 06:15:13.173 1507 1583 I am_uid_idle: 10052
12-10 06:15:13.277 1507 1507 I service_manager_stats: [100,97,60463]
12-10 06:15:14.155 0 0 I auditd : type=1400 audit(0.0:18106): avc: denied { kill } for comm="swapper/2" capability=5 scontext=u:r:kernel:s0 tcontext=u:r:kernel:s0 tclass=capability permissive=0
12-10 06:15:14.359 1507 1710 I commit_sys_config_file: [settings-1-0,4]
12-10 06:15:15.155 0 0 I auditd : type=1400 audit(0.0:18107): avc: denied { kill } for comm="swapper/2" capability=5 scontext=u:r:kernel:s0 tcontext=u:r:kernel:s0 tclass=capability permissive=0
12-10 06:15:16.155 0 0 I auditd : type=1400 audit(0.0:18108): avc: denied { kill } for comm="swapper/2" capability=5 scontext=u:r:kernel:s0 tcontext=u:r:kernel:s0 tclass=capability permissive=0
12-10 06:15:17.155 0 0 I auditd : type=1400 audit(0.0:18109): avc: denied { kill } for comm="swapper/2" capability=5 scontext=u:r:kernel:s0 tcontext=u:r:kernel:s0 tclass=capability permissive=0
12-10 06:15:18.155 0 0 I auditd : type=1400 audit(0.0:18110): avc: denied { kill } for comm="swapper/2" capability=5 scontext=u:r:kernel:s0 tcontext=u:r:kernel:s0 tclass=capability permissive=0
12-10 06:15:19.155 0 0 I auditd : type=1400 audit(0.0:18111): avc: denied { kill } for comm="swapper/2" capability=5 scontext=u:r:kernel:s0 tcontext=u:r:kernel:s0 tclass=capability permissive=0
12-10 06:15:19.494 1507 6104 W FreeFormWindowHelper: exitRecentTasks type=0
12-10 06:15:19.708 1507 1710 I commit_sys_config_file: [settings-1-0,18]
12-10 06:15:20.017 1507 1528 W NotificationService: Toast already killed. pkg=com.android.launcher3 token=android.os.BinderProxy@2260db0
12-10 06:15:20.155 0 0 I auditd : type=1400 audit(0.0:18112): avc: denied { kill } for comm="swapper/2" capability=5 scontext=u:r:kernel:s0 tcontext=u:r:kernel:s0 tclass=capability permissive=0
12-10 06:15:20.660 1507 6104 I ActivityTaskManager: START u0 {flg=0x10208000 cmp=com.android.launcher3/.proxy.ProxyActivityStarter (has extras)} from uid 10079
12-10 06:15:20.666 1507 6104 I wm_task_created: [139,-1]
12-10 06:15:20.666 1507 6104 W ActivityTaskManager: Can't find TaskDisplayArea to determine support for multi window. Task id=139 attached=false
12-10 06:15:20.670 1507 6104 I wm_task_moved: [139,1,8]
12-10 06:15:20.670 1507 6104 I wm_task_to_front: [0,139]
12-10 06:15:20.670 1507 6104 I wm_create_task: [0,139]
12-10 06:15:20.670 1507 6104 I wm_create_activity: [0,89362852,139,com.android.launcher3/.proxy.ProxyActivityStarter,NULL,NULL,NULL,270565376]
12-10 06:15:20.670 1507 6104 I wm_task_moved: [139,1,8]
12-10 06:15:20.677 1507 6104 I wm_pause_activity: [0,142082565,com.android.launcher3/.uioverrides.QuickstepLauncher,userLeaving=true,pauseBackTasks]
12-10 06:15:20.687 2526 2526 I wm_on_top_resumed_lost_called: [142082565,com.android.launcher3.uioverrides.QuickstepLauncher,topStateChangedWhenResumed]
12-10 06:15:20.689 2526 2526 I wm_on_paused_called: [142082565,com.android.launcher3.uioverrides.QuickstepLauncher,performPause]
12-10 06:15:20.690 1507 6104 I ActivityTaskManager: FOREGROUND_APPLICATION_CHANGED to com.android.launcher3.proxy.ProxyActivityStarter
12-10 06:15:20.692 1507 6104 I ActivityTaskManager: The Process com.android.launcher3 Already Exists in BG. So sending its PID: 2526
12-10 06:15:20.692 1507 6104 W ActivityTaskManager: Tried to set launchTime (0) < mLastActivityLaunchTime (15426)
12-10 06:15:20.694 1507 6104 I wm_restart_activity: [0,89362852,139,com.android.launcher3/.proxy.ProxyActivityStarter]
12-10 06:15:20.696 1507 6104 I wm_set_resumed_activity: [0,com.android.launcher3/.proxy.ProxyActivityStarter,minimalResumeActivityLocked]
12-10 06:15:20.701 1507 1568 I sysui_multi_action: [757,803,799,window_time_0,802,19]
12-10 06:15:20.704 1507 6104 I ActivityTaskManager: START u0 {act=android.intent.action.CREATE_SHORTCUT cmp=com.android.settings/.Settings$CreateShortcutActivity} from uid 10079
12-10 06:15:20.706 1507 6104 I wm_task_moved: [139,1,8]
12-10 06:15:20.706 1507 6104 I wm_set_resumed_activity: [0,com.android.launcher3/.proxy.ProxyActivityStarter,positionChildAt]
12-10 06:15:20.706 1507 6104 I wm_create_activity: [0,119705811,139,com.android.settings/.Settings$CreateShortcutActivity,android.intent.action.CREATE_SHORTCUT,NULL,NULL,0]
12-10 06:15:20.708 1507 6104 I wm_pause_activity: [0,89362852,com.android.launcher3/.proxy.ProxyActivityStarter,userLeaving=true,resumeTopActivityInnerLocked]
12-10 06:15:20.710 2526 2526 I wm_on_create_called: [89362852,com.android.launcher3.proxy.ProxyActivityStarter,performCreate]
12-10 06:15:20.713 2526 2526 I wm_on_start_called: [89362852,com.android.launcher3.proxy.ProxyActivityStarter,handleStartActivity]
12-10 06:15:20.713 2526 2526 I wm_on_resume_called: [89362852,com.android.launcher3.proxy.ProxyActivityStarter,RESUME_ACTIVITY]
12-10 06:15:20.716 1507 6104 W WindowManager: Failed looking up window session=Session{9e8a646 2526:u0a10079} callers=com.android.server.wm.WindowManagerService.windowForClientLocked:5628 com.android.server.wm.Session.insetsModified:629 android.view.IWindowSession$Stub.onTransact:1151
12-10 06:15:20.718 2526 2526 I wm_on_top_resumed_gained_called: [89362852,com.android.launcher3.proxy.ProxyActivityStarter,topStateChangedWhenResumed]
12-10 06:15:20.718 2526 2526 I wm_on_top_resumed_lost_called: [89362852,com.android.launcher3.proxy.ProxyActivityStarter,topStateChangedWhenResumed]
12-10 06:15:20.718 2526 2526 I wm_on_paused_called: [89362852,com.android.launcher3.proxy.ProxyActivityStarter,performPause]
12-10 06:15:20.719 1507 9513 I ActivityTaskManager: FOREGROUND_APPLICATION_CHANGED to com.android.settings.Settings$CreateShortcutActivity
12-10 06:15:20.719 1507 9513 I ActivityTaskManager: The Process com.android.settings Already Exists in BG. So sending its PID: 14230
12-10 06:15:20.719 1507 9513 W ActivityTaskManager: Tried to set launchTime (0) < mLastActivityLaunchTime (16546872)
12-10 06:15:20.719 1507 9513 I wm_add_to_stopping: [0,89362852,com.android.launcher3/.proxy.ProxyActivityStarter,makeInvisible]
12-10 06:15:20.719 1507 9513 I wm_add_to_stopping: [0,142082565,com.android.launcher3/.uioverrides.QuickstepLauncher,makeInvisible]
12-10 06:15:20.720 1507 9513 I wm_restart_activity: [0,119705811,139,com.android.settings/.Settings$CreateShortcutActivity]
12-10 06:15:20.721 1507 9513 I wm_set_resumed_activity: [0,com.android.settings/.Settings$CreateShortcutActivity,minimalResumeActivityLocked]
12-10 06:15:20.725 1507 1568 I wm_stop_activity: [0,89362852,com.android.launcher3/.proxy.ProxyActivityStarter]
12-10 06:15:20.730 1507 1568 I sysui_multi_action: [757,803,799,window_time_0,802,0]
12-10 06:15:20.745 1507 1736 I input_focus: [Focus leaving 2cb1f5d com.android.launcher3/com.android.launcher3.uioverrides.QuickstepLauncher (server),reason=NO_WINDOW]
12-10 06:15:20.751 1507 1581 I am_pss : [14020,10052,com.thundercomm.screensaver,29113344,24551424,0,143888384,0,19,7]
12-10 06:15:20.756 8492 8527 W ContextImpl: Calling a method in the system process without a qualified user: android.app.ContextImpl.startService:1816 android.content.ContextWrapper.startService:774 com.thundercomm.gamemode.ingame.services.GameModeActionUtils.startGameModeService:99 com.thundercomm.gamemode.ingame.services.GameModeActionUtils.startGameModeEntry:22 com.thundercomm.gamemode.ingame.services.ActivityMonitoringService$1.onActivityLaunch:127
12-10 06:15:20.762 14230 14230 I wm_on_create_called: [119705811,com.android.settings.Settings$CreateShortcutActivity,performCreate]
12-10 06:15:20.762 1507 1507 I GameModeConfig: Current uri is uri = content://com.thundercomm.gamemode.api/gamemode_settings/gamemode_isgaming
12-10 06:15:20.769 14230 14230 I wm_on_start_called: [119705811,com.android.settings.Settings$CreateShortcutActivity,handleStartActivity]
12-10 06:15:20.769 14230 14230 I snet_event_log: [120484087,-1,]
12-10 06:15:20.769 1507 1507 I GameModeConfig: isGameModeOn = true
12-10 06:15:20.769 1507 1507 I GameModeConfig: isGaming = false
12-10 06:15:20.769 1507 1507 I GameModeConfig: isGameModeOn = true
12-10 06:15:20.769 1507 1507 I GameModeConfig: isGaming = false
12-10 06:15:20.769 1507 1507 I GameModeConfig: isDisableVoice = true
12-10 06:15:20.770 14230 14230 I wm_on_resume_called: [119705811,com.android.settings.Settings$CreateShortcutActivity,RESUME_ACTIVITY]
12-10 06:15:20.771 14230 14230 I sysui_multi_action: [757,1503,758,1,833,0,1089,11]
12-10 06:15:20.776 2526 2526 I wm_on_stop_called: [89362852,com.android.launcher3.proxy.ProxyActivityStarter,STOP_ACTIVITY_ITEM]
12-10 06:15:20.777 14230 14230 I sysui_multi_action: [757,1729,758,4,854,isParalleledControllers:false,1089,17]
12-10 06:15:20.782 14230 14230 I wm_on_top_resumed_gained_called: [119705811,com.android.settings.Settings$CreateShortcutActivity,topStateChangedWhenResumed]
12-10 06:15:20.814 1507 1569 I input_focus: [Focus request 990abd4 com.android.settings/com.android.settings.Settings$CreateShortcutActivity,reason=UpdateInputWindows]
12-10 06:15:20.838 1507 1564 I wm_activity_launch_time: [0,119705811,com.android.settings/.Settings$CreateShortcutActivity,174]
12-10 06:15:20.841 8492 8527 W ContextImpl: Calling a method in the system process without a qualified user: android.app.ContextImpl.startService:1816 android.content.ContextWrapper.startService:774 com.thundercomm.gamemode.ingame.services.GameModeActionUtils.startGameModeService:99 com.thundercomm.gamemode.ingame.services.GameModeActionUtils.startGameModeEntry:22 com.thundercomm.gamemode.ingame.services.ActivityMonitoringService$1.onActivityLaunch:127
12-10 06:15:20.846 1507 1736 I input_focus: [Focus entering 990abd4 com.android.settings/com.android.settings.Settings$CreateShortcutActivity (server),reason=Window became focusable. Previous reason: NOT_VISIBLE]
12-10 06:15:20.854 1507 1507 I GameModeConfig: Current uri is uri = content://com.thundercomm.gamemode.api/gamemode_settings/gamemode_isgaming
12-10 06:15:20.856 1507 1507 I GameModeConfig: isGameModeOn = true
12-10 06:15:20.856 1507 1507 I GameModeConfig: isGaming = false
12-10 06:15:20.856 1507 1507 I GameModeConfig: isGameModeOn = true
12-10 06:15:20.856 1507 1507 I GameModeConfig: isGaming = false
12-10 06:15:20.856 1507 1507 I GameModeConfig: isDisableVoice = true
12-10 06:15:21.118 1507 1568 I wm_stop_activity: [0,142082565,com.android.launcher3/.uioverrides.QuickstepLauncher]
12-10 06:15:21.153 2526 2526 I wm_on_stop_called: [142082565,com.android.launcher3.uioverrides.QuickstepLauncher,STOP_ACTIVITY_ITEM]
12-10 06:15:21.155 0 0 I auditd : type=1400 audit(0.0:18113): avc: denied { kill } for comm="swapper/2" capability=5 scontext=u:r:kernel:s0 tcontext=u:r:kernel:s0 tclass=capability permissive=0
12-10 06:15:21.166 8492 8527 W ContextImpl: Calling a method in the system process without a qualified user: android.app.ContextImpl.startService:1816 android.content.ContextWrapper.startService:774 com.thundercomm.gamemode.ingame.services.GameModeActionUtils.startGameModeService:99 com.thundercomm.gamemode.ingame.services.GameModeActionUtils.startGameModeEntry:22 com.thundercomm.gamemode.ingame.services.ActivityMonitoringService$1.onActivityLaunch:127
12-10 06:15:21.169 1507 1507 I GameModeConfig: Current uri is uri = content://com.thundercomm.gamemode.api/gamemode_settings/gamemode_isgaming
12-10 06:15:21.172 1507 1507 I GameModeConfig: isGameModeOn = true
12-10 06:15:21.172 1507 1507 I GameModeConfig: isGaming = false
12-10 06:15:21.172 1507 1507 I GameModeConfig: isGameModeOn = true
12-10 06:15:21.172 1507 1507 I GameModeConfig: isGaming = false
12-10 06:15:21.172 1507 1507 I GameModeConfig: isDisableVoice = true
12-10 06:15:21.798 1507 1564 D CompanionDeviceManagerService: onPackageModified(packageName = com.android.settings)
12-10 06:15:21.836 1507 1507 I Telecom : DefaultDialerCache: Refreshing default dialer for user 0: now null: DDC.oR@AFM
12-10 06:15:21.857 1507 1581 W VoiceInteractionManager: no available voice recognition services found for user 0
12-10 06:15:21.943 1507 1736 I input_interaction: Interaction with: 990abd4 com.android.settings/com.android.settings.Settings$CreateShortcutActivity (server), edge-swipe (server), swipe-up (server), PointerEventDispatcher0 (server),
12-10 06:15:22.155 0 0 I auditd : type=1400 audit(0.0:18114): avc: denied { kill } for comm="swapper/2" capability=5 scontext=u:r:kernel:s0 tcontext=u:r:kernel:s0 tclass=capability permissive=0
12-10 06:15:23.155 0 0 I auditd : type=1400 audit(0.0:18115): avc: denied { kill } for comm="swapper/2" capability=5 scontext=u:r:kernel:s0 tcontext=u:r:kernel:s0 tclass=capability permissive=0
12-10 06:15:24.190 1507 2719 E TaskPersister: File error accessing recents directory (directory doesn't exist?).
12-10 06:15:24.256 14230 14230 I sysui_multi_action: [757,829,758,4,806,com.android.settings.Settings$ManageApplicationsActivity]
12-10 06:15:24.257 1507 12191 I wm_finish_activity: [0,119705811,139,com.android.settings/.Settings$CreateShortcutActivity,app-request]
12-10 06:15:24.267 1507 12191 I wm_pause_activity: [0,119705811,com.android.settings/.Settings$CreateShortcutActivity,userLeaving=false,finish]
12-10 06:15:24.270 14230 14230 I wm_on_top_resumed_lost_called: [119705811,com.android.settings.Settings$CreateShortcutActivity,topStateChangedWhenResumed]
12-10 06:15:24.277 14230 14230 I sysui_multi_action: [757,1503,758,2,1089,3506]
12-10 06:15:24.278 14230 14230 I wm_on_paused_called: [119705811,com.android.settings.Settings$CreateShortcutActivity,performPause]
12-10 06:15:24.279 1507 1528 I wm_add_to_stopping: [0,119705811,com.android.settings/.Settings$CreateShortcutActivity,completeFinishing]
12-10 06:15:24.280 1507 1528 I ActivityTaskManager: FOREGROUND_APPLICATION_CHANGED to com.android.launcher3.proxy.ProxyActivityStarter
12-10 06:15:24.282 1507 1528 I wm_set_resumed_activity: [0,com.android.launcher3/.proxy.ProxyActivityStarter,resumeTopActivityInnerLocked]
12-10 06:15:24.284 1507 1528 I wm_resume_activity: [0,89362852,139,com.android.launcher3/.proxy.ProxyActivityStarter]
12-10 06:15:24.289 1507 1736 I input_focus: [Focus leaving 990abd4 com.android.settings/com.android.settings.Settings$CreateShortcutActivity (server),reason=NO_WINDOW]
12-10 06:15:24.291 2526 2526 I wm_on_restart_called: [142082565,com.android.launcher3.uioverrides.QuickstepLauncher,performRestartActivity]
12-10 06:15:24.291 2526 2526 I wm_on_start_called: [142082565,com.android.launcher3.uioverrides.QuickstepLauncher,handleStartActivity]
12-10 06:15:24.295 1507 1568 I sysui_multi_action: [757,803,799,window_time_0,802,4]
12-10 06:15:24.295 1507 12191 I wm_finish_activity: [0,89362852,139,com.android.launcher3/.proxy.ProxyActivityStarter,finish-activity]
12-10 06:15:24.295 1507 12191 I wm_task_moved: [26,1,8]
12-10 06:15:24.295 1507 12191 I wm_task_moved: [27,1,2147483647]
12-10 06:15:24.295 1507 12191 I wm_task_to_front: [0,27]
12-10 06:15:24.295 1507 12191 I wm_focused_root_task: [0,0,26,-1,finish-top adjustFocusToNextFocusableTask]
12-10 06:15:24.297 8492 8527 W ContextImpl: Calling a method in the system process without a qualified user: android.app.ContextImpl.startService:1816 android.content.ContextWrapper.startService:774 com.thundercomm.gamemode.ingame.services.GameModeActionUtils.startGameModeService:99 com.thundercomm.gamemode.ingame.services.GameModeActionUtils.startGameModeEntry:22 com.thundercomm.gamemode.ingame.services.ActivityMonitoringService$1.onActivityLaunch:127
12-10 06:15:24.305 1507 12191 I wm_pause_activity: [0,89362852,com.android.launcher3/.proxy.ProxyActivityStarter,userLeaving=false,finish]
12-10 06:15:24.306 1507 1507 I GameModeConfig: Current uri is uri = content://com.thundercomm.gamemode.api/gamemode_settings/gamemode_isgaming
12-10 06:15:24.307 2526 2526 I wm_on_activity_result_called: [89362852,com.android.launcher3.proxy.ProxyActivityStarter,ACTIVITY_RESULT]
12-10 06:15:24.308 2526 2526 I wm_on_restart_called: [89362852,com.android.launcher3.proxy.ProxyActivityStarter,performRestartActivity]
12-10 06:15:24.309 1507 1507 I GameModeConfig: isGameModeOn = true
12-10 06:15:24.309 1507 1507 I GameModeConfig: isGaming = false
12-10 06:15:24.310 1507 1507 I GameModeConfig: isGameModeOn = true
12-10 06:15:24.310 1507 1507 I GameModeConfig: isGaming = false
12-10 06:15:24.310 1507 1507 I GameModeConfig: isDisableVoice = true
12-10 06:15:24.314 1507 1568 I sysui_multi_action: [757,803,799,window_time_0,802,0]
12-10 06:15:24.320 1507 1569 I input_focus: [Focus request 2cb1f5d com.android.launcher3/com.android.launcher3.uioverrides.QuickstepLauncher,reason=UpdateInputWindows]
12-10 06:15:24.327 1507 2719 E TaskPersister: File error accessing recents directory (directory doesn't exist?).
12-10 06:15:24.330 1507 1528 I wm_add_to_stopping: [0,89362852,com.android.launcher3/.proxy.ProxyActivityStarter,completeFinishing]
12-10 06:15:24.330 1507 1528 I ActivityTaskManager: FOREGROUND_APPLICATION_CHANGED to com.android.launcher3.uioverrides.QuickstepLauncher
12-10 06:15:24.331 1507 1528 I wm_set_resumed_activity: [0,com.android.launcher3/.uioverrides.QuickstepLauncher,resumeTopActivityInnerLocked]
12-10 06:15:24.332 1507 1528 I wm_resume_activity: [0,142082565,27,com.android.launcher3/.uioverrides.QuickstepLauncher]
12-10 06:15:24.344 1507 1568 I sysui_multi_action: [757,803,799,window_time_0,802,0]
12-10 06:15:24.350 2526 2526 I wm_on_activity_result_called: [142082565,com.android.launcher3.uioverrides.QuickstepLauncher,ACTIVITY_RESULT]
12-10 06:15:24.350 2526 2526 I wm_on_resume_called: [142082565,com.android.launcher3.uioverrides.QuickstepLauncher,RESUME_ACTIVITY]
12-10 06:15:24.350 2526 2526 I wm_on_top_resumed_gained_called: [142082565,com.android.launcher3.uioverrides.QuickstepLauncher,topWhenResuming]
12-10 06:15:24.353 1507 1736 I input_focus: [Focus entering 2cb1f5d com.android.launcher3/com.android.launcher3.uioverrides.QuickstepLauncher (server),reason=Window became focusable. Previous reason: NOT_VISIBLE]
12-10 06:15:24.445 8492 8527 W ContextImpl: Calling a method in the system process without a qualified user: android.app.ContextImpl.startService:1816 android.content.ContextWrapper.startService:774 com.thundercomm.gamemode.ingame.services.GameModeActionUtils.startGameModeService:99 com.thundercomm.gamemode.ingame.services.GameModeActionUtils.startGameModeEntry:22 com.thundercomm.gamemode.ingame.services.ActivityMonitoringService$1.onActivityLaunch:127
12-10 06:15:24.449 1507 1507 I GameModeConfig: Current uri is uri = content://com.thundercomm.gamemode.api/gamemode_settings/gamemode_isgaming
12-10 06:15:24.451 1507 1507 I GameModeConfig: isGameModeOn = true
12-10 06:15:24.451 1507 1507 I GameModeConfig: isGaming = false
12-10 06:15:24.451 1507 1507 I GameModeConfig: isGameModeOn = true
12-10 06:15:24.451 1507 1507 I GameModeConfig: isGaming = false
12-10 06:15:24.451 1507 1507 I GameModeConfig: isDisableVoice = true
12-10 06:15:24.695 1507 1568 I wm_destroy_activity: [0,89362852,139,com.android.launcher3/.proxy.ProxyActivityStarter,finish-imm:idle]
12-10 06:15:24.696 1507 1568 I wm_destroy_activity: [0,119705811,139,com.android.settings/.Settings$CreateShortcutActivity,finish-imm:idle]
12-10 06:15:24.697 2526 2526 I wm_on_destroy_called: [89362852,com.android.launcher3.proxy.ProxyActivityStarter,performDestroy]
12-10 06:15:24.723 14230 14230 I wm_on_stop_called: [119705811,com.android.settings.Settings$CreateShortcutActivity,LIFECYCLER_STOP_ACTIVITY]
12-10 06:15:24.726 14230 14230 I wm_on_destroy_called: [119705811,com.android.settings.Settings$CreateShortcutActivity,performDestroy]
12-10 06:15:24.730 8492 8527 W ContextImpl: Calling a method in the system process without a qualified user: android.app.ContextImpl.startService:1816 android.content.ContextWrapper.startService:774 com.thundercomm.gamemode.ingame.services.GameModeActionUtils.startGameModeService:99 com.thundercomm.gamemode.ingame.services.GameModeActionUtils.startGameModeEntry:22 com.thundercomm.gamemode.ingame.services.ActivityMonitoringService$1.onActivityLaunch:127
12-10 06:15:24.734 1507 1507 I GameModeConfig: Current uri is uri = content://com.thundercomm.gamemode.api/gamemode_settings/gamemode_isgaming
12-10 06:15:24.734 1507 2157 I wm_task_removed: [139,removeChild:removeChild last r=ActivityRecord{72290d3 u0 com.android.settings/.Settings$CreateShortcutActivity t-1 f}} in t=Task{47b672f #139 type=standard A=10079:com.android.launcher3 U=0 visible=false mode=fullscreen translucent=true sz=0}]
12-10 06:15:24.734 1507 2157 I wm_task_removed: [139,removeChild]
12-10 06:15:24.735 1507 1507 I GameModeConfig: isGameModeOn = true
12-10 06:15:24.735 1507 1507 I GameModeConfig: isGaming = false
12-10 06:15:24.735 1507 1507 I GameModeConfig: isGameModeOn = true
12-10 06:15:24.735 1507 1507 I GameModeConfig: isGaming = false
12-10 06:15:24.735 1507 1507 I GameModeConfig: isDisableVoice = true
12-10 06:15:24.737 1507 1569 W ActivityTaskManager: Can't find TaskDisplayArea to determine support for multi window. Task id=139 attached=false
12-10 06:15:24.737 1507 1569 W ActivityTaskManager: Can't find TaskDisplayArea to determine support for multi window. Task id=139 attached=false
12-10 06:15:25.155 0 0 I auditd : type=1400 audit(0.0:18116): avc: denied { kill } for comm="swapper/2" capability=5 scontext=u:r:kernel:s0 tcontext=u:r:kernel:s0 tclass=capability permissive=0
12-10 06:15:25.607 1507 1736 I input_interaction: Interaction with: 2cb1f5d com.android.launcher3/com.android.launcher3.uioverrides.QuickstepLauncher (server), 5478378 com.android.systemui.ImageWallpaper (server), edge-swipe (server), swipe-up (server), PointerEventDispatcher0 (server),
12-10 06:15:26.155 0 0 I auditd : type=1400 audit(0.0:18117): avc: denied { kill } for comm="swapper/2" capability=5 scontext=u:r:kernel:s0 tcontext=u:r:kernel:s0 tclass=capability permissive=0
12-10 06:15:27.155 0 0 I auditd : type=1400 audit(0.0:18118): avc: denied { kill } for comm="swapper/2" capability=5 scontext=u:r:kernel:s0 tcontext=u:r:kernel:s0 tclass=capability permissive=0
12-10 06:15:27.360 1507 1581 I sysui_multi_action: [757,1717,758,1,759,0]
12-10 06:15:27.361 1507 1581 I sysui_multi_action: [757,1717,758,2,759,0]
12-10 06:15:27.361 1507 1581 I sysui_multi_action: [757,1717,758,3,759,0]
12-10 06:15:28.155 0 0 I auditd : type=1400 audit(0.0:18119): avc: denied { kill } for comm="swapper/2" capability=5 scontext=u:r:kernel:s0 tcontext=u:r:kernel:s0 tclass=capability permissive=0
12-10 06:15:28.210 1507 2719 E TaskPersister: File error accessing recents directory (directory doesn't exist?).
12-10 06:15:28.433 1507 1710 I commit_sys_config_file: [settings-1-0,4]
12-10 06:15:29.155 0 0 I auditd : type=1400 audit(0.0:18120): avc: denied { kill } for comm="swapper/2" capability=5 scontext=u:r:kernel:s0 tcontext=u:r:kernel:s0 tclass=capability permissive=0
12-10 06:15:30.155 0 0 I auditd : type=1400 audit(0.0:18121): avc: denied { kill } for comm="swapper/2" capability=5 scontext=u:r:kernel:s0 tcontext=u:r:kernel:s0 tclass=capability permissive=0
12-10 06:15:30.475 1507 1528 W FreeFormWindowHelper: exitRecentTasks type=0
12-10 06:15:30.516 1507 1583 W BroadcastQueue: Permission Denial: broadcasting Intent { act=android.net.conn.CONNECTIVITY_CHANGE flg=0x4200010 (has extras) } from null (pid=-1, uid=-1) requires com.baidu.input.permission.sofire.RECEIVE due to registered receiver BroadcastFilter{79794fd 10036/u0 ReceiverList{1dead54 4215 com.baidu.input/10036/u0 remote:c2224a7}}
12-10 06:15:30.679 1507 1710 I commit_sys_config_file: [settings-1-0,9]
12-10 06:15:30.746 1507 1507 W WindowManager: removeWindowToken: Attempted to remove non-existing token: android.os.Binder@60f7d0a
12-10 06:15:30.804 1507 1629 I commit_sys_config_file: [package-user-0,4]
12-10 06:15:31.062 1507 1711 D ActivityManager: freezing 13616 com.android.soundrecorder
12-10 06:15:31.062 1507 1711 E ActivityManager: Unable to freeze binder for 13616 com.android.soundrecorder
12-10 06:15:31.063 1507 1711 D ActivityManager: froze 13616 com.android.soundrecorder
12-10 06:15:31.063 1507 1711 I am_freeze: [13616,com.android.soundrecorder]
12-10 06:15:31.063 1507 1711 E ActivityManager: Unable to freeze binder for 13616 com.android.soundrecorder
12-10 06:15:31.064 1507 1711 I ActivityManager: Killing 13616:com.android.soundrecorder/u0a61 (adj 965): Unable to freeze binder interface
12-10 06:15:31.064 1507 1711 I am_kill : [0,13616,com.android.soundrecorder,965,Unable to freeze binder interface]
12-10 06:15:31.096 1507 1528 I am_proc_died: [0,13616,com.android.soundrecorder,965,19]
12-10 06:15:31.097 1507 1528 I am_uid_stopped: 10061
12-10 06:15:31.103 1507 1568 I am_uid_running: 10061
12-10 06:15:31.104 1507 1568 D CompatibilityChangeReporter: Compat change id reported: 135634846; UID 10061; state: DISABLED
12-10 06:15:31.104 1507 1568 D CompatibilityChangeReporter: Compat change id reported: 177438394; UID 10061; state: DISABLED
12-10 06:15:31.104 1507 1568 D CompatibilityChangeReporter: Compat change id reported: 135772972; UID 10061; state: DISABLED
12-10 06:15:31.104 1507 1568 D CompatibilityChangeReporter: Compat change id reported: 135754954; UID 10061; state: ENABLED
12-10 06:15:31.105 1507 1584 D CompatibilityChangeReporter: Compat change id reported: 143937733; UID 10061; state: ENABLED
12-10 06:15:31.114 1507 1584 I am_proc_start: [0,14518,10061,com.android.soundrecorder,NULL,]
12-10 06:15:31.114 1507 1584 I ActivityManager: Start proc 14518:com.android.soundrecorder/u0a61 for null
12-10 06:15:31.146 1507 1528 I am_proc_bound: [0,14518,com.android.soundrecorder]
12-10 06:15:31.148 1507 1528 D CompatibilityChangeReporter: Compat change id reported: 168419799; UID 10061; state: DISABLED
12-10 06:15:31.155 0 0 I auditd : type=1400 audit(0.0:18122): avc: denied { kill } for comm="swapper/2" capability=5 scontext=u:r:kernel:s0 tcontext=u:r:kernel:s0 tclass=capability permissive=0
12-10 06:15:31.868 1507 2157 W OverlayManager: service 'idmap' died
12-10 06:15:32.041 1507 1528 I ActivityTaskManager: START u0 {flg=0x10208000 cmp=com.android.launcher3/.proxy.ProxyActivityStarter (has extras)} from uid 10079
12-10 06:15:32.046 1507 1528 I wm_task_created: [140,-1]
12-10 06:15:32.046 1507 1528 W ActivityTaskManager: Can't find TaskDisplayArea to determine support for multi window. Task id=140 attached=false
12-10 06:15:32.052 1507 1528 I wm_task_moved: [140,1,8]
12-10 06:15:32.052 1507 1528 I wm_task_to_front: [0,140]
12-10 06:15:32.052 1507 1528 I wm_create_task: [0,140]
12-10 06:15:32.052 1507 1528 I wm_create_activity: [0,440625,140,com.android.launcher3/.proxy.ProxyActivityStarter,NULL,NULL,NULL,270565376]
12-10 06:15:32.052 1507 1528 I wm_task_moved: [140,1,8]
12-10 06:15:32.056 1507 1528 I wm_pause_activity: [0,142082565,com.android.launcher3/.uioverrides.QuickstepLauncher,userLeaving=true,pauseBackTasks]
12-10 06:15:32.072 2526 2526 I wm_on_top_resumed_lost_called: [142082565,com.android.launcher3.uioverrides.QuickstepLauncher,topStateChangedWhenResumed]
12-10 06:15:32.072 2526 2526 I wm_on_paused_called: [142082565,com.android.launcher3.uioverrides.QuickstepLauncher,performPause]
12-10 06:15:32.073 1507 1528 I ActivityTaskManager: FOREGROUND_APPLICATION_CHANGED to com.android.launcher3.proxy.ProxyActivityStarter
12-10 06:15:32.074 1507 1528 I ActivityTaskManager: The Process com.android.launcher3 Already Exists in BG. So sending its PID: 2526
12-10 06:15:32.074 1507 1528 W ActivityTaskManager: Tried to set launchTime (0) < mLastActivityLaunchTime (16569697)
12-10 06:15:32.075 1507 1528 I wm_restart_activity: [0,440625,140,com.android.launcher3/.proxy.ProxyActivityStarter]
12-10 06:15:32.077 1507 1528 I wm_set_resumed_activity: [0,com.android.launcher3/.proxy.ProxyActivityStarter,minimalResumeActivityLocked]
12-10 06:15:32.082 1507 1568 I sysui_multi_action: [757,803,799,window_time_0,802,8]
12-10 06:15:32.092 1507 1528 I ActivityTaskManager: START u0 {act=android.intent.action.CREATE_SHORTCUT cmp=com.android.settings/.Settings$CreateShortcutActivity} from uid 10079
12-10 06:15:32.094 1507 1528 I wm_task_moved: [140,1,8]
12-10 06:15:32.095 1507 1528 I wm_set_resumed_activity: [0,com.android.launcher3/.proxy.ProxyActivityStarter,positionChildAt]
12-10 06:15:32.095 1507 1528 I wm_create_activity: [0,103514018,140,com.android.settings/.Settings$CreateShortcutActivity,android.intent.action.CREATE_SHORTCUT,NULL,NULL,0]
12-10 06:15:32.097 1507 1528 I wm_pause_activity: [0,440625,com.android.launcher3/.proxy.ProxyActivityStarter,userLeaving=true,resumeTopActivityInnerLocked]
12-10 06:15:32.100 2526 2526 I wm_on_create_called: [440625,com.android.launcher3.proxy.ProxyActivityStarter,performCreate]
12-10 06:15:32.102 2526 2526 I wm_on_start_called: [440625,com.android.launcher3.proxy.ProxyActivityStarter,handleStartActivity]
12-10 06:15:32.103 2526 2526 I wm_on_resume_called: [440625,com.android.launcher3.proxy.ProxyActivityStarter,RESUME_ACTIVITY]
12-10 06:15:32.106 1507 1528 W WindowManager: Failed looking up window session=Session{9e8a646 2526:u0a10079} callers=com.android.server.wm.WindowManagerService.windowForClientLocked:5628 com.android.server.wm.Session.insetsModified:629 android.view.IWindowSession$Stub.onTransact:1151
12-10 06:15:32.108 2526 2526 I wm_on_top_resumed_gained_called: [440625,com.android.launcher3.proxy.ProxyActivityStarter,topStateChangedWhenResumed]
12-10 06:15:32.114 1507 1569 I input_focus: [Focus request efee3f0 com.android.launcher3/com.android.launcher3.proxy.ProxyActivityStarter,reason=UpdateInputWindows]
12-10 06:15:32.117 1507 1909 I GameModeConfig: isGameModeOn = true
12-10 06:15:32.117 1507 1909 I GameModeConfig: isGaming = false
12-10 06:15:32.118 1507 1909 I GameModeConfig: isGameModeOn = true
12-10 06:15:32.118 1507 1909 I GameModeConfig: isGaming = false
12-10 06:15:32.118 1507 1909 I GameModeConfig: isGameModeOn = true
12-10 06:15:32.118 1507 1909 I GameModeConfig: isGaming = false
12-10 06:15:32.118 1507 1909 I GameModeConfig: isGameModeOn = true
12-10 06:15:32.118 1507 1909 I GameModeConfig: isGaming = false
12-10 06:15:32.119 2004 2004 I sysui_multi_action: [757,111,758,2]
12-10 06:15:32.119 1507 1507 I notification_enqueue: [10082,2004,com.android.systemui,2048,NULL,0,Notification(channel=updateNotification shortcut=null contentView=null vibrate=null sound=null defaults=0x0 flags=0x0 color=0x00000000 vis=PRIVATE),1]
12-10 06:15:32.120 2526 2526 I wm_on_top_resumed_lost_called: [440625,com.android.launcher3.proxy.ProxyActivityStarter,topStateChangedWhenResumed]
12-10 06:15:32.120 2004 2004 I sysui_multi_action: [757,111,758,2]
12-10 06:15:32.127 2526 2526 I wm_on_paused_called: [440625,com.android.launcher3.proxy.ProxyActivityStarter,performPause]
12-10 06:15:32.130 1507 1528 I ActivityTaskManager: FOREGROUND_APPLICATION_CHANGED to com.android.settings.Settings$CreateShortcutActivity
12-10 06:15:32.130 1507 1528 I ActivityTaskManager: The Process com.android.settings Already Exists in BG. So sending its PID: 14230
12-10 06:15:32.131 1507 1528 W ActivityTaskManager: Tried to set launchTime (0) < mLastActivityLaunchTime (16569724)
12-10 06:15:32.131 1507 1528 I wm_add_to_stopping: [0,440625,com.android.launcher3/.proxy.ProxyActivityStarter,makeInvisible]
12-10 06:15:32.131 1507 1528 I wm_add_to_stopping: [0,142082565,com.android.launcher3/.uioverrides.QuickstepLauncher,makeInvisible]
12-10 06:15:32.133 1507 1528 I wm_restart_activity: [0,103514018,140,com.android.settings/.Settings$CreateShortcutActivity]
12-10 06:15:32.136 1507 1528 I wm_set_resumed_activity: [0,com.android.settings/.Settings$CreateShortcutActivity,minimalResumeActivityLocked]
12-10 06:15:32.139 1507 1736 I input_focus: [Focus leaving 2cb1f5d com.android.launcher3/com.android.launcher3.uioverrides.QuickstepLauncher (server),reason=Waiting for window because NOT_VISIBLE]
12-10 06:15:32.142 1507 1568 I wm_stop_activity: [0,440625,com.android.launcher3/.proxy.ProxyActivityStarter]
12-10 06:15:32.144 2004 2004 I sysui_multi_action: [757,111,758,1]
12-10 06:15:32.145 2004 2004 I sysui_multi_action: [757,126,758,1,759,126,927,0,928,1,1593,0]
12-10 06:15:32.145 2004 2004 I sysui_multi_action: [757,113,758,1,759,113,927,1,928,1,1593,0]
12-10 06:15:32.145 2004 2004 I sysui_multi_action: [757,0,758,1,759,0,927,2,928,0,1593,0]
12-10 06:15:32.145 1507 1568 I sysui_multi_action: [757,803,799,window_time_0,802,0]
12-10 06:15:32.145 2004 2004 I sysui_multi_action: [757,0,758,1,759,0,927,3,928,0,1593,0]
12-10 06:15:32.146 2004 2004 I sysui_multi_action: [757,491,758,1,759,491,927,4,928,1,1311,1,1593,0]
12-10 06:15:32.146 2004 2004 I sysui_multi_action: [757,0,758,1,759,0,927,5,928,0,1593,0]
12-10 06:15:32.147 2004 2004 I sysui_multi_action: [757,111,758,1]
12-10 06:15:32.147 2004 2004 I sysui_multi_action: [757,126,758,1,759,126,927,0,928,1,1593,1]
12-10 06:15:32.147 2004 2004 I sysui_multi_action: [757,113,758,1,759,113,927,1,928,1,1593,1]
12-10 06:15:32.147 2004 2004 I sysui_multi_action: [757,0,758,1,759,0,927,2,928,0,1593,1]
12-10 06:15:32.148 2004 2004 I sysui_multi_action: [757,0,758,1,759,0,927,3,928,0,1593,1]
12-10 06:15:32.155 10788 10788 I auditd : type=1400 audit(0.0:18123): avc: denied { kill } for comm="kworker/u16:13" capability=5 scontext=u:r:kernel:s0 tcontext=u:r:kernel:s0 tclass=capability permissive=0
12-10 06:15:32.162 14230 14230 I wm_on_create_called: [103514018,com.android.settings.Settings$CreateShortcutActivity,performCreate]
