12-10 05:53:14.794 1507 1569 D FreeFormWindowHelper: refreshTipWindow windowDragBounds:Rect(360, 59 - 662, 597)
12-10 05:53:14.795 1507 1569 W WindowManager: updateScale0.4617737
12-10 05:53:14.797 1507 2042 W WindowManager: updateScale0.4617737
12-10 05:53:14.811 1507 2042 W WindowManager: updateScale0.4617737
12-10 05:53:14.813 1507 1569 D WindowManager: updateWindowDragBounds: mIsSwipeYtrue
12-10 05:53:14.813 1507 1569 D WindowManager: updateWindowDragBounds: mIsTopfalse
12-10 05:53:14.813 1507 1569 D WindowManager: updateWindowDragBounds: mIsSwipeXfalse
12-10 05:53:14.815 1507 1569 W WindowManager: updateScale0.4617737
12-10 05:53:15.711 1507 5826 W WindowManager: updateScale0.7996942
12-10 05:53:15.750 1507 2042 I ActivityTaskManager: START u0 {act=android.content.pm.action.REQUEST_PERMISSIONS pkg=com.android.permissioncontroller cmp=com.android.permissioncontroller/.permission.ui.GrantPermissionsActivity (has extras)} from uid 10069
12-10 05:53:15.755 1507 2042 W WindowManager: updateScale0.7996942
12-10 05:53:15.801 1507 2042 W WindowManager: updateScale0.7996942
12-10 05:53:15.803 1507 2042 W WindowManager: updateScale0.7996942
12-10 05:53:15.827 1507 2042 I ActivityTaskManager: FOREGROUND_APPLICATION_CHANGED to com.android.permissioncontroller.permission.ui.GrantPermissionsActivity
12-10 05:53:15.827 1507 2042 I ActivityTaskManager: The Process com.android.permissioncontroller Already Exists in BG. So sending its PID: 12461
12-10 05:53:15.828 1507 2042 W ActivityTaskManager: Tried to set launchTime (0) < mLastActivityLaunchTime (15240890)
12-10 05:53:15.864 8492 8527 W ContextImpl: Calling a method in the system process without a qualified user: android.app.ContextImpl.startService:1816 android.content.ContextWrapper.startService:774 com.thundercomm.gamemode.ingame.services.GameModeActionUtils.startGameModeService:99 com.thundercomm.gamemode.ingame.services.GameModeActionUtils.startGameModeEntry:22 com.thundercomm.gamemode.ingame.services.ActivityMonitoringService$1.onActivityLaunch:127
12-10 05:53:15.878 1507 1507 I GameModeConfig: Current uri is uri = content://com.thundercomm.gamemode.api/gamemode_settings/gamemode_isgaming
12-10 05:53:15.880 1507 2042 W WindowManager: updateScale0.7996942
12-10 05:53:15.880 1507 2042 W WindowManager: updateScale0.7996942
12-10 05:53:15.883 1507 1507 I GameModeConfig: isGameModeOn = false
12-10 05:53:15.883 1507 1507 I GameModeConfig: isGameModeOn = false
12-10 05:53:15.883 1507 1507 I GameModeConfig: isDisableVoice = true
12-10 05:53:15.892 1507 1569 W WindowManager: updateScale0.7996942
12-10 05:53:15.893 1507 1569 W WindowManager: updateScale0.7996942
12-10 05:53:15.894 1507 1569 W WindowManager: updateScale0.7996942
12-10 05:53:15.894 1507 1569 W WindowManager: updateScale0.7996942
12-10 05:53:15.912 1507 2042 I ActivityTaskManager: FOREGROUND_APPLICATION_CHANGED to com.android.deskclock.DeskClock
12-10 05:53:15.917 1507 2042 W WindowManager: updateScale0.7996942
12-10 05:53:15.945 1507 5826 W WindowManager: updateScale0.7996942
12-10 05:53:15.987 1507 2042 W WindowManager: updateScale0.7996942
12-10 05:53:15.999 8492 8527 W ContextImpl: Calling a method in the system process without a qualified user: android.app.ContextImpl.startService:1816 android.content.ContextWrapper.startService:774 com.thundercomm.gamemode.ingame.services.GameModeActionUtils.startGameModeService:99 com.thundercomm.gamemode.ingame.services.GameModeActionUtils.startGameModeEntry:22 com.thundercomm.gamemode.ingame.services.ActivityMonitoringService$1.onActivityLaunch:127
12-10 05:53:16.004 1507 1507 I GameModeConfig: Current uri is uri = content://com.thundercomm.gamemode.api/gamemode_settings/gamemode_isgaming
12-10 05:53:16.009 1507 1507 I GameModeConfig: isGameModeOn = false
12-10 05:53:16.010 1507 1507 I GameModeConfig: isGameModeOn = false
12-10 05:53:16.011 1507 1507 I GameModeConfig: isDisableVoice = true
12-10 05:53:16.024 8492 8527 W ContextImpl: Calling a method in the system process without a qualified user: android.app.ContextImpl.startService:1816 android.content.ContextWrapper.startService:774 com.thundercomm.gamemode.ingame.services.GameModeActionUtils.startGameModeService:99 com.thundercomm.gamemode.ingame.services.GameModeActionUtils.startGameModeEntry:22 com.thundercomm.gamemode.ingame.services.ActivityMonitoringService$1.onActivityLaunch:127
12-10 05:53:16.028 1507 1507 I GameModeConfig: Current uri is uri = content://com.thundercomm.gamemode.api/gamemode_settings/gamemode_isgaming
12-10 05:53:16.030 1507 1507 I GameModeConfig: isGameModeOn = false
12-10 05:53:16.030 1507 1507 I GameModeConfig: isGameModeOn = false
12-10 05:53:16.030 1507 1507 I GameModeConfig: isDisableVoice = true
12-10 05:53:16.147 1507 1569 W WindowManager: updateScale0.7996942
12-10 05:53:16.162 1507 1569 W WindowManager: updateScale0.7996942
12-10 05:53:16.181 1507 1569 W WindowManager: updateScale0.7996942
12-10 05:53:17.768 1507 1569 D FreeFormWindowHelper: refreshTipWindow windowDragBounds:Rect(8, 82 - 531, 1010)
12-10 05:53:17.770 1507 1569 W WindowManager: updateScale0.7996942
12-10 05:53:17.771 1507 1569 W WindowManager: updateScale0.7996942
12-10 05:53:17.785 1507 1569 D FreeFormWindowHelper: refreshTipWindow windowDragBounds:Rect(18, 84 - 541, 1012)
12-10 05:53:17.786 1507 1569 W WindowManager: updateScale0.7996942
12-10 05:53:17.801 1507 1569 D FreeFormWindowHelper: refreshTipWindow windowDragBounds:Rect(30, 86 - 553, 1014)
12-10 05:53:17.804 1507 1569 W WindowManager: updateScale0.7996942
12-10 05:53:17.818 1507 1569 D FreeFormWindowHelper: refreshTipWindow windowDragBounds:Rect(46, 87 - 569, 1015)
12-10 05:53:17.819 1507 1569 W WindowManager: updateScale0.7996942
12-10 05:53:17.835 1507 1569 D FreeFormWindowHelper: refreshTipWindow windowDragBounds:Rect(64, 88 - 587, 1016)
12-10 05:53:17.836 1507 1569 W WindowManager: updateScale0.7996942
12-10 05:53:17.851 1507 1569 D FreeFormWindowHelper: refreshTipWindow windowDragBounds:Rect(80, 89 - 603, 1017)
12-10 05:53:17.853 1507 1569 W WindowManager: updateScale0.7996942
12-10 05:53:17.868 1507 1569 D FreeFormWindowHelper: refreshTipWindow windowDragBounds:Rect(94, 90 - 617, 1018)
12-10 05:53:17.869 1507 1569 W WindowManager: updateScale0.7996942
12-10 05:53:17.870 1507 2042 W WindowManager: updateScale0.7996942
12-10 05:53:17.885 1507 1569 D FreeFormWindowHelper: refreshTipWindow windowDragBounds:Rect(103, 91 - 626, 1019)
12-10 05:53:17.885 1507 1569 W WindowManager: updateScale0.7996942
12-10 05:53:17.887 1507 2042 W WindowManager: updateScale0.7996942
12-10 05:53:17.900 1507 2042 W WindowManager: updateScale0.7996942
12-10 05:53:17.902 1507 1569 D FreeFormWindowHelper: refreshTipWindow windowDragBounds:Rect(110, 92 - 633, 1020)
12-10 05:53:17.902 1507 1569 W WindowManager: updateScale0.7996942
12-10 05:53:17.918 1507 1569 D FreeFormWindowHelper: refreshTipWindow windowDragBounds:Rect(116, 94 - 639, 1022)
12-10 05:53:17.919 1507 1569 W WindowManager: updateScale0.7996942
12-10 05:53:17.935 1507 1569 D FreeFormWindowHelper: refreshTipWindow windowDragBounds:Rect(118, 95 - 641, 1023)
12-10 05:53:17.936 1507 1569 W WindowManager: updateScale0.7996942
12-10 05:53:17.952 1507 1569 D FreeFormWindowHelper: refreshTipWindow windowDragBounds:Rect(120, 96 - 643, 1024)
12-10 05:53:17.953 1507 1569 W WindowManager: updateScale0.7996942
12-10 05:53:17.968 1507 1569 D FreeFormWindowHelper: refreshTipWindow windowDragBounds:Rect(122, 99 - 645, 1027)
12-10 05:53:17.969 1507 1569 W WindowManager: updateScale0.7996942
12-10 05:53:17.986 1507 1569 D FreeFormWindowHelper: refreshTipWindow windowDragBounds:Rect(123, 102 - 646, 1030)
12-10 05:53:17.987 1507 1569 W WindowManager: updateScale0.7996942
12-10 05:53:18.002 1507 1569 D FreeFormWindowHelper: refreshTipWindow windowDragBounds:Rect(123, 105 - 646, 1033)
12-10 05:53:18.004 1507 1569 W WindowManager: updateScale0.7996942
12-10 05:53:18.018 1507 1569 D FreeFormWindowHelper: refreshTipWindow windowDragBounds:Rect(123, 109 - 646, 1037)
12-10 05:53:18.019 1507 1569 W WindowManager: updateScale0.7996942
12-10 05:53:18.022 1507 7192 W WindowManager: updateScale0.7996942
12-10 05:53:18.035 1507 1569 D FreeFormWindowHelper: refreshTipWindow windowDragBounds:Rect(123, 115 - 646, 1043)
12-10 05:53:18.036 1507 1569 W WindowManager: updateScale0.7996942
12-10 05:53:18.038 1507 7192 W WindowManager: updateScale0.7996942
12-10 05:53:18.052 1507 1569 D FreeFormWindowHelper: refreshTipWindow windowDragBounds:Rect(109, 123 - 632, 1051)
12-10 05:53:18.052 1507 2042 W WindowManager: updateScale0.7996942
12-10 05:53:18.055 1507 1569 W WindowManager: updateScale0.7996942
12-10 05:53:18.068 1507 1569 D FreeFormWindowHelper: refreshTipWindow windowDragBounds:Rect(98, 137 - 621, 1065)
12-10 05:53:18.069 1507 1569 W WindowManager: updateScale0.7996942
12-10 05:53:18.085 1507 1569 D FreeFormWindowHelper: refreshTipWindow windowDragBounds:Rect(86, 151 - 609, 1079)
12-10 05:53:18.087 1507 1569 W WindowManager: updateScale0.7996942
12-10 05:53:18.088 1507 7192 W WindowManager: updateScale0.7996942
12-10 05:53:18.102 1507 1569 D FreeFormWindowHelper: refreshTipWindow windowDragBounds:Rect(72, 172 - 595, 1100)
12-10 05:53:18.103 1507 1569 W WindowManager: updateScale0.7996942
12-10 05:53:18.104 1507 7192 W WindowManager: updateScale0.7996942
12-10 05:53:18.119 1507 1569 D FreeFormWindowHelper: refreshTipWindow windowDragBounds:Rect(56, 195 - 579, 1123)
12-10 05:53:18.120 1507 1569 W WindowManager: updateScale0.7996942
12-10 05:53:18.121 1507 7192 W WindowManager: updateScale0.7996942
12-10 05:53:18.135 1507 7192 W WindowManager: updateScale0.7996942
12-10 05:53:18.137 1507 1569 D FreeFormWindowHelper: refreshTipWindow windowDragBounds:Rect(39, 222 - 562, 1150)
12-10 05:53:18.138 1507 1569 W WindowManager: updateScale0.7996942
12-10 05:53:18.152 1507 1569 D FreeFormWindowHelper: refreshTipWindow windowDragBounds:Rect(24, 249 - 547, 1177)
12-10 05:53:18.153 1507 1569 W WindowManager: updateScale0.7996942
12-10 05:53:18.169 1507 1569 D FreeFormWindowHelper: refreshTipWindow windowDragBounds:Rect(8, 278 - 531, 1206)
12-10 05:53:18.169 1507 1569 W WindowManager: updateScale0.7996942
12-10 05:53:18.171 1507 7192 W WindowManager: updateScale0.7996942
12-10 05:53:18.185 1507 7192 W WindowManager: updateScale0.7996942
12-10 05:53:18.186 1507 1569 D FreeFormWindowHelper: refreshTipWindow windowDragBounds:Rect(-1, 292 - 522, 1220)
12-10 05:53:18.188 1507 1569 W WindowManager: updateScale0.7996942
12-10 05:53:18.203 1507 2042 W WindowManager: updateScale0.7996942
12-10 05:53:18.205 1507 1569 D WindowManager: updateWindowDragBounds: mIsSwipeYtrue
12-10 05:53:18.205 1507 1569 D WindowManager: updateWindowDragBounds: mIsTopfalse
12-10 05:53:18.205 1507 1569 D WindowManager: updateWindowDragBounds: mIsSwipeXfalse
12-10 05:53:18.206 1507 1569 W WindowManager: updateScale0.7996942
12-10 05:53:18.228 1507 2042 W WindowManager: updateScale0.7996942
12-10 05:53:18.613 1507 1568 W WindowManager: updateScale0.4617737
12-10 05:53:18.617 1507 1568 W WindowManager: updateScale0.4617737
12-10 05:53:18.640 1507 7192 I ActivityTaskManager: START u0 {act=android.content.pm.action.REQUEST_PERMISSIONS pkg=com.android.permissioncontroller cmp=com.android.permissioncontroller/.permission.ui.GrantPermissionsActivity (has extras)} from uid 10069
12-10 05:53:18.643 1507 7192 W WindowManager: updateScale0.4617737
12-10 05:53:18.682 1507 2042 W WindowManager: updateScale0.4617737
12-10 05:53:18.684 1507 2042 W WindowManager: updateScale0.4617737
12-10 05:53:18.707 1507 2042 I ActivityTaskManager: FOREGROUND_APPLICATION_CHANGED to com.android.permissioncontroller.permission.ui.GrantPermissionsActivity
12-10 05:53:18.707 1507 2042 I ActivityTaskManager: The Process com.android.permissioncontroller Already Exists in BG. So sending its PID: 12461
12-10 05:53:18.707 1507 2042 W ActivityTaskManager: Tried to set launchTime (0) < mLastActivityLaunchTime (15244834)
12-10 05:53:18.733 8492 8527 W ContextImpl: Calling a method in the system process without a qualified user: android.app.ContextImpl.startService:1816 android.content.ContextWrapper.startService:774 com.thundercomm.gamemode.ingame.services.GameModeActionUtils.startGameModeService:99 com.thundercomm.gamemode.ingame.services.GameModeActionUtils.startGameModeEntry:22 com.thundercomm.gamemode.ingame.services.ActivityMonitoringService$1.onActivityLaunch:127
12-10 05:53:18.738 1507 1507 I GameModeConfig: Current uri is uri = content://com.thundercomm.gamemode.api/gamemode_settings/gamemode_isgaming
12-10 05:53:18.741 1507 1507 I GameModeConfig: isGameModeOn = false
12-10 05:53:18.741 1507 1507 I GameModeConfig: isGameModeOn = false
12-10 05:53:18.741 1507 1507 I GameModeConfig: isDisableVoice = true
12-10 05:53:18.762 1507 6848 W WindowManager: updateScale0.4617737
12-10 05:53:18.762 1507 6848 W WindowManager: updateScale0.4617737
12-10 05:53:18.769 1507 1569 W WindowManager: updateScale0.4617737
12-10 05:53:18.771 1507 2042 I ActivityTaskManager: FOREGROUND_APPLICATION_CHANGED to com.android.deskclock.DeskClock
12-10 05:53:18.780 1507 2042 W WindowManager: updateScale0.4617737
12-10 05:53:18.785 1507 7192 W WindowManager: updateScale0.4617737
12-10 05:53:18.797 1507 2042 W WindowManager: updateScale0.4617737
12-10 05:53:18.807 8492 8527 W ContextImpl: Calling a method in the system process without a qualified user: android.app.ContextImpl.startService:1816 android.content.ContextWrapper.startService:774 com.thundercomm.gamemode.ingame.services.GameModeActionUtils.startGameModeService:99 com.thundercomm.gamemode.ingame.services.GameModeActionUtils.startGameModeEntry:22 com.thundercomm.gamemode.ingame.services.ActivityMonitoringService$1.onActivityLaunch:127
12-10 05:53:18.811 1507 1507 I GameModeConfig: Current uri is uri = content://com.thundercomm.gamemode.api/gamemode_settings/gamemode_isgaming
12-10 05:53:18.813 1507 1507 I GameModeConfig: isGameModeOn = false
12-10 05:53:18.813 1507 1507 I GameModeConfig: isGameModeOn = false
12-10 05:53:18.813 1507 1507 I GameModeConfig: isDisableVoice = true
12-10 05:53:18.885 8492 8527 W ContextImpl: Calling a method in the system process without a qualified user: android.app.ContextImpl.startService:1816 android.content.ContextWrapper.startService:774 com.thundercomm.gamemode.ingame.services.GameModeActionUtils.startGameModeService:99 com.thundercomm.gamemode.ingame.services.GameModeActionUtils.startGameModeEntry:22 com.thundercomm.gamemode.ingame.services.ActivityMonitoringService$1.onActivityLaunch:127
12-10 05:53:18.891 1507 1507 I GameModeConfig: Current uri is uri = content://com.thundercomm.gamemode.api/gamemode_settings/gamemode_isgaming
12-10 05:53:18.893 1507 1507 I GameModeConfig: isGameModeOn = false
12-10 05:53:18.894 1507 1507 I GameModeConfig: isGameModeOn = false
12-10 05:53:18.894 1507 1507 I GameModeConfig: isDisableVoice = true
12-10 05:53:47.559 1507 1711 D ActivityManager: freezing 9929 com.qualcomm.qti.qccauthmgr
12-10 05:53:47.560 1507 1711 E ActivityManager: Unable to freeze binder for 9929 com.qualcomm.qti.qccauthmgr
12-10 05:53:47.561 1507 1711 D ActivityManager: froze 9929 com.qualcomm.qti.qccauthmgr
12-10 05:53:47.562 1507 1711 E ActivityManager: Unable to freeze binder for 9929 com.qualcomm.qti.qccauthmgr
12-10 05:53:47.563 1507 1711 I ActivityManager: Killing 9929:com.qualcomm.qti.qccauthmgr/u0a88 (adj 935): Unable to freeze binder interface
12-10 05:54:05.116 1507 1711 D ActivityManager: freezing 12193 com.android.settings
12-10 05:54:05.116 1507 1711 E ActivityManager: Unable to freeze binder for 12193 com.android.settings
12-10 05:54:05.118 1507 1711 D ActivityManager: froze 12193 com.android.settings
12-10 05:54:05.119 1507 1711 E ActivityManager: Unable to freeze binder for 12193 com.android.settings
12-10 05:54:05.119 1507 1711 I ActivityManager: Killing 12193:com.android.settings/1000 (adj 975): Unable to freeze binder interface
12-10 05:54:05.154 1507 1568 D CompatibilityChangeReporter: Compat change id reported: 135634846; UID 1000; state: DISABLED
12-10 05:54:05.154 1507 1568 D CompatibilityChangeReporter: Compat change id reported: 177438394; UID 1000; state: DISABLED
12-10 05:54:05.154 1507 1568 D CompatibilityChangeReporter: Compat change id reported: 135772972; UID 1000; state: DISABLED
12-10 05:54:05.155 1507 1568 D CompatibilityChangeReporter: Compat change id reported: 135754954; UID 1000; state: ENABLED
12-10 05:54:05.172 1507 1584 I ActivityManager: Start proc 12573:com.android.settings/1000 for null
12-10 05:54:05.219 1507 6848 D CompatibilityChangeReporter: Compat change id reported: 168419799; UID 1000; state: DISABLED
12-10 05:54:11.187 1507 1613 V DisplayPowerController[0]: Brightness [0.05] reason changing to: 'manual [ dim ]', previous reason: 'manual'.
12-10 05:54:11.188 1507 1613 W PowerManagerService: Screen on took 133618 ms
12-10 05:54:11.201 1507 1980 E DisplayDeviceConfig: requesting nits when no mapping exists.
12-10 05:54:11.202 1507 1980 E DisplayDeviceConfig: requesting nits when no mapping exists.
12-10 05:54:11.205 1507 1583 I DropBoxManagerService: add tag=system_server_wtf isTagEnabled=true flags=0x2
12-10 05:54:11.208 1507 1583 I DropBoxManagerService: add tag=system_server_wtf isTagEnabled=true flags=0x2
12-10 05:54:11.218 1507 1980 E DisplayDeviceConfig: requesting nits when no mapping exists.
12-10 05:54:11.218 1507 1980 E DisplayDeviceConfig: requesting nits when no mapping exists.
12-10 05:54:11.219 1507 1583 I DropBoxManagerService: add tag=system_server_wtf isTagEnabled=true flags=0x2
12-10 05:54:11.221 1507 1583 I DropBoxManagerService: add tag=system_server_wtf isTagEnabled=true flags=0x2
12-10 05:54:11.225 1507 1980 E DisplayDeviceConfig: requesting nits when no mapping exists.
12-10 05:54:11.225 1507 1980 E DisplayDeviceConfig: requesting nits when no mapping exists.
12-10 05:54:11.226 1507 1583 I DropBoxManagerService: add tag=system_server_wtf isTagEnabled=true flags=0x2
12-10 05:54:11.242 1507 1980 E DisplayDeviceConfig: requesting nits when no mapping exists.
12-10 05:54:11.242 1507 1980 E DisplayDeviceConfig: requesting nits when no mapping exists.
12-10 05:54:11.259 1507 1980 E DisplayDeviceConfig: requesting nits when no mapping exists.
12-10 05:54:11.259 1507 1980 E DisplayDeviceConfig: requesting nits when no mapping exists.
12-10 05:54:11.275 1507 1980 E DisplayDeviceConfig: requesting nits when no mapping exists.
12-10 05:54:11.276 1507 1980 E DisplayDeviceConfig: requesting nits when no mapping exists.
12-10 05:54:11.292 1507 1980 E DisplayDeviceConfig: requesting nits when no mapping exists.
12-10 05:54:11.292 1507 1980 E DisplayDeviceConfig: requesting nits when no mapping exists.
12-10 05:54:11.309 1507 1980 E DisplayDeviceConfig: requesting nits when no mapping exists.
12-10 05:54:11.310 1507 1980 E DisplayDeviceConfig: requesting nits when no mapping exists.
12-10 05:54:11.325 1507 1980 E DisplayDeviceConfig: requesting nits when no mapping exists.
12-10 05:54:11.326 1507 1980 E DisplayDeviceConfig: requesting nits when no mapping exists.
12-10 05:54:11.342 1507 1980 E DisplayDeviceConfig: requesting nits when no mapping exists.
12-10 05:54:11.343 1507 1980 E DisplayDeviceConfig: requesting nits when no mapping exists.
12-10 05:54:11.359 1507 1980 E DisplayDeviceConfig: requesting nits when no mapping exists.
12-10 05:54:11.359 1507 1980 E DisplayDeviceConfig: requesting nits when no mapping exists.
12-10 05:54:11.376 1507 1980 E DisplayDeviceConfig: requesting nits when no mapping exists.
12-10 05:54:11.376 1507 1980 E DisplayDeviceConfig: requesting nits when no mapping exists.
12-10 05:54:11.392 1507 1980 E DisplayDeviceConfig: requesting nits when no mapping exists.
12-10 05:54:11.393 1507 1980 E DisplayDeviceConfig: requesting nits when no mapping exists.
12-10 05:54:11.410 1507 1980 E DisplayDeviceConfig: requesting nits when no mapping exists.
12-10 05:54:11.410 1507 1980 E DisplayDeviceConfig: requesting nits when no mapping exists.
12-10 05:54:11.426 1507 1980 E DisplayDeviceConfig: requesting nits when no mapping exists.
12-10 05:54:11.427 1507 1980 E DisplayDeviceConfig: requesting nits when no mapping exists.
12-10 05:54:11.442 1507 1980 E DisplayDeviceConfig: requesting nits when no mapping exists.
12-10 05:54:11.443 1507 1980 E DisplayDeviceConfig: requesting nits when no mapping exists.
12-10 05:54:11.459 1507 1980 E DisplayDeviceConfig: requesting nits when no mapping exists.
12-10 05:54:11.460 1507 1980 E DisplayDeviceConfig: requesting nits when no mapping exists.
12-10 05:54:11.476 1507 1980 E DisplayDeviceConfig: requesting nits when no mapping exists.
12-10 05:54:11.476 1507 1980 E DisplayDeviceConfig: requesting nits when no mapping exists.
12-10 05:54:11.493 1507 1980 E DisplayDeviceConfig: requesting nits when no mapping exists.
12-10 05:54:11.493 1507 1980 E DisplayDeviceConfig: requesting nits when no mapping exists.
12-10 05:54:11.509 1507 1980 E DisplayDeviceConfig: requesting nits when no mapping exists.
12-10 05:54:11.510 1507 1980 E DisplayDeviceConfig: requesting nits when no mapping exists.
12-10 05:54:11.526 1507 1980 E DisplayDeviceConfig: requesting nits when no mapping exists.
12-10 05:54:11.526 1507 1980 E DisplayDeviceConfig: requesting nits when no mapping exists.
12-10 05:54:11.542 1507 1980 E DisplayDeviceConfig: requesting nits when no mapping exists.
12-10 05:54:11.543 1507 1980 E DisplayDeviceConfig: requesting nits when no mapping exists.
12-10 05:54:11.559 1507 1980 E DisplayDeviceConfig: requesting nits when no mapping exists.
12-10 05:54:11.560 1507 1980 E DisplayDeviceConfig: requesting nits when no mapping exists.
12-10 05:54:11.576 1507 1980 E DisplayDeviceConfig: requesting nits when no mapping exists.
12-10 05:54:11.577 1507 1980 E DisplayDeviceConfig: requesting nits when no mapping exists.
12-10 05:54:11.593 1507 1980 E DisplayDeviceConfig: requesting nits when no mapping exists.
12-10 05:54:11.594 1507 1980 E DisplayDeviceConfig: requesting nits when no mapping exists.
12-10 05:54:11.610 1507 1980 E DisplayDeviceConfig: requesting nits when no mapping exists.
12-10 05:54:11.610 1507 1980 E DisplayDeviceConfig: requesting nits when no mapping exists.
12-10 05:54:11.634 1507 1980 E DisplayDeviceConfig: requesting nits when no mapping exists.
12-10 05:54:11.635 1507 1980 E DisplayDeviceConfig: requesting nits when no mapping exists.
12-10 05:54:11.643 1507 1980 E DisplayDeviceConfig: requesting nits when no mapping exists.
12-10 05:54:11.643 1507 1980 E DisplayDeviceConfig: requesting nits when no mapping exists.
12-10 05:54:11.660 1507 1980 E DisplayDeviceConfig: requesting nits when no mapping exists.
12-10 05:54:11.661 1507 1980 E DisplayDeviceConfig: requesting nits when no mapping exists.
12-10 05:54:11.677 1507 1980 E DisplayDeviceConfig: requesting nits when no mapping exists.
12-10 05:54:11.677 1507 1980 E DisplayDeviceConfig: requesting nits when no mapping exists.
12-10 05:54:11.693 1507 1980 E DisplayDeviceConfig: requesting nits when no mapping exists.
12-10 05:54:11.694 1507 1980 E DisplayDeviceConfig: requesting nits when no mapping exists.
12-10 05:54:11.709 1507 1980 E DisplayDeviceConfig: requesting nits when no mapping exists.
12-10 05:54:11.710 1507 1980 E DisplayDeviceConfig: requesting nits when no mapping exists.
12-10 05:54:11.726 1507 1980 E DisplayDeviceConfig: requesting nits when no mapping exists.
12-10 05:54:11.726 1507 1980 E DisplayDeviceConfig: requesting nits when no mapping exists.
12-10 05:54:11.743 1507 1980 E DisplayDeviceConfig: requesting nits when no mapping exists.
12-10 05:54:11.743 1507 1980 E DisplayDeviceConfig: requesting nits when no mapping exists.
12-10 05:54:11.760 1507 1980 E DisplayDeviceConfig: requesting nits when no mapping exists.
12-10 05:54:11.761 1507 1980 E DisplayDeviceConfig: requesting nits when no mapping exists.
12-10 05:54:11.776 1507 1980 E DisplayDeviceConfig: requesting nits when no mapping exists.
12-10 05:54:11.777 1507 1980 E DisplayDeviceConfig: requesting nits when no mapping exists.
12-10 05:54:11.793 1507 1980 E DisplayDeviceConfig: requesting nits when no mapping exists.
12-10 05:54:11.794 1507 1980 E DisplayDeviceConfig: requesting nits when no mapping exists.
12-10 05:54:11.810 1507 1980 E DisplayDeviceConfig: requesting nits when no mapping exists.
12-10 05:54:11.811 1507 1980 E DisplayDeviceConfig: requesting nits when no mapping exists.
12-10 05:54:11.826 1507 1980 E DisplayDeviceConfig: requesting nits when no mapping exists.
12-10 05:54:11.827 1507 1980 E DisplayDeviceConfig: requesting nits when no mapping exists.
12-10 05:54:11.843 1507 1980 E DisplayDeviceConfig: requesting nits when no mapping exists.
12-10 05:54:11.844 1507 1980 E DisplayDeviceConfig: requesting nits when no mapping exists.
12-10 05:54:11.860 1507 1980 E DisplayDeviceConfig: requesting nits when no mapping exists.
12-10 05:54:11.861 1507 1980 E DisplayDeviceConfig: requesting nits when no mapping exists.
12-10 05:54:11.877 1507 1980 E DisplayDeviceConfig: requesting nits when no mapping exists.
12-10 05:54:11.877 1507 1980 E DisplayDeviceConfig: requesting nits when no mapping exists.
12-10 05:54:11.893 1507 1980 E DisplayDeviceConfig: requesting nits when no mapping exists.
12-10 05:54:11.894 1507 1980 E DisplayDeviceConfig: requesting nits when no mapping exists.
12-10 05:54:11.911 1507 1980 E DisplayDeviceConfig: requesting nits when no mapping exists.
12-10 05:54:11.911 1507 1980 E DisplayDeviceConfig: requesting nits when no mapping exists.
12-10 05:54:11.927 1507 1980 E DisplayDeviceConfig: requesting nits when no mapping exists.
12-10 05:54:11.927 1507 1980 E DisplayDeviceConfig: requesting nits when no mapping exists.
12-10 05:54:11.943 1507 1980 E DisplayDeviceConfig: requesting nits when no mapping exists.
12-10 05:54:11.944 1507 1980 E DisplayDeviceConfig: requesting nits when no mapping exists.
12-10 05:54:11.960 1507 1980 E DisplayDeviceConfig: requesting nits when no mapping exists.
12-10 05:54:11.961 1507 1980 E DisplayDeviceConfig: requesting nits when no mapping exists.
12-10 05:54:11.977 1507 1980 E DisplayDeviceConfig: requesting nits when no mapping exists.
12-10 05:54:11.978 1507 1980 E DisplayDeviceConfig: requesting nits when no mapping exists.
12-10 05:54:11.993 1507 1980 E DisplayDeviceConfig: requesting nits when no mapping exists.
12-10 05:54:11.994 1507 1980 E DisplayDeviceConfig: requesting nits when no mapping exists.
12-10 05:54:12.010 1507 1980 E DisplayDeviceConfig: requesting nits when no mapping exists.
12-10 05:54:12.011 1507 1980 E DisplayDeviceConfig: requesting nits when no mapping exists.
12-10 05:54:12.027 1507 1980 E DisplayDeviceConfig: requesting nits when no mapping exists.
12-10 05:54:12.027 1507 1980 E DisplayDeviceConfig: requesting nits when no mapping exists.
12-10 05:54:12.044 1507 1980 E DisplayDeviceConfig: requesting nits when no mapping exists.
12-10 05:54:12.045 1507 1980 E DisplayDeviceConfig: requesting nits when no mapping exists.
12-10 05:54:12.060 1507 1980 E DisplayDeviceConfig: requesting nits when no mapping exists.
12-10 05:54:12.061 1507 1980 E DisplayDeviceConfig: requesting nits when no mapping exists.
12-10 05:54:12.077 1507 1980 E DisplayDeviceConfig: requesting nits when no mapping exists.
12-10 05:54:12.079 1507 1980 E DisplayDeviceConfig: requesting nits when no mapping exists.
12-10 05:54:12.097 1507 1980 E DisplayDeviceConfig: requesting nits when no mapping exists.
12-10 05:54:12.099 1507 1980 E DisplayDeviceConfig: requesting nits when no mapping exists.
12-10 05:54:12.110 1507 1980 E DisplayDeviceConfig: requesting nits when no mapping exists.
12-10 05:54:12.112 1507 1980 E DisplayDeviceConfig: requesting nits when no mapping exists.
12-10 05:54:12.112 1507 1711 D ActivityManager: freezing 10488 com.android.calendar
12-10 05:54:12.112 1507 1711 E ActivityManager: Unable to freeze binder for 10488 com.android.calendar
12-10 05:54:12.114 1507 1711 D ActivityManager: froze 10488 com.android.calendar
12-10 05:54:12.115 1507 1711 E ActivityManager: Unable to freeze binder for 10488 com.android.calendar
12-10 05:54:12.116 1507 1711 D ActivityManager: freezing 10509 com.android.providers.calendar
12-10 05:54:12.116 1507 1711 E ActivityManager: Unable to freeze binder for 10509 com.android.providers.calendar
12-10 05:54:12.117 1507 1711 D ActivityManager: froze 10509 com.android.providers.calendar
12-10 05:54:12.117 1507 1711 E ActivityManager: Unable to freeze binder for 10509 com.android.providers.calendar
12-10 05:54:12.118 1507 1711 I ActivityManager: Killing 10488:com.android.calendar/u0a65 (adj 955): Unable to freeze binder interface
12-10 05:54:12.121 1507 1711 I ActivityManager: Killing 10509:com.android.providers.calendar/u0a20 (adj 965): Unable to freeze binder interface
12-10 05:54:12.127 1507 1980 E DisplayDeviceConfig: requesting nits when no mapping exists.
12-10 05:54:12.127 1507 1980 E DisplayDeviceConfig: requesting nits when no mapping exists.
12-10 05:54:12.144 1507 1980 E DisplayDeviceConfig: requesting nits when no mapping exists.
12-10 05:54:12.144 1507 1980 E DisplayDeviceConfig: requesting nits when no mapping exists.
12-10 05:54:12.172 1507 1568 W ActivityManager: setHasOverlayUi called on unknown pid: 10488
12-10 05:54:18.177 1507 1613 I PowerManagerService: Napping display group (groupId=0, uid=1000)...
12-10 05:54:18.177 1507 1613 I PowerManagerService: Nap time (uid 1000)...
12-10 05:54:18.180 1507 1613 I DreamManagerService: Entering dreamland.
12-10 05:54:18.184 1507 1613 I PowerManagerService: Dreaming...
12-10 05:54:18.186 1507 1564 I DreamController: Starting dream: name=ComponentInfo{com.thundercomm.screensaver/com.thundercomm.saverclock.service.ClockScreensaver}, isTest=false, canDoze=false, userId=0
12-10 05:54:18.205 1507 7192 I ActivityTaskManager: START u0 {flg=0x10000000 pkg=com.thundercomm.screensaver cmp=com.thundercomm.screensaver/android.service.dreams.DreamActivity (has extras)} from uid 10052
12-10 05:54:18.213 1507 7192 W ActivityTaskManager: Can't find TaskDisplayArea to determine support for multi window. Task id=108 attached=false
12-10 05:54:18.220 1507 7192 W WindowManager: updateScale0.4617737
12-10 05:54:18.225 1507 6848 I ActivityTaskManager: FOREGROUND_APPLICATION_CHANGED to android.service.dreams.DreamActivity
12-10 05:54:18.226 1507 6848 I ActivityTaskManager: The Process com.thundercomm.screensaver Already Exists in BG. So sending its PID: 5315
12-10 05:54:18.226 1507 6848 W ActivityTaskManager: Tried to set launchTime (0) < mLastActivityLaunchTime (15088811)
12-10 05:54:18.258 8492 8527 W ContextImpl: Calling a method in the system process without a qualified user: android.app.ContextImpl.startService:1816 android.content.ContextWrapper.startService:774 com.thundercomm.gamemode.ingame.services.GameModeActionUtils.startGameModeService:99 com.thundercomm.gamemode.ingame.services.GameModeActionUtils.startGameModeEntry:22 com.thundercomm.gamemode.ingame.services.ActivityMonitoringService$1.onActivityLaunch:127
12-10 05:54:18.267 1507 1507 I GameModeConfig: Current uri is uri = content://com.thundercomm.gamemode.api/gamemode_settings/gamemode_isgaming
12-10 05:54:18.270 1507 1507 I GameModeConfig: isGameModeOn = false
12-10 05:54:18.271 1507 1507 I GameModeConfig: isGameModeOn = false
12-10 05:54:18.271 1507 1507 I GameModeConfig: isDisableVoice = true
12-10 05:54:18.274 1507 2042 W WindowManager: updateScale0.4617737
12-10 05:54:18.294 1507 1569 W WindowManager: updateScale0.4617737
12-10 05:54:18.294 1507 1909 I GameModeConfig: isGameModeOn = false
12-10 05:54:18.294 1507 1909 I GameModeConfig: isGameModeOn = false
12-10 05:54:18.294 1507 1909 I GameModeConfig: isGameModeOn = false
12-10 05:54:18.295 1507 1909 I GameModeConfig: isGameModeOn = false
12-10 05:54:18.302 1507 1569 W WindowManager: updateScale0.4617737
12-10 05:54:18.303 1507 1569 W WindowManager: updateScale0.4617737
12-10 05:54:18.305 1507 1569 W WindowManager: updateScale0.4617737
12-10 05:54:18.307 1507 1568 W WindowManager: updateScale0.4617737
12-10 05:54:18.307 1507 1613 V DisplayPowerController[0]: Brightness [1.0] reason changing to: 'manual', previous reason: 'manual [ dim ]'.
12-10 05:54:18.308 1507 1568 W WindowManager: updateScale0.4617737
12-10 05:54:18.311 1507 1980 E DisplayDeviceConfig: requesting nits when no mapping exists.
12-10 05:54:18.312 1507 1980 E DisplayDeviceConfig: requesting nits when no mapping exists.
12-10 05:54:18.330 1507 1980 E DisplayDeviceConfig: requesting nits when no mapping exists.
12-10 05:54:18.333 1507 1980 E DisplayDeviceConfig: requesting nits when no mapping exists.
12-10 05:54:18.340 8492 8527 W ContextImpl: Calling a method in the system process without a qualified user: android.app.ContextImpl.startService:1816 android.content.ContextWrapper.startService:774 com.thundercomm.gamemode.ingame.services.GameModeActionUtils.startGameModeService:99 com.thundercomm.gamemode.ingame.services.GameModeActionUtils.startGameModeEntry:22 com.thundercomm.gamemode.ingame.services.ActivityMonitoringService$1.onActivityLaunch:127
12-10 05:54:18.343 1507 1507 I GameModeConfig: Current uri is uri = content://com.thundercomm.gamemode.api/gamemode_settings/gamemode_isgaming
12-10 05:54:18.344 1507 1980 E DisplayDeviceConfig: requesting nits when no mapping exists.
12-10 05:54:18.344 1507 1507 I GameModeConfig: isGameModeOn = false
12-10 05:54:18.344 1507 1980 E DisplayDeviceConfig: requesting nits when no mapping exists.
12-10 05:54:18.345 1507 1507 I GameModeConfig: isGameModeOn = false
12-10 05:54:18.345 1507 1507 I GameModeConfig: isDisableVoice = true
12-10 05:54:18.362 1507 1980 E DisplayDeviceConfig: requesting nits when no mapping exists.
12-10 05:54:18.362 1507 1980 E DisplayDeviceConfig: requesting nits when no mapping exists.
12-10 05:54:18.381 1507 1980 E DisplayDeviceConfig: requesting nits when no mapping exists.
12-10 05:54:18.381 1507 1980 E DisplayDeviceConfig: requesting nits when no mapping exists.
12-10 05:54:18.395 1507 1980 E DisplayDeviceConfig: requesting nits when no mapping exists.
12-10 05:54:18.395 1507 1980 E DisplayDeviceConfig: requesting nits when no mapping exists.
12-10 05:54:18.421 1507 1980 E DisplayDeviceConfig: requesting nits when no mapping exists.
12-10 05:54:18.422 1507 1980 E DisplayDeviceConfig: requesting nits when no mapping exists.
12-10 05:54:18.428 1507 1980 E DisplayDeviceConfig: requesting nits when no mapping exists.
12-10 05:54:18.429 1507 1980 E DisplayDeviceConfig: requesting nits when no mapping exists.
12-10 05:54:18.447 1507 1980 E DisplayDeviceConfig: requesting nits when no mapping exists.
12-10 05:54:18.448 1507 1980 E DisplayDeviceConfig: requesting nits when no mapping exists.
12-10 05:54:18.462 1507 1980 E DisplayDeviceConfig: requesting nits when no mapping exists.
12-10 05:54:18.463 1507 1980 E DisplayDeviceConfig: requesting nits when no mapping exists.
12-10 05:54:18.478 1507 1980 E DisplayDeviceConfig: requesting nits when no mapping exists.
12-10 05:54:18.480 1507 1980 E DisplayDeviceConfig: requesting nits when no mapping exists.
12-10 05:54:18.499 1507 1980 E DisplayDeviceConfig: requesting nits when no mapping exists.
12-10 05:54:18.499 1507 1980 E DisplayDeviceConfig: requesting nits when no mapping exists.
12-10 05:54:18.503 1507 1507 I GameModeConfig: isGameModeOn = false
12-10 05:54:18.519 1507 1980 E DisplayDeviceConfig: requesting nits when no mapping exists.
12-10 05:54:18.521 1507 1980 E DisplayDeviceConfig: requesting nits when no mapping exists.
12-10 05:54:18.529 1507 1980 E DisplayDeviceConfig: requesting nits when no mapping exists.
12-10 05:54:18.529 1507 1980 E DisplayDeviceConfig: requesting nits when no mapping exists.
12-10 05:54:18.547 1507 1980 E DisplayDeviceConfig: requesting nits when no mapping exists.
12-10 05:54:18.547 1507 1980 E DisplayDeviceConfig: requesting nits when no mapping exists.
12-10 05:54:18.563 1507 1980 E DisplayDeviceConfig: requesting nits when no mapping exists.
12-10 05:54:18.563 1507 1980 E DisplayDeviceConfig: requesting nits when no mapping exists.
12-10 05:54:18.581 1507 1980 E DisplayDeviceConfig: requesting nits when no mapping exists.
12-10 05:54:18.582 1507 1980 E DisplayDeviceConfig: requesting nits when no mapping exists.
12-10 05:54:18.596 1507 1980 E DisplayDeviceConfig: requesting nits when no mapping exists.
12-10 05:54:18.597 1507 1980 E DisplayDeviceConfig: requesting nits when no mapping exists.
12-10 05:54:18.598 1507 1569 W WindowManager: updateScale0.4617737
12-10 05:54:18.623 1507 1980 E DisplayDeviceConfig: requesting nits when no mapping exists.
12-10 05:54:18.624 1507 1980 E DisplayDeviceConfig: requesting nits when no mapping exists.
12-10 05:54:18.626 1507 12191 W WindowManager: updateScale0.4617737
12-10 05:54:18.630 1507 1980 E DisplayDeviceConfig: requesting nits when no mapping exists.
12-10 05:54:18.636 1507 1980 E DisplayDeviceConfig: requesting nits when no mapping exists.
12-10 05:54:18.645 1507 1980 E DisplayDeviceConfig: requesting nits when no mapping exists.
12-10 05:54:18.646 1507 1980 E DisplayDeviceConfig: requesting nits when no mapping exists.
12-10 05:54:18.654 8492 8527 W ContextImpl: Calling a method in the system process without a qualified user: android.app.ContextImpl.startService:1816 android.content.ContextWrapper.startService:774 com.thundercomm.gamemode.ingame.services.GameModeActionUtils.startGameModeService:99 com.thundercomm.gamemode.ingame.services.GameModeActionUtils.startGameModeEntry:22 com.thundercomm.gamemode.ingame.services.ActivityMonitoringService$1.onActivityLaunch:127
12-10 05:54:18.658 1507 1507 I GameModeConfig: Current uri is uri = content://com.thundercomm.gamemode.api/gamemode_settings/gamemode_isgaming
12-10 05:54:18.660 1507 1980 E DisplayDeviceConfig: requesting nits when no mapping exists.
12-10 05:54:18.660 1507 1507 I GameModeConfig: isGameModeOn = false
12-10 05:54:18.660 1507 1980 E DisplayDeviceConfig: requesting nits when no mapping exists.
12-10 05:54:18.660 1507 1507 I GameModeConfig: isGameModeOn = false
12-10 05:54:18.660 1507 1507 I GameModeConfig: isDisableVoice = true
12-10 05:54:18.676 1507 1980 E DisplayDeviceConfig: requesting nits when no mapping exists.
12-10 05:54:18.677 1507 1980 E DisplayDeviceConfig: requesting nits when no mapping exists.
12-10 05:54:18.693 1507 1980 E DisplayDeviceConfig: requesting nits when no mapping exists.
12-10 05:54:18.694 1507 1980 E DisplayDeviceConfig: requesting nits when no mapping exists.
12-10 05:54:18.710 1507 1980 E DisplayDeviceConfig: requesting nits when no mapping exists.
12-10 05:54:18.710 1507 1980 E DisplayDeviceConfig: requesting nits when no mapping exists.
12-10 05:54:18.727 1507 1980 E DisplayDeviceConfig: requesting nits when no mapping exists.
12-10 05:54:18.727 1507 1980 E DisplayDeviceConfig: requesting nits when no mapping exists.
12-10 05:54:18.743 1507 1980 E DisplayDeviceConfig: requesting nits when no mapping exists.
12-10 05:54:18.744 1507 1980 E DisplayDeviceConfig: requesting nits when no mapping exists.
12-10 05:54:18.760 1507 1980 E DisplayDeviceConfig: requesting nits when no mapping exists.
12-10 05:54:18.761 1507 1980 E DisplayDeviceConfig: requesting nits when no mapping exists.
12-10 05:54:18.777 1507 1980 E DisplayDeviceConfig: requesting nits when no mapping exists.
12-10 05:54:18.779 1507 1980 E DisplayDeviceConfig: requesting nits when no mapping exists.
12-10 05:54:18.794 1507 1980 E DisplayDeviceConfig: requesting nits when no mapping exists.
12-10 05:54:18.794 1507 1980 E DisplayDeviceConfig: requesting nits when no mapping exists.
12-10 05:54:18.810 1507 1980 E DisplayDeviceConfig: requesting nits when no mapping exists.
12-10 05:54:18.811 1507 1980 E DisplayDeviceConfig: requesting nits when no mapping exists.
12-10 05:54:18.827 1507 1980 E DisplayDeviceConfig: requesting nits when no mapping exists.
12-10 05:54:18.828 1507 1980 E DisplayDeviceConfig: requesting nits when no mapping exists.
12-10 05:54:18.844 1507 1980 E DisplayDeviceConfig: requesting nits when no mapping exists.
12-10 05:54:18.844 1507 1980 E DisplayDeviceConfig: requesting nits when no mapping exists.
12-10 05:54:18.860 1507 1980 E DisplayDeviceConfig: requesting nits when no mapping exists.
12-10 05:54:18.861 1507 1980 E DisplayDeviceConfig: requesting nits when no mapping exists.
12-10 05:54:18.877 1507 1980 E DisplayDeviceConfig: requesting nits when no mapping exists.
12-10 05:54:18.878 1507 1980 E DisplayDeviceConfig: requesting nits when no mapping exists.
12-10 05:54:18.894 1507 1980 E DisplayDeviceConfig: requesting nits when no mapping exists.
12-10 05:54:18.894 1507 1980 E DisplayDeviceConfig: requesting nits when no mapping exists.
12-10 05:54:18.910 1507 1980 E DisplayDeviceConfig: requesting nits when no mapping exists.
12-10 05:54:18.911 1507 1980 E DisplayDeviceConfig: requesting nits when no mapping exists.
12-10 05:54:18.927 1507 1980 E DisplayDeviceConfig: requesting nits when no mapping exists.
12-10 05:54:18.927 1507 1980 E DisplayDeviceConfig: requesting nits when no mapping exists.
12-10 05:54:18.944 1507 1980 E DisplayDeviceConfig: requesting nits when no mapping exists.
12-10 05:54:18.944 1507 1980 E DisplayDeviceConfig: requesting nits when no mapping exists.
12-10 05:54:18.961 1507 1980 E DisplayDeviceConfig: requesting nits when no mapping exists.
12-10 05:54:18.961 1507 1980 E DisplayDeviceConfig: requesting nits when no mapping exists.
12-10 05:54:18.977 1507 1980 E DisplayDeviceConfig: requesting nits when no mapping exists.
12-10 05:54:18.978 1507 1980 E DisplayDeviceConfig: requesting nits when no mapping exists.
12-10 05:54:18.994 1507 1980 E DisplayDeviceConfig: requesting nits when no mapping exists.
12-10 05:54:18.994 1507 1980 E DisplayDeviceConfig: requesting nits when no mapping exists.
12-10 05:54:19.011 1507 1980 E DisplayDeviceConfig: requesting nits when no mapping exists.
12-10 05:54:19.011 1507 1980 E DisplayDeviceConfig: requesting nits when no mapping exists.
12-10 05:54:19.028 1507 1980 E DisplayDeviceConfig: requesting nits when no mapping exists.
12-10 05:54:19.029 1507 1980 E DisplayDeviceConfig: requesting nits when no mapping exists.
12-10 05:54:19.044 1507 1980 E DisplayDeviceConfig: requesting nits when no mapping exists.
12-10 05:54:19.045 1507 1980 E DisplayDeviceConfig: requesting nits when no mapping exists.
12-10 05:54:19.061 1507 1980 E DisplayDeviceConfig: requesting nits when no mapping exists.
12-10 05:54:19.064 1507 1980 E DisplayDeviceConfig: requesting nits when no mapping exists.
12-10 05:54:19.078 1507 1980 E DisplayDeviceConfig: requesting nits when no mapping exists.
12-10 05:54:19.078 1507 1980 E DisplayDeviceConfig: requesting nits when no mapping exists.
12-10 05:54:19.094 1507 1980 E DisplayDeviceConfig: requesting nits when no mapping exists.
12-10 05:54:19.096 1507 1980 E DisplayDeviceConfig: requesting nits when no mapping exists.
12-10 05:54:19.111 1507 1980 E DisplayDeviceConfig: requesting nits when no mapping exists.
12-10 05:54:19.111 1507 1980 E DisplayDeviceConfig: requesting nits when no mapping exists.
12-10 05:54:19.128 1507 1980 E DisplayDeviceConfig: requesting nits when no mapping exists.
12-10 05:54:19.129 1507 1980 E DisplayDeviceConfig: requesting nits when no mapping exists.
12-10 05:54:19.145 1507 1980 E DisplayDeviceConfig: requesting nits when no mapping exists.
12-10 05:54:19.146 1507 1980 E DisplayDeviceConfig: requesting nits when no mapping exists.
12-10 05:54:19.163 1507 1980 E DisplayDeviceConfig: requesting nits when no mapping exists.
12-10 05:54:19.163 1507 1980 E DisplayDeviceConfig: requesting nits when no mapping exists.
12-10 05:54:19.179 1507 1980 E DisplayDeviceConfig: requesting nits when no mapping exists.
12-10 05:54:19.179 1507 1980 E DisplayDeviceConfig: requesting nits when no mapping exists.
12-10 05:54:19.196 1507 1980 E DisplayDeviceConfig: requesting nits when no mapping exists.
12-10 05:54:19.196 1507 1980 E DisplayDeviceConfig: requesting nits when no mapping exists.
12-10 05:54:19.211 1507 1980 E DisplayDeviceConfig: requesting nits when no mapping exists.
12-10 05:54:19.211 1507 1980 E DisplayDeviceConfig: requesting nits when no mapping exists.
12-10 05:54:19.228 1507 1980 E DisplayDeviceConfig: requesting nits when no mapping exists.
12-10 05:54:19.229 1507 1980 E DisplayDeviceConfig: requesting nits when no mapping exists.
12-10 05:54:19.245 1507 1980 E DisplayDeviceConfig: requesting nits when no mapping exists.
12-10 05:54:19.246 1507 1980 E DisplayDeviceConfig: requesting nits when no mapping exists.
12-10 05:54:19.261 1507 1980 E DisplayDeviceConfig: requesting nits when no mapping exists.
12-10 05:54:19.262 1507 1980 E DisplayDeviceConfig: requesting nits when no mapping exists.
12-10 05:54:28.553 1507 1909 I GameModeConfig: isGameModeOn = false
12-10 05:54:30.387 1507 1583 W BroadcastQueue: Permission Denial: broadcasting Intent { act=android.net.conn.CONNECTIVITY_CHANGE flg=0x4200010 (has extras) } from null (pid=-1, uid=-1) requires com.baidu.input.permission.sofire.RECEIVE due to registered receiver BroadcastFilter{4bd915c 10036/u0 ReceiverList{32d73cf 4215 com.baidu.input/10036/u0 remote:94c5c2e}}
12-10 05:54:36.835 1507 1917 W WindowManager: updateScale0.4617737
12-10 05:54:36.847 1507 1917 I DreamManagerService: Gently waking up from dream.
12-10 05:54:36.851 1507 1564 I DreamManagerService: Performing gentle wake from dream.
12-10 05:54:36.856 1507 7192 I ActivityTaskManager: FOREGROUND_APPLICATION_CHANGED to com.android.launcher3.uioverrides.QuickstepLauncher
12-10 05:54:36.865 1507 7192 I ActivityTaskManager: FOREGROUND_APPLICATION_CHANGED to com.android.deskclock.DeskClock
12-10 05:54:36.866 1507 7192 W WindowManager: updateScale0.4617737
12-10 05:54:36.874 1507 7192 W WindowManager: updateScale0.4617737
12-10 05:54:36.877 1507 11869 W WindowManager: updateScale0.4617737
12-10 05:54:36.886 1507 1568 W WindowManager: updateScale0.4617737
12-10 05:54:36.888 1507 1568 W WindowManager: updateScale0.4617737
12-10 05:54:36.894 1507 1568 D CompatibilityChangeReporter: Compat change id reported: 135634846; UID 10065; state: DISABLED
12-10 05:54:36.894 1507 1568 D CompatibilityChangeReporter: Compat change id reported: 177438394; UID 10065; state: DISABLED
12-10 05:54:36.894 1507 1568 D CompatibilityChangeReporter: Compat change id reported: 135772972; UID 10065; state: DISABLED
12-10 05:54:36.894 1507 1568 D CompatibilityChangeReporter: Compat change id reported: 135754954; UID 10065; state: DISABLED
12-10 05:54:36.895 1507 1584 D CompatibilityChangeReporter: Compat change id reported: 143937733; UID 10065; state: DISABLED
12-10 05:54:36.895 1507 1568 W WindowManager: updateScale0.4617737
12-10 05:54:36.896 8492 8527 W ContextImpl: Calling a method in the system process without a qualified user: android.app.ContextImpl.startService:1816 android.content.ContextWrapper.startService:774 com.thundercomm.gamemode.ingame.services.GameModeActionUtils.startGameModeService:99 com.thundercomm.gamemode.ingame.services.GameModeActionUtils.startGameModeEntry:22 com.thundercomm.gamemode.ingame.services.ActivityMonitoringService$1.onActivityLaunch:127
12-10 05:54:36.904 1507 1584 I ActivityManager: Start proc 12618:com.android.calendar/u0a65 for null
12-10 05:54:36.904 1507 1507 I GameModeConfig: Current uri is uri = content://com.thundercomm.gamemode.api/gamemode_settings/gamemode_isgaming
12-10 05:54:36.909 1507 1507 I GameModeConfig: isGameModeOn = false
12-10 05:54:36.909 1507 1507 I GameModeConfig: isGameModeOn = false
12-10 05:54:36.909 1507 1507 I GameModeConfig: isDisableVoice = true
12-10 05:54:36.910 1507 7192 W WindowManager: updateScale0.4617737
12-10 05:54:36.938 8492 8527 W ContextImpl: Calling a method in the system process without a qualified user: android.app.ContextImpl.startService:1816 android.content.ContextWrapper.startService:774 com.thundercomm.gamemode.ingame.services.GameModeActionUtils.startGameModeService:99 com.thundercomm.gamemode.ingame.services.GameModeActionUtils.startGameModeEntry:22 com.thundercomm.gamemode.ingame.services.ActivityMonitoringService$1.onActivityLaunch:127
12-10 05:54:36.942 1507 1569 W WindowManager: updateScale0.4617737
12-10 05:54:36.944 1507 1507 I GameModeConfig: Current uri is uri = content://com.thundercomm.gamemode.api/gamemode_settings/gamemode_isgaming
12-10 05:54:36.946 1507 1507 I GameModeConfig: isGameModeOn = false
12-10 05:54:36.946 1507 1507 I GameModeConfig: isGameModeOn = false
12-10 05:54:36.946 1507 1507 I GameModeConfig: isDisableVoice = true
12-10 05:54:36.947 1507 1569 W WindowManager: updateScale0.4617737
12-10 05:54:36.948 1507 1569 W WindowManager: updateScale0.4617737
12-10 05:54:36.974 8492 8527 W ContextImpl: Calling a method in the system process without a qualified user: android.app.ContextImpl.startService:1816 android.content.ContextWrapper.startService:774 com.thundercomm.gamemode.ingame.services.GameModeActionUtils.startGameModeService:99 com.thundercomm.gamemode.ingame.services.GameModeActionUtils.startGameModeEntry:22 com.thundercomm.gamemode.ingame.services.ActivityMonitoringService$1.onActivityLaunch:127
12-10 05:54:36.979 1507 1507 I GameModeConfig: Current uri is uri = content://com.thundercomm.gamemode.api/gamemode_settings/gamemode_isgaming
12-10 05:54:36.981 1507 1507 I GameModeConfig: isGameModeOn = false
12-10 05:54:36.981 1507 1507 I GameModeConfig: isGameModeOn = false
12-10 05:54:36.981 1507 1507 I GameModeConfig: isDisableVoice = true
12-10 05:54:36.987 1507 1613 I PowerManagerService: Powering on display group fromDreaming (groupId=0, uid=1000, reason=WAKE_REASON_UNKNOWN, details=android.server.power:DREAM_FINISHED)...
12-10 05:54:36.988 1507 1613 I PowerManagerService: Waking up from Dreaming (uid=1000, reason=WAKE_REASON_UNKNOWN, details=android.server.power:DREAM_FINISHED)...
12-10 05:54:36.995 1507 6848 I DreamManagerService: Leaving dreamland.
12-10 05:54:36.996 1507 1564 I DreamManagerService: Performing gentle wake from dream.
