12-10 06:03:55.275 2526 2526 I wm_on_stop_called: [142082565,com.android.launcher3.uioverrides.QuickstepLauncher,STOP_ACTIVITY_ITEM]
12-10 06:03:55.290 8492 8527 W ContextImpl: Calling a method in the system process without a qualified user: android.app.ContextImpl.startService:1816 android.content.ContextWrapper.startService:774 com.thundercomm.gamemode.ingame.services.GameModeActionUtils.startGameModeService:99 com.thundercomm.gamemode.ingame.services.GameModeActionUtils.startGameModeEntry:22 com.thundercomm.gamemode.ingame.services.ActivityMonitoringService$1.onActivityLaunch:127
12-10 06:03:55.294 1507 1507 I GameModeConfig: Current uri is uri = content://com.thundercomm.gamemode.api/gamemode_settings/gamemode_isgaming
12-10 06:03:55.295 1507 1507 I GameModeConfig: isGameModeOn = true
12-10 06:03:55.295 1507 1507 I GameModeConfig: isGaming = false
12-10 06:03:55.296 1507 1507 I GameModeConfig: isGameModeOn = true
12-10 06:03:55.296 1507 1507 I GameModeConfig: isGaming = false
12-10 06:03:55.296 1507 1507 I GameModeConfig: isDisableVoice = true
12-10 06:03:55.548 1507 2719 E TaskPersister: File error accessing recents directory (directory doesn't exist?).
12-10 06:03:56.155 0 0 I auditd : type=1400 audit(0.0:17262): avc: denied { kill } for comm="swapper/1" capability=5 scontext=u:r:kernel:s0 tcontext=u:r:kernel:s0 tclass=capability permissive=0
12-10 06:03:57.155 0 0 I auditd : type=1400 audit(0.0:17263): avc: denied { kill } for comm="swapper/1" capability=5 scontext=u:r:kernel:s0 tcontext=u:r:kernel:s0 tclass=capability permissive=0
12-10 06:03:58.155 0 0 I auditd : type=1400 audit(0.0:17264): avc: denied { kill } for comm="swapper/1" capability=5 scontext=u:r:kernel:s0 tcontext=u:r:kernel:s0 tclass=capability permissive=0
12-10 06:03:59.155 0 0 I auditd : type=1400 audit(0.0:17265): avc: denied { kill } for comm="swapper/1" capability=5 scontext=u:r:kernel:s0 tcontext=u:r:kernel:s0 tclass=capability permissive=0
12-10 06:04:00.155 0 0 I auditd : type=1400 audit(0.0:17266): avc: denied { kill } for comm="swapper/1" capability=5 scontext=u:r:kernel:s0 tcontext=u:r:kernel:s0 tclass=capability permissive=0
12-10 06:04:01.155 0 0 I auditd : type=1400 audit(0.0:17267): avc: denied { kill } for comm="swapper/1" capability=5 scontext=u:r:kernel:s0 tcontext=u:r:kernel:s0 tclass=capability permissive=0
12-10 06:04:02.155 0 0 I auditd : type=1400 audit(0.0:17268): avc: denied { kill } for comm="swapper/1" capability=5 scontext=u:r:kernel:s0 tcontext=u:r:kernel:s0 tclass=capability permissive=0
12-10 06:04:03.155 0 0 I auditd : type=1400 audit(0.0:17269): avc: denied { kill } for comm="swapper/1" capability=5 scontext=u:r:kernel:s0 tcontext=u:r:kernel:s0 tclass=capability permissive=0
12-10 06:04:04.155 0 0 I auditd : type=1400 audit(0.0:17270): avc: denied { kill } for comm="swapper/1" capability=5 scontext=u:r:kernel:s0 tcontext=u:r:kernel:s0 tclass=capability permissive=0
12-10 06:04:05.155 0 0 I auditd : type=1400 audit(0.0:17271): avc: denied { kill } for comm="swapper/1" capability=5 scontext=u:r:kernel:s0 tcontext=u:r:kernel:s0 tclass=capability permissive=0
12-10 06:04:06.155 0 0 I auditd : type=1400 audit(0.0:17272): avc: denied { kill } for comm="swapper/1" capability=5 scontext=u:r:kernel:s0 tcontext=u:r:kernel:s0 tclass=capability permissive=0
12-10 06:04:07.155 0 0 I auditd : type=1400 audit(0.0:17273): avc: denied { kill } for comm="swapper/1" capability=5 scontext=u:r:kernel:s0 tcontext=u:r:kernel:s0 tclass=capability permissive=0
12-10 06:04:08.155 0 0 I auditd : type=1400 audit(0.0:17274): avc: denied { kill } for comm="swapper/1" capability=5 scontext=u:r:kernel:s0 tcontext=u:r:kernel:s0 tclass=capability permissive=0
12-10 06:04:09.155 0 0 I auditd : type=1400 audit(0.0:17275): avc: denied { kill } for comm="swapper/1" capability=5 scontext=u:r:kernel:s0 tcontext=u:r:kernel:s0 tclass=capability permissive=0
12-10 06:04:10.155 0 0 I auditd : type=1400 audit(0.0:17276): avc: denied { kill } for comm="swapper/1" capability=5 scontext=u:r:kernel:s0 tcontext=u:r:kernel:s0 tclass=capability permissive=0
12-10 06:04:11.155 0 0 I auditd : type=1400 audit(0.0:17277): avc: denied { kill } for comm="swapper/1" capability=5 scontext=u:r:kernel:s0 tcontext=u:r:kernel:s0 tclass=capability permissive=0
12-10 06:04:12.155 0 0 I auditd : type=1400 audit(0.0:17278): avc: denied { kill } for comm="swapper/1" capability=5 scontext=u:r:kernel:s0 tcontext=u:r:kernel:s0 tclass=capability permissive=0
12-10 06:04:13.155 0 0 I auditd : type=1400 audit(0.0:17279): avc: denied { kill } for comm="swapper/1" capability=5 scontext=u:r:kernel:s0 tcontext=u:r:kernel:s0 tclass=capability permissive=0
12-10 06:04:14.155 0 0 I auditd : type=1400 audit(0.0:17280): avc: denied { kill } for comm="swapper/1" capability=5 scontext=u:r:kernel:s0 tcontext=u:r:kernel:s0 tclass=capability permissive=0
12-10 06:04:15.155 0 0 I auditd : type=1400 audit(0.0:17281): avc: denied { kill } for comm="swapper/1" capability=5 scontext=u:r:kernel:s0 tcontext=u:r:kernel:s0 tclass=capability permissive=0
12-10 06:04:16.155 0 0 I auditd : type=1400 audit(0.0:17282): avc: denied { kill } for comm="swapper/1" capability=5 scontext=u:r:kernel:s0 tcontext=u:r:kernel:s0 tclass=capability permissive=0
12-10 06:04:17.155 0 0 I auditd : type=1400 audit(0.0:17283): avc: denied { kill } for comm="swapper/1" capability=5 scontext=u:r:kernel:s0 tcontext=u:r:kernel:s0 tclass=capability permissive=0
12-10 06:04:18.155 0 0 I auditd : type=1400 audit(0.0:17284): avc: denied { kill } for comm="swapper/1" capability=5 scontext=u:r:kernel:s0 tcontext=u:r:kernel:s0 tclass=capability permissive=0
12-10 06:04:19.155 0 0 I auditd : type=1400 audit(0.0:17285): avc: denied { kill } for comm="swapper/1" capability=5 scontext=u:r:kernel:s0 tcontext=u:r:kernel:s0 tclass=capability permissive=0
12-10 06:04:20.155 0 0 I auditd : type=1400 audit(0.0:17286): avc: denied { kill } for comm="swapper/1" capability=5 scontext=u:r:kernel:s0 tcontext=u:r:kernel:s0 tclass=capability permissive=0
12-10 06:04:21.155 0 0 I auditd : type=1400 audit(0.0:17287): avc: denied { kill } for comm="swapper/1" capability=5 scontext=u:r:kernel:s0 tcontext=u:r:kernel:s0 tclass=capability permissive=0
12-10 06:04:22.155 0 0 I auditd : type=1400 audit(0.0:17288): avc: denied { kill } for comm="swapper/1" capability=5 scontext=u:r:kernel:s0 tcontext=u:r:kernel:s0 tclass=capability permissive=0
12-10 06:04:23.155 0 0 I auditd : type=1400 audit(0.0:17289): avc: denied { kill } for comm="swapper/1" capability=5 scontext=u:r:kernel:s0 tcontext=u:r:kernel:s0 tclass=capability permissive=0
12-10 06:04:24.155 0 0 I auditd : type=1400 audit(0.0:17290): avc: denied { kill } for comm="swapper/1" capability=5 scontext=u:r:kernel:s0 tcontext=u:r:kernel:s0 tclass=capability permissive=0
12-10 06:04:25.155 0 0 I auditd : type=1400 audit(0.0:17291): avc: denied { kill } for comm="swapper/1" capability=5 scontext=u:r:kernel:s0 tcontext=u:r:kernel:s0 tclass=capability permissive=0
12-10 06:04:26.155 0 0 I auditd : type=1400 audit(0.0:17292): avc: denied { kill } for comm="swapper/1" capability=5 scontext=u:r:kernel:s0 tcontext=u:r:kernel:s0 tclass=capability permissive=0
12-10 06:04:27.155 0 0 I auditd : type=1400 audit(0.0:17293): avc: denied { kill } for comm="swapper/1" capability=5 scontext=u:r:kernel:s0 tcontext=u:r:kernel:s0 tclass=capability permissive=0
12-10 06:04:29.155 0 0 I auditd : type=1400 audit(0.0:17294): avc: denied { kill } for comm="swapper/1" capability=5 scontext=u:r:kernel:s0 tcontext=u:r:kernel:s0 tclass=capability permissive=0
12-10 06:04:30.155 0 0 I auditd : type=1400 audit(0.0:17295): avc: denied { kill } for comm="swapper/1" capability=5 scontext=u:r:kernel:s0 tcontext=u:r:kernel:s0 tclass=capability permissive=0
12-10 06:04:31.155 0 0 I auditd : type=1400 audit(0.0:17296): avc: denied { kill } for comm="swapper/1" capability=5 scontext=u:r:kernel:s0 tcontext=u:r:kernel:s0 tclass=capability permissive=0
12-10 06:04:31.565 1507 6852 I wm_task_moved: [26,0,0]
12-10 06:04:31.566 1507 6852 I wm_task_moved: [26,0,7]
12-10 06:04:31.595 2526 2526 I wm_on_restart_called: [142082565,com.android.launcher3.uioverrides.QuickstepLauncher,performRestartActivity]
12-10 06:04:31.606 1507 1581 I am_pss : [12573,1000,com.android.settings,159459328,142774272,0,308584448,0,16,17]
12-10 06:04:31.609 8492 8527 W ContextImpl: Calling a method in the system process without a qualified user: android.app.ContextImpl.startService:1816 android.content.ContextWrapper.startService:774 com.thundercomm.gamemode.ingame.services.GameModeActionUtils.startGameModeService:99 com.thundercomm.gamemode.ingame.services.GameModeActionUtils.startGameModeEntry:22 com.thundercomm.gamemode.ingame.services.ActivityMonitoringService$1.onActivityLaunch:127
12-10 06:04:31.615 1507 1507 I GameModeConfig: Current uri is uri = content://com.thundercomm.gamemode.api/gamemode_settings/gamemode_isgaming
12-10 06:04:31.619 1507 1507 I GameModeConfig: isGameModeOn = true
12-10 06:04:31.619 1507 1507 I GameModeConfig: isGaming = false
12-10 06:04:31.619 1507 1507 I GameModeConfig: isGameModeOn = true
12-10 06:04:31.619 1507 1507 I GameModeConfig: isGaming = false
12-10 06:04:31.619 1507 1507 I GameModeConfig: isDisableVoice = true
12-10 06:04:31.632 2526 2526 I wm_on_start_called: [142082565,com.android.launcher3.uioverrides.QuickstepLauncher,handleStartActivity]
12-10 06:04:31.633 12441 12441 I view_enqueue_input_event: [Motion - Cancel,com.android.deskclock/com.android.deskclock.DeskClock]
12-10 06:04:31.634 1507 6850 W ActivityTaskManager: getTaskSnapshot: taskId=2110 not found
12-10 06:04:31.635 1507 6850 W ActivityTaskManager: getTaskSnapshot: taskId=1110 not found
12-10 06:04:31.635 1507 6850 W ActivityTaskManager: getTaskSnapshot: taskId=2110 not found
12-10 06:04:31.636 1507 1569 I input_focus: [Focus request recents_animation_input_consumer,reason=UpdateInputWindows]
12-10 06:04:31.636 1507 5617 W ActivityTaskManager: getTaskSnapshot: taskId=1110 not found
12-10 06:04:31.642 1507 1736 I input_interaction: Interaction with: edge-swipe (server), swipe-up (server), PointerEventDispatcher0 (server),
12-10 06:04:31.644 2526 2526 I sysui_latency: [1,104]
12-10 06:04:31.654 1507 1736 I input_focus: [Focus leaving 4917673 com.android.deskclock/com.android.deskclock.DeskClock (server),reason=NOT_FOCUSABLE]
12-10 06:04:31.654 1507 1736 I input_focus: [Focus entering recents_animation_input_consumer (server),reason=setFocusedWindow]
12-10 06:04:31.662 1507 1564 I sysui_multi_action: [319,12,322,85,325,15920,757,761,758,9,759,5,806,com.android.launcher3,871,com.android.launcher3.uioverrides.QuickstepLauncher,904,com.android.launcher3,905,0,1320,8,1321,5]
12-10 06:04:31.693 1507 6850 W ActivityTaskManager: getTaskSnapshot: taskId=2110 not found
12-10 06:04:31.693 1507 6850 W ActivityTaskManager: getTaskSnapshot: taskId=1110 not found
12-10 06:04:31.836 1507 1710 I commit_sys_config_file: [settings-1-0,7]
12-10 06:04:31.951 1507 1581 I sysui_latency: [8,104]
12-10 06:04:32.426 1507 6852 I wm_task_moved: [26,1,8]
12-10 06:04:32.428 1507 6852 I wm_focused_root_task: [0,0,26,107,RecentsAnimation.onAnimationFinished()]
12-10 06:04:32.428 12441 12441 I wm_on_top_resumed_lost_called: [252735904,com.android.deskclock.DeskClock,topStateChangedWhenResumed]
12-10 06:04:32.430 1507 6852 I wm_pause_activity: [0,252735904,com.android.deskclock/.DeskClock,userLeaving=false,pauseBackTasks]
12-10 06:04:32.432 1507 6852 I ActivityTaskManager: FOREGROUND_APPLICATION_CHANGED to com.android.launcher3.uioverrides.QuickstepLauncher
12-10 06:04:32.433 1507 6852 I wm_set_resumed_activity: [0,com.android.launcher3/.uioverrides.QuickstepLauncher,resumeTopActivityInnerLocked]
12-10 06:04:32.435 1507 6852 I wm_resume_activity: [0,142082565,27,com.android.launcher3/.uioverrides.QuickstepLauncher]
12-10 06:04:32.436 1507 6852 I wm_add_to_stopping: [0,252735904,com.android.deskclock/.DeskClock,makeInvisible]
12-10 06:04:32.438 2526 2526 I wm_on_resume_called: [142082565,com.android.launcher3.uioverrides.QuickstepLauncher,RESUME_ACTIVITY]
12-10 06:04:32.440 1507 1569 I input_focus: [Focus request 2cb1f5d com.android.launcher3/com.android.launcher3.uioverrides.QuickstepLauncher,reason=UpdateInputWindows]
12-10 06:04:32.441 12441 12441 I wm_on_paused_called: [252735904,com.android.deskclock.DeskClock,performPause]
12-10 06:04:32.442 1507 1568 I sysui_multi_action: [757,803,799,window_time_0,802,38]
12-10 06:04:32.443 1507 1568 I wm_stop_activity: [0,252735904,com.android.deskclock/.DeskClock]
12-10 06:04:32.444 1507 1568 I sysui_multi_action: [757,803,799,window_time_0,802,0]
12-10 06:04:32.454 1507 1736 I input_focus: [Focus leaving recents_animation_input_consumer (server),reason=NOT_VISIBLE]
12-10 06:04:32.455 1507 1736 I input_focus: [Focus entering 2cb1f5d com.android.launcher3/com.android.launcher3.uioverrides.QuickstepLauncher (server),reason=setFocusedWindow]
12-10 06:04:32.482 12441 12441 I wm_on_stop_called: [252735904,com.android.deskclock.DeskClock,STOP_ACTIVITY_ITEM]
12-10 06:04:32.488 2526 2526 I wm_on_top_resumed_gained_called: [142082565,com.android.launcher3.uioverrides.QuickstepLauncher,topStateChangedWhenResumed]
12-10 06:04:32.497 8492 8527 W ContextImpl: Calling a method in the system process without a qualified user: android.app.ContextImpl.startService:1816 android.content.ContextWrapper.startService:774 com.thundercomm.gamemode.ingame.services.GameModeActionUtils.startGameModeService:99 com.thundercomm.gamemode.ingame.services.GameModeActionUtils.startGameModeEntry:22 com.thundercomm.gamemode.ingame.services.ActivityMonitoringService$1.onActivityLaunch:127
12-10 06:04:32.504 1507 1507 I GameModeConfig: Current uri is uri = content://com.thundercomm.gamemode.api/gamemode_settings/gamemode_isgaming
12-10 06:04:32.506 1507 1507 I GameModeConfig: isGameModeOn = true
12-10 06:04:32.506 1507 1507 I GameModeConfig: isGaming = false
12-10 06:04:32.506 1507 1507 I GameModeConfig: isGameModeOn = true
12-10 06:04:32.506 1507 1507 I GameModeConfig: isGaming = false
12-10 06:04:32.506 1507 1507 I GameModeConfig: isDisableVoice = true
12-10 06:04:32.545 8492 8527 W ContextImpl: Calling a method in the system process without a qualified user: android.app.ContextImpl.startService:1816 android.content.ContextWrapper.startService:774 com.thundercomm.gamemode.ingame.services.GameModeActionUtils.startGameModeService:99 com.thundercomm.gamemode.ingame.services.GameModeActionUtils.startGameModeEntry:22 com.thundercomm.gamemode.ingame.services.ActivityMonitoringService$1.onActivityLaunch:127
12-10 06:04:32.548 1507 1507 I GameModeConfig: Current uri is uri = content://com.thundercomm.gamemode.api/gamemode_settings/gamemode_isgaming
12-10 06:04:32.549 1507 1507 I GameModeConfig: isGameModeOn = true
12-10 06:04:32.549 1507 1507 I GameModeConfig: isGaming = false
12-10 06:04:32.550 1507 1507 I GameModeConfig: isGameModeOn = true
12-10 06:04:32.550 1507 1507 I GameModeConfig: isGaming = false
12-10 06:04:32.550 1507 1507 I GameModeConfig: isDisableVoice = true
12-10 06:04:32.657 1507 1710 I commit_sys_config_file: [settings-1-0,6]
12-10 06:04:33.155 0 0 I auditd : type=1400 audit(0.0:17297): avc: denied { kill } for comm="swapper/1" capability=5 scontext=u:r:kernel:s0 tcontext=u:r:kernel:s0 tclass=capability permissive=0
12-10 06:04:34.029 1507 1736 I input_interaction: Interaction with: 2cb1f5d com.android.launcher3/com.android.launcher3.uioverrides.QuickstepLauncher (server), 5478378 com.android.systemui.ImageWallpaper (server), edge-swipe (server), swipe-up (server), PointerEventDispatcher0 (server),
12-10 06:04:34.155 0 0 I auditd : type=1400 audit(0.0:17298): avc: denied { kill } for comm="swapper/1" capability=5 scontext=u:r:kernel:s0 tcontext=u:r:kernel:s0 tclass=capability permissive=0
12-10 06:04:34.196 1507 9362 D FreeFormWindowHelper: Add freeform task=Task{efbd450 #110 type=standard A=10090:android.task.video U=0 visible=false mode=freeform translucent=true sz=1}
12-10 06:04:34.200 1507 9362 I wm_task_moved: [26,1,8]
12-10 06:04:34.201 1507 9362 I wm_set_resumed_activity: [0,com.android.launcher3/.uioverrides.QuickstepLauncher,positionChildAt]
12-10 06:04:34.202 1507 9362 I wm_task_moved: [110,1,8]
12-10 06:04:34.202 1507 9362 I wm_task_to_front: [0,110]
12-10 06:04:34.202 1507 9362 I wm_focused_root_task: [0,0,110,26,moveTaskToFront findTaskToMoveToFront]
12-10 06:04:34.203 1507 9362 I wm_set_resumed_activity: [0,com.android.music/.VideoBrowserActivity,moveTaskToFront findTaskToMoveToFront]
12-10 06:04:34.204 1507 9362 I ActivityTaskManager: FOREGROUND_APPLICATION_CHANGED to com.android.music.VideoBrowserActivity
12-10 06:04:34.205 1507 9362 I wm_set_resumed_activity: [0,com.android.music/.VideoBrowserActivity,resumeTopActivityInnerLocked]
12-10 06:04:34.207 1507 9362 I wm_relaunch_resume_activity: [0,16545336,110,com.android.music/.VideoBrowserActivity]
12-10 06:04:34.217 1507 1568 I am_uid_active: 10090
12-10 06:04:34.219 1507 5617 W WindowManager: updateScale0.7996942
12-10 06:04:34.228 2526 2526 I wm_on_top_resumed_lost_called: [142082565,com.android.launcher3.uioverrides.QuickstepLauncher,topStateChangedWhenResumed]
12-10 06:04:34.228 12253 12253 I wm_on_restart_called: [16545336,com.android.music.VideoBrowserActivity,performRestartActivity]
12-10 06:04:34.228 12253 12253 I wm_on_start_called: [16545336,com.android.music.VideoBrowserActivity,handleStartActivity]
12-10 06:04:34.230 12253 12253 I wm_on_stop_called: [16545336,com.android.music.VideoBrowserActivity,handleRelaunchActivity]
12-10 06:04:34.231 12253 12253 I wm_on_destroy_called: [16545336,com.android.music.VideoBrowserActivity,performDestroy]
12-10 06:04:34.235 8492 8527 W ContextImpl: Calling a method in the system process without a qualified user: android.app.ContextImpl.startService:1816 android.content.ContextWrapper.startService:774 com.thundercomm.gamemode.ingame.services.GameModeActionUtils.startGameModeService:99 com.thundercomm.gamemode.ingame.services.GameModeActionUtils.startGameModeEntry:22 com.thundercomm.gamemode.ingame.services.ActivityMonitoringService$1.onActivityLaunch:127
12-10 06:04:34.242 1507 1507 I GameModeConfig: Current uri is uri = content://com.thundercomm.gamemode.api/gamemode_settings/gamemode_isgaming
12-10 06:04:34.244 1507 1507 I GameModeConfig: isGameModeOn = true
12-10 06:04:34.244 1507 1507 I GameModeConfig: isGaming = false
12-10 06:04:34.245 1507 1507 I GameModeConfig: isGameModeOn = true
12-10 06:04:34.245 1507 1507 I GameModeConfig: isGaming = false
12-10 06:04:34.245 1507 1507 I GameModeConfig: isDisableVoice = true
12-10 06:04:34.275 12253 12253 I wm_on_create_called: [16545336,com.android.music.VideoBrowserActivity,performCreate]
12-10 06:04:34.276 12253 12253 I wm_on_start_called: [16545336,com.android.music.VideoBrowserActivity,handleStartActivity]
12-10 06:04:34.277 12253 12253 I wm_on_resume_called: [16545336,com.android.music.VideoBrowserActivity,RESUME_ACTIVITY]
12-10 06:04:34.286 1507 6850 W WindowManager: updateScale0.7996942
12-10 06:04:34.293 1507 1569 I input_focus: [Focus request df84fcc com.android.music/com.android.music.VideoBrowserActivity,reason=UpdateInputWindows]
12-10 06:04:34.294 1507 1569 W WindowManager: updateScale0.7996942
12-10 06:04:34.303 12253 12253 I wm_on_top_resumed_gained_called: [16545336,com.android.music.VideoBrowserActivity,topStateChangedWhenResumed]
12-10 06:04:34.303 1507 6850 I WindowManager: finishDrawing of relaunch: Window{df84fcc u0 com.android.music/com.android.music.VideoBrowserActivity} 96ms
12-10 06:04:34.303 1507 1569 W WindowManager: updateScale0.7996942
12-10 06:04:34.306 1507 1569 W WindowManager: updateScale0.7996942
12-10 06:04:34.309 1507 5617 W FreeFormWindowHelper: exitRecentTasks type=1
12-10 06:04:34.314 1507 1736 I input_focus: [Focus leaving 2cb1f5d com.android.launcher3/com.android.launcher3.uioverrides.QuickstepLauncher (server),reason=Waiting for window because NOT_VISIBLE]
12-10 06:04:34.314 1507 1564 I sysui_multi_action: [319,104,322,104,325,15923,757,761,758,9,759,2,806,com.android.music,871,com.android.music.VideoBrowserActivity,904,com.android.launcher3,905,0,1320,8,1321,5]
12-10 06:04:34.327 1507 1736 I input_focus: [Focus entering df84fcc com.android.music/com.android.music.VideoBrowserActivity (server),reason=Window became focusable. Previous reason: NOT_VISIBLE]
12-10 06:04:35.155 0 0 I auditd : type=1400 audit(0.0:17299): avc: denied { kill } for comm="swapper/1" capability=5 scontext=u:r:kernel:s0 tcontext=u:r:kernel:s0 tclass=capability permissive=0
12-10 06:04:36.155 0 0 I auditd : type=1400 audit(0.0:17300): avc: denied { kill } for comm="swapper/1" capability=5 scontext=u:r:kernel:s0 tcontext=u:r:kernel:s0 tclass=capability permissive=0
12-10 06:04:36.167 1507 1736 I input_interaction: Interaction with: df84fcc com.android.music/com.android.music.VideoBrowserActivity (server), edge-swipe (server), swipe-up (server), PointerEventDispatcher0 (server),
12-10 06:04:36.183 1507 5617 W WindowManager: updateScale0.7996942
12-10 06:04:36.195 1507 1569 W WindowManager: updateScale0.7996942
12-10 06:04:36.321 1507 5617 I wm_relaunch_resume_activity: [0,16545336,110,com.android.music/.VideoBrowserActivity]
12-10 06:04:36.321 1507 5617 I wm_add_to_stopping: [0,142082565,com.android.launcher3/.uioverrides.QuickstepLauncher,makeInvisible]
12-10 06:04:36.323 1507 5617 D FreeFormWindowHelper: Remove freefrom task=Task{efbd450 #110 type=standard A=10090:android.task.video U=0 visible=true mode=fullscreen translucent=false sz=1}
12-10 06:04:36.329 12253 12253 I wm_on_top_resumed_lost_called: [16545336,com.android.music.VideoBrowserActivity,pausing]
12-10 06:04:36.329 12253 12253 I wm_on_paused_called: [16545336,com.android.music.VideoBrowserActivity,performPause]
12-10 06:04:36.329 12253 12253 I wm_on_stop_called: [16545336,com.android.music.VideoBrowserActivity,handleRelaunchActivity]
12-10 06:04:36.331 12253 12253 I wm_on_destroy_called: [16545336,com.android.music.VideoBrowserActivity,performDestroy]
12-10 06:04:36.338 1507 5617 W WindowManager: Attempted to set replacing window on app token with no content Token{9a1914c ActivityRecord{fc7638 u0 com.android.music/.VideoBrowserActivity t110}}
12-10 06:04:36.349 8492 8527 W ContextImpl: Calling a method in the system process without a qualified user: android.app.ContextImpl.startService:1816 android.content.ContextWrapper.startService:774 com.thundercomm.gamemode.ingame.services.GameModeActionUtils.startGameModeService:99 com.thundercomm.gamemode.ingame.services.GameModeActionUtils.startGameModeEntry:22 com.thundercomm.gamemode.ingame.services.ActivityMonitoringService$1.onActivityLaunch:127
12-10 06:04:36.352 12253 12253 I wm_on_create_called: [16545336,com.android.music.VideoBrowserActivity,performCreate]
12-10 06:04:36.353 12253 12253 I wm_on_start_called: [16545336,com.android.music.VideoBrowserActivity,handleStartActivity]
12-10 06:04:36.353 1507 1507 I GameModeConfig: Current uri is uri = content://com.thundercomm.gamemode.api/gamemode_settings/gamemode_isgaming
12-10 06:04:36.354 12253 12253 I wm_on_resume_called: [16545336,com.android.music.VideoBrowserActivity,RESUME_ACTIVITY]
12-10 06:04:36.354 12253 12253 I wm_on_top_resumed_gained_called: [16545336,com.android.music.VideoBrowserActivity,topWhenResuming]
12-10 06:04:36.357 1507 1507 I GameModeConfig: isGameModeOn = true
12-10 06:04:36.357 1507 1507 I GameModeConfig: isGaming = false
12-10 06:04:36.358 1507 1507 I GameModeConfig: isGameModeOn = true
12-10 06:04:36.358 1507 1507 I GameModeConfig: isGaming = false
12-10 06:04:36.358 1507 1507 I GameModeConfig: isDisableVoice = true
12-10 06:04:36.370 1507 5617 I WindowManager: finishDrawing of relaunch: Window{df84fcc u0 com.android.music/com.android.music.VideoBrowserActivity} 49ms
12-10 06:04:36.733 1507 1568 I wm_stop_activity: [0,142082565,com.android.launcher3/.uioverrides.QuickstepLauncher]
12-10 06:04:36.743 8492 8527 W ContextImpl: Calling a method in the system process without a qualified user: android.app.ContextImpl.startService:1816 android.content.ContextWrapper.startService:774 com.thundercomm.gamemode.ingame.services.GameModeActionUtils.startGameModeService:99 com.thundercomm.gamemode.ingame.services.GameModeActionUtils.startGameModeEntry:22 com.thundercomm.gamemode.ingame.services.ActivityMonitoringService$1.onActivityLaunch:127
12-10 06:04:36.749 1507 1507 I GameModeConfig: Current uri is uri = content://com.thundercomm.gamemode.api/gamemode_settings/gamemode_isgaming
12-10 06:04:36.752 1507 1507 I GameModeConfig: isGameModeOn = true
12-10 06:04:36.753 1507 1507 I GameModeConfig: isGaming = false
12-10 06:04:36.753 1507 1507 I GameModeConfig: isGameModeOn = true
12-10 06:04:36.753 1507 1507 I GameModeConfig: isGaming = false
12-10 06:04:36.753 1507 1507 I GameModeConfig: isDisableVoice = true
12-10 06:04:36.771 2526 2526 I wm_on_paused_called: [142082565,com.android.launcher3.uioverrides.QuickstepLauncher,performPause]
12-10 06:04:36.778 2526 2526 I wm_on_stop_called: [142082565,com.android.launcher3.uioverrides.QuickstepLauncher,STOP_ACTIVITY_ITEM]
12-10 06:04:36.814 8492 8527 W ContextImpl: Calling a method in the system process without a qualified user: android.app.ContextImpl.startService:1816 android.content.ContextWrapper.startService:774 com.thundercomm.gamemode.ingame.services.GameModeActionUtils.startGameModeService:99 com.thundercomm.gamemode.ingame.services.GameModeActionUtils.startGameModeEntry:22 com.thundercomm.gamemode.ingame.services.ActivityMonitoringService$1.onActivityLaunch:127
12-10 06:04:36.822 1507 1507 I GameModeConfig: Current uri is uri = content://com.thundercomm.gamemode.api/gamemode_settings/gamemode_isgaming
12-10 06:04:36.824 1507 1507 I GameModeConfig: isGameModeOn = true
12-10 06:04:36.824 1507 1507 I GameModeConfig: isGaming = false
12-10 06:04:36.824 1507 1507 I GameModeConfig: isGameModeOn = true
12-10 06:04:36.824 1507 1507 I GameModeConfig: isGaming = false
12-10 06:04:36.824 1507 1507 I GameModeConfig: isDisableVoice = true
12-10 06:04:37.155 0 0 I auditd : type=1400 audit(0.0:17301): avc: denied { kill } for comm="swapper/1" capability=5 scontext=u:r:kernel:s0 tcontext=u:r:kernel:s0 tclass=capability permissive=0
12-10 06:04:37.215 1507 2719 E TaskPersister: File error accessing recents directory (directory doesn't exist?).
12-10 06:04:38.155 0 0 I auditd : type=1400 audit(0.0:17302): avc: denied { kill } for comm="swapper/1" capability=5 scontext=u:r:kernel:s0 tcontext=u:r:kernel:s0 tclass=capability permissive=0
12-10 06:04:38.775 1507 5859 I wm_task_moved: [26,0,0]
12-10 06:04:38.777 1507 5859 I wm_task_moved: [26,0,7]
12-10 06:04:38.807 2526 2526 I wm_on_restart_called: [142082565,com.android.launcher3.uioverrides.QuickstepLauncher,performRestartActivity]
12-10 06:04:38.809 8492 8527 W ContextImpl: Calling a method in the system process without a qualified user: android.app.ContextImpl.startService:1816 android.content.ContextWrapper.startService:774 com.thundercomm.gamemode.ingame.services.GameModeActionUtils.startGameModeService:99 com.thundercomm.gamemode.ingame.services.GameModeActionUtils.startGameModeEntry:22 com.thundercomm.gamemode.ingame.services.ActivityMonitoringService$1.onActivityLaunch:127
12-10 06:04:38.825 1507 1507 I GameModeConfig: Current uri is uri = content://com.thundercomm.gamemode.api/gamemode_settings/gamemode_isgaming
12-10 06:04:38.829 1507 1507 I GameModeConfig: isGameModeOn = true
12-10 06:04:38.829 1507 1507 I GameModeConfig: isGaming = false
12-10 06:04:38.829 1507 1507 I GameModeConfig: isGameModeOn = true
12-10 06:04:38.829 1507 1507 I GameModeConfig: isGaming = false
12-10 06:04:38.829 1507 1507 I GameModeConfig: isDisableVoice = true
12-10 06:04:38.830 2526 2526 I wm_on_start_called: [142082565,com.android.launcher3.uioverrides.QuickstepLauncher,handleStartActivity]
12-10 06:04:38.831 12253 12253 I view_enqueue_input_event: [Motion - Cancel,com.android.music/com.android.music.VideoBrowserActivity]
12-10 06:04:38.831 1507 1736 I input_interaction: Interaction with: edge-swipe (server), swipe-up (server), PointerEventDispatcher0 (server),
12-10 06:04:38.834 1507 1569 I input_focus: [Focus request recents_animation_input_consumer,reason=UpdateInputWindows]
12-10 06:04:38.838 1507 6852 W ActivityTaskManager: getTaskSnapshot: taskId=2111 not found
12-10 06:04:38.841 2526 2526 I sysui_latency: [1,88]
12-10 06:04:38.849 1507 5859 W ActivityTaskManager: getTaskSnapshot: taskId=2111 not found
12-10 06:04:38.850 1507 5859 W ActivityTaskManager: getTaskSnapshot: taskId=1111 not found
12-10 06:04:38.852 1507 1564 I sysui_multi_action: [319,17,322,72,325,15927,757,761,758,9,759,5,806,com.android.launcher3,871,com.android.launcher3.uioverrides.QuickstepLauncher,904,com.android.launcher3,905,0,1320,8,1321,5]
12-10 06:04:38.854 1507 1736 I input_focus: [Focus leaving df84fcc com.android.music/com.android.music.VideoBrowserActivity (server),reason=NOT_FOCUSABLE]
12-10 06:04:38.854 1507 1736 I input_focus: [Focus entering recents_animation_input_consumer (server),reason=setFocusedWindow]
12-10 06:04:39.039 1507 1710 I commit_sys_config_file: [settings-1-0,13]
12-10 06:04:39.149 1507 1581 I sysui_latency: [8,88]
12-10 06:04:39.155 0 0 I auditd : type=1400 audit(0.0:17303): avc: denied { kill } for comm="swapper/1" capability=5 scontext=u:r:kernel:s0 tcontext=u:r:kernel:s0 tclass=capability permissive=0
12-10 06:04:39.732 1507 9513 I wm_task_moved: [26,1,8]
12-10 06:04:39.733 1507 9513 I wm_focused_root_task: [0,0,26,110,RecentsAnimation.onAnimationFinished()]
12-10 06:04:39.733 12253 12253 I wm_on_top_resumed_lost_called: [16545336,com.android.music.VideoBrowserActivity,topStateChangedWhenResumed]
12-10 06:04:39.734 1507 9513 I wm_pause_activity: [0,16545336,com.android.music/.VideoBrowserActivity,userLeaving=false,pauseBackTasks]
12-10 06:04:39.735 1507 9513 I ActivityTaskManager: FOREGROUND_APPLICATION_CHANGED to com.android.launcher3.uioverrides.QuickstepLauncher
12-10 06:04:39.735 1507 9513 I wm_set_resumed_activity: [0,com.android.launcher3/.uioverrides.QuickstepLauncher,resumeTopActivityInnerLocked]
12-10 06:04:39.737 1507 9513 I wm_resume_activity: [0,142082565,27,com.android.launcher3/.uioverrides.QuickstepLauncher]
12-10 06:04:39.737 1507 9513 I wm_add_to_stopping: [0,16545336,com.android.music/.VideoBrowserActivity,makeInvisible]
12-10 06:04:39.737 2526 2526 I wm_on_resume_called: [142082565,com.android.launcher3.uioverrides.QuickstepLauncher,RESUME_ACTIVITY]
12-10 06:04:39.743 1507 1569 I input_focus: [Focus request 2cb1f5d com.android.launcher3/com.android.launcher3.uioverrides.QuickstepLauncher,reason=UpdateInputWindows]
12-10 06:04:39.746 12253 12253 I wm_on_paused_called: [16545336,com.android.music.VideoBrowserActivity,performPause]
12-10 06:04:39.752 1507 1568 I sysui_multi_action: [757,803,799,window_time_0,802,7]
12-10 06:04:39.753 1507 5859 I wm_stop_activity: [0,16545336,com.android.music/.VideoBrowserActivity]
12-10 06:04:39.755 1507 1736 I input_focus: [Focus leaving recents_animation_input_consumer (server),reason=NOT_VISIBLE]
12-10 06:04:39.755 1507 1736 I input_focus: [Focus entering 2cb1f5d com.android.launcher3/com.android.launcher3.uioverrides.QuickstepLauncher (server),reason=setFocusedWindow]
12-10 06:04:39.771 1507 1568 I sysui_multi_action: [757,803,799,window_time_0,802,0]
12-10 06:04:39.774 12253 12253 I wm_on_stop_called: [16545336,com.android.music.VideoBrowserActivity,STOP_ACTIVITY_ITEM]
12-10 06:04:39.805 8492 8527 W ContextImpl: Calling a method in the system process without a qualified user: android.app.ContextImpl.startService:1816 android.content.ContextWrapper.startService:774 com.thundercomm.gamemode.ingame.services.GameModeActionUtils.startGameModeService:99 com.thundercomm.gamemode.ingame.services.GameModeActionUtils.startGameModeEntry:22 com.thundercomm.gamemode.ingame.services.ActivityMonitoringService$1.onActivityLaunch:127
12-10 06:04:39.810 1507 1507 I GameModeConfig: Current uri is uri = content://com.thundercomm.gamemode.api/gamemode_settings/gamemode_isgaming
12-10 06:04:39.812 1507 1507 I GameModeConfig: isGameModeOn = true
12-10 06:04:39.812 1507 1507 I GameModeConfig: isGaming = false
12-10 06:04:39.812 1507 1507 I GameModeConfig: isGameModeOn = true
12-10 06:04:39.812 1507 1507 I GameModeConfig: isGaming = false
12-10 06:04:39.812 1507 1507 I GameModeConfig: isDisableVoice = true
12-10 06:04:39.825 2526 2526 I wm_on_top_resumed_gained_called: [142082565,com.android.launcher3.uioverrides.QuickstepLauncher,topStateChangedWhenResumed]
12-10 06:04:39.864 8492 8527 W ContextImpl: Calling a method in the system process without a qualified user: android.app.ContextImpl.startService:1816 android.content.ContextWrapper.startService:774 com.thundercomm.gamemode.ingame.services.GameModeActionUtils.startGameModeService:99 com.thundercomm.gamemode.ingame.services.GameModeActionUtils.startGameModeEntry:22 com.thundercomm.gamemode.ingame.services.ActivityMonitoringService$1.onActivityLaunch:127
12-10 06:04:39.870 1507 1507 I GameModeConfig: Current uri is uri = content://com.thundercomm.gamemode.api/gamemode_settings/gamemode_isgaming
12-10 06:04:39.873 1507 1507 I GameModeConfig: isGameModeOn = true
12-10 06:04:39.873 1507 1507 I GameModeConfig: isGaming = false
12-10 06:04:39.873 1507 1507 I GameModeConfig: isGameModeOn = true
12-10 06:04:39.873 1507 1507 I GameModeConfig: isGaming = false
12-10 06:04:39.873 1507 1507 I GameModeConfig: isDisableVoice = true
12-10 06:04:39.989 1507 1710 I commit_sys_config_file: [settings-1-0,5]
12-10 06:04:40.155 0 0 I auditd : type=1400 audit(0.0:17304): avc: denied { kill } for comm="swapper/1" capability=5 scontext=u:r:kernel:s0 tcontext=u:r:kernel:s0 tclass=capability permissive=0
12-10 06:04:40.717 1507 1736 I input_interaction: Interaction with: 2cb1f5d com.android.launcher3/com.android.launcher3.uioverrides.QuickstepLauncher (server), 5478378 com.android.systemui.ImageWallpaper (server), edge-swipe (server), swipe-up (server), PointerEventDispatcher0 (server),
12-10 06:04:40.842 1507 5617 D FreeFormWindowHelper: Add freeform task=Task{efbd450 #110 type=standard A=10090:android.task.video U=0 visible=false mode=freeform translucent=true sz=1}
12-10 06:04:40.843 1507 5617 I wm_relaunch_activity: [0,16545336,110,com.android.music/.VideoBrowserActivity]
12-10 06:04:40.846 1507 5617 I wm_task_moved: [26,1,8]
12-10 06:04:40.847 1507 5617 I wm_set_resumed_activity: [0,com.android.launcher3/.uioverrides.QuickstepLauncher,positionChildAt]
12-10 06:04:40.847 1507 5617 I wm_task_moved: [110,1,8]
12-10 06:04:40.848 1507 5617 I wm_focused_root_task: [0,0,110,26,moveTaskToFront findTaskToMoveToFront]
12-10 06:04:40.848 1507 5617 I wm_set_resumed_activity: [0,com.android.music/.VideoBrowserActivity,moveTaskToFront findTaskToMoveToFront]
12-10 06:04:40.849 1507 5617 I ActivityTaskManager: FOREGROUND_APPLICATION_CHANGED to com.android.music.VideoBrowserActivity
12-10 06:04:40.850 1507 5617 I wm_set_resumed_activity: [0,com.android.music/.VideoBrowserActivity,resumeTopActivityInnerLocked]
12-10 06:04:40.852 1507 5617 I wm_resume_activity: [0,16545336,110,com.android.music/.VideoBrowserActivity]
12-10 06:04:40.865 2526 2526 I wm_on_top_resumed_lost_called: [142082565,com.android.launcher3.uioverrides.QuickstepLauncher,topStateChangedWhenResumed]
12-10 06:04:40.867 1507 6850 W WindowManager: updateScale0.7996942
12-10 06:04:40.875 12253 12253 I wm_on_destroy_called: [16545336,com.android.music.VideoBrowserActivity,performDestroy]
12-10 06:04:40.876 1507 5617 W WindowManager: Attempted to set replacing window on app token with no content Token{9a1914c ActivityRecord{fc7638 u0 com.android.music/.VideoBrowserActivity t110}}
12-10 06:04:40.884 8492 8527 W ContextImpl: Calling a method in the system process without a qualified user: android.app.ContextImpl.startService:1816 android.content.ContextWrapper.startService:774 com.thundercomm.gamemode.ingame.services.GameModeActionUtils.startGameModeService:99 com.thundercomm.gamemode.ingame.services.GameModeActionUtils.startGameModeEntry:22 com.thundercomm.gamemode.ingame.services.ActivityMonitoringService$1.onActivityLaunch:127
12-10 06:04:40.891 1507 1507 I GameModeConfig: Current uri is uri = content://com.thundercomm.gamemode.api/gamemode_settings/gamemode_isgaming
12-10 06:04:40.893 1507 1507 I GameModeConfig: isGameModeOn = true
12-10 06:04:40.893 1507 1507 I GameModeConfig: isGaming = false
12-10 06:04:40.893 1507 1507 I GameModeConfig: isGameModeOn = true
12-10 06:04:40.893 1507 1507 I GameModeConfig: isGaming = false
12-10 06:04:40.893 1507 1507 I GameModeConfig: isDisableVoice = true
12-10 06:04:40.898 12253 12253 I wm_on_create_called: [16545336,com.android.music.VideoBrowserActivity,performCreate]
12-10 06:04:40.898 12253 12253 I wm_on_start_called: [16545336,com.android.music.VideoBrowserActivity,handleStartActivity]
12-10 06:04:40.899 12253 12253 I wm_on_resume_called: [16545336,com.android.music.VideoBrowserActivity,LIFECYCLER_RESUME_ACTIVITY]
12-10 06:04:40.899 12253 12253 I wm_on_paused_called: [16545336,com.android.music.VideoBrowserActivity,performPause]
12-10 06:04:40.900 12253 12253 I wm_on_resume_called: [16545336,com.android.music.VideoBrowserActivity,RESUME_ACTIVITY]
12-10 06:04:40.900 12253 12253 I wm_on_top_resumed_gained_called: [16545336,com.android.music.VideoBrowserActivity,topStateChangedWhenResumed]
12-10 06:04:40.902 1507 9362 W WindowManager: updateScale0.7996942
12-10 06:04:40.905 1507 1569 I input_focus: [Focus request df84fcc com.android.music/com.android.music.VideoBrowserActivity,reason=UpdateInputWindows]
12-10 06:04:40.907 1507 1569 W WindowManager: updateScale0.7996942
12-10 06:04:40.912 1507 6850 I WindowManager: finishDrawing of relaunch: Window{df84fcc u0 com.android.music/com.android.music.VideoBrowserActivity} 69ms
12-10 06:04:40.912 1507 1569 W WindowManager: updateScale0.7996942
12-10 06:04:40.914 1507 1569 W WindowManager: updateScale0.7996942
12-10 06:04:40.918 1507 1564 I sysui_multi_action: [319,66,322,66,325,15929,757,761,758,9,759,2,806,com.android.music,871,com.android.music.VideoBrowserActivity,904,com.android.launcher3,905,0,1320,8,1321,5]
12-10 06:04:40.925 1507 1736 I input_focus: [Focus leaving 2cb1f5d com.android.launcher3/com.android.launcher3.uioverrides.QuickstepLauncher (server),reason=setFocusedWindow]
12-10 06:04:40.925 1507 1736 I input_focus: [Focus entering df84fcc com.android.music/com.android.music.VideoBrowserActivity (server),reason=setFocusedWindow]
12-10 06:04:40.937 1507 9362 W FreeFormWindowHelper: exitRecentTasks type=1
12-10 06:04:42.155 0 0 I auditd : type=1400 audit(0.0:17305): avc: denied { kill } for comm="swapper/1" capability=5 scontext=u:r:kernel:s0 tcontext=u:r:kernel:s0 tclass=capability permissive=0
12-10 06:04:42.356 1507 5617 I ActivityTaskManager: START u0 {act=android.intent.action.MAIN cat=[android.intent.category.LAUNCHER] flg=0x10200000 cmp=com.android.music/.VideoBrowserActivity bnds=[2308,540][2494,740]} from uid 10079
12-10 06:04:42.366 1507 5617 I wm_task_moved: [110,1,8]
12-10 06:04:42.367 1507 5617 I wm_set_resumed_activity: [0,com.android.music/.VideoBrowserActivity,positionChildAt]
12-10 06:04:42.367 1507 5617 W WindowManager: updateScale0.7996942
12-10 06:04:43.155 0 0 I auditd : type=1400 audit(0.0:17306): avc: denied { kill } for comm="swapper/1" capability=5 scontext=u:r:kernel:s0 tcontext=u:r:kernel:s0 tclass=capability permissive=0
12-10 06:04:43.360 1507 9362 I ActivityTaskManager: START u0 {act=android.intent.action.MAIN cat=[android.intent.category.LAUNCHER] flg=0x10200000 cmp=com.android.music/.VideoBrowserActivity bnds=[2308,540][2494,740]} from uid 10079
12-10 06:04:43.362 1507 9362 I wm_task_moved: [110,1,8]
12-10 06:04:43.363 1507 9362 I wm_set_resumed_activity: [0,com.android.music/.VideoBrowserActivity,positionChildAt]
12-10 06:04:43.364 1507 9362 W WindowManager: updateScale0.7996942
12-10 06:04:43.857 1507 2719 E TaskPersister: File error accessing recents directory (directory doesn't exist?).
12-10 06:04:44.155 0 0 I auditd : type=1400 audit(0.0:17307): avc: denied { kill } for comm="swapper/1" capability=5 scontext=u:r:kernel:s0 tcontext=u:r:kernel:s0 tclass=capability permissive=0
12-10 06:04:44.175 1507 5617 I ActivityTaskManager: START u0 {act=android.intent.action.MAIN cat=[android.intent.category.LAUNCHER] flg=0x10200000 cmp=com.android.settings/.Settings bnds=[2308,740][2494,940]} from uid 10079
12-10 06:04:44.184 1507 5617 I wm_task_moved: [111,1,8]
12-10 06:04:44.184 1507 5617 I wm_task_to_front: [0,111]
12-10 06:04:44.185 1507 5617 I wm_focused_root_task: [0,0,111,110,bringingFoundTaskToFront]
12-10 06:04:44.186 12253 12253 I wm_on_top_resumed_lost_called: [16545336,com.android.music.VideoBrowserActivity,topStateChangedWhenResumed]
12-10 06:04:44.187 1507 5617 I wm_set_resumed_activity: [0,com.android.settings/.homepage.SettingsHomepageActivity,bringingFoundTaskToFront]
12-10 06:04:44.189 1507 5617 I wm_new_intent: [0,77725580,111,com.android.settings/.homepage.SettingsHomepageActivity,android.settings.APPLICATION_DEVELOPMENT_SETTINGS,NULL,NULL,272662528]
12-10 06:04:44.196 1507 5617 I wm_pause_activity: [0,142082565,com.android.launcher3/.uioverrides.QuickstepLauncher,userLeaving=true,pauseBackTasks]
12-10 06:04:44.198 1507 5617 W WindowManager: updateScale0.7996942
12-10 06:04:44.210 1507 9362 W WindowManager: updateScale0.7996942
12-10 06:04:44.213 2526 2526 I wm_on_paused_called: [142082565,com.android.launcher3.uioverrides.QuickstepLauncher,performPause]
12-10 06:04:44.214 1507 5617 I ActivityTaskManager: FOREGROUND_APPLICATION_CHANGED to com.android.settings.homepage.SettingsHomepageActivity
12-10 06:04:44.216 1507 5617 I wm_set_resumed_activity: [0,com.android.settings/.homepage.SettingsHomepageActivity,resumeTopActivityInnerLocked]
12-10 06:04:44.216 1507 5617 I wm_add_to_stopping: [0,142082565,com.android.launcher3/.uioverrides.QuickstepLauncher,makeInvisible]
12-10 06:04:44.226 1507 5617 I wm_resume_activity: [0,77725580,111,com.android.settings/.homepage.SettingsHomepageActivity]
12-10 06:04:44.234 1507 6850 W WindowManager: updateScale0.7996942
12-10 06:04:44.238 1507 6850 W WindowManager: updateScale0.7996942
12-10 06:04:44.239 1507 6850 W WindowManager: updateScale0.7996942
12-10 06:04:44.243 12573 12573 I wm_on_restart_called: [77725580,com.android.settings.homepage.SettingsHomepageActivity,performRestartActivity]
12-10 06:04:44.244 1507 1568 I sysui_multi_action: [757,803,799,window_time_0,802,5]
12-10 06:04:44.252 8492 8527 W ContextImpl: Calling a method in the system process without a qualified user: android.app.ContextImpl.startService:1816 android.content.ContextWrapper.startService:774 com.thundercomm.gamemode.ingame.services.GameModeActionUtils.startGameModeService:99 com.thundercomm.gamemode.ingame.services.GameModeActionUtils.startGameModeEntry:22 com.thundercomm.gamemode.ingame.services.ActivityMonitoringService$1.onActivityLaunch:127
12-10 06:04:44.254 12573 12573 I wm_on_start_called: [77725580,com.android.settings.homepage.SettingsHomepageActivity,handleStartActivity]
12-10 06:04:44.255 12573 12573 I snet_event_log: [120484087,-1,]
12-10 06:04:44.255 12573 12573 I wm_on_resume_called: [77725580,com.android.settings.homepage.SettingsHomepageActivity,RESUME_ACTIVITY]
12-10 06:04:44.256 12573 12573 I sysui_multi_action: [757,35,758,1,833,0,1089,0]
12-10 06:04:44.257 1507 1507 I GameModeConfig: Current uri is uri = content://com.thundercomm.gamemode.api/gamemode_settings/gamemode_isgaming
12-10 06:04:44.257 12573 12573 I sysui_multi_action: [757,488,758,1,833,0,1089,0]
12-10 06:04:44.260 1507 1507 I GameModeConfig: isGameModeOn = true
12-10 06:04:44.260 1507 1507 I GameModeConfig: isGaming = false
12-10 06:04:44.260 1507 1507 I GameModeConfig: isGameModeOn = true
12-10 06:04:44.260 1507 1507 I GameModeConfig: isGaming = false
12-10 06:04:44.260 1507 1507 I GameModeConfig: isDisableVoice = true
12-10 06:04:44.267 12573 12573 I wm_on_top_resumed_gained_called: [77725580,com.android.settings.homepage.SettingsHomepageActivity,topWhenResuming]
12-10 06:04:44.271 1507 9362 W WindowManager: updateScale0.7996942
12-10 06:04:44.274 1507 1569 I input_focus: [Focus request 857ffa8 com.android.settings/com.android.settings.homepage.SettingsHomepageActivity,reason=UpdateInputWindows]
12-10 06:04:44.293 1507 1569 W WindowManager: updateScale0.7996942
12-10 06:04:44.294 1507 1569 W WindowManager: updateScale0.7996942
12-10 06:04:44.300 1507 1736 I input_focus: [Focus leaving df84fcc com.android.music/com.android.music.VideoBrowserActivity (server),reason=setFocusedWindow]
12-10 06:04:44.301 1507 1736 I input_focus: [Focus entering 857ffa8 com.android.settings/com.android.settings.homepage.SettingsHomepageActivity (server),reason=setFocusedWindow]
12-10 06:04:44.311 1507 1564 I sysui_multi_action: [319,63,321,60,322,119,325,15933,757,761,758,9,759,4,806,com.android.settings,871,com.android.settings.homepage.SettingsHomepageActivity,904,com.android.settings,905,0,1320,8,1321,5]
12-10 06:04:44.340 8492 8527 W ContextImpl: Calling a method in the system process without a qualified user: android.app.ContextImpl.startService:1816 android.content.ContextWrapper.startService:774 com.thundercomm.gamemode.ingame.services.GameModeActionUtils.startGameModeService:99 com.thundercomm.gamemode.ingame.services.GameModeActionUtils.startGameModeEntry:22 com.thundercomm.gamemode.ingame.services.ActivityMonitoringService$1.onActivityLaunch:127
12-10 06:04:44.346 1507 1507 I GameModeConfig: Current uri is uri = content://com.thundercomm.gamemode.api/gamemode_settings/gamemode_isgaming
12-10 06:04:44.348 1507 1507 I GameModeConfig: isGameModeOn = true
12-10 06:04:44.348 1507 1507 I GameModeConfig: isGaming = false
12-10 06:04:44.348 1507 1507 I GameModeConfig: isGameModeOn = true
12-10 06:04:44.348 1507 1507 I GameModeConfig: isGaming = false
12-10 06:04:44.348 1507 1507 I GameModeConfig: isDisableVoice = true
12-10 06:04:44.400 1507 6852 W WindowManager: updateScale0.7996942
12-10 06:04:44.567 1507 1569 W WindowManager: updateScale0.7996942
12-10 06:04:44.582 1507 1569 W WindowManager: updateScale0.7996942
12-10 06:04:44.778 1507 1568 I wm_stop_activity: [0,142082565,com.android.launcher3/.uioverrides.QuickstepLauncher]
12-10 06:04:44.787 1507 1569 W WindowManager: updateScale0.7996942
12-10 06:04:44.812 2526 2526 I wm_on_stop_called: [142082565,com.android.launcher3.uioverrides.QuickstepLauncher,STOP_ACTIVITY_ITEM]
12-10 06:04:44.819 1507 6850 W WindowManager: updateScale0.7996942
12-10 06:04:44.833 8492 8527 W ContextImpl: Calling a method in the system process without a qualified user: android.app.ContextImpl.startService:1816 android.content.ContextWrapper.startService:774 com.thundercomm.gamemode.ingame.services.GameModeActionUtils.startGameModeService:99 com.thundercomm.gamemode.ingame.services.GameModeActionUtils.startGameModeEntry:22 com.thundercomm.gamemode.ingame.services.ActivityMonitoringService$1.onActivityLaunch:127
12-10 06:04:44.833 1507 1569 W WindowManager: updateScale0.7996942
12-10 06:04:44.840 1507 1507 I GameModeConfig: Current uri is uri = content://com.thundercomm.gamemode.api/gamemode_settings/gamemode_isgaming
12-10 06:04:44.842 1507 1507 I GameModeConfig: isGameModeOn = true
12-10 06:04:44.842 1507 1507 I GameModeConfig: isGaming = false
12-10 06:04:44.842 1507 1507 I GameModeConfig: isGameModeOn = true
12-10 06:04:44.842 1507 1507 I GameModeConfig: isGaming = false
12-10 06:04:44.842 1507 1507 I GameModeConfig: isDisableVoice = true
12-10 06:04:44.858 1507 1711 D ActivityManager: freezing 5315 com.thundercomm.screensaver
12-10 06:04:44.858 1507 1711 E ActivityManager: Unable to freeze binder for 5315 com.thundercomm.screensaver
12-10 06:04:44.859 1507 1711 D ActivityManager: froze 5315 com.thundercomm.screensaver
12-10 06:04:44.859 1507 1711 I am_freeze: [5315,com.thundercomm.screensaver]
12-10 06:04:44.859 1507 1711 E ActivityManager: Unable to freeze binder for 5315 com.thundercomm.screensaver
12-10 06:04:44.859 1507 1711 I ActivityManager: Killing 5315:com.thundercomm.screensaver/u0a52 (adj 955): Unable to freeze binder interface
12-10 06:04:44.859 1507 1711 I am_kill : [0,5315,com.thundercomm.screensaver,955,Unable to freeze binder interface]
12-10 06:04:44.893 1507 6852 I am_proc_died: [0,5315,com.thundercomm.screensaver,955,19]
12-10 06:04:44.894 1507 6852 I am_uid_stopped: 10052
12-10 06:04:44.896 1507 1568 W ActivityManager: setHasOverlayUi called on unknown pid: 5315
12-10 06:04:45.155 0 0 I auditd : type=1400 audit(0.0:17308): avc: denied { kill } for comm="swapper/1" capability=5 scontext=u:r:kernel:s0 tcontext=u:r:kernel:s0 tclass=capability permissive=0
12-10 06:04:46.152 1507 1736 I input_interaction: Interaction with: 857ffa8 com.android.settings/com.android.settings.homepage.SettingsHomepageActivity (server), edge-swipe (server), swipe-up (server), PointerEventDispatcher0 (server),
12-10 06:04:46.171 1507 1528 I wm_task_moved: [26,0,0]
12-10 06:04:46.172 1507 1528 I wm_task_moved: [26,0,7]
12-10 06:04:46.178 1507 1528 W WindowManager: updateScale0.7996942
12-10 06:04:46.183 2526 2526 I wm_on_restart_called: [142082565,com.android.launcher3.uioverrides.QuickstepLauncher,performRestartActivity]
12-10 06:04:46.190 8492 8527 W ContextImpl: Calling a method in the system process without a qualified user: android.app.ContextImpl.startService:1816 android.content.ContextWrapper.startService:774 com.thundercomm.gamemode.ingame.services.GameModeActionUtils.startGameModeService:99 com.thundercomm.gamemode.ingame.services.GameModeActionUtils.startGameModeEntry:22 com.thundercomm.gamemode.ingame.services.ActivityMonitoringService$1.onActivityLaunch:127
12-10 06:04:46.198 1507 1507 I GameModeConfig: Current uri is uri = content://com.thundercomm.gamemode.api/gamemode_settings/gamemode_isgaming
12-10 06:04:46.201 2526 2526 I wm_on_start_called: [142082565,com.android.launcher3.uioverrides.QuickstepLauncher,handleStartActivity]
