12-10 05:55:07.395 1507 2133 I ActivityTaskManager: The Process com.android.permissioncontroller Already Exists in BG. So sending its PID: 12461
12-10 05:55:07.395 1507 2133 W ActivityTaskManager: Tried to set launchTime (0) < mLastActivityLaunchTime (15355648)
12-10 05:55:07.428 8492 8527 W ContextImpl: Calling a method in the system process without a qualified user: android.app.ContextImpl.startService:1816 android.content.ContextWrapper.startService:774 com.thundercomm.gamemode.ingame.services.GameModeActionUtils.startGameModeService:99 com.thundercomm.gamemode.ingame.services.GameModeActionUtils.startGameModeEntry:22 com.thundercomm.gamemode.ingame.services.ActivityMonitoringService$1.onActivityLaunch:127
12-10 05:55:07.432 1507 1507 I GameModeConfig: Current uri is uri = content://com.thundercomm.gamemode.api/gamemode_settings/gamemode_isgaming
12-10 05:55:07.434 1507 1507 I GameModeConfig: isGameModeOn = false
12-10 05:55:07.434 1507 1507 I GameModeConfig: isGameModeOn = false
12-10 05:55:07.434 1507 1507 I GameModeConfig: isDisableVoice = true
12-10 05:55:07.456 1507 2133 W WindowManager: updateScale0.7996942
12-10 05:55:07.457 1507 2133 W WindowManager: updateScale0.7996942
12-10 05:55:07.461 1507 1569 W WindowManager: updateScale0.7996942
12-10 05:55:07.464 1507 6104 I ActivityTaskManager: FOREGROUND_APPLICATION_CHANGED to com.android.deskclock.DeskClock
12-10 05:55:07.469 1507 6104 W WindowManager: updateScale0.7996942
12-10 05:55:07.480 1507 6104 W WindowManager: updateScale0.7996942
12-10 05:55:07.489 1507 6104 W WindowManager: updateScale0.7996942
12-10 05:55:07.499 8492 8527 W ContextImpl: Calling a method in the system process without a qualified user: android.app.ContextImpl.startService:1816 android.content.ContextWrapper.startService:774 com.thundercomm.gamemode.ingame.services.GameModeActionUtils.startGameModeService:99 com.thundercomm.gamemode.ingame.services.GameModeActionUtils.startGameModeEntry:22 com.thundercomm.gamemode.ingame.services.ActivityMonitoringService$1.onActivityLaunch:127
12-10 05:55:07.503 1507 1507 I GameModeConfig: Current uri is uri = content://com.thundercomm.gamemode.api/gamemode_settings/gamemode_isgaming
12-10 05:55:07.506 1507 1507 I GameModeConfig: isGameModeOn = false
12-10 05:55:07.506 1507 1507 I GameModeConfig: isGameModeOn = false
12-10 05:55:07.506 1507 1507 I GameModeConfig: isDisableVoice = true
12-10 05:55:07.576 8492 8527 W ContextImpl: Calling a method in the system process without a qualified user: android.app.ContextImpl.startService:1816 android.content.ContextWrapper.startService:774 com.thundercomm.gamemode.ingame.services.GameModeActionUtils.startGameModeService:99 com.thundercomm.gamemode.ingame.services.GameModeActionUtils.startGameModeEntry:22 com.thundercomm.gamemode.ingame.services.ActivityMonitoringService$1.onActivityLaunch:127
12-10 05:55:07.583 1507 1507 I GameModeConfig: Current uri is uri = content://com.thundercomm.gamemode.api/gamemode_settings/gamemode_isgaming
12-10 05:55:07.585 1507 1507 I GameModeConfig: isGameModeOn = false
12-10 05:55:07.585 1507 1507 I GameModeConfig: isGameModeOn = false
12-10 05:55:07.586 1507 1507 I GameModeConfig: isDisableVoice = true
12-10 05:55:08.148 1507 6104 D CompatibilityChangeReporter: Compat change id reported: 174042980; UID 10069; state: DISABLED
12-10 05:55:08.193 1507 6104 D FreeFormWindowHelper: Remove freefrom task=Task{2e25aa3 #107 type=standard A=10069:com.android.deskclock U=0 visible=true mode=fullscreen translucent=false sz=1}
12-10 05:55:08.211 8492 8527 W ContextImpl: Calling a method in the system process without a qualified user: android.app.ContextImpl.startService:1816 android.content.ContextWrapper.startService:774 com.thundercomm.gamemode.ingame.services.GameModeActionUtils.startGameModeService:99 com.thundercomm.gamemode.ingame.services.GameModeActionUtils.startGameModeEntry:22 com.thundercomm.gamemode.ingame.services.ActivityMonitoringService$1.onActivityLaunch:127
12-10 05:55:08.216 1507 1507 I GameModeConfig: Current uri is uri = content://com.thundercomm.gamemode.api/gamemode_settings/gamemode_isgaming
12-10 05:55:08.218 1507 1507 I GameModeConfig: isGameModeOn = false
12-10 05:55:08.219 1507 1507 I GameModeConfig: isGameModeOn = false
12-10 05:55:08.219 1507 1507 I GameModeConfig: isDisableVoice = true
12-10 05:55:08.219 1507 6104 W WindowManager: Attempted to set replacing window on app token with no content Token{a35220b ActivityRecord{f1071a0 u0 com.android.deskclock/.DeskClock t107}}
12-10 05:55:08.245 1507 2133 I ActivityTaskManager: START u0 {act=android.content.pm.action.REQUEST_PERMISSIONS pkg=com.android.permissioncontroller cmp=com.android.permissioncontroller/.permission.ui.GrantPermissionsActivity (has extras)} from uid 10069
12-10 05:55:08.255 1507 11870 I ActivityTaskManager: The Process com.android.permissioncontroller Already Exists in BG. So sending its PID: 12461
12-10 05:55:08.264 8492 8527 W ContextImpl: Calling a method in the system process without a qualified user: android.app.ContextImpl.startService:1816 android.content.ContextWrapper.startService:774 com.thundercomm.gamemode.ingame.services.GameModeActionUtils.startGameModeService:99 com.thundercomm.gamemode.ingame.services.GameModeActionUtils.startGameModeEntry:22 com.thundercomm.gamemode.ingame.services.ActivityMonitoringService$1.onActivityLaunch:127
12-10 05:55:08.267 1507 1507 I GameModeConfig: Current uri is uri = content://com.thundercomm.gamemode.api/gamemode_settings/gamemode_isgaming
12-10 05:55:08.269 1507 1507 I GameModeConfig: isGameModeOn = false
12-10 05:55:08.269 1507 1507 I GameModeConfig: isGameModeOn = false
12-10 05:55:08.269 1507 1507 I GameModeConfig: isDisableVoice = true
12-10 05:55:08.345 1507 2133 I WindowManager: finishDrawing of relaunch: Window{4917673 u0 com.android.deskclock/com.android.deskclock.DeskClock} 155ms
12-10 05:55:08.348 1507 11870 I ActivityTaskManager: FOREGROUND_APPLICATION_CHANGED to com.android.permissioncontroller.permission.ui.GrantPermissionsActivity
12-10 05:55:08.348 1507 11870 I ActivityTaskManager: The Process com.android.permissioncontroller Already Exists in BG. So sending its PID: 12461
12-10 05:55:08.348 1507 11870 W ActivityTaskManager: Tried to set launchTime (0) < mLastActivityLaunchTime (15356399)
12-10 05:55:08.374 8492 8527 W ContextImpl: Calling a method in the system process without a qualified user: android.app.ContextImpl.startService:1816 android.content.ContextWrapper.startService:774 com.thundercomm.gamemode.ingame.services.GameModeActionUtils.startGameModeService:99 com.thundercomm.gamemode.ingame.services.GameModeActionUtils.startGameModeEntry:22 com.thundercomm.gamemode.ingame.services.ActivityMonitoringService$1.onActivityLaunch:127
12-10 05:55:08.378 1507 1507 I GameModeConfig: Current uri is uri = content://com.thundercomm.gamemode.api/gamemode_settings/gamemode_isgaming
12-10 05:55:08.380 1507 1507 I GameModeConfig: isGameModeOn = false
12-10 05:55:08.381 1507 1507 I GameModeConfig: isGameModeOn = false
12-10 05:55:08.381 1507 1507 I GameModeConfig: isDisableVoice = true
12-10 05:55:08.412 1507 2133 I ActivityTaskManager: FOREGROUND_APPLICATION_CHANGED to com.android.deskclock.DeskClock
12-10 05:55:08.461 8492 8527 W ContextImpl: Calling a method in the system process without a qualified user: android.app.ContextImpl.startService:1816 android.content.ContextWrapper.startService:774 com.thundercomm.gamemode.ingame.services.GameModeActionUtils.startGameModeService:99 com.thundercomm.gamemode.ingame.services.GameModeActionUtils.startGameModeEntry:22 com.thundercomm.gamemode.ingame.services.ActivityMonitoringService$1.onActivityLaunch:127
12-10 05:55:08.468 1507 1507 I GameModeConfig: Current uri is uri = content://com.thundercomm.gamemode.api/gamemode_settings/gamemode_isgaming
12-10 05:55:08.475 1507 1507 I GameModeConfig: isGameModeOn = false
12-10 05:55:08.475 1507 1507 I GameModeConfig: isGameModeOn = false
12-10 05:55:08.475 1507 1507 I GameModeConfig: isDisableVoice = true
12-10 05:55:08.524 8492 8527 W ContextImpl: Calling a method in the system process without a qualified user: android.app.ContextImpl.startService:1816 android.content.ContextWrapper.startService:774 com.thundercomm.gamemode.ingame.services.GameModeActionUtils.startGameModeService:99 com.thundercomm.gamemode.ingame.services.GameModeActionUtils.startGameModeEntry:22 com.thundercomm.gamemode.ingame.services.ActivityMonitoringService$1.onActivityLaunch:127
12-10 05:55:08.527 1507 1507 I GameModeConfig: Current uri is uri = content://com.thundercomm.gamemode.api/gamemode_settings/gamemode_isgaming
12-10 05:55:08.529 1507 1507 I GameModeConfig: isGameModeOn = false
12-10 05:55:08.529 1507 1507 I GameModeConfig: isGameModeOn = false
12-10 05:55:08.529 1507 1507 I GameModeConfig: isDisableVoice = true
12-10 05:55:08.829 8492 8527 W ContextImpl: Calling a method in the system process without a qualified user: android.app.ContextImpl.startService:1816 android.content.ContextWrapper.startService:774 com.thundercomm.gamemode.ingame.services.GameModeActionUtils.startGameModeService:99 com.thundercomm.gamemode.ingame.services.GameModeActionUtils.startGameModeEntry:22 com.thundercomm.gamemode.ingame.services.ActivityMonitoringService$1.onActivityLaunch:127
12-10 05:55:08.833 1507 1507 I GameModeConfig: Current uri is uri = content://com.thundercomm.gamemode.api/gamemode_settings/gamemode_isgaming
12-10 05:55:08.836 1507 1507 I GameModeConfig: isGameModeOn = false
12-10 05:55:08.837 1507 1507 I GameModeConfig: isGameModeOn = false
12-10 05:55:08.837 1507 1507 I GameModeConfig: isDisableVoice = true
12-10 05:55:09.709 8492 8527 W ContextImpl: Calling a method in the system process without a qualified user: android.app.ContextImpl.startService:1816 android.content.ContextWrapper.startService:774 com.thundercomm.gamemode.ingame.services.GameModeActionUtils.startGameModeService:99 com.thundercomm.gamemode.ingame.services.GameModeActionUtils.startGameModeEntry:22 com.thundercomm.gamemode.ingame.services.ActivityMonitoringService$1.onActivityLaunch:127
12-10 05:55:09.713 1507 1507 I GameModeConfig: Current uri is uri = content://com.thundercomm.gamemode.api/gamemode_settings/gamemode_isgaming
12-10 05:55:09.716 1507 1507 I GameModeConfig: isGameModeOn = false
12-10 05:55:09.716 1507 1507 I GameModeConfig: isGameModeOn = false
12-10 05:55:09.716 1507 1507 I GameModeConfig: isDisableVoice = true
12-10 05:55:09.733 1507 11870 W ActivityTaskManager: getTaskSnapshot: taskId=5107 not found
12-10 05:55:09.739 1507 2133 W ActivityTaskManager: getTaskSnapshot: taskId=4107 not found
12-10 05:55:09.743 1507 2133 W ActivityTaskManager: getTaskSnapshot: taskId=3107 not found
12-10 05:55:09.745 1507 2133 W ActivityTaskManager: getTaskSnapshot: taskId=2107 not found
12-10 05:55:09.749 1507 2133 W ActivityTaskManager: getTaskSnapshot: taskId=1107 not found
12-10 05:55:09.765 1507 2133 W ActivityTaskManager: getTaskSnapshot: taskId=1107 not found
12-10 05:55:09.802 1507 2133 W ActivityTaskManager: getTaskSnapshot: taskId=5107 not found
12-10 05:55:09.802 1507 2133 W ActivityTaskManager: getTaskSnapshot: taskId=1107 not found
12-10 05:55:10.551 1507 2150 I ActivityTaskManager: FOREGROUND_APPLICATION_CHANGED to com.android.launcher3.uioverrides.QuickstepLauncher
12-10 05:55:10.607 8492 8527 W ContextImpl: Calling a method in the system process without a qualified user: android.app.ContextImpl.startService:1816 android.content.ContextWrapper.startService:774 com.thundercomm.gamemode.ingame.services.GameModeActionUtils.startGameModeService:99 com.thundercomm.gamemode.ingame.services.GameModeActionUtils.startGameModeEntry:22 com.thundercomm.gamemode.ingame.services.ActivityMonitoringService$1.onActivityLaunch:127
12-10 05:55:10.610 1507 1507 I GameModeConfig: Current uri is uri = content://com.thundercomm.gamemode.api/gamemode_settings/gamemode_isgaming
12-10 05:55:10.612 1507 1507 I GameModeConfig: isGameModeOn = false
12-10 05:55:10.612 1507 1507 I GameModeConfig: isGameModeOn = false
12-10 05:55:10.612 1507 1507 I GameModeConfig: isDisableVoice = true
12-10 05:55:10.673 8492 8527 W ContextImpl: Calling a method in the system process without a qualified user: android.app.ContextImpl.startService:1816 android.content.ContextWrapper.startService:774 com.thundercomm.gamemode.ingame.services.GameModeActionUtils.startGameModeService:99 com.thundercomm.gamemode.ingame.services.GameModeActionUtils.startGameModeEntry:22 com.thundercomm.gamemode.ingame.services.ActivityMonitoringService$1.onActivityLaunch:127
12-10 05:55:10.677 1507 1507 I GameModeConfig: Current uri is uri = content://com.thundercomm.gamemode.api/gamemode_settings/gamemode_isgaming
12-10 05:55:10.680 1507 1507 I GameModeConfig: isGameModeOn = false
12-10 05:55:10.681 1507 1507 I GameModeConfig: isGameModeOn = false
12-10 05:55:10.681 1507 1507 I GameModeConfig: isDisableVoice = true
12-10 05:55:11.706 1507 11870 I ActivityTaskManager: START u0 {flg=0x10000000 cmp=com.android.deskclock/.DeskClock} from uid 10079
12-10 05:55:11.719 1507 11870 D FreeFormWindowHelper: Add freeform task=Task{2e25aa3 #107 type=standard A=10069:com.android.deskclock U=0 visible=true mode=freeform translucent=true sz=1}
12-10 05:55:11.720 1507 11870 I ActivityTaskManager: FOREGROUND_APPLICATION_CHANGED to com.android.deskclock.DeskClock
12-10 05:55:11.728 1507 11870 D CompatibilityChangeReporter: Compat change id reported: 168419799; UID 10069; state: DISABLED
12-10 05:55:11.748 1507 2150 W WindowManager: updateScale0.7996942
12-10 05:55:11.752 1507 2150 W WindowManager: Attempted to set replacing window on app token with no content Token{a35220b ActivityRecord{f1071a0 u0 com.android.deskclock/.DeskClock t107}}
12-10 05:55:11.761 8492 8527 W ContextImpl: Calling a method in the system process without a qualified user: android.app.ContextImpl.startService:1816 android.content.ContextWrapper.startService:774 com.thundercomm.gamemode.ingame.services.GameModeActionUtils.startGameModeService:99 com.thundercomm.gamemode.ingame.services.GameModeActionUtils.startGameModeEntry:22 com.thundercomm.gamemode.ingame.services.ActivityMonitoringService$1.onActivityLaunch:127
12-10 05:55:11.770 1507 1507 I GameModeConfig: Current uri is uri = content://com.thundercomm.gamemode.api/gamemode_settings/gamemode_isgaming
12-10 05:55:11.772 1507 1507 I GameModeConfig: isGameModeOn = false
12-10 05:55:11.773 1507 1507 I GameModeConfig: isGameModeOn = false
12-10 05:55:11.773 1507 1507 I GameModeConfig: isDisableVoice = true
12-10 05:55:11.777 1507 2150 I ActivityTaskManager: START u0 {act=android.content.pm.action.REQUEST_PERMISSIONS pkg=com.android.permissioncontroller cmp=com.android.permissioncontroller/.permission.ui.GrantPermissionsActivity (has extras)} from uid 10069
12-10 05:55:11.784 1507 2150 W WindowManager: updateScale0.7996942
12-10 05:55:11.800 1507 2150 W FreeFormWindowHelper: exitRecentTasks type=1
12-10 05:55:11.828 1507 12191 W WindowManager: updateScale0.7996942
12-10 05:55:11.857 1507 11870 I ActivityTaskManager: FOREGROUND_APPLICATION_CHANGED to com.android.permissioncontroller.permission.ui.GrantPermissionsActivity
12-10 05:55:11.857 1507 11870 I ActivityTaskManager: The Process com.android.permissioncontroller Already Exists in BG. So sending its PID: 12461
12-10 05:55:11.859 1507 11870 W ActivityTaskManager: Tried to set launchTime (0) < mLastActivityLaunchTime (15357354)
12-10 05:55:11.865 1507 11870 W WindowManager: updateScale0.7996942
12-10 05:55:11.870 1507 12191 I WindowManager: finishDrawing of relaunch: Window{4917673 u0 com.android.deskclock/com.android.deskclock.DeskClock} 151ms
12-10 05:55:11.870 1507 1569 W WindowManager: updateScale0.7996942
12-10 05:55:11.871 1507 1569 W WindowManager: updateScale0.7996942
12-10 05:55:11.877 1507 12191 W WindowManager: updateScale0.7996942
12-10 05:55:11.881 8492 8527 W ContextImpl: Calling a method in the system process without a qualified user: android.app.ContextImpl.startService:1816 android.content.ContextWrapper.startService:774 com.thundercomm.gamemode.ingame.services.GameModeActionUtils.startGameModeService:99 com.thundercomm.gamemode.ingame.services.GameModeActionUtils.startGameModeEntry:22 com.thundercomm.gamemode.ingame.services.ActivityMonitoringService$1.onActivityLaunch:127
12-10 05:55:11.888 1507 1507 I GameModeConfig: Current uri is uri = content://com.thundercomm.gamemode.api/gamemode_settings/gamemode_isgaming
12-10 05:55:11.890 1507 1507 I GameModeConfig: isGameModeOn = false
12-10 05:55:11.891 1507 1507 I GameModeConfig: isGameModeOn = false
12-10 05:55:11.891 1507 1507 I GameModeConfig: isDisableVoice = true
12-10 05:55:11.895 1507 1569 W WindowManager: updateScale0.7996942
12-10 05:55:11.895 1507 1569 W WindowManager: updateScale0.7996942
12-10 05:55:11.897 1507 2133 W WindowManager: updateScale0.7996942
12-10 05:55:11.897 1507 2133 W WindowManager: updateScale0.7996942
12-10 05:55:11.904 1507 1569 W WindowManager: updateScale0.7996942
12-10 05:55:11.904 1507 1569 W WindowManager: updateScale0.7996942
12-10 05:55:11.908 1507 1569 W WindowManager: updateScale0.7996942
12-10 05:55:11.908 1507 1569 W WindowManager: updateScale0.7996942
12-10 05:55:11.909 1507 1569 W WindowManager: updateScale0.7996942
12-10 05:55:11.909 1507 1569 W WindowManager: updateScale0.7996942
12-10 05:55:11.924 1507 2133 I ActivityTaskManager: FOREGROUND_APPLICATION_CHANGED to com.android.deskclock.DeskClock
12-10 05:55:11.927 1507 2133 W WindowManager: updateScale0.7996942
12-10 05:55:11.941 1507 6104 W WindowManager: updateScale0.7996942
12-10 05:55:12.035 8492 8527 W ContextImpl: Calling a method in the system process without a qualified user: android.app.ContextImpl.startService:1816 android.content.ContextWrapper.startService:774 com.thundercomm.gamemode.ingame.services.GameModeActionUtils.startGameModeService:99 com.thundercomm.gamemode.ingame.services.GameModeActionUtils.startGameModeEntry:22 com.thundercomm.gamemode.ingame.services.ActivityMonitoringService$1.onActivityLaunch:127
12-10 05:55:12.042 1507 1507 I GameModeConfig: Current uri is uri = content://com.thundercomm.gamemode.api/gamemode_settings/gamemode_isgaming
12-10 05:55:12.047 1507 1507 I GameModeConfig: isGameModeOn = false
12-10 05:55:12.047 1507 1507 I GameModeConfig: isGameModeOn = false
12-10 05:55:12.047 1507 1507 I GameModeConfig: isDisableVoice = true
12-10 05:55:12.195 1507 2150 W WindowManager: updateScale0.7996942
12-10 05:55:12.202 1507 1569 W WindowManager: updateScale0.7996942
12-10 05:55:12.214 1507 2133 W WindowManager: updateScale0.7996942
12-10 05:55:12.219 8492 8527 W ContextImpl: Calling a method in the system process without a qualified user: android.app.ContextImpl.startService:1816 android.content.ContextWrapper.startService:774 com.thundercomm.gamemode.ingame.services.GameModeActionUtils.startGameModeService:99 com.thundercomm.gamemode.ingame.services.GameModeActionUtils.startGameModeEntry:22 com.thundercomm.gamemode.ingame.services.ActivityMonitoringService$1.onActivityLaunch:127
12-10 05:55:12.226 1507 1507 I GameModeConfig: Current uri is uri = content://com.thundercomm.gamemode.api/gamemode_settings/gamemode_isgaming
12-10 05:55:12.228 1507 1507 I GameModeConfig: isGameModeOn = false
12-10 05:55:12.228 1507 1507 I GameModeConfig: isGameModeOn = false
12-10 05:55:12.228 1507 1507 I GameModeConfig: isDisableVoice = true
12-10 05:55:12.364 1507 1569 W WindowManager: updateScale0.7996942
12-10 05:55:12.379 1507 1569 W WindowManager: updateScale0.7996942
12-10 05:55:13.829 1507 1568 W WindowManager: updateScale0.4617737
12-10 05:55:13.834 1507 1568 W WindowManager: updateScale0.4617737
12-10 05:55:13.867 1507 2150 I ActivityTaskManager: START u0 {act=android.content.pm.action.REQUEST_PERMISSIONS pkg=com.android.permissioncontroller cmp=com.android.permissioncontroller/.permission.ui.GrantPermissionsActivity (has extras)} from uid 10069
12-10 05:55:13.872 1507 2150 W WindowManager: updateScale0.4617737
12-10 05:55:13.928 1507 11870 W WindowManager: updateScale0.4617737
12-10 05:55:13.931 1507 11870 W WindowManager: updateScale0.4617737
12-10 05:55:13.956 1507 11870 I ActivityTaskManager: FOREGROUND_APPLICATION_CHANGED to com.android.permissioncontroller.permission.ui.GrantPermissionsActivity
12-10 05:55:13.956 1507 11870 I ActivityTaskManager: The Process com.android.permissioncontroller Already Exists in BG. So sending its PID: 12461
12-10 05:55:13.957 1507 11870 W ActivityTaskManager: Tried to set launchTime (0) < mLastActivityLaunchTime (15360863)
12-10 05:55:13.987 8492 8527 W ContextImpl: Calling a method in the system process without a qualified user: android.app.ContextImpl.startService:1816 android.content.ContextWrapper.startService:774 com.thundercomm.gamemode.ingame.services.GameModeActionUtils.startGameModeService:99 com.thundercomm.gamemode.ingame.services.GameModeActionUtils.startGameModeEntry:22 com.thundercomm.gamemode.ingame.services.ActivityMonitoringService$1.onActivityLaunch:127
12-10 05:55:13.995 1507 1507 I GameModeConfig: Current uri is uri = content://com.thundercomm.gamemode.api/gamemode_settings/gamemode_isgaming
12-10 05:55:13.998 1507 1507 I GameModeConfig: isGameModeOn = false
12-10 05:55:13.998 1507 1507 I GameModeConfig: isGameModeOn = false
12-10 05:55:13.998 1507 1507 I GameModeConfig: isDisableVoice = true
12-10 05:55:14.024 1507 1917 W WindowManager: updateScale0.4617737
12-10 05:55:14.024 1507 1917 W WindowManager: updateScale0.4617737
12-10 05:55:14.031 1507 1569 W WindowManager: updateScale0.4617737
12-10 05:55:14.033 1507 12191 I ActivityTaskManager: FOREGROUND_APPLICATION_CHANGED to com.android.deskclock.DeskClock
12-10 05:55:14.041 1507 12191 W WindowManager: updateScale0.4617737
12-10 05:55:14.047 1507 12191 W WindowManager: updateScale0.4617737
12-10 05:55:14.058 1507 12191 W WindowManager: updateScale0.4617737
12-10 05:55:14.072 8492 8527 W ContextImpl: Calling a method in the system process without a qualified user: android.app.ContextImpl.startService:1816 android.content.ContextWrapper.startService:774 com.thundercomm.gamemode.ingame.services.GameModeActionUtils.startGameModeService:99 com.thundercomm.gamemode.ingame.services.GameModeActionUtils.startGameModeEntry:22 com.thundercomm.gamemode.ingame.services.ActivityMonitoringService$1.onActivityLaunch:127
12-10 05:55:14.077 1507 1507 I GameModeConfig: Current uri is uri = content://com.thundercomm.gamemode.api/gamemode_settings/gamemode_isgaming
12-10 05:55:14.078 1507 1507 I GameModeConfig: isGameModeOn = false
12-10 05:55:14.079 1507 1507 I GameModeConfig: isGameModeOn = false
12-10 05:55:14.079 1507 1507 I GameModeConfig: isDisableVoice = true
12-10 05:55:14.146 8492 8527 W ContextImpl: Calling a method in the system process without a qualified user: android.app.ContextImpl.startService:1816 android.content.ContextWrapper.startService:774 com.thundercomm.gamemode.ingame.services.GameModeActionUtils.startGameModeService:99 com.thundercomm.gamemode.ingame.services.GameModeActionUtils.startGameModeEntry:22 com.thundercomm.gamemode.ingame.services.ActivityMonitoringService$1.onActivityLaunch:127
12-10 05:55:14.151 1507 1507 I GameModeConfig: Current uri is uri = content://com.thundercomm.gamemode.api/gamemode_settings/gamemode_isgaming
12-10 05:55:14.152 1507 1507 I GameModeConfig: isGameModeOn = false
12-10 05:55:14.153 1507 1507 I GameModeConfig: isGameModeOn = false
12-10 05:55:14.153 1507 1507 I GameModeConfig: isDisableVoice = true
12-10 05:55:14.548 1507 2150 W WindowManager: updateScale0.7996942
12-10 05:55:14.584 1507 12191 I ActivityTaskManager: START u0 {act=android.content.pm.action.REQUEST_PERMISSIONS pkg=com.android.permissioncontroller cmp=com.android.permissioncontroller/.permission.ui.GrantPermissionsActivity (has extras)} from uid 10069
12-10 05:55:14.588 1507 12191 W WindowManager: updateScale0.7996942
12-10 05:55:14.630 1507 12191 W WindowManager: updateScale0.7996942
12-10 05:55:14.632 1507 12191 W WindowManager: updateScale0.7996942
12-10 05:55:14.666 1507 2150 I ActivityTaskManager: FOREGROUND_APPLICATION_CHANGED to com.android.permissioncontroller.permission.ui.GrantPermissionsActivity
12-10 05:55:14.666 1507 2150 I ActivityTaskManager: The Process com.android.permissioncontroller Already Exists in BG. So sending its PID: 12461
12-10 05:55:14.667 1507 2150 W ActivityTaskManager: Tried to set launchTime (0) < mLastActivityLaunchTime (15362963)
12-10 05:55:14.688 8492 8527 W ContextImpl: Calling a method in the system process without a qualified user: android.app.ContextImpl.startService:1816 android.content.ContextWrapper.startService:774 com.thundercomm.gamemode.ingame.services.GameModeActionUtils.startGameModeService:99 com.thundercomm.gamemode.ingame.services.GameModeActionUtils.startGameModeEntry:22 com.thundercomm.gamemode.ingame.services.ActivityMonitoringService$1.onActivityLaunch:127
12-10 05:55:14.695 1507 1507 I GameModeConfig: Current uri is uri = content://com.thundercomm.gamemode.api/gamemode_settings/gamemode_isgaming
12-10 05:55:14.700 1507 1917 W WindowManager: updateScale0.7996942
12-10 05:55:14.700 1507 1917 W WindowManager: updateScale0.7996942
12-10 05:55:14.700 1507 1507 I GameModeConfig: isGameModeOn = false
12-10 05:55:14.700 1507 1507 I GameModeConfig: isGameModeOn = false
12-10 05:55:14.700 1507 1507 I GameModeConfig: isDisableVoice = true
12-10 05:55:14.707 1507 1569 W WindowManager: updateScale0.7996942
12-10 05:55:14.709 1507 2150 I ActivityTaskManager: FOREGROUND_APPLICATION_CHANGED to com.android.deskclock.DeskClock
12-10 05:55:14.714 1507 2150 W WindowManager: updateScale0.7996942
12-10 05:55:14.718 1507 1917 W WindowManager: updateScale0.7996942
12-10 05:55:14.729 1507 1917 W WindowManager: updateScale0.7996942
12-10 05:55:14.744 8492 8527 W ContextImpl: Calling a method in the system process without a qualified user: android.app.ContextImpl.startService:1816 android.content.ContextWrapper.startService:774 com.thundercomm.gamemode.ingame.services.GameModeActionUtils.startGameModeService:99 com.thundercomm.gamemode.ingame.services.GameModeActionUtils.startGameModeEntry:22 com.thundercomm.gamemode.ingame.services.ActivityMonitoringService$1.onActivityLaunch:127
12-10 05:55:14.748 1507 1507 I GameModeConfig: Current uri is uri = content://com.thundercomm.gamemode.api/gamemode_settings/gamemode_isgaming
12-10 05:55:14.749 1507 1507 I GameModeConfig: isGameModeOn = false
12-10 05:55:14.749 1507 1507 I GameModeConfig: isGameModeOn = false
12-10 05:55:14.749 1507 1507 I GameModeConfig: isDisableVoice = true
12-10 05:55:14.754 1507 2719 E TaskPersister: File error accessing recents directory (directory doesn't exist?).
12-10 05:55:14.821 8492 8527 W ContextImpl: Calling a method in the system process without a qualified user: android.app.ContextImpl.startService:1816 android.content.ContextWrapper.startService:774 com.thundercomm.gamemode.ingame.services.GameModeActionUtils.startGameModeService:99 com.thundercomm.gamemode.ingame.services.GameModeActionUtils.startGameModeEntry:22 com.thundercomm.gamemode.ingame.services.ActivityMonitoringService$1.onActivityLaunch:127
12-10 05:55:14.825 1507 1507 I GameModeConfig: Current uri is uri = content://com.thundercomm.gamemode.api/gamemode_settings/gamemode_isgaming
12-10 05:55:14.827 1507 1507 I GameModeConfig: isGameModeOn = false
12-10 05:55:14.827 1507 1507 I GameModeConfig: isGameModeOn = false
12-10 05:55:14.827 1507 1507 I GameModeConfig: isDisableVoice = true
12-10 05:55:15.133 1507 12191 W WindowManager: updateScale0.7996942
12-10 05:55:15.149 1507 1569 W WindowManager: updateScale0.7996942
12-10 05:55:15.339 1507 12191 D FreeFormWindowHelper: Remove freefrom task=Task{2e25aa3 #107 type=standard A=10069:com.android.deskclock U=0 visible=true mode=fullscreen translucent=false sz=1}
12-10 05:55:15.354 1507 2133 W WindowManager: Attempted to set replacing window on app token with no content Token{a35220b ActivityRecord{f1071a0 u0 com.android.deskclock/.DeskClock t107}}
12-10 05:55:15.366 8492 8527 W ContextImpl: Calling a method in the system process without a qualified user: android.app.ContextImpl.startService:1816 android.content.ContextWrapper.startService:774 com.thundercomm.gamemode.ingame.services.GameModeActionUtils.startGameModeService:99 com.thundercomm.gamemode.ingame.services.GameModeActionUtils.startGameModeEntry:22 com.thundercomm.gamemode.ingame.services.ActivityMonitoringService$1.onActivityLaunch:127
12-10 05:55:15.370 1507 1507 I GameModeConfig: Current uri is uri = content://com.thundercomm.gamemode.api/gamemode_settings/gamemode_isgaming
12-10 05:55:15.371 1507 1917 I ActivityTaskManager: START u0 {act=android.content.pm.action.REQUEST_PERMISSIONS pkg=com.android.permissioncontroller cmp=com.android.permissioncontroller/.permission.ui.GrantPermissionsActivity (has extras)} from uid 10069
12-10 05:55:15.373 1507 1507 I GameModeConfig: isGameModeOn = false
12-10 05:55:15.373 1507 1507 I GameModeConfig: isGameModeOn = false
12-10 05:55:15.373 1507 1507 I GameModeConfig: isDisableVoice = true
12-10 05:55:15.381 1507 2133 I ActivityTaskManager: The Process com.android.permissioncontroller Already Exists in BG. So sending its PID: 12461
12-10 05:55:15.390 8492 8527 W ContextImpl: Calling a method in the system process without a qualified user: android.app.ContextImpl.startService:1816 android.content.ContextWrapper.startService:774 com.thundercomm.gamemode.ingame.services.GameModeActionUtils.startGameModeService:99 com.thundercomm.gamemode.ingame.services.GameModeActionUtils.startGameModeEntry:22 com.thundercomm.gamemode.ingame.services.ActivityMonitoringService$1.onActivityLaunch:127
12-10 05:55:15.394 1507 1507 I GameModeConfig: Current uri is uri = content://com.thundercomm.gamemode.api/gamemode_settings/gamemode_isgaming
12-10 05:55:15.397 1507 1507 I GameModeConfig: isGameModeOn = false
12-10 05:55:15.398 1507 1507 I GameModeConfig: isGameModeOn = false
12-10 05:55:15.398 1507 1507 I GameModeConfig: isDisableVoice = true
12-10 05:55:15.473 1507 1917 I WindowManager: finishDrawing of relaunch: Window{4917673 u0 com.android.deskclock/com.android.deskclock.DeskClock} 137ms
12-10 05:55:15.473 1507 2133 I ActivityTaskManager: FOREGROUND_APPLICATION_CHANGED to com.android.permissioncontroller.permission.ui.GrantPermissionsActivity
12-10 05:55:15.473 1507 2133 I ActivityTaskManager: The Process com.android.permissioncontroller Already Exists in BG. So sending its PID: 12461
12-10 05:55:15.474 1507 2133 W ActivityTaskManager: Tried to set launchTime (0) < mLastActivityLaunchTime (15363670)
12-10 05:55:15.512 8492 8527 W ContextImpl: Calling a method in the system process without a qualified user: android.app.ContextImpl.startService:1816 android.content.ContextWrapper.startService:774 com.thundercomm.gamemode.ingame.services.GameModeActionUtils.startGameModeService:99 com.thundercomm.gamemode.ingame.services.GameModeActionUtils.startGameModeEntry:22 com.thundercomm.gamemode.ingame.services.ActivityMonitoringService$1.onActivityLaunch:127
12-10 05:55:15.520 1507 1507 I GameModeConfig: Current uri is uri = content://com.thundercomm.gamemode.api/gamemode_settings/gamemode_isgaming
12-10 05:55:15.523 1507 1507 I GameModeConfig: isGameModeOn = false
12-10 05:55:15.524 1507 1507 I GameModeConfig: isGameModeOn = false
12-10 05:55:15.524 1507 1507 I GameModeConfig: isDisableVoice = true
12-10 05:55:15.558 1507 12191 I ActivityTaskManager: FOREGROUND_APPLICATION_CHANGED to com.android.deskclock.DeskClock
12-10 05:55:15.626 8492 8527 W ContextImpl: Calling a method in the system process without a qualified user: android.app.ContextImpl.startService:1816 android.content.ContextWrapper.startService:774 com.thundercomm.gamemode.ingame.services.GameModeActionUtils.startGameModeService:99 com.thundercomm.gamemode.ingame.services.GameModeActionUtils.startGameModeEntry:22 com.thundercomm.gamemode.ingame.services.ActivityMonitoringService$1.onActivityLaunch:127
12-10 05:55:15.632 1507 1507 I GameModeConfig: Current uri is uri = content://com.thundercomm.gamemode.api/gamemode_settings/gamemode_isgaming
12-10 05:55:15.642 1507 1507 I GameModeConfig: isGameModeOn = false
12-10 05:55:15.642 1507 1507 I GameModeConfig: isGameModeOn = false
12-10 05:55:15.642 1507 1507 I GameModeConfig: isDisableVoice = true
12-10 05:55:15.673 8492 8527 W ContextImpl: Calling a method in the system process without a qualified user: android.app.ContextImpl.startService:1816 android.content.ContextWrapper.startService:774 com.thundercomm.gamemode.ingame.services.GameModeActionUtils.startGameModeService:99 com.thundercomm.gamemode.ingame.services.GameModeActionUtils.startGameModeEntry:22 com.thundercomm.gamemode.ingame.services.ActivityMonitoringService$1.onActivityLaunch:127
12-10 05:55:15.677 1507 1507 I GameModeConfig: Current uri is uri = content://com.thundercomm.gamemode.api/gamemode_settings/gamemode_isgaming
12-10 05:55:15.680 1507 1507 I GameModeConfig: isGameModeOn = false
12-10 05:55:15.680 1507 1507 I GameModeConfig: isGameModeOn = false
12-10 05:55:15.680 1507 1507 I GameModeConfig: isDisableVoice = true
12-10 05:55:15.952 8492 8527 W ContextImpl: Calling a method in the system process without a qualified user: android.app.ContextImpl.startService:1816 android.content.ContextWrapper.startService:774 com.thundercomm.gamemode.ingame.services.GameModeActionUtils.startGameModeService:99 com.thundercomm.gamemode.ingame.services.GameModeActionUtils.startGameModeEntry:22 com.thundercomm.gamemode.ingame.services.ActivityMonitoringService$1.onActivityLaunch:127
12-10 05:55:15.959 1507 1507 I GameModeConfig: Current uri is uri = content://com.thundercomm.gamemode.api/gamemode_settings/gamemode_isgaming
12-10 05:55:15.962 1507 1507 I GameModeConfig: isGameModeOn = false
12-10 05:55:15.962 1507 1507 I GameModeConfig: isGameModeOn = false
12-10 05:55:15.963 1507 1507 I GameModeConfig: isDisableVoice = true
12-10 05:55:16.714 8492 8527 W ContextImpl: Calling a method in the system process without a qualified user: android.app.ContextImpl.startService:1816 android.content.ContextWrapper.startService:774 com.thundercomm.gamemode.ingame.services.GameModeActionUtils.startGameModeService:99 com.thundercomm.gamemode.ingame.services.GameModeActionUtils.startGameModeEntry:22 com.thundercomm.gamemode.ingame.services.ActivityMonitoringService$1.onActivityLaunch:127
12-10 05:55:16.717 1507 12191 W ActivityTaskManager: getTaskSnapshot: taskId=5107 not found
12-10 05:55:16.719 1507 1507 I GameModeConfig: Current uri is uri = content://com.thundercomm.gamemode.api/gamemode_settings/gamemode_isgaming
12-10 05:55:16.719 1507 2150 W ActivityTaskManager: getTaskSnapshot: taskId=4107 not found
12-10 05:55:16.723 1507 1507 I GameModeConfig: isGameModeOn = false
12-10 05:55:16.723 1507 1507 I GameModeConfig: isGameModeOn = false
12-10 05:55:16.723 1507 1507 I GameModeConfig: isDisableVoice = true
12-10 05:55:16.724 1507 2150 W ActivityTaskManager: getTaskSnapshot: taskId=3107 not found
12-10 05:55:16.726 1507 2150 W ActivityTaskManager: getTaskSnapshot: taskId=2107 not found
12-10 05:55:16.728 1507 12191 W ActivityTaskManager: getTaskSnapshot: taskId=1107 not found
12-10 05:55:16.825 1507 2150 W ActivityTaskManager: getTaskSnapshot: taskId=5107 not found
12-10 05:55:16.826 1507 2150 W ActivityTaskManager: getTaskSnapshot: taskId=4107 not found
12-10 05:55:17.563 1507 2150 I ActivityTaskManager: FOREGROUND_APPLICATION_CHANGED to com.android.launcher3.uioverrides.QuickstepLauncher
12-10 05:55:17.637 8492 8527 W ContextImpl: Calling a method in the system process without a qualified user: android.app.ContextImpl.startService:1816 android.content.ContextWrapper.startService:774 com.thundercomm.gamemode.ingame.services.GameModeActionUtils.startGameModeService:99 com.thundercomm.gamemode.ingame.services.GameModeActionUtils.startGameModeEntry:22 com.thundercomm.gamemode.ingame.services.ActivityMonitoringService$1.onActivityLaunch:127
12-10 05:55:17.644 1507 1507 I GameModeConfig: Current uri is uri = content://com.thundercomm.gamemode.api/gamemode_settings/gamemode_isgaming
12-10 05:55:17.648 1507 1507 I GameModeConfig: isGameModeOn = false
12-10 05:55:17.648 1507 1507 I GameModeConfig: isGameModeOn = false
12-10 05:55:17.648 1507 1507 I GameModeConfig: isDisableVoice = true
12-10 05:55:17.694 8492 8527 W ContextImpl: Calling a method in the system process without a qualified user: android.app.ContextImpl.startService:1816 android.content.ContextWrapper.startService:774 com.thundercomm.gamemode.ingame.services.GameModeActionUtils.startGameModeService:99 com.thundercomm.gamemode.ingame.services.GameModeActionUtils.startGameModeEntry:22 com.thundercomm.gamemode.ingame.services.ActivityMonitoringService$1.onActivityLaunch:127
12-10 05:55:17.700 1507 1507 I GameModeConfig: Current uri is uri = content://com.thundercomm.gamemode.api/gamemode_settings/gamemode_isgaming
12-10 05:55:17.703 1507 1507 I GameModeConfig: isGameModeOn = false
12-10 05:55:17.703 1507 1507 I GameModeConfig: isGameModeOn = false
12-10 05:55:17.703 1507 1507 I GameModeConfig: isDisableVoice = true
12-10 05:55:19.470 1507 2133 I ActivityTaskManager: START u0 {act=android.intent.action.MAIN cat=[android.intent.category.LAUNCHER] flg=0x10200000 cmp=com.android.music/.VideoBrowserActivity bnds=[2308,540][2494,740]} from uid 10079
12-10 05:55:19.477 1507 2133 W ActivityTaskManager: Can't find TaskDisplayArea to determine support for multi window. Task id=110 attached=false
12-10 05:55:19.481 1507 2133 D CompatibilityChangeReporter: Compat change id reported: 174042980; UID 10090; state: DISABLED
12-10 05:55:19.483 1507 2133 D CompatibilityChangeReporter: Compat change id reported: 184838306; UID 10090; state: DISABLED
12-10 05:55:19.484 1507 2133 D CompatibilityChangeReporter: Compat change id reported: 185004937; UID 10090; state: DISABLED
12-10 05:55:19.484 1507 2133 D CompatibilityChangeReporter: Compat change id reported: 181136395; UID 10090; state: DISABLED
12-10 05:55:19.485 1507 2133 D CompatibilityChangeReporter: Compat change id reported: 174042936; UID 10090; state: DISABLED
12-10 05:55:19.488 1507 2133 D CompatibilityChangeReporter: Compat change id reported: 168419799; UID 10090; state: DISABLED
12-10 05:55:19.502 1507 5436 I ActivityTaskManager: FOREGROUND_APPLICATION_CHANGED to com.android.music.VideoBrowserActivity
12-10 05:55:19.502 1507 5436 I ActivityTaskManager: The Process com.android.music Already Exists in BG. So sending its PID: 12253
12-10 05:55:19.525 8492 8527 W ContextImpl: Calling a method in the system process without a qualified user: android.app.ContextImpl.startService:1816 android.content.ContextWrapper.startService:774 com.thundercomm.gamemode.ingame.services.GameModeActionUtils.startGameModeService:99 com.thundercomm.gamemode.ingame.services.GameModeActionUtils.startGameModeEntry:22 com.thundercomm.gamemode.ingame.services.ActivityMonitoringService$1.onActivityLaunch:127
12-10 05:55:19.535 1507 1507 I GameModeConfig: Current uri is uri = content://com.thundercomm.gamemode.api/gamemode_settings/gamemode_isgaming
12-10 05:55:19.540 1507 1507 I GameModeConfig: isGameModeOn = false
12-10 05:55:19.540 1507 1507 I GameModeConfig: isGameModeOn = false
12-10 05:55:19.541 1507 1507 I GameModeConfig: isDisableVoice = true
12-10 05:55:19.615 8492 8527 W ContextImpl: Calling a method in the system process without a qualified user: android.app.ContextImpl.startService:1816 android.content.ContextWrapper.startService:774 com.thundercomm.gamemode.ingame.services.GameModeActionUtils.startGameModeService:99 com.thundercomm.gamemode.ingame.services.GameModeActionUtils.startGameModeEntry:22 com.thundercomm.gamemode.ingame.services.ActivityMonitoringService$1.onActivityLaunch:127
12-10 05:55:19.619 1507 1507 I GameModeConfig: Current uri is uri = content://com.thundercomm.gamemode.api/gamemode_settings/gamemode_isgaming
12-10 05:55:19.621 1507 1507 I GameModeConfig: isGameModeOn = false
12-10 05:55:19.621 1507 1507 I GameModeConfig: isGameModeOn = false
12-10 05:55:19.621 1507 1507 I GameModeConfig: isDisableVoice = true
12-10 05:55:20.172 1507 2150 W FreeFormWindowHelper: exitRecentTasks type=0
12-10 05:55:20.229 8492 8527 W ContextImpl: Calling a method in the system process without a qualified user: android.app.ContextImpl.startService:1816 android.content.ContextWrapper.startService:774 com.thundercomm.gamemode.ingame.services.GameModeActionUtils.startGameModeService:99 com.thundercomm.gamemode.ingame.services.GameModeActionUtils.startGameModeEntry:22 com.thundercomm.gamemode.ingame.services.ActivityMonitoringService$1.onActivityLaunch:127
12-10 05:55:20.237 1507 1507 I GameModeConfig: Current uri is uri = content://com.thundercomm.gamemode.api/gamemode_settings/gamemode_isgaming
12-10 05:55:20.239 1507 1507 I GameModeConfig: isGameModeOn = false
12-10 05:55:20.240 1507 1507 I GameModeConfig: isGameModeOn = false
12-10 05:55:20.240 1507 1507 I GameModeConfig: isDisableVoice = true
12-10 05:55:20.743 8492 8527 W ContextImpl: Calling a method in the system process without a qualified user: android.app.ContextImpl.startService:1816 android.content.ContextWrapper.startService:774 com.thundercomm.gamemode.ingame.services.GameModeActionUtils.startGameModeService:99 com.thundercomm.gamemode.ingame.services.GameModeActionUtils.startGameModeEntry:22 com.thundercomm.gamemode.ingame.services.ActivityMonitoringService$1.onActivityLaunch:127
12-10 05:55:20.752 1507 1507 I GameModeConfig: Current uri is uri = content://com.thundercomm.gamemode.api/gamemode_settings/gamemode_isgaming
12-10 05:55:20.754 1507 1507 I GameModeConfig: isGameModeOn = false
12-10 05:55:20.754 1507 1507 I GameModeConfig: isGameModeOn = false
12-10 05:55:20.754 1507 1507 I GameModeConfig: isDisableVoice = true
12-10 05:55:20.783 1507 2150 W ActivityTaskManager: getTaskSnapshot: taskId=4107 not found
12-10 05:55:20.788 1507 5436 W ActivityTaskManager: getTaskSnapshot: taskId=3107 not found
12-10 05:55:20.790 1507 5436 W ActivityTaskManager: getTaskSnapshot: taskId=2107 not found
12-10 05:55:20.791 1507 5436 W ActivityTaskManager: getTaskSnapshot: taskId=4107 not found
12-10 05:55:20.791 1507 5436 W ActivityTaskManager: getTaskSnapshot: taskId=3107 not found
12-10 05:55:20.792 1507 5436 W ActivityTaskManager: getTaskSnapshot: taskId=2107 not found
12-10 05:55:20.794 1507 5436 W ActivityTaskManager: getTaskSnapshot: taskId=1107 not found
12-10 05:55:20.802 1507 11870 W ActivityTaskManager: getTaskSnapshot: taskId=2107 not found
12-10 05:55:20.802 1507 5436 W ActivityTaskManager: getTaskSnapshot: taskId=3107 not found
12-10 05:55:20.802 1507 5436 W ActivityTaskManager: getTaskSnapshot: taskId=4107 not found
12-10 05:55:21.406 1507 1581 W UsageStatsService: Unexpected activity event reported! (com.android.launcher3/com.android.launcher3.uioverrides.QuickstepLauncher event : 23 instanceId : 135712590)
12-10 05:55:21.414 8492 8527 W ContextImpl: Calling a method in the system process without a qualified user: android.app.ContextImpl.startService:1816 android.content.ContextWrapper.startService:774 com.thundercomm.gamemode.ingame.services.GameModeActionUtils.startGameModeService:99 com.thundercomm.gamemode.ingame.services.GameModeActionUtils.startGameModeEntry:22 com.thundercomm.gamemode.ingame.services.ActivityMonitoringService$1.onActivityLaunch:127
12-10 05:55:21.418 1507 1507 I GameModeConfig: Current uri is uri = content://com.thundercomm.gamemode.api/gamemode_settings/gamemode_isgaming
12-10 05:55:21.420 1507 1507 I GameModeConfig: isGameModeOn = false
12-10 05:55:21.420 1507 1507 I GameModeConfig: isGameModeOn = false
12-10 05:55:21.420 1507 1507 I GameModeConfig: isDisableVoice = true
12-10 05:55:22.500 1507 2719 E TaskPersister: File error accessing recents directory (directory doesn't exist?).
12-10 05:55:23.724 8492 8527 W ContextImpl: Calling a method in the system process without a qualified user: android.app.ContextImpl.startService:1816 android.content.ContextWrapper.startService:774 com.thundercomm.gamemode.ingame.services.GameModeActionUtils.startGameModeService:99 com.thundercomm.gamemode.ingame.services.GameModeActionUtils.startGameModeEntry:22 com.thundercomm.gamemode.ingame.services.ActivityMonitoringService$1.onActivityLaunch:127
12-10 05:55:23.731 1507 1507 I GameModeConfig: Current uri is uri = content://com.thundercomm.gamemode.api/gamemode_settings/gamemode_isgaming
12-10 05:55:23.737 1507 2150 W ActivityTaskManager: getTaskSnapshot: taskId=1107 not found
12-10 05:55:23.738 1507 1507 I GameModeConfig: isGameModeOn = false
12-10 05:55:23.739 1507 1507 I GameModeConfig: isGameModeOn = false
12-10 05:55:23.739 1507 1507 I GameModeConfig: isDisableVoice = true
12-10 05:55:23.806 1507 2133 W ActivityTaskManager: getTaskSnapshot: taskId=4107 not found
12-10 05:55:23.806 1507 2133 W ActivityTaskManager: getTaskSnapshot: taskId=3107 not found
12-10 05:55:24.606 1507 2150 I ActivityTaskManager: FOREGROUND_APPLICATION_CHANGED to com.android.launcher3.uioverrides.QuickstepLauncher
12-10 05:55:24.670 8492 8527 W ContextImpl: Calling a method in the system process without a qualified user: android.app.ContextImpl.startService:1816 android.content.ContextWrapper.startService:774 com.thundercomm.gamemode.ingame.services.GameModeActionUtils.startGameModeService:99 com.thundercomm.gamemode.ingame.services.GameModeActionUtils.startGameModeEntry:22 com.thundercomm.gamemode.ingame.services.ActivityMonitoringService$1.onActivityLaunch:127
12-10 05:55:24.677 1507 1507 I GameModeConfig: Current uri is uri = content://com.thundercomm.gamemode.api/gamemode_settings/gamemode_isgaming
12-10 05:55:24.678 1507 1507 I GameModeConfig: isGameModeOn = false
12-10 05:55:24.679 1507 1507 I GameModeConfig: isGameModeOn = false
12-10 05:55:24.679 1507 1507 I GameModeConfig: isDisableVoice = true
12-10 05:55:24.729 8492 8527 W ContextImpl: Calling a method in the system process without a qualified user: android.app.ContextImpl.startService:1816 android.content.ContextWrapper.startService:774 com.thundercomm.gamemode.ingame.services.GameModeActionUtils.startGameModeService:99 com.thundercomm.gamemode.ingame.services.GameModeActionUtils.startGameModeEntry:22 com.thundercomm.gamemode.ingame.services.ActivityMonitoringService$1.onActivityLaunch:127
12-10 05:55:24.737 1507 1507 I GameModeConfig: Current uri is uri = content://com.thundercomm.gamemode.api/gamemode_settings/gamemode_isgaming
12-10 05:55:24.739 1507 1507 I GameModeConfig: isGameModeOn = false
12-10 05:55:24.740 1507 1507 I GameModeConfig: isGameModeOn = false
12-10 05:55:24.740 1507 1507 I GameModeConfig: isDisableVoice = true
12-10 05:56:17.280 1507 1613 V DisplayPowerController[0]: Brightness [0.05] reason changing to: 'manual [ dim ]', previous reason: 'manual'.
12-10 05:56:17.281 1507 1613 W PowerManagerService: Screen on took 92572 ms
12-10 05:56:17.289 1507 1980 E DisplayDeviceConfig: requesting nits when no mapping exists.
12-10 05:56:17.289 1507 1980 E DisplayDeviceConfig: requesting nits when no mapping exists.
12-10 05:56:17.291 1507 1583 I DropBoxManagerService: add tag=system_server_wtf isTagEnabled=true flags=0x2
12-10 05:56:17.295 1507 1583 I DropBoxManagerService: add tag=system_server_wtf isTagEnabled=true flags=0x2
12-10 05:56:17.305 1507 1980 E DisplayDeviceConfig: requesting nits when no mapping exists.
12-10 05:56:17.306 1507 1980 E DisplayDeviceConfig: requesting nits when no mapping exists.
12-10 05:56:17.307 1507 1583 I DropBoxManagerService: add tag=system_server_wtf isTagEnabled=true flags=0x2
12-10 05:56:17.309 1507 1583 I DropBoxManagerService: add tag=system_server_wtf isTagEnabled=true flags=0x2
12-10 05:56:17.322 1507 1980 E DisplayDeviceConfig: requesting nits when no mapping exists.
12-10 05:56:17.322 1507 1980 E DisplayDeviceConfig: requesting nits when no mapping exists.
12-10 05:56:17.323 1507 1583 I DropBoxManagerService: add tag=system_server_wtf isTagEnabled=true flags=0x2
12-10 05:56:17.328 1507 1980 E DisplayDeviceConfig: requesting nits when no mapping exists.
12-10 05:56:17.328 1507 1980 E DisplayDeviceConfig: requesting nits when no mapping exists.
12-10 05:56:17.345 1507 1980 E DisplayDeviceConfig: requesting nits when no mapping exists.
12-10 05:56:17.345 1507 1980 E DisplayDeviceConfig: requesting nits when no mapping exists.
12-10 05:56:17.362 1507 1980 E DisplayDeviceConfig: requesting nits when no mapping exists.
12-10 05:56:17.362 1507 1980 E DisplayDeviceConfig: requesting nits when no mapping exists.
12-10 05:56:17.378 1507 1980 E DisplayDeviceConfig: requesting nits when no mapping exists.
12-10 05:56:17.379 1507 1980 E DisplayDeviceConfig: requesting nits when no mapping exists.
12-10 05:56:17.395 1507 1980 E DisplayDeviceConfig: requesting nits when no mapping exists.
12-10 05:56:17.395 1507 1980 E DisplayDeviceConfig: requesting nits when no mapping exists.
12-10 05:56:17.412 1507 1980 E DisplayDeviceConfig: requesting nits when no mapping exists.
12-10 05:56:17.412 1507 1980 E DisplayDeviceConfig: requesting nits when no mapping exists.
12-10 05:56:17.429 1507 1980 E DisplayDeviceConfig: requesting nits when no mapping exists.
12-10 05:56:17.429 1507 1980 E DisplayDeviceConfig: requesting nits when no mapping exists.
12-10 05:56:17.445 1507 1980 E DisplayDeviceConfig: requesting nits when no mapping exists.
12-10 05:56:17.445 1507 1980 E DisplayDeviceConfig: requesting nits when no mapping exists.
12-10 05:56:17.462 1507 1980 E DisplayDeviceConfig: requesting nits when no mapping exists.
12-10 05:56:17.462 1507 1980 E DisplayDeviceConfig: requesting nits when no mapping exists.
12-10 05:56:17.479 1507 1980 E DisplayDeviceConfig: requesting nits when no mapping exists.
12-10 05:56:17.480 1507 1980 E DisplayDeviceConfig: requesting nits when no mapping exists.
12-10 05:56:17.495 1507 1980 E DisplayDeviceConfig: requesting nits when no mapping exists.
12-10 05:56:17.496 1507 1980 E DisplayDeviceConfig: requesting nits when no mapping exists.
