12-10 06:06:33.521 1507 1507 I GameModeConfig: isGameModeOn = true
12-10 06:06:33.521 1507 1507 I GameModeConfig: isGaming = false
12-10 06:06:33.521 1507 1507 I GameModeConfig: isDisableVoice = true
12-10 06:06:33.525 1507 1569 W WindowManager: updateScale0.7996942
12-10 06:06:33.528 1507 1569 W WindowManager: updateScale0.7996942
12-10 06:06:33.528 1507 1569 W WindowManager: updateScale0.7996942
12-10 06:06:33.531 13893 13893 I wm_on_activity_result_called: [7704750,com.android.deskclock.DeskClock,ACTIVITY_RESULT]
12-10 06:06:33.531 13893 13893 I wm_on_resume_called: [7704750,com.android.deskclock.DeskClock,RESUME_ACTIVITY]
12-10 06:06:33.532 13893 13893 I wm_on_top_resumed_gained_called: [7704750,com.android.deskclock.DeskClock,topWhenResuming]
12-10 06:06:33.546 1507 1736 I input_focus: [Focus entering 1cd006b com.android.deskclock/com.android.deskclock.DeskClock (server),reason=Window became focusable. Previous reason: NOT_VISIBLE]
12-10 06:06:33.625 8492 8527 W ContextImpl: Calling a method in the system process without a qualified user: android.app.ContextImpl.startService:1816 android.content.ContextWrapper.startService:774 com.thundercomm.gamemode.ingame.services.GameModeActionUtils.startGameModeService:99 com.thundercomm.gamemode.ingame.services.GameModeActionUtils.startGameModeEntry:22 com.thundercomm.gamemode.ingame.services.ActivityMonitoringService$1.onActivityLaunch:127
12-10 06:06:33.628 1507 1507 I GameModeConfig: Current uri is uri = content://com.thundercomm.gamemode.api/gamemode_settings/gamemode_isgaming
12-10 06:06:33.630 1507 1507 I GameModeConfig: isGameModeOn = true
12-10 06:06:33.630 1507 1507 I GameModeConfig: isGaming = false
12-10 06:06:33.630 1507 1507 I GameModeConfig: isGameModeOn = true
12-10 06:06:33.630 1507 1507 I GameModeConfig: isGaming = false
12-10 06:06:33.630 1507 1507 I GameModeConfig: isDisableVoice = true
12-10 06:06:34.031 1507 1568 I wm_destroy_activity: [0,89733861,129,com.android.permissioncontroller/.permission.ui.GrantPermissionsActivity,finish-imm:idle]
12-10 06:06:34.033 12461 12461 I wm_on_stop_called: [89733861,com.android.permissioncontroller.permission.ui.GrantPermissionsActivity,LIFECYCLER_STOP_ACTIVITY]
12-10 06:06:34.034 1507 1569 W WindowManager: updateScale0.7996942
12-10 06:06:34.037 1507 11870 W WindowManager: updateScale0.7996942
12-10 06:06:34.039 12461 12461 I wm_on_destroy_called: [89733861,com.android.permissioncontroller.permission.ui.GrantPermissionsActivity,performDestroy]
12-10 06:06:34.042 1507 5436 W WindowManager: updateScale0.7996942
12-10 06:06:34.052 8492 8527 W ContextImpl: Calling a method in the system process without a qualified user: android.app.ContextImpl.startService:1816 android.content.ContextWrapper.startService:774 com.thundercomm.gamemode.ingame.services.GameModeActionUtils.startGameModeService:99 com.thundercomm.gamemode.ingame.services.GameModeActionUtils.startGameModeEntry:22 com.thundercomm.gamemode.ingame.services.ActivityMonitoringService$1.onActivityLaunch:127
12-10 06:06:34.061 1507 1507 I GameModeConfig: Current uri is uri = content://com.thundercomm.gamemode.api/gamemode_settings/gamemode_isgaming
12-10 06:06:34.064 1507 1507 I GameModeConfig: isGameModeOn = true
12-10 06:06:34.064 1507 1507 I GameModeConfig: isGaming = false
12-10 06:06:34.064 1507 1507 I GameModeConfig: isGameModeOn = true
12-10 06:06:34.064 1507 1507 I GameModeConfig: isGaming = false
12-10 06:06:34.064 1507 1507 I GameModeConfig: isDisableVoice = true
12-10 06:06:34.155 0 0 I auditd : type=1400 audit(0.0:17393): avc: denied { kill } for comm="swapper/2" capability=5 scontext=u:r:kernel:s0 tcontext=u:r:kernel:s0 tclass=capability permissive=0
12-10 06:06:35.155 1351 9974 I liblog : 232
12-10 06:06:36.155 0 0 I auditd : type=1400 audit(0.0:17394): avc: denied { kill } for comm="swapper/1" capability=5 scontext=u:r:kernel:s0 tcontext=u:r:kernel:s0 tclass=capability permissive=0
12-10 06:06:36.973 1507 2719 E TaskPersister: File error accessing recents directory (directory doesn't exist?).
12-10 06:06:37.155 0 0 I auditd : type=1400 audit(0.0:17395): avc: denied { kill } for comm="swapper/1" capability=5 scontext=u:r:kernel:s0 tcontext=u:r:kernel:s0 tclass=capability permissive=0
12-10 06:06:38.155 0 0 I auditd : type=1400 audit(0.0:17396): avc: denied { kill } for comm="swapper/1" capability=5 scontext=u:r:kernel:s0 tcontext=u:r:kernel:s0 tclass=capability permissive=0
12-10 06:06:39.155 0 0 I auditd : type=1400 audit(0.0:17397): avc: denied { kill } for comm="swapper/1" capability=5 scontext=u:r:kernel:s0 tcontext=u:r:kernel:s0 tclass=capability permissive=0
12-10 06:06:40.155 0 0 I auditd : type=1400 audit(0.0:17398): avc: denied { kill } for comm="swapper/1" capability=5 scontext=u:r:kernel:s0 tcontext=u:r:kernel:s0 tclass=capability permissive=0
12-10 06:06:41.155 0 0 I auditd : type=1400 audit(0.0:17399): avc: denied { kill } for comm="swapper/1" capability=5 scontext=u:r:kernel:s0 tcontext=u:r:kernel:s0 tclass=capability permissive=0
12-10 06:06:42.155 0 0 I auditd : type=1400 audit(0.0:17400): avc: denied { kill } for comm="swapper/1" capability=5 scontext=u:r:kernel:s0 tcontext=u:r:kernel:s0 tclass=capability permissive=0
12-10 06:06:43.155 0 0 I auditd : type=1400 audit(0.0:17401): avc: denied { kill } for comm="swapper/1" capability=5 scontext=u:r:kernel:s0 tcontext=u:r:kernel:s0 tclass=capability permissive=0
12-10 06:06:44.155 0 0 I auditd : type=1400 audit(0.0:17402): avc: denied { kill } for comm="swapper/1" capability=5 scontext=u:r:kernel:s0 tcontext=u:r:kernel:s0 tclass=capability permissive=0
12-10 06:06:46.155 0 0 I auditd : type=1400 audit(0.0:17403): avc: denied { kill } for comm="swapper/1" capability=5 scontext=u:r:kernel:s0 tcontext=u:r:kernel:s0 tclass=capability permissive=0
12-10 06:06:47.155 0 0 I auditd : type=1400 audit(0.0:17404): avc: denied { kill } for comm="swapper/1" capability=5 scontext=u:r:kernel:s0 tcontext=u:r:kernel:s0 tclass=capability permissive=0
12-10 06:06:48.155 0 0 I auditd : type=1400 audit(0.0:17405): avc: denied { kill } for comm="swapper/1" capability=5 scontext=u:r:kernel:s0 tcontext=u:r:kernel:s0 tclass=capability permissive=0
12-10 06:06:49.155 0 0 I auditd : type=1400 audit(0.0:17406): avc: denied { kill } for comm="swapper/1" capability=5 scontext=u:r:kernel:s0 tcontext=u:r:kernel:s0 tclass=capability permissive=0
12-10 06:06:50.155 0 0 I auditd : type=1400 audit(0.0:17407): avc: denied { kill } for comm="swapper/1" capability=5 scontext=u:r:kernel:s0 tcontext=u:r:kernel:s0 tclass=capability permissive=0
12-10 06:06:51.155 0 0 I auditd : type=1400 audit(0.0:17408): avc: denied { kill } for comm="swapper/1" capability=5 scontext=u:r:kernel:s0 tcontext=u:r:kernel:s0 tclass=capability permissive=0
12-10 06:06:52.155 0 0 I auditd : type=1400 audit(0.0:17409): avc: denied { kill } for comm="swapper/1" capability=5 scontext=u:r:kernel:s0 tcontext=u:r:kernel:s0 tclass=capability permissive=0
12-10 06:06:53.155 0 0 I auditd : type=1400 audit(0.0:17410): avc: denied { kill } for comm="swapper/1" capability=5 scontext=u:r:kernel:s0 tcontext=u:r:kernel:s0 tclass=capability permissive=0
12-10 06:06:54.155 0 0 I auditd : type=1400 audit(0.0:17411): avc: denied { kill } for comm="swapper/1" capability=5 scontext=u:r:kernel:s0 tcontext=u:r:kernel:s0 tclass=capability permissive=0
12-10 06:06:55.155 0 0 I auditd : type=1400 audit(0.0:17412): avc: denied { kill } for comm="swapper/1" capability=5 scontext=u:r:kernel:s0 tcontext=u:r:kernel:s0 tclass=capability permissive=0
12-10 06:06:56.155 0 0 I auditd : type=1400 audit(0.0:17413): avc: denied { kill } for comm="swapper/1" capability=5 scontext=u:r:kernel:s0 tcontext=u:r:kernel:s0 tclass=capability permissive=0
12-10 06:06:57.155 0 0 I auditd : type=1400 audit(0.0:17414): avc: denied { kill } for comm="swapper/1" capability=5 scontext=u:r:kernel:s0 tcontext=u:r:kernel:s0 tclass=capability permissive=0
12-10 06:06:58.155 0 0 I auditd : type=1400 audit(0.0:17415): avc: denied { kill } for comm="swapper/1" capability=5 scontext=u:r:kernel:s0 tcontext=u:r:kernel:s0 tclass=capability permissive=0
12-10 06:07:00.155 0 0 I auditd : type=1400 audit(0.0:17416): avc: denied { kill } for comm="swapper/1" capability=5 scontext=u:r:kernel:s0 tcontext=u:r:kernel:s0 tclass=capability permissive=0
12-10 06:07:01.155 0 0 I auditd : type=1400 audit(0.0:17417): avc: denied { kill } for comm="swapper/1" capability=5 scontext=u:r:kernel:s0 tcontext=u:r:kernel:s0 tclass=capability permissive=0
12-10 06:07:02.155 0 0 I auditd : type=1400 audit(0.0:17418): avc: denied { kill } for comm="swapper/1" capability=5 scontext=u:r:kernel:s0 tcontext=u:r:kernel:s0 tclass=capability permissive=0
12-10 06:07:03.155 0 0 I auditd : type=1400 audit(0.0:17419): avc: denied { kill } for comm="swapper/1" capability=5 scontext=u:r:kernel:s0 tcontext=u:r:kernel:s0 tclass=capability permissive=0
12-10 06:07:04.155 0 0 I auditd : type=1400 audit(0.0:17420): avc: denied { kill } for comm="swapper/1" capability=5 scontext=u:r:kernel:s0 tcontext=u:r:kernel:s0 tclass=capability permissive=0
12-10 06:07:05.155 0 0 I auditd : type=1400 audit(0.0:17421): avc: denied { kill } for comm="swapper/1" capability=5 scontext=u:r:kernel:s0 tcontext=u:r:kernel:s0 tclass=capability permissive=0
12-10 06:07:05.260 1351 9974 I liblog : 109
12-10 06:07:05.260 1351 9974 I liblog : 1
12-10 06:07:05.668 1507 1583 I am_uid_idle: 10066
12-10 06:07:06.155 0 0 I auditd : type=1400 audit(0.0:17422): avc: denied { kill } for comm="swapper/1" capability=5 scontext=u:r:kernel:s0 tcontext=u:r:kernel:s0 tclass=capability permissive=0
12-10 06:07:07.155 0 0 I auditd : type=1400 audit(0.0:17423): avc: denied { kill } for comm="swapper/1" capability=5 scontext=u:r:kernel:s0 tcontext=u:r:kernel:s0 tclass=capability permissive=0
12-10 06:07:08.155 0 0 I auditd : type=1400 audit(0.0:17424): avc: denied { kill } for comm="swapper/1" capability=5 scontext=u:r:kernel:s0 tcontext=u:r:kernel:s0 tclass=capability permissive=0
12-10 06:07:09.155 0 0 I auditd : type=1400 audit(0.0:17425): avc: denied { kill } for comm="swapper/1" capability=5 scontext=u:r:kernel:s0 tcontext=u:r:kernel:s0 tclass=capability permissive=0
12-10 06:07:10.155 0 0 I auditd : type=1400 audit(0.0:17426): avc: denied { kill } for comm="swapper/1" capability=5 scontext=u:r:kernel:s0 tcontext=u:r:kernel:s0 tclass=capability permissive=0
12-10 06:07:11.155 0 0 I auditd : type=1400 audit(0.0:17427): avc: denied { kill } for comm="swapper/1" capability=5 scontext=u:r:kernel:s0 tcontext=u:r:kernel:s0 tclass=capability permissive=0
12-10 06:07:12.155 0 0 I auditd : type=1400 audit(0.0:17428): avc: denied { kill } for comm="swapper/1" capability=5 scontext=u:r:kernel:s0 tcontext=u:r:kernel:s0 tclass=capability permissive=0
12-10 06:07:13.155 0 0 I auditd : type=1400 audit(0.0:17429): avc: denied { kill } for comm="swapper/1" capability=5 scontext=u:r:kernel:s0 tcontext=u:r:kernel:s0 tclass=capability permissive=0
12-10 06:07:14.155 0 0 I auditd : type=1400 audit(0.0:17430): avc: denied { kill } for comm="swapper/1" capability=5 scontext=u:r:kernel:s0 tcontext=u:r:kernel:s0 tclass=capability permissive=0
12-10 06:07:15.155 0 0 I auditd : type=1400 audit(0.0:17431): avc: denied { kill } for comm="swapper/1" capability=5 scontext=u:r:kernel:s0 tcontext=u:r:kernel:s0 tclass=capability permissive=0
12-10 06:07:15.185 1351 9974 I liblog : 28
12-10 06:07:16.155 0 0 I auditd : type=1400 audit(0.0:17432): avc: denied { kill } for comm="swapper/1" capability=5 scontext=u:r:kernel:s0 tcontext=u:r:kernel:s0 tclass=capability permissive=0
12-10 06:07:17.155 0 0 I auditd : type=1400 audit(0.0:17433): avc: denied { kill } for comm="swapper/1" capability=5 scontext=u:r:kernel:s0 tcontext=u:r:kernel:s0 tclass=capability permissive=0
12-10 06:07:18.155 0 0 I auditd : type=1400 audit(0.0:17434): avc: denied { kill } for comm="swapper/1" capability=5 scontext=u:r:kernel:s0 tcontext=u:r:kernel:s0 tclass=capability permissive=0
12-10 06:07:19.155 0 0 I auditd : type=1400 audit(0.0:17435): avc: denied { kill } for comm="swapper/1" capability=5 scontext=u:r:kernel:s0 tcontext=u:r:kernel:s0 tclass=capability permissive=0
12-10 06:07:20.155 0 0 I auditd : type=1400 audit(0.0:17436): avc: denied { kill } for comm="swapper/1" capability=5 scontext=u:r:kernel:s0 tcontext=u:r:kernel:s0 tclass=capability permissive=0
12-10 06:07:21.155 0 0 I auditd : type=1400 audit(0.0:17437): avc: denied { kill } for comm="swapper/1" capability=5 scontext=u:r:kernel:s0 tcontext=u:r:kernel:s0 tclass=capability permissive=0
12-10 06:07:22.155 0 0 I auditd : type=1400 audit(0.0:17438): avc: denied { kill } for comm="swapper/1" capability=5 scontext=u:r:kernel:s0 tcontext=u:r:kernel:s0 tclass=capability permissive=0
12-10 06:07:23.155 0 0 I auditd : type=1400 audit(0.0:17439): avc: denied { kill } for comm="swapper/1" capability=5 scontext=u:r:kernel:s0 tcontext=u:r:kernel:s0 tclass=capability permissive=0
12-10 06:07:23.209 1351 9974 I liblog : 180
12-10 06:07:24.155 0 0 I auditd : type=1400 audit(0.0:17440): avc: denied { kill } for comm="swapper/1" capability=5 scontext=u:r:kernel:s0 tcontext=u:r:kernel:s0 tclass=capability permissive=0
12-10 06:07:25.155 0 0 I auditd : type=1400 audit(0.0:17441): avc: denied { kill } for comm="swapper/1" capability=5 scontext=u:r:kernel:s0 tcontext=u:r:kernel:s0 tclass=capability permissive=0
12-10 06:07:25.335 1351 9974 I liblog : 25
12-10 06:07:25.836 1507 1613 V DisplayPowerController[0]: Brightness [0.05] reason changing to: 'manual [ dim ]', previous reason: 'manual'.
12-10 06:07:25.836 1507 1613 I sysui_multi_action: [757,1696,758,6,759,2]
12-10 06:07:25.839 1507 1980 E DisplayDeviceConfig: requesting nits when no mapping exists.
12-10 06:07:25.840 1507 1980 E DisplayDeviceConfig: requesting nits when no mapping exists.
12-10 06:07:25.840 1507 1583 I am_wtf : [0,1507,system_server,-1,DisplayDeviceConfig,requesting nits when no mapping exists.]
12-10 06:07:25.842 1507 1583 I DropBoxManagerService: add tag=system_server_wtf isTagEnabled=true flags=0x2
12-10 06:07:25.843 1507 1583 I am_wtf : [0,1507,system_server,-1,DisplayDeviceConfig,requesting nits when no mapping exists.]
12-10 06:07:25.845 1507 1583 I DropBoxManagerService: add tag=system_server_wtf isTagEnabled=true flags=0x2
12-10 06:07:25.855 1507 1980 E DisplayDeviceConfig: requesting nits when no mapping exists.
12-10 06:07:25.856 1507 1583 I am_wtf : [0,1507,system_server,-1,DisplayDeviceConfig,requesting nits when no mapping exists.]
12-10 06:07:25.856 1507 1980 E DisplayDeviceConfig: requesting nits when no mapping exists.
12-10 06:07:25.857 1507 1583 I service_manager_stats: [100,99,92372]
12-10 06:07:25.857 1507 1583 I DropBoxManagerService: add tag=system_server_wtf isTagEnabled=true flags=0x2
12-10 06:07:25.858 1507 1583 I am_wtf : [0,1507,system_server,-1,DisplayDeviceConfig,requesting nits when no mapping exists.]
12-10 06:07:25.859 1507 1583 I DropBoxManagerService: add tag=system_server_wtf isTagEnabled=true flags=0x2
12-10 06:07:25.872 1507 1980 E DisplayDeviceConfig: requesting nits when no mapping exists.
12-10 06:07:25.872 1507 1980 E DisplayDeviceConfig: requesting nits when no mapping exists.
12-10 06:07:25.872 1507 1583 I am_wtf : [0,1507,system_server,-1,DisplayDeviceConfig,requesting nits when no mapping exists.]
12-10 06:07:25.873 1507 1583 I DropBoxManagerService: add tag=system_server_wtf isTagEnabled=true flags=0x2
12-10 06:07:25.873 1507 1583 I am_wtf : [0,1507,system_server,-1,DisplayDeviceConfig,requesting nits when no mapping exists.]
12-10 06:07:25.884 1507 1980 E DisplayDeviceConfig: requesting nits when no mapping exists.
12-10 06:07:25.884 1507 1583 I am_wtf : [0,1507,system_server,-1,DisplayDeviceConfig,requesting nits when no mapping exists.]
12-10 06:07:25.884 1507 1980 E DisplayDeviceConfig: requesting nits when no mapping exists.
12-10 06:07:25.885 1507 1583 I am_wtf : [0,1507,system_server,-1,DisplayDeviceConfig,requesting nits when no mapping exists.]
12-10 06:07:25.900 1507 1980 E DisplayDeviceConfig: requesting nits when no mapping exists.
12-10 06:07:25.901 1507 1980 E DisplayDeviceConfig: requesting nits when no mapping exists.
12-10 06:07:25.901 1507 1583 I am_wtf : [0,1507,system_server,-1,DisplayDeviceConfig,requesting nits when no mapping exists.]
12-10 06:07:25.902 1507 1583 I am_wtf : [0,1507,system_server,-1,DisplayDeviceConfig,requesting nits when no mapping exists.]
12-10 06:07:25.917 1507 1980 E DisplayDeviceConfig: requesting nits when no mapping exists.
12-10 06:07:25.918 1507 1980 E DisplayDeviceConfig: requesting nits when no mapping exists.
12-10 06:07:25.918 1507 1583 I am_wtf : [0,1507,system_server,-1,DisplayDeviceConfig,requesting nits when no mapping exists.]
12-10 06:07:25.919 1507 1583 I am_wtf : [0,1507,system_server,-1,DisplayDeviceConfig,requesting nits when no mapping exists.]
12-10 06:07:25.934 1507 1980 E DisplayDeviceConfig: requesting nits when no mapping exists.
12-10 06:07:25.935 1507 1583 I am_wtf : [0,1507,system_server,-1,DisplayDeviceConfig,requesting nits when no mapping exists.]
12-10 06:07:25.935 1507 1980 E DisplayDeviceConfig: requesting nits when no mapping exists.
12-10 06:07:25.936 1507 1583 I am_wtf : [0,1507,system_server,-1,DisplayDeviceConfig,requesting nits when no mapping exists.]
12-10 06:07:25.951 1507 1980 E DisplayDeviceConfig: requesting nits when no mapping exists.
12-10 06:07:25.951 1507 1980 E DisplayDeviceConfig: requesting nits when no mapping exists.
12-10 06:07:25.952 1507 1583 I am_wtf : [0,1507,system_server,-1,DisplayDeviceConfig,requesting nits when no mapping exists.]
12-10 06:07:25.953 1507 1583 I am_wtf : [0,1507,system_server,-1,DisplayDeviceConfig,requesting nits when no mapping exists.]
12-10 06:07:25.967 1507 1980 E DisplayDeviceConfig: requesting nits when no mapping exists.
12-10 06:07:25.969 1507 1583 I am_wtf : [0,1507,system_server,-1,DisplayDeviceConfig,requesting nits when no mapping exists.]
12-10 06:07:25.969 1507 1980 E DisplayDeviceConfig: requesting nits when no mapping exists.
12-10 06:07:25.970 1507 1583 I am_wtf : [0,1507,system_server,-1,DisplayDeviceConfig,requesting nits when no mapping exists.]
12-10 06:07:25.984 1507 1980 E DisplayDeviceConfig: requesting nits when no mapping exists.
12-10 06:07:25.985 1507 1583 I am_wtf : [0,1507,system_server,-1,DisplayDeviceConfig,requesting nits when no mapping exists.]
12-10 06:07:25.985 1507 1980 E DisplayDeviceConfig: requesting nits when no mapping exists.
12-10 06:07:25.986 1507 1583 I am_wtf : [0,1507,system_server,-1,DisplayDeviceConfig,requesting nits when no mapping exists.]
12-10 06:07:26.001 1507 1980 E DisplayDeviceConfig: requesting nits when no mapping exists.
12-10 06:07:26.002 1507 1980 E DisplayDeviceConfig: requesting nits when no mapping exists.
12-10 06:07:26.002 1507 1583 I am_wtf : [0,1507,system_server,-1,DisplayDeviceConfig,requesting nits when no mapping exists.]
12-10 06:07:26.003 1507 1583 I am_wtf : [0,1507,system_server,-1,DisplayDeviceConfig,requesting nits when no mapping exists.]
12-10 06:07:26.018 1507 1980 E DisplayDeviceConfig: requesting nits when no mapping exists.
12-10 06:07:26.018 1507 1583 I am_wtf : [0,1507,system_server,-1,DisplayDeviceConfig,requesting nits when no mapping exists.]
12-10 06:07:26.019 1507 1980 E DisplayDeviceConfig: requesting nits when no mapping exists.
12-10 06:07:26.020 1507 1583 I am_wtf : [0,1507,system_server,-1,DisplayDeviceConfig,requesting nits when no mapping exists.]
12-10 06:07:26.034 1507 1980 E DisplayDeviceConfig: requesting nits when no mapping exists.
12-10 06:07:26.035 1507 1583 I am_wtf : [0,1507,system_server,-1,DisplayDeviceConfig,requesting nits when no mapping exists.]
12-10 06:07:26.035 1507 1980 E DisplayDeviceConfig: requesting nits when no mapping exists.
12-10 06:07:26.036 1507 1583 I am_wtf : [0,1507,system_server,-1,DisplayDeviceConfig,requesting nits when no mapping exists.]
12-10 06:07:26.051 1507 1980 E DisplayDeviceConfig: requesting nits when no mapping exists.
12-10 06:07:26.051 1507 1583 I am_wtf : [0,1507,system_server,-1,DisplayDeviceConfig,requesting nits when no mapping exists.]
12-10 06:07:26.051 1507 1980 E DisplayDeviceConfig: requesting nits when no mapping exists.
12-10 06:07:26.052 1507 1583 I am_wtf : [0,1507,system_server,-1,DisplayDeviceConfig,requesting nits when no mapping exists.]
12-10 06:07:26.067 1507 1980 E DisplayDeviceConfig: requesting nits when no mapping exists.
12-10 06:07:26.068 1507 1980 E DisplayDeviceConfig: requesting nits when no mapping exists.
12-10 06:07:26.068 1507 1583 I am_wtf : [0,1507,system_server,-1,DisplayDeviceConfig,requesting nits when no mapping exists.]
12-10 06:07:26.070 1507 1583 I am_wtf : [0,1507,system_server,-1,DisplayDeviceConfig,requesting nits when no mapping exists.]
12-10 06:07:26.084 1507 1980 E DisplayDeviceConfig: requesting nits when no mapping exists.
12-10 06:07:26.085 1507 1583 I am_wtf : [0,1507,system_server,-1,DisplayDeviceConfig,requesting nits when no mapping exists.]
12-10 06:07:26.085 1507 1980 E DisplayDeviceConfig: requesting nits when no mapping exists.
12-10 06:07:26.086 1507 1583 I am_wtf : [0,1507,system_server,-1,DisplayDeviceConfig,requesting nits when no mapping exists.]
12-10 06:07:26.101 1507 1980 E DisplayDeviceConfig: requesting nits when no mapping exists.
12-10 06:07:26.102 1507 1980 E DisplayDeviceConfig: requesting nits when no mapping exists.
12-10 06:07:26.102 1507 1583 I am_wtf : [0,1507,system_server,-1,DisplayDeviceConfig,requesting nits when no mapping exists.]
12-10 06:07:26.103 1507 1583 I am_wtf : [0,1507,system_server,-1,DisplayDeviceConfig,requesting nits when no mapping exists.]
12-10 06:07:26.118 1507 1980 E DisplayDeviceConfig: requesting nits when no mapping exists.
12-10 06:07:26.118 1507 1980 E DisplayDeviceConfig: requesting nits when no mapping exists.
12-10 06:07:26.119 1507 1583 I am_wtf : [0,1507,system_server,-1,DisplayDeviceConfig,requesting nits when no mapping exists.]
12-10 06:07:26.120 1507 1583 I am_wtf : [0,1507,system_server,-1,DisplayDeviceConfig,requesting nits when no mapping exists.]
12-10 06:07:26.135 1507 1980 E DisplayDeviceConfig: requesting nits when no mapping exists.
12-10 06:07:26.135 1507 1980 E DisplayDeviceConfig: requesting nits when no mapping exists.
12-10 06:07:26.135 1507 1583 I am_wtf : [0,1507,system_server,-1,DisplayDeviceConfig,requesting nits when no mapping exists.]
12-10 06:07:26.137 1507 1583 I am_wtf : [0,1507,system_server,-1,DisplayDeviceConfig,requesting nits when no mapping exists.]
12-10 06:07:26.151 1507 1980 E DisplayDeviceConfig: requesting nits when no mapping exists.
12-10 06:07:26.152 1507 1980 E DisplayDeviceConfig: requesting nits when no mapping exists.
12-10 06:07:26.152 1507 1583 I am_wtf : [0,1507,system_server,-1,DisplayDeviceConfig,requesting nits when no mapping exists.]
12-10 06:07:26.153 1507 1583 I am_wtf : [0,1507,system_server,-1,DisplayDeviceConfig,requesting nits when no mapping exists.]
12-10 06:07:26.155 473 473 I auditd : type=1400 audit(0.0:17442): avc: denied { kill } for comm="ueventd" capability=5 scontext=u:r:ueventd:s0 tcontext=u:r:ueventd:s0 tclass=capability permissive=0
12-10 06:07:26.168 1507 1980 E DisplayDeviceConfig: requesting nits when no mapping exists.
12-10 06:07:26.168 1507 1583 I am_wtf : [0,1507,system_server,-1,DisplayDeviceConfig,requesting nits when no mapping exists.]
12-10 06:07:26.168 1507 1980 E DisplayDeviceConfig: requesting nits when no mapping exists.
12-10 06:07:26.169 1507 1583 I am_wtf : [0,1507,system_server,-1,DisplayDeviceConfig,requesting nits when no mapping exists.]
12-10 06:07:26.185 1507 1980 E DisplayDeviceConfig: requesting nits when no mapping exists.
12-10 06:07:26.185 1507 1980 E DisplayDeviceConfig: requesting nits when no mapping exists.
12-10 06:07:26.185 1507 1583 I am_wtf : [0,1507,system_server,-1,DisplayDeviceConfig,requesting nits when no mapping exists.]
12-10 06:07:26.186 1507 1583 I am_wtf : [0,1507,system_server,-1,DisplayDeviceConfig,requesting nits when no mapping exists.]
12-10 06:07:26.201 1507 1980 E DisplayDeviceConfig: requesting nits when no mapping exists.
12-10 06:07:26.202 1507 1980 E DisplayDeviceConfig: requesting nits when no mapping exists.
12-10 06:07:26.202 1507 1583 I am_wtf : [0,1507,system_server,-1,DisplayDeviceConfig,requesting nits when no mapping exists.]
12-10 06:07:26.203 1507 1583 I am_wtf : [0,1507,system_server,-1,DisplayDeviceConfig,requesting nits when no mapping exists.]
12-10 06:07:26.218 1507 1980 E DisplayDeviceConfig: requesting nits when no mapping exists.
12-10 06:07:26.218 1507 1980 E DisplayDeviceConfig: requesting nits when no mapping exists.
12-10 06:07:26.218 1507 1583 I am_wtf : [0,1507,system_server,-1,DisplayDeviceConfig,requesting nits when no mapping exists.]
12-10 06:07:26.219 1507 1583 I am_wtf : [0,1507,system_server,-1,DisplayDeviceConfig,requesting nits when no mapping exists.]
12-10 06:07:26.235 1507 1980 E DisplayDeviceConfig: requesting nits when no mapping exists.
12-10 06:07:26.235 1507 1980 E DisplayDeviceConfig: requesting nits when no mapping exists.
12-10 06:07:26.235 1507 1583 I am_wtf : [0,1507,system_server,-1,DisplayDeviceConfig,requesting nits when no mapping exists.]
12-10 06:07:26.241 1507 1583 I am_wtf : [0,1507,system_server,-1,DisplayDeviceConfig,requesting nits when no mapping exists.]
12-10 06:07:26.251 1507 1980 E DisplayDeviceConfig: requesting nits when no mapping exists.
12-10 06:07:26.252 1507 1980 E DisplayDeviceConfig: requesting nits when no mapping exists.
12-10 06:07:26.252 1507 1583 I am_wtf : [0,1507,system_server,-1,DisplayDeviceConfig,requesting nits when no mapping exists.]
12-10 06:07:26.253 1507 1583 I am_wtf : [0,1507,system_server,-1,DisplayDeviceConfig,requesting nits when no mapping exists.]
12-10 06:07:26.268 1507 1980 E DisplayDeviceConfig: requesting nits when no mapping exists.
12-10 06:07:26.269 1507 1583 I am_wtf : [0,1507,system_server,-1,DisplayDeviceConfig,requesting nits when no mapping exists.]
12-10 06:07:26.269 1507 1980 E DisplayDeviceConfig: requesting nits when no mapping exists.
12-10 06:07:26.270 1507 1583 I am_wtf : [0,1507,system_server,-1,DisplayDeviceConfig,requesting nits when no mapping exists.]
12-10 06:07:26.285 1507 1980 E DisplayDeviceConfig: requesting nits when no mapping exists.
12-10 06:07:26.285 1507 1980 E DisplayDeviceConfig: requesting nits when no mapping exists.
12-10 06:07:26.285 1507 1583 I am_wtf : [0,1507,system_server,-1,DisplayDeviceConfig,requesting nits when no mapping exists.]
12-10 06:07:26.286 1507 1583 I am_wtf : [0,1507,system_server,-1,DisplayDeviceConfig,requesting nits when no mapping exists.]
12-10 06:07:26.301 1507 1980 E DisplayDeviceConfig: requesting nits when no mapping exists.
12-10 06:07:26.302 1507 1980 E DisplayDeviceConfig: requesting nits when no mapping exists.
12-10 06:07:26.302 1507 1583 I am_wtf : [0,1507,system_server,-1,DisplayDeviceConfig,requesting nits when no mapping exists.]
12-10 06:07:26.303 1507 1583 I am_wtf : [0,1507,system_server,-1,DisplayDeviceConfig,requesting nits when no mapping exists.]
12-10 06:07:26.318 1507 1980 E DisplayDeviceConfig: requesting nits when no mapping exists.
12-10 06:07:26.319 1507 1583 I am_wtf : [0,1507,system_server,-1,DisplayDeviceConfig,requesting nits when no mapping exists.]
12-10 06:07:26.320 1507 1980 E DisplayDeviceConfig: requesting nits when no mapping exists.
12-10 06:07:26.320 1507 1583 I am_wtf : [0,1507,system_server,-1,DisplayDeviceConfig,requesting nits when no mapping exists.]
12-10 06:07:26.335 1507 1980 E DisplayDeviceConfig: requesting nits when no mapping exists.
12-10 06:07:26.335 1507 1980 E DisplayDeviceConfig: requesting nits when no mapping exists.
12-10 06:07:26.335 1507 1583 I am_wtf : [0,1507,system_server,-1,DisplayDeviceConfig,requesting nits when no mapping exists.]
12-10 06:07:26.336 1507 1583 I am_wtf : [0,1507,system_server,-1,DisplayDeviceConfig,requesting nits when no mapping exists.]
12-10 06:07:26.351 1507 1980 E DisplayDeviceConfig: requesting nits when no mapping exists.
12-10 06:07:26.352 1507 1980 E DisplayDeviceConfig: requesting nits when no mapping exists.
12-10 06:07:26.352 1507 1583 I am_wtf : [0,1507,system_server,-1,DisplayDeviceConfig,requesting nits when no mapping exists.]
12-10 06:07:26.353 1507 1583 I am_wtf : [0,1507,system_server,-1,DisplayDeviceConfig,requesting nits when no mapping exists.]
12-10 06:07:26.369 1507 1980 E DisplayDeviceConfig: requesting nits when no mapping exists.
12-10 06:07:26.369 1507 1980 E DisplayDeviceConfig: requesting nits when no mapping exists.
12-10 06:07:26.369 1507 1583 I am_wtf : [0,1507,system_server,-1,DisplayDeviceConfig,requesting nits when no mapping exists.]
12-10 06:07:26.370 1507 1583 I am_wtf : [0,1507,system_server,-1,DisplayDeviceConfig,requesting nits when no mapping exists.]
12-10 06:07:26.385 1507 1980 E DisplayDeviceConfig: requesting nits when no mapping exists.
12-10 06:07:26.386 1507 1583 I am_wtf : [0,1507,system_server,-1,DisplayDeviceConfig,requesting nits when no mapping exists.]
12-10 06:07:26.386 1507 1980 E DisplayDeviceConfig: requesting nits when no mapping exists.
12-10 06:07:26.387 1507 1583 I am_wtf : [0,1507,system_server,-1,DisplayDeviceConfig,requesting nits when no mapping exists.]
12-10 06:07:26.401 1507 1980 E DisplayDeviceConfig: requesting nits when no mapping exists.
12-10 06:07:26.402 1507 1980 E DisplayDeviceConfig: requesting nits when no mapping exists.
12-10 06:07:26.402 1507 1583 I am_wtf : [0,1507,system_server,-1,DisplayDeviceConfig,requesting nits when no mapping exists.]
12-10 06:07:26.403 1507 1583 I am_wtf : [0,1507,system_server,-1,DisplayDeviceConfig,requesting nits when no mapping exists.]
12-10 06:07:26.418 1507 1980 E DisplayDeviceConfig: requesting nits when no mapping exists.
12-10 06:07:26.419 1507 1583 I am_wtf : [0,1507,system_server,-1,DisplayDeviceConfig,requesting nits when no mapping exists.]
12-10 06:07:26.420 1507 1980 E DisplayDeviceConfig: requesting nits when no mapping exists.
12-10 06:07:26.420 1507 1583 I am_wtf : [0,1507,system_server,-1,DisplayDeviceConfig,requesting nits when no mapping exists.]
12-10 06:07:26.435 1507 1980 E DisplayDeviceConfig: requesting nits when no mapping exists.
12-10 06:07:26.436 1507 1980 E DisplayDeviceConfig: requesting nits when no mapping exists.
12-10 06:07:26.436 1507 1583 I am_wtf : [0,1507,system_server,-1,DisplayDeviceConfig,requesting nits when no mapping exists.]
12-10 06:07:26.437 1507 1583 I am_wtf : [0,1507,system_server,-1,DisplayDeviceConfig,requesting nits when no mapping exists.]
12-10 06:07:26.452 1507 1980 E DisplayDeviceConfig: requesting nits when no mapping exists.
12-10 06:07:26.452 1507 1583 I am_wtf : [0,1507,system_server,-1,DisplayDeviceConfig,requesting nits when no mapping exists.]
12-10 06:07:26.452 1507 1980 E DisplayDeviceConfig: requesting nits when no mapping exists.
12-10 06:07:26.454 1507 1583 I am_wtf : [0,1507,system_server,-1,DisplayDeviceConfig,requesting nits when no mapping exists.]
12-10 06:07:26.468 1507 1980 E DisplayDeviceConfig: requesting nits when no mapping exists.
12-10 06:07:26.469 1507 1583 I am_wtf : [0,1507,system_server,-1,DisplayDeviceConfig,requesting nits when no mapping exists.]
12-10 06:07:26.471 1507 1980 E DisplayDeviceConfig: requesting nits when no mapping exists.
12-10 06:07:26.471 1507 1583 I am_wtf : [0,1507,system_server,-1,DisplayDeviceConfig,requesting nits when no mapping exists.]
12-10 06:07:26.485 1507 1980 E DisplayDeviceConfig: requesting nits when no mapping exists.
12-10 06:07:26.486 1507 1583 I am_wtf : [0,1507,system_server,-1,DisplayDeviceConfig,requesting nits when no mapping exists.]
12-10 06:07:26.486 1507 1980 E DisplayDeviceConfig: requesting nits when no mapping exists.
12-10 06:07:26.487 1507 1583 I am_wtf : [0,1507,system_server,-1,DisplayDeviceConfig,requesting nits when no mapping exists.]
12-10 06:07:26.502 1507 1980 E DisplayDeviceConfig: requesting nits when no mapping exists.
12-10 06:07:26.502 1507 1583 I am_wtf : [0,1507,system_server,-1,DisplayDeviceConfig,requesting nits when no mapping exists.]
12-10 06:07:26.502 1507 1980 E DisplayDeviceConfig: requesting nits when no mapping exists.
12-10 06:07:26.503 1507 1583 I am_wtf : [0,1507,system_server,-1,DisplayDeviceConfig,requesting nits when no mapping exists.]
12-10 06:07:26.518 1507 1980 E DisplayDeviceConfig: requesting nits when no mapping exists.
12-10 06:07:26.519 1507 1583 I am_wtf : [0,1507,system_server,-1,DisplayDeviceConfig,requesting nits when no mapping exists.]
12-10 06:07:26.519 1507 1980 E DisplayDeviceConfig: requesting nits when no mapping exists.
12-10 06:07:26.520 1507 1583 I am_wtf : [0,1507,system_server,-1,DisplayDeviceConfig,requesting nits when no mapping exists.]
12-10 06:07:26.535 1507 1980 E DisplayDeviceConfig: requesting nits when no mapping exists.
12-10 06:07:26.536 1507 1583 I am_wtf : [0,1507,system_server,-1,DisplayDeviceConfig,requesting nits when no mapping exists.]
12-10 06:07:26.536 1507 1980 E DisplayDeviceConfig: requesting nits when no mapping exists.
12-10 06:07:26.537 1507 1583 I am_wtf : [0,1507,system_server,-1,DisplayDeviceConfig,requesting nits when no mapping exists.]
12-10 06:07:26.552 1507 1980 E DisplayDeviceConfig: requesting nits when no mapping exists.
12-10 06:07:26.553 1507 1980 E DisplayDeviceConfig: requesting nits when no mapping exists.
12-10 06:07:26.553 1507 1583 I am_wtf : [0,1507,system_server,-1,DisplayDeviceConfig,requesting nits when no mapping exists.]
12-10 06:07:26.554 1507 1583 I am_wtf : [0,1507,system_server,-1,DisplayDeviceConfig,requesting nits when no mapping exists.]
12-10 06:07:26.569 1507 1980 E DisplayDeviceConfig: requesting nits when no mapping exists.
12-10 06:07:26.570 1507 1980 E DisplayDeviceConfig: requesting nits when no mapping exists.
12-10 06:07:26.570 1507 1583 I am_wtf : [0,1507,system_server,-1,DisplayDeviceConfig,requesting nits when no mapping exists.]
12-10 06:07:26.570 1507 1583 I am_wtf : [0,1507,system_server,-1,DisplayDeviceConfig,requesting nits when no mapping exists.]
12-10 06:07:26.585 1507 1980 E DisplayDeviceConfig: requesting nits when no mapping exists.
12-10 06:07:26.586 1507 1583 I am_wtf : [0,1507,system_server,-1,DisplayDeviceConfig,requesting nits when no mapping exists.]
12-10 06:07:26.586 1507 1980 E DisplayDeviceConfig: requesting nits when no mapping exists.
12-10 06:07:26.587 1507 1583 I am_wtf : [0,1507,system_server,-1,DisplayDeviceConfig,requesting nits when no mapping exists.]
12-10 06:07:26.602 1507 1980 E DisplayDeviceConfig: requesting nits when no mapping exists.
12-10 06:07:26.603 1507 1583 I am_wtf : [0,1507,system_server,-1,DisplayDeviceConfig,requesting nits when no mapping exists.]
12-10 06:07:26.604 1507 1980 E DisplayDeviceConfig: requesting nits when no mapping exists.
12-10 06:07:26.605 1507 1583 I am_wtf : [0,1507,system_server,-1,DisplayDeviceConfig,requesting nits when no mapping exists.]
12-10 06:07:26.619 1507 1980 E DisplayDeviceConfig: requesting nits when no mapping exists.
12-10 06:07:26.619 1507 1583 I am_wtf : [0,1507,system_server,-1,DisplayDeviceConfig,requesting nits when no mapping exists.]
12-10 06:07:26.619 1507 1980 E DisplayDeviceConfig: requesting nits when no mapping exists.
12-10 06:07:26.620 1507 1583 I am_wtf : [0,1507,system_server,-1,DisplayDeviceConfig,requesting nits when no mapping exists.]
12-10 06:07:26.636 1507 1980 E DisplayDeviceConfig: requesting nits when no mapping exists.
12-10 06:07:26.636 1507 1583 I am_wtf : [0,1507,system_server,-1,DisplayDeviceConfig,requesting nits when no mapping exists.]
12-10 06:07:26.637 1507 1980 E DisplayDeviceConfig: requesting nits when no mapping exists.
12-10 06:07:26.638 1507 1583 I am_wtf : [0,1507,system_server,-1,DisplayDeviceConfig,requesting nits when no mapping exists.]
12-10 06:07:26.652 1507 1980 E DisplayDeviceConfig: requesting nits when no mapping exists.
12-10 06:07:26.653 1507 1583 I am_wtf : [0,1507,system_server,-1,DisplayDeviceConfig,requesting nits when no mapping exists.]
12-10 06:07:26.654 1507 1980 E DisplayDeviceConfig: requesting nits when no mapping exists.
12-10 06:07:26.655 1507 1583 I am_wtf : [0,1507,system_server,-1,DisplayDeviceConfig,requesting nits when no mapping exists.]
12-10 06:07:26.669 1507 1980 E DisplayDeviceConfig: requesting nits when no mapping exists.
12-10 06:07:26.670 1507 1583 I am_wtf : [0,1507,system_server,-1,DisplayDeviceConfig,requesting nits when no mapping exists.]
12-10 06:07:26.670 1507 1980 E DisplayDeviceConfig: requesting nits when no mapping exists.
12-10 06:07:26.671 1507 1583 I am_wtf : [0,1507,system_server,-1,DisplayDeviceConfig,requesting nits when no mapping exists.]
12-10 06:07:26.686 1507 1980 E DisplayDeviceConfig: requesting nits when no mapping exists.
12-10 06:07:26.686 1507 1583 I am_wtf : [0,1507,system_server,-1,DisplayDeviceConfig,requesting nits when no mapping exists.]
12-10 06:07:26.686 1507 1980 E DisplayDeviceConfig: requesting nits when no mapping exists.
12-10 06:07:26.687 1507 1583 I am_wtf : [0,1507,system_server,-1,DisplayDeviceConfig,requesting nits when no mapping exists.]
12-10 06:07:26.703 1507 1980 E DisplayDeviceConfig: requesting nits when no mapping exists.
12-10 06:07:26.703 1507 1583 I am_wtf : [0,1507,system_server,-1,DisplayDeviceConfig,requesting nits when no mapping exists.]
12-10 06:07:26.705 1507 1980 E DisplayDeviceConfig: requesting nits when no mapping exists.
12-10 06:07:26.705 1507 1583 I am_wtf : [0,1507,system_server,-1,DisplayDeviceConfig,requesting nits when no mapping exists.]
12-10 06:07:26.719 1507 1980 E DisplayDeviceConfig: requesting nits when no mapping exists.
12-10 06:07:26.719 1507 1583 I am_wtf : [0,1507,system_server,-1,DisplayDeviceConfig,requesting nits when no mapping exists.]
12-10 06:07:26.719 1507 1980 E DisplayDeviceConfig: requesting nits when no mapping exists.
12-10 06:07:26.720 1507 1583 I am_wtf : [0,1507,system_server,-1,DisplayDeviceConfig,requesting nits when no mapping exists.]
12-10 06:07:26.737 1507 1980 E DisplayDeviceConfig: requesting nits when no mapping exists.
12-10 06:07:26.737 1507 1583 I am_wtf : [0,1507,system_server,-1,DisplayDeviceConfig,requesting nits when no mapping exists.]
12-10 06:07:26.738 1507 1980 E DisplayDeviceConfig: requesting nits when no mapping exists.
12-10 06:07:26.739 1507 1583 I am_wtf : [0,1507,system_server,-1,DisplayDeviceConfig,requesting nits when no mapping exists.]
12-10 06:07:26.753 1507 1980 E DisplayDeviceConfig: requesting nits when no mapping exists.
12-10 06:07:26.754 1507 1583 I am_wtf : [0,1507,system_server,-1,DisplayDeviceConfig,requesting nits when no mapping exists.]
12-10 06:07:26.754 1507 1980 E DisplayDeviceConfig: requesting nits when no mapping exists.
12-10 06:07:26.755 1507 1583 I am_wtf : [0,1507,system_server,-1,DisplayDeviceConfig,requesting nits when no mapping exists.]
12-10 06:07:26.769 1507 1980 E DisplayDeviceConfig: requesting nits when no mapping exists.
12-10 06:07:26.770 1507 1583 I am_wtf : [0,1507,system_server,-1,DisplayDeviceConfig,requesting nits when no mapping exists.]
12-10 06:07:26.770 1507 1980 E DisplayDeviceConfig: requesting nits when no mapping exists.
12-10 06:07:26.771 1507 1583 I am_wtf : [0,1507,system_server,-1,DisplayDeviceConfig,requesting nits when no mapping exists.]
12-10 06:07:26.786 1507 1980 E DisplayDeviceConfig: requesting nits when no mapping exists.
12-10 06:07:26.787 1507 1583 I am_wtf : [0,1507,system_server,-1,DisplayDeviceConfig,requesting nits when no mapping exists.]
12-10 06:07:26.787 1507 1980 E DisplayDeviceConfig: requesting nits when no mapping exists.
12-10 06:07:26.788 1507 1583 I am_wtf : [0,1507,system_server,-1,DisplayDeviceConfig,requesting nits when no mapping exists.]
12-10 06:07:27.155 0 0 I auditd : type=1400 audit(0.0:17443): avc: denied { kill } for comm="swapper/1" capability=5 scontext=u:r:kernel:s0 tcontext=u:r:kernel:s0 tclass=capability permissive=0
12-10 06:07:28.155 0 0 I auditd : type=1400 audit(0.0:17444): avc: denied { kill } for comm="swapper/1" capability=5 scontext=u:r:kernel:s0 tcontext=u:r:kernel:s0 tclass=capability permissive=0
12-10 06:07:28.717 1507 1583 I am_uid_idle: 10090
12-10 06:07:29.155 0 0 I auditd : type=1400 audit(0.0:17445): avc: denied { kill } for comm="swapper/1" capability=5 scontext=u:r:kernel:s0 tcontext=u:r:kernel:s0 tclass=capability permissive=0
12-10 06:07:30.155 0 0 I auditd : type=1400 audit(0.0:17446): avc: denied { kill } for comm="swapper/1" capability=5 scontext=u:r:kernel:s0 tcontext=u:r:kernel:s0 tclass=capability permissive=0
12-10 06:07:31.155 0 0 I auditd : type=1400 audit(0.0:17447): avc: denied { kill } for comm="swapper/1" capability=5 scontext=u:r:kernel:s0 tcontext=u:r:kernel:s0 tclass=capability permissive=0
12-10 06:07:32.825 1507 1613 I PowerManagerService: Napping display group (groupId=0, uid=1000)...
12-10 06:07:32.825 1507 1613 I PowerManagerService: Nap time (uid 1000)...
12-10 06:07:32.829 1507 1613 I DreamManagerService: Entering dreamland.
12-10 06:07:32.836 1507 1613 I PowerManagerService: Dreaming...
12-10 06:07:32.841 1507 1564 I DreamController: Starting dream: name=ComponentInfo{com.thundercomm.screensaver/com.thundercomm.saverclock.service.ClockScreensaver}, isTest=false, canDoze=false, userId=0
12-10 06:07:32.841 1507 1564 I sysui_multi_action: [757,222,758,1]
12-10 06:07:32.843 1507 1564 I am_uid_running: 10052
12-10 06:07:32.844 1507 1564 D CompatibilityChangeReporter: Compat change id reported: 135634846; UID 10052; state: DISABLED
12-10 06:07:32.844 1507 1564 D CompatibilityChangeReporter: Compat change id reported: 177438394; UID 10052; state: DISABLED
12-10 06:07:32.844 1507 1564 D CompatibilityChangeReporter: Compat change id reported: 135772972; UID 10052; state: DISABLED
12-10 06:07:32.844 1507 1564 D CompatibilityChangeReporter: Compat change id reported: 135754954; UID 10052; state: ENABLED
12-10 06:07:32.845 1507 1584 D CompatibilityChangeReporter: Compat change id reported: 143937733; UID 10052; state: ENABLED
12-10 06:07:32.861 1507 1581 I am_pss : [13893,10069,com.android.deskclock,49161216,43552768,0,169558016,0,2,12]
12-10 06:07:32.868 1507 1584 I am_proc_start: [0,14020,10052,com.thundercomm.screensaver,service,{com.thundercomm.screensaver/com.thundercomm.saverclock.service.ClockScreensaver}]
12-10 06:07:32.868 1507 1584 I ActivityManager: Start proc 14020:com.thundercomm.screensaver/u0a52 for service {com.thundercomm.screensaver/com.thundercomm.saverclock.service.ClockScreensaver}
12-10 06:07:32.878 1507 1581 I am_pss : [13833,1000,com.android.settings,160071680,149983232,0,290476032,0,2,14]
12-10 06:07:32.885 1507 1581 I am_pss : [13816,10032,com.android.musicfx,5592064,3837952,0,89874432,0,19,5]
12-10 06:07:32.900 1507 11870 I am_proc_bound: [0,14020,com.thundercomm.screensaver]
12-10 06:07:32.900 1507 11870 I service_manager_stats: [114,62,7043]
12-10 06:07:32.903 1507 11870 I am_uid_active: 10052
12-10 06:07:32.947 14020 14020 D MicroServiceManager: add linkToDeath
12-10 06:07:32.947 14020 14020 D MicroServiceManager: bindMicroService: called already get service
12-10 06:07:32.947 14020 14020 I MicroServiceManager: addCommonCallbackListener add listener
12-10 06:07:32.947 14020 14020 I MicroServiceManager: addConnectChangedListener add listener
12-10 06:07:32.953 1507 2133 I ActivityTaskManager: START u0 {flg=0x10000000 pkg=com.thundercomm.screensaver cmp=com.thundercomm.screensaver/android.service.dreams.DreamActivity (has extras)} from uid 10052
12-10 06:07:32.956 1507 2133 D CompatibilityChangeReporter: Compat change id reported: 184838306; UID 10052; state: DISABLED
12-10 06:07:32.957 1507 2133 D CompatibilityChangeReporter: Compat change id reported: 185004937; UID 10052; state: DISABLED
12-10 06:07:32.957 1507 2133 D CompatibilityChangeReporter: Compat change id reported: 181136395; UID 10052; state: DISABLED
12-10 06:07:32.957 1507 2133 D CompatibilityChangeReporter: Compat change id reported: 174042936; UID 10052; state: DISABLED
12-10 06:07:32.958 1507 2133 D CompatibilityChangeReporter: Compat change id reported: 174042980; UID 10052; state: DISABLED
12-10 06:07:32.959 1507 2133 I wm_task_created: [130,-1]
12-10 06:07:32.959 1507 2133 W ActivityTaskManager: Can't find TaskDisplayArea to determine support for multi window. Task id=130 attached=false
12-10 06:07:32.963 1507 2133 I wm_task_moved: [130,1,9]
12-10 06:07:32.963 1507 2133 I wm_task_to_front: [0,130]
12-10 06:07:32.964 1507 2133 I wm_create_task: [0,130]
12-10 06:07:32.964 1507 2133 I wm_create_activity: [0,53551379,130,com.thundercomm.screensaver/android.service.dreams.DreamActivity,NULL,NULL,NULL,276824064]
12-10 06:07:32.964 1507 2133 I wm_task_moved: [130,1,9]
12-10 06:07:32.964 13893 13893 I wm_on_top_resumed_lost_called: [7704750,com.android.deskclock.DeskClock,topStateChangedWhenResumed]
12-10 06:07:32.966 1507 2133 I wm_pause_activity: [0,160875417,com.android.settings/.Settings,userLeaving=true,pauseBackTasks]
12-10 06:07:32.968 1507 2133 W WindowManager: updateScale0.7996942
12-10 06:07:32.969 13833 13833 I sysui_multi_action: [757,35,758,2,1089,59966]
12-10 06:07:32.977 13833 13833 I sysui_multi_action: [757,746,758,2,1089,59961]
12-10 06:07:32.987 13833 13833 I wm_on_paused_called: [160875417,com.android.settings.Settings,performPause]
12-10 06:07:32.988 1507 11870 I ActivityTaskManager: FOREGROUND_APPLICATION_CHANGED to android.service.dreams.DreamActivity
12-10 06:07:32.989 1507 11870 I ActivityTaskManager: The Process com.thundercomm.screensaver Already Exists in BG. So sending its PID: 14020
12-10 06:07:32.990 1507 11870 I wm_add_to_stopping: [0,160875417,com.android.settings/.Settings,makeInvisible]
12-10 06:07:32.991 1507 11870 I wm_restart_activity: [0,53551379,130,com.thundercomm.screensaver/android.service.dreams.DreamActivity]
12-10 06:07:32.995 1507 11870 I wm_set_resumed_activity: [0,com.thundercomm.screensaver/android.service.dreams.DreamActivity,minimalResumeActivityLocked]
12-10 06:07:33.002 1507 1568 I sysui_multi_action: [757,803,799,window_time_2,802,60]
12-10 06:07:33.012 14020 14020 I wm_on_create_called: [53551379,android.service.dreams.DreamActivity,performCreate]
12-10 06:07:33.013 14020 14020 I wm_on_start_called: [53551379,android.service.dreams.DreamActivity,handleStartActivity]
12-10 06:07:33.014 14020 14020 I wm_on_resume_called: [53551379,android.service.dreams.DreamActivity,RESUME_ACTIVITY]
12-10 06:07:33.016 8492 8527 W ContextImpl: Calling a method in the system process without a qualified user: android.app.ContextImpl.startService:1816 android.content.ContextWrapper.startService:774 com.thundercomm.gamemode.ingame.services.GameModeActionUtils.startGameModeService:99 com.thundercomm.gamemode.ingame.services.GameModeActionUtils.startGameModeEntry:22 com.thundercomm.gamemode.ingame.services.ActivityMonitoringService$1.onActivityLaunch:127
12-10 06:07:33.025 1507 1507 I GameModeConfig: Current uri is uri = content://com.thundercomm.gamemode.api/gamemode_settings/gamemode_isgaming
12-10 06:07:33.028 1507 11870 W WindowManager: Failed looking up window session=Session{ca99f8b 14020:u0a10052} callers=com.android.server.wm.WindowManagerService.windowForClientLocked:5628 com.android.server.wm.Session.insetsModified:629 android.view.IWindowSession$Stub.onTransact:1151
12-10 06:07:33.028 1507 1507 I GameModeConfig: isGameModeOn = true
12-10 06:07:33.028 1507 1507 I GameModeConfig: isGaming = false
12-10 06:07:33.029 1507 1507 I GameModeConfig: isGameModeOn = true
12-10 06:07:33.029 1507 1507 I GameModeConfig: isGaming = false
12-10 06:07:33.029 1507 1507 I GameModeConfig: isDisableVoice = true
12-10 06:07:33.035 14020 14020 I wm_on_top_resumed_gained_called: [53551379,android.service.dreams.DreamActivity,topStateChangedWhenResumed]
12-10 06:07:33.065 1507 11870 W WindowManager: updateScale0.7996942
12-10 06:07:33.069 1507 1569 I input_focus: [Focus request 2fb0926 com.thundercomm.screensaver/android.service.dreams.DreamActivity,reason=UpdateInputWindows]
12-10 06:07:33.073 1507 1909 I GameModeConfig: isGameModeOn = true
12-10 06:07:33.074 2004 2004 I sysui_multi_action: [757,111,758,2]
12-10 06:07:33.074 2004 2004 I sysui_multi_action: [757,111,758,2]
12-10 06:07:33.073 1507 1909 I GameModeConfig: isGaming = false
12-10 06:07:33.078 1507 1909 I GameModeConfig: isGameModeOn = true
12-10 06:07:33.078 1507 1909 I GameModeConfig: isGaming = false
12-10 06:07:33.078 1507 1909 I GameModeConfig: isGameModeOn = true
12-10 06:07:33.078 1507 1909 I GameModeConfig: isGaming = false
12-10 06:07:33.078 1507 1909 I GameModeConfig: isGameModeOn = true
12-10 06:07:33.078 1507 1909 I GameModeConfig: isGaming = false
12-10 06:07:33.079 1507 1507 I notification_enqueue: [10082,2004,com.android.systemui,2048,NULL,0,Notification(channel=updateNotification shortcut=null contentView=null vibrate=null sound=null defaults=0x0 flags=0x0 color=0x00000000 vis=PRIVATE),1]
12-10 06:07:33.088 1507 1568 W WindowManager: updateScale0.7996942
12-10 06:07:33.089 1507 1568 W WindowManager: updateScale0.7996942
12-10 06:07:33.101 2004 2004 I sysui_multi_action: [757,111,758,1]
12-10 06:07:33.101 2004 2004 I sysui_multi_action: [757,126,758,1,759,126,927,0,928,1,1593,0]
12-10 06:07:33.101 2004 2004 I sysui_multi_action: [757,113,758,1,759,113,927,1,928,1,1593,0]
12-10 06:07:33.101 2004 2004 I sysui_multi_action: [757,0,758,1,759,0,927,2,928,0,1593,0]
12-10 06:07:33.101 2004 2004 I sysui_multi_action: [757,0,758,1,759,0,927,3,928,0,1593,0]
12-10 06:07:33.101 2004 2004 I sysui_multi_action: [757,491,758,1,759,491,927,4,928,1,1311,1,1593,0]
12-10 06:07:33.101 2004 2004 I sysui_multi_action: [757,0,758,1,759,0,927,5,928,0,1593,0]
12-10 06:07:33.101 2004 2004 I sysui_multi_action: [757,111,758,1]
12-10 06:07:33.101 2004 2004 I sysui_multi_action: [757,126,758,1,759,126,927,0,928,1,1593,0]
12-10 06:07:33.101 2004 2004 I sysui_multi_action: [757,113,758,1,759,113,927,1,928,1,1593,0]
12-10 06:07:33.101 2004 2004 I sysui_multi_action: [757,0,758,1,759,0,927,2,928,0,1593,0]
