12-10 06:10:25.319 2526 2526 I wm_on_start_called: [142082565,com.android.launcher3.uioverrides.QuickstepLauncher,handleStartActivity]
12-10 06:10:25.320 8492 8527 W ContextImpl: Calling a method in the system process without a qualified user: android.app.ContextImpl.startService:1816 android.content.ContextWrapper.startService:774 com.thundercomm.gamemode.ingame.services.GameModeActionUtils.startGameModeService:99 com.thundercomm.gamemode.ingame.services.GameModeActionUtils.startGameModeEntry:22 com.thundercomm.gamemode.ingame.services.ActivityMonitoringService$1.onActivityLaunch:127
12-10 06:10:25.323 1507 1527 W WindowManager: updateScale0.7996942
12-10 06:10:25.324 1507 1507 I GameModeConfig: Current uri is uri = content://com.thundercomm.gamemode.api/gamemode_settings/gamemode_isgaming
12-10 06:10:25.326 1507 1507 I GameModeConfig: isGameModeOn = true
12-10 06:10:25.326 1507 1507 I GameModeConfig: isGaming = false
12-10 06:10:25.327 1507 1507 I GameModeConfig: isGameModeOn = true
12-10 06:10:25.327 1507 1507 I GameModeConfig: isGaming = false
12-10 06:10:25.327 1507 1507 I GameModeConfig: isDisableVoice = true
12-10 06:10:25.334 1507 1569 W WindowManager: updateScale0.7996942
12-10 06:10:25.338 1507 1569 W WindowManager: updateScale0.7996942
12-10 06:10:25.339 1507 1569 W WindowManager: updateScale0.7996942
12-10 06:10:25.339 12253 12253 I view_enqueue_input_event: [Motion - Cancel,com.android.music/com.android.music.VideoBrowserActivity]
12-10 06:10:25.343 1507 1564 I sysui_multi_action: [319,19,322,51,325,16274,757,761,758,9,759,5,806,com.android.launcher3,871,com.android.launcher3.uioverrides.QuickstepLauncher,904,com.android.launcher3,905,0,1320,8,1321,5]
12-10 06:10:25.344 1507 1527 W ActivityTaskManager: getTaskSnapshot: taskId=3124 not found
12-10 06:10:25.344 1507 1527 W ActivityTaskManager: getTaskSnapshot: taskId=2124 not found
12-10 06:10:25.344 1507 1527 W ActivityTaskManager: getTaskSnapshot: taskId=1124 not found
12-10 06:10:25.348 1507 1736 I input_interaction: Interaction with: edge-swipe (server), swipe-up (server), PointerEventDispatcher0 (server),
12-10 06:10:25.349 1507 6251 W ActivityTaskManager: getTaskSnapshot: taskId=3124 not found
12-10 06:10:25.350 1507 6251 W ActivityTaskManager: getTaskSnapshot: taskId=2124 not found
12-10 06:10:25.353 1507 6251 W ActivityTaskManager: getTaskSnapshot: taskId=1124 not found
12-10 06:10:25.353 2526 2526 I sysui_latency: [1,76]
12-10 06:10:25.353 1507 6251 W ActivityTaskManager: getTaskSnapshot: taskId=3124 not found
12-10 06:10:25.353 1507 6251 W ActivityTaskManager: getTaskSnapshot: taskId=2124 not found
12-10 06:10:25.354 1507 6251 W ActivityTaskManager: getTaskSnapshot: taskId=1124 not found
12-10 06:10:25.358 1507 1569 I input_focus: [Focus request recents_animation_input_consumer,reason=UpdateInputWindows]
12-10 06:10:25.361 1507 11870 W ActivityTaskManager: getTaskSnapshot: taskId=1124 not found
12-10 06:10:25.361 1507 11870 W ActivityTaskManager: getTaskSnapshot: taskId=2124 not found
12-10 06:10:25.361 1507 1965 W ActivityTaskManager: getTaskSnapshot: taskId=3124 not found
12-10 06:10:25.379 1507 1965 W ActivityTaskManager: getTaskSnapshot: taskId=3124 not found
12-10 06:10:25.379 1507 1965 W ActivityTaskManager: getTaskSnapshot: taskId=2124 not found
12-10 06:10:25.379 1507 1965 W ActivityTaskManager: getTaskSnapshot: taskId=1124 not found
12-10 06:10:25.386 1507 1736 I input_focus: [Focus leaving 5979aee com.android.music/com.android.music.VideoBrowserActivity (server),reason=NOT_FOCUSABLE]
12-10 06:10:25.386 1507 1736 I input_focus: [Focus entering recents_animation_input_consumer (server),reason=setFocusedWindow]
12-10 06:10:25.522 1507 1710 I commit_sys_config_file: [settings-1-0,7]
12-10 06:10:25.641 1507 1581 I sysui_latency: [8,78]
12-10 06:10:25.917 1507 1736 I input_interaction: Interaction with: recents_animation_input_consumer (server), edge-swipe (server), swipe-up (server), PointerEventDispatcher0 (server),
12-10 06:10:25.921 1507 6251 I wm_finish_activity: [0,224178878,132,com.android.deskclock/.DeskClock,app-request]
12-10 06:10:25.935 1507 6251 I wm_pause_activity: [0,224178878,com.android.deskclock/.DeskClock,userLeaving=false,finish]
12-10 06:10:25.939 13893 13893 I wm_on_paused_called: [224178878,com.android.deskclock.DeskClock,performPause]
12-10 06:10:25.943 1507 1527 I wm_destroy_activity: [0,224178878,132,com.android.deskclock/.DeskClock,finish-imm:completePausedLocked]
12-10 06:10:25.966 1507 1568 I sysui_multi_action: [757,803,799,window_time_2,802,1]
12-10 06:10:25.980 8492 8527 W ContextImpl: Calling a method in the system process without a qualified user: android.app.ContextImpl.startService:1816 android.content.ContextWrapper.startService:774 com.thundercomm.gamemode.ingame.services.GameModeActionUtils.startGameModeService:99 com.thundercomm.gamemode.ingame.services.GameModeActionUtils.startGameModeEntry:22 com.thundercomm.gamemode.ingame.services.ActivityMonitoringService$1.onActivityLaunch:127
12-10 06:10:25.981 13893 13893 I wm_on_stop_called: [224178878,com.android.deskclock.DeskClock,LIFECYCLER_STOP_ACTIVITY]
12-10 06:10:25.985 1507 1507 I GameModeConfig: Current uri is uri = content://com.thundercomm.gamemode.api/gamemode_settings/gamemode_isgaming
12-10 06:10:25.987 1507 1507 I GameModeConfig: isGameModeOn = true
12-10 06:10:25.987 1507 1507 I GameModeConfig: isGaming = false
12-10 06:10:25.987 1507 1507 I GameModeConfig: isGameModeOn = true
12-10 06:10:25.987 1507 1507 I GameModeConfig: isGaming = false
12-10 06:10:25.987 1507 1507 I GameModeConfig: isDisableVoice = true
12-10 06:10:25.989 13893 13893 I wm_on_destroy_called: [224178878,com.android.deskclock.DeskClock,performDestroy]
12-10 06:10:25.998 1507 11870 I wm_task_removed: [132,removeChild:removeChild last r=ActivityRecord{d5cb2be u0 com.android.deskclock/.DeskClock t-1 f}} in t=Task{96c9579 #132 type=standard A=10069:com.android.deskclock U=0 visible=false mode=freeform translucent=true sz=0}]
12-10 06:10:25.999 1507 11870 I wm_task_removed: [132,removeChild]
12-10 06:10:25.999 1507 11870 D FreeFormWindowHelper: Remove freefrom task=Task{96c9579 #132 type=standard A=10069:com.android.deskclock U=0 visible=false mode=freeform translucent=true sz=0}
12-10 06:10:26.022 1507 1736 I input_interaction: Interaction with: edge-swipe (server), swipe-up (server), PointerEventDispatcher0 (server),
12-10 06:10:26.025 1507 5436 I wm_task_moved: [26,1,7]
12-10 06:10:26.026 1507 5436 I wm_focused_root_task: [0,0,26,127,RecentsAnimation.onAnimationFinished()]
12-10 06:10:26.026 12253 12253 I wm_on_top_resumed_lost_called: [22919605,com.android.music.VideoBrowserActivity,topStateChangedWhenResumed]
12-10 06:10:26.028 1507 5436 I wm_pause_activity: [0,22919605,com.android.music/.VideoBrowserActivity,userLeaving=false,pauseBackTasks]
12-10 06:10:26.029 1507 5436 I ActivityTaskManager: FOREGROUND_APPLICATION_CHANGED to com.android.launcher3.uioverrides.QuickstepLauncher
12-10 06:10:26.029 1507 5436 I wm_set_resumed_activity: [0,com.android.launcher3/.uioverrides.QuickstepLauncher,resumeTopActivityInnerLocked]
12-10 06:10:26.032 1507 5436 I wm_resume_activity: [0,142082565,27,com.android.launcher3/.uioverrides.QuickstepLauncher]
12-10 06:10:26.033 1507 5436 I wm_add_to_stopping: [0,22919605,com.android.music/.VideoBrowserActivity,makeInvisible]
12-10 06:10:26.038 2526 2526 I wm_on_resume_called: [142082565,com.android.launcher3.uioverrides.QuickstepLauncher,RESUME_ACTIVITY]
12-10 06:10:26.047 1507 1569 I input_focus: [Focus request 2cb1f5d com.android.launcher3/com.android.launcher3.uioverrides.QuickstepLauncher,reason=UpdateInputWindows]
12-10 06:10:26.049 12253 12253 I wm_on_paused_called: [22919605,com.android.music.VideoBrowserActivity,performPause]
12-10 06:10:26.054 2526 2526 I wm_on_top_resumed_gained_called: [142082565,com.android.launcher3.uioverrides.QuickstepLauncher,topStateChangedWhenResumed]
12-10 06:10:26.054 1507 1736 I input_focus: [Focus leaving recents_animation_input_consumer (server),reason=NOT_VISIBLE]
12-10 06:10:26.054 1507 1736 I input_focus: [Focus entering 2cb1f5d com.android.launcher3/com.android.launcher3.uioverrides.QuickstepLauncher (server),reason=setFocusedWindow]
12-10 06:10:26.056 1507 1568 I wm_stop_activity: [0,22919605,com.android.music/.VideoBrowserActivity]
12-10 06:10:26.056 1507 1568 I sysui_multi_action: [757,803,799,window_time_0,802,1]
12-10 06:10:26.076 12253 12253 I wm_on_stop_called: [22919605,com.android.music.VideoBrowserActivity,STOP_ACTIVITY_ITEM]
12-10 06:10:26.155 0 0 I auditd : type=1400 audit(0.0:17750): avc: denied { kill } for comm="swapper/1" capability=5 scontext=u:r:kernel:s0 tcontext=u:r:kernel:s0 tclass=capability permissive=0
12-10 06:10:26.157 8492 8527 W ContextImpl: Calling a method in the system process without a qualified user: android.app.ContextImpl.startService:1816 android.content.ContextWrapper.startService:774 com.thundercomm.gamemode.ingame.services.GameModeActionUtils.startGameModeService:99 com.thundercomm.gamemode.ingame.services.GameModeActionUtils.startGameModeEntry:22 com.thundercomm.gamemode.ingame.services.ActivityMonitoringService$1.onActivityLaunch:127
12-10 06:10:26.164 1507 1507 I GameModeConfig: Current uri is uri = content://com.thundercomm.gamemode.api/gamemode_settings/gamemode_isgaming
12-10 06:10:26.165 1507 1507 I GameModeConfig: isGameModeOn = true
12-10 06:10:26.165 1507 1507 I GameModeConfig: isGaming = false
12-10 06:10:26.165 1507 1507 I GameModeConfig: isGameModeOn = true
12-10 06:10:26.165 1507 1507 I GameModeConfig: isGaming = false
12-10 06:10:26.165 1507 1507 I GameModeConfig: isDisableVoice = true
12-10 06:10:26.169 1507 1710 I commit_sys_config_file: [settings-1-0,3]
12-10 06:10:26.296 1507 12191 W FreeFormWindowHelper: exitRecentTasks type=0
12-10 06:10:26.296 1507 12191 W ContextImpl: Calling a method in the system process without a qualified user: android.app.ContextImpl.startActivity:1067 com.android.server.wm.FreeFormWindowHelper.exitRecentTasks:495 com.android.server.wm.ActivityTaskManagerService.exitRecentTasks:3795 android.app.IActivityTaskManager$Stub.onTransact:2307 com.android.server.wm.ActivityTaskManagerService.onTransact:5046
12-10 06:10:26.296 1507 12191 I ActivityTaskManager: START u0 {flg=0x10100000 cmp=com.android.deskclock/.DeskClock} from uid 1000
12-10 06:10:26.297 1507 12191 I wm_task_created: [133,-1]
12-10 06:10:26.298 1507 12191 W ActivityTaskManager: Can't find TaskDisplayArea to determine support for multi window. Task id=133 attached=false
12-10 06:10:26.298 1507 12191 D FreeFormWindowHelper: Add freeform task=Task{4314b51 #133 type=standard ?? U=0 visible=false mode=freeform translucent=true sz=0}
12-10 06:10:26.301 1507 12191 I wm_task_moved: [133,1,8]
12-10 06:10:26.301 1507 12191 I wm_task_to_front: [0,133]
12-10 06:10:26.301 1507 12191 I wm_create_task: [0,133]
12-10 06:10:26.301 1507 12191 I wm_create_activity: [0,245675191,133,com.android.deskclock/.DeskClock,NULL,NULL,NULL,269484032]
12-10 06:10:26.302 1507 12191 I wm_task_moved: [133,1,8]
12-10 06:10:26.302 1507 12191 I ActivityTaskManager: FOREGROUND_APPLICATION_CHANGED to com.android.deskclock.DeskClock
12-10 06:10:26.302 1507 12191 I ActivityTaskManager: The Process com.android.deskclock Already Exists in BG. So sending its PID: 13893
12-10 06:10:26.303 1507 12191 W ActivityTaskManager: Tried to set launchTime (0) < mLastActivityLaunchTime (16273099)
12-10 06:10:26.304 1507 12191 I wm_restart_activity: [0,245675191,133,com.android.deskclock/.DeskClock]
12-10 06:10:26.306 1507 12191 I wm_set_resumed_activity: [0,com.android.deskclock/.DeskClock,minimalResumeActivityLocked]
12-10 06:10:26.325 1507 6251 I ActivityTaskManager: START u0 {act=android.content.pm.action.REQUEST_PERMISSIONS pkg=com.android.permissioncontroller cmp=com.android.permissioncontroller/.permission.ui.GrantPermissionsActivity (has extras)} from uid 10069
12-10 06:10:26.326 8492 8527 W ContextImpl: Calling a method in the system process without a qualified user: android.app.ContextImpl.startService:1816 android.content.ContextWrapper.startService:774 com.thundercomm.gamemode.ingame.services.GameModeActionUtils.startGameModeService:99 com.thundercomm.gamemode.ingame.services.GameModeActionUtils.startGameModeEntry:22 com.thundercomm.gamemode.ingame.services.ActivityMonitoringService$1.onActivityLaunch:127
12-10 06:10:26.326 1507 6251 I wm_task_moved: [133,1,8]
12-10 06:10:26.326 1507 6251 I wm_set_resumed_activity: [0,com.android.deskclock/.DeskClock,positionChildAt]
12-10 06:10:26.326 1507 6251 I wm_create_activity: [0,59330882,133,com.android.permissioncontroller/.permission.ui.GrantPermissionsActivity,android.content.pm.action.REQUEST_PERMISSIONS,NULL,NULL,8388608]
12-10 06:10:26.327 1507 6251 I wm_pause_activity: [0,245675191,com.android.deskclock/.DeskClock,userLeaving=true,resumeTopActivityInnerLocked]
12-10 06:10:26.329 2526 2526 I wm_on_top_resumed_lost_called: [142082565,com.android.launcher3.uioverrides.QuickstepLauncher,topStateChangedWhenResumed]
12-10 06:10:26.331 1507 1507 I GameModeConfig: Current uri is uri = content://com.thundercomm.gamemode.api/gamemode_settings/gamemode_isgaming
12-10 06:10:26.334 1507 1507 I GameModeConfig: isGameModeOn = true
12-10 06:10:26.334 1507 1507 I GameModeConfig: isGaming = false
12-10 06:10:26.335 1507 1507 I GameModeConfig: isGameModeOn = true
12-10 06:10:26.336 1507 1507 I GameModeConfig: isGaming = false
12-10 06:10:26.336 1507 1507 I GameModeConfig: isDisableVoice = true
12-10 06:10:26.340 13893 13893 I wm_on_create_called: [245675191,com.android.deskclock.DeskClock,performCreate]
12-10 06:10:26.341 13893 13893 I wm_on_start_called: [245675191,com.android.deskclock.DeskClock,handleStartActivity]
12-10 06:10:26.342 13893 13893 I wm_on_resume_called: [245675191,com.android.deskclock.DeskClock,RESUME_ACTIVITY]
12-10 06:10:26.344 13893 13893 I wm_on_paused_called: [245675191,com.android.deskclock.DeskClock,performPause]
12-10 06:10:26.345 1507 1527 I ActivityTaskManager: FOREGROUND_APPLICATION_CHANGED to com.android.permissioncontroller.permission.ui.GrantPermissionsActivity
12-10 06:10:26.345 1507 1527 I ActivityTaskManager: The Process com.android.permissioncontroller Already Exists in BG. So sending its PID: 12461
12-10 06:10:26.345 1507 1527 W ActivityTaskManager: Tried to set launchTime (0) < mLastActivityLaunchTime (16273162)
12-10 06:10:26.346 1507 1527 I wm_restart_activity: [0,59330882,133,com.android.permissioncontroller/.permission.ui.GrantPermissionsActivity]
12-10 06:10:26.347 1507 1527 I wm_set_resumed_activity: [0,com.android.permissioncontroller/.permission.ui.GrantPermissionsActivity,minimalResumeActivityLocked]
12-10 06:10:26.349 1507 1568 I sysui_multi_action: [757,803,799,window_time_0,802,0]
12-10 06:10:26.355 8492 8527 W ContextImpl: Calling a method in the system process without a qualified user: android.app.ContextImpl.startService:1816 android.content.ContextWrapper.startService:774 com.thundercomm.gamemode.ingame.services.GameModeActionUtils.startGameModeService:99 com.thundercomm.gamemode.ingame.services.GameModeActionUtils.startGameModeEntry:22 com.thundercomm.gamemode.ingame.services.ActivityMonitoringService$1.onActivityLaunch:127
12-10 06:10:26.358 1507 1507 I GameModeConfig: Current uri is uri = content://com.thundercomm.gamemode.api/gamemode_settings/gamemode_isgaming
12-10 06:10:26.361 12461 12461 I wm_on_create_called: [59330882,com.android.permissioncontroller.permission.ui.GrantPermissionsActivity,performCreate]
12-10 06:10:26.362 12461 12461 I wm_on_start_called: [59330882,com.android.permissioncontroller.permission.ui.GrantPermissionsActivity,handleStartActivity]
12-10 06:10:26.362 12461 12461 I wm_on_resume_called: [59330882,com.android.permissioncontroller.permission.ui.GrantPermissionsActivity,RESUME_ACTIVITY]
12-10 06:10:26.363 1507 1507 I GameModeConfig: isGameModeOn = true
12-10 06:10:26.363 1507 1507 I GameModeConfig: isGaming = false
12-10 06:10:26.364 12461 12461 I wm_on_top_resumed_gained_called: [59330882,com.android.permissioncontroller.permission.ui.GrantPermissionsActivity,topStateChangedWhenResumed]
12-10 06:10:26.364 1507 1507 I GameModeConfig: isGameModeOn = true
12-10 06:10:26.364 1507 1507 I GameModeConfig: isGaming = false
12-10 06:10:26.364 1507 1507 I GameModeConfig: isDisableVoice = true
12-10 06:10:26.366 1507 1965 I wm_finish_activity: [0,59330882,133,com.android.permissioncontroller/.permission.ui.GrantPermissionsActivity,app-request]
12-10 06:10:26.367 1507 1965 I wm_pause_activity: [0,59330882,com.android.permissioncontroller/.permission.ui.GrantPermissionsActivity,userLeaving=false,finish]
12-10 06:10:26.370 1507 1965 W WindowManager: updateScale0.7996942
12-10 06:10:26.370 1507 1965 W WindowManager: updateScale0.7996942
12-10 06:10:26.373 12461 12461 I wm_on_top_resumed_lost_called: [59330882,com.android.permissioncontroller.permission.ui.GrantPermissionsActivity,topStateChangedWhenResumed]
12-10 06:10:26.374 12461 12461 I wm_on_paused_called: [59330882,com.android.permissioncontroller.permission.ui.GrantPermissionsActivity,performPause]
12-10 06:10:26.375 1507 1965 W WindowManager: updateScale0.7996942
12-10 06:10:26.377 1507 11870 I wm_add_to_stopping: [0,59330882,com.android.permissioncontroller/.permission.ui.GrantPermissionsActivity,completeFinishing]
12-10 06:10:26.378 1507 11870 I ActivityTaskManager: FOREGROUND_APPLICATION_CHANGED to com.android.deskclock.DeskClock
12-10 06:10:26.379 1507 11870 I wm_set_resumed_activity: [0,com.android.deskclock/.DeskClock,resumeTopActivityInnerLocked]
12-10 06:10:26.380 1507 11870 I wm_resume_activity: [0,245675191,133,com.android.deskclock/.DeskClock]
12-10 06:10:26.381 1507 11870 W WindowManager: updateScale0.7996942
12-10 06:10:26.382 1507 1569 I input_focus: [Focus request 1d41e90 com.android.deskclock/com.android.deskclock.DeskClock,reason=UpdateInputWindows]
12-10 06:10:26.383 1507 1568 I sysui_multi_action: [757,803,799,window_time_2,802,0]
12-10 06:10:26.396 1507 1569 W WindowManager: updateScale0.7996942
12-10 06:10:26.398 1507 1569 W WindowManager: updateScale0.7996942
12-10 06:10:26.398 1507 1569 W WindowManager: updateScale0.7996942
12-10 06:10:26.401 13893 13893 I wm_on_activity_result_called: [245675191,com.android.deskclock.DeskClock,ACTIVITY_RESULT]
12-10 06:10:26.401 13893 13893 I wm_on_resume_called: [245675191,com.android.deskclock.DeskClock,RESUME_ACTIVITY]
12-10 06:10:26.402 13893 13893 I wm_on_top_resumed_gained_called: [245675191,com.android.deskclock.DeskClock,topWhenResuming]
12-10 06:10:26.409 1507 1736 I input_focus: [Focus leaving 2cb1f5d com.android.launcher3/com.android.launcher3.uioverrides.QuickstepLauncher (server),reason=setFocusedWindow]
12-10 06:10:26.409 1507 1736 I input_focus: [Focus entering 1d41e90 com.android.deskclock/com.android.deskclock.DeskClock (server),reason=setFocusedWindow]
12-10 06:10:26.488 8492 8527 W ContextImpl: Calling a method in the system process without a qualified user: android.app.ContextImpl.startService:1816 android.content.ContextWrapper.startService:774 com.thundercomm.gamemode.ingame.services.GameModeActionUtils.startGameModeService:99 com.thundercomm.gamemode.ingame.services.GameModeActionUtils.startGameModeEntry:22 com.thundercomm.gamemode.ingame.services.ActivityMonitoringService$1.onActivityLaunch:127
12-10 06:10:26.491 1507 1507 I GameModeConfig: Current uri is uri = content://com.thundercomm.gamemode.api/gamemode_settings/gamemode_isgaming
12-10 06:10:26.493 1507 1507 I GameModeConfig: isGameModeOn = true
12-10 06:10:26.493 1507 1507 I GameModeConfig: isGaming = false
12-10 06:10:26.494 1507 1507 I GameModeConfig: isGameModeOn = true
12-10 06:10:26.494 1507 1507 I GameModeConfig: isGaming = false
12-10 06:10:26.494 1507 1507 I GameModeConfig: isDisableVoice = true
12-10 06:10:26.675 1507 1569 W WindowManager: updateScale0.7996942
12-10 06:10:26.678 1507 1568 I wm_destroy_activity: [0,59330882,133,com.android.permissioncontroller/.permission.ui.GrantPermissionsActivity,finish-imm:idle]
12-10 06:10:26.684 12461 12461 I wm_on_stop_called: [59330882,com.android.permissioncontroller.permission.ui.GrantPermissionsActivity,LIFECYCLER_STOP_ACTIVITY]
12-10 06:10:26.686 12461 12461 I wm_on_destroy_called: [59330882,com.android.permissioncontroller.permission.ui.GrantPermissionsActivity,performDestroy]
12-10 06:10:26.690 1507 1965 W WindowManager: updateScale0.7996942
12-10 06:10:26.692 8492 8527 W ContextImpl: Calling a method in the system process without a qualified user: android.app.ContextImpl.startService:1816 android.content.ContextWrapper.startService:774 com.thundercomm.gamemode.ingame.services.GameModeActionUtils.startGameModeService:99 com.thundercomm.gamemode.ingame.services.GameModeActionUtils.startGameModeEntry:22 com.thundercomm.gamemode.ingame.services.ActivityMonitoringService$1.onActivityLaunch:127
12-10 06:10:26.695 1507 1507 I GameModeConfig: Current uri is uri = content://com.thundercomm.gamemode.api/gamemode_settings/gamemode_isgaming
12-10 06:10:26.697 1507 1507 I GameModeConfig: isGameModeOn = true
12-10 06:10:26.697 1507 1507 I GameModeConfig: isGaming = false
12-10 06:10:26.698 1507 1507 I GameModeConfig: isGameModeOn = true
12-10 06:10:26.698 1507 1507 I GameModeConfig: isGaming = false
12-10 06:10:26.698 1507 1507 I GameModeConfig: isDisableVoice = true
12-10 06:10:26.699 1507 11870 W FreeFormWindowHelper: exitRecentTasks type=0
12-10 06:10:27.155 0 0 I auditd : type=1400 audit(0.0:17751): avc: denied { kill } for comm="swapper/1" capability=5 scontext=u:r:kernel:s0 tcontext=u:r:kernel:s0 tclass=capability permissive=0
12-10 06:10:28.216 1507 2719 E TaskPersister: File error accessing recents directory (directory doesn't exist?).
12-10 06:10:28.455 1507 1736 I input_interaction: Interaction with: 2cb1f5d com.android.launcher3/com.android.launcher3.uioverrides.QuickstepLauncher (server), 5478378 com.android.systemui.ImageWallpaper (server), edge-swipe (server), swipe-up (server), PointerEventDispatcher0 (server),
12-10 06:10:28.508 2526 2526 I view_enqueue_input_event: [Motion - Cancel,com.android.launcher3/com.android.launcher3.uioverrides.QuickstepLauncher]
12-10 06:10:28.511 1507 1736 I input_interaction: Interaction with: edge-swipe (server), swipe-up (server), PointerEventDispatcher0 (server),
12-10 06:10:28.751 1507 1965 I ActivityTaskManager: START u0 {act=android.intent.action.MAIN cat=[android.intent.category.HOME] flg=0x10000000 cmp=com.android.launcher3/.uioverrides.QuickstepLauncher} from uid 10079
12-10 06:10:28.759 1507 1965 I wm_task_moved: [26,1,8]
12-10 06:10:28.762 1507 1965 I wm_set_resumed_activity: [0,com.android.launcher3/.uioverrides.QuickstepLauncher,positionChildAt]
12-10 06:10:28.762 13893 13893 I wm_on_top_resumed_lost_called: [245675191,com.android.deskclock.DeskClock,topStateChangedWhenResumed]
12-10 06:10:28.762 1507 1965 I wm_task_moved: [27,1,2147483647]
12-10 06:10:28.763 1507 1965 I wm_task_to_front: [0,27]
12-10 06:10:28.763 1507 1965 I wm_focused_root_task: [0,0,26,133,bringingFoundTaskToFront]
12-10 06:10:28.763 1507 1965 I wm_set_resumed_activity: [0,com.android.launcher3/.uioverrides.QuickstepLauncher,bringingFoundTaskToFront]
12-10 06:10:28.764 1507 1965 I wm_new_intent: [0,142082565,27,com.android.launcher3/.uioverrides.QuickstepLauncher,android.intent.action.MAIN,NULL,NULL,268500992]
12-10 06:10:28.765 1507 1965 I wm_task_moved: [26,1,8]
12-10 06:10:28.765 1507 1965 I wm_set_resumed_activity: [0,com.android.launcher3/.uioverrides.QuickstepLauncher,positionChildAt]
12-10 06:10:28.765 1507 1965 I ActivityTaskManager: FOREGROUND_APPLICATION_CHANGED to com.android.launcher3.uioverrides.QuickstepLauncher
12-10 06:10:28.766 1507 1965 W WindowManager: updateScale0.7996942
12-10 06:10:28.773 1507 1965 W WindowManager: updateScale0.7996942
12-10 06:10:28.778 1507 1569 I input_focus: [Focus request 2cb1f5d com.android.launcher3/com.android.launcher3.uioverrides.QuickstepLauncher,reason=UpdateInputWindows]
12-10 06:10:28.779 2526 2526 I wm_on_paused_called: [142082565,com.android.launcher3.uioverrides.QuickstepLauncher,performPause]
12-10 06:10:28.792 2526 2526 I wm_on_resume_called: [142082565,com.android.launcher3.uioverrides.QuickstepLauncher,LIFECYCLER_RESUME_ACTIVITY]
12-10 06:10:28.795 2526 2526 I wm_on_top_resumed_gained_called: [142082565,com.android.launcher3.uioverrides.QuickstepLauncher,topStateChangedWhenResumed]
12-10 06:10:28.812 1507 1736 I input_focus: [Focus leaving 1d41e90 com.android.deskclock/com.android.deskclock.DeskClock (server),reason=setFocusedWindow]
12-10 06:10:28.812 1507 1736 I input_focus: [Focus entering 2cb1f5d com.android.launcher3/com.android.launcher3.uioverrides.QuickstepLauncher (server),reason=setFocusedWindow]
12-10 06:10:29.023 1507 1736 I input_interaction: Interaction with: 2cb1f5d com.android.launcher3/com.android.launcher3.uioverrides.QuickstepLauncher (server), 5478378 com.android.systemui.ImageWallpaper (server), edge-swipe (server), swipe-up (server), PointerEventDispatcher0 (server),
12-10 06:10:29.143 2526 2526 I view_enqueue_input_event: [Motion - Cancel,com.android.launcher3/com.android.launcher3.uioverrides.QuickstepLauncher]
12-10 06:10:29.149 1507 1736 I input_interaction: Interaction with: edge-swipe (server), swipe-up (server), PointerEventDispatcher0 (server),
12-10 06:10:29.167 1507 11870 W ActivityTaskManager: getTaskSnapshot: taskId=3124 not found
12-10 06:10:29.167 1507 12191 W ActivityTaskManager: getTaskSnapshot: taskId=2124 not found
12-10 06:10:29.167 1507 12191 W ActivityTaskManager: getTaskSnapshot: taskId=1124 not found
12-10 06:10:29.316 1507 1710 I commit_sys_config_file: [settings-1-0,5]
12-10 06:10:29.642 1507 1710 I commit_sys_config_file: [settings-1-0,5]
12-10 06:10:29.793 1507 12191 I wm_finish_activity: [0,245675191,133,com.android.deskclock/.DeskClock,app-request]
12-10 06:10:29.796 1507 12191 I wm_pause_activity: [0,245675191,com.android.deskclock/.DeskClock,userLeaving=false,finish]
12-10 06:10:29.798 13893 13893 I wm_on_paused_called: [245675191,com.android.deskclock.DeskClock,performPause]
12-10 06:10:29.800 1507 6251 I wm_destroy_activity: [0,245675191,133,com.android.deskclock/.DeskClock,finish-imm:completePausedLocked]
12-10 06:10:29.812 1507 1568 I sysui_multi_action: [757,803,799,window_time_2,802,3]
12-10 06:10:29.824 8492 8527 W ContextImpl: Calling a method in the system process without a qualified user: android.app.ContextImpl.startService:1816 android.content.ContextWrapper.startService:774 com.thundercomm.gamemode.ingame.services.GameModeActionUtils.startGameModeService:99 com.thundercomm.gamemode.ingame.services.GameModeActionUtils.startGameModeEntry:22 com.thundercomm.gamemode.ingame.services.ActivityMonitoringService$1.onActivityLaunch:127
12-10 06:10:29.831 1507 1507 I GameModeConfig: Current uri is uri = content://com.thundercomm.gamemode.api/gamemode_settings/gamemode_isgaming
12-10 06:10:29.832 13893 13893 I wm_on_stop_called: [245675191,com.android.deskclock.DeskClock,LIFECYCLER_STOP_ACTIVITY]
12-10 06:10:29.837 1507 1507 I GameModeConfig: isGameModeOn = true
12-10 06:10:29.837 1507 1507 I GameModeConfig: isGaming = false
12-10 06:10:29.837 1507 1507 I GameModeConfig: isGameModeOn = true
12-10 06:10:29.837 1507 1507 I GameModeConfig: isGaming = false
12-10 06:10:29.837 1507 1507 I GameModeConfig: isDisableVoice = true
12-10 06:10:29.839 13893 13893 I wm_on_destroy_called: [245675191,com.android.deskclock.DeskClock,performDestroy]
12-10 06:10:29.912 8492 8527 W ContextImpl: Calling a method in the system process without a qualified user: android.app.ContextImpl.startService:1816 android.content.ContextWrapper.startService:774 com.thundercomm.gamemode.ingame.services.GameModeActionUtils.startGameModeService:99 com.thundercomm.gamemode.ingame.services.GameModeActionUtils.startGameModeEntry:22 com.thundercomm.gamemode.ingame.services.ActivityMonitoringService$1.onActivityLaunch:127
12-10 06:10:29.917 1507 1507 I GameModeConfig: Current uri is uri = content://com.thundercomm.gamemode.api/gamemode_settings/gamemode_isgaming
12-10 06:10:29.918 1507 1507 I GameModeConfig: isGameModeOn = true
12-10 06:10:29.918 1507 1507 I GameModeConfig: isGaming = false
12-10 06:10:29.918 1507 1507 I GameModeConfig: isGameModeOn = true
12-10 06:10:29.918 1507 1507 I GameModeConfig: isGaming = false
12-10 06:10:29.918 1507 1507 I GameModeConfig: isDisableVoice = true
12-10 06:10:30.095 1507 1569 I wm_task_removed: [133,removeChild:removeChild last r=ActivityRecord{ea4b4b7 u0 com.android.deskclock/.DeskClock t-1 f}} in t=Task{4314b51 #133 type=standard A=10069:com.android.deskclock U=0 visible=false mode=freeform translucent=true sz=0}]
12-10 06:10:30.095 1507 1569 I wm_task_removed: [133,removeChild]
12-10 06:10:30.095 1507 1569 D FreeFormWindowHelper: Remove freefrom task=Task{4314b51 #133 type=standard A=10069:com.android.deskclock U=0 visible=false mode=freeform translucent=true sz=0}
12-10 06:10:30.155 0 0 I auditd : type=1400 audit(0.0:17752): avc: denied { kill } for comm="swapper/1" capability=5 scontext=u:r:kernel:s0 tcontext=u:r:kernel:s0 tclass=capability permissive=0
12-10 06:10:31.070 1507 1736 I input_interaction: Interaction with: 2cb1f5d com.android.launcher3/com.android.launcher3.uioverrides.QuickstepLauncher (server), 5478378 com.android.systemui.ImageWallpaper (server), edge-swipe (server), swipe-up (server), PointerEventDispatcher0 (server),
12-10 06:10:31.155 0 0 I auditd : type=1400 audit(0.0:17753): avc: denied { kill } for comm="swapper/1" capability=5 scontext=u:r:kernel:s0 tcontext=u:r:kernel:s0 tclass=capability permissive=0
12-10 06:10:31.582 1507 5859 W ActivityTaskManager: Request to remove task ignored for non-existent task 124
12-10 06:10:31.582 1507 5859 I wm_finish_activity: [0,160875417,128,com.android.settings/.Settings,recent-task-trimmed]
12-10 06:10:31.584 1507 5859 I wm_destroy_activity: [0,160875417,128,com.android.settings/.Settings,finish-imm:finishIfPossible]
12-10 06:10:31.586 1507 5859 I wm_finish_activity: [0,22919605,127,com.android.music/.VideoBrowserActivity,recent-task-trimmed]
12-10 06:10:31.587 1507 5859 I wm_destroy_activity: [0,22919605,127,com.android.music/.VideoBrowserActivity,finish-imm:finishIfPossible]
12-10 06:10:31.591 12253 12253 I wm_on_destroy_called: [22919605,com.android.music.VideoBrowserActivity,performDestroy]
12-10 06:10:31.593 1507 5859 W ActivityTaskManager: Request to remove task ignored for non-existent task 133
12-10 06:10:31.594 1507 1527 W ActivityTaskManager: removeTask: No task remove with id=133
12-10 06:10:31.597 1507 1568 I ActivityManager: Killing 13833:com.android.settings/1000 (adj 900): remove task
12-10 06:10:31.597 1507 1568 I am_kill : [0,13833,com.android.settings,900,remove task]
12-10 06:10:31.602 1507 11870 I wm_task_removed: [127,removeChild:removeChild last r=ActivityRecord{15db9b5 u0 com.android.music/.VideoBrowserActivity t-1 f}} in t=Task{b386a6d #127 type=standard A=10090:android.task.video U=0 visible=false mode=fullscreen translucent=true sz=0}]
12-10 06:10:31.602 1507 11870 I wm_task_removed: [127,removeChild]
12-10 06:10:31.605 1507 1568 I sysui_multi_action: [757,803,799,window_time_0,802,2]
12-10 06:10:31.609 1507 1569 W ActivityTaskManager: Can't find TaskDisplayArea to determine support for multi window. Task id=127 attached=false
12-10 06:10:31.609 1507 1569 W ActivityTaskManager: Can't find TaskDisplayArea to determine support for multi window. Task id=127 attached=false
12-10 06:10:31.609 1507 1568 I ActivityManager: Killing 12253:com.android.music/u0a90 (adj 900): remove task
12-10 06:10:31.609 1507 1568 I am_kill : [0,12253,com.android.music,900,remove task]
12-10 06:10:31.612 1507 1568 I sysui_multi_action: [757,803,799,window_time_0,802,0]
12-10 06:10:31.614 1507 1581 W UsageStatsService: Unexpected activity event reported! (com.android.music/com.android.music.VideoBrowserActivity event : 23 instanceId : 188163646)
12-10 06:10:31.619 1507 2719 E TaskPersister: File error accessing recents directory (directory doesn't exist?).
12-10 06:10:31.658 1507 11870 I am_proc_died: [0,12253,com.android.music,900,18]
12-10 06:10:31.658 1507 11870 I am_uid_stopped: 10090
12-10 06:10:31.662 1507 1568 W ActivityManager: setHasOverlayUi called on unknown pid: 12253
12-10 06:10:31.665 1507 1568 W ActivityManager: ProcessRecord{a6e85d5 13833:com.android.settings/1000} is attached to a previous process
12-10 06:10:31.666 1507 1568 W ActivityManager: Existing proc ProcessRecord{a6e85d5 13833:com.android.settings/1000} was killed 67ms ago when adding ProcessRecord{f28bf1 0:com.android.settings/1000}
12-10 06:10:31.667 1507 1568 D CompatibilityChangeReporter: Compat change id reported: 135634846; UID 1000; state: DISABLED
12-10 06:10:31.667 1507 1568 D CompatibilityChangeReporter: Compat change id reported: 177438394; UID 1000; state: DISABLED
12-10 06:10:31.667 1507 1568 D CompatibilityChangeReporter: Compat change id reported: 135772972; UID 1000; state: DISABLED
12-10 06:10:31.667 1507 1568 D CompatibilityChangeReporter: Compat change id reported: 135754954; UID 1000; state: ENABLED
12-10 06:10:31.667 1507 1568 I am_uid_running: 10090
12-10 06:10:31.668 1507 1568 D CompatibilityChangeReporter: Compat change id reported: 135634846; UID 10090; state: DISABLED
12-10 06:10:31.668 1507 1568 D CompatibilityChangeReporter: Compat change id reported: 177438394; UID 10090; state: DISABLED
12-10 06:10:31.668 1507 1568 D CompatibilityChangeReporter: Compat change id reported: 135772972; UID 10090; state: DISABLED
12-10 06:10:31.668 1507 1568 D CompatibilityChangeReporter: Compat change id reported: 135754954; UID 10090; state: ENABLED
12-10 06:10:31.684 1507 10787 I WindowManager: WIN DEATH: Window{880b340 u0 com.android.settings/com.android.settings.Settings}
12-10 06:10:31.685 1507 2157 I am_proc_died: [0,13833,com.android.settings,900,19]
12-10 06:10:31.691 1507 2157 I wm_task_removed: [128,removeChild:removeChild last r=ActivityRecord{996c399 u0 com.android.settings/.Settings t-1 f}} in t=Task{4b85b5b #128 type=standard A=1000:com.android.settings.root U=0 visible=false mode=fullscreen translucent=true sz=0}]
12-10 06:10:31.691 1507 2157 I wm_task_removed: [128,removeChild]
12-10 06:10:31.693 1507 1568 W ActivityManager: setHasOverlayUi called on unknown pid: 13833
12-10 06:10:31.693 1507 1581 W UsageStatsService: Unexpected activity event reported! (com.android.settings/com.android.settings.homepage.SettingsHomepageActivity event : 23 instanceId : 248202612)
12-10 06:10:31.693 1507 1569 W ActivityTaskManager: Can't find TaskDisplayArea to determine support for multi window. Task id=128 attached=false
12-10 06:10:31.693 1507 1569 W ActivityTaskManager: Can't find TaskDisplayArea to determine support for multi window. Task id=128 attached=false
12-10 06:10:31.703 8492 8527 W ContextImpl: Calling a method in the system process without a qualified user: android.app.ContextImpl.startService:1816 android.content.ContextWrapper.startService:774 com.thundercomm.gamemode.ingame.services.GameModeActionUtils.startGameModeService:99 com.thundercomm.gamemode.ingame.services.GameModeActionUtils.startGameModeEntry:22 com.thundercomm.gamemode.ingame.services.ActivityMonitoringService$1.onActivityLaunch:127
12-10 06:10:31.707 1507 1507 I GameModeConfig: Current uri is uri = content://com.thundercomm.gamemode.api/gamemode_settings/gamemode_isgaming
12-10 06:10:31.708 1507 1584 I am_proc_start: [0,14230,1000,com.android.settings,NULL,]
12-10 06:10:31.708 1507 1584 I ActivityManager: Start proc 14230:com.android.settings/1000 for null
12-10 06:10:31.708 1507 1584 D CompatibilityChangeReporter: Compat change id reported: 143937733; UID 10090; state: ENABLED
12-10 06:10:31.712 1507 1507 I GameModeConfig: isGameModeOn = true
12-10 06:10:31.713 1507 1507 I GameModeConfig: isGaming = false
12-10 06:10:31.713 1507 1507 I GameModeConfig: isGameModeOn = true
12-10 06:10:31.713 1507 1507 I GameModeConfig: isGaming = false
12-10 06:10:31.713 1507 1507 I GameModeConfig: isDisableVoice = true
12-10 06:10:31.724 1507 1584 W ActivityManager: Slow operation: 56ms so far, now at startProcess: returned from zygote!
12-10 06:10:31.725 1507 1584 W ActivityManager: Slow operation: 57ms so far, now at startProcess: done updating battery stats
12-10 06:10:31.725 1507 1584 I am_proc_start: [0,14237,10090,com.android.music,NULL,]
12-10 06:10:31.725 1507 1584 W ActivityManager: Slow operation: 57ms so far, now at startProcess: building log message
12-10 06:10:31.725 1507 1584 I ActivityManager: Start proc 14237:com.android.music/u0a90 for null
12-10 06:10:31.725 1507 1584 W ActivityManager: Slow operation: 57ms so far, now at startProcess: starting to update pids map
12-10 06:10:31.725 1507 1584 W ActivityManager: Slow operation: 57ms so far, now at startProcess: done updating pids map
12-10 06:10:31.735 1507 2157 I am_proc_bound: [0,14230,com.android.settings]
12-10 06:10:31.756 1507 2157 I am_proc_bound: [0,14237,com.android.music]
12-10 06:10:32.155 0 0 I auditd : type=1400 audit(0.0:17754): avc: denied { kill } for comm="swapper/1" capability=5 scontext=u:r:kernel:s0 tcontext=u:r:kernel:s0 tclass=capability permissive=0
12-10 06:10:33.155 0 0 I auditd : type=1400 audit(0.0:17755): avc: denied { kill } for comm="swapper/1" capability=5 scontext=u:r:kernel:s0 tcontext=u:r:kernel:s0 tclass=capability permissive=0
12-10 06:10:34.155 0 0 I auditd : type=1400 audit(0.0:17756): avc: denied { kill } for comm="swapper/1" capability=5 scontext=u:r:kernel:s0 tcontext=u:r:kernel:s0 tclass=capability permissive=0
12-10 06:10:34.695 1507 2719 E TaskPersister: File error accessing recents directory (directory doesn't exist?).
12-10 06:10:35.155 0 0 I auditd : type=1400 audit(0.0:17757): avc: denied { kill } for comm="swapper/1" capability=5 scontext=u:r:kernel:s0 tcontext=u:r:kernel:s0 tclass=capability permissive=0
12-10 06:10:36.155 0 0 I auditd : type=1400 audit(0.0:17758): avc: denied { kill } for comm="swapper/1" capability=5 scontext=u:r:kernel:s0 tcontext=u:r:kernel:s0 tclass=capability permissive=0
12-10 06:10:37.155 0 0 I auditd : type=1400 audit(0.0:17759): avc: denied { kill } for comm="swapper/1" capability=5 scontext=u:r:kernel:s0 tcontext=u:r:kernel:s0 tclass=capability permissive=0
12-10 06:10:38.155 0 0 I auditd : type=1400 audit(0.0:17760): avc: denied { kill } for comm="swapper/1" capability=5 scontext=u:r:kernel:s0 tcontext=u:r:kernel:s0 tclass=capability permissive=0
12-10 06:10:39.155 0 0 I auditd : type=1400 audit(0.0:17761): avc: denied { kill } for comm="swapper/1" capability=5 scontext=u:r:kernel:s0 tcontext=u:r:kernel:s0 tclass=capability permissive=0
12-10 06:10:39.805 1507 1568 W ActivityTaskManager: Launch timeout has expired, giving up wake lock!
12-10 06:10:40.155 0 0 I auditd : type=1400 audit(0.0:17762): avc: denied { kill } for comm="swapper/1" capability=5 scontext=u:r:kernel:s0 tcontext=u:r:kernel:s0 tclass=capability permissive=0
12-10 06:10:41.155 0 0 I auditd : type=1400 audit(0.0:17763): avc: denied { kill } for comm="swapper/1" capability=5 scontext=u:r:kernel:s0 tcontext=u:r:kernel:s0 tclass=capability permissive=0
12-10 06:10:42.155 0 0 I auditd : type=1400 audit(0.0:17764): avc: denied { kill } for comm="swapper/1" capability=5 scontext=u:r:kernel:s0 tcontext=u:r:kernel:s0 tclass=capability permissive=0
12-10 06:10:43.155 0 0 I auditd : type=1400 audit(0.0:17765): avc: denied { kill } for comm="swapper/1" capability=5 scontext=u:r:kernel:s0 tcontext=u:r:kernel:s0 tclass=capability permissive=0
12-10 06:10:44.155 0 0 I auditd : type=1400 audit(0.0:17766): avc: denied { kill } for comm="swapper/1" capability=5 scontext=u:r:kernel:s0 tcontext=u:r:kernel:s0 tclass=capability permissive=0
12-10 06:10:45.155 0 0 I auditd : type=1400 audit(0.0:17767): avc: denied { kill } for comm="swapper/1" capability=5 scontext=u:r:kernel:s0 tcontext=u:r:kernel:s0 tclass=capability permissive=0
12-10 06:10:47.155 0 0 I auditd : type=1400 audit(0.0:17768): avc: denied { kill } for comm="swapper/1" capability=5 scontext=u:r:kernel:s0 tcontext=u:r:kernel:s0 tclass=capability permissive=0
12-10 06:10:48.155 0 0 I auditd : type=1400 audit(0.0:17769): avc: denied { kill } for comm="swapper/1" capability=5 scontext=u:r:kernel:s0 tcontext=u:r:kernel:s0 tclass=capability permissive=0
12-10 06:10:49.155 0 0 I auditd : type=1400 audit(0.0:17770): avc: denied { kill } for comm="swapper/1" capability=5 scontext=u:r:kernel:s0 tcontext=u:r:kernel:s0 tclass=capability permissive=0
12-10 06:10:50.155 0 0 I auditd : type=1400 audit(0.0:17771): avc: denied { kill } for comm="swapper/1" capability=5 scontext=u:r:kernel:s0 tcontext=u:r:kernel:s0 tclass=capability permissive=0
12-10 06:10:51.155 0 0 I auditd : type=1400 audit(0.0:17772): avc: denied { kill } for comm="swapper/1" capability=5 scontext=u:r:kernel:s0 tcontext=u:r:kernel:s0 tclass=capability permissive=0
12-10 06:10:52.155 0 0 I auditd : type=1400 audit(0.0:17773): avc: denied { kill } for comm="swapper/1" capability=5 scontext=u:r:kernel:s0 tcontext=u:r:kernel:s0 tclass=capability permissive=0
12-10 06:10:53.155 0 0 I auditd : type=1400 audit(0.0:17774): avc: denied { kill } for comm="swapper/1" capability=5 scontext=u:r:kernel:s0 tcontext=u:r:kernel:s0 tclass=capability permissive=0
12-10 06:10:54.155 0 0 I auditd : type=1400 audit(0.0:17775): avc: denied { kill } for comm="swapper/1" capability=5 scontext=u:r:kernel:s0 tcontext=u:r:kernel:s0 tclass=capability permissive=0
12-10 06:10:55.155 0 0 I auditd : type=1400 audit(0.0:17776): avc: denied { kill } for comm="swapper/1" capability=5 scontext=u:r:kernel:s0 tcontext=u:r:kernel:s0 tclass=capability permissive=0
12-10 06:10:56.155 0 0 I auditd : type=1400 audit(0.0:17777): avc: denied { kill } for comm="swapper/1" capability=5 scontext=u:r:kernel:s0 tcontext=u:r:kernel:s0 tclass=capability permissive=0
12-10 06:10:57.155 0 0 I auditd : type=1400 audit(0.0:17778): avc: denied { kill } for comm="swapper/1" capability=5 scontext=u:r:kernel:s0 tcontext=u:r:kernel:s0 tclass=capability permissive=0
12-10 06:10:58.155 0 0 I auditd : type=1400 audit(0.0:17779): avc: denied { kill } for comm="swapper/1" capability=5 scontext=u:r:kernel:s0 tcontext=u:r:kernel:s0 tclass=capability permissive=0
12-10 06:10:59.155 0 0 I auditd : type=1400 audit(0.0:17780): avc: denied { kill } for comm="swapper/1" capability=5 scontext=u:r:kernel:s0 tcontext=u:r:kernel:s0 tclass=capability permissive=0
12-10 06:11:00.155 0 0 I auditd : type=1400 audit(0.0:17781): avc: denied { kill } for comm="swapper/1" capability=5 scontext=u:r:kernel:s0 tcontext=u:r:kernel:s0 tclass=capability permissive=0
12-10 06:11:01.155 0 0 I auditd : type=1400 audit(0.0:17782): avc: denied { kill } for comm="swapper/1" capability=5 scontext=u:r:kernel:s0 tcontext=u:r:kernel:s0 tclass=capability permissive=0
12-10 06:11:02.155 0 0 I auditd : type=1400 audit(0.0:17783): avc: denied { kill } for comm="swapper/1" capability=5 scontext=u:r:kernel:s0 tcontext=u:r:kernel:s0 tclass=capability permissive=0
12-10 06:11:03.155 0 0 I auditd : type=1400 audit(0.0:17784): avc: denied { kill } for comm="swapper/1" capability=5 scontext=u:r:kernel:s0 tcontext=u:r:kernel:s0 tclass=capability permissive=0
12-10 06:11:04.155 0 0 I auditd : type=1400 audit(0.0:17785): avc: denied { kill } for comm="swapper/1" capability=5 scontext=u:r:kernel:s0 tcontext=u:r:kernel:s0 tclass=capability permissive=0
12-10 06:11:05.155 0 0 I auditd : type=1400 audit(0.0:17786): avc: denied { kill } for comm="swapper/1" capability=5 scontext=u:r:kernel:s0 tcontext=u:r:kernel:s0 tclass=capability permissive=0
12-10 06:11:06.155 0 0 I auditd : type=1400 audit(0.0:17787): avc: denied { kill } for comm="swapper/1" capability=5 scontext=u:r:kernel:s0 tcontext=u:r:kernel:s0 tclass=capability permissive=0
12-10 06:11:07.155 0 0 I auditd : type=1400 audit(0.0:17788): avc: denied { kill } for comm="swapper/1" capability=5 scontext=u:r:kernel:s0 tcontext=u:r:kernel:s0 tclass=capability permissive=0
12-10 06:11:08.155 0 0 I auditd : type=1400 audit(0.0:17789): avc: denied { kill } for comm="swapper/1" capability=5 scontext=u:r:kernel:s0 tcontext=u:r:kernel:s0 tclass=capability permissive=0
12-10 06:11:09.155 0 0 I auditd : type=1400 audit(0.0:17790): avc: denied { kill } for comm="swapper/1" capability=5 scontext=u:r:kernel:s0 tcontext=u:r:kernel:s0 tclass=capability permissive=0
12-10 06:11:10.155 0 0 I auditd : type=1400 audit(0.0:17791): avc: denied { kill } for comm="swapper/1" capability=5 scontext=u:r:kernel:s0 tcontext=u:r:kernel:s0 tclass=capability permissive=0
12-10 06:11:11.155 0 0 I auditd : type=1400 audit(0.0:17792): avc: denied { kill } for comm="swapper/1" capability=5 scontext=u:r:kernel:s0 tcontext=u:r:kernel:s0 tclass=capability permissive=0
12-10 06:11:11.972 1507 1583 I am_uid_idle: 10052
12-10 06:11:12.155 0 0 I auditd : type=1400 audit(0.0:17793): avc: denied { kill } for comm="swapper/1" capability=5 scontext=u:r:kernel:s0 tcontext=u:r:kernel:s0 tclass=capability permissive=0
12-10 06:11:13.155 0 0 I auditd : type=1400 audit(0.0:17794): avc: denied { kill } for comm="swapper/1" capability=5 scontext=u:r:kernel:s0 tcontext=u:r:kernel:s0 tclass=capability permissive=0
12-10 06:11:14.155 0 0 I auditd : type=1400 audit(0.0:17795): avc: denied { kill } for comm="swapper/1" capability=5 scontext=u:r:kernel:s0 tcontext=u:r:kernel:s0 tclass=capability permissive=0
12-10 06:11:15.155 0 0 I auditd : type=1400 audit(0.0:17796): avc: denied { kill } for comm="swapper/1" capability=5 scontext=u:r:kernel:s0 tcontext=u:r:kernel:s0 tclass=capability permissive=0
12-10 06:11:16.155 0 0 I auditd : type=1400 audit(0.0:17797): avc: denied { kill } for comm="swapper/1" capability=5 scontext=u:r:kernel:s0 tcontext=u:r:kernel:s0 tclass=capability permissive=0
12-10 06:11:17.155 0 0 I auditd : type=1400 audit(0.0:17798): avc: denied { kill } for comm="swapper/1" capability=5 scontext=u:r:kernel:s0 tcontext=u:r:kernel:s0 tclass=capability permissive=0
12-10 06:11:18.155 0 0 I auditd : type=1400 audit(0.0:17799): avc: denied { kill } for comm="swapper/1" capability=5 scontext=u:r:kernel:s0 tcontext=u:r:kernel:s0 tclass=capability permissive=0
12-10 06:11:19.155 0 0 I auditd : type=1400 audit(0.0:17800): avc: denied { kill } for comm="swapper/1" capability=5 scontext=u:r:kernel:s0 tcontext=u:r:kernel:s0 tclass=capability permissive=0
12-10 06:11:20.155 0 0 I auditd : type=1400 audit(0.0:17801): avc: denied { kill } for comm="swapper/1" capability=5 scontext=u:r:kernel:s0 tcontext=u:r:kernel:s0 tclass=capability permissive=0
12-10 06:11:21.155 0 0 I auditd : type=1400 audit(0.0:17802): avc: denied { kill } for comm="swapper/1" capability=5 scontext=u:r:kernel:s0 tcontext=u:r:kernel:s0 tclass=capability permissive=0
12-10 06:11:22.155 0 0 I auditd : type=1400 audit(0.0:17803): avc: denied { kill } for comm="swapper/1" capability=5 scontext=u:r:kernel:s0 tcontext=u:r:kernel:s0 tclass=capability permissive=0
12-10 06:11:23.155 0 0 I auditd : type=1400 audit(0.0:17804): avc: denied { kill } for comm="swapper/1" capability=5 scontext=u:r:kernel:s0 tcontext=u:r:kernel:s0 tclass=capability permissive=0
12-10 06:11:24.080 1507 1613 V DisplayPowerController[0]: Brightness [0.05] reason changing to: 'manual [ dim ]', previous reason: 'manual'.
12-10 06:11:24.080 1507 1613 I sysui_multi_action: [757,1696,758,6,759,2]
12-10 06:11:24.080 1507 1613 W PowerManagerService: Screen on took 72160 ms
12-10 06:11:24.082 1507 1980 E DisplayDeviceConfig: requesting nits when no mapping exists.
12-10 06:11:24.083 1507 1980 E DisplayDeviceConfig: requesting nits when no mapping exists.
12-10 06:11:24.084 1507 1583 I am_wtf : [0,1507,system_server,-1,DisplayDeviceConfig,requesting nits when no mapping exists.]
12-10 06:11:24.086 1507 1583 I DropBoxManagerService: add tag=system_server_wtf isTagEnabled=true flags=0x2
12-10 06:11:24.088 1507 1583 I am_wtf : [0,1507,system_server,-1,DisplayDeviceConfig,requesting nits when no mapping exists.]
12-10 06:11:24.089 1507 1583 I DropBoxManagerService: add tag=system_server_wtf isTagEnabled=true flags=0x2
12-10 06:11:24.098 1507 1980 E DisplayDeviceConfig: requesting nits when no mapping exists.
12-10 06:11:24.098 1507 1980 E DisplayDeviceConfig: requesting nits when no mapping exists.
12-10 06:11:24.098 1507 1583 I am_wtf : [0,1507,system_server,-1,DisplayDeviceConfig,requesting nits when no mapping exists.]
12-10 06:11:24.099 1507 1583 I DropBoxManagerService: add tag=system_server_wtf isTagEnabled=true flags=0x2
12-10 06:11:24.100 1507 1583 I am_wtf : [0,1507,system_server,-1,DisplayDeviceConfig,requesting nits when no mapping exists.]
12-10 06:11:24.101 1507 1583 I DropBoxManagerService: add tag=system_server_wtf isTagEnabled=true flags=0x2
12-10 06:11:24.114 1507 1980 E DisplayDeviceConfig: requesting nits when no mapping exists.
12-10 06:11:24.115 1507 1980 E DisplayDeviceConfig: requesting nits when no mapping exists.
12-10 06:11:24.115 1507 1583 I am_wtf : [0,1507,system_server,-1,DisplayDeviceConfig,requesting nits when no mapping exists.]
12-10 06:11:24.116 1507 1583 I DropBoxManagerService: add tag=system_server_wtf isTagEnabled=true flags=0x2
12-10 06:11:24.117 1507 1583 I am_wtf : [0,1507,system_server,-1,DisplayDeviceConfig,requesting nits when no mapping exists.]
12-10 06:11:24.123 1507 1980 E DisplayDeviceConfig: requesting nits when no mapping exists.
12-10 06:11:24.123 1507 1583 I am_wtf : [0,1507,system_server,-1,DisplayDeviceConfig,requesting nits when no mapping exists.]
12-10 06:11:24.123 1507 1980 E DisplayDeviceConfig: requesting nits when no mapping exists.
12-10 06:11:24.124 1507 1583 I am_wtf : [0,1507,system_server,-1,DisplayDeviceConfig,requesting nits when no mapping exists.]
12-10 06:11:24.139 1507 1980 E DisplayDeviceConfig: requesting nits when no mapping exists.
12-10 06:11:24.140 1507 1583 I am_wtf : [0,1507,system_server,-1,DisplayDeviceConfig,requesting nits when no mapping exists.]
12-10 06:11:24.140 1507 1980 E DisplayDeviceConfig: requesting nits when no mapping exists.
