12-10 05:58:59.828 1507 1584 I ActivityManager: Start proc 13045:com.qualcomm.timeservice/u0a57 for broadcast {com.qualcomm.timeservice/com.qualcomm.timeservice.TimeServiceBroadcastReceiver}
12-10 05:58:59.830 1507 11870 D CompatibilityChangeReporter: Compat change id reported: 168419799; UID 10020; state: DISABLED
12-10 05:58:59.851 1507 11870 D CompatibilityChangeReporter: Compat change id reported: 168419799; UID 10057; state: DISABLED
12-10 05:58:59.867 1507 11869 D CompatibilityChangeReporter: Compat change id reported: 143231523; UID 10020; state: DISABLED
12-10 05:58:59.871 1507 1910 D CompatibilityChangeReporter: Compat change id reported: 143231523; UID 1000; state: DISABLED
12-10 05:58:59.871 1507 2133 D CompatibilityChangeReporter: Compat change id reported: 143231523; UID 10065; state: DISABLED
12-10 05:58:59.898 1507 2133 W BroadcastQueue: Background execution not allowed: receiving Intent { act=com.android.calendar.APPWIDGET_UPDATE flg=0x10 } to com.android.calendar/.widget.CalendarAppWidgetProvider
12-10 05:59:00.641 12573 12573 W ContextImpl: Calling a method in the system process without a qualified user: android.app.ContextImpl.sendBroadcast:1173 android.content.ContextWrapper.sendBroadcast:479 com.android.settings.datetime.TimeFormatPreferenceController.timeUpdated:116 com.android.settings.datetime.TimeFormatPreferenceController.update24HourFormat:102 com.android.settings.datetime.AutoTimeFormatPreferenceController.handlePreferenceTreeClick:74
12-10 05:59:00.652 1507 1507 D DevicePolicyManager: updateSystemUpdateFreezePeriodsRecord
12-10 05:59:00.652 1507 1507 D ConditionProviders.SCP: onReceive android.intent.action.TIME_SET
12-10 05:59:00.653 1507 1507 D ConditionProviders.SCP: evaluateSubscriptionLocked cal=ScheduleCalendar[mDays={1, 2, 3, 4, 5, 6, 7}, mSchedule=ScheduleInfo{days=[1, 2, 3, 4, 5, 6, 7], startHour=22, startMinute=0, endHour=7, endMinute=0, exitAtAlarm=true, nextAlarm=Thu Jan 01 08:00:00 GMT+08:00 1970 (0)}], now=Sat Dec 10 05:59:00 GMT+08:00 2022 (1670623140652), nextUserAlarmTime=Thu Jan 01 08:00:00 GMT+08:00 1970 (0)
12-10 05:59:00.653 1507 1507 D ConditionProviders.SCP: notifyCondition condition://android/schedule?days=1.2.3.4.5.6.7&start=22.0&end=7.0&exitAtAlarm=true STATE_TRUE reason=meetsSchedule
12-10 05:59:00.653 1507 1507 D ConditionProviders.SCP: Scheduling evaluate for Sat Dec 10 07:00:00 GMT+08:00 2022 (1670626800000), in +1h0m59s348ms, now=Sat Dec 10 05:59:00 GMT+08:00 2022 (1670623140652)
12-10 05:59:00.665 1507 11870 D CompatibilityChangeReporter: Compat change id reported: 171306433; UID 10020; state: ENABLED
12-10 05:59:01.379 12573 12573 W ContextImpl: Calling a method in the system process without a qualified user: android.app.ContextImpl.sendBroadcast:1173 android.content.ContextWrapper.sendBroadcast:479 com.android.settings.datetime.TimeFormatPreferenceController.timeUpdated:116 com.android.settings.datetime.TimeFormatPreferenceController.update24HourFormat:102 com.android.settings.datetime.TimeFormatPreferenceController.handlePreferenceTreeClick:86
12-10 05:59:01.392 1507 1507 D DevicePolicyManager: updateSystemUpdateFreezePeriodsRecord
12-10 05:59:01.392 1507 1507 D ConditionProviders.SCP: onReceive android.intent.action.TIME_SET
12-10 05:59:01.393 1507 1507 D ConditionProviders.SCP: evaluateSubscriptionLocked cal=ScheduleCalendar[mDays={1, 2, 3, 4, 5, 6, 7}, mSchedule=ScheduleInfo{days=[1, 2, 3, 4, 5, 6, 7], startHour=22, startMinute=0, endHour=7, endMinute=0, exitAtAlarm=true, nextAlarm=Thu Jan 01 08:00:00 GMT+08:00 1970 (0)}], now=Sat Dec 10 05:59:01 GMT+08:00 2022 (1670623141392), nextUserAlarmTime=Thu Jan 01 08:00:00 GMT+08:00 1970 (0)
12-10 05:59:01.393 1507 1507 D ConditionProviders.SCP: notifyCondition condition://android/schedule?days=1.2.3.4.5.6.7&start=22.0&end=7.0&exitAtAlarm=true STATE_TRUE reason=meetsSchedule
12-10 05:59:01.393 1507 1507 D ConditionProviders.SCP: Scheduling evaluate for Sat Dec 10 07:00:00 GMT+08:00 2022 (1670626800000), in +1h0m58s608ms, now=Sat Dec 10 05:59:01 GMT+08:00 2022 (1670623141392)
12-10 05:59:02.122 12573 12573 W ContextImpl: Calling a method in the system process without a qualified user: android.app.ContextImpl.sendBroadcast:1173 android.content.ContextWrapper.sendBroadcast:479 com.android.settings.datetime.TimeFormatPreferenceController.timeUpdated:116 com.android.settings.datetime.TimeFormatPreferenceController.update24HourFormat:102 com.android.settings.datetime.TimeFormatPreferenceController.handlePreferenceTreeClick:86
12-10 05:59:02.132 1507 1507 D DevicePolicyManager: updateSystemUpdateFreezePeriodsRecord
12-10 05:59:02.132 1507 1507 D ConditionProviders.SCP: onReceive android.intent.action.TIME_SET
12-10 05:59:02.133 1507 1507 D ConditionProviders.SCP: evaluateSubscriptionLocked cal=ScheduleCalendar[mDays={1, 2, 3, 4, 5, 6, 7}, mSchedule=ScheduleInfo{days=[1, 2, 3, 4, 5, 6, 7], startHour=22, startMinute=0, endHour=7, endMinute=0, exitAtAlarm=true, nextAlarm=Thu Jan 01 08:00:00 GMT+08:00 1970 (0)}], now=Sat Dec 10 05:59:02 GMT+08:00 2022 (1670623142132), nextUserAlarmTime=Thu Jan 01 08:00:00 GMT+08:00 1970 (0)
12-10 05:59:02.133 1507 1507 D ConditionProviders.SCP: notifyCondition condition://android/schedule?days=1.2.3.4.5.6.7&start=22.0&end=7.0&exitAtAlarm=true STATE_TRUE reason=meetsSchedule
12-10 05:59:02.134 1507 1507 D ConditionProviders.SCP: Scheduling evaluate for Sat Dec 10 07:00:00 GMT+08:00 2022 (1670626800000), in +1h0m57s868ms, now=Sat Dec 10 05:59:02 GMT+08:00 2022 (1670623142132)
12-10 05:59:02.833 12573 12573 W ContextImpl: Calling a method in the system process without a qualified user: android.app.ContextImpl.sendBroadcast:1173 android.content.ContextWrapper.sendBroadcast:479 com.android.settings.datetime.TimeFormatPreferenceController.timeUpdated:116 com.android.settings.datetime.TimeFormatPreferenceController.update24HourFormat:102 com.android.settings.datetime.TimeFormatPreferenceController.handlePreferenceTreeClick:86
12-10 05:59:02.858 1507 1507 D DevicePolicyManager: updateSystemUpdateFreezePeriodsRecord
12-10 05:59:02.858 1507 1507 D ConditionProviders.SCP: onReceive android.intent.action.TIME_SET
12-10 05:59:02.860 1507 1507 D ConditionProviders.SCP: evaluateSubscriptionLocked cal=ScheduleCalendar[mDays={1, 2, 3, 4, 5, 6, 7}, mSchedule=ScheduleInfo{days=[1, 2, 3, 4, 5, 6, 7], startHour=22, startMinute=0, endHour=7, endMinute=0, exitAtAlarm=true, nextAlarm=Thu Jan 01 08:00:00 GMT+08:00 1970 (0)}], now=Sat Dec 10 05:59:02 GMT+08:00 2022 (1670623142858), nextUserAlarmTime=Thu Jan 01 08:00:00 GMT+08:00 1970 (0)
12-10 05:59:02.860 1507 1507 D ConditionProviders.SCP: notifyCondition condition://android/schedule?days=1.2.3.4.5.6.7&start=22.0&end=7.0&exitAtAlarm=true STATE_TRUE reason=meetsSchedule
12-10 05:59:02.861 1507 1507 D ConditionProviders.SCP: Scheduling evaluate for Sat Dec 10 07:00:00 GMT+08:00 2022 (1670626800000), in +1h0m57s142ms, now=Sat Dec 10 05:59:02 GMT+08:00 2022 (1670623142858)
12-10 05:59:03.635 12573 12573 W ContextImpl: Calling a method in the system process without a qualified user: android.app.ContextImpl.sendBroadcast:1173 android.content.ContextWrapper.sendBroadcast:479 com.android.settings.datetime.TimeFormatPreferenceController.timeUpdated:116 com.android.settings.datetime.TimeFormatPreferenceController.update24HourFormat:102 com.android.settings.datetime.TimeFormatPreferenceController.handlePreferenceTreeClick:86
12-10 05:59:03.651 1507 1507 D DevicePolicyManager: updateSystemUpdateFreezePeriodsRecord
12-10 05:59:03.651 1507 1507 D ConditionProviders.SCP: onReceive android.intent.action.TIME_SET
12-10 05:59:03.652 1507 1507 D ConditionProviders.SCP: evaluateSubscriptionLocked cal=ScheduleCalendar[mDays={1, 2, 3, 4, 5, 6, 7}, mSchedule=ScheduleInfo{days=[1, 2, 3, 4, 5, 6, 7], startHour=22, startMinute=0, endHour=7, endMinute=0, exitAtAlarm=true, nextAlarm=Thu Jan 01 08:00:00 GMT+08:00 1970 (0)}], now=Sat Dec 10 05:59:03 GMT+08:00 2022 (1670623143651), nextUserAlarmTime=Thu Jan 01 08:00:00 GMT+08:00 1970 (0)
12-10 05:59:03.652 1507 1507 D ConditionProviders.SCP: notifyCondition condition://android/schedule?days=1.2.3.4.5.6.7&start=22.0&end=7.0&exitAtAlarm=true STATE_TRUE reason=meetsSchedule
12-10 05:59:03.653 1507 1507 D ConditionProviders.SCP: Scheduling evaluate for Sat Dec 10 07:00:00 GMT+08:00 2022 (1670626800000), in +1h0m56s349ms, now=Sat Dec 10 05:59:03 GMT+08:00 2022 (1670623143651)
12-10 05:59:04.527 12573 12573 W ContextImpl: Calling a method in the system process without a qualified user: android.app.ContextImpl.sendBroadcast:1173 android.content.ContextWrapper.sendBroadcast:479 com.android.settings.datetime.TimeFormatPreferenceController.timeUpdated:116 com.android.settings.datetime.TimeFormatPreferenceController.update24HourFormat:102 com.android.settings.datetime.AutoTimeFormatPreferenceController.handlePreferenceTreeClick:74
12-10 05:59:04.550 1507 1507 D DevicePolicyManager: updateSystemUpdateFreezePeriodsRecord
12-10 05:59:04.550 1507 1507 D ConditionProviders.SCP: onReceive android.intent.action.TIME_SET
12-10 05:59:04.551 1507 1507 D ConditionProviders.SCP: evaluateSubscriptionLocked cal=ScheduleCalendar[mDays={1, 2, 3, 4, 5, 6, 7}, mSchedule=ScheduleInfo{days=[1, 2, 3, 4, 5, 6, 7], startHour=22, startMinute=0, endHour=7, endMinute=0, exitAtAlarm=true, nextAlarm=Thu Jan 01 08:00:00 GMT+08:00 1970 (0)}], now=Sat Dec 10 05:59:04 GMT+08:00 2022 (1670623144550), nextUserAlarmTime=Thu Jan 01 08:00:00 GMT+08:00 1970 (0)
12-10 05:59:04.556 1507 1507 D ConditionProviders.SCP: notifyCondition condition://android/schedule?days=1.2.3.4.5.6.7&start=22.0&end=7.0&exitAtAlarm=true STATE_TRUE reason=meetsSchedule
12-10 05:59:04.557 1507 1507 D ConditionProviders.SCP: Scheduling evaluate for Sat Dec 10 07:00:00 GMT+08:00 2022 (1670626800000), in +1h0m55s450ms, now=Sat Dec 10 05:59:04 GMT+08:00 2022 (1670623144550)
12-10 05:59:05.245 12573 12573 W ContextImpl: Calling a method in the system process without a qualified user: android.app.ContextImpl.sendBroadcast:1173 android.content.ContextWrapper.sendBroadcast:479 com.android.settings.datetime.TimeFormatPreferenceController.timeUpdated:116 com.android.settings.datetime.TimeFormatPreferenceController.update24HourFormat:102 com.android.settings.datetime.AutoTimeFormatPreferenceController.handlePreferenceTreeClick:74
12-10 05:59:05.250 1507 1507 D DevicePolicyManager: updateSystemUpdateFreezePeriodsRecord
12-10 05:59:05.250 1507 1507 D ConditionProviders.SCP: onReceive android.intent.action.TIME_SET
12-10 05:59:05.255 1507 1507 D ConditionProviders.SCP: evaluateSubscriptionLocked cal=ScheduleCalendar[mDays={1, 2, 3, 4, 5, 6, 7}, mSchedule=ScheduleInfo{days=[1, 2, 3, 4, 5, 6, 7], startHour=22, startMinute=0, endHour=7, endMinute=0, exitAtAlarm=true, nextAlarm=Thu Jan 01 08:00:00 GMT+08:00 1970 (0)}], now=Sat Dec 10 05:59:05 GMT+08:00 2022 (1670623145253), nextUserAlarmTime=Thu Jan 01 08:00:00 GMT+08:00 1970 (0)
12-10 05:59:05.256 1507 1507 D ConditionProviders.SCP: notifyCondition condition://android/schedule?days=1.2.3.4.5.6.7&start=22.0&end=7.0&exitAtAlarm=true STATE_TRUE reason=meetsSchedule
12-10 05:59:05.257 1507 1507 D ConditionProviders.SCP: Scheduling evaluate for Sat Dec 10 07:00:00 GMT+08:00 2022 (1670626800000), in +1h0m54s747ms, now=Sat Dec 10 05:59:05 GMT+08:00 2022 (1670623145253)
12-10 05:59:09.038 1507 11870 E UserRestrictionsUtils: Unknown restriction queried by uid 1000 (com.android.localtransport et al): null
12-10 05:59:09.038 1507 11870 E UserRestrictionsUtils: Unknown restriction queried by uid 1000 (com.android.localtransport et al): null
12-10 05:59:09.039 1507 11870 E UserRestrictionsUtils: Unknown restriction queried by uid 1000 (com.android.localtransport et al): null
12-10 05:59:10.969 1507 11870 E UserRestrictionsUtils: Unknown restriction queried by uid 1000 (com.android.localtransport et al): null
12-10 05:59:10.970 1507 11870 E UserRestrictionsUtils: Unknown restriction queried by uid 1000 (com.android.localtransport et al): null
12-10 05:59:10.971 1507 11870 E UserRestrictionsUtils: Unknown restriction queried by uid 1000 (com.android.localtransport et al): null
12-10 05:59:11.681 1507 11870 I ActivityTaskManager: START u0 {act=android.intent.action.REVIEW_PERMISSION_USAGE cmp=com.android.permissioncontroller/.permission.ui.ManagePermissionsActivity} from uid 1000
12-10 05:59:11.712 1507 6104 I ActivityTaskManager: FOREGROUND_APPLICATION_CHANGED to com.android.permissioncontroller.permission.ui.ManagePermissionsActivity
12-10 05:59:11.712 1507 6104 I ActivityTaskManager: The Process com.android.permissioncontroller Already Exists in BG. So sending its PID: 12461
12-10 05:59:11.712 1507 6104 W ActivityTaskManager: Tried to set launchTime (0) < mLastActivityLaunchTime (15431502)
12-10 05:59:11.758 8492 8527 W ContextImpl: Calling a method in the system process without a qualified user: android.app.ContextImpl.startService:1816 android.content.ContextWrapper.startService:774 com.thundercomm.gamemode.ingame.services.GameModeActionUtils.startGameModeService:99 com.thundercomm.gamemode.ingame.services.GameModeActionUtils.startGameModeEntry:22 com.thundercomm.gamemode.ingame.services.ActivityMonitoringService$1.onActivityLaunch:127
12-10 05:59:11.762 1507 1507 I GameModeConfig: Current uri is uri = content://com.thundercomm.gamemode.api/gamemode_settings/gamemode_isgaming
12-10 05:59:11.775 1507 1507 I GameModeConfig: isGameModeOn = true
12-10 05:59:11.775 1507 1507 I GameModeConfig: isGaming = false
12-10 05:59:11.776 1507 1507 I GameModeConfig: isGameModeOn = true
12-10 05:59:11.776 1507 1507 I GameModeConfig: isGaming = false
12-10 05:59:11.776 1507 1507 I GameModeConfig: isDisableVoice = true
12-10 05:59:11.824 8492 8527 W ContextImpl: Calling a method in the system process without a qualified user: android.app.ContextImpl.startService:1816 android.content.ContextWrapper.startService:774 com.thundercomm.gamemode.ingame.services.GameModeActionUtils.startGameModeService:99 com.thundercomm.gamemode.ingame.services.GameModeActionUtils.startGameModeEntry:22 com.thundercomm.gamemode.ingame.services.ActivityMonitoringService$1.onActivityLaunch:127
12-10 05:59:11.828 1507 1507 I GameModeConfig: Current uri is uri = content://com.thundercomm.gamemode.api/gamemode_settings/gamemode_isgaming
12-10 05:59:11.834 1507 1507 I GameModeConfig: isGameModeOn = true
12-10 05:59:11.834 1507 1507 I GameModeConfig: isGaming = false
12-10 05:59:11.834 1507 1507 I GameModeConfig: isGameModeOn = true
12-10 05:59:11.834 1507 1507 I GameModeConfig: isGaming = false
12-10 05:59:11.834 1507 1507 I GameModeConfig: isDisableVoice = true
12-10 05:59:12.304 8492 8527 W ContextImpl: Calling a method in the system process without a qualified user: android.app.ContextImpl.startService:1816 android.content.ContextWrapper.startService:774 com.thundercomm.gamemode.ingame.services.GameModeActionUtils.startGameModeService:99 com.thundercomm.gamemode.ingame.services.GameModeActionUtils.startGameModeEntry:22 com.thundercomm.gamemode.ingame.services.ActivityMonitoringService$1.onActivityLaunch:127
12-10 05:59:12.312 1507 1507 I GameModeConfig: Current uri is uri = content://com.thundercomm.gamemode.api/gamemode_settings/gamemode_isgaming
12-10 05:59:12.315 1507 1507 I GameModeConfig: isGameModeOn = true
12-10 05:59:12.315 1507 1507 I GameModeConfig: isGaming = false
12-10 05:59:12.316 1507 1507 I GameModeConfig: isGameModeOn = true
12-10 05:59:12.317 1507 1507 I GameModeConfig: isGaming = false
12-10 05:59:12.317 1507 1507 I GameModeConfig: isDisableVoice = true
12-10 05:59:13.167 1507 5436 I ActivityTaskManager: FOREGROUND_APPLICATION_CHANGED to com.android.settings.homepage.SettingsHomepageActivity
12-10 05:59:13.190 8492 8527 W ContextImpl: Calling a method in the system process without a qualified user: android.app.ContextImpl.startService:1816 android.content.ContextWrapper.startService:774 com.thundercomm.gamemode.ingame.services.GameModeActionUtils.startGameModeService:99 com.thundercomm.gamemode.ingame.services.GameModeActionUtils.startGameModeEntry:22 com.thundercomm.gamemode.ingame.services.ActivityMonitoringService$1.onActivityLaunch:127
12-10 05:59:13.195 1507 1507 I GameModeConfig: Current uri is uri = content://com.thundercomm.gamemode.api/gamemode_settings/gamemode_isgaming
12-10 05:59:13.197 1507 1507 I GameModeConfig: isGameModeOn = true
12-10 05:59:13.197 1507 1507 I GameModeConfig: isGaming = false
12-10 05:59:13.197 1507 1507 I GameModeConfig: isGameModeOn = true
12-10 05:59:13.197 1507 1507 I GameModeConfig: isGaming = false
12-10 05:59:13.197 1507 1507 I GameModeConfig: isDisableVoice = true
12-10 05:59:13.284 8492 8527 W ContextImpl: Calling a method in the system process without a qualified user: android.app.ContextImpl.startService:1816 android.content.ContextWrapper.startService:774 com.thundercomm.gamemode.ingame.services.GameModeActionUtils.startGameModeService:99 com.thundercomm.gamemode.ingame.services.GameModeActionUtils.startGameModeEntry:22 com.thundercomm.gamemode.ingame.services.ActivityMonitoringService$1.onActivityLaunch:127
12-10 05:59:13.290 1507 1507 I GameModeConfig: Current uri is uri = content://com.thundercomm.gamemode.api/gamemode_settings/gamemode_isgaming
12-10 05:59:13.291 1507 1507 I GameModeConfig: isGameModeOn = true
12-10 05:59:13.291 1507 1507 I GameModeConfig: isGaming = false
12-10 05:59:13.292 1507 1507 I GameModeConfig: isGameModeOn = true
12-10 05:59:13.292 1507 1507 I GameModeConfig: isGaming = false
12-10 05:59:13.292 1507 1507 I GameModeConfig: isDisableVoice = true
12-10 05:59:13.640 8492 8527 W ContextImpl: Calling a method in the system process without a qualified user: android.app.ContextImpl.startService:1816 android.content.ContextWrapper.startService:774 com.thundercomm.gamemode.ingame.services.GameModeActionUtils.startGameModeService:99 com.thundercomm.gamemode.ingame.services.GameModeActionUtils.startGameModeEntry:22 com.thundercomm.gamemode.ingame.services.ActivityMonitoringService$1.onActivityLaunch:127
12-10 05:59:13.651 1507 1507 I GameModeConfig: Current uri is uri = content://com.thundercomm.gamemode.api/gamemode_settings/gamemode_isgaming
12-10 05:59:13.653 1507 1507 I GameModeConfig: isGameModeOn = true
12-10 05:59:13.653 1507 1507 I GameModeConfig: isGaming = false
12-10 05:59:13.653 1507 1507 I GameModeConfig: isGameModeOn = true
12-10 05:59:13.653 1507 1507 I GameModeConfig: isGaming = false
12-10 05:59:13.653 1507 1507 I GameModeConfig: isDisableVoice = true
12-10 05:59:14.053 1507 2133 I ActivityTaskManager: START u0 {act=android.intent.action.MANAGE_PERMISSIONS cmp=com.android.permissioncontroller/.permission.ui.ManagePermissionsActivity} from uid 1000
12-10 05:59:14.073 1507 5436 I ActivityTaskManager: FOREGROUND_APPLICATION_CHANGED to com.android.permissioncontroller.permission.ui.ManagePermissionsActivity
12-10 05:59:14.073 1507 5436 I ActivityTaskManager: The Process com.android.permissioncontroller Already Exists in BG. So sending its PID: 12461
12-10 05:59:14.073 1507 5436 W ActivityTaskManager: Tried to set launchTime (0) < mLastActivityLaunchTime (15600717)
12-10 05:59:14.099 8492 8527 W ContextImpl: Calling a method in the system process without a qualified user: android.app.ContextImpl.startService:1816 android.content.ContextWrapper.startService:774 com.thundercomm.gamemode.ingame.services.GameModeActionUtils.startGameModeService:99 com.thundercomm.gamemode.ingame.services.GameModeActionUtils.startGameModeEntry:22 com.thundercomm.gamemode.ingame.services.ActivityMonitoringService$1.onActivityLaunch:127
12-10 05:59:14.103 1507 1507 I GameModeConfig: Current uri is uri = content://com.thundercomm.gamemode.api/gamemode_settings/gamemode_isgaming
12-10 05:59:14.106 1507 1507 I GameModeConfig: isGameModeOn = true
12-10 05:59:14.106 1507 1507 I GameModeConfig: isGaming = false
12-10 05:59:14.106 1507 1507 I GameModeConfig: isGameModeOn = true
12-10 05:59:14.106 1507 1507 I GameModeConfig: isGaming = false
12-10 05:59:14.106 1507 1507 I GameModeConfig: isDisableVoice = true
12-10 05:59:14.192 8492 8527 W ContextImpl: Calling a method in the system process without a qualified user: android.app.ContextImpl.startService:1816 android.content.ContextWrapper.startService:774 com.thundercomm.gamemode.ingame.services.GameModeActionUtils.startGameModeService:99 com.thundercomm.gamemode.ingame.services.GameModeActionUtils.startGameModeEntry:22 com.thundercomm.gamemode.ingame.services.ActivityMonitoringService$1.onActivityLaunch:127
12-10 05:59:14.211 1507 1507 I GameModeConfig: Current uri is uri = content://com.thundercomm.gamemode.api/gamemode_settings/gamemode_isgaming
12-10 05:59:14.212 1507 1507 I GameModeConfig: isGameModeOn = true
12-10 05:59:14.212 1507 1507 I GameModeConfig: isGaming = false
12-10 05:59:14.212 1507 1507 I GameModeConfig: isGameModeOn = true
12-10 05:59:14.212 1507 1507 I GameModeConfig: isGaming = false
12-10 05:59:14.212 1507 1507 I GameModeConfig: isDisableVoice = true
12-10 05:59:14.676 8492 8527 W ContextImpl: Calling a method in the system process without a qualified user: android.app.ContextImpl.startService:1816 android.content.ContextWrapper.startService:774 com.thundercomm.gamemode.ingame.services.GameModeActionUtils.startGameModeService:99 com.thundercomm.gamemode.ingame.services.GameModeActionUtils.startGameModeEntry:22 com.thundercomm.gamemode.ingame.services.ActivityMonitoringService$1.onActivityLaunch:127
12-10 05:59:14.680 1507 1507 I GameModeConfig: Current uri is uri = content://com.thundercomm.gamemode.api/gamemode_settings/gamemode_isgaming
12-10 05:59:14.682 1507 1507 I GameModeConfig: isGameModeOn = true
12-10 05:59:14.682 1507 1507 I GameModeConfig: isGaming = false
12-10 05:59:14.684 1507 1507 I GameModeConfig: isGameModeOn = true
12-10 05:59:14.684 1507 1507 I GameModeConfig: isGaming = false
12-10 05:59:14.684 1507 1507 I GameModeConfig: isDisableVoice = true
12-10 05:59:15.206 1507 2719 E TaskPersister: File error accessing recents directory (directory doesn't exist?).
12-10 05:59:15.362 1507 6104 I ActivityTaskManager: FOREGROUND_APPLICATION_CHANGED to com.android.settings.homepage.SettingsHomepageActivity
12-10 05:59:15.388 8492 8527 W ContextImpl: Calling a method in the system process without a qualified user: android.app.ContextImpl.startService:1816 android.content.ContextWrapper.startService:774 com.thundercomm.gamemode.ingame.services.GameModeActionUtils.startGameModeService:99 com.thundercomm.gamemode.ingame.services.GameModeActionUtils.startGameModeEntry:22 com.thundercomm.gamemode.ingame.services.ActivityMonitoringService$1.onActivityLaunch:127
12-10 05:59:15.395 1507 1507 I GameModeConfig: Current uri is uri = content://com.thundercomm.gamemode.api/gamemode_settings/gamemode_isgaming
12-10 05:59:15.396 1507 1507 I GameModeConfig: isGameModeOn = true
12-10 05:59:15.397 1507 1507 I GameModeConfig: isGaming = false
12-10 05:59:15.397 1507 1507 I GameModeConfig: isGameModeOn = true
12-10 05:59:15.397 1507 1507 I GameModeConfig: isGaming = false
12-10 05:59:15.397 1507 1507 I GameModeConfig: isDisableVoice = true
12-10 05:59:15.482 8492 8527 W ContextImpl: Calling a method in the system process without a qualified user: android.app.ContextImpl.startService:1816 android.content.ContextWrapper.startService:774 com.thundercomm.gamemode.ingame.services.GameModeActionUtils.startGameModeService:99 com.thundercomm.gamemode.ingame.services.GameModeActionUtils.startGameModeEntry:22 com.thundercomm.gamemode.ingame.services.ActivityMonitoringService$1.onActivityLaunch:127
12-10 05:59:15.486 1507 1507 I GameModeConfig: Current uri is uri = content://com.thundercomm.gamemode.api/gamemode_settings/gamemode_isgaming
12-10 05:59:15.487 1507 1507 I GameModeConfig: isGameModeOn = true
12-10 05:59:15.487 1507 1507 I GameModeConfig: isGaming = false
12-10 05:59:15.488 1507 1507 I GameModeConfig: isGameModeOn = true
12-10 05:59:15.488 1507 1507 I GameModeConfig: isGaming = false
12-10 05:59:15.488 1507 1507 I GameModeConfig: isDisableVoice = true
12-10 05:59:15.829 8492 8527 W ContextImpl: Calling a method in the system process without a qualified user: android.app.ContextImpl.startService:1816 android.content.ContextWrapper.startService:774 com.thundercomm.gamemode.ingame.services.GameModeActionUtils.startGameModeService:99 com.thundercomm.gamemode.ingame.services.GameModeActionUtils.startGameModeEntry:22 com.thundercomm.gamemode.ingame.services.ActivityMonitoringService$1.onActivityLaunch:127
12-10 05:59:15.834 1507 1507 I GameModeConfig: Current uri is uri = content://com.thundercomm.gamemode.api/gamemode_settings/gamemode_isgaming
12-10 05:59:15.836 1507 1507 I GameModeConfig: isGameModeOn = true
12-10 05:59:15.836 1507 1507 I GameModeConfig: isGaming = false
12-10 05:59:15.837 1507 1507 I GameModeConfig: isGameModeOn = true
12-10 05:59:15.837 1507 1507 I GameModeConfig: isGaming = false
12-10 05:59:15.837 1507 1507 I GameModeConfig: isDisableVoice = true
12-10 05:59:18.868 1507 2719 E TaskPersister: File error accessing recents directory (directory doesn't exist?).
12-10 05:59:21.946 1507 1581 I UsageStatsService: User[0] Flushing usage stats to disk
12-10 05:59:27.004 1507 1583 W BroadcastQueue: Permission Denial: broadcasting Intent { act=android.net.conn.CONNECTIVITY_CHANGE flg=0x4200010 (has extras) } from null (pid=-1, uid=-1) requires android.permission.CHANGE_NETWORK_STATE due to registered receiver BroadcastFilter{3fd58d5 1000/u0 ReceiverList{7e4398c 12573 com.android.settings/1000/u0 remote:881debf}}
12-10 05:59:27.004 1507 1583 W BroadcastQueue: Permission Denial: broadcasting Intent { act=android.net.wifi.STATE_CHANGE flg=0x4000010 (has extras) } from null (pid=-1, uid=-1) requires android.permission.CHANGE_NETWORK_STATE due to registered receiver BroadcastFilter{3fd58d5 1000/u0 ReceiverList{7e4398c 12573 com.android.settings/1000/u0 remote:881debf}}
12-10 05:59:27.004 1507 1583 W BroadcastQueue: Permission Denial: broadcasting Intent { act=android.net.conn.CONNECTIVITY_CHANGE flg=0x4200010 (has extras) } from null (pid=-1, uid=-1) requires android.permission.CHANGE_NETWORK_STATE due to registered receiver BroadcastFilter{6616278 1000/u0 ReceiverList{effa7db 12573 com.android.settings/1000/u0 remote:dade8ea}}
12-10 05:59:27.004 1507 1583 W BroadcastQueue: Permission Denial: broadcasting Intent { act=android.net.wifi.STATE_CHANGE flg=0x4000010 (has extras) } from null (pid=-1, uid=-1) requires android.permission.CHANGE_NETWORK_STATE due to registered receiver BroadcastFilter{6616278 1000/u0 ReceiverList{effa7db 12573 com.android.settings/1000/u0 remote:dade8ea}}
12-10 05:59:27.007 12573 12573 W FeatureConnector: [ImsConnector, 0] connect: not supported.
12-10 05:59:34.598 1507 11870 I NotificationService: cancelToast pkg=com.android.settings token=android.os.BinderProxy@f0be5b5
12-10 05:59:34.864 1507 11870 W NotificationService: Toast already killed. pkg=com.android.settings token=android.os.BinderProxy@f0be5b5
12-10 05:59:38.707 1507 2133 W NotificationService: Toast already killed. pkg=com.android.settings token=android.os.BinderProxy@48b96ee
12-10 05:59:45.606 1507 1507 W WindowManager: removeWindowToken: Attempted to remove non-existing token: android.os.Binder@46e9b43
12-10 05:59:49.449 1507 1507 W WindowManager: removeWindowToken: Attempted to remove non-existing token: android.os.Binder@70c244a
12-10 06:01:59.642 1507 5493 I ActivityTaskManager: START u0 {act=android.intent.action.MAIN cmp=com.android.settings/.SubSettings (has extras)} from uid 1000
12-10 06:01:59.657 1507 11870 I ActivityTaskManager: FOREGROUND_APPLICATION_CHANGED to com.android.settings.SubSettings
12-10 06:01:59.657 1507 11870 I ActivityTaskManager: The Process com.android.settings Already Exists in BG. So sending its PID: 12573
12-10 06:01:59.657 1507 11870 W ActivityTaskManager: Tried to set launchTime (0) < mLastActivityLaunchTime (15435180)
12-10 06:01:59.722 1507 11870 I ActivityTaskManager: START u0 {act=android.intent.action.MAIN cmp=com.android.settings/.homepage.SettingsHomepageActivity (has extras)} from uid 1000
12-10 06:01:59.738 1507 11870 W ActivityTaskManager: Duplicate finish request for r=ActivityRecord{17481d9 u0 com.android.settings/.SubSettings t111 f}}
12-10 06:01:59.749 1507 11870 I ActivityTaskManager: FOREGROUND_APPLICATION_CHANGED to com.android.settings.homepage.SettingsHomepageActivity
12-10 06:01:59.863 8492 8527 W ContextImpl: Calling a method in the system process without a qualified user: android.app.ContextImpl.startService:1816 android.content.ContextWrapper.startService:774 com.thundercomm.gamemode.ingame.services.GameModeActionUtils.startGameModeService:99 com.thundercomm.gamemode.ingame.services.GameModeActionUtils.startGameModeEntry:22 com.thundercomm.gamemode.ingame.services.ActivityMonitoringService$1.onActivityLaunch:127
12-10 06:01:59.869 1507 1507 I GameModeConfig: Current uri is uri = content://com.thundercomm.gamemode.api/gamemode_settings/gamemode_isgaming
12-10 06:01:59.875 1507 1507 I GameModeConfig: isGameModeOn = true
12-10 06:01:59.875 1507 1507 I GameModeConfig: isGaming = false
12-10 06:01:59.876 1507 1507 I GameModeConfig: isGameModeOn = true
12-10 06:01:59.876 1507 1507 I GameModeConfig: isGaming = false
12-10 06:01:59.876 1507 1507 I GameModeConfig: isDisableVoice = true
12-10 06:02:02.628 1507 5493 I ActivityTaskManager: START u0 {act=android.intent.action.MAIN cmp=com.android.settings/.SubSettings (has extras)} from uid 1000
12-10 06:02:02.648 1507 6104 I ActivityTaskManager: FOREGROUND_APPLICATION_CHANGED to com.android.settings.SubSettings
12-10 06:02:02.648 1507 6104 I ActivityTaskManager: The Process com.android.settings Already Exists in BG. So sending its PID: 12573
12-10 06:02:02.650 1507 6104 W ActivityTaskManager: Tried to set launchTime (0) < mLastActivityLaunchTime (15768662)
12-10 06:02:02.677 1507 5493 I ActivityTaskManager: START u0 {act=android.intent.action.MAIN cmp=com.android.settings/.homepage.SettingsHomepageActivity (has extras)} from uid 1000
12-10 06:02:02.693 1507 5493 W ActivityTaskManager: Duplicate finish request for r=ActivityRecord{a29ee68 u0 com.android.settings/.SubSettings t111 f}}
12-10 06:02:02.699 1507 5493 I ActivityTaskManager: FOREGROUND_APPLICATION_CHANGED to com.android.settings.homepage.SettingsHomepageActivity
12-10 06:02:02.813 8492 8527 W ContextImpl: Calling a method in the system process without a qualified user: android.app.ContextImpl.startService:1816 android.content.ContextWrapper.startService:774 com.thundercomm.gamemode.ingame.services.GameModeActionUtils.startGameModeService:99 com.thundercomm.gamemode.ingame.services.GameModeActionUtils.startGameModeEntry:22 com.thundercomm.gamemode.ingame.services.ActivityMonitoringService$1.onActivityLaunch:127
12-10 06:02:02.819 1507 1507 I GameModeConfig: Current uri is uri = content://com.thundercomm.gamemode.api/gamemode_settings/gamemode_isgaming
12-10 06:02:02.821 1507 1507 I GameModeConfig: isGameModeOn = true
12-10 06:02:02.821 1507 1507 I GameModeConfig: isGaming = false
12-10 06:02:02.821 1507 1507 I GameModeConfig: isGameModeOn = true
12-10 06:02:02.821 1507 1507 I GameModeConfig: isGaming = false
12-10 06:02:02.821 1507 1507 I GameModeConfig: isDisableVoice = true
12-10 06:02:03.672 1507 2719 E TaskPersister: File error accessing recents directory (directory doesn't exist?).
12-10 06:02:06.891 1507 11869 I ActivityTaskManager: START u0 {act=android.intent.action.MAIN cmp=com.android.settings/.SubSettings (has extras)} from uid 1000
12-10 06:02:06.920 1507 6104 I ActivityTaskManager: FOREGROUND_APPLICATION_CHANGED to com.android.settings.SubSettings
12-10 06:02:06.920 1507 6104 I ActivityTaskManager: The Process com.android.settings Already Exists in BG. So sending its PID: 12573
12-10 06:02:06.921 1507 6104 W ActivityTaskManager: Tried to set launchTime (0) < mLastActivityLaunchTime (15771654)
12-10 06:02:06.958 1507 11869 I ActivityTaskManager: START u0 {act=android.intent.action.MAIN cmp=com.android.settings/.homepage.SettingsHomepageActivity (has extras)} from uid 1000
12-10 06:02:06.970 1507 11869 W ActivityTaskManager: Duplicate finish request for r=ActivityRecord{eff52dc u0 com.android.settings/.SubSettings t111 f}}
12-10 06:02:06.977 1507 6104 I ActivityTaskManager: FOREGROUND_APPLICATION_CHANGED to com.android.settings.homepage.SettingsHomepageActivity
12-10 06:02:07.092 8492 8527 W ContextImpl: Calling a method in the system process without a qualified user: android.app.ContextImpl.startService:1816 android.content.ContextWrapper.startService:774 com.thundercomm.gamemode.ingame.services.GameModeActionUtils.startGameModeService:99 com.thundercomm.gamemode.ingame.services.GameModeActionUtils.startGameModeEntry:22 com.thundercomm.gamemode.ingame.services.ActivityMonitoringService$1.onActivityLaunch:127
12-10 06:02:07.098 1507 1507 I GameModeConfig: Current uri is uri = content://com.thundercomm.gamemode.api/gamemode_settings/gamemode_isgaming
12-10 06:02:07.102 1507 1507 I GameModeConfig: isGameModeOn = true
12-10 06:02:07.102 1507 1507 I GameModeConfig: isGaming = false
12-10 06:02:07.103 1507 1507 I GameModeConfig: isGameModeOn = true
12-10 06:02:07.103 1507 1507 I GameModeConfig: isGaming = false
12-10 06:02:07.103 1507 1507 I GameModeConfig: isDisableVoice = true
12-10 06:02:10.420 1507 2719 E TaskPersister: File error accessing recents directory (directory doesn't exist?).
12-10 06:02:11.968 1507 2150 I ActivityTaskManager: START u0 {act=android.intent.action.MAIN cmp=com.android.settings/.SubSettings (has extras)} from uid 1000
12-10 06:02:11.986 1507 6104 I ActivityTaskManager: FOREGROUND_APPLICATION_CHANGED to com.android.settings.SubSettings
12-10 06:02:11.986 1507 6104 I ActivityTaskManager: The Process com.android.settings Already Exists in BG. So sending its PID: 12573
12-10 06:02:11.988 1507 6104 W ActivityTaskManager: Tried to set launchTime (0) < mLastActivityLaunchTime (15775925)
12-10 06:02:12.021 1507 11869 I ActivityTaskManager: START u0 {act=android.intent.action.MAIN cmp=com.android.settings/.homepage.SettingsHomepageActivity (has extras)} from uid 1000
12-10 06:02:12.034 1507 11869 W ActivityTaskManager: Duplicate finish request for r=ActivityRecord{292e8c2 u0 com.android.settings/.SubSettings t111 f}}
12-10 06:02:12.041 1507 11869 I ActivityTaskManager: FOREGROUND_APPLICATION_CHANGED to com.android.settings.homepage.SettingsHomepageActivity
12-10 06:02:12.155 8492 8527 W ContextImpl: Calling a method in the system process without a qualified user: android.app.ContextImpl.startService:1816 android.content.ContextWrapper.startService:774 com.thundercomm.gamemode.ingame.services.GameModeActionUtils.startGameModeService:99 com.thundercomm.gamemode.ingame.services.GameModeActionUtils.startGameModeEntry:22 com.thundercomm.gamemode.ingame.services.ActivityMonitoringService$1.onActivityLaunch:127
12-10 06:02:12.159 1507 1507 I GameModeConfig: Current uri is uri = content://com.thundercomm.gamemode.api/gamemode_settings/gamemode_isgaming
12-10 06:02:12.160 1507 1507 I GameModeConfig: isGameModeOn = true
12-10 06:02:12.160 1507 1507 I GameModeConfig: isGaming = false
12-10 06:02:12.160 1507 1507 I GameModeConfig: isGameModeOn = true
12-10 06:02:12.160 1507 1507 I GameModeConfig: isGaming = false
12-10 06:02:12.160 1507 1507 I GameModeConfig: isDisableVoice = true
12-10 06:02:14.811 1507 2133 I ActivityTaskManager: START u0 {act=android.intent.action.MAIN cmp=com.android.settings/.SubSettings (has extras)} from uid 1000
12-10 06:02:14.836 1507 11870 I ActivityTaskManager: FOREGROUND_APPLICATION_CHANGED to com.android.settings.SubSettings
12-10 06:02:14.837 1507 11870 I ActivityTaskManager: The Process com.android.settings Already Exists in BG. So sending its PID: 12573
12-10 06:02:14.838 1507 11870 W ActivityTaskManager: Tried to set launchTime (0) < mLastActivityLaunchTime (15780992)
12-10 06:02:14.871 1507 6104 I ActivityTaskManager: START u0 {act=android.intent.action.MAIN cmp=com.android.settings/.homepage.SettingsHomepageActivity (has extras)} from uid 1000
12-10 06:02:14.888 1507 6104 W ActivityTaskManager: Duplicate finish request for r=ActivityRecord{4eaf3b u0 com.android.settings/.SubSettings t111 f}}
12-10 06:02:14.897 1507 11869 I ActivityTaskManager: FOREGROUND_APPLICATION_CHANGED to com.android.settings.homepage.SettingsHomepageActivity
12-10 06:02:15.010 8492 8527 W ContextImpl: Calling a method in the system process without a qualified user: android.app.ContextImpl.startService:1816 android.content.ContextWrapper.startService:774 com.thundercomm.gamemode.ingame.services.GameModeActionUtils.startGameModeService:99 com.thundercomm.gamemode.ingame.services.GameModeActionUtils.startGameModeEntry:22 com.thundercomm.gamemode.ingame.services.ActivityMonitoringService$1.onActivityLaunch:127
12-10 06:02:15.016 1507 1507 I GameModeConfig: Current uri is uri = content://com.thundercomm.gamemode.api/gamemode_settings/gamemode_isgaming
12-10 06:02:15.018 1507 1507 I GameModeConfig: isGameModeOn = true
12-10 06:02:15.018 1507 1507 I GameModeConfig: isGaming = false
12-10 06:02:15.018 1507 1507 I GameModeConfig: isGameModeOn = true
12-10 06:02:15.019 1507 1507 I GameModeConfig: isGaming = false
12-10 06:02:15.019 1507 1507 I GameModeConfig: isDisableVoice = true
12-10 06:02:15.491 1507 2719 E TaskPersister: File error accessing recents directory (directory doesn't exist?).
12-10 06:02:25.065 1507 1583 W BroadcastQueue: Permission Denial: broadcasting Intent { act=android.net.conn.CONNECTIVITY_CHANGE flg=0x4200010 (has extras) } from null (pid=-1, uid=-1) requires android.permission.CHANGE_NETWORK_STATE due to registered receiver BroadcastFilter{c8b32cf 1000/u0 ReceiverList{9db72e 12573 com.android.settings/1000/u0 remote:61625a9}}
12-10 06:02:25.065 1507 1583 W BroadcastQueue: Permission Denial: broadcasting Intent { act=android.net.wifi.STATE_CHANGE flg=0x4000010 (has extras) } from null (pid=-1, uid=-1) requires android.permission.CHANGE_NETWORK_STATE due to registered receiver BroadcastFilter{c8b32cf 1000/u0 ReceiverList{9db72e 12573 com.android.settings/1000/u0 remote:61625a9}}
12-10 06:02:25.065 1507 1583 W BroadcastQueue: Permission Denial: broadcasting Intent { act=android.net.conn.CONNECTIVITY_CHANGE flg=0x4200010 (has extras) } from null (pid=-1, uid=-1) requires android.permission.CHANGE_NETWORK_STATE due to registered receiver BroadcastFilter{dd2183a 1000/u0 ReceiverList{a827365 12573 com.android.settings/1000/u0 remote:bd9e45c}}
12-10 06:02:25.066 1507 1583 W BroadcastQueue: Permission Denial: broadcasting Intent { act=android.net.wifi.STATE_CHANGE flg=0x4000010 (has extras) } from null (pid=-1, uid=-1) requires android.permission.CHANGE_NETWORK_STATE due to registered receiver BroadcastFilter{dd2183a 1000/u0 ReceiverList{a827365 12573 com.android.settings/1000/u0 remote:bd9e45c}}
12-10 06:02:25.074 12573 12573 W FeatureConnector: [ImsConnector, 0] connect: not supported.
12-10 06:02:30.034 1507 6104 E UserRestrictionsUtils: Unknown restriction queried by uid 1000 (com.android.localtransport et al): null
12-10 06:02:30.035 1507 6104 E UserRestrictionsUtils: Unknown restriction queried by uid 1000 (com.android.localtransport et al): null
12-10 06:02:30.036 1507 6104 E UserRestrictionsUtils: Unknown restriction queried by uid 1000 (com.android.localtransport et al): null
12-10 06:02:30.905 1507 6104 I ActivityTaskManager: START u0 {act=android.intent.action.MANAGE_PERMISSIONS cmp=com.android.permissioncontroller/.permission.ui.ManagePermissionsActivity} from uid 1000
12-10 06:02:30.928 1507 11870 I ActivityTaskManager: FOREGROUND_APPLICATION_CHANGED to com.android.permissioncontroller.permission.ui.ManagePermissionsActivity
12-10 06:02:30.928 1507 11870 I ActivityTaskManager: The Process com.android.permissioncontroller Already Exists in BG. So sending its PID: 12461
12-10 06:02:30.928 1507 11870 W ActivityTaskManager: Tried to set launchTime (0) < mLastActivityLaunchTime (15603078)
12-10 06:02:30.946 8492 8527 W ContextImpl: Calling a method in the system process without a qualified user: android.app.ContextImpl.startService:1816 android.content.ContextWrapper.startService:774 com.thundercomm.gamemode.ingame.services.GameModeActionUtils.startGameModeService:99 com.thundercomm.gamemode.ingame.services.GameModeActionUtils.startGameModeEntry:22 com.thundercomm.gamemode.ingame.services.ActivityMonitoringService$1.onActivityLaunch:127
12-10 06:02:30.951 1507 1507 I GameModeConfig: Current uri is uri = content://com.thundercomm.gamemode.api/gamemode_settings/gamemode_isgaming
12-10 06:02:30.964 1507 1507 I GameModeConfig: isGameModeOn = true
12-10 06:02:30.964 1507 1507 I GameModeConfig: isGaming = false
12-10 06:02:30.964 1507 1507 I GameModeConfig: isGameModeOn = true
12-10 06:02:30.964 1507 1507 I GameModeConfig: isGaming = false
12-10 06:02:30.964 1507 1507 I GameModeConfig: isDisableVoice = true
12-10 06:02:31.049 8492 8527 W ContextImpl: Calling a method in the system process without a qualified user: android.app.ContextImpl.startService:1816 android.content.ContextWrapper.startService:774 com.thundercomm.gamemode.ingame.services.GameModeActionUtils.startGameModeService:99 com.thundercomm.gamemode.ingame.services.GameModeActionUtils.startGameModeEntry:22 com.thundercomm.gamemode.ingame.services.ActivityMonitoringService$1.onActivityLaunch:127
12-10 06:02:31.052 1507 1507 I GameModeConfig: Current uri is uri = content://com.thundercomm.gamemode.api/gamemode_settings/gamemode_isgaming
12-10 06:02:31.055 1507 1507 I GameModeConfig: isGameModeOn = true
12-10 06:02:31.055 1507 1507 I GameModeConfig: isGaming = false
12-10 06:02:31.057 1507 1507 I GameModeConfig: isGameModeOn = true
12-10 06:02:31.057 1507 1507 I GameModeConfig: isGaming = false
12-10 06:02:31.057 1507 1507 I GameModeConfig: isDisableVoice = true
12-10 06:02:31.528 8492 8527 W ContextImpl: Calling a method in the system process without a qualified user: android.app.ContextImpl.startService:1816 android.content.ContextWrapper.startService:774 com.thundercomm.gamemode.ingame.services.GameModeActionUtils.startGameModeService:99 com.thundercomm.gamemode.ingame.services.GameModeActionUtils.startGameModeEntry:22 com.thundercomm.gamemode.ingame.services.ActivityMonitoringService$1.onActivityLaunch:127
12-10 06:02:31.533 1507 1507 I GameModeConfig: Current uri is uri = content://com.thundercomm.gamemode.api/gamemode_settings/gamemode_isgaming
12-10 06:02:31.535 1507 1507 I GameModeConfig: isGameModeOn = true
12-10 06:02:31.535 1507 1507 I GameModeConfig: isGaming = false
12-10 06:02:31.535 1507 1507 I GameModeConfig: isGameModeOn = true
12-10 06:02:31.535 1507 1507 I GameModeConfig: isGaming = false
12-10 06:02:31.535 1507 1507 I GameModeConfig: isDisableVoice = true
12-10 06:02:32.688 1507 2150 I ActivityTaskManager: FOREGROUND_APPLICATION_CHANGED to com.android.settings.homepage.SettingsHomepageActivity
12-10 06:02:32.727 8492 8527 W ContextImpl: Calling a method in the system process without a qualified user: android.app.ContextImpl.startService:1816 android.content.ContextWrapper.startService:774 com.thundercomm.gamemode.ingame.services.GameModeActionUtils.startGameModeService:99 com.thundercomm.gamemode.ingame.services.GameModeActionUtils.startGameModeEntry:22 com.thundercomm.gamemode.ingame.services.ActivityMonitoringService$1.onActivityLaunch:127
12-10 06:02:32.733 1507 1593 W BatteryExternalStatsWorker: error reading modem stats:ERROR_PHONE_NOT_AVAILABLE
12-10 06:02:32.739 1507 1507 I GameModeConfig: Current uri is uri = content://com.thundercomm.gamemode.api/gamemode_settings/gamemode_isgaming
12-10 06:02:32.746 1507 1507 I GameModeConfig: isGameModeOn = true
12-10 06:02:32.746 1507 1507 I GameModeConfig: isGaming = false
12-10 06:02:32.746 1507 1507 I GameModeConfig: isGameModeOn = true
12-10 06:02:32.746 1507 1507 I GameModeConfig: isGaming = false
12-10 06:02:32.746 1507 1507 I GameModeConfig: isDisableVoice = true
12-10 06:02:32.769 1507 1593 E KernelCpuSpeedReader: Failed to read cpu-freq: /sys/devices/system/cpu/cpu4/cpufreq/stats/time_in_state: open failed: ENOENT (No such file or directory)
12-10 06:02:32.769 1507 1593 E KernelCpuSpeedReader: Failed to read cpu-freq: /sys/devices/system/cpu/cpu0/cpufreq/stats/time_in_state: open failed: ENOENT (No such file or directory)
12-10 06:02:32.792 1507 1593 W BatteryExternalStatsWorker: error reading modem stats:ERROR_PHONE_NOT_AVAILABLE
12-10 06:02:32.799 1507 1593 E KernelCpuSpeedReader: Failed to read cpu-freq: /sys/devices/system/cpu/cpu4/cpufreq/stats/time_in_state: open failed: ENOENT (No such file or directory)
12-10 06:02:32.799 1507 1593 E KernelCpuSpeedReader: Failed to read cpu-freq: /sys/devices/system/cpu/cpu0/cpufreq/stats/time_in_state: open failed: ENOENT (No such file or directory)
12-10 06:02:32.813 8492 8527 W ContextImpl: Calling a method in the system process without a qualified user: android.app.ContextImpl.startService:1816 android.content.ContextWrapper.startService:774 com.thundercomm.gamemode.ingame.services.GameModeActionUtils.startGameModeService:99 com.thundercomm.gamemode.ingame.services.GameModeActionUtils.startGameModeEntry:22 com.thundercomm.gamemode.ingame.services.ActivityMonitoringService$1.onActivityLaunch:127
12-10 06:02:32.819 1507 1507 I GameModeConfig: Current uri is uri = content://com.thundercomm.gamemode.api/gamemode_settings/gamemode_isgaming
12-10 06:02:32.822 1507 1507 I GameModeConfig: isGameModeOn = true
12-10 06:02:32.822 1507 1507 I GameModeConfig: isGaming = false
12-10 06:02:32.822 1507 1507 I GameModeConfig: isGameModeOn = true
12-10 06:02:32.822 1507 1507 I GameModeConfig: isGaming = false
12-10 06:02:32.822 1507 1507 I GameModeConfig: isDisableVoice = true
12-10 06:02:33.165 8492 8527 W ContextImpl: Calling a method in the system process without a qualified user: android.app.ContextImpl.startService:1816 android.content.ContextWrapper.startService:774 com.thundercomm.gamemode.ingame.services.GameModeActionUtils.startGameModeService:99 com.thundercomm.gamemode.ingame.services.GameModeActionUtils.startGameModeEntry:22 com.thundercomm.gamemode.ingame.services.ActivityMonitoringService$1.onActivityLaunch:127
12-10 06:02:33.169 1507 1507 I GameModeConfig: Current uri is uri = content://com.thundercomm.gamemode.api/gamemode_settings/gamemode_isgaming
12-10 06:02:33.171 1507 1507 I GameModeConfig: isGameModeOn = true
12-10 06:02:33.171 1507 1507 I GameModeConfig: isGaming = false
12-10 06:02:33.172 1507 1507 I GameModeConfig: isGameModeOn = true
12-10 06:02:33.172 1507 1507 I GameModeConfig: isGaming = false
12-10 06:02:33.172 1507 1507 I GameModeConfig: isDisableVoice = true
12-10 06:02:34.424 1507 2719 E TaskPersister: File error accessing recents directory (directory doesn't exist?).
12-10 06:02:43.351 1507 1909 I GameModeConfig: isGameModeOn = true
12-10 06:02:43.351 1507 1909 I GameModeConfig: isGaming = false
12-10 06:02:43.351 1507 1909 I GameModeConfig: isGameModeOn = true
12-10 06:02:43.351 1507 1909 I GameModeConfig: isGaming = false
12-10 06:02:43.351 1507 1909 I GameModeConfig: isGameModeOn = true
12-10 06:02:43.352 1507 1909 I GameModeConfig: isGaming = false
12-10 06:02:43.352 1507 1909 I GameModeConfig: isGameModeOn = true
12-10 06:02:43.352 1507 1909 I GameModeConfig: isGaming = false
12-10 06:02:43.388 1507 1909 I GameModeConfig: isGameModeOn = true
12-10 06:02:43.388 1507 1909 I GameModeConfig: isGaming = false
12-10 06:02:43.389 1507 1909 I GameModeConfig: isGameModeOn = true
12-10 06:02:43.389 1507 1909 I GameModeConfig: isGaming = false
12-10 06:02:43.389 1507 1909 I GameModeConfig: isGameModeOn = true
12-10 06:02:43.389 1507 1909 I GameModeConfig: isGaming = false
12-10 06:02:43.389 1507 1909 I GameModeConfig: isGameModeOn = true
12-10 06:02:43.389 1507 1909 I GameModeConfig: isGaming = false
12-10 06:02:43.402 1507 1909 I GameModeConfig: isGameModeOn = true
12-10 06:02:43.402 1507 1909 I GameModeConfig: isGaming = false
12-10 06:02:43.402 1507 1909 I GameModeConfig: isGameModeOn = true
12-10 06:02:43.402 1507 1909 I GameModeConfig: isGaming = false
12-10 06:02:43.403 1507 1909 I GameModeConfig: isGameModeOn = true
12-10 06:02:43.403 1507 1909 I GameModeConfig: isGaming = false
12-10 06:02:43.403 1507 1909 I GameModeConfig: isGameModeOn = true
12-10 06:02:43.403 1507 1909 I GameModeConfig: isGaming = false
12-10 06:02:43.412 1507 1909 I GameModeConfig: isGameModeOn = true
12-10 06:02:43.412 1507 1909 I GameModeConfig: isGaming = false
12-10 06:02:43.412 1507 1909 I GameModeConfig: isGameModeOn = true
12-10 06:02:43.412 1507 1909 I GameModeConfig: isGaming = false
12-10 06:02:43.412 1507 1909 I GameModeConfig: isGameModeOn = true
12-10 06:02:43.412 1507 1909 I GameModeConfig: isGaming = false
12-10 06:02:43.412 1507 1909 I GameModeConfig: isGameModeOn = true
12-10 06:02:43.412 1507 1909 I GameModeConfig: isGaming = false
12-10 06:02:43.437 1507 1909 I GameModeConfig: isGameModeOn = true
12-10 06:02:43.437 1507 1909 I GameModeConfig: isGaming = false
12-10 06:02:43.437 1507 1909 I GameModeConfig: isGameModeOn = true
12-10 06:02:43.437 1507 1909 I GameModeConfig: isGaming = false
12-10 06:02:43.437 1507 1909 I GameModeConfig: isGameModeOn = true
12-10 06:02:43.437 1507 1909 I GameModeConfig: isGaming = false
12-10 06:02:43.437 1507 1909 I GameModeConfig: isGameModeOn = true
12-10 06:02:43.437 1507 1909 I GameModeConfig: isGaming = false
12-10 06:02:43.456 1507 1909 I GameModeConfig: isGameModeOn = true
12-10 06:02:43.456 1507 1909 I GameModeConfig: isGaming = false
12-10 06:02:43.456 1507 1909 I GameModeConfig: isGameModeOn = true
12-10 06:02:43.456 1507 1909 I GameModeConfig: isGaming = false
12-10 06:02:43.456 1507 1909 I GameModeConfig: isGameModeOn = true
12-10 06:02:43.456 1507 1909 I GameModeConfig: isGaming = false
12-10 06:02:43.456 1507 1909 I GameModeConfig: isGameModeOn = true
12-10 06:02:43.456 1507 1909 I GameModeConfig: isGaming = false
12-10 06:02:43.474 1507 1909 I GameModeConfig: isGameModeOn = true
