12-16 10:29:55.521 1497 1868 E DisplayDeviceConfig: requesting nits when no mapping exists.
12-16 10:29:55.538 1497 1868 E DisplayDeviceConfig: requesting nits when no mapping exists.
12-16 10:29:55.538 1497 1868 E DisplayDeviceConfig: requesting nits when no mapping exists.
12-16 10:29:55.554 1497 1868 E DisplayDeviceConfig: requesting nits when no mapping exists.
12-16 10:29:55.555 1497 1868 E DisplayDeviceConfig: requesting nits when no mapping exists.
12-16 10:29:55.571 1497 1868 E DisplayDeviceConfig: requesting nits when no mapping exists.
12-16 10:29:55.571 1497 1868 E DisplayDeviceConfig: requesting nits when no mapping exists.
12-16 10:29:55.588 1497 1868 E DisplayDeviceConfig: requesting nits when no mapping exists.
12-16 10:29:55.588 1497 1868 E DisplayDeviceConfig: requesting nits when no mapping exists.
12-16 10:29:55.604 1497 1868 E DisplayDeviceConfig: requesting nits when no mapping exists.
12-16 10:29:55.605 1497 1868 E DisplayDeviceConfig: requesting nits when no mapping exists.
12-16 10:30:15.912 1497 7244 I DreamManagerService: Gently waking up from dream.
12-16 10:30:15.914 1497 1592 I DreamManagerService: Performing gentle wake from dream.
12-16 10:30:15.918 1497 7244 I ActivityTaskManager: FOREGROUND_APPLICATION_CHANGED to com.android.launcher3.uioverrides.QuickstepLauncher
12-16 10:30:15.943 17557 17592 W ContextImpl: Calling a method in the system process without a qualified user: android.app.ContextImpl.startService:1816 android.content.ContextWrapper.startService:774 com.thundercomm.gamemode.ingame.services.GameModeActionUtils.startGameModeService:99 com.thundercomm.gamemode.ingame.services.GameModeActionUtils.startGameModeEntry:22 com.thundercomm.gamemode.ingame.services.ActivityMonitoringService$1.onActivityLaunch:127
12-16 10:30:15.949 1497 1497 I GameModeConfig: Current uri is uri = content://com.thundercomm.gamemode.api/gamemode_settings/gamemode_isgaming
12-16 10:30:15.952 1497 1497 I GameModeConfig: isGameModeOn = false
12-16 10:30:15.952 1497 1497 I GameModeConfig: isGameModeOn = false
12-16 10:30:15.952 1497 1497 I GameModeConfig: isDisableVoice = true
12-16 10:30:15.961 1497 1623 I PowerManagerService: Powering on display group fromDreaming (groupId=0, uid=1000, reason=WAKE_REASON_UNKNOWN, details=android.server.power:DREAM_FINISHED)...
12-16 10:30:15.961 1497 1623 I PowerManagerService: Waking up from Dreaming (uid=1000, reason=WAKE_REASON_UNKNOWN, details=android.server.power:DREAM_FINISHED)...
12-16 10:30:16.036 17557 17592 W ContextImpl: Calling a method in the system process without a qualified user: android.app.ContextImpl.startService:1816 android.content.ContextWrapper.startService:774 com.thundercomm.gamemode.ingame.services.GameModeActionUtils.startGameModeService:99 com.thundercomm.gamemode.ingame.services.GameModeActionUtils.startGameModeEntry:22 com.thundercomm.gamemode.ingame.services.ActivityMonitoringService$1.onActivityLaunch:127
12-16 10:30:16.041 1497 1497 I GameModeConfig: Current uri is uri = content://com.thundercomm.gamemode.api/gamemode_settings/gamemode_isgaming
12-16 10:30:16.043 1497 1497 I GameModeConfig: isGameModeOn = false
12-16 10:30:16.043 1497 1497 I GameModeConfig: isGameModeOn = false
12-16 10:30:16.043 1497 1497 I GameModeConfig: isDisableVoice = true
12-16 10:30:16.219 17557 17592 W ContextImpl: Calling a method in the system process without a qualified user: android.app.ContextImpl.startService:1816 android.content.ContextWrapper.startService:774 com.thundercomm.gamemode.ingame.services.GameModeActionUtils.startGameModeService:99 com.thundercomm.gamemode.ingame.services.GameModeActionUtils.startGameModeEntry:22 com.thundercomm.gamemode.ingame.services.ActivityMonitoringService$1.onActivityLaunch:127
12-16 10:30:16.222 1497 1497 I GameModeConfig: Current uri is uri = content://com.thundercomm.gamemode.api/gamemode_settings/gamemode_isgaming
12-16 10:30:16.224 1497 1497 I GameModeConfig: isGameModeOn = false
12-16 10:30:16.225 1497 1497 I GameModeConfig: isGameModeOn = false
12-16 10:30:16.225 1497 1497 I GameModeConfig: isDisableVoice = true
12-16 10:30:16.231 1497 7244 I DreamManagerService: Leaving dreamland.
12-16 10:30:16.232 1497 1592 I DreamManagerService: Performing gentle wake from dream.
12-16 10:30:16.232 1497 1592 I DreamController: Stopping dream: name=ComponentInfo{com.thundercomm.screensaver/com.thundercomm.saverclock.service.ClockScreensaver}, isTest=false, canDoze=false, userId=0, reason='finished self'(from 'finished self')
12-16 10:30:16.244 1497 1596 W ActivityTaskManager: Can't find TaskDisplayArea to determine support for multi window. Task id=189 attached=false
12-16 10:30:19.380 1497 1736 I GameModeConfig: isGameModeOn = false
12-16 10:30:19.381 1497 1736 I GameModeConfig: isGameModeOn = false
12-16 10:30:19.381 1497 1736 I GameModeConfig: isGameModeOn = false
12-16 10:30:19.381 1497 1736 I GameModeConfig: isGameModeOn = false
12-16 10:30:19.589 1497 1497 I GameModeConfig: isGameModeOn = false
12-16 10:30:22.532 1497 1669 D ActivityManager: freezing 27523 com.android.music
12-16 10:30:22.533 1497 1669 E ActivityManager: Unable to freeze binder for 27523 com.android.music
12-16 10:30:22.534 1497 1669 D ActivityManager: froze 27523 com.android.music
12-16 10:30:22.534 1497 1669 E ActivityManager: Unable to freeze binder for 27523 com.android.music
12-16 10:30:22.535 1497 1669 I ActivityManager: Killing 27523:com.android.music/u0a88 (adj 935): Unable to freeze binder interface
12-16 10:30:22.571 1497 1595 D CompatibilityChangeReporter: Compat change id reported: 135634846; UID 10088; state: DISABLED
12-16 10:30:22.571 1497 1595 D CompatibilityChangeReporter: Compat change id reported: 177438394; UID 10088; state: DISABLED
12-16 10:30:22.571 1497 1595 D CompatibilityChangeReporter: Compat change id reported: 135772972; UID 10088; state: DISABLED
12-16 10:30:22.571 1497 1595 D CompatibilityChangeReporter: Compat change id reported: 135754954; UID 10088; state: ENABLED
12-16 10:30:22.572 1497 1604 D CompatibilityChangeReporter: Compat change id reported: 143937733; UID 10088; state: ENABLED
12-16 10:30:22.581 1497 1604 I ActivityManager: Start proc 28453:com.android.music/u0a88 for null
12-16 10:30:22.622 1497 8974 D CompatibilityChangeReporter: Compat change id reported: 168419799; UID 10088; state: DISABLED
12-16 10:30:29.599 1497 1736 I GameModeConfig: isGameModeOn = false
12-16 10:31:12.060 1497 1623 V DisplayPowerController[0]: Brightness [0.05] reason changing to: 'manual [ dim ]', previous reason: 'manual'.
12-16 10:31:12.061 1497 1623 W PowerManagerService: Screen on took 56100 ms
12-16 10:31:12.068 1497 1868 E DisplayDeviceConfig: requesting nits when no mapping exists.
12-16 10:31:12.069 1497 1868 E DisplayDeviceConfig: requesting nits when no mapping exists.
12-16 10:31:12.070 1497 1603 I DropBoxManagerService: add tag=system_server_wtf isTagEnabled=true flags=0x2
12-16 10:31:12.074 1497 1603 I DropBoxManagerService: add tag=system_server_wtf isTagEnabled=true flags=0x2
12-16 10:31:12.084 1497 1868 E DisplayDeviceConfig: requesting nits when no mapping exists.
12-16 10:31:12.084 1497 1868 E DisplayDeviceConfig: requesting nits when no mapping exists.
12-16 10:31:12.085 1497 1603 I DropBoxManagerService: add tag=system_server_wtf isTagEnabled=true flags=0x2
12-16 10:31:12.086 1497 1603 I DropBoxManagerService: add tag=system_server_wtf isTagEnabled=true flags=0x2
12-16 10:31:12.101 1497 1868 E DisplayDeviceConfig: requesting nits when no mapping exists.
12-16 10:31:12.101 1497 1868 E DisplayDeviceConfig: requesting nits when no mapping exists.
12-16 10:31:12.102 1497 1603 I DropBoxManagerService: add tag=system_server_wtf isTagEnabled=true flags=0x2
12-16 10:31:12.105 1497 1868 E DisplayDeviceConfig: requesting nits when no mapping exists.
12-16 10:31:12.106 1497 1868 E DisplayDeviceConfig: requesting nits when no mapping exists.
12-16 10:31:12.122 1497 1868 E DisplayDeviceConfig: requesting nits when no mapping exists.
12-16 10:31:12.123 1497 1868 E DisplayDeviceConfig: requesting nits when no mapping exists.
12-16 10:31:12.139 1497 1868 E DisplayDeviceConfig: requesting nits when no mapping exists.
12-16 10:31:12.139 1497 1868 E DisplayDeviceConfig: requesting nits when no mapping exists.
12-16 10:31:12.155 1497 1868 E DisplayDeviceConfig: requesting nits when no mapping exists.
12-16 10:31:12.156 1497 1868 E DisplayDeviceConfig: requesting nits when no mapping exists.
12-16 10:31:12.172 1497 1868 E DisplayDeviceConfig: requesting nits when no mapping exists.
12-16 10:31:12.173 1497 1868 E DisplayDeviceConfig: requesting nits when no mapping exists.
12-16 10:31:12.189 1497 1868 E DisplayDeviceConfig: requesting nits when no mapping exists.
12-16 10:31:12.190 1497 1868 E DisplayDeviceConfig: requesting nits when no mapping exists.
12-16 10:31:12.206 1497 1868 E DisplayDeviceConfig: requesting nits when no mapping exists.
12-16 10:31:12.206 1497 1868 E DisplayDeviceConfig: requesting nits when no mapping exists.
12-16 10:31:12.223 1497 1868 E DisplayDeviceConfig: requesting nits when no mapping exists.
12-16 10:31:12.223 1497 1868 E DisplayDeviceConfig: requesting nits when no mapping exists.
12-16 10:31:12.239 1497 1868 E DisplayDeviceConfig: requesting nits when no mapping exists.
12-16 10:31:12.240 1497 1868 E DisplayDeviceConfig: requesting nits when no mapping exists.
12-16 10:31:12.256 1497 1868 E DisplayDeviceConfig: requesting nits when no mapping exists.
12-16 10:31:12.257 1497 1868 E DisplayDeviceConfig: requesting nits when no mapping exists.
12-16 10:31:12.272 1497 1868 E DisplayDeviceConfig: requesting nits when no mapping exists.
12-16 10:31:12.273 1497 1868 E DisplayDeviceConfig: requesting nits when no mapping exists.
12-16 10:31:12.289 1497 1868 E DisplayDeviceConfig: requesting nits when no mapping exists.
12-16 10:31:12.290 1497 1868 E DisplayDeviceConfig: requesting nits when no mapping exists.
12-16 10:31:12.306 1497 1868 E DisplayDeviceConfig: requesting nits when no mapping exists.
12-16 10:31:12.307 1497 1868 E DisplayDeviceConfig: requesting nits when no mapping exists.
12-16 10:31:12.323 1497 1868 E DisplayDeviceConfig: requesting nits when no mapping exists.
12-16 10:31:12.324 1497 1868 E DisplayDeviceConfig: requesting nits when no mapping exists.
12-16 10:31:12.340 1497 1868 E DisplayDeviceConfig: requesting nits when no mapping exists.
12-16 10:31:12.341 1497 1868 E DisplayDeviceConfig: requesting nits when no mapping exists.
12-16 10:31:12.356 1497 1868 E DisplayDeviceConfig: requesting nits when no mapping exists.
12-16 10:31:12.357 1497 1868 E DisplayDeviceConfig: requesting nits when no mapping exists.
12-16 10:31:12.373 1497 1868 E DisplayDeviceConfig: requesting nits when no mapping exists.
12-16 10:31:12.374 1497 1868 E DisplayDeviceConfig: requesting nits when no mapping exists.
12-16 10:31:12.390 1497 1868 E DisplayDeviceConfig: requesting nits when no mapping exists.
12-16 10:31:12.390 1497 1868 E DisplayDeviceConfig: requesting nits when no mapping exists.
12-16 10:31:12.406 1497 1868 E DisplayDeviceConfig: requesting nits when no mapping exists.
12-16 10:31:12.407 1497 1868 E DisplayDeviceConfig: requesting nits when no mapping exists.
12-16 10:31:12.423 1497 1868 E DisplayDeviceConfig: requesting nits when no mapping exists.
12-16 10:31:12.424 1497 1868 E DisplayDeviceConfig: requesting nits when no mapping exists.
12-16 10:31:12.440 1497 1868 E DisplayDeviceConfig: requesting nits when no mapping exists.
12-16 10:31:12.440 1497 1868 E DisplayDeviceConfig: requesting nits when no mapping exists.
12-16 10:31:12.456 1497 1868 E DisplayDeviceConfig: requesting nits when no mapping exists.
12-16 10:31:12.458 1497 1868 E DisplayDeviceConfig: requesting nits when no mapping exists.
12-16 10:31:12.473 1497 1868 E DisplayDeviceConfig: requesting nits when no mapping exists.
12-16 10:31:12.474 1497 1868 E DisplayDeviceConfig: requesting nits when no mapping exists.
12-16 10:31:12.490 1497 1868 E DisplayDeviceConfig: requesting nits when no mapping exists.
12-16 10:31:12.490 1497 1868 E DisplayDeviceConfig: requesting nits when no mapping exists.
12-16 10:31:12.507 1497 1868 E DisplayDeviceConfig: requesting nits when no mapping exists.
12-16 10:31:12.508 1497 1868 E DisplayDeviceConfig: requesting nits when no mapping exists.
12-16 10:31:12.523 1497 1868 E DisplayDeviceConfig: requesting nits when no mapping exists.
12-16 10:31:12.524 1497 1868 E DisplayDeviceConfig: requesting nits when no mapping exists.
12-16 10:31:12.540 1497 1868 E DisplayDeviceConfig: requesting nits when no mapping exists.
12-16 10:31:12.540 1497 1868 E DisplayDeviceConfig: requesting nits when no mapping exists.
12-16 10:31:12.556 1497 1868 E DisplayDeviceConfig: requesting nits when no mapping exists.
12-16 10:31:12.557 1497 1868 E DisplayDeviceConfig: requesting nits when no mapping exists.
12-16 10:31:12.573 1497 1868 E DisplayDeviceConfig: requesting nits when no mapping exists.
12-16 10:31:12.575 1497 1868 E DisplayDeviceConfig: requesting nits when no mapping exists.
12-16 10:31:12.590 1497 1868 E DisplayDeviceConfig: requesting nits when no mapping exists.
12-16 10:31:12.591 1497 1868 E DisplayDeviceConfig: requesting nits when no mapping exists.
12-16 10:31:12.607 1497 1868 E DisplayDeviceConfig: requesting nits when no mapping exists.
12-16 10:31:12.608 1497 1868 E DisplayDeviceConfig: requesting nits when no mapping exists.
12-16 10:31:12.624 1497 1868 E DisplayDeviceConfig: requesting nits when no mapping exists.
12-16 10:31:12.624 1497 1868 E DisplayDeviceConfig: requesting nits when no mapping exists.
12-16 10:31:12.640 1497 1868 E DisplayDeviceConfig: requesting nits when no mapping exists.
12-16 10:31:12.640 1497 1868 E DisplayDeviceConfig: requesting nits when no mapping exists.
12-16 10:31:12.657 1497 1868 E DisplayDeviceConfig: requesting nits when no mapping exists.
12-16 10:31:12.658 1497 1868 E DisplayDeviceConfig: requesting nits when no mapping exists.
12-16 10:31:12.674 1497 1868 E DisplayDeviceConfig: requesting nits when no mapping exists.
12-16 10:31:12.674 1497 1868 E DisplayDeviceConfig: requesting nits when no mapping exists.
12-16 10:31:12.690 1497 1868 E DisplayDeviceConfig: requesting nits when no mapping exists.
12-16 10:31:12.691 1497 1868 E DisplayDeviceConfig: requesting nits when no mapping exists.
12-16 10:31:12.708 1497 1868 E DisplayDeviceConfig: requesting nits when no mapping exists.
12-16 10:31:12.708 1497 1868 E DisplayDeviceConfig: requesting nits when no mapping exists.
12-16 10:31:12.724 1497 1868 E DisplayDeviceConfig: requesting nits when no mapping exists.
12-16 10:31:12.724 1497 1868 E DisplayDeviceConfig: requesting nits when no mapping exists.
12-16 10:31:12.740 1497 1868 E DisplayDeviceConfig: requesting nits when no mapping exists.
12-16 10:31:12.742 1497 1868 E DisplayDeviceConfig: requesting nits when no mapping exists.
12-16 10:31:12.757 1497 1868 E DisplayDeviceConfig: requesting nits when no mapping exists.
12-16 10:31:12.757 1497 1868 E DisplayDeviceConfig: requesting nits when no mapping exists.
12-16 10:31:12.774 1497 1868 E DisplayDeviceConfig: requesting nits when no mapping exists.
12-16 10:31:12.774 1497 1868 E DisplayDeviceConfig: requesting nits when no mapping exists.
12-16 10:31:12.791 1497 1868 E DisplayDeviceConfig: requesting nits when no mapping exists.
12-16 10:31:12.792 1497 1868 E DisplayDeviceConfig: requesting nits when no mapping exists.
12-16 10:31:12.807 1497 1868 E DisplayDeviceConfig: requesting nits when no mapping exists.
12-16 10:31:12.808 1497 1868 E DisplayDeviceConfig: requesting nits when no mapping exists.
12-16 10:31:12.824 1497 1868 E DisplayDeviceConfig: requesting nits when no mapping exists.
12-16 10:31:12.825 1497 1868 E DisplayDeviceConfig: requesting nits when no mapping exists.
12-16 10:31:12.841 1497 1868 E DisplayDeviceConfig: requesting nits when no mapping exists.
12-16 10:31:12.842 1497 1868 E DisplayDeviceConfig: requesting nits when no mapping exists.
12-16 10:31:12.857 1497 1868 E DisplayDeviceConfig: requesting nits when no mapping exists.
12-16 10:31:12.858 1497 1868 E DisplayDeviceConfig: requesting nits when no mapping exists.
12-16 10:31:12.874 1497 1868 E DisplayDeviceConfig: requesting nits when no mapping exists.
12-16 10:31:12.874 1497 1868 E DisplayDeviceConfig: requesting nits when no mapping exists.
12-16 10:31:12.891 1497 1868 E DisplayDeviceConfig: requesting nits when no mapping exists.
12-16 10:31:12.892 1497 1868 E DisplayDeviceConfig: requesting nits when no mapping exists.
12-16 10:31:12.907 1497 1868 E DisplayDeviceConfig: requesting nits when no mapping exists.
12-16 10:31:12.909 1497 1868 E DisplayDeviceConfig: requesting nits when no mapping exists.
12-16 10:31:12.924 1497 1868 E DisplayDeviceConfig: requesting nits when no mapping exists.
12-16 10:31:12.925 1497 1868 E DisplayDeviceConfig: requesting nits when no mapping exists.
12-16 10:31:12.941 1497 1868 E DisplayDeviceConfig: requesting nits when no mapping exists.
12-16 10:31:12.942 1497 1868 E DisplayDeviceConfig: requesting nits when no mapping exists.
12-16 10:31:12.957 1497 1868 E DisplayDeviceConfig: requesting nits when no mapping exists.
12-16 10:31:12.958 1497 1868 E DisplayDeviceConfig: requesting nits when no mapping exists.
12-16 10:31:12.974 1497 1868 E DisplayDeviceConfig: requesting nits when no mapping exists.
12-16 10:31:12.975 1497 1868 E DisplayDeviceConfig: requesting nits when no mapping exists.
12-16 10:31:12.991 1497 1868 E DisplayDeviceConfig: requesting nits when no mapping exists.
12-16 10:31:12.992 1497 1868 E DisplayDeviceConfig: requesting nits when no mapping exists.
12-16 10:31:13.008 1497 1868 E DisplayDeviceConfig: requesting nits when no mapping exists.
12-16 10:31:13.009 1497 1868 E DisplayDeviceConfig: requesting nits when no mapping exists.
12-16 10:31:13.024 1497 1868 E DisplayDeviceConfig: requesting nits when no mapping exists.
12-16 10:31:13.025 1497 1868 E DisplayDeviceConfig: requesting nits when no mapping exists.
12-16 10:31:19.048 1497 1623 I PowerManagerService: Napping display group (groupId=0, uid=1000)...
12-16 10:31:19.048 1497 1623 I PowerManagerService: Nap time (uid 1000)...
12-16 10:31:19.051 1497 1623 I DreamManagerService: Entering dreamland.
12-16 10:31:19.054 1497 1623 I PowerManagerService: Dreaming...
12-16 10:31:19.060 1497 1592 I DreamController: Starting dream: name=ComponentInfo{com.thundercomm.screensaver/com.thundercomm.saverclock.service.ClockScreensaver}, isTest=false, canDoze=false, userId=0
12-16 10:31:19.077 1497 8974 I ActivityTaskManager: START u0 {flg=0x10000000 pkg=com.thundercomm.screensaver cmp=com.thundercomm.screensaver/android.service.dreams.DreamActivity (has extras)} from uid 10045
12-16 10:31:19.081 1497 8974 W ActivityTaskManager: Can't find TaskDisplayArea to determine support for multi window. Task id=190 attached=false
12-16 10:31:19.092 1497 8974 I ActivityTaskManager: FOREGROUND_APPLICATION_CHANGED to android.service.dreams.DreamActivity
12-16 10:31:19.092 1497 8974 I ActivityTaskManager: The Process com.thundercomm.screensaver Already Exists in BG. So sending its PID: 4609
12-16 10:31:19.092 1497 8974 W ActivityTaskManager: Tried to set launchTime (0) < mLastActivityLaunchTime (20777958)
12-16 10:31:19.100 1497 7244 W WindowManager: Failed looking up window session=Session{47d6d22 4609:u0a10045} callers=com.android.server.wm.WindowManagerService.windowForClientLocked:5628 com.android.server.wm.Session.insetsModified:629 android.view.IWindowSession$Stub.onTransact:1151
12-16 10:31:19.104 17557 17592 W ContextImpl: Calling a method in the system process without a qualified user: android.app.ContextImpl.startService:1816 android.content.ContextWrapper.startService:774 com.thundercomm.gamemode.ingame.services.GameModeActionUtils.startGameModeService:99 com.thundercomm.gamemode.ingame.services.GameModeActionUtils.startGameModeEntry:22 com.thundercomm.gamemode.ingame.services.ActivityMonitoringService$1.onActivityLaunch:127
12-16 10:31:19.107 1497 1497 I GameModeConfig: Current uri is uri = content://com.thundercomm.gamemode.api/gamemode_settings/gamemode_isgaming
12-16 10:31:19.109 1497 1497 I GameModeConfig: isGameModeOn = false
12-16 10:31:19.109 1497 1497 I GameModeConfig: isGameModeOn = false
12-16 10:31:19.109 1497 1497 I GameModeConfig: isDisableVoice = true
12-16 10:31:19.140 1497 1623 V DisplayPowerController[0]: Brightness [1.0] reason changing to: 'manual', previous reason: 'manual [ dim ]'.
12-16 10:31:19.157 1497 1868 E DisplayDeviceConfig: requesting nits when no mapping exists.
12-16 10:31:19.158 1497 1868 E DisplayDeviceConfig: requesting nits when no mapping exists.
12-16 10:31:19.175 1497 1868 E DisplayDeviceConfig: requesting nits when no mapping exists.
12-16 10:31:19.175 1497 1868 E DisplayDeviceConfig: requesting nits when no mapping exists.
12-16 10:31:19.191 1497 1868 E DisplayDeviceConfig: requesting nits when no mapping exists.
12-16 10:31:19.191 1497 1868 E DisplayDeviceConfig: requesting nits when no mapping exists.
12-16 10:31:19.197 17557 17592 W ContextImpl: Calling a method in the system process without a qualified user: android.app.ContextImpl.startService:1816 android.content.ContextWrapper.startService:774 com.thundercomm.gamemode.ingame.services.GameModeActionUtils.startGameModeService:99 com.thundercomm.gamemode.ingame.services.GameModeActionUtils.startGameModeEntry:22 com.thundercomm.gamemode.ingame.services.ActivityMonitoringService$1.onActivityLaunch:127
12-16 10:31:19.199 1497 1497 I GameModeConfig: Current uri is uri = content://com.thundercomm.gamemode.api/gamemode_settings/gamemode_isgaming
12-16 10:31:19.199 1497 1497 I GameModeConfig: isGameModeOn = false
12-16 10:31:19.199 1497 1497 I GameModeConfig: isGameModeOn = false
12-16 10:31:19.200 1497 1497 I GameModeConfig: isDisableVoice = true
12-16 10:31:19.208 1497 1868 E DisplayDeviceConfig: requesting nits when no mapping exists.
12-16 10:31:19.208 1497 1868 E DisplayDeviceConfig: requesting nits when no mapping exists.
12-16 10:31:19.225 1497 1868 E DisplayDeviceConfig: requesting nits when no mapping exists.
12-16 10:31:19.225 1497 1868 E DisplayDeviceConfig: requesting nits when no mapping exists.
12-16 10:31:19.242 1497 1868 E DisplayDeviceConfig: requesting nits when no mapping exists.
12-16 10:31:19.242 1497 1868 E DisplayDeviceConfig: requesting nits when no mapping exists.
12-16 10:31:19.258 1497 1868 E DisplayDeviceConfig: requesting nits when no mapping exists.
12-16 10:31:19.258 1497 1868 E DisplayDeviceConfig: requesting nits when no mapping exists.
12-16 10:31:19.275 1497 1868 E DisplayDeviceConfig: requesting nits when no mapping exists.
12-16 10:31:19.275 1497 1868 E DisplayDeviceConfig: requesting nits when no mapping exists.
12-16 10:31:19.292 1497 1868 E DisplayDeviceConfig: requesting nits when no mapping exists.
12-16 10:31:19.292 1497 1868 E DisplayDeviceConfig: requesting nits when no mapping exists.
12-16 10:31:19.308 1497 1868 E DisplayDeviceConfig: requesting nits when no mapping exists.
12-16 10:31:19.308 1497 1868 E DisplayDeviceConfig: requesting nits when no mapping exists.
12-16 10:31:19.325 1497 1868 E DisplayDeviceConfig: requesting nits when no mapping exists.
12-16 10:31:19.326 1497 1868 E DisplayDeviceConfig: requesting nits when no mapping exists.
12-16 10:31:19.341 1497 1868 E DisplayDeviceConfig: requesting nits when no mapping exists.
12-16 10:31:19.341 1497 1868 E DisplayDeviceConfig: requesting nits when no mapping exists.
12-16 10:31:19.358 1497 1868 E DisplayDeviceConfig: requesting nits when no mapping exists.
12-16 10:31:19.358 1497 1868 E DisplayDeviceConfig: requesting nits when no mapping exists.
12-16 10:31:19.375 1497 1868 E DisplayDeviceConfig: requesting nits when no mapping exists.
12-16 10:31:19.375 1497 1868 E DisplayDeviceConfig: requesting nits when no mapping exists.
12-16 10:31:19.392 1497 1868 E DisplayDeviceConfig: requesting nits when no mapping exists.
12-16 10:31:19.392 1497 1868 E DisplayDeviceConfig: requesting nits when no mapping exists.
12-16 10:31:19.408 1497 1868 E DisplayDeviceConfig: requesting nits when no mapping exists.
12-16 10:31:19.408 1497 1868 E DisplayDeviceConfig: requesting nits when no mapping exists.
12-16 10:31:19.426 1497 1868 E DisplayDeviceConfig: requesting nits when no mapping exists.
12-16 10:31:19.426 1497 1868 E DisplayDeviceConfig: requesting nits when no mapping exists.
12-16 10:31:19.442 1497 1868 E DisplayDeviceConfig: requesting nits when no mapping exists.
12-16 10:31:19.442 1497 1868 E DisplayDeviceConfig: requesting nits when no mapping exists.
12-16 10:31:19.459 1497 1868 E DisplayDeviceConfig: requesting nits when no mapping exists.
12-16 10:31:19.459 1497 1868 E DisplayDeviceConfig: requesting nits when no mapping exists.
12-16 10:31:19.465 17557 17592 W ContextImpl: Calling a method in the system process without a qualified user: android.app.ContextImpl.startService:1816 android.content.ContextWrapper.startService:774 com.thundercomm.gamemode.ingame.services.GameModeActionUtils.startGameModeService:99 com.thundercomm.gamemode.ingame.services.GameModeActionUtils.startGameModeEntry:22 com.thundercomm.gamemode.ingame.services.ActivityMonitoringService$1.onActivityLaunch:127
12-16 10:31:19.466 1497 1497 I GameModeConfig: Current uri is uri = content://com.thundercomm.gamemode.api/gamemode_settings/gamemode_isgaming
12-16 10:31:19.467 1497 1497 I GameModeConfig: isGameModeOn = false
12-16 10:31:19.467 1497 1497 I GameModeConfig: isGameModeOn = false
12-16 10:31:19.467 1497 1497 I GameModeConfig: isDisableVoice = true
12-16 10:31:19.475 1497 1868 E DisplayDeviceConfig: requesting nits when no mapping exists.
12-16 10:31:19.475 1497 1868 E DisplayDeviceConfig: requesting nits when no mapping exists.
12-16 10:31:19.490 1497 1868 E DisplayDeviceConfig: requesting nits when no mapping exists.
12-16 10:31:19.490 1497 1868 E DisplayDeviceConfig: requesting nits when no mapping exists.
12-16 10:31:19.507 1497 1868 E DisplayDeviceConfig: requesting nits when no mapping exists.
12-16 10:31:19.507 1497 1868 E DisplayDeviceConfig: requesting nits when no mapping exists.
12-16 10:31:19.523 1497 1868 E DisplayDeviceConfig: requesting nits when no mapping exists.
12-16 10:31:19.523 1497 1868 E DisplayDeviceConfig: requesting nits when no mapping exists.
12-16 10:31:19.540 1497 1868 E DisplayDeviceConfig: requesting nits when no mapping exists.
12-16 10:31:19.540 1497 1868 E DisplayDeviceConfig: requesting nits when no mapping exists.
12-16 10:31:19.557 1497 1868 E DisplayDeviceConfig: requesting nits when no mapping exists.
12-16 10:31:19.557 1497 1868 E DisplayDeviceConfig: requesting nits when no mapping exists.
12-16 10:31:19.573 1497 1868 E DisplayDeviceConfig: requesting nits when no mapping exists.
12-16 10:31:19.573 1497 1868 E DisplayDeviceConfig: requesting nits when no mapping exists.
12-16 10:31:19.590 1497 1868 E DisplayDeviceConfig: requesting nits when no mapping exists.
12-16 10:31:19.590 1497 1868 E DisplayDeviceConfig: requesting nits when no mapping exists.
12-16 10:31:19.606 1497 1868 E DisplayDeviceConfig: requesting nits when no mapping exists.
12-16 10:31:19.607 1497 1868 E DisplayDeviceConfig: requesting nits when no mapping exists.
12-16 10:31:19.623 1497 1868 E DisplayDeviceConfig: requesting nits when no mapping exists.
12-16 10:31:19.623 1497 1868 E DisplayDeviceConfig: requesting nits when no mapping exists.
12-16 10:31:19.640 1497 1868 E DisplayDeviceConfig: requesting nits when no mapping exists.
12-16 10:31:19.640 1497 1868 E DisplayDeviceConfig: requesting nits when no mapping exists.
12-16 10:31:19.657 1497 1868 E DisplayDeviceConfig: requesting nits when no mapping exists.
12-16 10:31:19.657 1497 1868 E DisplayDeviceConfig: requesting nits when no mapping exists.
12-16 10:31:19.673 1497 1868 E DisplayDeviceConfig: requesting nits when no mapping exists.
12-16 10:31:19.673 1497 1868 E DisplayDeviceConfig: requesting nits when no mapping exists.
12-16 10:31:19.690 1497 1868 E DisplayDeviceConfig: requesting nits when no mapping exists.
12-16 10:31:19.690 1497 1868 E DisplayDeviceConfig: requesting nits when no mapping exists.
12-16 10:31:19.707 1497 1868 E DisplayDeviceConfig: requesting nits when no mapping exists.
12-16 10:31:19.707 1497 1868 E DisplayDeviceConfig: requesting nits when no mapping exists.
12-16 10:31:19.724 1497 1868 E DisplayDeviceConfig: requesting nits when no mapping exists.
12-16 10:31:19.724 1497 1868 E DisplayDeviceConfig: requesting nits when no mapping exists.
12-16 10:31:19.740 1497 1868 E DisplayDeviceConfig: requesting nits when no mapping exists.
12-16 10:31:19.740 1497 1868 E DisplayDeviceConfig: requesting nits when no mapping exists.
12-16 10:31:19.757 1497 1868 E DisplayDeviceConfig: requesting nits when no mapping exists.
12-16 10:31:19.757 1497 1868 E DisplayDeviceConfig: requesting nits when no mapping exists.
12-16 10:31:19.773 1497 1868 E DisplayDeviceConfig: requesting nits when no mapping exists.
12-16 10:31:19.774 1497 1868 E DisplayDeviceConfig: requesting nits when no mapping exists.
12-16 10:31:19.791 1497 1868 E DisplayDeviceConfig: requesting nits when no mapping exists.
12-16 10:31:19.791 1497 1868 E DisplayDeviceConfig: requesting nits when no mapping exists.
12-16 10:31:19.807 1497 1868 E DisplayDeviceConfig: requesting nits when no mapping exists.
12-16 10:31:19.807 1497 1868 E DisplayDeviceConfig: requesting nits when no mapping exists.
12-16 10:31:19.824 1497 1868 E DisplayDeviceConfig: requesting nits when no mapping exists.
12-16 10:31:19.824 1497 1868 E DisplayDeviceConfig: requesting nits when no mapping exists.
12-16 10:31:19.841 1497 1868 E DisplayDeviceConfig: requesting nits when no mapping exists.
12-16 10:31:19.841 1497 1868 E DisplayDeviceConfig: requesting nits when no mapping exists.
12-16 10:31:19.857 1497 1868 E DisplayDeviceConfig: requesting nits when no mapping exists.
12-16 10:31:19.857 1497 1868 E DisplayDeviceConfig: requesting nits when no mapping exists.
12-16 10:31:19.874 1497 1868 E DisplayDeviceConfig: requesting nits when no mapping exists.
12-16 10:31:19.874 1497 1868 E DisplayDeviceConfig: requesting nits when no mapping exists.
12-16 10:31:19.890 1497 1868 E DisplayDeviceConfig: requesting nits when no mapping exists.
12-16 10:31:19.891 1497 1868 E DisplayDeviceConfig: requesting nits when no mapping exists.
12-16 10:31:19.908 1497 1868 E DisplayDeviceConfig: requesting nits when no mapping exists.
12-16 10:31:19.908 1497 1868 E DisplayDeviceConfig: requesting nits when no mapping exists.
12-16 10:31:19.925 1497 1868 E DisplayDeviceConfig: requesting nits when no mapping exists.
12-16 10:31:19.925 1497 1868 E DisplayDeviceConfig: requesting nits when no mapping exists.
12-16 10:31:19.941 1497 1868 E DisplayDeviceConfig: requesting nits when no mapping exists.
12-16 10:31:19.941 1497 1868 E DisplayDeviceConfig: requesting nits when no mapping exists.
12-16 10:31:19.957 1497 1868 E DisplayDeviceConfig: requesting nits when no mapping exists.
12-16 10:31:19.957 1497 1868 E DisplayDeviceConfig: requesting nits when no mapping exists.
12-16 10:31:19.974 1497 1868 E DisplayDeviceConfig: requesting nits when no mapping exists.
12-16 10:31:19.974 1497 1868 E DisplayDeviceConfig: requesting nits when no mapping exists.
12-16 10:31:19.991 1497 1868 E DisplayDeviceConfig: requesting nits when no mapping exists.
12-16 10:31:19.991 1497 1868 E DisplayDeviceConfig: requesting nits when no mapping exists.
12-16 10:31:20.007 1497 1868 E DisplayDeviceConfig: requesting nits when no mapping exists.
12-16 10:31:20.007 1497 1868 E DisplayDeviceConfig: requesting nits when no mapping exists.
12-16 10:31:20.024 1497 1868 E DisplayDeviceConfig: requesting nits when no mapping exists.
12-16 10:31:20.025 1497 1868 E DisplayDeviceConfig: requesting nits when no mapping exists.
12-16 10:31:20.041 1497 1868 E DisplayDeviceConfig: requesting nits when no mapping exists.
12-16 10:31:20.041 1497 1868 E DisplayDeviceConfig: requesting nits when no mapping exists.
12-16 10:31:20.057 1497 1868 E DisplayDeviceConfig: requesting nits when no mapping exists.
12-16 10:31:20.058 1497 1868 E DisplayDeviceConfig: requesting nits when no mapping exists.
12-16 10:31:20.074 1497 1868 E DisplayDeviceConfig: requesting nits when no mapping exists.
12-16 10:31:20.074 1497 1868 E DisplayDeviceConfig: requesting nits when no mapping exists.
12-16 10:31:20.091 1497 1868 E DisplayDeviceConfig: requesting nits when no mapping exists.
12-16 10:31:20.091 1497 1868 E DisplayDeviceConfig: requesting nits when no mapping exists.
12-16 10:31:25.488 1497 1669 D ActivityManager: freezing 27585 com.qualcomm.qti.qccauthmgr
12-16 10:31:25.488 1497 1669 E ActivityManager: Unable to freeze binder for 27585 com.qualcomm.qti.qccauthmgr
12-16 10:31:25.490 1497 1669 D ActivityManager: froze 27585 com.qualcomm.qti.qccauthmgr
12-16 10:31:25.490 1497 1669 E ActivityManager: Unable to freeze binder for 27585 com.qualcomm.qti.qccauthmgr
12-16 10:31:25.491 1497 1669 I ActivityManager: Killing 27585:com.qualcomm.qti.qccauthmgr/u0a83 (adj 935): Unable to freeze binder interface
12-16 10:33:42.689 1497 7244 I DreamManagerService: Gently waking up from dream.
12-16 10:33:42.691 1497 1592 I DreamManagerService: Performing gentle wake from dream.
12-16 10:33:42.693 1497 7244 I ActivityTaskManager: FOREGROUND_APPLICATION_CHANGED to com.android.launcher3.uioverrides.QuickstepLauncher
12-16 10:33:42.725 17557 17592 W ContextImpl: Calling a method in the system process without a qualified user: android.app.ContextImpl.startService:1816 android.content.ContextWrapper.startService:774 com.thundercomm.gamemode.ingame.services.GameModeActionUtils.startGameModeService:99 com.thundercomm.gamemode.ingame.services.GameModeActionUtils.startGameModeEntry:22 com.thundercomm.gamemode.ingame.services.ActivityMonitoringService$1.onActivityLaunch:127
12-16 10:33:42.732 1497 1497 I GameModeConfig: Current uri is uri = content://com.thundercomm.gamemode.api/gamemode_settings/gamemode_isgaming
12-16 10:33:42.738 1497 1623 I PowerManagerService: Powering on display group fromDreaming (groupId=0, uid=1000, reason=WAKE_REASON_UNKNOWN, details=android.server.power:DREAM_FINISHED)...
12-16 10:33:42.738 1497 1623 I PowerManagerService: Waking up from Dreaming (uid=1000, reason=WAKE_REASON_UNKNOWN, details=android.server.power:DREAM_FINISHED)...
12-16 10:33:42.739 1497 1497 I GameModeConfig: isGameModeOn = false
12-16 10:33:42.739 1497 1497 I GameModeConfig: isGameModeOn = false
12-16 10:33:42.739 1497 1497 I GameModeConfig: isDisableVoice = true
12-16 10:33:42.807 17557 17592 W ContextImpl: Calling a method in the system process without a qualified user: android.app.ContextImpl.startService:1816 android.content.ContextWrapper.startService:774 com.thundercomm.gamemode.ingame.services.GameModeActionUtils.startGameModeService:99 com.thundercomm.gamemode.ingame.services.GameModeActionUtils.startGameModeEntry:22 com.thundercomm.gamemode.ingame.services.ActivityMonitoringService$1.onActivityLaunch:127
12-16 10:33:42.812 1497 1497 I GameModeConfig: Current uri is uri = content://com.thundercomm.gamemode.api/gamemode_settings/gamemode_isgaming
12-16 10:33:42.814 1497 1497 I GameModeConfig: isGameModeOn = false
12-16 10:33:42.814 1497 1497 I GameModeConfig: isGameModeOn = false
12-16 10:33:42.814 1497 1497 I GameModeConfig: isDisableVoice = true
12-16 10:33:42.984 17557 17592 W ContextImpl: Calling a method in the system process without a qualified user: android.app.ContextImpl.startService:1816 android.content.ContextWrapper.startService:774 com.thundercomm.gamemode.ingame.services.GameModeActionUtils.startGameModeService:99 com.thundercomm.gamemode.ingame.services.GameModeActionUtils.startGameModeEntry:22 com.thundercomm.gamemode.ingame.services.ActivityMonitoringService$1.onActivityLaunch:127
12-16 10:33:42.995 1497 1497 I GameModeConfig: Current uri is uri = content://com.thundercomm.gamemode.api/gamemode_settings/gamemode_isgaming
12-16 10:33:42.999 1497 1497 I GameModeConfig: isGameModeOn = false
12-16 10:33:43.000 1497 1497 I GameModeConfig: isGameModeOn = false
12-16 10:33:43.000 1497 1497 I GameModeConfig: isDisableVoice = true
12-16 10:33:43.010 1497 8974 I DreamManagerService: Leaving dreamland.
12-16 10:33:43.012 1497 1592 I DreamManagerService: Performing gentle wake from dream.
12-16 10:33:43.012 1497 1592 I DreamController: Stopping dream: name=ComponentInfo{com.thundercomm.screensaver/com.thundercomm.saverclock.service.ClockScreensaver}, isTest=false, canDoze=false, userId=0, reason='finished self'(from 'finished self')
12-16 10:33:43.021 1497 1596 W ActivityTaskManager: Can't find TaskDisplayArea to determine support for multi window. Task id=190 attached=false
12-16 10:33:43.826 1497 7244 I ActivityTaskManager: START u0 {act=android.intent.action.MAIN cat=[android.intent.category.LAUNCHER] flg=0x10200000 cmp=com.android.settings/.Settings bnds=[2308,740][2494,940]} from uid 10078
12-16 10:33:43.851 1497 1529 I ActivityTaskManager: FOREGROUND_APPLICATION_CHANGED to com.android.settings.homepage.SettingsHomepageActivity
12-16 10:33:43.878 17557 17592 W ContextImpl: Calling a method in the system process without a qualified user: android.app.ContextImpl.startService:1816 android.content.ContextWrapper.startService:774 com.thundercomm.gamemode.ingame.services.GameModeActionUtils.startGameModeService:99 com.thundercomm.gamemode.ingame.services.GameModeActionUtils.startGameModeEntry:22 com.thundercomm.gamemode.ingame.services.ActivityMonitoringService$1.onActivityLaunch:127
12-16 10:33:43.885 1497 1497 I GameModeConfig: Current uri is uri = content://com.thundercomm.gamemode.api/gamemode_settings/gamemode_isgaming
12-16 10:33:43.885 1497 1611 W BatteryExternalStatsWorker: error reading modem stats:ERROR_PHONE_NOT_AVAILABLE
12-16 10:33:43.895 1497 1497 I GameModeConfig: isGameModeOn = false
12-16 10:33:43.895 1497 1497 I GameModeConfig: isGameModeOn = false
12-16 10:33:43.895 1497 1497 I GameModeConfig: isDisableVoice = true
12-16 10:33:43.912 1497 1611 E KernelCpuSpeedReader: Failed to read cpu-freq: /sys/devices/system/cpu/cpu4/cpufreq/stats/time_in_state: open failed: ENOENT (No such file or directory)
12-16 10:33:43.912 1497 1611 E KernelCpuSpeedReader: Failed to read cpu-freq: /sys/devices/system/cpu/cpu0/cpufreq/stats/time_in_state: open failed: ENOENT (No such file or directory)
12-16 10:33:43.938 1497 1611 D KernelCpuUidUserSysTimeReader: Removing uids 99000-99000
12-16 10:33:43.939 1497 1611 D KernelCpuUidUserSysTimeReader: Removing uids 99001-99001
12-16 10:33:43.939 1497 1611 D KernelCpuUidUserSysTimeReader: Removing uids 99002-99002
12-16 10:33:43.950 1497 1611 W BatteryExternalStatsWorker: error reading modem stats:ERROR_PHONE_NOT_AVAILABLE
12-16 10:33:43.954 1497 1611 E KernelCpuSpeedReader: Failed to read cpu-freq: /sys/devices/system/cpu/cpu4/cpufreq/stats/time_in_state: open failed: ENOENT (No such file or directory)
12-16 10:33:43.954 1497 1611 E KernelCpuSpeedReader: Failed to read cpu-freq: /sys/devices/system/cpu/cpu0/cpufreq/stats/time_in_state: open failed: ENOENT (No such file or directory)
12-16 10:33:43.961 17557 17592 W ContextImpl: Calling a method in the system process without a qualified user: android.app.ContextImpl.startService:1816 android.content.ContextWrapper.startService:774 com.thundercomm.gamemode.ingame.services.GameModeActionUtils.startGameModeService:99 com.thundercomm.gamemode.ingame.services.GameModeActionUtils.startGameModeEntry:22 com.thundercomm.gamemode.ingame.services.ActivityMonitoringService$1.onActivityLaunch:127
12-16 10:33:43.965 1497 1497 I GameModeConfig: Current uri is uri = content://com.thundercomm.gamemode.api/gamemode_settings/gamemode_isgaming
12-16 10:33:43.966 1497 1497 I GameModeConfig: isGameModeOn = false
12-16 10:33:43.967 1497 1497 I GameModeConfig: isGameModeOn = false
12-16 10:33:43.967 1497 1497 I GameModeConfig: isDisableVoice = true
12-16 10:33:44.497 17557 17592 W ContextImpl: Calling a method in the system process without a qualified user: android.app.ContextImpl.startService:1816 android.content.ContextWrapper.startService:774 com.thundercomm.gamemode.ingame.services.GameModeActionUtils.startGameModeService:99 com.thundercomm.gamemode.ingame.services.GameModeActionUtils.startGameModeEntry:22 com.thundercomm.gamemode.ingame.services.ActivityMonitoringService$1.onActivityLaunch:127
12-16 10:33:44.503 1497 1497 I GameModeConfig: Current uri is uri = content://com.thundercomm.gamemode.api/gamemode_settings/gamemode_isgaming
12-16 10:33:44.505 1497 1497 I GameModeConfig: isGameModeOn = false
12-16 10:33:44.506 1497 1497 I GameModeConfig: isGameModeOn = false
12-16 10:33:44.506 1497 1497 I GameModeConfig: isDisableVoice = true
12-16 10:33:45.605 1497 8974 W BluetoothManagerService: psc is not null in bindBluetoothProfileService
12-16 10:33:45.639 27148 27148 E ActivityThread: Failed to find provider info for com.google.android.gms.nearby.fastpair
12-16 10:33:45.639 27148 28524 E ActivityThread: Failed to find provider info for com.google.android.gms.nearby.fastpair
12-16 10:33:46.860 1497 2749 E TaskPersister: File error accessing recents directory (directory doesn't exist?).
12-16 10:33:48.877 27148 27148 E ActivityThread: Failed to find provider info for com.google.android.gms.nearby.fastpair
12-16 10:33:48.878 27148 28524 E ActivityThread: Failed to find provider info for com.google.android.gms.nearby.fastpair
12-16 10:33:51.270 27148 27148 E ActivityThread: Failed to find provider info for com.google.android.gms.nearby.fastpair
12-16 10:33:51.271 27148 28524 E ActivityThread: Failed to find provider info for com.google.android.gms.nearby.fastpair
12-16 10:33:53.042 1497 8974 D BluetoothManagerService: disable(com.android.systemui): mBluetooth = android.bluetooth.IBluetooth$Stub$Proxy@ba59ded mBinding = false
12-16 10:33:53.042 1497 8974 D BluetoothManagerService: Bluetooth persisted state: 1
12-16 10:33:53.042 1497 8974 D BluetoothManagerService: Persisting Bluetooth Setting: 0
12-16 10:33:53.043 1497 1594 D BluetoothManagerService: MESSAGE_DISABLE: mBluetooth = android.bluetooth.IBluetooth$Stub$Proxy@ba59ded, mBinding = false mEnable = true
12-16 10:33:53.043 1497 1594 D BluetoothManagerService: Re-Queue MESSAGE_HANDLE_DISABLE_DELAYED(0)
12-16 10:33:53.344 1497 1594 D BluetoothManagerService: MESSAGE_HANDLE_DISABLE_DELAYED: disabling:false
12-16 10:33:53.344 1497 1594 D BluetoothManagerService: MESSAGE_HANDLE_DISABLE_DELAYED: handleDisable
12-16 10:33:53.345 1497 1594 D BluetoothManagerService: Sending off request.
12-16 10:33:53.348 1497 1594 D BluetoothManagerService: Re-Queue MESSAGE_HANDLE_DISABLE_DELAYED(1)
12-16 10:33:53.353 1497 1594 D BluetoothManagerService: MESSAGE_BLUETOOTH_STATE_CHANGE: ON > TURNING_OFF
12-16 10:33:53.353 1497 1594 D BluetoothManagerService: Sending BLE State Change: ON > TURNING_OFF
12-16 10:33:53.359 1497 1594 D BluetoothManagerService: Sending State Change: ON > TURNING_OFF
12-16 10:33:53.365 1497 1497 D CompanionDeviceManagerService: Received BT state transition broadcast: ON -> TURNING_OFF
12-16 10:33:53.383 1497 1497 I Telecom : BluetoothDeviceManager: Lost BluetoothHeadset service. Removing all tracked devices: BMSL.oSD@AGg
12-16 10:33:53.396 1497 2092 W NotificationHistory: Attempted to remove channel for locked/gone/disabled user 0
12-16 10:33:53.435 1497 1497 I Telecom : BluetoothDeviceManager: Lost BluetoothHearingAid service. Removing all tracked devices.: BMSL.oSD@AGk
12-16 10:33:53.442 1497 1594 D BluetoothManagerService: MESSAGE_BLUETOOTH_STATE_CHANGE: TURNING_OFF > BLE_ON
12-16 10:33:53.442 1497 1594 D BluetoothManagerService: Intermediate off, back to LE only mode
12-16 10:33:53.443 1497 1594 D BluetoothManagerService: Sending BLE State Change: TURNING_OFF > BLE_ON
12-16 10:33:53.443 1497 1594 D BluetoothManagerService: Broadcasting onBluetoothStateChange(false) to 25 receivers.
12-16 10:33:53.443 1497 1497 D CompanionDeviceManagerService: Received BT state transition broadcast: TURNING_OFF -> BLE_ON
12-16 10:33:53.443 1497 1594 W BluetoothManagerService: unbindBluetoothProfileService: calling psc.removeProxy
12-16 10:33:53.443 1497 1594 W BluetoothManagerService: removing the proxy, count is 3
12-16 10:33:53.443 1497 7563 W BluetoothManagerService: unbindBluetoothProfileService: calling psc.removeProxy
12-16 10:33:53.444 1497 1497 I CompanionDeviceManagerService: startBleScan()
12-16 10:33:53.444 1497 7563 W BluetoothManagerService: removing the proxy, count is 2
12-16 10:33:53.444 1497 1594 W BluetoothManagerService: unbindBluetoothProfileService: calling psc.removeProxy
12-16 10:33:53.444 1497 1594 W BluetoothManagerService: removing the proxy, count is 1
12-16 10:33:53.444 1497 1497 I Telecom : BluetoothDeviceManager: Lost BluetoothHeadset service. Removing all tracked devices: BMSL.oSD@AGo
12-16 10:33:53.444 1497 1594 D BluetoothManagerService: Calling sendBrEdrDownCallback callbacks
12-16 10:33:53.444 1497 1594 D BluetoothManagerService: isBleAppPresent() count: 0
12-16 10:33:53.444 1497 8974 W BluetoothManagerService: unbindBluetoothProfileService: calling psc.removeProxy
12-16 10:33:53.444 1497 8974 W BluetoothManagerService: removing the proxy, count is 0
12-16 10:33:53.444 1497 8974 W BluetoothManagerService: psc.isEmpty is true, removing psc entry for profile 1
12-16 10:33:53.445 1497 1594 D BluetoothManagerService: Sending State Change: TURNING_OFF > OFF
12-16 10:33:53.448 1497 1594 D BluetoothManagerService: MESSAGE_BLUETOOTH_STATE_CHANGE: BLE_ON > BLE_TURNING_OFF
12-16 10:33:53.448 1497 1594 D BluetoothManagerService: Sending BLE State Change: BLE_ON > BLE_TURNING_OFF
12-16 10:33:53.454 1497 1497 D CompanionDeviceManagerService: Received BT state transition broadcast: BLE_ON -> BLE_TURNING_OFF
12-16 10:33:53.652 1497 1594 D BluetoothManagerService: MESSAGE_HANDLE_DISABLE_DELAYED: disabling:true
12-16 10:33:53.652 1497 1594 D BluetoothManagerService: Handle disable is finished
12-16 10:33:53.877 1497 1594 D BluetoothManagerService: MESSAGE_BLUETOOTH_STATE_CHANGE: BLE_TURNING_OFF > OFF
12-16 10:33:53.877 1497 1594 D BluetoothManagerService: Bluetooth is complete off, send Service Down
12-16 10:33:53.877 1497 1594 D BluetoothManagerService: Broadcasting onBluetoothServiceDown() to 5 receivers.
12-16 10:33:53.877 1497 1594 D BluetoothManagerService: Broadcasting onBluetoothStateChange(false) to 25 receivers.
12-16 10:33:53.878 1497 1594 D BluetoothManagerService: unbindAndFinish(): android.bluetooth.IBluetooth$Stub$Proxy@ba59ded mBinding = false mUnbinding = false
12-16 10:33:53.883 1497 1594 D BluetoothManagerService: Sending BLE State Change: BLE_TURNING_OFF > OFF
12-16 10:33:53.885 1497 1497 D CompanionDeviceManagerService: Received BT state transition broadcast: BLE_TURNING_OFF -> OFF
12-16 10:33:53.980 1497 8974 I ActivityManager: Process com.android.bluetooth (pid 1923) has died: fg SVC
12-16 10:33:54.360 1497 1592 D CompanionDeviceManagerService: onPackageModified(packageName = com.android.bluetooth)
12-16 10:33:54.373 1497 1497 I Telecom : DefaultDialerCache: Refreshing default dialer for user 0: now null: DDC.oR@AGs
12-16 10:33:54.390 1497 1602 W VoiceInteractionManager: no available voice recognition services found for user 0
12-16 10:33:54.414 1497 1736 I GameModeConfig: isGameModeOn = false
12-16 10:33:54.414 1497 1736 I GameModeConfig: isGameModeOn = false
12-16 10:33:54.414 1497 1736 I GameModeConfig: isGameModeOn = false
12-16 10:33:54.414 1497 1736 I GameModeConfig: isGameModeOn = false
12-16 10:33:54.621 1497 1497 I GameModeConfig: isGameModeOn = false
12-16 10:33:56.133 1497 8974 D BluetoothManagerService: enable(com.android.settings): mBluetooth =null mBinding = false mState = OFF
12-16 10:33:56.133 1497 1594 D BluetoothManagerService: MESSAGE_ENABLE(0): mBluetooth = null
12-16 10:33:56.134 1497 1594 D BluetoothManagerService: MESSAGE_ENABLE: handleEnable
12-16 10:33:56.134 1497 1594 D BluetoothManagerService: binding Bluetooth service
12-16 10:33:56.134 1497 8974 D BluetoothManagerService: enable returning
12-16 10:33:56.136 1497 1594 D CompatibilityChangeReporter: Compat change id reported: 135634846; UID 1002; state: DISABLED
12-16 10:33:56.136 1497 1594 D CompatibilityChangeReporter: Compat change id reported: 177438394; UID 1002; state: DISABLED
12-16 10:33:56.136 1497 1594 D CompatibilityChangeReporter: Compat change id reported: 135772972; UID 1002; state: DISABLED
12-16 10:33:56.136 1497 1594 D CompatibilityChangeReporter: Compat change id reported: 135754954; UID 1002; state: ENABLED
12-16 10:33:56.136 1497 1594 D BluetoothManagerService: Binding BT service. Current user: 0
12-16 10:33:56.158 1497 1604 I ActivityManager: Start proc 28550:com.android.bluetooth/1002 for service {com.android.bluetooth/com.android.bluetooth.btservice.AdapterService}
12-16 10:33:56.354 1497 1497 D BluetoothManagerService: Bluetooth Adapter name changed to QCOM-BTD by android
12-16 10:33:56.354 1497 1497 D BluetoothManagerService: Stored Bluetooth name: QCOM-BTD
12-16 10:33:56.378 1497 1497 D BluetoothManagerService: BluetoothServiceConnection: com.android.bluetooth.btservice.AdapterService
12-16 10:33:56.378 1497 1594 D BluetoothManagerService: MESSAGE_BLUETOOTH_SERVICE_CONNECTED: 1
12-16 10:33:56.381 1497 1594 D BluetoothManagerService: MESSAGE_INFORM_ADAPTER_SERVICE_UP
12-16 10:33:56.381 1497 1594 D BluetoothManagerService: Broadcasting onBluetoothServiceUp() to 5 receivers.
12-16 10:33:56.383 1497 1594 D BluetoothManagerService: MESSAGE_BLUETOOTH_STATE_CHANGE: OFF > BLE_TURNING_ON
12-16 10:33:56.383 1497 1594 D BluetoothManagerService: Sending BLE State Change: OFF > BLE_TURNING_ON
12-16 10:33:56.384 1497 1497 D CompanionDeviceManagerService: Received BT state transition broadcast: OFF -> BLE_TURNING_ON
12-16 10:33:57.686 1497 1497 D BluetoothManagerService: Bluetooth Adapter address changed to 22:22:47:D3:B9:33
12-16 10:33:57.686 1497 1497 D BluetoothManagerService: Stored Bluetoothaddress: 22:22:47:D3:B9:33
