12-16 10:57:27.840 1497 1868 E DisplayDeviceConfig: requesting nits when no mapping exists.
12-16 10:57:27.840 1497 1603 I am_wtf : [0,1497,system_server,-1,DisplayDeviceConfig,requesting nits when no mapping exists.]
12-16 10:57:27.841 1497 1603 I am_wtf : [0,1497,system_server,-1,DisplayDeviceConfig,requesting nits when no mapping exists.]
12-16 10:57:27.857 1497 1868 E DisplayDeviceConfig: requesting nits when no mapping exists.
12-16 10:57:27.857 1497 1603 I am_wtf : [0,1497,system_server,-1,DisplayDeviceConfig,requesting nits when no mapping exists.]
12-16 10:57:27.858 1497 1868 E DisplayDeviceConfig: requesting nits when no mapping exists.
12-16 10:57:27.858 1497 1603 I am_wtf : [0,1497,system_server,-1,DisplayDeviceConfig,requesting nits when no mapping exists.]
12-16 10:57:27.874 1497 1868 E DisplayDeviceConfig: requesting nits when no mapping exists.
12-16 10:57:27.875 1497 1603 I am_wtf : [0,1497,system_server,-1,DisplayDeviceConfig,requesting nits when no mapping exists.]
12-16 10:57:27.875 1497 1868 E DisplayDeviceConfig: requesting nits when no mapping exists.
12-16 10:57:27.876 1497 1603 I am_wtf : [0,1497,system_server,-1,DisplayDeviceConfig,requesting nits when no mapping exists.]
12-16 10:57:27.890 1497 1868 E DisplayDeviceConfig: requesting nits when no mapping exists.
12-16 10:57:27.891 1497 1868 E DisplayDeviceConfig: requesting nits when no mapping exists.
12-16 10:57:27.891 1497 1603 I am_wtf : [0,1497,system_server,-1,DisplayDeviceConfig,requesting nits when no mapping exists.]
12-16 10:57:27.892 1497 1603 I am_wtf : [0,1497,system_server,-1,DisplayDeviceConfig,requesting nits when no mapping exists.]
12-16 10:57:27.907 1497 1868 E DisplayDeviceConfig: requesting nits when no mapping exists.
12-16 10:57:27.908 1497 1868 E DisplayDeviceConfig: requesting nits when no mapping exists.
12-16 10:57:27.908 1497 1603 I am_wtf : [0,1497,system_server,-1,DisplayDeviceConfig,requesting nits when no mapping exists.]
12-16 10:57:27.908 1497 1603 I am_wtf : [0,1497,system_server,-1,DisplayDeviceConfig,requesting nits when no mapping exists.]
12-16 10:57:27.924 1497 1868 E DisplayDeviceConfig: requesting nits when no mapping exists.
12-16 10:57:27.925 1497 1868 E DisplayDeviceConfig: requesting nits when no mapping exists.
12-16 10:57:27.925 1497 1603 I am_wtf : [0,1497,system_server,-1,DisplayDeviceConfig,requesting nits when no mapping exists.]
12-16 10:57:27.926 1497 1603 I am_wtf : [0,1497,system_server,-1,DisplayDeviceConfig,requesting nits when no mapping exists.]
12-16 10:57:27.940 1497 1868 E DisplayDeviceConfig: requesting nits when no mapping exists.
12-16 10:57:27.941 1497 1868 E DisplayDeviceConfig: requesting nits when no mapping exists.
12-16 10:57:27.941 1497 1603 I am_wtf : [0,1497,system_server,-1,DisplayDeviceConfig,requesting nits when no mapping exists.]
12-16 10:57:27.942 1497 1603 I am_wtf : [0,1497,system_server,-1,DisplayDeviceConfig,requesting nits when no mapping exists.]
12-16 10:57:27.957 1497 1868 E DisplayDeviceConfig: requesting nits when no mapping exists.
12-16 10:57:27.958 1497 1603 I am_wtf : [0,1497,system_server,-1,DisplayDeviceConfig,requesting nits when no mapping exists.]
12-16 10:57:27.958 1497 1868 E DisplayDeviceConfig: requesting nits when no mapping exists.
12-16 10:57:27.958 1497 1603 I am_wtf : [0,1497,system_server,-1,DisplayDeviceConfig,requesting nits when no mapping exists.]
12-16 10:57:27.974 1497 1868 E DisplayDeviceConfig: requesting nits when no mapping exists.
12-16 10:57:27.974 1497 1603 I am_wtf : [0,1497,system_server,-1,DisplayDeviceConfig,requesting nits when no mapping exists.]
12-16 10:57:27.975 1497 1868 E DisplayDeviceConfig: requesting nits when no mapping exists.
12-16 10:57:27.976 1497 1603 I am_wtf : [0,1497,system_server,-1,DisplayDeviceConfig,requesting nits when no mapping exists.]
12-16 10:57:27.990 1497 1868 E DisplayDeviceConfig: requesting nits when no mapping exists.
12-16 10:57:27.991 1497 1868 E DisplayDeviceConfig: requesting nits when no mapping exists.
12-16 10:57:27.991 1497 1603 I am_wtf : [0,1497,system_server,-1,DisplayDeviceConfig,requesting nits when no mapping exists.]
12-16 10:57:27.992 1497 1603 I am_wtf : [0,1497,system_server,-1,DisplayDeviceConfig,requesting nits when no mapping exists.]
12-16 10:57:28.009 1497 1868 E DisplayDeviceConfig: requesting nits when no mapping exists.
12-16 10:57:28.010 1497 1603 I am_wtf : [0,1497,system_server,-1,DisplayDeviceConfig,requesting nits when no mapping exists.]
12-16 10:57:28.010 1497 1868 E DisplayDeviceConfig: requesting nits when no mapping exists.
12-16 10:57:28.011 1497 1603 I am_wtf : [0,1497,system_server,-1,DisplayDeviceConfig,requesting nits when no mapping exists.]
12-16 10:57:28.012 1497 1709 I service_manager_stats: [100,62,64924]
12-16 10:57:28.024 1497 1868 E DisplayDeviceConfig: requesting nits when no mapping exists.
12-16 10:57:28.025 1497 1868 E DisplayDeviceConfig: requesting nits when no mapping exists.
12-16 10:57:28.025 1497 1603 I am_wtf : [0,1497,system_server,-1,DisplayDeviceConfig,requesting nits when no mapping exists.]
12-16 10:57:28.026 1497 1603 I am_wtf : [0,1497,system_server,-1,DisplayDeviceConfig,requesting nits when no mapping exists.]
12-16 10:57:28.039 1497 1709 I netstats_mobile_sample: [0,0,0,0,0,0,0,0,0,0,0,0,1671159448038]
12-16 10:57:28.039 1497 1709 I netstats_wifi_sample: [157467738,354283,214394201,480094,157467738,354283,214394201,480094,180481961,520015,107443357,241959,1671159448038]
12-16 10:57:28.040 1497 1868 E DisplayDeviceConfig: requesting nits when no mapping exists.
12-16 10:57:28.040 1497 1868 E DisplayDeviceConfig: requesting nits when no mapping exists.
12-16 10:57:28.040 1497 1603 I am_wtf : [0,1497,system_server,-1,DisplayDeviceConfig,requesting nits when no mapping exists.]
12-16 10:57:28.041 1497 1603 I am_wtf : [0,1497,system_server,-1,DisplayDeviceConfig,requesting nits when no mapping exists.]
12-16 10:57:28.057 1497 1868 E DisplayDeviceConfig: requesting nits when no mapping exists.
12-16 10:57:28.058 1497 1868 E DisplayDeviceConfig: requesting nits when no mapping exists.
12-16 10:57:28.058 1497 1603 I am_wtf : [0,1497,system_server,-1,DisplayDeviceConfig,requesting nits when no mapping exists.]
12-16 10:57:28.058 1497 1603 I am_wtf : [0,1497,system_server,-1,DisplayDeviceConfig,requesting nits when no mapping exists.]
12-16 10:57:28.074 1497 1868 E DisplayDeviceConfig: requesting nits when no mapping exists.
12-16 10:57:28.074 1497 1603 I am_wtf : [0,1497,system_server,-1,DisplayDeviceConfig,requesting nits when no mapping exists.]
12-16 10:57:28.075 1497 1868 E DisplayDeviceConfig: requesting nits when no mapping exists.
12-16 10:57:28.076 1497 1603 I am_wtf : [0,1497,system_server,-1,DisplayDeviceConfig,requesting nits when no mapping exists.]
12-16 10:57:28.091 1497 1868 E DisplayDeviceConfig: requesting nits when no mapping exists.
12-16 10:57:28.091 1497 1603 I am_wtf : [0,1497,system_server,-1,DisplayDeviceConfig,requesting nits when no mapping exists.]
12-16 10:57:28.091 1497 1868 E DisplayDeviceConfig: requesting nits when no mapping exists.
12-16 10:57:28.092 1497 1603 I am_wtf : [0,1497,system_server,-1,DisplayDeviceConfig,requesting nits when no mapping exists.]
12-16 10:57:28.108 1497 1868 E DisplayDeviceConfig: requesting nits when no mapping exists.
12-16 10:57:28.108 1497 1603 I am_wtf : [0,1497,system_server,-1,DisplayDeviceConfig,requesting nits when no mapping exists.]
12-16 10:57:28.109 1497 1868 E DisplayDeviceConfig: requesting nits when no mapping exists.
12-16 10:57:28.110 1497 1603 I am_wtf : [0,1497,system_server,-1,DisplayDeviceConfig,requesting nits when no mapping exists.]
12-16 10:57:28.124 1497 1868 E DisplayDeviceConfig: requesting nits when no mapping exists.
12-16 10:57:28.124 1497 1603 I am_wtf : [0,1497,system_server,-1,DisplayDeviceConfig,requesting nits when no mapping exists.]
12-16 10:57:28.124 1497 1868 E DisplayDeviceConfig: requesting nits when no mapping exists.
12-16 10:57:28.125 1497 1603 I am_wtf : [0,1497,system_server,-1,DisplayDeviceConfig,requesting nits when no mapping exists.]
12-16 10:57:28.141 1497 1868 E DisplayDeviceConfig: requesting nits when no mapping exists.
12-16 10:57:28.141 1497 1603 I am_wtf : [0,1497,system_server,-1,DisplayDeviceConfig,requesting nits when no mapping exists.]
12-16 10:57:28.141 1497 1868 E DisplayDeviceConfig: requesting nits when no mapping exists.
12-16 10:57:28.142 1497 1603 I am_wtf : [0,1497,system_server,-1,DisplayDeviceConfig,requesting nits when no mapping exists.]
12-16 10:57:28.157 1497 1868 E DisplayDeviceConfig: requesting nits when no mapping exists.
12-16 10:57:28.158 1497 1603 I am_wtf : [0,1497,system_server,-1,DisplayDeviceConfig,requesting nits when no mapping exists.]
12-16 10:57:28.159 1497 1868 E DisplayDeviceConfig: requesting nits when no mapping exists.
12-16 10:57:28.160 1497 1603 I am_wtf : [0,1497,system_server,-1,DisplayDeviceConfig,requesting nits when no mapping exists.]
12-16 10:57:28.174 1497 1868 E DisplayDeviceConfig: requesting nits when no mapping exists.
12-16 10:57:28.174 1497 1868 E DisplayDeviceConfig: requesting nits when no mapping exists.
12-16 10:57:28.174 1497 1603 I am_wtf : [0,1497,system_server,-1,DisplayDeviceConfig,requesting nits when no mapping exists.]
12-16 10:57:28.175 1497 1603 I am_wtf : [0,1497,system_server,-1,DisplayDeviceConfig,requesting nits when no mapping exists.]
12-16 10:57:28.191 1497 1868 E DisplayDeviceConfig: requesting nits when no mapping exists.
12-16 10:57:28.192 1497 1603 I am_wtf : [0,1497,system_server,-1,DisplayDeviceConfig,requesting nits when no mapping exists.]
12-16 10:57:28.193 1497 1868 E DisplayDeviceConfig: requesting nits when no mapping exists.
12-16 10:57:28.194 1497 1603 I am_wtf : [0,1497,system_server,-1,DisplayDeviceConfig,requesting nits when no mapping exists.]
12-16 10:57:28.208 1497 1868 E DisplayDeviceConfig: requesting nits when no mapping exists.
12-16 10:57:28.209 1497 1868 E DisplayDeviceConfig: requesting nits when no mapping exists.
12-16 10:57:28.209 1497 1603 I am_wtf : [0,1497,system_server,-1,DisplayDeviceConfig,requesting nits when no mapping exists.]
12-16 10:57:28.210 1497 1603 I am_wtf : [0,1497,system_server,-1,DisplayDeviceConfig,requesting nits when no mapping exists.]
12-16 10:57:28.224 1497 1868 E DisplayDeviceConfig: requesting nits when no mapping exists.
12-16 10:57:28.225 1497 1603 I am_wtf : [0,1497,system_server,-1,DisplayDeviceConfig,requesting nits when no mapping exists.]
12-16 10:57:28.225 1497 1868 E DisplayDeviceConfig: requesting nits when no mapping exists.
12-16 10:57:28.226 1497 1603 I am_wtf : [0,1497,system_server,-1,DisplayDeviceConfig,requesting nits when no mapping exists.]
12-16 10:57:28.241 1497 1868 E DisplayDeviceConfig: requesting nits when no mapping exists.
12-16 10:57:28.241 1497 1603 I am_wtf : [0,1497,system_server,-1,DisplayDeviceConfig,requesting nits when no mapping exists.]
12-16 10:57:28.241 1497 1868 E DisplayDeviceConfig: requesting nits when no mapping exists.
12-16 10:57:28.242 1497 1603 I am_wtf : [0,1497,system_server,-1,DisplayDeviceConfig,requesting nits when no mapping exists.]
12-16 10:57:28.258 1497 1868 E DisplayDeviceConfig: requesting nits when no mapping exists.
12-16 10:57:28.259 1497 1603 I am_wtf : [0,1497,system_server,-1,DisplayDeviceConfig,requesting nits when no mapping exists.]
12-16 10:57:28.260 1497 1868 E DisplayDeviceConfig: requesting nits when no mapping exists.
12-16 10:57:28.261 1497 1603 I am_wtf : [0,1497,system_server,-1,DisplayDeviceConfig,requesting nits when no mapping exists.]
12-16 10:57:28.275 1497 1868 E DisplayDeviceConfig: requesting nits when no mapping exists.
12-16 10:57:28.275 1497 1868 E DisplayDeviceConfig: requesting nits when no mapping exists.
12-16 10:57:28.275 1497 1603 I am_wtf : [0,1497,system_server,-1,DisplayDeviceConfig,requesting nits when no mapping exists.]
12-16 10:57:28.277 1497 1603 I am_wtf : [0,1497,system_server,-1,DisplayDeviceConfig,requesting nits when no mapping exists.]
12-16 10:57:28.291 1497 1868 E DisplayDeviceConfig: requesting nits when no mapping exists.
12-16 10:57:28.292 1497 1603 I am_wtf : [0,1497,system_server,-1,DisplayDeviceConfig,requesting nits when no mapping exists.]
12-16 10:57:28.292 1497 1868 E DisplayDeviceConfig: requesting nits when no mapping exists.
12-16 10:57:28.293 1497 1603 I am_wtf : [0,1497,system_server,-1,DisplayDeviceConfig,requesting nits when no mapping exists.]
12-16 10:57:28.308 1497 1868 E DisplayDeviceConfig: requesting nits when no mapping exists.
12-16 10:57:28.309 1497 1603 I am_wtf : [0,1497,system_server,-1,DisplayDeviceConfig,requesting nits when no mapping exists.]
12-16 10:57:28.310 1497 1868 E DisplayDeviceConfig: requesting nits when no mapping exists.
12-16 10:57:28.311 1497 1603 I am_wtf : [0,1497,system_server,-1,DisplayDeviceConfig,requesting nits when no mapping exists.]
12-16 10:57:28.326 1497 1868 E DisplayDeviceConfig: requesting nits when no mapping exists.
12-16 10:57:28.326 1497 1603 I am_wtf : [0,1497,system_server,-1,DisplayDeviceConfig,requesting nits when no mapping exists.]
12-16 10:57:28.328 1497 1868 E DisplayDeviceConfig: requesting nits when no mapping exists.
12-16 10:57:28.328 1497 1603 I am_wtf : [0,1497,system_server,-1,DisplayDeviceConfig,requesting nits when no mapping exists.]
12-16 10:57:28.759 0 0 I auditd : type=1400 audit(0.0:23879): avc: denied { kill } for comm="swapper/0" capability=5 scontext=u:r:kernel:s0 tcontext=u:r:kernel:s0 tclass=capability permissive=0
12-16 10:57:29.759 0 0 I auditd : type=1400 audit(0.0:23880): avc: denied { kill } for comm="swapper/0" capability=5 scontext=u:r:kernel:s0 tcontext=u:r:kernel:s0 tclass=capability permissive=0
12-16 10:57:30.400 1497 1669 D ActivityManager: freezing 29277 com.android.deskclock
12-16 10:57:30.401 1497 1669 E ActivityManager: Unable to freeze binder for 29277 com.android.deskclock
12-16 10:57:30.402 1497 1669 D ActivityManager: froze 29277 com.android.deskclock
12-16 10:57:30.403 1497 1669 I am_freeze: [29277,com.android.deskclock]
12-16 10:57:30.403 1497 1669 E ActivityManager: Unable to freeze binder for 29277 com.android.deskclock
12-16 10:57:30.404 1497 1669 D ActivityManager: freezing 29281 com.android.gallery3d
12-16 10:57:30.404 1497 1669 E ActivityManager: Unable to freeze binder for 29281 com.android.gallery3d
12-16 10:57:30.405 1497 1669 D ActivityManager: froze 29281 com.android.gallery3d
12-16 10:57:30.405 1497 1669 I am_freeze: [29281,com.android.gallery3d]
12-16 10:57:30.405 1497 1669 E ActivityManager: Unable to freeze binder for 29281 com.android.gallery3d
12-16 10:57:30.406 1497 1669 I ActivityManager: Killing 29277:com.android.deskclock/u0a67 (adj 945): Unable to freeze binder interface
12-16 10:57:30.406 1497 1669 I am_kill : [0,29277,com.android.deskclock,945,Unable to freeze binder interface]
12-16 10:57:30.411 1497 1669 I ActivityManager: Killing 29281:com.android.gallery3d/u0a70 (adj 935): Unable to freeze binder interface
12-16 10:57:30.411 1497 1669 I am_kill : [0,29281,com.android.gallery3d,935,Unable to freeze binder interface]
12-16 10:57:30.431 1497 12715 I am_proc_died: [0,29277,com.android.deskclock,945,19]
12-16 10:57:30.433 1497 12715 I am_uid_stopped: 10067
12-16 10:57:30.436 1497 3002 I am_proc_died: [0,29281,com.android.gallery3d,935,19]
12-16 10:57:30.436 1497 3002 I am_uid_stopped: 10070
12-16 10:57:30.439 1497 1595 I am_uid_running: 10067
12-16 10:57:30.440 1497 1595 D CompatibilityChangeReporter: Compat change id reported: 135634846; UID 10067; state: DISABLED
12-16 10:57:30.440 1497 1595 D CompatibilityChangeReporter: Compat change id reported: 177438394; UID 10067; state: DISABLED
12-16 10:57:30.440 1497 1595 D CompatibilityChangeReporter: Compat change id reported: 135772972; UID 10067; state: DISABLED
12-16 10:57:30.440 1497 1595 D CompatibilityChangeReporter: Compat change id reported: 135754954; UID 10067; state: DISABLED
12-16 10:57:30.440 1497 1604 D CompatibilityChangeReporter: Compat change id reported: 143937733; UID 10067; state: DISABLED
12-16 10:57:30.440 1497 1595 I am_uid_running: 10070
12-16 10:57:30.441 1497 1595 D CompatibilityChangeReporter: Compat change id reported: 135634846; UID 10070; state: DISABLED
12-16 10:57:30.441 1497 1595 D CompatibilityChangeReporter: Compat change id reported: 177438394; UID 10070; state: DISABLED
12-16 10:57:30.441 1497 1595 D CompatibilityChangeReporter: Compat change id reported: 135772972; UID 10070; state: DISABLED
12-16 10:57:30.441 1497 1595 D CompatibilityChangeReporter: Compat change id reported: 135754954; UID 10070; state: DISABLED
12-16 10:57:30.444 1497 1602 I am_pss : [29454,1000,com.qti.diagservices,6168576,3813376,0,94334976,0,10,5]
12-16 10:57:30.457 1497 1604 I am_proc_start: [0,29752,10067,com.android.deskclock,NULL,]
12-16 10:57:30.457 1497 1604 I ActivityManager: Start proc 29752:com.android.deskclock/u0a67 for null
12-16 10:57:30.457 1497 1604 D CompatibilityChangeReporter: Compat change id reported: 143937733; UID 10070; state: DISABLED
12-16 10:57:30.468 1497 1604 I am_proc_start: [0,29753,10070,com.android.gallery3d,NULL,]
12-16 10:57:30.468 1497 1604 I ActivityManager: Start proc 29753:com.android.gallery3d/u0a70 for null
12-16 10:57:30.490 1497 3002 I am_proc_bound: [0,29753,com.android.gallery3d]
12-16 10:57:30.493 1497 3002 D CompatibilityChangeReporter: Compat change id reported: 168419799; UID 10070; state: DISABLED
12-16 10:57:30.497 1497 12715 I am_proc_bound: [0,29752,com.android.deskclock]
12-16 10:57:30.498 1497 12715 D CompatibilityChangeReporter: Compat change id reported: 168419799; UID 10067; state: DISABLED
12-16 10:57:30.763 0 0 I auditd : type=1400 audit(0.0:23881): avc: denied { kill } for comm="swapper/0" capability=5 scontext=u:r:kernel:s0 tcontext=u:r:kernel:s0 tclass=capability permissive=0
12-16 10:57:31.759 0 0 I auditd : type=1400 audit(0.0:23882): avc: denied { kill } for comm="swapper/0" capability=5 scontext=u:r:kernel:s0 tcontext=u:r:kernel:s0 tclass=capability permissive=0
12-16 10:57:32.759 0 0 I auditd : type=1400 audit(0.0:23883): avc: denied { kill } for comm="swapper/0" capability=5 scontext=u:r:kernel:s0 tcontext=u:r:kernel:s0 tclass=capability permissive=0
12-16 10:57:33.759 0 0 I auditd : type=1400 audit(0.0:23884): avc: denied { kill } for comm="swapper/0" capability=5 scontext=u:r:kernel:s0 tcontext=u:r:kernel:s0 tclass=capability permissive=0
12-16 10:57:34.366 1497 1623 I PowerManagerService: Napping display group (groupId=0, uid=1000)...
12-16 10:57:34.367 1497 1623 I PowerManagerService: Nap time (uid 1000)...
12-16 10:57:34.370 1497 1623 I DreamManagerService: Entering dreamland.
12-16 10:57:34.374 1497 1623 I PowerManagerService: Dreaming...
12-16 10:57:34.378 1497 1592 I DreamController: Starting dream: name=ComponentInfo{com.thundercomm.screensaver/com.thundercomm.saverclock.service.ClockScreensaver}, isTest=false, canDoze=false, userId=0
12-16 10:57:34.379 1497 1592 I sysui_multi_action: [757,222,758,1]
12-16 10:57:34.382 1497 1592 I am_uid_active: 10045
12-16 10:57:34.392 1497 3002 I ActivityTaskManager: START u0 {flg=0x10000000 pkg=com.thundercomm.screensaver cmp=com.thundercomm.screensaver/android.service.dreams.DreamActivity (has extras)} from uid 10045
12-16 10:57:34.394 1497 3002 I wm_task_created: [199,-1]
12-16 10:57:34.394 1497 3002 W ActivityTaskManager: Can't find TaskDisplayArea to determine support for multi window. Task id=199 attached=false
12-16 10:57:34.398 1497 3002 I wm_task_moved: [199,1,10]
12-16 10:57:34.398 1497 3002 I wm_task_to_front: [0,199]
12-16 10:57:34.398 1497 3002 I wm_create_task: [0,199]
12-16 10:57:34.398 1497 3002 I wm_create_activity: [0,203643777,199,com.thundercomm.screensaver/android.service.dreams.DreamActivity,NULL,NULL,NULL,276824064]
12-16 10:57:34.398 1497 3002 I wm_task_moved: [199,1,10]
12-16 10:57:34.398 27148 27148 I wm_on_top_resumed_lost_called: [267933777,com.android.settings.Settings,topStateChangedWhenResumed]
12-16 10:57:34.399 1497 3002 I wm_pause_activity: [0,267933777,com.android.settings/.Settings,userLeaving=true,pauseBackTasks]
12-16 10:57:34.401 27148 27148 I sysui_multi_action: [757,35,758,2,1089,132767]
12-16 10:57:34.401 27148 27148 I sysui_multi_action: [757,337,758,2,1089,60013]
12-16 10:57:34.402 27148 27148 I wm_on_paused_called: [267933777,com.android.settings.Settings,performPause]
12-16 10:57:34.402 1497 1528 I ActivityTaskManager: FOREGROUND_APPLICATION_CHANGED to android.service.dreams.DreamActivity
12-16 10:57:34.403 1497 1528 I ActivityTaskManager: The Process com.thundercomm.screensaver Already Exists in BG. So sending its PID: 4609
12-16 10:57:34.403 1497 1528 W ActivityTaskManager: Tried to set launchTime (0) < mLastActivityLaunchTime (22166749)
12-16 10:57:34.403 1497 1528 I wm_add_to_stopping: [0,267933777,com.android.settings/.Settings,makeInvisible]
12-16 10:57:34.404 1497 1528 I wm_restart_activity: [0,203643777,199,com.thundercomm.screensaver/android.service.dreams.DreamActivity]
12-16 10:57:34.404 1497 1528 I wm_set_resumed_activity: [0,com.thundercomm.screensaver/android.service.dreams.DreamActivity,minimalResumeActivityLocked]
12-16 10:57:34.407 1497 1595 I sysui_multi_action: [757,803,799,window_time_0,802,133]
12-16 10:57:34.408 4609 4609 I wm_on_create_called: [203643777,android.service.dreams.DreamActivity,performCreate]
12-16 10:57:34.408 4609 4609 I wm_on_start_called: [203643777,android.service.dreams.DreamActivity,handleStartActivity]
12-16 10:57:34.409 4609 4609 I wm_on_resume_called: [203643777,android.service.dreams.DreamActivity,RESUME_ACTIVITY]
12-16 10:57:34.410 1497 1528 W WindowManager: Failed looking up window session=Session{47d6d22 4609:u0a10045} callers=com.android.server.wm.WindowManagerService.windowForClientLocked:5628 com.android.server.wm.Session.insetsModified:629 android.view.IWindowSession$Stub.onTransact:1151
12-16 10:57:34.411 4609 4609 I wm_on_top_resumed_gained_called: [203643777,android.service.dreams.DreamActivity,topStateChangedWhenResumed]
12-16 10:57:34.416 17557 17592 W ContextImpl: Calling a method in the system process without a qualified user: android.app.ContextImpl.startService:1816 android.content.ContextWrapper.startService:774 com.thundercomm.gamemode.ingame.services.GameModeActionUtils.startGameModeService:99 com.thundercomm.gamemode.ingame.services.GameModeActionUtils.startGameModeEntry:22 com.thundercomm.gamemode.ingame.services.ActivityMonitoringService$1.onActivityLaunch:127
12-16 10:57:34.419 1497 1497 I GameModeConfig: Current uri is uri = content://com.thundercomm.gamemode.api/gamemode_settings/gamemode_isgaming
12-16 10:57:34.419 1497 1497 I am_uid_active: 10064
12-16 10:57:34.420 1497 1497 I GameModeConfig: isGameModeOn = false
12-16 10:57:34.420 1497 1497 I GameModeConfig: isGameModeOn = false
12-16 10:57:34.420 1497 1497 I GameModeConfig: isDisableVoice = true
12-16 10:57:34.425 1497 1681 I input_focus: [Focus leaving 99ce125 com.android.settings/com.android.settings.Settings (server),reason=NO_WINDOW]
12-16 10:57:34.433 1497 1596 I input_focus: [Focus request 1339614 com.thundercomm.screensaver/android.service.dreams.DreamActivity,reason=UpdateInputWindows]
12-16 10:57:34.445 1497 1592 I sysui_multi_action: [319,50,322,46,325,22437,757,761,758,8,759,2,806,com.thundercomm.screensaver,871,android.service.dreams.DreamActivity,904,com.thundercomm.screensaver,905,0,1320,4,1321,2]
12-16 10:57:34.445 1497 1592 I wm_activity_launch_time: [0,203643777,com.thundercomm.screensaver/android.service.dreams.DreamActivity,46]
12-16 10:57:34.446 1497 1623 V DisplayPowerController[0]: Brightness [1.0] reason changing to: 'manual', previous reason: 'manual [ dim ]'.
12-16 10:57:34.446 1497 1623 I sysui_multi_action: [757,1696,758,6,759,3]
12-16 10:57:34.458 1497 1868 E DisplayDeviceConfig: requesting nits when no mapping exists.
12-16 10:57:34.458 1497 1868 E DisplayDeviceConfig: requesting nits when no mapping exists.
12-16 10:57:34.458 1497 1603 I am_wtf : [0,1497,system_server,-1,DisplayDeviceConfig,requesting nits when no mapping exists.]
12-16 10:57:34.458 1497 1603 I am_wtf : [0,1497,system_server,-1,DisplayDeviceConfig,requesting nits when no mapping exists.]
12-16 10:57:34.474 1497 1868 E DisplayDeviceConfig: requesting nits when no mapping exists.
12-16 10:57:34.474 1497 1868 E DisplayDeviceConfig: requesting nits when no mapping exists.
12-16 10:57:34.475 1497 1603 I am_wtf : [0,1497,system_server,-1,DisplayDeviceConfig,requesting nits when no mapping exists.]
12-16 10:57:34.475 1497 1603 I am_wtf : [0,1497,system_server,-1,DisplayDeviceConfig,requesting nits when no mapping exists.]
12-16 10:57:34.476 1497 1681 I input_focus: [Focus entering 1339614 com.thundercomm.screensaver/android.service.dreams.DreamActivity (server),reason=Window became focusable. Previous reason: NOT_VISIBLE]
12-16 10:57:34.491 1497 1868 E DisplayDeviceConfig: requesting nits when no mapping exists.
12-16 10:57:34.492 1497 1868 E DisplayDeviceConfig: requesting nits when no mapping exists.
12-16 10:57:34.492 1497 1603 I am_wtf : [0,1497,system_server,-1,DisplayDeviceConfig,requesting nits when no mapping exists.]
12-16 10:57:34.493 1497 1603 I am_wtf : [0,1497,system_server,-1,DisplayDeviceConfig,requesting nits when no mapping exists.]
12-16 10:57:34.509 1497 1868 E DisplayDeviceConfig: requesting nits when no mapping exists.
12-16 10:57:34.509 17557 17592 W ContextImpl: Calling a method in the system process without a qualified user: android.app.ContextImpl.startService:1816 android.content.ContextWrapper.startService:774 com.thundercomm.gamemode.ingame.services.GameModeActionUtils.startGameModeService:99 com.thundercomm.gamemode.ingame.services.GameModeActionUtils.startGameModeEntry:22 com.thundercomm.gamemode.ingame.services.ActivityMonitoringService$1.onActivityLaunch:127
12-16 10:57:34.509 1497 1603 I am_wtf : [0,1497,system_server,-1,DisplayDeviceConfig,requesting nits when no mapping exists.]
12-16 10:57:34.510 1497 1868 E DisplayDeviceConfig: requesting nits when no mapping exists.
12-16 10:57:34.510 1497 1603 I am_wtf : [0,1497,system_server,-1,DisplayDeviceConfig,requesting nits when no mapping exists.]
12-16 10:57:34.511 1497 1497 I GameModeConfig: Current uri is uri = content://com.thundercomm.gamemode.api/gamemode_settings/gamemode_isgaming
12-16 10:57:34.512 1497 1497 I GameModeConfig: isGameModeOn = false
12-16 10:57:34.512 1497 1497 I GameModeConfig: isGameModeOn = false
12-16 10:57:34.512 1497 1497 I GameModeConfig: isDisableVoice = true
12-16 10:57:34.525 1497 1868 E DisplayDeviceConfig: requesting nits when no mapping exists.
12-16 10:57:34.525 1497 1868 E DisplayDeviceConfig: requesting nits when no mapping exists.
12-16 10:57:34.525 1497 1603 I am_wtf : [0,1497,system_server,-1,DisplayDeviceConfig,requesting nits when no mapping exists.]
12-16 10:57:34.526 1497 1603 I am_wtf : [0,1497,system_server,-1,DisplayDeviceConfig,requesting nits when no mapping exists.]
12-16 10:57:34.542 1497 1868 E DisplayDeviceConfig: requesting nits when no mapping exists.
12-16 10:57:34.542 1497 1603 I am_wtf : [0,1497,system_server,-1,DisplayDeviceConfig,requesting nits when no mapping exists.]
12-16 10:57:34.542 1497 1868 E DisplayDeviceConfig: requesting nits when no mapping exists.
12-16 10:57:34.543 1497 1603 I am_wtf : [0,1497,system_server,-1,DisplayDeviceConfig,requesting nits when no mapping exists.]
12-16 10:57:34.558 1497 1868 E DisplayDeviceConfig: requesting nits when no mapping exists.
12-16 10:57:34.558 1497 1868 E DisplayDeviceConfig: requesting nits when no mapping exists.
12-16 10:57:34.558 1497 1603 I am_wtf : [0,1497,system_server,-1,DisplayDeviceConfig,requesting nits when no mapping exists.]
12-16 10:57:34.559 1497 1603 I am_wtf : [0,1497,system_server,-1,DisplayDeviceConfig,requesting nits when no mapping exists.]
12-16 10:57:34.575 1497 1868 E DisplayDeviceConfig: requesting nits when no mapping exists.
12-16 10:57:34.576 1497 1868 E DisplayDeviceConfig: requesting nits when no mapping exists.
12-16 10:57:34.576 1497 1603 I am_wtf : [0,1497,system_server,-1,DisplayDeviceConfig,requesting nits when no mapping exists.]
12-16 10:57:34.576 1497 1603 I am_wtf : [0,1497,system_server,-1,DisplayDeviceConfig,requesting nits when no mapping exists.]
12-16 10:57:34.592 1497 1868 E DisplayDeviceConfig: requesting nits when no mapping exists.
12-16 10:57:34.592 1497 1868 E DisplayDeviceConfig: requesting nits when no mapping exists.
12-16 10:57:34.592 1497 1603 I am_wtf : [0,1497,system_server,-1,DisplayDeviceConfig,requesting nits when no mapping exists.]
12-16 10:57:34.593 1497 1603 I am_wtf : [0,1497,system_server,-1,DisplayDeviceConfig,requesting nits when no mapping exists.]
12-16 10:57:34.608 1497 1868 E DisplayDeviceConfig: requesting nits when no mapping exists.
12-16 10:57:34.609 1497 1868 E DisplayDeviceConfig: requesting nits when no mapping exists.
12-16 10:57:34.609 1497 1603 I am_wtf : [0,1497,system_server,-1,DisplayDeviceConfig,requesting nits when no mapping exists.]
12-16 10:57:34.609 1497 1603 I am_wtf : [0,1497,system_server,-1,DisplayDeviceConfig,requesting nits when no mapping exists.]
12-16 10:57:34.625 1497 1868 E DisplayDeviceConfig: requesting nits when no mapping exists.
12-16 10:57:34.625 1497 1868 E DisplayDeviceConfig: requesting nits when no mapping exists.
12-16 10:57:34.625 1497 1603 I am_wtf : [0,1497,system_server,-1,DisplayDeviceConfig,requesting nits when no mapping exists.]
12-16 10:57:34.625 1497 1603 I am_wtf : [0,1497,system_server,-1,DisplayDeviceConfig,requesting nits when no mapping exists.]
12-16 10:57:34.642 1497 1868 E DisplayDeviceConfig: requesting nits when no mapping exists.
12-16 10:57:34.642 1497 1868 E DisplayDeviceConfig: requesting nits when no mapping exists.
12-16 10:57:34.643 1497 1603 I am_wtf : [0,1497,system_server,-1,DisplayDeviceConfig,requesting nits when no mapping exists.]
12-16 10:57:34.643 1497 1603 I am_wtf : [0,1497,system_server,-1,DisplayDeviceConfig,requesting nits when no mapping exists.]
12-16 10:57:34.659 1497 1868 E DisplayDeviceConfig: requesting nits when no mapping exists.
12-16 10:57:34.659 1497 1868 E DisplayDeviceConfig: requesting nits when no mapping exists.
12-16 10:57:34.659 1497 1603 I am_wtf : [0,1497,system_server,-1,DisplayDeviceConfig,requesting nits when no mapping exists.]
12-16 10:57:34.660 1497 1603 I am_wtf : [0,1497,system_server,-1,DisplayDeviceConfig,requesting nits when no mapping exists.]
12-16 10:57:34.675 1497 1868 E DisplayDeviceConfig: requesting nits when no mapping exists.
12-16 10:57:34.676 1497 1603 I am_wtf : [0,1497,system_server,-1,DisplayDeviceConfig,requesting nits when no mapping exists.]
12-16 10:57:34.676 1497 1868 E DisplayDeviceConfig: requesting nits when no mapping exists.
12-16 10:57:34.676 1497 1603 I am_wtf : [0,1497,system_server,-1,DisplayDeviceConfig,requesting nits when no mapping exists.]
12-16 10:57:34.692 1497 1868 E DisplayDeviceConfig: requesting nits when no mapping exists.
12-16 10:57:34.692 1497 1868 E DisplayDeviceConfig: requesting nits when no mapping exists.
12-16 10:57:34.692 1497 1603 I am_wtf : [0,1497,system_server,-1,DisplayDeviceConfig,requesting nits when no mapping exists.]
12-16 10:57:34.693 1497 1603 I am_wtf : [0,1497,system_server,-1,DisplayDeviceConfig,requesting nits when no mapping exists.]
12-16 10:57:34.709 1497 1868 E DisplayDeviceConfig: requesting nits when no mapping exists.
12-16 10:57:34.709 1497 1868 E DisplayDeviceConfig: requesting nits when no mapping exists.
12-16 10:57:34.709 1497 1603 I am_wtf : [0,1497,system_server,-1,DisplayDeviceConfig,requesting nits when no mapping exists.]
12-16 10:57:34.709 1497 1603 I am_wtf : [0,1497,system_server,-1,DisplayDeviceConfig,requesting nits when no mapping exists.]
12-16 10:57:34.726 1497 1868 E DisplayDeviceConfig: requesting nits when no mapping exists.
12-16 10:57:34.726 1497 1868 E DisplayDeviceConfig: requesting nits when no mapping exists.
12-16 10:57:34.726 1497 1603 I am_wtf : [0,1497,system_server,-1,DisplayDeviceConfig,requesting nits when no mapping exists.]
12-16 10:57:34.726 1497 1603 I am_wtf : [0,1497,system_server,-1,DisplayDeviceConfig,requesting nits when no mapping exists.]
12-16 10:57:34.742 1497 1868 E DisplayDeviceConfig: requesting nits when no mapping exists.
12-16 10:57:34.742 1497 1868 E DisplayDeviceConfig: requesting nits when no mapping exists.
12-16 10:57:34.742 1497 1603 I am_wtf : [0,1497,system_server,-1,DisplayDeviceConfig,requesting nits when no mapping exists.]
12-16 10:57:34.742 1497 1603 I am_wtf : [0,1497,system_server,-1,DisplayDeviceConfig,requesting nits when no mapping exists.]
12-16 10:57:34.759 1497 1868 E DisplayDeviceConfig: requesting nits when no mapping exists.
12-16 10:57:34.759 1497 1868 E DisplayDeviceConfig: requesting nits when no mapping exists.
12-16 10:57:34.759 1497 1603 I am_wtf : [0,1497,system_server,-1,DisplayDeviceConfig,requesting nits when no mapping exists.]
12-16 10:57:34.759 1497 1603 I am_wtf : [0,1497,system_server,-1,DisplayDeviceConfig,requesting nits when no mapping exists.]
12-16 10:57:34.759 0 0 I auditd : type=1400 audit(0.0:23885): avc: denied { kill } for comm="swapper/0" capability=5 scontext=u:r:kernel:s0 tcontext=u:r:kernel:s0 tclass=capability permissive=0
12-16 10:57:34.776 1497 1868 E DisplayDeviceConfig: requesting nits when no mapping exists.
12-16 10:57:34.776 1497 1868 E DisplayDeviceConfig: requesting nits when no mapping exists.
12-16 10:57:34.776 1497 1603 I am_wtf : [0,1497,system_server,-1,DisplayDeviceConfig,requesting nits when no mapping exists.]
12-16 10:57:34.776 1497 1603 I am_wtf : [0,1497,system_server,-1,DisplayDeviceConfig,requesting nits when no mapping exists.]
12-16 10:57:34.792 1497 1868 E DisplayDeviceConfig: requesting nits when no mapping exists.
12-16 10:57:34.792 1497 1868 E DisplayDeviceConfig: requesting nits when no mapping exists.
12-16 10:57:34.792 1497 1603 I am_wtf : [0,1497,system_server,-1,DisplayDeviceConfig,requesting nits when no mapping exists.]
12-16 10:57:34.793 1497 1603 I am_wtf : [0,1497,system_server,-1,DisplayDeviceConfig,requesting nits when no mapping exists.]
12-16 10:57:34.809 1497 1868 E DisplayDeviceConfig: requesting nits when no mapping exists.
12-16 10:57:34.809 1497 1868 E DisplayDeviceConfig: requesting nits when no mapping exists.
12-16 10:57:34.809 1497 1603 I am_wtf : [0,1497,system_server,-1,DisplayDeviceConfig,requesting nits when no mapping exists.]
12-16 10:57:34.809 1497 1603 I am_wtf : [0,1497,system_server,-1,DisplayDeviceConfig,requesting nits when no mapping exists.]
12-16 10:57:34.826 1497 1868 E DisplayDeviceConfig: requesting nits when no mapping exists.
12-16 10:57:34.826 1497 1868 E DisplayDeviceConfig: requesting nits when no mapping exists.
12-16 10:57:34.826 1497 1603 I am_wtf : [0,1497,system_server,-1,DisplayDeviceConfig,requesting nits when no mapping exists.]
12-16 10:57:34.826 1497 1603 I am_wtf : [0,1497,system_server,-1,DisplayDeviceConfig,requesting nits when no mapping exists.]
12-16 10:57:34.843 1497 1868 E DisplayDeviceConfig: requesting nits when no mapping exists.
12-16 10:57:34.843 1497 1868 E DisplayDeviceConfig: requesting nits when no mapping exists.
12-16 10:57:34.843 1497 1603 I am_wtf : [0,1497,system_server,-1,DisplayDeviceConfig,requesting nits when no mapping exists.]
12-16 10:57:34.843 1497 1603 I am_wtf : [0,1497,system_server,-1,DisplayDeviceConfig,requesting nits when no mapping exists.]
12-16 10:57:34.859 1497 1868 E DisplayDeviceConfig: requesting nits when no mapping exists.
12-16 10:57:34.859 1497 1868 E DisplayDeviceConfig: requesting nits when no mapping exists.
12-16 10:57:34.860 1497 1603 I am_wtf : [0,1497,system_server,-1,DisplayDeviceConfig,requesting nits when no mapping exists.]
12-16 10:57:34.860 1497 1603 I am_wtf : [0,1497,system_server,-1,DisplayDeviceConfig,requesting nits when no mapping exists.]
12-16 10:57:34.876 1497 1868 E DisplayDeviceConfig: requesting nits when no mapping exists.
12-16 10:57:34.876 1497 1868 E DisplayDeviceConfig: requesting nits when no mapping exists.
12-16 10:57:34.876 1497 1603 I am_wtf : [0,1497,system_server,-1,DisplayDeviceConfig,requesting nits when no mapping exists.]
12-16 10:57:34.877 1497 1603 I am_wtf : [0,1497,system_server,-1,DisplayDeviceConfig,requesting nits when no mapping exists.]
12-16 10:57:34.892 1497 1868 E DisplayDeviceConfig: requesting nits when no mapping exists.
12-16 10:57:34.892 1497 1868 E DisplayDeviceConfig: requesting nits when no mapping exists.
12-16 10:57:34.892 1497 1603 I am_wtf : [0,1497,system_server,-1,DisplayDeviceConfig,requesting nits when no mapping exists.]
12-16 10:57:34.893 1497 1603 I am_wtf : [0,1497,system_server,-1,DisplayDeviceConfig,requesting nits when no mapping exists.]
12-16 10:57:34.909 1497 1868 E DisplayDeviceConfig: requesting nits when no mapping exists.
12-16 10:57:34.909 1497 1868 E DisplayDeviceConfig: requesting nits when no mapping exists.
12-16 10:57:34.909 1497 1603 I am_wtf : [0,1497,system_server,-1,DisplayDeviceConfig,requesting nits when no mapping exists.]
12-16 10:57:34.909 1497 1603 I am_wtf : [0,1497,system_server,-1,DisplayDeviceConfig,requesting nits when no mapping exists.]
12-16 10:57:34.926 1497 1868 E DisplayDeviceConfig: requesting nits when no mapping exists.
12-16 10:57:34.926 1497 1868 E DisplayDeviceConfig: requesting nits when no mapping exists.
12-16 10:57:34.926 1497 1603 I am_wtf : [0,1497,system_server,-1,DisplayDeviceConfig,requesting nits when no mapping exists.]
12-16 10:57:34.926 1497 1603 I service_manager_stats: [100,36,6914]
12-16 10:57:34.926 1497 1603 I am_wtf : [0,1497,system_server,-1,DisplayDeviceConfig,requesting nits when no mapping exists.]
12-16 10:57:34.943 1497 1868 E DisplayDeviceConfig: requesting nits when no mapping exists.
12-16 10:57:34.944 1497 1868 E DisplayDeviceConfig: requesting nits when no mapping exists.
12-16 10:57:34.944 1497 1603 I am_wtf : [0,1497,system_server,-1,DisplayDeviceConfig,requesting nits when no mapping exists.]
12-16 10:57:34.944 1497 1603 I am_wtf : [0,1497,system_server,-1,DisplayDeviceConfig,requesting nits when no mapping exists.]
12-16 10:57:34.944 1497 1595 I wm_stop_activity: [0,267933777,com.android.settings/.Settings]
12-16 10:57:34.959 1497 1868 E DisplayDeviceConfig: requesting nits when no mapping exists.
12-16 10:57:34.959 1497 1868 E DisplayDeviceConfig: requesting nits when no mapping exists.
12-16 10:57:34.959 1497 1603 I am_wtf : [0,1497,system_server,-1,DisplayDeviceConfig,requesting nits when no mapping exists.]
12-16 10:57:34.960 1497 1603 I am_wtf : [0,1497,system_server,-1,DisplayDeviceConfig,requesting nits when no mapping exists.]
12-16 10:57:34.972 27148 27148 I wm_on_stop_called: [267933777,com.android.settings.Settings,STOP_ACTIVITY_ITEM]
12-16 10:57:34.977 1497 1868 E DisplayDeviceConfig: requesting nits when no mapping exists.
12-16 10:57:34.978 1497 1603 I am_wtf : [0,1497,system_server,-1,DisplayDeviceConfig,requesting nits when no mapping exists.]
12-16 10:57:34.978 1497 1868 E DisplayDeviceConfig: requesting nits when no mapping exists.
12-16 10:57:34.979 1497 1603 I am_wtf : [0,1497,system_server,-1,DisplayDeviceConfig,requesting nits when no mapping exists.]
12-16 10:57:34.984 17557 17592 W ContextImpl: Calling a method in the system process without a qualified user: android.app.ContextImpl.startService:1816 android.content.ContextWrapper.startService:774 com.thundercomm.gamemode.ingame.services.GameModeActionUtils.startGameModeService:99 com.thundercomm.gamemode.ingame.services.GameModeActionUtils.startGameModeEntry:22 com.thundercomm.gamemode.ingame.services.ActivityMonitoringService$1.onActivityLaunch:127
12-16 10:57:34.985 1497 1497 I GameModeConfig: Current uri is uri = content://com.thundercomm.gamemode.api/gamemode_settings/gamemode_isgaming
12-16 10:57:34.986 1497 1497 I GameModeConfig: isGameModeOn = false
12-16 10:57:34.986 1497 1497 I GameModeConfig: isGameModeOn = false
12-16 10:57:34.986 1497 1497 I GameModeConfig: isDisableVoice = true
12-16 10:57:34.993 1497 1868 E DisplayDeviceConfig: requesting nits when no mapping exists.
12-16 10:57:34.993 1497 1868 E DisplayDeviceConfig: requesting nits when no mapping exists.
12-16 10:57:34.993 1497 1603 I am_wtf : [0,1497,system_server,-1,DisplayDeviceConfig,requesting nits when no mapping exists.]
12-16 10:57:34.993 1497 1603 I am_wtf : [0,1497,system_server,-1,DisplayDeviceConfig,requesting nits when no mapping exists.]
12-16 10:57:35.007 1497 1868 E DisplayDeviceConfig: requesting nits when no mapping exists.
12-16 10:57:35.007 1497 1603 I am_wtf : [0,1497,system_server,-1,DisplayDeviceConfig,requesting nits when no mapping exists.]
12-16 10:57:35.008 1497 1868 E DisplayDeviceConfig: requesting nits when no mapping exists.
12-16 10:57:35.008 1497 1603 I am_wtf : [0,1497,system_server,-1,DisplayDeviceConfig,requesting nits when no mapping exists.]
12-16 10:57:35.023 1497 1868 E DisplayDeviceConfig: requesting nits when no mapping exists.
12-16 10:57:35.024 1497 1868 E DisplayDeviceConfig: requesting nits when no mapping exists.
12-16 10:57:35.024 1497 1603 I am_wtf : [0,1497,system_server,-1,DisplayDeviceConfig,requesting nits when no mapping exists.]
12-16 10:57:35.024 1497 1603 I am_wtf : [0,1497,system_server,-1,DisplayDeviceConfig,requesting nits when no mapping exists.]
12-16 10:57:35.041 1497 1868 E DisplayDeviceConfig: requesting nits when no mapping exists.
12-16 10:57:35.041 1497 1868 E DisplayDeviceConfig: requesting nits when no mapping exists.
12-16 10:57:35.041 1497 1603 I am_wtf : [0,1497,system_server,-1,DisplayDeviceConfig,requesting nits when no mapping exists.]
12-16 10:57:35.041 1497 1603 I am_wtf : [0,1497,system_server,-1,DisplayDeviceConfig,requesting nits when no mapping exists.]
12-16 10:57:35.057 1497 1868 E DisplayDeviceConfig: requesting nits when no mapping exists.
12-16 10:57:35.058 1497 1868 E DisplayDeviceConfig: requesting nits when no mapping exists.
12-16 10:57:35.058 1497 1603 I am_wtf : [0,1497,system_server,-1,DisplayDeviceConfig,requesting nits when no mapping exists.]
12-16 10:57:35.058 1497 1603 I am_wtf : [0,1497,system_server,-1,DisplayDeviceConfig,requesting nits when no mapping exists.]
12-16 10:57:35.074 1497 1868 E DisplayDeviceConfig: requesting nits when no mapping exists.
12-16 10:57:35.074 1497 1603 I am_wtf : [0,1497,system_server,-1,DisplayDeviceConfig,requesting nits when no mapping exists.]
12-16 10:57:35.074 1497 1868 E DisplayDeviceConfig: requesting nits when no mapping exists.
12-16 10:57:35.075 1497 1603 I am_wtf : [0,1497,system_server,-1,DisplayDeviceConfig,requesting nits when no mapping exists.]
12-16 10:57:35.091 1497 1868 E DisplayDeviceConfig: requesting nits when no mapping exists.
12-16 10:57:35.091 1497 1868 E DisplayDeviceConfig: requesting nits when no mapping exists.
12-16 10:57:35.091 1497 1603 I am_wtf : [0,1497,system_server,-1,DisplayDeviceConfig,requesting nits when no mapping exists.]
12-16 10:57:35.091 1497 1603 I am_wtf : [0,1497,system_server,-1,DisplayDeviceConfig,requesting nits when no mapping exists.]
12-16 10:57:35.108 1497 1868 E DisplayDeviceConfig: requesting nits when no mapping exists.
12-16 10:57:35.108 1497 1868 E DisplayDeviceConfig: requesting nits when no mapping exists.
12-16 10:57:35.108 1497 1603 I am_wtf : [0,1497,system_server,-1,DisplayDeviceConfig,requesting nits when no mapping exists.]
12-16 10:57:35.108 1497 1603 I am_wtf : [0,1497,system_server,-1,DisplayDeviceConfig,requesting nits when no mapping exists.]
12-16 10:57:35.124 1497 1868 E DisplayDeviceConfig: requesting nits when no mapping exists.
12-16 10:57:35.124 1497 1603 I am_wtf : [0,1497,system_server,-1,DisplayDeviceConfig,requesting nits when no mapping exists.]
12-16 10:57:35.124 1497 1868 E DisplayDeviceConfig: requesting nits when no mapping exists.
12-16 10:57:35.125 1497 1603 I am_wtf : [0,1497,system_server,-1,DisplayDeviceConfig,requesting nits when no mapping exists.]
12-16 10:57:35.141 1497 1868 E DisplayDeviceConfig: requesting nits when no mapping exists.
12-16 10:57:35.141 1497 1603 I am_wtf : [0,1497,system_server,-1,DisplayDeviceConfig,requesting nits when no mapping exists.]
12-16 10:57:35.141 1497 1868 E DisplayDeviceConfig: requesting nits when no mapping exists.
12-16 10:57:35.141 1497 1603 I am_wtf : [0,1497,system_server,-1,DisplayDeviceConfig,requesting nits when no mapping exists.]
12-16 10:57:35.157 1497 1868 E DisplayDeviceConfig: requesting nits when no mapping exists.
12-16 10:57:35.157 1497 1868 E DisplayDeviceConfig: requesting nits when no mapping exists.
12-16 10:57:35.157 1497 1603 I am_wtf : [0,1497,system_server,-1,DisplayDeviceConfig,requesting nits when no mapping exists.]
12-16 10:57:35.158 1497 1603 I am_wtf : [0,1497,system_server,-1,DisplayDeviceConfig,requesting nits when no mapping exists.]
12-16 10:57:35.174 1497 1868 E DisplayDeviceConfig: requesting nits when no mapping exists.
12-16 10:57:35.174 1497 1868 E DisplayDeviceConfig: requesting nits when no mapping exists.
12-16 10:57:35.174 1497 1603 I am_wtf : [0,1497,system_server,-1,DisplayDeviceConfig,requesting nits when no mapping exists.]
12-16 10:57:35.175 1497 1603 I am_wtf : [0,1497,system_server,-1,DisplayDeviceConfig,requesting nits when no mapping exists.]
12-16 10:57:35.191 1497 1868 E DisplayDeviceConfig: requesting nits when no mapping exists.
12-16 10:57:35.191 1497 1603 I am_wtf : [0,1497,system_server,-1,DisplayDeviceConfig,requesting nits when no mapping exists.]
12-16 10:57:35.191 1497 1868 E DisplayDeviceConfig: requesting nits when no mapping exists.
12-16 10:57:35.192 1497 1603 I am_wtf : [0,1497,system_server,-1,DisplayDeviceConfig,requesting nits when no mapping exists.]
12-16 10:57:35.208 1497 1868 E DisplayDeviceConfig: requesting nits when no mapping exists.
12-16 10:57:35.208 1497 1868 E DisplayDeviceConfig: requesting nits when no mapping exists.
12-16 10:57:35.208 1497 1603 I am_wtf : [0,1497,system_server,-1,DisplayDeviceConfig,requesting nits when no mapping exists.]
12-16 10:57:35.208 1497 1603 I am_wtf : [0,1497,system_server,-1,DisplayDeviceConfig,requesting nits when no mapping exists.]
12-16 10:57:35.224 1497 1868 E DisplayDeviceConfig: requesting nits when no mapping exists.
12-16 10:57:35.225 1497 1868 E DisplayDeviceConfig: requesting nits when no mapping exists.
12-16 10:57:35.225 1497 1603 I am_wtf : [0,1497,system_server,-1,DisplayDeviceConfig,requesting nits when no mapping exists.]
12-16 10:57:35.225 1497 1603 I am_wtf : [0,1497,system_server,-1,DisplayDeviceConfig,requesting nits when no mapping exists.]
12-16 10:57:35.241 1497 1868 E DisplayDeviceConfig: requesting nits when no mapping exists.
12-16 10:57:35.241 1497 1868 E DisplayDeviceConfig: requesting nits when no mapping exists.
12-16 10:57:35.241 1497 1603 I am_wtf : [0,1497,system_server,-1,DisplayDeviceConfig,requesting nits when no mapping exists.]
12-16 10:57:35.241 1497 1603 I am_wtf : [0,1497,system_server,-1,DisplayDeviceConfig,requesting nits when no mapping exists.]
12-16 10:57:35.257 1497 1868 E DisplayDeviceConfig: requesting nits when no mapping exists.
12-16 10:57:35.258 1497 1868 E DisplayDeviceConfig: requesting nits when no mapping exists.
12-16 10:57:35.258 1497 1603 I am_wtf : [0,1497,system_server,-1,DisplayDeviceConfig,requesting nits when no mapping exists.]
12-16 10:57:35.258 1497 1603 I am_wtf : [0,1497,system_server,-1,DisplayDeviceConfig,requesting nits when no mapping exists.]
12-16 10:57:35.274 1497 1868 E DisplayDeviceConfig: requesting nits when no mapping exists.
12-16 10:57:35.274 1497 1868 E DisplayDeviceConfig: requesting nits when no mapping exists.
12-16 10:57:35.274 1497 1603 I am_wtf : [0,1497,system_server,-1,DisplayDeviceConfig,requesting nits when no mapping exists.]
12-16 10:57:35.274 1497 1603 I am_wtf : [0,1497,system_server,-1,DisplayDeviceConfig,requesting nits when no mapping exists.]
12-16 10:57:35.291 1497 1868 E DisplayDeviceConfig: requesting nits when no mapping exists.
12-16 10:57:35.291 1497 1868 E DisplayDeviceConfig: requesting nits when no mapping exists.
12-16 10:57:35.291 1497 1603 I am_wtf : [0,1497,system_server,-1,DisplayDeviceConfig,requesting nits when no mapping exists.]
12-16 10:57:35.291 1497 1603 I am_wtf : [0,1497,system_server,-1,DisplayDeviceConfig,requesting nits when no mapping exists.]
12-16 10:57:35.307 1497 1868 E DisplayDeviceConfig: requesting nits when no mapping exists.
12-16 10:57:35.308 1497 1868 E DisplayDeviceConfig: requesting nits when no mapping exists.
12-16 10:57:35.308 1497 1603 I am_wtf : [0,1497,system_server,-1,DisplayDeviceConfig,requesting nits when no mapping exists.]
12-16 10:57:35.308 1497 1603 I am_wtf : [0,1497,system_server,-1,DisplayDeviceConfig,requesting nits when no mapping exists.]
12-16 10:57:35.324 1497 1868 E DisplayDeviceConfig: requesting nits when no mapping exists.
12-16 10:57:35.324 1497 1868 E DisplayDeviceConfig: requesting nits when no mapping exists.
12-16 10:57:35.324 1497 1603 I am_wtf : [0,1497,system_server,-1,DisplayDeviceConfig,requesting nits when no mapping exists.]
12-16 10:57:35.325 1497 1603 I am_wtf : [0,1497,system_server,-1,DisplayDeviceConfig,requesting nits when no mapping exists.]
12-16 10:57:35.341 1497 1868 E DisplayDeviceConfig: requesting nits when no mapping exists.
12-16 10:57:35.341 1497 1868 E DisplayDeviceConfig: requesting nits when no mapping exists.
12-16 10:57:35.341 1497 1603 I am_wtf : [0,1497,system_server,-1,DisplayDeviceConfig,requesting nits when no mapping exists.]
12-16 10:57:35.342 1497 1603 I am_wtf : [0,1497,system_server,-1,DisplayDeviceConfig,requesting nits when no mapping exists.]
12-16 10:57:35.358 1497 1868 E DisplayDeviceConfig: requesting nits when no mapping exists.
12-16 10:57:35.358 1497 1868 E DisplayDeviceConfig: requesting nits when no mapping exists.
12-16 10:57:35.358 1497 1603 I am_wtf : [0,1497,system_server,-1,DisplayDeviceConfig,requesting nits when no mapping exists.]
