12-16 11:23:29.759 350 350 I auditd : type=1400 audit(0.0:25509): avc: denied { kill } for comm="irq/382-atmel_m" capability=5 scontext=u:r:kernel:s0 tcontext=u:r:kernel:s0 tclass=capability permissive=0
01-01 14:39:55.886 0 0 D : mv2112_read_status
01-01 14:39:55.887 0 0 D mv2112_update_link: 3.0x901(1G): 0x80
01-01 14:39:55.887 0 0 D mv2112_update_link: 3.0x8109(100M): 0x8
01-01 14:39:55.887 0 0 D mv2112_update_link: link 0x0
01-01 14:39:55.887 0 0 D mv2112_read_status: autoneg is disabled
12-16 11:23:30.759 0 0 I auditd : type=1400 audit(0.0:25510): avc: denied { kill } for comm="swapper/0" capability=5 scontext=u:r:kernel:s0 tcontext=u:r:kernel:s0 tclass=capability permissive=0
01-01 14:39:56.910 0 0 D : mv2112_read_status
01-01 14:39:56.910 0 0 D mv2112_update_link: 3.0x901(1G): 0x80
01-01 14:39:56.911 0 0 D mv2112_update_link: 3.0x8109(100M): 0x8
01-01 14:39:56.911 0 0 D mv2112_update_link: link 0x0
01-01 14:39:56.911 0 0 D mv2112_read_status: autoneg is disabled
12-16 11:23:31.759 0 0 I auditd : type=1400 audit(0.0:25511): avc: denied { kill } for comm="swapper/0" capability=5 scontext=u:r:kernel:s0 tcontext=u:r:kernel:s0 tclass=capability permissive=0
01-01 14:39:57.934 0 0 D : mv2112_read_status
01-01 14:39:57.935 0 0 D mv2112_update_link: 3.0x901(1G): 0x80
01-01 14:39:57.935 0 0 D mv2112_update_link: 3.0x8109(100M): 0x8
01-01 14:39:57.935 0 0 D mv2112_update_link: link 0x0
01-01 14:39:57.935 0 0 D mv2112_read_status: autoneg is disabled
12-16 11:23:32.759 350 350 I auditd : type=1400 audit(0.0:25512): avc: denied { kill } for comm="irq/382-atmel_m" capability=5 scontext=u:r:kernel:s0 tcontext=u:r:kernel:s0 tclass=capability permissive=0
01-01 14:39:58.958 0 0 D : mv2112_read_status
01-01 14:39:58.958 0 0 D mv2112_update_link: 3.0x901(1G): 0x80
01-01 14:39:58.959 0 0 D mv2112_update_link: 3.0x8109(100M): 0x8
01-01 14:39:58.959 0 0 D mv2112_update_link: link 0x0
01-01 14:39:58.959 0 0 D mv2112_read_status: autoneg is disabled
12-16 11:23:33.759 0 0 I auditd : type=1400 audit(0.0:25513): avc: denied { kill } for comm="swapper/0" capability=5 scontext=u:r:kernel:s0 tcontext=u:r:kernel:s0 tclass=capability permissive=0
01-01 14:39:59.982 0 0 D : mv2112_read_status
01-01 14:39:59.982 0 0 D mv2112_update_link: 3.0x901(1G): 0x80
01-01 14:39:59.983 0 0 D mv2112_update_link: 3.0x8109(100M): 0x8
01-01 14:39:59.983 0 0 D mv2112_update_link: link 0x0
01-01 14:39:59.983 0 0 D mv2112_read_status: autoneg is disabled
12-16 11:23:34.759 0 0 I auditd : type=1400 audit(0.0:25514): avc: denied { kill } for comm="swapper/0" capability=5 scontext=u:r:kernel:s0 tcontext=u:r:kernel:s0 tclass=capability permissive=0
01-01 14:40:01.006 0 0 D : mv2112_read_status
01-01 14:40:01.007 0 0 D mv2112_update_link: 3.0x901(1G): 0x80
01-01 14:40:01.007 0 0 D mv2112_update_link: 3.0x8109(100M): 0x8
01-01 14:40:01.007 0 0 D mv2112_update_link: link 0x0
01-01 14:40:01.007 0 0 D mv2112_read_status: autoneg is disabled
12-16 11:23:35.759 0 0 I auditd : type=1400 audit(0.0:25515): avc: denied { kill } for comm="swapper/0" capability=5 scontext=u:r:kernel:s0 tcontext=u:r:kernel:s0 tclass=capability permissive=0
01-01 14:40:02.030 0 0 D : mv2112_read_status
01-01 14:40:02.031 0 0 D mv2112_update_link: 3.0x901(1G): 0x80
01-01 14:40:02.031 0 0 D mv2112_update_link: 3.0x8109(100M): 0x8
01-01 14:40:02.031 0 0 D mv2112_update_link: link 0x0
01-01 14:40:02.031 0 0 D mv2112_read_status: autoneg is disabled
12-16 11:23:36.759 350 350 I auditd : type=1400 audit(0.0:25516): avc: denied { kill } for comm="irq/382-atmel_m" capability=5 scontext=u:r:kernel:s0 tcontext=u:r:kernel:s0 tclass=capability permissive=0
01-01 14:40:03.054 0 0 D : mv2112_read_status
01-01 14:40:03.054 0 0 D mv2112_update_link: 3.0x901(1G): 0x80
01-01 14:40:03.055 0 0 D mv2112_update_link: 3.0x8109(100M): 0x8
01-01 14:40:03.055 0 0 D mv2112_update_link: link 0x0
01-01 14:40:03.055 0 0 D mv2112_read_status: autoneg is disabled
12-16 11:23:37.759 0 0 I auditd : type=1400 audit(0.0:25517): avc: denied { kill } for comm="swapper/0" capability=5 scontext=u:r:kernel:s0 tcontext=u:r:kernel:s0 tclass=capability permissive=0
01-01 14:40:04.078 0 0 D : mv2112_read_status
01-01 14:40:04.079 0 0 D mv2112_update_link: 3.0x901(1G): 0x80
01-01 14:40:04.079 0 0 D mv2112_update_link: 3.0x8109(100M): 0x8
01-01 14:40:04.079 0 0 D mv2112_update_link: link 0x0
01-01 14:40:04.079 0 0 D mv2112_read_status: autoneg is disabled
12-16 11:23:38.759 0 0 I auditd : type=1400 audit(0.0:25518): avc: denied { kill } for comm="swapper/0" capability=5 scontext=u:r:kernel:s0 tcontext=u:r:kernel:s0 tclass=capability permissive=0
01-01 14:40:05.102 0 0 D : mv2112_read_status
01-01 14:40:05.102 0 0 D mv2112_update_link: 3.0x901(1G): 0x80
01-01 14:40:05.103 0 0 D mv2112_update_link: 3.0x8109(100M): 0x8
01-01 14:40:05.103 0 0 D mv2112_update_link: link 0x0
01-01 14:40:05.103 0 0 D mv2112_read_status: autoneg is disabled
12-16 11:23:39.759 0 0 I auditd : type=1400 audit(0.0:25519): avc: denied { kill } for comm="swapper/0" capability=5 scontext=u:r:kernel:s0 tcontext=u:r:kernel:s0 tclass=capability permissive=0
01-01 14:40:06.090 0 0 I [soft_i][0x6b50ca5905][11:23:40.486490] wlan: [0:I:QDF] DHCP-R TX: SA:7a:e4:bc:f9:6b:c7 DA:58:d9:d5:44:ba:d8 msdu_id:5 status: succ
01-01 14:40:06.101 0 0 I [dp_rx_][0x6b50cd92d9][11:23:40.497501] wlan: [9507:I:QDF] DHCP-A RX: SA:58:d9:d5:44:ba:d8 DA:ff:ff:ff:ff:ff:ff
01-01 14:40:06.126 0 0 D : mv2112_read_status
01-01 14:40:06.127 0 0 D mv2112_update_link: 3.0x901(1G): 0x80
01-01 14:40:06.127 0 0 D mv2112_update_link: 3.0x8109(100M): 0x8
01-01 14:40:06.127 0 0 D mv2112_update_link: link 0x0
01-01 14:40:06.127 0 0 D mv2112_read_status: autoneg is disabled
12-16 11:23:40.759 0 0 I auditd : type=1400 audit(0.0:25520): avc: denied { kill } for comm="swapper/0" capability=5 scontext=u:r:kernel:s0 tcontext=u:r:kernel:s0 tclass=capability permissive=0
01-01 14:40:07.150 0 0 D : mv2112_read_status
01-01 14:40:07.151 0 0 D mv2112_update_link: 3.0x901(1G): 0x80
01-01 14:40:07.151 0 0 D mv2112_update_link: 3.0x8109(100M): 0x8
01-01 14:40:07.151 0 0 D mv2112_update_link: link 0x0
01-01 14:40:07.151 0 0 D mv2112_read_status: autoneg is disabled
12-16 11:23:41.759 0 0 I auditd : type=1400 audit(0.0:25521): avc: denied { kill } for comm="swapper/0" capability=5 scontext=u:r:kernel:s0 tcontext=u:r:kernel:s0 tclass=capability permissive=0
01-01 14:40:08.174 0 0 D : mv2112_read_status
01-01 14:40:08.174 0 0 D mv2112_update_link: 3.0x901(1G): 0x80
01-01 14:40:08.175 0 0 D mv2112_update_link: 3.0x8109(100M): 0x8
01-01 14:40:08.175 0 0 D mv2112_update_link: link 0x0
01-01 14:40:08.175 0 0 D mv2112_read_status: autoneg is disabled
12-16 11:23:42.763 0 0 I auditd : type=1400 audit(0.0:25522): avc: denied { kill } for comm="swapper/0" capability=5 scontext=u:r:kernel:s0 tcontext=u:r:kernel:s0 tclass=capability permissive=0
01-01 14:40:09.198 0 0 D : mv2112_read_status
01-01 14:40:09.199 0 0 D mv2112_update_link: 3.0x901(1G): 0x80
01-01 14:40:09.199 0 0 D mv2112_update_link: 3.0x8109(100M): 0x8
01-01 14:40:09.199 0 0 D mv2112_update_link: link 0x0
01-01 14:40:09.199 0 0 D mv2112_read_status: autoneg is disabled
12-16 11:23:43.759 0 0 I auditd : type=1400 audit(0.0:25523): avc: denied { kill } for comm="swapper/0" capability=5 scontext=u:r:kernel:s0 tcontext=u:r:kernel:s0 tclass=capability permissive=0
01-01 14:40:10.222 0 0 D : mv2112_read_status
01-01 14:40:10.223 0 0 D mv2112_update_link: 3.0x901(1G): 0x80
01-01 14:40:10.223 0 0 D mv2112_update_link: 3.0x8109(100M): 0x8
01-01 14:40:10.223 0 0 D mv2112_update_link: link 0x0
01-01 14:40:10.223 0 0 D mv2112_read_status: autoneg is disabled
12-16 11:23:44.759 0 0 I auditd : type=1400 audit(0.0:25524): avc: denied { kill } for comm="swapper/0" capability=5 scontext=u:r:kernel:s0 tcontext=u:r:kernel:s0 tclass=capability permissive=0
01-01 14:40:11.246 0 0 D : mv2112_read_status
01-01 14:40:11.246 0 0 D mv2112_update_link: 3.0x901(1G): 0x80
01-01 14:40:11.247 0 0 D mv2112_update_link: 3.0x8109(100M): 0x8
01-01 14:40:11.247 0 0 D mv2112_update_link: link 0x0
01-01 14:40:11.247 0 0 D mv2112_read_status: autoneg is disabled
12-16 11:23:45.759 0 0 I auditd : type=1400 audit(0.0:25525): avc: denied { kill } for comm="swapper/0" capability=5 scontext=u:r:kernel:s0 tcontext=u:r:kernel:s0 tclass=capability permissive=0
01-01 14:40:12.270 0 0 D : mv2112_read_status
01-01 14:40:12.271 0 0 D mv2112_update_link: 3.0x901(1G): 0x80
01-01 14:40:12.271 0 0 D mv2112_update_link: 3.0x8109(100M): 0x8
01-01 14:40:12.271 0 0 D mv2112_update_link: link 0x0
01-01 14:40:12.271 0 0 D mv2112_read_status: autoneg is disabled
12-16 11:23:46.759 0 0 I auditd : type=1400 audit(0.0:25526): avc: denied { kill } for comm="swapper/0" capability=5 scontext=u:r:kernel:s0 tcontext=u:r:kernel:s0 tclass=capability permissive=0
01-01 14:40:13.294 0 0 D : mv2112_read_status
01-01 14:40:13.295 0 0 D mv2112_update_link: 3.0x901(1G): 0x80
01-01 14:40:13.295 0 0 D mv2112_update_link: 3.0x8109(100M): 0x8
01-01 14:40:13.295 0 0 D mv2112_update_link: link 0x0
01-01 14:40:13.295 0 0 D mv2112_read_status: autoneg is disabled
12-16 11:23:47.724 1497 1602 I UsageStatsService: User[0] Flushing usage stats to disk
12-16 11:23:47.759 0 0 I auditd : type=1400 audit(0.0:25527): avc: denied { kill } for comm="swapper/0" capability=5 scontext=u:r:kernel:s0 tcontext=u:r:kernel:s0 tclass=capability permissive=0
01-01 14:40:14.318 0 0 D : mv2112_read_status
01-01 14:40:14.319 0 0 D mv2112_update_link: 3.0x901(1G): 0x80
01-01 14:40:14.319 0 0 D mv2112_update_link: 3.0x8109(100M): 0x8
01-01 14:40:14.319 0 0 D mv2112_update_link: link 0x0
01-01 14:40:14.319 0 0 D mv2112_read_status: autoneg is disabled
12-16 11:23:48.759 0 0 I auditd : type=1400 audit(0.0:25528): avc: denied { kill } for comm="swapper/0" capability=5 scontext=u:r:kernel:s0 tcontext=u:r:kernel:s0 tclass=capability permissive=0
01-01 14:40:15.342 0 0 D : mv2112_read_status
01-01 14:40:15.342 0 0 D mv2112_update_link: 3.0x901(1G): 0x80
01-01 14:40:15.343 0 0 D mv2112_update_link: 3.0x8109(100M): 0x8
01-01 14:40:15.343 0 0 D mv2112_update_link: link 0x0
01-01 14:40:15.343 0 0 D mv2112_read_status: autoneg is disabled
12-16 11:23:49.759 0 0 I auditd : type=1400 audit(0.0:25529): avc: denied { kill } for comm="swapper/0" capability=5 scontext=u:r:kernel:s0 tcontext=u:r:kernel:s0 tclass=capability permissive=0
01-01 14:40:16.366 0 0 D : mv2112_read_status
01-01 14:40:16.366 0 0 D mv2112_update_link: 3.0x901(1G): 0x80
01-01 14:40:16.367 0 0 D mv2112_update_link: 3.0x8109(100M): 0x8
01-01 14:40:16.367 0 0 D mv2112_update_link: link 0x0
01-01 14:40:16.367 0 0 D mv2112_read_status: autoneg is disabled
12-16 11:23:50.759 0 0 I auditd : type=1400 audit(0.0:25530): avc: denied { kill } for comm="swapper/0" capability=5 scontext=u:r:kernel:s0 tcontext=u:r:kernel:s0 tclass=capability permissive=0
12-16 11:23:51.759 0 0 I auditd : type=1400 audit(0.0:25531): avc: denied { kill } for comm="swapper/0" capability=5 scontext=u:r:kernel:s0 tcontext=u:r:kernel:s0 tclass=capability permissive=0
01-01 14:40:17.390 0 0 D : mv2112_read_status
01-01 14:40:17.390 0 0 D mv2112_update_link: 3.0x901(1G): 0x80
01-01 14:40:17.391 0 0 D mv2112_update_link: 3.0x8109(100M): 0x8
01-01 14:40:17.391 0 0 D mv2112_update_link: link 0x0
01-01 14:40:17.391 0 0 D mv2112_read_status: autoneg is disabled
12-16 11:23:52.759 0 0 I auditd : type=1400 audit(0.0:25532): avc: denied { kill } for comm="swapper/0" capability=5 scontext=u:r:kernel:s0 tcontext=u:r:kernel:s0 tclass=capability permissive=0
01-01 14:40:18.414 0 0 D : mv2112_read_status
01-01 14:40:18.414 0 0 D mv2112_update_link: 3.0x901(1G): 0x80
01-01 14:40:18.415 0 0 D mv2112_update_link: 3.0x8109(100M): 0x8
01-01 14:40:18.415 0 0 D mv2112_update_link: link 0x0
01-01 14:40:18.415 0 0 D mv2112_read_status: autoneg is disabled
12-16 11:23:53.759 350 350 I auditd : type=1400 audit(0.0:25533): avc: denied { kill } for comm="irq/382-atmel_m" capability=5 scontext=u:r:kernel:s0 tcontext=u:r:kernel:s0 tclass=capability permissive=0
01-01 14:40:19.438 0 0 D : mv2112_read_status
01-01 14:40:19.438 0 0 D mv2112_update_link: 3.0x901(1G): 0x80
01-01 14:40:19.439 0 0 D mv2112_update_link: 3.0x8109(100M): 0x8
01-01 14:40:19.439 0 0 D mv2112_update_link: link 0x0
01-01 14:40:19.439 0 0 D mv2112_read_status: autoneg is disabled
12-16 11:23:54.759 350 350 I auditd : type=1400 audit(0.0:25534): avc: denied { kill } for comm="irq/382-atmel_m" capability=5 scontext=u:r:kernel:s0 tcontext=u:r:kernel:s0 tclass=capability permissive=0
01-01 14:40:20.462 0 0 D : mv2112_read_status
01-01 14:40:20.462 0 0 D mv2112_update_link: 3.0x901(1G): 0x80
01-01 14:40:20.463 0 0 D mv2112_update_link: 3.0x8109(100M): 0x8
01-01 14:40:20.463 0 0 D mv2112_update_link: link 0x0
01-01 14:40:20.463 0 0 D mv2112_read_status: autoneg is disabled
12-16 11:23:55.759 350 350 I auditd : type=1400 audit(0.0:25535): avc: denied { kill } for comm="irq/382-atmel_m" capability=5 scontext=u:r:kernel:s0 tcontext=u:r:kernel:s0 tclass=capability permissive=0
01-01 14:40:21.486 0 0 D : mv2112_read_status
01-01 14:40:21.486 0 0 D mv2112_update_link: 3.0x901(1G): 0x80
01-01 14:40:21.487 0 0 D mv2112_update_link: 3.0x8109(100M): 0x8
01-01 14:40:21.487 0 0 D mv2112_update_link: link 0x0
01-01 14:40:21.487 0 0 D mv2112_read_status: autoneg is disabled
12-16 11:23:56.759 350 350 I auditd : type=1400 audit(0.0:25536): avc: denied { kill } for comm="irq/382-atmel_m" capability=5 scontext=u:r:kernel:s0 tcontext=u:r:kernel:s0 tclass=capability permissive=0
01-01 14:40:22.510 0 0 D : mv2112_read_status
01-01 14:40:22.510 0 0 D mv2112_update_link: 3.0x901(1G): 0x80
01-01 14:40:22.511 0 0 D mv2112_update_link: 3.0x8109(100M): 0x8
01-01 14:40:22.511 0 0 D mv2112_update_link: link 0x0
01-01 14:40:22.511 0 0 D mv2112_read_status: autoneg is disabled
12-16 11:23:57.759 0 0 I auditd : type=1400 audit(0.0:25537): avc: denied { kill } for comm="swapper/0" capability=5 scontext=u:r:kernel:s0 tcontext=u:r:kernel:s0 tclass=capability permissive=0
01-01 14:40:23.534 0 0 D : mv2112_read_status
01-01 14:40:23.535 0 0 D mv2112_update_link: 3.0x901(1G): 0x80
01-01 14:40:23.535 0 0 D mv2112_update_link: 3.0x8109(100M): 0x8
01-01 14:40:23.535 0 0 D mv2112_update_link: link 0x0
01-01 14:40:23.535 0 0 D mv2112_read_status: autoneg is disabled
12-16 11:23:58.759 0 0 I auditd : type=1400 audit(0.0:25538): avc: denied { kill } for comm="swapper/0" capability=5 scontext=u:r:kernel:s0 tcontext=u:r:kernel:s0 tclass=capability permissive=0
01-01 14:40:24.558 0 0 D : mv2112_read_status
01-01 14:40:24.558 0 0 D mv2112_update_link: 3.0x901(1G): 0x80
01-01 14:40:24.559 0 0 D mv2112_update_link: 3.0x8109(100M): 0x8
01-01 14:40:24.559 0 0 D mv2112_update_link: link 0x0
01-01 14:40:24.559 0 0 D mv2112_read_status: autoneg is disabled
12-16 11:23:59.759 0 0 I auditd : type=1400 audit(0.0:25539): avc: denied { kill } for comm="swapper/0" capability=5 scontext=u:r:kernel:s0 tcontext=u:r:kernel:s0 tclass=capability permissive=0
01-01 14:40:25.583 0 0 D : mv2112_read_status
01-01 14:40:25.583 0 0 D mv2112_update_link: 3.0x901(1G): 0x80
01-01 14:40:25.583 0 0 D mv2112_update_link: 3.0x8109(100M): 0x8
01-01 14:40:25.583 0 0 D mv2112_update_link: link 0x0
01-01 14:40:25.583 0 0 D mv2112_read_status: autoneg is disabled
12-16 11:24:00.759 0 0 I auditd : type=1400 audit(0.0:25540): avc: denied { kill } for comm="swapper/0" capability=5 scontext=u:r:kernel:s0 tcontext=u:r:kernel:s0 tclass=capability permissive=0
01-01 14:40:26.607 0 0 D : mv2112_read_status
01-01 14:40:26.607 0 0 D mv2112_update_link: 3.0x901(1G): 0x80
01-01 14:40:26.607 0 0 D mv2112_update_link: 3.0x8109(100M): 0x8
01-01 14:40:26.607 0 0 D mv2112_update_link: link 0x0
01-01 14:40:26.607 0 0 D mv2112_read_status: autoneg is disabled
12-16 11:24:01.759 0 0 I auditd : type=1400 audit(0.0:25541): avc: denied { kill } for comm="swapper/0" capability=5 scontext=u:r:kernel:s0 tcontext=u:r:kernel:s0 tclass=capability permissive=0
01-01 14:40:27.634 0 0 D : mv2112_read_status
01-01 14:40:27.635 0 0 D mv2112_update_link: 3.0x901(1G): 0x80
01-01 14:40:27.635 0 0 D mv2112_update_link: 3.0x8109(100M): 0x8
01-01 14:40:27.635 0 0 D mv2112_update_link: link 0x0
01-01 14:40:27.635 0 0 D mv2112_read_status: autoneg is disabled
12-16 11:24:02.759 0 0 I auditd : type=1400 audit(0.0:25542): avc: denied { kill } for comm="swapper/0" capability=5 scontext=u:r:kernel:s0 tcontext=u:r:kernel:s0 tclass=capability permissive=0
01-01 14:40:28.658 0 0 D : mv2112_read_status
01-01 14:40:28.659 0 0 D mv2112_update_link: 3.0x901(1G): 0x80
01-01 14:40:28.659 0 0 D mv2112_update_link: 3.0x8109(100M): 0x8
01-01 14:40:28.659 0 0 D mv2112_update_link: link 0x0
01-01 14:40:28.659 0 0 D mv2112_read_status: autoneg is disabled
12-16 11:24:03.759 0 0 I auditd : type=1400 audit(0.0:25543): avc: denied { kill } for comm="swapper/0" capability=5 scontext=u:r:kernel:s0 tcontext=u:r:kernel:s0 tclass=capability permissive=0
01-01 14:40:29.678 0 0 D : mv2112_read_status
01-01 14:40:29.679 0 0 D mv2112_update_link: 3.0x901(1G): 0x80
01-01 14:40:29.679 0 0 D mv2112_update_link: 3.0x8109(100M): 0x8
01-01 14:40:29.679 0 0 D mv2112_update_link: link 0x0
01-01 14:40:29.679 0 0 D mv2112_read_status: autoneg is disabled
12-16 11:24:04.759 350 350 I auditd : type=1400 audit(0.0:25544): avc: denied { kill } for comm="irq/382-atmel_m" capability=5 scontext=u:r:kernel:s0 tcontext=u:r:kernel:s0 tclass=capability permissive=0
01-01 14:40:30.702 0 0 D : mv2112_read_status
01-01 14:40:30.702 0 0 D mv2112_update_link: 3.0x901(1G): 0x80
01-01 14:40:30.703 0 0 D mv2112_update_link: 3.0x8109(100M): 0x8
01-01 14:40:30.703 0 0 D mv2112_update_link: link 0x0
01-01 14:40:30.703 0 0 D mv2112_read_status: autoneg is disabled
01-01 14:40:31.248 0 0 I msm_vidc: err : ffffffff: .....: DBLP Set: status 0
12-16 11:24:05.759 0 0 I auditd : type=1400 audit(0.0:25545): avc: denied { kill } for comm="swapper/0" capability=5 scontext=u:r:kernel:s0 tcontext=u:r:kernel:s0 tclass=capability permissive=0
01-01 14:40:31.726 0 0 D : mv2112_read_status
01-01 14:40:31.726 0 0 D mv2112_update_link: 3.0x901(1G): 0x80
01-01 14:40:31.727 0 0 D mv2112_update_link: 3.0x8109(100M): 0x8
01-01 14:40:31.727 0 0 D mv2112_update_link: link 0x0
01-01 14:40:31.727 0 0 D mv2112_read_status: autoneg is disabled
12-16 11:24:06.759 0 0 I auditd : type=1400 audit(0.0:25546): avc: denied { kill } for comm="swapper/0" capability=5 scontext=u:r:kernel:s0 tcontext=u:r:kernel:s0 tclass=capability permissive=0
01-01 14:40:32.750 0 0 D : mv2112_read_status
01-01 14:40:32.750 0 0 D mv2112_update_link: 3.0x901(1G): 0x80
01-01 14:40:32.751 0 0 D mv2112_update_link: 3.0x8109(100M): 0x8
01-01 14:40:32.751 0 0 D mv2112_update_link: link 0x0
01-01 14:40:32.751 0 0 D mv2112_read_status: autoneg is disabled
12-16 11:24:07.759 350 350 I auditd : type=1400 audit(0.0:25547): avc: denied { kill } for comm="irq/382-atmel_m" capability=5 scontext=u:r:kernel:s0 tcontext=u:r:kernel:s0 tclass=capability permissive=0
01-01 14:40:33.774 0 0 D : mv2112_read_status
01-01 14:40:33.774 0 0 D mv2112_update_link: 3.0x901(1G): 0x80
01-01 14:40:33.775 0 0 D mv2112_update_link: 3.0x8109(100M): 0x8
01-01 14:40:33.775 0 0 D mv2112_update_link: link 0x0
01-01 14:40:33.775 0 0 D mv2112_read_status: autoneg is disabled
12-16 11:24:08.759 0 0 I auditd : type=1400 audit(0.0:25548): avc: denied { kill } for comm="swapper/0" capability=5 scontext=u:r:kernel:s0 tcontext=u:r:kernel:s0 tclass=capability permissive=0
01-01 14:40:34.798 0 0 D : mv2112_read_status
01-01 14:40:34.798 0 0 D mv2112_update_link: 3.0x901(1G): 0x80
01-01 14:40:34.799 0 0 D mv2112_update_link: 3.0x8109(100M): 0x8
01-01 14:40:34.799 0 0 D mv2112_update_link: link 0x0
01-01 14:40:34.799 0 0 D mv2112_read_status: autoneg is disabled
12-16 11:24:09.759 0 0 I auditd : type=1400 audit(0.0:25549): avc: denied { kill } for comm="swapper/0" capability=5 scontext=u:r:kernel:s0 tcontext=u:r:kernel:s0 tclass=capability permissive=0
01-01 14:40:35.822 0 0 D : mv2112_read_status
01-01 14:40:35.822 0 0 D mv2112_update_link: 3.0x901(1G): 0x80
01-01 14:40:35.823 0 0 D mv2112_update_link: 3.0x8109(100M): 0x8
01-01 14:40:35.823 0 0 D mv2112_update_link: link 0x0
01-01 14:40:35.823 0 0 D mv2112_read_status: autoneg is disabled
01-01 14:40:36.162 0 0 I [soft_i][0x6b7334b9e4][11:24:10.559248] wlan: [0:I:QDF] DHCP-R TX: SA:7a:e4:bc:f9:6b:c7 DA:58:d9:d5:44:ba:d8 msdu_id:8 status: succ
01-01 14:40:36.174 0 0 I [dp_rx_][0x6b733804de][11:24:10.570488] wlan: [9507:I:QDF] DHCP-A RX: SA:58:d9:d5:44:ba:d8 DA:ff:ff:ff:ff:ff:ff
12-16 11:24:10.759 0 0 I auditd : type=1400 audit(0.0:25550): avc: denied { kill } for comm="swapper/0" capability=5 scontext=u:r:kernel:s0 tcontext=u:r:kernel:s0 tclass=capability permissive=0
01-01 14:40:36.846 0 0 D : mv2112_read_status
01-01 14:40:36.846 0 0 D mv2112_update_link: 3.0x901(1G): 0x80
01-01 14:40:36.847 0 0 D mv2112_update_link: 3.0x8109(100M): 0x8
01-01 14:40:36.847 0 0 D mv2112_update_link: link 0x0
01-01 14:40:36.847 0 0 D mv2112_read_status: autoneg is disabled
12-16 11:24:11.759 0 0 I auditd : type=1400 audit(0.0:25551): avc: denied { kill } for comm="swapper/0" capability=5 scontext=u:r:kernel:s0 tcontext=u:r:kernel:s0 tclass=capability permissive=0
01-01 14:40:37.870 0 0 D : mv2112_read_status
01-01 14:40:37.870 0 0 D mv2112_update_link: 3.0x901(1G): 0x80
01-01 14:40:37.871 0 0 D mv2112_update_link: 3.0x8109(100M): 0x8
01-01 14:40:37.871 0 0 D mv2112_update_link: link 0x0
01-01 14:40:37.871 0 0 D mv2112_read_status: autoneg is disabled
12-16 11:24:12.759 0 0 I auditd : type=1400 audit(0.0:25552): avc: denied { kill } for comm="swapper/0" capability=5 scontext=u:r:kernel:s0 tcontext=u:r:kernel:s0 tclass=capability permissive=0
01-01 14:40:38.894 0 0 D : mv2112_read_status
01-01 14:40:38.894 0 0 D mv2112_update_link: 3.0x901(1G): 0x80
01-01 14:40:38.895 0 0 D mv2112_update_link: 3.0x8109(100M): 0x8
01-01 14:40:38.895 0 0 D mv2112_update_link: link 0x0
01-01 14:40:38.895 0 0 D mv2112_read_status: autoneg is disabled
12-16 11:24:13.759 0 0 I auditd : type=1400 audit(0.0:25553): avc: denied { kill } for comm="swapper/0" capability=5 scontext=u:r:kernel:s0 tcontext=u:r:kernel:s0 tclass=capability permissive=0
01-01 14:40:39.918 0 0 D : mv2112_read_status
01-01 14:40:39.918 0 0 D mv2112_update_link: 3.0x901(1G): 0x80
01-01 14:40:39.919 0 0 D mv2112_update_link: 3.0x8109(100M): 0x8
01-01 14:40:39.919 0 0 D mv2112_update_link: link 0x0
01-01 14:40:39.919 0 0 D mv2112_read_status: autoneg is disabled
12-16 11:24:14.759 0 0 I auditd : type=1400 audit(0.0:25554): avc: denied { kill } for comm="swapper/0" capability=5 scontext=u:r:kernel:s0 tcontext=u:r:kernel:s0 tclass=capability permissive=0
01-01 14:40:40.942 0 0 D : mv2112_read_status
01-01 14:40:40.942 0 0 D mv2112_update_link: 3.0x901(1G): 0x80
01-01 14:40:40.943 0 0 D mv2112_update_link: 3.0x8109(100M): 0x8
01-01 14:40:40.943 0 0 D mv2112_update_link: link 0x0
01-01 14:40:40.943 0 0 D mv2112_read_status: autoneg is disabled
12-16 11:24:15.759 0 0 I auditd : type=1400 audit(0.0:25555): avc: denied { kill } for comm="swapper/0" capability=5 scontext=u:r:kernel:s0 tcontext=u:r:kernel:s0 tclass=capability permissive=0
01-01 14:40:41.966 0 0 D : mv2112_read_status
01-01 14:40:41.966 0 0 D mv2112_update_link: 3.0x901(1G): 0x80
01-01 14:40:41.967 0 0 D mv2112_update_link: 3.0x8109(100M): 0x8
01-01 14:40:41.967 0 0 D mv2112_update_link: link 0x0
01-01 14:40:41.967 0 0 D mv2112_read_status: autoneg is disabled
12-16 11:24:16.759 0 0 I auditd : type=1400 audit(0.0:25556): avc: denied { kill } for comm="swapper/0" capability=5 scontext=u:r:kernel:s0 tcontext=u:r:kernel:s0 tclass=capability permissive=0
01-01 14:40:42.990 0 0 D : mv2112_read_status
01-01 14:40:42.990 0 0 D mv2112_update_link: 3.0x901(1G): 0x80
01-01 14:40:42.991 0 0 D mv2112_update_link: 3.0x8109(100M): 0x8
01-01 14:40:42.991 0 0 D mv2112_update_link: link 0x0
01-01 14:40:42.991 0 0 D mv2112_read_status: autoneg is disabled
12-16 11:24:17.759 0 0 I auditd : type=1400 audit(0.0:25557): avc: denied { kill } for comm="swapper/0" capability=5 scontext=u:r:kernel:s0 tcontext=u:r:kernel:s0 tclass=capability permissive=0
01-01 14:40:44.014 0 0 D : mv2112_read_status
01-01 14:40:44.014 0 0 D mv2112_update_link: 3.0x901(1G): 0x80
01-01 14:40:44.015 0 0 D mv2112_update_link: 3.0x8109(100M): 0x8
01-01 14:40:44.015 0 0 D mv2112_update_link: link 0x0
01-01 14:40:44.015 0 0 D mv2112_read_status: autoneg is disabled
12-16 11:24:18.759 0 0 I auditd : type=1400 audit(0.0:25558): avc: denied { kill } for comm="swapper/0" capability=5 scontext=u:r:kernel:s0 tcontext=u:r:kernel:s0 tclass=capability permissive=0
01-01 14:40:45.038 0 0 D : mv2112_read_status
01-01 14:40:45.038 0 0 D mv2112_update_link: 3.0x901(1G): 0x80
01-01 14:40:45.039 0 0 D mv2112_update_link: 3.0x8109(100M): 0x8
01-01 14:40:45.039 0 0 D mv2112_update_link: link 0x0
01-01 14:40:45.039 0 0 D mv2112_read_status: autoneg is disabled
12-16 11:24:19.759 0 0 I auditd : type=1400 audit(0.0:25559): avc: denied { kill } for comm="swapper/0" capability=5 scontext=u:r:kernel:s0 tcontext=u:r:kernel:s0 tclass=capability permissive=0
01-01 14:40:46.062 0 0 D : mv2112_read_status
01-01 14:40:46.062 0 0 D mv2112_update_link: 3.0x901(1G): 0x80
01-01 14:40:46.063 0 0 D mv2112_update_link: 3.0x8109(100M): 0x8
01-01 14:40:46.063 0 0 D mv2112_update_link: link 0x0
01-01 14:40:46.063 0 0 D mv2112_read_status: autoneg is disabled
12-16 11:24:20.759 0 0 I auditd : type=1400 audit(0.0:25560): avc: denied { kill } for comm="swapper/0" capability=5 scontext=u:r:kernel:s0 tcontext=u:r:kernel:s0 tclass=capability permissive=0
01-01 14:40:47.086 0 0 D : mv2112_read_status
01-01 14:40:47.086 0 0 D mv2112_update_link: 3.0x901(1G): 0x80
01-01 14:40:47.087 0 0 D mv2112_update_link: 3.0x8109(100M): 0x8
01-01 14:40:47.087 0 0 D mv2112_update_link: link 0x0
01-01 14:40:47.087 0 0 D mv2112_read_status: autoneg is disabled
12-16 11:24:21.759 350 350 I auditd : type=1400 audit(0.0:25561): avc: denied { kill } for comm="irq/382-atmel_m" capability=5 scontext=u:r:kernel:s0 tcontext=u:r:kernel:s0 tclass=capability permissive=0
01-01 14:40:48.110 0 0 D : mv2112_read_status
01-01 14:40:48.111 0 0 D mv2112_update_link: 3.0x901(1G): 0x80
01-01 14:40:48.111 0 0 D mv2112_update_link: 3.0x8109(100M): 0x8
01-01 14:40:48.111 0 0 D mv2112_update_link: link 0x0
01-01 14:40:48.111 0 0 D mv2112_read_status: autoneg is disabled
12-16 11:24:22.759 0 0 I auditd : type=1400 audit(0.0:25562): avc: denied { kill } for comm="swapper/0" capability=5 scontext=u:r:kernel:s0 tcontext=u:r:kernel:s0 tclass=capability permissive=0
01-01 14:40:49.134 0 0 D : mv2112_read_status
01-01 14:40:49.134 0 0 D mv2112_update_link: 3.0x901(1G): 0x80
01-01 14:40:49.135 0 0 D mv2112_update_link: 3.0x8109(100M): 0x8
01-01 14:40:49.135 0 0 D mv2112_update_link: link 0x0
01-01 14:40:49.135 0 0 D mv2112_read_status: autoneg is disabled
12-16 11:24:23.759 0 0 I auditd : type=1400 audit(0.0:25563): avc: denied { kill } for comm="swapper/0" capability=5 scontext=u:r:kernel:s0 tcontext=u:r:kernel:s0 tclass=capability permissive=0
01-01 14:40:50.158 0 0 D : mv2112_read_status
01-01 14:40:50.158 0 0 D mv2112_update_link: 3.0x901(1G): 0x80
01-01 14:40:50.159 0 0 D mv2112_update_link: 3.0x8109(100M): 0x8
01-01 14:40:50.159 0 0 D mv2112_update_link: link 0x0
01-01 14:40:50.159 0 0 D mv2112_read_status: autoneg is disabled
12-16 11:24:24.759 0 0 I auditd : type=1400 audit(0.0:25564): avc: denied { kill } for comm="swapper/0" capability=5 scontext=u:r:kernel:s0 tcontext=u:r:kernel:s0 tclass=capability permissive=0
01-01 14:40:51.182 0 0 D : mv2112_read_status
01-01 14:40:51.182 0 0 D mv2112_update_link: 3.0x901(1G): 0x80
01-01 14:40:51.183 0 0 D mv2112_update_link: 3.0x8109(100M): 0x8
01-01 14:40:51.183 0 0 D mv2112_update_link: link 0x0
01-01 14:40:51.183 0 0 D mv2112_read_status: autoneg is disabled
12-16 11:24:25.759 0 0 I auditd : type=1400 audit(0.0:25565): avc: denied { kill } for comm="swapper/0" capability=5 scontext=u:r:kernel:s0 tcontext=u:r:kernel:s0 tclass=capability permissive=0
01-01 14:40:52.206 0 0 D : mv2112_read_status
01-01 14:40:52.206 0 0 D mv2112_update_link: 3.0x901(1G): 0x80
01-01 14:40:52.207 0 0 D mv2112_update_link: 3.0x8109(100M): 0x8
01-01 14:40:52.207 0 0 D mv2112_update_link: link 0x0
01-01 14:40:52.207 0 0 D mv2112_read_status: autoneg is disabled
12-16 11:24:26.759 350 350 I auditd : type=1400 audit(0.0:25566): avc: denied { kill } for comm="irq/382-atmel_m" capability=5 scontext=u:r:kernel:s0 tcontext=u:r:kernel:s0 tclass=capability permissive=0
01-01 14:40:53.230 0 0 D : mv2112_read_status
01-01 14:40:53.230 0 0 D mv2112_update_link: 3.0x901(1G): 0x80
01-01 14:40:53.231 0 0 D mv2112_update_link: 3.0x8109(100M): 0x8
01-01 14:40:53.231 0 0 D mv2112_update_link: link 0x0
01-01 14:40:53.231 0 0 D mv2112_read_status: autoneg is disabled
12-16 11:24:27.759 0 0 I auditd : type=1400 audit(0.0:25567): avc: denied { kill } for comm="swapper/0" capability=5 scontext=u:r:kernel:s0 tcontext=u:r:kernel:s0 tclass=capability permissive=0
01-01 14:40:54.254 0 0 D : mv2112_read_status
01-01 14:40:54.254 0 0 D mv2112_update_link: 3.0x901(1G): 0x80
01-01 14:40:54.255 0 0 D mv2112_update_link: 3.0x8109(100M): 0x8
01-01 14:40:54.255 0 0 D mv2112_update_link: link 0x0
01-01 14:40:54.255 0 0 D mv2112_read_status: autoneg is disabled
12-16 11:24:28.759 0 0 I auditd : type=1400 audit(0.0:25568): avc: denied { kill } for comm="swapper/0" capability=5 scontext=u:r:kernel:s0 tcontext=u:r:kernel:s0 tclass=capability permissive=0
01-01 14:40:55.278 0 0 D : mv2112_read_status
01-01 14:40:55.278 0 0 D mv2112_update_link: 3.0x901(1G): 0x80
01-01 14:40:55.279 0 0 D mv2112_update_link: 3.0x8109(100M): 0x8
01-01 14:40:55.279 0 0 D mv2112_update_link: link 0x0
01-01 14:40:55.279 0 0 D mv2112_read_status: autoneg is disabled
12-16 11:24:29.759 350 350 I auditd : type=1400 audit(0.0:25569): avc: denied { kill } for comm="irq/382-atmel_m" capability=5 scontext=u:r:kernel:s0 tcontext=u:r:kernel:s0 tclass=capability permissive=0
01-01 14:40:56.302 0 0 D : mv2112_read_status
01-01 14:40:56.302 0 0 D mv2112_update_link: 3.0x901(1G): 0x80
01-01 14:40:56.303 0 0 D mv2112_update_link: 3.0x8109(100M): 0x8
01-01 14:40:56.303 0 0 D mv2112_update_link: link 0x0
01-01 14:40:56.303 0 0 D mv2112_read_status: autoneg is disabled
12-16 11:24:30.759 0 0 I auditd : type=1400 audit(0.0:25570): avc: denied { kill } for comm="swapper/0" capability=5 scontext=u:r:kernel:s0 tcontext=u:r:kernel:s0 tclass=capability permissive=0
01-01 14:40:57.188 0 0 I binder : 1497:1669 ioctl 400c620e 7531f915d8 returned -22
01-01 14:40:57.190 0 0 I binder : 1497:1669 ioctl c00c620f 7531f915b8 returned -22
12-16 11:24:31.585 1497 1669 D ActivityManager: freezing 31467 com.android.calendar
12-16 11:24:31.585 1497 1669 E ActivityManager: Unable to freeze binder for 31467 com.android.calendar
12-16 11:24:31.586 1497 1669 D ActivityManager: froze 31467 com.android.calendar
12-16 11:24:31.586 1497 1669 I am_freeze: [31467,com.android.calendar]
12-16 11:24:31.587 1497 1669 E ActivityManager: Unable to freeze binder for 31467 com.android.calendar
12-16 11:24:31.588 1497 1669 I ActivityManager: Killing 31467:com.android.calendar/u0a65 (adj 945): Unable to freeze binder interface
12-16 11:24:31.588 1497 1669 I am_kill : [0,31467,com.android.calendar,945,Unable to freeze binder interface]
12-16 11:24:31.618 1497 2091 I am_proc_died: [0,31467,com.android.calendar,945,19]
12-16 11:24:31.619 1497 2091 I am_uid_stopped: 10065
12-16 11:24:31.624 1497 1595 I am_uid_running: 10065
12-16 11:24:31.625 1497 1595 D CompatibilityChangeReporter: Compat change id reported: 135634846; UID 10065; state: DISABLED
12-16 11:24:31.625 1497 1595 D CompatibilityChangeReporter: Compat change id reported: 177438394; UID 10065; state: DISABLED
12-16 11:24:31.625 1497 1595 D CompatibilityChangeReporter: Compat change id reported: 135772972; UID 10065; state: DISABLED
12-16 11:24:31.625 1497 1595 D CompatibilityChangeReporter: Compat change id reported: 135754954; UID 10065; state: DISABLED
12-16 11:24:31.625 1497 1604 D CompatibilityChangeReporter: Compat change id reported: 143937733; UID 10065; state: DISABLED
12-16 11:24:31.629 1497 1602 I am_pss : [31629,10088,com.android.music,7016448,4685824,0,91062272,0,19,6]
12-16 11:24:31.640 1497 1604 I am_proc_start: [0,31683,10065,com.android.calendar,NULL,]
12-16 11:24:31.640 1497 1604 I ActivityManager: Start proc 31683:com.android.calendar/u0a65 for null
01-01 14:40:57.272 0 0 I binder : 31683:31683 ioctl 40046210 7fe19b7f64 returned -22
12-16 11:24:31.675 1497 2091 I am_proc_bound: [0,31683,com.android.calendar]
01-01 14:40:57.326 0 0 D : mv2112_read_status
01-01 14:40:57.326 0 0 D mv2112_update_link: 3.0x901(1G): 0x80
01-01 14:40:57.327 0 0 D mv2112_update_link: 3.0x8109(100M): 0x8
01-01 14:40:57.327 0 0 D mv2112_update_link: link 0x0
01-01 14:40:57.327 0 0 D mv2112_read_status: autoneg is disabled
12-16 11:24:31.759 0 0 I auditd : type=1400 audit(0.0:25571): avc: denied { kill } for comm="swapper/0" capability=5 scontext=u:r:kernel:s0 tcontext=u:r:kernel:s0 tclass=capability permissive=0
01-01 14:40:58.350 0 0 D : mv2112_read_status
01-01 14:40:58.351 0 0 D mv2112_update_link: 3.0x901(1G): 0x80
01-01 14:40:58.351 0 0 D mv2112_update_link: 3.0x8109(100M): 0x8
01-01 14:40:58.351 0 0 D mv2112_update_link: link 0x0
01-01 14:40:58.351 0 0 D mv2112_read_status: autoneg is disabled
12-16 11:24:32.759 0 0 I auditd : type=1400 audit(0.0:25572): avc: denied { kill } for comm="swapper/0" capability=5 scontext=u:r:kernel:s0 tcontext=u:r:kernel:s0 tclass=capability permissive=0
12-16 11:24:33.759 0 0 I auditd : type=1400 audit(0.0:25573): avc: denied { kill } for comm="swapper/0" capability=5 scontext=u:r:kernel:s0 tcontext=u:r:kernel:s0 tclass=capability permissive=0
01-01 14:40:59.374 0 0 D : mv2112_read_status
01-01 14:40:59.375 0 0 D mv2112_update_link: 3.0x901(1G): 0x80
01-01 14:40:59.375 0 0 D mv2112_update_link: 3.0x8109(100M): 0x8
01-01 14:40:59.375 0 0 D mv2112_update_link: link 0x0
01-01 14:40:59.375 0 0 D mv2112_read_status: autoneg is disabled
12-16 11:24:34.759 0 0 I auditd : type=1400 audit(0.0:25574): avc: denied { kill } for comm="swapper/0" capability=5 scontext=u:r:kernel:s0 tcontext=u:r:kernel:s0 tclass=capability permissive=0
01-01 14:41:00.398 0 0 D : mv2112_read_status
01-01 14:41:00.398 0 0 D mv2112_update_link: 3.0x901(1G): 0x80
01-01 14:41:00.399 0 0 D mv2112_update_link: 3.0x8109(100M): 0x8
01-01 14:41:00.399 0 0 D mv2112_update_link: link 0x0
01-01 14:41:00.399 0 0 D mv2112_read_status: autoneg is disabled
12-16 11:24:35.759 0 0 I auditd : type=1400 audit(0.0:25575): avc: denied { kill } for comm="swapper/0" capability=5 scontext=u:r:kernel:s0 tcontext=u:r:kernel:s0 tclass=capability permissive=0
01-01 14:41:01.422 0 0 D : mv2112_read_status
01-01 14:41:01.422 0 0 D mv2112_update_link: 3.0x901(1G): 0x80
01-01 14:41:01.423 0 0 D mv2112_update_link: 3.0x8109(100M): 0x8
01-01 14:41:01.423 0 0 D mv2112_update_link: link 0x0
01-01 14:41:01.423 0 0 D mv2112_read_status: autoneg is disabled
12-16 11:24:36.759 0 0 I auditd : type=1400 audit(0.0:25576): avc: denied { kill } for comm="swapper/0" capability=5 scontext=u:r:kernel:s0 tcontext=u:r:kernel:s0 tclass=capability permissive=0
01-01 14:41:02.446 0 0 D : mv2112_read_status
01-01 14:41:02.447 0 0 D mv2112_update_link: 3.0x901(1G): 0x80
01-01 14:41:02.447 0 0 D mv2112_update_link: 3.0x8109(100M): 0x8
01-01 14:41:02.447 0 0 D mv2112_update_link: link 0x0
01-01 14:41:02.447 0 0 D mv2112_read_status: autoneg is disabled
12-16 11:24:37.759 350 350 I auditd : type=1400 audit(0.0:25577): avc: denied { kill } for comm="irq/382-atmel_m" capability=5 scontext=u:r:kernel:s0 tcontext=u:r:kernel:s0 tclass=capability permissive=0
01-01 14:41:03.470 0 0 D : mv2112_read_status
01-01 14:41:03.471 0 0 D mv2112_update_link: 3.0x901(1G): 0x80
01-01 14:41:03.471 0 0 D mv2112_update_link: 3.0x8109(100M): 0x8
01-01 14:41:03.471 0 0 D mv2112_update_link: link 0x0
01-01 14:41:03.471 0 0 D mv2112_read_status: autoneg is disabled
12-16 11:24:38.759 350 350 I auditd : type=1400 audit(0.0:25578): avc: denied { kill } for comm="irq/382-atmel_m" capability=5 scontext=u:r:kernel:s0 tcontext=u:r:kernel:s0 tclass=capability permissive=0
01-01 14:41:04.494 0 0 D : mv2112_read_status
01-01 14:41:04.495 0 0 D mv2112_update_link: 3.0x901(1G): 0x80
01-01 14:41:04.495 0 0 D mv2112_update_link: 3.0x8109(100M): 0x8
01-01 14:41:04.495 0 0 D mv2112_update_link: link 0x0
01-01 14:41:04.495 0 0 D mv2112_read_status: autoneg is disabled
12-16 11:24:39.759 0 0 I auditd : type=1400 audit(0.0:25579): avc: denied { kill } for comm="swapper/0" capability=5 scontext=u:r:kernel:s0 tcontext=u:r:kernel:s0 tclass=capability permissive=0
01-01 14:41:05.518 0 0 D : mv2112_read_status
01-01 14:41:05.519 0 0 D mv2112_update_link: 3.0x901(1G): 0x80
01-01 14:41:05.519 0 0 D mv2112_update_link: 3.0x8109(100M): 0x8
01-01 14:41:05.519 0 0 D mv2112_update_link: link 0x0
01-01 14:41:05.519 0 0 D mv2112_read_status: autoneg is disabled
01-01 14:41:06.234 0 0 I [soft_i][0x6b959ee401][11:24:40.631276] wlan: [0:I:QDF] DHCP-R TX: SA:7a:e4:bc:f9:6b:c7 DA:58:d9:d5:44:ba:d8 msdu_id:6 status: succ
01-01 14:41:06.247 0 0 I [dp_rx_][0x6b95a27f6e][11:24:40.643589] wlan: [9507:I:QDF] DHCP-A RX: SA:58:d9:d5:44:ba:d8 DA:ff:ff:ff:ff:ff:ff
12-16 11:24:40.759 0 0 I auditd : type=1400 audit(0.0:25580): avc: denied { kill } for comm="swapper/0" capability=5 scontext=u:r:kernel:s0 tcontext=u:r:kernel:s0 tclass=capability permissive=0
01-01 14:41:06.542 0 0 D : mv2112_read_status
01-01 14:41:06.543 0 0 D mv2112_update_link: 3.0x901(1G): 0x80
01-01 14:41:06.543 0 0 D mv2112_update_link: 3.0x8109(100M): 0x8
01-01 14:41:06.543 0 0 D mv2112_update_link: link 0x0
01-01 14:41:06.543 0 0 D mv2112_read_status: autoneg is disabled
12-16 11:24:41.759 0 0 I auditd : type=1400 audit(0.0:25581): avc: denied { kill } for comm="swapper/0" capability=5 scontext=u:r:kernel:s0 tcontext=u:r:kernel:s0 tclass=capability permissive=0
01-01 14:41:07.566 0 0 D : mv2112_read_status
01-01 14:41:07.566 0 0 D mv2112_update_link: 3.0x901(1G): 0x80
01-01 14:41:07.567 0 0 D mv2112_update_link: 3.0x8109(100M): 0x8
01-01 14:41:07.567 0 0 D mv2112_update_link: link 0x0
01-01 14:41:07.567 0 0 D mv2112_read_status: autoneg is disabled
12-16 11:24:42.759 0 0 I auditd : type=1400 audit(0.0:25582): avc: denied { kill } for comm="swapper/0" capability=5 scontext=u:r:kernel:s0 tcontext=u:r:kernel:s0 tclass=capability permissive=0
01-01 14:41:08.590 0 0 D : mv2112_read_status
01-01 14:41:08.590 0 0 D mv2112_update_link: 3.0x901(1G): 0x80
01-01 14:41:08.591 0 0 D mv2112_update_link: 3.0x8109(100M): 0x8
01-01 14:41:08.591 0 0 D mv2112_update_link: link 0x0
01-01 14:41:08.591 0 0 D mv2112_read_status: autoneg is disabled
12-16 11:24:43.759 0 0 I auditd : type=1400 audit(0.0:25583): avc: denied { kill } for comm="swapper/0" capability=5 scontext=u:r:kernel:s0 tcontext=u:r:kernel:s0 tclass=capability permissive=0
01-01 14:41:09.614 0 0 D : mv2112_read_status
01-01 14:41:09.614 0 0 D mv2112_update_link: 3.0x901(1G): 0x80
01-01 14:41:09.615 0 0 D mv2112_update_link: 3.0x8109(100M): 0x8
01-01 14:41:09.615 0 0 D mv2112_update_link: link 0x0
01-01 14:41:09.615 0 0 D mv2112_read_status: autoneg is disabled
12-16 11:24:44.759 350 350 I auditd : type=1400 audit(0.0:25584): avc: denied { kill } for comm="irq/382-atmel_m" capability=5 scontext=u:r:kernel:s0 tcontext=u:r:kernel:s0 tclass=capability permissive=0
01-01 14:41:10.638 0 0 D : mv2112_read_status
01-01 14:41:10.638 0 0 D mv2112_update_link: 3.0x901(1G): 0x80
01-01 14:41:10.639 0 0 D mv2112_update_link: 3.0x8109(100M): 0x8
01-01 14:41:10.639 0 0 D mv2112_update_link: link 0x0
01-01 14:41:10.639 0 0 D mv2112_read_status: autoneg is disabled
12-16 11:24:45.759 350 350 I auditd : type=1400 audit(0.0:25585): avc: denied { kill } for comm="irq/382-atmel_m" capability=5 scontext=u:r:kernel:s0 tcontext=u:r:kernel:s0 tclass=capability permissive=0
01-01 14:41:11.662 0 0 D : mv2112_read_status
01-01 14:41:11.662 0 0 D mv2112_update_link: 3.0x901(1G): 0x80
01-01 14:41:11.663 0 0 D mv2112_update_link: 3.0x8109(100M): 0x8
01-01 14:41:11.663 0 0 D mv2112_update_link: link 0x0
01-01 14:41:11.663 0 0 D mv2112_read_status: autoneg is disabled
12-16 11:24:46.759 350 350 I auditd : type=1400 audit(0.0:25586): avc: denied { kill } for comm="irq/382-atmel_m" capability=5 scontext=u:r:kernel:s0 tcontext=u:r:kernel:s0 tclass=capability permissive=0
01-01 14:41:12.686 0 0 D : mv2112_read_status
01-01 14:41:12.686 0 0 D mv2112_update_link: 3.0x901(1G): 0x80
01-01 14:41:12.687 0 0 D mv2112_update_link: 3.0x8109(100M): 0x8
01-01 14:41:12.687 0 0 D mv2112_update_link: link 0x0
01-01 14:41:12.687 0 0 D mv2112_read_status: autoneg is disabled
12-16 11:24:47.759 0 0 I auditd : type=1400 audit(0.0:25587): avc: denied { kill } for comm="swapper/0" capability=5 scontext=u:r:kernel:s0 tcontext=u:r:kernel:s0 tclass=capability permissive=0
01-01 14:41:13.710 0 0 D : mv2112_read_status
01-01 14:41:13.710 0 0 D mv2112_update_link: 3.0x901(1G): 0x80
01-01 14:41:13.711 0 0 D mv2112_update_link: 3.0x8109(100M): 0x8
01-01 14:41:13.711 0 0 D mv2112_update_link: link 0x0
01-01 14:41:13.711 0 0 D mv2112_read_status: autoneg is disabled
12-16 11:24:48.759 350 350 I auditd : type=1400 audit(0.0:25588): avc: denied { kill } for comm="irq/382-atmel_m" capability=5 scontext=u:r:kernel:s0 tcontext=u:r:kernel:s0 tclass=capability permissive=0
01-01 14:41:14.734 0 0 D : mv2112_read_status
01-01 14:41:14.734 0 0 D mv2112_update_link: 3.0x901(1G): 0x80
01-01 14:41:14.735 0 0 D mv2112_update_link: 3.0x8109(100M): 0x8
01-01 14:41:14.735 0 0 D mv2112_update_link: link 0x0
01-01 14:41:14.735 0 0 D mv2112_read_status: autoneg is disabled
12-16 11:24:49.759 0 0 I auditd : type=1400 audit(0.0:25589): avc: denied { kill } for comm="swapper/0" capability=5 scontext=u:r:kernel:s0 tcontext=u:r:kernel:s0 tclass=capability permissive=0
01-01 14:41:15.758 0 0 D : mv2112_read_status
01-01 14:41:15.758 0 0 D mv2112_update_link: 3.0x901(1G): 0x80
01-01 14:41:15.759 0 0 D mv2112_update_link: 3.0x8109(100M): 0x8
01-01 14:41:15.759 0 0 D mv2112_update_link: link 0x0
01-01 14:41:15.759 0 0 D mv2112_read_status: autoneg is disabled
12-16 11:24:50.759 350 350 I auditd : type=1400 audit(0.0:25590): avc: denied { kill } for comm="irq/382-atmel_m" capability=5 scontext=u:r:kernel:s0 tcontext=u:r:kernel:s0 tclass=capability permissive=0
01-01 14:41:16.782 0 0 D : mv2112_read_status
01-01 14:41:16.782 0 0 D mv2112_update_link: 3.0x901(1G): 0x80
01-01 14:41:16.783 0 0 D mv2112_update_link: 3.0x8109(100M): 0x8
01-01 14:41:16.783 0 0 D mv2112_update_link: link 0x0
01-01 14:41:16.783 0 0 D mv2112_read_status: autoneg is disabled
12-16 11:24:51.759 0 0 I auditd : type=1400 audit(0.0:25591): avc: denied { kill } for comm="swapper/0" capability=5 scontext=u:r:kernel:s0 tcontext=u:r:kernel:s0 tclass=capability permissive=0
01-01 14:41:17.806 0 0 D : mv2112_read_status
01-01 14:41:17.807 0 0 D mv2112_update_link: 3.0x901(1G): 0x80
01-01 14:41:17.807 0 0 D mv2112_update_link: 3.0x8109(100M): 0x8
01-01 14:41:17.807 0 0 D mv2112_update_link: link 0x0
01-01 14:41:17.807 0 0 D mv2112_read_status: autoneg is disabled
12-16 11:24:52.759 0 0 I auditd : type=1400 audit(0.0:25592): avc: denied { kill } for comm="swapper/0" capability=5 scontext=u:r:kernel:s0 tcontext=u:r:kernel:s0 tclass=capability permissive=0
01-01 14:41:18.830 0 0 D : mv2112_read_status
01-01 14:41:18.830 0 0 D mv2112_update_link: 3.0x901(1G): 0x80
01-01 14:41:18.831 0 0 D mv2112_update_link: 3.0x8109(100M): 0x8
01-01 14:41:18.831 0 0 D mv2112_update_link: link 0x0
01-01 14:41:18.831 0 0 D mv2112_read_status: autoneg is disabled
12-16 11:24:53.759 0 0 I auditd : type=1400 audit(0.0:25593): avc: denied { kill } for comm="swapper/0" capability=5 scontext=u:r:kernel:s0 tcontext=u:r:kernel:s0 tclass=capability permissive=0
01-01 14:41:19.854 0 0 D : mv2112_read_status
01-01 14:41:19.854 0 0 D mv2112_update_link: 3.0x901(1G): 0x80
01-01 14:41:19.855 0 0 D mv2112_update_link: 3.0x8109(100M): 0x8
01-01 14:41:19.855 0 0 D mv2112_update_link: link 0x0
01-01 14:41:19.855 0 0 D mv2112_read_status: autoneg is disabled
12-16 11:24:54.759 0 0 I auditd : type=1400 audit(0.0:25594): avc: denied { kill } for comm="swapper/0" capability=5 scontext=u:r:kernel:s0 tcontext=u:r:kernel:s0 tclass=capability permissive=0
01-01 14:41:20.878 0 0 D : mv2112_read_status
01-01 14:41:20.879 0 0 D mv2112_update_link: 3.0x901(1G): 0x80
01-01 14:41:20.879 0 0 D mv2112_update_link: 3.0x8109(100M): 0x8
01-01 14:41:20.879 0 0 D mv2112_update_link: link 0x0
01-01 14:41:20.879 0 0 D mv2112_read_status: autoneg is disabled
12-16 11:24:55.759 350 350 I auditd : type=1400 audit(0.0:25595): avc: denied { kill } for comm="irq/382-atmel_m" capability=5 scontext=u:r:kernel:s0 tcontext=u:r:kernel:s0 tclass=capability permissive=0
01-01 14:41:21.902 0 0 D : mv2112_read_status
01-01 14:41:21.903 0 0 D mv2112_update_link: 3.0x901(1G): 0x80
01-01 14:41:21.903 0 0 D mv2112_update_link: 3.0x8109(100M): 0x8
01-01 14:41:21.903 0 0 D mv2112_update_link: link 0x0
01-01 14:41:21.903 0 0 D mv2112_read_status: autoneg is disabled
12-16 11:24:56.759 0 0 I auditd : type=1400 audit(0.0:25596): avc: denied { kill } for comm="swapper/0" capability=5 scontext=u:r:kernel:s0 tcontext=u:r:kernel:s0 tclass=capability permissive=0
01-01 14:41:22.926 0 0 D : mv2112_read_status
01-01 14:41:22.927 0 0 D mv2112_update_link: 3.0x901(1G): 0x80
01-01 14:41:22.927 0 0 D mv2112_update_link: 3.0x8109(100M): 0x8
01-01 14:41:22.927 0 0 D mv2112_update_link: link 0x0
01-01 14:41:22.927 0 0 D mv2112_read_status: autoneg is disabled
12-16 11:24:57.759 0 0 I auditd : type=1400 audit(0.0:25597): avc: denied { kill } for comm="swapper/0" capability=5 scontext=u:r:kernel:s0 tcontext=u:r:kernel:s0 tclass=capability permissive=0
01-01 14:41:23.950 0 0 D : mv2112_read_status
01-01 14:41:23.951 0 0 D mv2112_update_link: 3.0x901(1G): 0x80
01-01 14:41:23.951 0 0 D mv2112_update_link: 3.0x8109(100M): 0x8
01-01 14:41:23.951 0 0 D mv2112_update_link: link 0x0
01-01 14:41:23.951 0 0 D mv2112_read_status: autoneg is disabled
01-01 14:41:24.975 0 0 D : mv2112_read_status
01-01 14:41:24.976 0 0 D mv2112_update_link: 3.0x901(1G): 0x80
01-01 14:41:24.976 0 0 D mv2112_update_link: 3.0x8109(100M): 0x8
01-01 14:41:24.976 0 0 D mv2112_update_link: link 0x0
01-01 14:41:24.976 0 0 D mv2112_read_status: autoneg is disabled
12-16 11:24:59.759 754 754 I auditd : type=1400 audit(0.0:25598): avc: denied { kill } for comm="crtc_commit:125" capability=5 scontext=u:r:kernel:s0 tcontext=u:r:kernel:s0 tclass=capability permissive=0
01-01 14:41:25.998 0 0 D : mv2112_read_status
01-01 14:41:25.999 0 0 D mv2112_update_link: 3.0x901(1G): 0x80
01-01 14:41:25.999 0 0 D mv2112_update_link: 3.0x8109(100M): 0x8
01-01 14:41:25.999 0 0 D mv2112_update_link: link 0x0
01-01 14:41:25.999 0 0 D mv2112_read_status: autoneg is disabled
01-01 14:41:27.022 0 0 D : mv2112_read_status
01-01 14:41:27.023 0 0 D mv2112_update_link: 3.0x901(1G): 0x80
01-01 14:41:27.023 0 0 D mv2112_update_link: 3.0x8109(100M): 0x8
01-01 14:41:27.023 0 0 D mv2112_update_link: link 0x0
01-01 14:41:27.023 0 0 D mv2112_read_status: autoneg is disabled
01-01 14:41:28.046 0 0 D : mv2112_read_status
01-01 14:41:28.047 0 0 D mv2112_update_link: 3.0x901(1G): 0x80
01-01 14:41:28.047 0 0 D mv2112_update_link: 3.0x8109(100M): 0x8
01-01 14:41:28.047 0 0 D mv2112_update_link: link 0x0
01-01 14:41:28.047 0 0 D mv2112_read_status: autoneg is disabled
01-01 14:41:29.070 0 0 D : mv2112_read_status
01-01 14:41:29.071 0 0 D mv2112_update_link: 3.0x901(1G): 0x80
01-01 14:41:29.071 0 0 D mv2112_update_link: 3.0x8109(100M): 0x8
01-01 14:41:29.071 0 0 D mv2112_update_link: link 0x0
01-01 14:41:29.071 0 0 D mv2112_read_status: autoneg is disabled
12-16 11:25:03.759 0 0 I auditd : type=1400 audit(0.0:25599): avc: denied { kill } for comm="swapper/0" capability=5 scontext=u:r:kernel:s0 tcontext=u:r:kernel:s0 tclass=capability permissive=0
01-01 14:41:30.094 0 0 D : mv2112_read_status
01-01 14:41:30.094 0 0 D mv2112_update_link: 3.0x901(1G): 0x80
01-01 14:41:30.095 0 0 D mv2112_update_link: 3.0x8109(100M): 0x8
01-01 14:41:30.095 0 0 D mv2112_update_link: link 0x0
01-01 14:41:30.095 0 0 D mv2112_read_status: autoneg is disabled
12-16 11:25:04.759 0 0 I auditd : type=1400 audit(0.0:25600): avc: denied { kill } for comm="swapper/0" capability=5 scontext=u:r:kernel:s0 tcontext=u:r:kernel:s0 tclass=capability permissive=0
01-01 14:41:31.118 0 0 D : mv2112_read_status
01-01 14:41:31.118 0 0 D mv2112_update_link: 3.0x901(1G): 0x80
01-01 14:41:31.119 0 0 D mv2112_update_link: 3.0x8109(100M): 0x8
01-01 14:41:31.119 0 0 D mv2112_update_link: link 0x0
01-01 14:41:31.119 0 0 D mv2112_read_status: autoneg is disabled
01-01 14:41:31.249 0 0 I msm_vidc: err : ffffffff: .....: DBLP Set: status 0
12-16 11:25:05.759 0 0 I auditd : type=1400 audit(0.0:25601): avc: denied { kill } for comm="swapper/0" capability=5 scontext=u:r:kernel:s0 tcontext=u:r:kernel:s0 tclass=capability permissive=0
01-01 14:41:31.823 0 0 D cnss : Host time = 24091823940 us, device time = 20728151040 us, offset = 3363672900 us
01-01 14:41:31.823 0 0 D cnss : Updated time sync regs [0x984] = 0xc87d9344, [0x988] = 0x0
01-01 14:41:32.142 0 0 D : mv2112_read_status
01-01 14:41:32.142 0 0 D mv2112_update_link: 3.0x901(1G): 0x80
01-01 14:41:32.143 0 0 D mv2112_update_link: 3.0x8109(100M): 0x8
01-01 14:41:32.143 0 0 D mv2112_update_link: link 0x0
01-01 14:41:32.143 0 0 D mv2112_read_status: autoneg is disabled
12-16 11:25:06.759 0 0 I auditd : type=1400 audit(0.0:25602): avc: denied { kill } for comm="swapper/0" capability=5 scontext=u:r:kernel:s0 tcontext=u:r:kernel:s0 tclass=capability permissive=0
01-01 14:41:33.166 0 0 D : mv2112_read_status
01-01 14:41:33.166 0 0 D mv2112_update_link: 3.0x901(1G): 0x80
01-01 14:41:33.167 0 0 D mv2112_update_link: 3.0x8109(100M): 0x8
01-01 14:41:33.167 0 0 D mv2112_update_link: link 0x0
