12-16 11:05:36.278 1497 1602 I am_pss : [29941,10023,com.hryt.hiphishowfsecontrol,17950720,14454784,0,107421696,0,19,10]
12-16 11:05:36.278 1497 8826 I wm_task_moved: [200,1,10]
12-16 11:05:36.278 1497 8826 I wm_task_to_front: [0,200]
12-16 11:05:36.278 1497 8826 I wm_create_task: [0,200]
12-16 11:05:36.278 1497 8826 I wm_create_activity: [0,173929321,200,com.thundercomm.screensaver/android.service.dreams.DreamActivity,NULL,NULL,NULL,276824064]
12-16 11:05:36.278 1497 8826 I wm_task_moved: [200,1,10]
12-16 11:05:36.279 2552 2552 I wm_on_top_resumed_lost_called: [67754667,com.android.launcher3.uioverrides.QuickstepLauncher,topStateChangedWhenResumed]
12-16 11:05:36.280 1497 8826 I wm_pause_activity: [0,67754667,com.android.launcher3/.uioverrides.QuickstepLauncher,userLeaving=true,pauseBackTasks]
12-16 11:05:36.282 2552 2552 I wm_on_paused_called: [67754667,com.android.launcher3.uioverrides.QuickstepLauncher,performPause]
12-16 11:05:36.282 1497 12715 I ActivityTaskManager: FOREGROUND_APPLICATION_CHANGED to android.service.dreams.DreamActivity
12-16 11:05:36.283 1497 12715 I ActivityTaskManager: The Process com.thundercomm.screensaver Already Exists in BG. So sending its PID: 4609
12-16 11:05:36.283 1497 12715 W ActivityTaskManager: Tried to set launchTime (0) < mLastActivityLaunchTime (22437752)
12-16 11:05:36.283 1497 12715 I wm_add_to_stopping: [0,67754667,com.android.launcher3/.uioverrides.QuickstepLauncher,makeInvisible]
12-16 11:05:36.283 1497 12715 I wm_restart_activity: [0,173929321,200,com.thundercomm.screensaver/android.service.dreams.DreamActivity]
12-16 11:05:36.284 1497 12715 I wm_set_resumed_activity: [0,com.thundercomm.screensaver/android.service.dreams.DreamActivity,minimalResumeActivityLocked]
12-16 11:05:36.285 1497 1602 I am_pss : [29904,10065,com.android.calendar,6303744,4026368,0,91893760,0,19,5]
12-16 11:05:36.287 1497 1595 I sysui_multi_action: [757,803,799,window_time_0,802,59]
12-16 11:05:36.290 4609 4609 I wm_on_create_called: [173929321,android.service.dreams.DreamActivity,performCreate]
12-16 11:05:36.290 4609 4609 I wm_on_start_called: [173929321,android.service.dreams.DreamActivity,handleStartActivity]
12-16 11:05:36.290 4609 4609 I wm_on_resume_called: [173929321,android.service.dreams.DreamActivity,RESUME_ACTIVITY]
12-16 11:05:36.291 1497 12715 W WindowManager: Failed looking up window session=Session{47d6d22 4609:u0a10045} callers=com.android.server.wm.WindowManagerService.windowForClientLocked:5628 com.android.server.wm.Session.insetsModified:629 android.view.IWindowSession$Stub.onTransact:1151
12-16 11:05:36.292 4609 4609 I wm_on_top_resumed_gained_called: [173929321,android.service.dreams.DreamActivity,topStateChangedWhenResumed]
12-16 11:05:36.293 17557 17592 W ContextImpl: Calling a method in the system process without a qualified user: android.app.ContextImpl.startService:1816 android.content.ContextWrapper.startService:774 com.thundercomm.gamemode.ingame.services.GameModeActionUtils.startGameModeService:99 com.thundercomm.gamemode.ingame.services.GameModeActionUtils.startGameModeEntry:22 com.thundercomm.gamemode.ingame.services.ActivityMonitoringService$1.onActivityLaunch:127
12-16 11:05:36.293 1497 1602 I am_pss : [29454,1000,com.qti.diagservices,6130688,3813376,0,94334976,0,10,6]
12-16 11:05:36.295 1497 1497 I GameModeConfig: Current uri is uri = content://com.thundercomm.gamemode.api/gamemode_settings/gamemode_isgaming
12-16 11:05:36.296 1497 1497 I GameModeConfig: isGameModeOn = false
12-16 11:05:36.297 1497 1497 I GameModeConfig: isGameModeOn = false
12-16 11:05:36.297 1497 1497 I GameModeConfig: isDisableVoice = true
12-16 11:05:36.300 1497 1681 I input_focus: [Focus leaving 3f627c3 com.android.launcher3/com.android.launcher3.uioverrides.QuickstepLauncher (server),reason=NO_WINDOW]
12-16 11:05:36.309 1497 1596 I input_focus: [Focus request 4775d1c com.thundercomm.screensaver/android.service.dreams.DreamActivity,reason=UpdateInputWindows]
12-16 11:05:36.316 1497 1592 I sysui_multi_action: [319,42,322,42,325,22919,757,761,758,8,759,2,806,com.thundercomm.screensaver,871,android.service.dreams.DreamActivity,904,com.thundercomm.screensaver,905,0,1320,4,1321,2]
12-16 11:05:36.316 1497 1592 I wm_activity_launch_time: [0,173929321,com.thundercomm.screensaver/android.service.dreams.DreamActivity,42]
12-16 11:05:36.316 1497 1623 V DisplayPowerController[0]: Brightness [1.0] reason changing to: 'manual', previous reason: 'manual [ dim ]'.
12-16 11:05:36.317 1497 1623 I sysui_multi_action: [757,1696,758,6,759,3]
12-16 11:05:36.332 1497 1868 E DisplayDeviceConfig: requesting nits when no mapping exists.
12-16 11:05:36.332 1497 1868 E DisplayDeviceConfig: requesting nits when no mapping exists.
12-16 11:05:36.332 1497 1603 I am_wtf : [0,1497,system_server,-1,DisplayDeviceConfig,requesting nits when no mapping exists.]
12-16 11:05:36.332 1497 1603 I am_wtf : [0,1497,system_server,-1,DisplayDeviceConfig,requesting nits when no mapping exists.]
12-16 11:05:36.333 1497 1681 I input_focus: [Focus entering 4775d1c com.thundercomm.screensaver/android.service.dreams.DreamActivity (server),reason=Window became focusable. Previous reason: NOT_VISIBLE]
12-16 11:05:36.348 1497 1868 E DisplayDeviceConfig: requesting nits when no mapping exists.
12-16 11:05:36.349 1497 1868 E DisplayDeviceConfig: requesting nits when no mapping exists.
12-16 11:05:36.349 1497 1603 I am_wtf : [0,1497,system_server,-1,DisplayDeviceConfig,requesting nits when no mapping exists.]
12-16 11:05:36.349 1497 1603 I am_wtf : [0,1497,system_server,-1,DisplayDeviceConfig,requesting nits when no mapping exists.]
12-16 11:05:36.365 1497 1868 E DisplayDeviceConfig: requesting nits when no mapping exists.
12-16 11:05:36.365 1497 1868 E DisplayDeviceConfig: requesting nits when no mapping exists.
12-16 11:05:36.365 1497 1603 I am_wtf : [0,1497,system_server,-1,DisplayDeviceConfig,requesting nits when no mapping exists.]
12-16 11:05:36.366 1497 1603 I am_wtf : [0,1497,system_server,-1,DisplayDeviceConfig,requesting nits when no mapping exists.]
12-16 11:05:36.382 1497 1868 E DisplayDeviceConfig: requesting nits when no mapping exists.
12-16 11:05:36.382 1497 1868 E DisplayDeviceConfig: requesting nits when no mapping exists.
12-16 11:05:36.382 1497 1603 I am_wtf : [0,1497,system_server,-1,DisplayDeviceConfig,requesting nits when no mapping exists.]
12-16 11:05:36.382 1497 1603 I am_wtf : [0,1497,system_server,-1,DisplayDeviceConfig,requesting nits when no mapping exists.]
12-16 11:05:36.388 17557 17592 W ContextImpl: Calling a method in the system process without a qualified user: android.app.ContextImpl.startService:1816 android.content.ContextWrapper.startService:774 com.thundercomm.gamemode.ingame.services.GameModeActionUtils.startGameModeService:99 com.thundercomm.gamemode.ingame.services.GameModeActionUtils.startGameModeEntry:22 com.thundercomm.gamemode.ingame.services.ActivityMonitoringService$1.onActivityLaunch:127
12-16 11:05:36.390 1497 1497 I GameModeConfig: Current uri is uri = content://com.thundercomm.gamemode.api/gamemode_settings/gamemode_isgaming
12-16 11:05:36.390 1497 1497 I GameModeConfig: isGameModeOn = false
12-16 11:05:36.390 1497 1497 I GameModeConfig: isGameModeOn = false
12-16 11:05:36.390 1497 1497 I GameModeConfig: isDisableVoice = true
12-16 11:05:36.399 1497 1868 E DisplayDeviceConfig: requesting nits when no mapping exists.
12-16 11:05:36.399 1497 1603 I am_wtf : [0,1497,system_server,-1,DisplayDeviceConfig,requesting nits when no mapping exists.]
12-16 11:05:36.399 1497 1868 E DisplayDeviceConfig: requesting nits when no mapping exists.
12-16 11:05:36.399 1497 1603 I am_wtf : [0,1497,system_server,-1,DisplayDeviceConfig,requesting nits when no mapping exists.]
12-16 11:05:36.415 1497 1868 E DisplayDeviceConfig: requesting nits when no mapping exists.
12-16 11:05:36.416 1497 1868 E DisplayDeviceConfig: requesting nits when no mapping exists.
12-16 11:05:36.416 1497 1603 I am_wtf : [0,1497,system_server,-1,DisplayDeviceConfig,requesting nits when no mapping exists.]
12-16 11:05:36.416 1497 1603 I am_wtf : [0,1497,system_server,-1,DisplayDeviceConfig,requesting nits when no mapping exists.]
12-16 11:05:36.432 1497 1868 E DisplayDeviceConfig: requesting nits when no mapping exists.
12-16 11:05:36.432 1497 1868 E DisplayDeviceConfig: requesting nits when no mapping exists.
12-16 11:05:36.432 1497 1603 I am_wtf : [0,1497,system_server,-1,DisplayDeviceConfig,requesting nits when no mapping exists.]
12-16 11:05:36.433 1497 1603 I am_wtf : [0,1497,system_server,-1,DisplayDeviceConfig,requesting nits when no mapping exists.]
12-16 11:05:36.449 1497 1868 E DisplayDeviceConfig: requesting nits when no mapping exists.
12-16 11:05:36.449 1497 1868 E DisplayDeviceConfig: requesting nits when no mapping exists.
12-16 11:05:36.449 1497 1603 I am_wtf : [0,1497,system_server,-1,DisplayDeviceConfig,requesting nits when no mapping exists.]
12-16 11:05:36.449 1497 1603 I am_wtf : [0,1497,system_server,-1,DisplayDeviceConfig,requesting nits when no mapping exists.]
12-16 11:05:36.466 1497 1868 E DisplayDeviceConfig: requesting nits when no mapping exists.
12-16 11:05:36.466 1497 1868 E DisplayDeviceConfig: requesting nits when no mapping exists.
12-16 11:05:36.466 1497 1603 I am_wtf : [0,1497,system_server,-1,DisplayDeviceConfig,requesting nits when no mapping exists.]
12-16 11:05:36.466 1497 1603 I am_wtf : [0,1497,system_server,-1,DisplayDeviceConfig,requesting nits when no mapping exists.]
12-16 11:05:36.482 1497 1868 E DisplayDeviceConfig: requesting nits when no mapping exists.
12-16 11:05:36.483 1497 1868 E DisplayDeviceConfig: requesting nits when no mapping exists.
12-16 11:05:36.483 1497 1603 I am_wtf : [0,1497,system_server,-1,DisplayDeviceConfig,requesting nits when no mapping exists.]
12-16 11:05:36.483 1497 1603 I am_wtf : [0,1497,system_server,-1,DisplayDeviceConfig,requesting nits when no mapping exists.]
12-16 11:05:36.500 1497 1868 E DisplayDeviceConfig: requesting nits when no mapping exists.
12-16 11:05:36.500 1497 1868 E DisplayDeviceConfig: requesting nits when no mapping exists.
12-16 11:05:36.500 1497 1603 I am_wtf : [0,1497,system_server,-1,DisplayDeviceConfig,requesting nits when no mapping exists.]
12-16 11:05:36.500 1497 1603 I am_wtf : [0,1497,system_server,-1,DisplayDeviceConfig,requesting nits when no mapping exists.]
12-16 11:05:36.516 1497 1868 E DisplayDeviceConfig: requesting nits when no mapping exists.
12-16 11:05:36.517 1497 1868 E DisplayDeviceConfig: requesting nits when no mapping exists.
12-16 11:05:36.517 1497 1603 I am_wtf : [0,1497,system_server,-1,DisplayDeviceConfig,requesting nits when no mapping exists.]
12-16 11:05:36.517 1497 1603 I am_wtf : [0,1497,system_server,-1,DisplayDeviceConfig,requesting nits when no mapping exists.]
12-16 11:05:36.532 1497 1868 E DisplayDeviceConfig: requesting nits when no mapping exists.
12-16 11:05:36.532 1497 1868 E DisplayDeviceConfig: requesting nits when no mapping exists.
12-16 11:05:36.532 1497 1603 I am_wtf : [0,1497,system_server,-1,DisplayDeviceConfig,requesting nits when no mapping exists.]
12-16 11:05:36.533 1497 1603 I am_wtf : [0,1497,system_server,-1,DisplayDeviceConfig,requesting nits when no mapping exists.]
12-16 11:05:36.549 1497 1868 E DisplayDeviceConfig: requesting nits when no mapping exists.
12-16 11:05:36.549 1497 1868 E DisplayDeviceConfig: requesting nits when no mapping exists.
12-16 11:05:36.549 1497 1603 I am_wtf : [0,1497,system_server,-1,DisplayDeviceConfig,requesting nits when no mapping exists.]
12-16 11:05:36.550 1497 1603 I am_wtf : [0,1497,system_server,-1,DisplayDeviceConfig,requesting nits when no mapping exists.]
12-16 11:05:36.566 1497 1868 E DisplayDeviceConfig: requesting nits when no mapping exists.
12-16 11:05:36.566 1497 1868 E DisplayDeviceConfig: requesting nits when no mapping exists.
12-16 11:05:36.566 1497 1603 I am_wtf : [0,1497,system_server,-1,DisplayDeviceConfig,requesting nits when no mapping exists.]
12-16 11:05:36.567 1497 1603 I am_wtf : [0,1497,system_server,-1,DisplayDeviceConfig,requesting nits when no mapping exists.]
12-16 11:05:36.583 1497 1868 E DisplayDeviceConfig: requesting nits when no mapping exists.
12-16 11:05:36.583 1497 1868 E DisplayDeviceConfig: requesting nits when no mapping exists.
12-16 11:05:36.583 1497 1603 I am_wtf : [0,1497,system_server,-1,DisplayDeviceConfig,requesting nits when no mapping exists.]
12-16 11:05:36.584 1497 1603 I am_wtf : [0,1497,system_server,-1,DisplayDeviceConfig,requesting nits when no mapping exists.]
12-16 11:05:36.599 1497 1868 E DisplayDeviceConfig: requesting nits when no mapping exists.
12-16 11:05:36.599 1497 1868 E DisplayDeviceConfig: requesting nits when no mapping exists.
12-16 11:05:36.599 1497 1603 I am_wtf : [0,1497,system_server,-1,DisplayDeviceConfig,requesting nits when no mapping exists.]
12-16 11:05:36.600 1497 1603 I am_wtf : [0,1497,system_server,-1,DisplayDeviceConfig,requesting nits when no mapping exists.]
12-16 11:05:36.617 1497 1868 E DisplayDeviceConfig: requesting nits when no mapping exists.
12-16 11:05:36.617 1497 1868 E DisplayDeviceConfig: requesting nits when no mapping exists.
12-16 11:05:36.617 1497 1603 I am_wtf : [0,1497,system_server,-1,DisplayDeviceConfig,requesting nits when no mapping exists.]
12-16 11:05:36.618 1497 1603 I am_wtf : [0,1497,system_server,-1,DisplayDeviceConfig,requesting nits when no mapping exists.]
12-16 11:05:36.618 1497 1595 I wm_stop_activity: [0,67754667,com.android.launcher3/.uioverrides.QuickstepLauncher]
12-16 11:05:36.633 1497 1868 E DisplayDeviceConfig: requesting nits when no mapping exists.
12-16 11:05:36.633 1497 1868 E DisplayDeviceConfig: requesting nits when no mapping exists.
12-16 11:05:36.633 1497 1603 I am_wtf : [0,1497,system_server,-1,DisplayDeviceConfig,requesting nits when no mapping exists.]
12-16 11:05:36.634 1497 1603 I am_wtf : [0,1497,system_server,-1,DisplayDeviceConfig,requesting nits when no mapping exists.]
12-16 11:05:36.637 1497 16812 W FreeFormWindowHelper: exitRecentTasks type=0
12-16 11:05:36.645 2552 2552 I wm_on_stop_called: [67754667,com.android.launcher3.uioverrides.QuickstepLauncher,STOP_ACTIVITY_ITEM]
12-16 11:05:36.649 1497 1868 E DisplayDeviceConfig: requesting nits when no mapping exists.
12-16 11:05:36.650 1497 1603 I am_wtf : [0,1497,system_server,-1,DisplayDeviceConfig,requesting nits when no mapping exists.]
12-16 11:05:36.650 1497 1868 E DisplayDeviceConfig: requesting nits when no mapping exists.
12-16 11:05:36.650 1497 1603 I am_wtf : [0,1497,system_server,-1,DisplayDeviceConfig,requesting nits when no mapping exists.]
12-16 11:05:36.656 17557 17592 W ContextImpl: Calling a method in the system process without a qualified user: android.app.ContextImpl.startService:1816 android.content.ContextWrapper.startService:774 com.thundercomm.gamemode.ingame.services.GameModeActionUtils.startGameModeService:99 com.thundercomm.gamemode.ingame.services.GameModeActionUtils.startGameModeEntry:22 com.thundercomm.gamemode.ingame.services.ActivityMonitoringService$1.onActivityLaunch:127
12-16 11:05:36.657 1497 1497 I GameModeConfig: Current uri is uri = content://com.thundercomm.gamemode.api/gamemode_settings/gamemode_isgaming
12-16 11:05:36.658 1497 1497 I GameModeConfig: isGameModeOn = false
12-16 11:05:36.658 1497 1497 I GameModeConfig: isGameModeOn = false
12-16 11:05:36.658 1497 1497 I GameModeConfig: isDisableVoice = true
12-16 11:05:36.666 1497 1868 E DisplayDeviceConfig: requesting nits when no mapping exists.
12-16 11:05:36.666 1497 1868 E DisplayDeviceConfig: requesting nits when no mapping exists.
12-16 11:05:36.666 1497 1603 I am_wtf : [0,1497,system_server,-1,DisplayDeviceConfig,requesting nits when no mapping exists.]
12-16 11:05:36.666 1497 1603 I am_wtf : [0,1497,system_server,-1,DisplayDeviceConfig,requesting nits when no mapping exists.]
12-16 11:05:36.681 1497 1868 E DisplayDeviceConfig: requesting nits when no mapping exists.
12-16 11:05:36.681 1497 1868 E DisplayDeviceConfig: requesting nits when no mapping exists.
12-16 11:05:36.681 1497 1603 I am_wtf : [0,1497,system_server,-1,DisplayDeviceConfig,requesting nits when no mapping exists.]
12-16 11:05:36.681 1497 1603 I am_wtf : [0,1497,system_server,-1,DisplayDeviceConfig,requesting nits when no mapping exists.]
12-16 11:05:36.687 1497 8974 D CompatibilityChangeReporter: Compat change id reported: 157929241; UID 10080; state: LOGGED
12-16 11:05:36.697 1497 1868 E DisplayDeviceConfig: requesting nits when no mapping exists.
12-16 11:05:36.697 1497 1868 E DisplayDeviceConfig: requesting nits when no mapping exists.
12-16 11:05:36.697 1497 1603 I am_wtf : [0,1497,system_server,-1,DisplayDeviceConfig,requesting nits when no mapping exists.]
12-16 11:05:36.697 1497 1603 I am_wtf : [0,1497,system_server,-1,DisplayDeviceConfig,requesting nits when no mapping exists.]
12-16 11:05:36.714 1497 1868 E DisplayDeviceConfig: requesting nits when no mapping exists.
12-16 11:05:36.714 1497 1868 E DisplayDeviceConfig: requesting nits when no mapping exists.
12-16 11:05:36.714 1497 1603 I am_wtf : [0,1497,system_server,-1,DisplayDeviceConfig,requesting nits when no mapping exists.]
12-16 11:05:36.714 1497 1603 I am_wtf : [0,1497,system_server,-1,DisplayDeviceConfig,requesting nits when no mapping exists.]
12-16 11:05:36.730 1497 1868 E DisplayDeviceConfig: requesting nits when no mapping exists.
12-16 11:05:36.731 1497 1868 E DisplayDeviceConfig: requesting nits when no mapping exists.
12-16 11:05:36.731 1497 1603 I am_wtf : [0,1497,system_server,-1,DisplayDeviceConfig,requesting nits when no mapping exists.]
12-16 11:05:36.731 1497 1603 I am_wtf : [0,1497,system_server,-1,DisplayDeviceConfig,requesting nits when no mapping exists.]
12-16 11:05:36.747 1497 1868 E DisplayDeviceConfig: requesting nits when no mapping exists.
12-16 11:05:36.747 1497 1868 E DisplayDeviceConfig: requesting nits when no mapping exists.
12-16 11:05:36.747 1497 1603 I am_wtf : [0,1497,system_server,-1,DisplayDeviceConfig,requesting nits when no mapping exists.]
12-16 11:05:36.748 1497 1603 I am_wtf : [0,1497,system_server,-1,DisplayDeviceConfig,requesting nits when no mapping exists.]
12-16 11:05:36.764 1497 1868 E DisplayDeviceConfig: requesting nits when no mapping exists.
12-16 11:05:36.764 1497 1868 E DisplayDeviceConfig: requesting nits when no mapping exists.
12-16 11:05:36.764 1497 1603 I am_wtf : [0,1497,system_server,-1,DisplayDeviceConfig,requesting nits when no mapping exists.]
12-16 11:05:36.764 1497 1603 I am_wtf : [0,1497,system_server,-1,DisplayDeviceConfig,requesting nits when no mapping exists.]
12-16 11:05:36.759 0 0 I auditd : type=1400 audit(0.0:24447): avc: denied { kill } for comm="swapper/1" capability=5 scontext=u:r:kernel:s0 tcontext=u:r:kernel:s0 tclass=capability permissive=0
12-16 11:05:36.781 1497 1868 E DisplayDeviceConfig: requesting nits when no mapping exists.
12-16 11:05:36.781 1497 1868 E DisplayDeviceConfig: requesting nits when no mapping exists.
12-16 11:05:36.781 1497 1603 I am_wtf : [0,1497,system_server,-1,DisplayDeviceConfig,requesting nits when no mapping exists.]
12-16 11:05:36.781 1497 1603 I am_wtf : [0,1497,system_server,-1,DisplayDeviceConfig,requesting nits when no mapping exists.]
12-16 11:05:36.797 1497 1868 E DisplayDeviceConfig: requesting nits when no mapping exists.
12-16 11:05:36.797 1497 1603 I am_wtf : [0,1497,system_server,-1,DisplayDeviceConfig,requesting nits when no mapping exists.]
12-16 11:05:36.797 1497 1868 E DisplayDeviceConfig: requesting nits when no mapping exists.
12-16 11:05:36.798 1497 1603 I am_wtf : [0,1497,system_server,-1,DisplayDeviceConfig,requesting nits when no mapping exists.]
12-16 11:05:36.815 1497 1868 E DisplayDeviceConfig: requesting nits when no mapping exists.
12-16 11:05:36.815 1497 1868 E DisplayDeviceConfig: requesting nits when no mapping exists.
12-16 11:05:36.815 1497 1603 I am_wtf : [0,1497,system_server,-1,DisplayDeviceConfig,requesting nits when no mapping exists.]
12-16 11:05:36.816 1497 1603 I am_wtf : [0,1497,system_server,-1,DisplayDeviceConfig,requesting nits when no mapping exists.]
12-16 11:05:36.831 1497 1868 E DisplayDeviceConfig: requesting nits when no mapping exists.
12-16 11:05:36.831 1497 1868 E DisplayDeviceConfig: requesting nits when no mapping exists.
12-16 11:05:36.831 1497 1603 I am_wtf : [0,1497,system_server,-1,DisplayDeviceConfig,requesting nits when no mapping exists.]
12-16 11:05:36.832 1497 1603 I am_wtf : [0,1497,system_server,-1,DisplayDeviceConfig,requesting nits when no mapping exists.]
12-16 11:05:36.848 1497 1868 E DisplayDeviceConfig: requesting nits when no mapping exists.
12-16 11:05:36.848 1497 1868 E DisplayDeviceConfig: requesting nits when no mapping exists.
12-16 11:05:36.848 1497 1603 I am_wtf : [0,1497,system_server,-1,DisplayDeviceConfig,requesting nits when no mapping exists.]
12-16 11:05:36.848 1497 1603 I am_wtf : [0,1497,system_server,-1,DisplayDeviceConfig,requesting nits when no mapping exists.]
12-16 11:05:36.864 1497 1868 E DisplayDeviceConfig: requesting nits when no mapping exists.
12-16 11:05:36.864 1497 1868 E DisplayDeviceConfig: requesting nits when no mapping exists.
12-16 11:05:36.864 1497 1603 I am_wtf : [0,1497,system_server,-1,DisplayDeviceConfig,requesting nits when no mapping exists.]
12-16 11:05:36.865 1497 1603 I am_wtf : [0,1497,system_server,-1,DisplayDeviceConfig,requesting nits when no mapping exists.]
12-16 11:05:36.881 1497 1868 E DisplayDeviceConfig: requesting nits when no mapping exists.
12-16 11:05:36.881 1497 1603 I am_wtf : [0,1497,system_server,-1,DisplayDeviceConfig,requesting nits when no mapping exists.]
12-16 11:05:36.881 1497 1868 E DisplayDeviceConfig: requesting nits when no mapping exists.
12-16 11:05:36.881 1497 1603 I am_wtf : [0,1497,system_server,-1,DisplayDeviceConfig,requesting nits when no mapping exists.]
12-16 11:05:36.898 1497 1868 E DisplayDeviceConfig: requesting nits when no mapping exists.
12-16 11:05:36.898 1497 1603 I am_wtf : [0,1497,system_server,-1,DisplayDeviceConfig,requesting nits when no mapping exists.]
12-16 11:05:36.898 1497 1868 E DisplayDeviceConfig: requesting nits when no mapping exists.
12-16 11:05:36.899 1497 1603 I am_wtf : [0,1497,system_server,-1,DisplayDeviceConfig,requesting nits when no mapping exists.]
12-16 11:05:36.914 1497 1868 E DisplayDeviceConfig: requesting nits when no mapping exists.
12-16 11:05:36.914 1497 1868 E DisplayDeviceConfig: requesting nits when no mapping exists.
12-16 11:05:36.914 1497 1603 I am_wtf : [0,1497,system_server,-1,DisplayDeviceConfig,requesting nits when no mapping exists.]
12-16 11:05:36.915 1497 1603 I am_wtf : [0,1497,system_server,-1,DisplayDeviceConfig,requesting nits when no mapping exists.]
12-16 11:05:36.931 1497 1868 E DisplayDeviceConfig: requesting nits when no mapping exists.
12-16 11:05:36.931 1497 1868 E DisplayDeviceConfig: requesting nits when no mapping exists.
12-16 11:05:36.931 1497 1603 I am_wtf : [0,1497,system_server,-1,DisplayDeviceConfig,requesting nits when no mapping exists.]
12-16 11:05:36.932 1497 1603 I am_wtf : [0,1497,system_server,-1,DisplayDeviceConfig,requesting nits when no mapping exists.]
12-16 11:05:36.948 1497 1868 E DisplayDeviceConfig: requesting nits when no mapping exists.
12-16 11:05:36.949 1497 1868 E DisplayDeviceConfig: requesting nits when no mapping exists.
12-16 11:05:36.949 1497 1603 I am_wtf : [0,1497,system_server,-1,DisplayDeviceConfig,requesting nits when no mapping exists.]
12-16 11:05:36.949 1497 1603 I am_wtf : [0,1497,system_server,-1,DisplayDeviceConfig,requesting nits when no mapping exists.]
12-16 11:05:36.965 1497 1868 E DisplayDeviceConfig: requesting nits when no mapping exists.
12-16 11:05:36.965 1497 1868 E DisplayDeviceConfig: requesting nits when no mapping exists.
12-16 11:05:36.965 1497 1603 I am_wtf : [0,1497,system_server,-1,DisplayDeviceConfig,requesting nits when no mapping exists.]
12-16 11:05:36.966 1497 1603 I am_wtf : [0,1497,system_server,-1,DisplayDeviceConfig,requesting nits when no mapping exists.]
12-16 11:05:36.966 1497 1603 I service_manager_stats: [100,27,6914]
12-16 11:05:36.981 1497 1868 E DisplayDeviceConfig: requesting nits when no mapping exists.
12-16 11:05:36.982 1497 1868 E DisplayDeviceConfig: requesting nits when no mapping exists.
12-16 11:05:36.982 1497 1603 I am_wtf : [0,1497,system_server,-1,DisplayDeviceConfig,requesting nits when no mapping exists.]
12-16 11:05:36.982 1497 1603 I am_wtf : [0,1497,system_server,-1,DisplayDeviceConfig,requesting nits when no mapping exists.]
12-16 11:05:36.999 1497 1868 E DisplayDeviceConfig: requesting nits when no mapping exists.
12-16 11:05:36.999 1497 1868 E DisplayDeviceConfig: requesting nits when no mapping exists.
12-16 11:05:36.999 1497 1603 I am_wtf : [0,1497,system_server,-1,DisplayDeviceConfig,requesting nits when no mapping exists.]
12-16 11:05:37.000 1497 1603 I am_wtf : [0,1497,system_server,-1,DisplayDeviceConfig,requesting nits when no mapping exists.]
12-16 11:05:37.015 1497 1868 E DisplayDeviceConfig: requesting nits when no mapping exists.
12-16 11:05:37.015 1497 1603 I am_wtf : [0,1497,system_server,-1,DisplayDeviceConfig,requesting nits when no mapping exists.]
12-16 11:05:37.015 1497 1868 E DisplayDeviceConfig: requesting nits when no mapping exists.
12-16 11:05:37.016 1497 1603 I am_wtf : [0,1497,system_server,-1,DisplayDeviceConfig,requesting nits when no mapping exists.]
12-16 11:05:37.032 1497 1868 E DisplayDeviceConfig: requesting nits when no mapping exists.
12-16 11:05:37.032 1497 1868 E DisplayDeviceConfig: requesting nits when no mapping exists.
12-16 11:05:37.032 1497 1603 I am_wtf : [0,1497,system_server,-1,DisplayDeviceConfig,requesting nits when no mapping exists.]
12-16 11:05:37.033 1497 1603 I am_wtf : [0,1497,system_server,-1,DisplayDeviceConfig,requesting nits when no mapping exists.]
12-16 11:05:37.048 1497 1868 E DisplayDeviceConfig: requesting nits when no mapping exists.
12-16 11:05:37.048 1497 1868 E DisplayDeviceConfig: requesting nits when no mapping exists.
12-16 11:05:37.048 1497 1603 I am_wtf : [0,1497,system_server,-1,DisplayDeviceConfig,requesting nits when no mapping exists.]
12-16 11:05:37.049 1497 1603 I am_wtf : [0,1497,system_server,-1,DisplayDeviceConfig,requesting nits when no mapping exists.]
12-16 11:05:37.065 1497 1868 E DisplayDeviceConfig: requesting nits when no mapping exists.
12-16 11:05:37.065 1497 1868 E DisplayDeviceConfig: requesting nits when no mapping exists.
12-16 11:05:37.065 1497 1603 I am_wtf : [0,1497,system_server,-1,DisplayDeviceConfig,requesting nits when no mapping exists.]
12-16 11:05:37.066 1497 1603 I am_wtf : [0,1497,system_server,-1,DisplayDeviceConfig,requesting nits when no mapping exists.]
12-16 11:05:37.082 1497 1868 E DisplayDeviceConfig: requesting nits when no mapping exists.
12-16 11:05:37.082 1497 1603 I am_wtf : [0,1497,system_server,-1,DisplayDeviceConfig,requesting nits when no mapping exists.]
12-16 11:05:37.082 1497 1868 E DisplayDeviceConfig: requesting nits when no mapping exists.
12-16 11:05:37.082 1497 1603 I am_wtf : [0,1497,system_server,-1,DisplayDeviceConfig,requesting nits when no mapping exists.]
12-16 11:05:37.098 1497 1868 E DisplayDeviceConfig: requesting nits when no mapping exists.
12-16 11:05:37.098 1497 1868 E DisplayDeviceConfig: requesting nits when no mapping exists.
12-16 11:05:37.098 1497 1603 I am_wtf : [0,1497,system_server,-1,DisplayDeviceConfig,requesting nits when no mapping exists.]
12-16 11:05:37.099 1497 1603 I am_wtf : [0,1497,system_server,-1,DisplayDeviceConfig,requesting nits when no mapping exists.]
12-16 11:05:37.115 1497 1868 E DisplayDeviceConfig: requesting nits when no mapping exists.
12-16 11:05:37.115 1497 1868 E DisplayDeviceConfig: requesting nits when no mapping exists.
12-16 11:05:37.115 1497 1603 I am_wtf : [0,1497,system_server,-1,DisplayDeviceConfig,requesting nits when no mapping exists.]
12-16 11:05:37.115 1497 1603 I am_wtf : [0,1497,system_server,-1,DisplayDeviceConfig,requesting nits when no mapping exists.]
12-16 11:05:37.131 1497 1868 E DisplayDeviceConfig: requesting nits when no mapping exists.
12-16 11:05:37.132 1497 1868 E DisplayDeviceConfig: requesting nits when no mapping exists.
12-16 11:05:37.132 1497 1603 I am_wtf : [0,1497,system_server,-1,DisplayDeviceConfig,requesting nits when no mapping exists.]
12-16 11:05:37.132 1497 1603 I am_wtf : [0,1497,system_server,-1,DisplayDeviceConfig,requesting nits when no mapping exists.]
12-16 11:05:37.148 1497 1868 E DisplayDeviceConfig: requesting nits when no mapping exists.
12-16 11:05:37.148 1497 1868 E DisplayDeviceConfig: requesting nits when no mapping exists.
12-16 11:05:37.148 1497 1603 I am_wtf : [0,1497,system_server,-1,DisplayDeviceConfig,requesting nits when no mapping exists.]
12-16 11:05:37.149 1497 1603 I am_wtf : [0,1497,system_server,-1,DisplayDeviceConfig,requesting nits when no mapping exists.]
12-16 11:05:37.165 1497 1868 E DisplayDeviceConfig: requesting nits when no mapping exists.
12-16 11:05:37.165 1497 1868 E DisplayDeviceConfig: requesting nits when no mapping exists.
12-16 11:05:37.165 1497 1603 I am_wtf : [0,1497,system_server,-1,DisplayDeviceConfig,requesting nits when no mapping exists.]
12-16 11:05:37.165 1497 1603 I am_wtf : [0,1497,system_server,-1,DisplayDeviceConfig,requesting nits when no mapping exists.]
12-16 11:05:37.182 1497 1868 E DisplayDeviceConfig: requesting nits when no mapping exists.
12-16 11:05:37.182 1497 1868 E DisplayDeviceConfig: requesting nits when no mapping exists.
12-16 11:05:37.182 1497 1603 I am_wtf : [0,1497,system_server,-1,DisplayDeviceConfig,requesting nits when no mapping exists.]
12-16 11:05:37.182 1497 1603 I am_wtf : [0,1497,system_server,-1,DisplayDeviceConfig,requesting nits when no mapping exists.]
12-16 11:05:37.198 1497 1868 E DisplayDeviceConfig: requesting nits when no mapping exists.
12-16 11:05:37.198 1497 1868 E DisplayDeviceConfig: requesting nits when no mapping exists.
12-16 11:05:37.199 1497 1603 I am_wtf : [0,1497,system_server,-1,DisplayDeviceConfig,requesting nits when no mapping exists.]
12-16 11:05:37.199 1497 1603 I am_wtf : [0,1497,system_server,-1,DisplayDeviceConfig,requesting nits when no mapping exists.]
12-16 11:05:37.216 1497 1868 E DisplayDeviceConfig: requesting nits when no mapping exists.
12-16 11:05:37.216 1497 1868 E DisplayDeviceConfig: requesting nits when no mapping exists.
12-16 11:05:37.216 1497 1603 I am_wtf : [0,1497,system_server,-1,DisplayDeviceConfig,requesting nits when no mapping exists.]
12-16 11:05:37.216 1497 1603 I am_wtf : [0,1497,system_server,-1,DisplayDeviceConfig,requesting nits when no mapping exists.]
12-16 11:05:37.232 1497 1868 E DisplayDeviceConfig: requesting nits when no mapping exists.
12-16 11:05:37.232 1497 1868 E DisplayDeviceConfig: requesting nits when no mapping exists.
12-16 11:05:37.232 1497 1603 I am_wtf : [0,1497,system_server,-1,DisplayDeviceConfig,requesting nits when no mapping exists.]
12-16 11:05:37.232 1497 1603 I am_wtf : [0,1497,system_server,-1,DisplayDeviceConfig,requesting nits when no mapping exists.]
12-16 11:05:37.249 1497 1868 E DisplayDeviceConfig: requesting nits when no mapping exists.
12-16 11:05:37.249 1497 1868 E DisplayDeviceConfig: requesting nits when no mapping exists.
12-16 11:05:37.249 1497 1603 I am_wtf : [0,1497,system_server,-1,DisplayDeviceConfig,requesting nits when no mapping exists.]
12-16 11:05:37.249 1497 1603 I am_wtf : [0,1497,system_server,-1,DisplayDeviceConfig,requesting nits when no mapping exists.]
12-16 11:05:37.265 1497 1868 E DisplayDeviceConfig: requesting nits when no mapping exists.
12-16 11:05:37.266 1497 1868 E DisplayDeviceConfig: requesting nits when no mapping exists.
12-16 11:05:37.266 1497 1603 I am_wtf : [0,1497,system_server,-1,DisplayDeviceConfig,requesting nits when no mapping exists.]
12-16 11:05:37.266 1497 1603 I am_wtf : [0,1497,system_server,-1,DisplayDeviceConfig,requesting nits when no mapping exists.]
12-16 11:05:37.282 1497 1868 E DisplayDeviceConfig: requesting nits when no mapping exists.
12-16 11:05:37.282 1497 1868 E DisplayDeviceConfig: requesting nits when no mapping exists.
12-16 11:05:37.282 1497 1603 I am_wtf : [0,1497,system_server,-1,DisplayDeviceConfig,requesting nits when no mapping exists.]
12-16 11:05:37.283 1497 1603 I am_wtf : [0,1497,system_server,-1,DisplayDeviceConfig,requesting nits when no mapping exists.]
12-16 11:05:37.759 0 0 I auditd : type=1400 audit(0.0:24448): avc: denied { kill } for comm="swapper/1" capability=5 scontext=u:r:kernel:s0 tcontext=u:r:kernel:s0 tclass=capability permissive=0
12-16 11:05:38.763 0 0 I auditd : type=1400 audit(0.0:24449): avc: denied { kill } for comm="swapper/1" capability=5 scontext=u:r:kernel:s0 tcontext=u:r:kernel:s0 tclass=capability permissive=0
12-16 11:05:39.763 0 0 I auditd : type=1400 audit(0.0:24450): avc: denied { kill } for comm="swapper/1" capability=5 scontext=u:r:kernel:s0 tcontext=u:r:kernel:s0 tclass=capability permissive=0
12-16 11:05:40.759 0 0 I auditd : type=1400 audit(0.0:24451): avc: denied { kill } for comm="swapper/1" capability=5 scontext=u:r:kernel:s0 tcontext=u:r:kernel:s0 tclass=capability permissive=0
12-16 11:05:41.763 0 0 I auditd : type=1400 audit(0.0:24452): avc: denied { kill } for comm="swapper/1" capability=5 scontext=u:r:kernel:s0 tcontext=u:r:kernel:s0 tclass=capability permissive=0
12-16 11:05:42.763 0 0 I auditd : type=1400 audit(0.0:24453): avc: denied { kill } for comm="swapper/1" capability=5 scontext=u:r:kernel:s0 tcontext=u:r:kernel:s0 tclass=capability permissive=0
12-16 11:05:43.763 0 0 I auditd : type=1400 audit(0.0:24454): avc: denied { kill } for comm="swapper/1" capability=5 scontext=u:r:kernel:s0 tcontext=u:r:kernel:s0 tclass=capability permissive=0
12-16 11:05:44.763 0 0 I auditd : type=1400 audit(0.0:24455): avc: denied { kill } for comm="swapper/1" capability=5 scontext=u:r:kernel:s0 tcontext=u:r:kernel:s0 tclass=capability permissive=0
12-16 11:05:45.763 0 0 I auditd : type=1400 audit(0.0:24456): avc: denied { kill } for comm="swapper/1" capability=5 scontext=u:r:kernel:s0 tcontext=u:r:kernel:s0 tclass=capability permissive=0
12-16 11:05:46.763 0 0 I auditd : type=1400 audit(0.0:24457): avc: denied { kill } for comm="swapper/1" capability=5 scontext=u:r:kernel:s0 tcontext=u:r:kernel:s0 tclass=capability permissive=0
12-16 11:05:47.763 0 0 I auditd : type=1400 audit(0.0:24458): avc: denied { kill } for comm="swapper/1" capability=5 scontext=u:r:kernel:s0 tcontext=u:r:kernel:s0 tclass=capability permissive=0
12-16 11:05:48.763 0 0 I auditd : type=1400 audit(0.0:24459): avc: denied { kill } for comm="swapper/1" capability=5 scontext=u:r:kernel:s0 tcontext=u:r:kernel:s0 tclass=capability permissive=0
12-16 11:05:49.763 0 0 I auditd : type=1400 audit(0.0:24460): avc: denied { kill } for comm="swapper/1" capability=5 scontext=u:r:kernel:s0 tcontext=u:r:kernel:s0 tclass=capability permissive=0
12-16 11:05:50.763 0 0 I auditd : type=1400 audit(0.0:24461): avc: denied { kill } for comm="swapper/1" capability=5 scontext=u:r:kernel:s0 tcontext=u:r:kernel:s0 tclass=capability permissive=0
12-16 11:05:51.763 0 0 I auditd : type=1400 audit(0.0:24462): avc: denied { kill } for comm="swapper/1" capability=5 scontext=u:r:kernel:s0 tcontext=u:r:kernel:s0 tclass=capability permissive=0
12-16 11:05:52.763 0 0 I auditd : type=1400 audit(0.0:24463): avc: denied { kill } for comm="swapper/1" capability=5 scontext=u:r:kernel:s0 tcontext=u:r:kernel:s0 tclass=capability permissive=0
12-16 11:05:53.763 0 0 I auditd : type=1400 audit(0.0:24464): avc: denied { kill } for comm="swapper/1" capability=5 scontext=u:r:kernel:s0 tcontext=u:r:kernel:s0 tclass=capability permissive=0
12-16 11:05:54.763 0 0 I auditd : type=1400 audit(0.0:24465): avc: denied { kill } for comm="swapper/1" capability=5 scontext=u:r:kernel:s0 tcontext=u:r:kernel:s0 tclass=capability permissive=0
12-16 11:05:55.763 0 0 I auditd : type=1400 audit(0.0:24466): avc: denied { kill } for comm="swapper/1" capability=5 scontext=u:r:kernel:s0 tcontext=u:r:kernel:s0 tclass=capability permissive=0
12-16 11:05:56.763 0 0 I auditd : type=1400 audit(0.0:24467): avc: denied { kill } for comm="swapper/1" capability=5 scontext=u:r:kernel:s0 tcontext=u:r:kernel:s0 tclass=capability permissive=0
12-16 11:05:57.759 0 0 I auditd : type=1400 audit(0.0:24468): avc: denied { kill } for comm="swapper/1" capability=5 scontext=u:r:kernel:s0 tcontext=u:r:kernel:s0 tclass=capability permissive=0
12-16 11:05:58.763 0 0 I auditd : type=1400 audit(0.0:24469): avc: denied { kill } for comm="swapper/2" capability=5 scontext=u:r:kernel:s0 tcontext=u:r:kernel:s0 tclass=capability permissive=0
12-16 11:06:01.759 0 0 I auditd : type=1400 audit(0.0:24470): avc: denied { kill } for comm="swapper/1" capability=5 scontext=u:r:kernel:s0 tcontext=u:r:kernel:s0 tclass=capability permissive=0
12-16 11:06:03.759 0 0 I auditd : type=1400 audit(0.0:24471): avc: denied { kill } for comm="swapper/3" capability=5 scontext=u:r:kernel:s0 tcontext=u:r:kernel:s0 tclass=capability permissive=0
12-16 11:06:04.763 0 0 I auditd : type=1400 audit(0.0:24472): avc: denied { kill } for comm="swapper/3" capability=5 scontext=u:r:kernel:s0 tcontext=u:r:kernel:s0 tclass=capability permissive=0
12-16 11:06:05.759 0 0 I auditd : type=1400 audit(0.0:24473): avc: denied { kill } for comm="swapper/2" capability=5 scontext=u:r:kernel:s0 tcontext=u:r:kernel:s0 tclass=capability permissive=0
12-16 11:06:06.759 0 0 I auditd : type=1400 audit(0.0:24474): avc: denied { kill } for comm="swapper/2" capability=5 scontext=u:r:kernel:s0 tcontext=u:r:kernel:s0 tclass=capability permissive=0
12-16 11:06:07.759 0 0 I auditd : type=1400 audit(0.0:24475): avc: denied { kill } for comm="swapper/2" capability=5 scontext=u:r:kernel:s0 tcontext=u:r:kernel:s0 tclass=capability permissive=0
12-16 11:06:08.759 0 0 I auditd : type=1400 audit(0.0:24476): avc: denied { kill } for comm="swapper/2" capability=5 scontext=u:r:kernel:s0 tcontext=u:r:kernel:s0 tclass=capability permissive=0
12-16 11:06:09.759 0 0 I auditd : type=1400 audit(0.0:24477): avc: denied { kill } for comm="swapper/2" capability=5 scontext=u:r:kernel:s0 tcontext=u:r:kernel:s0 tclass=capability permissive=0
12-16 11:06:10.759 0 0 I auditd : type=1400 audit(0.0:24478): avc: denied { kill } for comm="swapper/2" capability=5 scontext=u:r:kernel:s0 tcontext=u:r:kernel:s0 tclass=capability permissive=0
12-16 11:06:11.759 0 0 I auditd : type=1400 audit(0.0:24479): avc: denied { kill } for comm="swapper/2" capability=5 scontext=u:r:kernel:s0 tcontext=u:r:kernel:s0 tclass=capability permissive=0
12-16 11:06:12.759 0 0 I auditd : type=1400 audit(0.0:24480): avc: denied { kill } for comm="swapper/2" capability=5 scontext=u:r:kernel:s0 tcontext=u:r:kernel:s0 tclass=capability permissive=0
12-16 11:06:13.759 0 0 I auditd : type=1400 audit(0.0:24481): avc: denied { kill } for comm="swapper/2" capability=5 scontext=u:r:kernel:s0 tcontext=u:r:kernel:s0 tclass=capability permissive=0
12-16 11:06:14.759 0 0 I auditd : type=1400 audit(0.0:24482): avc: denied { kill } for comm="swapper/2" capability=5 scontext=u:r:kernel:s0 tcontext=u:r:kernel:s0 tclass=capability permissive=0
12-16 11:06:15.759 0 0 I auditd : type=1400 audit(0.0:24483): avc: denied { kill } for comm="swapper/2" capability=5 scontext=u:r:kernel:s0 tcontext=u:r:kernel:s0 tclass=capability permissive=0
12-16 11:06:16.759 0 0 I auditd : type=1400 audit(0.0:24484): avc: denied { kill } for comm="swapper/2" capability=5 scontext=u:r:kernel:s0 tcontext=u:r:kernel:s0 tclass=capability permissive=0
12-16 11:06:17.759 0 0 I auditd : type=1400 audit(0.0:24485): avc: denied { kill } for comm="swapper/2" capability=5 scontext=u:r:kernel:s0 tcontext=u:r:kernel:s0 tclass=capability permissive=0
12-16 11:06:18.759 0 0 I auditd : type=1400 audit(0.0:24486): avc: denied { kill } for comm="swapper/2" capability=5 scontext=u:r:kernel:s0 tcontext=u:r:kernel:s0 tclass=capability permissive=0
12-16 11:06:19.759 0 0 I auditd : type=1400 audit(0.0:24487): avc: denied { kill } for comm="swapper/2" capability=5 scontext=u:r:kernel:s0 tcontext=u:r:kernel:s0 tclass=capability permissive=0
12-16 11:06:20.759 0 0 I auditd : type=1400 audit(0.0:24488): avc: denied { kill } for comm="swapper/2" capability=5 scontext=u:r:kernel:s0 tcontext=u:r:kernel:s0 tclass=capability permissive=0
12-16 11:06:21.759 0 0 I auditd : type=1400 audit(0.0:24489): avc: denied { kill } for comm="swapper/2" capability=5 scontext=u:r:kernel:s0 tcontext=u:r:kernel:s0 tclass=capability permissive=0
12-16 11:06:22.759 0 0 I auditd : type=1400 audit(0.0:24490): avc: denied { kill } for comm="swapper/2" capability=5 scontext=u:r:kernel:s0 tcontext=u:r:kernel:s0 tclass=capability permissive=0
12-16 11:06:23.759 0 0 I auditd : type=1400 audit(0.0:24491): avc: denied { kill } for comm="swapper/2" capability=5 scontext=u:r:kernel:s0 tcontext=u:r:kernel:s0 tclass=capability permissive=0
12-16 11:06:24.759 0 0 I auditd : type=1400 audit(0.0:24492): avc: denied { kill } for comm="swapper/2" capability=5 scontext=u:r:kernel:s0 tcontext=u:r:kernel:s0 tclass=capability permissive=0
12-16 11:06:25.067 850 850 D android.hardware.wifi@1.0-service: Successfully SetMacAddress.
12-16 11:06:25.084 1194 1194 W wificond: Scan is not started. Ignore abort request
12-16 11:06:25.759 0 0 I auditd : type=1400 audit(0.0:24493): avc: denied { kill } for comm="swapper/2" capability=5 scontext=u:r:kernel:s0 tcontext=u:r:kernel:s0 tclass=capability permissive=0
12-16 11:06:25.934 1497 1731 I netstats_mobile_sample: [0,0,0,0,0,0,0,0,0,0,0,0,1671159985934]
12-16 11:06:25.935 1497 1731 I netstats_wifi_sample: [160179197,360298,217618331,487258,160179197,360298,217618331,487258,183471671,527879,109058212,245565,1671159985934]
12-16 11:06:26.759 0 0 I auditd : type=1400 audit(0.0:24494): avc: denied { kill } for comm="swapper/2" capability=5 scontext=u:r:kernel:s0 tcontext=u:r:kernel:s0 tclass=capability permissive=0
12-16 11:06:27.358 1497 1731 I netstats_mobile_sample: [0,0,0,0,0,0,0,0,0,0,0,0,1671159987358]
12-16 11:06:27.358 1497 1731 I netstats_wifi_sample: [160179197,360298,217618331,487258,160179197,360298,217618331,487258,183471671,527879,109058212,245565,1671159987358]
12-16 11:06:27.367 1497 1731 I netstats_mobile_sample: [0,0,0,0,0,0,0,0,0,0,0,0,1671159987367]
12-16 11:06:27.368 1497 1497 I sysui_multi_action: [757,128,758,5,759,8,793,247201,794,0,795,247201,796,17303299,797,com.android.wifi,806,android,857,NETWORK_AVAILABLE,858,2,947,0,1500,246997,1688,1]
12-16 11:06:27.368 1497 1497 I notification_canceled: [0|android|17303299|com.android.wifi|1000,8,247201,247201,0,-1,-1,NULL]
12-16 11:06:27.369 1497 1731 I netstats_wifi_sample: [160179197,360298,217618331,487258,160179197,360298,217618331,487258,183471671,527879,109058212,245565,1671159987367]
12-16 11:06:27.369 1497 1497 D CompatibilityChangeReporter: Compat change id reported: 175319604; UID 10080; state: ENABLED
12-16 11:06:27.370 1497 1497 D CompatibilityChangeReporter: Compat change id reported: 175319604; UID 1000; state: ENABLED
12-16 11:06:27.370 1497 1497 D CompatibilityChangeReporter: Compat change id reported: 175319604; UID 1000; state: DISABLED
12-16 11:06:27.388 1497 1731 I netstats_mobile_sample: [0,0,0,0,0,0,0,0,0,0,0,0,1671159987388]
12-16 11:06:27.388 1497 1731 I netstats_wifi_sample: [160179197,360298,217618331,487258,160179197,360298,217618331,487258,183471671,527879,109058212,245565,1671159987388]
12-16 11:06:27.394 666 731 E NetlinkEvent: NetlinkEvent::FindParam(): Parameter 'INTERFACE' not found
12-16 11:06:27.394 666 731 E NetlinkEvent: NetlinkEvent::FindParam(): Parameter 'STATE' not found
12-16 11:06:27.394 666 731 E NetlinkEvent: NetlinkEvent::FindParam(): Parameter 'TIME_NS' not found
12-16 11:06:27.394 666 731 E NetlinkEvent: NetlinkEvent::FindParam(): Parameter 'UID' not found
12-16 11:06:27.405 1497 1731 I netstats_mobile_sample: [0,0,0,0,0,0,0,0,0,0,0,0,1671159987405]
12-16 11:06:27.405 1497 1731 I netstats_wifi_sample: [160179281,360299,217618415,487259,160179281,360299,217618415,487259,183471671,527879,109058296,245566,1671159987405]
12-16 11:06:27.408 1497 1731 W ContextImpl: Calling a method in the system process without a qualified user: android.app.ContextImpl.sendStickyBroadcast:1559 com.android.server.ConnectivityService.sendStickyBroadcast:2811 com.android.server.ConnectivityService.sendGeneralBroadcast:2786 com.android.server.ConnectivityService.sendConnectedBroadcast:2759 com.android.server.ConnectivityService.sendLegacyNetworkBroadcast:8704
12-16 11:06:27.414 1497 1731 W ContextImpl: Calling a method in the system process without a qualified user: android.app.ContextImpl.sendStickyBroadcast:1559 com.android.server.ConnectivityService.sendStickyBroadcast:2811 com.android.server.ConnectivityService.sendGeneralBroadcast:2786 com.android.server.ConnectivityService.sendInetConditionBroadcast:2763 com.android.server.ConnectivityService.updateInetCondition:8451
12-16 11:06:27.759 0 0 I auditd : type=1400 audit(0.0:24495): avc: denied { kill } for comm="swapper/2" capability=5 scontext=u:r:kernel:s0 tcontext=u:r:kernel:s0 tclass=capability permissive=0
12-16 11:06:28.759 0 0 I auditd : type=1400 audit(0.0:24496): avc: denied { kill } for comm="swapper/2" capability=5 scontext=u:r:kernel:s0 tcontext=u:r:kernel:s0 tclass=capability permissive=0
12-16 11:06:29.759 0 0 I auditd : type=1400 audit(0.0:24497): avc: denied { kill } for comm="swapper/2" capability=5 scontext=u:r:kernel:s0 tcontext=u:r:kernel:s0 tclass=capability permissive=0
12-16 11:06:30.759 0 0 I auditd : type=1400 audit(0.0:24498): avc: denied { kill } for comm="swapper/2" capability=5 scontext=u:r:kernel:s0 tcontext=u:r:kernel:s0 tclass=capability permissive=0
12-16 11:06:31.759 0 0 I auditd : type=1400 audit(0.0:24499): avc: denied { kill } for comm="swapper/2" capability=5 scontext=u:r:kernel:s0 tcontext=u:r:kernel:s0 tclass=capability permissive=0
12-16 11:06:32.759 0 0 I auditd : type=1400 audit(0.0:24500): avc: denied { kill } for comm="swapper/0" capability=5 scontext=u:r:kernel:s0 tcontext=u:r:kernel:s0 tclass=capability permissive=0
12-16 11:06:33.759 350 350 I auditd : type=1400 audit(0.0:24501): avc: denied { kill } for comm="irq/382-atmel_m" capability=5 scontext=u:r:kernel:s0 tcontext=u:r:kernel:s0 tclass=capability permissive=0
12-16 11:06:34.759 0 0 I auditd : type=1400 audit(0.0:24502): avc: denied { kill } for comm="swapper/1" capability=5 scontext=u:r:kernel:s0 tcontext=u:r:kernel:s0 tclass=capability permissive=0
12-16 11:06:35.759 0 0 I auditd : type=1400 audit(0.0:24503): avc: denied { kill } for comm="swapper/1" capability=5 scontext=u:r:kernel:s0 tcontext=u:r:kernel:s0 tclass=capability permissive=0
12-16 11:06:37.763 0 0 I auditd : type=1400 audit(0.0:24504): avc: denied { kill } for comm="swapper/3" capability=5 scontext=u:r:kernel:s0 tcontext=u:r:kernel:s0 tclass=capability permissive=0
12-16 11:06:38.763 0 0 I auditd : type=1400 audit(0.0:24505): avc: denied { kill } for comm="swapper/3" capability=5 scontext=u:r:kernel:s0 tcontext=u:r:kernel:s0 tclass=capability permissive=0
12-16 11:06:39.763 0 0 I auditd : type=1400 audit(0.0:24506): avc: denied { kill } for comm="swapper/3" capability=5 scontext=u:r:kernel:s0 tcontext=u:r:kernel:s0 tclass=capability permissive=0
12-16 11:06:40.763 0 0 I auditd : type=1400 audit(0.0:24507): avc: denied { kill } for comm="swapper/3" capability=5 scontext=u:r:kernel:s0 tcontext=u:r:kernel:s0 tclass=capability permissive=0
12-16 11:06:41.759 0 0 I auditd : type=1400 audit(0.0:24508): avc: denied { kill } for comm="swapper/3" capability=5 scontext=u:r:kernel:s0 tcontext=u:r:kernel:s0 tclass=capability permissive=0
12-16 11:06:42.698 1497 1603 I am_uid_idle: 10064
12-16 11:06:42.759 0 0 I auditd : type=1400 audit(0.0:24509): avc: denied { kill } for comm="swapper/3" capability=5 scontext=u:r:kernel:s0 tcontext=u:r:kernel:s0 tclass=capability permissive=0
12-16 11:06:43.763 0 0 I auditd : type=1400 audit(0.0:24510): avc: denied { kill } for comm="swapper/3" capability=5 scontext=u:r:kernel:s0 tcontext=u:r:kernel:s0 tclass=capability permissive=0
12-16 11:06:44.763 0 0 I auditd : type=1400 audit(0.0:24511): avc: denied { kill } for comm="swapper/3" capability=5 scontext=u:r:kernel:s0 tcontext=u:r:kernel:s0 tclass=capability permissive=0
12-16 11:06:45.763 0 0 I auditd : type=1400 audit(0.0:24512): avc: denied { kill } for comm="swapper/3" capability=5 scontext=u:r:kernel:s0 tcontext=u:r:kernel:s0 tclass=capability permissive=0
12-16 11:06:46.759 0 0 I auditd : type=1400 audit(0.0:24513): avc: denied { kill } for comm="swapper/3" capability=5 scontext=u:r:kernel:s0 tcontext=u:r:kernel:s0 tclass=capability permissive=0
12-16 11:06:47.444 1497 2036 I ntp_failure: [time.android.com,java.net.UnknownHostException: Unable to resolve host "time.android.com": No address associated with hostname]
12-16 11:06:47.477 1497 1603 W BroadcastQueue: Permission Denial: broadcasting Intent { act=android.net.conn.CONNECTIVITY_CHANGE flg=0x4200010 (has extras) } from null (pid=-1, uid=-1) requires com.baidu.input.permission.sofire.RECEIVE due to registered receiver BroadcastFilter{26b2071 10028/u0 ReceiverList{72c2e18 4275 com.baidu.input/10028/u0 remote:e8dddfb}}
12-16 11:06:47.763 0 0 I auditd : type=1400 audit(0.0:24514): avc: denied { kill } for comm="swapper/3" capability=5 scontext=u:r:kernel:s0 tcontext=u:r:kernel:s0 tclass=capability permissive=0
12-16 11:06:48.759 0 0 I auditd : type=1400 audit(0.0:24515): avc: denied { kill } for comm="swapper/3" capability=5 scontext=u:r:kernel:s0 tcontext=u:r:kernel:s0 tclass=capability permissive=0
12-16 11:06:49.763 0 0 I auditd : type=1400 audit(0.0:24516): avc: denied { kill } for comm="swapper/3" capability=5 scontext=u:r:kernel:s0 tcontext=u:r:kernel:s0 tclass=capability permissive=0
12-16 11:06:50.759 0 0 I auditd : type=1400 audit(0.0:24517): avc: denied { kill } for comm="swapper/3" capability=5 scontext=u:r:kernel:s0 tcontext=u:r:kernel:s0 tclass=capability permissive=0
