01-01 14:38:16.558 0 0 D : mv2112_read_status
01-01 14:38:16.558 0 0 D mv2112_update_link: 3.0x901(1G): 0x80
01-01 14:38:16.559 0 0 D mv2112_update_link: 3.0x8109(100M): 0x8
01-01 14:38:16.559 0 0 D mv2112_update_link: link 0x0
01-01 14:38:16.559 0 0 D mv2112_read_status: autoneg is disabled
12-16 11:21:51.759 0 0 I auditd : type=1400 audit(0.0:25418): avc: denied { kill } for comm="swapper/2" capability=5 scontext=u:r:kernel:s0 tcontext=u:r:kernel:s0 tclass=capability permissive=0
01-01 14:38:17.582 0 0 D : mv2112_read_status
01-01 14:38:17.582 0 0 D mv2112_update_link: 3.0x901(1G): 0x80
01-01 14:38:17.583 0 0 D mv2112_update_link: 3.0x8109(100M): 0x8
01-01 14:38:17.583 0 0 D mv2112_update_link: link 0x0
01-01 14:38:17.583 0 0 D mv2112_read_status: autoneg is disabled
12-16 11:21:52.759 0 0 I auditd : type=1400 audit(0.0:25419): avc: denied { kill } for comm="swapper/2" capability=5 scontext=u:r:kernel:s0 tcontext=u:r:kernel:s0 tclass=capability permissive=0
01-01 14:38:18.606 0 0 D : mv2112_read_status
01-01 14:38:18.607 0 0 D mv2112_update_link: 3.0x901(1G): 0x80
01-01 14:38:18.607 0 0 D mv2112_update_link: 3.0x8109(100M): 0x8
01-01 14:38:18.607 0 0 D mv2112_update_link: link 0x0
01-01 14:38:18.607 0 0 D mv2112_read_status: autoneg is disabled
12-16 11:21:53.759 0 0 I auditd : type=1400 audit(0.0:25420): avc: denied { kill } for comm="swapper/2" capability=5 scontext=u:r:kernel:s0 tcontext=u:r:kernel:s0 tclass=capability permissive=0
01-01 14:38:19.630 0 0 D : mv2112_read_status
01-01 14:38:19.630 0 0 D mv2112_update_link: 3.0x901(1G): 0x80
01-01 14:38:19.631 0 0 D mv2112_update_link: 3.0x8109(100M): 0x8
01-01 14:38:19.631 0 0 D mv2112_update_link: link 0x0
01-01 14:38:19.631 0 0 D mv2112_read_status: autoneg is disabled
12-16 11:21:54.759 0 0 I auditd : type=1400 audit(0.0:25421): avc: denied { kill } for comm="swapper/2" capability=5 scontext=u:r:kernel:s0 tcontext=u:r:kernel:s0 tclass=capability permissive=0
01-01 14:38:20.654 0 0 D : mv2112_read_status
01-01 14:38:20.654 0 0 D mv2112_update_link: 3.0x901(1G): 0x80
01-01 14:38:20.655 0 0 D mv2112_update_link: 3.0x8109(100M): 0x8
01-01 14:38:20.655 0 0 D mv2112_update_link: link 0x0
01-01 14:38:20.655 0 0 D mv2112_read_status: autoneg is disabled
12-16 11:21:55.759 0 0 I auditd : type=1400 audit(0.0:25422): avc: denied { kill } for comm="swapper/2" capability=5 scontext=u:r:kernel:s0 tcontext=u:r:kernel:s0 tclass=capability permissive=0
01-01 14:38:21.678 0 0 D : mv2112_read_status
01-01 14:38:21.678 0 0 D mv2112_update_link: 3.0x901(1G): 0x80
01-01 14:38:21.679 0 0 D mv2112_update_link: 3.0x8109(100M): 0x8
01-01 14:38:21.679 0 0 D mv2112_update_link: link 0x0
01-01 14:38:21.679 0 0 D mv2112_read_status: autoneg is disabled
12-16 11:21:56.759 0 0 I auditd : type=1400 audit(0.0:25423): avc: denied { kill } for comm="swapper/2" capability=5 scontext=u:r:kernel:s0 tcontext=u:r:kernel:s0 tclass=capability permissive=0
01-01 14:38:22.702 0 0 D : mv2112_read_status
01-01 14:38:22.702 0 0 D mv2112_update_link: 3.0x901(1G): 0x80
01-01 14:38:22.703 0 0 D mv2112_update_link: 3.0x8109(100M): 0x8
01-01 14:38:22.703 0 0 D mv2112_update_link: link 0x0
01-01 14:38:22.703 0 0 D mv2112_read_status: autoneg is disabled
12-16 11:21:57.759 0 0 I auditd : type=1400 audit(0.0:25424): avc: denied { kill } for comm="swapper/2" capability=5 scontext=u:r:kernel:s0 tcontext=u:r:kernel:s0 tclass=capability permissive=0
01-01 14:38:23.726 0 0 D : mv2112_read_status
01-01 14:38:23.727 0 0 D mv2112_update_link: 3.0x901(1G): 0x80
01-01 14:38:23.727 0 0 D mv2112_update_link: 3.0x8109(100M): 0x8
01-01 14:38:23.727 0 0 D mv2112_update_link: link 0x0
01-01 14:38:23.727 0 0 D mv2112_read_status: autoneg is disabled
01-01 14:38:24.750 0 0 D : mv2112_read_status
01-01 14:38:24.751 0 0 D mv2112_update_link: 3.0x901(1G): 0x80
01-01 14:38:24.751 0 0 D mv2112_update_link: 3.0x8109(100M): 0x8
01-01 14:38:24.751 0 0 D mv2112_update_link: link 0x0
01-01 14:38:24.751 0 0 D mv2112_read_status: autoneg is disabled
01-01 14:38:25.775 0 0 D : mv2112_read_status
01-01 14:38:25.775 0 0 D mv2112_update_link: 3.0x901(1G): 0x80
01-01 14:38:25.775 0 0 D mv2112_update_link: 3.0x8109(100M): 0x8
01-01 14:38:25.775 0 0 D mv2112_update_link: link 0x0
01-01 14:38:25.775 0 0 D mv2112_read_status: autoneg is disabled
01-01 14:38:26.798 0 0 D : mv2112_read_status
01-01 14:38:26.799 0 0 D mv2112_update_link: 3.0x901(1G): 0x80
01-01 14:38:26.799 0 0 D mv2112_update_link: 3.0x8109(100M): 0x8
01-01 14:38:26.799 0 0 D mv2112_update_link: link 0x0
01-01 14:38:26.799 0 0 D mv2112_read_status: autoneg is disabled
01-01 14:38:27.822 0 0 D : mv2112_read_status
01-01 14:38:27.823 0 0 D mv2112_update_link: 3.0x901(1G): 0x80
01-01 14:38:27.823 0 0 D mv2112_update_link: 3.0x8109(100M): 0x8
01-01 14:38:27.823 0 0 D mv2112_update_link: link 0x0
01-01 14:38:27.823 0 0 D mv2112_read_status: autoneg is disabled
01-01 14:38:28.846 0 0 D : mv2112_read_status
01-01 14:38:28.847 0 0 D mv2112_update_link: 3.0x901(1G): 0x80
01-01 14:38:28.847 0 0 D mv2112_update_link: 3.0x8109(100M): 0x8
01-01 14:38:28.847 0 0 D mv2112_update_link: link 0x0
01-01 14:38:28.847 0 0 D mv2112_read_status: autoneg is disabled
12-16 11:22:03.759 0 0 I auditd : type=1400 audit(0.0:25425): avc: denied { kill } for comm="swapper/2" capability=5 scontext=u:r:kernel:s0 tcontext=u:r:kernel:s0 tclass=capability permissive=0
01-01 14:38:29.870 0 0 D : mv2112_read_status
01-01 14:38:29.871 0 0 D mv2112_update_link: 3.0x901(1G): 0x80
01-01 14:38:29.871 0 0 D mv2112_update_link: 3.0x8109(100M): 0x8
01-01 14:38:29.871 0 0 D mv2112_update_link: link 0x0
01-01 14:38:29.871 0 0 D mv2112_read_status: autoneg is disabled
12-16 11:22:04.759 0 0 I auditd : type=1400 audit(0.0:25426): avc: denied { kill } for comm="swapper/2" capability=5 scontext=u:r:kernel:s0 tcontext=u:r:kernel:s0 tclass=capability permissive=0
01-01 14:38:30.894 0 0 D : mv2112_read_status
01-01 14:38:30.894 0 0 D mv2112_update_link: 3.0x901(1G): 0x80
01-01 14:38:30.895 0 0 D mv2112_update_link: 3.0x8109(100M): 0x8
01-01 14:38:30.895 0 0 D mv2112_update_link: link 0x0
01-01 14:38:30.895 0 0 D mv2112_read_status: autoneg is disabled
01-01 14:38:31.185 0 0 I msm_vidc: err : ffffffff: .....: DBLP Set: status 0
12-16 11:22:05.759 0 0 I auditd : type=1400 audit(0.0:25427): avc: denied { kill } for comm="swapper/2" capability=5 scontext=u:r:kernel:s0 tcontext=u:r:kernel:s0 tclass=capability permissive=0
01-01 14:38:31.918 0 0 D : mv2112_read_status
01-01 14:38:31.918 0 0 D mv2112_update_link: 3.0x901(1G): 0x80
01-01 14:38:31.919 0 0 D mv2112_update_link: 3.0x8109(100M): 0x8
01-01 14:38:31.919 0 0 D mv2112_update_link: link 0x0
01-01 14:38:31.919 0 0 D mv2112_read_status: autoneg is disabled
12-16 11:22:06.759 0 0 I auditd : type=1400 audit(0.0:25428): avc: denied { kill } for comm="swapper/2" capability=5 scontext=u:r:kernel:s0 tcontext=u:r:kernel:s0 tclass=capability permissive=0
01-01 14:38:32.942 0 0 D : mv2112_read_status
01-01 14:38:32.942 0 0 D mv2112_update_link: 3.0x901(1G): 0x80
01-01 14:38:32.943 0 0 D mv2112_update_link: 3.0x8109(100M): 0x8
01-01 14:38:32.943 0 0 D mv2112_update_link: link 0x0
01-01 14:38:32.943 0 0 D mv2112_read_status: autoneg is disabled
12-16 11:22:07.759 0 0 I auditd : type=1400 audit(0.0:25429): avc: denied { kill } for comm="swapper/2" capability=5 scontext=u:r:kernel:s0 tcontext=u:r:kernel:s0 tclass=capability permissive=0
01-01 14:38:33.966 0 0 D : mv2112_read_status
01-01 14:38:33.966 0 0 D mv2112_update_link: 3.0x901(1G): 0x80
01-01 14:38:33.967 0 0 D mv2112_update_link: 3.0x8109(100M): 0x8
01-01 14:38:33.967 0 0 D mv2112_update_link: link 0x0
01-01 14:38:33.967 0 0 D mv2112_read_status: autoneg is disabled
12-16 11:22:08.759 0 0 I auditd : type=1400 audit(0.0:25430): avc: denied { kill } for comm="swapper/2" capability=5 scontext=u:r:kernel:s0 tcontext=u:r:kernel:s0 tclass=capability permissive=0
01-01 14:38:34.990 0 0 D : mv2112_read_status
01-01 14:38:34.990 0 0 D mv2112_update_link: 3.0x901(1G): 0x80
01-01 14:38:34.991 0 0 D mv2112_update_link: 3.0x8109(100M): 0x8
01-01 14:38:34.991 0 0 D mv2112_update_link: link 0x0
01-01 14:38:34.991 0 0 D mv2112_read_status: autoneg is disabled
12-16 11:22:09.759 0 0 I auditd : type=1400 audit(0.0:25431): avc: denied { kill } for comm="swapper/2" capability=5 scontext=u:r:kernel:s0 tcontext=u:r:kernel:s0 tclass=capability permissive=0
01-01 14:38:35.880 0 0 I [soft_i][0x6ae98da046][11:22:10.276453] wlan: [0:I:QDF] DHCP-R TX: SA:7a:e4:bc:f9:6b:c7 DA:58:d9:d5:44:ba:d8 msdu_id:5 status: succ
01-01 14:38:35.891 0 0 I [dp_rx_][0x6ae990e194][11:22:10.287564] wlan: [9507:I:QDF] DHCP-A RX: SA:58:d9:d5:44:ba:d8 DA:ff:ff:ff:ff:ff:ff
01-01 14:38:36.014 0 0 D : mv2112_read_status
01-01 14:38:36.015 0 0 D mv2112_update_link: 3.0x901(1G): 0x80
01-01 14:38:36.015 0 0 D mv2112_update_link: 3.0x8109(100M): 0x8
01-01 14:38:36.015 0 0 D mv2112_update_link: link 0x0
01-01 14:38:36.015 0 0 D mv2112_read_status: autoneg is disabled
12-16 11:22:10.759 0 0 I auditd : type=1400 audit(0.0:25432): avc: denied { kill } for comm="swapper/2" capability=5 scontext=u:r:kernel:s0 tcontext=u:r:kernel:s0 tclass=capability permissive=0
01-01 14:38:37.038 0 0 D : mv2112_read_status
01-01 14:38:37.039 0 0 D mv2112_update_link: 3.0x901(1G): 0x80
01-01 14:38:37.039 0 0 D mv2112_update_link: 3.0x8109(100M): 0x8
01-01 14:38:37.039 0 0 D mv2112_update_link: link 0x0
01-01 14:38:37.039 0 0 D mv2112_read_status: autoneg is disabled
12-16 11:22:11.759 0 0 I auditd : type=1400 audit(0.0:25433): avc: denied { kill } for comm="swapper/2" capability=5 scontext=u:r:kernel:s0 tcontext=u:r:kernel:s0 tclass=capability permissive=0
01-01 14:38:38.062 0 0 D : mv2112_read_status
01-01 14:38:38.062 0 0 D mv2112_update_link: 3.0x901(1G): 0x80
01-01 14:38:38.063 0 0 D mv2112_update_link: 3.0x8109(100M): 0x8
01-01 14:38:38.063 0 0 D mv2112_update_link: link 0x0
01-01 14:38:38.063 0 0 D mv2112_read_status: autoneg is disabled
12-16 11:22:12.759 0 0 I auditd : type=1400 audit(0.0:25434): avc: denied { kill } for comm="swapper/2" capability=5 scontext=u:r:kernel:s0 tcontext=u:r:kernel:s0 tclass=capability permissive=0
01-01 14:38:39.086 0 0 D : mv2112_read_status
01-01 14:38:39.087 0 0 D mv2112_update_link: 3.0x901(1G): 0x80
01-01 14:38:39.087 0 0 D mv2112_update_link: 3.0x8109(100M): 0x8
01-01 14:38:39.087 0 0 D mv2112_update_link: link 0x0
01-01 14:38:39.087 0 0 D mv2112_read_status: autoneg is disabled
12-16 11:22:13.759 0 0 I auditd : type=1400 audit(0.0:25435): avc: denied { kill } for comm="swapper/2" capability=5 scontext=u:r:kernel:s0 tcontext=u:r:kernel:s0 tclass=capability permissive=0
01-01 14:38:40.110 0 0 D : mv2112_read_status
01-01 14:38:40.111 0 0 D mv2112_update_link: 3.0x901(1G): 0x80
01-01 14:38:40.111 0 0 D mv2112_update_link: 3.0x8109(100M): 0x8
01-01 14:38:40.111 0 0 D mv2112_update_link: link 0x0
01-01 14:38:40.111 0 0 D mv2112_read_status: autoneg is disabled
12-16 11:22:14.759 0 0 I auditd : type=1400 audit(0.0:25436): avc: denied { kill } for comm="swapper/2" capability=5 scontext=u:r:kernel:s0 tcontext=u:r:kernel:s0 tclass=capability permissive=0
01-01 14:38:41.134 0 0 D : mv2112_read_status
01-01 14:38:41.134 0 0 D mv2112_update_link: 3.0x901(1G): 0x80
01-01 14:38:41.135 0 0 D mv2112_update_link: 3.0x8109(100M): 0x8
01-01 14:38:41.135 0 0 D mv2112_update_link: link 0x0
01-01 14:38:41.135 0 0 D mv2112_read_status: autoneg is disabled
12-16 11:22:15.759 0 0 I auditd : type=1400 audit(0.0:25437): avc: denied { kill } for comm="swapper/2" capability=5 scontext=u:r:kernel:s0 tcontext=u:r:kernel:s0 tclass=capability permissive=0
01-01 14:38:42.158 0 0 D : mv2112_read_status
01-01 14:38:42.159 0 0 D mv2112_update_link: 3.0x901(1G): 0x80
01-01 14:38:42.159 0 0 D mv2112_update_link: 3.0x8109(100M): 0x8
01-01 14:38:42.159 0 0 D mv2112_update_link: link 0x0
01-01 14:38:42.159 0 0 D mv2112_read_status: autoneg is disabled
12-16 11:22:16.759 0 0 I auditd : type=1400 audit(0.0:25438): avc: denied { kill } for comm="swapper/2" capability=5 scontext=u:r:kernel:s0 tcontext=u:r:kernel:s0 tclass=capability permissive=0
01-01 14:38:43.182 0 0 D : mv2112_read_status
01-01 14:38:43.182 0 0 D mv2112_update_link: 3.0x901(1G): 0x80
01-01 14:38:43.183 0 0 D mv2112_update_link: 3.0x8109(100M): 0x8
01-01 14:38:43.183 0 0 D mv2112_update_link: link 0x0
01-01 14:38:43.183 0 0 D mv2112_read_status: autoneg is disabled
12-16 11:22:17.759 0 0 I auditd : type=1400 audit(0.0:25439): avc: denied { kill } for comm="swapper/2" capability=5 scontext=u:r:kernel:s0 tcontext=u:r:kernel:s0 tclass=capability permissive=0
01-01 14:38:44.206 0 0 D : mv2112_read_status
01-01 14:38:44.206 0 0 D mv2112_update_link: 3.0x901(1G): 0x80
01-01 14:38:44.207 0 0 D mv2112_update_link: 3.0x8109(100M): 0x8
01-01 14:38:44.207 0 0 D mv2112_update_link: link 0x0
01-01 14:38:44.207 0 0 D mv2112_read_status: autoneg is disabled
12-16 11:22:18.759 0 0 I auditd : type=1400 audit(0.0:25440): avc: denied { kill } for comm="swapper/2" capability=5 scontext=u:r:kernel:s0 tcontext=u:r:kernel:s0 tclass=capability permissive=0
01-01 14:38:45.230 0 0 D : mv2112_read_status
01-01 14:38:45.230 0 0 D mv2112_update_link: 3.0x901(1G): 0x80
01-01 14:38:45.231 0 0 D mv2112_update_link: 3.0x8109(100M): 0x8
01-01 14:38:45.231 0 0 D mv2112_update_link: link 0x0
01-01 14:38:45.231 0 0 D mv2112_read_status: autoneg is disabled
12-16 11:22:19.759 0 0 I auditd : type=1400 audit(0.0:25441): avc: denied { kill } for comm="swapper/2" capability=5 scontext=u:r:kernel:s0 tcontext=u:r:kernel:s0 tclass=capability permissive=0
01-01 14:38:46.254 0 0 D : mv2112_read_status
01-01 14:38:46.255 0 0 D mv2112_update_link: 3.0x901(1G): 0x80
01-01 14:38:46.255 0 0 D mv2112_update_link: 3.0x8109(100M): 0x8
01-01 14:38:46.255 0 0 D mv2112_update_link: link 0x0
01-01 14:38:46.255 0 0 D mv2112_read_status: autoneg is disabled
12-16 11:22:20.759 0 0 I auditd : type=1400 audit(0.0:25442): avc: denied { kill } for comm="swapper/2" capability=5 scontext=u:r:kernel:s0 tcontext=u:r:kernel:s0 tclass=capability permissive=0
01-01 14:38:47.278 0 0 D : mv2112_read_status
01-01 14:38:47.279 0 0 D mv2112_update_link: 3.0x901(1G): 0x80
01-01 14:38:47.279 0 0 D mv2112_update_link: 3.0x8109(100M): 0x8
01-01 14:38:47.279 0 0 D mv2112_update_link: link 0x0
01-01 14:38:47.279 0 0 D mv2112_read_status: autoneg is disabled
12-16 11:22:21.759 0 0 I auditd : type=1400 audit(0.0:25443): avc: denied { kill } for comm="swapper/2" capability=5 scontext=u:r:kernel:s0 tcontext=u:r:kernel:s0 tclass=capability permissive=0
01-01 14:38:48.302 0 0 D : mv2112_read_status
01-01 14:38:48.303 0 0 D mv2112_update_link: 3.0x901(1G): 0x80
01-01 14:38:48.303 0 0 D mv2112_update_link: 3.0x8109(100M): 0x8
01-01 14:38:48.303 0 0 D mv2112_update_link: link 0x0
01-01 14:38:48.303 0 0 D mv2112_read_status: autoneg is disabled
12-16 11:22:22.759 0 0 I auditd : type=1400 audit(0.0:25444): avc: denied { kill } for comm="swapper/2" capability=5 scontext=u:r:kernel:s0 tcontext=u:r:kernel:s0 tclass=capability permissive=0
01-01 14:38:49.326 0 0 D : mv2112_read_status
01-01 14:38:49.327 0 0 D mv2112_update_link: 3.0x901(1G): 0x80
01-01 14:38:49.327 0 0 D mv2112_update_link: 3.0x8109(100M): 0x8
01-01 14:38:49.327 0 0 D mv2112_update_link: link 0x0
01-01 14:38:49.327 0 0 D mv2112_read_status: autoneg is disabled
12-16 11:22:23.759 0 0 I auditd : type=1400 audit(0.0:25445): avc: denied { kill } for comm="swapper/2" capability=5 scontext=u:r:kernel:s0 tcontext=u:r:kernel:s0 tclass=capability permissive=0
01-01 14:38:50.350 0 0 D : mv2112_read_status
01-01 14:38:50.351 0 0 D mv2112_update_link: 3.0x901(1G): 0x80
01-01 14:38:50.351 0 0 D mv2112_update_link: 3.0x8109(100M): 0x8
01-01 14:38:50.351 0 0 D mv2112_update_link: link 0x0
01-01 14:38:50.351 0 0 D mv2112_read_status: autoneg is disabled
12-16 11:22:24.759 0 0 I auditd : type=1400 audit(0.0:25446): avc: denied { kill } for comm="swapper/2" capability=5 scontext=u:r:kernel:s0 tcontext=u:r:kernel:s0 tclass=capability permissive=0
12-16 11:22:25.759 0 0 I auditd : type=1400 audit(0.0:25447): avc: denied { kill } for comm="swapper/2" capability=5 scontext=u:r:kernel:s0 tcontext=u:r:kernel:s0 tclass=capability permissive=0
01-01 14:38:51.374 0 0 D : mv2112_read_status
01-01 14:38:51.375 0 0 D mv2112_update_link: 3.0x901(1G): 0x80
01-01 14:38:51.375 0 0 D mv2112_update_link: 3.0x8109(100M): 0x8
01-01 14:38:51.375 0 0 D mv2112_update_link: link 0x0
01-01 14:38:51.375 0 0 D mv2112_read_status: autoneg is disabled
12-16 11:22:26.759 0 0 I auditd : type=1400 audit(0.0:25448): avc: denied { kill } for comm="swapper/2" capability=5 scontext=u:r:kernel:s0 tcontext=u:r:kernel:s0 tclass=capability permissive=0
01-01 14:38:52.398 0 0 D : mv2112_read_status
01-01 14:38:52.399 0 0 D mv2112_update_link: 3.0x901(1G): 0x80
01-01 14:38:52.399 0 0 D mv2112_update_link: 3.0x8109(100M): 0x8
01-01 14:38:52.399 0 0 D mv2112_update_link: link 0x0
01-01 14:38:52.399 0 0 D mv2112_read_status: autoneg is disabled
12-16 11:22:27.759 0 0 I auditd : type=1400 audit(0.0:25449): avc: denied { kill } for comm="swapper/2" capability=5 scontext=u:r:kernel:s0 tcontext=u:r:kernel:s0 tclass=capability permissive=0
01-01 14:38:53.422 0 0 D : mv2112_read_status
01-01 14:38:53.423 0 0 D mv2112_update_link: 3.0x901(1G): 0x80
01-01 14:38:53.423 0 0 D mv2112_update_link: 3.0x8109(100M): 0x8
01-01 14:38:53.423 0 0 D mv2112_update_link: link 0x0
01-01 14:38:53.423 0 0 D mv2112_read_status: autoneg is disabled
12-16 11:22:28.759 0 0 I auditd : type=1400 audit(0.0:25450): avc: denied { kill } for comm="swapper/2" capability=5 scontext=u:r:kernel:s0 tcontext=u:r:kernel:s0 tclass=capability permissive=0
01-01 14:38:54.446 0 0 D : mv2112_read_status
01-01 14:38:54.446 0 0 D mv2112_update_link: 3.0x901(1G): 0x80
01-01 14:38:54.447 0 0 D mv2112_update_link: 3.0x8109(100M): 0x8
01-01 14:38:54.447 0 0 D mv2112_update_link: link 0x0
01-01 14:38:54.447 0 0 D mv2112_read_status: autoneg is disabled
12-16 11:22:29.759 0 0 I auditd : type=1400 audit(0.0:25451): avc: denied { kill } for comm="swapper/2" capability=5 scontext=u:r:kernel:s0 tcontext=u:r:kernel:s0 tclass=capability permissive=0
01-01 14:38:55.470 0 0 D : mv2112_read_status
01-01 14:38:55.471 0 0 D mv2112_update_link: 3.0x901(1G): 0x80
01-01 14:38:55.471 0 0 D mv2112_update_link: 3.0x8109(100M): 0x8
01-01 14:38:55.471 0 0 D mv2112_update_link: link 0x0
01-01 14:38:55.471 0 0 D mv2112_read_status: autoneg is disabled
12-16 11:22:30.759 0 0 I auditd : type=1400 audit(0.0:25452): avc: denied { kill } for comm="swapper/2" capability=5 scontext=u:r:kernel:s0 tcontext=u:r:kernel:s0 tclass=capability permissive=0
01-01 14:38:56.494 0 0 D : mv2112_read_status
01-01 14:38:56.494 0 0 D mv2112_update_link: 3.0x901(1G): 0x80
01-01 14:38:56.495 0 0 D mv2112_update_link: 3.0x8109(100M): 0x8
01-01 14:38:56.495 0 0 D mv2112_update_link: link 0x0
01-01 14:38:56.495 0 0 D mv2112_read_status: autoneg is disabled
12-16 11:22:31.759 0 0 I auditd : type=1400 audit(0.0:25453): avc: denied { kill } for comm="swapper/2" capability=5 scontext=u:r:kernel:s0 tcontext=u:r:kernel:s0 tclass=capability permissive=0
01-01 14:38:57.518 0 0 D : mv2112_read_status
01-01 14:38:57.518 0 0 D mv2112_update_link: 3.0x901(1G): 0x80
01-01 14:38:57.519 0 0 D mv2112_update_link: 3.0x8109(100M): 0x8
01-01 14:38:57.519 0 0 D mv2112_update_link: link 0x0
01-01 14:38:57.519 0 0 D mv2112_read_status: autoneg is disabled
12-16 11:22:32.759 0 0 I auditd : type=1400 audit(0.0:25454): avc: denied { kill } for comm="swapper/2" capability=5 scontext=u:r:kernel:s0 tcontext=u:r:kernel:s0 tclass=capability permissive=0
01-01 14:38:58.516 0 0 I [schedu][0x6b037554dd][11:22:32.912674] wlan: [9505:I:WMA] [11:22:32.808000] [ROAM_TRIGGER]: VDEV[0] Reason: "PER"
01-01 14:38:58.516 0 0 I [schedu][0x6b0375577d][11:22:32.912709] wlan: [9505:I:WMA] [11:22:32.808000] [ROAM_SCAN]: VDEV[0] Scan_type: PARTIAL {2432 }
01-01 14:38:58.516 0 0 I [schedu][0x6b037558d4][11:22:32.912727] wlan: [9505:I:WMA] ============================================================================================================================
01-01 14:38:58.516 0 0 I [schedu][0x6b03755d00][11:22:32.912783] wlan: [9505:I:WMA] AP BSSID TSTAMP CH TY ETP RSSI/SCR CU%/SCR TOT_SCR BL_RSN BL_SRC BL_TSTAMP BL_TIMEOUT(ms)
01-01 14:38:58.516 0 0 I [schedu][0x6b03755e47][11:22:32.912800] wlan: [9505:I:WMA] ============================================================================================================================
01-01 14:38:58.516 0 0 I [schedu][0x6b0375608f][11:22:32.912830] wlan: [9505:I:WMA] 58:d9:d5:44:ba:d8 [11:22:32.808000] 2432 P_AP 0 41/0 0/0 3686 0 0 [00:00:00.000000] 0
01-01 14:38:58.516 0 0 I [schedu][0x6b03756273][11:22:32.912855] wlan: [9505:I:WMA] [11:22:32.888000] [ROAM_RESULT]: VDEV[0] FAILED Reason: NO AP FOUND
01-01 14:38:58.542 0 0 D : mv2112_read_status
01-01 14:38:58.542 0 0 D mv2112_update_link: 3.0x901(1G): 0x80
01-01 14:38:58.543 0 0 D mv2112_update_link: 3.0x8109(100M): 0x8
01-01 14:38:58.543 0 0 D mv2112_update_link: link 0x0
01-01 14:38:58.543 0 0 D mv2112_read_status: autoneg is disabled
01-01 14:38:59.566 0 0 D : mv2112_read_status
01-01 14:38:59.566 0 0 D mv2112_update_link: 3.0x901(1G): 0x80
01-01 14:38:59.567 0 0 D mv2112_update_link: 3.0x8109(100M): 0x8
01-01 14:38:59.567 0 0 D mv2112_update_link: link 0x0
01-01 14:38:59.567 0 0 D mv2112_read_status: autoneg is disabled
01-01 14:39:00.321 0 0 I [schedu][0x6b05862d7a][11:22:34.717802] wlan: [9505:I:WMA] [11:22:32.894000] [ROAM_TRIGGER]: VDEV[0] Reason: "PER" Sub-Reason: FULL SCAN
01-01 14:39:00.321 0 0 I [schedu][0x6b05862ff3][11:22:34.717835] wlan: [9505:I:WMA] [11:22:32.894000] [ROAM_SCAN]: VDEV[0] Scan_type: FULL
01-01 14:39:00.321 0 0 I [schedu][0x6b05863140][11:22:34.717852] wlan: [9505:I:WMA] ============================================================================================================================
01-01 14:39:00.321 0 0 I [schedu][0x6b058634f7][11:22:34.717902] wlan: [9505:I:WMA] AP BSSID TSTAMP CH TY ETP RSSI/SCR CU%/SCR TOT_SCR BL_RSN BL_SRC BL_TSTAMP BL_TIMEOUT(ms)
01-01 14:39:00.321 0 0 I [schedu][0x6b05863650][11:22:34.717920] wlan: [9505:I:WMA] ============================================================================================================================
01-01 14:39:00.321 0 0 I [schedu][0x6b0586387b][11:22:34.717949] wlan: [9505:I:WMA] 58:d9:d5:44:ba:d8 [11:22:32.894000] 2432 P_AP 0 42/0 0/0 3686 0 0 [00:00:00.000000] 0
01-01 14:39:00.321 0 0 I [schedu][0x6b05863a6b][11:22:34.717975] wlan: [9505:I:WMA] [11:22:34.702000] [ROAM_RESULT]: VDEV[0] FAILED Reason: NO AP FOUND
12-16 11:22:34.759 0 0 I auditd : type=1400 audit(0.0:25455): avc: denied { kill } for comm="swapper/2" capability=5 scontext=u:r:kernel:s0 tcontext=u:r:kernel:s0 tclass=capability permissive=0
01-01 14:39:00.590 0 0 D : mv2112_read_status
01-01 14:39:00.590 0 0 D mv2112_update_link: 3.0x901(1G): 0x80
01-01 14:39:00.591 0 0 D mv2112_update_link: 3.0x8109(100M): 0x8
01-01 14:39:00.591 0 0 D mv2112_update_link: link 0x0
01-01 14:39:00.591 0 0 D mv2112_read_status: autoneg is disabled
12-16 11:22:35.759 0 0 I auditd : type=1400 audit(0.0:25456): avc: denied { kill } for comm="swapper/2" capability=5 scontext=u:r:kernel:s0 tcontext=u:r:kernel:s0 tclass=capability permissive=0
01-01 14:39:01.614 0 0 D : mv2112_read_status
01-01 14:39:01.615 0 0 D mv2112_update_link: 3.0x901(1G): 0x80
01-01 14:39:01.615 0 0 D mv2112_update_link: 3.0x8109(100M): 0x8
01-01 14:39:01.615 0 0 D mv2112_update_link: link 0x0
01-01 14:39:01.615 0 0 D mv2112_read_status: autoneg is disabled
12-16 11:22:36.759 0 0 I auditd : type=1400 audit(0.0:25457): avc: denied { kill } for comm="swapper/2" capability=5 scontext=u:r:kernel:s0 tcontext=u:r:kernel:s0 tclass=capability permissive=0
01-01 14:39:02.638 0 0 D : mv2112_read_status
01-01 14:39:02.638 0 0 D mv2112_update_link: 3.0x901(1G): 0x80
01-01 14:39:02.639 0 0 D mv2112_update_link: 3.0x8109(100M): 0x8
01-01 14:39:02.639 0 0 D mv2112_update_link: link 0x0
01-01 14:39:02.639 0 0 D mv2112_read_status: autoneg is disabled
12-16 11:22:37.759 0 0 I auditd : type=1400 audit(0.0:25458): avc: denied { kill } for comm="swapper/2" capability=5 scontext=u:r:kernel:s0 tcontext=u:r:kernel:s0 tclass=capability permissive=0
01-01 14:39:03.662 0 0 D : mv2112_read_status
01-01 14:39:03.662 0 0 D mv2112_update_link: 3.0x901(1G): 0x80
01-01 14:39:03.663 0 0 D mv2112_update_link: 3.0x8109(100M): 0x8
01-01 14:39:03.663 0 0 D mv2112_update_link: link 0x0
01-01 14:39:03.663 0 0 D mv2112_read_status: autoneg is disabled
12-16 11:22:38.759 0 0 I auditd : type=1400 audit(0.0:25459): avc: denied { kill } for comm="swapper/2" capability=5 scontext=u:r:kernel:s0 tcontext=u:r:kernel:s0 tclass=capability permissive=0
01-01 14:39:04.686 0 0 D : mv2112_read_status
01-01 14:39:04.686 0 0 D mv2112_update_link: 3.0x901(1G): 0x80
01-01 14:39:04.687 0 0 D mv2112_update_link: 3.0x8109(100M): 0x8
01-01 14:39:04.687 0 0 D mv2112_update_link: link 0x0
01-01 14:39:04.687 0 0 D mv2112_read_status: autoneg is disabled
12-16 11:22:39.759 0 0 I auditd : type=1400 audit(0.0:25460): avc: denied { kill } for comm="swapper/2" capability=5 scontext=u:r:kernel:s0 tcontext=u:r:kernel:s0 tclass=capability permissive=0
01-01 14:39:05.710 0 0 D : mv2112_read_status
01-01 14:39:05.710 0 0 D mv2112_update_link: 3.0x901(1G): 0x80
01-01 14:39:05.711 0 0 D mv2112_update_link: 3.0x8109(100M): 0x8
01-01 14:39:05.711 0 0 D mv2112_update_link: link 0x0
01-01 14:39:05.711 0 0 D mv2112_read_status: autoneg is disabled
01-01 14:39:05.943 0 0 I [soft_i][0x6b0bf54e46][11:22:40.340000] wlan: [0:I:QDF] DHCP-R TX: SA:7a:e4:bc:f9:6b:c7 DA:58:d9:d5:44:ba:d8 msdu_id:4 status: succ
01-01 14:39:05.956 0 0 I [dp_rx_][0x6b0bf91456][11:22:40.352881] wlan: [9507:I:QDF] DHCP-A RX: SA:58:d9:d5:44:ba:d8 DA:ff:ff:ff:ff:ff:ff
12-16 11:22:40.759 0 0 I auditd : type=1400 audit(0.0:25461): avc: denied { kill } for comm="swapper/2" capability=5 scontext=u:r:kernel:s0 tcontext=u:r:kernel:s0 tclass=capability permissive=0
01-01 14:39:06.734 0 0 D : mv2112_read_status
01-01 14:39:06.735 0 0 D mv2112_update_link: 3.0x901(1G): 0x80
01-01 14:39:06.735 0 0 D mv2112_update_link: 3.0x8109(100M): 0x8
01-01 14:39:06.735 0 0 D mv2112_update_link: link 0x0
01-01 14:39:06.735 0 0 D mv2112_read_status: autoneg is disabled
12-16 11:22:41.759 0 0 I auditd : type=1400 audit(0.0:25462): avc: denied { kill } for comm="swapper/2" capability=5 scontext=u:r:kernel:s0 tcontext=u:r:kernel:s0 tclass=capability permissive=0
01-01 14:39:07.758 0 0 D : mv2112_read_status
01-01 14:39:07.758 0 0 D mv2112_update_link: 3.0x901(1G): 0x80
01-01 14:39:07.759 0 0 D mv2112_update_link: 3.0x8109(100M): 0x8
01-01 14:39:07.759 0 0 D mv2112_update_link: link 0x0
01-01 14:39:07.759 0 0 D mv2112_read_status: autoneg is disabled
12-16 11:22:42.759 0 0 I auditd : type=1400 audit(0.0:25463): avc: denied { kill } for comm="swapper/2" capability=5 scontext=u:r:kernel:s0 tcontext=u:r:kernel:s0 tclass=capability permissive=0
01-01 14:39:08.782 0 0 D : mv2112_read_status
01-01 14:39:08.783 0 0 D mv2112_update_link: 3.0x901(1G): 0x80
01-01 14:39:08.783 0 0 D mv2112_update_link: 3.0x8109(100M): 0x8
01-01 14:39:08.783 0 0 D mv2112_update_link: link 0x0
01-01 14:39:08.783 0 0 D mv2112_read_status: autoneg is disabled
12-16 11:22:43.759 0 0 I auditd : type=1400 audit(0.0:25464): avc: denied { kill } for comm="swapper/2" capability=5 scontext=u:r:kernel:s0 tcontext=u:r:kernel:s0 tclass=capability permissive=0
01-01 14:39:09.810 0 0 D : mv2112_read_status
01-01 14:39:09.810 0 0 D mv2112_update_link: 3.0x901(1G): 0x80
01-01 14:39:09.811 0 0 D mv2112_update_link: 3.0x8109(100M): 0x8
01-01 14:39:09.811 0 0 D mv2112_update_link: link 0x0
01-01 14:39:09.811 0 0 D mv2112_read_status: autoneg is disabled
12-16 11:22:44.759 0 0 I auditd : type=1400 audit(0.0:25465): avc: denied { kill } for comm="swapper/2" capability=5 scontext=u:r:kernel:s0 tcontext=u:r:kernel:s0 tclass=capability permissive=0
01-01 14:39:10.830 0 0 D : mv2112_read_status
01-01 14:39:10.830 0 0 D mv2112_update_link: 3.0x901(1G): 0x80
01-01 14:39:10.831 0 0 D mv2112_update_link: 3.0x8109(100M): 0x8
01-01 14:39:10.831 0 0 D mv2112_update_link: link 0x0
01-01 14:39:10.831 0 0 D mv2112_read_status: autoneg is disabled
12-16 11:22:45.759 0 0 I auditd : type=1400 audit(0.0:25466): avc: denied { kill } for comm="swapper/2" capability=5 scontext=u:r:kernel:s0 tcontext=u:r:kernel:s0 tclass=capability permissive=0
01-01 14:39:11.854 0 0 D : mv2112_read_status
01-01 14:39:11.854 0 0 D mv2112_update_link: 3.0x901(1G): 0x80
01-01 14:39:11.855 0 0 D mv2112_update_link: 3.0x8109(100M): 0x8
01-01 14:39:11.855 0 0 D mv2112_update_link: link 0x0
01-01 14:39:11.855 0 0 D mv2112_read_status: autoneg is disabled
12-16 11:22:46.759 0 0 I auditd : type=1400 audit(0.0:25467): avc: denied { kill } for comm="swapper/2" capability=5 scontext=u:r:kernel:s0 tcontext=u:r:kernel:s0 tclass=capability permissive=0
01-01 14:39:12.878 0 0 D : mv2112_read_status
01-01 14:39:12.878 0 0 D mv2112_update_link: 3.0x901(1G): 0x80
01-01 14:39:12.879 0 0 D mv2112_update_link: 3.0x8109(100M): 0x8
01-01 14:39:12.879 0 0 D mv2112_update_link: link 0x0
01-01 14:39:12.879 0 0 D mv2112_read_status: autoneg is disabled
12-16 11:22:47.759 0 0 I auditd : type=1400 audit(0.0:25468): avc: denied { kill } for comm="swapper/2" capability=5 scontext=u:r:kernel:s0 tcontext=u:r:kernel:s0 tclass=capability permissive=0
01-01 14:39:13.902 0 0 D : mv2112_read_status
01-01 14:39:13.903 0 0 D mv2112_update_link: 3.0x901(1G): 0x80
01-01 14:39:13.903 0 0 D mv2112_update_link: 3.0x8109(100M): 0x8
01-01 14:39:13.903 0 0 D mv2112_update_link: link 0x0
01-01 14:39:13.903 0 0 D mv2112_read_status: autoneg is disabled
12-16 11:22:48.759 0 0 I auditd : type=1400 audit(0.0:25469): avc: denied { kill } for comm="swapper/2" capability=5 scontext=u:r:kernel:s0 tcontext=u:r:kernel:s0 tclass=capability permissive=0
01-01 14:39:14.926 0 0 D : mv2112_read_status
01-01 14:39:14.926 0 0 D mv2112_update_link: 3.0x901(1G): 0x80
01-01 14:39:14.927 0 0 D mv2112_update_link: 3.0x8109(100M): 0x8
01-01 14:39:14.927 0 0 D mv2112_update_link: link 0x0
01-01 14:39:14.927 0 0 D mv2112_read_status: autoneg is disabled
12-16 11:22:49.759 0 0 I auditd : type=1400 audit(0.0:25470): avc: denied { kill } for comm="swapper/2" capability=5 scontext=u:r:kernel:s0 tcontext=u:r:kernel:s0 tclass=capability permissive=0
01-01 14:39:15.950 0 0 D : mv2112_read_status
01-01 14:39:15.950 0 0 D mv2112_update_link: 3.0x901(1G): 0x80
01-01 14:39:15.951 0 0 D mv2112_update_link: 3.0x8109(100M): 0x8
01-01 14:39:15.951 0 0 D mv2112_update_link: link 0x0
01-01 14:39:15.951 0 0 D mv2112_read_status: autoneg is disabled
12-16 11:22:50.759 0 0 I auditd : type=1400 audit(0.0:25471): avc: denied { kill } for comm="swapper/2" capability=5 scontext=u:r:kernel:s0 tcontext=u:r:kernel:s0 tclass=capability permissive=0
12-16 11:22:51.010 1497 1709 I service_manager_stats: [120,26,175163]
12-16 11:22:51.029 1497 1709 I netstats_mobile_sample: [0,0,0,0,0,0,0,0,0,0,0,0,1671160971029]
12-16 11:22:51.030 1497 1709 I netstats_wifi_sample: [165444733,372245,227736063,510202,165444733,372245,227736063,510202,189493475,545083,114130046,257157,1671160971029]
01-01 14:39:16.974 0 0 D : mv2112_read_status
01-01 14:39:16.974 0 0 D mv2112_update_link: 3.0x901(1G): 0x80
01-01 14:39:16.975 0 0 D mv2112_update_link: 3.0x8109(100M): 0x8
01-01 14:39:16.975 0 0 D mv2112_update_link: link 0x0
01-01 14:39:16.975 0 0 D mv2112_read_status: autoneg is disabled
12-16 11:22:51.759 0 0 I auditd : type=1400 audit(0.0:25472): avc: denied { kill } for comm="swapper/2" capability=5 scontext=u:r:kernel:s0 tcontext=u:r:kernel:s0 tclass=capability permissive=0
01-01 14:39:17.998 0 0 D : mv2112_read_status
01-01 14:39:17.998 0 0 D mv2112_update_link: 3.0x901(1G): 0x80
01-01 14:39:17.999 0 0 D mv2112_update_link: 3.0x8109(100M): 0x8
01-01 14:39:17.999 0 0 D mv2112_update_link: link 0x0
01-01 14:39:17.999 0 0 D mv2112_read_status: autoneg is disabled
12-16 11:22:52.759 0 0 I auditd : type=1400 audit(0.0:25473): avc: denied { kill } for comm="swapper/2" capability=5 scontext=u:r:kernel:s0 tcontext=u:r:kernel:s0 tclass=capability permissive=0
01-01 14:39:19.022 0 0 D : mv2112_read_status
01-01 14:39:19.023 0 0 D mv2112_update_link: 3.0x901(1G): 0x80
01-01 14:39:19.023 0 0 D mv2112_update_link: 3.0x8109(100M): 0x8
01-01 14:39:19.023 0 0 D mv2112_update_link: link 0x0
01-01 14:39:19.023 0 0 D mv2112_read_status: autoneg is disabled
12-16 11:22:53.759 0 0 I auditd : type=1400 audit(0.0:25474): avc: denied { kill } for comm="swapper/2" capability=5 scontext=u:r:kernel:s0 tcontext=u:r:kernel:s0 tclass=capability permissive=0
01-01 14:39:20.046 0 0 D : mv2112_read_status
01-01 14:39:20.047 0 0 D mv2112_update_link: 3.0x901(1G): 0x80
01-01 14:39:20.047 0 0 D mv2112_update_link: 3.0x8109(100M): 0x8
01-01 14:39:20.047 0 0 D mv2112_update_link: link 0x0
01-01 14:39:20.047 0 0 D mv2112_read_status: autoneg is disabled
12-16 11:22:54.759 0 0 I auditd : type=1400 audit(0.0:25475): avc: denied { kill } for comm="swapper/2" capability=5 scontext=u:r:kernel:s0 tcontext=u:r:kernel:s0 tclass=capability permissive=0
01-01 14:39:21.070 0 0 D : mv2112_read_status
01-01 14:39:21.071 0 0 D mv2112_update_link: 3.0x901(1G): 0x80
01-01 14:39:21.071 0 0 D mv2112_update_link: 3.0x8109(100M): 0x8
01-01 14:39:21.071 0 0 D mv2112_update_link: link 0x0
01-01 14:39:21.071 0 0 D mv2112_read_status: autoneg is disabled
12-16 11:22:55.759 0 0 I auditd : type=1400 audit(0.0:25476): avc: denied { kill } for comm="swapper/2" capability=5 scontext=u:r:kernel:s0 tcontext=u:r:kernel:s0 tclass=capability permissive=0
01-01 14:39:22.094 0 0 D : mv2112_read_status
01-01 14:39:22.095 0 0 D mv2112_update_link: 3.0x901(1G): 0x80
01-01 14:39:22.095 0 0 D mv2112_update_link: 3.0x8109(100M): 0x8
01-01 14:39:22.095 0 0 D mv2112_update_link: link 0x0
01-01 14:39:22.095 0 0 D mv2112_read_status: autoneg is disabled
12-16 11:22:56.759 0 0 I auditd : type=1400 audit(0.0:25477): avc: denied { kill } for comm="swapper/2" capability=5 scontext=u:r:kernel:s0 tcontext=u:r:kernel:s0 tclass=capability permissive=0
01-01 14:39:23.119 0 0 D : mv2112_read_status
01-01 14:39:23.119 0 0 D mv2112_update_link: 3.0x901(1G): 0x80
01-01 14:39:23.119 0 0 D mv2112_update_link: 3.0x8109(100M): 0x8
01-01 14:39:23.119 0 0 D mv2112_update_link: link 0x0
01-01 14:39:23.119 0 0 D mv2112_read_status: autoneg is disabled
01-01 14:39:24.142 0 0 D : mv2112_read_status
01-01 14:39:24.142 0 0 D mv2112_update_link: 3.0x901(1G): 0x80
01-01 14:39:24.143 0 0 D mv2112_update_link: 3.0x8109(100M): 0x8
01-01 14:39:24.143 0 0 D mv2112_update_link: link 0x0
01-01 14:39:24.143 0 0 D mv2112_read_status: autoneg is disabled
12-16 11:22:58.759 0 0 I auditd : type=1400 audit(0.0:25478): avc: denied { kill } for comm="swapper/0" capability=5 scontext=u:r:kernel:s0 tcontext=u:r:kernel:s0 tclass=capability permissive=0
01-01 14:39:25.166 0 0 D : mv2112_read_status
01-01 14:39:25.167 0 0 D mv2112_update_link: 3.0x901(1G): 0x80
01-01 14:39:25.167 0 0 D mv2112_update_link: 3.0x8109(100M): 0x8
01-01 14:39:25.167 0 0 D mv2112_update_link: link 0x0
01-01 14:39:25.167 0 0 D mv2112_read_status: autoneg is disabled
12-16 11:22:59.759 0 0 I auditd : type=1400 audit(0.0:25479): avc: denied { kill } for comm="swapper/0" capability=5 scontext=u:r:kernel:s0 tcontext=u:r:kernel:s0 tclass=capability permissive=0
01-01 14:39:26.190 0 0 D : mv2112_read_status
01-01 14:39:26.191 0 0 D mv2112_update_link: 3.0x901(1G): 0x80
01-01 14:39:26.191 0 0 D mv2112_update_link: 3.0x8109(100M): 0x8
01-01 14:39:26.191 0 0 D mv2112_update_link: link 0x0
01-01 14:39:26.191 0 0 D mv2112_read_status: autoneg is disabled
12-16 11:23:00.759 0 0 I auditd : type=1400 audit(0.0:25480): avc: denied { kill } for comm="swapper/0" capability=5 scontext=u:r:kernel:s0 tcontext=u:r:kernel:s0 tclass=capability permissive=0
01-01 14:39:27.214 0 0 D : mv2112_read_status
01-01 14:39:27.214 0 0 D mv2112_update_link: 3.0x901(1G): 0x80
01-01 14:39:27.215 0 0 D mv2112_update_link: 3.0x8109(100M): 0x8
01-01 14:39:27.215 0 0 D mv2112_update_link: link 0x0
01-01 14:39:27.215 0 0 D mv2112_read_status: autoneg is disabled
12-16 11:23:01.759 350 350 I auditd : type=1400 audit(0.0:25481): avc: denied { kill } for comm="irq/382-atmel_m" capability=5 scontext=u:r:kernel:s0 tcontext=u:r:kernel:s0 tclass=capability permissive=0
01-01 14:39:28.238 0 0 D : mv2112_read_status
01-01 14:39:28.239 0 0 D mv2112_update_link: 3.0x901(1G): 0x80
01-01 14:39:28.239 0 0 D mv2112_update_link: 3.0x8109(100M): 0x8
01-01 14:39:28.239 0 0 D mv2112_update_link: link 0x0
01-01 14:39:28.239 0 0 D mv2112_read_status: autoneg is disabled
12-16 11:23:02.759 0 0 I auditd : type=1400 audit(0.0:25482): avc: denied { kill } for comm="swapper/0" capability=5 scontext=u:r:kernel:s0 tcontext=u:r:kernel:s0 tclass=capability permissive=0
01-01 14:39:29.262 0 0 D : mv2112_read_status
01-01 14:39:29.262 0 0 D mv2112_update_link: 3.0x901(1G): 0x80
01-01 14:39:29.263 0 0 D mv2112_update_link: 3.0x8109(100M): 0x8
01-01 14:39:29.263 0 0 D mv2112_update_link: link 0x0
01-01 14:39:29.263 0 0 D mv2112_read_status: autoneg is disabled
12-16 11:23:03.759 0 0 I auditd : type=1400 audit(0.0:25483): avc: denied { kill } for comm="swapper/0" capability=5 scontext=u:r:kernel:s0 tcontext=u:r:kernel:s0 tclass=capability permissive=0
01-01 14:39:30.286 0 0 D : mv2112_read_status
01-01 14:39:30.286 0 0 D mv2112_update_link: 3.0x901(1G): 0x80
01-01 14:39:30.287 0 0 D mv2112_update_link: 3.0x8109(100M): 0x8
01-01 14:39:30.287 0 0 D mv2112_update_link: link 0x0
01-01 14:39:30.287 0 0 D mv2112_read_status: autoneg is disabled
12-16 11:23:04.759 350 350 I auditd : type=1400 audit(0.0:25484): avc: denied { kill } for comm="irq/382-atmel_m" capability=5 scontext=u:r:kernel:s0 tcontext=u:r:kernel:s0 tclass=capability permissive=0
01-01 14:39:31.184 0 0 I msm_vidc: err : ffffffff: .....: DBLP Set: status 0
01-01 14:39:31.310 0 0 D : mv2112_read_status
01-01 14:39:31.310 0 0 D mv2112_update_link: 3.0x901(1G): 0x80
01-01 14:39:31.311 0 0 D mv2112_update_link: 3.0x8109(100M): 0x8
01-01 14:39:31.311 0 0 D mv2112_update_link: link 0x0
01-01 14:39:31.311 0 0 D mv2112_read_status: autoneg is disabled
12-16 11:23:05.759 0 0 I auditd : type=1400 audit(0.0:25485): avc: denied { kill } for comm="swapper/0" capability=5 scontext=u:r:kernel:s0 tcontext=u:r:kernel:s0 tclass=capability permissive=0
01-01 14:39:32.334 0 0 D : mv2112_read_status
01-01 14:39:32.335 0 0 D mv2112_update_link: 3.0x901(1G): 0x80
01-01 14:39:32.335 0 0 D mv2112_update_link: 3.0x8109(100M): 0x8
01-01 14:39:32.335 0 0 D mv2112_update_link: link 0x0
01-01 14:39:32.335 0 0 D mv2112_read_status: autoneg is disabled
12-16 11:23:06.759 0 0 I auditd : type=1400 audit(0.0:25486): avc: denied { kill } for comm="swapper/0" capability=5 scontext=u:r:kernel:s0 tcontext=u:r:kernel:s0 tclass=capability permissive=0
01-01 14:39:33.358 0 0 D : mv2112_read_status
01-01 14:39:33.359 0 0 D mv2112_update_link: 3.0x901(1G): 0x80
01-01 14:39:33.359 0 0 D mv2112_update_link: 3.0x8109(100M): 0x8
01-01 14:39:33.359 0 0 D mv2112_update_link: link 0x0
01-01 14:39:33.359 0 0 D mv2112_read_status: autoneg is disabled
12-16 11:23:07.759 350 350 I auditd : type=1400 audit(0.0:25487): avc: denied { kill } for comm="irq/382-atmel_m" capability=5 scontext=u:r:kernel:s0 tcontext=u:r:kernel:s0 tclass=capability permissive=0
12-16 11:23:08.759 0 0 I auditd : type=1400 audit(0.0:25488): avc: denied { kill } for comm="swapper/0" capability=5 scontext=u:r:kernel:s0 tcontext=u:r:kernel:s0 tclass=capability permissive=0
01-01 14:39:34.382 0 0 D : mv2112_read_status
01-01 14:39:34.383 0 0 D mv2112_update_link: 3.0x901(1G): 0x80
01-01 14:39:34.383 0 0 D mv2112_update_link: 3.0x8109(100M): 0x8
01-01 14:39:34.383 0 0 D mv2112_update_link: link 0x0
01-01 14:39:34.383 0 0 D mv2112_read_status: autoneg is disabled
12-16 11:23:09.759 0 0 I auditd : type=1400 audit(0.0:25489): avc: denied { kill } for comm="swapper/0" capability=5 scontext=u:r:kernel:s0 tcontext=u:r:kernel:s0 tclass=capability permissive=0
01-01 14:39:35.406 0 0 D : mv2112_read_status
01-01 14:39:35.406 0 0 D mv2112_update_link: 3.0x901(1G): 0x80
01-01 14:39:35.407 0 0 D mv2112_update_link: 3.0x8109(100M): 0x8
01-01 14:39:35.407 0 0 D mv2112_update_link: link 0x0
01-01 14:39:35.407 0 0 D mv2112_read_status: autoneg is disabled
01-01 14:39:36.016 0 0 I [soft_i][0x6b2e5fc232][11:23:10.413012] wlan: [0:I:QDF] DHCP-R TX: SA:7a:e4:bc:f9:6b:c7 DA:58:d9:d5:44:ba:d8 msdu_id:6 status: succ
01-01 14:39:36.035 0 0 I [dp_rx_][0x6b2e65520a][11:23:10.431997] wlan: [9507:I:QDF] DHCP-A RX: SA:58:d9:d5:44:ba:d8 DA:ff:ff:ff:ff:ff:ff
12-16 11:23:10.759 0 0 I auditd : type=1400 audit(0.0:25490): avc: denied { kill } for comm="swapper/0" capability=5 scontext=u:r:kernel:s0 tcontext=u:r:kernel:s0 tclass=capability permissive=0
01-01 14:39:36.430 0 0 D : mv2112_read_status
01-01 14:39:36.431 0 0 D mv2112_update_link: 3.0x901(1G): 0x80
01-01 14:39:36.431 0 0 D mv2112_update_link: 3.0x8109(100M): 0x8
01-01 14:39:36.431 0 0 D mv2112_update_link: link 0x0
01-01 14:39:36.431 0 0 D mv2112_read_status: autoneg is disabled
12-16 11:23:11.759 0 0 I auditd : type=1400 audit(0.0:25491): avc: denied { kill } for comm="swapper/0" capability=5 scontext=u:r:kernel:s0 tcontext=u:r:kernel:s0 tclass=capability permissive=0
01-01 14:39:37.454 0 0 D : mv2112_read_status
01-01 14:39:37.454 0 0 D mv2112_update_link: 3.0x901(1G): 0x80
01-01 14:39:37.455 0 0 D mv2112_update_link: 3.0x8109(100M): 0x8
01-01 14:39:37.455 0 0 D mv2112_update_link: link 0x0
01-01 14:39:37.455 0 0 D mv2112_read_status: autoneg is disabled
12-16 11:23:12.759 350 350 I auditd : type=1400 audit(0.0:25492): avc: denied { kill } for comm="irq/382-atmel_m" capability=5 scontext=u:r:kernel:s0 tcontext=u:r:kernel:s0 tclass=capability permissive=0
01-01 14:39:38.478 0 0 D : mv2112_read_status
01-01 14:39:38.478 0 0 D mv2112_update_link: 3.0x901(1G): 0x80
01-01 14:39:38.479 0 0 D mv2112_update_link: 3.0x8109(100M): 0x8
01-01 14:39:38.479 0 0 D mv2112_update_link: link 0x0
01-01 14:39:38.479 0 0 D mv2112_read_status: autoneg is disabled
12-16 11:23:13.759 0 0 I auditd : type=1400 audit(0.0:25493): avc: denied { kill } for comm="swapper/0" capability=5 scontext=u:r:kernel:s0 tcontext=u:r:kernel:s0 tclass=capability permissive=0
01-01 14:39:39.502 0 0 D : mv2112_read_status
01-01 14:39:39.502 0 0 D mv2112_update_link: 3.0x901(1G): 0x80
01-01 14:39:39.503 0 0 D mv2112_update_link: 3.0x8109(100M): 0x8
01-01 14:39:39.503 0 0 D mv2112_update_link: link 0x0
01-01 14:39:39.503 0 0 D mv2112_read_status: autoneg is disabled
12-16 11:23:14.759 350 350 I auditd : type=1400 audit(0.0:25494): avc: denied { kill } for comm="irq/382-atmel_m" capability=5 scontext=u:r:kernel:s0 tcontext=u:r:kernel:s0 tclass=capability permissive=0
01-01 14:39:40.526 0 0 D : mv2112_read_status
01-01 14:39:40.526 0 0 D mv2112_update_link: 3.0x901(1G): 0x80
01-01 14:39:40.527 0 0 D mv2112_update_link: 3.0x8109(100M): 0x8
01-01 14:39:40.527 0 0 D mv2112_update_link: link 0x0
01-01 14:39:40.527 0 0 D mv2112_read_status: autoneg is disabled
12-16 11:23:15.759 0 0 I auditd : type=1400 audit(0.0:25495): avc: denied { kill } for comm="swapper/0" capability=5 scontext=u:r:kernel:s0 tcontext=u:r:kernel:s0 tclass=capability permissive=0
01-01 14:39:41.550 0 0 D : mv2112_read_status
01-01 14:39:41.550 0 0 D mv2112_update_link: 3.0x901(1G): 0x80
01-01 14:39:41.551 0 0 D mv2112_update_link: 3.0x8109(100M): 0x8
01-01 14:39:41.551 0 0 D mv2112_update_link: link 0x0
01-01 14:39:41.551 0 0 D mv2112_read_status: autoneg is disabled
12-16 11:23:16.759 350 350 I auditd : type=1400 audit(0.0:25496): avc: denied { kill } for comm="irq/382-atmel_m" capability=5 scontext=u:r:kernel:s0 tcontext=u:r:kernel:s0 tclass=capability permissive=0
01-01 14:39:42.574 0 0 D : mv2112_read_status
01-01 14:39:42.574 0 0 D mv2112_update_link: 3.0x901(1G): 0x80
01-01 14:39:42.575 0 0 D mv2112_update_link: 3.0x8109(100M): 0x8
01-01 14:39:42.575 0 0 D mv2112_update_link: link 0x0
01-01 14:39:42.575 0 0 D mv2112_read_status: autoneg is disabled
12-16 11:23:17.759 0 0 I auditd : type=1400 audit(0.0:25497): avc: denied { kill } for comm="swapper/0" capability=5 scontext=u:r:kernel:s0 tcontext=u:r:kernel:s0 tclass=capability permissive=0
01-01 14:39:43.598 0 0 D : mv2112_read_status
01-01 14:39:43.598 0 0 D mv2112_update_link: 3.0x901(1G): 0x80
01-01 14:39:43.599 0 0 D mv2112_update_link: 3.0x8109(100M): 0x8
01-01 14:39:43.599 0 0 D mv2112_update_link: link 0x0
01-01 14:39:43.599 0 0 D mv2112_read_status: autoneg is disabled
12-16 11:23:18.759 0 0 I auditd : type=1400 audit(0.0:25498): avc: denied { kill } for comm="swapper/0" capability=5 scontext=u:r:kernel:s0 tcontext=u:r:kernel:s0 tclass=capability permissive=0
01-01 14:39:44.622 0 0 D : mv2112_read_status
01-01 14:39:44.622 0 0 D mv2112_update_link: 3.0x901(1G): 0x80
01-01 14:39:44.623 0 0 D mv2112_update_link: 3.0x8109(100M): 0x8
01-01 14:39:44.623 0 0 D mv2112_update_link: link 0x0
01-01 14:39:44.623 0 0 D mv2112_read_status: autoneg is disabled
12-16 11:23:19.759 0 0 I auditd : type=1400 audit(0.0:25499): avc: denied { kill } for comm="swapper/0" capability=5 scontext=u:r:kernel:s0 tcontext=u:r:kernel:s0 tclass=capability permissive=0
01-01 14:39:45.646 0 0 D : mv2112_read_status
01-01 14:39:45.646 0 0 D mv2112_update_link: 3.0x901(1G): 0x80
01-01 14:39:45.647 0 0 D mv2112_update_link: 3.0x8109(100M): 0x8
01-01 14:39:45.647 0 0 D mv2112_update_link: link 0x0
01-01 14:39:45.647 0 0 D mv2112_read_status: autoneg is disabled
12-16 11:23:20.759 0 0 I auditd : type=1400 audit(0.0:25500): avc: denied { kill } for comm="swapper/0" capability=5 scontext=u:r:kernel:s0 tcontext=u:r:kernel:s0 tclass=capability permissive=0
01-01 14:39:46.670 0 0 D : mv2112_read_status
01-01 14:39:46.670 0 0 D mv2112_update_link: 3.0x901(1G): 0x80
01-01 14:39:46.671 0 0 D mv2112_update_link: 3.0x8109(100M): 0x8
01-01 14:39:46.671 0 0 D mv2112_update_link: link 0x0
01-01 14:39:46.671 0 0 D mv2112_read_status: autoneg is disabled
12-16 11:23:21.759 350 350 I auditd : type=1400 audit(0.0:25501): avc: denied { kill } for comm="irq/382-atmel_m" capability=5 scontext=u:r:kernel:s0 tcontext=u:r:kernel:s0 tclass=capability permissive=0
01-01 14:39:47.694 0 0 D : mv2112_read_status
01-01 14:39:47.694 0 0 D mv2112_update_link: 3.0x901(1G): 0x80
01-01 14:39:47.695 0 0 D mv2112_update_link: 3.0x8109(100M): 0x8
01-01 14:39:47.695 0 0 D mv2112_update_link: link 0x0
01-01 14:39:47.695 0 0 D mv2112_read_status: autoneg is disabled
12-16 11:23:22.759 0 0 I auditd : type=1400 audit(0.0:25502): avc: denied { kill } for comm="swapper/0" capability=5 scontext=u:r:kernel:s0 tcontext=u:r:kernel:s0 tclass=capability permissive=0
01-01 14:39:48.718 0 0 D : mv2112_read_status
01-01 14:39:48.719 0 0 D mv2112_update_link: 3.0x901(1G): 0x80
01-01 14:39:48.719 0 0 D mv2112_update_link: 3.0x8109(100M): 0x8
01-01 14:39:48.719 0 0 D mv2112_update_link: link 0x0
01-01 14:39:48.719 0 0 D mv2112_read_status: autoneg is disabled
12-16 11:23:23.759 0 0 I auditd : type=1400 audit(0.0:25503): avc: denied { kill } for comm="swapper/0" capability=5 scontext=u:r:kernel:s0 tcontext=u:r:kernel:s0 tclass=capability permissive=0
01-01 14:39:49.742 0 0 D : mv2112_read_status
01-01 14:39:49.743 0 0 D mv2112_update_link: 3.0x901(1G): 0x80
01-01 14:39:49.743 0 0 D mv2112_update_link: 3.0x8109(100M): 0x8
01-01 14:39:49.743 0 0 D mv2112_update_link: link 0x0
01-01 14:39:49.743 0 0 D mv2112_read_status: autoneg is disabled
12-16 11:23:24.759 0 0 I auditd : type=1400 audit(0.0:25504): avc: denied { kill } for comm="swapper/0" capability=5 scontext=u:r:kernel:s0 tcontext=u:r:kernel:s0 tclass=capability permissive=0
01-01 14:39:50.766 0 0 D : mv2112_read_status
01-01 14:39:50.766 0 0 D mv2112_update_link: 3.0x901(1G): 0x80
01-01 14:39:50.767 0 0 D mv2112_update_link: 3.0x8109(100M): 0x8
01-01 14:39:50.767 0 0 D mv2112_update_link: link 0x0
01-01 14:39:50.767 0 0 D mv2112_read_status: autoneg is disabled
12-16 11:23:25.759 350 350 I auditd : type=1400 audit(0.0:25505): avc: denied { kill } for comm="irq/382-atmel_m" capability=5 scontext=u:r:kernel:s0 tcontext=u:r:kernel:s0 tclass=capability permissive=0
01-01 14:39:51.790 0 0 D : mv2112_read_status
01-01 14:39:51.790 0 0 D mv2112_update_link: 3.0x901(1G): 0x80
01-01 14:39:51.791 0 0 D mv2112_update_link: 3.0x8109(100M): 0x8
01-01 14:39:51.791 0 0 D mv2112_update_link: link 0x0
01-01 14:39:51.791 0 0 D mv2112_read_status: autoneg is disabled
12-16 11:23:26.759 0 0 I auditd : type=1400 audit(0.0:25506): avc: denied { kill } for comm="swapper/0" capability=5 scontext=u:r:kernel:s0 tcontext=u:r:kernel:s0 tclass=capability permissive=0
01-01 14:39:52.814 0 0 D : mv2112_read_status
01-01 14:39:52.815 0 0 D mv2112_update_link: 3.0x901(1G): 0x80
01-01 14:39:52.815 0 0 D mv2112_update_link: 3.0x8109(100M): 0x8
01-01 14:39:52.815 0 0 D mv2112_update_link: link 0x0
01-01 14:39:52.815 0 0 D mv2112_read_status: autoneg is disabled
12-16 11:23:27.759 0 0 I auditd : type=1400 audit(0.0:25507): avc: denied { kill } for comm="swapper/0" capability=5 scontext=u:r:kernel:s0 tcontext=u:r:kernel:s0 tclass=capability permissive=0
01-01 14:39:53.838 0 0 D : mv2112_read_status
01-01 14:39:53.838 0 0 D mv2112_update_link: 3.0x901(1G): 0x80
01-01 14:39:53.839 0 0 D mv2112_update_link: 3.0x8109(100M): 0x8
01-01 14:39:53.839 0 0 D mv2112_update_link: link 0x0
01-01 14:39:53.839 0 0 D mv2112_read_status: autoneg is disabled
12-16 11:23:28.759 0 0 I auditd : type=1400 audit(0.0:25508): avc: denied { kill } for comm="swapper/0" capability=5 scontext=u:r:kernel:s0 tcontext=u:r:kernel:s0 tclass=capability permissive=0
01-01 14:39:54.862 0 0 D : mv2112_read_status
01-01 14:39:54.863 0 0 D mv2112_update_link: 3.0x901(1G): 0x80
01-01 14:39:54.863 0 0 D mv2112_update_link: 3.0x8109(100M): 0x8
01-01 14:39:54.863 0 0 D mv2112_update_link: link 0x0
01-01 14:39:54.863 0 0 D mv2112_read_status: autoneg is disabled
