12-16 11:18:55.183 2552 2552 I view_enqueue_input_event: [Motion - Cancel,com.android.launcher3/com.android.launcher3.uioverrides.QuickstepLauncher]
12-16 11:18:55.185 1497 1681 I input_interaction: Interaction with: edge-swipe (server), swipe-up (server), PointerEventDispatcher0 (server),
12-16 11:18:55.186 1497 3002 W FreeFormWindowHelper: getCurrentDisplayedFreeFormTask is null
12-16 11:18:55.199 1497 7563 W FreeFormWindowHelper: getCurrentDisplayedFreeFormTask is null
12-16 11:18:55.232 1497 3002 W FreeFormWindowHelper: getCurrentDisplayedFreeFormTask is null
12-16 11:18:55.241 1497 3002 W FreeFormWindowHelper: getCurrentDisplayedFreeFormTask is null
12-16 11:18:55.250 1497 7563 W FreeFormWindowHelper: getCurrentDisplayedFreeFormTask is null
12-16 11:18:55.261 1497 11452 W ActivityTaskManager: getTaskSnapshot: taskId=2178 not found
12-16 11:18:55.261 1497 11452 W ActivityTaskManager: getTaskSnapshot: taskId=1178 not found
12-16 11:18:55.265 1497 11452 W FreeFormWindowHelper: getCurrentDisplayedFreeFormTask is null
12-16 11:18:55.283 1497 11452 W FreeFormWindowHelper: getCurrentDisplayedFreeFormTask is null
12-16 11:18:55.337 1497 7563 W FreeFormWindowHelper: getCurrentDisplayedFreeFormTask is null
12-16 11:18:55.349 1497 7563 W FreeFormWindowHelper: getCurrentDisplayedFreeFormTask is null
12-16 11:18:55.379 1497 1668 I commit_sys_config_file: [settings-1-0,8]
12-16 11:18:55.647 1497 1681 I input_interaction: Interaction with: 3f627c3 com.android.launcher3/com.android.launcher3.uioverrides.QuickstepLauncher (server), 47ca503 com.android.systemui.ImageWallpaper (server), edge-swipe (server), swipe-up (server), PointerEventDispatcher0 (server),
12-16 11:18:55.669 1497 7563 W FreeFormWindowHelper: getCurrentDisplayedFreeFormTask is null
12-16 11:18:55.679 1497 11452 W FreeFormWindowHelper: getCurrentDisplayedFreeFormTask is null
12-16 11:18:55.680 2552 2552 I view_enqueue_input_event: [Motion - Cancel,com.android.launcher3/com.android.launcher3.uioverrides.QuickstepLauncher]
12-16 11:18:55.681 1497 1681 I input_interaction: Interaction with: edge-swipe (server), swipe-up (server), PointerEventDispatcher0 (server),
12-16 11:18:55.683 1497 11452 W FreeFormWindowHelper: getCurrentDisplayedFreeFormTask is null
12-16 11:18:55.700 1497 11452 W FreeFormWindowHelper: getCurrentDisplayedFreeFormTask is null
12-16 11:18:55.717 1497 11452 W FreeFormWindowHelper: getCurrentDisplayedFreeFormTask is null
12-16 11:18:55.733 1497 11452 W FreeFormWindowHelper: getCurrentDisplayedFreeFormTask is null
01-01 14:35:21.454 0 0 D : mv2112_read_status
01-01 14:35:21.454 0 0 D mv2112_update_link: 3.0x901(1G): 0x80
01-01 14:35:21.455 0 0 D mv2112_update_link: 3.0x8109(100M): 0x8
01-01 14:35:21.455 0 0 D mv2112_update_link: link 0x0
01-01 14:35:21.455 0 0 D mv2112_read_status: autoneg is disabled
12-16 11:18:55.861 1497 2091 W FreeFormWindowHelper: getCurrentDisplayedFreeFormTask is null
12-16 11:18:55.867 1497 2091 W FreeFormWindowHelper: getCurrentDisplayedFreeFormTask is null
12-16 11:18:55.879 1497 1668 I commit_sys_config_file: [settings-1-0,10]
12-16 11:18:56.763 0 0 I auditd : type=1400 audit(0.0:25250): avc: denied { kill } for comm="swapper/0" capability=5 scontext=u:r:kernel:s0 tcontext=u:r:kernel:s0 tclass=capability permissive=0
01-01 14:35:22.478 0 0 D : mv2112_read_status
01-01 14:35:22.479 0 0 D mv2112_update_link: 3.0x901(1G): 0x80
01-01 14:35:22.479 0 0 D mv2112_update_link: 3.0x8109(100M): 0x8
01-01 14:35:22.479 0 0 D mv2112_update_link: link 0x0
01-01 14:35:22.479 0 0 D mv2112_read_status: autoneg is disabled
12-16 11:18:57.759 0 0 I auditd : type=1400 audit(0.0:25251): avc: denied { kill } for comm="swapper/0" capability=5 scontext=u:r:kernel:s0 tcontext=u:r:kernel:s0 tclass=capability permissive=0
01-01 14:35:23.502 0 0 D : mv2112_read_status
01-01 14:35:23.502 0 0 D mv2112_update_link: 3.0x901(1G): 0x80
01-01 14:35:23.503 0 0 D mv2112_update_link: 3.0x8109(100M): 0x8
01-01 14:35:23.503 0 0 D mv2112_update_link: link 0x0
01-01 14:35:23.503 0 0 D mv2112_read_status: autoneg is disabled
12-16 11:18:58.759 0 0 I auditd : type=1400 audit(0.0:25252): avc: denied { kill } for comm="swapper/2" capability=5 scontext=u:r:kernel:s0 tcontext=u:r:kernel:s0 tclass=capability permissive=0
01-01 14:35:24.526 0 0 D : mv2112_read_status
01-01 14:35:24.526 0 0 D mv2112_update_link: 3.0x901(1G): 0x80
01-01 14:35:24.527 0 0 D mv2112_update_link: 3.0x8109(100M): 0x8
01-01 14:35:24.527 0 0 D mv2112_update_link: link 0x0
01-01 14:35:24.527 0 0 D mv2112_read_status: autoneg is disabled
01-01 14:35:24.688 0 0 I msm_vidc: err : ffffffff: .....: DBLP Set: status 0
12-16 11:18:59.759 0 0 I auditd : type=1400 audit(0.0:25253): avc: denied { kill } for comm="swapper/2" capability=5 scontext=u:r:kernel:s0 tcontext=u:r:kernel:s0 tclass=capability permissive=0
01-01 14:35:25.550 0 0 D : mv2112_read_status
01-01 14:35:25.551 0 0 D mv2112_update_link: 3.0x901(1G): 0x80
01-01 14:35:25.551 0 0 D mv2112_update_link: 3.0x8109(100M): 0x8
01-01 14:35:25.551 0 0 D mv2112_update_link: link 0x0
01-01 14:35:25.551 0 0 D mv2112_read_status: autoneg is disabled
12-16 11:19:00.759 0 0 I auditd : type=1400 audit(0.0:25254): avc: denied { kill } for comm="swapper/2" capability=5 scontext=u:r:kernel:s0 tcontext=u:r:kernel:s0 tclass=capability permissive=0
01-01 14:35:26.574 0 0 D : mv2112_read_status
01-01 14:35:26.575 0 0 D mv2112_update_link: 3.0x901(1G): 0x80
01-01 14:35:26.575 0 0 D mv2112_update_link: 3.0x8109(100M): 0x8
01-01 14:35:26.575 0 0 D mv2112_update_link: link 0x0
01-01 14:35:26.575 0 0 D mv2112_read_status: autoneg is disabled
12-16 11:19:01.759 0 0 I auditd : type=1400 audit(0.0:25255): avc: denied { kill } for comm="swapper/2" capability=5 scontext=u:r:kernel:s0 tcontext=u:r:kernel:s0 tclass=capability permissive=0
01-01 14:35:27.598 0 0 D : mv2112_read_status
01-01 14:35:27.599 0 0 D mv2112_update_link: 3.0x901(1G): 0x80
01-01 14:35:27.599 0 0 D mv2112_update_link: 3.0x8109(100M): 0x8
01-01 14:35:27.599 0 0 D mv2112_update_link: link 0x0
01-01 14:35:27.599 0 0 D mv2112_read_status: autoneg is disabled
12-16 11:19:02.759 0 0 I auditd : type=1400 audit(0.0:25256): avc: denied { kill } for comm="swapper/2" capability=5 scontext=u:r:kernel:s0 tcontext=u:r:kernel:s0 tclass=capability permissive=0
01-01 14:35:28.622 0 0 D : mv2112_read_status
01-01 14:35:28.623 0 0 D mv2112_update_link: 3.0x901(1G): 0x80
01-01 14:35:28.623 0 0 D mv2112_update_link: 3.0x8109(100M): 0x8
01-01 14:35:28.623 0 0 D mv2112_update_link: link 0x0
01-01 14:35:28.623 0 0 D mv2112_read_status: autoneg is disabled
01-01 14:35:28.848 0 0 I msm_vidc: err : ffffffff: .....: DBLP Set: status 0
12-16 11:19:03.759 0 0 I auditd : type=1400 audit(0.0:25257): avc: denied { kill } for comm="swapper/2" capability=5 scontext=u:r:kernel:s0 tcontext=u:r:kernel:s0 tclass=capability permissive=0
01-01 14:35:29.646 0 0 D : mv2112_read_status
01-01 14:35:29.647 0 0 D mv2112_update_link: 3.0x901(1G): 0x80
01-01 14:35:29.647 0 0 D mv2112_update_link: 3.0x8109(100M): 0x8
01-01 14:35:29.647 0 0 D mv2112_update_link: link 0x0
01-01 14:35:29.647 0 0 D mv2112_read_status: autoneg is disabled
12-16 11:19:04.759 0 0 I auditd : type=1400 audit(0.0:25258): avc: denied { kill } for comm="swapper/2" capability=5 scontext=u:r:kernel:s0 tcontext=u:r:kernel:s0 tclass=capability permissive=0
01-01 14:35:30.670 0 0 D : mv2112_read_status
01-01 14:35:30.670 0 0 D mv2112_update_link: 3.0x901(1G): 0x80
01-01 14:35:30.671 0 0 D mv2112_update_link: 3.0x8109(100M): 0x8
01-01 14:35:30.671 0 0 D mv2112_update_link: link 0x0
01-01 14:35:30.671 0 0 D mv2112_read_status: autoneg is disabled
12-16 11:19:05.759 0 0 I auditd : type=1400 audit(0.0:25259): avc: denied { kill } for comm="swapper/2" capability=5 scontext=u:r:kernel:s0 tcontext=u:r:kernel:s0 tclass=capability permissive=0
01-01 14:35:31.694 0 0 D : mv2112_read_status
01-01 14:35:31.694 0 0 D mv2112_update_link: 3.0x901(1G): 0x80
01-01 14:35:31.695 0 0 D mv2112_update_link: 3.0x8109(100M): 0x8
01-01 14:35:31.695 0 0 D mv2112_update_link: link 0x0
01-01 14:35:31.695 0 0 D mv2112_read_status: autoneg is disabled
12-16 11:19:06.759 0 0 I auditd : type=1400 audit(0.0:25260): avc: denied { kill } for comm="swapper/2" capability=5 scontext=u:r:kernel:s0 tcontext=u:r:kernel:s0 tclass=capability permissive=0
01-01 14:35:32.718 0 0 D : mv2112_read_status
01-01 14:35:32.718 0 0 D mv2112_update_link: 3.0x901(1G): 0x80
01-01 14:35:32.719 0 0 D mv2112_update_link: 3.0x8109(100M): 0x8
01-01 14:35:32.719 0 0 D mv2112_update_link: link 0x0
01-01 14:35:32.719 0 0 D mv2112_read_status: autoneg is disabled
12-16 11:19:07.759 0 0 I auditd : type=1400 audit(0.0:25261): avc: denied { kill } for comm="swapper/2" capability=5 scontext=u:r:kernel:s0 tcontext=u:r:kernel:s0 tclass=capability permissive=0
01-01 14:35:33.742 0 0 D : mv2112_read_status
01-01 14:35:33.742 0 0 D mv2112_update_link: 3.0x901(1G): 0x80
01-01 14:35:33.743 0 0 D mv2112_update_link: 3.0x8109(100M): 0x8
01-01 14:35:33.743 0 0 D mv2112_update_link: link 0x0
01-01 14:35:33.743 0 0 D mv2112_read_status: autoneg is disabled
12-16 11:19:08.759 0 0 I auditd : type=1400 audit(0.0:25262): avc: denied { kill } for comm="swapper/2" capability=5 scontext=u:r:kernel:s0 tcontext=u:r:kernel:s0 tclass=capability permissive=0
01-01 14:35:34.766 0 0 D : mv2112_read_status
01-01 14:35:34.767 0 0 D mv2112_update_link: 3.0x901(1G): 0x80
01-01 14:35:34.767 0 0 D mv2112_update_link: 3.0x8109(100M): 0x8
01-01 14:35:34.767 0 0 D mv2112_update_link: link 0x0
01-01 14:35:34.767 0 0 D mv2112_read_status: autoneg is disabled
12-16 11:19:09.759 0 0 I auditd : type=1400 audit(0.0:25263): avc: denied { kill } for comm="swapper/2" capability=5 scontext=u:r:kernel:s0 tcontext=u:r:kernel:s0 tclass=capability permissive=0
01-01 14:35:35.538 0 0 I [soft_i][0x6a1b2b2773][11:19:09.934789] wlan: [0:I:QDF] DHCP-R TX: SA:7a:e4:bc:f9:6b:c7 DA:58:d9:d5:44:ba:d8 msdu_id:6 status: succ
01-01 14:35:35.552 0 0 I [dp_rx_][0x6a1b2f2ed8][11:19:09.948541] wlan: [9507:I:QDF] DHCP-A RX: SA:58:d9:d5:44:ba:d8 DA:ff:ff:ff:ff:ff:ff
01-01 14:35:35.790 0 0 D : mv2112_read_status
01-01 14:35:35.791 0 0 D mv2112_update_link: 3.0x901(1G): 0x80
01-01 14:35:35.791 0 0 D mv2112_update_link: 3.0x8109(100M): 0x8
01-01 14:35:35.791 0 0 D mv2112_update_link: link 0x0
01-01 14:35:35.791 0 0 D mv2112_read_status: autoneg is disabled
12-16 11:19:10.759 0 0 I auditd : type=1400 audit(0.0:25264): avc: denied { kill } for comm="swapper/2" capability=5 scontext=u:r:kernel:s0 tcontext=u:r:kernel:s0 tclass=capability permissive=0
01-01 14:35:36.814 0 0 D : mv2112_read_status
01-01 14:35:36.815 0 0 D mv2112_update_link: 3.0x901(1G): 0x80
01-01 14:35:36.815 0 0 D mv2112_update_link: 3.0x8109(100M): 0x8
01-01 14:35:36.815 0 0 D mv2112_update_link: link 0x0
01-01 14:35:36.815 0 0 D mv2112_read_status: autoneg is disabled
12-16 11:19:11.759 0 0 I auditd : type=1400 audit(0.0:25265): avc: denied { kill } for comm="swapper/2" capability=5 scontext=u:r:kernel:s0 tcontext=u:r:kernel:s0 tclass=capability permissive=0
01-01 14:35:37.838 0 0 D : mv2112_read_status
01-01 14:35:37.839 0 0 D mv2112_update_link: 3.0x901(1G): 0x80
01-01 14:35:37.839 0 0 D mv2112_update_link: 3.0x8109(100M): 0x8
01-01 14:35:37.839 0 0 D mv2112_update_link: link 0x0
01-01 14:35:37.839 0 0 D mv2112_read_status: autoneg is disabled
12-16 11:19:12.759 0 0 I auditd : type=1400 audit(0.0:25266): avc: denied { kill } for comm="swapper/2" capability=5 scontext=u:r:kernel:s0 tcontext=u:r:kernel:s0 tclass=capability permissive=0
01-01 14:35:38.862 0 0 D : mv2112_read_status
01-01 14:35:38.863 0 0 D mv2112_update_link: 3.0x901(1G): 0x80
01-01 14:35:38.863 0 0 D mv2112_update_link: 3.0x8109(100M): 0x8
01-01 14:35:38.863 0 0 D mv2112_update_link: link 0x0
01-01 14:35:38.863 0 0 D mv2112_read_status: autoneg is disabled
12-16 11:19:13.759 0 0 I auditd : type=1400 audit(0.0:25267): avc: denied { kill } for comm="swapper/2" capability=5 scontext=u:r:kernel:s0 tcontext=u:r:kernel:s0 tclass=capability permissive=0
01-01 14:35:39.886 0 0 D : mv2112_read_status
01-01 14:35:39.886 0 0 D mv2112_update_link: 3.0x901(1G): 0x80
01-01 14:35:39.887 0 0 D mv2112_update_link: 3.0x8109(100M): 0x8
01-01 14:35:39.887 0 0 D mv2112_update_link: link 0x0
01-01 14:35:39.887 0 0 D mv2112_read_status: autoneg is disabled
12-16 11:19:14.759 0 0 I auditd : type=1400 audit(0.0:25268): avc: denied { kill } for comm="swapper/2" capability=5 scontext=u:r:kernel:s0 tcontext=u:r:kernel:s0 tclass=capability permissive=0
01-01 14:35:40.910 0 0 D : mv2112_read_status
01-01 14:35:40.911 0 0 D mv2112_update_link: 3.0x901(1G): 0x80
01-01 14:35:40.911 0 0 D mv2112_update_link: 3.0x8109(100M): 0x8
01-01 14:35:40.911 0 0 D mv2112_update_link: link 0x0
01-01 14:35:40.911 0 0 D mv2112_read_status: autoneg is disabled
12-16 11:19:15.759 0 0 I auditd : type=1400 audit(0.0:25269): avc: denied { kill } for comm="swapper/2" capability=5 scontext=u:r:kernel:s0 tcontext=u:r:kernel:s0 tclass=capability permissive=0
01-01 14:35:41.934 0 0 D : mv2112_read_status
01-01 14:35:41.935 0 0 D mv2112_update_link: 3.0x901(1G): 0x80
01-01 14:35:41.935 0 0 D mv2112_update_link: 3.0x8109(100M): 0x8
01-01 14:35:41.935 0 0 D mv2112_update_link: link 0x0
01-01 14:35:41.935 0 0 D mv2112_read_status: autoneg is disabled
12-16 11:19:16.759 0 0 I auditd : type=1400 audit(0.0:25270): avc: denied { kill } for comm="swapper/2" capability=5 scontext=u:r:kernel:s0 tcontext=u:r:kernel:s0 tclass=capability permissive=0
01-01 14:35:42.958 0 0 D : mv2112_read_status
01-01 14:35:42.959 0 0 D mv2112_update_link: 3.0x901(1G): 0x80
01-01 14:35:42.959 0 0 D mv2112_update_link: 3.0x8109(100M): 0x8
01-01 14:35:42.959 0 0 D mv2112_update_link: link 0x0
01-01 14:35:42.959 0 0 D mv2112_read_status: autoneg is disabled
12-16 11:19:17.759 0 0 I auditd : type=1400 audit(0.0:25271): avc: denied { kill } for comm="swapper/2" capability=5 scontext=u:r:kernel:s0 tcontext=u:r:kernel:s0 tclass=capability permissive=0
01-01 14:35:43.504 0 0 I msm_vidc: err : ffffffff: .....: DBLP Set: status 0
01-01 14:35:43.982 0 0 D : mv2112_read_status
01-01 14:35:43.982 0 0 D mv2112_update_link: 3.0x901(1G): 0x80
01-01 14:35:43.983 0 0 D mv2112_update_link: 3.0x8109(100M): 0x8
01-01 14:35:43.983 0 0 D mv2112_update_link: link 0x0
01-01 14:35:43.983 0 0 D mv2112_read_status: autoneg is disabled
12-16 11:19:18.759 0 0 I auditd : type=1400 audit(0.0:25272): avc: denied { kill } for comm="swapper/2" capability=5 scontext=u:r:kernel:s0 tcontext=u:r:kernel:s0 tclass=capability permissive=0
01-01 14:35:45.007 0 0 D : mv2112_read_status
01-01 14:35:45.007 0 0 D mv2112_update_link: 3.0x901(1G): 0x80
01-01 14:35:45.007 0 0 D mv2112_update_link: 3.0x8109(100M): 0x8
01-01 14:35:45.007 0 0 D mv2112_update_link: link 0x0
01-01 14:35:45.007 0 0 D mv2112_read_status: autoneg is disabled
12-16 11:19:19.759 0 0 I auditd : type=1400 audit(0.0:25273): avc: denied { kill } for comm="swapper/2" capability=5 scontext=u:r:kernel:s0 tcontext=u:r:kernel:s0 tclass=capability permissive=0
01-01 14:35:46.030 0 0 D : mv2112_read_status
01-01 14:35:46.031 0 0 D mv2112_update_link: 3.0x901(1G): 0x80
01-01 14:35:46.031 0 0 D mv2112_update_link: 3.0x8109(100M): 0x8
01-01 14:35:46.031 0 0 D mv2112_update_link: link 0x0
01-01 14:35:46.031 0 0 D mv2112_read_status: autoneg is disabled
12-16 11:19:20.759 0 0 I auditd : type=1400 audit(0.0:25274): avc: denied { kill } for comm="swapper/2" capability=5 scontext=u:r:kernel:s0 tcontext=u:r:kernel:s0 tclass=capability permissive=0
01-01 14:35:46.544 0 0 I msm_vidc: err : ffffffff: .....: DBLP Set: status 0
01-01 14:35:47.054 0 0 D : mv2112_read_status
01-01 14:35:47.055 0 0 D mv2112_update_link: 3.0x901(1G): 0x80
01-01 14:35:47.055 0 0 D mv2112_update_link: 3.0x8109(100M): 0x8
01-01 14:35:47.055 0 0 D mv2112_update_link: link 0x0
01-01 14:35:47.055 0 0 D mv2112_read_status: autoneg is disabled
12-16 11:19:21.759 0 0 I auditd : type=1400 audit(0.0:25275): avc: denied { kill } for comm="swapper/2" capability=5 scontext=u:r:kernel:s0 tcontext=u:r:kernel:s0 tclass=capability permissive=0
01-01 14:35:48.078 0 0 D : mv2112_read_status
01-01 14:35:48.079 0 0 D mv2112_update_link: 3.0x901(1G): 0x80
01-01 14:35:48.079 0 0 D mv2112_update_link: 3.0x8109(100M): 0x8
01-01 14:35:48.079 0 0 D mv2112_update_link: link 0x0
01-01 14:35:48.079 0 0 D mv2112_read_status: autoneg is disabled
12-16 11:19:22.759 0 0 I auditd : type=1400 audit(0.0:25276): avc: denied { kill } for comm="swapper/2" capability=5 scontext=u:r:kernel:s0 tcontext=u:r:kernel:s0 tclass=capability permissive=0
01-01 14:35:49.102 0 0 D : mv2112_read_status
01-01 14:35:49.103 0 0 D mv2112_update_link: 3.0x901(1G): 0x80
01-01 14:35:49.103 0 0 D mv2112_update_link: 3.0x8109(100M): 0x8
01-01 14:35:49.103 0 0 D mv2112_update_link: link 0x0
01-01 14:35:49.103 0 0 D mv2112_read_status: autoneg is disabled
12-16 11:19:23.759 0 0 I auditd : type=1400 audit(0.0:25277): avc: denied { kill } for comm="swapper/2" capability=5 scontext=u:r:kernel:s0 tcontext=u:r:kernel:s0 tclass=capability permissive=0
01-01 14:35:50.126 0 0 D : mv2112_read_status
01-01 14:35:50.126 0 0 D mv2112_update_link: 3.0x901(1G): 0x80
01-01 14:35:50.127 0 0 D mv2112_update_link: 3.0x8109(100M): 0x8
01-01 14:35:50.127 0 0 D mv2112_update_link: link 0x0
01-01 14:35:50.127 0 0 D mv2112_read_status: autoneg is disabled
12-16 11:19:24.759 0 0 I auditd : type=1400 audit(0.0:25278): avc: denied { kill } for comm="swapper/2" capability=5 scontext=u:r:kernel:s0 tcontext=u:r:kernel:s0 tclass=capability permissive=0
01-01 14:35:51.150 0 0 D : mv2112_read_status
01-01 14:35:51.151 0 0 D mv2112_update_link: 3.0x901(1G): 0x80
01-01 14:35:51.151 0 0 D mv2112_update_link: 3.0x8109(100M): 0x8
01-01 14:35:51.151 0 0 D mv2112_update_link: link 0x0
01-01 14:35:51.151 0 0 D mv2112_read_status: autoneg is disabled
12-16 11:19:25.759 0 0 I auditd : type=1400 audit(0.0:25279): avc: denied { kill } for comm="swapper/2" capability=5 scontext=u:r:kernel:s0 tcontext=u:r:kernel:s0 tclass=capability permissive=0
01-01 14:35:52.174 0 0 D : mv2112_read_status
01-01 14:35:52.175 0 0 D mv2112_update_link: 3.0x901(1G): 0x80
01-01 14:35:52.175 0 0 D mv2112_update_link: 3.0x8109(100M): 0x8
01-01 14:35:52.175 0 0 D mv2112_update_link: link 0x0
01-01 14:35:52.175 0 0 D mv2112_read_status: autoneg is disabled
12-16 11:19:26.759 0 0 I auditd : type=1400 audit(0.0:25280): avc: denied { kill } for comm="swapper/2" capability=5 scontext=u:r:kernel:s0 tcontext=u:r:kernel:s0 tclass=capability permissive=0
01-01 14:35:53.198 0 0 D : mv2112_read_status
01-01 14:35:53.199 0 0 D mv2112_update_link: 3.0x901(1G): 0x80
01-01 14:35:53.199 0 0 D mv2112_update_link: 3.0x8109(100M): 0x8
01-01 14:35:53.199 0 0 D mv2112_update_link: link 0x0
01-01 14:35:53.199 0 0 D mv2112_read_status: autoneg is disabled
12-16 11:19:27.759 0 0 I auditd : type=1400 audit(0.0:25281): avc: denied { kill } for comm="swapper/2" capability=5 scontext=u:r:kernel:s0 tcontext=u:r:kernel:s0 tclass=capability permissive=0
01-01 14:35:54.222 0 0 D : mv2112_read_status
01-01 14:35:54.222 0 0 D mv2112_update_link: 3.0x901(1G): 0x80
01-01 14:35:54.223 0 0 D mv2112_update_link: 3.0x8109(100M): 0x8
01-01 14:35:54.223 0 0 D mv2112_update_link: link 0x0
01-01 14:35:54.223 0 0 D mv2112_read_status: autoneg is disabled
12-16 11:19:28.759 0 0 I auditd : type=1400 audit(0.0:25282): avc: denied { kill } for comm="swapper/2" capability=5 scontext=u:r:kernel:s0 tcontext=u:r:kernel:s0 tclass=capability permissive=0
01-01 14:35:55.246 0 0 D : mv2112_read_status
01-01 14:35:55.246 0 0 D mv2112_update_link: 3.0x901(1G): 0x80
01-01 14:35:55.247 0 0 D mv2112_update_link: 3.0x8109(100M): 0x8
01-01 14:35:55.247 0 0 D mv2112_update_link: link 0x0
01-01 14:35:55.247 0 0 D mv2112_read_status: autoneg is disabled
12-16 11:19:29.759 0 0 I auditd : type=1400 audit(0.0:25283): avc: denied { kill } for comm="swapper/2" capability=5 scontext=u:r:kernel:s0 tcontext=u:r:kernel:s0 tclass=capability permissive=0
01-01 14:35:56.270 0 0 D : mv2112_read_status
01-01 14:35:56.271 0 0 D mv2112_update_link: 3.0x901(1G): 0x80
01-01 14:35:56.271 0 0 D mv2112_update_link: 3.0x8109(100M): 0x8
01-01 14:35:56.271 0 0 D mv2112_update_link: link 0x0
01-01 14:35:56.271 0 0 D mv2112_read_status: autoneg is disabled
12-16 11:19:30.759 0 0 I auditd : type=1400 audit(0.0:25284): avc: denied { kill } for comm="swapper/2" capability=5 scontext=u:r:kernel:s0 tcontext=u:r:kernel:s0 tclass=capability permissive=0
01-01 14:35:57.294 0 0 D : mv2112_read_status
01-01 14:35:57.295 0 0 D mv2112_update_link: 3.0x901(1G): 0x80
01-01 14:35:57.295 0 0 D mv2112_update_link: 3.0x8109(100M): 0x8
01-01 14:35:57.295 0 0 D mv2112_update_link: link 0x0
01-01 14:35:57.295 0 0 D mv2112_read_status: autoneg is disabled
12-16 11:19:31.759 0 0 I auditd : type=1400 audit(0.0:25285): avc: denied { kill } for comm="swapper/2" capability=5 scontext=u:r:kernel:s0 tcontext=u:r:kernel:s0 tclass=capability permissive=0
01-01 14:35:58.318 0 0 D : mv2112_read_status
01-01 14:35:58.319 0 0 D mv2112_update_link: 3.0x901(1G): 0x80
01-01 14:35:58.319 0 0 D mv2112_update_link: 3.0x8109(100M): 0x8
01-01 14:35:58.319 0 0 D mv2112_update_link: link 0x0
01-01 14:35:58.319 0 0 D mv2112_read_status: autoneg is disabled
12-16 11:19:32.759 0 0 I auditd : type=1400 audit(0.0:25286): avc: denied { kill } for comm="swapper/2" capability=5 scontext=u:r:kernel:s0 tcontext=u:r:kernel:s0 tclass=capability permissive=0
01-01 14:35:59.342 0 0 D : mv2112_read_status
01-01 14:35:59.343 0 0 D mv2112_update_link: 3.0x901(1G): 0x80
01-01 14:35:59.343 0 0 D mv2112_update_link: 3.0x8109(100M): 0x8
01-01 14:35:59.343 0 0 D mv2112_update_link: link 0x0
01-01 14:35:59.343 0 0 D mv2112_read_status: autoneg is disabled
12-16 11:19:33.759 0 0 I auditd : type=1400 audit(0.0:25287): avc: denied { kill } for comm="swapper/2" capability=5 scontext=u:r:kernel:s0 tcontext=u:r:kernel:s0 tclass=capability permissive=0
01-01 14:36:00.366 0 0 D : mv2112_read_status
01-01 14:36:00.367 0 0 D mv2112_update_link: 3.0x901(1G): 0x80
01-01 14:36:00.367 0 0 D mv2112_update_link: 3.0x8109(100M): 0x8
01-01 14:36:00.367 0 0 D mv2112_update_link: link 0x0
01-01 14:36:00.367 0 0 D mv2112_read_status: autoneg is disabled
12-16 11:19:34.759 0 0 I auditd : type=1400 audit(0.0:25288): avc: denied { kill } for comm="swapper/2" capability=5 scontext=u:r:kernel:s0 tcontext=u:r:kernel:s0 tclass=capability permissive=0
12-16 11:19:35.759 0 0 I auditd : type=1400 audit(0.0:25289): avc: denied { kill } for comm="swapper/2" capability=5 scontext=u:r:kernel:s0 tcontext=u:r:kernel:s0 tclass=capability permissive=0
01-01 14:36:01.390 0 0 D : mv2112_read_status
01-01 14:36:01.390 0 0 D mv2112_update_link: 3.0x901(1G): 0x80
01-01 14:36:01.391 0 0 D mv2112_update_link: 3.0x8109(100M): 0x8
01-01 14:36:01.391 0 0 D mv2112_update_link: link 0x0
01-01 14:36:01.391 0 0 D mv2112_read_status: autoneg is disabled
12-16 11:19:36.759 0 0 I auditd : type=1400 audit(0.0:25290): avc: denied { kill } for comm="swapper/2" capability=5 scontext=u:r:kernel:s0 tcontext=u:r:kernel:s0 tclass=capability permissive=0
01-01 14:36:02.414 0 0 D : mv2112_read_status
01-01 14:36:02.414 0 0 D mv2112_update_link: 3.0x901(1G): 0x80
01-01 14:36:02.415 0 0 D mv2112_update_link: 3.0x8109(100M): 0x8
01-01 14:36:02.415 0 0 D mv2112_update_link: link 0x0
01-01 14:36:02.415 0 0 D mv2112_read_status: autoneg is disabled
12-16 11:19:37.759 0 0 I auditd : type=1400 audit(0.0:25291): avc: denied { kill } for comm="swapper/2" capability=5 scontext=u:r:kernel:s0 tcontext=u:r:kernel:s0 tclass=capability permissive=0
01-01 14:36:03.438 0 0 D : mv2112_read_status
01-01 14:36:03.439 0 0 D mv2112_update_link: 3.0x901(1G): 0x80
01-01 14:36:03.439 0 0 D mv2112_update_link: 3.0x8109(100M): 0x8
01-01 14:36:03.439 0 0 D mv2112_update_link: link 0x0
01-01 14:36:03.439 0 0 D mv2112_read_status: autoneg is disabled
12-16 11:19:38.759 0 0 I auditd : type=1400 audit(0.0:25292): avc: denied { kill } for comm="swapper/2" capability=5 scontext=u:r:kernel:s0 tcontext=u:r:kernel:s0 tclass=capability permissive=0
01-01 14:36:04.462 0 0 D : mv2112_read_status
01-01 14:36:04.462 0 0 D mv2112_update_link: 3.0x901(1G): 0x80
01-01 14:36:04.463 0 0 D mv2112_update_link: 3.0x8109(100M): 0x8
01-01 14:36:04.463 0 0 D mv2112_update_link: link 0x0
01-01 14:36:04.463 0 0 D mv2112_read_status: autoneg is disabled
12-16 11:19:39.759 0 0 I auditd : type=1400 audit(0.0:25293): avc: denied { kill } for comm="swapper/2" capability=5 scontext=u:r:kernel:s0 tcontext=u:r:kernel:s0 tclass=capability permissive=0
01-01 14:36:05.486 0 0 D : mv2112_read_status
01-01 14:36:05.487 0 0 D mv2112_update_link: 3.0x901(1G): 0x80
01-01 14:36:05.487 0 0 D mv2112_update_link: 3.0x8109(100M): 0x8
01-01 14:36:05.487 0 0 D mv2112_update_link: link 0x0
01-01 14:36:05.487 0 0 D mv2112_read_status: autoneg is disabled
01-01 14:36:05.592 0 0 I [soft_i][0x6a3d9006dc][11:19:39.988754] wlan: [0:I:QDF] DHCP-R TX: SA:7a:e4:bc:f9:6b:c7 DA:58:d9:d5:44:ba:d8 msdu_id:10 status: succ
01-01 14:36:05.604 0 0 I [dp_rx_][0x6a3d93a524][11:19:40.001105] wlan: [9507:I:QDF] DHCP-A RX: SA:58:d9:d5:44:ba:d8 DA:ff:ff:ff:ff:ff:ff
12-16 11:19:40.759 0 0 I auditd : type=1400 audit(0.0:25294): avc: denied { kill } for comm="swapper/2" capability=5 scontext=u:r:kernel:s0 tcontext=u:r:kernel:s0 tclass=capability permissive=0
01-01 14:36:06.510 0 0 D : mv2112_read_status
01-01 14:36:06.511 0 0 D mv2112_update_link: 3.0x901(1G): 0x80
01-01 14:36:06.511 0 0 D mv2112_update_link: 3.0x8109(100M): 0x8
01-01 14:36:06.511 0 0 D mv2112_update_link: link 0x0
01-01 14:36:06.511 0 0 D mv2112_read_status: autoneg is disabled
12-16 11:19:41.759 0 0 I auditd : type=1400 audit(0.0:25295): avc: denied { kill } for comm="swapper/2" capability=5 scontext=u:r:kernel:s0 tcontext=u:r:kernel:s0 tclass=capability permissive=0
01-01 14:36:07.534 0 0 D : mv2112_read_status
01-01 14:36:07.535 0 0 D mv2112_update_link: 3.0x901(1G): 0x80
01-01 14:36:07.535 0 0 D mv2112_update_link: 3.0x8109(100M): 0x8
01-01 14:36:07.535 0 0 D mv2112_update_link: link 0x0
01-01 14:36:07.535 0 0 D mv2112_read_status: autoneg is disabled
12-16 11:19:42.759 0 0 I auditd : type=1400 audit(0.0:25296): avc: denied { kill } for comm="swapper/2" capability=5 scontext=u:r:kernel:s0 tcontext=u:r:kernel:s0 tclass=capability permissive=0
01-01 14:36:08.558 0 0 D : mv2112_read_status
01-01 14:36:08.559 0 0 D mv2112_update_link: 3.0x901(1G): 0x80
01-01 14:36:08.559 0 0 D mv2112_update_link: 3.0x8109(100M): 0x8
01-01 14:36:08.559 0 0 D mv2112_update_link: link 0x0
01-01 14:36:08.559 0 0 D mv2112_read_status: autoneg is disabled
12-16 11:19:43.759 0 0 I auditd : type=1400 audit(0.0:25297): avc: denied { kill } for comm="swapper/2" capability=5 scontext=u:r:kernel:s0 tcontext=u:r:kernel:s0 tclass=capability permissive=0
01-01 14:36:09.582 0 0 D : mv2112_read_status
01-01 14:36:09.583 0 0 D mv2112_update_link: 3.0x901(1G): 0x80
01-01 14:36:09.583 0 0 D mv2112_update_link: 3.0x8109(100M): 0x8
01-01 14:36:09.583 0 0 D mv2112_update_link: link 0x0
01-01 14:36:09.583 0 0 D mv2112_read_status: autoneg is disabled
12-16 11:19:44.759 0 0 I auditd : type=1400 audit(0.0:25298): avc: denied { kill } for comm="swapper/2" capability=5 scontext=u:r:kernel:s0 tcontext=u:r:kernel:s0 tclass=capability permissive=0
01-01 14:36:10.607 0 0 D : mv2112_read_status
01-01 14:36:10.607 0 0 D mv2112_update_link: 3.0x901(1G): 0x80
01-01 14:36:10.607 0 0 D mv2112_update_link: 3.0x8109(100M): 0x8
01-01 14:36:10.607 0 0 D mv2112_update_link: link 0x0
01-01 14:36:10.607 0 0 D mv2112_read_status: autoneg is disabled
12-16 11:19:45.759 0 0 I auditd : type=1400 audit(0.0:25299): avc: denied { kill } for comm="swapper/2" capability=5 scontext=u:r:kernel:s0 tcontext=u:r:kernel:s0 tclass=capability permissive=0
01-01 14:36:11.630 0 0 D : mv2112_read_status
01-01 14:36:11.631 0 0 D mv2112_update_link: 3.0x901(1G): 0x80
01-01 14:36:11.631 0 0 D mv2112_update_link: 3.0x8109(100M): 0x8
01-01 14:36:11.631 0 0 D mv2112_update_link: link 0x0
01-01 14:36:11.631 0 0 D mv2112_read_status: autoneg is disabled
12-16 11:19:46.759 0 0 I auditd : type=1400 audit(0.0:25300): avc: denied { kill } for comm="swapper/2" capability=5 scontext=u:r:kernel:s0 tcontext=u:r:kernel:s0 tclass=capability permissive=0
01-01 14:36:12.654 0 0 D : mv2112_read_status
01-01 14:36:12.655 0 0 D mv2112_update_link: 3.0x901(1G): 0x80
01-01 14:36:12.655 0 0 D mv2112_update_link: 3.0x8109(100M): 0x8
01-01 14:36:12.655 0 0 D mv2112_update_link: link 0x0
01-01 14:36:12.655 0 0 D mv2112_read_status: autoneg is disabled
12-16 11:19:47.759 0 0 I auditd : type=1400 audit(0.0:25301): avc: denied { kill } for comm="swapper/2" capability=5 scontext=u:r:kernel:s0 tcontext=u:r:kernel:s0 tclass=capability permissive=0
01-01 14:36:13.678 0 0 D : mv2112_read_status
01-01 14:36:13.678 0 0 D mv2112_update_link: 3.0x901(1G): 0x80
01-01 14:36:13.679 0 0 D mv2112_update_link: 3.0x8109(100M): 0x8
01-01 14:36:13.679 0 0 D mv2112_update_link: link 0x0
01-01 14:36:13.679 0 0 D mv2112_read_status: autoneg is disabled
01-01 14:36:13.808 0 0 I msm_vidc: err : ffffffff: .....: DBLP Set: status 0
12-16 11:19:48.759 1497 1623 V DisplayPowerController[0]: Brightness [0.05] reason changing to: 'manual [ dim ]', previous reason: 'manual'.
12-16 11:19:48.759 1497 1623 I sysui_multi_action: [757,1696,758,6,759,2]
12-16 11:19:48.759 1497 1623 W PowerManagerService: Screen on took 54086 ms
12-16 11:19:48.761 1497 1868 E DisplayDeviceConfig: requesting nits when no mapping exists.
12-16 11:19:48.762 1497 1868 E DisplayDeviceConfig: requesting nits when no mapping exists.
12-16 11:19:48.762 1497 1603 I am_wtf : [0,1497,system_server,-1,DisplayDeviceConfig,requesting nits when no mapping exists.]
12-16 11:19:48.764 1497 1603 I DropBoxManagerService: add tag=system_server_wtf isTagEnabled=true flags=0x2
12-16 11:19:48.766 1497 1603 I am_wtf : [0,1497,system_server,-1,DisplayDeviceConfig,requesting nits when no mapping exists.]
12-16 11:19:48.767 1497 1603 I DropBoxManagerService: add tag=system_server_wtf isTagEnabled=true flags=0x2
12-16 11:19:48.759 472 472 I auditd : type=1400 audit(0.0:25302): avc: denied { kill } for comm="ueventd" capability=5 scontext=u:r:ueventd:s0 tcontext=u:r:ueventd:s0 tclass=capability permissive=0
12-16 11:19:48.778 1497 1868 E DisplayDeviceConfig: requesting nits when no mapping exists.
12-16 11:19:48.779 1497 1868 E DisplayDeviceConfig: requesting nits when no mapping exists.
12-16 11:19:48.779 1497 1603 I am_wtf : [0,1497,system_server,-1,DisplayDeviceConfig,requesting nits when no mapping exists.]
12-16 11:19:48.780 1497 1603 I DropBoxManagerService: add tag=system_server_wtf isTagEnabled=true flags=0x2
12-16 11:19:48.781 1497 1603 I am_wtf : [0,1497,system_server,-1,DisplayDeviceConfig,requesting nits when no mapping exists.]
12-16 11:19:48.781 1497 1603 I DropBoxManagerService: add tag=system_server_wtf isTagEnabled=true flags=0x2
12-16 11:19:48.794 1497 1868 E DisplayDeviceConfig: requesting nits when no mapping exists.
12-16 11:19:48.794 1497 1868 E DisplayDeviceConfig: requesting nits when no mapping exists.
12-16 11:19:48.794 1497 1603 I am_wtf : [0,1497,system_server,-1,DisplayDeviceConfig,requesting nits when no mapping exists.]
12-16 11:19:48.795 1497 1603 I DropBoxManagerService: add tag=system_server_wtf isTagEnabled=true flags=0x2
12-16 11:19:48.796 1497 1603 I am_wtf : [0,1497,system_server,-1,DisplayDeviceConfig,requesting nits when no mapping exists.]
12-16 11:19:48.811 1497 1868 E DisplayDeviceConfig: requesting nits when no mapping exists.
12-16 11:19:48.812 1497 1868 E DisplayDeviceConfig: requesting nits when no mapping exists.
12-16 11:19:48.812 1497 1603 I am_wtf : [0,1497,system_server,-1,DisplayDeviceConfig,requesting nits when no mapping exists.]
12-16 11:19:48.813 1497 1603 I am_wtf : [0,1497,system_server,-1,DisplayDeviceConfig,requesting nits when no mapping exists.]
12-16 11:19:48.828 1497 1868 E DisplayDeviceConfig: requesting nits when no mapping exists.
12-16 11:19:48.828 1497 1868 E DisplayDeviceConfig: requesting nits when no mapping exists.
12-16 11:19:48.828 1497 1603 I am_wtf : [0,1497,system_server,-1,DisplayDeviceConfig,requesting nits when no mapping exists.]
12-16 11:19:48.831 1497 1603 I am_wtf : [0,1497,system_server,-1,DisplayDeviceConfig,requesting nits when no mapping exists.]
12-16 11:19:48.844 1497 1868 E DisplayDeviceConfig: requesting nits when no mapping exists.
12-16 11:19:48.845 1497 1868 E DisplayDeviceConfig: requesting nits when no mapping exists.
12-16 11:19:48.845 1497 1603 I am_wtf : [0,1497,system_server,-1,DisplayDeviceConfig,requesting nits when no mapping exists.]
12-16 11:19:48.846 1497 1603 I am_wtf : [0,1497,system_server,-1,DisplayDeviceConfig,requesting nits when no mapping exists.]
12-16 11:19:48.861 1497 1868 E DisplayDeviceConfig: requesting nits when no mapping exists.
12-16 11:19:48.861 1497 1603 I am_wtf : [0,1497,system_server,-1,DisplayDeviceConfig,requesting nits when no mapping exists.]
12-16 11:19:48.861 1497 1868 E DisplayDeviceConfig: requesting nits when no mapping exists.
12-16 11:19:48.862 1497 1603 I service_manager_stats: [100,40,536941]
12-16 11:19:48.862 1497 1603 I am_wtf : [0,1497,system_server,-1,DisplayDeviceConfig,requesting nits when no mapping exists.]
12-16 11:19:48.878 1497 1868 E DisplayDeviceConfig: requesting nits when no mapping exists.
12-16 11:19:48.878 1497 1868 E DisplayDeviceConfig: requesting nits when no mapping exists.
12-16 11:19:48.878 1497 1603 I am_wtf : [0,1497,system_server,-1,DisplayDeviceConfig,requesting nits when no mapping exists.]
12-16 11:19:48.879 1497 1603 I am_wtf : [0,1497,system_server,-1,DisplayDeviceConfig,requesting nits when no mapping exists.]
12-16 11:19:48.894 1497 1868 E DisplayDeviceConfig: requesting nits when no mapping exists.
12-16 11:19:48.895 1497 1603 I am_wtf : [0,1497,system_server,-1,DisplayDeviceConfig,requesting nits when no mapping exists.]
12-16 11:19:48.895 1497 1868 E DisplayDeviceConfig: requesting nits when no mapping exists.
12-16 11:19:48.896 1497 1603 I am_wtf : [0,1497,system_server,-1,DisplayDeviceConfig,requesting nits when no mapping exists.]
12-16 11:19:48.911 1497 1868 E DisplayDeviceConfig: requesting nits when no mapping exists.
12-16 11:19:48.912 1497 1603 I am_wtf : [0,1497,system_server,-1,DisplayDeviceConfig,requesting nits when no mapping exists.]
12-16 11:19:48.912 1497 1868 E DisplayDeviceConfig: requesting nits when no mapping exists.
12-16 11:19:48.912 1497 1603 I am_wtf : [0,1497,system_server,-1,DisplayDeviceConfig,requesting nits when no mapping exists.]
12-16 11:19:48.928 1497 1868 E DisplayDeviceConfig: requesting nits when no mapping exists.
12-16 11:19:48.929 1497 1603 I am_wtf : [0,1497,system_server,-1,DisplayDeviceConfig,requesting nits when no mapping exists.]
12-16 11:19:48.929 1497 1868 E DisplayDeviceConfig: requesting nits when no mapping exists.
12-16 11:19:48.930 1497 1603 I am_wtf : [0,1497,system_server,-1,DisplayDeviceConfig,requesting nits when no mapping exists.]
12-16 11:19:48.945 1497 1868 E DisplayDeviceConfig: requesting nits when no mapping exists.
12-16 11:19:48.945 1497 1603 I am_wtf : [0,1497,system_server,-1,DisplayDeviceConfig,requesting nits when no mapping exists.]
12-16 11:19:48.946 1497 1868 E DisplayDeviceConfig: requesting nits when no mapping exists.
12-16 11:19:48.947 1497 1603 I am_wtf : [0,1497,system_server,-1,DisplayDeviceConfig,requesting nits when no mapping exists.]
12-16 11:19:48.961 1497 1868 E DisplayDeviceConfig: requesting nits when no mapping exists.
12-16 11:19:48.962 1497 1868 E DisplayDeviceConfig: requesting nits when no mapping exists.
12-16 11:19:48.962 1497 1603 I am_wtf : [0,1497,system_server,-1,DisplayDeviceConfig,requesting nits when no mapping exists.]
12-16 11:19:48.963 1497 1603 I am_wtf : [0,1497,system_server,-1,DisplayDeviceConfig,requesting nits when no mapping exists.]
12-16 11:19:48.978 1497 1868 E DisplayDeviceConfig: requesting nits when no mapping exists.
12-16 11:19:48.979 1497 1603 I am_wtf : [0,1497,system_server,-1,DisplayDeviceConfig,requesting nits when no mapping exists.]
12-16 11:19:48.979 1497 1868 E DisplayDeviceConfig: requesting nits when no mapping exists.
12-16 11:19:48.979 1497 1603 I am_wtf : [0,1497,system_server,-1,DisplayDeviceConfig,requesting nits when no mapping exists.]
12-16 11:19:48.995 1497 1868 E DisplayDeviceConfig: requesting nits when no mapping exists.
12-16 11:19:48.996 1497 1868 E DisplayDeviceConfig: requesting nits when no mapping exists.
12-16 11:19:48.996 1497 1603 I am_wtf : [0,1497,system_server,-1,DisplayDeviceConfig,requesting nits when no mapping exists.]
12-16 11:19:48.997 1497 1603 I am_wtf : [0,1497,system_server,-1,DisplayDeviceConfig,requesting nits when no mapping exists.]
12-16 11:19:49.012 1497 1868 E DisplayDeviceConfig: requesting nits when no mapping exists.
12-16 11:19:49.013 1497 1603 I am_wtf : [0,1497,system_server,-1,DisplayDeviceConfig,requesting nits when no mapping exists.]
12-16 11:19:49.013 1497 1868 E DisplayDeviceConfig: requesting nits when no mapping exists.
12-16 11:19:49.014 1497 1603 I am_wtf : [0,1497,system_server,-1,DisplayDeviceConfig,requesting nits when no mapping exists.]
12-16 11:19:49.028 1497 1868 E DisplayDeviceConfig: requesting nits when no mapping exists.
12-16 11:19:49.029 1497 1603 I am_wtf : [0,1497,system_server,-1,DisplayDeviceConfig,requesting nits when no mapping exists.]
12-16 11:19:49.029 1497 1868 E DisplayDeviceConfig: requesting nits when no mapping exists.
12-16 11:19:49.030 1497 1603 I am_wtf : [0,1497,system_server,-1,DisplayDeviceConfig,requesting nits when no mapping exists.]
12-16 11:19:49.045 1497 1868 E DisplayDeviceConfig: requesting nits when no mapping exists.
12-16 11:19:49.045 1497 1603 I am_wtf : [0,1497,system_server,-1,DisplayDeviceConfig,requesting nits when no mapping exists.]
12-16 11:19:49.045 1497 1868 E DisplayDeviceConfig: requesting nits when no mapping exists.
12-16 11:19:49.046 1497 1603 I am_wtf : [0,1497,system_server,-1,DisplayDeviceConfig,requesting nits when no mapping exists.]
12-16 11:19:49.061 1497 1868 E DisplayDeviceConfig: requesting nits when no mapping exists.
12-16 11:19:49.062 1497 1868 E DisplayDeviceConfig: requesting nits when no mapping exists.
12-16 11:19:49.062 1497 1603 I am_wtf : [0,1497,system_server,-1,DisplayDeviceConfig,requesting nits when no mapping exists.]
12-16 11:19:49.062 1497 1603 I am_wtf : [0,1497,system_server,-1,DisplayDeviceConfig,requesting nits when no mapping exists.]
12-16 11:19:49.078 1497 1868 E DisplayDeviceConfig: requesting nits when no mapping exists.
12-16 11:19:49.078 1497 1868 E DisplayDeviceConfig: requesting nits when no mapping exists.
12-16 11:19:49.078 1497 1603 I am_wtf : [0,1497,system_server,-1,DisplayDeviceConfig,requesting nits when no mapping exists.]
12-16 11:19:49.079 1497 1603 I am_wtf : [0,1497,system_server,-1,DisplayDeviceConfig,requesting nits when no mapping exists.]
12-16 11:19:49.095 1497 1868 E DisplayDeviceConfig: requesting nits when no mapping exists.
12-16 11:19:49.096 1497 1868 E DisplayDeviceConfig: requesting nits when no mapping exists.
12-16 11:19:49.096 1497 1603 I am_wtf : [0,1497,system_server,-1,DisplayDeviceConfig,requesting nits when no mapping exists.]
12-16 11:19:49.097 1497 1603 I am_wtf : [0,1497,system_server,-1,DisplayDeviceConfig,requesting nits when no mapping exists.]
01-01 14:36:14.703 0 0 D : mv2112_read_status
01-01 14:36:14.703 0 0 D mv2112_update_link: 3.0x901(1G): 0x80
01-01 14:36:14.703 0 0 D mv2112_update_link: 3.0x8109(100M): 0x8
01-01 14:36:14.703 0 0 D mv2112_update_link: link 0x0
01-01 14:36:14.703 0 0 D mv2112_read_status: autoneg is disabled
12-16 11:19:49.112 1497 1868 E DisplayDeviceConfig: requesting nits when no mapping exists.
12-16 11:19:49.113 1497 1603 I am_wtf : [0,1497,system_server,-1,DisplayDeviceConfig,requesting nits when no mapping exists.]
12-16 11:19:49.113 1497 1868 E DisplayDeviceConfig: requesting nits when no mapping exists.
12-16 11:19:49.114 1497 1603 I am_wtf : [0,1497,system_server,-1,DisplayDeviceConfig,requesting nits when no mapping exists.]
12-16 11:19:49.128 1497 1868 E DisplayDeviceConfig: requesting nits when no mapping exists.
12-16 11:19:49.129 1497 1603 I am_wtf : [0,1497,system_server,-1,DisplayDeviceConfig,requesting nits when no mapping exists.]
12-16 11:19:49.130 1497 1868 E DisplayDeviceConfig: requesting nits when no mapping exists.
12-16 11:19:49.131 1497 1603 I am_wtf : [0,1497,system_server,-1,DisplayDeviceConfig,requesting nits when no mapping exists.]
12-16 11:19:49.145 1497 1868 E DisplayDeviceConfig: requesting nits when no mapping exists.
12-16 11:19:49.146 1497 1603 I am_wtf : [0,1497,system_server,-1,DisplayDeviceConfig,requesting nits when no mapping exists.]
12-16 11:19:49.146 1497 1868 E DisplayDeviceConfig: requesting nits when no mapping exists.
12-16 11:19:49.147 1497 1603 I am_wtf : [0,1497,system_server,-1,DisplayDeviceConfig,requesting nits when no mapping exists.]
12-16 11:19:49.161 1497 1868 E DisplayDeviceConfig: requesting nits when no mapping exists.
12-16 11:19:49.162 1497 1868 E DisplayDeviceConfig: requesting nits when no mapping exists.
12-16 11:19:49.162 1497 1603 I am_wtf : [0,1497,system_server,-1,DisplayDeviceConfig,requesting nits when no mapping exists.]
12-16 11:19:49.163 1497 1603 I am_wtf : [0,1497,system_server,-1,DisplayDeviceConfig,requesting nits when no mapping exists.]
12-16 11:19:49.178 1497 1868 E DisplayDeviceConfig: requesting nits when no mapping exists.
12-16 11:19:49.179 1497 1603 I am_wtf : [0,1497,system_server,-1,DisplayDeviceConfig,requesting nits when no mapping exists.]
12-16 11:19:49.179 1497 1868 E DisplayDeviceConfig: requesting nits when no mapping exists.
12-16 11:19:49.180 1497 1603 I am_wtf : [0,1497,system_server,-1,DisplayDeviceConfig,requesting nits when no mapping exists.]
12-16 11:19:49.195 1497 1868 E DisplayDeviceConfig: requesting nits when no mapping exists.
12-16 11:19:49.196 1497 1868 E DisplayDeviceConfig: requesting nits when no mapping exists.
12-16 11:19:49.196 1497 1603 I am_wtf : [0,1497,system_server,-1,DisplayDeviceConfig,requesting nits when no mapping exists.]
12-16 11:19:49.196 1497 1603 I am_wtf : [0,1497,system_server,-1,DisplayDeviceConfig,requesting nits when no mapping exists.]
12-16 11:19:49.212 1497 1868 E DisplayDeviceConfig: requesting nits when no mapping exists.
12-16 11:19:49.213 1497 1603 I am_wtf : [0,1497,system_server,-1,DisplayDeviceConfig,requesting nits when no mapping exists.]
12-16 11:19:49.213 1497 1868 E DisplayDeviceConfig: requesting nits when no mapping exists.
12-16 11:19:49.213 1497 1603 I am_wtf : [0,1497,system_server,-1,DisplayDeviceConfig,requesting nits when no mapping exists.]
12-16 11:19:49.229 1497 1868 E DisplayDeviceConfig: requesting nits when no mapping exists.
12-16 11:19:49.230 1497 1868 E DisplayDeviceConfig: requesting nits when no mapping exists.
12-16 11:19:49.230 1497 1603 I am_wtf : [0,1497,system_server,-1,DisplayDeviceConfig,requesting nits when no mapping exists.]
12-16 11:19:49.230 1497 1603 I am_wtf : [0,1497,system_server,-1,DisplayDeviceConfig,requesting nits when no mapping exists.]
12-16 11:19:49.245 1497 1868 E DisplayDeviceConfig: requesting nits when no mapping exists.
12-16 11:19:49.246 1497 1603 I am_wtf : [0,1497,system_server,-1,DisplayDeviceConfig,requesting nits when no mapping exists.]
12-16 11:19:49.246 1497 1868 E DisplayDeviceConfig: requesting nits when no mapping exists.
12-16 11:19:49.246 1497 1603 I am_wtf : [0,1497,system_server,-1,DisplayDeviceConfig,requesting nits when no mapping exists.]
12-16 11:19:49.262 1497 1868 E DisplayDeviceConfig: requesting nits when no mapping exists.
12-16 11:19:49.263 1497 1868 E DisplayDeviceConfig: requesting nits when no mapping exists.
12-16 11:19:49.263 1497 1603 I am_wtf : [0,1497,system_server,-1,DisplayDeviceConfig,requesting nits when no mapping exists.]
12-16 11:19:49.264 1497 1603 I am_wtf : [0,1497,system_server,-1,DisplayDeviceConfig,requesting nits when no mapping exists.]
12-16 11:19:49.279 1497 1868 E DisplayDeviceConfig: requesting nits when no mapping exists.
12-16 11:19:49.280 1497 1603 I am_wtf : [0,1497,system_server,-1,DisplayDeviceConfig,requesting nits when no mapping exists.]
12-16 11:19:49.280 1497 1868 E DisplayDeviceConfig: requesting nits when no mapping exists.
12-16 11:19:49.281 1497 1603 I am_wtf : [0,1497,system_server,-1,DisplayDeviceConfig,requesting nits when no mapping exists.]
12-16 11:19:49.295 1497 1868 E DisplayDeviceConfig: requesting nits when no mapping exists.
12-16 11:19:49.296 1497 1603 I am_wtf : [0,1497,system_server,-1,DisplayDeviceConfig,requesting nits when no mapping exists.]
12-16 11:19:49.296 1497 1868 E DisplayDeviceConfig: requesting nits when no mapping exists.
12-16 11:19:49.297 1497 1603 I am_wtf : [0,1497,system_server,-1,DisplayDeviceConfig,requesting nits when no mapping exists.]
12-16 11:19:49.312 1497 1868 E DisplayDeviceConfig: requesting nits when no mapping exists.
12-16 11:19:49.313 1497 1603 I am_wtf : [0,1497,system_server,-1,DisplayDeviceConfig,requesting nits when no mapping exists.]
12-16 11:19:49.313 1497 1868 E DisplayDeviceConfig: requesting nits when no mapping exists.
12-16 11:19:49.314 1497 1603 I am_wtf : [0,1497,system_server,-1,DisplayDeviceConfig,requesting nits when no mapping exists.]
12-16 11:19:49.328 1497 1868 E DisplayDeviceConfig: requesting nits when no mapping exists.
12-16 11:19:49.329 1497 1603 I am_wtf : [0,1497,system_server,-1,DisplayDeviceConfig,requesting nits when no mapping exists.]
12-16 11:19:49.329 1497 1868 E DisplayDeviceConfig: requesting nits when no mapping exists.
12-16 11:19:49.330 1497 1603 I am_wtf : [0,1497,system_server,-1,DisplayDeviceConfig,requesting nits when no mapping exists.]
12-16 11:19:49.345 1497 1868 E DisplayDeviceConfig: requesting nits when no mapping exists.
12-16 11:19:49.346 1497 1603 I am_wtf : [0,1497,system_server,-1,DisplayDeviceConfig,requesting nits when no mapping exists.]
12-16 11:19:49.347 1497 1868 E DisplayDeviceConfig: requesting nits when no mapping exists.
12-16 11:19:49.347 1497 1603 I am_wtf : [0,1497,system_server,-1,DisplayDeviceConfig,requesting nits when no mapping exists.]
12-16 11:19:49.362 1497 1868 E DisplayDeviceConfig: requesting nits when no mapping exists.
12-16 11:19:49.363 1497 1868 E DisplayDeviceConfig: requesting nits when no mapping exists.
12-16 11:19:49.363 1497 1603 I am_wtf : [0,1497,system_server,-1,DisplayDeviceConfig,requesting nits when no mapping exists.]
12-16 11:19:49.364 1497 1603 I am_wtf : [0,1497,system_server,-1,DisplayDeviceConfig,requesting nits when no mapping exists.]
12-16 11:19:49.379 1497 1868 E DisplayDeviceConfig: requesting nits when no mapping exists.
12-16 11:19:49.379 1497 1603 I am_wtf : [0,1497,system_server,-1,DisplayDeviceConfig,requesting nits when no mapping exists.]
12-16 11:19:49.379 1497 1868 E DisplayDeviceConfig: requesting nits when no mapping exists.
12-16 11:19:49.380 1497 1603 I am_wtf : [0,1497,system_server,-1,DisplayDeviceConfig,requesting nits when no mapping exists.]
12-16 11:19:49.395 1497 1868 E DisplayDeviceConfig: requesting nits when no mapping exists.
12-16 11:19:49.396 1497 1603 I am_wtf : [0,1497,system_server,-1,DisplayDeviceConfig,requesting nits when no mapping exists.]
12-16 11:19:49.396 1497 1868 E DisplayDeviceConfig: requesting nits when no mapping exists.
12-16 11:19:49.397 1497 1603 I am_wtf : [0,1497,system_server,-1,DisplayDeviceConfig,requesting nits when no mapping exists.]
12-16 11:19:49.412 1497 1868 E DisplayDeviceConfig: requesting nits when no mapping exists.
12-16 11:19:49.413 1497 1603 I am_wtf : [0,1497,system_server,-1,DisplayDeviceConfig,requesting nits when no mapping exists.]
12-16 11:19:49.414 1497 1868 E DisplayDeviceConfig: requesting nits when no mapping exists.
12-16 11:19:49.414 1497 1603 I am_wtf : [0,1497,system_server,-1,DisplayDeviceConfig,requesting nits when no mapping exists.]
12-16 11:19:49.429 1497 1868 E DisplayDeviceConfig: requesting nits when no mapping exists.
12-16 11:19:49.430 1497 1603 I am_wtf : [0,1497,system_server,-1,DisplayDeviceConfig,requesting nits when no mapping exists.]
12-16 11:19:49.430 1497 1868 E DisplayDeviceConfig: requesting nits when no mapping exists.
12-16 11:19:49.431 1497 1603 I am_wtf : [0,1497,system_server,-1,DisplayDeviceConfig,requesting nits when no mapping exists.]
12-16 11:19:49.446 1497 1868 E DisplayDeviceConfig: requesting nits when no mapping exists.
12-16 11:19:49.446 1497 1603 I am_wtf : [0,1497,system_server,-1,DisplayDeviceConfig,requesting nits when no mapping exists.]
12-16 11:19:49.447 1497 1868 E DisplayDeviceConfig: requesting nits when no mapping exists.
12-16 11:19:49.448 1497 1603 I am_wtf : [0,1497,system_server,-1,DisplayDeviceConfig,requesting nits when no mapping exists.]
12-16 11:19:49.462 1497 1868 E DisplayDeviceConfig: requesting nits when no mapping exists.
12-16 11:19:49.463 1497 1603 I am_wtf : [0,1497,system_server,-1,DisplayDeviceConfig,requesting nits when no mapping exists.]
12-16 11:19:49.464 1497 1868 E DisplayDeviceConfig: requesting nits when no mapping exists.
12-16 11:19:49.465 1497 1603 I am_wtf : [0,1497,system_server,-1,DisplayDeviceConfig,requesting nits when no mapping exists.]
12-16 11:19:49.479 1497 1868 E DisplayDeviceConfig: requesting nits when no mapping exists.
12-16 11:19:49.480 1497 1603 I am_wtf : [0,1497,system_server,-1,DisplayDeviceConfig,requesting nits when no mapping exists.]
12-16 11:19:49.481 1497 1868 E DisplayDeviceConfig: requesting nits when no mapping exists.
12-16 11:19:49.481 1497 1603 I am_wtf : [0,1497,system_server,-1,DisplayDeviceConfig,requesting nits when no mapping exists.]
12-16 11:19:49.496 1497 1868 E DisplayDeviceConfig: requesting nits when no mapping exists.
12-16 11:19:49.496 1497 1603 I am_wtf : [0,1497,system_server,-1,DisplayDeviceConfig,requesting nits when no mapping exists.]
12-16 11:19:49.497 1497 1868 E DisplayDeviceConfig: requesting nits when no mapping exists.
