12-16 11:14:27.759 0 0 I auditd : type=1400 audit(0.0:24992): avc: denied { kill } for comm="swapper/1" capability=5 scontext=u:r:kernel:s0 tcontext=u:r:kernel:s0 tclass=capability permissive=0
01-01 14:30:54.190 0 0 D : mv2112_read_status
01-01 14:30:54.191 0 0 D mv2112_update_link: 3.0x901(1G): 0x80
01-01 14:30:54.191 0 0 D mv2112_update_link: 3.0x8109(100M): 0x8
01-01 14:30:54.191 0 0 D mv2112_update_link: link 0x0
01-01 14:30:54.191 0 0 D mv2112_read_status: autoneg is disabled
12-16 11:14:28.759 0 0 I auditd : type=1400 audit(0.0:24993): avc: denied { kill } for comm="swapper/1" capability=5 scontext=u:r:kernel:s0 tcontext=u:r:kernel:s0 tclass=capability permissive=0
01-01 14:30:55.214 0 0 D : mv2112_read_status
01-01 14:30:55.215 0 0 D mv2112_update_link: 3.0x901(1G): 0x80
01-01 14:30:55.215 0 0 D mv2112_update_link: 3.0x8109(100M): 0x8
01-01 14:30:55.215 0 0 D mv2112_update_link: link 0x0
01-01 14:30:55.215 0 0 D mv2112_read_status: autoneg is disabled
12-16 11:14:29.759 0 0 I auditd : type=1400 audit(0.0:24994): avc: denied { kill } for comm="swapper/1" capability=5 scontext=u:r:kernel:s0 tcontext=u:r:kernel:s0 tclass=capability permissive=0
01-01 14:30:56.238 0 0 D : mv2112_read_status
01-01 14:30:56.239 0 0 D mv2112_update_link: 3.0x901(1G): 0x80
01-01 14:30:56.239 0 0 D mv2112_update_link: 3.0x8109(100M): 0x8
01-01 14:30:56.239 0 0 D mv2112_update_link: link 0x0
01-01 14:30:56.239 0 0 D mv2112_read_status: autoneg is disabled
12-16 11:14:31.377 1497 1669 D ActivityManager: freezing 29904 com.android.calendar
12-16 11:14:31.377 1497 1669 E ActivityManager: Unable to freeze binder for 29904 com.android.calendar
01-01 14:30:56.981 0 0 I binder : 1497:1669 ioctl 400c620e 7531f915d8 returned -22
12-16 11:14:31.380 1497 1669 D ActivityManager: froze 29904 com.android.calendar
12-16 11:14:31.380 1497 1669 I am_freeze: [29904,com.android.calendar]
12-16 11:14:31.380 1497 1669 E ActivityManager: Unable to freeze binder for 29904 com.android.calendar
01-01 14:30:56.983 0 0 I binder : 1497:1669 ioctl c00c620f 7531f915b8 returned -22
12-16 11:14:31.381 1497 1669 I ActivityManager: Killing 29904:com.android.calendar/u0a65 (adj 945): Unable to freeze binder interface
12-16 11:14:31.381 1497 1669 I am_kill : [0,29904,com.android.calendar,945,Unable to freeze binder interface]
12-16 11:14:31.411 1497 3002 I am_proc_died: [0,29904,com.android.calendar,945,19]
12-16 11:14:31.412 1497 3002 I am_uid_stopped: 10065
12-16 11:14:31.418 1497 1595 I am_uid_running: 10065
12-16 11:14:31.418 1497 1595 D CompatibilityChangeReporter: Compat change id reported: 135634846; UID 10065; state: DISABLED
12-16 11:14:31.418 1497 1595 D CompatibilityChangeReporter: Compat change id reported: 177438394; UID 10065; state: DISABLED
12-16 11:14:31.418 1497 1595 D CompatibilityChangeReporter: Compat change id reported: 135772972; UID 10065; state: DISABLED
12-16 11:14:31.418 1497 1595 D CompatibilityChangeReporter: Compat change id reported: 135754954; UID 10065; state: DISABLED
12-16 11:14:31.419 1497 1604 D CompatibilityChangeReporter: Compat change id reported: 143937733; UID 10065; state: DISABLED
12-16 11:14:31.422 1497 1602 I am_pss : [31227,10088,com.android.music,7064576,4714496,0,91148288,0,19,5]
12-16 11:14:31.435 1497 1604 I am_proc_start: [0,31467,10065,com.android.calendar,NULL,]
12-16 11:14:31.435 1497 1604 I ActivityManager: Start proc 31467:com.android.calendar/u0a65 for null
01-01 14:30:57.076 0 0 I binder : 31467:31467 ioctl 40046210 7fe19b7f64 returned -22
12-16 11:14:31.479 1497 3002 I am_proc_bound: [0,31467,com.android.calendar]
12-16 11:14:31.481 1497 3002 D CompatibilityChangeReporter: Compat change id reported: 168419799; UID 10065; state: DISABLED
01-01 14:30:57.262 0 0 D : mv2112_read_status
01-01 14:30:57.263 0 0 D mv2112_update_link: 3.0x901(1G): 0x80
01-01 14:30:57.263 0 0 D mv2112_update_link: 3.0x8109(100M): 0x8
01-01 14:30:57.263 0 0 D mv2112_update_link: link 0x0
01-01 14:30:57.263 0 0 D mv2112_read_status: autoneg is disabled
12-16 11:14:31.759 0 0 I auditd : type=1400 audit(0.0:24995): avc: denied { kill } for comm="swapper/1" capability=5 scontext=u:r:kernel:s0 tcontext=u:r:kernel:s0 tclass=capability permissive=0
01-01 14:30:58.286 0 0 D : mv2112_read_status
01-01 14:30:58.287 0 0 D mv2112_update_link: 3.0x901(1G): 0x80
01-01 14:30:58.287 0 0 D mv2112_update_link: 3.0x8109(100M): 0x8
01-01 14:30:58.287 0 0 D mv2112_update_link: link 0x0
01-01 14:30:58.287 0 0 D mv2112_read_status: autoneg is disabled
12-16 11:14:32.759 0 0 I auditd : type=1400 audit(0.0:24996): avc: denied { kill } for comm="swapper/1" capability=5 scontext=u:r:kernel:s0 tcontext=u:r:kernel:s0 tclass=capability permissive=0
01-01 14:30:59.310 0 0 D : mv2112_read_status
01-01 14:30:59.311 0 0 D mv2112_update_link: 3.0x901(1G): 0x80
01-01 14:30:59.311 0 0 D mv2112_update_link: 3.0x8109(100M): 0x8
01-01 14:30:59.311 0 0 D mv2112_update_link: link 0x0
01-01 14:30:59.311 0 0 D mv2112_read_status: autoneg is disabled
12-16 11:14:33.759 0 0 I auditd : type=1400 audit(0.0:24997): avc: denied { kill } for comm="swapper/1" capability=5 scontext=u:r:kernel:s0 tcontext=u:r:kernel:s0 tclass=capability permissive=0
12-16 11:14:33.798 1497 1669 D ActivityManager: freezing 29941 com.hryt.hiphishowfsecontrol
12-16 11:14:33.800 1497 1669 E ActivityManager: Unable to freeze binder for 29941 com.hryt.hiphishowfsecontrol
12-16 11:14:33.801 1497 1669 D ActivityManager: froze 29941 com.hryt.hiphishowfsecontrol
12-16 11:14:33.801 1497 1669 I am_freeze: [29941,com.hryt.hiphishowfsecontrol]
12-16 11:14:33.801 1497 1669 E ActivityManager: Unable to freeze binder for 29941 com.hryt.hiphishowfsecontrol
12-16 11:14:33.802 1497 1669 I ActivityManager: Killing 29941:com.hryt.hiphishowfsecontrol/u0a23 (adj 945): Unable to freeze binder interface
12-16 11:14:33.802 1497 1669 I am_kill : [0,29941,com.hryt.hiphishowfsecontrol,945,Unable to freeze binder interface]
01-01 14:30:59.403 0 0 I binder : 1497:1669 ioctl 400c620e 7531f915d8 returned -22
01-01 14:30:59.405 0 0 I binder : 1497:1669 ioctl c00c620f 7531f915b8 returned -22
12-16 11:14:33.834 1497 3002 I am_proc_died: [0,29941,com.hryt.hiphishowfsecontrol,945,19]
12-16 11:14:33.836 1497 3002 I am_uid_stopped: 10023
01-01 14:31:00.334 0 0 D : mv2112_read_status
01-01 14:31:00.335 0 0 D mv2112_update_link: 3.0x901(1G): 0x80
01-01 14:31:00.335 0 0 D mv2112_update_link: 3.0x8109(100M): 0x8
01-01 14:31:00.335 0 0 D mv2112_update_link: link 0x0
01-01 14:31:00.335 0 0 D mv2112_read_status: autoneg is disabled
12-16 11:14:34.759 0 0 I auditd : type=1400 audit(0.0:24998): avc: denied { kill } for comm="swapper/1" capability=5 scontext=u:r:kernel:s0 tcontext=u:r:kernel:s0 tclass=capability permissive=0
01-01 14:31:01.358 0 0 D : mv2112_read_status
01-01 14:31:01.359 0 0 D mv2112_update_link: 3.0x901(1G): 0x80
01-01 14:31:01.359 0 0 D mv2112_update_link: 3.0x8109(100M): 0x8
01-01 14:31:01.359 0 0 D mv2112_update_link: link 0x0
01-01 14:31:01.359 0 0 D mv2112_read_status: autoneg is disabled
12-16 11:14:35.759 0 0 I auditd : type=1400 audit(0.0:24999): avc: denied { kill } for comm="swapper/1" capability=5 scontext=u:r:kernel:s0 tcontext=u:r:kernel:s0 tclass=capability permissive=0
12-16 11:14:36.759 0 0 I auditd : type=1400 audit(0.0:25000): avc: denied { kill } for comm="swapper/1" capability=5 scontext=u:r:kernel:s0 tcontext=u:r:kernel:s0 tclass=capability permissive=0
01-01 14:31:02.382 0 0 D : mv2112_read_status
01-01 14:31:02.383 0 0 D mv2112_update_link: 3.0x901(1G): 0x80
01-01 14:31:02.383 0 0 D mv2112_update_link: 3.0x8109(100M): 0x8
01-01 14:31:02.383 0 0 D mv2112_update_link: link 0x0
01-01 14:31:02.383 0 0 D mv2112_read_status: autoneg is disabled
12-16 11:14:37.759 0 0 I auditd : type=1400 audit(0.0:25001): avc: denied { kill } for comm="swapper/1" capability=5 scontext=u:r:kernel:s0 tcontext=u:r:kernel:s0 tclass=capability permissive=0
01-01 14:31:03.406 0 0 D : mv2112_read_status
01-01 14:31:03.407 0 0 D mv2112_update_link: 3.0x901(1G): 0x80
01-01 14:31:03.407 0 0 D mv2112_update_link: 3.0x8109(100M): 0x8
01-01 14:31:03.407 0 0 D mv2112_update_link: link 0x0
01-01 14:31:03.407 0 0 D mv2112_read_status: autoneg is disabled
12-16 11:14:38.759 0 0 I auditd : type=1400 audit(0.0:25002): avc: denied { kill } for comm="swapper/1" capability=5 scontext=u:r:kernel:s0 tcontext=u:r:kernel:s0 tclass=capability permissive=0
01-01 14:31:04.430 0 0 D : mv2112_read_status
01-01 14:31:04.431 0 0 D mv2112_update_link: 3.0x901(1G): 0x80
01-01 14:31:04.431 0 0 D mv2112_update_link: 3.0x8109(100M): 0x8
01-01 14:31:04.431 0 0 D mv2112_update_link: link 0x0
01-01 14:31:04.431 0 0 D mv2112_read_status: autoneg is disabled
01-01 14:31:04.875 0 0 I [soft_i][0x68e56b630c][11:14:39.271905] wlan: [0:I:QDF] DHCP-R TX: SA:7a:e4:bc:f9:6b:c7 DA:58:d9:d5:44:ba:d8 msdu_id:3 status: succ
01-01 14:31:04.887 0 0 I [dp_rx_][0x68e56ee538][11:14:39.283879] wlan: [9507:I:QDF] DHCP-A RX: SA:58:d9:d5:44:ba:d8 DA:ff:ff:ff:ff:ff:ff
12-16 11:14:39.759 0 0 I auditd : type=1400 audit(0.0:25003): avc: denied { kill } for comm="swapper/1" capability=5 scontext=u:r:kernel:s0 tcontext=u:r:kernel:s0 tclass=capability permissive=0
01-01 14:31:05.454 0 0 D : mv2112_read_status
01-01 14:31:05.454 0 0 D mv2112_update_link: 3.0x901(1G): 0x80
01-01 14:31:05.455 0 0 D mv2112_update_link: 3.0x8109(100M): 0x8
01-01 14:31:05.455 0 0 D mv2112_update_link: link 0x0
01-01 14:31:05.455 0 0 D mv2112_read_status: autoneg is disabled
12-16 11:14:40.759 0 0 I auditd : type=1400 audit(0.0:25004): avc: denied { kill } for comm="swapper/1" capability=5 scontext=u:r:kernel:s0 tcontext=u:r:kernel:s0 tclass=capability permissive=0
01-01 14:31:06.478 0 0 D : mv2112_read_status
01-01 14:31:06.478 0 0 D mv2112_update_link: 3.0x901(1G): 0x80
01-01 14:31:06.479 0 0 D mv2112_update_link: 3.0x8109(100M): 0x8
01-01 14:31:06.479 0 0 D mv2112_update_link: link 0x0
01-01 14:31:06.479 0 0 D mv2112_read_status: autoneg is disabled
12-16 11:14:41.759 0 0 I auditd : type=1400 audit(0.0:25005): avc: denied { kill } for comm="swapper/1" capability=5 scontext=u:r:kernel:s0 tcontext=u:r:kernel:s0 tclass=capability permissive=0
01-01 14:31:07.502 0 0 D : mv2112_read_status
01-01 14:31:07.502 0 0 D mv2112_update_link: 3.0x901(1G): 0x80
01-01 14:31:07.503 0 0 D mv2112_update_link: 3.0x8109(100M): 0x8
01-01 14:31:07.503 0 0 D mv2112_update_link: link 0x0
01-01 14:31:07.503 0 0 D mv2112_read_status: autoneg is disabled
12-16 11:14:42.759 0 0 I auditd : type=1400 audit(0.0:25006): avc: denied { kill } for comm="swapper/1" capability=5 scontext=u:r:kernel:s0 tcontext=u:r:kernel:s0 tclass=capability permissive=0
01-01 14:31:08.526 0 0 D : mv2112_read_status
01-01 14:31:08.526 0 0 D mv2112_update_link: 3.0x901(1G): 0x80
01-01 14:31:08.527 0 0 D mv2112_update_link: 3.0x8109(100M): 0x8
01-01 14:31:08.527 0 0 D mv2112_update_link: link 0x0
01-01 14:31:08.527 0 0 D mv2112_read_status: autoneg is disabled
12-16 11:14:43.759 0 0 I auditd : type=1400 audit(0.0:25007): avc: denied { kill } for comm="swapper/1" capability=5 scontext=u:r:kernel:s0 tcontext=u:r:kernel:s0 tclass=capability permissive=0
01-01 14:31:09.550 0 0 D : mv2112_read_status
01-01 14:31:09.551 0 0 D mv2112_update_link: 3.0x901(1G): 0x80
01-01 14:31:09.551 0 0 D mv2112_update_link: 3.0x8109(100M): 0x8
01-01 14:31:09.551 0 0 D mv2112_update_link: link 0x0
01-01 14:31:09.551 0 0 D mv2112_read_status: autoneg is disabled
12-16 11:14:44.759 0 0 I auditd : type=1400 audit(0.0:25008): avc: denied { kill } for comm="swapper/1" capability=5 scontext=u:r:kernel:s0 tcontext=u:r:kernel:s0 tclass=capability permissive=0
01-01 14:31:10.574 0 0 D : mv2112_read_status
01-01 14:31:10.575 0 0 D mv2112_update_link: 3.0x901(1G): 0x80
01-01 14:31:10.575 0 0 D mv2112_update_link: 3.0x8109(100M): 0x8
01-01 14:31:10.575 0 0 D mv2112_update_link: link 0x0
01-01 14:31:10.575 0 0 D mv2112_read_status: autoneg is disabled
12-16 11:14:45.759 0 0 I auditd : type=1400 audit(0.0:25009): avc: denied { kill } for comm="swapper/1" capability=5 scontext=u:r:kernel:s0 tcontext=u:r:kernel:s0 tclass=capability permissive=0
01-01 14:31:11.598 0 0 D : mv2112_read_status
01-01 14:31:11.599 0 0 D mv2112_update_link: 3.0x901(1G): 0x80
01-01 14:31:11.599 0 0 D mv2112_update_link: 3.0x8109(100M): 0x8
01-01 14:31:11.599 0 0 D mv2112_update_link: link 0x0
01-01 14:31:11.599 0 0 D mv2112_read_status: autoneg is disabled
12-16 11:14:46.759 0 0 I auditd : type=1400 audit(0.0:25010): avc: denied { kill } for comm="swapper/1" capability=5 scontext=u:r:kernel:s0 tcontext=u:r:kernel:s0 tclass=capability permissive=0
01-01 14:31:12.622 0 0 D : mv2112_read_status
01-01 14:31:12.622 0 0 D mv2112_update_link: 3.0x901(1G): 0x80
01-01 14:31:12.623 0 0 D mv2112_update_link: 3.0x8109(100M): 0x8
01-01 14:31:12.623 0 0 D mv2112_update_link: link 0x0
01-01 14:31:12.623 0 0 D mv2112_read_status: autoneg is disabled
12-16 11:14:47.759 0 0 I auditd : type=1400 audit(0.0:25011): avc: denied { kill } for comm="swapper/1" capability=5 scontext=u:r:kernel:s0 tcontext=u:r:kernel:s0 tclass=capability permissive=0
01-01 14:31:13.646 0 0 D : mv2112_read_status
01-01 14:31:13.646 0 0 D mv2112_update_link: 3.0x901(1G): 0x80
01-01 14:31:13.647 0 0 D mv2112_update_link: 3.0x8109(100M): 0x8
01-01 14:31:13.647 0 0 D mv2112_update_link: link 0x0
01-01 14:31:13.647 0 0 D mv2112_read_status: autoneg is disabled
12-16 11:14:48.759 0 0 I auditd : type=1400 audit(0.0:25012): avc: denied { kill } for comm="swapper/1" capability=5 scontext=u:r:kernel:s0 tcontext=u:r:kernel:s0 tclass=capability permissive=0
01-01 14:31:14.670 0 0 D : mv2112_read_status
01-01 14:31:14.670 0 0 D mv2112_update_link: 3.0x901(1G): 0x80
01-01 14:31:14.671 0 0 D mv2112_update_link: 3.0x8109(100M): 0x8
01-01 14:31:14.671 0 0 D mv2112_update_link: link 0x0
01-01 14:31:14.671 0 0 D mv2112_read_status: autoneg is disabled
12-16 11:14:49.759 0 0 I auditd : type=1400 audit(0.0:25013): avc: denied { kill } for comm="swapper/1" capability=5 scontext=u:r:kernel:s0 tcontext=u:r:kernel:s0 tclass=capability permissive=0
01-01 14:31:15.694 0 0 D : mv2112_read_status
01-01 14:31:15.694 0 0 D mv2112_update_link: 3.0x901(1G): 0x80
01-01 14:31:15.695 0 0 D mv2112_update_link: 3.0x8109(100M): 0x8
01-01 14:31:15.695 0 0 D mv2112_update_link: link 0x0
01-01 14:31:15.695 0 0 D mv2112_read_status: autoneg is disabled
12-16 11:14:50.759 0 0 I auditd : type=1400 audit(0.0:25014): avc: denied { kill } for comm="swapper/1" capability=5 scontext=u:r:kernel:s0 tcontext=u:r:kernel:s0 tclass=capability permissive=0
01-01 14:31:16.718 0 0 D : mv2112_read_status
01-01 14:31:16.719 0 0 D mv2112_update_link: 3.0x901(1G): 0x80
01-01 14:31:16.719 0 0 D mv2112_update_link: 3.0x8109(100M): 0x8
01-01 14:31:16.719 0 0 D mv2112_update_link: link 0x0
01-01 14:31:16.719 0 0 D mv2112_read_status: autoneg is disabled
12-16 11:14:51.759 0 0 I auditd : type=1400 audit(0.0:25015): avc: denied { kill } for comm="swapper/1" capability=5 scontext=u:r:kernel:s0 tcontext=u:r:kernel:s0 tclass=capability permissive=0
01-01 14:31:17.742 0 0 D : mv2112_read_status
01-01 14:31:17.742 0 0 D mv2112_update_link: 3.0x901(1G): 0x80
01-01 14:31:17.743 0 0 D mv2112_update_link: 3.0x8109(100M): 0x8
01-01 14:31:17.743 0 0 D mv2112_update_link: link 0x0
01-01 14:31:17.743 0 0 D mv2112_read_status: autoneg is disabled
12-16 11:14:52.759 0 0 I auditd : type=1400 audit(0.0:25016): avc: denied { kill } for comm="swapper/1" capability=5 scontext=u:r:kernel:s0 tcontext=u:r:kernel:s0 tclass=capability permissive=0
01-01 14:31:18.766 0 0 D : mv2112_read_status
01-01 14:31:18.767 0 0 D mv2112_update_link: 3.0x901(1G): 0x80
01-01 14:31:18.767 0 0 D mv2112_update_link: 3.0x8109(100M): 0x8
01-01 14:31:18.767 0 0 D mv2112_update_link: link 0x0
01-01 14:31:18.767 0 0 D mv2112_read_status: autoneg is disabled
12-16 11:14:53.759 0 0 I auditd : type=1400 audit(0.0:25017): avc: denied { kill } for comm="swapper/1" capability=5 scontext=u:r:kernel:s0 tcontext=u:r:kernel:s0 tclass=capability permissive=0
01-01 14:31:19.790 0 0 D : mv2112_read_status
01-01 14:31:19.790 0 0 D mv2112_update_link: 3.0x901(1G): 0x80
01-01 14:31:19.791 0 0 D mv2112_update_link: 3.0x8109(100M): 0x8
01-01 14:31:19.791 0 0 D mv2112_update_link: link 0x0
01-01 14:31:19.791 0 0 D mv2112_read_status: autoneg is disabled
12-16 11:14:54.759 0 0 I auditd : type=1400 audit(0.0:25018): avc: denied { kill } for comm="swapper/1" capability=5 scontext=u:r:kernel:s0 tcontext=u:r:kernel:s0 tclass=capability permissive=0
01-01 14:31:20.814 0 0 D : mv2112_read_status
01-01 14:31:20.815 0 0 D mv2112_update_link: 3.0x901(1G): 0x80
01-01 14:31:20.815 0 0 D mv2112_update_link: 3.0x8109(100M): 0x8
01-01 14:31:20.815 0 0 D mv2112_update_link: link 0x0
01-01 14:31:20.815 0 0 D mv2112_read_status: autoneg is disabled
12-16 11:14:55.759 0 0 I auditd : type=1400 audit(0.0:25019): avc: denied { kill } for comm="swapper/1" capability=5 scontext=u:r:kernel:s0 tcontext=u:r:kernel:s0 tclass=capability permissive=0
01-01 14:31:21.838 0 0 D : mv2112_read_status
01-01 14:31:21.839 0 0 D mv2112_update_link: 3.0x901(1G): 0x80
01-01 14:31:21.839 0 0 D mv2112_update_link: 3.0x8109(100M): 0x8
01-01 14:31:21.839 0 0 D mv2112_update_link: link 0x0
01-01 14:31:21.839 0 0 D mv2112_read_status: autoneg is disabled
12-16 11:14:56.759 0 0 I auditd : type=1400 audit(0.0:25020): avc: denied { kill } for comm="swapper/1" capability=5 scontext=u:r:kernel:s0 tcontext=u:r:kernel:s0 tclass=capability permissive=0
01-01 14:31:22.862 0 0 D : mv2112_read_status
01-01 14:31:22.863 0 0 D mv2112_update_link: 3.0x901(1G): 0x80
01-01 14:31:22.863 0 0 D mv2112_update_link: 3.0x8109(100M): 0x8
01-01 14:31:22.863 0 0 D mv2112_update_link: link 0x0
01-01 14:31:22.863 0 0 D mv2112_read_status: autoneg is disabled
12-16 11:14:57.759 0 0 I auditd : type=1400 audit(0.0:25021): avc: denied { kill } for comm="swapper/1" capability=5 scontext=u:r:kernel:s0 tcontext=u:r:kernel:s0 tclass=capability permissive=0
01-01 14:31:23.886 0 0 D : mv2112_read_status
01-01 14:31:23.887 0 0 D mv2112_update_link: 3.0x901(1G): 0x80
01-01 14:31:23.887 0 0 D mv2112_update_link: 3.0x8109(100M): 0x8
01-01 14:31:23.887 0 0 D mv2112_update_link: link 0x0
01-01 14:31:23.887 0 0 D mv2112_read_status: autoneg is disabled
01-01 14:31:24.910 0 0 D : mv2112_read_status
01-01 14:31:24.911 0 0 D mv2112_update_link: 3.0x901(1G): 0x80
01-01 14:31:24.911 0 0 D mv2112_update_link: 3.0x8109(100M): 0x8
01-01 14:31:24.911 0 0 D mv2112_update_link: link 0x0
01-01 14:31:24.911 0 0 D mv2112_read_status: autoneg is disabled
12-16 11:14:59.759 0 0 I auditd : type=1400 audit(0.0:25022): avc: denied { kill } for comm="swapper/3" capability=5 scontext=u:r:kernel:s0 tcontext=u:r:kernel:s0 tclass=capability permissive=0
01-01 14:31:25.934 0 0 D : mv2112_read_status
01-01 14:31:25.934 0 0 D mv2112_update_link: 3.0x901(1G): 0x80
01-01 14:31:25.935 0 0 D mv2112_update_link: 3.0x8109(100M): 0x8
01-01 14:31:25.935 0 0 D mv2112_update_link: link 0x0
01-01 14:31:25.935 0 0 D mv2112_read_status: autoneg is disabled
12-16 11:15:00.759 0 0 I auditd : type=1400 audit(0.0:25023): avc: denied { kill } for comm="swapper/3" capability=5 scontext=u:r:kernel:s0 tcontext=u:r:kernel:s0 tclass=capability permissive=0
01-01 14:31:26.958 0 0 D : mv2112_read_status
01-01 14:31:26.959 0 0 D mv2112_update_link: 3.0x901(1G): 0x80
01-01 14:31:26.959 0 0 D mv2112_update_link: 3.0x8109(100M): 0x8
01-01 14:31:26.959 0 0 D mv2112_update_link: link 0x0
01-01 14:31:26.959 0 0 D mv2112_read_status: autoneg is disabled
12-16 11:15:01.759 0 0 I auditd : type=1400 audit(0.0:25024): avc: denied { kill } for comm="swapper/3" capability=5 scontext=u:r:kernel:s0 tcontext=u:r:kernel:s0 tclass=capability permissive=0
01-01 14:31:27.988 0 0 D : mv2112_read_status
01-01 14:31:27.988 0 0 D mv2112_update_link: 3.0x901(1G): 0x80
01-01 14:31:27.988 0 0 D mv2112_update_link: 3.0x8109(100M): 0x8
01-01 14:31:27.988 0 0 D mv2112_update_link: link 0x0
01-01 14:31:27.988 0 0 D mv2112_read_status: autoneg is disabled
12-16 11:15:03.378 1497 1603 W BroadcastQueue: Permission Denial: broadcasting Intent { act=android.net.conn.CONNECTIVITY_CHANGE flg=0x4200010 (has extras) } from null (pid=-1, uid=-1) requires com.baidu.input.permission.sofire.RECEIVE due to registered receiver BroadcastFilter{79bae4 10028/u0 ReceiverList{1d1ae77 4275 com.baidu.input/10028/u0 remote:557b876}}
01-01 14:31:29.006 0 0 D : mv2112_read_status
01-01 14:31:29.007 0 0 D mv2112_update_link: 3.0x901(1G): 0x80
01-01 14:31:29.007 0 0 D mv2112_update_link: 3.0x8109(100M): 0x8
01-01 14:31:29.007 0 0 D mv2112_update_link: link 0x0
01-01 14:31:29.007 0 0 D mv2112_read_status: autoneg is disabled
12-16 11:15:03.763 0 0 I auditd : type=1400 audit(0.0:25025): avc: denied { kill } for comm="swapper/3" capability=5 scontext=u:r:kernel:s0 tcontext=u:r:kernel:s0 tclass=capability permissive=0
01-01 14:31:30.030 0 0 D : mv2112_read_status
01-01 14:31:30.031 0 0 D mv2112_update_link: 3.0x901(1G): 0x80
01-01 14:31:30.031 0 0 D mv2112_update_link: 3.0x8109(100M): 0x8
01-01 14:31:30.031 0 0 D mv2112_update_link: link 0x0
01-01 14:31:30.031 0 0 D mv2112_read_status: autoneg is disabled
12-16 11:15:04.763 0 0 I auditd : type=1400 audit(0.0:25026): avc: denied { kill } for comm="swapper/3" capability=5 scontext=u:r:kernel:s0 tcontext=u:r:kernel:s0 tclass=capability permissive=0
01-01 14:31:31.055 0 0 D : mv2112_read_status
01-01 14:31:31.055 0 0 D mv2112_update_link: 3.0x901(1G): 0x80
01-01 14:31:31.055 0 0 D mv2112_update_link: 3.0x8109(100M): 0x8
01-01 14:31:31.055 0 0 D mv2112_update_link: link 0x0
01-01 14:31:31.055 0 0 D mv2112_read_status: autoneg is disabled
01-01 14:31:31.248 0 0 I msm_vidc: err : ffffffff: .....: DBLP Set: status 0
12-16 11:15:05.763 0 0 I auditd : type=1400 audit(0.0:25027): avc: denied { kill } for comm="swapper/3" capability=5 scontext=u:r:kernel:s0 tcontext=u:r:kernel:s0 tclass=capability permissive=0
01-01 14:31:32.078 0 0 D : mv2112_read_status
01-01 14:31:32.079 0 0 D mv2112_update_link: 3.0x901(1G): 0x80
01-01 14:31:32.079 0 0 D mv2112_update_link: 3.0x8109(100M): 0x8
01-01 14:31:32.079 0 0 D mv2112_update_link: link 0x0
01-01 14:31:32.079 0 0 D mv2112_read_status: autoneg is disabled
12-16 11:15:06.763 0 0 I auditd : type=1400 audit(0.0:25028): avc: denied { kill } for comm="swapper/3" capability=5 scontext=u:r:kernel:s0 tcontext=u:r:kernel:s0 tclass=capability permissive=0
01-01 14:31:33.102 0 0 D : mv2112_read_status
01-01 14:31:33.103 0 0 D mv2112_update_link: 3.0x901(1G): 0x80
01-01 14:31:33.103 0 0 D mv2112_update_link: 3.0x8109(100M): 0x8
01-01 14:31:33.103 0 0 D mv2112_update_link: link 0x0
01-01 14:31:33.103 0 0 D mv2112_read_status: autoneg is disabled
12-16 11:15:07.763 0 0 I auditd : type=1400 audit(0.0:25029): avc: denied { kill } for comm="swapper/3" capability=5 scontext=u:r:kernel:s0 tcontext=u:r:kernel:s0 tclass=capability permissive=0
01-01 14:31:34.126 0 0 D : mv2112_read_status
01-01 14:31:34.127 0 0 D mv2112_update_link: 3.0x901(1G): 0x80
01-01 14:31:34.127 0 0 D mv2112_update_link: 3.0x8109(100M): 0x8
01-01 14:31:34.127 0 0 D mv2112_update_link: link 0x0
01-01 14:31:34.127 0 0 D mv2112_read_status: autoneg is disabled
12-16 11:15:08.759 0 0 I auditd : type=1400 audit(0.0:25030): avc: denied { kill } for comm="swapper/3" capability=5 scontext=u:r:kernel:s0 tcontext=u:r:kernel:s0 tclass=capability permissive=0
01-01 14:31:34.959 0 0 I [soft_i][0x6907d9071e][11:15:09.355798] wlan: [0:I:QDF] DHCP-R TX: SA:7a:e4:bc:f9:6b:c7 DA:58:d9:d5:44:ba:d8 msdu_id:6 status: succ
01-01 14:31:34.970 0 0 I [dp_rx_][0x6907dc3786][11:15:09.366683] wlan: [9507:I:QDF] DHCP-A RX: SA:58:d9:d5:44:ba:d8 DA:ff:ff:ff:ff:ff:ff
01-01 14:31:35.150 0 0 D : mv2112_read_status
01-01 14:31:35.151 0 0 D mv2112_update_link: 3.0x901(1G): 0x80
01-01 14:31:35.151 0 0 D mv2112_update_link: 3.0x8109(100M): 0x8
01-01 14:31:35.151 0 0 D mv2112_update_link: link 0x0
01-01 14:31:35.151 0 0 D mv2112_read_status: autoneg is disabled
12-16 11:15:09.763 0 0 I auditd : type=1400 audit(0.0:25031): avc: denied { kill } for comm="swapper/3" capability=5 scontext=u:r:kernel:s0 tcontext=u:r:kernel:s0 tclass=capability permissive=0
01-01 14:31:36.174 0 0 D : mv2112_read_status
01-01 14:31:36.175 0 0 D mv2112_update_link: 3.0x901(1G): 0x80
01-01 14:31:36.175 0 0 D mv2112_update_link: 3.0x8109(100M): 0x8
01-01 14:31:36.175 0 0 D mv2112_update_link: link 0x0
01-01 14:31:36.175 0 0 D mv2112_read_status: autoneg is disabled
12-16 11:15:10.763 0 0 I auditd : type=1400 audit(0.0:25032): avc: denied { kill } for comm="swapper/3" capability=5 scontext=u:r:kernel:s0 tcontext=u:r:kernel:s0 tclass=capability permissive=0
01-01 14:31:37.198 0 0 D : mv2112_read_status
01-01 14:31:37.199 0 0 D mv2112_update_link: 3.0x901(1G): 0x80
01-01 14:31:37.199 0 0 D mv2112_update_link: 3.0x8109(100M): 0x8
01-01 14:31:37.199 0 0 D mv2112_update_link: link 0x0
01-01 14:31:37.199 0 0 D mv2112_read_status: autoneg is disabled
12-16 11:15:11.759 0 0 I auditd : type=1400 audit(0.0:25033): avc: denied { kill } for comm="swapper/3" capability=5 scontext=u:r:kernel:s0 tcontext=u:r:kernel:s0 tclass=capability permissive=0
01-01 14:31:38.222 0 0 D : mv2112_read_status
01-01 14:31:38.223 0 0 D mv2112_update_link: 3.0x901(1G): 0x80
01-01 14:31:38.223 0 0 D mv2112_update_link: 3.0x8109(100M): 0x8
01-01 14:31:38.223 0 0 D mv2112_update_link: link 0x0
01-01 14:31:38.223 0 0 D mv2112_read_status: autoneg is disabled
12-16 11:15:12.759 0 0 I auditd : type=1400 audit(0.0:25034): avc: denied { kill } for comm="swapper/3" capability=5 scontext=u:r:kernel:s0 tcontext=u:r:kernel:s0 tclass=capability permissive=0
01-01 14:31:39.246 0 0 D : mv2112_read_status
01-01 14:31:39.247 0 0 D mv2112_update_link: 3.0x901(1G): 0x80
01-01 14:31:39.247 0 0 D mv2112_update_link: 3.0x8109(100M): 0x8
01-01 14:31:39.247 0 0 D mv2112_update_link: link 0x0
01-01 14:31:39.247 0 0 D mv2112_read_status: autoneg is disabled
12-16 11:15:13.763 0 0 I auditd : type=1400 audit(0.0:25035): avc: denied { kill } for comm="swapper/3" capability=5 scontext=u:r:kernel:s0 tcontext=u:r:kernel:s0 tclass=capability permissive=0
01-01 14:31:40.270 0 0 D : mv2112_read_status
01-01 14:31:40.271 0 0 D mv2112_update_link: 3.0x901(1G): 0x80
01-01 14:31:40.271 0 0 D mv2112_update_link: 3.0x8109(100M): 0x8
01-01 14:31:40.271 0 0 D mv2112_update_link: link 0x0
01-01 14:31:40.271 0 0 D mv2112_read_status: autoneg is disabled
12-16 11:15:14.763 0 0 I auditd : type=1400 audit(0.0:25036): avc: denied { kill } for comm="swapper/3" capability=5 scontext=u:r:kernel:s0 tcontext=u:r:kernel:s0 tclass=capability permissive=0
01-01 14:31:41.294 0 0 D : mv2112_read_status
01-01 14:31:41.295 0 0 D mv2112_update_link: 3.0x901(1G): 0x80
01-01 14:31:41.295 0 0 D mv2112_update_link: 3.0x8109(100M): 0x8
01-01 14:31:41.295 0 0 D mv2112_update_link: link 0x0
01-01 14:31:41.295 0 0 D mv2112_read_status: autoneg is disabled
12-16 11:15:15.763 0 0 I auditd : type=1400 audit(0.0:25037): avc: denied { kill } for comm="swapper/3" capability=5 scontext=u:r:kernel:s0 tcontext=u:r:kernel:s0 tclass=capability permissive=0
01-01 14:31:42.318 0 0 D : mv2112_read_status
01-01 14:31:42.319 0 0 D mv2112_update_link: 3.0x901(1G): 0x80
01-01 14:31:42.319 0 0 D mv2112_update_link: 3.0x8109(100M): 0x8
01-01 14:31:42.319 0 0 D mv2112_update_link: link 0x0
01-01 14:31:42.319 0 0 D mv2112_read_status: autoneg is disabled
12-16 11:15:16.763 0 0 I auditd : type=1400 audit(0.0:25038): avc: denied { kill } for comm="swapper/3" capability=5 scontext=u:r:kernel:s0 tcontext=u:r:kernel:s0 tclass=capability permissive=0
01-01 14:31:43.342 0 0 D : mv2112_read_status
01-01 14:31:43.342 0 0 D mv2112_update_link: 3.0x901(1G): 0x80
01-01 14:31:43.343 0 0 D mv2112_update_link: 3.0x8109(100M): 0x8
01-01 14:31:43.343 0 0 D mv2112_update_link: link 0x0
01-01 14:31:43.343 0 0 D mv2112_read_status: autoneg is disabled
12-16 11:15:17.763 0 0 I auditd : type=1400 audit(0.0:25039): avc: denied { kill } for comm="swapper/3" capability=5 scontext=u:r:kernel:s0 tcontext=u:r:kernel:s0 tclass=capability permissive=0
01-01 14:31:44.366 0 0 D : mv2112_read_status
01-01 14:31:44.367 0 0 D mv2112_update_link: 3.0x901(1G): 0x80
01-01 14:31:44.367 0 0 D mv2112_update_link: 3.0x8109(100M): 0x8
01-01 14:31:44.367 0 0 D mv2112_update_link: link 0x0
01-01 14:31:44.367 0 0 D mv2112_read_status: autoneg is disabled
12-16 11:15:18.759 0 0 I auditd : type=1400 audit(0.0:25040): avc: denied { kill } for comm="swapper/3" capability=5 scontext=u:r:kernel:s0 tcontext=u:r:kernel:s0 tclass=capability permissive=0
12-16 11:15:19.763 0 0 I auditd : type=1400 audit(0.0:25041): avc: denied { kill } for comm="swapper/3" capability=5 scontext=u:r:kernel:s0 tcontext=u:r:kernel:s0 tclass=capability permissive=0
01-01 14:31:45.390 0 0 D : mv2112_read_status
01-01 14:31:45.390 0 0 D mv2112_update_link: 3.0x901(1G): 0x80
01-01 14:31:45.391 0 0 D mv2112_update_link: 3.0x8109(100M): 0x8
01-01 14:31:45.391 0 0 D mv2112_update_link: link 0x0
01-01 14:31:45.391 0 0 D mv2112_read_status: autoneg is disabled
12-16 11:15:20.759 0 0 I auditd : type=1400 audit(0.0:25042): avc: denied { kill } for comm="swapper/2" capability=5 scontext=u:r:kernel:s0 tcontext=u:r:kernel:s0 tclass=capability permissive=0
01-01 14:31:46.415 0 0 D : mv2112_read_status
01-01 14:31:46.415 0 0 D mv2112_update_link: 3.0x901(1G): 0x80
01-01 14:31:46.415 0 0 D mv2112_update_link: 3.0x8109(100M): 0x8
01-01 14:31:46.415 0 0 D mv2112_update_link: link 0x0
01-01 14:31:46.415 0 0 D mv2112_read_status: autoneg is disabled
12-16 11:15:21.759 0 0 I auditd : type=1400 audit(0.0:25043): avc: denied { kill } for comm="swapper/2" capability=5 scontext=u:r:kernel:s0 tcontext=u:r:kernel:s0 tclass=capability permissive=0
01-01 14:31:47.438 0 0 D : mv2112_read_status
01-01 14:31:47.439 0 0 D mv2112_update_link: 3.0x901(1G): 0x80
01-01 14:31:47.439 0 0 D mv2112_update_link: 3.0x8109(100M): 0x8
01-01 14:31:47.439 0 0 D mv2112_update_link: link 0x0
01-01 14:31:47.439 0 0 D mv2112_read_status: autoneg is disabled
12-16 11:15:22.759 0 0 I auditd : type=1400 audit(0.0:25044): avc: denied { kill } for comm="swapper/2" capability=5 scontext=u:r:kernel:s0 tcontext=u:r:kernel:s0 tclass=capability permissive=0
01-01 14:31:48.462 0 0 D : mv2112_read_status
01-01 14:31:48.463 0 0 D mv2112_update_link: 3.0x901(1G): 0x80
01-01 14:31:48.463 0 0 D mv2112_update_link: 3.0x8109(100M): 0x8
01-01 14:31:48.463 0 0 D mv2112_update_link: link 0x0
01-01 14:31:48.463 0 0 D mv2112_read_status: autoneg is disabled
12-16 11:15:23.759 0 0 I auditd : type=1400 audit(0.0:25045): avc: denied { kill } for comm="swapper/2" capability=5 scontext=u:r:kernel:s0 tcontext=u:r:kernel:s0 tclass=capability permissive=0
01-01 14:31:49.487 0 0 D : mv2112_read_status
01-01 14:31:49.487 0 0 D mv2112_update_link: 3.0x901(1G): 0x80
01-01 14:31:49.487 0 0 D mv2112_update_link: 3.0x8109(100M): 0x8
01-01 14:31:49.487 0 0 D mv2112_update_link: link 0x0
01-01 14:31:49.487 0 0 D mv2112_read_status: autoneg is disabled
12-16 11:15:24.759 0 0 I auditd : type=1400 audit(0.0:25046): avc: denied { kill } for comm="swapper/2" capability=5 scontext=u:r:kernel:s0 tcontext=u:r:kernel:s0 tclass=capability permissive=0
01-01 14:31:50.510 0 0 D : mv2112_read_status
01-01 14:31:50.511 0 0 D mv2112_update_link: 3.0x901(1G): 0x80
01-01 14:31:50.511 0 0 D mv2112_update_link: 3.0x8109(100M): 0x8
01-01 14:31:50.511 0 0 D mv2112_update_link: link 0x0
01-01 14:31:50.511 0 0 D mv2112_read_status: autoneg is disabled
12-16 11:15:25.759 0 0 I auditd : type=1400 audit(0.0:25047): avc: denied { kill } for comm="swapper/2" capability=5 scontext=u:r:kernel:s0 tcontext=u:r:kernel:s0 tclass=capability permissive=0
01-01 14:31:51.534 0 0 D : mv2112_read_status
01-01 14:31:51.535 0 0 D mv2112_update_link: 3.0x901(1G): 0x80
01-01 14:31:51.535 0 0 D mv2112_update_link: 3.0x8109(100M): 0x8
01-01 14:31:51.535 0 0 D mv2112_update_link: link 0x0
01-01 14:31:51.535 0 0 D mv2112_read_status: autoneg is disabled
12-16 11:15:26.759 0 0 I auditd : type=1400 audit(0.0:25048): avc: denied { kill } for comm="swapper/2" capability=5 scontext=u:r:kernel:s0 tcontext=u:r:kernel:s0 tclass=capability permissive=0
01-01 14:31:52.558 0 0 D : mv2112_read_status
01-01 14:31:52.559 0 0 D mv2112_update_link: 3.0x901(1G): 0x80
01-01 14:31:52.559 0 0 D mv2112_update_link: 3.0x8109(100M): 0x8
01-01 14:31:52.559 0 0 D mv2112_update_link: link 0x0
01-01 14:31:52.559 0 0 D mv2112_read_status: autoneg is disabled
12-16 11:15:27.759 0 0 I auditd : type=1400 audit(0.0:25049): avc: denied { kill } for comm="swapper/2" capability=5 scontext=u:r:kernel:s0 tcontext=u:r:kernel:s0 tclass=capability permissive=0
01-01 14:31:53.582 0 0 D : mv2112_read_status
01-01 14:31:53.582 0 0 D mv2112_update_link: 3.0x901(1G): 0x80
01-01 14:31:53.583 0 0 D mv2112_update_link: 3.0x8109(100M): 0x8
01-01 14:31:53.583 0 0 D mv2112_update_link: link 0x0
01-01 14:31:53.583 0 0 D mv2112_read_status: autoneg is disabled
12-16 11:15:28.759 0 0 I auditd : type=1400 audit(0.0:25050): avc: denied { kill } for comm="swapper/2" capability=5 scontext=u:r:kernel:s0 tcontext=u:r:kernel:s0 tclass=capability permissive=0
01-01 14:31:54.606 0 0 D : mv2112_read_status
01-01 14:31:54.607 0 0 D mv2112_update_link: 3.0x901(1G): 0x80
01-01 14:31:54.607 0 0 D mv2112_update_link: 3.0x8109(100M): 0x8
01-01 14:31:54.607 0 0 D mv2112_update_link: link 0x0
01-01 14:31:54.607 0 0 D mv2112_read_status: autoneg is disabled
12-16 11:15:29.759 0 0 I auditd : type=1400 audit(0.0:25051): avc: denied { kill } for comm="swapper/2" capability=5 scontext=u:r:kernel:s0 tcontext=u:r:kernel:s0 tclass=capability permissive=0
01-01 14:31:55.630 0 0 D : mv2112_read_status
01-01 14:31:55.630 0 0 D mv2112_update_link: 3.0x901(1G): 0x80
01-01 14:31:55.631 0 0 D mv2112_update_link: 3.0x8109(100M): 0x8
01-01 14:31:55.631 0 0 D mv2112_update_link: link 0x0
01-01 14:31:55.631 0 0 D mv2112_read_status: autoneg is disabled
12-16 11:15:30.759 0 0 I auditd : type=1400 audit(0.0:25052): avc: denied { kill } for comm="swapper/2" capability=5 scontext=u:r:kernel:s0 tcontext=u:r:kernel:s0 tclass=capability permissive=0
01-01 14:31:56.654 0 0 D : mv2112_read_status
01-01 14:31:56.655 0 0 D mv2112_update_link: 3.0x901(1G): 0x80
01-01 14:31:56.655 0 0 D mv2112_update_link: 3.0x8109(100M): 0x8
01-01 14:31:56.655 0 0 D mv2112_update_link: link 0x0
01-01 14:31:56.655 0 0 D mv2112_read_status: autoneg is disabled
12-16 11:15:31.759 0 0 I auditd : type=1400 audit(0.0:25053): avc: denied { kill } for comm="swapper/2" capability=5 scontext=u:r:kernel:s0 tcontext=u:r:kernel:s0 tclass=capability permissive=0
01-01 14:31:57.678 0 0 D : mv2112_read_status
01-01 14:31:57.679 0 0 D mv2112_update_link: 3.0x901(1G): 0x80
01-01 14:31:57.679 0 0 D mv2112_update_link: 3.0x8109(100M): 0x8
01-01 14:31:57.679 0 0 D mv2112_update_link: link 0x0
01-01 14:31:57.679 0 0 D mv2112_read_status: autoneg is disabled
12-16 11:15:32.759 0 0 I auditd : type=1400 audit(0.0:25054): avc: denied { kill } for comm="swapper/2" capability=5 scontext=u:r:kernel:s0 tcontext=u:r:kernel:s0 tclass=capability permissive=0
01-01 14:31:58.702 0 0 D : mv2112_read_status
01-01 14:31:58.703 0 0 D mv2112_update_link: 3.0x901(1G): 0x80
01-01 14:31:58.703 0 0 D mv2112_update_link: 3.0x8109(100M): 0x8
01-01 14:31:58.703 0 0 D mv2112_update_link: link 0x0
01-01 14:31:58.703 0 0 D mv2112_read_status: autoneg is disabled
12-16 11:15:33.759 0 0 I auditd : type=1400 audit(0.0:25055): avc: denied { kill } for comm="swapper/2" capability=5 scontext=u:r:kernel:s0 tcontext=u:r:kernel:s0 tclass=capability permissive=0
01-01 14:31:59.726 0 0 D : mv2112_read_status
01-01 14:31:59.727 0 0 D mv2112_update_link: 3.0x901(1G): 0x80
01-01 14:31:59.727 0 0 D mv2112_update_link: 3.0x8109(100M): 0x8
01-01 14:31:59.727 0 0 D mv2112_update_link: link 0x0
01-01 14:31:59.727 0 0 D mv2112_read_status: autoneg is disabled
12-16 11:15:34.759 0 0 I auditd : type=1400 audit(0.0:25056): avc: denied { kill } for comm="swapper/2" capability=5 scontext=u:r:kernel:s0 tcontext=u:r:kernel:s0 tclass=capability permissive=0
01-01 14:32:00.750 0 0 D : mv2112_read_status
01-01 14:32:00.751 0 0 D mv2112_update_link: 3.0x901(1G): 0x80
01-01 14:32:00.751 0 0 D mv2112_update_link: 3.0x8109(100M): 0x8
01-01 14:32:00.751 0 0 D mv2112_update_link: link 0x0
01-01 14:32:00.751 0 0 D mv2112_read_status: autoneg is disabled
12-16 11:15:35.759 0 0 I auditd : type=1400 audit(0.0:25057): avc: denied { kill } for comm="swapper/2" capability=5 scontext=u:r:kernel:s0 tcontext=u:r:kernel:s0 tclass=capability permissive=0
01-01 14:32:01.774 0 0 D : mv2112_read_status
01-01 14:32:01.775 0 0 D mv2112_update_link: 3.0x901(1G): 0x80
01-01 14:32:01.775 0 0 D mv2112_update_link: 3.0x8109(100M): 0x8
01-01 14:32:01.775 0 0 D mv2112_update_link: link 0x0
01-01 14:32:01.775 0 0 D mv2112_read_status: autoneg is disabled
12-16 11:15:36.759 0 0 I auditd : type=1400 audit(0.0:25058): avc: denied { kill } for comm="swapper/2" capability=5 scontext=u:r:kernel:s0 tcontext=u:r:kernel:s0 tclass=capability permissive=0
01-01 14:32:02.798 0 0 D : mv2112_read_status
01-01 14:32:02.799 0 0 D mv2112_update_link: 3.0x901(1G): 0x80
01-01 14:32:02.799 0 0 D mv2112_update_link: 3.0x8109(100M): 0x8
01-01 14:32:02.799 0 0 D mv2112_update_link: link 0x0
01-01 14:32:02.799 0 0 D mv2112_read_status: autoneg is disabled
12-16 11:15:37.759 0 0 I auditd : type=1400 audit(0.0:25059): avc: denied { kill } for comm="swapper/2" capability=5 scontext=u:r:kernel:s0 tcontext=u:r:kernel:s0 tclass=capability permissive=0
01-01 14:32:03.822 0 0 D : mv2112_read_status
01-01 14:32:03.823 0 0 D mv2112_update_link: 3.0x901(1G): 0x80
01-01 14:32:03.823 0 0 D mv2112_update_link: 3.0x8109(100M): 0x8
01-01 14:32:03.823 0 0 D mv2112_update_link: link 0x0
01-01 14:32:03.823 0 0 D mv2112_read_status: autoneg is disabled
12-16 11:15:38.759 0 0 I auditd : type=1400 audit(0.0:25060): avc: denied { kill } for comm="swapper/2" capability=5 scontext=u:r:kernel:s0 tcontext=u:r:kernel:s0 tclass=capability permissive=0
01-01 14:32:04.846 0 0 D : mv2112_read_status
01-01 14:32:04.847 0 0 D mv2112_update_link: 3.0x901(1G): 0x80
01-01 14:32:04.847 0 0 D mv2112_update_link: 3.0x8109(100M): 0x8
01-01 14:32:04.847 0 0 D mv2112_update_link: link 0x0
01-01 14:32:04.847 0 0 D mv2112_read_status: autoneg is disabled
01-01 14:32:05.028 0 0 I [soft_i][0x692a42607a][11:15:39.425042] wlan: [0:I:QDF] DHCP-R TX: SA:7a:e4:bc:f9:6b:c7 DA:58:d9:d5:44:ba:d8 msdu_id:7 status: succ
01-01 14:32:05.046 0 0 I [dp_rx_][0x692a479266][11:15:39.442775] wlan: [9507:I:QDF] DHCP-A RX: SA:58:d9:d5:44:ba:d8 DA:ff:ff:ff:ff:ff:ff
12-16 11:15:39.759 0 0 I auditd : type=1400 audit(0.0:25061): avc: denied { kill } for comm="swapper/2" capability=5 scontext=u:r:kernel:s0 tcontext=u:r:kernel:s0 tclass=capability permissive=0
01-01 14:32:05.870 0 0 D : mv2112_read_status
01-01 14:32:05.871 0 0 D mv2112_update_link: 3.0x901(1G): 0x80
01-01 14:32:05.871 0 0 D mv2112_update_link: 3.0x8109(100M): 0x8
01-01 14:32:05.871 0 0 D mv2112_update_link: link 0x0
01-01 14:32:05.871 0 0 D mv2112_read_status: autoneg is disabled
12-16 11:15:40.759 0 0 I auditd : type=1400 audit(0.0:25062): avc: denied { kill } for comm="swapper/2" capability=5 scontext=u:r:kernel:s0 tcontext=u:r:kernel:s0 tclass=capability permissive=0
01-01 14:32:06.894 0 0 D : mv2112_read_status
01-01 14:32:06.895 0 0 D mv2112_update_link: 3.0x901(1G): 0x80
01-01 14:32:06.895 0 0 D mv2112_update_link: 3.0x8109(100M): 0x8
01-01 14:32:06.895 0 0 D mv2112_update_link: link 0x0
01-01 14:32:06.895 0 0 D mv2112_read_status: autoneg is disabled
12-16 11:15:41.759 0 0 I auditd : type=1400 audit(0.0:25063): avc: denied { kill } for comm="swapper/2" capability=5 scontext=u:r:kernel:s0 tcontext=u:r:kernel:s0 tclass=capability permissive=0
01-01 14:32:07.918 0 0 D : mv2112_read_status
01-01 14:32:07.919 0 0 D mv2112_update_link: 3.0x901(1G): 0x80
01-01 14:32:07.919 0 0 D mv2112_update_link: 3.0x8109(100M): 0x8
01-01 14:32:07.919 0 0 D mv2112_update_link: link 0x0
01-01 14:32:07.919 0 0 D mv2112_read_status: autoneg is disabled
12-16 11:15:42.759 0 0 I auditd : type=1400 audit(0.0:25064): avc: denied { kill } for comm="swapper/2" capability=5 scontext=u:r:kernel:s0 tcontext=u:r:kernel:s0 tclass=capability permissive=0
01-01 14:32:08.942 0 0 D : mv2112_read_status
01-01 14:32:08.942 0 0 D mv2112_update_link: 3.0x901(1G): 0x80
01-01 14:32:08.943 0 0 D mv2112_update_link: 3.0x8109(100M): 0x8
01-01 14:32:08.943 0 0 D mv2112_update_link: link 0x0
01-01 14:32:08.943 0 0 D mv2112_read_status: autoneg is disabled
12-16 11:15:43.759 0 0 I auditd : type=1400 audit(0.0:25065): avc: denied { kill } for comm="swapper/2" capability=5 scontext=u:r:kernel:s0 tcontext=u:r:kernel:s0 tclass=capability permissive=0
01-01 14:32:09.966 0 0 D : mv2112_read_status
01-01 14:32:09.967 0 0 D mv2112_update_link: 3.0x901(1G): 0x80
01-01 14:32:09.967 0 0 D mv2112_update_link: 3.0x8109(100M): 0x8
01-01 14:32:09.967 0 0 D mv2112_update_link: link 0x0
01-01 14:32:09.967 0 0 D mv2112_read_status: autoneg is disabled
12-16 11:15:44.759 0 0 I auditd : type=1400 audit(0.0:25066): avc: denied { kill } for comm="swapper/2" capability=5 scontext=u:r:kernel:s0 tcontext=u:r:kernel:s0 tclass=capability permissive=0
01-01 14:32:10.991 0 0 D : mv2112_read_status
01-01 14:32:10.991 0 0 D mv2112_update_link: 3.0x901(1G): 0x80
01-01 14:32:10.991 0 0 D mv2112_update_link: 3.0x8109(100M): 0x8
01-01 14:32:10.991 0 0 D mv2112_update_link: link 0x0
01-01 14:32:10.991 0 0 D mv2112_read_status: autoneg is disabled
12-16 11:15:45.759 0 0 I auditd : type=1400 audit(0.0:25067): avc: denied { kill } for comm="swapper/2" capability=5 scontext=u:r:kernel:s0 tcontext=u:r:kernel:s0 tclass=capability permissive=0
01-01 14:32:12.014 0 0 D : mv2112_read_status
01-01 14:32:12.015 0 0 D mv2112_update_link: 3.0x901(1G): 0x80
01-01 14:32:12.015 0 0 D mv2112_update_link: 3.0x8109(100M): 0x8
01-01 14:32:12.015 0 0 D mv2112_update_link: link 0x0
01-01 14:32:12.015 0 0 D mv2112_read_status: autoneg is disabled
12-16 11:15:46.759 0 0 I auditd : type=1400 audit(0.0:25068): avc: denied { kill } for comm="swapper/2" capability=5 scontext=u:r:kernel:s0 tcontext=u:r:kernel:s0 tclass=capability permissive=0
01-01 14:32:13.038 0 0 D : mv2112_read_status
01-01 14:32:13.039 0 0 D mv2112_update_link: 3.0x901(1G): 0x80
01-01 14:32:13.039 0 0 D mv2112_update_link: 3.0x8109(100M): 0x8
01-01 14:32:13.039 0 0 D mv2112_update_link: link 0x0
01-01 14:32:13.039 0 0 D mv2112_read_status: autoneg is disabled
12-16 11:15:47.759 0 0 I auditd : type=1400 audit(0.0:25069): avc: denied { kill } for comm="swapper/2" capability=5 scontext=u:r:kernel:s0 tcontext=u:r:kernel:s0 tclass=capability permissive=0
01-01 14:32:14.062 0 0 D : mv2112_read_status
01-01 14:32:14.063 0 0 D mv2112_update_link: 3.0x901(1G): 0x80
01-01 14:32:14.063 0 0 D mv2112_update_link: 3.0x8109(100M): 0x8
01-01 14:32:14.063 0 0 D mv2112_update_link: link 0x0
01-01 14:32:14.063 0 0 D mv2112_read_status: autoneg is disabled
12-16 11:15:48.759 0 0 I auditd : type=1400 audit(0.0:25070): avc: denied { kill } for comm="swapper/2" capability=5 scontext=u:r:kernel:s0 tcontext=u:r:kernel:s0 tclass=capability permissive=0
01-01 14:32:15.086 0 0 D : mv2112_read_status
01-01 14:32:15.086 0 0 D mv2112_update_link: 3.0x901(1G): 0x80
01-01 14:32:15.087 0 0 D mv2112_update_link: 3.0x8109(100M): 0x8
01-01 14:32:15.087 0 0 D mv2112_update_link: link 0x0
01-01 14:32:15.087 0 0 D mv2112_read_status: autoneg is disabled
12-16 11:15:49.759 0 0 I auditd : type=1400 audit(0.0:25071): avc: denied { kill } for comm="swapper/2" capability=5 scontext=u:r:kernel:s0 tcontext=u:r:kernel:s0 tclass=capability permissive=0
01-01 14:32:16.110 0 0 D : mv2112_read_status
01-01 14:32:16.111 0 0 D mv2112_update_link: 3.0x901(1G): 0x80
01-01 14:32:16.111 0 0 D mv2112_update_link: 3.0x8109(100M): 0x8
01-01 14:32:16.111 0 0 D mv2112_update_link: link 0x0
01-01 14:32:16.111 0 0 D mv2112_read_status: autoneg is disabled
12-16 11:15:50.759 0 0 I auditd : type=1400 audit(0.0:25072): avc: denied { kill } for comm="swapper/2" capability=5 scontext=u:r:kernel:s0 tcontext=u:r:kernel:s0 tclass=capability permissive=0
01-01 14:32:17.134 0 0 D : mv2112_read_status
01-01 14:32:17.135 0 0 D mv2112_update_link: 3.0x901(1G): 0x80
01-01 14:32:17.135 0 0 D mv2112_update_link: 3.0x8109(100M): 0x8
01-01 14:32:17.135 0 0 D mv2112_update_link: link 0x0
01-01 14:32:17.135 0 0 D mv2112_read_status: autoneg is disabled
12-16 11:15:51.759 0 0 I auditd : type=1400 audit(0.0:25073): avc: denied { kill } for comm="swapper/2" capability=5 scontext=u:r:kernel:s0 tcontext=u:r:kernel:s0 tclass=capability permissive=0
01-01 14:32:18.158 0 0 D : mv2112_read_status
01-01 14:32:18.158 0 0 D mv2112_update_link: 3.0x901(1G): 0x80
01-01 14:32:18.159 0 0 D mv2112_update_link: 3.0x8109(100M): 0x8
01-01 14:32:18.159 0 0 D mv2112_update_link: link 0x0
01-01 14:32:18.159 0 0 D mv2112_read_status: autoneg is disabled
12-16 11:15:52.759 0 0 I auditd : type=1400 audit(0.0:25074): avc: denied { kill } for comm="swapper/2" capability=5 scontext=u:r:kernel:s0 tcontext=u:r:kernel:s0 tclass=capability permissive=0
01-01 14:32:19.182 0 0 D : mv2112_read_status
01-01 14:32:19.183 0 0 D mv2112_update_link: 3.0x901(1G): 0x80
01-01 14:32:19.183 0 0 D mv2112_update_link: 3.0x8109(100M): 0x8
01-01 14:32:19.183 0 0 D mv2112_update_link: link 0x0
01-01 14:32:19.183 0 0 D mv2112_read_status: autoneg is disabled
12-16 11:15:53.759 0 0 I auditd : type=1400 audit(0.0:25075): avc: denied { kill } for comm="swapper/2" capability=5 scontext=u:r:kernel:s0 tcontext=u:r:kernel:s0 tclass=capability permissive=0
01-01 14:32:20.206 0 0 D : mv2112_read_status
01-01 14:32:20.207 0 0 D mv2112_update_link: 3.0x901(1G): 0x80
01-01 14:32:20.207 0 0 D mv2112_update_link: 3.0x8109(100M): 0x8
01-01 14:32:20.207 0 0 D mv2112_update_link: link 0x0
01-01 14:32:20.207 0 0 D mv2112_read_status: autoneg is disabled
12-16 11:15:54.759 0 0 I auditd : type=1400 audit(0.0:25076): avc: denied { kill } for comm="swapper/2" capability=5 scontext=u:r:kernel:s0 tcontext=u:r:kernel:s0 tclass=capability permissive=0
01-01 14:32:21.230 0 0 D : mv2112_read_status
01-01 14:32:21.230 0 0 D mv2112_update_link: 3.0x901(1G): 0x80
01-01 14:32:21.231 0 0 D mv2112_update_link: 3.0x8109(100M): 0x8
01-01 14:32:21.231 0 0 D mv2112_update_link: link 0x0
01-01 14:32:21.231 0 0 D mv2112_read_status: autoneg is disabled
12-16 11:15:55.759 0 0 I auditd : type=1400 audit(0.0:25077): avc: denied { kill } for comm="swapper/2" capability=5 scontext=u:r:kernel:s0 tcontext=u:r:kernel:s0 tclass=capability permissive=0
01-01 14:32:22.254 0 0 D : mv2112_read_status
01-01 14:32:22.255 0 0 D mv2112_update_link: 3.0x901(1G): 0x80
01-01 14:32:22.255 0 0 D mv2112_update_link: 3.0x8109(100M): 0x8
01-01 14:32:22.255 0 0 D mv2112_update_link: link 0x0
01-01 14:32:22.255 0 0 D mv2112_read_status: autoneg is disabled
12-16 11:15:56.759 0 0 I auditd : type=1400 audit(0.0:25078): avc: denied { kill } for comm="swapper/2" capability=5 scontext=u:r:kernel:s0 tcontext=u:r:kernel:s0 tclass=capability permissive=0
01-01 14:32:23.278 0 0 D : mv2112_read_status
01-01 14:32:23.278 0 0 D mv2112_update_link: 3.0x901(1G): 0x80
01-01 14:32:23.279 0 0 D mv2112_update_link: 3.0x8109(100M): 0x8
01-01 14:32:23.279 0 0 D mv2112_update_link: link 0x0
01-01 14:32:23.279 0 0 D mv2112_read_status: autoneg is disabled
12-16 11:15:57.759 0 0 I auditd : type=1400 audit(0.0:25079): avc: denied { kill } for comm="swapper/2" capability=5 scontext=u:r:kernel:s0 tcontext=u:r:kernel:s0 tclass=capability permissive=0
01-01 14:32:24.302 0 0 D : mv2112_read_status
01-01 14:32:24.302 0 0 D mv2112_update_link: 3.0x901(1G): 0x80
01-01 14:32:24.303 0 0 D mv2112_update_link: 3.0x8109(100M): 0x8
01-01 14:32:24.303 0 0 D mv2112_update_link: link 0x0
01-01 14:32:24.303 0 0 D mv2112_read_status: autoneg is disabled
12-16 11:15:58.759 0 0 I auditd : type=1400 audit(0.0:25080): avc: denied { kill } for comm="swapper/2" capability=5 scontext=u:r:kernel:s0 tcontext=u:r:kernel:s0 tclass=capability permissive=0
01-01 14:32:25.326 0 0 D : mv2112_read_status
01-01 14:32:25.327 0 0 D mv2112_update_link: 3.0x901(1G): 0x80
01-01 14:32:25.327 0 0 D mv2112_update_link: 3.0x8109(100M): 0x8
01-01 14:32:25.327 0 0 D mv2112_update_link: link 0x0
01-01 14:32:25.327 0 0 D mv2112_read_status: autoneg is disabled
12-16 11:15:59.759 0 0 I auditd : type=1400 audit(0.0:25081): avc: denied { kill } for comm="swapper/2" capability=5 scontext=u:r:kernel:s0 tcontext=u:r:kernel:s0 tclass=capability permissive=0
01-01 14:32:26.355 0 0 D : mv2112_read_status
01-01 14:32:26.355 0 0 D mv2112_update_link: 3.0x901(1G): 0x80
01-01 14:32:26.356 0 0 D mv2112_update_link: 3.0x8109(100M): 0x8
01-01 14:32:26.356 0 0 D mv2112_update_link: link 0x0
01-01 14:32:26.356 0 0 D mv2112_read_status: autoneg is disabled
12-16 11:16:00.759 0 0 I auditd : type=1400 audit(0.0:25082): avc: denied { kill } for comm="swapper/2" capability=5 scontext=u:r:kernel:s0 tcontext=u:r:kernel:s0 tclass=capability permissive=0
01-01 14:32:27.378 0 0 D : mv2112_read_status
01-01 14:32:27.379 0 0 D mv2112_update_link: 3.0x901(1G): 0x80
01-01 14:32:27.379 0 0 D mv2112_update_link: 3.0x8109(100M): 0x8
01-01 14:32:27.379 0 0 D mv2112_update_link: link 0x0
01-01 14:32:27.379 0 0 D mv2112_read_status: autoneg is disabled
12-16 11:16:02.763 22548 22548 I auditd : type=1400 audit(0.0:25083): avc: denied { kill } for comm="kworker/u16:2" capability=5 scontext=u:r:kernel:s0 tcontext=u:r:kernel:s0 tclass=capability permissive=0
01-01 14:32:28.400 0 0 D : mv2112_read_status
01-01 14:32:28.400 0 0 D mv2112_update_link: 3.0x901(1G): 0x80
01-01 14:32:28.400 0 0 D mv2112_update_link: 3.0x8109(100M): 0x8
01-01 14:32:28.400 0 0 D mv2112_update_link: link 0x0
01-01 14:32:28.400 0 0 D mv2112_read_status: autoneg is disabled
01-01 14:32:29.422 0 0 D : mv2112_read_status
01-01 14:32:29.423 0 0 D mv2112_update_link: 3.0x901(1G): 0x80
01-01 14:32:29.423 0 0 D mv2112_update_link: 3.0x8109(100M): 0x8
01-01 14:32:29.423 0 0 D mv2112_update_link: link 0x0
