12-16 11:29:01.763 0 0 I auditd : type=1400 audit(0.0:25931): avc: denied { kill } for comm="swapper/6" capability=5 scontext=u:r:kernel:s0 tcontext=u:r:kernel:s0 tclass=capability permissive=0
01-01 14:45:27.662 0 0 D : mv2112_read_status
01-01 14:45:27.663 0 0 D mv2112_update_link: 3.0x901(1G): 0x80
01-01 14:45:27.663 0 0 D mv2112_update_link: 3.0x8109(100M): 0x8
01-01 14:45:27.663 0 0 D mv2112_update_link: link 0x0
01-01 14:45:27.663 0 0 D mv2112_read_status: autoneg is disabled
01-01 14:45:28.116 0 0 I qcom_rpmh DRV: apps_rsc TCS Busy, retrying RPMH message send: addr=0x41b08
12-16 11:29:02.763 0 0 I auditd : type=1400 audit(0.0:25932): avc: denied { kill } for comm="swapper/6" capability=5 scontext=u:r:kernel:s0 tcontext=u:r:kernel:s0 tclass=capability permissive=0
01-01 14:45:28.686 0 0 D : mv2112_read_status
01-01 14:45:28.687 0 0 D mv2112_update_link: 3.0x901(1G): 0x80
01-01 14:45:28.687 0 0 D mv2112_update_link: 3.0x8109(100M): 0x8
01-01 14:45:28.687 0 0 D mv2112_update_link: link 0x0
01-01 14:45:28.687 0 0 D mv2112_read_status: autoneg is disabled
12-16 11:29:03.763 0 0 I auditd : type=1400 audit(0.0:25933): avc: denied { kill } for comm="swapper/6" capability=5 scontext=u:r:kernel:s0 tcontext=u:r:kernel:s0 tclass=capability permissive=0
01-01 14:45:29.710 0 0 D : mv2112_read_status
01-01 14:45:29.710 0 0 D mv2112_update_link: 3.0x901(1G): 0x80
01-01 14:45:29.711 0 0 D mv2112_update_link: 3.0x8109(100M): 0x8
01-01 14:45:29.711 0 0 D mv2112_update_link: link 0x0
01-01 14:45:29.711 0 0 D mv2112_read_status: autoneg is disabled
01-01 14:45:29.904 0 0 I msm_vidc: err : ffffffff: .....: DBLP Set: status 0
12-16 11:29:04.763 0 0 I auditd : type=1400 audit(0.0:25934): avc: denied { kill } for comm="swapper/6" capability=5 scontext=u:r:kernel:s0 tcontext=u:r:kernel:s0 tclass=capability permissive=0
01-01 14:45:30.734 0 0 D : mv2112_read_status
01-01 14:45:30.735 0 0 D mv2112_update_link: 3.0x901(1G): 0x80
01-01 14:45:30.735 0 0 D mv2112_update_link: 3.0x8109(100M): 0x8
01-01 14:45:30.735 0 0 D mv2112_update_link: link 0x0
01-01 14:45:30.735 0 0 D mv2112_read_status: autoneg is disabled
12-16 11:29:05.763 0 0 I auditd : type=1400 audit(0.0:25935): avc: denied { kill } for comm="swapper/6" capability=5 scontext=u:r:kernel:s0 tcontext=u:r:kernel:s0 tclass=capability permissive=0
01-01 14:45:31.758 0 0 D : mv2112_read_status
01-01 14:45:31.759 0 0 D mv2112_update_link: 3.0x901(1G): 0x80
01-01 14:45:31.759 0 0 D mv2112_update_link: 3.0x8109(100M): 0x8
01-01 14:45:31.759 0 0 D mv2112_update_link: link 0x0
01-01 14:45:31.759 0 0 D mv2112_read_status: autoneg is disabled
12-16 11:29:06.763 0 0 I auditd : type=1400 audit(0.0:25936): avc: denied { kill } for comm="swapper/6" capability=5 scontext=u:r:kernel:s0 tcontext=u:r:kernel:s0 tclass=capability permissive=0
01-01 14:45:32.782 0 0 D : mv2112_read_status
01-01 14:45:32.782 0 0 D mv2112_update_link: 3.0x901(1G): 0x80
01-01 14:45:32.783 0 0 D mv2112_update_link: 3.0x8109(100M): 0x8
01-01 14:45:32.783 0 0 D mv2112_update_link: link 0x0
01-01 14:45:32.783 0 0 D mv2112_read_status: autoneg is disabled
12-16 11:29:07.763 0 0 I auditd : type=1400 audit(0.0:25937): avc: denied { kill } for comm="swapper/6" capability=5 scontext=u:r:kernel:s0 tcontext=u:r:kernel:s0 tclass=capability permissive=0
01-01 14:45:33.806 0 0 D : mv2112_read_status
01-01 14:45:33.806 0 0 D mv2112_update_link: 3.0x901(1G): 0x80
01-01 14:45:33.807 0 0 D mv2112_update_link: 3.0x8109(100M): 0x8
01-01 14:45:33.807 0 0 D mv2112_update_link: link 0x0
01-01 14:45:33.807 0 0 D mv2112_read_status: autoneg is disabled
12-16 11:29:08.759 0 0 I auditd : type=1400 audit(0.0:25938): avc: denied { kill } for comm="swapper/3" capability=5 scontext=u:r:kernel:s0 tcontext=u:r:kernel:s0 tclass=capability permissive=0
01-01 14:45:34.830 0 0 D : mv2112_read_status
01-01 14:45:34.830 0 0 D mv2112_update_link: 3.0x901(1G): 0x80
01-01 14:45:34.831 0 0 D mv2112_update_link: 3.0x8109(100M): 0x8
01-01 14:45:34.831 0 0 D mv2112_update_link: link 0x0
01-01 14:45:34.831 0 0 D mv2112_read_status: autoneg is disabled
12-16 11:29:09.759 0 0 I auditd : type=1400 audit(0.0:25939): avc: denied { kill } for comm="swapper/3" capability=5 scontext=u:r:kernel:s0 tcontext=u:r:kernel:s0 tclass=capability permissive=0
01-01 14:45:35.854 0 0 D : mv2112_read_status
01-01 14:45:35.854 0 0 D mv2112_update_link: 3.0x901(1G): 0x80
01-01 14:45:35.855 0 0 D mv2112_update_link: 3.0x8109(100M): 0x8
01-01 14:45:35.855 0 0 D mv2112_update_link: link 0x0
01-01 14:45:35.855 0 0 D mv2112_read_status: autoneg is disabled
12-16 11:29:10.759 0 0 I auditd : type=1400 audit(0.0:25940): avc: denied { kill } for comm="swapper/3" capability=5 scontext=u:r:kernel:s0 tcontext=u:r:kernel:s0 tclass=capability permissive=0
01-01 14:45:36.821 0 0 I [soft_i][0x6ccb4865f6][11:29:11.218182] wlan: [0:I:QDF] DHCP-R TX: SA:7a:e4:bc:f9:6b:c7 DA:58:d9:d5:44:ba:d8 msdu_id:3 status: succ
01-01 14:45:36.834 0 0 I [dp_rx_][0x6ccb4c412f][11:29:11.231345] wlan: [9507:I:QDF] DHCP-A RX: SA:58:d9:d5:44:ba:d8 DA:ff:ff:ff:ff:ff:ff
01-01 14:45:36.878 0 0 D : mv2112_read_status
01-01 14:45:36.879 0 0 D mv2112_update_link: 3.0x901(1G): 0x80
01-01 14:45:36.879 0 0 D mv2112_update_link: 3.0x8109(100M): 0x8
01-01 14:45:36.879 0 0 D mv2112_update_link: link 0x0
01-01 14:45:36.879 0 0 D mv2112_read_status: autoneg is disabled
12-16 11:29:11.759 0 0 I auditd : type=1400 audit(0.0:25941): avc: denied { kill } for comm="swapper/3" capability=5 scontext=u:r:kernel:s0 tcontext=u:r:kernel:s0 tclass=capability permissive=0
01-01 14:45:37.902 0 0 D : mv2112_read_status
01-01 14:45:37.902 0 0 D mv2112_update_link: 3.0x901(1G): 0x80
01-01 14:45:37.903 0 0 D mv2112_update_link: 3.0x8109(100M): 0x8
01-01 14:45:37.903 0 0 D mv2112_update_link: link 0x0
01-01 14:45:37.903 0 0 D mv2112_read_status: autoneg is disabled
12-16 11:29:12.763 0 0 I auditd : type=1400 audit(0.0:25942): avc: denied { kill } for comm="swapper/3" capability=5 scontext=u:r:kernel:s0 tcontext=u:r:kernel:s0 tclass=capability permissive=0
01-01 14:45:38.926 0 0 D : mv2112_read_status
01-01 14:45:38.927 0 0 D mv2112_update_link: 3.0x901(1G): 0x80
01-01 14:45:38.927 0 0 D mv2112_update_link: 3.0x8109(100M): 0x8
01-01 14:45:38.927 0 0 D mv2112_update_link: link 0x0
01-01 14:45:38.927 0 0 D mv2112_read_status: autoneg is disabled
12-16 11:29:13.763 0 0 I auditd : type=1400 audit(0.0:25943): avc: denied { kill } for comm="swapper/3" capability=5 scontext=u:r:kernel:s0 tcontext=u:r:kernel:s0 tclass=capability permissive=0
01-01 14:45:39.950 0 0 D : mv2112_read_status
01-01 14:45:39.950 0 0 D mv2112_update_link: 3.0x901(1G): 0x80
01-01 14:45:39.951 0 0 D mv2112_update_link: 3.0x8109(100M): 0x8
01-01 14:45:39.951 0 0 D mv2112_update_link: link 0x0
01-01 14:45:39.951 0 0 D mv2112_read_status: autoneg is disabled
12-16 11:29:14.763 0 0 I auditd : type=1400 audit(0.0:25944): avc: denied { kill } for comm="swapper/3" capability=5 scontext=u:r:kernel:s0 tcontext=u:r:kernel:s0 tclass=capability permissive=0
01-01 14:45:40.974 0 0 D : mv2112_read_status
01-01 14:45:40.974 0 0 D mv2112_update_link: 3.0x901(1G): 0x80
01-01 14:45:40.975 0 0 D mv2112_update_link: 3.0x8109(100M): 0x8
01-01 14:45:40.975 0 0 D mv2112_update_link: link 0x0
01-01 14:45:40.975 0 0 D mv2112_read_status: autoneg is disabled
12-16 11:29:15.759 0 0 I auditd : type=1400 audit(0.0:25945): avc: denied { kill } for comm="swapper/3" capability=5 scontext=u:r:kernel:s0 tcontext=u:r:kernel:s0 tclass=capability permissive=0
01-01 14:45:41.998 0 0 D : mv2112_read_status
01-01 14:45:41.999 0 0 D mv2112_update_link: 3.0x901(1G): 0x80
01-01 14:45:41.999 0 0 D mv2112_update_link: 3.0x8109(100M): 0x8
01-01 14:45:41.999 0 0 D mv2112_update_link: link 0x0
01-01 14:45:41.999 0 0 D mv2112_read_status: autoneg is disabled
12-16 11:29:16.763 0 0 I auditd : type=1400 audit(0.0:25946): avc: denied { kill } for comm="swapper/3" capability=5 scontext=u:r:kernel:s0 tcontext=u:r:kernel:s0 tclass=capability permissive=0
01-01 14:45:43.022 0 0 D : mv2112_read_status
01-01 14:45:43.022 0 0 D mv2112_update_link: 3.0x901(1G): 0x80
01-01 14:45:43.023 0 0 D mv2112_update_link: 3.0x8109(100M): 0x8
01-01 14:45:43.023 0 0 D mv2112_update_link: link 0x0
01-01 14:45:43.023 0 0 D mv2112_read_status: autoneg is disabled
12-16 11:29:17.759 0 0 I auditd : type=1400 audit(0.0:25947): avc: denied { kill } for comm="swapper/3" capability=5 scontext=u:r:kernel:s0 tcontext=u:r:kernel:s0 tclass=capability permissive=0
01-01 14:45:44.046 0 0 D : mv2112_read_status
01-01 14:45:44.047 0 0 D mv2112_update_link: 3.0x901(1G): 0x80
01-01 14:45:44.047 0 0 D mv2112_update_link: 3.0x8109(100M): 0x8
01-01 14:45:44.047 0 0 D mv2112_update_link: link 0x0
01-01 14:45:44.047 0 0 D mv2112_read_status: autoneg is disabled
12-16 11:29:18.763 0 0 I auditd : type=1400 audit(0.0:25948): avc: denied { kill } for comm="swapper/3" capability=5 scontext=u:r:kernel:s0 tcontext=u:r:kernel:s0 tclass=capability permissive=0
01-01 14:45:45.071 0 0 D : mv2112_read_status
01-01 14:45:45.071 0 0 D mv2112_update_link: 3.0x901(1G): 0x80
01-01 14:45:45.071 0 0 D mv2112_update_link: 3.0x8109(100M): 0x8
01-01 14:45:45.071 0 0 D mv2112_update_link: link 0x0
01-01 14:45:45.071 0 0 D mv2112_read_status: autoneg is disabled
12-16 11:29:19.763 0 0 I auditd : type=1400 audit(0.0:25949): avc: denied { kill } for comm="swapper/3" capability=5 scontext=u:r:kernel:s0 tcontext=u:r:kernel:s0 tclass=capability permissive=0
01-01 14:45:46.094 0 0 D : mv2112_read_status
01-01 14:45:46.095 0 0 D mv2112_update_link: 3.0x901(1G): 0x80
01-01 14:45:46.095 0 0 D mv2112_update_link: 3.0x8109(100M): 0x8
01-01 14:45:46.095 0 0 D mv2112_update_link: link 0x0
01-01 14:45:46.095 0 0 D mv2112_read_status: autoneg is disabled
12-16 11:29:20.759 0 0 I auditd : type=1400 audit(0.0:25950): avc: denied { kill } for comm="swapper/3" capability=5 scontext=u:r:kernel:s0 tcontext=u:r:kernel:s0 tclass=capability permissive=0
01-01 14:45:47.118 0 0 D : mv2112_read_status
01-01 14:45:47.118 0 0 D mv2112_update_link: 3.0x901(1G): 0x80
01-01 14:45:47.119 0 0 D mv2112_update_link: 3.0x8109(100M): 0x8
01-01 14:45:47.119 0 0 D mv2112_update_link: link 0x0
01-01 14:45:47.119 0 0 D mv2112_read_status: autoneg is disabled
12-16 11:29:21.763 0 0 I auditd : type=1400 audit(0.0:25951): avc: denied { kill } for comm="swapper/3" capability=5 scontext=u:r:kernel:s0 tcontext=u:r:kernel:s0 tclass=capability permissive=0
01-01 14:45:48.142 0 0 D : mv2112_read_status
01-01 14:45:48.143 0 0 D mv2112_update_link: 3.0x901(1G): 0x80
01-01 14:45:48.143 0 0 D mv2112_update_link: 3.0x8109(100M): 0x8
01-01 14:45:48.143 0 0 D mv2112_update_link: link 0x0
01-01 14:45:48.143 0 0 D mv2112_read_status: autoneg is disabled
12-16 11:29:22.759 0 0 I auditd : type=1400 audit(0.0:25952): avc: denied { kill } for comm="swapper/3" capability=5 scontext=u:r:kernel:s0 tcontext=u:r:kernel:s0 tclass=capability permissive=0
01-01 14:45:49.166 0 0 D : mv2112_read_status
01-01 14:45:49.166 0 0 D mv2112_update_link: 3.0x901(1G): 0x80
01-01 14:45:49.167 0 0 D mv2112_update_link: 3.0x8109(100M): 0x8
01-01 14:45:49.167 0 0 D mv2112_update_link: link 0x0
01-01 14:45:49.167 0 0 D mv2112_read_status: autoneg is disabled
01-01 14:45:50.190 0 0 D : mv2112_read_status
01-01 14:45:50.191 0 0 D mv2112_update_link: 3.0x901(1G): 0x80
01-01 14:45:50.191 0 0 D mv2112_update_link: 3.0x8109(100M): 0x8
01-01 14:45:50.191 0 0 D mv2112_update_link: link 0x0
01-01 14:45:50.191 0 0 D mv2112_read_status: autoneg is disabled
12-16 11:29:24.763 0 0 I auditd : type=1400 audit(0.0:25953): avc: denied { kill } for comm="swapper/3" capability=5 scontext=u:r:kernel:s0 tcontext=u:r:kernel:s0 tclass=capability permissive=0
01-01 14:45:51.214 0 0 D : mv2112_read_status
01-01 14:45:51.215 0 0 D mv2112_update_link: 3.0x901(1G): 0x80
01-01 14:45:51.215 0 0 D mv2112_update_link: 3.0x8109(100M): 0x8
01-01 14:45:51.215 0 0 D mv2112_update_link: link 0x0
01-01 14:45:51.215 0 0 D mv2112_read_status: autoneg is disabled
12-16 11:29:25.763 0 0 I auditd : type=1400 audit(0.0:25954): avc: denied { kill } for comm="swapper/3" capability=5 scontext=u:r:kernel:s0 tcontext=u:r:kernel:s0 tclass=capability permissive=0
01-01 14:45:52.238 0 0 D : mv2112_read_status
01-01 14:45:52.239 0 0 D mv2112_update_link: 3.0x901(1G): 0x80
01-01 14:45:52.239 0 0 D mv2112_update_link: 3.0x8109(100M): 0x8
01-01 14:45:52.239 0 0 D mv2112_update_link: link 0x0
01-01 14:45:52.239 0 0 D mv2112_read_status: autoneg is disabled
12-16 11:29:26.759 0 0 I auditd : type=1400 audit(0.0:25955): avc: denied { kill } for comm="swapper/3" capability=5 scontext=u:r:kernel:s0 tcontext=u:r:kernel:s0 tclass=capability permissive=0
01-01 14:45:53.262 0 0 D : mv2112_read_status
01-01 14:45:53.263 0 0 D mv2112_update_link: 3.0x901(1G): 0x80
01-01 14:45:53.263 0 0 D mv2112_update_link: 3.0x8109(100M): 0x8
01-01 14:45:53.263 0 0 D mv2112_update_link: link 0x0
01-01 14:45:53.263 0 0 D mv2112_read_status: autoneg is disabled
12-16 11:29:27.759 0 0 I auditd : type=1400 audit(0.0:25956): avc: denied { kill } for comm="swapper/3" capability=5 scontext=u:r:kernel:s0 tcontext=u:r:kernel:s0 tclass=capability permissive=0
01-01 14:45:54.286 0 0 D : mv2112_read_status
01-01 14:45:54.287 0 0 D mv2112_update_link: 3.0x901(1G): 0x80
01-01 14:45:54.287 0 0 D mv2112_update_link: 3.0x8109(100M): 0x8
01-01 14:45:54.287 0 0 D mv2112_update_link: link 0x0
01-01 14:45:54.287 0 0 D mv2112_read_status: autoneg is disabled
12-16 11:29:28.763 0 0 I auditd : type=1400 audit(0.0:25957): avc: denied { kill } for comm="swapper/3" capability=5 scontext=u:r:kernel:s0 tcontext=u:r:kernel:s0 tclass=capability permissive=0
01-01 14:45:55.310 0 0 D : mv2112_read_status
01-01 14:45:55.311 0 0 D mv2112_update_link: 3.0x901(1G): 0x80
01-01 14:45:55.311 0 0 D mv2112_update_link: 3.0x8109(100M): 0x8
01-01 14:45:55.311 0 0 D mv2112_update_link: link 0x0
01-01 14:45:55.311 0 0 D mv2112_read_status: autoneg is disabled
12-16 11:29:29.759 0 0 I auditd : type=1400 audit(0.0:25958): avc: denied { kill } for comm="swapper/3" capability=5 scontext=u:r:kernel:s0 tcontext=u:r:kernel:s0 tclass=capability permissive=0
01-01 14:45:56.334 0 0 D : mv2112_read_status
01-01 14:45:56.335 0 0 D mv2112_update_link: 3.0x901(1G): 0x80
01-01 14:45:56.335 0 0 D mv2112_update_link: 3.0x8109(100M): 0x8
01-01 14:45:56.335 0 0 D mv2112_update_link: link 0x0
01-01 14:45:56.335 0 0 D mv2112_read_status: autoneg is disabled
12-16 11:29:30.763 0 0 I auditd : type=1400 audit(0.0:25959): avc: denied { kill } for comm="swapper/3" capability=5 scontext=u:r:kernel:s0 tcontext=u:r:kernel:s0 tclass=capability permissive=0
01-01 14:45:57.359 0 0 D : mv2112_read_status
01-01 14:45:57.359 0 0 D mv2112_update_link: 3.0x901(1G): 0x80
01-01 14:45:57.359 0 0 D mv2112_update_link: 3.0x8109(100M): 0x8
01-01 14:45:57.359 0 0 D mv2112_update_link: link 0x0
01-01 14:45:57.359 0 0 D mv2112_read_status: autoneg is disabled
12-16 11:29:31.763 0 0 I auditd : type=1400 audit(0.0:25960): avc: denied { kill } for comm="swapper/3" capability=5 scontext=u:r:kernel:s0 tcontext=u:r:kernel:s0 tclass=capability permissive=0
12-16 11:29:32.763 0 0 I auditd : type=1400 audit(0.0:25961): avc: denied { kill } for comm="swapper/3" capability=5 scontext=u:r:kernel:s0 tcontext=u:r:kernel:s0 tclass=capability permissive=0
01-01 14:45:58.382 0 0 D : mv2112_read_status
01-01 14:45:58.382 0 0 D mv2112_update_link: 3.0x901(1G): 0x80
01-01 14:45:58.383 0 0 D mv2112_update_link: 3.0x8109(100M): 0x8
01-01 14:45:58.383 0 0 D mv2112_update_link: link 0x0
01-01 14:45:58.383 0 0 D mv2112_read_status: autoneg is disabled
12-16 11:29:33.759 0 0 I auditd : type=1400 audit(0.0:25962): avc: denied { kill } for comm="swapper/2" capability=5 scontext=u:r:kernel:s0 tcontext=u:r:kernel:s0 tclass=capability permissive=0
01-01 14:45:59.406 0 0 D : mv2112_read_status
01-01 14:45:59.407 0 0 D mv2112_update_link: 3.0x901(1G): 0x80
01-01 14:45:59.407 0 0 D mv2112_update_link: 3.0x8109(100M): 0x8
01-01 14:45:59.407 0 0 D mv2112_update_link: link 0x0
01-01 14:45:59.407 0 0 D mv2112_read_status: autoneg is disabled
12-16 11:29:34.759 0 0 I auditd : type=1400 audit(0.0:25963): avc: denied { kill } for comm="swapper/2" capability=5 scontext=u:r:kernel:s0 tcontext=u:r:kernel:s0 tclass=capability permissive=0
01-01 14:46:00.430 0 0 D : mv2112_read_status
01-01 14:46:00.431 0 0 D mv2112_update_link: 3.0x901(1G): 0x80
01-01 14:46:00.431 0 0 D mv2112_update_link: 3.0x8109(100M): 0x8
01-01 14:46:00.431 0 0 D mv2112_update_link: link 0x0
01-01 14:46:00.431 0 0 D mv2112_read_status: autoneg is disabled
12-16 11:29:35.759 0 0 I auditd : type=1400 audit(0.0:25964): avc: denied { kill } for comm="swapper/2" capability=5 scontext=u:r:kernel:s0 tcontext=u:r:kernel:s0 tclass=capability permissive=0
01-01 14:46:01.454 0 0 D : mv2112_read_status
01-01 14:46:01.455 0 0 D mv2112_update_link: 3.0x901(1G): 0x80
01-01 14:46:01.455 0 0 D mv2112_update_link: 3.0x8109(100M): 0x8
01-01 14:46:01.455 0 0 D mv2112_update_link: link 0x0
01-01 14:46:01.455 0 0 D mv2112_read_status: autoneg is disabled
12-16 11:29:36.759 0 0 I auditd : type=1400 audit(0.0:25965): avc: denied { kill } for comm="swapper/2" capability=5 scontext=u:r:kernel:s0 tcontext=u:r:kernel:s0 tclass=capability permissive=0
01-01 14:46:02.478 0 0 D : mv2112_read_status
01-01 14:46:02.478 0 0 D mv2112_update_link: 3.0x901(1G): 0x80
01-01 14:46:02.479 0 0 D mv2112_update_link: 3.0x8109(100M): 0x8
01-01 14:46:02.479 0 0 D mv2112_update_link: link 0x0
01-01 14:46:02.479 0 0 D mv2112_read_status: autoneg is disabled
12-16 11:29:37.759 0 0 I auditd : type=1400 audit(0.0:25966): avc: denied { kill } for comm="swapper/2" capability=5 scontext=u:r:kernel:s0 tcontext=u:r:kernel:s0 tclass=capability permissive=0
01-01 14:46:03.502 0 0 D : mv2112_read_status
01-01 14:46:03.502 0 0 D mv2112_update_link: 3.0x901(1G): 0x80
01-01 14:46:03.503 0 0 D mv2112_update_link: 3.0x8109(100M): 0x8
01-01 14:46:03.503 0 0 D mv2112_update_link: link 0x0
01-01 14:46:03.503 0 0 D mv2112_read_status: autoneg is disabled
12-16 11:29:38.759 0 0 I auditd : type=1400 audit(0.0:25967): avc: denied { kill } for comm="swapper/2" capability=5 scontext=u:r:kernel:s0 tcontext=u:r:kernel:s0 tclass=capability permissive=0
01-01 14:46:04.526 0 0 D : mv2112_read_status
01-01 14:46:04.526 0 0 D mv2112_update_link: 3.0x901(1G): 0x80
01-01 14:46:04.527 0 0 D mv2112_update_link: 3.0x8109(100M): 0x8
01-01 14:46:04.527 0 0 D mv2112_update_link: link 0x0
01-01 14:46:04.527 0 0 D mv2112_read_status: autoneg is disabled
12-16 11:29:39.759 0 0 I auditd : type=1400 audit(0.0:25968): avc: denied { kill } for comm="swapper/2" capability=5 scontext=u:r:kernel:s0 tcontext=u:r:kernel:s0 tclass=capability permissive=0
01-01 14:46:05.550 0 0 D : mv2112_read_status
01-01 14:46:05.550 0 0 D mv2112_update_link: 3.0x901(1G): 0x80
01-01 14:46:05.551 0 0 D mv2112_update_link: 3.0x8109(100M): 0x8
01-01 14:46:05.551 0 0 D mv2112_update_link: link 0x0
01-01 14:46:05.551 0 0 D mv2112_read_status: autoneg is disabled
12-16 11:29:40.759 0 0 I auditd : type=1400 audit(0.0:25969): avc: denied { kill } for comm="swapper/2" capability=5 scontext=u:r:kernel:s0 tcontext=u:r:kernel:s0 tclass=capability permissive=0
01-01 14:46:06.574 0 0 D : mv2112_read_status
01-01 14:46:06.574 0 0 D mv2112_update_link: 3.0x901(1G): 0x80
01-01 14:46:06.575 0 0 D mv2112_update_link: 3.0x8109(100M): 0x8
01-01 14:46:06.575 0 0 D mv2112_update_link: link 0x0
01-01 14:46:06.575 0 0 D mv2112_read_status: autoneg is disabled
01-01 14:46:06.874 0 0 I [soft_i][0x6cedad02e5][11:29:41.271261] wlan: [0:I:QDF] DHCP-R TX: SA:7a:e4:bc:f9:6b:c7 DA:58:d9:d5:44:ba:d8 msdu_id:11 status: succ
01-01 14:46:06.885 0 0 I [dp_rx_][0x6cedb03b2a][11:29:41.282252] wlan: [9507:I:QDF] DHCP-A RX: SA:58:d9:d5:44:ba:d8 DA:ff:ff:ff:ff:ff:ff
12-16 11:29:41.759 0 0 I auditd : type=1400 audit(0.0:25970): avc: denied { kill } for comm="swapper/2" capability=5 scontext=u:r:kernel:s0 tcontext=u:r:kernel:s0 tclass=capability permissive=0
01-01 14:46:07.599 0 0 D : mv2112_read_status
01-01 14:46:07.599 0 0 D mv2112_update_link: 3.0x901(1G): 0x80
01-01 14:46:07.599 0 0 D mv2112_update_link: 3.0x8109(100M): 0x8
01-01 14:46:07.599 0 0 D mv2112_update_link: link 0x0
01-01 14:46:07.599 0 0 D mv2112_read_status: autoneg is disabled
12-16 11:29:42.759 0 0 I auditd : type=1400 audit(0.0:25971): avc: denied { kill } for comm="swapper/2" capability=5 scontext=u:r:kernel:s0 tcontext=u:r:kernel:s0 tclass=capability permissive=0
01-01 14:46:08.622 0 0 D : mv2112_read_status
01-01 14:46:08.622 0 0 D mv2112_update_link: 3.0x901(1G): 0x80
01-01 14:46:08.623 0 0 D mv2112_update_link: 3.0x8109(100M): 0x8
01-01 14:46:08.623 0 0 D mv2112_update_link: link 0x0
01-01 14:46:08.623 0 0 D mv2112_read_status: autoneg is disabled
12-16 11:29:43.759 0 0 I auditd : type=1400 audit(0.0:25972): avc: denied { kill } for comm="swapper/2" capability=5 scontext=u:r:kernel:s0 tcontext=u:r:kernel:s0 tclass=capability permissive=0
01-01 14:46:09.646 0 0 D : mv2112_read_status
01-01 14:46:09.646 0 0 D mv2112_update_link: 3.0x901(1G): 0x80
01-01 14:46:09.647 0 0 D mv2112_update_link: 3.0x8109(100M): 0x8
01-01 14:46:09.647 0 0 D mv2112_update_link: link 0x0
01-01 14:46:09.647 0 0 D mv2112_read_status: autoneg is disabled
12-16 11:29:44.759 0 0 I auditd : type=1400 audit(0.0:25973): avc: denied { kill } for comm="swapper/2" capability=5 scontext=u:r:kernel:s0 tcontext=u:r:kernel:s0 tclass=capability permissive=0
01-01 14:46:10.670 0 0 D : mv2112_read_status
01-01 14:46:10.670 0 0 D mv2112_update_link: 3.0x901(1G): 0x80
01-01 14:46:10.671 0 0 D mv2112_update_link: 3.0x8109(100M): 0x8
01-01 14:46:10.671 0 0 D mv2112_update_link: link 0x0
01-01 14:46:10.671 0 0 D mv2112_read_status: autoneg is disabled
12-16 11:29:45.759 0 0 I auditd : type=1400 audit(0.0:25974): avc: denied { kill } for comm="swapper/2" capability=5 scontext=u:r:kernel:s0 tcontext=u:r:kernel:s0 tclass=capability permissive=0
01-01 14:46:11.694 0 0 D : mv2112_read_status
01-01 14:46:11.694 0 0 D mv2112_update_link: 3.0x901(1G): 0x80
01-01 14:46:11.695 0 0 D mv2112_update_link: 3.0x8109(100M): 0x8
01-01 14:46:11.695 0 0 D mv2112_update_link: link 0x0
01-01 14:46:11.695 0 0 D mv2112_read_status: autoneg is disabled
12-16 11:29:46.759 0 0 I auditd : type=1400 audit(0.0:25975): avc: denied { kill } for comm="swapper/2" capability=5 scontext=u:r:kernel:s0 tcontext=u:r:kernel:s0 tclass=capability permissive=0
01-01 14:46:12.718 0 0 D : mv2112_read_status
01-01 14:46:12.718 0 0 D mv2112_update_link: 3.0x901(1G): 0x80
01-01 14:46:12.719 0 0 D mv2112_update_link: 3.0x8109(100M): 0x8
01-01 14:46:12.719 0 0 D mv2112_update_link: link 0x0
01-01 14:46:12.719 0 0 D mv2112_read_status: autoneg is disabled
12-16 11:29:47.759 0 0 I auditd : type=1400 audit(0.0:25976): avc: denied { kill } for comm="swapper/2" capability=5 scontext=u:r:kernel:s0 tcontext=u:r:kernel:s0 tclass=capability permissive=0
01-01 14:46:13.742 0 0 D : mv2112_read_status
01-01 14:46:13.743 0 0 D mv2112_update_link: 3.0x901(1G): 0x80
01-01 14:46:13.743 0 0 D mv2112_update_link: 3.0x8109(100M): 0x8
01-01 14:46:13.743 0 0 D mv2112_update_link: link 0x0
01-01 14:46:13.743 0 0 D mv2112_read_status: autoneg is disabled
12-16 11:29:48.759 0 0 I auditd : type=1400 audit(0.0:25977): avc: denied { kill } for comm="swapper/2" capability=5 scontext=u:r:kernel:s0 tcontext=u:r:kernel:s0 tclass=capability permissive=0
01-01 14:46:14.766 0 0 D : mv2112_read_status
01-01 14:46:14.767 0 0 D mv2112_update_link: 3.0x901(1G): 0x80
01-01 14:46:14.767 0 0 D mv2112_update_link: 3.0x8109(100M): 0x8
01-01 14:46:14.767 0 0 D mv2112_update_link: link 0x0
01-01 14:46:14.767 0 0 D mv2112_read_status: autoneg is disabled
12-16 11:29:49.759 0 0 I auditd : type=1400 audit(0.0:25978): avc: denied { kill } for comm="swapper/2" capability=5 scontext=u:r:kernel:s0 tcontext=u:r:kernel:s0 tclass=capability permissive=0
01-01 14:46:15.790 0 0 D : mv2112_read_status
01-01 14:46:15.790 0 0 D mv2112_update_link: 3.0x901(1G): 0x80
01-01 14:46:15.791 0 0 D mv2112_update_link: 3.0x8109(100M): 0x8
01-01 14:46:15.791 0 0 D mv2112_update_link: link 0x0
01-01 14:46:15.791 0 0 D mv2112_read_status: autoneg is disabled
12-16 11:29:50.759 0 0 I auditd : type=1400 audit(0.0:25979): avc: denied { kill } for comm="swapper/2" capability=5 scontext=u:r:kernel:s0 tcontext=u:r:kernel:s0 tclass=capability permissive=0
01-01 14:46:16.814 0 0 D : mv2112_read_status
01-01 14:46:16.815 0 0 D mv2112_update_link: 3.0x901(1G): 0x80
01-01 14:46:16.815 0 0 D mv2112_update_link: 3.0x8109(100M): 0x8
01-01 14:46:16.815 0 0 D mv2112_update_link: link 0x0
01-01 14:46:16.815 0 0 D mv2112_read_status: autoneg is disabled
12-16 11:29:51.759 0 0 I auditd : type=1400 audit(0.0:25980): avc: denied { kill } for comm="swapper/2" capability=5 scontext=u:r:kernel:s0 tcontext=u:r:kernel:s0 tclass=capability permissive=0
01-01 14:46:17.838 0 0 D : mv2112_read_status
01-01 14:46:17.839 0 0 D mv2112_update_link: 3.0x901(1G): 0x80
01-01 14:46:17.839 0 0 D mv2112_update_link: 3.0x8109(100M): 0x8
01-01 14:46:17.839 0 0 D mv2112_update_link: link 0x0
01-01 14:46:17.839 0 0 D mv2112_read_status: autoneg is disabled
12-16 11:29:52.759 0 0 I auditd : type=1400 audit(0.0:25981): avc: denied { kill } for comm="swapper/2" capability=5 scontext=u:r:kernel:s0 tcontext=u:r:kernel:s0 tclass=capability permissive=0
01-01 14:46:18.862 0 0 D : mv2112_read_status
01-01 14:46:18.863 0 0 D mv2112_update_link: 3.0x901(1G): 0x80
01-01 14:46:18.863 0 0 D mv2112_update_link: 3.0x8109(100M): 0x8
01-01 14:46:18.863 0 0 D mv2112_update_link: link 0x0
01-01 14:46:18.863 0 0 D mv2112_read_status: autoneg is disabled
12-16 11:29:53.759 0 0 I auditd : type=1400 audit(0.0:25982): avc: denied { kill } for comm="swapper/2" capability=5 scontext=u:r:kernel:s0 tcontext=u:r:kernel:s0 tclass=capability permissive=0
01-01 14:46:19.886 0 0 D : mv2112_read_status
01-01 14:46:19.887 0 0 D mv2112_update_link: 3.0x901(1G): 0x80
01-01 14:46:19.887 0 0 D mv2112_update_link: 3.0x8109(100M): 0x8
01-01 14:46:19.887 0 0 D mv2112_update_link: link 0x0
01-01 14:46:19.887 0 0 D mv2112_read_status: autoneg is disabled
12-16 11:29:54.759 0 0 I auditd : type=1400 audit(0.0:25983): avc: denied { kill } for comm="swapper/2" capability=5 scontext=u:r:kernel:s0 tcontext=u:r:kernel:s0 tclass=capability permissive=0
01-01 14:46:20.910 0 0 D : mv2112_read_status
01-01 14:46:20.911 0 0 D mv2112_update_link: 3.0x901(1G): 0x80
01-01 14:46:20.911 0 0 D mv2112_update_link: 3.0x8109(100M): 0x8
01-01 14:46:20.911 0 0 D mv2112_update_link: link 0x0
01-01 14:46:20.911 0 0 D mv2112_read_status: autoneg is disabled
12-16 11:29:55.759 0 0 I auditd : type=1400 audit(0.0:25984): avc: denied { kill } for comm="swapper/2" capability=5 scontext=u:r:kernel:s0 tcontext=u:r:kernel:s0 tclass=capability permissive=0
01-01 14:46:21.934 0 0 D : mv2112_read_status
01-01 14:46:21.935 0 0 D mv2112_update_link: 3.0x901(1G): 0x80
01-01 14:46:21.935 0 0 D mv2112_update_link: 3.0x8109(100M): 0x8
01-01 14:46:21.935 0 0 D mv2112_update_link: link 0x0
01-01 14:46:21.935 0 0 D mv2112_read_status: autoneg is disabled
12-16 11:29:56.759 0 0 I auditd : type=1400 audit(0.0:25985): avc: denied { kill } for comm="swapper/2" capability=5 scontext=u:r:kernel:s0 tcontext=u:r:kernel:s0 tclass=capability permissive=0
01-01 14:46:22.958 0 0 D : mv2112_read_status
01-01 14:46:22.959 0 0 D mv2112_update_link: 3.0x901(1G): 0x80
01-01 14:46:22.959 0 0 D mv2112_update_link: 3.0x8109(100M): 0x8
01-01 14:46:22.959 0 0 D mv2112_update_link: link 0x0
01-01 14:46:22.959 0 0 D mv2112_read_status: autoneg is disabled
12-16 11:29:57.759 0 0 I auditd : type=1400 audit(0.0:25986): avc: denied { kill } for comm="swapper/2" capability=5 scontext=u:r:kernel:s0 tcontext=u:r:kernel:s0 tclass=capability permissive=0
01-01 14:46:23.982 0 0 D : mv2112_read_status
01-01 14:46:23.983 0 0 D mv2112_update_link: 3.0x901(1G): 0x80
01-01 14:46:23.983 0 0 D mv2112_update_link: 3.0x8109(100M): 0x8
01-01 14:46:23.983 0 0 D mv2112_update_link: link 0x0
01-01 14:46:23.983 0 0 D mv2112_read_status: autoneg is disabled
01-01 14:46:25.006 0 0 D : mv2112_read_status
01-01 14:46:25.007 0 0 D mv2112_update_link: 3.0x901(1G): 0x80
01-01 14:46:25.007 0 0 D mv2112_update_link: 3.0x8109(100M): 0x8
01-01 14:46:25.007 0 0 D mv2112_update_link: link 0x0
01-01 14:46:25.007 0 0 D mv2112_read_status: autoneg is disabled
01-01 14:46:26.030 0 0 D : mv2112_read_status
01-01 14:46:26.031 0 0 D mv2112_update_link: 3.0x901(1G): 0x80
01-01 14:46:26.031 0 0 D mv2112_update_link: 3.0x8109(100M): 0x8
01-01 14:46:26.031 0 0 D mv2112_update_link: link 0x0
01-01 14:46:26.031 0 0 D mv2112_read_status: autoneg is disabled
12-16 11:30:00.759 0 0 I auditd : type=1400 audit(0.0:25987): avc: denied { kill } for comm="swapper/1" capability=5 scontext=u:r:kernel:s0 tcontext=u:r:kernel:s0 tclass=capability permissive=0
01-01 14:46:27.054 0 0 D : mv2112_read_status
01-01 14:46:27.055 0 0 D mv2112_update_link: 3.0x901(1G): 0x80
01-01 14:46:27.055 0 0 D mv2112_update_link: 3.0x8109(100M): 0x8
01-01 14:46:27.055 0 0 D mv2112_update_link: link 0x0
01-01 14:46:27.055 0 0 D mv2112_read_status: autoneg is disabled
01-01 14:46:28.083 0 0 D : mv2112_read_status
01-01 14:46:28.084 0 0 D mv2112_update_link: 3.0x901(1G): 0x80
01-01 14:46:28.084 0 0 D mv2112_update_link: 3.0x8109(100M): 0x8
01-01 14:46:28.084 0 0 D mv2112_update_link: link 0x0
01-01 14:46:28.084 0 0 D mv2112_read_status: autoneg is disabled
01-01 14:46:29.102 0 0 D : mv2112_read_status
01-01 14:46:29.103 0 0 D mv2112_update_link: 3.0x901(1G): 0x80
01-01 14:46:29.103 0 0 D mv2112_update_link: 3.0x8109(100M): 0x8
01-01 14:46:29.103 0 0 D mv2112_update_link: link 0x0
01-01 14:46:29.103 0 0 D mv2112_read_status: autoneg is disabled
12-16 11:30:03.759 0 0 I auditd : type=1400 audit(0.0:25988): avc: denied { kill } for comm="swapper/1" capability=5 scontext=u:r:kernel:s0 tcontext=u:r:kernel:s0 tclass=capability permissive=0
01-01 14:46:30.126 0 0 D : mv2112_read_status
01-01 14:46:30.127 0 0 D mv2112_update_link: 3.0x901(1G): 0x80
01-01 14:46:30.127 0 0 D mv2112_update_link: 3.0x8109(100M): 0x8
01-01 14:46:30.127 0 0 D mv2112_update_link: link 0x0
01-01 14:46:30.127 0 0 D mv2112_read_status: autoneg is disabled
12-16 11:30:04.759 0 0 I auditd : type=1400 audit(0.0:25989): avc: denied { kill } for comm="swapper/1" capability=5 scontext=u:r:kernel:s0 tcontext=u:r:kernel:s0 tclass=capability permissive=0
12-16 11:30:05.380 1497 1603 I am_uid_idle: 10064
01-01 14:46:31.151 0 0 D : mv2112_read_status
01-01 14:46:31.151 0 0 D mv2112_update_link: 3.0x901(1G): 0x80
01-01 14:46:31.151 0 0 D mv2112_update_link: 3.0x8109(100M): 0x8
01-01 14:46:31.151 0 0 D mv2112_update_link: link 0x0
01-01 14:46:31.151 0 0 D mv2112_read_status: autoneg is disabled
01-01 14:46:31.248 0 0 I msm_vidc: err : ffffffff: .....: DBLP Set: status 0
12-16 11:30:05.759 0 0 I auditd : type=1400 audit(0.0:25990): avc: denied { kill } for comm="swapper/1" capability=5 scontext=u:r:kernel:s0 tcontext=u:r:kernel:s0 tclass=capability permissive=0
01-01 14:46:32.174 0 0 D : mv2112_read_status
01-01 14:46:32.175 0 0 D mv2112_update_link: 3.0x901(1G): 0x80
01-01 14:46:32.175 0 0 D mv2112_update_link: 3.0x8109(100M): 0x8
01-01 14:46:32.175 0 0 D mv2112_update_link: link 0x0
01-01 14:46:32.175 0 0 D mv2112_read_status: autoneg is disabled
12-16 11:30:06.759 0 0 I auditd : type=1400 audit(0.0:25991): avc: denied { kill } for comm="swapper/1" capability=5 scontext=u:r:kernel:s0 tcontext=u:r:kernel:s0 tclass=capability permissive=0
01-01 14:46:33.198 0 0 D : mv2112_read_status
01-01 14:46:33.198 0 0 D mv2112_update_link: 3.0x901(1G): 0x80
01-01 14:46:33.199 0 0 D mv2112_update_link: 3.0x8109(100M): 0x8
01-01 14:46:33.199 0 0 D mv2112_update_link: link 0x0
01-01 14:46:33.199 0 0 D mv2112_read_status: autoneg is disabled
12-16 11:30:07.759 0 0 I auditd : type=1400 audit(0.0:25992): avc: denied { kill } for comm="swapper/1" capability=5 scontext=u:r:kernel:s0 tcontext=u:r:kernel:s0 tclass=capability permissive=0
01-01 14:46:34.222 0 0 D : mv2112_read_status
01-01 14:46:34.222 0 0 D mv2112_update_link: 3.0x901(1G): 0x80
01-01 14:46:34.223 0 0 D mv2112_update_link: 3.0x8109(100M): 0x8
01-01 14:46:34.223 0 0 D mv2112_update_link: link 0x0
01-01 14:46:34.223 0 0 D mv2112_read_status: autoneg is disabled
12-16 11:30:08.759 0 0 I auditd : type=1400 audit(0.0:25993): avc: denied { kill } for comm="swapper/1" capability=5 scontext=u:r:kernel:s0 tcontext=u:r:kernel:s0 tclass=capability permissive=0
01-01 14:46:35.246 0 0 D : mv2112_read_status
01-01 14:46:35.247 0 0 D mv2112_update_link: 3.0x901(1G): 0x80
01-01 14:46:35.247 0 0 D mv2112_update_link: 3.0x8109(100M): 0x8
01-01 14:46:35.247 0 0 D mv2112_update_link: link 0x0
01-01 14:46:35.247 0 0 D mv2112_read_status: autoneg is disabled
12-16 11:30:09.759 0 0 I auditd : type=1400 audit(0.0:25994): avc: denied { kill } for comm="swapper/1" capability=5 scontext=u:r:kernel:s0 tcontext=u:r:kernel:s0 tclass=capability permissive=0
01-01 14:46:36.270 0 0 D : mv2112_read_status
01-01 14:46:36.271 0 0 D mv2112_update_link: 3.0x901(1G): 0x80
01-01 14:46:36.271 0 0 D mv2112_update_link: 3.0x8109(100M): 0x8
01-01 14:46:36.271 0 0 D mv2112_update_link: link 0x0
01-01 14:46:36.271 0 0 D mv2112_read_status: autoneg is disabled
12-16 11:30:10.759 0 0 I auditd : type=1400 audit(0.0:25995): avc: denied { kill } for comm="swapper/1" capability=5 scontext=u:r:kernel:s0 tcontext=u:r:kernel:s0 tclass=capability permissive=0
01-01 14:46:36.944 0 0 I [soft_i][0x6d10169e52][11:30:11.341387] wlan: [0:I:QDF] DHCP-R TX: SA:7a:e4:bc:f9:6b:c7 DA:58:d9:d5:44:ba:d8 msdu_id:4 status: succ
01-01 14:46:36.959 0 0 I [dp_rx_][0x6d101abe02][11:30:11.355463] wlan: [9507:I:QDF] DHCP-A RX: SA:58:d9:d5:44:ba:d8 DA:ff:ff:ff:ff:ff:ff
01-01 14:46:37.294 0 0 D : mv2112_read_status
01-01 14:46:37.295 0 0 D mv2112_update_link: 3.0x901(1G): 0x80
01-01 14:46:37.295 0 0 D mv2112_update_link: 3.0x8109(100M): 0x8
01-01 14:46:37.295 0 0 D mv2112_update_link: link 0x0
01-01 14:46:37.295 0 0 D mv2112_read_status: autoneg is disabled
12-16 11:30:11.763 0 0 I auditd : type=1400 audit(0.0:25996): avc: denied { kill } for comm="swapper/1" capability=5 scontext=u:r:kernel:s0 tcontext=u:r:kernel:s0 tclass=capability permissive=0
01-01 14:46:38.318 0 0 D : mv2112_read_status
01-01 14:46:38.319 0 0 D mv2112_update_link: 3.0x901(1G): 0x80
01-01 14:46:38.319 0 0 D mv2112_update_link: 3.0x8109(100M): 0x8
01-01 14:46:38.319 0 0 D mv2112_update_link: link 0x0
01-01 14:46:38.319 0 0 D mv2112_read_status: autoneg is disabled
12-16 11:30:12.759 0 0 I auditd : type=1400 audit(0.0:25997): avc: denied { kill } for comm="swapper/1" capability=5 scontext=u:r:kernel:s0 tcontext=u:r:kernel:s0 tclass=capability permissive=0
01-01 14:46:39.342 0 0 D : mv2112_read_status
01-01 14:46:39.343 0 0 D mv2112_update_link: 3.0x901(1G): 0x80
01-01 14:46:39.343 0 0 D mv2112_update_link: 3.0x8109(100M): 0x8
01-01 14:46:39.343 0 0 D mv2112_update_link: link 0x0
01-01 14:46:39.343 0 0 D mv2112_read_status: autoneg is disabled
12-16 11:30:13.759 0 0 I auditd : type=1400 audit(0.0:25998): avc: denied { kill } for comm="swapper/1" capability=5 scontext=u:r:kernel:s0 tcontext=u:r:kernel:s0 tclass=capability permissive=0
01-01 14:46:40.366 0 0 D : mv2112_read_status
01-01 14:46:40.367 0 0 D mv2112_update_link: 3.0x901(1G): 0x80
01-01 14:46:40.367 0 0 D mv2112_update_link: 3.0x8109(100M): 0x8
01-01 14:46:40.367 0 0 D mv2112_update_link: link 0x0
01-01 14:46:40.367 0 0 D mv2112_read_status: autoneg is disabled
12-16 11:30:14.759 0 0 I auditd : type=1400 audit(0.0:25999): avc: denied { kill } for comm="swapper/1" capability=5 scontext=u:r:kernel:s0 tcontext=u:r:kernel:s0 tclass=capability permissive=0
12-16 11:30:15.759 0 0 I auditd : type=1400 audit(0.0:26000): avc: denied { kill } for comm="swapper/1" capability=5 scontext=u:r:kernel:s0 tcontext=u:r:kernel:s0 tclass=capability permissive=0
01-01 14:46:41.390 0 0 D : mv2112_read_status
01-01 14:46:41.391 0 0 D mv2112_update_link: 3.0x901(1G): 0x80
01-01 14:46:41.391 0 0 D mv2112_update_link: 3.0x8109(100M): 0x8
01-01 14:46:41.391 0 0 D mv2112_update_link: link 0x0
01-01 14:46:41.391 0 0 D mv2112_read_status: autoneg is disabled
12-16 11:30:16.759 0 0 I auditd : type=1400 audit(0.0:26001): avc: denied { kill } for comm="swapper/1" capability=5 scontext=u:r:kernel:s0 tcontext=u:r:kernel:s0 tclass=capability permissive=0
01-01 14:46:42.414 0 0 D : mv2112_read_status
01-01 14:46:42.415 0 0 D mv2112_update_link: 3.0x901(1G): 0x80
01-01 14:46:42.415 0 0 D mv2112_update_link: 3.0x8109(100M): 0x8
01-01 14:46:42.415 0 0 D mv2112_update_link: link 0x0
01-01 14:46:42.415 0 0 D mv2112_read_status: autoneg is disabled
12-16 11:30:17.759 0 0 I auditd : type=1400 audit(0.0:26002): avc: denied { kill } for comm="swapper/1" capability=5 scontext=u:r:kernel:s0 tcontext=u:r:kernel:s0 tclass=capability permissive=0
01-01 14:46:43.438 0 0 D : mv2112_read_status
01-01 14:46:43.438 0 0 D mv2112_update_link: 3.0x901(1G): 0x80
01-01 14:46:43.439 0 0 D mv2112_update_link: 3.0x8109(100M): 0x8
01-01 14:46:43.439 0 0 D mv2112_update_link: link 0x0
01-01 14:46:43.439 0 0 D mv2112_read_status: autoneg is disabled
12-16 11:30:18.759 0 0 I auditd : type=1400 audit(0.0:26003): avc: denied { kill } for comm="swapper/1" capability=5 scontext=u:r:kernel:s0 tcontext=u:r:kernel:s0 tclass=capability permissive=0
01-01 14:46:44.462 0 0 D : mv2112_read_status
01-01 14:46:44.462 0 0 D mv2112_update_link: 3.0x901(1G): 0x80
01-01 14:46:44.463 0 0 D mv2112_update_link: 3.0x8109(100M): 0x8
01-01 14:46:44.463 0 0 D mv2112_update_link: link 0x0
01-01 14:46:44.463 0 0 D mv2112_read_status: autoneg is disabled
12-16 11:30:19.759 0 0 I auditd : type=1400 audit(0.0:26004): avc: denied { kill } for comm="swapper/1" capability=5 scontext=u:r:kernel:s0 tcontext=u:r:kernel:s0 tclass=capability permissive=0
01-01 14:46:45.486 0 0 D : mv2112_read_status
01-01 14:46:45.487 0 0 D mv2112_update_link: 3.0x901(1G): 0x80
01-01 14:46:45.487 0 0 D mv2112_update_link: 3.0x8109(100M): 0x8
01-01 14:46:45.487 0 0 D mv2112_update_link: link 0x0
01-01 14:46:45.487 0 0 D mv2112_read_status: autoneg is disabled
12-16 11:30:20.759 0 0 I auditd : type=1400 audit(0.0:26005): avc: denied { kill } for comm="swapper/1" capability=5 scontext=u:r:kernel:s0 tcontext=u:r:kernel:s0 tclass=capability permissive=0
01-01 14:46:46.510 0 0 D : mv2112_read_status
01-01 14:46:46.511 0 0 D mv2112_update_link: 3.0x901(1G): 0x80
01-01 14:46:46.511 0 0 D mv2112_update_link: 3.0x8109(100M): 0x8
01-01 14:46:46.511 0 0 D mv2112_update_link: link 0x0
01-01 14:46:46.511 0 0 D mv2112_read_status: autoneg is disabled
12-16 11:30:21.759 0 0 I auditd : type=1400 audit(0.0:26006): avc: denied { kill } for comm="swapper/1" capability=5 scontext=u:r:kernel:s0 tcontext=u:r:kernel:s0 tclass=capability permissive=0
01-01 14:46:47.534 0 0 D : mv2112_read_status
01-01 14:46:47.534 0 0 D mv2112_update_link: 3.0x901(1G): 0x80
01-01 14:46:47.535 0 0 D mv2112_update_link: 3.0x8109(100M): 0x8
01-01 14:46:47.535 0 0 D mv2112_update_link: link 0x0
01-01 14:46:47.535 0 0 D mv2112_read_status: autoneg is disabled
12-16 11:30:22.759 0 0 I auditd : type=1400 audit(0.0:26007): avc: denied { kill } for comm="swapper/1" capability=5 scontext=u:r:kernel:s0 tcontext=u:r:kernel:s0 tclass=capability permissive=0
01-01 14:46:48.558 0 0 D : mv2112_read_status
01-01 14:46:48.558 0 0 D mv2112_update_link: 3.0x901(1G): 0x80
01-01 14:46:48.559 0 0 D mv2112_update_link: 3.0x8109(100M): 0x8
01-01 14:46:48.559 0 0 D mv2112_update_link: link 0x0
01-01 14:46:48.559 0 0 D mv2112_read_status: autoneg is disabled
01-01 14:46:48.914 0 0 I binder : 1497:1669 ioctl 400c620e 7531f915d8 returned -22
12-16 11:30:23.310 1497 1669 D ActivityManager: freezing 29454 com.qti.diagservices
12-16 11:30:23.311 1497 1669 E ActivityManager: Unable to freeze binder for 29454 com.qti.diagservices
12-16 11:30:23.313 1497 1669 D ActivityManager: froze 29454 com.qti.diagservices
12-16 11:30:23.313 1497 1669 I am_freeze: [29454,com.qti.diagservices]
12-16 11:30:23.313 1497 1669 E ActivityManager: Unable to freeze binder for 29454 com.qti.diagservices
12-16 11:30:23.314 1497 1669 D ActivityManager: freezing 31629 com.android.music
12-16 11:30:23.315 1497 1669 E ActivityManager: Unable to freeze binder for 31629 com.android.music
01-01 14:46:48.916 0 0 I binder : 1497:1669 ioctl c00c620f 7531f915b8 returned -22
01-01 14:46:48.918 0 0 I binder : 1497:1669 ioctl 400c620e 7531f915d8 returned -22
12-16 11:30:23.316 1497 1669 D ActivityManager: froze 31629 com.android.music
12-16 11:30:23.316 1497 1669 I am_freeze: [31629,com.android.music]
12-16 11:30:23.316 1497 1669 E ActivityManager: Unable to freeze binder for 31629 com.android.music
12-16 11:30:23.317 1497 1669 I ActivityManager: Killing 29454:com.qti.diagservices/1000 (adj 965): Unable to freeze binder interface
12-16 11:30:23.317 1497 1669 I am_kill : [0,29454,com.qti.diagservices,965,Unable to freeze binder interface]
01-01 14:46:48.920 0 0 I binder : 1497:1669 ioctl c00c620f 7531f915b8 returned -22
12-16 11:30:23.320 1497 1669 I ActivityManager: Killing 31629:com.android.music/u0a88 (adj 945): Unable to freeze binder interface
12-16 11:30:23.320 1497 1669 I am_kill : [0,31629,com.android.music,945,Unable to freeze binder interface]
12-16 11:30:23.347 1497 3002 I am_proc_died: [0,29454,com.qti.diagservices,965,10]
12-16 11:30:23.348 1497 3002 W ActivityManager: Scheduling restart of crashed service com.qti.diagservices/.QTIDiagServices in 1000ms for start-requested
12-16 11:30:23.348 1497 3002 I am_schedule_service_restart: [0,com.qti.diagservices/.QTIDiagServices,1000]
12-16 11:30:23.352 1497 8848 I am_proc_died: [0,31629,com.android.music,945,19]
12-16 11:30:23.352 1497 8848 I am_uid_stopped: 10088
12-16 11:30:23.356 1497 1595 I am_uid_running: 10088
12-16 11:30:23.356 1497 1595 D CompatibilityChangeReporter: Compat change id reported: 135634846; UID 10088; state: DISABLED
12-16 11:30:23.356 1497 1595 D CompatibilityChangeReporter: Compat change id reported: 177438394; UID 10088; state: DISABLED
12-16 11:30:23.357 1497 1595 D CompatibilityChangeReporter: Compat change id reported: 135772972; UID 10088; state: DISABLED
12-16 11:30:23.357 1497 1595 D CompatibilityChangeReporter: Compat change id reported: 135754954; UID 10088; state: ENABLED
12-16 11:30:23.357 1497 1604 D CompatibilityChangeReporter: Compat change id reported: 143937733; UID 10088; state: ENABLED
12-16 11:30:23.376 1497 1604 I am_proc_start: [0,31825,10088,com.android.music,NULL,]
12-16 11:30:23.376 1497 1604 I ActivityManager: Start proc 31825:com.android.music/u0a88 for null
01-01 14:46:49.002 0 0 I binder : 31825:31825 ioctl 40046210 7fe19b7f64 returned -22
12-16 11:30:23.400 1497 3002 I am_proc_bound: [0,31825,com.android.music]
12-16 11:30:23.402 1497 3002 D CompatibilityChangeReporter: Compat change id reported: 168419799; UID 10088; state: DISABLED
12-16 11:30:23.763 0 0 I auditd : type=1400 audit(0.0:26008): avc: denied { kill } for comm="swapper/1" capability=5 scontext=u:r:kernel:s0 tcontext=u:r:kernel:s0 tclass=capability permissive=0
01-01 14:46:49.582 0 0 D : mv2112_read_status
01-01 14:46:49.583 0 0 D mv2112_update_link: 3.0x901(1G): 0x80
01-01 14:46:49.583 0 0 D mv2112_update_link: 3.0x8109(100M): 0x8
01-01 14:46:49.583 0 0 D mv2112_update_link: link 0x0
01-01 14:46:49.583 0 0 D mv2112_read_status: autoneg is disabled
12-16 11:30:24.353 1497 1603 D CompatibilityChangeReporter: Compat change id reported: 135634846; UID 1000; state: DISABLED
12-16 11:30:24.354 1497 1603 D CompatibilityChangeReporter: Compat change id reported: 177438394; UID 1000; state: DISABLED
12-16 11:30:24.355 1497 1603 D CompatibilityChangeReporter: Compat change id reported: 135772972; UID 1000; state: DISABLED
12-16 11:30:24.355 1497 1603 D CompatibilityChangeReporter: Compat change id reported: 135754954; UID 1000; state: ENABLED
12-16 11:30:24.384 1497 1604 I am_proc_start: [0,31841,1000,com.qti.diagservices,service,{com.qti.diagservices/com.qti.diagservices.QTIDiagServices}]
12-16 11:30:24.384 1497 1604 I ActivityManager: Start proc 31841:com.qti.diagservices/1000 for service {com.qti.diagservices/com.qti.diagservices.QTIDiagServices}
01-01 14:46:50.022 0 0 I binder : 31841:31841 ioctl 40046210 7fe19b7f64 returned -22
12-16 11:30:24.425 1497 3002 I am_proc_bound: [0,31841,com.qti.diagservices]
12-16 11:30:24.463 31841 31841 I auditd : type=1400 audit(0.0:26009): avc: denied { read write } for comm="ti.diagservices" name="diag" dev="tmpfs" ino=1200 scontext=u:r:system_app:s0 tcontext=u:object_r:vendor_diag_device:s0 tclass=chr_file permissive=0
12-16 11:30:24.759 0 0 I auditd : type=1400 audit(0.0:26010): avc: denied { kill } for comm="swapper/1" capability=5 scontext=u:r:kernel:s0 tcontext=u:r:kernel:s0 tclass=capability permissive=0
01-01 14:46:50.606 0 0 D : mv2112_read_status
01-01 14:46:50.606 0 0 D mv2112_update_link: 3.0x901(1G): 0x80
01-01 14:46:50.607 0 0 D mv2112_update_link: 3.0x8109(100M): 0x8
01-01 14:46:50.607 0 0 D mv2112_update_link: link 0x0
01-01 14:46:50.607 0 0 D mv2112_read_status: autoneg is disabled
12-16 11:30:25.759 0 0 I auditd : type=1400 audit(0.0:26011): avc: denied { kill } for comm="swapper/1" capability=5 scontext=u:r:kernel:s0 tcontext=u:r:kernel:s0 tclass=capability permissive=0
01-01 14:46:51.630 0 0 D : mv2112_read_status
01-01 14:46:51.631 0 0 D mv2112_update_link: 3.0x901(1G): 0x80
01-01 14:46:51.631 0 0 D mv2112_update_link: 3.0x8109(100M): 0x8
01-01 14:46:51.631 0 0 D mv2112_update_link: link 0x0
01-01 14:46:51.631 0 0 D mv2112_read_status: autoneg is disabled
12-16 11:30:26.759 0 0 I auditd : type=1400 audit(0.0:26012): avc: denied { kill } for comm="swapper/1" capability=5 scontext=u:r:kernel:s0 tcontext=u:r:kernel:s0 tclass=capability permissive=0
01-01 14:46:52.654 0 0 D : mv2112_read_status
01-01 14:46:52.655 0 0 D mv2112_update_link: 3.0x901(1G): 0x80
01-01 14:46:52.655 0 0 D mv2112_update_link: 3.0x8109(100M): 0x8
01-01 14:46:52.655 0 0 D mv2112_update_link: link 0x0
01-01 14:46:52.655 0 0 D mv2112_read_status: autoneg is disabled
12-16 11:30:27.759 0 0 I auditd : type=1400 audit(0.0:26013): avc: denied { kill } for comm="swapper/1" capability=5 scontext=u:r:kernel:s0 tcontext=u:r:kernel:s0 tclass=capability permissive=0
01-01 14:46:53.678 0 0 D : mv2112_read_status
01-01 14:46:53.679 0 0 D mv2112_update_link: 3.0x901(1G): 0x80
01-01 14:46:53.679 0 0 D mv2112_update_link: 3.0x8109(100M): 0x8
01-01 14:46:53.679 0 0 D mv2112_update_link: link 0x0
01-01 14:46:53.679 0 0 D mv2112_read_status: autoneg is disabled
12-16 11:30:28.759 0 0 I auditd : type=1400 audit(0.0:26014): avc: denied { kill } for comm="swapper/1" capability=5 scontext=u:r:kernel:s0 tcontext=u:r:kernel:s0 tclass=capability permissive=0
01-01 14:46:54.702 0 0 D : mv2112_read_status
01-01 14:46:54.703 0 0 D mv2112_update_link: 3.0x901(1G): 0x80
01-01 14:46:54.703 0 0 D mv2112_update_link: 3.0x8109(100M): 0x8
01-01 14:46:54.703 0 0 D mv2112_update_link: link 0x0
01-01 14:46:54.703 0 0 D mv2112_read_status: autoneg is disabled
12-16 11:30:29.759 0 0 I auditd : type=1400 audit(0.0:26015): avc: denied { kill } for comm="swapper/1" capability=5 scontext=u:r:kernel:s0 tcontext=u:r:kernel:s0 tclass=capability permissive=0
01-01 14:46:55.726 0 0 D : mv2112_read_status
01-01 14:46:55.727 0 0 D mv2112_update_link: 3.0x901(1G): 0x80
01-01 14:46:55.727 0 0 D mv2112_update_link: 3.0x8109(100M): 0x8
01-01 14:46:55.727 0 0 D mv2112_update_link: link 0x0
01-01 14:46:55.727 0 0 D mv2112_read_status: autoneg is disabled
12-16 11:30:30.759 0 0 I auditd : type=1400 audit(0.0:26016): avc: denied { kill } for comm="swapper/1" capability=5 scontext=u:r:kernel:s0 tcontext=u:r:kernel:s0 tclass=capability permissive=0
01-01 14:46:56.750 0 0 D : mv2112_read_status
01-01 14:46:56.751 0 0 D mv2112_update_link: 3.0x901(1G): 0x80
01-01 14:46:56.751 0 0 D mv2112_update_link: 3.0x8109(100M): 0x8
01-01 14:46:56.751 0 0 D mv2112_update_link: link 0x0
01-01 14:46:56.751 0 0 D mv2112_read_status: autoneg is disabled
12-16 11:30:31.759 0 0 I auditd : type=1400 audit(0.0:26017): avc: denied { kill } for comm="swapper/1" capability=5 scontext=u:r:kernel:s0 tcontext=u:r:kernel:s0 tclass=capability permissive=0
01-01 14:46:57.774 0 0 D : mv2112_read_status
01-01 14:46:57.775 0 0 D mv2112_update_link: 3.0x901(1G): 0x80
01-01 14:46:57.775 0 0 D mv2112_update_link: 3.0x8109(100M): 0x8
01-01 14:46:57.775 0 0 D mv2112_update_link: link 0x0
01-01 14:46:57.775 0 0 D mv2112_read_status: autoneg is disabled
12-16 11:30:32.759 0 0 I auditd : type=1400 audit(0.0:26018): avc: denied { kill } for comm="swapper/1" capability=5 scontext=u:r:kernel:s0 tcontext=u:r:kernel:s0 tclass=capability permissive=0
01-01 14:46:58.798 0 0 D : mv2112_read_status
01-01 14:46:58.798 0 0 D mv2112_update_link: 3.0x901(1G): 0x80
01-01 14:46:58.799 0 0 D mv2112_update_link: 3.0x8109(100M): 0x8
01-01 14:46:58.799 0 0 D mv2112_update_link: link 0x0
01-01 14:46:58.799 0 0 D mv2112_read_status: autoneg is disabled
12-16 11:30:33.759 0 0 I auditd : type=1400 audit(0.0:26019): avc: denied { kill } for comm="swapper/1" capability=5 scontext=u:r:kernel:s0 tcontext=u:r:kernel:s0 tclass=capability permissive=0
01-01 14:46:59.822 0 0 D : mv2112_read_status
01-01 14:46:59.823 0 0 D mv2112_update_link: 3.0x901(1G): 0x80
01-01 14:46:59.823 0 0 D mv2112_update_link: 3.0x8109(100M): 0x8
01-01 14:46:59.823 0 0 D mv2112_update_link: link 0x0
01-01 14:46:59.823 0 0 D mv2112_read_status: autoneg is disabled
12-16 11:30:34.759 0 0 I auditd : type=1400 audit(0.0:26020): avc: denied { kill } for comm="swapper/1" capability=5 scontext=u:r:kernel:s0 tcontext=u:r:kernel:s0 tclass=capability permissive=0
01-01 14:47:00.846 0 0 D : mv2112_read_status
01-01 14:47:00.846 0 0 D mv2112_update_link: 3.0x901(1G): 0x80
01-01 14:47:00.847 0 0 D mv2112_update_link: 3.0x8109(100M): 0x8
01-01 14:47:00.847 0 0 D mv2112_update_link: link 0x0
01-01 14:47:00.847 0 0 D mv2112_read_status: autoneg is disabled
