12-16 10:33:57.687 1497 1497 D BluetoothManagerService: Bluetooth Adapter name changed to QCOM-BTD by android
12-16 10:33:57.687 1497 1497 D BluetoothManagerService: Stored Bluetooth name: QCOM-BTD
12-16 10:33:57.692 1497 1497 D BluetoothManagerService: Bluetooth Adapter address changed to 22:22:47:D3:B9:33
12-16 10:33:57.692 1497 1497 D BluetoothManagerService: Stored Bluetoothaddress: 22:22:47:D3:B9:33
12-16 10:33:57.695 1497 1594 D BluetoothManagerService: MESSAGE_BLUETOOTH_STATE_CHANGE: BLE_TURNING_ON > BLE_ON
12-16 10:33:57.695 1497 1594 D BluetoothManagerService: Bluetooth is in LE only mode
12-16 10:33:57.695 1497 1594 D BluetoothManagerService: Binding Bluetooth GATT service
12-16 10:33:57.697 1497 1594 D BluetoothManagerService: Sending BLE State Change: BLE_TURNING_ON > BLE_ON
12-16 10:33:57.698 1497 1497 D CompanionDeviceManagerService: Received BT state transition broadcast: BLE_TURNING_ON -> BLE_ON
12-16 10:33:57.698 1497 1497 I CompanionDeviceManagerService: startBleScan()
12-16 10:33:57.699 1497 1497 D BluetoothManagerService: BluetoothServiceConnection: com.android.bluetooth.gatt.GattService
12-16 10:33:57.699 1497 1594 D BluetoothManagerService: MESSAGE_BLUETOOTH_SERVICE_CONNECTED: 2
12-16 10:33:57.699 1497 1594 D BluetoothManagerService: continueFromBleOnState()
12-16 10:33:57.701 1497 1594 D BluetoothManagerService: Persisting Bluetooth Setting: 1
12-16 10:33:57.703 1497 1594 D BluetoothManagerService: MESSAGE_BLUETOOTH_STATE_CHANGE: BLE_ON > TURNING_ON
12-16 10:33:57.703 1497 1594 D BluetoothManagerService: Sending BLE State Change: BLE_ON > TURNING_ON
12-16 10:33:57.703 1497 1594 D BluetoothManagerService: Sending State Change: OFF > TURNING_ON
12-16 10:33:57.703 1497 1497 D CompanionDeviceManagerService: Received BT state transition broadcast: BLE_ON -> TURNING_ON
12-16 10:33:57.718 1497 8974 D TelephonyRegistry: listen oscl: mHasNotifySubscriptionInfoChangedOccurred==false no callback
12-16 10:33:57.733 1497 1736 I GameModeConfig: isGameModeOn = false
12-16 10:33:57.734 1497 1736 I GameModeConfig: isGameModeOn = false
12-16 10:33:57.734 1497 1736 I GameModeConfig: isGameModeOn = false
12-16 10:33:57.734 1497 1736 I GameModeConfig: isGameModeOn = false
12-16 10:33:57.799 1497 5531 D CompatibilityChangeReporter: Compat change id reported: 135634846; UID 10027; state: DISABLED
12-16 10:33:57.799 1497 5531 D CompatibilityChangeReporter: Compat change id reported: 177438394; UID 10027; state: DISABLED
12-16 10:33:57.800 1497 5531 D CompatibilityChangeReporter: Compat change id reported: 135772972; UID 10027; state: DISABLED
12-16 10:33:57.800 1497 5531 D CompatibilityChangeReporter: Compat change id reported: 135754954; UID 10027; state: ENABLED
12-16 10:33:57.800 1497 1604 D CompatibilityChangeReporter: Compat change id reported: 143937733; UID 10027; state: ENABLED
12-16 10:33:57.808 1497 1604 I ActivityManager: Start proc 28624:android.process.acore/u0a27 for content provider {com.android.providers.contacts/com.android.providers.contacts.ContactsProvider2}
12-16 10:33:57.809 1497 1736 I GameModeConfig: isGameModeOn = false
12-16 10:33:57.809 1497 1736 I GameModeConfig: isGameModeOn = false
12-16 10:33:57.809 1497 1736 I GameModeConfig: isGameModeOn = false
12-16 10:33:57.810 1497 1736 I GameModeConfig: isGameModeOn = false
12-16 10:33:57.813 1497 1594 D BluetoothManagerService: MESSAGE_BLUETOOTH_STATE_CHANGE: TURNING_ON > ON
12-16 10:33:57.813 1497 1594 D BluetoothManagerService: Broadcasting onBluetoothStateChange(true) to 25 receivers.
12-16 10:33:57.815 1497 7244 D BluetoothManagerService: Creating new ProfileServiceConnections object for profile: 1
12-16 10:33:57.829 1497 1594 W BluetoothManagerService: psc is not null in bindBluetoothProfileService
12-16 10:33:57.835 1497 1594 W BluetoothManagerService: psc is not null in bindBluetoothProfileService
12-16 10:33:57.839 1497 1497 I Telecom : BluetoothDeviceManager: Got BluetoothHearingAid: android.bluetooth.BluetoothHearingAid@180d8d9: BMSL.oSC@AGw
12-16 10:33:57.840 1497 1594 D BluetoothManagerService: Sending BLE State Change: TURNING_ON > ON
12-16 10:33:57.843 1497 2116 W BluetoothManagerService: psc is not null in bindBluetoothProfileService
12-16 10:33:57.849 1497 1771 D CompatibilityChangeReporter: Compat change id reported: 168419799; UID 10027; state: DISABLED
12-16 10:33:57.855 1497 1594 D BluetoothManagerService: Sending State Change: TURNING_ON > ON
12-16 10:33:57.856 1497 1497 D CompanionDeviceManagerService: Received BT state transition broadcast: TURNING_ON -> ON
12-16 10:33:57.856 1497 1497 I CompanionDeviceManagerService: startBleScan()
12-16 10:33:57.861 1497 5463 W ActivityManager: Receiver with filter android.content.IntentFilter@5125065 already registered for pid 27148, callerPackage is com.android.settings
12-16 10:33:57.867 1497 5463 W ActivityManager: Receiver with filter android.content.IntentFilter@69313a already registered for pid 1947, callerPackage is com.android.systemui
12-16 10:33:57.888 1497 7244 D CountryDetector: The first listener is added
12-16 10:33:57.930 1497 1497 I Telecom : BluetoothDeviceManager: Got BluetoothHeadset: com.android.server.telecom.BluetoothHeadsetProxy@13b151: BMSL.oSC@AHE
12-16 10:33:58.825 1497 1592 D CompanionDeviceManagerService: onPackageModified(packageName = com.android.bluetooth)
12-16 10:33:58.833 1497 1497 I Telecom : DefaultDialerCache: Refreshing default dialer for user 0: now null: DDC.oR@AHI
12-16 10:33:58.848 1497 1602 W VoiceInteractionManager: no available voice recognition services found for user 0
12-16 10:33:59.434 27148 27148 E ActivityThread: Failed to find provider info for com.google.android.gms.nearby.fastpair
12-16 10:33:59.434 27148 28524 E ActivityThread: Failed to find provider info for com.google.android.gms.nearby.fastpair
12-16 10:34:00.801 27148 27148 W CarrierConfigManager: Error getting config for subId -1 ICarrierConfigLoader is null
12-16 10:34:00.806 1497 7244 E UserRestrictionsUtils: Unknown restriction queried by uid 1000 (com.thundercomm.tcsetupwizard et al): null
12-16 10:34:00.854 1497 1771 D TelephonyRegistry: listen oscl: mHasNotifySubscriptionInfoChangedOccurred==false no callback
12-16 10:34:00.858 1497 1771 D TelephonyRegistry: listen oscl: mHasNotifySubscriptionInfoChangedOccurred==false no callback
12-16 10:34:01.381 27148 27148 E ActivityThread: Failed to find provider info for com.google.android.gms.nearby.fastpair
12-16 10:34:01.382 27148 28524 E ActivityThread: Failed to find provider info for com.google.android.gms.nearby.fastpair
12-16 10:34:02.519 1497 8850 E UserRestrictionsUtils: Unknown restriction queried by uid 1000 (com.thundercomm.tcsetupwizard et al): null
12-16 10:34:02.519 1497 8850 E UserRestrictionsUtils: Unknown restriction queried by uid 1000 (com.thundercomm.tcsetupwizard et al): null
12-16 10:34:04.656 1497 1736 I GameModeConfig: isGameModeOn = false
12-16 10:34:07.747 1497 1736 I GameModeConfig: isGameModeOn = false
12-16 10:34:07.809 1497 1736 I GameModeConfig: isGameModeOn = false
12-16 10:34:21.389 1497 1669 D ActivityManager: freezing 27836 com.hryt.hiphishowfsecontrol
12-16 10:34:21.389 1497 1669 E ActivityManager: Unable to freeze binder for 27836 com.hryt.hiphishowfsecontrol
12-16 10:34:21.391 1497 1669 D ActivityManager: froze 27836 com.hryt.hiphishowfsecontrol
12-16 10:34:21.391 1497 1669 E ActivityManager: Unable to freeze binder for 27836 com.hryt.hiphishowfsecontrol
12-16 10:34:21.392 1497 1669 I ActivityManager: Killing 27836:com.hryt.hiphishowfsecontrol/u0a23 (adj 965): Unable to freeze binder interface
12-16 10:34:23.165 1497 8850 W FreeFormWindowHelper: getCurrentDisplayedFreeFormTask is null
12-16 10:34:23.195 1497 5463 W ActivityTaskManager: getTaskSnapshot: taskId=1178 not found
12-16 10:34:23.202 1497 5463 W FreeFormWindowHelper: getCurrentDisplayedFreeFormTask is null
12-16 10:34:23.222 1497 5463 W FreeFormWindowHelper: getCurrentDisplayedFreeFormTask is null
12-16 10:34:23.252 1497 5463 W FreeFormWindowHelper: getCurrentDisplayedFreeFormTask is null
12-16 10:34:23.267 1497 8850 W FreeFormWindowHelper: getCurrentDisplayedFreeFormTask is null
12-16 10:34:23.284 1497 5463 W FreeFormWindowHelper: getCurrentDisplayedFreeFormTask is null
12-16 10:34:23.306 1497 1771 W FreeFormWindowHelper: getCurrentDisplayedFreeFormTask is null
12-16 10:34:23.986 1497 5463 W FreeFormWindowHelper: getCurrentDisplayedFreeFormTask is null
12-16 10:34:24.000 1497 2116 I ActivityTaskManager: FOREGROUND_APPLICATION_CHANGED to com.android.launcher3.uioverrides.QuickstepLauncher
12-16 10:34:24.018 1497 1595 D CompatibilityChangeReporter: Compat change id reported: 135634846; UID 10023; state: DISABLED
12-16 10:34:24.018 1497 1595 D CompatibilityChangeReporter: Compat change id reported: 177438394; UID 10023; state: DISABLED
12-16 10:34:24.018 1497 1595 D CompatibilityChangeReporter: Compat change id reported: 135772972; UID 10023; state: DISABLED
12-16 10:34:24.018 1497 1595 D CompatibilityChangeReporter: Compat change id reported: 135754954; UID 10023; state: ENABLED
12-16 10:34:24.018 1497 1604 D CompatibilityChangeReporter: Compat change id reported: 143937733; UID 10023; state: ENABLED
12-16 10:34:24.025 1497 1604 I ActivityManager: Start proc 28673:com.hryt.hiphishowfsecontrol/u0a23 for null
12-16 10:34:24.053 1497 2116 D CompatibilityChangeReporter: Compat change id reported: 168419799; UID 10023; state: DISABLED
12-16 10:34:24.056 17557 17592 W ContextImpl: Calling a method in the system process without a qualified user: android.app.ContextImpl.startService:1816 android.content.ContextWrapper.startService:774 com.thundercomm.gamemode.ingame.services.GameModeActionUtils.startGameModeService:99 com.thundercomm.gamemode.ingame.services.GameModeActionUtils.startGameModeEntry:22 com.thundercomm.gamemode.ingame.services.ActivityMonitoringService$1.onActivityLaunch:127
12-16 10:34:24.062 1497 1497 I GameModeConfig: Current uri is uri = content://com.thundercomm.gamemode.api/gamemode_settings/gamemode_isgaming
12-16 10:34:24.065 1497 1497 I GameModeConfig: isGameModeOn = false
12-16 10:34:24.065 1497 1497 I GameModeConfig: isGameModeOn = false
12-16 10:34:24.065 1497 1497 I GameModeConfig: isDisableVoice = true
12-16 10:34:24.116 17557 17592 W ContextImpl: Calling a method in the system process without a qualified user: android.app.ContextImpl.startService:1816 android.content.ContextWrapper.startService:774 com.thundercomm.gamemode.ingame.services.GameModeActionUtils.startGameModeService:99 com.thundercomm.gamemode.ingame.services.GameModeActionUtils.startGameModeEntry:22 com.thundercomm.gamemode.ingame.services.ActivityMonitoringService$1.onActivityLaunch:127
12-16 10:34:24.118 1497 1497 I GameModeConfig: Current uri is uri = content://com.thundercomm.gamemode.api/gamemode_settings/gamemode_isgaming
12-16 10:34:24.119 1497 1497 I GameModeConfig: isGameModeOn = false
12-16 10:34:24.119 1497 1497 I GameModeConfig: isGameModeOn = false
12-16 10:34:24.119 1497 1497 I GameModeConfig: isDisableVoice = true
12-16 10:34:28.117 1497 1603 I ActivityManager: Force stopping com.tencent.android.qqdownloader appid=10096 user=0: deletePackageX
12-16 10:34:28.137 1497 1631 I PackageManager: Removing permission com.tencent.android.qqdownloader.theme.permission that used to be declared by com.tencent.android.qqdownloader
12-16 10:34:28.138 1497 1631 I PackageManager: Removing permission com.tencent.assistant.wallpaper.permission.WALLPAPER_READ_PERMISSION that used to be declared by com.tencent.android.qqdownloader
12-16 10:34:28.138 1497 1631 I PackageManager: Removing permission com.tencent.applink.sdk.permission.APPLINK_READ_PERMISSION that used to be declared by com.tencent.android.qqdownloader
12-16 10:34:28.138 1497 1631 I PackageManager: Removing permission com.tencent.android.qqdownloader.TMF_SHARK that used to be declared by com.tencent.android.qqdownloader
12-16 10:34:28.139 1497 1631 I PackageManager: Removing permission com.tencent.android.qqdownloader.component_security that used to be declared by com.tencent.android.qqdownloader
12-16 10:34:28.139 1497 1631 I PackageManager: Removing permission com.tencent.android.qqdownloader.permission.TMF_SHARK that used to be declared by com.tencent.android.qqdownloader
12-16 10:34:28.139 1497 1631 I PackageManager: Removing permission com.tencent.assistant.permission.YYB_EVENT_PERMISSION that used to be declared by com.tencent.android.qqdownloader
12-16 10:34:28.140 1497 1631 I PackageManager: Removing permission com.qq.AppService.permission.out.CACHE_READ_PERMISSION that used to be declared by com.tencent.android.qqdownloader
12-16 10:34:28.140 1497 1631 I PackageManager: Removing permission com.qq.AppService.permission.out.CACHE_WRITE_PERMISSION that used to be declared by com.tencent.android.qqdownloader
12-16 10:34:28.140 1497 1631 I PackageManager: Removing permission com.tencent.assistant.wallpaper.permission.WALLPAPER_WRITE_PERMISSION that used to be declared by com.tencent.android.qqdownloader
12-16 10:34:28.141 1497 1631 I PackageManager: Removing permission com.qq.AppService.permission.out.IPC_SERVICE that used to be declared by com.tencent.android.qqdownloader
12-16 10:34:28.141 1497 1631 I PackageManager: Removing permission com.tencent.applink.sdk.permission.APPLINK_WRITE_PERMISSION that used to be declared by com.tencent.android.qqdownloader
12-16 10:34:28.141 1497 1631 I PackageManager: Permission ownership changed. Updating all permissions.
12-16 10:34:28.230 1497 2749 E TaskPersister: File error accessing recents directory (directory doesn't exist?).
12-16 10:34:28.338 1497 1631 I ActivityManager: Force stopping com.tencent.android.qqdownloader appid=10096 user=0: pkg removed
12-16 10:34:28.375 1497 1592 D CompanionDeviceManagerService: onPackageRemoved(packageName = com.tencent.android.qqdownloader, uid = 10096)
12-16 10:34:28.375 1497 1592 I CompanionDeviceManagerService: Updating associations: [] --> []
12-16 10:34:28.376 1497 1694 V StorageManagerService: Package com.tencent.android.qqdownloader does not have legacy storage
12-16 10:34:28.378 1497 1662 I RollbackManager: broadcast=ACTION_PACKAGE_FULLY_REMOVED pkg=com.tencent.android.qqdownloader
12-16 10:34:28.378 1497 1603 W BroadcastQueue: Background execution not allowed: receiving Intent { act=android.intent.action.PACKAGE_REMOVED dat=package:com.tencent.android.qqdownloader flg=0x4000010 (has extras) } to com.android.gallery3d/.app.PackagesMonitor
12-16 10:34:28.381 1497 1603 D CompatibilityChangeReporter: Compat change id reported: 135634846; UID 10036; state: DISABLED
12-16 10:34:28.381 1497 1603 D CompatibilityChangeReporter: Compat change id reported: 177438394; UID 10036; state: DISABLED
12-16 10:34:28.382 1497 1603 D CompatibilityChangeReporter: Compat change id reported: 135772972; UID 10036; state: DISABLED
12-16 10:34:28.382 1497 1603 D CompatibilityChangeReporter: Compat change id reported: 135754954; UID 10036; state: ENABLED
12-16 10:34:28.382 1497 1604 D CompatibilityChangeReporter: Compat change id reported: 143937733; UID 10036; state: ENABLED
12-16 10:34:28.389 1497 1604 I ActivityManager: Start proc 28698:com.android.documentsui/u0a36 for broadcast {com.android.documentsui/com.android.documentsui.PackageReceiver}
12-16 10:34:28.397 1497 1497 D CompatibilityChangeReporter: Compat change id reported: 135634846; UID 1000; state: DISABLED
12-16 10:34:28.397 1497 1497 D CompatibilityChangeReporter: Compat change id reported: 177438394; UID 1000; state: DISABLED
12-16 10:34:28.397 1497 1497 D CompatibilityChangeReporter: Compat change id reported: 135772972; UID 1000; state: DISABLED
12-16 10:34:28.397 1497 1497 D CompatibilityChangeReporter: Compat change id reported: 135754954; UID 1000; state: ENABLED
12-16 10:34:28.399 1497 1497 I GameManagerService: Disabling downscale for com.tencent.android.qqdownloader
12-16 10:34:28.406 1497 1604 I ActivityManager: Start proc 28703:com.android.keychain/1000 for service {com.android.keychain/com.android.keychain.KeyChainService}
12-16 10:34:28.414 1497 1497 I Telecom : CarModeTracker: Package com.tencent.android.qqdownloader is not tracked.: SSH.oR@AHQ
12-16 10:34:28.415 1497 1497 I Telecom : InCallController: updateCarModeForConnections: car mode apps: : SSH.oR@AHQ
12-16 10:34:28.416 1497 1497 I ConditionProviders: Disallowing condition provider com.tencent.android.qqdownloader (userSet: true)
12-16 10:34:28.417 1497 1736 I GameModeConfig: isGameModeOn = false
12-16 10:34:28.417 1497 1497 I GameModeConfig: isGameModeOn = false
12-16 10:34:28.417 1497 1602 I CompanionDeviceManagerService: Writing associations to disk: []
12-16 10:34:28.417 1497 1736 I GameModeConfig: isGameModeOn = false
12-16 10:34:28.417 1497 1736 I GameModeConfig: isGameModeOn = false
12-16 10:34:28.417 1497 1736 I GameModeConfig: isGameModeOn = false
12-16 10:34:28.421 1497 7244 D CompatibilityChangeReporter: Compat change id reported: 168419799; UID 10036; state: DISABLED
12-16 10:34:28.549 1497 7244 D CompatibilityChangeReporter: Compat change id reported: 168419799; UID 1000; state: DISABLED
12-16 10:34:28.550 1497 1497 D CompatibilityChangeReporter: Compat change id reported: 135634846; UID 10035; state: DISABLED
12-16 10:34:28.551 1497 1497 D CompatibilityChangeReporter: Compat change id reported: 177438394; UID 10035; state: DISABLED
12-16 10:34:28.551 1497 1497 D CompatibilityChangeReporter: Compat change id reported: 135772972; UID 10035; state: DISABLED
12-16 10:34:28.551 1497 1497 D CompatibilityChangeReporter: Compat change id reported: 135754954; UID 10035; state: ENABLED
12-16 10:34:28.551 1497 1604 D CompatibilityChangeReporter: Compat change id reported: 143937733; UID 10035; state: ENABLED
12-16 10:34:28.558 1497 1604 I ActivityManager: Start proc 28746:com.microsoft.emmx/u0a35 for broadcast {com.microsoft.emmx/org.chromium.chrome.browser.browserservices.InstalledWebappBroadcastReceiver}
12-16 10:34:28.585 1497 5463 D CompatibilityChangeReporter: Compat change id reported: 168419799; UID 10035; state: DISABLED
12-16 10:34:28.767 1497 8850 D CompatibilityChangeReporter: Compat change id reported: 135634846; UID 10017; state: DISABLED
12-16 10:34:28.767 1497 8850 D CompatibilityChangeReporter: Compat change id reported: 177438394; UID 10017; state: DISABLED
12-16 10:34:28.768 1497 8850 D CompatibilityChangeReporter: Compat change id reported: 135772972; UID 10017; state: DISABLED
12-16 10:34:28.768 1497 8850 D CompatibilityChangeReporter: Compat change id reported: 135754954; UID 10017; state: ENABLED
12-16 10:34:28.768 1497 1604 D CompatibilityChangeReporter: Compat change id reported: 143937733; UID 10017; state: ENABLED
12-16 10:34:28.778 1497 1604 I ActivityManager: Start proc 28785:android.process.media/u0a17 for broadcast {com.android.providers.downloads/com.android.providers.downloads.DownloadReceiver}
12-16 10:34:28.803 1497 8850 D CompatibilityChangeReporter: Compat change id reported: 168419799; UID 10017; state: DISABLED
12-16 10:34:28.846 1497 1736 I GameModeConfig: isGameModeOn = false
12-16 10:34:28.846 1497 1736 I GameModeConfig: isGameModeOn = false
12-16 10:34:28.846 1497 1736 I GameModeConfig: isGameModeOn = false
12-16 10:34:28.846 1497 1736 I GameModeConfig: isGameModeOn = false
12-16 10:34:29.336 1497 1669 D ActivityManager: freezing 27206 com.android.providers.calendar
12-16 10:34:29.336 1497 1669 E ActivityManager: Unable to freeze binder for 27206 com.android.providers.calendar
12-16 10:34:29.338 1497 1669 D ActivityManager: froze 27206 com.android.providers.calendar
12-16 10:34:29.338 1497 1669 E ActivityManager: Unable to freeze binder for 27206 com.android.providers.calendar
12-16 10:34:29.340 1497 1669 I ActivityManager: Killing 27206:com.android.providers.calendar/u0a32 (adj 935): Unable to freeze binder interface
12-16 10:34:29.956 1497 5463 I ActivityTaskManager: START u0 {act=android.intent.action.MAIN cat=[android.intent.category.LAUNCHER] flg=0x10200000 cmp=com.android.settings/.Settings bnds=[2308,740][2494,940]} from uid 10078
12-16 10:34:29.989 1497 5463 I ActivityTaskManager: FOREGROUND_APPLICATION_CHANGED to com.android.settings.homepage.SettingsHomepageActivity
12-16 10:34:29.995 1497 5463 D CompatibilityChangeReporter: Compat change id reported: 174042980; UID 1000; state: DISABLED
12-16 10:34:29.996 1497 5463 D CompatibilityChangeReporter: Compat change id reported: 181136395; UID 1000; state: DISABLED
12-16 10:34:29.996 1497 5463 D CompatibilityChangeReporter: Compat change id reported: 174042936; UID 1000; state: DISABLED
12-16 10:34:30.024 17557 17592 W ContextImpl: Calling a method in the system process without a qualified user: android.app.ContextImpl.startService:1816 android.content.ContextWrapper.startService:774 com.thundercomm.gamemode.ingame.services.GameModeActionUtils.startGameModeService:99 com.thundercomm.gamemode.ingame.services.GameModeActionUtils.startGameModeEntry:22 com.thundercomm.gamemode.ingame.services.ActivityMonitoringService$1.onActivityLaunch:127
12-16 10:34:30.034 1497 1497 I GameModeConfig: Current uri is uri = content://com.thundercomm.gamemode.api/gamemode_settings/gamemode_isgaming
12-16 10:34:30.042 1497 1497 I GameModeConfig: isGameModeOn = false
12-16 10:34:30.042 1497 1497 I GameModeConfig: isGameModeOn = false
12-16 10:34:30.042 1497 1497 I GameModeConfig: isDisableVoice = true
12-16 10:34:30.106 17557 17592 W ContextImpl: Calling a method in the system process without a qualified user: android.app.ContextImpl.startService:1816 android.content.ContextWrapper.startService:774 com.thundercomm.gamemode.ingame.services.GameModeActionUtils.startGameModeService:99 com.thundercomm.gamemode.ingame.services.GameModeActionUtils.startGameModeEntry:22 com.thundercomm.gamemode.ingame.services.ActivityMonitoringService$1.onActivityLaunch:127
12-16 10:34:30.112 1497 1497 I GameModeConfig: Current uri is uri = content://com.thundercomm.gamemode.api/gamemode_settings/gamemode_isgaming
12-16 10:34:30.113 1497 1497 I GameModeConfig: isGameModeOn = false
12-16 10:34:30.114 1497 1497 I GameModeConfig: isGameModeOn = false
12-16 10:34:30.114 1497 1497 I GameModeConfig: isDisableVoice = true
12-16 10:34:30.605 17557 17592 W ContextImpl: Calling a method in the system process without a qualified user: android.app.ContextImpl.startService:1816 android.content.ContextWrapper.startService:774 com.thundercomm.gamemode.ingame.services.GameModeActionUtils.startGameModeService:99 com.thundercomm.gamemode.ingame.services.GameModeActionUtils.startGameModeEntry:22 com.thundercomm.gamemode.ingame.services.ActivityMonitoringService$1.onActivityLaunch:127
12-16 10:34:30.609 1497 1497 I GameModeConfig: Current uri is uri = content://com.thundercomm.gamemode.api/gamemode_settings/gamemode_isgaming
12-16 10:34:30.612 1497 1497 I GameModeConfig: isGameModeOn = false
12-16 10:34:30.612 1497 1497 I GameModeConfig: isGameModeOn = false
12-16 10:34:30.612 1497 1497 I GameModeConfig: isDisableVoice = true
12-16 10:34:30.826 1497 1669 D ActivityManager: freezing 27117 com.android.calendar
12-16 10:34:30.827 1497 1669 E ActivityManager: Unable to freeze binder for 27117 com.android.calendar
12-16 10:34:30.828 1497 1669 D ActivityManager: froze 27117 com.android.calendar
12-16 10:34:30.829 1497 1669 E ActivityManager: Unable to freeze binder for 27117 com.android.calendar
12-16 10:34:30.830 1497 1669 I ActivityManager: Killing 27117:com.android.calendar/u0a65 (adj 930): Unable to freeze binder interface
12-16 10:34:30.881 1497 1771 I WindowManager: WIN DEATH: Window{275fc4e u0 com.android.calendar/com.android.calendar.AllInOneActivity}
12-16 10:34:30.889 1497 1595 W ActivityManager: setHasOverlayUi called on unknown pid: 27117
12-16 10:34:30.890 1497 1602 W UsageStatsService: Unexpected activity event reported! (com.android.calendar/com.android.calendar.AllInOneActivity event : 23 instanceId : 46858662)
12-16 10:34:30.892 1497 1595 D CompatibilityChangeReporter: Compat change id reported: 135634846; UID 10065; state: DISABLED
12-16 10:34:30.892 1497 1595 D CompatibilityChangeReporter: Compat change id reported: 177438394; UID 10065; state: DISABLED
12-16 10:34:30.892 1497 1595 D CompatibilityChangeReporter: Compat change id reported: 135772972; UID 10065; state: DISABLED
12-16 10:34:30.892 1497 1595 D CompatibilityChangeReporter: Compat change id reported: 135754954; UID 10065; state: DISABLED
12-16 10:34:30.893 1497 1604 D CompatibilityChangeReporter: Compat change id reported: 143937733; UID 10065; state: DISABLED
12-16 10:34:30.902 1497 1604 I ActivityManager: Start proc 28812:com.android.calendar/u0a65 for null
12-16 10:34:30.980 1497 8850 W NotificationService: Toast already killed. pkg=com.android.launcher3 token=android.os.BinderProxy@1cfb6f1
12-16 10:34:32.069 27148 27148 E ActivityThread: Failed to find provider info for com.google.android.gms.nearby.fastpair
12-16 10:34:32.070 27148 28808 E ActivityThread: Failed to find provider info for com.google.android.gms.nearby.fastpair
12-16 10:34:33.006 1497 2749 E TaskPersister: File error accessing recents directory (directory doesn't exist?).
12-16 10:34:39.204 1497 1736 I GameModeConfig: isGameModeOn = false
12-16 10:34:39.204 1497 1736 I GameModeConfig: isGameModeOn = false
12-16 10:34:39.204 1497 1736 I GameModeConfig: isGameModeOn = false
12-16 10:34:39.205 1497 1736 I GameModeConfig: isGameModeOn = false
12-16 10:34:39.409 1497 1497 I GameModeConfig: isGameModeOn = false
12-16 10:34:39.743 1497 1529 D CompatibilityChangeReporter: Compat change id reported: 135634846; UID 10080; state: DISABLED
12-16 10:34:39.743 1497 1529 D CompatibilityChangeReporter: Compat change id reported: 177438394; UID 10080; state: DISABLED
12-16 10:34:39.743 1497 1529 D CompatibilityChangeReporter: Compat change id reported: 135772972; UID 10080; state: DISABLED
12-16 10:34:39.743 1497 1529 D CompatibilityChangeReporter: Compat change id reported: 135754954; UID 10080; state: ENABLED
12-16 10:34:39.744 1497 1604 D CompatibilityChangeReporter: Compat change id reported: 143937733; UID 10080; state: ENABLED
12-16 10:34:39.757 1497 1604 I ActivityManager: Start proc 28839:com.android.systemui:screenshot/u0a80 for service {com.android.systemui/com.android.systemui.screenshot.TakeScreenshotService}
12-16 10:34:39.902 1497 8850 D CompatibilityChangeReporter: Compat change id reported: 149924527; UID 10080; state: ENABLED
12-16 10:34:39.903 1497 1771 D CompatibilityChangeReporter: Compat change id reported: 132649864; UID 10080; state: DISABLED
12-16 10:34:39.904 1497 2092 D CompatibilityChangeReporter: Compat change id reported: 182734110; UID 10080; state: ENABLED
12-16 10:34:39.906 1497 8850 D CompatibilityChangeReporter: Compat change id reported: 172100307; UID 10080; state: ENABLED
12-16 10:34:40.466 1497 1529 D CompatibilityChangeReporter: Compat change id reported: 180326732; UID 10080; state: ENABLED
12-16 10:34:41.688 1497 1497 W WindowManager: removeWindowToken: Attempted to remove non-existing token: android.os.Binder@fa03e55
12-16 10:34:42.356 1497 1529 I ActivityTaskManager: START u0 {flg=0x14000000 cmp=com.android.systemui/.screenshot.LongScreenshotActivity} from uid 10080
12-16 10:34:42.365 1497 1529 W ActivityTaskManager: Can't find TaskDisplayArea to determine support for multi window. Task id=191 attached=false
12-16 10:34:42.367 1497 1529 D CompatibilityChangeReporter: Compat change id reported: 174042980; UID 10080; state: DISABLED
12-16 10:34:42.367 1497 1529 D CompatibilityChangeReporter: Compat change id reported: 184838306; UID 10080; state: DISABLED
12-16 10:34:42.368 1497 1529 D CompatibilityChangeReporter: Compat change id reported: 185004937; UID 10080; state: DISABLED
12-16 10:34:42.368 1497 1529 D CompatibilityChangeReporter: Compat change id reported: 181136395; UID 10080; state: DISABLED
12-16 10:34:42.368 1497 1529 D CompatibilityChangeReporter: Compat change id reported: 174042936; UID 10080; state: DISABLED
12-16 10:34:42.374 1497 1771 I ActivityTaskManager: FOREGROUND_APPLICATION_CHANGED to com.android.systemui.screenshot.LongScreenshotActivity
12-16 10:34:42.374 1497 1771 I ActivityTaskManager: The Process com.android.systemui:screenshot Already Exists in BG. So sending its PID: 28839
12-16 10:34:42.386 17557 17592 W ContextImpl: Calling a method in the system process without a qualified user: android.app.ContextImpl.startService:1816 android.content.ContextWrapper.startService:774 com.thundercomm.gamemode.ingame.services.GameModeActionUtils.startGameModeService:99 com.thundercomm.gamemode.ingame.services.GameModeActionUtils.startGameModeEntry:22 com.thundercomm.gamemode.ingame.services.ActivityMonitoringService$1.onActivityLaunch:127
12-16 10:34:42.388 1497 1497 I GameModeConfig: Current uri is uri = content://com.thundercomm.gamemode.api/gamemode_settings/gamemode_isgaming
12-16 10:34:42.390 1497 1497 I GameModeConfig: isGameModeOn = false
12-16 10:34:42.390 1497 1497 I GameModeConfig: isGameModeOn = false
12-16 10:34:42.390 1497 1497 I GameModeConfig: isDisableVoice = true
12-16 10:34:42.480 17557 17592 W ContextImpl: Calling a method in the system process without a qualified user: android.app.ContextImpl.startService:1816 android.content.ContextWrapper.startService:774 com.thundercomm.gamemode.ingame.services.GameModeActionUtils.startGameModeService:99 com.thundercomm.gamemode.ingame.services.GameModeActionUtils.startGameModeEntry:22 com.thundercomm.gamemode.ingame.services.ActivityMonitoringService$1.onActivityLaunch:127
12-16 10:34:42.482 1497 1497 I GameModeConfig: Current uri is uri = content://com.thundercomm.gamemode.api/gamemode_settings/gamemode_isgaming
12-16 10:34:42.484 1497 1497 I GameModeConfig: isGameModeOn = false
12-16 10:34:42.485 1497 1497 I GameModeConfig: isGameModeOn = false
12-16 10:34:42.485 1497 1497 I GameModeConfig: isDisableVoice = true
12-16 10:34:42.487 17557 17592 W ContextImpl: Calling a method in the system process without a qualified user: android.app.ContextImpl.startService:1816 android.content.ContextWrapper.startService:774 com.thundercomm.gamemode.ingame.services.GameModeActionUtils.startGameModeService:99 com.thundercomm.gamemode.ingame.services.GameModeActionUtils.startGameModeEntry:22 com.thundercomm.gamemode.ingame.services.ActivityMonitoringService$1.onActivityLaunch:127
12-16 10:34:42.489 1497 1497 I GameModeConfig: Current uri is uri = content://com.thundercomm.gamemode.api/gamemode_settings/gamemode_isgaming
12-16 10:34:42.489 1497 1497 I GameModeConfig: isGameModeOn = false
12-16 10:34:42.489 1497 1497 I GameModeConfig: isGameModeOn = false
12-16 10:34:42.489 1497 1497 I GameModeConfig: isDisableVoice = true
12-16 10:34:44.910 1497 1669 D ActivityManager: freezing 27835 com.android.gallery3d
12-16 10:34:44.910 1497 1669 E ActivityManager: Unable to freeze binder for 27835 com.android.gallery3d
12-16 10:34:44.912 1497 1669 D ActivityManager: froze 27835 com.android.gallery3d
12-16 10:34:44.912 1497 1669 E ActivityManager: Unable to freeze binder for 27835 com.android.gallery3d
12-16 10:34:44.913 1497 1669 I ActivityManager: Killing 27835:com.android.gallery3d/u0a70 (adj 920): Unable to freeze binder interface
12-16 10:34:44.968 1497 18440 I WindowManager: WIN DEATH: Window{d250a36 u0 com.android.gallery3d/com.android.gallery3d.app.GalleryActivity}
12-16 10:34:44.976 1497 1595 W ActivityManager: setHasOverlayUi called on unknown pid: 27835
12-16 10:34:45.001 1497 1602 W UsageStatsService: Unexpected activity event reported! (com.android.gallery3d/com.android.gallery3d.app.GalleryActivity event : 23 instanceId : 169904719)
12-16 10:34:45.379 1497 2749 E TaskPersister: File error accessing recents directory (directory doesn't exist?).
12-16 10:34:49.459 1497 1736 I GameModeConfig: isGameModeOn = false
12-16 10:35:17.902 1497 8826 I ActivityTaskManager: FOREGROUND_APPLICATION_CHANGED to com.android.settings.homepage.SettingsHomepageActivity
12-16 10:35:17.919 1497 1595 I ActivityManager: Killing 3468:com.android.managedprovisioning/u0a22 (adj 985): empty for 21086s
12-16 10:35:17.937 17557 17592 W ContextImpl: Calling a method in the system process without a qualified user: android.app.ContextImpl.startService:1816 android.content.ContextWrapper.startService:774 com.thundercomm.gamemode.ingame.services.GameModeActionUtils.startGameModeService:99 com.thundercomm.gamemode.ingame.services.GameModeActionUtils.startGameModeEntry:22 com.thundercomm.gamemode.ingame.services.ActivityMonitoringService$1.onActivityLaunch:127
12-16 10:35:17.959 1497 1497 I GameModeConfig: Current uri is uri = content://com.thundercomm.gamemode.api/gamemode_settings/gamemode_isgaming
12-16 10:35:17.961 1497 1497 I GameModeConfig: isGameModeOn = false
12-16 10:35:17.962 1497 1497 I GameModeConfig: isGameModeOn = false
12-16 10:35:17.962 1497 1497 I GameModeConfig: isDisableVoice = true
12-16 10:35:18.018 17557 17592 W ContextImpl: Calling a method in the system process without a qualified user: android.app.ContextImpl.startService:1816 android.content.ContextWrapper.startService:774 com.thundercomm.gamemode.ingame.services.GameModeActionUtils.startGameModeService:99 com.thundercomm.gamemode.ingame.services.GameModeActionUtils.startGameModeEntry:22 com.thundercomm.gamemode.ingame.services.ActivityMonitoringService$1.onActivityLaunch:127
12-16 10:35:18.022 1497 1497 I GameModeConfig: Current uri is uri = content://com.thundercomm.gamemode.api/gamemode_settings/gamemode_isgaming
12-16 10:35:18.024 1497 1497 I GameModeConfig: isGameModeOn = false
12-16 10:35:18.024 1497 1497 I GameModeConfig: isGameModeOn = false
12-16 10:35:18.024 1497 1497 I GameModeConfig: isDisableVoice = true
12-16 10:35:18.481 17557 17592 W ContextImpl: Calling a method in the system process without a qualified user: android.app.ContextImpl.startService:1816 android.content.ContextWrapper.startService:774 com.thundercomm.gamemode.ingame.services.GameModeActionUtils.startGameModeService:99 com.thundercomm.gamemode.ingame.services.GameModeActionUtils.startGameModeEntry:22 com.thundercomm.gamemode.ingame.services.ActivityMonitoringService$1.onActivityLaunch:127
12-16 10:35:18.486 1497 1497 I GameModeConfig: Current uri is uri = content://com.thundercomm.gamemode.api/gamemode_settings/gamemode_isgaming
12-16 10:35:18.487 1497 1497 I GameModeConfig: isGameModeOn = false
12-16 10:35:18.487 1497 1497 I GameModeConfig: isGameModeOn = false
12-16 10:35:18.487 1497 1497 I GameModeConfig: isDisableVoice = true
12-16 10:35:18.494 1497 1596 W ActivityTaskManager: Can't find TaskDisplayArea to determine support for multi window. Task id=191 attached=false
12-16 10:35:18.494 1497 1596 W ActivityTaskManager: Can't find TaskDisplayArea to determine support for multi window. Task id=191 attached=false
12-16 10:35:21.424 1497 2749 E TaskPersister: File error accessing recents directory (directory doesn't exist?).
12-16 10:36:10.877 1497 1623 V DisplayPowerController[0]: Brightness [0.05] reason changing to: 'manual [ dim ]', previous reason: 'manual'.
12-16 10:36:10.878 1497 1623 W PowerManagerService: Screen on took 148140 ms
12-16 10:36:10.881 1497 1868 E DisplayDeviceConfig: requesting nits when no mapping exists.
12-16 10:36:10.882 1497 1868 E DisplayDeviceConfig: requesting nits when no mapping exists.
12-16 10:36:10.884 1497 1603 I DropBoxManagerService: add tag=system_server_wtf isTagEnabled=true flags=0x2
12-16 10:36:10.888 1497 1603 I DropBoxManagerService: add tag=system_server_wtf isTagEnabled=true flags=0x2
12-16 10:36:10.897 1497 1868 E DisplayDeviceConfig: requesting nits when no mapping exists.
12-16 10:36:10.898 1497 1868 E DisplayDeviceConfig: requesting nits when no mapping exists.
12-16 10:36:10.899 1497 1603 I DropBoxManagerService: add tag=system_server_wtf isTagEnabled=true flags=0x2
12-16 10:36:10.901 1497 1603 I DropBoxManagerService: add tag=system_server_wtf isTagEnabled=true flags=0x2
12-16 10:36:10.914 1497 1868 E DisplayDeviceConfig: requesting nits when no mapping exists.
12-16 10:36:10.914 1497 1868 E DisplayDeviceConfig: requesting nits when no mapping exists.
12-16 10:36:10.916 1497 1603 I DropBoxManagerService: add tag=system_server_wtf isTagEnabled=true flags=0x2
12-16 10:36:10.923 1497 1868 E DisplayDeviceConfig: requesting nits when no mapping exists.
12-16 10:36:10.924 1497 1868 E DisplayDeviceConfig: requesting nits when no mapping exists.
12-16 10:36:10.940 1497 1868 E DisplayDeviceConfig: requesting nits when no mapping exists.
12-16 10:36:10.940 1497 1868 E DisplayDeviceConfig: requesting nits when no mapping exists.
12-16 10:36:10.956 1497 1868 E DisplayDeviceConfig: requesting nits when no mapping exists.
12-16 10:36:10.957 1497 1868 E DisplayDeviceConfig: requesting nits when no mapping exists.
12-16 10:36:10.973 1497 1868 E DisplayDeviceConfig: requesting nits when no mapping exists.
12-16 10:36:10.974 1497 1868 E DisplayDeviceConfig: requesting nits when no mapping exists.
12-16 10:36:10.990 1497 1868 E DisplayDeviceConfig: requesting nits when no mapping exists.
12-16 10:36:10.991 1497 1868 E DisplayDeviceConfig: requesting nits when no mapping exists.
12-16 10:36:11.007 1497 1868 E DisplayDeviceConfig: requesting nits when no mapping exists.
12-16 10:36:11.007 1497 1868 E DisplayDeviceConfig: requesting nits when no mapping exists.
12-16 10:36:11.024 1497 1868 E DisplayDeviceConfig: requesting nits when no mapping exists.
12-16 10:36:11.024 1497 1868 E DisplayDeviceConfig: requesting nits when no mapping exists.
12-16 10:36:11.040 1497 1868 E DisplayDeviceConfig: requesting nits when no mapping exists.
12-16 10:36:11.041 1497 1868 E DisplayDeviceConfig: requesting nits when no mapping exists.
12-16 10:36:11.057 1497 1868 E DisplayDeviceConfig: requesting nits when no mapping exists.
12-16 10:36:11.059 1497 1868 E DisplayDeviceConfig: requesting nits when no mapping exists.
12-16 10:36:11.073 1497 1868 E DisplayDeviceConfig: requesting nits when no mapping exists.
12-16 10:36:11.074 1497 1868 E DisplayDeviceConfig: requesting nits when no mapping exists.
12-16 10:36:11.091 1497 1868 E DisplayDeviceConfig: requesting nits when no mapping exists.
12-16 10:36:11.091 1497 1868 E DisplayDeviceConfig: requesting nits when no mapping exists.
12-16 10:36:11.107 1497 1868 E DisplayDeviceConfig: requesting nits when no mapping exists.
12-16 10:36:11.108 1497 1868 E DisplayDeviceConfig: requesting nits when no mapping exists.
12-16 10:36:11.124 1497 1868 E DisplayDeviceConfig: requesting nits when no mapping exists.
12-16 10:36:11.124 1497 1868 E DisplayDeviceConfig: requesting nits when no mapping exists.
12-16 10:36:11.141 1497 1868 E DisplayDeviceConfig: requesting nits when no mapping exists.
12-16 10:36:11.141 1497 1868 E DisplayDeviceConfig: requesting nits when no mapping exists.
12-16 10:36:11.157 1497 1868 E DisplayDeviceConfig: requesting nits when no mapping exists.
12-16 10:36:11.158 1497 1868 E DisplayDeviceConfig: requesting nits when no mapping exists.
12-16 10:36:11.174 1497 1868 E DisplayDeviceConfig: requesting nits when no mapping exists.
12-16 10:36:11.174 1497 1868 E DisplayDeviceConfig: requesting nits when no mapping exists.
12-16 10:36:11.191 1497 1868 E DisplayDeviceConfig: requesting nits when no mapping exists.
12-16 10:36:11.191 1497 1868 E DisplayDeviceConfig: requesting nits when no mapping exists.
12-16 10:36:11.207 1497 1868 E DisplayDeviceConfig: requesting nits when no mapping exists.
12-16 10:36:11.208 1497 1868 E DisplayDeviceConfig: requesting nits when no mapping exists.
12-16 10:36:11.224 1497 1868 E DisplayDeviceConfig: requesting nits when no mapping exists.
12-16 10:36:11.225 1497 1868 E DisplayDeviceConfig: requesting nits when no mapping exists.
12-16 10:36:11.241 1497 1868 E DisplayDeviceConfig: requesting nits when no mapping exists.
12-16 10:36:11.242 1497 1868 E DisplayDeviceConfig: requesting nits when no mapping exists.
12-16 10:36:11.257 1497 1868 E DisplayDeviceConfig: requesting nits when no mapping exists.
12-16 10:36:11.258 1497 1868 E DisplayDeviceConfig: requesting nits when no mapping exists.
12-16 10:36:11.274 1497 1868 E DisplayDeviceConfig: requesting nits when no mapping exists.
12-16 10:36:11.276 1497 1868 E DisplayDeviceConfig: requesting nits when no mapping exists.
12-16 10:36:11.291 1497 1868 E DisplayDeviceConfig: requesting nits when no mapping exists.
12-16 10:36:11.291 1497 1868 E DisplayDeviceConfig: requesting nits when no mapping exists.
12-16 10:36:11.308 1497 1868 E DisplayDeviceConfig: requesting nits when no mapping exists.
12-16 10:36:11.309 1497 1868 E DisplayDeviceConfig: requesting nits when no mapping exists.
12-16 10:36:11.324 1497 1868 E DisplayDeviceConfig: requesting nits when no mapping exists.
12-16 10:36:11.325 1497 1868 E DisplayDeviceConfig: requesting nits when no mapping exists.
12-16 10:36:11.341 1497 1868 E DisplayDeviceConfig: requesting nits when no mapping exists.
12-16 10:36:11.341 1497 1868 E DisplayDeviceConfig: requesting nits when no mapping exists.
12-16 10:36:11.357 1497 1868 E DisplayDeviceConfig: requesting nits when no mapping exists.
12-16 10:36:11.358 1497 1868 E DisplayDeviceConfig: requesting nits when no mapping exists.
12-16 10:36:11.374 1497 1868 E DisplayDeviceConfig: requesting nits when no mapping exists.
12-16 10:36:11.375 1497 1868 E DisplayDeviceConfig: requesting nits when no mapping exists.
12-16 10:36:11.391 1497 1868 E DisplayDeviceConfig: requesting nits when no mapping exists.
12-16 10:36:11.392 1497 1868 E DisplayDeviceConfig: requesting nits when no mapping exists.
12-16 10:36:11.408 1497 1868 E DisplayDeviceConfig: requesting nits when no mapping exists.
12-16 10:36:11.408 1497 1868 E DisplayDeviceConfig: requesting nits when no mapping exists.
12-16 10:36:11.424 1497 1868 E DisplayDeviceConfig: requesting nits when no mapping exists.
12-16 10:36:11.425 1497 1868 E DisplayDeviceConfig: requesting nits when no mapping exists.
12-16 10:36:11.441 1497 1868 E DisplayDeviceConfig: requesting nits when no mapping exists.
12-16 10:36:11.442 1497 1868 E DisplayDeviceConfig: requesting nits when no mapping exists.
12-16 10:36:11.458 1497 1868 E DisplayDeviceConfig: requesting nits when no mapping exists.
12-16 10:36:11.458 1497 1868 E DisplayDeviceConfig: requesting nits when no mapping exists.
12-16 10:36:11.474 1497 1868 E DisplayDeviceConfig: requesting nits when no mapping exists.
12-16 10:36:11.475 1497 1868 E DisplayDeviceConfig: requesting nits when no mapping exists.
12-16 10:36:11.492 1497 1868 E DisplayDeviceConfig: requesting nits when no mapping exists.
12-16 10:36:11.492 1497 1868 E DisplayDeviceConfig: requesting nits when no mapping exists.
12-16 10:36:11.508 1497 1868 E DisplayDeviceConfig: requesting nits when no mapping exists.
12-16 10:36:11.509 1497 1868 E DisplayDeviceConfig: requesting nits when no mapping exists.
12-16 10:36:11.524 1497 1868 E DisplayDeviceConfig: requesting nits when no mapping exists.
12-16 10:36:11.525 1497 1868 E DisplayDeviceConfig: requesting nits when no mapping exists.
12-16 10:36:11.542 1497 1868 E DisplayDeviceConfig: requesting nits when no mapping exists.
12-16 10:36:11.542 1497 1868 E DisplayDeviceConfig: requesting nits when no mapping exists.
12-16 10:36:11.558 1497 1868 E DisplayDeviceConfig: requesting nits when no mapping exists.
12-16 10:36:11.558 1497 1868 E DisplayDeviceConfig: requesting nits when no mapping exists.
12-16 10:36:11.574 1497 1868 E DisplayDeviceConfig: requesting nits when no mapping exists.
12-16 10:36:11.575 1497 1868 E DisplayDeviceConfig: requesting nits when no mapping exists.
12-16 10:36:11.592 1497 1868 E DisplayDeviceConfig: requesting nits when no mapping exists.
12-16 10:36:11.592 1497 1868 E DisplayDeviceConfig: requesting nits when no mapping exists.
12-16 10:36:11.609 1497 1868 E DisplayDeviceConfig: requesting nits when no mapping exists.
12-16 10:36:11.609 1497 1868 E DisplayDeviceConfig: requesting nits when no mapping exists.
12-16 10:36:11.625 1497 1868 E DisplayDeviceConfig: requesting nits when no mapping exists.
12-16 10:36:11.625 1497 1868 E DisplayDeviceConfig: requesting nits when no mapping exists.
12-16 10:36:11.642 1497 1868 E DisplayDeviceConfig: requesting nits when no mapping exists.
12-16 10:36:11.642 1497 1868 E DisplayDeviceConfig: requesting nits when no mapping exists.
12-16 10:36:11.658 1497 1868 E DisplayDeviceConfig: requesting nits when no mapping exists.
12-16 10:36:11.659 1497 1868 E DisplayDeviceConfig: requesting nits when no mapping exists.
12-16 10:36:11.675 1497 1868 E DisplayDeviceConfig: requesting nits when no mapping exists.
12-16 10:36:11.676 1497 1868 E DisplayDeviceConfig: requesting nits when no mapping exists.
12-16 10:36:11.691 1497 1868 E DisplayDeviceConfig: requesting nits when no mapping exists.
12-16 10:36:11.692 1497 1868 E DisplayDeviceConfig: requesting nits when no mapping exists.
12-16 10:36:11.709 1497 1868 E DisplayDeviceConfig: requesting nits when no mapping exists.
12-16 10:36:11.709 1497 1868 E DisplayDeviceConfig: requesting nits when no mapping exists.
12-16 10:36:11.726 1497 1868 E DisplayDeviceConfig: requesting nits when no mapping exists.
12-16 10:36:11.726 1497 1868 E DisplayDeviceConfig: requesting nits when no mapping exists.
12-16 10:36:11.742 1497 1868 E DisplayDeviceConfig: requesting nits when no mapping exists.
12-16 10:36:11.743 1497 1868 E DisplayDeviceConfig: requesting nits when no mapping exists.
12-16 10:36:11.758 1497 1868 E DisplayDeviceConfig: requesting nits when no mapping exists.
12-16 10:36:11.759 1497 1868 E DisplayDeviceConfig: requesting nits when no mapping exists.
12-16 10:36:11.775 1497 1868 E DisplayDeviceConfig: requesting nits when no mapping exists.
12-16 10:36:11.777 1497 1868 E DisplayDeviceConfig: requesting nits when no mapping exists.
12-16 10:36:11.792 1497 1868 E DisplayDeviceConfig: requesting nits when no mapping exists.
12-16 10:36:11.792 1497 1868 E DisplayDeviceConfig: requesting nits when no mapping exists.
12-16 10:36:11.809 1497 1868 E DisplayDeviceConfig: requesting nits when no mapping exists.
12-16 10:36:11.810 1497 1868 E DisplayDeviceConfig: requesting nits when no mapping exists.
12-16 10:36:11.826 1497 1868 E DisplayDeviceConfig: requesting nits when no mapping exists.
12-16 10:36:11.828 1497 1868 E DisplayDeviceConfig: requesting nits when no mapping exists.
12-16 10:36:11.843 1497 1868 E DisplayDeviceConfig: requesting nits when no mapping exists.
12-16 10:36:11.844 1497 1868 E DisplayDeviceConfig: requesting nits when no mapping exists.
12-16 10:36:17.872 1497 1623 I PowerManagerService: Napping display group (groupId=0, uid=1000)...
12-16 10:36:17.872 1497 1623 I PowerManagerService: Nap time (uid 1000)...
12-16 10:36:17.876 1497 1623 I DreamManagerService: Entering dreamland.
12-16 10:36:17.887 1497 1623 I PowerManagerService: Dreaming...
12-16 10:36:17.890 1497 1592 I DreamController: Starting dream: name=ComponentInfo{com.thundercomm.screensaver/com.thundercomm.saverclock.service.ClockScreensaver}, isTest=false, canDoze=false, userId=0
12-16 10:36:17.908 1497 2116 I ActivityTaskManager: START u0 {flg=0x10000000 pkg=com.thundercomm.screensaver cmp=com.thundercomm.screensaver/android.service.dreams.DreamActivity (has extras)} from uid 10045
12-16 10:36:17.912 1497 2116 W ActivityTaskManager: Can't find TaskDisplayArea to determine support for multi window. Task id=192 attached=false
12-16 10:36:17.921 1497 2115 I ActivityTaskManager: FOREGROUND_APPLICATION_CHANGED to android.service.dreams.DreamActivity
12-16 10:36:17.921 1497 2115 I ActivityTaskManager: The Process com.thundercomm.screensaver Already Exists in BG. So sending its PID: 4609
12-16 10:36:17.922 1497 2115 W ActivityTaskManager: Tried to set launchTime (0) < mLastActivityLaunchTime (20862442)
12-16 10:36:17.928 1497 2116 W WindowManager: Failed looking up window session=Session{47d6d22 4609:u0a10045} callers=com.android.server.wm.WindowManagerService.windowForClientLocked:5628 com.android.server.wm.Session.insetsModified:629 android.view.IWindowSession$Stub.onTransact:1151
12-16 10:36:17.930 17557 17592 W ContextImpl: Calling a method in the system process without a qualified user: android.app.ContextImpl.startService:1816 android.content.ContextWrapper.startService:774 com.thundercomm.gamemode.ingame.services.GameModeActionUtils.startGameModeService:99 com.thundercomm.gamemode.ingame.services.GameModeActionUtils.startGameModeEntry:22 com.thundercomm.gamemode.ingame.services.ActivityMonitoringService$1.onActivityLaunch:127
12-16 10:36:17.932 1497 1497 I GameModeConfig: Current uri is uri = content://com.thundercomm.gamemode.api/gamemode_settings/gamemode_isgaming
12-16 10:36:17.934 1497 1497 I GameModeConfig: isGameModeOn = false
12-16 10:36:17.934 1497 1497 I GameModeConfig: isGameModeOn = false
12-16 10:36:17.934 1497 1497 I GameModeConfig: isDisableVoice = true
12-16 10:36:17.961 1497 1623 V DisplayPowerController[0]: Brightness [1.0] reason changing to: 'manual', previous reason: 'manual [ dim ]'.
12-16 10:36:17.975 1497 1868 E DisplayDeviceConfig: requesting nits when no mapping exists.
12-16 10:36:17.975 1497 1868 E DisplayDeviceConfig: requesting nits when no mapping exists.
12-16 10:36:17.992 1497 1868 E DisplayDeviceConfig: requesting nits when no mapping exists.
12-16 10:36:17.992 1497 1868 E DisplayDeviceConfig: requesting nits when no mapping exists.
12-16 10:36:18.010 1497 1868 E DisplayDeviceConfig: requesting nits when no mapping exists.
12-16 10:36:18.010 1497 1868 E DisplayDeviceConfig: requesting nits when no mapping exists.
12-16 10:36:18.026 1497 1868 E DisplayDeviceConfig: requesting nits when no mapping exists.
12-16 10:36:18.026 1497 1868 E DisplayDeviceConfig: requesting nits when no mapping exists.
