12-16 10:24:28.474 1497 1497 I GameModeConfig: Current uri is uri = content://com.thundercomm.gamemode.api/gamemode_settings/gamemode_isgaming
12-16 10:24:28.478 1497 1497 I GameModeConfig: isGameModeOn = false
12-16 10:24:28.479 1497 1497 I GameModeConfig: isGameModeOn = false
12-16 10:24:28.479 1497 1497 I GameModeConfig: isDisableVoice = true
12-16 10:24:28.556 17557 17592 W ContextImpl: Calling a method in the system process without a qualified user: android.app.ContextImpl.startService:1816 android.content.ContextWrapper.startService:774 com.thundercomm.gamemode.ingame.services.GameModeActionUtils.startGameModeService:99 com.thundercomm.gamemode.ingame.services.GameModeActionUtils.startGameModeEntry:22 com.thundercomm.gamemode.ingame.services.ActivityMonitoringService$1.onActivityLaunch:127
12-16 10:24:28.564 1497 1497 I GameModeConfig: Current uri is uri = content://com.thundercomm.gamemode.api/gamemode_settings/gamemode_isgaming
12-16 10:24:28.566 1497 1497 I GameModeConfig: isGameModeOn = false
12-16 10:24:28.566 1497 1497 I GameModeConfig: isGameModeOn = false
12-16 10:24:28.566 1497 1497 I GameModeConfig: isDisableVoice = true
12-16 10:24:28.791 1497 2786 W FreeFormWindowHelper: exitRecentTasks type=0
12-16 10:24:28.797 1497 2786 W FreeFormWindowHelper: exitRecentTasks type=0
12-16 10:24:28.851 17557 17592 W ContextImpl: Calling a method in the system process without a qualified user: android.app.ContextImpl.startService:1816 android.content.ContextWrapper.startService:774 com.thundercomm.gamemode.ingame.services.GameModeActionUtils.startGameModeService:99 com.thundercomm.gamemode.ingame.services.GameModeActionUtils.startGameModeEntry:22 com.thundercomm.gamemode.ingame.services.ActivityMonitoringService$1.onActivityLaunch:127
12-16 10:24:28.854 1497 1497 I GameModeConfig: Current uri is uri = content://com.thundercomm.gamemode.api/gamemode_settings/gamemode_isgaming
12-16 10:24:28.857 1497 1497 I GameModeConfig: isGameModeOn = false
12-16 10:24:28.857 1497 1497 I GameModeConfig: isGameModeOn = false
12-16 10:24:28.857 1497 1497 I GameModeConfig: isDisableVoice = true
12-16 10:24:29.873 1497 8129 W FreeFormWindowHelper: getCurrentDisplayedFreeFormTask is null
12-16 10:24:29.890 17557 17592 W ContextImpl: Calling a method in the system process without a qualified user: android.app.ContextImpl.startService:1816 android.content.ContextWrapper.startService:774 com.thundercomm.gamemode.ingame.services.GameModeActionUtils.startGameModeService:99 com.thundercomm.gamemode.ingame.services.GameModeActionUtils.startGameModeEntry:22 com.thundercomm.gamemode.ingame.services.ActivityMonitoringService$1.onActivityLaunch:127
12-16 10:24:29.895 1497 1497 I GameModeConfig: Current uri is uri = content://com.thundercomm.gamemode.api/gamemode_settings/gamemode_isgaming
12-16 10:24:29.896 1497 7171 W ActivityTaskManager: getTaskSnapshot: taskId=4178 not found
12-16 10:24:29.897 1497 1497 I GameModeConfig: isGameModeOn = false
12-16 10:24:29.897 1497 1497 I GameModeConfig: isGameModeOn = false
12-16 10:24:29.897 1497 1497 I GameModeConfig: isDisableVoice = true
12-16 10:24:29.899 1497 7171 W FreeFormWindowHelper: getCurrentDisplayedFreeFormTask is null
12-16 10:24:29.909 1497 1529 W FreeFormWindowHelper: getCurrentDisplayedFreeFormTask is null
12-16 10:24:29.919 1497 7171 W ActivityTaskManager: getTaskSnapshot: taskId=4178 not found
12-16 10:24:29.920 1497 7171 W ActivityTaskManager: getTaskSnapshot: taskId=3178 not found
12-16 10:24:29.923 1497 8129 W ActivityTaskManager: getTaskSnapshot: taskId=2178 not found
12-16 10:24:29.925 1497 8129 W ActivityTaskManager: getTaskSnapshot: taskId=1178 not found
12-16 10:24:29.926 1497 1529 W FreeFormWindowHelper: getCurrentDisplayedFreeFormTask is null
12-16 10:24:29.942 1497 7171 W FreeFormWindowHelper: getCurrentDisplayedFreeFormTask is null
12-16 10:24:29.959 1497 7171 W FreeFormWindowHelper: getCurrentDisplayedFreeFormTask is null
12-16 10:24:30.325 1497 7171 W FreeFormWindowHelper: getCurrentDisplayedFreeFormTask is null
12-16 10:24:30.743 1497 1529 I ActivityTaskManager: FOREGROUND_APPLICATION_CHANGED to com.android.launcher3.uioverrides.QuickstepLauncher
12-16 10:24:30.763 1497 1529 W FreeFormWindowHelper: getCurrentDisplayedFreeFormTask is null
12-16 10:24:30.792 17557 17592 W ContextImpl: Calling a method in the system process without a qualified user: android.app.ContextImpl.startService:1816 android.content.ContextWrapper.startService:774 com.thundercomm.gamemode.ingame.services.GameModeActionUtils.startGameModeService:99 com.thundercomm.gamemode.ingame.services.GameModeActionUtils.startGameModeEntry:22 com.thundercomm.gamemode.ingame.services.ActivityMonitoringService$1.onActivityLaunch:127
12-16 10:24:30.800 1497 1497 I GameModeConfig: Current uri is uri = content://com.thundercomm.gamemode.api/gamemode_settings/gamemode_isgaming
12-16 10:24:30.802 1497 1497 I GameModeConfig: isGameModeOn = false
12-16 10:24:30.802 1497 1497 I GameModeConfig: isGameModeOn = false
12-16 10:24:30.802 1497 1497 I GameModeConfig: isDisableVoice = true
12-16 10:24:30.810 1497 1771 W FreeFormWindowHelper: getCurrentDisplayedFreeFormTask is null
12-16 10:24:30.868 17557 17592 W ContextImpl: Calling a method in the system process without a qualified user: android.app.ContextImpl.startService:1816 android.content.ContextWrapper.startService:774 com.thundercomm.gamemode.ingame.services.GameModeActionUtils.startGameModeService:99 com.thundercomm.gamemode.ingame.services.GameModeActionUtils.startGameModeEntry:22 com.thundercomm.gamemode.ingame.services.ActivityMonitoringService$1.onActivityLaunch:127
12-16 10:24:30.874 1497 1497 I GameModeConfig: Current uri is uri = content://com.thundercomm.gamemode.api/gamemode_settings/gamemode_isgaming
12-16 10:24:30.877 1497 1497 I GameModeConfig: isGameModeOn = false
12-16 10:24:30.877 1497 1497 I GameModeConfig: isGameModeOn = false
12-16 10:24:30.878 1497 1497 I GameModeConfig: isDisableVoice = true
12-16 10:24:31.449 1497 2749 E TaskPersister: File error accessing recents directory (directory doesn't exist?).
12-16 10:24:32.194 1497 8129 I ActivityTaskManager: START u0 {flg=0x10008000 cmp=com.android.gallery3d/.app.GalleryActivity} from uid 10078
12-16 10:24:32.201 1497 8129 W ActivityTaskManager: Can't find TaskDisplayArea to determine support for multi window. Task id=185 attached=false
12-16 10:24:32.201 1497 8129 D FreeFormWindowHelper: Add freeform task=Task{26656e5 #185 type=standard ?? U=0 visible=false mode=freeform translucent=true sz=0}
12-16 10:24:32.202 1497 8129 D CompatibilityChangeReporter: Compat change id reported: 174042980; UID 10070; state: DISABLED
12-16 10:24:32.202 1497 8129 D CompatibilityChangeReporter: Compat change id reported: 184838306; UID 10070; state: DISABLED
12-16 10:24:32.203 1497 8129 D CompatibilityChangeReporter: Compat change id reported: 185004937; UID 10070; state: DISABLED
12-16 10:24:32.203 1497 8129 D CompatibilityChangeReporter: Compat change id reported: 181136395; UID 10070; state: DISABLED
12-16 10:24:32.203 1497 8129 D CompatibilityChangeReporter: Compat change id reported: 174042936; UID 10070; state: DISABLED
12-16 10:24:32.204 1497 8129 D CompatibilityChangeReporter: Compat change id reported: 168419799; UID 10070; state: DISABLED
12-16 10:24:32.205 1497 8129 I ActivityTaskManager: FOREGROUND_APPLICATION_CHANGED to com.android.gallery3d.app.GalleryActivity
12-16 10:24:32.205 1497 8129 I ActivityTaskManager: The Process com.android.gallery3d Already Exists in BG. So sending its PID: 27835
12-16 10:24:32.213 17557 17592 W ContextImpl: Calling a method in the system process without a qualified user: android.app.ContextImpl.startService:1816 android.content.ContextWrapper.startService:774 com.thundercomm.gamemode.ingame.services.GameModeActionUtils.startGameModeService:99 com.thundercomm.gamemode.ingame.services.GameModeActionUtils.startGameModeEntry:22 com.thundercomm.gamemode.ingame.services.ActivityMonitoringService$1.onActivityLaunch:127
12-16 10:24:32.217 1497 1497 I GameModeConfig: Current uri is uri = content://com.thundercomm.gamemode.api/gamemode_settings/gamemode_isgaming
12-16 10:24:32.218 1497 1497 I GameModeConfig: isGameModeOn = false
12-16 10:24:32.218 1497 1497 I GameModeConfig: isGameModeOn = false
12-16 10:24:32.218 1497 1497 I GameModeConfig: isDisableVoice = true
12-16 10:24:32.221 1497 8129 W FreeFormWindowHelper: exitRecentTasks type=1
12-16 10:24:32.230 1497 7171 W FreeFormWindowHelper: FreeFormTask is Task{26656e5 #185 type=standard A=10070:com.android.gallery3d U=0 visible=true mode=freeform translucent=false sz=1}
12-16 10:24:32.249 1497 2786 W WindowManager: updateScale0.7996942
12-16 10:24:32.299 1497 1596 W WindowManager: updateScale0.7996942
12-16 10:24:32.301 1497 1596 W WindowManager: updateScale0.7996942
12-16 10:24:32.301 1497 1596 W WindowManager: updateScale0.7996942
12-16 10:24:32.582 1497 1596 W WindowManager: updateScale0.7996942
12-16 10:24:32.631 1497 7171 W FreeFormWindowHelper: FreeFormTask is Task{26656e5 #185 type=standard A=10070:com.android.gallery3d U=0 visible=true mode=freeform translucent=false sz=1}
12-16 10:24:33.447 1497 7171 W WindowManager: updateScale0.7996942
12-16 10:24:33.450 1497 1596 W WindowManager: updateScale0.7996942
12-16 10:24:33.538 1497 7171 D FreeFormWindowHelper: Remove freefrom task=Task{26656e5 #185 type=standard A=10070:com.android.gallery3d U=0 visible=true mode=fullscreen translucent=false sz=1}
12-16 10:24:33.540 1497 7171 W WindowManager: Attempted to set replacing window on app token with no content Token{a208a4f ActivityRecord{f00c3c8 u0 com.android.gallery3d/.app.GalleryActivity t185}}
12-16 10:24:33.544 17557 17592 W ContextImpl: Calling a method in the system process without a qualified user: android.app.ContextImpl.startService:1816 android.content.ContextWrapper.startService:774 com.thundercomm.gamemode.ingame.services.GameModeActionUtils.startGameModeService:99 com.thundercomm.gamemode.ingame.services.GameModeActionUtils.startGameModeEntry:22 com.thundercomm.gamemode.ingame.services.ActivityMonitoringService$1.onActivityLaunch:127
12-16 10:24:33.546 1497 1497 I GameModeConfig: Current uri is uri = content://com.thundercomm.gamemode.api/gamemode_settings/gamemode_isgaming
12-16 10:24:33.548 1497 1497 I GameModeConfig: isGameModeOn = false
12-16 10:24:33.548 1497 1497 I GameModeConfig: isGameModeOn = false
12-16 10:24:33.548 1497 1497 I GameModeConfig: isDisableVoice = true
12-16 10:24:33.567 1497 7171 I WindowManager: finishDrawing of relaunch: Window{d250a36 u0 com.android.gallery3d/com.android.gallery3d.app.GalleryActivity} 30ms
12-16 10:24:33.923 17557 17592 W ContextImpl: Calling a method in the system process without a qualified user: android.app.ContextImpl.startService:1816 android.content.ContextWrapper.startService:774 com.thundercomm.gamemode.ingame.services.GameModeActionUtils.startGameModeService:99 com.thundercomm.gamemode.ingame.services.GameModeActionUtils.startGameModeEntry:22 com.thundercomm.gamemode.ingame.services.ActivityMonitoringService$1.onActivityLaunch:127
12-16 10:24:33.924 1497 1497 I GameModeConfig: Current uri is uri = content://com.thundercomm.gamemode.api/gamemode_settings/gamemode_isgaming
12-16 10:24:33.924 1497 1497 I GameModeConfig: isGameModeOn = false
12-16 10:24:33.925 1497 1497 I GameModeConfig: isGameModeOn = false
12-16 10:24:33.925 1497 1497 I GameModeConfig: isDisableVoice = true
12-16 10:24:33.956 17557 17592 W ContextImpl: Calling a method in the system process without a qualified user: android.app.ContextImpl.startService:1816 android.content.ContextWrapper.startService:774 com.thundercomm.gamemode.ingame.services.GameModeActionUtils.startGameModeService:99 com.thundercomm.gamemode.ingame.services.GameModeActionUtils.startGameModeEntry:22 com.thundercomm.gamemode.ingame.services.ActivityMonitoringService$1.onActivityLaunch:127
12-16 10:24:33.957 1497 1497 I GameModeConfig: Current uri is uri = content://com.thundercomm.gamemode.api/gamemode_settings/gamemode_isgaming
12-16 10:24:33.958 1497 1497 I GameModeConfig: isGameModeOn = false
12-16 10:24:33.958 1497 1497 I GameModeConfig: isGameModeOn = false
12-16 10:24:33.958 1497 1497 I GameModeConfig: isDisableVoice = true
12-16 10:24:34.939 1497 7171 W FreeFormWindowHelper: getCurrentDisplayedFreeFormTask is null
12-16 10:24:34.963 1497 8974 W FreeFormWindowHelper: getCurrentDisplayedFreeFormTask is null
12-16 10:24:34.976 17557 17592 W ContextImpl: Calling a method in the system process without a qualified user: android.app.ContextImpl.startService:1816 android.content.ContextWrapper.startService:774 com.thundercomm.gamemode.ingame.services.GameModeActionUtils.startGameModeService:99 com.thundercomm.gamemode.ingame.services.GameModeActionUtils.startGameModeEntry:22 com.thundercomm.gamemode.ingame.services.ActivityMonitoringService$1.onActivityLaunch:127
12-16 10:24:34.981 1497 1497 I GameModeConfig: Current uri is uri = content://com.thundercomm.gamemode.api/gamemode_settings/gamemode_isgaming
12-16 10:24:34.983 1497 1497 I GameModeConfig: isGameModeOn = false
12-16 10:24:34.984 1497 1497 I GameModeConfig: isGameModeOn = false
12-16 10:24:34.984 1497 1497 I GameModeConfig: isDisableVoice = true
12-16 10:24:34.987 1497 2786 W FreeFormWindowHelper: getCurrentDisplayedFreeFormTask is null
12-16 10:24:34.991 1497 7171 W ActivityTaskManager: getTaskSnapshot: taskId=2178 not found
12-16 10:24:34.992 1497 7171 W ActivityTaskManager: getTaskSnapshot: taskId=3178 not found
12-16 10:24:34.995 1497 8974 W FreeFormWindowHelper: getCurrentDisplayedFreeFormTask is null
12-16 10:24:34.996 1497 7171 W ActivityTaskManager: getTaskSnapshot: taskId=3178 not found
12-16 10:24:34.997 1497 7171 W ActivityTaskManager: getTaskSnapshot: taskId=2178 not found
12-16 10:24:35.005 1497 1771 W FreeFormWindowHelper: getCurrentDisplayedFreeFormTask is null
12-16 10:24:35.021 1497 8974 W FreeFormWindowHelper: getCurrentDisplayedFreeFormTask is null
12-16 10:24:35.055 1497 7171 W FreeFormWindowHelper: getCurrentDisplayedFreeFormTask is null
12-16 10:24:35.213 1497 2749 E TaskPersister: File error accessing recents directory (directory doesn't exist?).
12-16 10:24:35.692 1497 8129 W FreeFormWindowHelper: getCurrentDisplayedFreeFormTask is null
12-16 10:24:35.709 1497 7171 I ActivityTaskManager: FOREGROUND_APPLICATION_CHANGED to com.android.launcher3.uioverrides.QuickstepLauncher
12-16 10:24:35.762 17557 17592 W ContextImpl: Calling a method in the system process without a qualified user: android.app.ContextImpl.startService:1816 android.content.ContextWrapper.startService:774 com.thundercomm.gamemode.ingame.services.GameModeActionUtils.startGameModeService:99 com.thundercomm.gamemode.ingame.services.GameModeActionUtils.startGameModeEntry:22 com.thundercomm.gamemode.ingame.services.ActivityMonitoringService$1.onActivityLaunch:127
12-16 10:24:35.766 1497 1497 I GameModeConfig: Current uri is uri = content://com.thundercomm.gamemode.api/gamemode_settings/gamemode_isgaming
12-16 10:24:35.768 1497 1497 I GameModeConfig: isGameModeOn = false
12-16 10:24:35.768 1497 1497 I GameModeConfig: isGameModeOn = false
12-16 10:24:35.768 1497 1497 I GameModeConfig: isDisableVoice = true
12-16 10:24:35.821 17557 17592 W ContextImpl: Calling a method in the system process without a qualified user: android.app.ContextImpl.startService:1816 android.content.ContextWrapper.startService:774 com.thundercomm.gamemode.ingame.services.GameModeActionUtils.startGameModeService:99 com.thundercomm.gamemode.ingame.services.GameModeActionUtils.startGameModeEntry:22 com.thundercomm.gamemode.ingame.services.ActivityMonitoringService$1.onActivityLaunch:127
12-16 10:24:35.823 1497 1497 I GameModeConfig: Current uri is uri = content://com.thundercomm.gamemode.api/gamemode_settings/gamemode_isgaming
12-16 10:24:35.825 1497 1497 I GameModeConfig: isGameModeOn = false
12-16 10:24:35.826 1497 1497 I GameModeConfig: isGameModeOn = false
12-16 10:24:35.826 1497 1497 I GameModeConfig: isDisableVoice = true
12-16 10:24:41.732 1497 1771 I ActivityTaskManager: START u0 {flg=0x10000000 cmp=com.android.deskclock/.DeskClock bnds=[1673,434][2173,904]} from uid 10067
12-16 10:24:41.744 1497 1771 W ActivityTaskManager: Can't find TaskDisplayArea to determine support for multi window. Task id=186 attached=false
12-16 10:24:41.746 1497 1771 D CompatibilityChangeReporter: Compat change id reported: 174042980; UID 10067; state: DISABLED
12-16 10:24:41.746 1497 1771 D CompatibilityChangeReporter: Compat change id reported: 184838306; UID 10067; state: DISABLED
12-16 10:24:41.746 1497 1771 D CompatibilityChangeReporter: Compat change id reported: 185004937; UID 10067; state: DISABLED
12-16 10:24:41.747 1497 1771 D CompatibilityChangeReporter: Compat change id reported: 181136395; UID 10067; state: DISABLED
12-16 10:24:41.747 1497 1771 D CompatibilityChangeReporter: Compat change id reported: 174042936; UID 10067; state: DISABLED
12-16 10:24:41.748 1497 1771 D CompatibilityChangeReporter: Compat change id reported: 168419799; UID 10067; state: DISABLED
12-16 10:24:41.752 1497 1771 I ActivityTaskManager: FOREGROUND_APPLICATION_CHANGED to com.android.deskclock.DeskClock
12-16 10:24:41.752 1497 1771 I ActivityTaskManager: The Process com.android.deskclock Already Exists in BG. So sending its PID: 27537
12-16 10:24:41.763 17557 17592 W ContextImpl: Calling a method in the system process without a qualified user: android.app.ContextImpl.startService:1816 android.content.ContextWrapper.startService:774 com.thundercomm.gamemode.ingame.services.GameModeActionUtils.startGameModeService:99 com.thundercomm.gamemode.ingame.services.GameModeActionUtils.startGameModeEntry:22 com.thundercomm.gamemode.ingame.services.ActivityMonitoringService$1.onActivityLaunch:127
12-16 10:24:41.767 1497 1497 I GameModeConfig: Current uri is uri = content://com.thundercomm.gamemode.api/gamemode_settings/gamemode_isgaming
12-16 10:24:41.769 1497 1497 I GameModeConfig: isGameModeOn = false
12-16 10:24:41.769 1497 1497 I GameModeConfig: isGameModeOn = false
12-16 10:24:41.769 1497 1497 I GameModeConfig: isDisableVoice = true
12-16 10:24:41.774 1497 1771 I ActivityTaskManager: START u0 {act=android.content.pm.action.REQUEST_PERMISSIONS pkg=com.android.permissioncontroller cmp=com.android.permissioncontroller/.permission.ui.GrantPermissionsActivity (has extras)} from uid 10067
12-16 10:24:41.776 1497 1771 D CompatibilityChangeReporter: Compat change id reported: 174042980; UID 10093; state: DISABLED
12-16 10:24:41.777 1497 1771 D CompatibilityChangeReporter: Compat change id reported: 184838306; UID 10093; state: DISABLED
12-16 10:24:41.777 1497 1771 D CompatibilityChangeReporter: Compat change id reported: 185004937; UID 10093; state: DISABLED
12-16 10:24:41.777 1497 1771 D CompatibilityChangeReporter: Compat change id reported: 181136395; UID 10093; state: DISABLED
12-16 10:24:41.777 1497 1771 D CompatibilityChangeReporter: Compat change id reported: 174042936; UID 10093; state: DISABLED
12-16 10:24:41.778 1497 1771 D CompatibilityChangeReporter: Compat change id reported: 168419799; UID 10093; state: DISABLED
12-16 10:24:41.794 1497 12488 I ActivityTaskManager: FOREGROUND_APPLICATION_CHANGED to com.android.permissioncontroller.permission.ui.GrantPermissionsActivity
12-16 10:24:41.794 1497 12488 I ActivityTaskManager: The Process com.android.permissioncontroller Already Exists in BG. So sending its PID: 27724
12-16 10:24:41.801 17557 17592 W ContextImpl: Calling a method in the system process without a qualified user: android.app.ContextImpl.startService:1816 android.content.ContextWrapper.startService:774 com.thundercomm.gamemode.ingame.services.GameModeActionUtils.startGameModeService:99 com.thundercomm.gamemode.ingame.services.GameModeActionUtils.startGameModeEntry:22 com.thundercomm.gamemode.ingame.services.ActivityMonitoringService$1.onActivityLaunch:127
12-16 10:24:41.805 1497 1497 I GameModeConfig: Current uri is uri = content://com.thundercomm.gamemode.api/gamemode_settings/gamemode_isgaming
12-16 10:24:41.805 1497 1497 I GameModeConfig: isGameModeOn = false
12-16 10:24:41.806 1497 1497 I GameModeConfig: isGameModeOn = false
12-16 10:24:41.806 1497 1497 I GameModeConfig: isDisableVoice = true
12-16 10:24:41.864 1497 12488 I ActivityTaskManager: FOREGROUND_APPLICATION_CHANGED to com.android.deskclock.DeskClock
12-16 10:24:41.972 17557 17592 W ContextImpl: Calling a method in the system process without a qualified user: android.app.ContextImpl.startService:1816 android.content.ContextWrapper.startService:774 com.thundercomm.gamemode.ingame.services.GameModeActionUtils.startGameModeService:99 com.thundercomm.gamemode.ingame.services.GameModeActionUtils.startGameModeEntry:22 com.thundercomm.gamemode.ingame.services.ActivityMonitoringService$1.onActivityLaunch:127
12-16 10:24:41.974 1497 1497 I GameModeConfig: Current uri is uri = content://com.thundercomm.gamemode.api/gamemode_settings/gamemode_isgaming
12-16 10:24:41.975 1497 1497 I GameModeConfig: isGameModeOn = false
12-16 10:24:41.975 1497 1497 I GameModeConfig: isGameModeOn = false
12-16 10:24:41.975 1497 1497 I GameModeConfig: isDisableVoice = true
12-16 10:24:42.297 17557 17592 W ContextImpl: Calling a method in the system process without a qualified user: android.app.ContextImpl.startService:1816 android.content.ContextWrapper.startService:774 com.thundercomm.gamemode.ingame.services.GameModeActionUtils.startGameModeService:99 com.thundercomm.gamemode.ingame.services.GameModeActionUtils.startGameModeEntry:22 com.thundercomm.gamemode.ingame.services.ActivityMonitoringService$1.onActivityLaunch:127
12-16 10:24:42.298 1497 1497 I GameModeConfig: Current uri is uri = content://com.thundercomm.gamemode.api/gamemode_settings/gamemode_isgaming
12-16 10:24:42.299 1497 1497 I GameModeConfig: isGameModeOn = false
12-16 10:24:42.299 1497 1497 I GameModeConfig: isGameModeOn = false
12-16 10:24:42.299 1497 1497 I GameModeConfig: isDisableVoice = true
12-16 10:24:42.327 17557 17592 W ContextImpl: Calling a method in the system process without a qualified user: android.app.ContextImpl.startService:1816 android.content.ContextWrapper.startService:774 com.thundercomm.gamemode.ingame.services.GameModeActionUtils.startGameModeService:99 com.thundercomm.gamemode.ingame.services.GameModeActionUtils.startGameModeEntry:22 com.thundercomm.gamemode.ingame.services.ActivityMonitoringService$1.onActivityLaunch:127
12-16 10:24:42.328 1497 1497 I GameModeConfig: Current uri is uri = content://com.thundercomm.gamemode.api/gamemode_settings/gamemode_isgaming
12-16 10:24:42.329 1497 1497 I GameModeConfig: isGameModeOn = false
12-16 10:24:42.329 1497 1497 I GameModeConfig: isGameModeOn = false
12-16 10:24:42.329 1497 1497 I GameModeConfig: isDisableVoice = true
12-16 10:24:43.169 1497 2786 W FreeFormWindowHelper: getCurrentDisplayedFreeFormTask is null
12-16 10:24:43.177 17557 17592 W ContextImpl: Calling a method in the system process without a qualified user: android.app.ContextImpl.startService:1816 android.content.ContextWrapper.startService:774 com.thundercomm.gamemode.ingame.services.GameModeActionUtils.startGameModeService:99 com.thundercomm.gamemode.ingame.services.GameModeActionUtils.startGameModeEntry:22 com.thundercomm.gamemode.ingame.services.ActivityMonitoringService$1.onActivityLaunch:127
12-16 10:24:43.179 1497 1497 I GameModeConfig: Current uri is uri = content://com.thundercomm.gamemode.api/gamemode_settings/gamemode_isgaming
12-16 10:24:43.179 1497 1497 I GameModeConfig: isGameModeOn = false
12-16 10:24:43.180 1497 1497 I GameModeConfig: isGameModeOn = false
12-16 10:24:43.180 1497 1497 I GameModeConfig: isDisableVoice = true
12-16 10:24:43.188 1497 8129 W FreeFormWindowHelper: getCurrentDisplayedFreeFormTask is null
12-16 10:24:43.202 1497 7563 W ActivityTaskManager: getTaskSnapshot: taskId=2178 not found
12-16 10:24:43.202 1497 7563 W ActivityTaskManager: getTaskSnapshot: taskId=1178 not found
12-16 10:24:43.209 1497 7563 W FreeFormWindowHelper: getCurrentDisplayedFreeFormTask is null
12-16 10:24:43.209 1497 8129 W ActivityTaskManager: getTaskSnapshot: taskId=2178 not found
12-16 10:24:43.209 1497 8129 W ActivityTaskManager: getTaskSnapshot: taskId=1178 not found
12-16 10:24:43.223 1497 8129 W FreeFormWindowHelper: getCurrentDisplayedFreeFormTask is null
12-16 10:24:43.288 1497 2786 W FreeFormWindowHelper: getCurrentDisplayedFreeFormTask is null
12-16 10:24:43.290 1497 2786 W FreeFormWindowHelper: getCurrentDisplayedFreeFormTask is null
12-16 10:24:43.307 1497 7563 W FreeFormWindowHelper: getCurrentDisplayedFreeFormTask is null
12-16 10:24:43.325 1497 2786 W FreeFormWindowHelper: getCurrentDisplayedFreeFormTask is null
12-16 10:24:44.386 1497 7563 W FreeFormWindowHelper: getCurrentDisplayedFreeFormTask is null
12-16 10:24:44.775 1497 2749 E TaskPersister: File error accessing recents directory (directory doesn't exist?).
12-16 10:24:44.811 1497 8129 I ActivityTaskManager: FOREGROUND_APPLICATION_CHANGED to com.android.launcher3.uioverrides.QuickstepLauncher
12-16 10:24:44.835 1497 7563 W FreeFormWindowHelper: getCurrentDisplayedFreeFormTask is null
12-16 10:24:44.875 17557 17592 W ContextImpl: Calling a method in the system process without a qualified user: android.app.ContextImpl.startService:1816 android.content.ContextWrapper.startService:774 com.thundercomm.gamemode.ingame.services.GameModeActionUtils.startGameModeService:99 com.thundercomm.gamemode.ingame.services.GameModeActionUtils.startGameModeEntry:22 com.thundercomm.gamemode.ingame.services.ActivityMonitoringService$1.onActivityLaunch:127
12-16 10:24:44.879 1497 1497 I GameModeConfig: Current uri is uri = content://com.thundercomm.gamemode.api/gamemode_settings/gamemode_isgaming
12-16 10:24:44.881 1497 1497 I GameModeConfig: isGameModeOn = false
12-16 10:24:44.881 1497 1497 I GameModeConfig: isGameModeOn = false
12-16 10:24:44.881 1497 1497 I GameModeConfig: isDisableVoice = true
12-16 10:24:44.888 1497 8129 W FreeFormWindowHelper: getCurrentDisplayedFreeFormTask is null
12-16 10:24:44.934 17557 17592 W ContextImpl: Calling a method in the system process without a qualified user: android.app.ContextImpl.startService:1816 android.content.ContextWrapper.startService:774 com.thundercomm.gamemode.ingame.services.GameModeActionUtils.startGameModeService:99 com.thundercomm.gamemode.ingame.services.GameModeActionUtils.startGameModeEntry:22 com.thundercomm.gamemode.ingame.services.ActivityMonitoringService$1.onActivityLaunch:127
12-16 10:24:44.938 1497 1497 I GameModeConfig: Current uri is uri = content://com.thundercomm.gamemode.api/gamemode_settings/gamemode_isgaming
12-16 10:24:44.940 1497 1497 I GameModeConfig: isGameModeOn = false
12-16 10:24:44.941 1497 1497 I GameModeConfig: isGameModeOn = false
12-16 10:24:44.941 1497 1497 I GameModeConfig: isDisableVoice = true
12-16 10:25:37.383 1497 1623 V DisplayPowerController[0]: Brightness [0.05] reason changing to: 'manual [ dim ]', previous reason: 'manual'.
12-16 10:25:37.384 1497 1623 W PowerManagerService: Screen on took 141887 ms
12-16 10:25:37.395 1497 1868 E DisplayDeviceConfig: requesting nits when no mapping exists.
12-16 10:25:37.396 1497 1868 E DisplayDeviceConfig: requesting nits when no mapping exists.
12-16 10:25:37.398 1497 1603 I DropBoxManagerService: add tag=system_server_wtf isTagEnabled=true flags=0x2
12-16 10:25:37.402 1497 1603 I DropBoxManagerService: add tag=system_server_wtf isTagEnabled=true flags=0x2
12-16 10:25:37.411 1497 1868 E DisplayDeviceConfig: requesting nits when no mapping exists.
12-16 10:25:37.411 1497 1868 E DisplayDeviceConfig: requesting nits when no mapping exists.
12-16 10:25:37.412 1497 1603 I DropBoxManagerService: add tag=system_server_wtf isTagEnabled=true flags=0x2
12-16 10:25:37.414 1497 1603 I DropBoxManagerService: add tag=system_server_wtf isTagEnabled=true flags=0x2
12-16 10:25:37.418 1497 1868 E DisplayDeviceConfig: requesting nits when no mapping exists.
12-16 10:25:37.418 1497 1868 E DisplayDeviceConfig: requesting nits when no mapping exists.
12-16 10:25:37.419 1497 1603 I DropBoxManagerService: add tag=system_server_wtf isTagEnabled=true flags=0x2
12-16 10:25:37.435 1497 1868 E DisplayDeviceConfig: requesting nits when no mapping exists.
12-16 10:25:37.435 1497 1868 E DisplayDeviceConfig: requesting nits when no mapping exists.
12-16 10:25:37.452 1497 1868 E DisplayDeviceConfig: requesting nits when no mapping exists.
12-16 10:25:37.452 1497 1868 E DisplayDeviceConfig: requesting nits when no mapping exists.
12-16 10:25:37.468 1497 1868 E DisplayDeviceConfig: requesting nits when no mapping exists.
12-16 10:25:37.469 1497 1868 E DisplayDeviceConfig: requesting nits when no mapping exists.
12-16 10:25:37.485 1497 1868 E DisplayDeviceConfig: requesting nits when no mapping exists.
12-16 10:25:37.485 1497 1868 E DisplayDeviceConfig: requesting nits when no mapping exists.
12-16 10:25:37.502 1497 1868 E DisplayDeviceConfig: requesting nits when no mapping exists.
12-16 10:25:37.502 1497 1868 E DisplayDeviceConfig: requesting nits when no mapping exists.
12-16 10:25:37.519 1497 1868 E DisplayDeviceConfig: requesting nits when no mapping exists.
12-16 10:25:37.519 1497 1868 E DisplayDeviceConfig: requesting nits when no mapping exists.
12-16 10:25:37.535 1497 1868 E DisplayDeviceConfig: requesting nits when no mapping exists.
12-16 10:25:37.536 1497 1868 E DisplayDeviceConfig: requesting nits when no mapping exists.
12-16 10:25:37.552 1497 1868 E DisplayDeviceConfig: requesting nits when no mapping exists.
12-16 10:25:37.552 1497 1868 E DisplayDeviceConfig: requesting nits when no mapping exists.
12-16 10:25:37.569 1497 1868 E DisplayDeviceConfig: requesting nits when no mapping exists.
12-16 10:25:37.569 1497 1868 E DisplayDeviceConfig: requesting nits when no mapping exists.
12-16 10:25:37.586 1497 1868 E DisplayDeviceConfig: requesting nits when no mapping exists.
12-16 10:25:37.587 1497 1868 E DisplayDeviceConfig: requesting nits when no mapping exists.
12-16 10:25:37.602 1497 1868 E DisplayDeviceConfig: requesting nits when no mapping exists.
12-16 10:25:37.603 1497 1868 E DisplayDeviceConfig: requesting nits when no mapping exists.
12-16 10:25:37.619 1497 1868 E DisplayDeviceConfig: requesting nits when no mapping exists.
12-16 10:25:37.620 1497 1868 E DisplayDeviceConfig: requesting nits when no mapping exists.
12-16 10:25:37.636 1497 1868 E DisplayDeviceConfig: requesting nits when no mapping exists.
12-16 10:25:37.637 1497 1868 E DisplayDeviceConfig: requesting nits when no mapping exists.
12-16 10:25:37.652 1497 1868 E DisplayDeviceConfig: requesting nits when no mapping exists.
12-16 10:25:37.653 1497 1868 E DisplayDeviceConfig: requesting nits when no mapping exists.
12-16 10:25:37.669 1497 1868 E DisplayDeviceConfig: requesting nits when no mapping exists.
12-16 10:25:37.670 1497 1868 E DisplayDeviceConfig: requesting nits when no mapping exists.
12-16 10:25:37.686 1497 1868 E DisplayDeviceConfig: requesting nits when no mapping exists.
12-16 10:25:37.686 1497 1868 E DisplayDeviceConfig: requesting nits when no mapping exists.
12-16 10:25:37.703 1497 1868 E DisplayDeviceConfig: requesting nits when no mapping exists.
12-16 10:25:37.703 1497 1868 E DisplayDeviceConfig: requesting nits when no mapping exists.
12-16 10:25:37.719 1497 1868 E DisplayDeviceConfig: requesting nits when no mapping exists.
12-16 10:25:37.720 1497 1868 E DisplayDeviceConfig: requesting nits when no mapping exists.
12-16 10:25:37.736 1497 1868 E DisplayDeviceConfig: requesting nits when no mapping exists.
12-16 10:25:37.737 1497 1868 E DisplayDeviceConfig: requesting nits when no mapping exists.
12-16 10:25:37.753 1497 1868 E DisplayDeviceConfig: requesting nits when no mapping exists.
12-16 10:25:37.753 1497 1868 E DisplayDeviceConfig: requesting nits when no mapping exists.
12-16 10:25:37.770 1497 1868 E DisplayDeviceConfig: requesting nits when no mapping exists.
12-16 10:25:37.770 1497 1868 E DisplayDeviceConfig: requesting nits when no mapping exists.
12-16 10:25:37.786 1497 1868 E DisplayDeviceConfig: requesting nits when no mapping exists.
12-16 10:25:37.787 1497 1868 E DisplayDeviceConfig: requesting nits when no mapping exists.
12-16 10:25:37.803 1497 1868 E DisplayDeviceConfig: requesting nits when no mapping exists.
12-16 10:25:37.804 1497 1868 E DisplayDeviceConfig: requesting nits when no mapping exists.
12-16 10:25:37.820 1497 1868 E DisplayDeviceConfig: requesting nits when no mapping exists.
12-16 10:25:37.820 1497 1868 E DisplayDeviceConfig: requesting nits when no mapping exists.
12-16 10:25:37.836 1497 1868 E DisplayDeviceConfig: requesting nits when no mapping exists.
12-16 10:25:37.837 1497 1868 E DisplayDeviceConfig: requesting nits when no mapping exists.
12-16 10:25:37.853 1497 1868 E DisplayDeviceConfig: requesting nits when no mapping exists.
12-16 10:25:37.854 1497 1868 E DisplayDeviceConfig: requesting nits when no mapping exists.
12-16 10:25:37.869 1497 1868 E DisplayDeviceConfig: requesting nits when no mapping exists.
12-16 10:25:37.870 1497 1868 E DisplayDeviceConfig: requesting nits when no mapping exists.
12-16 10:25:37.886 1497 1868 E DisplayDeviceConfig: requesting nits when no mapping exists.
12-16 10:25:37.887 1497 1868 E DisplayDeviceConfig: requesting nits when no mapping exists.
12-16 10:25:37.903 1497 1868 E DisplayDeviceConfig: requesting nits when no mapping exists.
12-16 10:25:37.904 1497 1868 E DisplayDeviceConfig: requesting nits when no mapping exists.
12-16 10:25:37.920 1497 1868 E DisplayDeviceConfig: requesting nits when no mapping exists.
12-16 10:25:37.920 1497 1868 E DisplayDeviceConfig: requesting nits when no mapping exists.
12-16 10:25:37.937 1497 1868 E DisplayDeviceConfig: requesting nits when no mapping exists.
12-16 10:25:37.937 1497 1868 E DisplayDeviceConfig: requesting nits when no mapping exists.
12-16 10:25:37.953 1497 1868 E DisplayDeviceConfig: requesting nits when no mapping exists.
12-16 10:25:37.954 1497 1868 E DisplayDeviceConfig: requesting nits when no mapping exists.
12-16 10:25:37.970 1497 1868 E DisplayDeviceConfig: requesting nits when no mapping exists.
12-16 10:25:37.971 1497 1868 E DisplayDeviceConfig: requesting nits when no mapping exists.
12-16 10:25:37.987 1497 1868 E DisplayDeviceConfig: requesting nits when no mapping exists.
12-16 10:25:37.988 1497 1868 E DisplayDeviceConfig: requesting nits when no mapping exists.
12-16 10:25:38.004 1497 1868 E DisplayDeviceConfig: requesting nits when no mapping exists.
12-16 10:25:38.005 1497 1868 E DisplayDeviceConfig: requesting nits when no mapping exists.
12-16 10:25:38.020 1497 1868 E DisplayDeviceConfig: requesting nits when no mapping exists.
12-16 10:25:38.020 1497 1868 E DisplayDeviceConfig: requesting nits when no mapping exists.
12-16 10:25:38.036 1497 1868 E DisplayDeviceConfig: requesting nits when no mapping exists.
12-16 10:25:38.037 1497 1868 E DisplayDeviceConfig: requesting nits when no mapping exists.
12-16 10:25:38.053 1497 1868 E DisplayDeviceConfig: requesting nits when no mapping exists.
12-16 10:25:38.054 1497 1868 E DisplayDeviceConfig: requesting nits when no mapping exists.
12-16 10:25:38.070 1497 1868 E DisplayDeviceConfig: requesting nits when no mapping exists.
12-16 10:25:38.070 1497 1868 E DisplayDeviceConfig: requesting nits when no mapping exists.
12-16 10:25:38.087 1497 1868 E DisplayDeviceConfig: requesting nits when no mapping exists.
12-16 10:25:38.087 1497 1868 E DisplayDeviceConfig: requesting nits when no mapping exists.
12-16 10:25:38.103 1497 1868 E DisplayDeviceConfig: requesting nits when no mapping exists.
12-16 10:25:38.104 1497 1868 E DisplayDeviceConfig: requesting nits when no mapping exists.
12-16 10:25:38.120 1497 1868 E DisplayDeviceConfig: requesting nits when no mapping exists.
12-16 10:25:38.121 1497 1868 E DisplayDeviceConfig: requesting nits when no mapping exists.
12-16 10:25:38.137 1497 1868 E DisplayDeviceConfig: requesting nits when no mapping exists.
12-16 10:25:38.137 1497 1868 E DisplayDeviceConfig: requesting nits when no mapping exists.
12-16 10:25:38.153 1497 1868 E DisplayDeviceConfig: requesting nits when no mapping exists.
12-16 10:25:38.154 1497 1868 E DisplayDeviceConfig: requesting nits when no mapping exists.
12-16 10:25:38.170 1497 1868 E DisplayDeviceConfig: requesting nits when no mapping exists.
12-16 10:25:38.171 1497 1868 E DisplayDeviceConfig: requesting nits when no mapping exists.
12-16 10:25:38.187 1497 1868 E DisplayDeviceConfig: requesting nits when no mapping exists.
12-16 10:25:38.188 1497 1868 E DisplayDeviceConfig: requesting nits when no mapping exists.
12-16 10:25:38.204 1497 1868 E DisplayDeviceConfig: requesting nits when no mapping exists.
12-16 10:25:38.204 1497 1868 E DisplayDeviceConfig: requesting nits when no mapping exists.
12-16 10:25:38.220 1497 1868 E DisplayDeviceConfig: requesting nits when no mapping exists.
12-16 10:25:38.221 1497 1868 E DisplayDeviceConfig: requesting nits when no mapping exists.
12-16 10:25:38.237 1497 1868 E DisplayDeviceConfig: requesting nits when no mapping exists.
12-16 10:25:38.238 1497 1868 E DisplayDeviceConfig: requesting nits when no mapping exists.
12-16 10:25:38.254 1497 1868 E DisplayDeviceConfig: requesting nits when no mapping exists.
12-16 10:25:38.254 1497 1868 E DisplayDeviceConfig: requesting nits when no mapping exists.
12-16 10:25:38.271 1497 1868 E DisplayDeviceConfig: requesting nits when no mapping exists.
12-16 10:25:38.272 1497 1868 E DisplayDeviceConfig: requesting nits when no mapping exists.
12-16 10:25:38.287 1497 1868 E DisplayDeviceConfig: requesting nits when no mapping exists.
12-16 10:25:38.288 1497 1868 E DisplayDeviceConfig: requesting nits when no mapping exists.
12-16 10:25:38.304 1497 1868 E DisplayDeviceConfig: requesting nits when no mapping exists.
12-16 10:25:38.305 1497 1868 E DisplayDeviceConfig: requesting nits when no mapping exists.
12-16 10:25:38.321 1497 1868 E DisplayDeviceConfig: requesting nits when no mapping exists.
12-16 10:25:38.323 1497 1868 E DisplayDeviceConfig: requesting nits when no mapping exists.
12-16 10:25:38.337 1497 1868 E DisplayDeviceConfig: requesting nits when no mapping exists.
12-16 10:25:38.338 1497 1868 E DisplayDeviceConfig: requesting nits when no mapping exists.
12-16 10:25:44.381 1497 1623 I PowerManagerService: Napping display group (groupId=0, uid=1000)...
12-16 10:25:44.381 1497 1623 I PowerManagerService: Nap time (uid 1000)...
12-16 10:25:44.383 1497 1623 I DreamManagerService: Entering dreamland.
12-16 10:25:44.390 1497 1623 I PowerManagerService: Dreaming...
12-16 10:25:44.393 1497 1592 I DreamController: Starting dream: name=ComponentInfo{com.thundercomm.screensaver/com.thundercomm.saverclock.service.ClockScreensaver}, isTest=false, canDoze=false, userId=0
12-16 10:25:44.408 1497 2786 I ActivityTaskManager: START u0 {flg=0x10000000 pkg=com.thundercomm.screensaver cmp=com.thundercomm.screensaver/android.service.dreams.DreamActivity (has extras)} from uid 10045
12-16 10:25:44.416 1497 2786 W ActivityTaskManager: Can't find TaskDisplayArea to determine support for multi window. Task id=187 attached=false
12-16 10:25:44.423 1497 2786 I ActivityTaskManager: FOREGROUND_APPLICATION_CHANGED to android.service.dreams.DreamActivity
12-16 10:25:44.423 1497 2786 I ActivityTaskManager: The Process com.thundercomm.screensaver Already Exists in BG. So sending its PID: 4609
12-16 10:25:44.423 1497 2786 W ActivityTaskManager: Tried to set launchTime (0) < mLastActivityLaunchTime (20377566)
12-16 10:25:44.430 1497 2786 W WindowManager: Failed looking up window session=Session{47d6d22 4609:u0a10045} callers=com.android.server.wm.WindowManagerService.windowForClientLocked:5628 com.android.server.wm.Session.insetsModified:629 android.view.IWindowSession$Stub.onTransact:1151
12-16 10:25:44.431 17557 17592 W ContextImpl: Calling a method in the system process without a qualified user: android.app.ContextImpl.startService:1816 android.content.ContextWrapper.startService:774 com.thundercomm.gamemode.ingame.services.GameModeActionUtils.startGameModeService:99 com.thundercomm.gamemode.ingame.services.GameModeActionUtils.startGameModeEntry:22 com.thundercomm.gamemode.ingame.services.ActivityMonitoringService$1.onActivityLaunch:127
12-16 10:25:44.434 1497 1497 I GameModeConfig: Current uri is uri = content://com.thundercomm.gamemode.api/gamemode_settings/gamemode_isgaming
12-16 10:25:44.436 1497 1497 I GameModeConfig: isGameModeOn = false
12-16 10:25:44.436 1497 1497 I GameModeConfig: isGameModeOn = false
12-16 10:25:44.436 1497 1497 I GameModeConfig: isDisableVoice = true
12-16 10:25:44.457 1497 1623 V DisplayPowerController[0]: Brightness [1.0] reason changing to: 'manual', previous reason: 'manual [ dim ]'.
12-16 10:25:44.470 1497 1868 E DisplayDeviceConfig: requesting nits when no mapping exists.
12-16 10:25:44.470 1497 1868 E DisplayDeviceConfig: requesting nits when no mapping exists.
12-16 10:25:44.487 1497 1868 E DisplayDeviceConfig: requesting nits when no mapping exists.
12-16 10:25:44.487 1497 1868 E DisplayDeviceConfig: requesting nits when no mapping exists.
12-16 10:25:44.503 1497 1868 E DisplayDeviceConfig: requesting nits when no mapping exists.
12-16 10:25:44.504 1497 1868 E DisplayDeviceConfig: requesting nits when no mapping exists.
12-16 10:25:44.521 1497 1868 E DisplayDeviceConfig: requesting nits when no mapping exists.
12-16 10:25:44.521 1497 1868 E DisplayDeviceConfig: requesting nits when no mapping exists.
12-16 10:25:44.528 17557 17592 W ContextImpl: Calling a method in the system process without a qualified user: android.app.ContextImpl.startService:1816 android.content.ContextWrapper.startService:774 com.thundercomm.gamemode.ingame.services.GameModeActionUtils.startGameModeService:99 com.thundercomm.gamemode.ingame.services.GameModeActionUtils.startGameModeEntry:22 com.thundercomm.gamemode.ingame.services.ActivityMonitoringService$1.onActivityLaunch:127
12-16 10:25:44.530 1497 1497 I GameModeConfig: Current uri is uri = content://com.thundercomm.gamemode.api/gamemode_settings/gamemode_isgaming
12-16 10:25:44.530 1497 1497 I GameModeConfig: isGameModeOn = false
12-16 10:25:44.531 1497 1497 I GameModeConfig: isGameModeOn = false
12-16 10:25:44.531 1497 1497 I GameModeConfig: isDisableVoice = true
12-16 10:25:44.538 1497 1868 E DisplayDeviceConfig: requesting nits when no mapping exists.
12-16 10:25:44.538 1497 1868 E DisplayDeviceConfig: requesting nits when no mapping exists.
12-16 10:25:44.554 1497 1868 E DisplayDeviceConfig: requesting nits when no mapping exists.
12-16 10:25:44.554 1497 1868 E DisplayDeviceConfig: requesting nits when no mapping exists.
12-16 10:25:44.571 1497 1868 E DisplayDeviceConfig: requesting nits when no mapping exists.
12-16 10:25:44.572 1497 1868 E DisplayDeviceConfig: requesting nits when no mapping exists.
12-16 10:25:44.588 1497 1868 E DisplayDeviceConfig: requesting nits when no mapping exists.
12-16 10:25:44.588 1497 1868 E DisplayDeviceConfig: requesting nits when no mapping exists.
12-16 10:25:44.604 1497 1868 E DisplayDeviceConfig: requesting nits when no mapping exists.
12-16 10:25:44.604 1497 1868 E DisplayDeviceConfig: requesting nits when no mapping exists.
12-16 10:25:44.621 1497 1868 E DisplayDeviceConfig: requesting nits when no mapping exists.
12-16 10:25:44.621 1497 1868 E DisplayDeviceConfig: requesting nits when no mapping exists.
12-16 10:25:44.638 1497 1868 E DisplayDeviceConfig: requesting nits when no mapping exists.
12-16 10:25:44.638 1497 1868 E DisplayDeviceConfig: requesting nits when no mapping exists.
12-16 10:25:44.655 1497 1868 E DisplayDeviceConfig: requesting nits when no mapping exists.
12-16 10:25:44.656 1497 1868 E DisplayDeviceConfig: requesting nits when no mapping exists.
12-16 10:25:44.671 1497 1868 E DisplayDeviceConfig: requesting nits when no mapping exists.
12-16 10:25:44.671 1497 1868 E DisplayDeviceConfig: requesting nits when no mapping exists.
12-16 10:25:44.688 1497 1868 E DisplayDeviceConfig: requesting nits when no mapping exists.
12-16 10:25:44.688 1497 1868 E DisplayDeviceConfig: requesting nits when no mapping exists.
12-16 10:25:44.705 1497 1868 E DisplayDeviceConfig: requesting nits when no mapping exists.
12-16 10:25:44.705 1497 1868 E DisplayDeviceConfig: requesting nits when no mapping exists.
12-16 10:25:44.721 1497 1868 E DisplayDeviceConfig: requesting nits when no mapping exists.
12-16 10:25:44.721 1497 1868 E DisplayDeviceConfig: requesting nits when no mapping exists.
12-16 10:25:44.738 1497 1868 E DisplayDeviceConfig: requesting nits when no mapping exists.
12-16 10:25:44.739 1497 1868 E DisplayDeviceConfig: requesting nits when no mapping exists.
12-16 10:25:44.754 1497 1868 E DisplayDeviceConfig: requesting nits when no mapping exists.
12-16 10:25:44.755 1497 1868 E DisplayDeviceConfig: requesting nits when no mapping exists.
12-16 10:25:44.772 1497 1868 E DisplayDeviceConfig: requesting nits when no mapping exists.
12-16 10:25:44.772 1497 1868 E DisplayDeviceConfig: requesting nits when no mapping exists.
12-16 10:25:44.780 1497 2786 W FreeFormWindowHelper: exitRecentTasks type=0
12-16 10:25:44.791 1497 1868 E DisplayDeviceConfig: requesting nits when no mapping exists.
12-16 10:25:44.791 1497 1868 E DisplayDeviceConfig: requesting nits when no mapping exists.
12-16 10:25:44.796 17557 17592 W ContextImpl: Calling a method in the system process without a qualified user: android.app.ContextImpl.startService:1816 android.content.ContextWrapper.startService:774 com.thundercomm.gamemode.ingame.services.GameModeActionUtils.startGameModeService:99 com.thundercomm.gamemode.ingame.services.GameModeActionUtils.startGameModeEntry:22 com.thundercomm.gamemode.ingame.services.ActivityMonitoringService$1.onActivityLaunch:127
12-16 10:25:44.797 1497 1497 I GameModeConfig: Current uri is uri = content://com.thundercomm.gamemode.api/gamemode_settings/gamemode_isgaming
12-16 10:25:44.798 1497 1497 I GameModeConfig: isGameModeOn = false
12-16 10:25:44.798 1497 1497 I GameModeConfig: isGameModeOn = false
12-16 10:25:44.798 1497 1497 I GameModeConfig: isDisableVoice = true
12-16 10:25:44.805 1497 1868 E DisplayDeviceConfig: requesting nits when no mapping exists.
12-16 10:25:44.805 1497 1868 E DisplayDeviceConfig: requesting nits when no mapping exists.
12-16 10:25:44.819 1497 1868 E DisplayDeviceConfig: requesting nits when no mapping exists.
12-16 10:25:44.819 1497 1868 E DisplayDeviceConfig: requesting nits when no mapping exists.
12-16 10:25:44.825 1497 2786 D CompatibilityChangeReporter: Compat change id reported: 157929241; UID 10080; state: LOGGED
12-16 10:25:44.836 1497 1868 E DisplayDeviceConfig: requesting nits when no mapping exists.
12-16 10:25:44.836 1497 1868 E DisplayDeviceConfig: requesting nits when no mapping exists.
12-16 10:25:44.852 1497 1868 E DisplayDeviceConfig: requesting nits when no mapping exists.
12-16 10:25:44.852 1497 1868 E DisplayDeviceConfig: requesting nits when no mapping exists.
12-16 10:25:44.869 1497 1868 E DisplayDeviceConfig: requesting nits when no mapping exists.
12-16 10:25:44.869 1497 1868 E DisplayDeviceConfig: requesting nits when no mapping exists.
12-16 10:25:44.886 1497 1868 E DisplayDeviceConfig: requesting nits when no mapping exists.
12-16 10:25:44.886 1497 1868 E DisplayDeviceConfig: requesting nits when no mapping exists.
12-16 10:25:44.903 1497 1868 E DisplayDeviceConfig: requesting nits when no mapping exists.
12-16 10:25:44.903 1497 1868 E DisplayDeviceConfig: requesting nits when no mapping exists.
12-16 10:25:44.919 1497 1868 E DisplayDeviceConfig: requesting nits when no mapping exists.
12-16 10:25:44.919 1497 1868 E DisplayDeviceConfig: requesting nits when no mapping exists.
12-16 10:25:44.936 1497 1868 E DisplayDeviceConfig: requesting nits when no mapping exists.
12-16 10:25:44.937 1497 1868 E DisplayDeviceConfig: requesting nits when no mapping exists.
12-16 10:25:44.953 1497 1868 E DisplayDeviceConfig: requesting nits when no mapping exists.
12-16 10:25:44.953 1497 1868 E DisplayDeviceConfig: requesting nits when no mapping exists.
12-16 10:25:44.969 1497 1868 E DisplayDeviceConfig: requesting nits when no mapping exists.
12-16 10:25:44.969 1497 1868 E DisplayDeviceConfig: requesting nits when no mapping exists.
12-16 10:25:44.986 1497 1868 E DisplayDeviceConfig: requesting nits when no mapping exists.
12-16 10:25:44.987 1497 1868 E DisplayDeviceConfig: requesting nits when no mapping exists.
12-16 10:25:45.003 1497 1868 E DisplayDeviceConfig: requesting nits when no mapping exists.
12-16 10:25:45.003 1497 1868 E DisplayDeviceConfig: requesting nits when no mapping exists.
12-16 10:25:45.019 1497 1868 E DisplayDeviceConfig: requesting nits when no mapping exists.
12-16 10:25:45.020 1497 1868 E DisplayDeviceConfig: requesting nits when no mapping exists.
12-16 10:25:45.036 1497 1868 E DisplayDeviceConfig: requesting nits when no mapping exists.
12-16 10:25:45.036 1497 1868 E DisplayDeviceConfig: requesting nits when no mapping exists.
12-16 10:25:45.053 1497 1868 E DisplayDeviceConfig: requesting nits when no mapping exists.
12-16 10:25:45.053 1497 1868 E DisplayDeviceConfig: requesting nits when no mapping exists.
12-16 10:25:45.070 1497 1868 E DisplayDeviceConfig: requesting nits when no mapping exists.
12-16 10:25:45.070 1497 1868 E DisplayDeviceConfig: requesting nits when no mapping exists.
12-16 10:25:45.087 1497 1868 E DisplayDeviceConfig: requesting nits when no mapping exists.
12-16 10:25:45.087 1497 1868 E DisplayDeviceConfig: requesting nits when no mapping exists.
12-16 10:25:45.103 1497 1868 E DisplayDeviceConfig: requesting nits when no mapping exists.
12-16 10:25:45.103 1497 1868 E DisplayDeviceConfig: requesting nits when no mapping exists.
12-16 10:25:45.120 1497 1868 E DisplayDeviceConfig: requesting nits when no mapping exists.
12-16 10:25:45.120 1497 1868 E DisplayDeviceConfig: requesting nits when no mapping exists.
