12-16 10:52:56.724 1497 1603 I am_wtf : [0,1497,system_server,-1,DisplayDeviceConfig,requesting nits when no mapping exists.]
12-16 10:52:56.739 1497 1868 E DisplayDeviceConfig: requesting nits when no mapping exists.
12-16 10:52:56.740 1497 1868 E DisplayDeviceConfig: requesting nits when no mapping exists.
12-16 10:52:56.740 1497 1603 I am_wtf : [0,1497,system_server,-1,DisplayDeviceConfig,requesting nits when no mapping exists.]
12-16 10:52:56.741 1497 1603 I am_wtf : [0,1497,system_server,-1,DisplayDeviceConfig,requesting nits when no mapping exists.]
12-16 10:52:56.755 1497 1868 E DisplayDeviceConfig: requesting nits when no mapping exists.
12-16 10:52:56.756 1497 1868 E DisplayDeviceConfig: requesting nits when no mapping exists.
12-16 10:52:56.756 1497 1603 I am_wtf : [0,1497,system_server,-1,DisplayDeviceConfig,requesting nits when no mapping exists.]
12-16 10:52:56.757 1497 1603 I am_wtf : [0,1497,system_server,-1,DisplayDeviceConfig,requesting nits when no mapping exists.]
12-16 10:52:56.763 472 472 I auditd : type=1400 audit(0.0:23526): avc: denied { kill } for comm="ueventd" capability=5 scontext=u:r:ueventd:s0 tcontext=u:r:ueventd:s0 tclass=capability permissive=0
12-16 10:52:56.772 1497 1868 E DisplayDeviceConfig: requesting nits when no mapping exists.
12-16 10:52:56.773 1497 1868 E DisplayDeviceConfig: requesting nits when no mapping exists.
12-16 10:52:56.773 1497 1603 I am_wtf : [0,1497,system_server,-1,DisplayDeviceConfig,requesting nits when no mapping exists.]
12-16 10:52:56.774 1497 1603 I am_wtf : [0,1497,system_server,-1,DisplayDeviceConfig,requesting nits when no mapping exists.]
12-16 10:52:56.789 1497 1868 E DisplayDeviceConfig: requesting nits when no mapping exists.
12-16 10:52:56.789 1497 1868 E DisplayDeviceConfig: requesting nits when no mapping exists.
12-16 10:52:56.789 1497 1603 I am_wtf : [0,1497,system_server,-1,DisplayDeviceConfig,requesting nits when no mapping exists.]
12-16 10:52:56.790 1497 1603 I am_wtf : [0,1497,system_server,-1,DisplayDeviceConfig,requesting nits when no mapping exists.]
12-16 10:52:56.806 1497 1868 E DisplayDeviceConfig: requesting nits when no mapping exists.
12-16 10:52:56.806 1497 1868 E DisplayDeviceConfig: requesting nits when no mapping exists.
12-16 10:52:56.806 1497 1603 I am_wtf : [0,1497,system_server,-1,DisplayDeviceConfig,requesting nits when no mapping exists.]
12-16 10:52:56.808 1497 1603 I am_wtf : [0,1497,system_server,-1,DisplayDeviceConfig,requesting nits when no mapping exists.]
12-16 10:52:56.822 1497 1868 E DisplayDeviceConfig: requesting nits when no mapping exists.
12-16 10:52:56.823 1497 1868 E DisplayDeviceConfig: requesting nits when no mapping exists.
12-16 10:52:56.823 1497 1603 I am_wtf : [0,1497,system_server,-1,DisplayDeviceConfig,requesting nits when no mapping exists.]
12-16 10:52:56.824 1497 1603 I am_wtf : [0,1497,system_server,-1,DisplayDeviceConfig,requesting nits when no mapping exists.]
12-16 10:52:56.839 1497 1868 E DisplayDeviceConfig: requesting nits when no mapping exists.
12-16 10:52:56.840 1497 1868 E DisplayDeviceConfig: requesting nits when no mapping exists.
12-16 10:52:56.840 1497 1603 I am_wtf : [0,1497,system_server,-1,DisplayDeviceConfig,requesting nits when no mapping exists.]
12-16 10:52:56.841 1497 1603 I am_wtf : [0,1497,system_server,-1,DisplayDeviceConfig,requesting nits when no mapping exists.]
12-16 10:52:56.856 1497 1868 E DisplayDeviceConfig: requesting nits when no mapping exists.
12-16 10:52:56.856 1497 1603 I am_wtf : [0,1497,system_server,-1,DisplayDeviceConfig,requesting nits when no mapping exists.]
12-16 10:52:56.856 1497 1868 E DisplayDeviceConfig: requesting nits when no mapping exists.
12-16 10:52:56.857 1497 1603 I am_wtf : [0,1497,system_server,-1,DisplayDeviceConfig,requesting nits when no mapping exists.]
12-16 10:52:56.872 1497 1868 E DisplayDeviceConfig: requesting nits when no mapping exists.
12-16 10:52:56.873 1497 1868 E DisplayDeviceConfig: requesting nits when no mapping exists.
12-16 10:52:56.873 1497 1603 I am_wtf : [0,1497,system_server,-1,DisplayDeviceConfig,requesting nits when no mapping exists.]
12-16 10:52:56.874 1497 1603 I am_wtf : [0,1497,system_server,-1,DisplayDeviceConfig,requesting nits when no mapping exists.]
12-16 10:52:56.889 1497 1868 E DisplayDeviceConfig: requesting nits when no mapping exists.
12-16 10:52:56.890 1497 1868 E DisplayDeviceConfig: requesting nits when no mapping exists.
12-16 10:52:56.890 1497 1603 I am_wtf : [0,1497,system_server,-1,DisplayDeviceConfig,requesting nits when no mapping exists.]
12-16 10:52:56.891 1497 1603 I am_wtf : [0,1497,system_server,-1,DisplayDeviceConfig,requesting nits when no mapping exists.]
12-16 10:52:56.906 1497 1868 E DisplayDeviceConfig: requesting nits when no mapping exists.
12-16 10:52:56.906 1497 1868 E DisplayDeviceConfig: requesting nits when no mapping exists.
12-16 10:52:56.906 1497 1603 I am_wtf : [0,1497,system_server,-1,DisplayDeviceConfig,requesting nits when no mapping exists.]
12-16 10:52:56.908 1497 1603 I am_wtf : [0,1497,system_server,-1,DisplayDeviceConfig,requesting nits when no mapping exists.]
12-16 10:52:56.923 1497 1868 E DisplayDeviceConfig: requesting nits when no mapping exists.
12-16 10:52:56.923 1497 1868 E DisplayDeviceConfig: requesting nits when no mapping exists.
12-16 10:52:56.923 1497 1603 I am_wtf : [0,1497,system_server,-1,DisplayDeviceConfig,requesting nits when no mapping exists.]
12-16 10:52:56.924 1497 1603 I am_wtf : [0,1497,system_server,-1,DisplayDeviceConfig,requesting nits when no mapping exists.]
12-16 10:52:56.939 1497 1868 E DisplayDeviceConfig: requesting nits when no mapping exists.
12-16 10:52:56.940 1497 1603 I am_wtf : [0,1497,system_server,-1,DisplayDeviceConfig,requesting nits when no mapping exists.]
12-16 10:52:56.940 1497 1868 E DisplayDeviceConfig: requesting nits when no mapping exists.
12-16 10:52:56.941 1497 1603 I am_wtf : [0,1497,system_server,-1,DisplayDeviceConfig,requesting nits when no mapping exists.]
12-16 10:52:56.956 1497 1868 E DisplayDeviceConfig: requesting nits when no mapping exists.
12-16 10:52:56.957 1497 1603 I am_wtf : [0,1497,system_server,-1,DisplayDeviceConfig,requesting nits when no mapping exists.]
12-16 10:52:56.958 1497 1868 E DisplayDeviceConfig: requesting nits when no mapping exists.
12-16 10:52:56.959 1497 1603 I am_wtf : [0,1497,system_server,-1,DisplayDeviceConfig,requesting nits when no mapping exists.]
12-16 10:52:56.973 1497 1868 E DisplayDeviceConfig: requesting nits when no mapping exists.
12-16 10:52:56.974 1497 1603 I am_wtf : [0,1497,system_server,-1,DisplayDeviceConfig,requesting nits when no mapping exists.]
12-16 10:52:56.974 1497 1868 E DisplayDeviceConfig: requesting nits when no mapping exists.
12-16 10:52:56.975 1497 1603 I am_wtf : [0,1497,system_server,-1,DisplayDeviceConfig,requesting nits when no mapping exists.]
12-16 10:52:56.990 1497 1868 E DisplayDeviceConfig: requesting nits when no mapping exists.
12-16 10:52:56.991 1497 1868 E DisplayDeviceConfig: requesting nits when no mapping exists.
12-16 10:52:56.991 1497 1603 I am_wtf : [0,1497,system_server,-1,DisplayDeviceConfig,requesting nits when no mapping exists.]
12-16 10:52:56.992 1497 1603 I service_manager_stats: [100,53,118953]
12-16 10:52:56.992 1497 1603 I am_wtf : [0,1497,system_server,-1,DisplayDeviceConfig,requesting nits when no mapping exists.]
12-16 10:52:57.006 1497 1868 E DisplayDeviceConfig: requesting nits when no mapping exists.
12-16 10:52:57.007 1497 1603 I am_wtf : [0,1497,system_server,-1,DisplayDeviceConfig,requesting nits when no mapping exists.]
12-16 10:52:57.007 1497 1868 E DisplayDeviceConfig: requesting nits when no mapping exists.
12-16 10:52:57.008 1497 1603 I am_wtf : [0,1497,system_server,-1,DisplayDeviceConfig,requesting nits when no mapping exists.]
12-16 10:52:57.023 1497 1868 E DisplayDeviceConfig: requesting nits when no mapping exists.
12-16 10:52:57.023 1497 1603 I am_wtf : [0,1497,system_server,-1,DisplayDeviceConfig,requesting nits when no mapping exists.]
12-16 10:52:57.023 1497 1868 E DisplayDeviceConfig: requesting nits when no mapping exists.
12-16 10:52:57.024 1497 1603 I am_wtf : [0,1497,system_server,-1,DisplayDeviceConfig,requesting nits when no mapping exists.]
12-16 10:52:57.039 1497 1868 E DisplayDeviceConfig: requesting nits when no mapping exists.
12-16 10:52:57.040 1497 1603 I am_wtf : [0,1497,system_server,-1,DisplayDeviceConfig,requesting nits when no mapping exists.]
12-16 10:52:57.040 1497 1868 E DisplayDeviceConfig: requesting nits when no mapping exists.
12-16 10:52:57.041 1497 1603 I am_wtf : [0,1497,system_server,-1,DisplayDeviceConfig,requesting nits when no mapping exists.]
12-16 10:52:57.056 1497 1868 E DisplayDeviceConfig: requesting nits when no mapping exists.
12-16 10:52:57.056 1497 1868 E DisplayDeviceConfig: requesting nits when no mapping exists.
12-16 10:52:57.056 1497 1603 I am_wtf : [0,1497,system_server,-1,DisplayDeviceConfig,requesting nits when no mapping exists.]
12-16 10:52:57.057 1497 1603 I am_wtf : [0,1497,system_server,-1,DisplayDeviceConfig,requesting nits when no mapping exists.]
12-16 10:52:57.073 1497 1868 E DisplayDeviceConfig: requesting nits when no mapping exists.
12-16 10:52:57.073 1497 1603 I am_wtf : [0,1497,system_server,-1,DisplayDeviceConfig,requesting nits when no mapping exists.]
12-16 10:52:57.073 1497 1868 E DisplayDeviceConfig: requesting nits when no mapping exists.
12-16 10:52:57.074 1497 1603 I am_wtf : [0,1497,system_server,-1,DisplayDeviceConfig,requesting nits when no mapping exists.]
12-16 10:52:57.089 1497 1868 E DisplayDeviceConfig: requesting nits when no mapping exists.
12-16 10:52:57.090 1497 1603 I am_wtf : [0,1497,system_server,-1,DisplayDeviceConfig,requesting nits when no mapping exists.]
12-16 10:52:57.090 1497 1868 E DisplayDeviceConfig: requesting nits when no mapping exists.
12-16 10:52:57.091 1497 1603 I am_wtf : [0,1497,system_server,-1,DisplayDeviceConfig,requesting nits when no mapping exists.]
12-16 10:52:57.106 1497 1868 E DisplayDeviceConfig: requesting nits when no mapping exists.
12-16 10:52:57.107 1497 1603 I am_wtf : [0,1497,system_server,-1,DisplayDeviceConfig,requesting nits when no mapping exists.]
12-16 10:52:57.107 1497 1868 E DisplayDeviceConfig: requesting nits when no mapping exists.
12-16 10:52:57.108 1497 1603 I am_wtf : [0,1497,system_server,-1,DisplayDeviceConfig,requesting nits when no mapping exists.]
12-16 10:52:57.123 1497 1868 E DisplayDeviceConfig: requesting nits when no mapping exists.
12-16 10:52:57.124 1497 1868 E DisplayDeviceConfig: requesting nits when no mapping exists.
12-16 10:52:57.124 1497 1603 I am_wtf : [0,1497,system_server,-1,DisplayDeviceConfig,requesting nits when no mapping exists.]
12-16 10:52:57.125 1497 1603 I am_wtf : [0,1497,system_server,-1,DisplayDeviceConfig,requesting nits when no mapping exists.]
12-16 10:52:57.141 1497 1868 E DisplayDeviceConfig: requesting nits when no mapping exists.
12-16 10:52:57.142 1497 1603 I am_wtf : [0,1497,system_server,-1,DisplayDeviceConfig,requesting nits when no mapping exists.]
12-16 10:52:57.142 1497 1868 E DisplayDeviceConfig: requesting nits when no mapping exists.
12-16 10:52:57.143 1497 1603 I am_wtf : [0,1497,system_server,-1,DisplayDeviceConfig,requesting nits when no mapping exists.]
12-16 10:52:57.158 1497 1868 E DisplayDeviceConfig: requesting nits when no mapping exists.
12-16 10:52:57.158 1497 1868 E DisplayDeviceConfig: requesting nits when no mapping exists.
12-16 10:52:57.158 1497 1603 I am_wtf : [0,1497,system_server,-1,DisplayDeviceConfig,requesting nits when no mapping exists.]
12-16 10:52:57.160 1497 1603 I am_wtf : [0,1497,system_server,-1,DisplayDeviceConfig,requesting nits when no mapping exists.]
12-16 10:52:57.173 1497 1868 E DisplayDeviceConfig: requesting nits when no mapping exists.
12-16 10:52:57.173 1497 1603 I am_wtf : [0,1497,system_server,-1,DisplayDeviceConfig,requesting nits when no mapping exists.]
12-16 10:52:57.173 1497 1868 E DisplayDeviceConfig: requesting nits when no mapping exists.
12-16 10:52:57.174 1497 1603 I am_wtf : [0,1497,system_server,-1,DisplayDeviceConfig,requesting nits when no mapping exists.]
12-16 10:52:57.190 1497 1868 E DisplayDeviceConfig: requesting nits when no mapping exists.
12-16 10:52:57.191 1497 1603 I am_wtf : [0,1497,system_server,-1,DisplayDeviceConfig,requesting nits when no mapping exists.]
12-16 10:52:57.191 1497 1868 E DisplayDeviceConfig: requesting nits when no mapping exists.
12-16 10:52:57.192 1497 1603 I am_wtf : [0,1497,system_server,-1,DisplayDeviceConfig,requesting nits when no mapping exists.]
12-16 10:52:57.207 1497 1868 E DisplayDeviceConfig: requesting nits when no mapping exists.
12-16 10:52:57.208 1497 1603 I am_wtf : [0,1497,system_server,-1,DisplayDeviceConfig,requesting nits when no mapping exists.]
12-16 10:52:57.208 1497 1868 E DisplayDeviceConfig: requesting nits when no mapping exists.
12-16 10:52:57.209 1497 1603 I am_wtf : [0,1497,system_server,-1,DisplayDeviceConfig,requesting nits when no mapping exists.]
12-16 10:52:57.223 1497 1868 E DisplayDeviceConfig: requesting nits when no mapping exists.
12-16 10:52:57.224 1497 1603 I am_wtf : [0,1497,system_server,-1,DisplayDeviceConfig,requesting nits when no mapping exists.]
12-16 10:52:57.225 1497 1868 E DisplayDeviceConfig: requesting nits when no mapping exists.
12-16 10:52:57.226 1497 1603 I am_wtf : [0,1497,system_server,-1,DisplayDeviceConfig,requesting nits when no mapping exists.]
12-16 10:52:57.242 1497 1868 E DisplayDeviceConfig: requesting nits when no mapping exists.
12-16 10:52:57.242 1497 1868 E DisplayDeviceConfig: requesting nits when no mapping exists.
12-16 10:52:57.242 1497 1603 I am_wtf : [0,1497,system_server,-1,DisplayDeviceConfig,requesting nits when no mapping exists.]
12-16 10:52:57.243 1497 1603 I am_wtf : [0,1497,system_server,-1,DisplayDeviceConfig,requesting nits when no mapping exists.]
12-16 10:52:57.258 1497 1868 E DisplayDeviceConfig: requesting nits when no mapping exists.
12-16 10:52:57.259 1497 1603 I am_wtf : [0,1497,system_server,-1,DisplayDeviceConfig,requesting nits when no mapping exists.]
12-16 10:52:57.259 1497 1868 E DisplayDeviceConfig: requesting nits when no mapping exists.
12-16 10:52:57.260 1497 1603 I am_wtf : [0,1497,system_server,-1,DisplayDeviceConfig,requesting nits when no mapping exists.]
12-16 10:52:57.273 1497 1868 E DisplayDeviceConfig: requesting nits when no mapping exists.
12-16 10:52:57.273 1497 1868 E DisplayDeviceConfig: requesting nits when no mapping exists.
12-16 10:52:57.273 1497 1603 I am_wtf : [0,1497,system_server,-1,DisplayDeviceConfig,requesting nits when no mapping exists.]
12-16 10:52:57.274 1497 1603 I am_wtf : [0,1497,system_server,-1,DisplayDeviceConfig,requesting nits when no mapping exists.]
12-16 10:52:57.290 1497 1868 E DisplayDeviceConfig: requesting nits when no mapping exists.
12-16 10:52:57.291 1497 1868 E DisplayDeviceConfig: requesting nits when no mapping exists.
12-16 10:52:57.291 1497 1603 I am_wtf : [0,1497,system_server,-1,DisplayDeviceConfig,requesting nits when no mapping exists.]
12-16 10:52:57.292 1497 1603 I am_wtf : [0,1497,system_server,-1,DisplayDeviceConfig,requesting nits when no mapping exists.]
12-16 10:52:57.307 1497 1868 E DisplayDeviceConfig: requesting nits when no mapping exists.
12-16 10:52:57.308 1497 1868 E DisplayDeviceConfig: requesting nits when no mapping exists.
12-16 10:52:57.308 1497 1603 I am_wtf : [0,1497,system_server,-1,DisplayDeviceConfig,requesting nits when no mapping exists.]
12-16 10:52:57.309 1497 1603 I am_wtf : [0,1497,system_server,-1,DisplayDeviceConfig,requesting nits when no mapping exists.]
12-16 10:52:57.324 1497 1868 E DisplayDeviceConfig: requesting nits when no mapping exists.
12-16 10:52:57.325 1497 1868 E DisplayDeviceConfig: requesting nits when no mapping exists.
12-16 10:52:57.325 1497 1603 I am_wtf : [0,1497,system_server,-1,DisplayDeviceConfig,requesting nits when no mapping exists.]
12-16 10:52:57.326 1497 1603 I am_wtf : [0,1497,system_server,-1,DisplayDeviceConfig,requesting nits when no mapping exists.]
12-16 10:52:57.759 0 0 I auditd : type=1400 audit(0.0:23527): avc: denied { kill } for comm="swapper/3" capability=5 scontext=u:r:kernel:s0 tcontext=u:r:kernel:s0 tclass=capability permissive=0
12-16 10:52:58.299 1497 1603 I am_uid_idle: 10081
12-16 10:52:58.763 0 0 I auditd : type=1400 audit(0.0:23528): avc: denied { kill } for comm="swapper/3" capability=5 scontext=u:r:kernel:s0 tcontext=u:r:kernel:s0 tclass=capability permissive=0
12-16 10:52:59.759 0 0 I auditd : type=1400 audit(0.0:23529): avc: denied { kill } for comm="swapper/3" capability=5 scontext=u:r:kernel:s0 tcontext=u:r:kernel:s0 tclass=capability permissive=0
12-16 10:53:00.759 0 0 I auditd : type=1400 audit(0.0:23530): avc: denied { kill } for comm="swapper/3" capability=5 scontext=u:r:kernel:s0 tcontext=u:r:kernel:s0 tclass=capability permissive=0
12-16 10:53:01.759 0 0 I auditd : type=1400 audit(0.0:23531): avc: denied { kill } for comm="swapper/3" capability=5 scontext=u:r:kernel:s0 tcontext=u:r:kernel:s0 tclass=capability permissive=0
12-16 10:53:02.759 0 0 I auditd : type=1400 audit(0.0:23532): avc: denied { kill } for comm="swapper/3" capability=5 scontext=u:r:kernel:s0 tcontext=u:r:kernel:s0 tclass=capability permissive=0
12-16 10:53:03.361 1497 1623 I PowerManagerService: Napping display group (groupId=0, uid=1000)...
12-16 10:53:03.362 1497 1623 I PowerManagerService: Nap time (uid 1000)...
12-16 10:53:03.363 1497 1623 I DreamManagerService: Entering dreamland.
12-16 10:53:03.366 1497 1623 I PowerManagerService: Dreaming...
12-16 10:53:03.373 1497 1592 I DreamController: Starting dream: name=ComponentInfo{com.thundercomm.screensaver/com.thundercomm.saverclock.service.ClockScreensaver}, isTest=false, canDoze=false, userId=0
12-16 10:53:03.373 1497 1592 I sysui_multi_action: [757,222,758,1]
12-16 10:53:03.376 1497 1592 I am_uid_active: 10045
12-16 10:53:03.385 1497 12715 I ActivityTaskManager: START u0 {flg=0x10000000 pkg=com.thundercomm.screensaver cmp=com.thundercomm.screensaver/android.service.dreams.DreamActivity (has extras)} from uid 10045
12-16 10:53:03.387 1497 1602 I am_pss : [28070,10051,com.android.htmlviewer,121390080,103669760,0,262995968,0,2,14]
12-16 10:53:03.392 1497 12715 I wm_task_created: [198,-1]
12-16 10:53:03.392 1497 12715 W ActivityTaskManager: Can't find TaskDisplayArea to determine support for multi window. Task id=198 attached=false
12-16 10:53:03.396 1497 12715 I wm_task_moved: [198,1,10]
12-16 10:53:03.396 1497 12715 I wm_task_to_front: [0,198]
12-16 10:53:03.396 1497 12715 I wm_create_task: [0,198]
12-16 10:53:03.396 1497 12715 I wm_create_activity: [0,254010363,198,com.thundercomm.screensaver/android.service.dreams.DreamActivity,NULL,NULL,NULL,276824064]
12-16 10:53:03.396 1497 12715 I wm_task_moved: [198,1,10]
12-16 10:53:03.396 28070 28070 I wm_on_top_resumed_lost_called: [37482053,com.android.htmlviewer.HTMLViewerActivity,topStateChangedWhenResumed]
12-16 10:53:03.397 1497 1602 I am_pss : [29591,99003,com.android.webview:sandboxed_process0:org.chromium.content.app.SandboxedProcessService0:3,68383744,48095232,0,142528512,0,3,9]
12-16 10:53:03.397 1497 12715 I wm_pause_activity: [0,37482053,com.android.htmlviewer/.HTMLViewerActivity,userLeaving=true,pauseBackTasks]
12-16 10:53:03.399 28070 28070 I wm_on_paused_called: [37482053,com.android.htmlviewer.HTMLViewerActivity,performPause]
12-16 10:53:03.400 1497 12715 I ActivityTaskManager: FOREGROUND_APPLICATION_CHANGED to android.service.dreams.DreamActivity
12-16 10:53:03.400 1497 12715 I ActivityTaskManager: The Process com.thundercomm.screensaver Already Exists in BG. So sending its PID: 4609
12-16 10:53:03.400 1497 12715 W ActivityTaskManager: Tried to set launchTime (0) < mLastActivityLaunchTime (21998717)
12-16 10:53:03.400 1497 12715 I wm_add_to_stopping: [0,37482053,com.android.htmlviewer/.HTMLViewerActivity,makeInvisible]
12-16 10:53:03.400 1497 12715 I wm_restart_activity: [0,254010363,198,com.thundercomm.screensaver/android.service.dreams.DreamActivity]
12-16 10:53:03.401 1497 12715 I wm_set_resumed_activity: [0,com.thundercomm.screensaver/android.service.dreams.DreamActivity,minimalResumeActivityLocked]
12-16 10:53:03.404 1497 1595 I sysui_multi_action: [757,803,799,window_time_0,802,60]
12-16 10:53:03.405 4609 4609 I wm_on_create_called: [254010363,android.service.dreams.DreamActivity,performCreate]
12-16 10:53:03.405 1497 1602 I am_pss : [29560,10069,com.android.webview:webview_apk,34195456,11972608,0,116813824,0,19,5]
12-16 10:53:03.405 4609 4609 I wm_on_start_called: [254010363,android.service.dreams.DreamActivity,handleStartActivity]
12-16 10:53:03.405 4609 4609 I wm_on_resume_called: [254010363,android.service.dreams.DreamActivity,RESUME_ACTIVITY]
12-16 10:53:03.407 4609 4609 I wm_on_top_resumed_gained_called: [254010363,android.service.dreams.DreamActivity,topStateChangedWhenResumed]
12-16 10:53:03.408 17557 17592 W ContextImpl: Calling a method in the system process without a qualified user: android.app.ContextImpl.startService:1816 android.content.ContextWrapper.startService:774 com.thundercomm.gamemode.ingame.services.GameModeActionUtils.startGameModeService:99 com.thundercomm.gamemode.ingame.services.GameModeActionUtils.startGameModeEntry:22 com.thundercomm.gamemode.ingame.services.ActivityMonitoringService$1.onActivityLaunch:127
12-16 10:53:03.411 1497 1497 I GameModeConfig: Current uri is uri = content://com.thundercomm.gamemode.api/gamemode_settings/gamemode_isgaming
12-16 10:53:03.412 1497 1602 I am_pss : [29484,10088,com.android.music,6884352,4710400,0,91119616,0,19,5]
12-16 10:53:03.412 1497 1497 I GameModeConfig: isGameModeOn = false
12-16 10:53:03.412 1497 1497 I GameModeConfig: isGameModeOn = false
12-16 10:53:03.412 1497 1497 I GameModeConfig: isDisableVoice = true
12-16 10:53:03.425 1497 1681 I input_focus: [Focus leaving 19f84bb com.android.htmlviewer/com.android.htmlviewer.HTMLViewerActivity (server),reason=NO_WINDOW]
12-16 10:53:03.432 1497 1596 I input_focus: [Focus request 85fac56 com.thundercomm.screensaver/android.service.dreams.DreamActivity,reason=UpdateInputWindows]
12-16 10:53:03.442 1497 1592 I sysui_multi_action: [319,55,322,51,325,22166,757,761,758,8,759,2,806,com.thundercomm.screensaver,871,android.service.dreams.DreamActivity,904,com.thundercomm.screensaver,905,0,1320,4,1321,2]
12-16 10:53:03.442 1497 1592 I wm_activity_launch_time: [0,254010363,com.thundercomm.screensaver/android.service.dreams.DreamActivity,51]
12-16 10:53:03.443 1497 1623 V DisplayPowerController[0]: Brightness [1.0] reason changing to: 'manual', previous reason: 'manual [ dim ]'.
12-16 10:53:03.443 1497 1623 I sysui_multi_action: [757,1696,758,6,759,3]
12-16 10:53:03.457 1497 1868 E DisplayDeviceConfig: requesting nits when no mapping exists.
12-16 10:53:03.457 1497 1603 I am_wtf : [0,1497,system_server,-1,DisplayDeviceConfig,requesting nits when no mapping exists.]
12-16 10:53:03.457 1497 1868 E DisplayDeviceConfig: requesting nits when no mapping exists.
12-16 10:53:03.458 1497 1603 I am_wtf : [0,1497,system_server,-1,DisplayDeviceConfig,requesting nits when no mapping exists.]
12-16 10:53:03.473 1497 1868 E DisplayDeviceConfig: requesting nits when no mapping exists.
12-16 10:53:03.474 1497 1868 E DisplayDeviceConfig: requesting nits when no mapping exists.
12-16 10:53:03.474 1497 1603 I am_wtf : [0,1497,system_server,-1,DisplayDeviceConfig,requesting nits when no mapping exists.]
12-16 10:53:03.474 1497 1603 I am_wtf : [0,1497,system_server,-1,DisplayDeviceConfig,requesting nits when no mapping exists.]
12-16 10:53:03.475 1497 1681 I input_focus: [Focus entering 85fac56 com.thundercomm.screensaver/android.service.dreams.DreamActivity (server),reason=Window became focusable. Previous reason: NOT_VISIBLE]
12-16 10:53:03.490 1497 1868 E DisplayDeviceConfig: requesting nits when no mapping exists.
12-16 10:53:03.491 1497 1868 E DisplayDeviceConfig: requesting nits when no mapping exists.
12-16 10:53:03.491 1497 1603 I am_wtf : [0,1497,system_server,-1,DisplayDeviceConfig,requesting nits when no mapping exists.]
12-16 10:53:03.491 1497 1603 I am_wtf : [0,1497,system_server,-1,DisplayDeviceConfig,requesting nits when no mapping exists.]
12-16 10:53:03.506 17557 17592 W ContextImpl: Calling a method in the system process without a qualified user: android.app.ContextImpl.startService:1816 android.content.ContextWrapper.startService:774 com.thundercomm.gamemode.ingame.services.GameModeActionUtils.startGameModeService:99 com.thundercomm.gamemode.ingame.services.GameModeActionUtils.startGameModeEntry:22 com.thundercomm.gamemode.ingame.services.ActivityMonitoringService$1.onActivityLaunch:127
12-16 10:53:03.507 1497 1497 I GameModeConfig: Current uri is uri = content://com.thundercomm.gamemode.api/gamemode_settings/gamemode_isgaming
12-16 10:53:03.508 1497 1497 I GameModeConfig: isGameModeOn = false
12-16 10:53:03.508 1497 1497 I GameModeConfig: isGameModeOn = false
12-16 10:53:03.508 1497 1497 I GameModeConfig: isDisableVoice = true
12-16 10:53:03.508 1497 1868 E DisplayDeviceConfig: requesting nits when no mapping exists.
12-16 10:53:03.508 1497 1868 E DisplayDeviceConfig: requesting nits when no mapping exists.
12-16 10:53:03.508 1497 1603 I am_wtf : [0,1497,system_server,-1,DisplayDeviceConfig,requesting nits when no mapping exists.]
12-16 10:53:03.509 1497 1603 I am_wtf : [0,1497,system_server,-1,DisplayDeviceConfig,requesting nits when no mapping exists.]
12-16 10:53:03.524 1497 1868 E DisplayDeviceConfig: requesting nits when no mapping exists.
12-16 10:53:03.524 1497 1868 E DisplayDeviceConfig: requesting nits when no mapping exists.
12-16 10:53:03.524 1497 1603 I am_wtf : [0,1497,system_server,-1,DisplayDeviceConfig,requesting nits when no mapping exists.]
12-16 10:53:03.524 1497 1603 I am_wtf : [0,1497,system_server,-1,DisplayDeviceConfig,requesting nits when no mapping exists.]
12-16 10:53:03.541 1497 1868 E DisplayDeviceConfig: requesting nits when no mapping exists.
12-16 10:53:03.541 1497 1868 E DisplayDeviceConfig: requesting nits when no mapping exists.
12-16 10:53:03.541 1497 1603 I am_wtf : [0,1497,system_server,-1,DisplayDeviceConfig,requesting nits when no mapping exists.]
12-16 10:53:03.541 1497 1603 I am_wtf : [0,1497,system_server,-1,DisplayDeviceConfig,requesting nits when no mapping exists.]
12-16 10:53:03.557 1497 1868 E DisplayDeviceConfig: requesting nits when no mapping exists.
12-16 10:53:03.557 1497 1868 E DisplayDeviceConfig: requesting nits when no mapping exists.
12-16 10:53:03.557 1497 1603 I am_wtf : [0,1497,system_server,-1,DisplayDeviceConfig,requesting nits when no mapping exists.]
12-16 10:53:03.558 1497 1603 I am_wtf : [0,1497,system_server,-1,DisplayDeviceConfig,requesting nits when no mapping exists.]
12-16 10:53:03.574 1497 1868 E DisplayDeviceConfig: requesting nits when no mapping exists.
12-16 10:53:03.574 1497 1868 E DisplayDeviceConfig: requesting nits when no mapping exists.
12-16 10:53:03.574 1497 1603 I am_wtf : [0,1497,system_server,-1,DisplayDeviceConfig,requesting nits when no mapping exists.]
12-16 10:53:03.575 1497 1603 I am_wtf : [0,1497,system_server,-1,DisplayDeviceConfig,requesting nits when no mapping exists.]
12-16 10:53:03.591 1497 1868 E DisplayDeviceConfig: requesting nits when no mapping exists.
12-16 10:53:03.591 1497 1868 E DisplayDeviceConfig: requesting nits when no mapping exists.
12-16 10:53:03.591 1497 1603 I am_wtf : [0,1497,system_server,-1,DisplayDeviceConfig,requesting nits when no mapping exists.]
12-16 10:53:03.591 1497 1603 I am_wtf : [0,1497,system_server,-1,DisplayDeviceConfig,requesting nits when no mapping exists.]
12-16 10:53:03.608 1497 1868 E DisplayDeviceConfig: requesting nits when no mapping exists.
12-16 10:53:03.608 1497 1868 E DisplayDeviceConfig: requesting nits when no mapping exists.
12-16 10:53:03.608 1497 1603 I am_wtf : [0,1497,system_server,-1,DisplayDeviceConfig,requesting nits when no mapping exists.]
12-16 10:53:03.608 1497 1603 I am_wtf : [0,1497,system_server,-1,DisplayDeviceConfig,requesting nits when no mapping exists.]
12-16 10:53:03.624 1497 1868 E DisplayDeviceConfig: requesting nits when no mapping exists.
12-16 10:53:03.624 1497 1868 E DisplayDeviceConfig: requesting nits when no mapping exists.
12-16 10:53:03.624 1497 1603 I am_wtf : [0,1497,system_server,-1,DisplayDeviceConfig,requesting nits when no mapping exists.]
12-16 10:53:03.625 1497 1603 I am_wtf : [0,1497,system_server,-1,DisplayDeviceConfig,requesting nits when no mapping exists.]
12-16 10:53:03.641 1497 1868 E DisplayDeviceConfig: requesting nits when no mapping exists.
12-16 10:53:03.641 1497 1868 E DisplayDeviceConfig: requesting nits when no mapping exists.
12-16 10:53:03.642 1497 1603 I am_wtf : [0,1497,system_server,-1,DisplayDeviceConfig,requesting nits when no mapping exists.]
12-16 10:53:03.642 1497 1603 I am_wtf : [0,1497,system_server,-1,DisplayDeviceConfig,requesting nits when no mapping exists.]
12-16 10:53:03.658 1497 1868 E DisplayDeviceConfig: requesting nits when no mapping exists.
12-16 10:53:03.658 1497 1868 E DisplayDeviceConfig: requesting nits when no mapping exists.
12-16 10:53:03.658 1497 1603 I am_wtf : [0,1497,system_server,-1,DisplayDeviceConfig,requesting nits when no mapping exists.]
12-16 10:53:03.658 1497 1603 I am_wtf : [0,1497,system_server,-1,DisplayDeviceConfig,requesting nits when no mapping exists.]
12-16 10:53:03.675 1497 1868 E DisplayDeviceConfig: requesting nits when no mapping exists.
12-16 10:53:03.675 1497 1868 E DisplayDeviceConfig: requesting nits when no mapping exists.
12-16 10:53:03.675 1497 1603 I am_wtf : [0,1497,system_server,-1,DisplayDeviceConfig,requesting nits when no mapping exists.]
12-16 10:53:03.675 1497 1603 I am_wtf : [0,1497,system_server,-1,DisplayDeviceConfig,requesting nits when no mapping exists.]
12-16 10:53:03.692 1497 1868 E DisplayDeviceConfig: requesting nits when no mapping exists.
12-16 10:53:03.692 1497 1868 E DisplayDeviceConfig: requesting nits when no mapping exists.
12-16 10:53:03.692 1497 1603 I am_wtf : [0,1497,system_server,-1,DisplayDeviceConfig,requesting nits when no mapping exists.]
12-16 10:53:03.692 1497 1603 I am_wtf : [0,1497,system_server,-1,DisplayDeviceConfig,requesting nits when no mapping exists.]
12-16 10:53:03.708 1497 1868 E DisplayDeviceConfig: requesting nits when no mapping exists.
12-16 10:53:03.708 1497 1868 E DisplayDeviceConfig: requesting nits when no mapping exists.
12-16 10:53:03.708 1497 1603 I am_wtf : [0,1497,system_server,-1,DisplayDeviceConfig,requesting nits when no mapping exists.]
12-16 10:53:03.708 1497 1603 I am_wtf : [0,1497,system_server,-1,DisplayDeviceConfig,requesting nits when no mapping exists.]
12-16 10:53:03.724 1497 1868 E DisplayDeviceConfig: requesting nits when no mapping exists.
12-16 10:53:03.725 1497 1868 E DisplayDeviceConfig: requesting nits when no mapping exists.
12-16 10:53:03.725 1497 1603 I am_wtf : [0,1497,system_server,-1,DisplayDeviceConfig,requesting nits when no mapping exists.]
12-16 10:53:03.725 1497 1603 I am_wtf : [0,1497,system_server,-1,DisplayDeviceConfig,requesting nits when no mapping exists.]
12-16 10:53:03.742 1497 1868 E DisplayDeviceConfig: requesting nits when no mapping exists.
12-16 10:53:03.742 1497 1868 E DisplayDeviceConfig: requesting nits when no mapping exists.
12-16 10:53:03.742 1497 1603 I am_wtf : [0,1497,system_server,-1,DisplayDeviceConfig,requesting nits when no mapping exists.]
12-16 10:53:03.742 1497 1603 I am_wtf : [0,1497,system_server,-1,DisplayDeviceConfig,requesting nits when no mapping exists.]
12-16 10:53:03.758 1497 1868 E DisplayDeviceConfig: requesting nits when no mapping exists.
12-16 10:53:03.758 1497 1868 E DisplayDeviceConfig: requesting nits when no mapping exists.
12-16 10:53:03.758 1497 1603 I am_wtf : [0,1497,system_server,-1,DisplayDeviceConfig,requesting nits when no mapping exists.]
12-16 10:53:03.758 1497 1603 I am_wtf : [0,1497,system_server,-1,DisplayDeviceConfig,requesting nits when no mapping exists.]
12-16 10:53:03.759 0 0 I auditd : type=1400 audit(0.0:23533): avc: denied { kill } for comm="swapper/3" capability=5 scontext=u:r:kernel:s0 tcontext=u:r:kernel:s0 tclass=capability permissive=0
12-16 10:53:03.774 1497 1868 E DisplayDeviceConfig: requesting nits when no mapping exists.
12-16 10:53:03.775 1497 1868 E DisplayDeviceConfig: requesting nits when no mapping exists.
12-16 10:53:03.775 1497 1603 I am_wtf : [0,1497,system_server,-1,DisplayDeviceConfig,requesting nits when no mapping exists.]
12-16 10:53:03.775 1497 1603 I am_wtf : [0,1497,system_server,-1,DisplayDeviceConfig,requesting nits when no mapping exists.]
12-16 10:53:03.791 1497 1868 E DisplayDeviceConfig: requesting nits when no mapping exists.
12-16 10:53:03.791 1497 1868 E DisplayDeviceConfig: requesting nits when no mapping exists.
12-16 10:53:03.791 1497 1603 I am_wtf : [0,1497,system_server,-1,DisplayDeviceConfig,requesting nits when no mapping exists.]
12-16 10:53:03.792 1497 1603 I am_wtf : [0,1497,system_server,-1,DisplayDeviceConfig,requesting nits when no mapping exists.]
12-16 10:53:03.808 1497 1868 E DisplayDeviceConfig: requesting nits when no mapping exists.
12-16 10:53:03.809 1497 1868 E DisplayDeviceConfig: requesting nits when no mapping exists.
12-16 10:53:03.809 1497 1603 I am_wtf : [0,1497,system_server,-1,DisplayDeviceConfig,requesting nits when no mapping exists.]
12-16 10:53:03.809 1497 1603 I am_wtf : [0,1497,system_server,-1,DisplayDeviceConfig,requesting nits when no mapping exists.]
12-16 10:53:03.824 1497 1868 E DisplayDeviceConfig: requesting nits when no mapping exists.
12-16 10:53:03.824 1497 1868 E DisplayDeviceConfig: requesting nits when no mapping exists.
12-16 10:53:03.824 1497 1603 I am_wtf : [0,1497,system_server,-1,DisplayDeviceConfig,requesting nits when no mapping exists.]
12-16 10:53:03.825 1497 1603 I am_wtf : [0,1497,system_server,-1,DisplayDeviceConfig,requesting nits when no mapping exists.]
12-16 10:53:03.841 1497 1868 E DisplayDeviceConfig: requesting nits when no mapping exists.
12-16 10:53:03.841 1497 1868 E DisplayDeviceConfig: requesting nits when no mapping exists.
12-16 10:53:03.841 1497 1603 I am_wtf : [0,1497,system_server,-1,DisplayDeviceConfig,requesting nits when no mapping exists.]
12-16 10:53:03.842 1497 1603 I am_wtf : [0,1497,system_server,-1,DisplayDeviceConfig,requesting nits when no mapping exists.]
12-16 10:53:03.858 1497 1868 E DisplayDeviceConfig: requesting nits when no mapping exists.
12-16 10:53:03.859 1497 1868 E DisplayDeviceConfig: requesting nits when no mapping exists.
12-16 10:53:03.859 1497 1603 I am_wtf : [0,1497,system_server,-1,DisplayDeviceConfig,requesting nits when no mapping exists.]
12-16 10:53:03.860 1497 1603 I am_wtf : [0,1497,system_server,-1,DisplayDeviceConfig,requesting nits when no mapping exists.]
12-16 10:53:03.875 1497 1868 E DisplayDeviceConfig: requesting nits when no mapping exists.
12-16 10:53:03.875 1497 1868 E DisplayDeviceConfig: requesting nits when no mapping exists.
12-16 10:53:03.875 1497 1603 I am_wtf : [0,1497,system_server,-1,DisplayDeviceConfig,requesting nits when no mapping exists.]
12-16 10:53:03.875 1497 1603 I am_wtf : [0,1497,system_server,-1,DisplayDeviceConfig,requesting nits when no mapping exists.]
12-16 10:53:03.892 1497 1868 E DisplayDeviceConfig: requesting nits when no mapping exists.
12-16 10:53:03.892 1497 1868 E DisplayDeviceConfig: requesting nits when no mapping exists.
12-16 10:53:03.892 1497 1603 I am_wtf : [0,1497,system_server,-1,DisplayDeviceConfig,requesting nits when no mapping exists.]
12-16 10:53:03.892 1497 1603 I service_manager_stats: [100,35,6900]
12-16 10:53:03.892 1497 1603 I am_wtf : [0,1497,system_server,-1,DisplayDeviceConfig,requesting nits when no mapping exists.]
12-16 10:53:03.908 1497 1868 E DisplayDeviceConfig: requesting nits when no mapping exists.
12-16 10:53:03.909 1497 1868 E DisplayDeviceConfig: requesting nits when no mapping exists.
12-16 10:53:03.909 1497 1603 I am_wtf : [0,1497,system_server,-1,DisplayDeviceConfig,requesting nits when no mapping exists.]
12-16 10:53:03.909 1497 1603 I am_wtf : [0,1497,system_server,-1,DisplayDeviceConfig,requesting nits when no mapping exists.]
12-16 10:53:03.925 1497 1868 E DisplayDeviceConfig: requesting nits when no mapping exists.
12-16 10:53:03.925 1497 1868 E DisplayDeviceConfig: requesting nits when no mapping exists.
12-16 10:53:03.925 1497 1603 I am_wtf : [0,1497,system_server,-1,DisplayDeviceConfig,requesting nits when no mapping exists.]
12-16 10:53:03.926 1497 1603 I am_wtf : [0,1497,system_server,-1,DisplayDeviceConfig,requesting nits when no mapping exists.]
12-16 10:53:03.942 1497 1868 E DisplayDeviceConfig: requesting nits when no mapping exists.
12-16 10:53:03.942 1497 1868 E DisplayDeviceConfig: requesting nits when no mapping exists.
12-16 10:53:03.942 1497 1603 I am_wtf : [0,1497,system_server,-1,DisplayDeviceConfig,requesting nits when no mapping exists.]
12-16 10:53:03.943 1497 1603 I am_wtf : [0,1497,system_server,-1,DisplayDeviceConfig,requesting nits when no mapping exists.]
12-16 10:53:03.943 1497 1595 I wm_stop_activity: [0,37482053,com.android.htmlviewer/.HTMLViewerActivity]
12-16 10:53:03.960 1497 1868 E DisplayDeviceConfig: requesting nits when no mapping exists.
12-16 10:53:03.960 1497 1868 E DisplayDeviceConfig: requesting nits when no mapping exists.
12-16 10:53:03.960 1497 1603 I am_wtf : [0,1497,system_server,-1,DisplayDeviceConfig,requesting nits when no mapping exists.]
12-16 10:53:03.962 1497 1603 I am_wtf : [0,1497,system_server,-1,DisplayDeviceConfig,requesting nits when no mapping exists.]
12-16 10:53:03.968 28070 28070 I wm_on_stop_called: [37482053,com.android.htmlviewer.HTMLViewerActivity,STOP_ACTIVITY_ITEM]
12-16 10:53:03.975 1497 1868 E DisplayDeviceConfig: requesting nits when no mapping exists.
12-16 10:53:03.975 1497 1868 E DisplayDeviceConfig: requesting nits when no mapping exists.
12-16 10:53:03.975 1497 1603 I am_wtf : [0,1497,system_server,-1,DisplayDeviceConfig,requesting nits when no mapping exists.]
12-16 10:53:03.976 1497 1603 I am_wtf : [0,1497,system_server,-1,DisplayDeviceConfig,requesting nits when no mapping exists.]
12-16 10:53:03.983 17557 17592 W ContextImpl: Calling a method in the system process without a qualified user: android.app.ContextImpl.startService:1816 android.content.ContextWrapper.startService:774 com.thundercomm.gamemode.ingame.services.GameModeActionUtils.startGameModeService:99 com.thundercomm.gamemode.ingame.services.GameModeActionUtils.startGameModeEntry:22 com.thundercomm.gamemode.ingame.services.ActivityMonitoringService$1.onActivityLaunch:127
12-16 10:53:03.984 1497 1497 I GameModeConfig: Current uri is uri = content://com.thundercomm.gamemode.api/gamemode_settings/gamemode_isgaming
12-16 10:53:03.985 1497 1497 I GameModeConfig: isGameModeOn = false
12-16 10:53:03.985 1497 1497 I GameModeConfig: isGameModeOn = false
12-16 10:53:03.985 1497 1497 I GameModeConfig: isDisableVoice = true
12-16 10:53:03.992 1497 1868 E DisplayDeviceConfig: requesting nits when no mapping exists.
12-16 10:53:03.992 1497 1868 E DisplayDeviceConfig: requesting nits when no mapping exists.
12-16 10:53:03.992 1497 1603 I am_wtf : [0,1497,system_server,-1,DisplayDeviceConfig,requesting nits when no mapping exists.]
12-16 10:53:03.993 1497 1603 I am_wtf : [0,1497,system_server,-1,DisplayDeviceConfig,requesting nits when no mapping exists.]
12-16 10:53:04.006 1497 1868 E DisplayDeviceConfig: requesting nits when no mapping exists.
12-16 10:53:04.006 1497 1868 E DisplayDeviceConfig: requesting nits when no mapping exists.
12-16 10:53:04.006 1497 1603 I am_wtf : [0,1497,system_server,-1,DisplayDeviceConfig,requesting nits when no mapping exists.]
12-16 10:53:04.007 1497 1603 I am_wtf : [0,1497,system_server,-1,DisplayDeviceConfig,requesting nits when no mapping exists.]
12-16 10:53:04.023 1497 1868 E DisplayDeviceConfig: requesting nits when no mapping exists.
12-16 10:53:04.023 1497 1868 E DisplayDeviceConfig: requesting nits when no mapping exists.
12-16 10:53:04.023 1497 1603 I am_wtf : [0,1497,system_server,-1,DisplayDeviceConfig,requesting nits when no mapping exists.]
12-16 10:53:04.023 1497 1603 I am_wtf : [0,1497,system_server,-1,DisplayDeviceConfig,requesting nits when no mapping exists.]
12-16 10:53:04.039 1497 1868 E DisplayDeviceConfig: requesting nits when no mapping exists.
12-16 10:53:04.039 1497 1868 E DisplayDeviceConfig: requesting nits when no mapping exists.
12-16 10:53:04.039 1497 1603 I am_wtf : [0,1497,system_server,-1,DisplayDeviceConfig,requesting nits when no mapping exists.]
12-16 10:53:04.040 1497 1603 I am_wtf : [0,1497,system_server,-1,DisplayDeviceConfig,requesting nits when no mapping exists.]
12-16 10:53:04.056 1497 1868 E DisplayDeviceConfig: requesting nits when no mapping exists.
12-16 10:53:04.056 1497 1868 E DisplayDeviceConfig: requesting nits when no mapping exists.
12-16 10:53:04.056 1497 1603 I am_wtf : [0,1497,system_server,-1,DisplayDeviceConfig,requesting nits when no mapping exists.]
12-16 10:53:04.057 1497 1603 I am_wtf : [0,1497,system_server,-1,DisplayDeviceConfig,requesting nits when no mapping exists.]
12-16 10:53:04.073 1497 1868 E DisplayDeviceConfig: requesting nits when no mapping exists.
12-16 10:53:04.073 1497 1868 E DisplayDeviceConfig: requesting nits when no mapping exists.
12-16 10:53:04.073 1497 1603 I am_wtf : [0,1497,system_server,-1,DisplayDeviceConfig,requesting nits when no mapping exists.]
12-16 10:53:04.073 1497 1603 I am_wtf : [0,1497,system_server,-1,DisplayDeviceConfig,requesting nits when no mapping exists.]
12-16 10:53:04.089 1497 1868 E DisplayDeviceConfig: requesting nits when no mapping exists.
12-16 10:53:04.090 1497 1868 E DisplayDeviceConfig: requesting nits when no mapping exists.
12-16 10:53:04.090 1497 1603 I am_wtf : [0,1497,system_server,-1,DisplayDeviceConfig,requesting nits when no mapping exists.]
12-16 10:53:04.090 1497 1603 I am_wtf : [0,1497,system_server,-1,DisplayDeviceConfig,requesting nits when no mapping exists.]
12-16 10:53:04.106 1497 1868 E DisplayDeviceConfig: requesting nits when no mapping exists.
12-16 10:53:04.106 1497 1868 E DisplayDeviceConfig: requesting nits when no mapping exists.
12-16 10:53:04.106 1497 1603 I am_wtf : [0,1497,system_server,-1,DisplayDeviceConfig,requesting nits when no mapping exists.]
12-16 10:53:04.107 1497 1603 I am_wtf : [0,1497,system_server,-1,DisplayDeviceConfig,requesting nits when no mapping exists.]
12-16 10:53:04.123 1497 1868 E DisplayDeviceConfig: requesting nits when no mapping exists.
12-16 10:53:04.123 1497 1868 E DisplayDeviceConfig: requesting nits when no mapping exists.
12-16 10:53:04.123 1497 1603 I am_wtf : [0,1497,system_server,-1,DisplayDeviceConfig,requesting nits when no mapping exists.]
12-16 10:53:04.123 1497 1603 I am_wtf : [0,1497,system_server,-1,DisplayDeviceConfig,requesting nits when no mapping exists.]
12-16 10:53:04.140 1497 1868 E DisplayDeviceConfig: requesting nits when no mapping exists.
12-16 10:53:04.140 1497 1868 E DisplayDeviceConfig: requesting nits when no mapping exists.
12-16 10:53:04.140 1497 1603 I am_wtf : [0,1497,system_server,-1,DisplayDeviceConfig,requesting nits when no mapping exists.]
12-16 10:53:04.140 1497 1603 I am_wtf : [0,1497,system_server,-1,DisplayDeviceConfig,requesting nits when no mapping exists.]
12-16 10:53:04.157 1497 1868 E DisplayDeviceConfig: requesting nits when no mapping exists.
12-16 10:53:04.157 1497 1868 E DisplayDeviceConfig: requesting nits when no mapping exists.
12-16 10:53:04.157 1497 1603 I am_wtf : [0,1497,system_server,-1,DisplayDeviceConfig,requesting nits when no mapping exists.]
12-16 10:53:04.157 1497 1603 I am_wtf : [0,1497,system_server,-1,DisplayDeviceConfig,requesting nits when no mapping exists.]
12-16 10:53:04.174 1497 1868 E DisplayDeviceConfig: requesting nits when no mapping exists.
12-16 10:53:04.174 1497 1868 E DisplayDeviceConfig: requesting nits when no mapping exists.
12-16 10:53:04.174 1497 1603 I am_wtf : [0,1497,system_server,-1,DisplayDeviceConfig,requesting nits when no mapping exists.]
12-16 10:53:04.174 1497 1603 I am_wtf : [0,1497,system_server,-1,DisplayDeviceConfig,requesting nits when no mapping exists.]
12-16 10:53:04.190 1497 1868 E DisplayDeviceConfig: requesting nits when no mapping exists.
12-16 10:53:04.190 1497 1868 E DisplayDeviceConfig: requesting nits when no mapping exists.
12-16 10:53:04.190 1497 1603 I am_wtf : [0,1497,system_server,-1,DisplayDeviceConfig,requesting nits when no mapping exists.]
12-16 10:53:04.190 1497 1603 I am_wtf : [0,1497,system_server,-1,DisplayDeviceConfig,requesting nits when no mapping exists.]
12-16 10:53:04.206 1497 1868 E DisplayDeviceConfig: requesting nits when no mapping exists.
12-16 10:53:04.207 1497 1868 E DisplayDeviceConfig: requesting nits when no mapping exists.
12-16 10:53:04.207 1497 1603 I am_wtf : [0,1497,system_server,-1,DisplayDeviceConfig,requesting nits when no mapping exists.]
12-16 10:53:04.207 1497 1603 I am_wtf : [0,1497,system_server,-1,DisplayDeviceConfig,requesting nits when no mapping exists.]
12-16 10:53:04.224 1497 1868 E DisplayDeviceConfig: requesting nits when no mapping exists.
12-16 10:53:04.224 1497 1868 E DisplayDeviceConfig: requesting nits when no mapping exists.
12-16 10:53:04.224 1497 1603 I am_wtf : [0,1497,system_server,-1,DisplayDeviceConfig,requesting nits when no mapping exists.]
12-16 10:53:04.224 1497 1603 I am_wtf : [0,1497,system_server,-1,DisplayDeviceConfig,requesting nits when no mapping exists.]
12-16 10:53:04.240 1497 1868 E DisplayDeviceConfig: requesting nits when no mapping exists.
12-16 10:53:04.240 1497 1868 E DisplayDeviceConfig: requesting nits when no mapping exists.
12-16 10:53:04.240 1497 1603 I am_wtf : [0,1497,system_server,-1,DisplayDeviceConfig,requesting nits when no mapping exists.]
12-16 10:53:04.240 1497 1603 I am_wtf : [0,1497,system_server,-1,DisplayDeviceConfig,requesting nits when no mapping exists.]
12-16 10:53:04.257 1497 1868 E DisplayDeviceConfig: requesting nits when no mapping exists.
12-16 10:53:04.257 1497 1868 E DisplayDeviceConfig: requesting nits when no mapping exists.
12-16 10:53:04.257 1497 1603 I am_wtf : [0,1497,system_server,-1,DisplayDeviceConfig,requesting nits when no mapping exists.]
12-16 10:53:04.257 1497 1603 I am_wtf : [0,1497,system_server,-1,DisplayDeviceConfig,requesting nits when no mapping exists.]
12-16 10:53:04.273 1497 1868 E DisplayDeviceConfig: requesting nits when no mapping exists.
12-16 10:53:04.273 1497 1603 I am_wtf : [0,1497,system_server,-1,DisplayDeviceConfig,requesting nits when no mapping exists.]
12-16 10:53:04.273 1497 1868 E DisplayDeviceConfig: requesting nits when no mapping exists.
12-16 10:53:04.274 1497 1603 I am_wtf : [0,1497,system_server,-1,DisplayDeviceConfig,requesting nits when no mapping exists.]
12-16 10:53:04.290 1497 1868 E DisplayDeviceConfig: requesting nits when no mapping exists.
12-16 10:53:04.290 1497 1868 E DisplayDeviceConfig: requesting nits when no mapping exists.
12-16 10:53:04.290 1497 1603 I am_wtf : [0,1497,system_server,-1,DisplayDeviceConfig,requesting nits when no mapping exists.]
12-16 10:53:04.290 1497 1603 I am_wtf : [0,1497,system_server,-1,DisplayDeviceConfig,requesting nits when no mapping exists.]
12-16 10:53:04.307 1497 1868 E DisplayDeviceConfig: requesting nits when no mapping exists.
12-16 10:53:04.307 1497 1603 I am_wtf : [0,1497,system_server,-1,DisplayDeviceConfig,requesting nits when no mapping exists.]
12-16 10:53:04.307 1497 1868 E DisplayDeviceConfig: requesting nits when no mapping exists.
12-16 10:53:04.307 1497 1603 I am_wtf : [0,1497,system_server,-1,DisplayDeviceConfig,requesting nits when no mapping exists.]
12-16 10:53:04.323 1497 1868 E DisplayDeviceConfig: requesting nits when no mapping exists.
12-16 10:53:04.323 1497 1868 E DisplayDeviceConfig: requesting nits when no mapping exists.
12-16 10:53:04.323 1497 1603 I am_wtf : [0,1497,system_server,-1,DisplayDeviceConfig,requesting nits when no mapping exists.]
12-16 10:53:04.324 1497 1603 I am_wtf : [0,1497,system_server,-1,DisplayDeviceConfig,requesting nits when no mapping exists.]
12-16 10:53:04.340 1497 1868 E DisplayDeviceConfig: requesting nits when no mapping exists.
12-16 10:53:04.340 1497 1868 E DisplayDeviceConfig: requesting nits when no mapping exists.
12-16 10:53:04.340 1497 1603 I am_wtf : [0,1497,system_server,-1,DisplayDeviceConfig,requesting nits when no mapping exists.]
12-16 10:53:04.340 1497 1603 I am_wtf : [0,1497,system_server,-1,DisplayDeviceConfig,requesting nits when no mapping exists.]
12-16 10:53:04.357 1497 1868 E DisplayDeviceConfig: requesting nits when no mapping exists.
12-16 10:53:04.357 1497 1868 E DisplayDeviceConfig: requesting nits when no mapping exists.
12-16 10:53:04.357 1497 1603 I am_wtf : [0,1497,system_server,-1,DisplayDeviceConfig,requesting nits when no mapping exists.]
12-16 10:53:04.357 1497 1603 I am_wtf : [0,1497,system_server,-1,DisplayDeviceConfig,requesting nits when no mapping exists.]
12-16 10:53:04.373 1497 1868 E DisplayDeviceConfig: requesting nits when no mapping exists.
12-16 10:53:04.374 1497 1603 I am_wtf : [0,1497,system_server,-1,DisplayDeviceConfig,requesting nits when no mapping exists.]
12-16 10:53:04.374 1497 1868 E DisplayDeviceConfig: requesting nits when no mapping exists.
12-16 10:53:04.374 1497 1603 I am_wtf : [0,1497,system_server,-1,DisplayDeviceConfig,requesting nits when no mapping exists.]
12-16 10:53:04.390 1497 1868 E DisplayDeviceConfig: requesting nits when no mapping exists.
12-16 10:53:04.390 1497 1868 E DisplayDeviceConfig: requesting nits when no mapping exists.
12-16 10:53:04.390 1497 1603 I am_wtf : [0,1497,system_server,-1,DisplayDeviceConfig,requesting nits when no mapping exists.]
12-16 10:53:04.391 1497 1603 I am_wtf : [0,1497,system_server,-1,DisplayDeviceConfig,requesting nits when no mapping exists.]
12-16 10:53:04.407 1497 1868 E DisplayDeviceConfig: requesting nits when no mapping exists.
