12-16 11:19:49.498 1497 1603 I am_wtf : [0,1497,system_server,-1,DisplayDeviceConfig,requesting nits when no mapping exists.]
12-16 11:19:49.512 1497 1868 E DisplayDeviceConfig: requesting nits when no mapping exists.
12-16 11:19:49.513 1497 1603 I am_wtf : [0,1497,system_server,-1,DisplayDeviceConfig,requesting nits when no mapping exists.]
12-16 11:19:49.514 1497 1868 E DisplayDeviceConfig: requesting nits when no mapping exists.
12-16 11:19:49.514 1497 1603 I am_wtf : [0,1497,system_server,-1,DisplayDeviceConfig,requesting nits when no mapping exists.]
12-16 11:19:49.529 1497 1868 E DisplayDeviceConfig: requesting nits when no mapping exists.
12-16 11:19:49.530 1497 1868 E DisplayDeviceConfig: requesting nits when no mapping exists.
12-16 11:19:49.530 1497 1603 I am_wtf : [0,1497,system_server,-1,DisplayDeviceConfig,requesting nits when no mapping exists.]
12-16 11:19:49.531 1497 1603 I am_wtf : [0,1497,system_server,-1,DisplayDeviceConfig,requesting nits when no mapping exists.]
12-16 11:19:49.546 1497 1868 E DisplayDeviceConfig: requesting nits when no mapping exists.
12-16 11:19:49.546 1497 1603 I am_wtf : [0,1497,system_server,-1,DisplayDeviceConfig,requesting nits when no mapping exists.]
12-16 11:19:49.546 1497 1868 E DisplayDeviceConfig: requesting nits when no mapping exists.
12-16 11:19:49.547 1497 1603 I am_wtf : [0,1497,system_server,-1,DisplayDeviceConfig,requesting nits when no mapping exists.]
12-16 11:19:49.563 1497 1868 E DisplayDeviceConfig: requesting nits when no mapping exists.
12-16 11:19:49.563 1497 1603 I am_wtf : [0,1497,system_server,-1,DisplayDeviceConfig,requesting nits when no mapping exists.]
12-16 11:19:49.563 1497 1868 E DisplayDeviceConfig: requesting nits when no mapping exists.
12-16 11:19:49.564 1497 1603 I am_wtf : [0,1497,system_server,-1,DisplayDeviceConfig,requesting nits when no mapping exists.]
12-16 11:19:49.579 1497 1868 E DisplayDeviceConfig: requesting nits when no mapping exists.
12-16 11:19:49.580 1497 1603 I am_wtf : [0,1497,system_server,-1,DisplayDeviceConfig,requesting nits when no mapping exists.]
12-16 11:19:49.580 1497 1868 E DisplayDeviceConfig: requesting nits when no mapping exists.
12-16 11:19:49.580 1497 1603 I am_wtf : [0,1497,system_server,-1,DisplayDeviceConfig,requesting nits when no mapping exists.]
12-16 11:19:49.596 1497 1868 E DisplayDeviceConfig: requesting nits when no mapping exists.
12-16 11:19:49.597 1497 1603 I am_wtf : [0,1497,system_server,-1,DisplayDeviceConfig,requesting nits when no mapping exists.]
12-16 11:19:49.598 1497 1868 E DisplayDeviceConfig: requesting nits when no mapping exists.
12-16 11:19:49.599 1497 1603 I am_wtf : [0,1497,system_server,-1,DisplayDeviceConfig,requesting nits when no mapping exists.]
12-16 11:19:49.613 1497 1868 E DisplayDeviceConfig: requesting nits when no mapping exists.
12-16 11:19:49.614 1497 1603 I am_wtf : [0,1497,system_server,-1,DisplayDeviceConfig,requesting nits when no mapping exists.]
12-16 11:19:49.614 1497 1868 E DisplayDeviceConfig: requesting nits when no mapping exists.
12-16 11:19:49.615 1497 1603 I am_wtf : [0,1497,system_server,-1,DisplayDeviceConfig,requesting nits when no mapping exists.]
12-16 11:19:49.630 1497 1868 E DisplayDeviceConfig: requesting nits when no mapping exists.
12-16 11:19:49.630 1497 1603 I am_wtf : [0,1497,system_server,-1,DisplayDeviceConfig,requesting nits when no mapping exists.]
12-16 11:19:49.632 1497 1868 E DisplayDeviceConfig: requesting nits when no mapping exists.
12-16 11:19:49.635 1497 1603 I am_wtf : [0,1497,system_server,-1,DisplayDeviceConfig,requesting nits when no mapping exists.]
12-16 11:19:49.646 1497 1868 E DisplayDeviceConfig: requesting nits when no mapping exists.
12-16 11:19:49.647 1497 1603 I am_wtf : [0,1497,system_server,-1,DisplayDeviceConfig,requesting nits when no mapping exists.]
12-16 11:19:49.648 1497 1868 E DisplayDeviceConfig: requesting nits when no mapping exists.
12-16 11:19:49.648 1497 1603 I am_wtf : [0,1497,system_server,-1,DisplayDeviceConfig,requesting nits when no mapping exists.]
12-16 11:19:49.663 1497 1868 E DisplayDeviceConfig: requesting nits when no mapping exists.
12-16 11:19:49.663 1497 1868 E DisplayDeviceConfig: requesting nits when no mapping exists.
12-16 11:19:49.663 1497 1603 I am_wtf : [0,1497,system_server,-1,DisplayDeviceConfig,requesting nits when no mapping exists.]
12-16 11:19:49.665 1497 1603 I am_wtf : [0,1497,system_server,-1,DisplayDeviceConfig,requesting nits when no mapping exists.]
12-16 11:19:49.680 1497 1868 E DisplayDeviceConfig: requesting nits when no mapping exists.
12-16 11:19:49.680 1497 1603 I am_wtf : [0,1497,system_server,-1,DisplayDeviceConfig,requesting nits when no mapping exists.]
12-16 11:19:49.680 1497 1868 E DisplayDeviceConfig: requesting nits when no mapping exists.
12-16 11:19:49.681 1497 1603 I am_wtf : [0,1497,system_server,-1,DisplayDeviceConfig,requesting nits when no mapping exists.]
12-16 11:19:49.696 1497 1868 E DisplayDeviceConfig: requesting nits when no mapping exists.
12-16 11:19:49.697 1497 1603 I am_wtf : [0,1497,system_server,-1,DisplayDeviceConfig,requesting nits when no mapping exists.]
12-16 11:19:49.697 1497 1868 E DisplayDeviceConfig: requesting nits when no mapping exists.
12-16 11:19:49.698 1497 1603 I am_wtf : [0,1497,system_server,-1,DisplayDeviceConfig,requesting nits when no mapping exists.]
12-16 11:19:49.713 1497 1868 E DisplayDeviceConfig: requesting nits when no mapping exists.
12-16 11:19:49.713 1497 1868 E DisplayDeviceConfig: requesting nits when no mapping exists.
12-16 11:19:49.713 1497 1603 I am_wtf : [0,1497,system_server,-1,DisplayDeviceConfig,requesting nits when no mapping exists.]
12-16 11:19:49.715 1497 1603 I am_wtf : [0,1497,system_server,-1,DisplayDeviceConfig,requesting nits when no mapping exists.]
12-16 11:19:49.759 0 0 I auditd : type=1400 audit(0.0:25303): avc: denied { kill } for comm="swapper/1" capability=5 scontext=u:r:kernel:s0 tcontext=u:r:kernel:s0 tclass=capability permissive=0
01-01 14:36:15.726 0 0 D : mv2112_read_status
01-01 14:36:15.727 0 0 D mv2112_update_link: 3.0x901(1G): 0x80
01-01 14:36:15.727 0 0 D mv2112_update_link: 3.0x8109(100M): 0x8
01-01 14:36:15.727 0 0 D mv2112_update_link: link 0x0
01-01 14:36:15.727 0 0 D mv2112_read_status: autoneg is disabled
12-16 11:19:50.759 0 0 I auditd : type=1400 audit(0.0:25304): avc: denied { kill } for comm="swapper/1" capability=5 scontext=u:r:kernel:s0 tcontext=u:r:kernel:s0 tclass=capability permissive=0
01-01 14:36:16.750 0 0 D : mv2112_read_status
01-01 14:36:16.750 0 0 D mv2112_update_link: 3.0x901(1G): 0x80
01-01 14:36:16.751 0 0 D mv2112_update_link: 3.0x8109(100M): 0x8
01-01 14:36:16.751 0 0 D mv2112_update_link: link 0x0
01-01 14:36:16.751 0 0 D mv2112_read_status: autoneg is disabled
12-16 11:19:51.759 0 0 I auditd : type=1400 audit(0.0:25305): avc: denied { kill } for comm="swapper/1" capability=5 scontext=u:r:kernel:s0 tcontext=u:r:kernel:s0 tclass=capability permissive=0
01-01 14:36:17.774 0 0 D : mv2112_read_status
01-01 14:36:17.774 0 0 D mv2112_update_link: 3.0x901(1G): 0x80
01-01 14:36:17.775 0 0 D mv2112_update_link: 3.0x8109(100M): 0x8
01-01 14:36:17.775 0 0 D mv2112_update_link: link 0x0
01-01 14:36:17.775 0 0 D mv2112_read_status: autoneg is disabled
12-16 11:19:52.759 0 0 I auditd : type=1400 audit(0.0:25306): avc: denied { kill } for comm="swapper/1" capability=5 scontext=u:r:kernel:s0 tcontext=u:r:kernel:s0 tclass=capability permissive=0
01-01 14:36:18.798 0 0 D : mv2112_read_status
01-01 14:36:18.798 0 0 D mv2112_update_link: 3.0x901(1G): 0x80
01-01 14:36:18.799 0 0 D mv2112_update_link: 3.0x8109(100M): 0x8
01-01 14:36:18.799 0 0 D mv2112_update_link: link 0x0
01-01 14:36:18.799 0 0 D mv2112_read_status: autoneg is disabled
01-01 14:36:18.832 0 0 I msm_vidc: err : ffffffff: .....: DBLP Set: status 0
12-16 11:19:53.759 0 0 I auditd : type=1400 audit(0.0:25307): avc: denied { kill } for comm="swapper/1" capability=5 scontext=u:r:kernel:s0 tcontext=u:r:kernel:s0 tclass=capability permissive=0
01-01 14:36:19.822 0 0 D : mv2112_read_status
01-01 14:36:19.822 0 0 D mv2112_update_link: 3.0x901(1G): 0x80
01-01 14:36:19.823 0 0 D mv2112_update_link: 3.0x8109(100M): 0x8
01-01 14:36:19.823 0 0 D mv2112_update_link: link 0x0
01-01 14:36:19.823 0 0 D mv2112_read_status: autoneg is disabled
12-16 11:19:54.759 0 0 I auditd : type=1400 audit(0.0:25308): avc: denied { kill } for comm="swapper/1" capability=5 scontext=u:r:kernel:s0 tcontext=u:r:kernel:s0 tclass=capability permissive=0
12-16 11:19:54.958 1497 1603 I am_uid_idle: 10045
01-01 14:36:20.846 0 0 D : mv2112_read_status
01-01 14:36:20.847 0 0 D mv2112_update_link: 3.0x901(1G): 0x80
01-01 14:36:20.847 0 0 D mv2112_update_link: 3.0x8109(100M): 0x8
01-01 14:36:20.847 0 0 D mv2112_update_link: link 0x0
01-01 14:36:20.847 0 0 D mv2112_read_status: autoneg is disabled
12-16 11:19:55.757 1497 1623 I PowerManagerService: Napping display group (groupId=0, uid=1000)...
12-16 11:19:55.757 1497 1623 I PowerManagerService: Nap time (uid 1000)...
12-16 11:19:55.759 1497 1623 I DreamManagerService: Entering dreamland.
12-16 11:19:55.764 1497 1623 I PowerManagerService: Dreaming...
12-16 11:19:55.773 1497 1592 I DreamController: Starting dream: name=ComponentInfo{com.thundercomm.screensaver/com.thundercomm.saverclock.service.ClockScreensaver}, isTest=false, canDoze=false, userId=0
12-16 11:19:55.773 1497 1592 I sysui_multi_action: [757,222,758,1]
12-16 11:19:55.775 1497 1592 I am_uid_active: 10045
12-16 11:19:55.781 1497 2091 I ActivityTaskManager: START u0 {flg=0x10000000 pkg=com.thundercomm.screensaver cmp=com.thundercomm.screensaver/android.service.dreams.DreamActivity (has extras)} from uid 10045
12-16 11:19:55.783 1497 2091 I wm_task_created: [202,-1]
12-16 11:19:55.783 1497 2091 W ActivityTaskManager: Can't find TaskDisplayArea to determine support for multi window. Task id=202 attached=false
12-16 11:19:55.787 1497 2091 I wm_task_moved: [202,1,10]
12-16 11:19:55.787 1497 2091 I wm_task_to_front: [0,202]
12-16 11:19:55.787 1497 2091 I wm_create_task: [0,202]
12-16 11:19:55.787 1497 2091 I wm_create_activity: [0,195154252,202,com.thundercomm.screensaver/android.service.dreams.DreamActivity,NULL,NULL,NULL,276824064]
12-16 11:19:55.787 1497 2091 I wm_task_moved: [202,1,10]
12-16 11:19:55.787 2552 2552 I wm_on_top_resumed_lost_called: [67754667,com.android.launcher3.uioverrides.QuickstepLauncher,topStateChangedWhenResumed]
12-16 11:19:55.788 1497 2091 I wm_pause_activity: [0,67754667,com.android.launcher3/.uioverrides.QuickstepLauncher,userLeaving=true,pauseBackTasks]
12-16 11:19:55.789 2552 2552 I wm_on_paused_called: [67754667,com.android.launcher3.uioverrides.QuickstepLauncher,performPause]
12-16 11:19:55.790 1497 2091 I ActivityTaskManager: FOREGROUND_APPLICATION_CHANGED to android.service.dreams.DreamActivity
12-16 11:19:55.790 1497 2091 I ActivityTaskManager: The Process com.thundercomm.screensaver Already Exists in BG. So sending its PID: 4609
12-16 11:19:55.790 1497 2091 W ActivityTaskManager: Tried to set launchTime (0) < mLastActivityLaunchTime (23234783)
12-16 11:19:55.790 1497 2091 I wm_add_to_stopping: [0,67754667,com.android.launcher3/.uioverrides.QuickstepLauncher,makeInvisible]
12-16 11:19:55.791 1497 2091 I wm_restart_activity: [0,195154252,202,com.thundercomm.screensaver/android.service.dreams.DreamActivity]
12-16 11:19:55.791 1497 2091 I wm_set_resumed_activity: [0,com.thundercomm.screensaver/android.service.dreams.DreamActivity,minimalResumeActivityLocked]
12-16 11:19:55.794 1497 1602 I am_pss : [27148,1000,com.android.settings,151825408,136097792,0,293351424,0,15,17]
12-16 11:19:55.794 1497 1595 I sysui_multi_action: [757,803,799,window_time_0,802,62]
12-16 11:19:55.796 4609 4609 I wm_on_create_called: [195154252,android.service.dreams.DreamActivity,performCreate]
12-16 11:19:55.796 4609 4609 I wm_on_start_called: [195154252,android.service.dreams.DreamActivity,handleStartActivity]
12-16 11:19:55.796 4609 4609 I wm_on_resume_called: [195154252,android.service.dreams.DreamActivity,RESUME_ACTIVITY]
12-16 11:19:55.797 1497 2091 W WindowManager: Failed looking up window session=Session{47d6d22 4609:u0a10045} callers=com.android.server.wm.WindowManagerService.windowForClientLocked:5628 com.android.server.wm.Session.insetsModified:629 android.view.IWindowSession$Stub.onTransact:1151
12-16 11:19:55.798 4609 4609 I wm_on_top_resumed_gained_called: [195154252,android.service.dreams.DreamActivity,topStateChangedWhenResumed]
12-16 11:19:55.798 17557 17592 W ContextImpl: Calling a method in the system process without a qualified user: android.app.ContextImpl.startService:1816 android.content.ContextWrapper.startService:774 com.thundercomm.gamemode.ingame.services.GameModeActionUtils.startGameModeService:99 com.thundercomm.gamemode.ingame.services.GameModeActionUtils.startGameModeEntry:22 com.thundercomm.gamemode.ingame.services.ActivityMonitoringService$1.onActivityLaunch:127
12-16 11:19:55.801 1497 1602 I am_pss : [31515,10023,com.hryt.hiphishowfsecontrol,18130944,14630912,0,107724800,0,19,6]
12-16 11:19:55.803 1497 1497 I GameModeConfig: Current uri is uri = content://com.thundercomm.gamemode.api/gamemode_settings/gamemode_isgaming
12-16 11:19:55.804 1497 1497 I GameModeConfig: isGameModeOn = false
12-16 11:19:55.805 1497 1497 I GameModeConfig: isGameModeOn = false
12-16 11:19:55.805 1497 1497 I GameModeConfig: isDisableVoice = true
12-16 11:19:55.809 1497 1602 I am_pss : [31514,10070,com.android.gallery3d,7954432,5349376,0,93335552,0,19,5]
12-16 11:19:55.816 1497 1602 I am_pss : [31513,10067,com.android.deskclock,10260480,7720960,0,97644544,0,19,4]
12-16 11:19:55.818 1497 1602 I commit_sys_config_file: [procstats,7]
12-16 11:19:55.822 1497 1596 I input_focus: [Focus request 83cf29b com.thundercomm.screensaver/android.service.dreams.DreamActivity,reason=UpdateInputWindows]
12-16 11:19:55.831 1497 1592 I sysui_multi_action: [319,47,322,47,325,23779,757,761,758,8,759,2,806,com.thundercomm.screensaver,871,android.service.dreams.DreamActivity,904,com.thundercomm.screensaver,905,0,1320,4,1321,2]
12-16 11:19:55.831 1497 1623 V DisplayPowerController[0]: Brightness [1.0] reason changing to: 'manual', previous reason: 'manual [ dim ]'.
12-16 11:19:55.831 1497 1623 I sysui_multi_action: [757,1696,758,6,759,3]
12-16 11:19:55.831 1497 1592 I wm_activity_launch_time: [0,195154252,com.thundercomm.screensaver/android.service.dreams.DreamActivity,47]
12-16 11:19:55.832 1497 1681 I input_focus: [Focus leaving 3f627c3 com.android.launcher3/com.android.launcher3.uioverrides.QuickstepLauncher (server),reason=NO_WINDOW]
12-16 11:19:55.847 1497 1868 E DisplayDeviceConfig: requesting nits when no mapping exists.
12-16 11:19:55.847 1497 1868 E DisplayDeviceConfig: requesting nits when no mapping exists.
12-16 11:19:55.847 1497 1603 I am_wtf : [0,1497,system_server,-1,DisplayDeviceConfig,requesting nits when no mapping exists.]
12-16 11:19:55.847 1497 1603 I service_manager_stats: [104,53,6985]
12-16 11:19:55.847 1497 1603 I am_wtf : [0,1497,system_server,-1,DisplayDeviceConfig,requesting nits when no mapping exists.]
12-16 11:19:55.863 1497 1868 E DisplayDeviceConfig: requesting nits when no mapping exists.
12-16 11:19:55.863 1497 1868 E DisplayDeviceConfig: requesting nits when no mapping exists.
12-16 11:19:55.863 1497 1603 I am_wtf : [0,1497,system_server,-1,DisplayDeviceConfig,requesting nits when no mapping exists.]
12-16 11:19:55.863 1497 1603 I am_wtf : [0,1497,system_server,-1,DisplayDeviceConfig,requesting nits when no mapping exists.]
12-16 11:19:55.864 1497 1681 I input_focus: [Focus entering 83cf29b com.thundercomm.screensaver/android.service.dreams.DreamActivity (server),reason=Window became focusable. Previous reason: NOT_VISIBLE]
12-16 11:19:55.880 1497 1868 E DisplayDeviceConfig: requesting nits when no mapping exists.
12-16 11:19:55.880 1497 1868 E DisplayDeviceConfig: requesting nits when no mapping exists.
12-16 11:19:55.880 1497 1603 I am_wtf : [0,1497,system_server,-1,DisplayDeviceConfig,requesting nits when no mapping exists.]
12-16 11:19:55.880 1497 1603 I am_wtf : [0,1497,system_server,-1,DisplayDeviceConfig,requesting nits when no mapping exists.]
12-16 11:19:55.896 17557 17592 W ContextImpl: Calling a method in the system process without a qualified user: android.app.ContextImpl.startService:1816 android.content.ContextWrapper.startService:774 com.thundercomm.gamemode.ingame.services.GameModeActionUtils.startGameModeService:99 com.thundercomm.gamemode.ingame.services.GameModeActionUtils.startGameModeEntry:22 com.thundercomm.gamemode.ingame.services.ActivityMonitoringService$1.onActivityLaunch:127
12-16 11:19:55.896 1497 1868 E DisplayDeviceConfig: requesting nits when no mapping exists.
12-16 11:19:55.897 1497 1868 E DisplayDeviceConfig: requesting nits when no mapping exists.
12-16 11:19:55.897 1497 1603 I am_wtf : [0,1497,system_server,-1,DisplayDeviceConfig,requesting nits when no mapping exists.]
12-16 11:19:55.897 1497 1603 I am_wtf : [0,1497,system_server,-1,DisplayDeviceConfig,requesting nits when no mapping exists.]
12-16 11:19:55.897 1497 1497 I GameModeConfig: Current uri is uri = content://com.thundercomm.gamemode.api/gamemode_settings/gamemode_isgaming
12-16 11:19:55.898 1497 1497 I GameModeConfig: isGameModeOn = false
12-16 11:19:55.898 1497 1497 I GameModeConfig: isGameModeOn = false
12-16 11:19:55.898 1497 1497 I GameModeConfig: isDisableVoice = true
12-16 11:19:55.913 1497 1868 E DisplayDeviceConfig: requesting nits when no mapping exists.
12-16 11:19:55.913 1497 1868 E DisplayDeviceConfig: requesting nits when no mapping exists.
12-16 11:19:55.913 1497 1603 I am_wtf : [0,1497,system_server,-1,DisplayDeviceConfig,requesting nits when no mapping exists.]
12-16 11:19:55.914 1497 1603 I am_wtf : [0,1497,system_server,-1,DisplayDeviceConfig,requesting nits when no mapping exists.]
12-16 11:19:55.930 1497 1868 E DisplayDeviceConfig: requesting nits when no mapping exists.
12-16 11:19:55.931 1497 1868 E DisplayDeviceConfig: requesting nits when no mapping exists.
12-16 11:19:55.931 1497 1603 I am_wtf : [0,1497,system_server,-1,DisplayDeviceConfig,requesting nits when no mapping exists.]
12-16 11:19:55.931 1497 1603 I am_wtf : [0,1497,system_server,-1,DisplayDeviceConfig,requesting nits when no mapping exists.]
12-16 11:19:55.947 1497 1868 E DisplayDeviceConfig: requesting nits when no mapping exists.
12-16 11:19:55.947 1497 1868 E DisplayDeviceConfig: requesting nits when no mapping exists.
12-16 11:19:55.947 1497 1603 I am_wtf : [0,1497,system_server,-1,DisplayDeviceConfig,requesting nits when no mapping exists.]
12-16 11:19:55.947 1497 1603 I am_wtf : [0,1497,system_server,-1,DisplayDeviceConfig,requesting nits when no mapping exists.]
12-16 11:19:55.964 1497 1868 E DisplayDeviceConfig: requesting nits when no mapping exists.
12-16 11:19:55.964 1497 1868 E DisplayDeviceConfig: requesting nits when no mapping exists.
12-16 11:19:55.964 1497 1603 I am_wtf : [0,1497,system_server,-1,DisplayDeviceConfig,requesting nits when no mapping exists.]
12-16 11:19:55.964 1497 1603 I am_wtf : [0,1497,system_server,-1,DisplayDeviceConfig,requesting nits when no mapping exists.]
12-16 11:19:55.980 1497 1868 E DisplayDeviceConfig: requesting nits when no mapping exists.
12-16 11:19:55.980 1497 1868 E DisplayDeviceConfig: requesting nits when no mapping exists.
12-16 11:19:55.980 1497 1603 I am_wtf : [0,1497,system_server,-1,DisplayDeviceConfig,requesting nits when no mapping exists.]
12-16 11:19:55.981 1497 1603 I am_wtf : [0,1497,system_server,-1,DisplayDeviceConfig,requesting nits when no mapping exists.]
12-16 11:19:55.997 1497 1868 E DisplayDeviceConfig: requesting nits when no mapping exists.
12-16 11:19:55.997 1497 1868 E DisplayDeviceConfig: requesting nits when no mapping exists.
12-16 11:19:55.997 1497 1603 I am_wtf : [0,1497,system_server,-1,DisplayDeviceConfig,requesting nits when no mapping exists.]
12-16 11:19:55.998 1497 1603 I am_wtf : [0,1497,system_server,-1,DisplayDeviceConfig,requesting nits when no mapping exists.]
12-16 11:19:56.014 1497 1868 E DisplayDeviceConfig: requesting nits when no mapping exists.
12-16 11:19:56.014 1497 1868 E DisplayDeviceConfig: requesting nits when no mapping exists.
12-16 11:19:56.014 1497 1603 I am_wtf : [0,1497,system_server,-1,DisplayDeviceConfig,requesting nits when no mapping exists.]
12-16 11:19:56.014 1497 1603 I am_wtf : [0,1497,system_server,-1,DisplayDeviceConfig,requesting nits when no mapping exists.]
12-16 11:19:56.030 1497 1868 E DisplayDeviceConfig: requesting nits when no mapping exists.
12-16 11:19:56.030 1497 1868 E DisplayDeviceConfig: requesting nits when no mapping exists.
12-16 11:19:56.030 1497 1603 I am_wtf : [0,1497,system_server,-1,DisplayDeviceConfig,requesting nits when no mapping exists.]
12-16 11:19:56.031 1497 1603 I am_wtf : [0,1497,system_server,-1,DisplayDeviceConfig,requesting nits when no mapping exists.]
12-16 11:19:56.047 1497 1868 E DisplayDeviceConfig: requesting nits when no mapping exists.
12-16 11:19:56.048 1497 1868 E DisplayDeviceConfig: requesting nits when no mapping exists.
12-16 11:19:56.048 1497 1603 I am_wtf : [0,1497,system_server,-1,DisplayDeviceConfig,requesting nits when no mapping exists.]
12-16 11:19:56.048 1497 1603 I am_wtf : [0,1497,system_server,-1,DisplayDeviceConfig,requesting nits when no mapping exists.]
12-16 11:19:56.064 1497 1868 E DisplayDeviceConfig: requesting nits when no mapping exists.
12-16 11:19:56.064 1497 1868 E DisplayDeviceConfig: requesting nits when no mapping exists.
12-16 11:19:56.064 1497 1603 I am_wtf : [0,1497,system_server,-1,DisplayDeviceConfig,requesting nits when no mapping exists.]
12-16 11:19:56.065 1497 1603 I am_wtf : [0,1497,system_server,-1,DisplayDeviceConfig,requesting nits when no mapping exists.]
12-16 11:19:56.081 1497 1868 E DisplayDeviceConfig: requesting nits when no mapping exists.
12-16 11:19:56.081 1497 1868 E DisplayDeviceConfig: requesting nits when no mapping exists.
12-16 11:19:56.081 1497 1603 I am_wtf : [0,1497,system_server,-1,DisplayDeviceConfig,requesting nits when no mapping exists.]
12-16 11:19:56.081 1497 1603 I am_wtf : [0,1497,system_server,-1,DisplayDeviceConfig,requesting nits when no mapping exists.]
12-16 11:19:56.097 1497 1868 E DisplayDeviceConfig: requesting nits when no mapping exists.
12-16 11:19:56.097 1497 1868 E DisplayDeviceConfig: requesting nits when no mapping exists.
12-16 11:19:56.097 1497 1603 I am_wtf : [0,1497,system_server,-1,DisplayDeviceConfig,requesting nits when no mapping exists.]
12-16 11:19:56.097 1497 1603 I am_wtf : [0,1497,system_server,-1,DisplayDeviceConfig,requesting nits when no mapping exists.]
12-16 11:19:56.113 1497 1868 E DisplayDeviceConfig: requesting nits when no mapping exists.
12-16 11:19:56.114 1497 1868 E DisplayDeviceConfig: requesting nits when no mapping exists.
12-16 11:19:56.114 1497 1603 I am_wtf : [0,1497,system_server,-1,DisplayDeviceConfig,requesting nits when no mapping exists.]
12-16 11:19:56.115 1497 1603 I am_wtf : [0,1497,system_server,-1,DisplayDeviceConfig,requesting nits when no mapping exists.]
12-16 11:19:56.116 1497 1595 I wm_stop_activity: [0,67754667,com.android.launcher3/.uioverrides.QuickstepLauncher]
12-16 11:19:56.130 1497 1868 E DisplayDeviceConfig: requesting nits when no mapping exists.
12-16 11:19:56.131 1497 1603 I am_wtf : [0,1497,system_server,-1,DisplayDeviceConfig,requesting nits when no mapping exists.]
12-16 11:19:56.134 1497 1868 E DisplayDeviceConfig: requesting nits when no mapping exists.
12-16 11:19:56.135 2552 2552 I wm_on_stop_called: [67754667,com.android.launcher3.uioverrides.QuickstepLauncher,STOP_ACTIVITY_ITEM]
12-16 11:19:56.135 1497 1603 I am_wtf : [0,1497,system_server,-1,DisplayDeviceConfig,requesting nits when no mapping exists.]
12-16 11:19:56.147 1497 1868 E DisplayDeviceConfig: requesting nits when no mapping exists.
12-16 11:19:56.148 1497 1868 E DisplayDeviceConfig: requesting nits when no mapping exists.
12-16 11:19:56.148 1497 1603 I am_wtf : [0,1497,system_server,-1,DisplayDeviceConfig,requesting nits when no mapping exists.]
12-16 11:19:56.148 1497 1603 I am_wtf : [0,1497,system_server,-1,DisplayDeviceConfig,requesting nits when no mapping exists.]
12-16 11:19:56.153 17557 17592 W ContextImpl: Calling a method in the system process without a qualified user: android.app.ContextImpl.startService:1816 android.content.ContextWrapper.startService:774 com.thundercomm.gamemode.ingame.services.GameModeActionUtils.startGameModeService:99 com.thundercomm.gamemode.ingame.services.GameModeActionUtils.startGameModeEntry:22 com.thundercomm.gamemode.ingame.services.ActivityMonitoringService$1.onActivityLaunch:127
12-16 11:19:56.154 1497 1497 I GameModeConfig: Current uri is uri = content://com.thundercomm.gamemode.api/gamemode_settings/gamemode_isgaming
12-16 11:19:56.155 1497 1497 I GameModeConfig: isGameModeOn = false
12-16 11:19:56.155 1497 1497 I GameModeConfig: isGameModeOn = false
12-16 11:19:56.155 1497 1497 I GameModeConfig: isDisableVoice = true
12-16 11:19:56.164 1497 1868 E DisplayDeviceConfig: requesting nits when no mapping exists.
12-16 11:19:56.164 1497 1868 E DisplayDeviceConfig: requesting nits when no mapping exists.
12-16 11:19:56.164 1497 1603 I am_wtf : [0,1497,system_server,-1,DisplayDeviceConfig,requesting nits when no mapping exists.]
12-16 11:19:56.165 1497 1603 I am_wtf : [0,1497,system_server,-1,DisplayDeviceConfig,requesting nits when no mapping exists.]
12-16 11:19:56.178 1497 1868 E DisplayDeviceConfig: requesting nits when no mapping exists.
12-16 11:19:56.179 1497 1603 I am_wtf : [0,1497,system_server,-1,DisplayDeviceConfig,requesting nits when no mapping exists.]
12-16 11:19:56.179 1497 1868 E DisplayDeviceConfig: requesting nits when no mapping exists.
12-16 11:19:56.179 1497 1603 I am_wtf : [0,1497,system_server,-1,DisplayDeviceConfig,requesting nits when no mapping exists.]
12-16 11:19:56.195 1497 1868 E DisplayDeviceConfig: requesting nits when no mapping exists.
12-16 11:19:56.195 1497 1868 E DisplayDeviceConfig: requesting nits when no mapping exists.
12-16 11:19:56.195 1497 1603 I am_wtf : [0,1497,system_server,-1,DisplayDeviceConfig,requesting nits when no mapping exists.]
12-16 11:19:56.195 1497 1603 I am_wtf : [0,1497,system_server,-1,DisplayDeviceConfig,requesting nits when no mapping exists.]
12-16 11:19:56.211 1497 1868 E DisplayDeviceConfig: requesting nits when no mapping exists.
12-16 11:19:56.212 1497 1868 E DisplayDeviceConfig: requesting nits when no mapping exists.
12-16 11:19:56.212 1497 1603 I am_wtf : [0,1497,system_server,-1,DisplayDeviceConfig,requesting nits when no mapping exists.]
12-16 11:19:56.212 1497 1603 I am_wtf : [0,1497,system_server,-1,DisplayDeviceConfig,requesting nits when no mapping exists.]
12-16 11:19:56.229 1497 1868 E DisplayDeviceConfig: requesting nits when no mapping exists.
12-16 11:19:56.229 1497 1868 E DisplayDeviceConfig: requesting nits when no mapping exists.
12-16 11:19:56.229 1497 1603 I am_wtf : [0,1497,system_server,-1,DisplayDeviceConfig,requesting nits when no mapping exists.]
12-16 11:19:56.229 1497 1603 I am_wtf : [0,1497,system_server,-1,DisplayDeviceConfig,requesting nits when no mapping exists.]
12-16 11:19:56.245 1497 1868 E DisplayDeviceConfig: requesting nits when no mapping exists.
12-16 11:19:56.245 1497 1603 I am_wtf : [0,1497,system_server,-1,DisplayDeviceConfig,requesting nits when no mapping exists.]
12-16 11:19:56.245 1497 1868 E DisplayDeviceConfig: requesting nits when no mapping exists.
12-16 11:19:56.246 1497 1603 I am_wtf : [0,1497,system_server,-1,DisplayDeviceConfig,requesting nits when no mapping exists.]
12-16 11:19:56.262 1497 1868 E DisplayDeviceConfig: requesting nits when no mapping exists.
12-16 11:19:56.262 1497 1868 E DisplayDeviceConfig: requesting nits when no mapping exists.
12-16 11:19:56.262 1497 1603 I am_wtf : [0,1497,system_server,-1,DisplayDeviceConfig,requesting nits when no mapping exists.]
12-16 11:19:56.262 1497 1603 I am_wtf : [0,1497,system_server,-1,DisplayDeviceConfig,requesting nits when no mapping exists.]
01-01 14:36:21.870 0 0 D : mv2112_read_status
01-01 14:36:21.870 0 0 D mv2112_update_link: 3.0x901(1G): 0x80
01-01 14:36:21.871 0 0 D mv2112_update_link: 3.0x8109(100M): 0x8
01-01 14:36:21.871 0 0 D mv2112_update_link: link 0x0
01-01 14:36:21.871 0 0 D mv2112_read_status: autoneg is disabled
12-16 11:19:56.278 1497 1868 E DisplayDeviceConfig: requesting nits when no mapping exists.
12-16 11:19:56.278 1497 1868 E DisplayDeviceConfig: requesting nits when no mapping exists.
12-16 11:19:56.278 1497 1603 I am_wtf : [0,1497,system_server,-1,DisplayDeviceConfig,requesting nits when no mapping exists.]
12-16 11:19:56.279 1497 1603 I am_wtf : [0,1497,system_server,-1,DisplayDeviceConfig,requesting nits when no mapping exists.]
12-16 11:19:56.295 1497 1868 E DisplayDeviceConfig: requesting nits when no mapping exists.
12-16 11:19:56.295 1497 1868 E DisplayDeviceConfig: requesting nits when no mapping exists.
12-16 11:19:56.295 1497 1603 I am_wtf : [0,1497,system_server,-1,DisplayDeviceConfig,requesting nits when no mapping exists.]
12-16 11:19:56.296 1497 1603 I am_wtf : [0,1497,system_server,-1,DisplayDeviceConfig,requesting nits when no mapping exists.]
12-16 11:19:56.312 1497 1868 E DisplayDeviceConfig: requesting nits when no mapping exists.
12-16 11:19:56.313 1497 1868 E DisplayDeviceConfig: requesting nits when no mapping exists.
12-16 11:19:56.313 1497 1603 I am_wtf : [0,1497,system_server,-1,DisplayDeviceConfig,requesting nits when no mapping exists.]
12-16 11:19:56.313 1497 1603 I am_wtf : [0,1497,system_server,-1,DisplayDeviceConfig,requesting nits when no mapping exists.]
12-16 11:19:56.328 1497 1868 E DisplayDeviceConfig: requesting nits when no mapping exists.
12-16 11:19:56.329 1497 1868 E DisplayDeviceConfig: requesting nits when no mapping exists.
12-16 11:19:56.329 1497 1603 I am_wtf : [0,1497,system_server,-1,DisplayDeviceConfig,requesting nits when no mapping exists.]
12-16 11:19:56.329 1497 1603 I am_wtf : [0,1497,system_server,-1,DisplayDeviceConfig,requesting nits when no mapping exists.]
12-16 11:19:56.345 1497 1868 E DisplayDeviceConfig: requesting nits when no mapping exists.
12-16 11:19:56.345 1497 1868 E DisplayDeviceConfig: requesting nits when no mapping exists.
12-16 11:19:56.345 1497 1603 I am_wtf : [0,1497,system_server,-1,DisplayDeviceConfig,requesting nits when no mapping exists.]
12-16 11:19:56.346 1497 1603 I am_wtf : [0,1497,system_server,-1,DisplayDeviceConfig,requesting nits when no mapping exists.]
12-16 11:19:56.362 1497 1868 E DisplayDeviceConfig: requesting nits when no mapping exists.
12-16 11:19:56.363 1497 1868 E DisplayDeviceConfig: requesting nits when no mapping exists.
12-16 11:19:56.363 1497 1603 I am_wtf : [0,1497,system_server,-1,DisplayDeviceConfig,requesting nits when no mapping exists.]
12-16 11:19:56.363 1497 1603 I am_wtf : [0,1497,system_server,-1,DisplayDeviceConfig,requesting nits when no mapping exists.]
12-16 11:19:56.379 1497 1868 E DisplayDeviceConfig: requesting nits when no mapping exists.
12-16 11:19:56.380 1497 1603 I am_wtf : [0,1497,system_server,-1,DisplayDeviceConfig,requesting nits when no mapping exists.]
12-16 11:19:56.380 1497 1868 E DisplayDeviceConfig: requesting nits when no mapping exists.
12-16 11:19:56.380 1497 1603 I am_wtf : [0,1497,system_server,-1,DisplayDeviceConfig,requesting nits when no mapping exists.]
12-16 11:19:56.395 1497 1868 E DisplayDeviceConfig: requesting nits when no mapping exists.
12-16 11:19:56.395 1497 1868 E DisplayDeviceConfig: requesting nits when no mapping exists.
12-16 11:19:56.395 1497 1603 I am_wtf : [0,1497,system_server,-1,DisplayDeviceConfig,requesting nits when no mapping exists.]
12-16 11:19:56.396 1497 1603 I am_wtf : [0,1497,system_server,-1,DisplayDeviceConfig,requesting nits when no mapping exists.]
12-16 11:19:56.412 1497 1868 E DisplayDeviceConfig: requesting nits when no mapping exists.
12-16 11:19:56.413 1497 1868 E DisplayDeviceConfig: requesting nits when no mapping exists.
12-16 11:19:56.413 1497 1603 I am_wtf : [0,1497,system_server,-1,DisplayDeviceConfig,requesting nits when no mapping exists.]
12-16 11:19:56.413 1497 1603 I am_wtf : [0,1497,system_server,-1,DisplayDeviceConfig,requesting nits when no mapping exists.]
12-16 11:19:56.429 1497 1868 E DisplayDeviceConfig: requesting nits when no mapping exists.
12-16 11:19:56.430 1497 1603 I am_wtf : [0,1497,system_server,-1,DisplayDeviceConfig,requesting nits when no mapping exists.]
12-16 11:19:56.430 1497 1868 E DisplayDeviceConfig: requesting nits when no mapping exists.
12-16 11:19:56.430 1497 1603 I am_wtf : [0,1497,system_server,-1,DisplayDeviceConfig,requesting nits when no mapping exists.]
12-16 11:19:56.445 1497 1868 E DisplayDeviceConfig: requesting nits when no mapping exists.
12-16 11:19:56.446 1497 1868 E DisplayDeviceConfig: requesting nits when no mapping exists.
12-16 11:19:56.446 1497 1603 I am_wtf : [0,1497,system_server,-1,DisplayDeviceConfig,requesting nits when no mapping exists.]
12-16 11:19:56.446 1497 1603 I am_wtf : [0,1497,system_server,-1,DisplayDeviceConfig,requesting nits when no mapping exists.]
12-16 11:19:56.463 1497 1868 E DisplayDeviceConfig: requesting nits when no mapping exists.
12-16 11:19:56.463 1497 1868 E DisplayDeviceConfig: requesting nits when no mapping exists.
12-16 11:19:56.463 1497 1603 I am_wtf : [0,1497,system_server,-1,DisplayDeviceConfig,requesting nits when no mapping exists.]
12-16 11:19:56.464 1497 1603 I am_wtf : [0,1497,system_server,-1,DisplayDeviceConfig,requesting nits when no mapping exists.]
12-16 11:19:56.479 1497 1868 E DisplayDeviceConfig: requesting nits when no mapping exists.
12-16 11:19:56.480 1497 1868 E DisplayDeviceConfig: requesting nits when no mapping exists.
12-16 11:19:56.480 1497 1603 I am_wtf : [0,1497,system_server,-1,DisplayDeviceConfig,requesting nits when no mapping exists.]
12-16 11:19:56.480 1497 1603 I am_wtf : [0,1497,system_server,-1,DisplayDeviceConfig,requesting nits when no mapping exists.]
12-16 11:19:56.496 1497 1868 E DisplayDeviceConfig: requesting nits when no mapping exists.
12-16 11:19:56.496 1497 1603 I am_wtf : [0,1497,system_server,-1,DisplayDeviceConfig,requesting nits when no mapping exists.]
12-16 11:19:56.496 1497 1868 E DisplayDeviceConfig: requesting nits when no mapping exists.
12-16 11:19:56.497 1497 1603 I am_wtf : [0,1497,system_server,-1,DisplayDeviceConfig,requesting nits when no mapping exists.]
12-16 11:19:56.513 1497 1868 E DisplayDeviceConfig: requesting nits when no mapping exists.
12-16 11:19:56.513 1497 1603 I am_wtf : [0,1497,system_server,-1,DisplayDeviceConfig,requesting nits when no mapping exists.]
12-16 11:19:56.513 1497 1868 E DisplayDeviceConfig: requesting nits when no mapping exists.
12-16 11:19:56.513 1497 1603 I am_wtf : [0,1497,system_server,-1,DisplayDeviceConfig,requesting nits when no mapping exists.]
12-16 11:19:56.530 1497 1868 E DisplayDeviceConfig: requesting nits when no mapping exists.
12-16 11:19:56.530 1497 1868 E DisplayDeviceConfig: requesting nits when no mapping exists.
12-16 11:19:56.530 1497 1603 I am_wtf : [0,1497,system_server,-1,DisplayDeviceConfig,requesting nits when no mapping exists.]
12-16 11:19:56.530 1497 1603 I am_wtf : [0,1497,system_server,-1,DisplayDeviceConfig,requesting nits when no mapping exists.]
12-16 11:19:56.546 1497 1868 E DisplayDeviceConfig: requesting nits when no mapping exists.
12-16 11:19:56.546 1497 1868 E DisplayDeviceConfig: requesting nits when no mapping exists.
12-16 11:19:56.546 1497 1603 I am_wtf : [0,1497,system_server,-1,DisplayDeviceConfig,requesting nits when no mapping exists.]
12-16 11:19:56.546 1497 1603 I am_wtf : [0,1497,system_server,-1,DisplayDeviceConfig,requesting nits when no mapping exists.]
12-16 11:19:56.562 1497 1868 E DisplayDeviceConfig: requesting nits when no mapping exists.
12-16 11:19:56.562 1497 1868 E DisplayDeviceConfig: requesting nits when no mapping exists.
12-16 11:19:56.562 1497 1603 I am_wtf : [0,1497,system_server,-1,DisplayDeviceConfig,requesting nits when no mapping exists.]
12-16 11:19:56.563 1497 1603 I am_wtf : [0,1497,system_server,-1,DisplayDeviceConfig,requesting nits when no mapping exists.]
12-16 11:19:56.580 1497 1868 E DisplayDeviceConfig: requesting nits when no mapping exists.
12-16 11:19:56.580 1497 1868 E DisplayDeviceConfig: requesting nits when no mapping exists.
12-16 11:19:56.580 1497 1603 I am_wtf : [0,1497,system_server,-1,DisplayDeviceConfig,requesting nits when no mapping exists.]
12-16 11:19:56.580 1497 1603 I am_wtf : [0,1497,system_server,-1,DisplayDeviceConfig,requesting nits when no mapping exists.]
12-16 11:19:56.596 1497 1868 E DisplayDeviceConfig: requesting nits when no mapping exists.
12-16 11:19:56.596 1497 1603 I am_wtf : [0,1497,system_server,-1,DisplayDeviceConfig,requesting nits when no mapping exists.]
12-16 11:19:56.596 1497 1868 E DisplayDeviceConfig: requesting nits when no mapping exists.
12-16 11:19:56.597 1497 1603 I am_wtf : [0,1497,system_server,-1,DisplayDeviceConfig,requesting nits when no mapping exists.]
12-16 11:19:56.612 1497 1868 E DisplayDeviceConfig: requesting nits when no mapping exists.
12-16 11:19:56.613 1497 1868 E DisplayDeviceConfig: requesting nits when no mapping exists.
12-16 11:19:56.613 1497 1603 I am_wtf : [0,1497,system_server,-1,DisplayDeviceConfig,requesting nits when no mapping exists.]
12-16 11:19:56.613 1497 1603 I am_wtf : [0,1497,system_server,-1,DisplayDeviceConfig,requesting nits when no mapping exists.]
12-16 11:19:56.629 1497 1868 E DisplayDeviceConfig: requesting nits when no mapping exists.
12-16 11:19:56.629 1497 1868 E DisplayDeviceConfig: requesting nits when no mapping exists.
12-16 11:19:56.629 1497 1603 I am_wtf : [0,1497,system_server,-1,DisplayDeviceConfig,requesting nits when no mapping exists.]
12-16 11:19:56.630 1497 1603 I am_wtf : [0,1497,system_server,-1,DisplayDeviceConfig,requesting nits when no mapping exists.]
12-16 11:19:56.646 1497 1868 E DisplayDeviceConfig: requesting nits when no mapping exists.
12-16 11:19:56.646 1497 1868 E DisplayDeviceConfig: requesting nits when no mapping exists.
12-16 11:19:56.646 1497 1603 I am_wtf : [0,1497,system_server,-1,DisplayDeviceConfig,requesting nits when no mapping exists.]
12-16 11:19:56.647 1497 1603 I am_wtf : [0,1497,system_server,-1,DisplayDeviceConfig,requesting nits when no mapping exists.]
12-16 11:19:56.663 1497 1868 E DisplayDeviceConfig: requesting nits when no mapping exists.
12-16 11:19:56.663 1497 1868 E DisplayDeviceConfig: requesting nits when no mapping exists.
12-16 11:19:56.663 1497 1603 I am_wtf : [0,1497,system_server,-1,DisplayDeviceConfig,requesting nits when no mapping exists.]
12-16 11:19:56.664 1497 1603 I am_wtf : [0,1497,system_server,-1,DisplayDeviceConfig,requesting nits when no mapping exists.]
12-16 11:19:56.680 1497 1868 E DisplayDeviceConfig: requesting nits when no mapping exists.
12-16 11:19:56.680 1497 1868 E DisplayDeviceConfig: requesting nits when no mapping exists.
12-16 11:19:56.680 1497 1603 I am_wtf : [0,1497,system_server,-1,DisplayDeviceConfig,requesting nits when no mapping exists.]
12-16 11:19:56.680 1497 1603 I am_wtf : [0,1497,system_server,-1,DisplayDeviceConfig,requesting nits when no mapping exists.]
12-16 11:19:56.696 1497 1868 E DisplayDeviceConfig: requesting nits when no mapping exists.
12-16 11:19:56.697 1497 1868 E DisplayDeviceConfig: requesting nits when no mapping exists.
12-16 11:19:56.697 1497 1603 I am_wtf : [0,1497,system_server,-1,DisplayDeviceConfig,requesting nits when no mapping exists.]
12-16 11:19:56.697 1497 1603 I am_wtf : [0,1497,system_server,-1,DisplayDeviceConfig,requesting nits when no mapping exists.]
12-16 11:19:56.713 1497 1868 E DisplayDeviceConfig: requesting nits when no mapping exists.
12-16 11:19:56.713 1497 1868 E DisplayDeviceConfig: requesting nits when no mapping exists.
12-16 11:19:56.713 1497 1603 I am_wtf : [0,1497,system_server,-1,DisplayDeviceConfig,requesting nits when no mapping exists.]
12-16 11:19:56.713 1497 1603 I am_wtf : [0,1497,system_server,-1,DisplayDeviceConfig,requesting nits when no mapping exists.]
12-16 11:19:56.730 1497 1868 E DisplayDeviceConfig: requesting nits when no mapping exists.
12-16 11:19:56.730 1497 1868 E DisplayDeviceConfig: requesting nits when no mapping exists.
12-16 11:19:56.730 1497 1603 I am_wtf : [0,1497,system_server,-1,DisplayDeviceConfig,requesting nits when no mapping exists.]
12-16 11:19:56.730 1497 1603 I am_wtf : [0,1497,system_server,-1,DisplayDeviceConfig,requesting nits when no mapping exists.]
12-16 11:19:56.746 1497 1868 E DisplayDeviceConfig: requesting nits when no mapping exists.
12-16 11:19:56.746 1497 1868 E DisplayDeviceConfig: requesting nits when no mapping exists.
12-16 11:19:56.747 1497 1603 I am_wtf : [0,1497,system_server,-1,DisplayDeviceConfig,requesting nits when no mapping exists.]
12-16 11:19:56.747 1497 1603 I am_wtf : [0,1497,system_server,-1,DisplayDeviceConfig,requesting nits when no mapping exists.]
12-16 11:19:56.763 1497 1868 E DisplayDeviceConfig: requesting nits when no mapping exists.
12-16 11:19:56.763 1497 1868 E DisplayDeviceConfig: requesting nits when no mapping exists.
12-16 11:19:56.763 1497 1603 I am_wtf : [0,1497,system_server,-1,DisplayDeviceConfig,requesting nits when no mapping exists.]
12-16 11:19:56.763 1497 1603 I am_wtf : [0,1497,system_server,-1,DisplayDeviceConfig,requesting nits when no mapping exists.]
12-16 11:19:56.759 0 0 I auditd : type=1400 audit(0.0:25309): avc: denied { kill } for comm="swapper/1" capability=5 scontext=u:r:kernel:s0 tcontext=u:r:kernel:s0 tclass=capability permissive=0
12-16 11:19:56.780 1497 1868 E DisplayDeviceConfig: requesting nits when no mapping exists.
12-16 11:19:56.780 1497 1868 E DisplayDeviceConfig: requesting nits when no mapping exists.
12-16 11:19:56.780 1497 1603 I am_wtf : [0,1497,system_server,-1,DisplayDeviceConfig,requesting nits when no mapping exists.]
12-16 11:19:56.780 1497 1603 I am_wtf : [0,1497,system_server,-1,DisplayDeviceConfig,requesting nits when no mapping exists.]
12-16 11:19:56.796 1497 1868 E DisplayDeviceConfig: requesting nits when no mapping exists.
12-16 11:19:56.796 1497 1868 E DisplayDeviceConfig: requesting nits when no mapping exists.
12-16 11:19:56.796 1497 1603 I am_wtf : [0,1497,system_server,-1,DisplayDeviceConfig,requesting nits when no mapping exists.]
12-16 11:19:56.797 1497 1603 I am_wtf : [0,1497,system_server,-1,DisplayDeviceConfig,requesting nits when no mapping exists.]
12-16 11:19:56.829 1497 1709 I netstats_mobile_sample: [0,0,0,0,0,0,0,0,0,0,0,0,1671160796829]
12-16 11:19:56.829 1497 1709 I netstats_wifi_sample: [164474599,370102,225798844,505894,164474599,370102,225798844,505894,188437814,542381,113159505,254986,1671160796829]
01-01 14:36:22.894 0 0 D : mv2112_read_status
01-01 14:36:22.894 0 0 D mv2112_update_link: 3.0x901(1G): 0x80
01-01 14:36:22.895 0 0 D mv2112_update_link: 3.0x8109(100M): 0x8
01-01 14:36:22.895 0 0 D mv2112_update_link: link 0x0
01-01 14:36:22.895 0 0 D mv2112_read_status: autoneg is disabled
12-16 11:19:57.759 0 0 I auditd : type=1400 audit(0.0:25310): avc: denied { kill } for comm="swapper/1" capability=5 scontext=u:r:kernel:s0 tcontext=u:r:kernel:s0 tclass=capability permissive=0
01-01 14:36:23.919 0 0 D : mv2112_read_status
01-01 14:36:23.920 0 0 D mv2112_update_link: 3.0x901(1G): 0x80
01-01 14:36:23.920 0 0 D mv2112_update_link: 3.0x8109(100M): 0x8
01-01 14:36:23.920 0 0 D mv2112_update_link: link 0x0
01-01 14:36:23.920 0 0 D mv2112_read_status: autoneg is disabled
12-16 11:19:58.759 0 0 I auditd : type=1400 audit(0.0:25311): avc: denied { kill } for comm="swapper/1" capability=5 scontext=u:r:kernel:s0 tcontext=u:r:kernel:s0 tclass=capability permissive=0
01-01 14:36:24.942 0 0 D : mv2112_read_status
01-01 14:36:24.943 0 0 D mv2112_update_link: 3.0x901(1G): 0x80
01-01 14:36:24.943 0 0 D mv2112_update_link: 3.0x8109(100M): 0x8
01-01 14:36:24.943 0 0 D mv2112_update_link: link 0x0
01-01 14:36:24.943 0 0 D mv2112_read_status: autoneg is disabled
12-16 11:19:59.759 350 350 I auditd : type=1400 audit(0.0:25312): avc: denied { kill } for comm="irq/382-atmel_m" capability=5 scontext=u:r:kernel:s0 tcontext=u:r:kernel:s0 tclass=capability permissive=0
01-01 14:36:25.966 0 0 D : mv2112_read_status
01-01 14:36:25.966 0 0 D mv2112_update_link: 3.0x901(1G): 0x80
01-01 14:36:25.967 0 0 D mv2112_update_link: 3.0x8109(100M): 0x8
01-01 14:36:25.967 0 0 D mv2112_update_link: link 0x0
01-01 14:36:25.967 0 0 D mv2112_read_status: autoneg is disabled
01-01 14:36:26.990 0 0 D : mv2112_read_status
01-01 14:36:26.991 0 0 D mv2112_update_link: 3.0x901(1G): 0x80
01-01 14:36:26.991 0 0 D mv2112_update_link: 3.0x8109(100M): 0x8
01-01 14:36:26.991 0 0 D mv2112_update_link: link 0x0
01-01 14:36:26.991 0 0 D mv2112_read_status: autoneg is disabled
12-16 11:20:01.759 0 0 I auditd : type=1400 audit(0.0:25313): avc: denied { kill } for comm="swapper/0" capability=5 scontext=u:r:kernel:s0 tcontext=u:r:kernel:s0 tclass=capability permissive=0
01-01 14:36:28.015 0 0 D : mv2112_read_status
01-01 14:36:28.015 0 0 D mv2112_update_link: 3.0x901(1G): 0x80
01-01 14:36:28.015 0 0 D mv2112_update_link: 3.0x8109(100M): 0x8
01-01 14:36:28.015 0 0 D mv2112_update_link: link 0x0
01-01 14:36:28.015 0 0 D mv2112_read_status: autoneg is disabled
12-16 11:20:02.759 0 0 I auditd : type=1400 audit(0.0:25314): avc: denied { kill } for comm="swapper/0" capability=5 scontext=u:r:kernel:s0 tcontext=u:r:kernel:s0 tclass=capability permissive=0
01-01 14:36:29.038 0 0 D : mv2112_read_status
01-01 14:36:29.039 0 0 D mv2112_update_link: 3.0x901(1G): 0x80
01-01 14:36:29.039 0 0 D mv2112_update_link: 3.0x8109(100M): 0x8
01-01 14:36:29.039 0 0 D mv2112_update_link: link 0x0
01-01 14:36:29.039 0 0 D mv2112_read_status: autoneg is disabled
12-16 11:20:03.759 0 0 I auditd : type=1400 audit(0.0:25315): avc: denied { kill } for comm="swapper/1" capability=5 scontext=u:r:kernel:s0 tcontext=u:r:kernel:s0 tclass=capability permissive=0
01-01 14:36:30.062 0 0 D : mv2112_read_status
01-01 14:36:30.063 0 0 D mv2112_update_link: 3.0x901(1G): 0x80
01-01 14:36:30.063 0 0 D mv2112_update_link: 3.0x8109(100M): 0x8
01-01 14:36:30.063 0 0 D mv2112_update_link: link 0x0
01-01 14:36:30.063 0 0 D mv2112_read_status: autoneg is disabled
12-16 11:20:04.759 0 0 I auditd : type=1400 audit(0.0:25316): avc: denied { kill } for comm="swapper/1" capability=5 scontext=u:r:kernel:s0 tcontext=u:r:kernel:s0 tclass=capability permissive=0
01-01 14:36:31.086 0 0 D : mv2112_read_status
01-01 14:36:31.087 0 0 D mv2112_update_link: 3.0x901(1G): 0x80
01-01 14:36:31.087 0 0 D mv2112_update_link: 3.0x8109(100M): 0x8
01-01 14:36:31.087 0 0 D mv2112_update_link: link 0x0
01-01 14:36:31.087 0 0 D mv2112_read_status: autoneg is disabled
01-01 14:36:31.184 0 0 I msm_vidc: err : ffffffff: .....: DBLP Set: status 0
12-16 11:20:05.759 0 0 I auditd : type=1400 audit(0.0:25317): avc: denied { kill } for comm="swapper/1" capability=5 scontext=u:r:kernel:s0 tcontext=u:r:kernel:s0 tclass=capability permissive=0
01-01 14:36:32.111 0 0 D : mv2112_read_status
01-01 14:36:32.111 0 0 D mv2112_update_link: 3.0x901(1G): 0x80
01-01 14:36:32.111 0 0 D mv2112_update_link: 3.0x8109(100M): 0x8
01-01 14:36:32.111 0 0 D mv2112_update_link: link 0x0
01-01 14:36:32.111 0 0 D mv2112_read_status: autoneg is disabled
12-16 11:20:06.759 0 0 I auditd : type=1400 audit(0.0:25318): avc: denied { kill } for comm="swapper/1" capability=5 scontext=u:r:kernel:s0 tcontext=u:r:kernel:s0 tclass=capability permissive=0
01-01 14:36:33.134 0 0 D : mv2112_read_status
01-01 14:36:33.135 0 0 D mv2112_update_link: 3.0x901(1G): 0x80
01-01 14:36:33.135 0 0 D mv2112_update_link: 3.0x8109(100M): 0x8
01-01 14:36:33.135 0 0 D mv2112_update_link: link 0x0
01-01 14:36:33.135 0 0 D mv2112_read_status: autoneg is disabled
12-16 11:20:07.759 0 0 I auditd : type=1400 audit(0.0:25319): avc: denied { kill } for comm="swapper/1" capability=5 scontext=u:r:kernel:s0 tcontext=u:r:kernel:s0 tclass=capability permissive=0
01-01 14:36:34.158 0 0 D : mv2112_read_status
01-01 14:36:34.159 0 0 D mv2112_update_link: 3.0x901(1G): 0x80
01-01 14:36:34.159 0 0 D mv2112_update_link: 3.0x8109(100M): 0x8
01-01 14:36:34.159 0 0 D mv2112_update_link: link 0x0
01-01 14:36:34.159 0 0 D mv2112_read_status: autoneg is disabled
12-16 11:20:08.759 0 0 I auditd : type=1400 audit(0.0:25320): avc: denied { kill } for comm="swapper/1" capability=5 scontext=u:r:kernel:s0 tcontext=u:r:kernel:s0 tclass=capability permissive=0
01-01 14:36:35.182 0 0 D : mv2112_read_status
01-01 14:36:35.183 0 0 D mv2112_update_link: 3.0x901(1G): 0x80
01-01 14:36:35.183 0 0 D mv2112_update_link: 3.0x8109(100M): 0x8
01-01 14:36:35.183 0 0 D mv2112_update_link: link 0x0
01-01 14:36:35.183 0 0 D mv2112_read_status: autoneg is disabled
12-16 11:20:09.759 0 0 I auditd : type=1400 audit(0.0:25321): avc: denied { kill } for comm="swapper/1" capability=5 scontext=u:r:kernel:s0 tcontext=u:r:kernel:s0 tclass=capability permissive=0
01-01 14:36:35.652 0 0 I [soft_i][0x6a5ff6cbc7][11:20:10.049193] wlan: [0:I:QDF] DHCP-R TX: SA:7a:e4:bc:f9:6b:c7 DA:58:d9:d5:44:ba:d8 msdu_id:8 status: succ
01-01 14:36:35.670 0 0 I [dp_rx_][0x6a5ffbffae][11:20:10.066952] wlan: [9507:I:QDF] DHCP-A RX: SA:58:d9:d5:44:ba:d8 DA:ff:ff:ff:ff:ff:ff
01-01 14:36:36.206 0 0 D : mv2112_read_status
01-01 14:36:36.207 0 0 D mv2112_update_link: 3.0x901(1G): 0x80
01-01 14:36:36.207 0 0 D mv2112_update_link: 3.0x8109(100M): 0x8
01-01 14:36:36.207 0 0 D mv2112_update_link: link 0x0
01-01 14:36:36.207 0 0 D mv2112_read_status: autoneg is disabled
12-16 11:20:10.759 0 0 I auditd : type=1400 audit(0.0:25322): avc: denied { kill } for comm="swapper/1" capability=5 scontext=u:r:kernel:s0 tcontext=u:r:kernel:s0 tclass=capability permissive=0
01-01 14:36:37.231 0 0 D : mv2112_read_status
01-01 14:36:37.231 0 0 D mv2112_update_link: 3.0x901(1G): 0x80
01-01 14:36:37.231 0 0 D mv2112_update_link: 3.0x8109(100M): 0x8
01-01 14:36:37.231 0 0 D mv2112_update_link: link 0x0
