12-16 11:01:38.759 0 0 I auditd : type=1400 audit(0.0:24121): avc: denied { kill } for comm="swapper/2" capability=5 scontext=u:r:kernel:s0 tcontext=u:r:kernel:s0 tclass=capability permissive=0
12-16 11:01:39.759 0 0 I auditd : type=1400 audit(0.0:24122): avc: denied { kill } for comm="swapper/2" capability=5 scontext=u:r:kernel:s0 tcontext=u:r:kernel:s0 tclass=capability permissive=0
12-16 11:01:40.759 0 0 I auditd : type=1400 audit(0.0:24123): avc: denied { kill } for comm="swapper/2" capability=5 scontext=u:r:kernel:s0 tcontext=u:r:kernel:s0 tclass=capability permissive=0
12-16 11:01:41.759 0 0 I auditd : type=1400 audit(0.0:24124): avc: denied { kill } for comm="swapper/2" capability=5 scontext=u:r:kernel:s0 tcontext=u:r:kernel:s0 tclass=capability permissive=0
12-16 11:01:42.759 0 0 I auditd : type=1400 audit(0.0:24125): avc: denied { kill } for comm="swapper/2" capability=5 scontext=u:r:kernel:s0 tcontext=u:r:kernel:s0 tclass=capability permissive=0
12-16 11:01:43.759 0 0 I auditd : type=1400 audit(0.0:24126): avc: denied { kill } for comm="swapper/2" capability=5 scontext=u:r:kernel:s0 tcontext=u:r:kernel:s0 tclass=capability permissive=0
12-16 11:01:44.759 0 0 I auditd : type=1400 audit(0.0:24127): avc: denied { kill } for comm="swapper/2" capability=5 scontext=u:r:kernel:s0 tcontext=u:r:kernel:s0 tclass=capability permissive=0
12-16 11:01:45.759 0 0 I auditd : type=1400 audit(0.0:24128): avc: denied { kill } for comm="swapper/2" capability=5 scontext=u:r:kernel:s0 tcontext=u:r:kernel:s0 tclass=capability permissive=0
12-16 11:01:46.759 0 0 I auditd : type=1400 audit(0.0:24129): avc: denied { kill } for comm="swapper/2" capability=5 scontext=u:r:kernel:s0 tcontext=u:r:kernel:s0 tclass=capability permissive=0
12-16 11:01:47.759 0 0 I auditd : type=1400 audit(0.0:24130): avc: denied { kill } for comm="swapper/2" capability=5 scontext=u:r:kernel:s0 tcontext=u:r:kernel:s0 tclass=capability permissive=0
12-16 11:01:48.759 0 0 I auditd : type=1400 audit(0.0:24131): avc: denied { kill } for comm="swapper/2" capability=5 scontext=u:r:kernel:s0 tcontext=u:r:kernel:s0 tclass=capability permissive=0
12-16 11:01:49.759 0 0 I auditd : type=1400 audit(0.0:24132): avc: denied { kill } for comm="swapper/2" capability=5 scontext=u:r:kernel:s0 tcontext=u:r:kernel:s0 tclass=capability permissive=0
12-16 11:01:50.759 0 0 I auditd : type=1400 audit(0.0:24133): avc: denied { kill } for comm="swapper/2" capability=5 scontext=u:r:kernel:s0 tcontext=u:r:kernel:s0 tclass=capability permissive=0
12-16 11:01:51.759 0 0 I auditd : type=1400 audit(0.0:24134): avc: denied { kill } for comm="swapper/2" capability=5 scontext=u:r:kernel:s0 tcontext=u:r:kernel:s0 tclass=capability permissive=0
12-16 11:01:52.759 0 0 I auditd : type=1400 audit(0.0:24135): avc: denied { kill } for comm="swapper/2" capability=5 scontext=u:r:kernel:s0 tcontext=u:r:kernel:s0 tclass=capability permissive=0
12-16 11:01:53.759 0 0 I auditd : type=1400 audit(0.0:24136): avc: denied { kill } for comm="swapper/2" capability=5 scontext=u:r:kernel:s0 tcontext=u:r:kernel:s0 tclass=capability permissive=0
12-16 11:01:54.028 1497 1709 I netstats_mobile_sample: [0,0,0,0,0,0,0,0,0,0,0,0,1671159714027]
12-16 11:01:54.028 1497 1709 I netstats_wifi_sample: [159959206,359811,217346365,486654,159959206,359811,217346365,486654,183232444,527263,108921957,245261,1671159714027]
12-16 11:01:54.759 0 0 I auditd : type=1400 audit(0.0:24137): avc: denied { kill } for comm="swapper/2" capability=5 scontext=u:r:kernel:s0 tcontext=u:r:kernel:s0 tclass=capability permissive=0
12-16 11:01:55.759 0 0 I auditd : type=1400 audit(0.0:24138): avc: denied { kill } for comm="swapper/2" capability=5 scontext=u:r:kernel:s0 tcontext=u:r:kernel:s0 tclass=capability permissive=0
12-16 11:01:56.759 0 0 I auditd : type=1400 audit(0.0:24139): avc: denied { kill } for comm="swapper/2" capability=5 scontext=u:r:kernel:s0 tcontext=u:r:kernel:s0 tclass=capability permissive=0
12-16 11:01:57.759 0 0 I auditd : type=1400 audit(0.0:24140): avc: denied { kill } for comm="swapper/2" capability=5 scontext=u:r:kernel:s0 tcontext=u:r:kernel:s0 tclass=capability permissive=0
12-16 11:01:58.759 0 0 I auditd : type=1400 audit(0.0:24141): avc: denied { kill } for comm="swapper/2" capability=5 scontext=u:r:kernel:s0 tcontext=u:r:kernel:s0 tclass=capability permissive=0
12-16 11:01:58.896 1497 1669 D ActivityManager: freezing 29391 com.android.storagemanager
12-16 11:01:58.896 1497 1669 E ActivityManager: Unable to freeze binder for 29391 com.android.storagemanager
12-16 11:01:58.898 1497 1669 D ActivityManager: froze 29391 com.android.storagemanager
12-16 11:01:58.898 1497 1669 I am_freeze: [29391,com.android.storagemanager]
12-16 11:01:58.898 1497 1669 E ActivityManager: Unable to freeze binder for 29391 com.android.storagemanager
12-16 11:01:58.899 1497 1669 I ActivityManager: Killing 29391:com.android.storagemanager/u0a81 (adj 900): Unable to freeze binder interface
12-16 11:01:58.899 1497 1669 I am_kill : [0,29391,com.android.storagemanager,900,Unable to freeze binder interface]
12-16 11:01:58.946 1497 7563 I am_proc_died: [0,29391,com.android.storagemanager,900,18]
12-16 11:01:58.947 1497 7563 I am_uid_stopped: 10081
12-16 11:01:58.953 1497 1595 W ActivityManager: setHasOverlayUi called on unknown pid: 29391
12-16 11:01:58.960 1497 1602 I am_pss : [29850,10088,com.android.music,6856704,4595712,0,91017216,0,19,6]
12-16 11:01:58.968 1497 1602 I am_pss : [29752,10067,com.android.deskclock,10269696,7745536,0,97116160,0,19,6]
12-16 11:01:58.976 1497 1602 I am_pss : [29753,10070,com.android.gallery3d,7866368,5300224,0,92708864,0,19,6]
12-16 11:02:00.759 0 0 I auditd : type=1400 audit(0.0:24142): avc: denied { kill } for comm="swapper/3" capability=5 scontext=u:r:kernel:s0 tcontext=u:r:kernel:s0 tclass=capability permissive=0
12-16 11:02:01.759 0 0 I auditd : type=1400 audit(0.0:24143): avc: denied { kill } for comm="swapper/3" capability=5 scontext=u:r:kernel:s0 tcontext=u:r:kernel:s0 tclass=capability permissive=0
12-16 11:02:03.759 0 0 I auditd : type=1400 audit(0.0:24144): avc: denied { kill } for comm="swapper/3" capability=5 scontext=u:r:kernel:s0 tcontext=u:r:kernel:s0 tclass=capability permissive=0
12-16 11:02:04.759 0 0 I auditd : type=1400 audit(0.0:24145): avc: denied { kill } for comm="swapper/3" capability=5 scontext=u:r:kernel:s0 tcontext=u:r:kernel:s0 tclass=capability permissive=0
12-16 11:02:05.759 0 0 I auditd : type=1400 audit(0.0:24146): avc: denied { kill } for comm="swapper/3" capability=5 scontext=u:r:kernel:s0 tcontext=u:r:kernel:s0 tclass=capability permissive=0
12-16 11:02:06.759 0 0 I auditd : type=1400 audit(0.0:24147): avc: denied { kill } for comm="swapper/3" capability=5 scontext=u:r:kernel:s0 tcontext=u:r:kernel:s0 tclass=capability permissive=0
12-16 11:02:07.759 0 0 I auditd : type=1400 audit(0.0:24148): avc: denied { kill } for comm="swapper/3" capability=5 scontext=u:r:kernel:s0 tcontext=u:r:kernel:s0 tclass=capability permissive=0
12-16 11:02:08.759 0 0 I auditd : type=1400 audit(0.0:24149): avc: denied { kill } for comm="swapper/3" capability=5 scontext=u:r:kernel:s0 tcontext=u:r:kernel:s0 tclass=capability permissive=0
12-16 11:02:09.759 0 0 I auditd : type=1400 audit(0.0:24150): avc: denied { kill } for comm="swapper/3" capability=5 scontext=u:r:kernel:s0 tcontext=u:r:kernel:s0 tclass=capability permissive=0
12-16 11:02:10.759 0 0 I auditd : type=1400 audit(0.0:24151): avc: denied { kill } for comm="swapper/3" capability=5 scontext=u:r:kernel:s0 tcontext=u:r:kernel:s0 tclass=capability permissive=0
12-16 11:02:11.759 0 0 I auditd : type=1400 audit(0.0:24152): avc: denied { kill } for comm="swapper/3" capability=5 scontext=u:r:kernel:s0 tcontext=u:r:kernel:s0 tclass=capability permissive=0
12-16 11:02:12.759 0 0 I auditd : type=1400 audit(0.0:24153): avc: denied { kill } for comm="swapper/3" capability=5 scontext=u:r:kernel:s0 tcontext=u:r:kernel:s0 tclass=capability permissive=0
12-16 11:02:13.759 0 0 I auditd : type=1400 audit(0.0:24154): avc: denied { kill } for comm="swapper/3" capability=5 scontext=u:r:kernel:s0 tcontext=u:r:kernel:s0 tclass=capability permissive=0
12-16 11:02:14.759 0 0 I auditd : type=1400 audit(0.0:24155): avc: denied { kill } for comm="swapper/3" capability=5 scontext=u:r:kernel:s0 tcontext=u:r:kernel:s0 tclass=capability permissive=0
12-16 11:02:15.759 0 0 I auditd : type=1400 audit(0.0:24156): avc: denied { kill } for comm="swapper/3" capability=5 scontext=u:r:kernel:s0 tcontext=u:r:kernel:s0 tclass=capability permissive=0
12-16 11:02:16.759 0 0 I auditd : type=1400 audit(0.0:24157): avc: denied { kill } for comm="swapper/3" capability=5 scontext=u:r:kernel:s0 tcontext=u:r:kernel:s0 tclass=capability permissive=0
12-16 11:02:17.759 0 0 I auditd : type=1400 audit(0.0:24158): avc: denied { kill } for comm="swapper/3" capability=5 scontext=u:r:kernel:s0 tcontext=u:r:kernel:s0 tclass=capability permissive=0
12-16 11:02:18.479 1497 1731 I netstats_mobile_sample: [0,0,0,0,0,0,0,0,0,0,0,0,1671159738479]
12-16 11:02:18.479 1497 1731 I netstats_wifi_sample: [160179197,360298,217618331,487258,160179197,360298,217618331,487258,183471671,527879,109058212,245565,1671159738479]
12-16 11:02:18.487 1497 1731 W ContextImpl: Calling a method in the system process without a qualified user: android.app.ContextImpl.sendStickyBroadcast:1559 com.android.server.ConnectivityService.sendStickyBroadcast:2811 com.android.server.ConnectivityService.sendLegacyNetworkBroadcast:8732 com.android.server.ConnectivityService$LegacyTypeTracker.remove:1007 com.android.server.ConnectivityService$LegacyTypeTracker.remove:1024
12-16 11:02:18.597 850 850 D android.hardware.wifi@1.0-service: Successfully SetMacAddress.
12-16 11:02:18.759 0 0 I auditd : type=1400 audit(0.0:24159): avc: denied { kill } for comm="swapper/3" capability=5 scontext=u:r:kernel:s0 tcontext=u:r:kernel:s0 tclass=capability permissive=0
12-16 11:02:18.869 1497 1611 D KernelCpuUidUserSysTimeReader: Removing uids 99003-99003
12-16 11:02:19.759 0 0 I auditd : type=1400 audit(0.0:24160): avc: denied { kill } for comm="swapper/3" capability=5 scontext=u:r:kernel:s0 tcontext=u:r:kernel:s0 tclass=capability permissive=0
12-16 11:02:20.168 1497 1497 I notification_enqueue: [1000,1497,android,17303299,com.android.wifi,0,Notification(channel=NETWORK_AVAILABLE shortcut=null contentView=null vibrate=null sound=null tick defaults=0x0 flags=0x100 color=0x00000000 actions=2 vis=PRIVATE),0]
12-16 11:02:20.372 1497 1497 I sysui_multi_action: [757,1501,758,1,793,204,794,0,795,204,796,17303299,797,com.android.wifi,806,android,857,NETWORK_AVAILABLE,858,2,947,0,1500,0,1688,1]
12-16 11:02:20.374 1497 1497 I sysui_multi_action: [757,804,799,note_interruptive,801,0,802,1]
12-16 11:02:20.375 1497 1497 I GameModeConfig: isGameModeOn = false
12-16 11:02:20.379 1497 1497 W NotificationHistory: Attempted to add notif for locked/gone/disabled user 0
12-16 11:02:20.763 0 0 I auditd : type=1400 audit(0.0:24161): avc: denied { kill } for comm="swapper/3" capability=5 scontext=u:r:kernel:s0 tcontext=u:r:kernel:s0 tclass=capability permissive=0
12-16 11:02:21.759 0 0 I auditd : type=1400 audit(0.0:24162): avc: denied { kill } for comm="swapper/3" capability=5 scontext=u:r:kernel:s0 tcontext=u:r:kernel:s0 tclass=capability permissive=0
12-16 11:02:22.759 0 0 I auditd : type=1400 audit(0.0:24163): avc: denied { kill } for comm="swapper/3" capability=5 scontext=u:r:kernel:s0 tcontext=u:r:kernel:s0 tclass=capability permissive=0
12-16 11:02:23.759 0 0 I auditd : type=1400 audit(0.0:24164): avc: denied { kill } for comm="swapper/3" capability=5 scontext=u:r:kernel:s0 tcontext=u:r:kernel:s0 tclass=capability permissive=0
12-16 11:02:24.759 0 0 I auditd : type=1400 audit(0.0:24165): avc: denied { kill } for comm="swapper/3" capability=5 scontext=u:r:kernel:s0 tcontext=u:r:kernel:s0 tclass=capability permissive=0
12-16 11:02:25.759 0 0 I auditd : type=1400 audit(0.0:24166): avc: denied { kill } for comm="swapper/3" capability=5 scontext=u:r:kernel:s0 tcontext=u:r:kernel:s0 tclass=capability permissive=0
12-16 11:02:26.759 0 0 I auditd : type=1400 audit(0.0:24167): avc: denied { kill } for comm="swapper/3" capability=5 scontext=u:r:kernel:s0 tcontext=u:r:kernel:s0 tclass=capability permissive=0
12-16 11:02:27.759 0 0 I auditd : type=1400 audit(0.0:24168): avc: denied { kill } for comm="swapper/3" capability=5 scontext=u:r:kernel:s0 tcontext=u:r:kernel:s0 tclass=capability permissive=0
12-16 11:02:28.759 0 0 I auditd : type=1400 audit(0.0:24169): avc: denied { kill } for comm="swapper/3" capability=5 scontext=u:r:kernel:s0 tcontext=u:r:kernel:s0 tclass=capability permissive=0
12-16 11:02:29.759 0 0 I auditd : type=1400 audit(0.0:24170): avc: denied { kill } for comm="swapper/3" capability=5 scontext=u:r:kernel:s0 tcontext=u:r:kernel:s0 tclass=capability permissive=0
12-16 11:02:30.759 0 0 I auditd : type=1400 audit(0.0:24171): avc: denied { kill } for comm="swapper/3" capability=5 scontext=u:r:kernel:s0 tcontext=u:r:kernel:s0 tclass=capability permissive=0
12-16 11:02:31.759 0 0 I auditd : type=1400 audit(0.0:24172): avc: denied { kill } for comm="swapper/3" capability=5 scontext=u:r:kernel:s0 tcontext=u:r:kernel:s0 tclass=capability permissive=0
12-16 11:02:32.759 0 0 I auditd : type=1400 audit(0.0:24173): avc: denied { kill } for comm="swapper/3" capability=5 scontext=u:r:kernel:s0 tcontext=u:r:kernel:s0 tclass=capability permissive=0
12-16 11:02:33.759 0 0 I auditd : type=1400 audit(0.0:24174): avc: denied { kill } for comm="swapper/3" capability=5 scontext=u:r:kernel:s0 tcontext=u:r:kernel:s0 tclass=capability permissive=0
12-16 11:02:34.759 0 0 I auditd : type=1400 audit(0.0:24175): avc: denied { kill } for comm="swapper/3" capability=5 scontext=u:r:kernel:s0 tcontext=u:r:kernel:s0 tclass=capability permissive=0
12-16 11:02:35.759 0 0 I auditd : type=1400 audit(0.0:24176): avc: denied { kill } for comm="swapper/3" capability=5 scontext=u:r:kernel:s0 tcontext=u:r:kernel:s0 tclass=capability permissive=0
12-16 11:02:36.759 0 0 I auditd : type=1400 audit(0.0:24177): avc: denied { kill } for comm="swapper/3" capability=5 scontext=u:r:kernel:s0 tcontext=u:r:kernel:s0 tclass=capability permissive=0
12-16 11:02:37.759 0 0 I auditd : type=1400 audit(0.0:24178): avc: denied { kill } for comm="swapper/3" capability=5 scontext=u:r:kernel:s0 tcontext=u:r:kernel:s0 tclass=capability permissive=0
12-16 11:02:38.759 0 0 I auditd : type=1400 audit(0.0:24179): avc: denied { kill } for comm="swapper/3" capability=5 scontext=u:r:kernel:s0 tcontext=u:r:kernel:s0 tclass=capability permissive=0
12-16 11:02:39.759 0 0 I auditd : type=1400 audit(0.0:24180): avc: denied { kill } for comm="swapper/3" capability=5 scontext=u:r:kernel:s0 tcontext=u:r:kernel:s0 tclass=capability permissive=0
12-16 11:02:40.759 0 0 I auditd : type=1400 audit(0.0:24181): avc: denied { kill } for comm="swapper/3" capability=5 scontext=u:r:kernel:s0 tcontext=u:r:kernel:s0 tclass=capability permissive=0
12-16 11:02:41.759 0 0 I auditd : type=1400 audit(0.0:24182): avc: denied { kill } for comm="swapper/3" capability=5 scontext=u:r:kernel:s0 tcontext=u:r:kernel:s0 tclass=capability permissive=0
12-16 11:02:42.759 0 0 I auditd : type=1400 audit(0.0:24183): avc: denied { kill } for comm="swapper/3" capability=5 scontext=u:r:kernel:s0 tcontext=u:r:kernel:s0 tclass=capability permissive=0
12-16 11:02:43.759 0 0 I auditd : type=1400 audit(0.0:24184): avc: denied { kill } for comm="swapper/3" capability=5 scontext=u:r:kernel:s0 tcontext=u:r:kernel:s0 tclass=capability permissive=0
12-16 11:02:44.759 0 0 I auditd : type=1400 audit(0.0:24185): avc: denied { kill } for comm="swapper/3" capability=5 scontext=u:r:kernel:s0 tcontext=u:r:kernel:s0 tclass=capability permissive=0
12-16 11:02:45.759 0 0 I auditd : type=1400 audit(0.0:24186): avc: denied { kill } for comm="swapper/3" capability=5 scontext=u:r:kernel:s0 tcontext=u:r:kernel:s0 tclass=capability permissive=0
12-16 11:02:46.759 0 0 I auditd : type=1400 audit(0.0:24187): avc: denied { kill } for comm="swapper/3" capability=5 scontext=u:r:kernel:s0 tcontext=u:r:kernel:s0 tclass=capability permissive=0
12-16 11:02:47.759 0 0 I auditd : type=1400 audit(0.0:24188): avc: denied { kill } for comm="swapper/3" capability=5 scontext=u:r:kernel:s0 tcontext=u:r:kernel:s0 tclass=capability permissive=0
12-16 11:02:48.759 0 0 I auditd : type=1400 audit(0.0:24189): avc: denied { kill } for comm="swapper/3" capability=5 scontext=u:r:kernel:s0 tcontext=u:r:kernel:s0 tclass=capability permissive=0
12-16 11:02:49.759 0 0 I auditd : type=1400 audit(0.0:24190): avc: denied { kill } for comm="swapper/3" capability=5 scontext=u:r:kernel:s0 tcontext=u:r:kernel:s0 tclass=capability permissive=0
12-16 11:02:50.759 0 0 I auditd : type=1400 audit(0.0:24191): avc: denied { kill } for comm="swapper/3" capability=5 scontext=u:r:kernel:s0 tcontext=u:r:kernel:s0 tclass=capability permissive=0
12-16 11:02:51.759 0 0 I auditd : type=1400 audit(0.0:24192): avc: denied { kill } for comm="swapper/3" capability=5 scontext=u:r:kernel:s0 tcontext=u:r:kernel:s0 tclass=capability permissive=0
12-16 11:02:52.759 0 0 I auditd : type=1400 audit(0.0:24193): avc: denied { kill } for comm="swapper/3" capability=5 scontext=u:r:kernel:s0 tcontext=u:r:kernel:s0 tclass=capability permissive=0
12-16 11:02:53.759 0 0 I auditd : type=1400 audit(0.0:24194): avc: denied { kill } for comm="swapper/3" capability=5 scontext=u:r:kernel:s0 tcontext=u:r:kernel:s0 tclass=capability permissive=0
12-16 11:02:54.759 0 0 I auditd : type=1400 audit(0.0:24195): avc: denied { kill } for comm="swapper/3" capability=5 scontext=u:r:kernel:s0 tcontext=u:r:kernel:s0 tclass=capability permissive=0
12-16 11:02:55.759 0 0 I auditd : type=1400 audit(0.0:24196): avc: denied { kill } for comm="swapper/3" capability=5 scontext=u:r:kernel:s0 tcontext=u:r:kernel:s0 tclass=capability permissive=0
12-16 11:02:56.759 0 0 I auditd : type=1400 audit(0.0:24197): avc: denied { kill } for comm="swapper/3" capability=5 scontext=u:r:kernel:s0 tcontext=u:r:kernel:s0 tclass=capability permissive=0
12-16 11:02:57.763 0 0 I auditd : type=1400 audit(0.0:24198): avc: denied { kill } for comm="swapper/3" capability=5 scontext=u:r:kernel:s0 tcontext=u:r:kernel:s0 tclass=capability permissive=0
12-16 11:02:58.759 0 0 I auditd : type=1400 audit(0.0:24199): avc: denied { kill } for comm="swapper/3" capability=5 scontext=u:r:kernel:s0 tcontext=u:r:kernel:s0 tclass=capability permissive=0
12-16 11:03:02.759 0 0 I auditd : type=1400 audit(0.0:24200): avc: denied { kill } for comm="swapper/2" capability=5 scontext=u:r:kernel:s0 tcontext=u:r:kernel:s0 tclass=capability permissive=0
12-16 11:03:03.413 1497 1669 D ActivityManager: freezing 29560 com.android.webview:webview_apk
12-16 11:03:03.413 1497 1669 E ActivityManager: Unable to freeze binder for 29560 com.android.webview:webview_apk
12-16 11:03:03.416 1497 1669 D ActivityManager: froze 29560 com.android.webview:webview_apk
12-16 11:03:03.416 1497 1669 I am_freeze: [29560,com.android.webview:webview_apk]
12-16 11:03:03.416 1497 1669 E ActivityManager: Unable to freeze binder for 29560 com.android.webview:webview_apk
12-16 11:03:03.417 1497 1669 I ActivityManager: Killing 29560:com.android.webview:webview_apk/u0a69 (adj 975): Unable to freeze binder interface
12-16 11:03:03.418 1497 1669 I am_kill : [0,29560,com.android.webview:webview_apk,975,Unable to freeze binder interface]
12-16 11:03:03.468 1497 8826 I am_proc_died: [0,29560,com.android.webview:webview_apk,975,19]
12-16 11:03:03.470 1497 8826 I am_uid_stopped: 10069
12-16 11:03:03.482 1497 1602 I am_pss : [29850,10088,com.android.music,6863872,4595712,0,91017216,0,19,9]
12-16 11:03:03.759 0 0 I auditd : type=1400 audit(0.0:24201): avc: denied { kill } for comm="swapper/2" capability=5 scontext=u:r:kernel:s0 tcontext=u:r:kernel:s0 tclass=capability permissive=0
12-16 11:03:04.759 0 0 I auditd : type=1400 audit(0.0:24202): avc: denied { kill } for comm="swapper/2" capability=5 scontext=u:r:kernel:s0 tcontext=u:r:kernel:s0 tclass=capability permissive=0
12-16 11:03:05.759 0 0 I auditd : type=1400 audit(0.0:24203): avc: denied { kill } for comm="swapper/2" capability=5 scontext=u:r:kernel:s0 tcontext=u:r:kernel:s0 tclass=capability permissive=0
12-16 11:03:06.759 0 0 I auditd : type=1400 audit(0.0:24204): avc: denied { kill } for comm="swapper/2" capability=5 scontext=u:r:kernel:s0 tcontext=u:r:kernel:s0 tclass=capability permissive=0
12-16 11:03:07.759 0 0 I auditd : type=1400 audit(0.0:24205): avc: denied { kill } for comm="swapper/2" capability=5 scontext=u:r:kernel:s0 tcontext=u:r:kernel:s0 tclass=capability permissive=0
12-16 11:03:08.759 0 0 I auditd : type=1400 audit(0.0:24206): avc: denied { kill } for comm="swapper/2" capability=5 scontext=u:r:kernel:s0 tcontext=u:r:kernel:s0 tclass=capability permissive=0
12-16 11:03:09.759 0 0 I auditd : type=1400 audit(0.0:24207): avc: denied { kill } for comm="swapper/2" capability=5 scontext=u:r:kernel:s0 tcontext=u:r:kernel:s0 tclass=capability permissive=0
12-16 11:03:10.759 0 0 I auditd : type=1400 audit(0.0:24208): avc: denied { kill } for comm="swapper/2" capability=5 scontext=u:r:kernel:s0 tcontext=u:r:kernel:s0 tclass=capability permissive=0
12-16 11:03:11.759 0 0 I auditd : type=1400 audit(0.0:24209): avc: denied { kill } for comm="swapper/2" capability=5 scontext=u:r:kernel:s0 tcontext=u:r:kernel:s0 tclass=capability permissive=0
12-16 11:03:12.759 0 0 I auditd : type=1400 audit(0.0:24210): avc: denied { kill } for comm="swapper/2" capability=5 scontext=u:r:kernel:s0 tcontext=u:r:kernel:s0 tclass=capability permissive=0
12-16 11:03:13.759 0 0 I auditd : type=1400 audit(0.0:24211): avc: denied { kill } for comm="swapper/2" capability=5 scontext=u:r:kernel:s0 tcontext=u:r:kernel:s0 tclass=capability permissive=0
12-16 11:03:14.759 0 0 I auditd : type=1400 audit(0.0:24212): avc: denied { kill } for comm="swapper/2" capability=5 scontext=u:r:kernel:s0 tcontext=u:r:kernel:s0 tclass=capability permissive=0
12-16 11:03:15.759 0 0 I auditd : type=1400 audit(0.0:24213): avc: denied { kill } for comm="swapper/2" capability=5 scontext=u:r:kernel:s0 tcontext=u:r:kernel:s0 tclass=capability permissive=0
12-16 11:03:16.759 0 0 I auditd : type=1400 audit(0.0:24214): avc: denied { kill } for comm="swapper/2" capability=5 scontext=u:r:kernel:s0 tcontext=u:r:kernel:s0 tclass=capability permissive=0
12-16 11:03:17.759 0 0 I auditd : type=1400 audit(0.0:24215): avc: denied { kill } for comm="swapper/2" capability=5 scontext=u:r:kernel:s0 tcontext=u:r:kernel:s0 tclass=capability permissive=0
12-16 11:03:18.759 0 0 I auditd : type=1400 audit(0.0:24216): avc: denied { kill } for comm="swapper/2" capability=5 scontext=u:r:kernel:s0 tcontext=u:r:kernel:s0 tclass=capability permissive=0
12-16 11:03:19.759 0 0 I auditd : type=1400 audit(0.0:24217): avc: denied { kill } for comm="swapper/2" capability=5 scontext=u:r:kernel:s0 tcontext=u:r:kernel:s0 tclass=capability permissive=0
12-16 11:03:20.759 0 0 I auditd : type=1400 audit(0.0:24218): avc: denied { kill } for comm="swapper/2" capability=5 scontext=u:r:kernel:s0 tcontext=u:r:kernel:s0 tclass=capability permissive=0
12-16 11:03:21.759 0 0 I auditd : type=1400 audit(0.0:24219): avc: denied { kill } for comm="swapper/2" capability=5 scontext=u:r:kernel:s0 tcontext=u:r:kernel:s0 tclass=capability permissive=0
12-16 11:03:22.759 0 0 I auditd : type=1400 audit(0.0:24220): avc: denied { kill } for comm="swapper/2" capability=5 scontext=u:r:kernel:s0 tcontext=u:r:kernel:s0 tclass=capability permissive=0
12-16 11:03:23.759 0 0 I auditd : type=1400 audit(0.0:24221): avc: denied { kill } for comm="swapper/2" capability=5 scontext=u:r:kernel:s0 tcontext=u:r:kernel:s0 tclass=capability permissive=0
12-16 11:03:24.759 0 0 I auditd : type=1400 audit(0.0:24222): avc: denied { kill } for comm="swapper/2" capability=5 scontext=u:r:kernel:s0 tcontext=u:r:kernel:s0 tclass=capability permissive=0
12-16 11:03:25.759 0 0 I auditd : type=1400 audit(0.0:24223): avc: denied { kill } for comm="swapper/2" capability=5 scontext=u:r:kernel:s0 tcontext=u:r:kernel:s0 tclass=capability permissive=0
12-16 11:03:26.759 0 0 I auditd : type=1400 audit(0.0:24224): avc: denied { kill } for comm="swapper/2" capability=5 scontext=u:r:kernel:s0 tcontext=u:r:kernel:s0 tclass=capability permissive=0
12-16 11:03:27.759 0 0 I auditd : type=1400 audit(0.0:24225): avc: denied { kill } for comm="swapper/2" capability=5 scontext=u:r:kernel:s0 tcontext=u:r:kernel:s0 tclass=capability permissive=0
12-16 11:03:28.759 0 0 I auditd : type=1400 audit(0.0:24226): avc: denied { kill } for comm="swapper/2" capability=5 scontext=u:r:kernel:s0 tcontext=u:r:kernel:s0 tclass=capability permissive=0
12-16 11:03:29.759 0 0 I auditd : type=1400 audit(0.0:24227): avc: denied { kill } for comm="swapper/2" capability=5 scontext=u:r:kernel:s0 tcontext=u:r:kernel:s0 tclass=capability permissive=0
12-16 11:03:30.759 0 0 I auditd : type=1400 audit(0.0:24228): avc: denied { kill } for comm="swapper/2" capability=5 scontext=u:r:kernel:s0 tcontext=u:r:kernel:s0 tclass=capability permissive=0
12-16 11:03:31.759 0 0 I auditd : type=1400 audit(0.0:24229): avc: denied { kill } for comm="swapper/2" capability=5 scontext=u:r:kernel:s0 tcontext=u:r:kernel:s0 tclass=capability permissive=0
12-16 11:03:32.759 0 0 I auditd : type=1400 audit(0.0:24230): avc: denied { kill } for comm="swapper/2" capability=5 scontext=u:r:kernel:s0 tcontext=u:r:kernel:s0 tclass=capability permissive=0
12-16 11:03:33.759 0 0 I auditd : type=1400 audit(0.0:24231): avc: denied { kill } for comm="swapper/2" capability=5 scontext=u:r:kernel:s0 tcontext=u:r:kernel:s0 tclass=capability permissive=0
12-16 11:03:34.759 0 0 I auditd : type=1400 audit(0.0:24232): avc: denied { kill } for comm="swapper/2" capability=5 scontext=u:r:kernel:s0 tcontext=u:r:kernel:s0 tclass=capability permissive=0
12-16 11:03:35.759 0 0 I auditd : type=1400 audit(0.0:24233): avc: denied { kill } for comm="swapper/2" capability=5 scontext=u:r:kernel:s0 tcontext=u:r:kernel:s0 tclass=capability permissive=0
12-16 11:03:36.759 0 0 I auditd : type=1400 audit(0.0:24234): avc: denied { kill } for comm="swapper/2" capability=5 scontext=u:r:kernel:s0 tcontext=u:r:kernel:s0 tclass=capability permissive=0
12-16 11:03:37.759 0 0 I auditd : type=1400 audit(0.0:24235): avc: denied { kill } for comm="swapper/2" capability=5 scontext=u:r:kernel:s0 tcontext=u:r:kernel:s0 tclass=capability permissive=0
12-16 11:03:38.759 0 0 I auditd : type=1400 audit(0.0:24236): avc: denied { kill } for comm="swapper/2" capability=5 scontext=u:r:kernel:s0 tcontext=u:r:kernel:s0 tclass=capability permissive=0
12-16 11:03:39.759 0 0 I auditd : type=1400 audit(0.0:24237): avc: denied { kill } for comm="swapper/2" capability=5 scontext=u:r:kernel:s0 tcontext=u:r:kernel:s0 tclass=capability permissive=0
12-16 11:03:40.759 0 0 I auditd : type=1400 audit(0.0:24238): avc: denied { kill } for comm="swapper/2" capability=5 scontext=u:r:kernel:s0 tcontext=u:r:kernel:s0 tclass=capability permissive=0
12-16 11:03:41.759 0 0 I auditd : type=1400 audit(0.0:24239): avc: denied { kill } for comm="swapper/2" capability=5 scontext=u:r:kernel:s0 tcontext=u:r:kernel:s0 tclass=capability permissive=0
12-16 11:03:42.759 0 0 I auditd : type=1400 audit(0.0:24240): avc: denied { kill } for comm="swapper/2" capability=5 scontext=u:r:kernel:s0 tcontext=u:r:kernel:s0 tclass=capability permissive=0
12-16 11:03:43.759 0 0 I auditd : type=1400 audit(0.0:24241): avc: denied { kill } for comm="swapper/2" capability=5 scontext=u:r:kernel:s0 tcontext=u:r:kernel:s0 tclass=capability permissive=0
12-16 11:03:44.759 0 0 I auditd : type=1400 audit(0.0:24242): avc: denied { kill } for comm="swapper/2" capability=5 scontext=u:r:kernel:s0 tcontext=u:r:kernel:s0 tclass=capability permissive=0
12-16 11:03:45.759 0 0 I auditd : type=1400 audit(0.0:24243): avc: denied { kill } for comm="swapper/2" capability=5 scontext=u:r:kernel:s0 tcontext=u:r:kernel:s0 tclass=capability permissive=0
12-16 11:03:46.759 0 0 I auditd : type=1400 audit(0.0:24244): avc: denied { kill } for comm="swapper/2" capability=5 scontext=u:r:kernel:s0 tcontext=u:r:kernel:s0 tclass=capability permissive=0
12-16 11:03:47.650 1497 1602 I UsageStatsService: User[0] Flushing usage stats to disk
12-16 11:03:47.759 0 0 I auditd : type=1400 audit(0.0:24245): avc: denied { kill } for comm="swapper/2" capability=5 scontext=u:r:kernel:s0 tcontext=u:r:kernel:s0 tclass=capability permissive=0
12-16 11:03:48.759 0 0 I auditd : type=1400 audit(0.0:24246): avc: denied { kill } for comm="swapper/2" capability=5 scontext=u:r:kernel:s0 tcontext=u:r:kernel:s0 tclass=capability permissive=0
12-16 11:03:49.759 0 0 I auditd : type=1400 audit(0.0:24247): avc: denied { kill } for comm="swapper/2" capability=5 scontext=u:r:kernel:s0 tcontext=u:r:kernel:s0 tclass=capability permissive=0
12-16 11:03:50.759 0 0 I auditd : type=1400 audit(0.0:24248): avc: denied { kill } for comm="swapper/2" capability=5 scontext=u:r:kernel:s0 tcontext=u:r:kernel:s0 tclass=capability permissive=0
12-16 11:03:51.759 0 0 I auditd : type=1400 audit(0.0:24249): avc: denied { kill } for comm="swapper/2" capability=5 scontext=u:r:kernel:s0 tcontext=u:r:kernel:s0 tclass=capability permissive=0
12-16 11:03:52.759 0 0 I auditd : type=1400 audit(0.0:24250): avc: denied { kill } for comm="swapper/2" capability=5 scontext=u:r:kernel:s0 tcontext=u:r:kernel:s0 tclass=capability permissive=0
12-16 11:03:53.759 0 0 I auditd : type=1400 audit(0.0:24251): avc: denied { kill } for comm="swapper/2" capability=5 scontext=u:r:kernel:s0 tcontext=u:r:kernel:s0 tclass=capability permissive=0
12-16 11:03:54.759 0 0 I auditd : type=1400 audit(0.0:24252): avc: denied { kill } for comm="swapper/2" capability=5 scontext=u:r:kernel:s0 tcontext=u:r:kernel:s0 tclass=capability permissive=0
12-16 11:03:55.759 0 0 I auditd : type=1400 audit(0.0:24253): avc: denied { kill } for comm="swapper/3" capability=5 scontext=u:r:kernel:s0 tcontext=u:r:kernel:s0 tclass=capability permissive=0
12-16 11:03:56.759 0 0 I auditd : type=1400 audit(0.0:24254): avc: denied { kill } for comm="swapper/3" capability=5 scontext=u:r:kernel:s0 tcontext=u:r:kernel:s0 tclass=capability permissive=0
12-16 11:03:57.759 0 0 I auditd : type=1400 audit(0.0:24255): avc: denied { kill } for comm="swapper/3" capability=5 scontext=u:r:kernel:s0 tcontext=u:r:kernel:s0 tclass=capability permissive=0
12-16 11:03:59.759 0 0 I auditd : type=1400 audit(0.0:24256): avc: denied { kill } for comm="swapper/0" capability=5 scontext=u:r:kernel:s0 tcontext=u:r:kernel:s0 tclass=capability permissive=0
12-16 11:04:00.759 0 0 I auditd : type=1400 audit(0.0:24257): avc: denied { kill } for comm="swapper/0" capability=5 scontext=u:r:kernel:s0 tcontext=u:r:kernel:s0 tclass=capability permissive=0
12-16 11:04:01.759 0 0 I auditd : type=1400 audit(0.0:24258): avc: denied { kill } for comm="swapper/0" capability=5 scontext=u:r:kernel:s0 tcontext=u:r:kernel:s0 tclass=capability permissive=0
12-16 11:04:02.759 350 350 I auditd : type=1400 audit(0.0:24259): avc: denied { kill } for comm="irq/382-atmel_m" capability=5 scontext=u:r:kernel:s0 tcontext=u:r:kernel:s0 tclass=capability permissive=0
12-16 11:04:03.759 0 0 I auditd : type=1400 audit(0.0:24260): avc: denied { kill } for comm="swapper/0" capability=5 scontext=u:r:kernel:s0 tcontext=u:r:kernel:s0 tclass=capability permissive=0
12-16 11:04:04.759 350 350 I auditd : type=1400 audit(0.0:24261): avc: denied { kill } for comm="irq/382-atmel_m" capability=5 scontext=u:r:kernel:s0 tcontext=u:r:kernel:s0 tclass=capability permissive=0
12-16 11:04:05.759 0 0 I auditd : type=1400 audit(0.0:24262): avc: denied { kill } for comm="swapper/0" capability=5 scontext=u:r:kernel:s0 tcontext=u:r:kernel:s0 tclass=capability permissive=0
12-16 11:04:06.759 0 0 I auditd : type=1400 audit(0.0:24263): avc: denied { kill } for comm="swapper/0" capability=5 scontext=u:r:kernel:s0 tcontext=u:r:kernel:s0 tclass=capability permissive=0
12-16 11:04:07.759 0 0 I auditd : type=1400 audit(0.0:24264): avc: denied { kill } for comm="swapper/0" capability=5 scontext=u:r:kernel:s0 tcontext=u:r:kernel:s0 tclass=capability permissive=0
12-16 11:04:08.759 0 0 I auditd : type=1400 audit(0.0:24265): avc: denied { kill } for comm="swapper/0" capability=5 scontext=u:r:kernel:s0 tcontext=u:r:kernel:s0 tclass=capability permissive=0
12-16 11:04:09.759 350 350 I auditd : type=1400 audit(0.0:24266): avc: denied { kill } for comm="irq/382-atmel_m" capability=5 scontext=u:r:kernel:s0 tcontext=u:r:kernel:s0 tclass=capability permissive=0
12-16 11:04:10.759 350 350 I auditd : type=1400 audit(0.0:24267): avc: denied { kill } for comm="irq/382-atmel_m" capability=5 scontext=u:r:kernel:s0 tcontext=u:r:kernel:s0 tclass=capability permissive=0
12-16 11:04:11.759 350 350 I auditd : type=1400 audit(0.0:24268): avc: denied { kill } for comm="irq/382-atmel_m" capability=5 scontext=u:r:kernel:s0 tcontext=u:r:kernel:s0 tclass=capability permissive=0
12-16 11:04:12.759 350 350 I auditd : type=1400 audit(0.0:24269): avc: denied { kill } for comm="irq/382-atmel_m" capability=5 scontext=u:r:kernel:s0 tcontext=u:r:kernel:s0 tclass=capability permissive=0
12-16 11:04:13.759 0 0 I auditd : type=1400 audit(0.0:24270): avc: denied { kill } for comm="swapper/0" capability=5 scontext=u:r:kernel:s0 tcontext=u:r:kernel:s0 tclass=capability permissive=0
12-16 11:04:14.759 0 0 I auditd : type=1400 audit(0.0:24271): avc: denied { kill } for comm="swapper/0" capability=5 scontext=u:r:kernel:s0 tcontext=u:r:kernel:s0 tclass=capability permissive=0
12-16 11:04:15.759 0 0 I auditd : type=1400 audit(0.0:24272): avc: denied { kill } for comm="swapper/0" capability=5 scontext=u:r:kernel:s0 tcontext=u:r:kernel:s0 tclass=capability permissive=0
12-16 11:04:16.759 0 0 I auditd : type=1400 audit(0.0:24273): avc: denied { kill } for comm="swapper/0" capability=5 scontext=u:r:kernel:s0 tcontext=u:r:kernel:s0 tclass=capability permissive=0
12-16 11:04:17.759 0 0 I auditd : type=1400 audit(0.0:24274): avc: denied { kill } for comm="swapper/0" capability=5 scontext=u:r:kernel:s0 tcontext=u:r:kernel:s0 tclass=capability permissive=0
12-16 11:04:18.759 0 0 I auditd : type=1400 audit(0.0:24275): avc: denied { kill } for comm="swapper/0" capability=5 scontext=u:r:kernel:s0 tcontext=u:r:kernel:s0 tclass=capability permissive=0
12-16 11:04:19.759 647 647 I auditd : type=1400 audit(0.0:24276): avc: denied { kill } for comm="vendor.ts.uart@" capability=5 scontext=u:r:uart_service_deamon:s0 tcontext=u:r:uart_service_deamon:s0 tclass=capability permissive=0
12-16 11:04:20.759 0 0 I auditd : type=1400 audit(0.0:24277): avc: denied { kill } for comm="swapper/0" capability=5 scontext=u:r:kernel:s0 tcontext=u:r:kernel:s0 tclass=capability permissive=0
12-16 11:04:21.759 0 0 I auditd : type=1400 audit(0.0:24278): avc: denied { kill } for comm="swapper/0" capability=5 scontext=u:r:kernel:s0 tcontext=u:r:kernel:s0 tclass=capability permissive=0
12-16 11:04:22.759 0 0 I auditd : type=1400 audit(0.0:24279): avc: denied { kill } for comm="swapper/0" capability=5 scontext=u:r:kernel:s0 tcontext=u:r:kernel:s0 tclass=capability permissive=0
12-16 11:04:23.759 350 350 I auditd : type=1400 audit(0.0:24280): avc: denied { kill } for comm="irq/382-atmel_m" capability=5 scontext=u:r:kernel:s0 tcontext=u:r:kernel:s0 tclass=capability permissive=0
12-16 11:04:24.759 0 0 I auditd : type=1400 audit(0.0:24281): avc: denied { kill } for comm="swapper/0" capability=5 scontext=u:r:kernel:s0 tcontext=u:r:kernel:s0 tclass=capability permissive=0
12-16 11:04:25.759 0 0 I auditd : type=1400 audit(0.0:24282): avc: denied { kill } for comm="swapper/0" capability=5 scontext=u:r:kernel:s0 tcontext=u:r:kernel:s0 tclass=capability permissive=0
12-16 11:04:26.759 0 0 I auditd : type=1400 audit(0.0:24283): avc: denied { kill } for comm="swapper/0" capability=5 scontext=u:r:kernel:s0 tcontext=u:r:kernel:s0 tclass=capability permissive=0
12-16 11:04:27.759 0 0 I auditd : type=1400 audit(0.0:24284): avc: denied { kill } for comm="swapper/0" capability=5 scontext=u:r:kernel:s0 tcontext=u:r:kernel:s0 tclass=capability permissive=0
12-16 11:04:28.759 0 0 I auditd : type=1400 audit(0.0:24285): avc: denied { kill } for comm="swapper/0" capability=5 scontext=u:r:kernel:s0 tcontext=u:r:kernel:s0 tclass=capability permissive=0
12-16 11:04:29.759 350 350 I auditd : type=1400 audit(0.0:24286): avc: denied { kill } for comm="irq/382-atmel_m" capability=5 scontext=u:r:kernel:s0 tcontext=u:r:kernel:s0 tclass=capability permissive=0
12-16 11:04:30.759 0 0 I auditd : type=1400 audit(0.0:24287): avc: denied { kill } for comm="swapper/0" capability=5 scontext=u:r:kernel:s0 tcontext=u:r:kernel:s0 tclass=capability permissive=0
12-16 11:04:31.188 1497 1669 D ActivityManager: freezing 29656 com.android.calendar
12-16 11:04:31.189 1497 1669 E ActivityManager: Unable to freeze binder for 29656 com.android.calendar
12-16 11:04:31.190 1497 1669 D ActivityManager: froze 29656 com.android.calendar
12-16 11:04:31.190 1497 1669 I am_freeze: [29656,com.android.calendar]
12-16 11:04:31.191 1497 1669 E ActivityManager: Unable to freeze binder for 29656 com.android.calendar
12-16 11:04:31.192 1497 1669 I ActivityManager: Killing 29656:com.android.calendar/u0a65 (adj 965): Unable to freeze binder interface
12-16 11:04:31.192 1497 1669 I am_kill : [0,29656,com.android.calendar,965,Unable to freeze binder interface]
12-16 11:04:31.229 1497 8826 I am_proc_died: [0,29656,com.android.calendar,965,19]
12-16 11:04:31.230 1497 8826 I am_uid_stopped: 10065
12-16 11:04:31.236 1497 1595 I am_uid_running: 10065
12-16 11:04:31.237 1497 1595 D CompatibilityChangeReporter: Compat change id reported: 135634846; UID 10065; state: DISABLED
12-16 11:04:31.237 1497 1595 D CompatibilityChangeReporter: Compat change id reported: 177438394; UID 10065; state: DISABLED
12-16 11:04:31.237 1497 1595 D CompatibilityChangeReporter: Compat change id reported: 135772972; UID 10065; state: DISABLED
12-16 11:04:31.237 1497 1595 D CompatibilityChangeReporter: Compat change id reported: 135754954; UID 10065; state: DISABLED
12-16 11:04:31.238 1497 1604 D CompatibilityChangeReporter: Compat change id reported: 143937733; UID 10065; state: DISABLED
12-16 11:04:31.251 1497 1669 D ActivityManager: freezing 29657 com.hryt.hiphishowfsecontrol
12-16 11:04:31.251 1497 1669 E ActivityManager: Unable to freeze binder for 29657 com.hryt.hiphishowfsecontrol
12-16 11:04:31.252 1497 1669 D ActivityManager: froze 29657 com.hryt.hiphishowfsecontrol
12-16 11:04:31.252 1497 1669 I am_freeze: [29657,com.hryt.hiphishowfsecontrol]
12-16 11:04:31.252 1497 1669 E ActivityManager: Unable to freeze binder for 29657 com.hryt.hiphishowfsecontrol
12-16 11:04:31.252 1497 1669 I ActivityManager: Killing 29657:com.hryt.hiphishowfsecontrol/u0a23 (adj 955): Unable to freeze binder interface
12-16 11:04:31.253 1497 1669 I am_kill : [0,29657,com.hryt.hiphishowfsecontrol,955,Unable to freeze binder interface]
12-16 11:04:31.254 1497 1604 I am_proc_start: [0,29904,10065,com.android.calendar,NULL,]
12-16 11:04:31.254 1497 1604 I ActivityManager: Start proc 29904:com.android.calendar/u0a65 for null
12-16 11:04:31.281 1497 8826 I am_proc_bound: [0,29904,com.android.calendar]
12-16 11:04:31.283 1497 8826 D CompatibilityChangeReporter: Compat change id reported: 168419799; UID 10065; state: DISABLED
12-16 11:04:31.288 1497 2108 I am_proc_died: [0,29657,com.hryt.hiphishowfsecontrol,955,19]
12-16 11:04:31.288 1497 2108 I am_uid_stopped: 10023
12-16 11:04:31.759 0 0 I auditd : type=1400 audit(0.0:24288): avc: denied { kill } for comm="swapper/0" capability=5 scontext=u:r:kernel:s0 tcontext=u:r:kernel:s0 tclass=capability permissive=0
12-16 11:04:32.445 1497 1681 I input_interaction: Interaction with: 1339614 com.thundercomm.screensaver/android.service.dreams.DreamActivity (server), edge-swipe (server), swipe-up (server), PointerEventDispatcher0 (server),
12-16 11:04:32.448 1497 8826 I wm_finish_activity: [0,203643777,199,com.thundercomm.screensaver/android.service.dreams.DreamActivity,finish-activity]
12-16 11:04:32.448 1497 8826 I wm_task_moved: [183,1,9]
12-16 11:04:32.448 1497 8826 I wm_task_to_front: [0,183]
12-16 11:04:32.449 1497 8826 I wm_focused_root_task: [0,0,183,199,finish-top adjustFocusToNextFocusableTask]
12-16 11:04:32.450 1497 8826 I wm_pause_activity: [0,203643777,com.thundercomm.screensaver/android.service.dreams.DreamActivity,userLeaving=false,finish]
12-16 11:04:32.456 1497 8826 I DreamManagerService: Gently waking up from dream.
12-16 11:04:32.458 1497 1592 I DreamManagerService: Performing gentle wake from dream.
12-16 11:04:32.458 4609 4609 I wm_on_top_resumed_lost_called: [203643777,android.service.dreams.DreamActivity,topStateChangedWhenResumed]
12-16 11:04:32.459 4609 4609 I wm_on_paused_called: [203643777,android.service.dreams.DreamActivity,performPause]
12-16 11:04:32.459 1497 1595 I sysui_multi_action: [757,803,799,window_time_0,802,418]
12-16 11:04:32.459 1497 8826 I wm_add_to_stopping: [0,203643777,com.thundercomm.screensaver/android.service.dreams.DreamActivity,completeFinishing]
12-16 11:04:32.461 1497 8826 I ActivityTaskManager: FOREGROUND_APPLICATION_CHANGED to com.android.settings.homepage.SettingsHomepageActivity
12-16 11:04:32.466 1497 8826 I wm_set_resumed_activity: [0,com.android.settings/.Settings,resumeTopActivityInnerLocked]
12-16 11:04:32.468 1497 8826 I wm_resume_activity: [0,267933777,183,com.android.settings/.Settings]
12-16 11:04:32.482 1497 1595 I sysui_multi_action: [757,803,799,window_time_0,802,0]
12-16 11:04:32.484 27148 27148 I wm_on_restart_called: [267933777,com.android.settings.Settings,performRestartActivity]
12-16 11:04:32.486 27148 27148 I wm_on_start_called: [267933777,com.android.settings.Settings,handleStartActivity]
12-16 11:04:32.487 27148 27148 I snet_event_log: [120484087,-1,]
12-16 11:04:32.487 27148 27148 I wm_on_resume_called: [267933777,com.android.settings.Settings,RESUME_ACTIVITY]
12-16 11:04:32.487 27148 27148 I sysui_multi_action: [757,35,758,1,833,0,1089,0]
12-16 11:04:32.489 27148 27148 I sysui_multi_action: [757,337,758,1,833,0,1089,0]
12-16 11:04:32.490 27148 27148 I wm_on_top_resumed_gained_called: [267933777,com.android.settings.Settings,topWhenResuming]
12-16 11:04:32.492 17557 17592 W ContextImpl: Calling a method in the system process without a qualified user: android.app.ContextImpl.startService:1816 android.content.ContextWrapper.startService:774 com.thundercomm.gamemode.ingame.services.GameModeActionUtils.startGameModeService:99 com.thundercomm.gamemode.ingame.services.GameModeActionUtils.startGameModeEntry:22 com.thundercomm.gamemode.ingame.services.ActivityMonitoringService$1.onActivityLaunch:127
12-16 11:04:32.494 1497 1681 I input_focus: [Focus leaving 1339614 com.thundercomm.screensaver/android.service.dreams.DreamActivity (server),reason=NO_WINDOW]
12-16 11:04:32.494 4609 4609 I view_enqueue_input_event: [Motion - Cancel,com.thundercomm.screensaver/android.service.dreams.DreamActivity]
12-16 11:04:32.499 1497 1497 I GameModeConfig: Current uri is uri = content://com.thundercomm.gamemode.api/gamemode_settings/gamemode_isgaming
12-16 11:04:32.501 1497 1497 I am_uid_active: 10064
12-16 11:04:32.502 1497 1596 I input_focus: [Focus request 99ce125 com.android.settings/com.android.settings.Settings,reason=UpdateInputWindows]
12-16 11:04:32.507 1497 1681 I input_interaction: Interaction with: edge-swipe (server), swipe-up (server), PointerEventDispatcher0 (server),
12-16 11:04:32.509 1497 1611 W BatteryExternalStatsWorker: error reading modem stats:ERROR_PHONE_NOT_AVAILABLE
12-16 11:04:32.510 1497 1497 I GameModeConfig: isGameModeOn = false
12-16 11:04:32.511 1497 1497 I GameModeConfig: isGameModeOn = false
12-16 11:04:32.511 1497 1497 I GameModeConfig: isDisableVoice = true
12-16 11:04:32.522 1497 1623 I PowerManagerService: Powering on display group fromDreaming (groupId=0, uid=1000, reason=WAKE_REASON_UNKNOWN, details=android.server.power:DREAM_FINISHED)...
12-16 11:04:32.522 1497 1623 I PowerManagerService: Waking up from Dreaming (uid=1000, reason=WAKE_REASON_UNKNOWN, details=android.server.power:DREAM_FINISHED)...
12-16 11:04:32.531 1497 1681 I input_focus: [Focus entering 99ce125 com.android.settings/com.android.settings.Settings (server),reason=setFocusedWindow]
12-16 11:04:32.541 1497 1611 E KernelCpuSpeedReader: Failed to read cpu-freq: /sys/devices/system/cpu/cpu4/cpufreq/stats/time_in_state: open failed: ENOENT (No such file or directory)
12-16 11:04:32.541 1497 1611 E KernelCpuSpeedReader: Failed to read cpu-freq: /sys/devices/system/cpu/cpu0/cpufreq/stats/time_in_state: open failed: ENOENT (No such file or directory)
12-16 11:04:32.535 567 567 I auditd : type=1400 audit(0.0:24289): avc: denied { read } for comm="Binder:567_2" name="wakeup58" dev="sysfs" ino=71848 scontext=u:r:system_suspend:s0 tcontext=u:object_r:sysfs:s0 tclass=dir permissive=0
12-16 11:04:32.539 567 567 I auditd : type=1400 audit(0.0:24290): avc: denied { read } for comm="Binder:567_2" name="wakeup48" dev="sysfs" ino=67173 scontext=u:r:system_suspend:s0 tcontext=u:object_r:sysfs:s0 tclass=dir permissive=0
12-16 11:04:32.539 567 567 I auditd : type=1400 audit(0.0:24291): avc: denied { read } for comm="Binder:567_2" name="wakeup4" dev="sysfs" ino=47032 scontext=u:r:system_suspend:s0 tcontext=u:object_r:sysfs:s0 tclass=dir permissive=0
12-16 11:04:32.539 567 567 I auditd : type=1400 audit(0.0:24292): avc: denied { read } for comm="Binder:567_2" name="wakeup76" dev="sysfs" ino=76908 scontext=u:r:system_suspend:s0 tcontext=u:object_r:sysfs:s0 tclass=dir permissive=0
12-16 11:04:32.539 567 567 I auditd : type=1400 audit(0.0:24293): avc: denied { read } for comm="Binder:567_2" name="wakeup28" dev="sysfs" ino=53097 scontext=u:r:system_suspend:s0 tcontext=u:object_r:sysfs:s0 tclass=dir permissive=0
12-16 11:04:32.539 567 567 I auditd : type=1400 audit(0.0:24294): avc: denied { read } for comm="Binder:567_2" name="wakeup56" dev="sysfs" ino=71776 scontext=u:r:system_suspend:s0 tcontext=u:object_r:sysfs:s0 tclass=dir permissive=0
12-16 11:04:32.585 17557 17592 W ContextImpl: Calling a method in the system process without a qualified user: android.app.ContextImpl.startService:1816 android.content.ContextWrapper.startService:774 com.thundercomm.gamemode.ingame.services.GameModeActionUtils.startGameModeService:99 com.thundercomm.gamemode.ingame.services.GameModeActionUtils.startGameModeEntry:22 com.thundercomm.gamemode.ingame.services.ActivityMonitoringService$1.onActivityLaunch:127
12-16 11:04:32.587 1497 1611 W BatteryExternalStatsWorker: error reading modem stats:ERROR_PHONE_NOT_AVAILABLE
12-16 11:04:32.591 1497 1611 E KernelCpuSpeedReader: Failed to read cpu-freq: /sys/devices/system/cpu/cpu4/cpufreq/stats/time_in_state: open failed: ENOENT (No such file or directory)
12-16 11:04:32.591 1497 1611 E KernelCpuSpeedReader: Failed to read cpu-freq: /sys/devices/system/cpu/cpu0/cpufreq/stats/time_in_state: open failed: ENOENT (No such file or directory)
12-16 11:04:32.593 1497 1497 I GameModeConfig: Current uri is uri = content://com.thundercomm.gamemode.api/gamemode_settings/gamemode_isgaming
12-16 11:04:32.595 1497 1497 I GameModeConfig: isGameModeOn = false
12-16 11:04:32.598 1497 1497 I GameModeConfig: isGameModeOn = false
12-16 11:04:32.600 1497 1497 I GameModeConfig: isDisableVoice = true
12-16 11:04:32.971 1497 1681 I input_interaction: Interaction with: 99ce125 com.android.settings/com.android.settings.Settings (server), edge-swipe (server), swipe-up (server), PointerEventDispatcher0 (server),
12-16 11:04:32.988 1497 12715 I wm_task_moved: [31,0,0]
12-16 11:04:32.989 1497 12715 I wm_task_moved: [31,0,8]
12-16 11:04:32.996 27148 27148 I view_enqueue_input_event: [Motion - Cancel,com.android.settings/com.android.settings.Settings]
12-16 11:04:33.002 1497 1681 I input_interaction: Interaction with: edge-swipe (server), swipe-up (server), PointerEventDispatcher0 (server),
12-16 11:04:33.008 2552 2552 I wm_on_restart_called: [67754667,com.android.launcher3.uioverrides.QuickstepLauncher,performRestartActivity]
12-16 11:04:33.009 1497 16812 W FreeFormWindowHelper: getCurrentDisplayedFreeFormTask is null
12-16 11:04:33.019 17557 17592 W ContextImpl: Calling a method in the system process without a qualified user: android.app.ContextImpl.startService:1816 android.content.ContextWrapper.startService:774 com.thundercomm.gamemode.ingame.services.GameModeActionUtils.startGameModeService:99 com.thundercomm.gamemode.ingame.services.GameModeActionUtils.startGameModeEntry:22 com.thundercomm.gamemode.ingame.services.ActivityMonitoringService$1.onActivityLaunch:127
12-16 11:04:33.022 1497 1497 I GameModeConfig: Current uri is uri = content://com.thundercomm.gamemode.api/gamemode_settings/gamemode_isgaming
12-16 11:04:33.024 1497 1497 I GameModeConfig: isGameModeOn = false
12-16 11:04:33.024 1497 1497 I GameModeConfig: isGameModeOn = false
12-16 11:04:33.024 1497 1497 I GameModeConfig: isDisableVoice = true
12-16 11:04:33.030 2552 2552 I wm_on_start_called: [67754667,com.android.launcher3.uioverrides.QuickstepLauncher,handleStartActivity]
12-16 11:04:33.034 1497 1595 I wm_destroy_activity: [0,203643777,199,com.thundercomm.screensaver/android.service.dreams.DreamActivity,finish-imm:idle]
12-16 11:04:33.039 1497 2836 W FreeFormWindowHelper: getCurrentDisplayedFreeFormTask is null
12-16 11:04:33.040 2552 2552 I sysui_latency: [1,72]
12-16 11:04:33.044 17557 17592 W ContextImpl: Calling a method in the system process without a qualified user: android.app.ContextImpl.startService:1816 android.content.ContextWrapper.startService:774 com.thundercomm.gamemode.ingame.services.GameModeActionUtils.startGameModeService:99 com.thundercomm.gamemode.ingame.services.GameModeActionUtils.startGameModeEntry:22 com.thundercomm.gamemode.ingame.services.ActivityMonitoringService$1.onActivityLaunch:127
