12-16 10:47:51.542 1497 3002 E UserRestrictionsUtils: Unknown restriction queried by uid 1000 (com.thundercomm.tcsetupwizard et al): null
12-16 10:47:51.669 1497 8492 D CompatibilityChangeReporter: Compat change id reported: 149924527; UID 1000; state: ENABLED
12-16 10:47:51.669 1497 8492 D CompatibilityChangeReporter: Compat change id reported: 132649864; UID 1000; state: DISABLED
12-16 10:47:51.669 1497 8492 D CompatibilityChangeReporter: Compat change id reported: 182734110; UID 1000; state: ENABLED
12-16 10:47:51.669 1497 8492 D CompatibilityChangeReporter: Compat change id reported: 182734110; UID 1000; state: DISABLED
12-16 10:49:14.282 1497 12715 I ActivityTaskManager: START u0 {act=android.os.storage.action.MANAGE_STORAGE cmp=com.android.storagemanager/.deletionhelper.DeletionHelperActivity} from uid 1000
12-16 10:49:14.292 1497 12715 W ActivityTaskManager: Can't find TaskDisplayArea to determine support for multi window. Task id=195 attached=false
12-16 10:49:14.294 1497 12715 D CompatibilityChangeReporter: Compat change id reported: 174042980; UID 10081; state: DISABLED
12-16 10:49:14.294 1497 12715 D CompatibilityChangeReporter: Compat change id reported: 184838306; UID 10081; state: DISABLED
12-16 10:49:14.295 1497 12715 D CompatibilityChangeReporter: Compat change id reported: 185004937; UID 10081; state: DISABLED
12-16 10:49:14.295 1497 12715 D CompatibilityChangeReporter: Compat change id reported: 181136395; UID 10081; state: DISABLED
12-16 10:49:14.295 1497 12715 D CompatibilityChangeReporter: Compat change id reported: 174042936; UID 10081; state: DISABLED
12-16 10:49:14.296 1497 12715 D CompatibilityChangeReporter: Compat change id reported: 168419799; UID 10081; state: DISABLED
12-16 10:49:14.300 1497 1595 D CompatibilityChangeReporter: Compat change id reported: 135634846; UID 10081; state: DISABLED
12-16 10:49:14.300 1497 1595 D CompatibilityChangeReporter: Compat change id reported: 177438394; UID 10081; state: DISABLED
12-16 10:49:14.300 1497 1595 D CompatibilityChangeReporter: Compat change id reported: 135772972; UID 10081; state: DISABLED
12-16 10:49:14.300 1497 1595 D CompatibilityChangeReporter: Compat change id reported: 135754954; UID 10081; state: ENABLED
12-16 10:49:14.300 1497 1604 D CompatibilityChangeReporter: Compat change id reported: 143937733; UID 10081; state: ENABLED
12-16 10:49:14.301 1497 3002 I ActivityTaskManager: FOREGROUND_APPLICATION_CHANGED to com.android.storagemanager.deletionhelper.DeletionHelperActivity
12-16 10:49:14.311 1497 1604 I ActivityManager: Start proc 29391:com.android.storagemanager/u0a81 for pre-top-activity {com.android.storagemanager/com.android.storagemanager.deletionhelper.DeletionHelperActivity}
12-16 10:49:14.312 1497 29392 W ContextImpl: Calling a method in the system process without a qualified user: android.app.ContextImpl.sendBroadcast:1173 com.qualcomm.qti.Performance$SendGameLaunchBroadcast.run:217 java.lang.Thread.run:920
12-16 10:49:14.336 17557 17592 W ContextImpl: Calling a method in the system process without a qualified user: android.app.ContextImpl.startService:1816 android.content.ContextWrapper.startService:774 com.thundercomm.gamemode.ingame.services.GameModeActionUtils.startGameModeService:99 com.thundercomm.gamemode.ingame.services.GameModeActionUtils.startGameModeEntry:22 com.thundercomm.gamemode.ingame.services.ActivityMonitoringService$1.onActivityLaunch:127
12-16 10:49:14.345 1497 1497 I GameModeConfig: Current uri is uri = content://com.thundercomm.gamemode.api/gamemode_settings/gamemode_isgaming
12-16 10:49:14.347 1497 1497 I GameModeConfig: isGameModeOn = false
12-16 10:49:14.347 1497 1497 I GameModeConfig: isGameModeOn = false
12-16 10:49:14.347 1497 1497 I GameModeConfig: isDisableVoice = true
12-16 10:49:14.406 17557 17592 W ContextImpl: Calling a method in the system process without a qualified user: android.app.ContextImpl.startService:1816 android.content.ContextWrapper.startService:774 com.thundercomm.gamemode.ingame.services.GameModeActionUtils.startGameModeService:99 com.thundercomm.gamemode.ingame.services.GameModeActionUtils.startGameModeEntry:22 com.thundercomm.gamemode.ingame.services.ActivityMonitoringService$1.onActivityLaunch:127
12-16 10:49:14.408 1497 1497 I GameModeConfig: Current uri is uri = content://com.thundercomm.gamemode.api/gamemode_settings/gamemode_isgaming
12-16 10:49:14.409 1497 1497 I GameModeConfig: isGameModeOn = false
12-16 10:49:14.409 1497 1497 I GameModeConfig: isGameModeOn = false
12-16 10:49:14.409 1497 1497 I GameModeConfig: isDisableVoice = true
12-16 10:49:14.851 17557 17592 W ContextImpl: Calling a method in the system process without a qualified user: android.app.ContextImpl.startService:1816 android.content.ContextWrapper.startService:774 com.thundercomm.gamemode.ingame.services.GameModeActionUtils.startGameModeService:99 com.thundercomm.gamemode.ingame.services.GameModeActionUtils.startGameModeEntry:22 com.thundercomm.gamemode.ingame.services.ActivityMonitoringService$1.onActivityLaunch:127
12-16 10:49:14.852 1497 1497 I GameModeConfig: Current uri is uri = content://com.thundercomm.gamemode.api/gamemode_settings/gamemode_isgaming
12-16 10:49:14.853 1497 1497 I GameModeConfig: isGameModeOn = false
12-16 10:49:14.853 1497 1497 I GameModeConfig: isGameModeOn = false
12-16 10:49:14.853 1497 1497 I GameModeConfig: isDisableVoice = true
12-16 10:49:15.339 1497 2836 I ActivityTaskManager: FOREGROUND_APPLICATION_CHANGED to com.android.settings.homepage.SettingsHomepageActivity
12-16 10:49:15.351 17557 17592 W ContextImpl: Calling a method in the system process without a qualified user: android.app.ContextImpl.startService:1816 android.content.ContextWrapper.startService:774 com.thundercomm.gamemode.ingame.services.GameModeActionUtils.startGameModeService:99 com.thundercomm.gamemode.ingame.services.GameModeActionUtils.startGameModeEntry:22 com.thundercomm.gamemode.ingame.services.ActivityMonitoringService$1.onActivityLaunch:127
12-16 10:49:15.355 1497 1497 I GameModeConfig: Current uri is uri = content://com.thundercomm.gamemode.api/gamemode_settings/gamemode_isgaming
12-16 10:49:15.356 1497 1497 I GameModeConfig: isGameModeOn = false
12-16 10:49:15.356 1497 1497 I GameModeConfig: isGameModeOn = false
12-16 10:49:15.356 1497 1497 I GameModeConfig: isDisableVoice = true
12-16 10:49:15.380 1497 1611 W BatteryExternalStatsWorker: error reading modem stats:ERROR_PHONE_NOT_AVAILABLE
12-16 10:49:15.399 1497 1611 E KernelCpuSpeedReader: Failed to read cpu-freq: /sys/devices/system/cpu/cpu4/cpufreq/stats/time_in_state: open failed: ENOENT (No such file or directory)
12-16 10:49:15.399 1497 1611 E KernelCpuSpeedReader: Failed to read cpu-freq: /sys/devices/system/cpu/cpu0/cpufreq/stats/time_in_state: open failed: ENOENT (No such file or directory)
12-16 10:49:15.424 1497 1611 W BatteryExternalStatsWorker: error reading modem stats:ERROR_PHONE_NOT_AVAILABLE
12-16 10:49:15.426 1497 1611 E KernelCpuSpeedReader: Failed to read cpu-freq: /sys/devices/system/cpu/cpu4/cpufreq/stats/time_in_state: open failed: ENOENT (No such file or directory)
12-16 10:49:15.426 1497 1611 E KernelCpuSpeedReader: Failed to read cpu-freq: /sys/devices/system/cpu/cpu0/cpufreq/stats/time_in_state: open failed: ENOENT (No such file or directory)
12-16 10:49:15.447 17557 17592 W ContextImpl: Calling a method in the system process without a qualified user: android.app.ContextImpl.startService:1816 android.content.ContextWrapper.startService:774 com.thundercomm.gamemode.ingame.services.GameModeActionUtils.startGameModeService:99 com.thundercomm.gamemode.ingame.services.GameModeActionUtils.startGameModeEntry:22 com.thundercomm.gamemode.ingame.services.ActivityMonitoringService$1.onActivityLaunch:127
12-16 10:49:15.449 1497 1497 I GameModeConfig: Current uri is uri = content://com.thundercomm.gamemode.api/gamemode_settings/gamemode_isgaming
12-16 10:49:15.450 1497 1497 I GameModeConfig: isGameModeOn = false
12-16 10:49:15.450 1497 1497 I GameModeConfig: isGameModeOn = false
12-16 10:49:15.450 1497 1497 I GameModeConfig: isDisableVoice = true
12-16 10:49:15.917 17557 17592 W ContextImpl: Calling a method in the system process without a qualified user: android.app.ContextImpl.startService:1816 android.content.ContextWrapper.startService:774 com.thundercomm.gamemode.ingame.services.GameModeActionUtils.startGameModeService:99 com.thundercomm.gamemode.ingame.services.GameModeActionUtils.startGameModeEntry:22 com.thundercomm.gamemode.ingame.services.ActivityMonitoringService$1.onActivityLaunch:127
12-16 10:49:15.918 1497 1497 I GameModeConfig: Current uri is uri = content://com.thundercomm.gamemode.api/gamemode_settings/gamemode_isgaming
12-16 10:49:15.919 1497 1497 I GameModeConfig: isGameModeOn = false
12-16 10:49:15.919 1497 1497 I GameModeConfig: isGameModeOn = false
12-16 10:49:15.919 1497 1497 I GameModeConfig: isDisableVoice = true
12-16 10:49:15.936 1497 1596 W ActivityTaskManager: Can't find TaskDisplayArea to determine support for multi window. Task id=195 attached=false
12-16 10:49:15.936 1497 1596 W ActivityTaskManager: Can't find TaskDisplayArea to determine support for multi window. Task id=195 attached=false
12-16 10:49:18.818 1497 2749 E TaskPersister: File error accessing recents directory (directory doesn't exist?).
12-16 10:49:19.318 1155 29386 I iorapd : Perfetto TraceBuffer saved to file: /data/misc/iorapd/com.android.storagemanager/31/com.android.storagemanager.deletionhelper.DeletionHelperActivity/raw_traces/1671158959316959185.perfetto_trace.pb
12-16 10:49:52.400 1497 1603 W BroadcastQueue: Permission Denial: broadcasting Intent { act=android.net.conn.CONNECTIVITY_CHANGE flg=0x4200010 (has extras) } from null (pid=-1, uid=-1) requires com.baidu.input.permission.sofire.RECEIVE due to registered receiver BroadcastFilter{52b5a34 10028/u0 ReceiverList{9f3f907 4275 com.baidu.input/10028/u0 remote:7615346}}
12-16 10:50:01.526 1497 1669 D ActivityManager: freezing 26788 com.qti.diagservices
12-16 10:50:01.526 1497 1669 E ActivityManager: Unable to freeze binder for 26788 com.qti.diagservices
12-16 10:50:01.529 1497 1669 D ActivityManager: froze 26788 com.qti.diagservices
12-16 10:50:01.529 1497 1669 E ActivityManager: Unable to freeze binder for 26788 com.qti.diagservices
12-16 10:50:01.532 1497 1669 I ActivityManager: Killing 26788:com.qti.diagservices/1000 (adj 985): Unable to freeze binder interface
12-16 10:50:01.565 1497 3002 W ActivityManager: Scheduling restart of crashed service com.qti.diagservices/.QTIDiagServices in 1000ms for start-requested
12-16 10:50:02.571 1497 1603 D CompatibilityChangeReporter: Compat change id reported: 135634846; UID 1000; state: DISABLED
12-16 10:50:02.571 1497 1603 D CompatibilityChangeReporter: Compat change id reported: 177438394; UID 1000; state: DISABLED
12-16 10:50:02.572 1497 1603 D CompatibilityChangeReporter: Compat change id reported: 135772972; UID 1000; state: DISABLED
12-16 10:50:02.572 1497 1603 D CompatibilityChangeReporter: Compat change id reported: 135754954; UID 1000; state: ENABLED
12-16 10:50:02.599 1497 1604 I ActivityManager: Start proc 29454:com.qti.diagservices/1000 for service {com.qti.diagservices/com.qti.diagservices.QTIDiagServices}
12-16 10:50:08.331 1497 1623 V DisplayPowerController[0]: Brightness [0.05] reason changing to: 'manual [ dim ]', previous reason: 'manual'.
12-16 10:50:08.333 1497 1623 W PowerManagerService: Screen on took 181840 ms
12-16 10:50:08.343 1497 1868 E DisplayDeviceConfig: requesting nits when no mapping exists.
12-16 10:50:08.344 1497 1868 E DisplayDeviceConfig: requesting nits when no mapping exists.
12-16 10:50:08.346 1497 1603 I DropBoxManagerService: add tag=system_server_wtf isTagEnabled=true flags=0x2
12-16 10:50:08.349 1497 1603 I DropBoxManagerService: add tag=system_server_wtf isTagEnabled=true flags=0x2
12-16 10:50:08.359 1497 1868 E DisplayDeviceConfig: requesting nits when no mapping exists.
12-16 10:50:08.359 1497 1868 E DisplayDeviceConfig: requesting nits when no mapping exists.
12-16 10:50:08.360 1497 1603 I DropBoxManagerService: add tag=system_server_wtf isTagEnabled=true flags=0x2
12-16 10:50:08.362 1497 1603 I DropBoxManagerService: add tag=system_server_wtf isTagEnabled=true flags=0x2
12-16 10:50:08.368 1497 1868 E DisplayDeviceConfig: requesting nits when no mapping exists.
12-16 10:50:08.369 1497 1868 E DisplayDeviceConfig: requesting nits when no mapping exists.
12-16 10:50:08.370 1497 1603 I DropBoxManagerService: add tag=system_server_wtf isTagEnabled=true flags=0x2
12-16 10:50:08.384 1497 1868 E DisplayDeviceConfig: requesting nits when no mapping exists.
12-16 10:50:08.385 1497 1868 E DisplayDeviceConfig: requesting nits when no mapping exists.
12-16 10:50:08.401 1497 1868 E DisplayDeviceConfig: requesting nits when no mapping exists.
12-16 10:50:08.402 1497 1868 E DisplayDeviceConfig: requesting nits when no mapping exists.
12-16 10:50:08.418 1497 1868 E DisplayDeviceConfig: requesting nits when no mapping exists.
12-16 10:50:08.418 1497 1868 E DisplayDeviceConfig: requesting nits when no mapping exists.
12-16 10:50:08.435 1497 1868 E DisplayDeviceConfig: requesting nits when no mapping exists.
12-16 10:50:08.436 1497 1868 E DisplayDeviceConfig: requesting nits when no mapping exists.
12-16 10:50:08.452 1497 1868 E DisplayDeviceConfig: requesting nits when no mapping exists.
12-16 10:50:08.452 1497 1868 E DisplayDeviceConfig: requesting nits when no mapping exists. --------- beginning of events
12-16 10:50:08.452 1497 1603 I am_wtf : [0,1497,system_server,-1,DisplayDeviceConfig,requesting nits when no mapping exists.]
12-16 10:50:08.455 1497 1603 I am_wtf : [0,1497,system_server,-1,DisplayDeviceConfig,requesting nits when no mapping exists.]
12-16 10:50:08.468 1497 1868 E DisplayDeviceConfig: requesting nits when no mapping exists.
12-16 10:50:08.469 1497 1868 E DisplayDeviceConfig: requesting nits when no mapping exists.
12-16 10:50:08.469 1497 1603 I am_wtf : [0,1497,system_server,-1,DisplayDeviceConfig,requesting nits when no mapping exists.]
12-16 10:50:08.470 1497 1603 I am_wtf : [0,1497,system_server,-1,DisplayDeviceConfig,requesting nits when no mapping exists.]
12-16 10:50:08.485 1497 1868 E DisplayDeviceConfig: requesting nits when no mapping exists.
12-16 10:50:08.486 1497 1868 E DisplayDeviceConfig: requesting nits when no mapping exists.
12-16 10:50:08.486 1497 1603 I am_wtf : [0,1497,system_server,-1,DisplayDeviceConfig,requesting nits when no mapping exists.]
12-16 10:50:08.487 1497 1603 I am_wtf : [0,1497,system_server,-1,DisplayDeviceConfig,requesting nits when no mapping exists.]
12-16 10:50:08.502 1497 1868 E DisplayDeviceConfig: requesting nits when no mapping exists.
12-16 10:50:08.502 1497 1868 E DisplayDeviceConfig: requesting nits when no mapping exists.
12-16 10:50:08.502 1497 1603 I am_wtf : [0,1497,system_server,-1,DisplayDeviceConfig,requesting nits when no mapping exists.]
12-16 10:50:08.504 1497 1603 I am_wtf : [0,1497,system_server,-1,DisplayDeviceConfig,requesting nits when no mapping exists.]
12-16 10:50:08.518 1497 1868 E DisplayDeviceConfig: requesting nits when no mapping exists.
12-16 10:50:08.519 1497 1868 E DisplayDeviceConfig: requesting nits when no mapping exists.
12-16 10:50:08.519 1497 1603 I am_wtf : [0,1497,system_server,-1,DisplayDeviceConfig,requesting nits when no mapping exists.]
12-16 10:50:08.520 1497 1603 I am_wtf : [0,1497,system_server,-1,DisplayDeviceConfig,requesting nits when no mapping exists.]
12-16 10:50:08.535 1497 1868 E DisplayDeviceConfig: requesting nits when no mapping exists.
12-16 10:50:08.535 1497 1868 E DisplayDeviceConfig: requesting nits when no mapping exists.
12-16 10:50:08.535 1497 1603 I am_wtf : [0,1497,system_server,-1,DisplayDeviceConfig,requesting nits when no mapping exists.]
12-16 10:50:08.536 1497 1603 I am_wtf : [0,1497,system_server,-1,DisplayDeviceConfig,requesting nits when no mapping exists.]
12-16 10:50:08.552 1497 1868 E DisplayDeviceConfig: requesting nits when no mapping exists.
12-16 10:50:08.552 1497 1868 E DisplayDeviceConfig: requesting nits when no mapping exists.
12-16 10:50:08.552 1497 1603 I am_wtf : [0,1497,system_server,-1,DisplayDeviceConfig,requesting nits when no mapping exists.]
12-16 10:50:08.553 1497 1603 I am_wtf : [0,1497,system_server,-1,DisplayDeviceConfig,requesting nits when no mapping exists.]
12-16 10:50:08.568 1497 1868 E DisplayDeviceConfig: requesting nits when no mapping exists.
12-16 10:50:08.569 1497 1603 I am_wtf : [0,1497,system_server,-1,DisplayDeviceConfig,requesting nits when no mapping exists.]
12-16 10:50:08.569 1497 1868 E DisplayDeviceConfig: requesting nits when no mapping exists.
12-16 10:50:08.570 1497 1603 I am_wtf : [0,1497,system_server,-1,DisplayDeviceConfig,requesting nits when no mapping exists.]
12-16 10:50:08.585 1497 1868 E DisplayDeviceConfig: requesting nits when no mapping exists.
12-16 10:50:08.586 1497 1868 E DisplayDeviceConfig: requesting nits when no mapping exists.
12-16 10:50:08.587 1497 1603 I am_wtf : [0,1497,system_server,-1,DisplayDeviceConfig,requesting nits when no mapping exists.]
12-16 10:50:08.588 1497 1603 I am_wtf : [0,1497,system_server,-1,DisplayDeviceConfig,requesting nits when no mapping exists.]
12-16 10:50:08.602 1497 1868 E DisplayDeviceConfig: requesting nits when no mapping exists.
12-16 10:50:08.603 1497 1868 E DisplayDeviceConfig: requesting nits when no mapping exists.
12-16 10:50:08.603 1497 1603 I am_wtf : [0,1497,system_server,-1,DisplayDeviceConfig,requesting nits when no mapping exists.]
12-16 10:50:08.604 1497 1603 I am_wtf : [0,1497,system_server,-1,DisplayDeviceConfig,requesting nits when no mapping exists.]
12-16 10:50:08.619 1497 1868 E DisplayDeviceConfig: requesting nits when no mapping exists.
12-16 10:50:08.620 1497 1868 E DisplayDeviceConfig: requesting nits when no mapping exists.
12-16 10:50:08.620 1497 1603 I am_wtf : [0,1497,system_server,-1,DisplayDeviceConfig,requesting nits when no mapping exists.]
12-16 10:50:08.621 1497 1603 I am_wtf : [0,1497,system_server,-1,DisplayDeviceConfig,requesting nits when no mapping exists.]
12-16 10:50:08.635 1497 1868 E DisplayDeviceConfig: requesting nits when no mapping exists.
12-16 10:50:08.636 1497 1868 E DisplayDeviceConfig: requesting nits when no mapping exists.
12-16 10:50:08.637 1497 1603 I am_wtf : [0,1497,system_server,-1,DisplayDeviceConfig,requesting nits when no mapping exists.]
12-16 10:50:08.638 1497 1603 I am_wtf : [0,1497,system_server,-1,DisplayDeviceConfig,requesting nits when no mapping exists.]
12-16 10:50:08.653 1497 1868 E DisplayDeviceConfig: requesting nits when no mapping exists.
12-16 10:50:08.653 1497 1868 E DisplayDeviceConfig: requesting nits when no mapping exists.
12-16 10:50:08.653 1497 1603 I am_wtf : [0,1497,system_server,-1,DisplayDeviceConfig,requesting nits when no mapping exists.]
12-16 10:50:08.654 1497 1603 I am_wtf : [0,1497,system_server,-1,DisplayDeviceConfig,requesting nits when no mapping exists.]
12-16 10:50:08.669 1497 1868 E DisplayDeviceConfig: requesting nits when no mapping exists.
12-16 10:50:08.669 1497 1868 E DisplayDeviceConfig: requesting nits when no mapping exists.
12-16 10:50:08.670 1497 1603 I am_wtf : [0,1497,system_server,-1,DisplayDeviceConfig,requesting nits when no mapping exists.]
12-16 10:50:08.670 1497 1603 I am_wtf : [0,1497,system_server,-1,DisplayDeviceConfig,requesting nits when no mapping exists.]
12-16 10:50:08.671 1497 1603 I service_manager_stats: [100,70,136504]
12-16 10:50:08.685 1497 1868 E DisplayDeviceConfig: requesting nits when no mapping exists.
12-16 10:50:08.686 1497 1868 E DisplayDeviceConfig: requesting nits when no mapping exists.
12-16 10:50:08.686 1497 1603 I am_wtf : [0,1497,system_server,-1,DisplayDeviceConfig,requesting nits when no mapping exists.]
12-16 10:50:08.687 1497 1603 I am_wtf : [0,1497,system_server,-1,DisplayDeviceConfig,requesting nits when no mapping exists.]
12-16 10:50:08.702 1497 1868 E DisplayDeviceConfig: requesting nits when no mapping exists.
12-16 10:50:08.702 1497 1868 E DisplayDeviceConfig: requesting nits when no mapping exists.
12-16 10:50:08.702 1497 1603 I am_wtf : [0,1497,system_server,-1,DisplayDeviceConfig,requesting nits when no mapping exists.]
12-16 10:50:08.704 1497 1603 I am_wtf : [0,1497,system_server,-1,DisplayDeviceConfig,requesting nits when no mapping exists.]
12-16 10:50:08.719 1497 1868 E DisplayDeviceConfig: requesting nits when no mapping exists.
12-16 10:50:08.720 1497 1868 E DisplayDeviceConfig: requesting nits when no mapping exists.
12-16 10:50:08.720 1497 1603 I am_wtf : [0,1497,system_server,-1,DisplayDeviceConfig,requesting nits when no mapping exists.]
12-16 10:50:08.721 1497 1603 I am_wtf : [0,1497,system_server,-1,DisplayDeviceConfig,requesting nits when no mapping exists.]
12-16 10:50:08.735 1497 1868 E DisplayDeviceConfig: requesting nits when no mapping exists.
12-16 10:50:08.736 1497 1868 E DisplayDeviceConfig: requesting nits when no mapping exists.
12-16 10:50:08.736 1497 1603 I am_wtf : [0,1497,system_server,-1,DisplayDeviceConfig,requesting nits when no mapping exists.]
12-16 10:50:08.737 1497 1603 I am_wtf : [0,1497,system_server,-1,DisplayDeviceConfig,requesting nits when no mapping exists.]
12-16 10:50:08.753 1497 1868 E DisplayDeviceConfig: requesting nits when no mapping exists.
12-16 10:50:08.753 1497 1868 E DisplayDeviceConfig: requesting nits when no mapping exists.
12-16 10:50:08.753 1497 1603 I am_wtf : [0,1497,system_server,-1,DisplayDeviceConfig,requesting nits when no mapping exists.]
12-16 10:50:08.754 1497 1603 I am_wtf : [0,1497,system_server,-1,DisplayDeviceConfig,requesting nits when no mapping exists.]
12-16 10:50:08.759 0 0 I auditd : type=1400 audit(0.0:23370): avc: denied { kill } for comm="swapper/1" capability=5 scontext=u:r:kernel:s0 tcontext=u:r:kernel:s0 tclass=capability permissive=0
12-16 10:50:08.769 1497 1868 E DisplayDeviceConfig: requesting nits when no mapping exists.
12-16 10:50:08.769 1497 1868 E DisplayDeviceConfig: requesting nits when no mapping exists.
12-16 10:50:08.769 1497 1603 I am_wtf : [0,1497,system_server,-1,DisplayDeviceConfig,requesting nits when no mapping exists.]
12-16 10:50:08.770 1497 1603 I am_wtf : [0,1497,system_server,-1,DisplayDeviceConfig,requesting nits when no mapping exists.]
12-16 10:50:08.786 1497 1868 E DisplayDeviceConfig: requesting nits when no mapping exists.
12-16 10:50:08.786 1497 1868 E DisplayDeviceConfig: requesting nits when no mapping exists.
12-16 10:50:08.786 1497 1603 I am_wtf : [0,1497,system_server,-1,DisplayDeviceConfig,requesting nits when no mapping exists.]
12-16 10:50:08.788 1497 1603 I am_wtf : [0,1497,system_server,-1,DisplayDeviceConfig,requesting nits when no mapping exists.]
12-16 10:50:08.802 1497 1868 E DisplayDeviceConfig: requesting nits when no mapping exists.
12-16 10:50:08.803 1497 1603 I am_wtf : [0,1497,system_server,-1,DisplayDeviceConfig,requesting nits when no mapping exists.]
12-16 10:50:08.805 1497 1868 E DisplayDeviceConfig: requesting nits when no mapping exists.
12-16 10:50:08.806 1497 1603 I am_wtf : [0,1497,system_server,-1,DisplayDeviceConfig,requesting nits when no mapping exists.]
12-16 10:50:08.819 1497 1868 E DisplayDeviceConfig: requesting nits when no mapping exists.
12-16 10:50:08.820 1497 1868 E DisplayDeviceConfig: requesting nits when no mapping exists.
12-16 10:50:08.820 1497 1603 I am_wtf : [0,1497,system_server,-1,DisplayDeviceConfig,requesting nits when no mapping exists.]
12-16 10:50:08.821 1497 1603 I am_wtf : [0,1497,system_server,-1,DisplayDeviceConfig,requesting nits when no mapping exists.]
12-16 10:50:08.836 1497 1868 E DisplayDeviceConfig: requesting nits when no mapping exists.
12-16 10:50:08.837 1497 1868 E DisplayDeviceConfig: requesting nits when no mapping exists.
12-16 10:50:08.837 1497 1603 I am_wtf : [0,1497,system_server,-1,DisplayDeviceConfig,requesting nits when no mapping exists.]
12-16 10:50:08.838 1497 1603 I am_wtf : [0,1497,system_server,-1,DisplayDeviceConfig,requesting nits when no mapping exists.]
12-16 10:50:08.853 1497 1868 E DisplayDeviceConfig: requesting nits when no mapping exists.
12-16 10:50:08.854 1497 1603 I am_wtf : [0,1497,system_server,-1,DisplayDeviceConfig,requesting nits when no mapping exists.]
12-16 10:50:08.854 1497 1868 E DisplayDeviceConfig: requesting nits when no mapping exists.
12-16 10:50:08.855 1497 1603 I am_wtf : [0,1497,system_server,-1,DisplayDeviceConfig,requesting nits when no mapping exists.]
12-16 10:50:08.869 1497 1868 E DisplayDeviceConfig: requesting nits when no mapping exists.
12-16 10:50:08.870 1497 1603 I am_wtf : [0,1497,system_server,-1,DisplayDeviceConfig,requesting nits when no mapping exists.]
12-16 10:50:08.870 1497 1868 E DisplayDeviceConfig: requesting nits when no mapping exists.
12-16 10:50:08.871 1497 1603 I am_wtf : [0,1497,system_server,-1,DisplayDeviceConfig,requesting nits when no mapping exists.]
12-16 10:50:08.886 1497 1868 E DisplayDeviceConfig: requesting nits when no mapping exists.
12-16 10:50:08.886 1497 1868 E DisplayDeviceConfig: requesting nits when no mapping exists.
12-16 10:50:08.887 1497 1603 I am_wtf : [0,1497,system_server,-1,DisplayDeviceConfig,requesting nits when no mapping exists.]
12-16 10:50:08.888 1497 1603 I am_wtf : [0,1497,system_server,-1,DisplayDeviceConfig,requesting nits when no mapping exists.]
12-16 10:50:08.903 1497 1868 E DisplayDeviceConfig: requesting nits when no mapping exists.
12-16 10:50:08.904 1497 1868 E DisplayDeviceConfig: requesting nits when no mapping exists.
12-16 10:50:08.904 1497 1603 I am_wtf : [0,1497,system_server,-1,DisplayDeviceConfig,requesting nits when no mapping exists.]
12-16 10:50:08.905 1497 1603 I am_wtf : [0,1497,system_server,-1,DisplayDeviceConfig,requesting nits when no mapping exists.]
12-16 10:50:08.920 1497 1868 E DisplayDeviceConfig: requesting nits when no mapping exists.
12-16 10:50:08.920 1497 1603 I am_wtf : [0,1497,system_server,-1,DisplayDeviceConfig,requesting nits when no mapping exists.]
12-16 10:50:08.920 1497 1868 E DisplayDeviceConfig: requesting nits when no mapping exists.
12-16 10:50:08.921 1497 1603 I am_wtf : [0,1497,system_server,-1,DisplayDeviceConfig,requesting nits when no mapping exists.]
12-16 10:50:08.936 1497 1868 E DisplayDeviceConfig: requesting nits when no mapping exists.
12-16 10:50:08.937 1497 1868 E DisplayDeviceConfig: requesting nits when no mapping exists.
12-16 10:50:08.937 1497 1603 I am_wtf : [0,1497,system_server,-1,DisplayDeviceConfig,requesting nits when no mapping exists.]
12-16 10:50:08.938 1497 1603 I am_wtf : [0,1497,system_server,-1,DisplayDeviceConfig,requesting nits when no mapping exists.]
12-16 10:50:08.953 1497 1868 E DisplayDeviceConfig: requesting nits when no mapping exists.
12-16 10:50:08.954 1497 1868 E DisplayDeviceConfig: requesting nits when no mapping exists.
12-16 10:50:08.954 1497 1603 I am_wtf : [0,1497,system_server,-1,DisplayDeviceConfig,requesting nits when no mapping exists.]
12-16 10:50:08.955 1497 1603 I am_wtf : [0,1497,system_server,-1,DisplayDeviceConfig,requesting nits when no mapping exists.]
12-16 10:50:08.969 1497 1868 E DisplayDeviceConfig: requesting nits when no mapping exists.
12-16 10:50:08.970 1497 1868 E DisplayDeviceConfig: requesting nits when no mapping exists.
12-16 10:50:08.970 1497 1603 I am_wtf : [0,1497,system_server,-1,DisplayDeviceConfig,requesting nits when no mapping exists.]
12-16 10:50:08.971 1497 1603 I am_wtf : [0,1497,system_server,-1,DisplayDeviceConfig,requesting nits when no mapping exists.]
12-16 10:50:08.986 1497 1868 E DisplayDeviceConfig: requesting nits when no mapping exists.
12-16 10:50:08.987 1497 1603 I am_wtf : [0,1497,system_server,-1,DisplayDeviceConfig,requesting nits when no mapping exists.]
12-16 10:50:08.987 1497 1868 E DisplayDeviceConfig: requesting nits when no mapping exists.
12-16 10:50:08.988 1497 1603 I am_wtf : [0,1497,system_server,-1,DisplayDeviceConfig,requesting nits when no mapping exists.]
12-16 10:50:09.003 1497 1868 E DisplayDeviceConfig: requesting nits when no mapping exists.
12-16 10:50:09.006 1497 1868 E DisplayDeviceConfig: requesting nits when no mapping exists.
12-16 10:50:09.006 1497 1603 I am_wtf : [0,1497,system_server,-1,DisplayDeviceConfig,requesting nits when no mapping exists.]
12-16 10:50:09.008 1497 1603 I am_wtf : [0,1497,system_server,-1,DisplayDeviceConfig,requesting nits when no mapping exists.]
12-16 10:50:09.020 1497 1868 E DisplayDeviceConfig: requesting nits when no mapping exists.
12-16 10:50:09.020 1497 1868 E DisplayDeviceConfig: requesting nits when no mapping exists.
12-16 10:50:09.020 1497 1603 I am_wtf : [0,1497,system_server,-1,DisplayDeviceConfig,requesting nits when no mapping exists.]
12-16 10:50:09.021 1497 1603 I am_wtf : [0,1497,system_server,-1,DisplayDeviceConfig,requesting nits when no mapping exists.]
12-16 10:50:09.039 1497 1868 E DisplayDeviceConfig: requesting nits when no mapping exists.
12-16 10:50:09.040 1497 1868 E DisplayDeviceConfig: requesting nits when no mapping exists.
12-16 10:50:09.041 1497 1603 I am_wtf : [0,1497,system_server,-1,DisplayDeviceConfig,requesting nits when no mapping exists.]
12-16 10:50:09.042 1497 1603 I am_wtf : [0,1497,system_server,-1,DisplayDeviceConfig,requesting nits when no mapping exists.]
12-16 10:50:09.053 1497 1868 E DisplayDeviceConfig: requesting nits when no mapping exists.
12-16 10:50:09.054 1497 1868 E DisplayDeviceConfig: requesting nits when no mapping exists.
12-16 10:50:09.054 1497 1603 I am_wtf : [0,1497,system_server,-1,DisplayDeviceConfig,requesting nits when no mapping exists.]
12-16 10:50:09.055 1497 1603 I am_wtf : [0,1497,system_server,-1,DisplayDeviceConfig,requesting nits when no mapping exists.]
12-16 10:50:09.070 1497 1868 E DisplayDeviceConfig: requesting nits when no mapping exists.
12-16 10:50:09.070 1497 1868 E DisplayDeviceConfig: requesting nits when no mapping exists.
12-16 10:50:09.070 1497 1603 I am_wtf : [0,1497,system_server,-1,DisplayDeviceConfig,requesting nits when no mapping exists.]
12-16 10:50:09.071 1497 1603 I am_wtf : [0,1497,system_server,-1,DisplayDeviceConfig,requesting nits when no mapping exists.]
12-16 10:50:09.086 1497 1868 E DisplayDeviceConfig: requesting nits when no mapping exists.
12-16 10:50:09.087 1497 1868 E DisplayDeviceConfig: requesting nits when no mapping exists.
12-16 10:50:09.087 1497 1603 I am_wtf : [0,1497,system_server,-1,DisplayDeviceConfig,requesting nits when no mapping exists.]
12-16 10:50:09.088 1497 1603 I am_wtf : [0,1497,system_server,-1,DisplayDeviceConfig,requesting nits when no mapping exists.]
12-16 10:50:09.104 1497 1868 E DisplayDeviceConfig: requesting nits when no mapping exists.
12-16 10:50:09.104 1497 1868 E DisplayDeviceConfig: requesting nits when no mapping exists.
12-16 10:50:09.104 1497 1603 I am_wtf : [0,1497,system_server,-1,DisplayDeviceConfig,requesting nits when no mapping exists.]
12-16 10:50:09.105 1497 1603 I am_wtf : [0,1497,system_server,-1,DisplayDeviceConfig,requesting nits when no mapping exists.]
12-16 10:50:09.120 1497 1868 E DisplayDeviceConfig: requesting nits when no mapping exists.
12-16 10:50:09.121 1497 1603 I am_wtf : [0,1497,system_server,-1,DisplayDeviceConfig,requesting nits when no mapping exists.]
12-16 10:50:09.122 1497 1868 E DisplayDeviceConfig: requesting nits when no mapping exists.
12-16 10:50:09.124 1497 1603 I am_wtf : [0,1497,system_server,-1,DisplayDeviceConfig,requesting nits when no mapping exists.]
12-16 10:50:09.138 1497 1868 E DisplayDeviceConfig: requesting nits when no mapping exists.
12-16 10:50:09.139 1497 1603 I am_wtf : [0,1497,system_server,-1,DisplayDeviceConfig,requesting nits when no mapping exists.]
12-16 10:50:09.140 1497 1868 E DisplayDeviceConfig: requesting nits when no mapping exists.
12-16 10:50:09.141 1497 1603 I am_wtf : [0,1497,system_server,-1,DisplayDeviceConfig,requesting nits when no mapping exists.]
12-16 10:50:09.153 1497 1868 E DisplayDeviceConfig: requesting nits when no mapping exists.
12-16 10:50:09.153 1497 1868 E DisplayDeviceConfig: requesting nits when no mapping exists.
12-16 10:50:09.153 1497 1603 I am_wtf : [0,1497,system_server,-1,DisplayDeviceConfig,requesting nits when no mapping exists.]
12-16 10:50:09.154 1497 1603 I am_wtf : [0,1497,system_server,-1,DisplayDeviceConfig,requesting nits when no mapping exists.]
12-16 10:50:09.170 1497 1868 E DisplayDeviceConfig: requesting nits when no mapping exists.
12-16 10:50:09.171 1497 1603 I am_wtf : [0,1497,system_server,-1,DisplayDeviceConfig,requesting nits when no mapping exists.]
12-16 10:50:09.173 1497 1868 E DisplayDeviceConfig: requesting nits when no mapping exists.
12-16 10:50:09.174 1497 1603 I am_wtf : [0,1497,system_server,-1,DisplayDeviceConfig,requesting nits when no mapping exists.]
12-16 10:50:09.188 1497 1868 E DisplayDeviceConfig: requesting nits when no mapping exists.
12-16 10:50:09.189 1497 1868 E DisplayDeviceConfig: requesting nits when no mapping exists.
12-16 10:50:09.189 1497 1603 I am_wtf : [0,1497,system_server,-1,DisplayDeviceConfig,requesting nits when no mapping exists.]
12-16 10:50:09.190 1497 1603 I am_wtf : [0,1497,system_server,-1,DisplayDeviceConfig,requesting nits when no mapping exists.]
12-16 10:50:09.203 1497 1868 E DisplayDeviceConfig: requesting nits when no mapping exists.
12-16 10:50:09.204 1497 1868 E DisplayDeviceConfig: requesting nits when no mapping exists.
12-16 10:50:09.204 1497 1603 I am_wtf : [0,1497,system_server,-1,DisplayDeviceConfig,requesting nits when no mapping exists.]
12-16 10:50:09.206 1497 1603 I am_wtf : [0,1497,system_server,-1,DisplayDeviceConfig,requesting nits when no mapping exists.]
12-16 10:50:09.220 1497 1868 E DisplayDeviceConfig: requesting nits when no mapping exists.
12-16 10:50:09.221 1497 1868 E DisplayDeviceConfig: requesting nits when no mapping exists.
12-16 10:50:09.221 1497 1603 I am_wtf : [0,1497,system_server,-1,DisplayDeviceConfig,requesting nits when no mapping exists.]
12-16 10:50:09.222 1497 1603 I am_wtf : [0,1497,system_server,-1,DisplayDeviceConfig,requesting nits when no mapping exists.]
12-16 10:50:09.237 1497 1868 E DisplayDeviceConfig: requesting nits when no mapping exists.
12-16 10:50:09.237 1497 1868 E DisplayDeviceConfig: requesting nits when no mapping exists.
12-16 10:50:09.238 1497 1603 I am_wtf : [0,1497,system_server,-1,DisplayDeviceConfig,requesting nits when no mapping exists.]
12-16 10:50:09.239 1497 1603 I am_wtf : [0,1497,system_server,-1,DisplayDeviceConfig,requesting nits when no mapping exists.]
12-16 10:50:09.253 1497 1868 E DisplayDeviceConfig: requesting nits when no mapping exists.
12-16 10:50:09.254 1497 1868 E DisplayDeviceConfig: requesting nits when no mapping exists.
12-16 10:50:09.254 1497 1603 I am_wtf : [0,1497,system_server,-1,DisplayDeviceConfig,requesting nits when no mapping exists.]
12-16 10:50:09.256 1497 1603 I am_wtf : [0,1497,system_server,-1,DisplayDeviceConfig,requesting nits when no mapping exists.]
12-16 10:50:09.271 1497 1868 E DisplayDeviceConfig: requesting nits when no mapping exists.
12-16 10:50:09.271 1497 1868 E DisplayDeviceConfig: requesting nits when no mapping exists.
12-16 10:50:09.271 1497 1603 I am_wtf : [0,1497,system_server,-1,DisplayDeviceConfig,requesting nits when no mapping exists.]
12-16 10:50:09.273 1497 1603 I am_wtf : [0,1497,system_server,-1,DisplayDeviceConfig,requesting nits when no mapping exists.]
12-16 10:50:09.286 1497 1868 E DisplayDeviceConfig: requesting nits when no mapping exists.
12-16 10:50:09.287 1497 1868 E DisplayDeviceConfig: requesting nits when no mapping exists.
12-16 10:50:09.287 1497 1603 I am_wtf : [0,1497,system_server,-1,DisplayDeviceConfig,requesting nits when no mapping exists.]
12-16 10:50:09.289 1497 1603 I am_wtf : [0,1497,system_server,-1,DisplayDeviceConfig,requesting nits when no mapping exists.]
12-16 10:50:09.763 0 0 I auditd : type=1400 audit(0.0:23371): avc: denied { kill } for comm="swapper/1" capability=5 scontext=u:r:kernel:s0 tcontext=u:r:kernel:s0 tclass=capability permissive=0
12-16 10:50:10.763 0 0 I auditd : type=1400 audit(0.0:23372): avc: denied { kill } for comm="swapper/1" capability=5 scontext=u:r:kernel:s0 tcontext=u:r:kernel:s0 tclass=capability permissive=0
12-16 10:50:11.763 0 0 I auditd : type=1400 audit(0.0:23373): avc: denied { kill } for comm="swapper/1" capability=5 scontext=u:r:kernel:s0 tcontext=u:r:kernel:s0 tclass=capability permissive=0
12-16 10:50:12.759 0 0 I auditd : type=1400 audit(0.0:23374): avc: denied { kill } for comm="swapper/1" capability=5 scontext=u:r:kernel:s0 tcontext=u:r:kernel:s0 tclass=capability permissive=0
12-16 10:50:13.759 0 0 I auditd : type=1400 audit(0.0:23375): avc: denied { kill } for comm="swapper/1" capability=5 scontext=u:r:kernel:s0 tcontext=u:r:kernel:s0 tclass=capability permissive=0
12-16 10:50:14.759 0 0 I auditd : type=1400 audit(0.0:23376): avc: denied { kill } for comm="swapper/1" capability=5 scontext=u:r:kernel:s0 tcontext=u:r:kernel:s0 tclass=capability permissive=0
12-16 10:50:15.327 1497 1623 I PowerManagerService: Napping display group (groupId=0, uid=1000)...
12-16 10:50:15.328 1497 1623 I PowerManagerService: Nap time (uid 1000)...
12-16 10:50:15.333 1497 1623 I DreamManagerService: Entering dreamland.
12-16 10:50:15.337 1497 1623 I PowerManagerService: Dreaming...
12-16 10:50:15.338 1497 1592 I DreamController: Starting dream: name=ComponentInfo{com.thundercomm.screensaver/com.thundercomm.saverclock.service.ClockScreensaver}, isTest=false, canDoze=false, userId=0
12-16 10:50:15.339 1497 1592 I sysui_multi_action: [757,222,758,1]
12-16 10:50:15.343 1497 1592 I am_uid_active: 10045
12-16 10:50:15.351 1497 1603 I am_uid_idle: 10081
12-16 10:50:15.355 1497 3002 I ActivityTaskManager: START u0 {flg=0x10000000 pkg=com.thundercomm.screensaver cmp=com.thundercomm.screensaver/android.service.dreams.DreamActivity (has extras)} from uid 10045
12-16 10:50:15.359 1497 3002 I wm_task_created: [196,-1]
12-16 10:50:15.359 1497 3002 W ActivityTaskManager: Can't find TaskDisplayArea to determine support for multi window. Task id=196 attached=false
12-16 10:50:15.363 1497 3002 I wm_task_moved: [196,1,10]
12-16 10:50:15.363 1497 3002 I wm_task_to_front: [0,196]
12-16 10:50:15.364 1497 3002 I wm_create_task: [0,196]
12-16 10:50:15.364 1497 3002 I wm_create_activity: [0,182305297,196,com.thundercomm.screensaver/android.service.dreams.DreamActivity,NULL,NULL,NULL,276824064]
12-16 10:50:15.364 1497 3002 I wm_task_moved: [196,1,10]
12-16 10:50:15.364 27148 27148 I wm_on_top_resumed_lost_called: [267933777,com.android.settings.Settings,topStateChangedWhenResumed]
12-16 10:50:15.364 1497 3002 I wm_pause_activity: [0,267933777,com.android.settings/.Settings,userLeaving=true,pauseBackTasks]
12-16 10:50:15.366 27148 27148 I sysui_multi_action: [757,35,758,2,1089,59998]
12-16 10:50:15.366 27148 27148 I sysui_multi_action: [757,745,758,2,1089,59997]
12-16 10:50:15.367 27148 27148 I wm_on_paused_called: [267933777,com.android.settings.Settings,performPause]
12-16 10:50:15.367 1497 8492 I ActivityTaskManager: FOREGROUND_APPLICATION_CHANGED to android.service.dreams.DreamActivity
12-16 10:50:15.368 1497 8492 I ActivityTaskManager: The Process com.thundercomm.screensaver Already Exists in BG. So sending its PID: 4609
12-16 10:50:15.368 1497 8492 W ActivityTaskManager: Tried to set launchTime (0) < mLastActivityLaunchTime (21384861)
12-16 10:50:15.368 1497 8492 I wm_add_to_stopping: [0,267933777,com.android.settings/.Settings,makeInvisible]
12-16 10:50:15.368 1497 8492 I wm_restart_activity: [0,182305297,196,com.thundercomm.screensaver/android.service.dreams.DreamActivity]
12-16 10:50:15.369 1497 8492 I wm_set_resumed_activity: [0,com.thundercomm.screensaver/android.service.dreams.DreamActivity,minimalResumeActivityLocked]
12-16 10:50:15.372 1497 1595 I sysui_multi_action: [757,803,799,window_time_0,802,60]
12-16 10:50:15.373 4609 4609 I wm_on_create_called: [182305297,android.service.dreams.DreamActivity,performCreate]
12-16 10:50:15.374 4609 4609 I wm_on_start_called: [182305297,android.service.dreams.DreamActivity,handleStartActivity]
12-16 10:50:15.374 4609 4609 I wm_on_resume_called: [182305297,android.service.dreams.DreamActivity,RESUME_ACTIVITY]
12-16 10:50:15.375 1497 8492 W WindowManager: Failed looking up window session=Session{47d6d22 4609:u0a10045} callers=com.android.server.wm.WindowManagerService.windowForClientLocked:5628 com.android.server.wm.Session.insetsModified:629 android.view.IWindowSession$Stub.onTransact:1151
12-16 10:50:15.376 4609 4609 I wm_on_top_resumed_gained_called: [182305297,android.service.dreams.DreamActivity,topStateChangedWhenResumed]
12-16 10:50:15.377 17557 17592 W ContextImpl: Calling a method in the system process without a qualified user: android.app.ContextImpl.startService:1816 android.content.ContextWrapper.startService:774 com.thundercomm.gamemode.ingame.services.GameModeActionUtils.startGameModeService:99 com.thundercomm.gamemode.ingame.services.GameModeActionUtils.startGameModeEntry:22 com.thundercomm.gamemode.ingame.services.ActivityMonitoringService$1.onActivityLaunch:127
12-16 10:50:15.379 1497 1497 I GameModeConfig: Current uri is uri = content://com.thundercomm.gamemode.api/gamemode_settings/gamemode_isgaming
12-16 10:50:15.380 1497 1497 I GameModeConfig: isGameModeOn = false
12-16 10:50:15.381 1497 1497 I GameModeConfig: isGameModeOn = false
12-16 10:50:15.381 1497 1497 I GameModeConfig: isDisableVoice = true
12-16 10:50:15.388 1497 1681 I input_focus: [Focus leaving 99ce125 com.android.settings/com.android.settings.Settings (server),reason=NO_WINDOW]
12-16 10:50:15.395 1497 1596 I input_focus: [Focus request ccb6e4d com.thundercomm.screensaver/android.service.dreams.DreamActivity,reason=UpdateInputWindows]
12-16 10:50:15.408 1497 1592 I sysui_multi_action: [319,50,322,45,325,21998,757,761,758,8,759,2,806,com.thundercomm.screensaver,871,android.service.dreams.DreamActivity,904,com.thundercomm.screensaver,905,0,1320,4,1321,2]
12-16 10:50:15.409 1497 1592 I wm_activity_launch_time: [0,182305297,com.thundercomm.screensaver/android.service.dreams.DreamActivity,45]
12-16 10:50:15.409 1497 1623 V DisplayPowerController[0]: Brightness [1.0] reason changing to: 'manual', previous reason: 'manual [ dim ]'.
12-16 10:50:15.409 1497 1623 I sysui_multi_action: [757,1696,758,6,759,3]
12-16 10:50:15.420 1497 1868 E DisplayDeviceConfig: requesting nits when no mapping exists.
12-16 10:50:15.420 1497 1868 E DisplayDeviceConfig: requesting nits when no mapping exists.
12-16 10:50:15.420 1497 1603 I am_wtf : [0,1497,system_server,-1,DisplayDeviceConfig,requesting nits when no mapping exists.]
12-16 10:50:15.421 1497 1603 I am_wtf : [0,1497,system_server,-1,DisplayDeviceConfig,requesting nits when no mapping exists.]
12-16 10:50:15.438 1497 1868 E DisplayDeviceConfig: requesting nits when no mapping exists.
12-16 10:50:15.438 1497 1868 E DisplayDeviceConfig: requesting nits when no mapping exists.
12-16 10:50:15.438 1497 1681 I input_focus: [Focus entering ccb6e4d com.thundercomm.screensaver/android.service.dreams.DreamActivity (server),reason=Window became focusable. Previous reason: NOT_VISIBLE]
12-16 10:50:15.438 1497 1603 I am_wtf : [0,1497,system_server,-1,DisplayDeviceConfig,requesting nits when no mapping exists.]
12-16 10:50:15.439 1497 1603 I am_wtf : [0,1497,system_server,-1,DisplayDeviceConfig,requesting nits when no mapping exists.]
12-16 10:50:15.453 1497 1868 E DisplayDeviceConfig: requesting nits when no mapping exists.
12-16 10:50:15.454 1497 1868 E DisplayDeviceConfig: requesting nits when no mapping exists.
12-16 10:50:15.454 1497 1603 I am_wtf : [0,1497,system_server,-1,DisplayDeviceConfig,requesting nits when no mapping exists.]
12-16 10:50:15.455 1497 1603 I am_wtf : [0,1497,system_server,-1,DisplayDeviceConfig,requesting nits when no mapping exists.]
12-16 10:50:15.471 1497 1868 E DisplayDeviceConfig: requesting nits when no mapping exists.
12-16 10:50:15.471 1497 1868 E DisplayDeviceConfig: requesting nits when no mapping exists.
12-16 10:50:15.471 1497 1603 I am_wtf : [0,1497,system_server,-1,DisplayDeviceConfig,requesting nits when no mapping exists.]
12-16 10:50:15.472 1497 1603 I am_wtf : [0,1497,system_server,-1,DisplayDeviceConfig,requesting nits when no mapping exists.]
12-16 10:50:15.476 17557 17592 W ContextImpl: Calling a method in the system process without a qualified user: android.app.ContextImpl.startService:1816 android.content.ContextWrapper.startService:774 com.thundercomm.gamemode.ingame.services.GameModeActionUtils.startGameModeService:99 com.thundercomm.gamemode.ingame.services.GameModeActionUtils.startGameModeEntry:22 com.thundercomm.gamemode.ingame.services.ActivityMonitoringService$1.onActivityLaunch:127
12-16 10:50:15.477 1497 1497 I GameModeConfig: Current uri is uri = content://com.thundercomm.gamemode.api/gamemode_settings/gamemode_isgaming
12-16 10:50:15.478 1497 1497 I GameModeConfig: isGameModeOn = false
12-16 10:50:15.478 1497 1497 I GameModeConfig: isGameModeOn = false
12-16 10:50:15.478 1497 1497 I GameModeConfig: isDisableVoice = true
12-16 10:50:15.487 1497 1868 E DisplayDeviceConfig: requesting nits when no mapping exists.
12-16 10:50:15.487 1497 1868 E DisplayDeviceConfig: requesting nits when no mapping exists.
12-16 10:50:15.487 1497 1603 I am_wtf : [0,1497,system_server,-1,DisplayDeviceConfig,requesting nits when no mapping exists.]
12-16 10:50:15.488 1497 1603 I am_wtf : [0,1497,system_server,-1,DisplayDeviceConfig,requesting nits when no mapping exists.]
12-16 10:50:15.504 1497 1868 E DisplayDeviceConfig: requesting nits when no mapping exists.
12-16 10:50:15.504 1497 1868 E DisplayDeviceConfig: requesting nits when no mapping exists.
12-16 10:50:15.504 1497 1603 I am_wtf : [0,1497,system_server,-1,DisplayDeviceConfig,requesting nits when no mapping exists.]
12-16 10:50:15.504 1497 1603 I am_wtf : [0,1497,system_server,-1,DisplayDeviceConfig,requesting nits when no mapping exists.]
12-16 10:50:15.520 1497 1868 E DisplayDeviceConfig: requesting nits when no mapping exists.
12-16 10:50:15.520 1497 1868 E DisplayDeviceConfig: requesting nits when no mapping exists.
12-16 10:50:15.520 1497 1603 I am_wtf : [0,1497,system_server,-1,DisplayDeviceConfig,requesting nits when no mapping exists.]
12-16 10:50:15.521 1497 1603 I am_wtf : [0,1497,system_server,-1,DisplayDeviceConfig,requesting nits when no mapping exists.]
12-16 10:50:15.537 1497 1868 E DisplayDeviceConfig: requesting nits when no mapping exists.
12-16 10:50:15.537 1497 1868 E DisplayDeviceConfig: requesting nits when no mapping exists.
12-16 10:50:15.537 1497 1603 I am_wtf : [0,1497,system_server,-1,DisplayDeviceConfig,requesting nits when no mapping exists.]
12-16 10:50:15.537 1497 1603 I am_wtf : [0,1497,system_server,-1,DisplayDeviceConfig,requesting nits when no mapping exists.]
12-16 10:50:15.554 1497 1868 E DisplayDeviceConfig: requesting nits when no mapping exists.
12-16 10:50:15.554 1497 1868 E DisplayDeviceConfig: requesting nits when no mapping exists.
12-16 10:50:15.554 1497 1603 I am_wtf : [0,1497,system_server,-1,DisplayDeviceConfig,requesting nits when no mapping exists.]
12-16 10:50:15.554 1497 1603 I am_wtf : [0,1497,system_server,-1,DisplayDeviceConfig,requesting nits when no mapping exists.]
12-16 10:50:15.570 1497 1868 E DisplayDeviceConfig: requesting nits when no mapping exists.
12-16 10:50:15.570 1497 1868 E DisplayDeviceConfig: requesting nits when no mapping exists.
12-16 10:50:15.570 1497 1603 I am_wtf : [0,1497,system_server,-1,DisplayDeviceConfig,requesting nits when no mapping exists.]
12-16 10:50:15.571 1497 1603 I am_wtf : [0,1497,system_server,-1,DisplayDeviceConfig,requesting nits when no mapping exists.]
12-16 10:50:15.571 1497 1603 I service_manager_stats: [100,55,6900]
12-16 10:50:15.587 1497 1868 E DisplayDeviceConfig: requesting nits when no mapping exists.
12-16 10:50:15.587 1497 1868 E DisplayDeviceConfig: requesting nits when no mapping exists.
12-16 10:50:15.587 1497 1603 I am_wtf : [0,1497,system_server,-1,DisplayDeviceConfig,requesting nits when no mapping exists.]
12-16 10:50:15.588 1497 1603 I am_wtf : [0,1497,system_server,-1,DisplayDeviceConfig,requesting nits when no mapping exists.]
12-16 10:50:15.605 1497 1868 E DisplayDeviceConfig: requesting nits when no mapping exists.
12-16 10:50:15.605 1497 1868 E DisplayDeviceConfig: requesting nits when no mapping exists.
12-16 10:50:15.605 1497 1603 I am_wtf : [0,1497,system_server,-1,DisplayDeviceConfig,requesting nits when no mapping exists.]
12-16 10:50:15.605 1497 1603 I am_wtf : [0,1497,system_server,-1,DisplayDeviceConfig,requesting nits when no mapping exists.]
12-16 10:50:15.620 1497 1868 E DisplayDeviceConfig: requesting nits when no mapping exists.
12-16 10:50:15.620 1497 1868 E DisplayDeviceConfig: requesting nits when no mapping exists.
12-16 10:50:15.620 1497 1603 I am_wtf : [0,1497,system_server,-1,DisplayDeviceConfig,requesting nits when no mapping exists.]
12-16 10:50:15.621 1497 1603 I am_wtf : [0,1497,system_server,-1,DisplayDeviceConfig,requesting nits when no mapping exists.]
12-16 10:50:15.638 1497 1868 E DisplayDeviceConfig: requesting nits when no mapping exists.
12-16 10:50:15.638 1497 1868 E DisplayDeviceConfig: requesting nits when no mapping exists.
12-16 10:50:15.638 1497 1603 I am_wtf : [0,1497,system_server,-1,DisplayDeviceConfig,requesting nits when no mapping exists.]
12-16 10:50:15.638 1497 1603 I am_wtf : [0,1497,system_server,-1,DisplayDeviceConfig,requesting nits when no mapping exists.]
12-16 10:50:15.654 1497 1868 E DisplayDeviceConfig: requesting nits when no mapping exists.
12-16 10:50:15.654 1497 1603 I am_wtf : [0,1497,system_server,-1,DisplayDeviceConfig,requesting nits when no mapping exists.]
12-16 10:50:15.654 1497 1868 E DisplayDeviceConfig: requesting nits when no mapping exists.
12-16 10:50:15.654 1497 1603 I am_wtf : [0,1497,system_server,-1,DisplayDeviceConfig,requesting nits when no mapping exists.]
12-16 10:50:15.671 1497 1868 E DisplayDeviceConfig: requesting nits when no mapping exists.
