01-01 14:43:14.543 0 0 D mv2112_update_link: link 0x0
01-01 14:43:14.543 0 0 D mv2112_read_status: autoneg is disabled
12-16 11:26:49.759 0 0 I auditd : type=1400 audit(0.0:25703): avc: denied { kill } for comm="swapper/3" capability=5 scontext=u:r:kernel:s0 tcontext=u:r:kernel:s0 tclass=capability permissive=0
01-01 14:43:15.566 0 0 D : mv2112_read_status
01-01 14:43:15.567 0 0 D mv2112_update_link: 3.0x901(1G): 0x80
01-01 14:43:15.567 0 0 D mv2112_update_link: 3.0x8109(100M): 0x8
01-01 14:43:15.567 0 0 D mv2112_update_link: link 0x0
01-01 14:43:15.567 0 0 D mv2112_read_status: autoneg is disabled
12-16 11:26:50.759 0 0 I auditd : type=1400 audit(0.0:25704): avc: denied { kill } for comm="swapper/3" capability=5 scontext=u:r:kernel:s0 tcontext=u:r:kernel:s0 tclass=capability permissive=0
01-01 14:43:16.590 0 0 D : mv2112_read_status
01-01 14:43:16.591 0 0 D mv2112_update_link: 3.0x901(1G): 0x80
01-01 14:43:16.591 0 0 D mv2112_update_link: 3.0x8109(100M): 0x8
01-01 14:43:16.591 0 0 D mv2112_update_link: link 0x0
01-01 14:43:16.591 0 0 D mv2112_read_status: autoneg is disabled
12-16 11:26:51.759 0 0 I auditd : type=1400 audit(0.0:25705): avc: denied { kill } for comm="swapper/3" capability=5 scontext=u:r:kernel:s0 tcontext=u:r:kernel:s0 tclass=capability permissive=0
01-01 14:43:17.614 0 0 D : mv2112_read_status
01-01 14:43:17.614 0 0 D mv2112_update_link: 3.0x901(1G): 0x80
01-01 14:43:17.615 0 0 D mv2112_update_link: 3.0x8109(100M): 0x8
01-01 14:43:17.615 0 0 D mv2112_update_link: link 0x0
01-01 14:43:17.615 0 0 D mv2112_read_status: autoneg is disabled
12-16 11:26:52.759 0 0 I auditd : type=1400 audit(0.0:25706): avc: denied { kill } for comm="swapper/3" capability=5 scontext=u:r:kernel:s0 tcontext=u:r:kernel:s0 tclass=capability permissive=0
01-01 14:43:18.638 0 0 D : mv2112_read_status
01-01 14:43:18.638 0 0 D mv2112_update_link: 3.0x901(1G): 0x80
01-01 14:43:18.639 0 0 D mv2112_update_link: 3.0x8109(100M): 0x8
01-01 14:43:18.639 0 0 D mv2112_update_link: link 0x0
01-01 14:43:18.639 0 0 D mv2112_read_status: autoneg is disabled
12-16 11:26:53.759 0 0 I auditd : type=1400 audit(0.0:25707): avc: denied { kill } for comm="swapper/3" capability=5 scontext=u:r:kernel:s0 tcontext=u:r:kernel:s0 tclass=capability permissive=0
01-01 14:43:19.662 0 0 D : mv2112_read_status
01-01 14:43:19.663 0 0 D mv2112_update_link: 3.0x901(1G): 0x80
01-01 14:43:19.663 0 0 D mv2112_update_link: 3.0x8109(100M): 0x8
01-01 14:43:19.663 0 0 D mv2112_update_link: link 0x0
01-01 14:43:19.663 0 0 D mv2112_read_status: autoneg is disabled
12-16 11:26:54.759 0 0 I auditd : type=1400 audit(0.0:25708): avc: denied { kill } for comm="swapper/3" capability=5 scontext=u:r:kernel:s0 tcontext=u:r:kernel:s0 tclass=capability permissive=0
01-01 14:43:20.686 0 0 D : mv2112_read_status
01-01 14:43:20.686 0 0 D mv2112_update_link: 3.0x901(1G): 0x80
01-01 14:43:20.687 0 0 D mv2112_update_link: 3.0x8109(100M): 0x8
01-01 14:43:20.687 0 0 D mv2112_update_link: link 0x0
01-01 14:43:20.687 0 0 D mv2112_read_status: autoneg is disabled
12-16 11:26:55.759 0 0 I auditd : type=1400 audit(0.0:25709): avc: denied { kill } for comm="swapper/3" capability=5 scontext=u:r:kernel:s0 tcontext=u:r:kernel:s0 tclass=capability permissive=0
01-01 14:43:21.710 0 0 D : mv2112_read_status
01-01 14:43:21.711 0 0 D mv2112_update_link: 3.0x901(1G): 0x80
01-01 14:43:21.711 0 0 D mv2112_update_link: 3.0x8109(100M): 0x8
01-01 14:43:21.711 0 0 D mv2112_update_link: link 0x0
01-01 14:43:21.711 0 0 D mv2112_read_status: autoneg is disabled
12-16 11:26:56.759 0 0 I auditd : type=1400 audit(0.0:25710): avc: denied { kill } for comm="swapper/3" capability=5 scontext=u:r:kernel:s0 tcontext=u:r:kernel:s0 tclass=capability permissive=0
01-01 14:43:22.738 0 0 D : mv2112_read_status
01-01 14:43:22.739 0 0 D mv2112_update_link: 3.0x901(1G): 0x80
01-01 14:43:22.739 0 0 D mv2112_update_link: 3.0x8109(100M): 0x8
01-01 14:43:22.739 0 0 D mv2112_update_link: link 0x0
01-01 14:43:22.739 0 0 D mv2112_read_status: autoneg is disabled
12-16 11:26:57.759 0 0 I auditd : type=1400 audit(0.0:25711): avc: denied { kill } for comm="swapper/3" capability=5 scontext=u:r:kernel:s0 tcontext=u:r:kernel:s0 tclass=capability permissive=0
01-01 14:43:23.760 0 0 D : mv2112_read_status
01-01 14:43:23.761 0 0 D mv2112_update_link: 3.0x901(1G): 0x80
01-01 14:43:23.761 0 0 D mv2112_update_link: 3.0x8109(100M): 0x8
01-01 14:43:23.761 0 0 D mv2112_update_link: link 0x0
01-01 14:43:23.761 0 0 D mv2112_read_status: autoneg is disabled
12-16 11:26:58.759 0 0 I auditd : type=1400 audit(0.0:25712): avc: denied { kill } for comm="swapper/3" capability=5 scontext=u:r:kernel:s0 tcontext=u:r:kernel:s0 tclass=capability permissive=0
01-01 14:43:24.782 0 0 D : mv2112_read_status
01-01 14:43:24.783 0 0 D mv2112_update_link: 3.0x901(1G): 0x80
01-01 14:43:24.783 0 0 D mv2112_update_link: 3.0x8109(100M): 0x8
01-01 14:43:24.783 0 0 D mv2112_update_link: link 0x0
01-01 14:43:24.783 0 0 D mv2112_read_status: autoneg is disabled
01-01 14:43:25.812 0 0 D : mv2112_read_status
01-01 14:43:25.812 0 0 D mv2112_update_link: 3.0x901(1G): 0x80
01-01 14:43:25.813 0 0 D mv2112_update_link: 3.0x8109(100M): 0x8
01-01 14:43:25.813 0 0 D mv2112_update_link: link 0x0
01-01 14:43:25.813 0 0 D mv2112_read_status: autoneg is disabled
12-16 11:27:00.759 0 0 I auditd : type=1400 audit(0.0:25713): avc: denied { kill } for comm="swapper/3" capability=5 scontext=u:r:kernel:s0 tcontext=u:r:kernel:s0 tclass=capability permissive=0
01-01 14:43:26.830 0 0 D : mv2112_read_status
01-01 14:43:26.831 0 0 D mv2112_update_link: 3.0x901(1G): 0x80
01-01 14:43:26.831 0 0 D mv2112_update_link: 3.0x8109(100M): 0x8
01-01 14:43:26.831 0 0 D mv2112_update_link: link 0x0
01-01 14:43:26.831 0 0 D mv2112_read_status: autoneg is disabled
12-16 11:27:01.763 0 0 I auditd : type=1400 audit(0.0:25714): avc: denied { kill } for comm="swapper/3" capability=5 scontext=u:r:kernel:s0 tcontext=u:r:kernel:s0 tclass=capability permissive=0
01-01 14:43:27.854 0 0 D : mv2112_read_status
01-01 14:43:27.855 0 0 D mv2112_update_link: 3.0x901(1G): 0x80
01-01 14:43:27.856 0 0 D mv2112_update_link: 3.0x8109(100M): 0x8
01-01 14:43:27.856 0 0 D mv2112_update_link: link 0x0
01-01 14:43:27.856 0 0 D mv2112_read_status: autoneg is disabled
12-16 11:27:02.759 0 0 I auditd : type=1400 audit(0.0:25715): avc: denied { kill } for comm="swapper/1" capability=5 scontext=u:r:kernel:s0 tcontext=u:r:kernel:s0 tclass=capability permissive=0
01-01 14:43:28.878 0 0 D : mv2112_read_status
01-01 14:43:28.879 0 0 D mv2112_update_link: 3.0x901(1G): 0x80
01-01 14:43:28.879 0 0 D mv2112_update_link: 3.0x8109(100M): 0x8
01-01 14:43:28.879 0 0 D mv2112_update_link: link 0x0
01-01 14:43:28.879 0 0 D mv2112_read_status: autoneg is disabled
12-16 11:27:03.763 0 0 I auditd : type=1400 audit(0.0:25716): avc: denied { kill } for comm="swapper/1" capability=5 scontext=u:r:kernel:s0 tcontext=u:r:kernel:s0 tclass=capability permissive=0
01-01 14:43:29.902 0 0 D : mv2112_read_status
01-01 14:43:29.903 0 0 D mv2112_update_link: 3.0x901(1G): 0x80
01-01 14:43:29.903 0 0 D mv2112_update_link: 3.0x8109(100M): 0x8
01-01 14:43:29.903 0 0 D mv2112_update_link: link 0x0
01-01 14:43:29.903 0 0 D mv2112_read_status: autoneg is disabled
12-16 11:27:04.763 0 0 I auditd : type=1400 audit(0.0:25717): avc: denied { kill } for comm="swapper/1" capability=5 scontext=u:r:kernel:s0 tcontext=u:r:kernel:s0 tclass=capability permissive=0
01-01 14:43:30.926 0 0 D : mv2112_read_status
01-01 14:43:30.927 0 0 D mv2112_update_link: 3.0x901(1G): 0x80
01-01 14:43:30.927 0 0 D mv2112_update_link: 3.0x8109(100M): 0x8
01-01 14:43:30.927 0 0 D mv2112_update_link: link 0x0
01-01 14:43:30.927 0 0 D mv2112_read_status: autoneg is disabled
01-01 14:43:31.248 0 0 I msm_vidc: err : ffffffff: .....: DBLP Set: status 0
12-16 11:27:05.763 0 0 I auditd : type=1400 audit(0.0:25718): avc: denied { kill } for comm="swapper/1" capability=5 scontext=u:r:kernel:s0 tcontext=u:r:kernel:s0 tclass=capability permissive=0
01-01 14:43:31.950 0 0 D : mv2112_read_status
01-01 14:43:31.951 0 0 D mv2112_update_link: 3.0x901(1G): 0x80
01-01 14:43:31.951 0 0 D mv2112_update_link: 3.0x8109(100M): 0x8
01-01 14:43:31.951 0 0 D mv2112_update_link: link 0x0
01-01 14:43:31.951 0 0 D mv2112_read_status: autoneg is disabled
12-16 11:27:06.759 0 0 I auditd : type=1400 audit(0.0:25719): avc: denied { kill } for comm="swapper/1" capability=5 scontext=u:r:kernel:s0 tcontext=u:r:kernel:s0 tclass=capability permissive=0
01-01 14:43:32.974 0 0 D : mv2112_read_status
01-01 14:43:32.975 0 0 D mv2112_update_link: 3.0x901(1G): 0x80
01-01 14:43:32.975 0 0 D mv2112_update_link: 3.0x8109(100M): 0x8
01-01 14:43:32.975 0 0 D mv2112_update_link: link 0x0
01-01 14:43:32.975 0 0 D mv2112_read_status: autoneg is disabled
12-16 11:27:07.759 0 0 I auditd : type=1400 audit(0.0:25720): avc: denied { kill } for comm="swapper/1" capability=5 scontext=u:r:kernel:s0 tcontext=u:r:kernel:s0 tclass=capability permissive=0
01-01 14:43:33.998 0 0 D : mv2112_read_status
01-01 14:43:33.998 0 0 D mv2112_update_link: 3.0x901(1G): 0x80
01-01 14:43:33.999 0 0 D mv2112_update_link: 3.0x8109(100M): 0x8
01-01 14:43:33.999 0 0 D mv2112_update_link: link 0x0
01-01 14:43:33.999 0 0 D mv2112_read_status: autoneg is disabled
12-16 11:27:08.759 0 0 I auditd : type=1400 audit(0.0:25721): avc: denied { kill } for comm="swapper/1" capability=5 scontext=u:r:kernel:s0 tcontext=u:r:kernel:s0 tclass=capability permissive=0
01-01 14:43:35.022 0 0 D : mv2112_read_status
01-01 14:43:35.022 0 0 D mv2112_update_link: 3.0x901(1G): 0x80
01-01 14:43:35.023 0 0 D mv2112_update_link: 3.0x8109(100M): 0x8
01-01 14:43:35.023 0 0 D mv2112_update_link: link 0x0
01-01 14:43:35.023 0 0 D mv2112_read_status: autoneg is disabled
12-16 11:27:09.763 0 0 I auditd : type=1400 audit(0.0:25722): avc: denied { kill } for comm="swapper/1" capability=5 scontext=u:r:kernel:s0 tcontext=u:r:kernel:s0 tclass=capability permissive=0
01-01 14:43:36.046 0 0 D : mv2112_read_status
01-01 14:43:36.047 0 0 D mv2112_update_link: 3.0x901(1G): 0x80
01-01 14:43:36.047 0 0 D mv2112_update_link: 3.0x8109(100M): 0x8
01-01 14:43:36.047 0 0 D mv2112_update_link: link 0x0
01-01 14:43:36.047 0 0 D mv2112_read_status: autoneg is disabled
12-16 11:27:10.763 0 0 I auditd : type=1400 audit(0.0:25723): avc: denied { kill } for comm="swapper/1" capability=5 scontext=u:r:kernel:s0 tcontext=u:r:kernel:s0 tclass=capability permissive=0
01-01 14:43:36.605 0 0 I [soft_i][0x6c41b4ce42][11:27:11.001973] wlan: [0:I:QDF] DHCP-R TX: SA:7a:e4:bc:f9:6b:c7 DA:58:d9:d5:44:ba:d8 msdu_id:11 status: succ
01-01 14:43:36.616 0 0 I [dp_rx_][0x6c41b8270a][11:27:11.013397] wlan: [9507:I:QDF] DHCP-A RX: SA:58:d9:d5:44:ba:d8 DA:ff:ff:ff:ff:ff:ff
01-01 14:43:37.070 0 0 D : mv2112_read_status
01-01 14:43:37.070 0 0 D mv2112_update_link: 3.0x901(1G): 0x80
01-01 14:43:37.071 0 0 D mv2112_update_link: 3.0x8109(100M): 0x8
01-01 14:43:37.071 0 0 D mv2112_update_link: link 0x0
01-01 14:43:37.071 0 0 D mv2112_read_status: autoneg is disabled
12-16 11:27:11.763 0 0 I auditd : type=1400 audit(0.0:25724): avc: denied { kill } for comm="swapper/1" capability=5 scontext=u:r:kernel:s0 tcontext=u:r:kernel:s0 tclass=capability permissive=0
01-01 14:43:38.094 0 0 D : mv2112_read_status
01-01 14:43:38.094 0 0 D mv2112_update_link: 3.0x901(1G): 0x80
01-01 14:43:38.095 0 0 D mv2112_update_link: 3.0x8109(100M): 0x8
01-01 14:43:38.095 0 0 D mv2112_update_link: link 0x0
01-01 14:43:38.095 0 0 D mv2112_read_status: autoneg is disabled
12-16 11:27:12.759 0 0 I auditd : type=1400 audit(0.0:25725): avc: denied { kill } for comm="swapper/1" capability=5 scontext=u:r:kernel:s0 tcontext=u:r:kernel:s0 tclass=capability permissive=0
01-01 14:43:39.118 0 0 D : mv2112_read_status
01-01 14:43:39.118 0 0 D mv2112_update_link: 3.0x901(1G): 0x80
01-01 14:43:39.119 0 0 D mv2112_update_link: 3.0x8109(100M): 0x8
01-01 14:43:39.119 0 0 D mv2112_update_link: link 0x0
01-01 14:43:39.119 0 0 D mv2112_read_status: autoneg is disabled
12-16 11:27:13.763 0 0 I auditd : type=1400 audit(0.0:25726): avc: denied { kill } for comm="swapper/1" capability=5 scontext=u:r:kernel:s0 tcontext=u:r:kernel:s0 tclass=capability permissive=0
01-01 14:43:40.142 0 0 D : mv2112_read_status
01-01 14:43:40.143 0 0 D mv2112_update_link: 3.0x901(1G): 0x80
01-01 14:43:40.143 0 0 D mv2112_update_link: 3.0x8109(100M): 0x8
01-01 14:43:40.143 0 0 D mv2112_update_link: link 0x0
01-01 14:43:40.143 0 0 D mv2112_read_status: autoneg is disabled
12-16 11:27:14.759 0 0 I auditd : type=1400 audit(0.0:25727): avc: denied { kill } for comm="swapper/1" capability=5 scontext=u:r:kernel:s0 tcontext=u:r:kernel:s0 tclass=capability permissive=0
01-01 14:43:41.166 0 0 D : mv2112_read_status
01-01 14:43:41.166 0 0 D mv2112_update_link: 3.0x901(1G): 0x80
01-01 14:43:41.167 0 0 D mv2112_update_link: 3.0x8109(100M): 0x8
01-01 14:43:41.167 0 0 D mv2112_update_link: link 0x0
01-01 14:43:41.167 0 0 D mv2112_read_status: autoneg is disabled
12-16 11:27:15.763 0 0 I auditd : type=1400 audit(0.0:25728): avc: denied { kill } for comm="swapper/1" capability=5 scontext=u:r:kernel:s0 tcontext=u:r:kernel:s0 tclass=capability permissive=0
01-01 14:43:42.190 0 0 D : mv2112_read_status
01-01 14:43:42.191 0 0 D mv2112_update_link: 3.0x901(1G): 0x80
01-01 14:43:42.191 0 0 D mv2112_update_link: 3.0x8109(100M): 0x8
01-01 14:43:42.191 0 0 D mv2112_update_link: link 0x0
01-01 14:43:42.191 0 0 D mv2112_read_status: autoneg is disabled
12-16 11:27:16.759 0 0 I auditd : type=1400 audit(0.0:25729): avc: denied { kill } for comm="swapper/1" capability=5 scontext=u:r:kernel:s0 tcontext=u:r:kernel:s0 tclass=capability permissive=0
01-01 14:43:43.214 0 0 D : mv2112_read_status
01-01 14:43:43.214 0 0 D mv2112_update_link: 3.0x901(1G): 0x80
01-01 14:43:43.215 0 0 D mv2112_update_link: 3.0x8109(100M): 0x8
01-01 14:43:43.215 0 0 D mv2112_update_link: link 0x0
01-01 14:43:43.215 0 0 D mv2112_read_status: autoneg is disabled
12-16 11:27:17.763 0 0 I auditd : type=1400 audit(0.0:25730): avc: denied { kill } for comm="swapper/1" capability=5 scontext=u:r:kernel:s0 tcontext=u:r:kernel:s0 tclass=capability permissive=0
01-01 14:43:44.238 0 0 D : mv2112_read_status
01-01 14:43:44.238 0 0 D mv2112_update_link: 3.0x901(1G): 0x80
01-01 14:43:44.239 0 0 D mv2112_update_link: 3.0x8109(100M): 0x8
01-01 14:43:44.239 0 0 D mv2112_update_link: link 0x0
01-01 14:43:44.239 0 0 D mv2112_read_status: autoneg is disabled
12-16 11:27:18.759 0 0 I auditd : type=1400 audit(0.0:25731): avc: denied { kill } for comm="swapper/1" capability=5 scontext=u:r:kernel:s0 tcontext=u:r:kernel:s0 tclass=capability permissive=0
01-01 14:43:45.262 0 0 D : mv2112_read_status
01-01 14:43:45.262 0 0 D mv2112_update_link: 3.0x901(1G): 0x80
01-01 14:43:45.263 0 0 D mv2112_update_link: 3.0x8109(100M): 0x8
01-01 14:43:45.263 0 0 D mv2112_update_link: link 0x0
01-01 14:43:45.263 0 0 D mv2112_read_status: autoneg is disabled
12-16 11:27:19.759 0 0 I auditd : type=1400 audit(0.0:25732): avc: denied { kill } for comm="swapper/1" capability=5 scontext=u:r:kernel:s0 tcontext=u:r:kernel:s0 tclass=capability permissive=0
01-01 14:43:46.286 0 0 D : mv2112_read_status
01-01 14:43:46.286 0 0 D mv2112_update_link: 3.0x901(1G): 0x80
01-01 14:43:46.287 0 0 D mv2112_update_link: 3.0x8109(100M): 0x8
01-01 14:43:46.287 0 0 D mv2112_update_link: link 0x0
01-01 14:43:46.287 0 0 D mv2112_read_status: autoneg is disabled
12-16 11:27:20.759 0 0 I auditd : type=1400 audit(0.0:25733): avc: denied { kill } for comm="swapper/1" capability=5 scontext=u:r:kernel:s0 tcontext=u:r:kernel:s0 tclass=capability permissive=0
01-01 14:43:47.310 0 0 D : mv2112_read_status
01-01 14:43:47.310 0 0 D mv2112_update_link: 3.0x901(1G): 0x80
01-01 14:43:47.311 0 0 D mv2112_update_link: 3.0x8109(100M): 0x8
01-01 14:43:47.311 0 0 D mv2112_update_link: link 0x0
01-01 14:43:47.311 0 0 D mv2112_read_status: autoneg is disabled
12-16 11:27:21.763 0 0 I auditd : type=1400 audit(0.0:25734): avc: denied { kill } for comm="swapper/1" capability=5 scontext=u:r:kernel:s0 tcontext=u:r:kernel:s0 tclass=capability permissive=0
01-01 14:43:48.334 0 0 D : mv2112_read_status
01-01 14:43:48.335 0 0 D mv2112_update_link: 3.0x901(1G): 0x80
01-01 14:43:48.335 0 0 D mv2112_update_link: 3.0x8109(100M): 0x8
01-01 14:43:48.335 0 0 D mv2112_update_link: link 0x0
01-01 14:43:48.335 0 0 D mv2112_read_status: autoneg is disabled
12-16 11:27:22.763 0 0 I auditd : type=1400 audit(0.0:25735): avc: denied { kill } for comm="swapper/1" capability=5 scontext=u:r:kernel:s0 tcontext=u:r:kernel:s0 tclass=capability permissive=0
01-01 14:43:49.358 0 0 D : mv2112_read_status
01-01 14:43:49.359 0 0 D mv2112_update_link: 3.0x901(1G): 0x80
01-01 14:43:49.359 0 0 D mv2112_update_link: 3.0x8109(100M): 0x8
01-01 14:43:49.359 0 0 D mv2112_update_link: link 0x0
01-01 14:43:49.359 0 0 D mv2112_read_status: autoneg is disabled
12-16 11:27:23.763 0 0 I auditd : type=1400 audit(0.0:25736): avc: denied { kill } for comm="swapper/1" capability=5 scontext=u:r:kernel:s0 tcontext=u:r:kernel:s0 tclass=capability permissive=0
12-16 11:27:24.763 0 0 I auditd : type=1400 audit(0.0:25737): avc: denied { kill } for comm="swapper/1" capability=5 scontext=u:r:kernel:s0 tcontext=u:r:kernel:s0 tclass=capability permissive=0
01-01 14:43:50.382 0 0 D : mv2112_read_status
01-01 14:43:50.382 0 0 D mv2112_update_link: 3.0x901(1G): 0x80
01-01 14:43:50.383 0 0 D mv2112_update_link: 3.0x8109(100M): 0x8
01-01 14:43:50.383 0 0 D mv2112_update_link: link 0x0
01-01 14:43:50.383 0 0 D mv2112_read_status: autoneg is disabled
12-16 11:27:25.759 0 0 I auditd : type=1400 audit(0.0:25738): avc: denied { kill } for comm="swapper/1" capability=5 scontext=u:r:kernel:s0 tcontext=u:r:kernel:s0 tclass=capability permissive=0
01-01 14:43:51.406 0 0 D : mv2112_read_status
01-01 14:43:51.407 0 0 D mv2112_update_link: 3.0x901(1G): 0x80
01-01 14:43:51.407 0 0 D mv2112_update_link: 3.0x8109(100M): 0x8
01-01 14:43:51.407 0 0 D mv2112_update_link: link 0x0
01-01 14:43:51.407 0 0 D mv2112_read_status: autoneg is disabled
12-16 11:27:26.759 0 0 I auditd : type=1400 audit(0.0:25739): avc: denied { kill } for comm="swapper/1" capability=5 scontext=u:r:kernel:s0 tcontext=u:r:kernel:s0 tclass=capability permissive=0
01-01 14:43:52.430 0 0 D : mv2112_read_status
01-01 14:43:52.431 0 0 D mv2112_update_link: 3.0x901(1G): 0x80
01-01 14:43:52.431 0 0 D mv2112_update_link: 3.0x8109(100M): 0x8
01-01 14:43:52.431 0 0 D mv2112_update_link: link 0x0
01-01 14:43:52.431 0 0 D mv2112_read_status: autoneg is disabled
12-16 11:27:27.759 0 0 I auditd : type=1400 audit(0.0:25740): avc: denied { kill } for comm="swapper/1" capability=5 scontext=u:r:kernel:s0 tcontext=u:r:kernel:s0 tclass=capability permissive=0
01-01 14:43:53.454 0 0 D : mv2112_read_status
01-01 14:43:53.455 0 0 D mv2112_update_link: 3.0x901(1G): 0x80
01-01 14:43:53.455 0 0 D mv2112_update_link: 3.0x8109(100M): 0x8
01-01 14:43:53.455 0 0 D mv2112_update_link: link 0x0
01-01 14:43:53.455 0 0 D mv2112_read_status: autoneg is disabled
12-16 11:27:28.759 0 0 I auditd : type=1400 audit(0.0:25741): avc: denied { kill } for comm="swapper/1" capability=5 scontext=u:r:kernel:s0 tcontext=u:r:kernel:s0 tclass=capability permissive=0
01-01 14:43:54.478 0 0 D : mv2112_read_status
01-01 14:43:54.479 0 0 D mv2112_update_link: 3.0x901(1G): 0x80
01-01 14:43:54.479 0 0 D mv2112_update_link: 3.0x8109(100M): 0x8
01-01 14:43:54.479 0 0 D mv2112_update_link: link 0x0
01-01 14:43:54.479 0 0 D mv2112_read_status: autoneg is disabled
12-16 11:27:29.763 0 0 I auditd : type=1400 audit(0.0:25742): avc: denied { kill } for comm="swapper/1" capability=5 scontext=u:r:kernel:s0 tcontext=u:r:kernel:s0 tclass=capability permissive=0
01-01 14:43:55.502 0 0 D : mv2112_read_status
01-01 14:43:55.503 0 0 D mv2112_update_link: 3.0x901(1G): 0x80
01-01 14:43:55.503 0 0 D mv2112_update_link: 3.0x8109(100M): 0x8
01-01 14:43:55.503 0 0 D mv2112_update_link: link 0x0
01-01 14:43:55.503 0 0 D mv2112_read_status: autoneg is disabled
12-16 11:27:30.763 0 0 I auditd : type=1400 audit(0.0:25743): avc: denied { kill } for comm="swapper/1" capability=5 scontext=u:r:kernel:s0 tcontext=u:r:kernel:s0 tclass=capability permissive=0
12-16 11:27:30.901 1497 1669 D ActivityManager: freezing 31513 com.android.deskclock
12-16 11:27:30.901 1497 1669 E ActivityManager: Unable to freeze binder for 31513 com.android.deskclock
01-01 14:43:56.504 0 0 I binder : 1497:1669 ioctl 400c620e 7531f915d8 returned -22
12-16 11:27:30.904 1497 1669 D ActivityManager: froze 31513 com.android.deskclock
12-16 11:27:30.904 1497 1669 I am_freeze: [31513,com.android.deskclock]
12-16 11:27:30.904 1497 1669 E ActivityManager: Unable to freeze binder for 31513 com.android.deskclock
12-16 11:27:30.906 1497 1669 D ActivityManager: freezing 31514 com.android.gallery3d
01-01 14:43:56.508 0 0 I binder : 1497:1669 ioctl c00c620f 7531f915b8 returned -22
01-01 14:43:56.510 0 0 I binder : 1497:1669 ioctl 400c620e 7531f915d8 returned -22
12-16 11:27:30.906 1497 1669 E ActivityManager: Unable to freeze binder for 31514 com.android.gallery3d
12-16 11:27:30.907 1497 1669 D ActivityManager: froze 31514 com.android.gallery3d
12-16 11:27:30.907 1497 1669 I am_freeze: [31514,com.android.gallery3d]
12-16 11:27:30.908 1497 1669 E ActivityManager: Unable to freeze binder for 31514 com.android.gallery3d
12-16 11:27:30.909 1497 1669 D ActivityManager: freezing 31515 com.hryt.hiphishowfsecontrol
01-01 14:43:56.511 0 0 I binder : 1497:1669 ioctl c00c620f 7531f915b8 returned -22
01-01 14:43:56.513 0 0 I binder : 1497:1669 ioctl 400c620e 7531f915d8 returned -22
12-16 11:27:30.909 1497 1669 E ActivityManager: Unable to freeze binder for 31515 com.hryt.hiphishowfsecontrol
12-16 11:27:30.911 1497 1669 D ActivityManager: froze 31515 com.hryt.hiphishowfsecontrol
12-16 11:27:30.911 1497 1669 I am_freeze: [31515,com.hryt.hiphishowfsecontrol]
12-16 11:27:30.911 1497 1669 E ActivityManager: Unable to freeze binder for 31515 com.hryt.hiphishowfsecontrol
12-16 11:27:30.912 1497 1669 I ActivityManager: Killing 31513:com.android.deskclock/u0a67 (adj 945): Unable to freeze binder interface
12-16 11:27:30.912 1497 1669 I am_kill : [0,31513,com.android.deskclock,945,Unable to freeze binder interface]
12-16 11:27:30.913 1497 1669 I ActivityManager: Killing 31514:com.android.gallery3d/u0a70 (adj 935): Unable to freeze binder interface
12-16 11:27:30.914 1497 1669 I am_kill : [0,31514,com.android.gallery3d,935,Unable to freeze binder interface]
01-01 14:43:56.515 0 0 I binder : 1497:1669 ioctl c00c620f 7531f915b8 returned -22
12-16 11:27:30.915 1497 1669 I ActivityManager: Killing 31515:com.hryt.hiphishowfsecontrol/u0a23 (adj 925): Unable to freeze binder interface
12-16 11:27:30.915 1497 1669 I am_kill : [0,31515,com.hryt.hiphishowfsecontrol,925,Unable to freeze binder interface]
01-01 14:43:56.526 0 0 D : mv2112_read_status
01-01 14:43:56.527 0 0 D mv2112_update_link: 3.0x901(1G): 0x80
01-01 14:43:56.527 0 0 D mv2112_update_link: 3.0x8109(100M): 0x8
01-01 14:43:56.527 0 0 D mv2112_update_link: link 0x0
01-01 14:43:56.527 0 0 D mv2112_read_status: autoneg is disabled
12-16 11:27:30.934 1497 8848 I am_proc_died: [0,31514,com.android.gallery3d,935,19]
12-16 11:27:30.936 1497 8848 I am_uid_stopped: 10070
12-16 11:27:30.939 1497 2091 I am_proc_died: [0,31513,com.android.deskclock,945,19]
12-16 11:27:30.940 1497 2091 I am_uid_stopped: 10067
12-16 11:27:30.941 1497 8848 I am_proc_died: [0,31515,com.hryt.hiphishowfsecontrol,925,19]
12-16 11:27:30.942 1497 8848 I am_uid_stopped: 10023
12-16 11:27:30.946 1497 1602 I am_pss : [31683,10065,com.android.calendar,6464512,4067328,0,91955200,0,19,6]
12-16 11:27:30.947 1497 1595 I am_uid_running: 10067
12-16 11:27:30.947 1497 1595 D CompatibilityChangeReporter: Compat change id reported: 135634846; UID 10067; state: DISABLED
12-16 11:27:30.948 1497 1595 D CompatibilityChangeReporter: Compat change id reported: 177438394; UID 10067; state: DISABLED
12-16 11:27:30.948 1497 1595 D CompatibilityChangeReporter: Compat change id reported: 135772972; UID 10067; state: DISABLED
12-16 11:27:30.948 1497 1595 D CompatibilityChangeReporter: Compat change id reported: 135754954; UID 10067; state: DISABLED
12-16 11:27:30.948 1497 1604 D CompatibilityChangeReporter: Compat change id reported: 143937733; UID 10067; state: DISABLED
12-16 11:27:30.948 1497 1595 I am_uid_running: 10070
12-16 11:27:30.949 1497 1595 D CompatibilityChangeReporter: Compat change id reported: 135634846; UID 10070; state: DISABLED
12-16 11:27:30.949 1497 1595 D CompatibilityChangeReporter: Compat change id reported: 177438394; UID 10070; state: DISABLED
12-16 11:27:30.949 1497 1595 D CompatibilityChangeReporter: Compat change id reported: 135772972; UID 10070; state: DISABLED
12-16 11:27:30.949 1497 1595 D CompatibilityChangeReporter: Compat change id reported: 135754954; UID 10070; state: DISABLED
12-16 11:27:30.949 1497 1595 I am_uid_running: 10023
12-16 11:27:30.949 1497 1595 D CompatibilityChangeReporter: Compat change id reported: 135634846; UID 10023; state: DISABLED
12-16 11:27:30.950 1497 1595 D CompatibilityChangeReporter: Compat change id reported: 177438394; UID 10023; state: DISABLED
12-16 11:27:30.950 1497 1595 D CompatibilityChangeReporter: Compat change id reported: 135772972; UID 10023; state: DISABLED
12-16 11:27:30.950 1497 1595 D CompatibilityChangeReporter: Compat change id reported: 135754954; UID 10023; state: ENABLED
12-16 11:27:30.952 1497 1602 I am_pss : [31629,10088,com.android.music,7115776,4685824,0,91062272,0,19,5]
12-16 11:27:30.962 1497 1602 I am_pss : [28070,10051,com.android.htmlviewer,87030784,68456448,0,226893824,0,19,9]
12-16 11:27:30.962 1497 1604 I am_proc_start: [0,31724,10067,com.android.deskclock,NULL,]
12-16 11:27:30.962 1497 1604 I ActivityManager: Start proc 31724:com.android.deskclock/u0a67 for null
12-16 11:27:30.963 1497 1604 D CompatibilityChangeReporter: Compat change id reported: 143937733; UID 10070; state: DISABLED
12-16 11:27:30.977 1497 1604 I am_proc_start: [0,31725,10070,com.android.gallery3d,NULL,]
12-16 11:27:30.977 1497 1604 I ActivityManager: Start proc 31725:com.android.gallery3d/u0a70 for null
12-16 11:27:30.977 1497 1604 D CompatibilityChangeReporter: Compat change id reported: 143937733; UID 10023; state: ENABLED
12-16 11:27:30.984 1497 1604 I am_proc_start: [0,31731,10023,com.hryt.hiphishowfsecontrol,NULL,]
12-16 11:27:30.984 1497 1604 I ActivityManager: Start proc 31731:com.hryt.hiphishowfsecontrol/u0a23 for null
01-01 14:43:56.593 0 0 I binder : 31724:31724 ioctl 40046210 7fe19b7f64 returned -22
12-16 11:27:30.996 1497 8848 I am_proc_bound: [0,31724,com.android.deskclock]
01-01 14:43:56.607 0 0 I binder : 31725:31725 ioctl 40046210 7fe19b7f64 returned -22
12-16 11:27:31.013 1497 8848 I am_proc_bound: [0,31725,com.android.gallery3d]
01-01 14:43:56.632 0 0 I binder : 31731:31731 ioctl 40046210 7fe19b7884 returned -22
12-16 11:27:31.034 1497 8848 I am_proc_bound: [0,31731,com.hryt.hiphishowfsecontrol]
12-16 11:27:31.763 0 0 I auditd : type=1400 audit(0.0:25744): avc: denied { kill } for comm="swapper/1" capability=5 scontext=u:r:kernel:s0 tcontext=u:r:kernel:s0 tclass=capability permissive=0
01-01 14:43:57.550 0 0 D : mv2112_read_status
01-01 14:43:57.551 0 0 D mv2112_update_link: 3.0x901(1G): 0x80
01-01 14:43:57.551 0 0 D mv2112_update_link: 3.0x8109(100M): 0x8
01-01 14:43:57.551 0 0 D mv2112_update_link: link 0x0
01-01 14:43:57.551 0 0 D mv2112_read_status: autoneg is disabled
12-16 11:27:32.763 0 0 I auditd : type=1400 audit(0.0:25745): avc: denied { kill } for comm="swapper/1" capability=5 scontext=u:r:kernel:s0 tcontext=u:r:kernel:s0 tclass=capability permissive=0
01-01 14:43:58.574 0 0 D : mv2112_read_status
01-01 14:43:58.574 0 0 D mv2112_update_link: 3.0x901(1G): 0x80
01-01 14:43:58.575 0 0 D mv2112_update_link: 3.0x8109(100M): 0x8
01-01 14:43:58.575 0 0 D mv2112_update_link: link 0x0
01-01 14:43:58.575 0 0 D mv2112_read_status: autoneg is disabled
12-16 11:27:33.763 0 0 I auditd : type=1400 audit(0.0:25746): avc: denied { kill } for comm="swapper/1" capability=5 scontext=u:r:kernel:s0 tcontext=u:r:kernel:s0 tclass=capability permissive=0
01-01 14:43:59.598 0 0 D : mv2112_read_status
01-01 14:43:59.598 0 0 D mv2112_update_link: 3.0x901(1G): 0x80
01-01 14:43:59.599 0 0 D mv2112_update_link: 3.0x8109(100M): 0x8
01-01 14:43:59.599 0 0 D mv2112_update_link: link 0x0
01-01 14:43:59.599 0 0 D mv2112_read_status: autoneg is disabled
12-16 11:27:34.763 0 0 I auditd : type=1400 audit(0.0:25747): avc: denied { kill } for comm="swapper/1" capability=5 scontext=u:r:kernel:s0 tcontext=u:r:kernel:s0 tclass=capability permissive=0
01-01 14:44:00.622 0 0 D : mv2112_read_status
01-01 14:44:00.623 0 0 D mv2112_update_link: 3.0x901(1G): 0x80
01-01 14:44:00.623 0 0 D mv2112_update_link: 3.0x8109(100M): 0x8
01-01 14:44:00.623 0 0 D mv2112_update_link: link 0x0
01-01 14:44:00.623 0 0 D mv2112_read_status: autoneg is disabled
12-16 11:27:35.763 0 0 I auditd : type=1400 audit(0.0:25748): avc: denied { kill } for comm="swapper/1" capability=5 scontext=u:r:kernel:s0 tcontext=u:r:kernel:s0 tclass=capability permissive=0
01-01 14:44:01.650 0 0 D : mv2112_read_status
01-01 14:44:01.651 0 0 D mv2112_update_link: 3.0x901(1G): 0x80
01-01 14:44:01.651 0 0 D mv2112_update_link: 3.0x8109(100M): 0x8
01-01 14:44:01.651 0 0 D mv2112_update_link: link 0x0
01-01 14:44:01.651 0 0 D mv2112_read_status: autoneg is disabled
12-16 11:27:36.763 0 0 I auditd : type=1400 audit(0.0:25749): avc: denied { kill } for comm="swapper/1" capability=5 scontext=u:r:kernel:s0 tcontext=u:r:kernel:s0 tclass=capability permissive=0
01-01 14:44:02.670 0 0 D : mv2112_read_status
01-01 14:44:02.671 0 0 D mv2112_update_link: 3.0x901(1G): 0x80
01-01 14:44:02.671 0 0 D mv2112_update_link: 3.0x8109(100M): 0x8
01-01 14:44:02.671 0 0 D mv2112_update_link: link 0x0
01-01 14:44:02.671 0 0 D mv2112_read_status: autoneg is disabled
12-16 11:27:37.763 0 0 I auditd : type=1400 audit(0.0:25750): avc: denied { kill } for comm="swapper/1" capability=5 scontext=u:r:kernel:s0 tcontext=u:r:kernel:s0 tclass=capability permissive=0
01-01 14:44:03.695 0 0 D : mv2112_read_status
01-01 14:44:03.695 0 0 D mv2112_update_link: 3.0x901(1G): 0x80
01-01 14:44:03.696 0 0 D mv2112_update_link: 3.0x8109(100M): 0x8
01-01 14:44:03.696 0 0 D mv2112_update_link: link 0x0
01-01 14:44:03.696 0 0 D mv2112_read_status: autoneg is disabled
12-16 11:27:38.763 0 0 I auditd : type=1400 audit(0.0:25751): avc: denied { kill } for comm="swapper/1" capability=5 scontext=u:r:kernel:s0 tcontext=u:r:kernel:s0 tclass=capability permissive=0
01-01 14:44:04.718 0 0 D : mv2112_read_status
01-01 14:44:04.719 0 0 D mv2112_update_link: 3.0x901(1G): 0x80
01-01 14:44:04.719 0 0 D mv2112_update_link: 3.0x8109(100M): 0x8
01-01 14:44:04.719 0 0 D mv2112_update_link: link 0x0
01-01 14:44:04.719 0 0 D mv2112_read_status: autoneg is disabled
12-16 11:27:39.763 0 0 I auditd : type=1400 audit(0.0:25752): avc: denied { kill } for comm="swapper/1" capability=5 scontext=u:r:kernel:s0 tcontext=u:r:kernel:s0 tclass=capability permissive=0
01-01 14:44:05.742 0 0 D : mv2112_read_status
01-01 14:44:05.742 0 0 D mv2112_update_link: 3.0x901(1G): 0x80
01-01 14:44:05.743 0 0 D mv2112_update_link: 3.0x8109(100M): 0x8
01-01 14:44:05.743 0 0 D mv2112_update_link: link 0x0
01-01 14:44:05.743 0 0 D mv2112_read_status: autoneg is disabled
12-16 11:27:40.763 0 0 I auditd : type=1400 audit(0.0:25753): avc: denied { kill } for comm="swapper/1" capability=5 scontext=u:r:kernel:s0 tcontext=u:r:kernel:s0 tclass=capability permissive=0
01-01 14:44:06.651 0 0 I [soft_i][0x6c64176259][11:27:41.048107] wlan: [0:I:QDF] DHCP-R TX: SA:7a:e4:bc:f9:6b:c7 DA:58:d9:d5:44:ba:d8 msdu_id:4 status: succ
01-01 14:44:06.668 0 0 I [dp_rx_][0x6c641c6a1b][11:27:41.065277] wlan: [9507:I:QDF] DHCP-A RX: SA:58:d9:d5:44:ba:d8 DA:ff:ff:ff:ff:ff:ff
01-01 14:44:06.766 0 0 D : mv2112_read_status
01-01 14:44:06.767 0 0 D mv2112_update_link: 3.0x901(1G): 0x80
01-01 14:44:06.767 0 0 D mv2112_update_link: 3.0x8109(100M): 0x8
01-01 14:44:06.767 0 0 D mv2112_update_link: link 0x0
01-01 14:44:06.767 0 0 D mv2112_read_status: autoneg is disabled
12-16 11:27:41.759 0 0 I auditd : type=1400 audit(0.0:25754): avc: denied { kill } for comm="swapper/1" capability=5 scontext=u:r:kernel:s0 tcontext=u:r:kernel:s0 tclass=capability permissive=0
01-01 14:44:07.790 0 0 D : mv2112_read_status
01-01 14:44:07.791 0 0 D mv2112_update_link: 3.0x901(1G): 0x80
01-01 14:44:07.791 0 0 D mv2112_update_link: 3.0x8109(100M): 0x8
01-01 14:44:07.791 0 0 D mv2112_update_link: link 0x0
01-01 14:44:07.791 0 0 D mv2112_read_status: autoneg is disabled
12-16 11:27:42.759 0 0 I auditd : type=1400 audit(0.0:25755): avc: denied { kill } for comm="swapper/1" capability=5 scontext=u:r:kernel:s0 tcontext=u:r:kernel:s0 tclass=capability permissive=0
01-01 14:44:08.814 0 0 D : mv2112_read_status
01-01 14:44:08.815 0 0 D mv2112_update_link: 3.0x901(1G): 0x80
01-01 14:44:08.815 0 0 D mv2112_update_link: 3.0x8109(100M): 0x8
01-01 14:44:08.815 0 0 D mv2112_update_link: link 0x0
01-01 14:44:08.815 0 0 D mv2112_read_status: autoneg is disabled
12-16 11:27:43.759 0 0 I auditd : type=1400 audit(0.0:25756): avc: denied { kill } for comm="swapper/1" capability=5 scontext=u:r:kernel:s0 tcontext=u:r:kernel:s0 tclass=capability permissive=0
01-01 14:44:09.838 0 0 D : mv2112_read_status
01-01 14:44:09.838 0 0 D mv2112_update_link: 3.0x901(1G): 0x80
01-01 14:44:09.839 0 0 D mv2112_update_link: 3.0x8109(100M): 0x8
01-01 14:44:09.839 0 0 D mv2112_update_link: link 0x0
01-01 14:44:09.839 0 0 D mv2112_read_status: autoneg is disabled
12-16 11:27:44.763 0 0 I auditd : type=1400 audit(0.0:25757): avc: denied { kill } for comm="swapper/1" capability=5 scontext=u:r:kernel:s0 tcontext=u:r:kernel:s0 tclass=capability permissive=0
01-01 14:44:10.862 0 0 D : mv2112_read_status
01-01 14:44:10.862 0 0 D mv2112_update_link: 3.0x901(1G): 0x80
01-01 14:44:10.863 0 0 D mv2112_update_link: 3.0x8109(100M): 0x8
01-01 14:44:10.863 0 0 D mv2112_update_link: link 0x0
01-01 14:44:10.863 0 0 D mv2112_read_status: autoneg is disabled
12-16 11:27:45.763 0 0 I auditd : type=1400 audit(0.0:25758): avc: denied { kill } for comm="swapper/1" capability=5 scontext=u:r:kernel:s0 tcontext=u:r:kernel:s0 tclass=capability permissive=0
01-01 14:44:11.886 0 0 D : mv2112_read_status
01-01 14:44:11.886 0 0 D mv2112_update_link: 3.0x901(1G): 0x80
01-01 14:44:11.887 0 0 D mv2112_update_link: 3.0x8109(100M): 0x8
01-01 14:44:11.887 0 0 D mv2112_update_link: link 0x0
01-01 14:44:11.887 0 0 D mv2112_read_status: autoneg is disabled
12-16 11:27:46.763 0 0 I auditd : type=1400 audit(0.0:25759): avc: denied { kill } for comm="swapper/1" capability=5 scontext=u:r:kernel:s0 tcontext=u:r:kernel:s0 tclass=capability permissive=0
01-01 14:44:12.910 0 0 D : mv2112_read_status
01-01 14:44:12.910 0 0 D mv2112_update_link: 3.0x901(1G): 0x80
01-01 14:44:12.911 0 0 D mv2112_update_link: 3.0x8109(100M): 0x8
01-01 14:44:12.911 0 0 D mv2112_update_link: link 0x0
01-01 14:44:12.911 0 0 D mv2112_read_status: autoneg is disabled
12-16 11:27:47.763 0 0 I auditd : type=1400 audit(0.0:25760): avc: denied { kill } for comm="swapper/1" capability=5 scontext=u:r:kernel:s0 tcontext=u:r:kernel:s0 tclass=capability permissive=0
01-01 14:44:13.934 0 0 D : mv2112_read_status
01-01 14:44:13.934 0 0 D mv2112_update_link: 3.0x901(1G): 0x80
01-01 14:44:13.935 0 0 D mv2112_update_link: 3.0x8109(100M): 0x8
01-01 14:44:13.935 0 0 D mv2112_update_link: link 0x0
01-01 14:44:13.935 0 0 D mv2112_read_status: autoneg is disabled
12-16 11:27:48.763 0 0 I auditd : type=1400 audit(0.0:25761): avc: denied { kill } for comm="swapper/1" capability=5 scontext=u:r:kernel:s0 tcontext=u:r:kernel:s0 tclass=capability permissive=0
01-01 14:44:14.958 0 0 D : mv2112_read_status
01-01 14:44:14.958 0 0 D mv2112_update_link: 3.0x901(1G): 0x80
01-01 14:44:14.959 0 0 D mv2112_update_link: 3.0x8109(100M): 0x8
01-01 14:44:14.959 0 0 D mv2112_update_link: link 0x0
01-01 14:44:14.959 0 0 D mv2112_read_status: autoneg is disabled
12-16 11:27:49.759 0 0 I auditd : type=1400 audit(0.0:25762): avc: denied { kill } for comm="swapper/1" capability=5 scontext=u:r:kernel:s0 tcontext=u:r:kernel:s0 tclass=capability permissive=0
01-01 14:44:15.982 0 0 D : mv2112_read_status
01-01 14:44:15.982 0 0 D mv2112_update_link: 3.0x901(1G): 0x80
01-01 14:44:15.983 0 0 D mv2112_update_link: 3.0x8109(100M): 0x8
01-01 14:44:15.983 0 0 D mv2112_update_link: link 0x0
01-01 14:44:15.983 0 0 D mv2112_read_status: autoneg is disabled
12-16 11:27:50.763 0 0 I auditd : type=1400 audit(0.0:25763): avc: denied { kill } for comm="swapper/1" capability=5 scontext=u:r:kernel:s0 tcontext=u:r:kernel:s0 tclass=capability permissive=0
01-01 14:44:17.006 0 0 D : mv2112_read_status
01-01 14:44:17.006 0 0 D mv2112_update_link: 3.0x901(1G): 0x80
01-01 14:44:17.007 0 0 D mv2112_update_link: 3.0x8109(100M): 0x8
01-01 14:44:17.007 0 0 D mv2112_update_link: link 0x0
01-01 14:44:17.007 0 0 D mv2112_read_status: autoneg is disabled
12-16 11:27:51.763 0 0 I auditd : type=1400 audit(0.0:25764): avc: denied { kill } for comm="swapper/1" capability=5 scontext=u:r:kernel:s0 tcontext=u:r:kernel:s0 tclass=capability permissive=0
01-01 14:44:18.030 0 0 D : mv2112_read_status
01-01 14:44:18.030 0 0 D mv2112_update_link: 3.0x901(1G): 0x80
01-01 14:44:18.031 0 0 D mv2112_update_link: 3.0x8109(100M): 0x8
01-01 14:44:18.031 0 0 D mv2112_update_link: link 0x0
01-01 14:44:18.031 0 0 D mv2112_read_status: autoneg is disabled
12-16 11:27:52.763 0 0 I auditd : type=1400 audit(0.0:25765): avc: denied { kill } for comm="swapper/1" capability=5 scontext=u:r:kernel:s0 tcontext=u:r:kernel:s0 tclass=capability permissive=0
01-01 14:44:19.054 0 0 D : mv2112_read_status
01-01 14:44:19.054 0 0 D mv2112_update_link: 3.0x901(1G): 0x80
01-01 14:44:19.055 0 0 D mv2112_update_link: 3.0x8109(100M): 0x8
01-01 14:44:19.055 0 0 D mv2112_update_link: link 0x0
01-01 14:44:19.055 0 0 D mv2112_read_status: autoneg is disabled
12-16 11:27:53.759 0 0 I auditd : type=1400 audit(0.0:25766): avc: denied { kill } for comm="swapper/1" capability=5 scontext=u:r:kernel:s0 tcontext=u:r:kernel:s0 tclass=capability permissive=0
01-01 14:44:20.078 0 0 D : mv2112_read_status
01-01 14:44:20.078 0 0 D mv2112_update_link: 3.0x901(1G): 0x80
01-01 14:44:20.079 0 0 D mv2112_update_link: 3.0x8109(100M): 0x8
01-01 14:44:20.079 0 0 D mv2112_update_link: link 0x0
01-01 14:44:20.079 0 0 D mv2112_read_status: autoneg is disabled
12-16 11:27:54.759 0 0 I auditd : type=1400 audit(0.0:25767): avc: denied { kill } for comm="swapper/1" capability=5 scontext=u:r:kernel:s0 tcontext=u:r:kernel:s0 tclass=capability permissive=0
01-01 14:44:21.102 0 0 D : mv2112_read_status
01-01 14:44:21.102 0 0 D mv2112_update_link: 3.0x901(1G): 0x80
01-01 14:44:21.103 0 0 D mv2112_update_link: 3.0x8109(100M): 0x8
01-01 14:44:21.103 0 0 D mv2112_update_link: link 0x0
01-01 14:44:21.103 0 0 D mv2112_read_status: autoneg is disabled
12-16 11:27:55.763 0 0 I auditd : type=1400 audit(0.0:25768): avc: denied { kill } for comm="swapper/1" capability=5 scontext=u:r:kernel:s0 tcontext=u:r:kernel:s0 tclass=capability permissive=0
12-16 11:27:55.896 1497 1681 I input_interaction: Interaction with: 83cf29b com.thundercomm.screensaver/android.service.dreams.DreamActivity (server), edge-swipe (server), swipe-up (server), PointerEventDispatcher0 (server),
12-16 11:27:55.900 1497 8848 I wm_finish_activity: [0,195154252,202,com.thundercomm.screensaver/android.service.dreams.DreamActivity,finish-activity]
12-16 11:27:55.901 1497 8848 I wm_task_moved: [31,1,9]
12-16 11:27:55.904 1497 8848 I wm_task_moved: [32,1,2147483647]
12-16 11:27:55.904 1497 8848 I wm_task_to_front: [0,32]
12-16 11:27:55.905 1497 8848 I wm_focused_root_task: [0,0,31,202,finish-top adjustFocusToNextFocusableTask]
12-16 11:27:55.905 1497 8848 I wm_set_resumed_activity: [0,com.android.launcher3/.uioverrides.QuickstepLauncher,finish-top adjustFocusToNextFocusableTask]
12-16 11:27:55.908 1497 8848 I wm_pause_activity: [0,195154252,com.thundercomm.screensaver/android.service.dreams.DreamActivity,userLeaving=false,finish]
12-16 11:27:55.921 1497 3002 I DreamManagerService: Gently waking up from dream.
12-16 11:27:55.923 1497 1592 I DreamManagerService: Performing gentle wake from dream.
12-16 11:27:55.923 4609 4609 I wm_on_top_resumed_lost_called: [195154252,android.service.dreams.DreamActivity,topStateChangedWhenResumed]
12-16 11:27:55.925 1497 1595 I sysui_multi_action: [757,803,799,window_time_0,802,480]
12-16 11:27:55.926 4609 4609 I wm_on_paused_called: [195154252,android.service.dreams.DreamActivity,performPause]
12-16 11:27:55.928 1497 3002 I wm_add_to_stopping: [0,195154252,com.thundercomm.screensaver/android.service.dreams.DreamActivity,completeFinishing]
12-16 11:27:55.929 1497 3002 I ActivityTaskManager: FOREGROUND_APPLICATION_CHANGED to com.android.launcher3.uioverrides.QuickstepLauncher
12-16 11:27:55.932 1497 3002 I wm_set_resumed_activity: [0,com.android.launcher3/.uioverrides.QuickstepLauncher,resumeTopActivityInnerLocked]
12-16 11:27:55.933 1497 3002 I wm_resume_activity: [0,67754667,32,com.android.launcher3/.uioverrides.QuickstepLauncher]
12-16 11:27:55.937 1497 1681 I input_focus: [Focus leaving 83cf29b com.thundercomm.screensaver/android.service.dreams.DreamActivity (server),reason=NO_WINDOW]
12-16 11:27:55.937 4609 4609 I view_enqueue_input_event: [Motion - Cancel,com.thundercomm.screensaver/android.service.dreams.DreamActivity]
12-16 11:27:55.943 1497 1595 I sysui_multi_action: [757,803,799,window_time_0,802,0]
12-16 11:27:55.948 2552 2552 I wm_on_restart_called: [67754667,com.android.launcher3.uioverrides.QuickstepLauncher,performRestartActivity]
12-16 11:27:55.948 2552 2552 I wm_on_start_called: [67754667,com.android.launcher3.uioverrides.QuickstepLauncher,handleStartActivity]
12-16 11:27:55.948 2552 2552 I wm_on_resume_called: [67754667,com.android.launcher3.uioverrides.QuickstepLauncher,RESUME_ACTIVITY]
12-16 11:27:55.948 2552 2552 I wm_on_top_resumed_gained_called: [67754667,com.android.launcher3.uioverrides.QuickstepLauncher,topWhenResuming]
12-16 11:27:55.953 17557 17592 W ContextImpl: Calling a method in the system process without a qualified user: android.app.ContextImpl.startService:1816 android.content.ContextWrapper.startService:774 com.thundercomm.gamemode.ingame.services.GameModeActionUtils.startGameModeService:99 com.thundercomm.gamemode.ingame.services.GameModeActionUtils.startGameModeEntry:22 com.thundercomm.gamemode.ingame.services.ActivityMonitoringService$1.onActivityLaunch:127
12-16 11:27:55.957 1497 1596 I input_focus: [Focus request 3f627c3 com.android.launcher3/com.android.launcher3.uioverrides.QuickstepLauncher,reason=UpdateInputWindows]
12-16 11:27:55.958 1497 1497 I GameModeConfig: Current uri is uri = content://com.thundercomm.gamemode.api/gamemode_settings/gamemode_isgaming
12-16 11:27:55.960 1497 1497 I am_uid_active: 10064
12-16 11:27:55.962 1497 1602 I am_pss : [31731,10023,com.hryt.hiphishowfsecontrol,18083840,14585856,0,107507712,0,19,6]
12-16 11:27:55.970 1497 1623 I PowerManagerService: Powering on display group fromDreaming (groupId=0, uid=1000, reason=WAKE_REASON_UNKNOWN, details=android.server.power:DREAM_FINISHED)...
12-16 11:27:55.970 1497 1623 I PowerManagerService: Waking up from Dreaming (uid=1000, reason=WAKE_REASON_UNKNOWN, details=android.server.power:DREAM_FINISHED)...
12-16 11:27:55.970 1497 1497 I GameModeConfig: isGameModeOn = false
12-16 11:27:55.970 1497 1602 I am_pss : [31725,10070,com.android.gallery3d,7969792,5382144,0,93405184,0,19,5]
12-16 11:27:55.971 1497 1497 I GameModeConfig: isGameModeOn = false
12-16 11:27:55.971 1497 1497 I GameModeConfig: isDisableVoice = true
12-16 11:27:55.977 1497 1602 I am_pss : [31724,10067,com.android.deskclock,10275840,7712768,0,97685504,0,19,6]
12-16 11:27:55.982 1497 1602 I am_pss : [31683,10065,com.android.calendar,6322176,4067328,0,91955200,0,19,5]
12-16 11:27:55.986 1497 1681 I input_focus: [Focus entering 3f627c3 com.android.launcher3/com.android.launcher3.uioverrides.QuickstepLauncher (server),reason=Window became focusable. Previous reason: NOT_VISIBLE]
12-16 11:27:56.043 17557 17592 W ContextImpl: Calling a method in the system process without a qualified user: android.app.ContextImpl.startService:1816 android.content.ContextWrapper.startService:774 com.thundercomm.gamemode.ingame.services.GameModeActionUtils.startGameModeService:99 com.thundercomm.gamemode.ingame.services.GameModeActionUtils.startGameModeEntry:22 com.thundercomm.gamemode.ingame.services.ActivityMonitoringService$1.onActivityLaunch:127
12-16 11:27:56.051 1497 1497 I GameModeConfig: Current uri is uri = content://com.thundercomm.gamemode.api/gamemode_settings/gamemode_isgaming
12-16 11:27:56.053 1497 1497 I GameModeConfig: isGameModeOn = false
12-16 11:27:56.053 1497 1497 I GameModeConfig: isGameModeOn = false
12-16 11:27:56.053 1497 1497 I GameModeConfig: isDisableVoice = true
12-16 11:27:56.221 1497 1595 I wm_destroy_activity: [0,195154252,202,com.thundercomm.screensaver/android.service.dreams.DreamActivity,finish-imm:idle]
12-16 11:27:56.229 17557 17592 W ContextImpl: Calling a method in the system process without a qualified user: android.app.ContextImpl.startService:1816 android.content.ContextWrapper.startService:774 com.thundercomm.gamemode.ingame.services.GameModeActionUtils.startGameModeService:99 com.thundercomm.gamemode.ingame.services.GameModeActionUtils.startGameModeEntry:22 com.thundercomm.gamemode.ingame.services.ActivityMonitoringService$1.onActivityLaunch:127
12-16 11:27:56.233 1497 1497 I GameModeConfig: Current uri is uri = content://com.thundercomm.gamemode.api/gamemode_settings/gamemode_isgaming
12-16 11:27:56.239 4609 4609 I wm_on_stop_called: [195154252,android.service.dreams.DreamActivity,LIFECYCLER_STOP_ACTIVITY]
12-16 11:27:56.239 4609 4609 I wm_on_destroy_called: [195154252,android.service.dreams.DreamActivity,performDestroy]
12-16 11:27:56.241 1497 3002 I DreamManagerService: Leaving dreamland.
12-16 11:27:56.243 1497 1497 I GameModeConfig: isGameModeOn = false
12-16 11:27:56.243 1497 1497 I GameModeConfig: isGameModeOn = false
12-16 11:27:56.243 1497 1497 I GameModeConfig: isDisableVoice = true
12-16 11:27:56.245 1497 1592 I DreamManagerService: Performing gentle wake from dream.
12-16 11:27:56.245 1497 1592 I DreamController: Stopping dream: name=ComponentInfo{com.thundercomm.screensaver/com.thundercomm.saverclock.service.ClockScreensaver}, isTest=false, canDoze=false, userId=0, reason='finished self'(from 'finished self')
12-16 11:27:56.245 1497 1592 I sysui_multi_action: [757,222,758,2]
12-16 11:27:56.245 1497 1592 I sysui_multi_action: [757,804,799,dreaming_minutes,801,8,802,1]
12-16 11:27:56.258 1497 3002 I wm_task_removed: [202,removeChild:removeChild last r=ActivityRecord{ba1d14c u0 com.thundercomm.screensaver/android.service.dreams.DreamActivity t-1 f}} in t=Task{a62b626 #202 type=dream A=10045:android:com.thundercomm.screensaver/dream U=0 visible=false mode=fullscreen translucent=true sz=0}]
12-16 11:27:56.258 1497 3002 I wm_task_removed: [202,removeChild]
12-16 11:27:56.260 1497 1596 W ActivityTaskManager: Can't find TaskDisplayArea to determine support for multi window. Task id=202 attached=false
01-01 14:44:22.126 0 0 D : mv2112_read_status
01-01 14:44:22.127 0 0 D mv2112_update_link: 3.0x901(1G): 0x80
01-01 14:44:22.127 0 0 D mv2112_update_link: 3.0x8109(100M): 0x8
01-01 14:44:22.127 0 0 D mv2112_update_link: link 0x0
01-01 14:44:22.127 0 0 D mv2112_read_status: autoneg is disabled
12-16 11:27:56.763 0 0 I auditd : type=1400 audit(0.0:25769): avc: denied { kill } for comm="swapper/1" capability=5 scontext=u:r:kernel:s0 tcontext=u:r:kernel:s0 tclass=capability permissive=0
12-16 11:27:57.067 1497 1681 I input_interaction: Interaction with: 3f627c3 com.android.launcher3/com.android.launcher3.uioverrides.QuickstepLauncher (server), 47ca503 com.android.systemui.ImageWallpaper (server), edge-swipe (server), swipe-up (server), PointerEventDispatcher0 (server),
12-16 11:27:57.162 1497 7563 I ActivityTaskManager: START u0 {act=android.intent.action.MAIN cat=[android.intent.category.LAUNCHER] flg=0x10200000 cmp=com.android.settings/.Settings bnds=[2308,740][2494,940]} from uid 10078
12-16 11:27:57.171 1497 7563 I wm_task_moved: [183,1,9]
12-16 11:27:57.171 1497 7563 I wm_task_to_front: [0,183]
12-16 11:27:57.172 1497 7563 I wm_focused_root_task: [0,0,183,31,bringingFoundTaskToFront]
12-16 11:27:57.173 1497 7563 I wm_set_resumed_activity: [0,com.android.settings/.Settings,bringingFoundTaskToFront]
12-16 11:27:57.175 1497 7563 I wm_new_intent: [0,267933777,183,com.android.settings/.Settings,android.intent.action.MAIN,NULL,NULL,270532608]
12-16 11:27:57.176 1497 7563 D CompatibilityChangeReporter: Compat change id reported: 168419799; UID 1000; state: DISABLED
12-16 11:27:57.178 1497 7563 I wm_pause_activity: [0,67754667,com.android.launcher3/.uioverrides.QuickstepLauncher,userLeaving=true,pauseBackTasks]
12-16 11:27:57.187 2552 2552 I wm_on_top_resumed_lost_called: [67754667,com.android.launcher3.uioverrides.QuickstepLauncher,topStateChangedWhenResumed]
12-16 11:27:57.190 2552 2552 I wm_on_paused_called: [67754667,com.android.launcher3.uioverrides.QuickstepLauncher,performPause]
12-16 11:27:57.191 1497 3002 I ActivityTaskManager: FOREGROUND_APPLICATION_CHANGED to com.android.settings.homepage.SettingsHomepageActivity
12-16 11:27:57.195 1497 3002 I wm_set_resumed_activity: [0,com.android.settings/.Settings,resumeTopActivityInnerLocked]
12-16 11:27:57.196 1497 3002 I wm_add_to_stopping: [0,67754667,com.android.launcher3/.uioverrides.QuickstepLauncher,makeInvisible]
12-16 11:27:57.197 1497 3002 D CompatibilityChangeReporter: Compat change id reported: 174042980; UID 1000; state: DISABLED
12-16 11:27:57.207 1497 3002 I wm_resume_activity: [0,267933777,183,com.android.settings/.Settings]
12-16 11:27:57.221 27148 27148 I wm_on_restart_called: [267933777,com.android.settings.Settings,performRestartActivity]
