12-16 11:09:50.110 1497 1497 I notification_enqueue: [10080,1947,com.android.systemui,2048,NULL,0,Notification(channel=updateNotification shortcut=null contentView=null vibrate=null sound=null defaults=0x0 flags=0x0 color=0x00000000 vis=PRIVATE),1]
12-16 11:09:50.110 1947 1947 I sysui_multi_action: [757,111,758,2]
12-16 11:09:50.280 1497 1596 I input_focus: [Focus request 3f627c3 com.android.launcher3/com.android.launcher3.uioverrides.QuickstepLauncher,reason=UpdateInputWindows]
12-16 11:09:50.284 1497 2091 I sysui_multi_action: [757,128,758,2,793,23162053,794,2294,795,23162053,796,26,798,0,806,android,857,DEVELOPER_IMPORTANT,858,4,947,0,1395,3,1500,23161653,1688,1]
12-16 11:09:50.285 1497 2091 I notification_visibility: [-1|android|26|null|1000,0,23162053,23162053,0,0]
12-16 11:09:50.286 1497 2091 I sysui_multi_action: [757,128,758,2,793,88209,794,2296,795,88209,796,17303299,797,com.android.wifi,798,1,806,android,857,NETWORK_AVAILABLE,858,2,947,0,1395,3,1500,88006,1688,1]
12-16 11:09:50.286 1497 2091 I notification_visibility: [0|android|17303299|com.android.wifi|1000,0,88209,88209,0,1]
12-16 11:09:50.287 1497 2091 I sysui_multi_action: [757,128,758,2,793,23162927,794,2296,795,23162927,796,32,798,2,806,android,857,USB,858,1,947,0,1395,3,1500,23162872,1688,1]
12-16 11:09:50.287 1497 2091 I notification_visibility: [-1|android|32|null|1000,0,23162927,23162927,0,2]
12-16 11:09:50.288 1497 3002 I sysui_multi_action: [757,127,758,2]
12-16 11:09:50.288 1497 3002 I notification_panel_hidden:
12-16 11:09:50.312 1497 1497 I GameModeConfig: isGameModeOn = false
12-16 11:09:50.314 1497 1681 I input_focus: [Focus leaving 237c9c9 NotificationShade (server),reason=NO_WINDOW]
12-16 11:09:50.314 1497 1681 I input_focus: [Focus entering 3f627c3 com.android.launcher3/com.android.launcher3.uioverrides.QuickstepLauncher (server),reason=setFocusedWindow]
12-16 11:09:50.569 1497 1681 I input_interaction: Interaction with: 1f33da StatusBar (server), edge-swipe (server), swipe-up (server), PointerEventDispatcher0 (server),
12-16 11:09:50.577 1947 1947 I sysui_multi_action: [757,803,799,panel_open,802,1]
12-16 11:09:50.579 1947 1947 I sysui_multi_action: [757,1328,758,4,1326,42,1327,3,1329,0]
12-16 11:09:50.596 1497 2091 I sysui_multi_action: [757,127,758,1]
12-16 11:09:50.596 1497 2091 I sysui_multi_action: [757,804,799,note_load,801,3,802,1]
12-16 11:09:50.596 1497 2091 I notification_panel_revealed: 3
12-16 11:09:50.605 1497 1596 I input_focus: [Focus request 237c9c9 NotificationShade,reason=UpdateInputWindows]
12-16 11:09:50.615 1497 2091 I sysui_multi_action: [757,128,758,1,793,23162385,794,0,795,23162385,796,26,798,0,806,android,857,DEVELOPER_IMPORTANT,858,4,947,0,1395,3,1500,23161985,1688,1]
12-16 11:09:50.615 1497 2091 I sysui_multi_action: [757,804,799,note_freshness,801,23162385,802,1]
12-16 11:09:50.615 1497 2091 I notification_visibility: [-1|android|26|null|1000,1,23162385,23162385,0,0]
12-16 11:09:50.616 1497 2091 I sysui_multi_action: [757,128,758,1,793,88539,794,0,795,88539,796,17303299,797,com.android.wifi,798,1,806,android,857,NETWORK_AVAILABLE,858,2,947,0,1395,3,1500,88336,1688,1]
12-16 11:09:50.616 1497 2091 I sysui_multi_action: [757,804,799,note_freshness,801,88539,802,1]
12-16 11:09:50.616 1497 2091 I notification_visibility: [0|android|17303299|com.android.wifi|1000,1,88539,88539,0,1]
12-16 11:09:50.616 1497 2091 I sysui_multi_action: [757,128,758,1,793,23163257,794,0,795,23163257,796,32,798,2,806,android,857,USB,858,1,947,0,1395,3,1500,23163202,1688,1]
12-16 11:09:50.616 1497 2091 I sysui_multi_action: [757,804,799,note_freshness,801,23163257,802,1]
12-16 11:09:50.616 1497 2091 I notification_visibility: [-1|android|32|null|1000,1,23163257,23163257,0,2]
12-16 11:09:50.631 1497 1681 I input_focus: [Focus leaving 3f627c3 com.android.launcher3/com.android.launcher3.uioverrides.QuickstepLauncher (server),reason=setFocusedWindow]
12-16 11:09:50.631 1497 1681 I input_focus: [Focus entering 237c9c9 NotificationShade (server),reason=setFocusedWindow]
12-16 11:09:50.663 1947 1947 I sysui_multi_action: [757,111,758,1]
12-16 11:09:50.663 1947 1947 I sysui_multi_action: [757,126,758,1,759,126,927,0,928,1,1593,0]
12-16 11:09:50.663 1947 1947 I sysui_multi_action: [757,113,758,1,759,113,927,1,928,1,1593,0]
12-16 11:09:50.664 1947 1947 I sysui_multi_action: [757,0,758,1,759,0,927,2,928,0,1593,0]
12-16 11:09:50.664 1947 1947 I sysui_multi_action: [757,0,758,1,759,0,927,3,928,0,1593,0]
12-16 11:09:50.664 1947 1947 I sysui_multi_action: [757,491,758,1,759,491,927,4,928,0,1311,-1,1593,0]
12-16 11:09:50.665 1947 1947 I sysui_multi_action: [757,0,758,1,759,0,927,5,928,0,1593,0]
12-16 11:09:50.665 1947 1947 I sysui_multi_action: [757,111,758,1]
12-16 11:09:50.665 1947 1947 I sysui_multi_action: [757,126,758,1,759,126,927,0,928,1,1593,0]
12-16 11:09:50.665 1947 1947 I sysui_multi_action: [757,113,758,1,759,113,927,1,928,1,1593,0]
12-16 11:09:50.665 1947 1947 I sysui_multi_action: [757,0,758,1,759,0,927,2,928,0,1593,0]
12-16 11:09:50.665 1947 1947 I sysui_multi_action: [757,0,758,1,759,0,927,3,928,0,1593,0]
12-16 11:09:51.289 1497 1681 I input_interaction: Interaction with: 237c9c9 NotificationShade (server), edge-swipe (server), swipe-up (server), PointerEventDispatcher0 (server),
12-16 11:09:51.677 1497 1736 I GameModeConfig: isGameModeOn = false
12-16 11:09:51.678 1497 1736 I GameModeConfig: isGameModeOn = false
12-16 11:09:51.678 1497 1736 I GameModeConfig: isGameModeOn = false
12-16 11:09:51.678 1497 1736 I GameModeConfig: isGameModeOn = false
12-16 11:09:51.680 1497 1736 I GameModeConfig: isGameModeOn = false
12-16 11:09:51.681 1947 1947 I sysui_multi_action: [757,111,758,2]
12-16 11:09:51.682 1947 1947 I sysui_multi_action: [757,111,758,2]
12-16 11:09:51.682 1497 1497 I notification_enqueue: [10080,1947,com.android.systemui,2048,NULL,0,Notification(channel=updateNotification shortcut=null contentView=null vibrate=null sound=null defaults=0x0 flags=0x0 color=0x00000000 vis=PRIVATE),1]
12-16 11:09:51.805 1497 1596 I input_focus: [Focus request 3f627c3 com.android.launcher3/com.android.launcher3.uioverrides.QuickstepLauncher,reason=UpdateInputWindows]
12-16 11:09:51.808 1497 8974 I sysui_multi_action: [757,128,758,2,793,23163578,794,1193,795,23163578,796,26,798,0,806,android,857,DEVELOPER_IMPORTANT,858,4,947,0,1395,3,1500,23163178,1688,1]
12-16 11:09:51.808 1497 8974 I notification_visibility: [-1|android|26|null|1000,0,23163578,23163578,0,0]
12-16 11:09:51.808 1497 8974 I sysui_multi_action: [757,128,758,2,793,89732,794,1193,795,89732,796,17303299,797,com.android.wifi,798,1,806,android,857,NETWORK_AVAILABLE,858,2,947,0,1395,3,1500,89529,1688,1]
12-16 11:09:51.808 1497 8974 I notification_visibility: [0|android|17303299|com.android.wifi|1000,0,89732,89732,0,1]
12-16 11:09:51.808 1497 8974 I sysui_multi_action: [757,128,758,2,793,23164449,794,1192,795,23164449,796,32,798,2,806,android,857,USB,858,1,947,0,1395,3,1500,23164394,1688,1]
12-16 11:09:51.808 1497 8974 I notification_visibility: [-1|android|32|null|1000,0,23164449,23164449,0,2]
12-16 11:09:51.809 1497 8974 I sysui_multi_action: [757,127,758,2]
12-16 11:09:51.809 1497 8974 I notification_panel_hidden:
12-16 11:09:51.834 1497 1681 I input_focus: [Focus leaving 237c9c9 NotificationShade (server),reason=NO_WINDOW]
12-16 11:09:51.834 1497 1681 I input_focus: [Focus entering 3f627c3 com.android.launcher3/com.android.launcher3.uioverrides.QuickstepLauncher (server),reason=setFocusedWindow]
12-16 11:09:51.886 1497 1497 I GameModeConfig: isGameModeOn = false
12-16 11:09:52.759 0 0 I auditd : type=1400 audit(0.0:24681): avc: denied { kill } for comm="swapper/3" capability=5 scontext=u:r:kernel:s0 tcontext=u:r:kernel:s0 tclass=capability permissive=0
12-16 11:09:53.763 0 0 I auditd : type=1400 audit(0.0:24682): avc: denied { kill } for comm="swapper/3" capability=5 scontext=u:r:kernel:s0 tcontext=u:r:kernel:s0 tclass=capability permissive=0
12-16 11:09:54.759 0 0 I auditd : type=1400 audit(0.0:24683): avc: denied { kill } for comm="swapper/3" capability=5 scontext=u:r:kernel:s0 tcontext=u:r:kernel:s0 tclass=capability permissive=0
12-16 11:09:55.763 0 0 I auditd : type=1400 audit(0.0:24684): avc: denied { kill } for comm="swapper/3" capability=5 scontext=u:r:kernel:s0 tcontext=u:r:kernel:s0 tclass=capability permissive=0
12-16 11:09:56.759 0 0 I auditd : type=1400 audit(0.0:24685): avc: denied { kill } for comm="swapper/3" capability=5 scontext=u:r:kernel:s0 tcontext=u:r:kernel:s0 tclass=capability permissive=0
12-16 11:09:57.759 0 0 I auditd : type=1400 audit(0.0:24686): avc: denied { kill } for comm="swapper/3" capability=5 scontext=u:r:kernel:s0 tcontext=u:r:kernel:s0 tclass=capability permissive=0
12-16 11:09:58.759 0 0 I auditd : type=1400 audit(0.0:24687): avc: denied { kill } for comm="swapper/3" capability=5 scontext=u:r:kernel:s0 tcontext=u:r:kernel:s0 tclass=capability permissive=0
12-16 11:09:59.763 0 0 I auditd : type=1400 audit(0.0:24688): avc: denied { kill } for comm="swapper/3" capability=5 scontext=u:r:kernel:s0 tcontext=u:r:kernel:s0 tclass=capability permissive=0
12-16 11:10:00.352 1497 1736 I GameModeConfig: isGameModeOn = false
12-16 11:10:00.759 0 0 I auditd : type=1400 audit(0.0:24689): avc: denied { kill } for comm="swapper/3" capability=5 scontext=u:r:kernel:s0 tcontext=u:r:kernel:s0 tclass=capability permissive=0
12-16 11:10:01.684 1497 1736 I GameModeConfig: isGameModeOn = false
12-16 11:10:01.763 0 0 I auditd : type=1400 audit(0.0:24690): avc: denied { kill } for comm="swapper/3" capability=5 scontext=u:r:kernel:s0 tcontext=u:r:kernel:s0 tclass=capability permissive=0
12-16 11:10:01.887 1497 1736 I GameModeConfig: isGameModeOn = false
12-16 11:10:02.759 0 0 I auditd : type=1400 audit(0.0:24691): avc: denied { kill } for comm="swapper/3" capability=5 scontext=u:r:kernel:s0 tcontext=u:r:kernel:s0 tclass=capability permissive=0
12-16 11:10:03.759 0 0 I auditd : type=1400 audit(0.0:24692): avc: denied { kill } for comm="swapper/3" capability=5 scontext=u:r:kernel:s0 tcontext=u:r:kernel:s0 tclass=capability permissive=0
12-16 11:10:04.759 0 0 I auditd : type=1400 audit(0.0:24693): avc: denied { kill } for comm="swapper/3" capability=5 scontext=u:r:kernel:s0 tcontext=u:r:kernel:s0 tclass=capability permissive=0
12-16 11:10:05.759 0 0 I auditd : type=1400 audit(0.0:24694): avc: denied { kill } for comm="swapper/3" capability=5 scontext=u:r:kernel:s0 tcontext=u:r:kernel:s0 tclass=capability permissive=0
12-16 11:10:06.763 0 0 I auditd : type=1400 audit(0.0:24695): avc: denied { kill } for comm="swapper/3" capability=5 scontext=u:r:kernel:s0 tcontext=u:r:kernel:s0 tclass=capability permissive=0
12-16 11:10:06.983 1497 1712 I service_manager_stats: [100,65,270017]
12-16 11:10:07.041 850 850 D android.hardware.wifi@1.0-service: Successfully SetMacAddress.
12-16 11:10:07.048 1194 1194 W wificond: Scan is not started. Ignore abort request
12-16 11:10:07.566 1497 1731 I netstats_mobile_sample: [0,0,0,0,0,0,0,0,0,0,0,0,1671160207565]
12-16 11:10:07.566 1497 1731 I netstats_wifi_sample: [161175872,362780,219217071,491176,161175872,362780,219217071,491176,184779078,532730,109862294,247573,1671160207565]
12-16 11:10:07.763 0 0 I auditd : type=1400 audit(0.0:24696): avc: denied { kill } for comm="swapper/3" capability=5 scontext=u:r:kernel:s0 tcontext=u:r:kernel:s0 tclass=capability permissive=0
12-16 11:10:08.663 1497 1731 I netstats_mobile_sample: [0,0,0,0,0,0,0,0,0,0,0,0,1671160208663]
12-16 11:10:08.663 1497 1731 I netstats_wifi_sample: [161175872,362780,219217071,491176,161175872,362780,219217071,491176,184779078,532730,109862294,247573,1671160208663]
12-16 11:10:08.672 1497 1497 I sysui_multi_action: [757,128,758,5,759,8,793,106596,794,18057,795,106596,796,17303299,797,com.android.wifi,806,android,857,NETWORK_AVAILABLE,858,2,947,0,1500,106393,1688,1]
12-16 11:10:08.672 1497 1497 I notification_canceled: [0|android|17303299|com.android.wifi|1000,8,106596,106596,18057,-1,-1,NULL]
12-16 11:10:08.681 1497 1731 I netstats_mobile_sample: [0,0,0,0,0,0,0,0,0,0,0,0,1671160208680]
12-16 11:10:08.681 1497 1731 I netstats_wifi_sample: [161175872,362780,219217071,491176,161175872,362780,219217071,491176,184779078,532730,109862294,247573,1671160208680]
12-16 11:10:08.702 1497 1731 I netstats_mobile_sample: [0,0,0,0,0,0,0,0,0,0,0,0,1671160208702]
12-16 11:10:08.703 1497 1731 I netstats_wifi_sample: [161175872,362780,219217071,491176,161175872,362780,219217071,491176,184779078,532730,109862294,247573,1671160208702]
12-16 11:10:08.708 666 731 E NetlinkEvent: NetlinkEvent::FindParam(): Parameter 'INTERFACE' not found
12-16 11:10:08.708 666 731 E NetlinkEvent: NetlinkEvent::FindParam(): Parameter 'STATE' not found
12-16 11:10:08.708 666 731 E NetlinkEvent: NetlinkEvent::FindParam(): Parameter 'TIME_NS' not found
12-16 11:10:08.708 666 731 E NetlinkEvent: NetlinkEvent::FindParam(): Parameter 'UID' not found
12-16 11:10:08.718 1497 1731 I netstats_mobile_sample: [0,0,0,0,0,0,0,0,0,0,0,0,1671160208718]
12-16 11:10:08.718 1497 1731 I netstats_wifi_sample: [161175912,362781,219217071,491176,161175912,362781,219217071,491176,184779118,532731,109862378,247574,1671160208718]
12-16 11:10:08.722 1497 1731 W ContextImpl: Calling a method in the system process without a qualified user: android.app.ContextImpl.sendStickyBroadcast:1559 com.android.server.ConnectivityService.sendStickyBroadcast:2811 com.android.server.ConnectivityService.sendGeneralBroadcast:2786 com.android.server.ConnectivityService.sendConnectedBroadcast:2759 com.android.server.ConnectivityService.sendLegacyNetworkBroadcast:8704
12-16 11:10:08.727 1497 1731 W ContextImpl: Calling a method in the system process without a qualified user: android.app.ContextImpl.sendStickyBroadcast:1559 com.android.server.ConnectivityService.sendStickyBroadcast:2811 com.android.server.ConnectivityService.sendGeneralBroadcast:2786 com.android.server.ConnectivityService.sendInetConditionBroadcast:2763 com.android.server.ConnectivityService.updateInetCondition:8451
12-16 11:10:10.759 0 0 I auditd : type=1400 audit(0.0:24697): avc: denied { kill } for comm="swapper/2" capability=5 scontext=u:r:kernel:s0 tcontext=u:r:kernel:s0 tclass=capability permissive=0
12-16 11:10:11.759 0 0 I auditd : type=1400 audit(0.0:24698): avc: denied { kill } for comm="swapper/2" capability=5 scontext=u:r:kernel:s0 tcontext=u:r:kernel:s0 tclass=capability permissive=0
12-16 11:10:12.759 0 0 I auditd : type=1400 audit(0.0:24699): avc: denied { kill } for comm="swapper/2" capability=5 scontext=u:r:kernel:s0 tcontext=u:r:kernel:s0 tclass=capability permissive=0
12-16 11:10:14.759 0 0 I auditd : type=1400 audit(0.0:24700): avc: denied { kill } for comm="swapper/1" capability=5 scontext=u:r:kernel:s0 tcontext=u:r:kernel:s0 tclass=capability permissive=0
12-16 11:10:15.759 0 0 I auditd : type=1400 audit(0.0:24701): avc: denied { kill } for comm="swapper/2" capability=5 scontext=u:r:kernel:s0 tcontext=u:r:kernel:s0 tclass=capability permissive=0
12-16 11:10:16.759 0 0 I auditd : type=1400 audit(0.0:24702): avc: denied { kill } for comm="swapper/2" capability=5 scontext=u:r:kernel:s0 tcontext=u:r:kernel:s0 tclass=capability permissive=0
12-16 11:10:17.759 0 0 I auditd : type=1400 audit(0.0:24703): avc: denied { kill } for comm="swapper/2" capability=5 scontext=u:r:kernel:s0 tcontext=u:r:kernel:s0 tclass=capability permissive=0
12-16 11:10:18.759 0 0 I auditd : type=1400 audit(0.0:24704): avc: denied { kill } for comm="swapper/2" capability=5 scontext=u:r:kernel:s0 tcontext=u:r:kernel:s0 tclass=capability permissive=0
12-16 11:10:19.759 0 0 I auditd : type=1400 audit(0.0:24705): avc: denied { kill } for comm="swapper/2" capability=5 scontext=u:r:kernel:s0 tcontext=u:r:kernel:s0 tclass=capability permissive=0
12-16 11:10:20.759 0 0 I auditd : type=1400 audit(0.0:24706): avc: denied { kill } for comm="swapper/2" capability=5 scontext=u:r:kernel:s0 tcontext=u:r:kernel:s0 tclass=capability permissive=0
12-16 11:10:21.759 0 0 I auditd : type=1400 audit(0.0:24707): avc: denied { kill } for comm="swapper/2" capability=5 scontext=u:r:kernel:s0 tcontext=u:r:kernel:s0 tclass=capability permissive=0
12-16 11:10:22.763 0 0 I auditd : type=1400 audit(0.0:24708): avc: denied { kill } for comm="swapper/3" capability=5 scontext=u:r:kernel:s0 tcontext=u:r:kernel:s0 tclass=capability permissive=0
12-16 11:10:23.020 1497 1669 D ActivityManager: freezing 29850 com.android.music
12-16 11:10:23.021 1497 1669 E ActivityManager: Unable to freeze binder for 29850 com.android.music
12-16 11:10:23.022 1497 1669 D ActivityManager: froze 29850 com.android.music
12-16 11:10:23.022 1497 1669 I am_freeze: [29850,com.android.music]
12-16 11:10:23.022 1497 1669 E ActivityManager: Unable to freeze binder for 29850 com.android.music
12-16 11:10:23.023 1497 1669 I ActivityManager: Killing 29850:com.android.music/u0a88 (adj 945): Unable to freeze binder interface
12-16 11:10:23.023 1497 1669 I am_kill : [0,29850,com.android.music,945,Unable to freeze binder interface]
12-16 11:10:23.050 1497 8974 I am_proc_died: [0,29850,com.android.music,945,19]
12-16 11:10:23.051 1497 8974 I am_uid_stopped: 10088
12-16 11:10:23.056 1497 1595 I am_uid_running: 10088
12-16 11:10:23.057 1497 1595 D CompatibilityChangeReporter: Compat change id reported: 135634846; UID 10088; state: DISABLED
12-16 11:10:23.057 1497 1595 D CompatibilityChangeReporter: Compat change id reported: 177438394; UID 10088; state: DISABLED
12-16 11:10:23.057 1497 1595 D CompatibilityChangeReporter: Compat change id reported: 135772972; UID 10088; state: DISABLED
12-16 11:10:23.057 1497 1595 D CompatibilityChangeReporter: Compat change id reported: 135754954; UID 10088; state: ENABLED
12-16 11:10:23.057 1497 1604 D CompatibilityChangeReporter: Compat change id reported: 143937733; UID 10088; state: ENABLED
12-16 11:10:23.063 1497 1602 I am_pss : [30585,10070,com.android.gallery3d,7894016,5242880,0,93237248,0,19,5]
12-16 11:10:23.069 1497 1602 I am_pss : [30584,10067,com.android.deskclock,10394624,7815168,0,97656832,0,19,5]
12-16 11:10:23.070 1497 1604 I am_proc_start: [0,31227,10088,com.android.music,NULL,]
12-16 11:10:23.070 1497 1604 I ActivityManager: Start proc 31227:com.android.music/u0a88 for null
12-16 11:10:23.082 1497 1602 I am_pss : [28070,10051,com.android.htmlviewer,87018496,68546560,0,226983936,0,19,10]
12-16 11:10:23.100 1497 8974 I am_proc_bound: [0,31227,com.android.music]
12-16 11:10:23.101 1497 8974 D CompatibilityChangeReporter: Compat change id reported: 168419799; UID 10088; state: DISABLED
12-16 11:10:23.763 0 0 I auditd : type=1400 audit(0.0:24709): avc: denied { kill } for comm="swapper/3" capability=5 scontext=u:r:kernel:s0 tcontext=u:r:kernel:s0 tclass=capability permissive=0
12-16 11:10:24.763 0 0 I auditd : type=1400 audit(0.0:24710): avc: denied { kill } for comm="swapper/3" capability=5 scontext=u:r:kernel:s0 tcontext=u:r:kernel:s0 tclass=capability permissive=0
12-16 11:10:25.759 0 0 I auditd : type=1400 audit(0.0:24711): avc: denied { kill } for comm="swapper/3" capability=5 scontext=u:r:kernel:s0 tcontext=u:r:kernel:s0 tclass=capability permissive=0
12-16 11:10:26.763 0 0 I auditd : type=1400 audit(0.0:24712): avc: denied { kill } for comm="swapper/3" capability=5 scontext=u:r:kernel:s0 tcontext=u:r:kernel:s0 tclass=capability permissive=0
12-16 11:10:27.759 0 0 I auditd : type=1400 audit(0.0:24713): avc: denied { kill } for comm="swapper/3" capability=5 scontext=u:r:kernel:s0 tcontext=u:r:kernel:s0 tclass=capability permissive=0
12-16 11:10:28.746 1497 2036 I ntp_failure: [time.android.com,java.net.UnknownHostException: Unable to resolve host "time.android.com": No address associated with hostname]
12-16 11:10:28.759 0 0 I auditd : type=1400 audit(0.0:24714): avc: denied { kill } for comm="swapper/0" capability=5 scontext=u:r:kernel:s0 tcontext=u:r:kernel:s0 tclass=capability permissive=0
12-16 11:10:28.790 1497 1603 W BroadcastQueue: Permission Denial: broadcasting Intent { act=android.net.conn.CONNECTIVITY_CHANGE flg=0x4200010 (has extras) } from null (pid=-1, uid=-1) requires com.baidu.input.permission.sofire.RECEIVE due to registered receiver BroadcastFilter{9e778f4 10028/u0 ReceiverList{1265ac7 4275 com.baidu.input/10028/u0 remote:1bd2406}}
12-16 11:10:29.759 0 0 I auditd : type=1400 audit(0.0:24715): avc: denied { kill } for comm="swapper/2" capability=5 scontext=u:r:kernel:s0 tcontext=u:r:kernel:s0 tclass=capability permissive=0
12-16 11:10:30.759 0 0 I auditd : type=1400 audit(0.0:24716): avc: denied { kill } for comm="swapper/2" capability=5 scontext=u:r:kernel:s0 tcontext=u:r:kernel:s0 tclass=capability permissive=0
12-16 11:10:31.759 9505 9505 I auditd : type=1400 audit(0.0:24717): avc: denied { kill } for comm="scheduler_threa" capability=5 scontext=u:r:kernel:s0 tcontext=u:r:kernel:s0 tclass=capability permissive=0
12-16 11:10:32.759 0 0 I auditd : type=1400 audit(0.0:24718): avc: denied { kill } for comm="swapper/0" capability=5 scontext=u:r:kernel:s0 tcontext=u:r:kernel:s0 tclass=capability permissive=0
12-16 11:10:33.759 0 0 I auditd : type=1400 audit(0.0:24719): avc: denied { kill } for comm="swapper/0" capability=5 scontext=u:r:kernel:s0 tcontext=u:r:kernel:s0 tclass=capability permissive=0
12-16 11:10:34.759 0 0 I auditd : type=1400 audit(0.0:24720): avc: denied { kill } for comm="swapper/0" capability=5 scontext=u:r:kernel:s0 tcontext=u:r:kernel:s0 tclass=capability permissive=0 --------- beginning of kernel
01-01 14:27:00.718 0 0 D : mv2112_read_status
01-01 14:27:00.719 0 0 D mv2112_update_link: 3.0x901(1G): 0x80
01-01 14:27:00.719 0 0 D mv2112_update_link: 3.0x8109(100M): 0x8
01-01 14:27:00.719 0 0 D mv2112_update_link: link 0x0
01-01 14:27:00.719 0 0 D mv2112_read_status: autoneg is disabled
12-16 11:10:35.759 0 0 I auditd : type=1400 audit(0.0:24721): avc: denied { kill } for comm="swapper/2" capability=5 scontext=u:r:kernel:s0 tcontext=u:r:kernel:s0 tclass=capability permissive=0
01-01 14:27:01.742 0 0 D : mv2112_read_status
01-01 14:27:01.743 0 0 D mv2112_update_link: 3.0x901(1G): 0x80
01-01 14:27:01.743 0 0 D mv2112_update_link: 3.0x8109(100M): 0x8
01-01 14:27:01.743 0 0 D mv2112_update_link: link 0x0
01-01 14:27:01.743 0 0 D mv2112_read_status: autoneg is disabled
12-16 11:10:36.759 0 0 I auditd : type=1400 audit(0.0:24722): avc: denied { kill } for comm="swapper/0" capability=5 scontext=u:r:kernel:s0 tcontext=u:r:kernel:s0 tclass=capability permissive=0
01-01 14:27:02.766 0 0 D : mv2112_read_status
01-01 14:27:02.767 0 0 D mv2112_update_link: 3.0x901(1G): 0x80
01-01 14:27:02.767 0 0 D mv2112_update_link: 3.0x8109(100M): 0x8
01-01 14:27:02.767 0 0 D mv2112_update_link: link 0x0
01-01 14:27:02.767 0 0 D mv2112_read_status: autoneg is disabled
01-01 14:27:02.992 0 0 I msm_vidc: err : ffffffff: .....: DBLP Set: status 0
12-16 11:10:37.759 0 0 I auditd : type=1400 audit(0.0:24723): avc: denied { kill } for comm="swapper/0" capability=5 scontext=u:r:kernel:s0 tcontext=u:r:kernel:s0 tclass=capability permissive=0
01-01 14:27:03.790 0 0 D : mv2112_read_status
01-01 14:27:03.791 0 0 D mv2112_update_link: 3.0x901(1G): 0x80
01-01 14:27:03.791 0 0 D mv2112_update_link: 3.0x8109(100M): 0x8
01-01 14:27:03.791 0 0 D mv2112_update_link: link 0x0
01-01 14:27:03.791 0 0 D mv2112_read_status: autoneg is disabled
01-01 14:27:04.307 0 0 I [soft_i][0x67d21c8a1f][11:10:38.704105] wlan: [0:I:QDF] DHCP-R TX: SA:7a:e4:bc:f9:6b:c7 DA:58:d9:d5:44:ba:d8 msdu_id:1 status: succ
01-01 14:27:04.342 0 0 I [dp_rx_][0x67d226a532][11:10:38.738599] wlan: [9507:I:QDF] DHCP-A RX: SA:58:d9:d5:44:ba:d8 DA:ff:ff:ff:ff:ff:ff
12-16 11:10:38.759 0 0 I auditd : type=1400 audit(0.0:24724): avc: denied { kill } for comm="swapper/0" capability=5 scontext=u:r:kernel:s0 tcontext=u:r:kernel:s0 tclass=capability permissive=0
01-01 14:27:04.814 0 0 D : mv2112_read_status
01-01 14:27:04.815 0 0 D mv2112_update_link: 3.0x901(1G): 0x80
01-01 14:27:04.815 0 0 D mv2112_update_link: 3.0x8109(100M): 0x8
01-01 14:27:04.815 0 0 D mv2112_update_link: link 0x0
01-01 14:27:04.815 0 0 D mv2112_read_status: autoneg is disabled
12-16 11:10:39.759 0 0 I auditd : type=1400 audit(0.0:24725): avc: denied { kill } for comm="swapper/0" capability=5 scontext=u:r:kernel:s0 tcontext=u:r:kernel:s0 tclass=capability permissive=0
01-01 14:27:05.838 0 0 D : mv2112_read_status
01-01 14:27:05.838 0 0 D mv2112_update_link: 3.0x901(1G): 0x80
01-01 14:27:05.839 0 0 D mv2112_update_link: 3.0x8109(100M): 0x8
01-01 14:27:05.839 0 0 D mv2112_update_link: link 0x0
01-01 14:27:05.839 0 0 D mv2112_read_status: autoneg is disabled
01-01 14:27:06.001 0 0 I msm_vidc: err : ffffffff: .....: DBLP Set: status 0
12-16 11:10:40.759 0 0 I auditd : type=1400 audit(0.0:24726): avc: denied { kill } for comm="swapper/0" capability=5 scontext=u:r:kernel:s0 tcontext=u:r:kernel:s0 tclass=capability permissive=0
01-01 14:27:06.862 0 0 D : mv2112_read_status
01-01 14:27:06.863 0 0 D mv2112_update_link: 3.0x901(1G): 0x80
01-01 14:27:06.863 0 0 D mv2112_update_link: 3.0x8109(100M): 0x8
01-01 14:27:06.863 0 0 D mv2112_update_link: link 0x0
01-01 14:27:06.863 0 0 D mv2112_read_status: autoneg is disabled
12-16 11:10:41.759 0 0 I auditd : type=1400 audit(0.0:24727): avc: denied { kill } for comm="swapper/0" capability=5 scontext=u:r:kernel:s0 tcontext=u:r:kernel:s0 tclass=capability permissive=0
01-01 14:27:07.886 0 0 D : mv2112_read_status
01-01 14:27:07.887 0 0 D mv2112_update_link: 3.0x901(1G): 0x80
01-01 14:27:07.887 0 0 D mv2112_update_link: 3.0x8109(100M): 0x8
01-01 14:27:07.887 0 0 D mv2112_update_link: link 0x0
01-01 14:27:07.887 0 0 D mv2112_read_status: autoneg is disabled
12-16 11:10:42.759 0 0 I auditd : type=1400 audit(0.0:24728): avc: denied { kill } for comm="swapper/0" capability=5 scontext=u:r:kernel:s0 tcontext=u:r:kernel:s0 tclass=capability permissive=0
01-01 14:27:08.910 0 0 D : mv2112_read_status
01-01 14:27:08.911 0 0 D mv2112_update_link: 3.0x901(1G): 0x80
01-01 14:27:08.911 0 0 D mv2112_update_link: 3.0x8109(100M): 0x8
01-01 14:27:08.911 0 0 D mv2112_update_link: link 0x0
01-01 14:27:08.911 0 0 D mv2112_read_status: autoneg is disabled
01-01 14:27:09.040 0 0 I msm_vidc: err : ffffffff: .....: DBLP Set: status 0
12-16 11:10:43.759 350 350 I auditd : type=1400 audit(0.0:24729): avc: denied { kill } for comm="irq/382-atmel_m" capability=5 scontext=u:r:kernel:s0 tcontext=u:r:kernel:s0 tclass=capability permissive=0
01-01 14:27:09.934 0 0 D : mv2112_read_status
01-01 14:27:09.935 0 0 D mv2112_update_link: 3.0x901(1G): 0x80
01-01 14:27:09.935 0 0 D mv2112_update_link: 3.0x8109(100M): 0x8
01-01 14:27:09.935 0 0 D mv2112_update_link: link 0x0
01-01 14:27:09.935 0 0 D mv2112_read_status: autoneg is disabled
12-16 11:10:44.409 1497 1623 V DisplayPowerController[0]: Brightness [0.05] reason changing to: 'manual [ dim ]', previous reason: 'manual'.
12-16 11:10:44.409 1497 1623 I sysui_multi_action: [757,1696,758,6,759,2]
12-16 11:10:44.409 1497 1623 W PowerManagerService: Screen on took 57287 ms
12-16 11:10:44.412 1497 1868 E DisplayDeviceConfig: requesting nits when no mapping exists.
12-16 11:10:44.413 1497 1868 E DisplayDeviceConfig: requesting nits when no mapping exists.
12-16 11:10:44.413 1497 1603 I am_wtf : [0,1497,system_server,-1,DisplayDeviceConfig,requesting nits when no mapping exists.]
12-16 11:10:44.415 1497 1603 I DropBoxManagerService: add tag=system_server_wtf isTagEnabled=true flags=0x2
12-16 11:10:44.417 1497 1603 I am_wtf : [0,1497,system_server,-1,DisplayDeviceConfig,requesting nits when no mapping exists.]
12-16 11:10:44.418 1497 1603 I DropBoxManagerService: add tag=system_server_wtf isTagEnabled=true flags=0x2
12-16 11:10:44.428 1497 1868 E DisplayDeviceConfig: requesting nits when no mapping exists.
12-16 11:10:44.429 1497 1603 I am_wtf : [0,1497,system_server,-1,DisplayDeviceConfig,requesting nits when no mapping exists.]
12-16 11:10:44.429 1497 1868 E DisplayDeviceConfig: requesting nits when no mapping exists.
12-16 11:10:44.430 1497 1603 I DropBoxManagerService: add tag=system_server_wtf isTagEnabled=true flags=0x2
12-16 11:10:44.431 1497 1603 I am_wtf : [0,1497,system_server,-1,DisplayDeviceConfig,requesting nits when no mapping exists.]
12-16 11:10:44.432 1497 1603 I DropBoxManagerService: add tag=system_server_wtf isTagEnabled=true flags=0x2
12-16 11:10:44.445 1497 1868 E DisplayDeviceConfig: requesting nits when no mapping exists.
12-16 11:10:44.445 1497 1603 I am_wtf : [0,1497,system_server,-1,DisplayDeviceConfig,requesting nits when no mapping exists.]
12-16 11:10:44.445 1497 1868 E DisplayDeviceConfig: requesting nits when no mapping exists.
12-16 11:10:44.447 1497 1603 I DropBoxManagerService: add tag=system_server_wtf isTagEnabled=true flags=0x2
12-16 11:10:44.448 1497 1603 I am_wtf : [0,1497,system_server,-1,DisplayDeviceConfig,requesting nits when no mapping exists.]
12-16 11:10:44.453 1497 1868 E DisplayDeviceConfig: requesting nits when no mapping exists.
12-16 11:10:44.454 1497 1868 E DisplayDeviceConfig: requesting nits when no mapping exists.
12-16 11:10:44.454 1497 1603 I am_wtf : [0,1497,system_server,-1,DisplayDeviceConfig,requesting nits when no mapping exists.]
12-16 11:10:44.456 1497 1603 I am_wtf : [0,1497,system_server,-1,DisplayDeviceConfig,requesting nits when no mapping exists.]
12-16 11:10:44.470 1497 1868 E DisplayDeviceConfig: requesting nits when no mapping exists.
12-16 11:10:44.470 1497 1868 E DisplayDeviceConfig: requesting nits when no mapping exists.
12-16 11:10:44.470 1497 1603 I am_wtf : [0,1497,system_server,-1,DisplayDeviceConfig,requesting nits when no mapping exists.]
12-16 11:10:44.471 1497 1603 I am_wtf : [0,1497,system_server,-1,DisplayDeviceConfig,requesting nits when no mapping exists.]
12-16 11:10:44.487 1497 1868 E DisplayDeviceConfig: requesting nits when no mapping exists.
12-16 11:10:44.487 1497 1868 E DisplayDeviceConfig: requesting nits when no mapping exists.
12-16 11:10:44.487 1497 1603 I am_wtf : [0,1497,system_server,-1,DisplayDeviceConfig,requesting nits when no mapping exists.]
12-16 11:10:44.489 1497 1603 I am_wtf : [0,1497,system_server,-1,DisplayDeviceConfig,requesting nits when no mapping exists.]
12-16 11:10:44.503 1497 1868 E DisplayDeviceConfig: requesting nits when no mapping exists.
12-16 11:10:44.504 1497 1868 E DisplayDeviceConfig: requesting nits when no mapping exists.
12-16 11:10:44.504 1497 1603 I am_wtf : [0,1497,system_server,-1,DisplayDeviceConfig,requesting nits when no mapping exists.]
12-16 11:10:44.505 1497 1603 I am_wtf : [0,1497,system_server,-1,DisplayDeviceConfig,requesting nits when no mapping exists.]
12-16 11:10:44.520 1497 1868 E DisplayDeviceConfig: requesting nits when no mapping exists.
12-16 11:10:44.521 1497 1868 E DisplayDeviceConfig: requesting nits when no mapping exists.
12-16 11:10:44.521 1497 1603 I am_wtf : [0,1497,system_server,-1,DisplayDeviceConfig,requesting nits when no mapping exists.]
12-16 11:10:44.522 1497 1603 I am_wtf : [0,1497,system_server,-1,DisplayDeviceConfig,requesting nits when no mapping exists.]
12-16 11:10:44.537 1497 1868 E DisplayDeviceConfig: requesting nits when no mapping exists.
12-16 11:10:44.538 1497 1603 I am_wtf : [0,1497,system_server,-1,DisplayDeviceConfig,requesting nits when no mapping exists.]
12-16 11:10:44.539 1497 1868 E DisplayDeviceConfig: requesting nits when no mapping exists.
12-16 11:10:44.540 1497 1603 I am_wtf : [0,1497,system_server,-1,DisplayDeviceConfig,requesting nits when no mapping exists.]
12-16 11:10:44.554 1497 1868 E DisplayDeviceConfig: requesting nits when no mapping exists.
12-16 11:10:44.554 1497 1868 E DisplayDeviceConfig: requesting nits when no mapping exists.
12-16 11:10:44.554 1497 1603 I am_wtf : [0,1497,system_server,-1,DisplayDeviceConfig,requesting nits when no mapping exists.]
12-16 11:10:44.555 1497 1603 I am_wtf : [0,1497,system_server,-1,DisplayDeviceConfig,requesting nits when no mapping exists.]
12-16 11:10:44.570 1497 1868 E DisplayDeviceConfig: requesting nits when no mapping exists.
12-16 11:10:44.571 1497 1868 E DisplayDeviceConfig: requesting nits when no mapping exists.
12-16 11:10:44.571 1497 1603 I am_wtf : [0,1497,system_server,-1,DisplayDeviceConfig,requesting nits when no mapping exists.]
12-16 11:10:44.573 1497 1603 I am_wtf : [0,1497,system_server,-1,DisplayDeviceConfig,requesting nits when no mapping exists.]
12-16 11:10:44.587 1497 1868 E DisplayDeviceConfig: requesting nits when no mapping exists.
12-16 11:10:44.588 1497 1603 I am_wtf : [0,1497,system_server,-1,DisplayDeviceConfig,requesting nits when no mapping exists.]
12-16 11:10:44.588 1497 1868 E DisplayDeviceConfig: requesting nits when no mapping exists.
12-16 11:10:44.589 1497 1603 I am_wtf : [0,1497,system_server,-1,DisplayDeviceConfig,requesting nits when no mapping exists.]
12-16 11:10:44.604 1497 1868 E DisplayDeviceConfig: requesting nits when no mapping exists.
12-16 11:10:44.604 1497 1868 E DisplayDeviceConfig: requesting nits when no mapping exists.
12-16 11:10:44.604 1497 1603 I am_wtf : [0,1497,system_server,-1,DisplayDeviceConfig,requesting nits when no mapping exists.]
12-16 11:10:44.606 1497 1603 I am_wtf : [0,1497,system_server,-1,DisplayDeviceConfig,requesting nits when no mapping exists.]
12-16 11:10:44.621 1497 1868 E DisplayDeviceConfig: requesting nits when no mapping exists.
12-16 11:10:44.621 1497 1868 E DisplayDeviceConfig: requesting nits when no mapping exists.
12-16 11:10:44.621 1497 1603 I am_wtf : [0,1497,system_server,-1,DisplayDeviceConfig,requesting nits when no mapping exists.]
12-16 11:10:44.622 1497 1603 I am_wtf : [0,1497,system_server,-1,DisplayDeviceConfig,requesting nits when no mapping exists.]
12-16 11:10:44.637 1497 1868 E DisplayDeviceConfig: requesting nits when no mapping exists.
12-16 11:10:44.638 1497 1603 I am_wtf : [0,1497,system_server,-1,DisplayDeviceConfig,requesting nits when no mapping exists.]
12-16 11:10:44.638 1497 1868 E DisplayDeviceConfig: requesting nits when no mapping exists.
12-16 11:10:44.638 1497 1603 I am_wtf : [0,1497,system_server,-1,DisplayDeviceConfig,requesting nits when no mapping exists.]
12-16 11:10:44.654 1497 1868 E DisplayDeviceConfig: requesting nits when no mapping exists.
12-16 11:10:44.654 1497 1603 I am_wtf : [0,1497,system_server,-1,DisplayDeviceConfig,requesting nits when no mapping exists.]
12-16 11:10:44.654 1497 1868 E DisplayDeviceConfig: requesting nits when no mapping exists.
12-16 11:10:44.655 1497 1603 I am_wtf : [0,1497,system_server,-1,DisplayDeviceConfig,requesting nits when no mapping exists.]
12-16 11:10:44.671 1497 1868 E DisplayDeviceConfig: requesting nits when no mapping exists.
12-16 11:10:44.671 1497 1868 E DisplayDeviceConfig: requesting nits when no mapping exists.
12-16 11:10:44.672 1497 1603 I am_wtf : [0,1497,system_server,-1,DisplayDeviceConfig,requesting nits when no mapping exists.]
12-16 11:10:44.673 1497 1603 I am_wtf : [0,1497,system_server,-1,DisplayDeviceConfig,requesting nits when no mapping exists.]
12-16 11:10:44.687 1497 1868 E DisplayDeviceConfig: requesting nits when no mapping exists.
12-16 11:10:44.688 1497 1603 I am_wtf : [0,1497,system_server,-1,DisplayDeviceConfig,requesting nits when no mapping exists.]
12-16 11:10:44.688 1497 1868 E DisplayDeviceConfig: requesting nits when no mapping exists.
12-16 11:10:44.689 1497 1603 I am_wtf : [0,1497,system_server,-1,DisplayDeviceConfig,requesting nits when no mapping exists.]
12-16 11:10:44.704 1497 1868 E DisplayDeviceConfig: requesting nits when no mapping exists.
12-16 11:10:44.705 1497 1868 E DisplayDeviceConfig: requesting nits when no mapping exists.
12-16 11:10:44.705 1497 1603 I am_wtf : [0,1497,system_server,-1,DisplayDeviceConfig,requesting nits when no mapping exists.]
12-16 11:10:44.706 1497 1603 I am_wtf : [0,1497,system_server,-1,DisplayDeviceConfig,requesting nits when no mapping exists.]
12-16 11:10:44.721 1497 1868 E DisplayDeviceConfig: requesting nits when no mapping exists.
12-16 11:10:44.721 1497 1603 I am_wtf : [0,1497,system_server,-1,DisplayDeviceConfig,requesting nits when no mapping exists.]
12-16 11:10:44.721 1497 1868 E DisplayDeviceConfig: requesting nits when no mapping exists.
12-16 11:10:44.722 1497 1603 I am_wtf : [0,1497,system_server,-1,DisplayDeviceConfig,requesting nits when no mapping exists.]
12-16 11:10:44.737 1497 1868 E DisplayDeviceConfig: requesting nits when no mapping exists.
12-16 11:10:44.738 1497 1603 I am_wtf : [0,1497,system_server,-1,DisplayDeviceConfig,requesting nits when no mapping exists.]
12-16 11:10:44.738 1497 1868 E DisplayDeviceConfig: requesting nits when no mapping exists.
12-16 11:10:44.739 1497 1603 I am_wtf : [0,1497,system_server,-1,DisplayDeviceConfig,requesting nits when no mapping exists.]
12-16 11:10:44.754 1497 1868 E DisplayDeviceConfig: requesting nits when no mapping exists.
12-16 11:10:44.754 1497 1603 I am_wtf : [0,1497,system_server,-1,DisplayDeviceConfig,requesting nits when no mapping exists.]
12-16 11:10:44.755 1497 1868 E DisplayDeviceConfig: requesting nits when no mapping exists.
12-16 11:10:44.756 1497 1603 I am_wtf : [0,1497,system_server,-1,DisplayDeviceConfig,requesting nits when no mapping exists.]
12-16 11:10:44.759 0 0 I auditd : type=1400 audit(0.0:24730): avc: denied { kill } for comm="swapper/0" capability=5 scontext=u:r:kernel:s0 tcontext=u:r:kernel:s0 tclass=capability permissive=0
12-16 11:10:44.771 1497 1868 E DisplayDeviceConfig: requesting nits when no mapping exists.
12-16 11:10:44.771 1497 1603 I am_wtf : [0,1497,system_server,-1,DisplayDeviceConfig,requesting nits when no mapping exists.]
12-16 11:10:44.771 1497 1868 E DisplayDeviceConfig: requesting nits when no mapping exists.
12-16 11:10:44.772 1497 1603 I am_wtf : [0,1497,system_server,-1,DisplayDeviceConfig,requesting nits when no mapping exists.]
12-16 11:10:44.787 1497 1868 E DisplayDeviceConfig: requesting nits when no mapping exists.
12-16 11:10:44.788 1497 1603 I am_wtf : [0,1497,system_server,-1,DisplayDeviceConfig,requesting nits when no mapping exists.]
12-16 11:10:44.788 1497 1868 E DisplayDeviceConfig: requesting nits when no mapping exists.
12-16 11:10:44.789 1497 1603 I am_wtf : [0,1497,system_server,-1,DisplayDeviceConfig,requesting nits when no mapping exists.]
12-16 11:10:44.804 1497 1868 E DisplayDeviceConfig: requesting nits when no mapping exists.
12-16 11:10:44.805 1497 1868 E DisplayDeviceConfig: requesting nits when no mapping exists.
12-16 11:10:44.805 1497 1603 I am_wtf : [0,1497,system_server,-1,DisplayDeviceConfig,requesting nits when no mapping exists.]
12-16 11:10:44.806 1497 1603 I am_wtf : [0,1497,system_server,-1,DisplayDeviceConfig,requesting nits when no mapping exists.]
12-16 11:10:44.821 1497 1868 E DisplayDeviceConfig: requesting nits when no mapping exists.
12-16 11:10:44.822 1497 1868 E DisplayDeviceConfig: requesting nits when no mapping exists.
12-16 11:10:44.822 1497 1603 I am_wtf : [0,1497,system_server,-1,DisplayDeviceConfig,requesting nits when no mapping exists.]
12-16 11:10:44.823 1497 1603 I am_wtf : [0,1497,system_server,-1,DisplayDeviceConfig,requesting nits when no mapping exists.]
12-16 11:10:44.838 1497 1868 E DisplayDeviceConfig: requesting nits when no mapping exists.
12-16 11:10:44.838 1497 1603 I am_wtf : [0,1497,system_server,-1,DisplayDeviceConfig,requesting nits when no mapping exists.]
12-16 11:10:44.838 1497 1868 E DisplayDeviceConfig: requesting nits when no mapping exists.
12-16 11:10:44.839 1497 1603 I am_wtf : [0,1497,system_server,-1,DisplayDeviceConfig,requesting nits when no mapping exists.]
12-16 11:10:44.854 1497 1868 E DisplayDeviceConfig: requesting nits when no mapping exists.
12-16 11:10:44.855 1497 1603 I am_wtf : [0,1497,system_server,-1,DisplayDeviceConfig,requesting nits when no mapping exists.]
12-16 11:10:44.855 1497 1868 E DisplayDeviceConfig: requesting nits when no mapping exists.
12-16 11:10:44.856 1497 1603 I am_wtf : [0,1497,system_server,-1,DisplayDeviceConfig,requesting nits when no mapping exists.]
12-16 11:10:44.871 1497 1868 E DisplayDeviceConfig: requesting nits when no mapping exists.
12-16 11:10:44.872 1497 1868 E DisplayDeviceConfig: requesting nits when no mapping exists.
12-16 11:10:44.872 1497 1603 I am_wtf : [0,1497,system_server,-1,DisplayDeviceConfig,requesting nits when no mapping exists.]
12-16 11:10:44.873 1497 1603 I am_wtf : [0,1497,system_server,-1,DisplayDeviceConfig,requesting nits when no mapping exists.]
12-16 11:10:44.888 1497 1868 E DisplayDeviceConfig: requesting nits when no mapping exists.
12-16 11:10:44.889 1497 1868 E DisplayDeviceConfig: requesting nits when no mapping exists.
12-16 11:10:44.889 1497 1603 I am_wtf : [0,1497,system_server,-1,DisplayDeviceConfig,requesting nits when no mapping exists.]
12-16 11:10:44.889 1497 1603 I am_wtf : [0,1497,system_server,-1,DisplayDeviceConfig,requesting nits when no mapping exists.]
12-16 11:10:44.904 1497 1868 E DisplayDeviceConfig: requesting nits when no mapping exists.
12-16 11:10:44.905 1497 1603 I am_wtf : [0,1497,system_server,-1,DisplayDeviceConfig,requesting nits when no mapping exists.]
12-16 11:10:44.905 1497 1868 E DisplayDeviceConfig: requesting nits when no mapping exists.
12-16 11:10:44.906 1497 1603 I am_wtf : [0,1497,system_server,-1,DisplayDeviceConfig,requesting nits when no mapping exists.]
12-16 11:10:44.921 1497 1868 E DisplayDeviceConfig: requesting nits when no mapping exists.
12-16 11:10:44.922 1497 1603 I am_wtf : [0,1497,system_server,-1,DisplayDeviceConfig,requesting nits when no mapping exists.]
12-16 11:10:44.922 1497 1868 E DisplayDeviceConfig: requesting nits when no mapping exists.
12-16 11:10:44.922 1497 1603 I am_wtf : [0,1497,system_server,-1,DisplayDeviceConfig,requesting nits when no mapping exists.]
12-16 11:10:44.938 1497 1868 E DisplayDeviceConfig: requesting nits when no mapping exists.
12-16 11:10:44.938 1497 1603 I am_wtf : [0,1497,system_server,-1,DisplayDeviceConfig,requesting nits when no mapping exists.]
12-16 11:10:44.938 1497 1868 E DisplayDeviceConfig: requesting nits when no mapping exists.
12-16 11:10:44.940 1497 1603 I am_wtf : [0,1497,system_server,-1,DisplayDeviceConfig,requesting nits when no mapping exists.]
12-16 11:10:44.955 1497 1868 E DisplayDeviceConfig: requesting nits when no mapping exists.
12-16 11:10:44.955 1497 1603 I am_wtf : [0,1497,system_server,-1,DisplayDeviceConfig,requesting nits when no mapping exists.]
12-16 11:10:44.955 1497 1868 E DisplayDeviceConfig: requesting nits when no mapping exists.
12-16 11:10:44.957 1497 1603 I am_wtf : [0,1497,system_server,-1,DisplayDeviceConfig,requesting nits when no mapping exists.]
12-16 11:10:44.971 1497 1868 E DisplayDeviceConfig: requesting nits when no mapping exists.
12-16 11:10:44.972 1497 1868 E DisplayDeviceConfig: requesting nits when no mapping exists.
12-16 11:10:44.972 1497 1603 I am_wtf : [0,1497,system_server,-1,DisplayDeviceConfig,requesting nits when no mapping exists.]
12-16 11:10:44.973 1497 1603 I am_wtf : [0,1497,system_server,-1,DisplayDeviceConfig,requesting nits when no mapping exists.]
12-16 11:10:44.988 1497 1868 E DisplayDeviceConfig: requesting nits when no mapping exists.
12-16 11:10:44.988 1497 1603 I am_wtf : [0,1497,system_server,-1,DisplayDeviceConfig,requesting nits when no mapping exists.]
12-16 11:10:44.988 1497 1868 E DisplayDeviceConfig: requesting nits when no mapping exists.
12-16 11:10:44.989 1497 1603 I am_wtf : [0,1497,system_server,-1,DisplayDeviceConfig,requesting nits when no mapping exists.]
12-16 11:10:44.990 1497 1603 I service_manager_stats: [100,65,38007]
12-16 11:10:45.005 1497 1868 E DisplayDeviceConfig: requesting nits when no mapping exists.
12-16 11:10:45.005 1497 1603 I am_wtf : [0,1497,system_server,-1,DisplayDeviceConfig,requesting nits when no mapping exists.]
12-16 11:10:45.005 1497 1868 E DisplayDeviceConfig: requesting nits when no mapping exists.
12-16 11:10:45.006 1497 1603 I am_wtf : [0,1497,system_server,-1,DisplayDeviceConfig,requesting nits when no mapping exists.]
12-16 11:10:45.021 1497 1868 E DisplayDeviceConfig: requesting nits when no mapping exists.
12-16 11:10:45.022 1497 1603 I am_wtf : [0,1497,system_server,-1,DisplayDeviceConfig,requesting nits when no mapping exists.]
12-16 11:10:45.022 1497 1868 E DisplayDeviceConfig: requesting nits when no mapping exists.
12-16 11:10:45.023 1497 1603 I am_wtf : [0,1497,system_server,-1,DisplayDeviceConfig,requesting nits when no mapping exists.]
12-16 11:10:45.038 1497 1868 E DisplayDeviceConfig: requesting nits when no mapping exists.
12-16 11:10:45.039 1497 1603 I am_wtf : [0,1497,system_server,-1,DisplayDeviceConfig,requesting nits when no mapping exists.]
12-16 11:10:45.039 1497 1868 E DisplayDeviceConfig: requesting nits when no mapping exists.
12-16 11:10:45.040 1497 1603 I am_wtf : [0,1497,system_server,-1,DisplayDeviceConfig,requesting nits when no mapping exists.]
12-16 11:10:45.055 1497 1868 E DisplayDeviceConfig: requesting nits when no mapping exists.
12-16 11:10:45.055 1497 1603 I am_wtf : [0,1497,system_server,-1,DisplayDeviceConfig,requesting nits when no mapping exists.]
12-16 11:10:45.055 1497 1868 E DisplayDeviceConfig: requesting nits when no mapping exists.
12-16 11:10:45.057 1497 1603 I am_wtf : [0,1497,system_server,-1,DisplayDeviceConfig,requesting nits when no mapping exists.]
12-16 11:10:45.071 1497 1868 E DisplayDeviceConfig: requesting nits when no mapping exists.
12-16 11:10:45.072 1497 1868 E DisplayDeviceConfig: requesting nits when no mapping exists.
12-16 11:10:45.072 1497 1603 I am_wtf : [0,1497,system_server,-1,DisplayDeviceConfig,requesting nits when no mapping exists.]
12-16 11:10:45.073 1497 1603 I am_wtf : [0,1497,system_server,-1,DisplayDeviceConfig,requesting nits when no mapping exists.]
12-16 11:10:45.088 1497 1868 E DisplayDeviceConfig: requesting nits when no mapping exists.
12-16 11:10:45.088 1497 1603 I am_wtf : [0,1497,system_server,-1,DisplayDeviceConfig,requesting nits when no mapping exists.]
12-16 11:10:45.088 1497 1868 E DisplayDeviceConfig: requesting nits when no mapping exists.
12-16 11:10:45.089 1497 1603 I am_wtf : [0,1497,system_server,-1,DisplayDeviceConfig,requesting nits when no mapping exists.]
12-16 11:10:45.105 1497 1868 E DisplayDeviceConfig: requesting nits when no mapping exists.
12-16 11:10:45.106 1497 1603 I am_wtf : [0,1497,system_server,-1,DisplayDeviceConfig,requesting nits when no mapping exists.]
12-16 11:10:45.107 1497 1868 E DisplayDeviceConfig: requesting nits when no mapping exists.
12-16 11:10:45.107 1497 1603 I am_wtf : [0,1497,system_server,-1,DisplayDeviceConfig,requesting nits when no mapping exists.]
12-16 11:10:45.122 1497 1868 E DisplayDeviceConfig: requesting nits when no mapping exists.
12-16 11:10:45.122 1497 1603 I am_wtf : [0,1497,system_server,-1,DisplayDeviceConfig,requesting nits when no mapping exists.]
12-16 11:10:45.122 1497 1868 E DisplayDeviceConfig: requesting nits when no mapping exists.
12-16 11:10:45.123 1497 1603 I am_wtf : [0,1497,system_server,-1,DisplayDeviceConfig,requesting nits when no mapping exists.]
12-16 11:10:45.138 1497 1868 E DisplayDeviceConfig: requesting nits when no mapping exists.
12-16 11:10:45.139 1497 1868 E DisplayDeviceConfig: requesting nits when no mapping exists.
12-16 11:10:45.139 1497 1603 I am_wtf : [0,1497,system_server,-1,DisplayDeviceConfig,requesting nits when no mapping exists.]
12-16 11:10:45.140 1497 1603 I am_wtf : [0,1497,system_server,-1,DisplayDeviceConfig,requesting nits when no mapping exists.]
12-16 11:10:45.155 1497 1868 E DisplayDeviceConfig: requesting nits when no mapping exists.
12-16 11:10:45.156 1497 1603 I am_wtf : [0,1497,system_server,-1,DisplayDeviceConfig,requesting nits when no mapping exists.]
12-16 11:10:45.156 1497 1868 E DisplayDeviceConfig: requesting nits when no mapping exists.
12-16 11:10:45.157 1497 1603 I am_wtf : [0,1497,system_server,-1,DisplayDeviceConfig,requesting nits when no mapping exists.]
12-16 11:10:45.172 1497 1868 E DisplayDeviceConfig: requesting nits when no mapping exists.
12-16 11:10:45.172 1497 1603 I am_wtf : [0,1497,system_server,-1,DisplayDeviceConfig,requesting nits when no mapping exists.]
12-16 11:10:45.172 1497 1868 E DisplayDeviceConfig: requesting nits when no mapping exists.
12-16 11:10:45.173 1497 1603 I am_wtf : [0,1497,system_server,-1,DisplayDeviceConfig,requesting nits when no mapping exists.]
12-16 11:10:45.188 1497 1868 E DisplayDeviceConfig: requesting nits when no mapping exists.
12-16 11:10:45.189 1497 1603 I am_wtf : [0,1497,system_server,-1,DisplayDeviceConfig,requesting nits when no mapping exists.]
12-16 11:10:45.189 1497 1868 E DisplayDeviceConfig: requesting nits when no mapping exists.
12-16 11:10:45.190 1497 1603 I am_wtf : [0,1497,system_server,-1,DisplayDeviceConfig,requesting nits when no mapping exists.]
12-16 11:10:45.205 1497 1868 E DisplayDeviceConfig: requesting nits when no mapping exists.
12-16 11:10:45.207 1497 1603 I am_wtf : [0,1497,system_server,-1,DisplayDeviceConfig,requesting nits when no mapping exists.]
12-16 11:10:45.207 1497 1868 E DisplayDeviceConfig: requesting nits when no mapping exists.
12-16 11:10:45.208 1497 1603 I am_wtf : [0,1497,system_server,-1,DisplayDeviceConfig,requesting nits when no mapping exists.]
12-16 11:10:45.222 1497 1868 E DisplayDeviceConfig: requesting nits when no mapping exists.
12-16 11:10:45.222 1497 1603 I am_wtf : [0,1497,system_server,-1,DisplayDeviceConfig,requesting nits when no mapping exists.]
12-16 11:10:45.223 1497 1868 E DisplayDeviceConfig: requesting nits when no mapping exists.
12-16 11:10:45.223 1497 1603 I am_wtf : [0,1497,system_server,-1,DisplayDeviceConfig,requesting nits when no mapping exists.]
12-16 11:10:45.239 1497 1868 E DisplayDeviceConfig: requesting nits when no mapping exists.
12-16 11:10:45.240 1497 1603 I am_wtf : [0,1497,system_server,-1,DisplayDeviceConfig,requesting nits when no mapping exists.]
12-16 11:10:45.240 1497 1868 E DisplayDeviceConfig: requesting nits when no mapping exists.
12-16 11:10:45.241 1497 1603 I am_wtf : [0,1497,system_server,-1,DisplayDeviceConfig,requesting nits when no mapping exists.]
