12-16 10:13:40.948 1497 1868 E DisplayDeviceConfig: requesting nits when no mapping exists.
12-16 10:13:40.964 1497 1868 E DisplayDeviceConfig: requesting nits when no mapping exists.
12-16 10:13:40.965 1497 1868 E DisplayDeviceConfig: requesting nits when no mapping exists.
12-16 10:13:40.981 1497 1868 E DisplayDeviceConfig: requesting nits when no mapping exists.
12-16 10:13:40.981 1497 1868 E DisplayDeviceConfig: requesting nits when no mapping exists.
12-16 10:13:40.998 1497 1868 E DisplayDeviceConfig: requesting nits when no mapping exists.
12-16 10:13:40.999 1497 1868 E DisplayDeviceConfig: requesting nits when no mapping exists.
12-16 10:13:41.015 1497 1868 E DisplayDeviceConfig: requesting nits when no mapping exists.
12-16 10:13:41.016 1497 1868 E DisplayDeviceConfig: requesting nits when no mapping exists.
12-16 10:13:41.031 1497 1868 E DisplayDeviceConfig: requesting nits when no mapping exists.
12-16 10:13:41.032 1497 1868 E DisplayDeviceConfig: requesting nits when no mapping exists.
12-16 10:13:41.048 1497 1868 E DisplayDeviceConfig: requesting nits when no mapping exists.
12-16 10:13:41.049 1497 1868 E DisplayDeviceConfig: requesting nits when no mapping exists.
12-16 10:13:41.064 1497 1868 E DisplayDeviceConfig: requesting nits when no mapping exists.
12-16 10:13:41.066 1497 1868 E DisplayDeviceConfig: requesting nits when no mapping exists.
12-16 10:13:41.081 1497 1868 E DisplayDeviceConfig: requesting nits when no mapping exists.
12-16 10:13:41.082 1497 1868 E DisplayDeviceConfig: requesting nits when no mapping exists.
12-16 10:13:41.098 1497 1868 E DisplayDeviceConfig: requesting nits when no mapping exists.
12-16 10:13:41.098 1497 1868 E DisplayDeviceConfig: requesting nits when no mapping exists.
12-16 10:13:41.115 1497 1868 E DisplayDeviceConfig: requesting nits when no mapping exists.
12-16 10:13:41.117 1497 1868 E DisplayDeviceConfig: requesting nits when no mapping exists.
12-16 10:13:41.131 1497 1868 E DisplayDeviceConfig: requesting nits when no mapping exists.
12-16 10:13:41.132 1497 1868 E DisplayDeviceConfig: requesting nits when no mapping exists.
12-16 10:13:41.148 1497 1868 E DisplayDeviceConfig: requesting nits when no mapping exists.
12-16 10:13:41.148 1497 1868 E DisplayDeviceConfig: requesting nits when no mapping exists.
12-16 10:13:41.165 1497 1868 E DisplayDeviceConfig: requesting nits when no mapping exists.
12-16 10:13:41.165 1497 1868 E DisplayDeviceConfig: requesting nits when no mapping exists.
12-16 10:13:41.182 1497 1868 E DisplayDeviceConfig: requesting nits when no mapping exists.
12-16 10:13:41.183 1497 1868 E DisplayDeviceConfig: requesting nits when no mapping exists.
12-16 10:13:41.199 1497 1868 E DisplayDeviceConfig: requesting nits when no mapping exists.
12-16 10:13:41.201 1497 1868 E DisplayDeviceConfig: requesting nits when no mapping exists.
12-16 10:13:41.215 1497 1868 E DisplayDeviceConfig: requesting nits when no mapping exists.
12-16 10:13:41.215 1497 1868 E DisplayDeviceConfig: requesting nits when no mapping exists.
12-16 10:13:41.232 1497 1868 E DisplayDeviceConfig: requesting nits when no mapping exists.
12-16 10:13:41.233 1497 1868 E DisplayDeviceConfig: requesting nits when no mapping exists.
12-16 10:13:41.248 1497 1868 E DisplayDeviceConfig: requesting nits when no mapping exists.
12-16 10:13:41.249 1497 1868 E DisplayDeviceConfig: requesting nits when no mapping exists.
12-16 10:13:41.265 1497 1868 E DisplayDeviceConfig: requesting nits when no mapping exists.
12-16 10:13:41.265 1497 1868 E DisplayDeviceConfig: requesting nits when no mapping exists.
12-16 10:13:41.281 1497 1868 E DisplayDeviceConfig: requesting nits when no mapping exists.
12-16 10:13:41.282 1497 1868 E DisplayDeviceConfig: requesting nits when no mapping exists.
12-16 10:13:41.299 1497 1868 E DisplayDeviceConfig: requesting nits when no mapping exists.
12-16 10:13:41.299 1497 1868 E DisplayDeviceConfig: requesting nits when no mapping exists.
12-16 10:13:41.315 1497 1868 E DisplayDeviceConfig: requesting nits when no mapping exists.
12-16 10:13:41.316 1497 1868 E DisplayDeviceConfig: requesting nits when no mapping exists.
12-16 10:13:41.332 1497 1868 E DisplayDeviceConfig: requesting nits when no mapping exists.
12-16 10:13:41.332 1497 1868 E DisplayDeviceConfig: requesting nits when no mapping exists.
12-16 10:13:41.349 1497 1868 E DisplayDeviceConfig: requesting nits when no mapping exists.
12-16 10:13:41.350 1497 1868 E DisplayDeviceConfig: requesting nits when no mapping exists.
12-16 10:13:41.365 1497 1868 E DisplayDeviceConfig: requesting nits when no mapping exists.
12-16 10:13:41.365 1497 1868 E DisplayDeviceConfig: requesting nits when no mapping exists.
12-16 10:13:41.382 1497 1868 E DisplayDeviceConfig: requesting nits when no mapping exists.
12-16 10:13:41.382 1497 1868 E DisplayDeviceConfig: requesting nits when no mapping exists.
12-16 10:13:41.399 1497 1868 E DisplayDeviceConfig: requesting nits when no mapping exists.
12-16 10:13:41.400 1497 1868 E DisplayDeviceConfig: requesting nits when no mapping exists.
12-16 10:13:41.415 1497 1868 E DisplayDeviceConfig: requesting nits when no mapping exists.
12-16 10:13:41.417 1497 1868 E DisplayDeviceConfig: requesting nits when no mapping exists.
12-16 10:13:41.432 1497 1868 E DisplayDeviceConfig: requesting nits when no mapping exists.
12-16 10:13:41.433 1497 1868 E DisplayDeviceConfig: requesting nits when no mapping exists.
12-16 10:13:41.449 1497 1868 E DisplayDeviceConfig: requesting nits when no mapping exists.
12-16 10:13:41.449 1497 1868 E DisplayDeviceConfig: requesting nits when no mapping exists.
12-16 10:13:41.465 1497 1868 E DisplayDeviceConfig: requesting nits when no mapping exists.
12-16 10:13:41.466 1497 1868 E DisplayDeviceConfig: requesting nits when no mapping exists.
12-16 10:13:41.483 1497 1868 E DisplayDeviceConfig: requesting nits when no mapping exists.
12-16 10:13:41.484 1497 1868 E DisplayDeviceConfig: requesting nits when no mapping exists.
12-16 10:13:41.499 1497 1868 E DisplayDeviceConfig: requesting nits when no mapping exists.
12-16 10:13:41.500 1497 1868 E DisplayDeviceConfig: requesting nits when no mapping exists.
12-16 10:13:41.516 1497 1868 E DisplayDeviceConfig: requesting nits when no mapping exists.
12-16 10:13:41.517 1497 1868 E DisplayDeviceConfig: requesting nits when no mapping exists.
12-16 10:13:41.532 1497 1868 E DisplayDeviceConfig: requesting nits when no mapping exists.
12-16 10:13:41.532 1497 1868 E DisplayDeviceConfig: requesting nits when no mapping exists.
12-16 10:13:41.549 1497 1868 E DisplayDeviceConfig: requesting nits when no mapping exists.
12-16 10:13:41.550 1497 1868 E DisplayDeviceConfig: requesting nits when no mapping exists.
12-16 10:13:41.566 1497 1868 E DisplayDeviceConfig: requesting nits when no mapping exists.
12-16 10:13:41.569 1497 1868 E DisplayDeviceConfig: requesting nits when no mapping exists.
12-16 10:13:41.583 1497 1868 E DisplayDeviceConfig: requesting nits when no mapping exists.
12-16 10:13:41.583 1497 1868 E DisplayDeviceConfig: requesting nits when no mapping exists.
12-16 10:13:41.600 1497 1868 E DisplayDeviceConfig: requesting nits when no mapping exists.
12-16 10:13:41.600 1497 1868 E DisplayDeviceConfig: requesting nits when no mapping exists.
12-16 10:13:41.616 1497 1868 E DisplayDeviceConfig: requesting nits when no mapping exists.
12-16 10:13:41.616 1497 1868 E DisplayDeviceConfig: requesting nits when no mapping exists.
12-16 10:13:41.633 1497 1868 E DisplayDeviceConfig: requesting nits when no mapping exists.
12-16 10:13:41.633 1497 1868 E DisplayDeviceConfig: requesting nits when no mapping exists.
12-16 10:13:41.650 1497 1868 E DisplayDeviceConfig: requesting nits when no mapping exists.
12-16 10:13:41.650 1497 1868 E DisplayDeviceConfig: requesting nits when no mapping exists.
12-16 10:13:41.667 1497 1868 E DisplayDeviceConfig: requesting nits when no mapping exists.
12-16 10:13:41.667 1497 1868 E DisplayDeviceConfig: requesting nits when no mapping exists.
12-16 10:13:41.683 1497 1868 E DisplayDeviceConfig: requesting nits when no mapping exists.
12-16 10:13:41.683 1497 1868 E DisplayDeviceConfig: requesting nits when no mapping exists.
12-16 10:13:41.699 1497 1868 E DisplayDeviceConfig: requesting nits when no mapping exists.
12-16 10:13:41.700 1497 1868 E DisplayDeviceConfig: requesting nits when no mapping exists.
12-16 10:13:41.716 1497 1868 E DisplayDeviceConfig: requesting nits when no mapping exists.
12-16 10:13:41.716 1497 1868 E DisplayDeviceConfig: requesting nits when no mapping exists.
12-16 10:13:47.745 1497 1623 I PowerManagerService: Napping display group (groupId=0, uid=1000)...
12-16 10:13:47.745 1497 1623 I PowerManagerService: Nap time (uid 1000)...
12-16 10:13:47.748 1497 1623 I DreamManagerService: Entering dreamland.
12-16 10:13:47.752 1497 1623 I PowerManagerService: Dreaming...
12-16 10:13:47.762 1497 1592 I DreamController: Starting dream: name=ComponentInfo{com.thundercomm.screensaver/com.thundercomm.saverclock.service.ClockScreensaver}, isTest=false, canDoze=false, userId=0
12-16 10:13:47.777 1497 8826 I ActivityTaskManager: START u0 {flg=0x10000000 pkg=com.thundercomm.screensaver cmp=com.thundercomm.screensaver/android.service.dreams.DreamActivity (has extras)} from uid 10045
12-16 10:13:47.782 1497 8826 W ActivityTaskManager: Can't find TaskDisplayArea to determine support for multi window. Task id=179 attached=false
12-16 10:13:47.789 1497 1529 I ActivityTaskManager: FOREGROUND_APPLICATION_CHANGED to android.service.dreams.DreamActivity
12-16 10:13:47.790 1497 1529 I ActivityTaskManager: The Process com.thundercomm.screensaver Already Exists in BG. So sending its PID: 4609
12-16 10:13:47.790 1497 1529 W ActivityTaskManager: Tried to set launchTime (0) < mLastActivityLaunchTime (19665207)
12-16 10:13:47.796 1497 1529 W WindowManager: Failed looking up window session=Session{47d6d22 4609:u0a10045} callers=com.android.server.wm.WindowManagerService.windowForClientLocked:5628 com.android.server.wm.Session.insetsModified:629 android.view.IWindowSession$Stub.onTransact:1151
12-16 10:13:47.797 17557 17592 W ContextImpl: Calling a method in the system process without a qualified user: android.app.ContextImpl.startService:1816 android.content.ContextWrapper.startService:774 com.thundercomm.gamemode.ingame.services.GameModeActionUtils.startGameModeService:99 com.thundercomm.gamemode.ingame.services.GameModeActionUtils.startGameModeEntry:22 com.thundercomm.gamemode.ingame.services.ActivityMonitoringService$1.onActivityLaunch:127
12-16 10:13:47.800 1497 1497 I GameModeConfig: Current uri is uri = content://com.thundercomm.gamemode.api/gamemode_settings/gamemode_isgaming
12-16 10:13:47.801 1497 1497 I GameModeConfig: isGameModeOn = false
12-16 10:13:47.802 1497 1497 I GameModeConfig: isGameModeOn = false
12-16 10:13:47.802 1497 1497 I GameModeConfig: isDisableVoice = true
12-16 10:13:47.830 1497 1623 V DisplayPowerController[0]: Brightness [1.0] reason changing to: 'manual', previous reason: 'manual [ dim ]'.
12-16 10:13:47.832 1497 1868 E DisplayDeviceConfig: requesting nits when no mapping exists.
12-16 10:13:47.832 1497 1868 E DisplayDeviceConfig: requesting nits when no mapping exists.
12-16 10:13:47.849 1497 1868 E DisplayDeviceConfig: requesting nits when no mapping exists.
12-16 10:13:47.849 1497 1868 E DisplayDeviceConfig: requesting nits when no mapping exists.
12-16 10:13:47.866 1497 1868 E DisplayDeviceConfig: requesting nits when no mapping exists.
12-16 10:13:47.866 1497 1868 E DisplayDeviceConfig: requesting nits when no mapping exists.
12-16 10:13:47.883 1497 1868 E DisplayDeviceConfig: requesting nits when no mapping exists.
12-16 10:13:47.883 1497 1868 E DisplayDeviceConfig: requesting nits when no mapping exists.
12-16 10:13:47.896 17557 17592 W ContextImpl: Calling a method in the system process without a qualified user: android.app.ContextImpl.startService:1816 android.content.ContextWrapper.startService:774 com.thundercomm.gamemode.ingame.services.GameModeActionUtils.startGameModeService:99 com.thundercomm.gamemode.ingame.services.GameModeActionUtils.startGameModeEntry:22 com.thundercomm.gamemode.ingame.services.ActivityMonitoringService$1.onActivityLaunch:127
12-16 10:13:47.897 1497 1497 I GameModeConfig: Current uri is uri = content://com.thundercomm.gamemode.api/gamemode_settings/gamemode_isgaming
12-16 10:13:47.898 1497 1497 I GameModeConfig: isGameModeOn = false
12-16 10:13:47.898 1497 1497 I GameModeConfig: isGameModeOn = false
12-16 10:13:47.898 1497 1497 I GameModeConfig: isDisableVoice = true
12-16 10:13:47.900 1497 1868 E DisplayDeviceConfig: requesting nits when no mapping exists.
12-16 10:13:47.900 1497 1868 E DisplayDeviceConfig: requesting nits when no mapping exists.
12-16 10:13:47.916 1497 1868 E DisplayDeviceConfig: requesting nits when no mapping exists.
12-16 10:13:47.917 1497 1868 E DisplayDeviceConfig: requesting nits when no mapping exists.
12-16 10:13:47.933 1497 1868 E DisplayDeviceConfig: requesting nits when no mapping exists.
12-16 10:13:47.933 1497 1868 E DisplayDeviceConfig: requesting nits when no mapping exists.
12-16 10:13:47.951 1497 1868 E DisplayDeviceConfig: requesting nits when no mapping exists.
12-16 10:13:47.951 1497 1868 E DisplayDeviceConfig: requesting nits when no mapping exists.
12-16 10:13:47.967 1497 1868 E DisplayDeviceConfig: requesting nits when no mapping exists.
12-16 10:13:47.967 1497 1868 E DisplayDeviceConfig: requesting nits when no mapping exists.
12-16 10:13:47.984 1497 1868 E DisplayDeviceConfig: requesting nits when no mapping exists.
12-16 10:13:47.984 1497 1868 E DisplayDeviceConfig: requesting nits when no mapping exists.
12-16 10:13:47.999 1497 1868 E DisplayDeviceConfig: requesting nits when no mapping exists.
12-16 10:13:48.000 1497 1868 E DisplayDeviceConfig: requesting nits when no mapping exists.
12-16 10:13:48.017 1497 1868 E DisplayDeviceConfig: requesting nits when no mapping exists.
12-16 10:13:48.017 1497 1868 E DisplayDeviceConfig: requesting nits when no mapping exists.
12-16 10:13:48.033 1497 1868 E DisplayDeviceConfig: requesting nits when no mapping exists.
12-16 10:13:48.033 1497 1868 E DisplayDeviceConfig: requesting nits when no mapping exists.
12-16 10:13:48.050 1497 1868 E DisplayDeviceConfig: requesting nits when no mapping exists.
12-16 10:13:48.050 1497 1868 E DisplayDeviceConfig: requesting nits when no mapping exists.
12-16 10:13:48.067 1497 1868 E DisplayDeviceConfig: requesting nits when no mapping exists.
12-16 10:13:48.067 1497 1868 E DisplayDeviceConfig: requesting nits when no mapping exists.
12-16 10:13:48.083 1497 1868 E DisplayDeviceConfig: requesting nits when no mapping exists.
12-16 10:13:48.083 1497 1868 E DisplayDeviceConfig: requesting nits when no mapping exists.
12-16 10:13:48.100 1497 1868 E DisplayDeviceConfig: requesting nits when no mapping exists.
12-16 10:13:48.100 1497 1868 E DisplayDeviceConfig: requesting nits when no mapping exists.
12-16 10:13:48.117 1497 1868 E DisplayDeviceConfig: requesting nits when no mapping exists.
12-16 10:13:48.117 1497 1868 E DisplayDeviceConfig: requesting nits when no mapping exists.
12-16 10:13:48.133 1497 1868 E DisplayDeviceConfig: requesting nits when no mapping exists.
12-16 10:13:48.133 1497 1868 E DisplayDeviceConfig: requesting nits when no mapping exists.
12-16 10:13:48.150 1497 1868 E DisplayDeviceConfig: requesting nits when no mapping exists.
12-16 10:13:48.150 1497 1868 E DisplayDeviceConfig: requesting nits when no mapping exists.
12-16 10:13:48.167 1497 1868 E DisplayDeviceConfig: requesting nits when no mapping exists.
12-16 10:13:48.167 1497 1868 E DisplayDeviceConfig: requesting nits when no mapping exists.
12-16 10:13:48.183 1497 1868 E DisplayDeviceConfig: requesting nits when no mapping exists.
12-16 10:13:48.184 1497 1868 E DisplayDeviceConfig: requesting nits when no mapping exists.
12-16 10:13:48.201 1497 1868 E DisplayDeviceConfig: requesting nits when no mapping exists.
12-16 10:13:48.201 1497 1868 E DisplayDeviceConfig: requesting nits when no mapping exists.
12-16 10:13:48.217 1497 1868 E DisplayDeviceConfig: requesting nits when no mapping exists.
12-16 10:13:48.217 1497 1868 E DisplayDeviceConfig: requesting nits when no mapping exists.
12-16 10:13:48.233 1497 1868 E DisplayDeviceConfig: requesting nits when no mapping exists.
12-16 10:13:48.234 1497 1868 E DisplayDeviceConfig: requesting nits when no mapping exists.
12-16 10:13:48.251 1497 1868 E DisplayDeviceConfig: requesting nits when no mapping exists.
12-16 10:13:48.251 1497 1868 E DisplayDeviceConfig: requesting nits when no mapping exists.
12-16 10:13:48.268 1497 1868 E DisplayDeviceConfig: requesting nits when no mapping exists.
12-16 10:13:48.268 1497 1868 E DisplayDeviceConfig: requesting nits when no mapping exists.
12-16 10:13:48.284 1497 1868 E DisplayDeviceConfig: requesting nits when no mapping exists.
12-16 10:13:48.284 1497 1868 E DisplayDeviceConfig: requesting nits when no mapping exists.
12-16 10:13:48.301 1497 1868 E DisplayDeviceConfig: requesting nits when no mapping exists.
12-16 10:13:48.301 1497 1868 E DisplayDeviceConfig: requesting nits when no mapping exists.
12-16 10:13:48.318 1497 1868 E DisplayDeviceConfig: requesting nits when no mapping exists.
12-16 10:13:48.318 1497 1868 E DisplayDeviceConfig: requesting nits when no mapping exists.
12-16 10:13:48.335 1497 1868 E DisplayDeviceConfig: requesting nits when no mapping exists.
12-16 10:13:48.335 1497 1868 E DisplayDeviceConfig: requesting nits when no mapping exists.
12-16 10:13:48.351 1497 1868 E DisplayDeviceConfig: requesting nits when no mapping exists.
12-16 10:13:48.352 1497 1868 E DisplayDeviceConfig: requesting nits when no mapping exists.
12-16 10:13:48.368 1497 1868 E DisplayDeviceConfig: requesting nits when no mapping exists.
12-16 10:13:48.369 1497 1868 E DisplayDeviceConfig: requesting nits when no mapping exists.
12-16 10:13:48.373 17557 17592 W ContextImpl: Calling a method in the system process without a qualified user: android.app.ContextImpl.startService:1816 android.content.ContextWrapper.startService:774 com.thundercomm.gamemode.ingame.services.GameModeActionUtils.startGameModeService:99 com.thundercomm.gamemode.ingame.services.GameModeActionUtils.startGameModeEntry:22 com.thundercomm.gamemode.ingame.services.ActivityMonitoringService$1.onActivityLaunch:127
12-16 10:13:48.375 1497 1497 I GameModeConfig: Current uri is uri = content://com.thundercomm.gamemode.api/gamemode_settings/gamemode_isgaming
12-16 10:13:48.376 1497 1497 I GameModeConfig: isGameModeOn = false
12-16 10:13:48.376 1497 1497 I GameModeConfig: isGameModeOn = false
12-16 10:13:48.376 1497 1497 I GameModeConfig: isDisableVoice = true
12-16 10:13:48.384 1497 1868 E DisplayDeviceConfig: requesting nits when no mapping exists.
12-16 10:13:48.384 1497 1868 E DisplayDeviceConfig: requesting nits when no mapping exists.
12-16 10:13:48.398 1497 1868 E DisplayDeviceConfig: requesting nits when no mapping exists.
12-16 10:13:48.399 1497 1868 E DisplayDeviceConfig: requesting nits when no mapping exists.
12-16 10:13:48.415 1497 1868 E DisplayDeviceConfig: requesting nits when no mapping exists.
12-16 10:13:48.415 1497 1868 E DisplayDeviceConfig: requesting nits when no mapping exists.
12-16 10:13:48.432 1497 1868 E DisplayDeviceConfig: requesting nits when no mapping exists.
12-16 10:13:48.432 1497 1868 E DisplayDeviceConfig: requesting nits when no mapping exists.
12-16 10:13:48.448 1497 1868 E DisplayDeviceConfig: requesting nits when no mapping exists.
12-16 10:13:48.449 1497 1868 E DisplayDeviceConfig: requesting nits when no mapping exists.
12-16 10:13:48.466 1497 1868 E DisplayDeviceConfig: requesting nits when no mapping exists.
12-16 10:13:48.466 1497 1868 E DisplayDeviceConfig: requesting nits when no mapping exists.
12-16 10:13:48.483 1497 1868 E DisplayDeviceConfig: requesting nits when no mapping exists.
12-16 10:13:48.483 1497 1868 E DisplayDeviceConfig: requesting nits when no mapping exists.
12-16 10:13:48.499 1497 1868 E DisplayDeviceConfig: requesting nits when no mapping exists.
12-16 10:13:48.499 1497 1868 E DisplayDeviceConfig: requesting nits when no mapping exists.
12-16 10:13:48.515 1497 1868 E DisplayDeviceConfig: requesting nits when no mapping exists.
12-16 10:13:48.515 1497 1868 E DisplayDeviceConfig: requesting nits when no mapping exists.
12-16 10:13:48.532 1497 1868 E DisplayDeviceConfig: requesting nits when no mapping exists.
12-16 10:13:48.533 1497 1868 E DisplayDeviceConfig: requesting nits when no mapping exists.
12-16 10:13:48.549 1497 1868 E DisplayDeviceConfig: requesting nits when no mapping exists.
12-16 10:13:48.549 1497 1868 E DisplayDeviceConfig: requesting nits when no mapping exists.
12-16 10:13:48.565 1497 1868 E DisplayDeviceConfig: requesting nits when no mapping exists.
12-16 10:13:48.566 1497 1868 E DisplayDeviceConfig: requesting nits when no mapping exists.
12-16 10:13:48.582 1497 1868 E DisplayDeviceConfig: requesting nits when no mapping exists.
12-16 10:13:48.582 1497 1868 E DisplayDeviceConfig: requesting nits when no mapping exists.
12-16 10:13:48.599 1497 1868 E DisplayDeviceConfig: requesting nits when no mapping exists.
12-16 10:13:48.599 1497 1868 E DisplayDeviceConfig: requesting nits when no mapping exists.
12-16 10:13:48.616 1497 1868 E DisplayDeviceConfig: requesting nits when no mapping exists.
12-16 10:13:48.616 1497 1868 E DisplayDeviceConfig: requesting nits when no mapping exists.
12-16 10:13:48.632 1497 1868 E DisplayDeviceConfig: requesting nits when no mapping exists.
12-16 10:13:48.632 1497 1868 E DisplayDeviceConfig: requesting nits when no mapping exists.
12-16 10:13:48.649 1497 1868 E DisplayDeviceConfig: requesting nits when no mapping exists.
12-16 10:13:48.649 1497 1868 E DisplayDeviceConfig: requesting nits when no mapping exists.
12-16 10:13:48.666 1497 1868 E DisplayDeviceConfig: requesting nits when no mapping exists.
12-16 10:13:48.666 1497 1868 E DisplayDeviceConfig: requesting nits when no mapping exists.
12-16 10:13:48.682 1497 1868 E DisplayDeviceConfig: requesting nits when no mapping exists.
12-16 10:13:48.682 1497 1868 E DisplayDeviceConfig: requesting nits when no mapping exists.
12-16 10:13:48.699 1497 1868 E DisplayDeviceConfig: requesting nits when no mapping exists.
12-16 10:13:48.699 1497 1868 E DisplayDeviceConfig: requesting nits when no mapping exists.
12-16 10:13:48.716 1497 1868 E DisplayDeviceConfig: requesting nits when no mapping exists.
12-16 10:13:48.716 1497 1868 E DisplayDeviceConfig: requesting nits when no mapping exists.
12-16 10:13:48.732 1497 1868 E DisplayDeviceConfig: requesting nits when no mapping exists.
12-16 10:13:48.732 1497 1868 E DisplayDeviceConfig: requesting nits when no mapping exists.
12-16 10:13:48.749 1497 1868 E DisplayDeviceConfig: requesting nits when no mapping exists.
12-16 10:13:48.749 1497 1868 E DisplayDeviceConfig: requesting nits when no mapping exists.
12-16 10:13:48.766 1497 1868 E DisplayDeviceConfig: requesting nits when no mapping exists.
12-16 10:13:48.766 1497 1868 E DisplayDeviceConfig: requesting nits when no mapping exists.
12-16 10:13:48.782 1497 1868 E DisplayDeviceConfig: requesting nits when no mapping exists.
12-16 10:13:48.783 1497 1868 E DisplayDeviceConfig: requesting nits when no mapping exists.
12-16 10:15:33.749 1497 8492 I DreamManagerService: Gently waking up from dream.
12-16 10:15:33.751 1497 1592 I DreamManagerService: Performing gentle wake from dream.
12-16 10:15:33.756 1497 8492 I ActivityTaskManager: FOREGROUND_APPLICATION_CHANGED to com.android.calendar.AllInOneActivity
12-16 10:15:33.783 17557 17592 W ContextImpl: Calling a method in the system process without a qualified user: android.app.ContextImpl.startService:1816 android.content.ContextWrapper.startService:774 com.thundercomm.gamemode.ingame.services.GameModeActionUtils.startGameModeService:99 com.thundercomm.gamemode.ingame.services.GameModeActionUtils.startGameModeEntry:22 com.thundercomm.gamemode.ingame.services.ActivityMonitoringService$1.onActivityLaunch:127
12-16 10:15:33.793 1497 1623 I PowerManagerService: Powering on display group fromDreaming (groupId=0, uid=1000, reason=WAKE_REASON_UNKNOWN, details=android.server.power:DREAM_FINISHED)...
12-16 10:15:33.793 1497 1623 I PowerManagerService: Waking up from Dreaming (uid=1000, reason=WAKE_REASON_UNKNOWN, details=android.server.power:DREAM_FINISHED)...
12-16 10:15:33.797 1497 1497 I GameModeConfig: Current uri is uri = content://com.thundercomm.gamemode.api/gamemode_settings/gamemode_isgaming
12-16 10:15:33.801 1497 1497 I GameModeConfig: isGameModeOn = false
12-16 10:15:33.801 1497 1497 I GameModeConfig: isGameModeOn = false
12-16 10:15:33.801 1497 1497 I GameModeConfig: isDisableVoice = true
12-16 10:15:33.867 17557 17592 W ContextImpl: Calling a method in the system process without a qualified user: android.app.ContextImpl.startService:1816 android.content.ContextWrapper.startService:774 com.thundercomm.gamemode.ingame.services.GameModeActionUtils.startGameModeService:99 com.thundercomm.gamemode.ingame.services.GameModeActionUtils.startGameModeEntry:22 com.thundercomm.gamemode.ingame.services.ActivityMonitoringService$1.onActivityLaunch:127
12-16 10:15:33.872 1497 1497 I GameModeConfig: Current uri is uri = content://com.thundercomm.gamemode.api/gamemode_settings/gamemode_isgaming
12-16 10:15:33.877 1497 1497 I GameModeConfig: isGameModeOn = false
12-16 10:15:33.878 1497 1497 I GameModeConfig: isGameModeOn = false
12-16 10:15:33.878 1497 1497 I GameModeConfig: isDisableVoice = true
12-16 10:15:34.327 17557 17592 W ContextImpl: Calling a method in the system process without a qualified user: android.app.ContextImpl.startService:1816 android.content.ContextWrapper.startService:774 com.thundercomm.gamemode.ingame.services.GameModeActionUtils.startGameModeService:99 com.thundercomm.gamemode.ingame.services.GameModeActionUtils.startGameModeEntry:22 com.thundercomm.gamemode.ingame.services.ActivityMonitoringService$1.onActivityLaunch:127
12-16 10:15:34.334 1497 1497 I GameModeConfig: Current uri is uri = content://com.thundercomm.gamemode.api/gamemode_settings/gamemode_isgaming
12-16 10:15:34.337 1497 1497 I GameModeConfig: isGameModeOn = false
12-16 10:15:34.338 1497 1497 I GameModeConfig: isGameModeOn = false
12-16 10:15:34.338 1497 1497 I GameModeConfig: isDisableVoice = true
12-16 10:15:34.342 1497 8850 I DreamManagerService: Leaving dreamland.
12-16 10:15:34.344 1497 1592 I DreamManagerService: Performing gentle wake from dream.
12-16 10:15:34.344 1497 1592 I DreamController: Stopping dream: name=ComponentInfo{com.thundercomm.screensaver/com.thundercomm.saverclock.service.ClockScreensaver}, isTest=false, canDoze=false, userId=0, reason='finished self'(from 'finished self')
12-16 10:15:34.356 1497 1596 W ActivityTaskManager: Can't find TaskDisplayArea to determine support for multi window. Task id=179 attached=false
12-16 10:15:34.608 1497 1529 W FreeFormWindowHelper: getCurrentDisplayedFreeFormTask is null
12-16 10:15:34.617 17557 17592 W ContextImpl: Calling a method in the system process without a qualified user: android.app.ContextImpl.startService:1816 android.content.ContextWrapper.startService:774 com.thundercomm.gamemode.ingame.services.GameModeActionUtils.startGameModeService:99 com.thundercomm.gamemode.ingame.services.GameModeActionUtils.startGameModeEntry:22 com.thundercomm.gamemode.ingame.services.ActivityMonitoringService$1.onActivityLaunch:127
12-16 10:15:34.620 1497 1497 I GameModeConfig: Current uri is uri = content://com.thundercomm.gamemode.api/gamemode_settings/gamemode_isgaming
12-16 10:15:34.622 1497 1497 I GameModeConfig: isGameModeOn = false
12-16 10:15:34.622 1497 1497 I GameModeConfig: isGameModeOn = false
12-16 10:15:34.622 1497 1497 I GameModeConfig: isDisableVoice = true
12-16 10:15:34.627 1497 8850 W ActivityTaskManager: getTaskSnapshot: taskId=5178 not found
12-16 10:15:34.629 1497 8850 W ActivityTaskManager: getTaskSnapshot: taskId=4178 not found
12-16 10:15:34.630 1497 8850 W ActivityTaskManager: getTaskSnapshot: taskId=3178 not found
12-16 10:15:34.632 1497 8850 W ActivityTaskManager: getTaskSnapshot: taskId=2178 not found
12-16 10:15:34.633 1497 8850 W ActivityTaskManager: getTaskSnapshot: taskId=1178 not found
12-16 10:15:34.640 1497 8826 W FreeFormWindowHelper: getCurrentDisplayedFreeFormTask is null
12-16 10:15:34.642 1497 8826 W ActivityTaskManager: getTaskSnapshot: taskId=1178 not found
12-16 10:15:34.642 1497 8826 W ActivityTaskManager: getTaskSnapshot: taskId=2178 not found
12-16 10:15:34.642 1497 8826 W ActivityTaskManager: getTaskSnapshot: taskId=3178 not found
12-16 10:15:34.642 1497 8826 W ActivityTaskManager: getTaskSnapshot: taskId=4178 not found
12-16 10:15:34.642 1497 8826 W ActivityTaskManager: getTaskSnapshot: taskId=5178 not found
12-16 10:15:34.656 1497 1529 W FreeFormWindowHelper: getCurrentDisplayedFreeFormTask is null
12-16 10:15:34.673 1497 8826 W FreeFormWindowHelper: getCurrentDisplayedFreeFormTask is null
12-16 10:15:35.186 1497 8826 W FreeFormWindowHelper: getCurrentDisplayedFreeFormTask is null
12-16 10:15:35.194 1497 1529 W FreeFormWindowHelper: getCurrentDisplayedFreeFormTask is null
12-16 10:15:35.204 1497 1529 I ActivityTaskManager: FOREGROUND_APPLICATION_CHANGED to com.android.launcher3.uioverrides.QuickstepLauncher
12-16 10:15:35.214 1497 1529 W FreeFormWindowHelper: getCurrentDisplayedFreeFormTask is null
12-16 10:15:35.222 1497 1529 W FreeFormWindowHelper: getCurrentDisplayedFreeFormTask is null
12-16 10:15:35.230 1497 16812 W FreeFormWindowHelper: getCurrentDisplayedFreeFormTask is null
12-16 10:15:35.233 1497 8850 W ActivityTaskManager: getTaskSnapshot: taskId=2178 not found
12-16 10:15:35.233 1497 8850 W ActivityTaskManager: getTaskSnapshot: taskId=1178 not found
12-16 10:15:35.258 1497 2836 W FreeFormWindowHelper: getCurrentDisplayedFreeFormTask is null
12-16 10:15:35.275 17557 17592 W ContextImpl: Calling a method in the system process without a qualified user: android.app.ContextImpl.startService:1816 android.content.ContextWrapper.startService:774 com.thundercomm.gamemode.ingame.services.GameModeActionUtils.startGameModeService:99 com.thundercomm.gamemode.ingame.services.GameModeActionUtils.startGameModeEntry:22 com.thundercomm.gamemode.ingame.services.ActivityMonitoringService$1.onActivityLaunch:127
12-16 10:15:35.277 1497 1497 I GameModeConfig: Current uri is uri = content://com.thundercomm.gamemode.api/gamemode_settings/gamemode_isgaming
12-16 10:15:35.278 1497 1497 I GameModeConfig: isGameModeOn = false
12-16 10:15:35.278 1497 1497 I GameModeConfig: isGameModeOn = false
12-16 10:15:35.278 1497 1497 I GameModeConfig: isDisableVoice = true
12-16 10:15:35.322 17557 17592 W ContextImpl: Calling a method in the system process without a qualified user: android.app.ContextImpl.startService:1816 android.content.ContextWrapper.startService:774 com.thundercomm.gamemode.ingame.services.GameModeActionUtils.startGameModeService:99 com.thundercomm.gamemode.ingame.services.GameModeActionUtils.startGameModeEntry:22 com.thundercomm.gamemode.ingame.services.ActivityMonitoringService$1.onActivityLaunch:127
12-16 10:15:35.325 1497 1497 I GameModeConfig: Current uri is uri = content://com.thundercomm.gamemode.api/gamemode_settings/gamemode_isgaming
12-16 10:15:35.326 1497 1497 I GameModeConfig: isGameModeOn = false
12-16 10:15:35.327 1497 1497 I GameModeConfig: isGameModeOn = false
12-16 10:15:35.327 1497 1497 I GameModeConfig: isDisableVoice = true
12-16 10:15:35.581 1497 2836 W FreeFormWindowHelper: getCurrentDisplayedFreeFormTask is null
12-16 10:15:35.604 1497 2836 W FreeFormWindowHelper: getCurrentDisplayedFreeFormTask is null
12-16 10:15:36.262 1497 1529 W FreeFormWindowHelper: getCurrentDisplayedFreeFormTask is null
12-16 10:15:36.269 1497 8850 W FreeFormWindowHelper: getCurrentDisplayedFreeFormTask is null
12-16 10:15:36.275 1497 1529 W FreeFormWindowHelper: getCurrentDisplayedFreeFormTask is null
12-16 10:15:36.275 1497 8850 W ActivityTaskManager: getTaskSnapshot: taskId=5178 not found
12-16 10:15:36.276 1497 8850 W ActivityTaskManager: getTaskSnapshot: taskId=4178 not found
12-16 10:15:36.278 1497 1529 W ActivityTaskManager: getTaskSnapshot: taskId=3178 not found
12-16 10:15:36.280 1497 1529 W ActivityTaskManager: getTaskSnapshot: taskId=2178 not found
12-16 10:15:36.281 1497 1529 W ActivityTaskManager: getTaskSnapshot: taskId=1178 not found
12-16 10:15:36.291 1497 1529 W FreeFormWindowHelper: getCurrentDisplayedFreeFormTask is null
12-16 10:15:36.308 1497 1529 W FreeFormWindowHelper: getCurrentDisplayedFreeFormTask is null
12-16 10:15:37.043 1497 1529 W FreeFormWindowHelper: getCurrentDisplayedFreeFormTask is null
12-16 10:15:37.063 1497 1529 W FreeFormWindowHelper: getCurrentDisplayedFreeFormTask is null
12-16 10:16:02.392 1497 8850 I PowerManagerService: Napping display group (groupId=0, uid=1000)...
12-16 10:16:02.392 1497 8850 I PowerManagerService: Nap time (uid 1000)...
12-16 10:16:02.396 1497 1623 I DreamManagerService: Entering dreamland.
12-16 10:16:02.397 1497 1623 I PowerManagerService: Dreaming...
12-16 10:16:02.399 1497 1592 I DreamController: Starting dream: name=ComponentInfo{com.thundercomm.screensaver/com.thundercomm.saverclock.service.ClockScreensaver}, isTest=false, canDoze=false, userId=0
12-16 10:16:02.414 1497 8850 I ActivityTaskManager: START u0 {flg=0x10000000 pkg=com.thundercomm.screensaver cmp=com.thundercomm.screensaver/android.service.dreams.DreamActivity (has extras)} from uid 10045
12-16 10:16:02.417 1497 8850 W ActivityTaskManager: Can't find TaskDisplayArea to determine support for multi window. Task id=180 attached=false
12-16 10:16:02.427 1497 2836 I ActivityTaskManager: FOREGROUND_APPLICATION_CHANGED to android.service.dreams.DreamActivity
12-16 10:16:02.428 1497 2836 I ActivityTaskManager: The Process com.thundercomm.screensaver Already Exists in BG. So sending its PID: 4609
12-16 10:16:02.428 1497 2836 W ActivityTaskManager: Tried to set launchTime (0) < mLastActivityLaunchTime (19811139)
12-16 10:16:02.435 1497 8850 W WindowManager: Failed looking up window session=Session{47d6d22 4609:u0a10045} callers=com.android.server.wm.WindowManagerService.windowForClientLocked:5628 com.android.server.wm.Session.insetsModified:629 android.view.IWindowSession$Stub.onTransact:1151
12-16 10:16:02.436 17557 17592 W ContextImpl: Calling a method in the system process without a qualified user: android.app.ContextImpl.startService:1816 android.content.ContextWrapper.startService:774 com.thundercomm.gamemode.ingame.services.GameModeActionUtils.startGameModeService:99 com.thundercomm.gamemode.ingame.services.GameModeActionUtils.startGameModeEntry:22 com.thundercomm.gamemode.ingame.services.ActivityMonitoringService$1.onActivityLaunch:127
12-16 10:16:02.439 1497 1497 I GameModeConfig: Current uri is uri = content://com.thundercomm.gamemode.api/gamemode_settings/gamemode_isgaming
12-16 10:16:02.442 1497 1497 I GameModeConfig: isGameModeOn = false
12-16 10:16:02.442 1497 1497 I GameModeConfig: isGameModeOn = false
12-16 10:16:02.442 1497 1497 I GameModeConfig: isDisableVoice = true
12-16 10:16:02.462 1497 1736 I GameModeConfig: isGameModeOn = false
12-16 10:16:02.462 1497 1736 I GameModeConfig: isGameModeOn = false
12-16 10:16:02.462 1497 1736 I GameModeConfig: isGameModeOn = false
12-16 10:16:02.462 1497 1736 I GameModeConfig: isGameModeOn = false
12-16 10:16:02.533 17557 17592 W ContextImpl: Calling a method in the system process without a qualified user: android.app.ContextImpl.startService:1816 android.content.ContextWrapper.startService:774 com.thundercomm.gamemode.ingame.services.GameModeActionUtils.startGameModeService:99 com.thundercomm.gamemode.ingame.services.GameModeActionUtils.startGameModeEntry:22 com.thundercomm.gamemode.ingame.services.ActivityMonitoringService$1.onActivityLaunch:127
12-16 10:16:02.535 1497 1497 I GameModeConfig: Current uri is uri = content://com.thundercomm.gamemode.api/gamemode_settings/gamemode_isgaming
12-16 10:16:02.536 1497 1497 I GameModeConfig: isGameModeOn = false
12-16 10:16:02.536 1497 1497 I GameModeConfig: isGameModeOn = false
12-16 10:16:02.536 1497 1497 I GameModeConfig: isDisableVoice = true
12-16 10:16:02.662 1497 1497 I GameModeConfig: isGameModeOn = false
12-16 10:16:02.724 1497 1736 I GameModeConfig: isGameModeOn = false
12-16 10:16:02.724 1497 1736 I GameModeConfig: isGameModeOn = false
12-16 10:16:02.724 1497 1736 I GameModeConfig: isGameModeOn = false
12-16 10:16:02.724 1497 1736 I GameModeConfig: isGameModeOn = false
12-16 10:16:02.795 17557 17592 W ContextImpl: Calling a method in the system process without a qualified user: android.app.ContextImpl.startService:1816 android.content.ContextWrapper.startService:774 com.thundercomm.gamemode.ingame.services.GameModeActionUtils.startGameModeService:99 com.thundercomm.gamemode.ingame.services.GameModeActionUtils.startGameModeEntry:22 com.thundercomm.gamemode.ingame.services.ActivityMonitoringService$1.onActivityLaunch:127
12-16 10:16:02.796 1497 1497 I GameModeConfig: Current uri is uri = content://com.thundercomm.gamemode.api/gamemode_settings/gamemode_isgaming
12-16 10:16:02.797 1497 1497 I GameModeConfig: isGameModeOn = false
12-16 10:16:02.797 1497 1497 I GameModeConfig: isGameModeOn = false
12-16 10:16:02.797 1497 1497 I GameModeConfig: isDisableVoice = true
12-16 10:16:02.926 1497 1497 I GameModeConfig: isGameModeOn = false
12-16 10:16:02.926 1497 1497 E NotificationService: Muting recently noisy 0|com.android.systemui|2048|null|10080
12-16 10:16:03.647 1497 16812 I DreamManagerService: Gently waking up from dream.
12-16 10:16:03.648 1497 1592 I DreamManagerService: Performing gentle wake from dream.
12-16 10:16:03.649 1497 16812 I ActivityTaskManager: FOREGROUND_APPLICATION_CHANGED to com.android.launcher3.uioverrides.QuickstepLauncher
12-16 10:16:03.656 17557 17592 W ContextImpl: Calling a method in the system process without a qualified user: android.app.ContextImpl.startService:1816 android.content.ContextWrapper.startService:774 com.thundercomm.gamemode.ingame.services.GameModeActionUtils.startGameModeService:99 com.thundercomm.gamemode.ingame.services.GameModeActionUtils.startGameModeEntry:22 com.thundercomm.gamemode.ingame.services.ActivityMonitoringService$1.onActivityLaunch:127
12-16 10:16:03.658 1497 1497 I GameModeConfig: Current uri is uri = content://com.thundercomm.gamemode.api/gamemode_settings/gamemode_isgaming
12-16 10:16:03.659 1497 1497 I GameModeConfig: isGameModeOn = false
12-16 10:16:03.659 1497 1497 I GameModeConfig: isGameModeOn = false
12-16 10:16:03.659 1497 1497 I GameModeConfig: isDisableVoice = true
12-16 10:16:03.678 1497 1623 I PowerManagerService: Powering on display group fromDreaming (groupId=0, uid=1000, reason=WAKE_REASON_UNKNOWN, details=android.server.power:DREAM_FINISHED)...
12-16 10:16:03.678 1497 1623 I PowerManagerService: Waking up from Dreaming (uid=1000, reason=WAKE_REASON_UNKNOWN, details=android.server.power:DREAM_FINISHED)...
12-16 10:16:03.687 1497 1593 I WindowManager: Could not transfer touch to the status bar
12-16 10:16:03.753 17557 17592 W ContextImpl: Calling a method in the system process without a qualified user: android.app.ContextImpl.startService:1816 android.content.ContextWrapper.startService:774 com.thundercomm.gamemode.ingame.services.GameModeActionUtils.startGameModeService:99 com.thundercomm.gamemode.ingame.services.GameModeActionUtils.startGameModeEntry:22 com.thundercomm.gamemode.ingame.services.ActivityMonitoringService$1.onActivityLaunch:127
12-16 10:16:03.755 1497 1497 I GameModeConfig: Current uri is uri = content://com.thundercomm.gamemode.api/gamemode_settings/gamemode_isgaming
12-16 10:16:03.755 1497 1497 I GameModeConfig: isGameModeOn = false
12-16 10:16:03.756 1497 1497 I GameModeConfig: isGameModeOn = false
12-16 10:16:03.756 1497 1497 I GameModeConfig: isDisableVoice = true
12-16 10:16:03.916 17557 17592 W ContextImpl: Calling a method in the system process without a qualified user: android.app.ContextImpl.startService:1816 android.content.ContextWrapper.startService:774 com.thundercomm.gamemode.ingame.services.GameModeActionUtils.startGameModeService:99 com.thundercomm.gamemode.ingame.services.GameModeActionUtils.startGameModeEntry:22 com.thundercomm.gamemode.ingame.services.ActivityMonitoringService$1.onActivityLaunch:127
12-16 10:16:03.918 1497 1497 I GameModeConfig: Current uri is uri = content://com.thundercomm.gamemode.api/gamemode_settings/gamemode_isgaming
12-16 10:16:03.918 1497 1497 I GameModeConfig: isGameModeOn = false
12-16 10:16:03.918 1497 1497 I GameModeConfig: isGameModeOn = false
12-16 10:16:03.918 1497 1497 I GameModeConfig: isDisableVoice = true
12-16 10:16:03.929 1497 16812 I DreamManagerService: Leaving dreamland.
12-16 10:16:03.929 1497 1592 I DreamManagerService: Performing gentle wake from dream.
12-16 10:16:03.929 1497 1592 I DreamController: Stopping dream: name=ComponentInfo{com.thundercomm.screensaver/com.thundercomm.saverclock.service.ClockScreensaver}, isTest=false, canDoze=false, userId=0, reason='finished self'(from 'finished self')
12-16 10:16:03.933 1497 1596 W ActivityTaskManager: Can't find TaskDisplayArea to determine support for multi window. Task id=180 attached=false
12-16 10:16:12.713 1497 1736 I GameModeConfig: isGameModeOn = false
12-16 10:16:12.724 1497 1736 I GameModeConfig: isGameModeOn = false
12-16 10:16:12.928 1497 1736 I GameModeConfig: isGameModeOn = false
12-16 10:16:58.739 1497 1623 V DisplayPowerController[0]: Brightness [0.05] reason changing to: 'manual [ dim ]', previous reason: 'manual'.
12-16 10:16:58.740 1497 1623 W PowerManagerService: Screen on took 55061 ms
12-16 10:16:58.742 1497 1868 E DisplayDeviceConfig: requesting nits when no mapping exists.
12-16 10:16:58.744 1497 1868 E DisplayDeviceConfig: requesting nits when no mapping exists.
12-16 10:16:58.745 1497 1603 I DropBoxManagerService: add tag=system_server_wtf isTagEnabled=true flags=0x2
12-16 10:16:58.748 1497 1603 I DropBoxManagerService: add tag=system_server_wtf isTagEnabled=true flags=0x2
12-16 10:16:58.758 1497 1868 E DisplayDeviceConfig: requesting nits when no mapping exists.
12-16 10:16:58.759 1497 1868 E DisplayDeviceConfig: requesting nits when no mapping exists.
12-16 10:16:58.760 1497 1603 I DropBoxManagerService: add tag=system_server_wtf isTagEnabled=true flags=0x2
12-16 10:16:58.762 1497 1603 I DropBoxManagerService: add tag=system_server_wtf isTagEnabled=true flags=0x2
12-16 10:16:58.772 1497 1868 E DisplayDeviceConfig: requesting nits when no mapping exists.
12-16 10:16:58.773 1497 1868 E DisplayDeviceConfig: requesting nits when no mapping exists.
12-16 10:16:58.773 1497 1603 I DropBoxManagerService: add tag=system_server_wtf isTagEnabled=true flags=0x2
12-16 10:16:58.789 1497 1868 E DisplayDeviceConfig: requesting nits when no mapping exists.
12-16 10:16:58.790 1497 1868 E DisplayDeviceConfig: requesting nits when no mapping exists.
12-16 10:16:58.806 1497 1868 E DisplayDeviceConfig: requesting nits when no mapping exists.
12-16 10:16:58.806 1497 1868 E DisplayDeviceConfig: requesting nits when no mapping exists.
12-16 10:16:58.822 1497 1868 E DisplayDeviceConfig: requesting nits when no mapping exists.
12-16 10:16:58.823 1497 1868 E DisplayDeviceConfig: requesting nits when no mapping exists.
12-16 10:16:58.839 1497 1868 E DisplayDeviceConfig: requesting nits when no mapping exists.
12-16 10:16:58.840 1497 1868 E DisplayDeviceConfig: requesting nits when no mapping exists.
12-16 10:16:58.857 1497 1868 E DisplayDeviceConfig: requesting nits when no mapping exists.
12-16 10:16:58.858 1497 1868 E DisplayDeviceConfig: requesting nits when no mapping exists.
12-16 10:16:58.873 1497 1868 E DisplayDeviceConfig: requesting nits when no mapping exists.
12-16 10:16:58.873 1497 1868 E DisplayDeviceConfig: requesting nits when no mapping exists.
12-16 10:16:58.889 1497 1868 E DisplayDeviceConfig: requesting nits when no mapping exists.
12-16 10:16:58.890 1497 1868 E DisplayDeviceConfig: requesting nits when no mapping exists.
12-16 10:16:58.907 1497 1868 E DisplayDeviceConfig: requesting nits when no mapping exists.
12-16 10:16:58.907 1497 1868 E DisplayDeviceConfig: requesting nits when no mapping exists.
12-16 10:16:58.923 1497 1868 E DisplayDeviceConfig: requesting nits when no mapping exists.
12-16 10:16:58.924 1497 1868 E DisplayDeviceConfig: requesting nits when no mapping exists.
12-16 10:16:58.940 1497 1868 E DisplayDeviceConfig: requesting nits when no mapping exists.
12-16 10:16:58.940 1497 1868 E DisplayDeviceConfig: requesting nits when no mapping exists.
12-16 10:16:58.957 1497 1868 E DisplayDeviceConfig: requesting nits when no mapping exists.
12-16 10:16:58.958 1497 1868 E DisplayDeviceConfig: requesting nits when no mapping exists.
12-16 10:16:58.973 1497 1868 E DisplayDeviceConfig: requesting nits when no mapping exists.
12-16 10:16:58.973 1497 1868 E DisplayDeviceConfig: requesting nits when no mapping exists.
12-16 10:16:58.990 1497 1868 E DisplayDeviceConfig: requesting nits when no mapping exists.
12-16 10:16:58.990 1497 1868 E DisplayDeviceConfig: requesting nits when no mapping exists.
12-16 10:16:59.007 1497 1868 E DisplayDeviceConfig: requesting nits when no mapping exists.
12-16 10:16:59.008 1497 1868 E DisplayDeviceConfig: requesting nits when no mapping exists.
12-16 10:16:59.023 1497 1868 E DisplayDeviceConfig: requesting nits when no mapping exists.
12-16 10:16:59.025 1497 1868 E DisplayDeviceConfig: requesting nits when no mapping exists.
12-16 10:16:59.040 1497 1868 E DisplayDeviceConfig: requesting nits when no mapping exists.
12-16 10:16:59.040 1497 1868 E DisplayDeviceConfig: requesting nits when no mapping exists.
12-16 10:16:59.057 1497 1868 E DisplayDeviceConfig: requesting nits when no mapping exists.
12-16 10:16:59.058 1497 1868 E DisplayDeviceConfig: requesting nits when no mapping exists.
12-16 10:16:59.073 1497 1868 E DisplayDeviceConfig: requesting nits when no mapping exists.
12-16 10:16:59.075 1497 1868 E DisplayDeviceConfig: requesting nits when no mapping exists.
12-16 10:16:59.090 1497 1868 E DisplayDeviceConfig: requesting nits when no mapping exists.
12-16 10:16:59.091 1497 1868 E DisplayDeviceConfig: requesting nits when no mapping exists.
12-16 10:16:59.107 1497 1868 E DisplayDeviceConfig: requesting nits when no mapping exists.
12-16 10:16:59.108 1497 1868 E DisplayDeviceConfig: requesting nits when no mapping exists.
12-16 10:16:59.123 1497 1868 E DisplayDeviceConfig: requesting nits when no mapping exists.
12-16 10:16:59.125 1497 1868 E DisplayDeviceConfig: requesting nits when no mapping exists.
12-16 10:16:59.140 1497 1868 E DisplayDeviceConfig: requesting nits when no mapping exists.
12-16 10:16:59.142 1497 1868 E DisplayDeviceConfig: requesting nits when no mapping exists.
12-16 10:16:59.157 1497 1868 E DisplayDeviceConfig: requesting nits when no mapping exists.
12-16 10:16:59.158 1497 1868 E DisplayDeviceConfig: requesting nits when no mapping exists.
12-16 10:16:59.173 1497 1868 E DisplayDeviceConfig: requesting nits when no mapping exists.
12-16 10:16:59.174 1497 1868 E DisplayDeviceConfig: requesting nits when no mapping exists.
12-16 10:16:59.190 1497 1868 E DisplayDeviceConfig: requesting nits when no mapping exists.
12-16 10:16:59.191 1497 1868 E DisplayDeviceConfig: requesting nits when no mapping exists.
12-16 10:16:59.207 1497 1868 E DisplayDeviceConfig: requesting nits when no mapping exists.
12-16 10:16:59.208 1497 1868 E DisplayDeviceConfig: requesting nits when no mapping exists.
12-16 10:16:59.223 1497 1868 E DisplayDeviceConfig: requesting nits when no mapping exists.
12-16 10:16:59.225 1497 1868 E DisplayDeviceConfig: requesting nits when no mapping exists.
12-16 10:16:59.240 1497 1868 E DisplayDeviceConfig: requesting nits when no mapping exists.
12-16 10:16:59.241 1497 1868 E DisplayDeviceConfig: requesting nits when no mapping exists.
12-16 10:16:59.257 1497 1868 E DisplayDeviceConfig: requesting nits when no mapping exists.
12-16 10:16:59.258 1497 1868 E DisplayDeviceConfig: requesting nits when no mapping exists.
12-16 10:16:59.274 1497 1868 E DisplayDeviceConfig: requesting nits when no mapping exists.
12-16 10:16:59.274 1497 1868 E DisplayDeviceConfig: requesting nits when no mapping exists.
12-16 10:16:59.290 1497 1868 E DisplayDeviceConfig: requesting nits when no mapping exists.
12-16 10:16:59.293 1497 1868 E DisplayDeviceConfig: requesting nits when no mapping exists.
12-16 10:16:59.307 1497 1868 E DisplayDeviceConfig: requesting nits when no mapping exists.
12-16 10:16:59.308 1497 1868 E DisplayDeviceConfig: requesting nits when no mapping exists.
12-16 10:16:59.324 1497 1868 E DisplayDeviceConfig: requesting nits when no mapping exists.
12-16 10:16:59.326 1497 1868 E DisplayDeviceConfig: requesting nits when no mapping exists.
12-16 10:16:59.340 1497 1868 E DisplayDeviceConfig: requesting nits when no mapping exists.
12-16 10:16:59.341 1497 1868 E DisplayDeviceConfig: requesting nits when no mapping exists.
12-16 10:16:59.358 1497 1868 E DisplayDeviceConfig: requesting nits when no mapping exists.
12-16 10:16:59.359 1497 1868 E DisplayDeviceConfig: requesting nits when no mapping exists.
12-16 10:16:59.374 1497 1868 E DisplayDeviceConfig: requesting nits when no mapping exists.
12-16 10:16:59.375 1497 1868 E DisplayDeviceConfig: requesting nits when no mapping exists.
12-16 10:16:59.391 1497 1868 E DisplayDeviceConfig: requesting nits when no mapping exists.
12-16 10:16:59.391 1497 1868 E DisplayDeviceConfig: requesting nits when no mapping exists.
12-16 10:16:59.408 1497 1868 E DisplayDeviceConfig: requesting nits when no mapping exists.
12-16 10:16:59.409 1497 1868 E DisplayDeviceConfig: requesting nits when no mapping exists.
12-16 10:16:59.424 1497 1868 E DisplayDeviceConfig: requesting nits when no mapping exists.
12-16 10:16:59.425 1497 1868 E DisplayDeviceConfig: requesting nits when no mapping exists.
