12-16 10:28:52.934 1497 1868 E DisplayDeviceConfig: requesting nits when no mapping exists.
12-16 10:28:52.935 1497 1868 E DisplayDeviceConfig: requesting nits when no mapping exists.
12-16 10:28:52.937 1497 1603 I DropBoxManagerService: add tag=system_server_wtf isTagEnabled=true flags=0x2
12-16 10:28:52.940 1497 1603 I DropBoxManagerService: add tag=system_server_wtf isTagEnabled=true flags=0x2
12-16 10:28:52.950 1497 1868 E DisplayDeviceConfig: requesting nits when no mapping exists.
12-16 10:28:52.951 1497 1868 E DisplayDeviceConfig: requesting nits when no mapping exists.
12-16 10:28:52.952 1497 1603 I DropBoxManagerService: add tag=system_server_wtf isTagEnabled=true flags=0x2
12-16 10:28:52.954 1497 1603 I DropBoxManagerService: add tag=system_server_wtf isTagEnabled=true flags=0x2
12-16 10:28:52.967 1497 1868 E DisplayDeviceConfig: requesting nits when no mapping exists.
12-16 10:28:52.967 1497 1868 E DisplayDeviceConfig: requesting nits when no mapping exists.
12-16 10:28:52.968 1497 1603 I DropBoxManagerService: add tag=system_server_wtf isTagEnabled=true flags=0x2
12-16 10:28:52.971 1497 1868 E DisplayDeviceConfig: requesting nits when no mapping exists.
12-16 10:28:52.972 1497 1868 E DisplayDeviceConfig: requesting nits when no mapping exists.
12-16 10:28:52.988 1497 1868 E DisplayDeviceConfig: requesting nits when no mapping exists.
12-16 10:28:52.989 1497 1868 E DisplayDeviceConfig: requesting nits when no mapping exists.
12-16 10:28:53.004 1497 1868 E DisplayDeviceConfig: requesting nits when no mapping exists.
12-16 10:28:53.005 1497 1868 E DisplayDeviceConfig: requesting nits when no mapping exists.
12-16 10:28:53.022 1497 1868 E DisplayDeviceConfig: requesting nits when no mapping exists.
12-16 10:28:53.022 1497 1868 E DisplayDeviceConfig: requesting nits when no mapping exists.
12-16 10:28:53.038 1497 1868 E DisplayDeviceConfig: requesting nits when no mapping exists.
12-16 10:28:53.039 1497 1868 E DisplayDeviceConfig: requesting nits when no mapping exists.
12-16 10:28:53.055 1497 1868 E DisplayDeviceConfig: requesting nits when no mapping exists.
12-16 10:28:53.056 1497 1868 E DisplayDeviceConfig: requesting nits when no mapping exists.
12-16 10:28:53.072 1497 1868 E DisplayDeviceConfig: requesting nits when no mapping exists.
12-16 10:28:53.072 1497 1868 E DisplayDeviceConfig: requesting nits when no mapping exists.
12-16 10:28:53.089 1497 1868 E DisplayDeviceConfig: requesting nits when no mapping exists.
12-16 10:28:53.089 1497 1868 E DisplayDeviceConfig: requesting nits when no mapping exists.
12-16 10:28:53.105 1497 1868 E DisplayDeviceConfig: requesting nits when no mapping exists.
12-16 10:28:53.106 1497 1868 E DisplayDeviceConfig: requesting nits when no mapping exists.
12-16 10:28:53.122 1497 1868 E DisplayDeviceConfig: requesting nits when no mapping exists.
12-16 10:28:53.123 1497 1868 E DisplayDeviceConfig: requesting nits when no mapping exists.
12-16 10:28:53.138 1497 1868 E DisplayDeviceConfig: requesting nits when no mapping exists.
12-16 10:28:53.139 1497 1868 E DisplayDeviceConfig: requesting nits when no mapping exists.
12-16 10:28:53.156 1497 1868 E DisplayDeviceConfig: requesting nits when no mapping exists.
12-16 10:28:53.156 1497 1868 E DisplayDeviceConfig: requesting nits when no mapping exists.
12-16 10:28:53.172 1497 1868 E DisplayDeviceConfig: requesting nits when no mapping exists.
12-16 10:28:53.173 1497 1868 E DisplayDeviceConfig: requesting nits when no mapping exists.
12-16 10:28:53.189 1497 1868 E DisplayDeviceConfig: requesting nits when no mapping exists.
12-16 10:28:53.189 1497 1868 E DisplayDeviceConfig: requesting nits when no mapping exists.
12-16 10:28:53.205 1497 1868 E DisplayDeviceConfig: requesting nits when no mapping exists.
12-16 10:28:53.206 1497 1868 E DisplayDeviceConfig: requesting nits when no mapping exists.
12-16 10:28:53.222 1497 1868 E DisplayDeviceConfig: requesting nits when no mapping exists.
12-16 10:28:53.222 1497 1868 E DisplayDeviceConfig: requesting nits when no mapping exists.
12-16 10:28:53.239 1497 1868 E DisplayDeviceConfig: requesting nits when no mapping exists.
12-16 10:28:53.239 1497 1868 E DisplayDeviceConfig: requesting nits when no mapping exists.
12-16 10:28:53.255 1497 1868 E DisplayDeviceConfig: requesting nits when no mapping exists.
12-16 10:28:53.256 1497 1868 E DisplayDeviceConfig: requesting nits when no mapping exists.
12-16 10:28:53.272 1497 1868 E DisplayDeviceConfig: requesting nits when no mapping exists.
12-16 10:28:53.273 1497 1868 E DisplayDeviceConfig: requesting nits when no mapping exists.
12-16 10:28:53.289 1497 1868 E DisplayDeviceConfig: requesting nits when no mapping exists.
12-16 10:28:53.289 1497 1868 E DisplayDeviceConfig: requesting nits when no mapping exists.
12-16 10:28:53.306 1497 1868 E DisplayDeviceConfig: requesting nits when no mapping exists.
12-16 10:28:53.306 1497 1868 E DisplayDeviceConfig: requesting nits when no mapping exists.
12-16 10:28:53.322 1497 1868 E DisplayDeviceConfig: requesting nits when no mapping exists.
12-16 10:28:53.323 1497 1868 E DisplayDeviceConfig: requesting nits when no mapping exists.
12-16 10:28:53.339 1497 1868 E DisplayDeviceConfig: requesting nits when no mapping exists.
12-16 10:28:53.340 1497 1868 E DisplayDeviceConfig: requesting nits when no mapping exists.
12-16 10:28:53.356 1497 1868 E DisplayDeviceConfig: requesting nits when no mapping exists.
12-16 10:28:53.356 1497 1868 E DisplayDeviceConfig: requesting nits when no mapping exists.
12-16 10:28:53.372 1497 1868 E DisplayDeviceConfig: requesting nits when no mapping exists.
12-16 10:28:53.373 1497 1868 E DisplayDeviceConfig: requesting nits when no mapping exists.
12-16 10:28:53.389 1497 1868 E DisplayDeviceConfig: requesting nits when no mapping exists.
12-16 10:28:53.390 1497 1868 E DisplayDeviceConfig: requesting nits when no mapping exists.
12-16 10:28:53.407 1497 1868 E DisplayDeviceConfig: requesting nits when no mapping exists.
12-16 10:28:53.408 1497 1868 E DisplayDeviceConfig: requesting nits when no mapping exists.
12-16 10:28:53.423 1497 1868 E DisplayDeviceConfig: requesting nits when no mapping exists.
12-16 10:28:53.423 1497 1868 E DisplayDeviceConfig: requesting nits when no mapping exists.
12-16 10:28:53.439 1497 1868 E DisplayDeviceConfig: requesting nits when no mapping exists.
12-16 10:28:53.439 1497 1868 E DisplayDeviceConfig: requesting nits when no mapping exists.
12-16 10:28:53.455 1497 1868 E DisplayDeviceConfig: requesting nits when no mapping exists.
12-16 10:28:53.455 1497 1868 E DisplayDeviceConfig: requesting nits when no mapping exists.
12-16 10:28:53.473 1497 1868 E DisplayDeviceConfig: requesting nits when no mapping exists.
12-16 10:28:53.473 1497 1868 E DisplayDeviceConfig: requesting nits when no mapping exists.
12-16 10:28:53.489 1497 1868 E DisplayDeviceConfig: requesting nits when no mapping exists.
12-16 10:28:53.489 1497 1868 E DisplayDeviceConfig: requesting nits when no mapping exists.
12-16 10:28:53.506 1497 1868 E DisplayDeviceConfig: requesting nits when no mapping exists.
12-16 10:28:53.506 1497 1868 E DisplayDeviceConfig: requesting nits when no mapping exists.
12-16 10:28:53.523 1497 1868 E DisplayDeviceConfig: requesting nits when no mapping exists.
12-16 10:28:53.523 1497 1868 E DisplayDeviceConfig: requesting nits when no mapping exists.
12-16 10:28:53.539 1497 1868 E DisplayDeviceConfig: requesting nits when no mapping exists.
12-16 10:28:53.540 1497 1868 E DisplayDeviceConfig: requesting nits when no mapping exists.
12-16 10:28:53.556 1497 1868 E DisplayDeviceConfig: requesting nits when no mapping exists.
12-16 10:28:53.557 1497 1868 E DisplayDeviceConfig: requesting nits when no mapping exists.
12-16 10:28:53.573 1497 1868 E DisplayDeviceConfig: requesting nits when no mapping exists.
12-16 10:28:53.573 1497 1868 E DisplayDeviceConfig: requesting nits when no mapping exists.
12-16 10:28:53.590 1497 1868 E DisplayDeviceConfig: requesting nits when no mapping exists.
12-16 10:28:53.590 1497 1868 E DisplayDeviceConfig: requesting nits when no mapping exists.
12-16 10:28:53.606 1497 1868 E DisplayDeviceConfig: requesting nits when no mapping exists.
12-16 10:28:53.607 1497 1868 E DisplayDeviceConfig: requesting nits when no mapping exists.
12-16 10:28:53.623 1497 1868 E DisplayDeviceConfig: requesting nits when no mapping exists.
12-16 10:28:53.623 1497 1868 E DisplayDeviceConfig: requesting nits when no mapping exists.
12-16 10:28:53.640 1497 1868 E DisplayDeviceConfig: requesting nits when no mapping exists.
12-16 10:28:53.640 1497 1868 E DisplayDeviceConfig: requesting nits when no mapping exists.
12-16 10:28:53.656 1497 1868 E DisplayDeviceConfig: requesting nits when no mapping exists.
12-16 10:28:53.657 1497 1868 E DisplayDeviceConfig: requesting nits when no mapping exists.
12-16 10:28:53.673 1497 1868 E DisplayDeviceConfig: requesting nits when no mapping exists.
12-16 10:28:53.674 1497 1868 E DisplayDeviceConfig: requesting nits when no mapping exists.
12-16 10:28:53.690 1497 1868 E DisplayDeviceConfig: requesting nits when no mapping exists.
12-16 10:28:53.690 1497 1868 E DisplayDeviceConfig: requesting nits when no mapping exists.
12-16 10:28:53.706 1497 1868 E DisplayDeviceConfig: requesting nits when no mapping exists.
12-16 10:28:53.707 1497 1868 E DisplayDeviceConfig: requesting nits when no mapping exists.
12-16 10:28:53.723 1497 1868 E DisplayDeviceConfig: requesting nits when no mapping exists.
12-16 10:28:53.725 1497 1868 E DisplayDeviceConfig: requesting nits when no mapping exists.
12-16 10:28:53.731 1497 1623 V DisplayPowerController[0]: Brightness [1.0] reason changing to: 'manual', previous reason: 'manual [ dim ]'.
12-16 10:28:53.740 1497 1868 E DisplayDeviceConfig: requesting nits when no mapping exists.
12-16 10:28:53.740 1497 1868 E DisplayDeviceConfig: requesting nits when no mapping exists.
12-16 10:28:53.756 1497 1868 E DisplayDeviceConfig: requesting nits when no mapping exists.
12-16 10:28:53.757 1497 1868 E DisplayDeviceConfig: requesting nits when no mapping exists.
12-16 10:28:53.773 1497 1868 E DisplayDeviceConfig: requesting nits when no mapping exists.
12-16 10:28:53.773 1497 1868 E DisplayDeviceConfig: requesting nits when no mapping exists.
12-16 10:28:53.790 1497 1868 E DisplayDeviceConfig: requesting nits when no mapping exists.
12-16 10:28:53.790 1497 1868 E DisplayDeviceConfig: requesting nits when no mapping exists.
12-16 10:28:53.807 1497 1868 E DisplayDeviceConfig: requesting nits when no mapping exists.
12-16 10:28:53.808 1497 1868 E DisplayDeviceConfig: requesting nits when no mapping exists.
12-16 10:28:53.824 1497 1868 E DisplayDeviceConfig: requesting nits when no mapping exists.
12-16 10:28:53.824 1497 1868 E DisplayDeviceConfig: requesting nits when no mapping exists.
12-16 10:28:53.840 1497 1868 E DisplayDeviceConfig: requesting nits when no mapping exists.
12-16 10:28:53.841 1497 1868 E DisplayDeviceConfig: requesting nits when no mapping exists.
12-16 10:28:53.860 1497 1868 E DisplayDeviceConfig: requesting nits when no mapping exists.
12-16 10:28:53.862 1497 1868 E DisplayDeviceConfig: requesting nits when no mapping exists.
12-16 10:28:53.873 1497 1868 E DisplayDeviceConfig: requesting nits when no mapping exists.
12-16 10:28:53.874 1497 1868 E DisplayDeviceConfig: requesting nits when no mapping exists.
12-16 10:28:53.890 1497 1868 E DisplayDeviceConfig: requesting nits when no mapping exists.
12-16 10:28:53.891 1497 1868 E DisplayDeviceConfig: requesting nits when no mapping exists.
12-16 10:28:53.908 1497 1868 E DisplayDeviceConfig: requesting nits when no mapping exists.
12-16 10:28:53.908 1497 1868 E DisplayDeviceConfig: requesting nits when no mapping exists.
12-16 10:28:53.916 1497 1529 I ActivityTaskManager: FOREGROUND_APPLICATION_CHANGED to com.android.settings.homepage.SettingsHomepageActivity
12-16 10:28:53.925 1497 1868 E DisplayDeviceConfig: requesting nits when no mapping exists.
12-16 10:28:53.926 1497 1868 E DisplayDeviceConfig: requesting nits when no mapping exists.
12-16 10:28:53.943 1497 1868 E DisplayDeviceConfig: requesting nits when no mapping exists.
12-16 10:28:53.944 1497 1868 E DisplayDeviceConfig: requesting nits when no mapping exists.
12-16 10:28:53.957 17557 17592 W ContextImpl: Calling a method in the system process without a qualified user: android.app.ContextImpl.startService:1816 android.content.ContextWrapper.startService:774 com.thundercomm.gamemode.ingame.services.GameModeActionUtils.startGameModeService:99 com.thundercomm.gamemode.ingame.services.GameModeActionUtils.startGameModeEntry:22 com.thundercomm.gamemode.ingame.services.ActivityMonitoringService$1.onActivityLaunch:127
12-16 10:28:53.961 1497 1868 E DisplayDeviceConfig: requesting nits when no mapping exists.
12-16 10:28:53.961 1497 1868 E DisplayDeviceConfig: requesting nits when no mapping exists.
12-16 10:28:53.972 1497 1497 I GameModeConfig: Current uri is uri = content://com.thundercomm.gamemode.api/gamemode_settings/gamemode_isgaming
12-16 10:28:53.988 1497 1868 E DisplayDeviceConfig: requesting nits when no mapping exists.
12-16 10:28:53.989 1497 1868 E DisplayDeviceConfig: requesting nits when no mapping exists.
12-16 10:28:53.990 1497 1497 I GameModeConfig: isGameModeOn = false
12-16 10:28:53.990 1497 1497 I GameModeConfig: isGameModeOn = false
12-16 10:28:53.990 1497 1497 I GameModeConfig: isDisableVoice = true
12-16 10:28:53.997 1497 1868 E DisplayDeviceConfig: requesting nits when no mapping exists.
12-16 10:28:53.998 1497 1868 E DisplayDeviceConfig: requesting nits when no mapping exists.
12-16 10:28:54.015 1497 1868 E DisplayDeviceConfig: requesting nits when no mapping exists.
12-16 10:28:54.015 1497 1868 E DisplayDeviceConfig: requesting nits when no mapping exists.
12-16 10:28:54.028 1497 1868 E DisplayDeviceConfig: requesting nits when no mapping exists.
12-16 10:28:54.029 1497 1868 E DisplayDeviceConfig: requesting nits when no mapping exists.
12-16 10:28:54.036 17557 17592 W ContextImpl: Calling a method in the system process without a qualified user: android.app.ContextImpl.startService:1816 android.content.ContextWrapper.startService:774 com.thundercomm.gamemode.ingame.services.GameModeActionUtils.startGameModeService:99 com.thundercomm.gamemode.ingame.services.GameModeActionUtils.startGameModeEntry:22 com.thundercomm.gamemode.ingame.services.ActivityMonitoringService$1.onActivityLaunch:127
12-16 10:28:54.045 1497 1497 I GameModeConfig: Current uri is uri = content://com.thundercomm.gamemode.api/gamemode_settings/gamemode_isgaming
12-16 10:28:54.046 1497 1497 I GameModeConfig: isGameModeOn = false
12-16 10:28:54.046 1497 1497 I GameModeConfig: isGameModeOn = false
12-16 10:28:54.046 1497 1497 I GameModeConfig: isDisableVoice = true
12-16 10:28:54.050 1497 1868 E DisplayDeviceConfig: requesting nits when no mapping exists.
12-16 10:28:54.050 1497 1868 E DisplayDeviceConfig: requesting nits when no mapping exists.
12-16 10:28:54.065 1497 1868 E DisplayDeviceConfig: requesting nits when no mapping exists.
12-16 10:28:54.065 1497 1868 E DisplayDeviceConfig: requesting nits when no mapping exists.
12-16 10:28:54.081 1497 1868 E DisplayDeviceConfig: requesting nits when no mapping exists.
12-16 10:28:54.082 1497 1868 E DisplayDeviceConfig: requesting nits when no mapping exists.
12-16 10:28:54.101 1497 1868 E DisplayDeviceConfig: requesting nits when no mapping exists.
12-16 10:28:54.101 1497 1868 E DisplayDeviceConfig: requesting nits when no mapping exists.
12-16 10:28:54.121 1497 1868 E DisplayDeviceConfig: requesting nits when no mapping exists.
12-16 10:28:54.121 1497 1868 E DisplayDeviceConfig: requesting nits when no mapping exists.
12-16 10:28:54.134 1497 1868 E DisplayDeviceConfig: requesting nits when no mapping exists.
12-16 10:28:54.134 1497 1868 E DisplayDeviceConfig: requesting nits when no mapping exists.
12-16 10:28:54.151 1497 1868 E DisplayDeviceConfig: requesting nits when no mapping exists.
12-16 10:28:54.151 1497 1868 E DisplayDeviceConfig: requesting nits when no mapping exists.
12-16 10:28:54.167 1497 1868 E DisplayDeviceConfig: requesting nits when no mapping exists.
12-16 10:28:54.168 1497 1868 E DisplayDeviceConfig: requesting nits when no mapping exists.
12-16 10:28:54.184 1497 1868 E DisplayDeviceConfig: requesting nits when no mapping exists.
12-16 10:28:54.184 1497 1868 E DisplayDeviceConfig: requesting nits when no mapping exists.
12-16 10:28:54.199 1497 1868 E DisplayDeviceConfig: requesting nits when no mapping exists.
12-16 10:28:54.199 1497 1868 E DisplayDeviceConfig: requesting nits when no mapping exists.
12-16 10:28:54.218 1497 1868 E DisplayDeviceConfig: requesting nits when no mapping exists.
12-16 10:28:54.219 1497 1868 E DisplayDeviceConfig: requesting nits when no mapping exists.
12-16 10:28:54.228 1497 1868 E DisplayDeviceConfig: requesting nits when no mapping exists.
12-16 10:28:54.228 1497 1868 E DisplayDeviceConfig: requesting nits when no mapping exists.
12-16 10:28:54.244 1497 1868 E DisplayDeviceConfig: requesting nits when no mapping exists.
12-16 10:28:54.244 1497 1868 E DisplayDeviceConfig: requesting nits when no mapping exists.
12-16 10:28:54.266 1497 1868 E DisplayDeviceConfig: requesting nits when no mapping exists.
12-16 10:28:54.266 1497 1868 E DisplayDeviceConfig: requesting nits when no mapping exists.
12-16 10:28:54.282 1497 1868 E DisplayDeviceConfig: requesting nits when no mapping exists.
12-16 10:28:54.282 1497 1868 E DisplayDeviceConfig: requesting nits when no mapping exists.
12-16 10:28:54.294 1497 1868 E DisplayDeviceConfig: requesting nits when no mapping exists.
12-16 10:28:54.295 1497 1868 E DisplayDeviceConfig: requesting nits when no mapping exists.
12-16 10:28:54.317 1497 1868 E DisplayDeviceConfig: requesting nits when no mapping exists.
12-16 10:28:54.318 1497 1868 E DisplayDeviceConfig: requesting nits when no mapping exists.
12-16 10:28:54.332 1497 1868 E DisplayDeviceConfig: requesting nits when no mapping exists.
12-16 10:28:54.332 1497 1868 E DisplayDeviceConfig: requesting nits when no mapping exists.
12-16 10:28:54.350 1497 1868 E DisplayDeviceConfig: requesting nits when no mapping exists.
12-16 10:28:54.350 1497 1868 E DisplayDeviceConfig: requesting nits when no mapping exists.
12-16 10:28:54.368 1497 1868 E DisplayDeviceConfig: requesting nits when no mapping exists.
12-16 10:28:54.368 1497 1868 E DisplayDeviceConfig: requesting nits when no mapping exists.
12-16 10:28:54.380 1497 1868 E DisplayDeviceConfig: requesting nits when no mapping exists.
12-16 10:28:54.381 1497 1868 E DisplayDeviceConfig: requesting nits when no mapping exists.
12-16 10:28:54.402 1497 1868 E DisplayDeviceConfig: requesting nits when no mapping exists.
12-16 10:28:54.403 1497 1868 E DisplayDeviceConfig: requesting nits when no mapping exists.
12-16 10:28:54.419 1497 1868 E DisplayDeviceConfig: requesting nits when no mapping exists.
12-16 10:28:54.419 1497 1868 E DisplayDeviceConfig: requesting nits when no mapping exists.
12-16 10:28:54.436 1497 1868 E DisplayDeviceConfig: requesting nits when no mapping exists.
12-16 10:28:54.436 1497 1868 E DisplayDeviceConfig: requesting nits when no mapping exists.
12-16 10:28:54.452 1497 1868 E DisplayDeviceConfig: requesting nits when no mapping exists.
12-16 10:28:54.452 1497 1868 E DisplayDeviceConfig: requesting nits when no mapping exists.
12-16 10:28:54.469 1497 1868 E DisplayDeviceConfig: requesting nits when no mapping exists.
12-16 10:28:54.469 1497 1868 E DisplayDeviceConfig: requesting nits when no mapping exists.
12-16 10:28:54.481 1497 1868 E DisplayDeviceConfig: requesting nits when no mapping exists.
12-16 10:28:54.482 1497 1868 E DisplayDeviceConfig: requesting nits when no mapping exists.
12-16 10:28:54.482 1497 7244 W FreeFormWindowHelper: getCurrentDisplayedFreeFormTask is null
12-16 10:28:54.498 17557 17592 W ContextImpl: Calling a method in the system process without a qualified user: android.app.ContextImpl.startService:1816 android.content.ContextWrapper.startService:774 com.thundercomm.gamemode.ingame.services.GameModeActionUtils.startGameModeService:99 com.thundercomm.gamemode.ingame.services.GameModeActionUtils.startGameModeEntry:22 com.thundercomm.gamemode.ingame.services.ActivityMonitoringService$1.onActivityLaunch:127
12-16 10:28:54.500 1497 1497 I GameModeConfig: Current uri is uri = content://com.thundercomm.gamemode.api/gamemode_settings/gamemode_isgaming
12-16 10:28:54.502 1497 1497 I GameModeConfig: isGameModeOn = false
12-16 10:28:54.503 1497 1497 I GameModeConfig: isGameModeOn = false
12-16 10:28:54.503 1497 1497 I GameModeConfig: isDisableVoice = true
12-16 10:28:54.503 1497 1868 E DisplayDeviceConfig: requesting nits when no mapping exists.
12-16 10:28:54.503 1497 1868 E DisplayDeviceConfig: requesting nits when no mapping exists.
12-16 10:28:54.510 1497 7244 W FreeFormWindowHelper: getCurrentDisplayedFreeFormTask is null
12-16 10:28:54.515 17557 17592 W ContextImpl: Calling a method in the system process without a qualified user: android.app.ContextImpl.startService:1816 android.content.ContextWrapper.startService:774 com.thundercomm.gamemode.ingame.services.GameModeActionUtils.startGameModeService:99 com.thundercomm.gamemode.ingame.services.GameModeActionUtils.startGameModeEntry:22 com.thundercomm.gamemode.ingame.services.ActivityMonitoringService$1.onActivityLaunch:127
12-16 10:28:54.517 1497 2092 W FreeFormWindowHelper: getCurrentDisplayedFreeFormTask is null
12-16 10:28:54.518 1497 1868 E DisplayDeviceConfig: requesting nits when no mapping exists.
12-16 10:28:54.518 1497 1497 I GameModeConfig: Current uri is uri = content://com.thundercomm.gamemode.api/gamemode_settings/gamemode_isgaming
12-16 10:28:54.518 1497 1868 E DisplayDeviceConfig: requesting nits when no mapping exists.
12-16 10:28:54.519 1497 1497 I GameModeConfig: isGameModeOn = false
12-16 10:28:54.519 1497 1497 I GameModeConfig: isGameModeOn = false
12-16 10:28:54.519 1497 1497 I GameModeConfig: isDisableVoice = true
12-16 10:28:54.520 1497 1596 W ActivityTaskManager: Can't find TaskDisplayArea to determine support for multi window. Task id=188 attached=false
12-16 10:28:54.520 1497 1596 W ActivityTaskManager: Can't find TaskDisplayArea to determine support for multi window. Task id=188 attached=false
12-16 10:28:54.528 1497 2091 W FreeFormWindowHelper: getCurrentDisplayedFreeFormTask is null
12-16 10:28:54.536 1497 1868 E DisplayDeviceConfig: requesting nits when no mapping exists.
12-16 10:28:54.536 1497 1868 E DisplayDeviceConfig: requesting nits when no mapping exists.
12-16 10:28:54.552 1497 8974 W ActivityTaskManager: getTaskSnapshot: taskId=1178 not found
12-16 10:28:54.562 1497 7244 W FreeFormWindowHelper: getCurrentDisplayedFreeFormTask is null
12-16 10:28:54.578 1497 7244 W FreeFormWindowHelper: getCurrentDisplayedFreeFormTask is null
12-16 10:28:54.601 1497 8974 W FreeFormWindowHelper: getCurrentDisplayedFreeFormTask is null
12-16 10:28:55.306 1497 7244 W FreeFormWindowHelper: getCurrentDisplayedFreeFormTask is null
12-16 10:28:55.322 1497 7244 I ActivityTaskManager: FOREGROUND_APPLICATION_CHANGED to com.android.launcher3.uioverrides.QuickstepLauncher
12-16 10:28:55.373 17557 17592 W ContextImpl: Calling a method in the system process without a qualified user: android.app.ContextImpl.startService:1816 android.content.ContextWrapper.startService:774 com.thundercomm.gamemode.ingame.services.GameModeActionUtils.startGameModeService:99 com.thundercomm.gamemode.ingame.services.GameModeActionUtils.startGameModeEntry:22 com.thundercomm.gamemode.ingame.services.ActivityMonitoringService$1.onActivityLaunch:127
12-16 10:28:55.375 1497 1497 I GameModeConfig: Current uri is uri = content://com.thundercomm.gamemode.api/gamemode_settings/gamemode_isgaming
12-16 10:28:55.376 1497 1497 I GameModeConfig: isGameModeOn = false
12-16 10:28:55.376 1497 1497 I GameModeConfig: isGameModeOn = false
12-16 10:28:55.376 1497 1497 I GameModeConfig: isDisableVoice = true
12-16 10:28:55.442 17557 17592 W ContextImpl: Calling a method in the system process without a qualified user: android.app.ContextImpl.startService:1816 android.content.ContextWrapper.startService:774 com.thundercomm.gamemode.ingame.services.GameModeActionUtils.startGameModeService:99 com.thundercomm.gamemode.ingame.services.GameModeActionUtils.startGameModeEntry:22 com.thundercomm.gamemode.ingame.services.ActivityMonitoringService$1.onActivityLaunch:127
12-16 10:28:55.446 1497 1497 I GameModeConfig: Current uri is uri = content://com.thundercomm.gamemode.api/gamemode_settings/gamemode_isgaming
12-16 10:28:55.448 1497 1497 I GameModeConfig: isGameModeOn = false
12-16 10:28:55.448 1497 1497 I GameModeConfig: isGameModeOn = false
12-16 10:28:55.448 1497 1497 I GameModeConfig: isDisableVoice = true
12-16 10:28:57.438 1497 2749 E TaskPersister: File error accessing recents directory (directory doesn't exist?).
12-16 10:29:47.566 1497 1623 V DisplayPowerController[0]: Brightness [0.05] reason changing to: 'manual [ dim ]', previous reason: 'manual'.
12-16 10:29:47.583 1497 1868 E DisplayDeviceConfig: requesting nits when no mapping exists.
12-16 10:29:47.584 1497 1868 E DisplayDeviceConfig: requesting nits when no mapping exists.
12-16 10:29:47.586 1497 1603 I DropBoxManagerService: add tag=system_server_wtf isTagEnabled=true flags=0x2
12-16 10:29:47.591 1497 1603 I DropBoxManagerService: add tag=system_server_wtf isTagEnabled=true flags=0x2
12-16 10:29:47.599 1497 1868 E DisplayDeviceConfig: requesting nits when no mapping exists.
12-16 10:29:47.599 1497 1868 E DisplayDeviceConfig: requesting nits when no mapping exists.
12-16 10:29:47.600 1497 1603 I DropBoxManagerService: add tag=system_server_wtf isTagEnabled=true flags=0x2
12-16 10:29:47.601 1497 1603 I DropBoxManagerService: add tag=system_server_wtf isTagEnabled=true flags=0x2
12-16 10:29:47.602 1497 1868 E DisplayDeviceConfig: requesting nits when no mapping exists.
12-16 10:29:47.603 1497 1868 E DisplayDeviceConfig: requesting nits when no mapping exists.
12-16 10:29:47.604 1497 1603 I DropBoxManagerService: add tag=system_server_wtf isTagEnabled=true flags=0x2
12-16 10:29:47.619 1497 1868 E DisplayDeviceConfig: requesting nits when no mapping exists.
12-16 10:29:47.619 1497 1868 E DisplayDeviceConfig: requesting nits when no mapping exists.
12-16 10:29:47.636 1497 1868 E DisplayDeviceConfig: requesting nits when no mapping exists.
12-16 10:29:47.636 1497 1868 E DisplayDeviceConfig: requesting nits when no mapping exists.
12-16 10:29:47.653 1497 1868 E DisplayDeviceConfig: requesting nits when no mapping exists.
12-16 10:29:47.653 1497 1868 E DisplayDeviceConfig: requesting nits when no mapping exists.
12-16 10:29:47.669 1497 1868 E DisplayDeviceConfig: requesting nits when no mapping exists.
12-16 10:29:47.670 1497 1868 E DisplayDeviceConfig: requesting nits when no mapping exists.
12-16 10:29:47.686 1497 1868 E DisplayDeviceConfig: requesting nits when no mapping exists.
12-16 10:29:47.687 1497 1868 E DisplayDeviceConfig: requesting nits when no mapping exists.
12-16 10:29:47.703 1497 1868 E DisplayDeviceConfig: requesting nits when no mapping exists.
12-16 10:29:47.703 1497 1868 E DisplayDeviceConfig: requesting nits when no mapping exists.
12-16 10:29:47.720 1497 1868 E DisplayDeviceConfig: requesting nits when no mapping exists.
12-16 10:29:47.720 1497 1868 E DisplayDeviceConfig: requesting nits when no mapping exists.
12-16 10:29:47.737 1497 1868 E DisplayDeviceConfig: requesting nits when no mapping exists.
12-16 10:29:47.737 1497 1868 E DisplayDeviceConfig: requesting nits when no mapping exists.
12-16 10:29:47.753 1497 1868 E DisplayDeviceConfig: requesting nits when no mapping exists.
12-16 10:29:47.753 1497 1868 E DisplayDeviceConfig: requesting nits when no mapping exists.
12-16 10:29:47.769 1497 1868 E DisplayDeviceConfig: requesting nits when no mapping exists.
12-16 10:29:47.770 1497 1868 E DisplayDeviceConfig: requesting nits when no mapping exists.
12-16 10:29:47.787 1497 1868 E DisplayDeviceConfig: requesting nits when no mapping exists.
12-16 10:29:47.787 1497 1868 E DisplayDeviceConfig: requesting nits when no mapping exists.
12-16 10:29:47.803 1497 1868 E DisplayDeviceConfig: requesting nits when no mapping exists.
12-16 10:29:47.804 1497 1868 E DisplayDeviceConfig: requesting nits when no mapping exists.
12-16 10:29:47.820 1497 1868 E DisplayDeviceConfig: requesting nits when no mapping exists.
12-16 10:29:47.821 1497 1868 E DisplayDeviceConfig: requesting nits when no mapping exists.
12-16 10:29:47.837 1497 1868 E DisplayDeviceConfig: requesting nits when no mapping exists.
12-16 10:29:47.838 1497 1868 E DisplayDeviceConfig: requesting nits when no mapping exists.
12-16 10:29:47.853 1497 1868 E DisplayDeviceConfig: requesting nits when no mapping exists.
12-16 10:29:47.853 1497 1868 E DisplayDeviceConfig: requesting nits when no mapping exists.
12-16 10:29:47.870 1497 1868 E DisplayDeviceConfig: requesting nits when no mapping exists.
12-16 10:29:47.871 1497 1868 E DisplayDeviceConfig: requesting nits when no mapping exists.
12-16 10:29:47.886 1497 1868 E DisplayDeviceConfig: requesting nits when no mapping exists.
12-16 10:29:47.887 1497 1868 E DisplayDeviceConfig: requesting nits when no mapping exists.
12-16 10:29:47.903 1497 1868 E DisplayDeviceConfig: requesting nits when no mapping exists.
12-16 10:29:47.904 1497 1868 E DisplayDeviceConfig: requesting nits when no mapping exists.
12-16 10:29:47.920 1497 1868 E DisplayDeviceConfig: requesting nits when no mapping exists.
12-16 10:29:47.921 1497 1868 E DisplayDeviceConfig: requesting nits when no mapping exists.
12-16 10:29:47.937 1497 1868 E DisplayDeviceConfig: requesting nits when no mapping exists.
12-16 10:29:47.937 1497 1868 E DisplayDeviceConfig: requesting nits when no mapping exists.
12-16 10:29:47.953 1497 1868 E DisplayDeviceConfig: requesting nits when no mapping exists.
12-16 10:29:47.954 1497 1868 E DisplayDeviceConfig: requesting nits when no mapping exists.
12-16 10:29:47.970 1497 1868 E DisplayDeviceConfig: requesting nits when no mapping exists.
12-16 10:29:47.971 1497 1868 E DisplayDeviceConfig: requesting nits when no mapping exists.
12-16 10:29:47.987 1497 1868 E DisplayDeviceConfig: requesting nits when no mapping exists.
12-16 10:29:47.987 1497 1868 E DisplayDeviceConfig: requesting nits when no mapping exists.
12-16 10:29:48.004 1497 1868 E DisplayDeviceConfig: requesting nits when no mapping exists.
12-16 10:29:48.004 1497 1868 E DisplayDeviceConfig: requesting nits when no mapping exists.
12-16 10:29:48.020 1497 1868 E DisplayDeviceConfig: requesting nits when no mapping exists.
12-16 10:29:48.021 1497 1868 E DisplayDeviceConfig: requesting nits when no mapping exists.
12-16 10:29:48.037 1497 1868 E DisplayDeviceConfig: requesting nits when no mapping exists.
12-16 10:29:48.038 1497 1868 E DisplayDeviceConfig: requesting nits when no mapping exists.
12-16 10:29:48.055 1497 1868 E DisplayDeviceConfig: requesting nits when no mapping exists.
12-16 10:29:48.056 1497 1868 E DisplayDeviceConfig: requesting nits when no mapping exists.
12-16 10:29:48.070 1497 1868 E DisplayDeviceConfig: requesting nits when no mapping exists.
12-16 10:29:48.071 1497 1868 E DisplayDeviceConfig: requesting nits when no mapping exists.
12-16 10:29:48.087 1497 1868 E DisplayDeviceConfig: requesting nits when no mapping exists.
12-16 10:29:48.088 1497 1868 E DisplayDeviceConfig: requesting nits when no mapping exists.
12-16 10:29:48.105 1497 1868 E DisplayDeviceConfig: requesting nits when no mapping exists.
12-16 10:29:48.105 1497 1868 E DisplayDeviceConfig: requesting nits when no mapping exists.
12-16 10:29:48.121 1497 1868 E DisplayDeviceConfig: requesting nits when no mapping exists.
12-16 10:29:48.121 1497 1868 E DisplayDeviceConfig: requesting nits when no mapping exists.
12-16 10:29:48.137 1497 1868 E DisplayDeviceConfig: requesting nits when no mapping exists.
12-16 10:29:48.138 1497 1868 E DisplayDeviceConfig: requesting nits when no mapping exists.
12-16 10:29:48.154 1497 1868 E DisplayDeviceConfig: requesting nits when no mapping exists.
12-16 10:29:48.154 1497 1868 E DisplayDeviceConfig: requesting nits when no mapping exists.
12-16 10:29:48.170 1497 1868 E DisplayDeviceConfig: requesting nits when no mapping exists.
12-16 10:29:48.172 1497 1868 E DisplayDeviceConfig: requesting nits when no mapping exists.
12-16 10:29:48.187 1497 1868 E DisplayDeviceConfig: requesting nits when no mapping exists.
12-16 10:29:48.189 1497 1868 E DisplayDeviceConfig: requesting nits when no mapping exists.
12-16 10:29:48.204 1497 1868 E DisplayDeviceConfig: requesting nits when no mapping exists.
12-16 10:29:48.205 1497 1868 E DisplayDeviceConfig: requesting nits when no mapping exists.
12-16 10:29:48.220 1497 1868 E DisplayDeviceConfig: requesting nits when no mapping exists.
12-16 10:29:48.222 1497 1868 E DisplayDeviceConfig: requesting nits when no mapping exists.
12-16 10:29:48.237 1497 1868 E DisplayDeviceConfig: requesting nits when no mapping exists.
12-16 10:29:48.238 1497 1868 E DisplayDeviceConfig: requesting nits when no mapping exists.
12-16 10:29:48.254 1497 1868 E DisplayDeviceConfig: requesting nits when no mapping exists.
12-16 10:29:48.255 1497 1868 E DisplayDeviceConfig: requesting nits when no mapping exists.
12-16 10:29:48.271 1497 1868 E DisplayDeviceConfig: requesting nits when no mapping exists.
12-16 10:29:48.272 1497 1868 E DisplayDeviceConfig: requesting nits when no mapping exists.
12-16 10:29:48.288 1497 1868 E DisplayDeviceConfig: requesting nits when no mapping exists.
12-16 10:29:48.289 1497 1868 E DisplayDeviceConfig: requesting nits when no mapping exists.
12-16 10:29:48.304 1497 1868 E DisplayDeviceConfig: requesting nits when no mapping exists.
12-16 10:29:48.305 1497 1868 E DisplayDeviceConfig: requesting nits when no mapping exists.
12-16 10:29:48.321 1497 1868 E DisplayDeviceConfig: requesting nits when no mapping exists.
12-16 10:29:48.322 1497 1868 E DisplayDeviceConfig: requesting nits when no mapping exists.
12-16 10:29:48.337 1497 1868 E DisplayDeviceConfig: requesting nits when no mapping exists.
12-16 10:29:48.338 1497 1868 E DisplayDeviceConfig: requesting nits when no mapping exists.
12-16 10:29:48.355 1497 1868 E DisplayDeviceConfig: requesting nits when no mapping exists.
12-16 10:29:48.355 1497 1868 E DisplayDeviceConfig: requesting nits when no mapping exists.
12-16 10:29:48.371 1497 1868 E DisplayDeviceConfig: requesting nits when no mapping exists.
12-16 10:29:48.372 1497 1868 E DisplayDeviceConfig: requesting nits when no mapping exists.
12-16 10:29:48.387 1497 1868 E DisplayDeviceConfig: requesting nits when no mapping exists.
12-16 10:29:48.388 1497 1868 E DisplayDeviceConfig: requesting nits when no mapping exists.
12-16 10:29:48.404 1497 1868 E DisplayDeviceConfig: requesting nits when no mapping exists.
12-16 10:29:48.405 1497 1868 E DisplayDeviceConfig: requesting nits when no mapping exists.
12-16 10:29:48.421 1497 1868 E DisplayDeviceConfig: requesting nits when no mapping exists.
12-16 10:29:48.422 1497 1868 E DisplayDeviceConfig: requesting nits when no mapping exists.
12-16 10:29:48.438 1497 1868 E DisplayDeviceConfig: requesting nits when no mapping exists.
12-16 10:29:48.438 1497 1868 E DisplayDeviceConfig: requesting nits when no mapping exists.
12-16 10:29:48.454 1497 1868 E DisplayDeviceConfig: requesting nits when no mapping exists.
12-16 10:29:48.455 1497 1868 E DisplayDeviceConfig: requesting nits when no mapping exists.
12-16 10:29:48.471 1497 1868 E DisplayDeviceConfig: requesting nits when no mapping exists.
12-16 10:29:48.472 1497 1868 E DisplayDeviceConfig: requesting nits when no mapping exists.
12-16 10:29:48.488 1497 1868 E DisplayDeviceConfig: requesting nits when no mapping exists.
12-16 10:29:48.489 1497 1868 E DisplayDeviceConfig: requesting nits when no mapping exists.
12-16 10:29:48.505 1497 1868 E DisplayDeviceConfig: requesting nits when no mapping exists.
12-16 10:29:48.506 1497 1868 E DisplayDeviceConfig: requesting nits when no mapping exists.
12-16 10:29:48.521 1497 1868 E DisplayDeviceConfig: requesting nits when no mapping exists.
12-16 10:29:48.522 1497 1868 E DisplayDeviceConfig: requesting nits when no mapping exists.
12-16 10:29:54.564 1497 1623 I PowerManagerService: Napping display group (groupId=0, uid=1000)...
12-16 10:29:54.564 1497 1623 I PowerManagerService: Nap time (uid 1000)...
12-16 10:29:54.565 1497 1623 I DreamManagerService: Entering dreamland.
12-16 10:29:54.569 1497 1623 I PowerManagerService: Dreaming...
12-16 10:29:54.573 1497 1592 I DreamController: Starting dream: name=ComponentInfo{com.thundercomm.screensaver/com.thundercomm.saverclock.service.ClockScreensaver}, isTest=false, canDoze=false, userId=0
12-16 10:29:54.591 1497 8974 I ActivityTaskManager: START u0 {flg=0x10000000 pkg=com.thundercomm.screensaver cmp=com.thundercomm.screensaver/android.service.dreams.DreamActivity (has extras)} from uid 10045
12-16 10:29:54.600 1497 8974 W ActivityTaskManager: Can't find TaskDisplayArea to determine support for multi window. Task id=189 attached=false
12-16 10:29:54.608 1497 5462 I ActivityTaskManager: FOREGROUND_APPLICATION_CHANGED to android.service.dreams.DreamActivity
12-16 10:29:54.608 1497 5462 I ActivityTaskManager: The Process com.thundercomm.screensaver Already Exists in BG. So sending its PID: 4609
12-16 10:29:54.608 1497 5462 W ActivityTaskManager: Tried to set launchTime (0) < mLastActivityLaunchTime (20527772)
12-16 10:29:54.615 1497 5462 W WindowManager: Failed looking up window session=Session{47d6d22 4609:u0a10045} callers=com.android.server.wm.WindowManagerService.windowForClientLocked:5628 com.android.server.wm.Session.insetsModified:629 android.view.IWindowSession$Stub.onTransact:1151
12-16 10:29:54.619 17557 17592 W ContextImpl: Calling a method in the system process without a qualified user: android.app.ContextImpl.startService:1816 android.content.ContextWrapper.startService:774 com.thundercomm.gamemode.ingame.services.GameModeActionUtils.startGameModeService:99 com.thundercomm.gamemode.ingame.services.GameModeActionUtils.startGameModeEntry:22 com.thundercomm.gamemode.ingame.services.ActivityMonitoringService$1.onActivityLaunch:127
12-16 10:29:54.622 1497 1497 I GameModeConfig: Current uri is uri = content://com.thundercomm.gamemode.api/gamemode_settings/gamemode_isgaming
12-16 10:29:54.623 1497 1497 I GameModeConfig: isGameModeOn = false
12-16 10:29:54.623 1497 1497 I GameModeConfig: isGameModeOn = false
12-16 10:29:54.623 1497 1497 I GameModeConfig: isDisableVoice = true
12-16 10:29:54.641 1497 1623 V DisplayPowerController[0]: Brightness [1.0] reason changing to: 'manual', previous reason: 'manual [ dim ]'.
12-16 10:29:54.655 1497 1868 E DisplayDeviceConfig: requesting nits when no mapping exists.
12-16 10:29:54.655 1497 1868 E DisplayDeviceConfig: requesting nits when no mapping exists.
12-16 10:29:54.671 1497 1868 E DisplayDeviceConfig: requesting nits when no mapping exists.
12-16 10:29:54.671 1497 1868 E DisplayDeviceConfig: requesting nits when no mapping exists.
12-16 10:29:54.688 1497 1868 E DisplayDeviceConfig: requesting nits when no mapping exists.
12-16 10:29:54.688 1497 1868 E DisplayDeviceConfig: requesting nits when no mapping exists.
12-16 10:29:54.705 1497 1868 E DisplayDeviceConfig: requesting nits when no mapping exists.
12-16 10:29:54.705 1497 1868 E DisplayDeviceConfig: requesting nits when no mapping exists.
12-16 10:29:54.714 17557 17592 W ContextImpl: Calling a method in the system process without a qualified user: android.app.ContextImpl.startService:1816 android.content.ContextWrapper.startService:774 com.thundercomm.gamemode.ingame.services.GameModeActionUtils.startGameModeService:99 com.thundercomm.gamemode.ingame.services.GameModeActionUtils.startGameModeEntry:22 com.thundercomm.gamemode.ingame.services.ActivityMonitoringService$1.onActivityLaunch:127
12-16 10:29:54.716 1497 1497 I GameModeConfig: Current uri is uri = content://com.thundercomm.gamemode.api/gamemode_settings/gamemode_isgaming
12-16 10:29:54.716 1497 1497 I GameModeConfig: isGameModeOn = false
12-16 10:29:54.717 1497 1497 I GameModeConfig: isGameModeOn = false
12-16 10:29:54.717 1497 1497 I GameModeConfig: isDisableVoice = true
12-16 10:29:54.722 1497 1868 E DisplayDeviceConfig: requesting nits when no mapping exists.
12-16 10:29:54.722 1497 1868 E DisplayDeviceConfig: requesting nits when no mapping exists.
12-16 10:29:54.739 1497 1868 E DisplayDeviceConfig: requesting nits when no mapping exists.
12-16 10:29:54.739 1497 1868 E DisplayDeviceConfig: requesting nits when no mapping exists.
12-16 10:29:54.755 1497 1868 E DisplayDeviceConfig: requesting nits when no mapping exists.
12-16 10:29:54.756 1497 1868 E DisplayDeviceConfig: requesting nits when no mapping exists.
12-16 10:29:54.772 1497 1868 E DisplayDeviceConfig: requesting nits when no mapping exists.
12-16 10:29:54.773 1497 1868 E DisplayDeviceConfig: requesting nits when no mapping exists.
12-16 10:29:54.788 1497 1868 E DisplayDeviceConfig: requesting nits when no mapping exists.
12-16 10:29:54.788 1497 1868 E DisplayDeviceConfig: requesting nits when no mapping exists.
12-16 10:29:54.805 1497 1868 E DisplayDeviceConfig: requesting nits when no mapping exists.
12-16 10:29:54.805 1497 1868 E DisplayDeviceConfig: requesting nits when no mapping exists.
12-16 10:29:54.822 1497 1868 E DisplayDeviceConfig: requesting nits when no mapping exists.
12-16 10:29:54.822 1497 1868 E DisplayDeviceConfig: requesting nits when no mapping exists.
12-16 10:29:54.839 1497 1868 E DisplayDeviceConfig: requesting nits when no mapping exists.
12-16 10:29:54.840 1497 1868 E DisplayDeviceConfig: requesting nits when no mapping exists.
12-16 10:29:54.855 1497 1868 E DisplayDeviceConfig: requesting nits when no mapping exists.
12-16 10:29:54.856 1497 1868 E DisplayDeviceConfig: requesting nits when no mapping exists.
12-16 10:29:54.873 1497 1868 E DisplayDeviceConfig: requesting nits when no mapping exists.
12-16 10:29:54.873 1497 1868 E DisplayDeviceConfig: requesting nits when no mapping exists.
12-16 10:29:54.889 1497 1868 E DisplayDeviceConfig: requesting nits when no mapping exists.
12-16 10:29:54.889 1497 1868 E DisplayDeviceConfig: requesting nits when no mapping exists.
12-16 10:29:54.905 1497 1868 E DisplayDeviceConfig: requesting nits when no mapping exists.
12-16 10:29:54.905 1497 1868 E DisplayDeviceConfig: requesting nits when no mapping exists.
12-16 10:29:54.923 1497 1868 E DisplayDeviceConfig: requesting nits when no mapping exists.
12-16 10:29:54.923 1497 1868 E DisplayDeviceConfig: requesting nits when no mapping exists.
12-16 10:29:54.939 1497 1868 E DisplayDeviceConfig: requesting nits when no mapping exists.
12-16 10:29:54.940 1497 1868 E DisplayDeviceConfig: requesting nits when no mapping exists.
12-16 10:29:54.955 1497 1868 E DisplayDeviceConfig: requesting nits when no mapping exists.
12-16 10:29:54.956 1497 1868 E DisplayDeviceConfig: requesting nits when no mapping exists.
12-16 10:29:54.973 1497 1868 E DisplayDeviceConfig: requesting nits when no mapping exists.
12-16 10:29:54.973 1497 1868 E DisplayDeviceConfig: requesting nits when no mapping exists.
12-16 10:29:54.978 17557 17592 W ContextImpl: Calling a method in the system process without a qualified user: android.app.ContextImpl.startService:1816 android.content.ContextWrapper.startService:774 com.thundercomm.gamemode.ingame.services.GameModeActionUtils.startGameModeService:99 com.thundercomm.gamemode.ingame.services.GameModeActionUtils.startGameModeEntry:22 com.thundercomm.gamemode.ingame.services.ActivityMonitoringService$1.onActivityLaunch:127
12-16 10:29:54.980 1497 1497 I GameModeConfig: Current uri is uri = content://com.thundercomm.gamemode.api/gamemode_settings/gamemode_isgaming
12-16 10:29:54.980 1497 1497 I GameModeConfig: isGameModeOn = false
12-16 10:29:54.980 1497 1497 I GameModeConfig: isGameModeOn = false
12-16 10:29:54.980 1497 1497 I GameModeConfig: isDisableVoice = true
12-16 10:29:54.989 1497 1868 E DisplayDeviceConfig: requesting nits when no mapping exists.
12-16 10:29:54.989 1497 1868 E DisplayDeviceConfig: requesting nits when no mapping exists.
12-16 10:29:55.003 1497 1868 E DisplayDeviceConfig: requesting nits when no mapping exists.
12-16 10:29:55.004 1497 1868 E DisplayDeviceConfig: requesting nits when no mapping exists.
12-16 10:29:55.020 1497 1868 E DisplayDeviceConfig: requesting nits when no mapping exists.
12-16 10:29:55.020 1497 1868 E DisplayDeviceConfig: requesting nits when no mapping exists.
12-16 10:29:55.037 1497 1868 E DisplayDeviceConfig: requesting nits when no mapping exists.
12-16 10:29:55.037 1497 1868 E DisplayDeviceConfig: requesting nits when no mapping exists.
12-16 10:29:55.054 1497 1868 E DisplayDeviceConfig: requesting nits when no mapping exists.
12-16 10:29:55.054 1497 1868 E DisplayDeviceConfig: requesting nits when no mapping exists.
12-16 10:29:55.070 1497 1868 E DisplayDeviceConfig: requesting nits when no mapping exists.
12-16 10:29:55.071 1497 1868 E DisplayDeviceConfig: requesting nits when no mapping exists.
12-16 10:29:55.087 1497 1868 E DisplayDeviceConfig: requesting nits when no mapping exists.
12-16 10:29:55.088 1497 1868 E DisplayDeviceConfig: requesting nits when no mapping exists.
12-16 10:29:55.105 1497 1868 E DisplayDeviceConfig: requesting nits when no mapping exists.
12-16 10:29:55.105 1497 1868 E DisplayDeviceConfig: requesting nits when no mapping exists.
12-16 10:29:55.121 1497 1868 E DisplayDeviceConfig: requesting nits when no mapping exists.
12-16 10:29:55.121 1497 1868 E DisplayDeviceConfig: requesting nits when no mapping exists.
12-16 10:29:55.137 1497 1868 E DisplayDeviceConfig: requesting nits when no mapping exists.
12-16 10:29:55.137 1497 1868 E DisplayDeviceConfig: requesting nits when no mapping exists.
12-16 10:29:55.154 1497 1868 E DisplayDeviceConfig: requesting nits when no mapping exists.
12-16 10:29:55.154 1497 1868 E DisplayDeviceConfig: requesting nits when no mapping exists.
12-16 10:29:55.171 1497 1868 E DisplayDeviceConfig: requesting nits when no mapping exists.
12-16 10:29:55.171 1497 1868 E DisplayDeviceConfig: requesting nits when no mapping exists.
12-16 10:29:55.188 1497 1868 E DisplayDeviceConfig: requesting nits when no mapping exists.
12-16 10:29:55.188 1497 1868 E DisplayDeviceConfig: requesting nits when no mapping exists.
12-16 10:29:55.204 1497 1868 E DisplayDeviceConfig: requesting nits when no mapping exists.
12-16 10:29:55.204 1497 1868 E DisplayDeviceConfig: requesting nits when no mapping exists.
12-16 10:29:55.221 1497 1868 E DisplayDeviceConfig: requesting nits when no mapping exists.
12-16 10:29:55.221 1497 1868 E DisplayDeviceConfig: requesting nits when no mapping exists.
12-16 10:29:55.238 1497 1868 E DisplayDeviceConfig: requesting nits when no mapping exists.
12-16 10:29:55.238 1497 1868 E DisplayDeviceConfig: requesting nits when no mapping exists.
12-16 10:29:55.255 1497 1868 E DisplayDeviceConfig: requesting nits when no mapping exists.
12-16 10:29:55.255 1497 1868 E DisplayDeviceConfig: requesting nits when no mapping exists.
12-16 10:29:55.271 1497 1868 E DisplayDeviceConfig: requesting nits when no mapping exists.
12-16 10:29:55.271 1497 1868 E DisplayDeviceConfig: requesting nits when no mapping exists.
12-16 10:29:55.288 1497 1868 E DisplayDeviceConfig: requesting nits when no mapping exists.
12-16 10:29:55.288 1497 1868 E DisplayDeviceConfig: requesting nits when no mapping exists.
12-16 10:29:55.304 1497 1868 E DisplayDeviceConfig: requesting nits when no mapping exists.
12-16 10:29:55.305 1497 1868 E DisplayDeviceConfig: requesting nits when no mapping exists.
12-16 10:29:55.322 1497 1868 E DisplayDeviceConfig: requesting nits when no mapping exists.
12-16 10:29:55.322 1497 1868 E DisplayDeviceConfig: requesting nits when no mapping exists.
12-16 10:29:55.337 1497 1868 E DisplayDeviceConfig: requesting nits when no mapping exists.
12-16 10:29:55.337 1497 1868 E DisplayDeviceConfig: requesting nits when no mapping exists.
12-16 10:29:55.354 1497 1868 E DisplayDeviceConfig: requesting nits when no mapping exists.
12-16 10:29:55.354 1497 1868 E DisplayDeviceConfig: requesting nits when no mapping exists.
12-16 10:29:55.371 1497 1868 E DisplayDeviceConfig: requesting nits when no mapping exists.
12-16 10:29:55.371 1497 1868 E DisplayDeviceConfig: requesting nits when no mapping exists.
12-16 10:29:55.388 1497 1868 E DisplayDeviceConfig: requesting nits when no mapping exists.
12-16 10:29:55.388 1497 1868 E DisplayDeviceConfig: requesting nits when no mapping exists.
12-16 10:29:55.404 1497 1868 E DisplayDeviceConfig: requesting nits when no mapping exists.
12-16 10:29:55.404 1497 1868 E DisplayDeviceConfig: requesting nits when no mapping exists.
12-16 10:29:55.421 1497 1868 E DisplayDeviceConfig: requesting nits when no mapping exists.
12-16 10:29:55.421 1497 1868 E DisplayDeviceConfig: requesting nits when no mapping exists.
12-16 10:29:55.438 1497 1868 E DisplayDeviceConfig: requesting nits when no mapping exists.
12-16 10:29:55.438 1497 1868 E DisplayDeviceConfig: requesting nits when no mapping exists.
12-16 10:29:55.454 1497 1868 E DisplayDeviceConfig: requesting nits when no mapping exists.
12-16 10:29:55.454 1497 1868 E DisplayDeviceConfig: requesting nits when no mapping exists.
12-16 10:29:55.471 1497 1868 E DisplayDeviceConfig: requesting nits when no mapping exists.
12-16 10:29:55.471 1497 1868 E DisplayDeviceConfig: requesting nits when no mapping exists.
12-16 10:29:55.488 1497 1868 E DisplayDeviceConfig: requesting nits when no mapping exists.
12-16 10:29:55.488 1497 1868 E DisplayDeviceConfig: requesting nits when no mapping exists.
12-16 10:29:55.504 1497 1868 E DisplayDeviceConfig: requesting nits when no mapping exists.
12-16 10:29:55.504 1497 1868 E DisplayDeviceConfig: requesting nits when no mapping exists.
12-16 10:29:55.521 1497 1868 E DisplayDeviceConfig: requesting nits when no mapping exists.
