12-16 11:28:52.216 1497 1868 E DisplayDeviceConfig: requesting nits when no mapping exists.
12-16 11:28:52.217 1497 1603 I am_wtf : [0,1497,system_server,-1,DisplayDeviceConfig,requesting nits when no mapping exists.]
12-16 11:28:52.232 1497 1868 E DisplayDeviceConfig: requesting nits when no mapping exists.
12-16 11:28:52.233 1497 1868 E DisplayDeviceConfig: requesting nits when no mapping exists.
12-16 11:28:52.233 1497 1603 I am_wtf : [0,1497,system_server,-1,DisplayDeviceConfig,requesting nits when no mapping exists.]
12-16 11:28:52.234 1497 1603 I am_wtf : [0,1497,system_server,-1,DisplayDeviceConfig,requesting nits when no mapping exists.]
12-16 11:28:52.249 1497 1868 E DisplayDeviceConfig: requesting nits when no mapping exists.
12-16 11:28:52.250 1497 1603 I am_wtf : [0,1497,system_server,-1,DisplayDeviceConfig,requesting nits when no mapping exists.]
12-16 11:28:52.250 1497 1868 E DisplayDeviceConfig: requesting nits when no mapping exists.
12-16 11:28:52.251 1497 1603 I am_wtf : [0,1497,system_server,-1,DisplayDeviceConfig,requesting nits when no mapping exists.]
12-16 11:28:52.266 1497 1868 E DisplayDeviceConfig: requesting nits when no mapping exists.
12-16 11:28:52.267 1497 1603 I am_wtf : [0,1497,system_server,-1,DisplayDeviceConfig,requesting nits when no mapping exists.]
12-16 11:28:52.267 1497 1868 E DisplayDeviceConfig: requesting nits when no mapping exists.
12-16 11:28:52.268 1497 1603 I am_wtf : [0,1497,system_server,-1,DisplayDeviceConfig,requesting nits when no mapping exists.]
12-16 11:28:52.283 1497 1868 E DisplayDeviceConfig: requesting nits when no mapping exists.
12-16 11:28:52.284 1497 1868 E DisplayDeviceConfig: requesting nits when no mapping exists.
12-16 11:28:52.285 1497 1603 I am_wtf : [0,1497,system_server,-1,DisplayDeviceConfig,requesting nits when no mapping exists.]
12-16 11:28:52.286 1497 1603 I am_wtf : [0,1497,system_server,-1,DisplayDeviceConfig,requesting nits when no mapping exists.]
12-16 11:28:52.299 1497 1868 E DisplayDeviceConfig: requesting nits when no mapping exists.
12-16 11:28:52.300 1497 1868 E DisplayDeviceConfig: requesting nits when no mapping exists.
12-16 11:28:52.300 1497 1603 I am_wtf : [0,1497,system_server,-1,DisplayDeviceConfig,requesting nits when no mapping exists.]
12-16 11:28:52.301 1497 1603 I am_wtf : [0,1497,system_server,-1,DisplayDeviceConfig,requesting nits when no mapping exists.]
12-16 11:28:52.316 1497 1868 E DisplayDeviceConfig: requesting nits when no mapping exists.
12-16 11:28:52.317 1497 1868 E DisplayDeviceConfig: requesting nits when no mapping exists.
12-16 11:28:52.317 1497 1603 I am_wtf : [0,1497,system_server,-1,DisplayDeviceConfig,requesting nits when no mapping exists.]
12-16 11:28:52.318 1497 1603 I am_wtf : [0,1497,system_server,-1,DisplayDeviceConfig,requesting nits when no mapping exists.]
12-16 11:28:52.333 1497 1868 E DisplayDeviceConfig: requesting nits when no mapping exists.
12-16 11:28:52.333 1497 1868 E DisplayDeviceConfig: requesting nits when no mapping exists.
12-16 11:28:52.333 1497 1603 I am_wtf : [0,1497,system_server,-1,DisplayDeviceConfig,requesting nits when no mapping exists.]
12-16 11:28:52.334 1497 1603 I service_manager_stats: [100,62,361324]
12-16 11:28:52.334 1497 1603 I am_wtf : [0,1497,system_server,-1,DisplayDeviceConfig,requesting nits when no mapping exists.]
12-16 11:28:52.349 1497 1868 E DisplayDeviceConfig: requesting nits when no mapping exists.
12-16 11:28:52.350 1497 1868 E DisplayDeviceConfig: requesting nits when no mapping exists.
12-16 11:28:52.350 1497 1603 I am_wtf : [0,1497,system_server,-1,DisplayDeviceConfig,requesting nits when no mapping exists.]
12-16 11:28:52.351 1497 1603 I am_wtf : [0,1497,system_server,-1,DisplayDeviceConfig,requesting nits when no mapping exists.]
12-16 11:28:52.366 1497 1868 E DisplayDeviceConfig: requesting nits when no mapping exists.
12-16 11:28:52.367 1497 1868 E DisplayDeviceConfig: requesting nits when no mapping exists.
12-16 11:28:52.367 1497 1603 I am_wtf : [0,1497,system_server,-1,DisplayDeviceConfig,requesting nits when no mapping exists.]
12-16 11:28:52.368 1497 1603 I am_wtf : [0,1497,system_server,-1,DisplayDeviceConfig,requesting nits when no mapping exists.]
12-16 11:28:52.383 1497 1868 E DisplayDeviceConfig: requesting nits when no mapping exists.
12-16 11:28:52.383 1497 1603 I am_wtf : [0,1497,system_server,-1,DisplayDeviceConfig,requesting nits when no mapping exists.]
12-16 11:28:52.383 1497 1868 E DisplayDeviceConfig: requesting nits when no mapping exists.
12-16 11:28:52.385 1497 1603 I am_wtf : [0,1497,system_server,-1,DisplayDeviceConfig,requesting nits when no mapping exists.]
12-16 11:28:52.400 1497 1868 E DisplayDeviceConfig: requesting nits when no mapping exists.
12-16 11:28:52.400 1497 1868 E DisplayDeviceConfig: requesting nits when no mapping exists.
12-16 11:28:52.400 1497 1603 I am_wtf : [0,1497,system_server,-1,DisplayDeviceConfig,requesting nits when no mapping exists.]
12-16 11:28:52.401 1497 1603 I am_wtf : [0,1497,system_server,-1,DisplayDeviceConfig,requesting nits when no mapping exists.]
12-16 11:28:52.416 1497 1868 E DisplayDeviceConfig: requesting nits when no mapping exists.
12-16 11:28:52.417 1497 1868 E DisplayDeviceConfig: requesting nits when no mapping exists.
12-16 11:28:52.417 1497 1603 I am_wtf : [0,1497,system_server,-1,DisplayDeviceConfig,requesting nits when no mapping exists.]
12-16 11:28:52.418 1497 1603 I am_wtf : [0,1497,system_server,-1,DisplayDeviceConfig,requesting nits when no mapping exists.]
12-16 11:28:52.434 1497 1868 E DisplayDeviceConfig: requesting nits when no mapping exists.
12-16 11:28:52.434 1497 1868 E DisplayDeviceConfig: requesting nits when no mapping exists.
12-16 11:28:52.435 1497 1603 I am_wtf : [0,1497,system_server,-1,DisplayDeviceConfig,requesting nits when no mapping exists.]
12-16 11:28:52.436 1497 1603 I am_wtf : [0,1497,system_server,-1,DisplayDeviceConfig,requesting nits when no mapping exists.]
12-16 11:28:52.450 1497 1868 E DisplayDeviceConfig: requesting nits when no mapping exists.
12-16 11:28:52.451 1497 1603 I am_wtf : [0,1497,system_server,-1,DisplayDeviceConfig,requesting nits when no mapping exists.]
12-16 11:28:52.451 1497 1868 E DisplayDeviceConfig: requesting nits when no mapping exists.
12-16 11:28:52.452 1497 1603 I am_wtf : [0,1497,system_server,-1,DisplayDeviceConfig,requesting nits when no mapping exists.]
12-16 11:28:52.466 1497 1868 E DisplayDeviceConfig: requesting nits when no mapping exists.
12-16 11:28:52.467 1497 1868 E DisplayDeviceConfig: requesting nits when no mapping exists.
12-16 11:28:52.468 1497 1603 I am_wtf : [0,1497,system_server,-1,DisplayDeviceConfig,requesting nits when no mapping exists.]
12-16 11:28:52.468 1497 1603 I am_wtf : [0,1497,system_server,-1,DisplayDeviceConfig,requesting nits when no mapping exists.]
12-16 11:28:52.484 1497 1868 E DisplayDeviceConfig: requesting nits when no mapping exists.
12-16 11:28:52.484 1497 1603 I am_wtf : [0,1497,system_server,-1,DisplayDeviceConfig,requesting nits when no mapping exists.]
12-16 11:28:52.484 1497 1868 E DisplayDeviceConfig: requesting nits when no mapping exists.
12-16 11:28:52.485 1497 1603 I am_wtf : [0,1497,system_server,-1,DisplayDeviceConfig,requesting nits when no mapping exists.]
12-16 11:28:52.500 1497 1868 E DisplayDeviceConfig: requesting nits when no mapping exists.
12-16 11:28:52.500 1497 1868 E DisplayDeviceConfig: requesting nits when no mapping exists.
12-16 11:28:52.500 1497 1603 I am_wtf : [0,1497,system_server,-1,DisplayDeviceConfig,requesting nits when no mapping exists.]
12-16 11:28:52.501 1497 1603 I am_wtf : [0,1497,system_server,-1,DisplayDeviceConfig,requesting nits when no mapping exists.]
12-16 11:28:52.517 1497 1868 E DisplayDeviceConfig: requesting nits when no mapping exists.
12-16 11:28:52.517 1497 1868 E DisplayDeviceConfig: requesting nits when no mapping exists.
12-16 11:28:52.517 1497 1603 I am_wtf : [0,1497,system_server,-1,DisplayDeviceConfig,requesting nits when no mapping exists.]
12-16 11:28:52.518 1497 1603 I am_wtf : [0,1497,system_server,-1,DisplayDeviceConfig,requesting nits when no mapping exists.]
12-16 11:28:52.533 1497 1868 E DisplayDeviceConfig: requesting nits when no mapping exists.
12-16 11:28:52.534 1497 1603 I am_wtf : [0,1497,system_server,-1,DisplayDeviceConfig,requesting nits when no mapping exists.]
12-16 11:28:52.534 1497 1868 E DisplayDeviceConfig: requesting nits when no mapping exists.
12-16 11:28:52.535 1497 1603 I am_wtf : [0,1497,system_server,-1,DisplayDeviceConfig,requesting nits when no mapping exists.]
12-16 11:28:52.550 1497 1868 E DisplayDeviceConfig: requesting nits when no mapping exists.
12-16 11:28:52.551 1497 1603 I am_wtf : [0,1497,system_server,-1,DisplayDeviceConfig,requesting nits when no mapping exists.]
12-16 11:28:52.552 1497 1868 E DisplayDeviceConfig: requesting nits when no mapping exists.
12-16 11:28:52.553 1497 1603 I am_wtf : [0,1497,system_server,-1,DisplayDeviceConfig,requesting nits when no mapping exists.]
12-16 11:28:52.567 1497 1868 E DisplayDeviceConfig: requesting nits when no mapping exists.
12-16 11:28:52.568 1497 1868 E DisplayDeviceConfig: requesting nits when no mapping exists.
12-16 11:28:52.568 1497 1603 I am_wtf : [0,1497,system_server,-1,DisplayDeviceConfig,requesting nits when no mapping exists.]
12-16 11:28:52.569 1497 1603 I am_wtf : [0,1497,system_server,-1,DisplayDeviceConfig,requesting nits when no mapping exists.]
12-16 11:28:52.583 1497 1868 E DisplayDeviceConfig: requesting nits when no mapping exists.
12-16 11:28:52.584 1497 1603 I am_wtf : [0,1497,system_server,-1,DisplayDeviceConfig,requesting nits when no mapping exists.]
12-16 11:28:52.584 1497 1868 E DisplayDeviceConfig: requesting nits when no mapping exists.
12-16 11:28:52.585 1497 1603 I am_wtf : [0,1497,system_server,-1,DisplayDeviceConfig,requesting nits when no mapping exists.]
12-16 11:28:52.600 1497 1868 E DisplayDeviceConfig: requesting nits when no mapping exists.
12-16 11:28:52.601 1497 1603 I am_wtf : [0,1497,system_server,-1,DisplayDeviceConfig,requesting nits when no mapping exists.]
12-16 11:28:52.601 1497 1868 E DisplayDeviceConfig: requesting nits when no mapping exists.
12-16 11:28:52.602 1497 1603 I am_wtf : [0,1497,system_server,-1,DisplayDeviceConfig,requesting nits when no mapping exists.]
12-16 11:28:52.617 1497 1868 E DisplayDeviceConfig: requesting nits when no mapping exists.
12-16 11:28:52.617 1497 1868 E DisplayDeviceConfig: requesting nits when no mapping exists.
12-16 11:28:52.617 1497 1603 I am_wtf : [0,1497,system_server,-1,DisplayDeviceConfig,requesting nits when no mapping exists.]
12-16 11:28:52.619 1497 1603 I am_wtf : [0,1497,system_server,-1,DisplayDeviceConfig,requesting nits when no mapping exists.]
12-16 11:28:52.634 1497 1868 E DisplayDeviceConfig: requesting nits when no mapping exists.
12-16 11:28:52.635 1497 1603 I am_wtf : [0,1497,system_server,-1,DisplayDeviceConfig,requesting nits when no mapping exists.]
12-16 11:28:52.636 1497 1868 E DisplayDeviceConfig: requesting nits when no mapping exists.
12-16 11:28:52.637 1497 1603 I am_wtf : [0,1497,system_server,-1,DisplayDeviceConfig,requesting nits when no mapping exists.]
12-16 11:28:52.651 1497 1868 E DisplayDeviceConfig: requesting nits when no mapping exists.
12-16 11:28:52.651 1497 1603 I am_wtf : [0,1497,system_server,-1,DisplayDeviceConfig,requesting nits when no mapping exists.]
12-16 11:28:52.652 1497 1868 E DisplayDeviceConfig: requesting nits when no mapping exists.
12-16 11:28:52.653 1497 1603 I am_wtf : [0,1497,system_server,-1,DisplayDeviceConfig,requesting nits when no mapping exists.]
12-16 11:28:52.667 1497 1868 E DisplayDeviceConfig: requesting nits when no mapping exists.
12-16 11:28:52.668 1497 1603 I am_wtf : [0,1497,system_server,-1,DisplayDeviceConfig,requesting nits when no mapping exists.]
12-16 11:28:52.668 1497 1868 E DisplayDeviceConfig: requesting nits when no mapping exists.
12-16 11:28:52.669 1497 1603 I am_wtf : [0,1497,system_server,-1,DisplayDeviceConfig,requesting nits when no mapping exists.]
12-16 11:28:52.683 1497 1868 E DisplayDeviceConfig: requesting nits when no mapping exists.
12-16 11:28:52.684 1497 1603 I am_wtf : [0,1497,system_server,-1,DisplayDeviceConfig,requesting nits when no mapping exists.]
12-16 11:28:52.684 1497 1868 E DisplayDeviceConfig: requesting nits when no mapping exists.
12-16 11:28:52.685 1497 1603 I am_wtf : [0,1497,system_server,-1,DisplayDeviceConfig,requesting nits when no mapping exists.]
12-16 11:28:52.759 0 0 I auditd : type=1400 audit(0.0:25923): avc: denied { kill } for comm="swapper/3" capability=5 scontext=u:r:kernel:s0 tcontext=u:r:kernel:s0 tclass=capability permissive=0
01-01 14:45:18.446 0 0 D : mv2112_read_status
01-01 14:45:18.446 0 0 D mv2112_update_link: 3.0x901(1G): 0x80
01-01 14:45:18.447 0 0 D mv2112_update_link: 3.0x8109(100M): 0x8
01-01 14:45:18.447 0 0 D mv2112_update_link: link 0x0
01-01 14:45:18.447 0 0 D mv2112_read_status: autoneg is disabled
01-01 14:45:18.640 0 0 I msm_vidc: err : ffffffff: .....: DBLP Set: status 0
12-16 11:28:53.759 0 0 I auditd : type=1400 audit(0.0:25924): avc: denied { kill } for comm="swapper/3" capability=5 scontext=u:r:kernel:s0 tcontext=u:r:kernel:s0 tclass=capability permissive=0
01-01 14:45:19.470 0 0 D : mv2112_read_status
01-01 14:45:19.470 0 0 D mv2112_update_link: 3.0x901(1G): 0x80
01-01 14:45:19.471 0 0 D mv2112_update_link: 3.0x8109(100M): 0x8
01-01 14:45:19.471 0 0 D mv2112_update_link: link 0x0
01-01 14:45:19.471 0 0 D mv2112_read_status: autoneg is disabled
12-16 11:28:54.759 0 0 I auditd : type=1400 audit(0.0:25925): avc: denied { kill } for comm="swapper/3" capability=5 scontext=u:r:kernel:s0 tcontext=u:r:kernel:s0 tclass=capability permissive=0
01-01 14:45:20.494 0 0 D : mv2112_read_status
01-01 14:45:20.495 0 0 D mv2112_update_link: 3.0x901(1G): 0x80
01-01 14:45:20.495 0 0 D mv2112_update_link: 3.0x8109(100M): 0x8
01-01 14:45:20.495 0 0 D mv2112_update_link: link 0x0
01-01 14:45:20.495 0 0 D mv2112_read_status: autoneg is disabled
12-16 11:28:55.759 0 0 I auditd : type=1400 audit(0.0:25926): avc: denied { kill } for comm="swapper/3" capability=5 scontext=u:r:kernel:s0 tcontext=u:r:kernel:s0 tclass=capability permissive=0
01-01 14:45:21.518 0 0 D : mv2112_read_status
01-01 14:45:21.519 0 0 D mv2112_update_link: 3.0x901(1G): 0x80
01-01 14:45:21.519 0 0 D mv2112_update_link: 3.0x8109(100M): 0x8
01-01 14:45:21.519 0 0 D mv2112_update_link: link 0x0
01-01 14:45:21.519 0 0 D mv2112_read_status: autoneg is disabled
12-16 11:28:56.250 1497 1603 I am_uid_idle: 10045
12-16 11:28:56.759 0 0 I auditd : type=1400 audit(0.0:25927): avc: denied { kill } for comm="swapper/3" capability=5 scontext=u:r:kernel:s0 tcontext=u:r:kernel:s0 tclass=capability permissive=0
01-01 14:45:22.542 0 0 D : mv2112_read_status
01-01 14:45:22.542 0 0 D mv2112_update_link: 3.0x901(1G): 0x80
01-01 14:45:22.543 0 0 D mv2112_update_link: 3.0x8109(100M): 0x8
01-01 14:45:22.543 0 0 D mv2112_update_link: link 0x0
01-01 14:45:22.543 0 0 D mv2112_read_status: autoneg is disabled
12-16 11:28:57.759 0 0 I auditd : type=1400 audit(0.0:25928): avc: denied { kill } for comm="swapper/3" capability=5 scontext=u:r:kernel:s0 tcontext=u:r:kernel:s0 tclass=capability permissive=0
01-01 14:45:23.566 0 0 D : mv2112_read_status
01-01 14:45:23.566 0 0 D mv2112_update_link: 3.0x901(1G): 0x80
01-01 14:45:23.567 0 0 D mv2112_update_link: 3.0x8109(100M): 0x8
01-01 14:45:23.567 0 0 D mv2112_update_link: link 0x0
01-01 14:45:23.567 0 0 D mv2112_read_status: autoneg is disabled
12-16 11:28:58.723 1497 1623 I PowerManagerService: Napping display group (groupId=0, uid=1000)...
12-16 11:28:58.724 1497 1623 I PowerManagerService: Nap time (uid 1000)...
12-16 11:28:58.726 1497 1623 I DreamManagerService: Entering dreamland.
12-16 11:28:58.728 1497 1623 I PowerManagerService: Dreaming...
12-16 11:28:58.736 1497 1592 I DreamController: Starting dream: name=ComponentInfo{com.thundercomm.screensaver/com.thundercomm.saverclock.service.ClockScreensaver}, isTest=false, canDoze=false, userId=0
12-16 11:28:58.736 1497 1592 I sysui_multi_action: [757,222,758,1]
12-16 11:28:58.739 1497 1592 I am_uid_active: 10045
12-16 11:28:58.749 1497 11452 I ActivityTaskManager: START u0 {flg=0x10000000 pkg=com.thundercomm.screensaver cmp=com.thundercomm.screensaver/android.service.dreams.DreamActivity (has extras)} from uid 10045
12-16 11:28:58.753 1497 11452 I wm_task_created: [203,-1]
12-16 11:28:58.753 1497 11452 W ActivityTaskManager: Can't find TaskDisplayArea to determine support for multi window. Task id=203 attached=false
12-16 11:28:58.758 1497 1602 I am_pss : [31731,10023,com.hryt.hiphishowfsecontrol,18083840,14585856,0,107507712,0,19,8]
12-16 11:28:58.758 1497 11452 I wm_task_moved: [203,1,10]
12-16 11:28:58.758 1497 11452 I wm_task_to_front: [0,203]
12-16 11:28:58.758 1497 11452 I wm_create_task: [0,203]
12-16 11:28:58.758 1497 11452 I wm_create_activity: [0,85913743,203,com.thundercomm.screensaver/android.service.dreams.DreamActivity,NULL,NULL,NULL,276824064]
12-16 11:28:58.758 1497 11452 I wm_task_moved: [203,1,10]
12-16 11:28:58.758 27148 27148 I wm_on_top_resumed_lost_called: [267933777,com.android.settings.Settings,topStateChangedWhenResumed]
12-16 11:28:58.759 1497 11452 I wm_pause_activity: [0,267933777,com.android.settings/.Settings,userLeaving=true,pauseBackTasks]
12-16 11:28:58.761 27148 27148 I sysui_multi_action: [757,35,758,2,1089,61537]
12-16 11:28:58.761 27148 27148 I sysui_multi_action: [757,337,758,2,1089,61536]
12-16 11:28:58.762 27148 27148 I wm_on_paused_called: [267933777,com.android.settings.Settings,performPause]
12-16 11:28:58.762 1497 11452 I ActivityTaskManager: FOREGROUND_APPLICATION_CHANGED to android.service.dreams.DreamActivity
12-16 11:28:58.763 1497 11452 I ActivityTaskManager: The Process com.thundercomm.screensaver Already Exists in BG. So sending its PID: 4609
12-16 11:28:58.763 1497 11452 W ActivityTaskManager: Tried to set launchTime (0) < mLastActivityLaunchTime (23779139)
12-16 11:28:58.763 1497 11452 I wm_add_to_stopping: [0,267933777,com.android.settings/.Settings,makeInvisible]
12-16 11:28:58.763 1497 11452 I wm_restart_activity: [0,85913743,203,com.thundercomm.screensaver/android.service.dreams.DreamActivity]
12-16 11:28:58.764 1497 11452 I wm_set_resumed_activity: [0,com.thundercomm.screensaver/android.service.dreams.DreamActivity,minimalResumeActivityLocked]
12-16 11:28:58.765 1497 1602 I am_pss : [31725,10070,com.android.gallery3d,7969792,5382144,0,93405184,0,19,5]
12-16 11:28:58.767 1497 1595 I sysui_multi_action: [757,803,799,window_time_0,802,62]
12-16 11:28:58.768 4609 4609 I wm_on_create_called: [85913743,android.service.dreams.DreamActivity,performCreate]
12-16 11:28:58.768 4609 4609 I wm_on_start_called: [85913743,android.service.dreams.DreamActivity,handleStartActivity]
12-16 11:28:58.768 4609 4609 I wm_on_resume_called: [85913743,android.service.dreams.DreamActivity,RESUME_ACTIVITY]
12-16 11:28:58.769 1497 8974 W WindowManager: Failed looking up window session=Session{47d6d22 4609:u0a10045} callers=com.android.server.wm.WindowManagerService.windowForClientLocked:5628 com.android.server.wm.Session.insetsModified:629 android.view.IWindowSession$Stub.onTransact:1151
12-16 11:28:58.770 4609 4609 I wm_on_top_resumed_gained_called: [85913743,android.service.dreams.DreamActivity,topStateChangedWhenResumed]
12-16 11:28:58.771 1497 1602 I am_pss : [31724,10067,com.android.deskclock,10275840,7712768,0,97685504,0,19,5]
12-16 11:28:58.773 17557 17592 W ContextImpl: Calling a method in the system process without a qualified user: android.app.ContextImpl.startService:1816 android.content.ContextWrapper.startService:774 com.thundercomm.gamemode.ingame.services.GameModeActionUtils.startGameModeService:99 com.thundercomm.gamemode.ingame.services.GameModeActionUtils.startGameModeEntry:22 com.thundercomm.gamemode.ingame.services.ActivityMonitoringService$1.onActivityLaunch:127
12-16 11:28:58.776 1497 1497 I GameModeConfig: Current uri is uri = content://com.thundercomm.gamemode.api/gamemode_settings/gamemode_isgaming
12-16 11:28:58.778 1497 1497 I GameModeConfig: isGameModeOn = false
12-16 11:28:58.779 1497 1497 I GameModeConfig: isGameModeOn = false
12-16 11:28:58.779 1497 1497 I GameModeConfig: isDisableVoice = true
12-16 11:28:58.784 1497 1681 I input_focus: [Focus leaving 99ce125 com.android.settings/com.android.settings.Settings (server),reason=NO_WINDOW]
12-16 11:28:58.792 1497 1596 I input_focus: [Focus request 46040fa com.thundercomm.screensaver/android.service.dreams.DreamActivity,reason=UpdateInputWindows]
12-16 11:28:58.804 1497 1592 I sysui_multi_action: [319,52,322,48,325,24322,757,761,758,8,759,2,806,com.thundercomm.screensaver,871,android.service.dreams.DreamActivity,904,com.thundercomm.screensaver,905,0,1320,4,1321,2]
12-16 11:28:58.804 1497 1592 I wm_activity_launch_time: [0,85913743,com.thundercomm.screensaver/android.service.dreams.DreamActivity,48]
12-16 11:28:58.804 1497 1623 V DisplayPowerController[0]: Brightness [1.0] reason changing to: 'manual', previous reason: 'manual [ dim ]'.
12-16 11:28:58.804 1497 1623 I sysui_multi_action: [757,1696,758,6,759,3]
12-16 11:28:58.817 1497 1868 E DisplayDeviceConfig: requesting nits when no mapping exists.
12-16 11:28:58.817 1497 1868 E DisplayDeviceConfig: requesting nits when no mapping exists.
12-16 11:28:58.818 1497 1603 I am_wtf : [0,1497,system_server,-1,DisplayDeviceConfig,requesting nits when no mapping exists.]
12-16 11:28:58.818 1497 1603 I am_wtf : [0,1497,system_server,-1,DisplayDeviceConfig,requesting nits when no mapping exists.]
12-16 11:28:58.834 1497 1868 E DisplayDeviceConfig: requesting nits when no mapping exists.
12-16 11:28:58.834 1497 1868 E DisplayDeviceConfig: requesting nits when no mapping exists.
12-16 11:28:58.834 1497 1603 I am_wtf : [0,1497,system_server,-1,DisplayDeviceConfig,requesting nits when no mapping exists.]
12-16 11:28:58.834 1497 1603 I am_wtf : [0,1497,system_server,-1,DisplayDeviceConfig,requesting nits when no mapping exists.]
12-16 11:28:58.836 1497 1681 I input_focus: [Focus entering 46040fa com.thundercomm.screensaver/android.service.dreams.DreamActivity (server),reason=Window became focusable. Previous reason: NOT_VISIBLE]
12-16 11:28:58.851 1497 1868 E DisplayDeviceConfig: requesting nits when no mapping exists.
12-16 11:28:58.851 1497 1868 E DisplayDeviceConfig: requesting nits when no mapping exists.
12-16 11:28:58.851 1497 1603 I am_wtf : [0,1497,system_server,-1,DisplayDeviceConfig,requesting nits when no mapping exists.]
12-16 11:28:58.852 1497 1603 I am_wtf : [0,1497,system_server,-1,DisplayDeviceConfig,requesting nits when no mapping exists.]
12-16 11:28:58.867 1497 1868 E DisplayDeviceConfig: requesting nits when no mapping exists.
12-16 11:28:58.867 1497 1868 E DisplayDeviceConfig: requesting nits when no mapping exists.
12-16 11:28:58.868 1497 1603 I am_wtf : [0,1497,system_server,-1,DisplayDeviceConfig,requesting nits when no mapping exists.]
12-16 11:28:58.868 1497 1603 I am_wtf : [0,1497,system_server,-1,DisplayDeviceConfig,requesting nits when no mapping exists.]
12-16 11:28:58.870 17557 17592 W ContextImpl: Calling a method in the system process without a qualified user: android.app.ContextImpl.startService:1816 android.content.ContextWrapper.startService:774 com.thundercomm.gamemode.ingame.services.GameModeActionUtils.startGameModeService:99 com.thundercomm.gamemode.ingame.services.GameModeActionUtils.startGameModeEntry:22 com.thundercomm.gamemode.ingame.services.ActivityMonitoringService$1.onActivityLaunch:127
12-16 11:28:58.872 1497 1497 I GameModeConfig: Current uri is uri = content://com.thundercomm.gamemode.api/gamemode_settings/gamemode_isgaming
12-16 11:28:58.872 1497 1497 I GameModeConfig: isGameModeOn = false
12-16 11:28:58.873 1497 1497 I GameModeConfig: isGameModeOn = false
12-16 11:28:58.873 1497 1497 I GameModeConfig: isDisableVoice = true
12-16 11:28:58.884 1497 1868 E DisplayDeviceConfig: requesting nits when no mapping exists.
12-16 11:28:58.884 1497 1868 E DisplayDeviceConfig: requesting nits when no mapping exists.
12-16 11:28:58.884 1497 1603 I am_wtf : [0,1497,system_server,-1,DisplayDeviceConfig,requesting nits when no mapping exists.]
12-16 11:28:58.885 1497 1603 I am_wtf : [0,1497,system_server,-1,DisplayDeviceConfig,requesting nits when no mapping exists.]
12-16 11:28:58.901 1497 1868 E DisplayDeviceConfig: requesting nits when no mapping exists.
12-16 11:28:58.901 1497 1868 E DisplayDeviceConfig: requesting nits when no mapping exists.
12-16 11:28:58.901 1497 1603 I am_wtf : [0,1497,system_server,-1,DisplayDeviceConfig,requesting nits when no mapping exists.]
12-16 11:28:58.901 1497 1603 I am_wtf : [0,1497,system_server,-1,DisplayDeviceConfig,requesting nits when no mapping exists.]
12-16 11:28:58.917 1497 1868 E DisplayDeviceConfig: requesting nits when no mapping exists.
12-16 11:28:58.917 1497 1868 E DisplayDeviceConfig: requesting nits when no mapping exists.
12-16 11:28:58.918 1497 1603 I am_wtf : [0,1497,system_server,-1,DisplayDeviceConfig,requesting nits when no mapping exists.]
12-16 11:28:58.918 1497 1603 I am_wtf : [0,1497,system_server,-1,DisplayDeviceConfig,requesting nits when no mapping exists.]
12-16 11:28:58.934 1497 1868 E DisplayDeviceConfig: requesting nits when no mapping exists.
12-16 11:28:58.934 1497 1868 E DisplayDeviceConfig: requesting nits when no mapping exists.
12-16 11:28:58.934 1497 1603 I am_wtf : [0,1497,system_server,-1,DisplayDeviceConfig,requesting nits when no mapping exists.]
12-16 11:28:58.935 1497 1603 I am_wtf : [0,1497,system_server,-1,DisplayDeviceConfig,requesting nits when no mapping exists.]
12-16 11:28:58.951 1497 1868 E DisplayDeviceConfig: requesting nits when no mapping exists.
12-16 11:28:58.951 1497 1868 E DisplayDeviceConfig: requesting nits when no mapping exists.
12-16 11:28:58.951 1497 1603 I am_wtf : [0,1497,system_server,-1,DisplayDeviceConfig,requesting nits when no mapping exists.]
12-16 11:28:58.952 1497 1603 I am_wtf : [0,1497,system_server,-1,DisplayDeviceConfig,requesting nits when no mapping exists.]
12-16 11:28:58.968 1497 1868 E DisplayDeviceConfig: requesting nits when no mapping exists.
12-16 11:28:58.968 1497 1868 E DisplayDeviceConfig: requesting nits when no mapping exists.
12-16 11:28:58.968 1497 1603 I am_wtf : [0,1497,system_server,-1,DisplayDeviceConfig,requesting nits when no mapping exists.]
12-16 11:28:58.968 1497 1603 I am_wtf : [0,1497,system_server,-1,DisplayDeviceConfig,requesting nits when no mapping exists.]
12-16 11:28:58.985 1497 1868 E DisplayDeviceConfig: requesting nits when no mapping exists.
12-16 11:28:58.985 1497 1868 E DisplayDeviceConfig: requesting nits when no mapping exists.
12-16 11:28:58.985 1497 1603 I am_wtf : [0,1497,system_server,-1,DisplayDeviceConfig,requesting nits when no mapping exists.]
12-16 11:28:58.985 1497 1603 I am_wtf : [0,1497,system_server,-1,DisplayDeviceConfig,requesting nits when no mapping exists.]
01-01 14:45:24.590 0 0 D : mv2112_read_status
01-01 14:45:24.591 0 0 D mv2112_update_link: 3.0x901(1G): 0x80
01-01 14:45:24.591 0 0 D mv2112_update_link: 3.0x8109(100M): 0x8
01-01 14:45:24.591 0 0 D mv2112_update_link: link 0x0
01-01 14:45:24.591 0 0 D mv2112_read_status: autoneg is disabled
12-16 11:28:59.001 1497 1868 E DisplayDeviceConfig: requesting nits when no mapping exists.
12-16 11:28:59.001 1497 1868 E DisplayDeviceConfig: requesting nits when no mapping exists.
12-16 11:28:59.001 1497 1603 I am_wtf : [0,1497,system_server,-1,DisplayDeviceConfig,requesting nits when no mapping exists.]
12-16 11:28:59.001 1497 1603 I am_wtf : [0,1497,system_server,-1,DisplayDeviceConfig,requesting nits when no mapping exists.]
12-16 11:28:59.017 1497 1868 E DisplayDeviceConfig: requesting nits when no mapping exists.
12-16 11:28:59.018 1497 1868 E DisplayDeviceConfig: requesting nits when no mapping exists.
12-16 11:28:59.018 1497 1603 I am_wtf : [0,1497,system_server,-1,DisplayDeviceConfig,requesting nits when no mapping exists.]
12-16 11:28:59.018 1497 1603 I am_wtf : [0,1497,system_server,-1,DisplayDeviceConfig,requesting nits when no mapping exists.]
12-16 11:28:59.035 1497 1868 E DisplayDeviceConfig: requesting nits when no mapping exists.
12-16 11:28:59.035 1497 1603 I am_wtf : [0,1497,system_server,-1,DisplayDeviceConfig,requesting nits when no mapping exists.]
12-16 11:28:59.035 1497 1868 E DisplayDeviceConfig: requesting nits when no mapping exists.
12-16 11:28:59.035 1497 1603 I am_wtf : [0,1497,system_server,-1,DisplayDeviceConfig,requesting nits when no mapping exists.]
12-16 11:28:59.051 1497 1868 E DisplayDeviceConfig: requesting nits when no mapping exists.
12-16 11:28:59.051 1497 1868 E DisplayDeviceConfig: requesting nits when no mapping exists.
12-16 11:28:59.051 1497 1603 I am_wtf : [0,1497,system_server,-1,DisplayDeviceConfig,requesting nits when no mapping exists.]
12-16 11:28:59.052 1497 1603 I am_wtf : [0,1497,system_server,-1,DisplayDeviceConfig,requesting nits when no mapping exists.]
12-16 11:28:59.068 1497 1868 E DisplayDeviceConfig: requesting nits when no mapping exists.
12-16 11:28:59.068 1497 1603 I am_wtf : [0,1497,system_server,-1,DisplayDeviceConfig,requesting nits when no mapping exists.]
12-16 11:28:59.068 1497 1868 E DisplayDeviceConfig: requesting nits when no mapping exists.
12-16 11:28:59.068 1497 1603 I am_wtf : [0,1497,system_server,-1,DisplayDeviceConfig,requesting nits when no mapping exists.]
12-16 11:28:59.084 1497 1868 E DisplayDeviceConfig: requesting nits when no mapping exists.
12-16 11:28:59.084 1497 1868 E DisplayDeviceConfig: requesting nits when no mapping exists.
12-16 11:28:59.084 1497 1603 I am_wtf : [0,1497,system_server,-1,DisplayDeviceConfig,requesting nits when no mapping exists.]
12-16 11:28:59.085 1497 1603 I am_wtf : [0,1497,system_server,-1,DisplayDeviceConfig,requesting nits when no mapping exists.]
12-16 11:28:59.101 1497 1868 E DisplayDeviceConfig: requesting nits when no mapping exists.
12-16 11:28:59.101 1497 1868 E DisplayDeviceConfig: requesting nits when no mapping exists.
12-16 11:28:59.101 1497 1603 I am_wtf : [0,1497,system_server,-1,DisplayDeviceConfig,requesting nits when no mapping exists.]
12-16 11:28:59.102 1497 1603 I am_wtf : [0,1497,system_server,-1,DisplayDeviceConfig,requesting nits when no mapping exists.]
12-16 11:28:59.118 1497 1868 E DisplayDeviceConfig: requesting nits when no mapping exists.
12-16 11:28:59.119 1497 1868 E DisplayDeviceConfig: requesting nits when no mapping exists.
12-16 11:28:59.119 1497 1603 I am_wtf : [0,1497,system_server,-1,DisplayDeviceConfig,requesting nits when no mapping exists.]
12-16 11:28:59.119 1497 1603 I am_wtf : [0,1497,system_server,-1,DisplayDeviceConfig,requesting nits when no mapping exists.]
12-16 11:28:59.135 1497 1868 E DisplayDeviceConfig: requesting nits when no mapping exists.
12-16 11:28:59.135 1497 1868 E DisplayDeviceConfig: requesting nits when no mapping exists.
12-16 11:28:59.135 1497 1603 I am_wtf : [0,1497,system_server,-1,DisplayDeviceConfig,requesting nits when no mapping exists.]
12-16 11:28:59.136 1497 1603 I am_wtf : [0,1497,system_server,-1,DisplayDeviceConfig,requesting nits when no mapping exists.]
12-16 11:28:59.152 1497 1868 E DisplayDeviceConfig: requesting nits when no mapping exists.
12-16 11:28:59.152 1497 1868 E DisplayDeviceConfig: requesting nits when no mapping exists.
12-16 11:28:59.152 1497 1603 I am_wtf : [0,1497,system_server,-1,DisplayDeviceConfig,requesting nits when no mapping exists.]
12-16 11:28:59.152 1497 1603 I am_wtf : [0,1497,system_server,-1,DisplayDeviceConfig,requesting nits when no mapping exists.]
12-16 11:28:59.168 1497 1868 E DisplayDeviceConfig: requesting nits when no mapping exists.
12-16 11:28:59.168 1497 1868 E DisplayDeviceConfig: requesting nits when no mapping exists.
12-16 11:28:59.168 1497 1603 I am_wtf : [0,1497,system_server,-1,DisplayDeviceConfig,requesting nits when no mapping exists.]
12-16 11:28:59.168 1497 1603 I am_wtf : [0,1497,system_server,-1,DisplayDeviceConfig,requesting nits when no mapping exists.]
12-16 11:28:59.184 1497 1868 E DisplayDeviceConfig: requesting nits when no mapping exists.
12-16 11:28:59.185 1497 1868 E DisplayDeviceConfig: requesting nits when no mapping exists.
12-16 11:28:59.185 1497 1603 I am_wtf : [0,1497,system_server,-1,DisplayDeviceConfig,requesting nits when no mapping exists.]
12-16 11:28:59.185 1497 1603 I am_wtf : [0,1497,system_server,-1,DisplayDeviceConfig,requesting nits when no mapping exists.]
12-16 11:28:59.201 1497 1868 E DisplayDeviceConfig: requesting nits when no mapping exists.
12-16 11:28:59.201 1497 1868 E DisplayDeviceConfig: requesting nits when no mapping exists.
12-16 11:28:59.201 1497 1603 I am_wtf : [0,1497,system_server,-1,DisplayDeviceConfig,requesting nits when no mapping exists.]
12-16 11:28:59.202 1497 1603 I am_wtf : [0,1497,system_server,-1,DisplayDeviceConfig,requesting nits when no mapping exists.]
12-16 11:28:59.218 1497 1868 E DisplayDeviceConfig: requesting nits when no mapping exists.
12-16 11:28:59.218 1497 1868 E DisplayDeviceConfig: requesting nits when no mapping exists.
12-16 11:28:59.218 1497 1603 I am_wtf : [0,1497,system_server,-1,DisplayDeviceConfig,requesting nits when no mapping exists.]
12-16 11:28:59.218 1497 1603 I am_wtf : [0,1497,system_server,-1,DisplayDeviceConfig,requesting nits when no mapping exists.]
12-16 11:28:59.235 1497 1868 E DisplayDeviceConfig: requesting nits when no mapping exists.
12-16 11:28:59.235 1497 1868 E DisplayDeviceConfig: requesting nits when no mapping exists.
12-16 11:28:59.235 1497 1603 I am_wtf : [0,1497,system_server,-1,DisplayDeviceConfig,requesting nits when no mapping exists.]
12-16 11:28:59.235 1497 1603 I am_wtf : [0,1497,system_server,-1,DisplayDeviceConfig,requesting nits when no mapping exists.]
12-16 11:28:59.251 1497 1868 E DisplayDeviceConfig: requesting nits when no mapping exists.
12-16 11:28:59.251 1497 1868 E DisplayDeviceConfig: requesting nits when no mapping exists.
12-16 11:28:59.251 1497 1603 I am_wtf : [0,1497,system_server,-1,DisplayDeviceConfig,requesting nits when no mapping exists.]
12-16 11:28:59.252 1497 1603 I am_wtf : [0,1497,system_server,-1,DisplayDeviceConfig,requesting nits when no mapping exists.]
12-16 11:28:59.268 1497 1868 E DisplayDeviceConfig: requesting nits when no mapping exists.
12-16 11:28:59.268 1497 1868 E DisplayDeviceConfig: requesting nits when no mapping exists.
12-16 11:28:59.268 1497 1603 I am_wtf : [0,1497,system_server,-1,DisplayDeviceConfig,requesting nits when no mapping exists.]
12-16 11:28:59.269 1497 1603 I service_manager_stats: [100,35,6934]
12-16 11:28:59.269 1497 1603 I am_wtf : [0,1497,system_server,-1,DisplayDeviceConfig,requesting nits when no mapping exists.]
12-16 11:28:59.285 1497 1868 E DisplayDeviceConfig: requesting nits when no mapping exists.
12-16 11:28:59.285 1497 1868 E DisplayDeviceConfig: requesting nits when no mapping exists.
12-16 11:28:59.285 1497 1603 I am_wtf : [0,1497,system_server,-1,DisplayDeviceConfig,requesting nits when no mapping exists.]
12-16 11:28:59.285 1497 1603 I am_wtf : [0,1497,system_server,-1,DisplayDeviceConfig,requesting nits when no mapping exists.]
12-16 11:28:59.302 1497 1868 E DisplayDeviceConfig: requesting nits when no mapping exists.
12-16 11:28:59.302 1497 1868 E DisplayDeviceConfig: requesting nits when no mapping exists.
12-16 11:28:59.302 1497 1603 I am_wtf : [0,1497,system_server,-1,DisplayDeviceConfig,requesting nits when no mapping exists.]
12-16 11:28:59.303 1497 1603 I am_wtf : [0,1497,system_server,-1,DisplayDeviceConfig,requesting nits when no mapping exists.]
12-16 11:28:59.303 1497 1595 I wm_stop_activity: [0,267933777,com.android.settings/.Settings]
12-16 11:28:59.318 1497 1868 E DisplayDeviceConfig: requesting nits when no mapping exists.
12-16 11:28:59.318 1497 1868 E DisplayDeviceConfig: requesting nits when no mapping exists.
12-16 11:28:59.319 1497 1603 I am_wtf : [0,1497,system_server,-1,DisplayDeviceConfig,requesting nits when no mapping exists.]
12-16 11:28:59.319 1497 1603 I am_wtf : [0,1497,system_server,-1,DisplayDeviceConfig,requesting nits when no mapping exists.]
12-16 11:28:59.328 27148 27148 I wm_on_stop_called: [267933777,com.android.settings.Settings,STOP_ACTIVITY_ITEM]
12-16 11:28:59.335 1497 1868 E DisplayDeviceConfig: requesting nits when no mapping exists.
12-16 11:28:59.335 1497 1868 E DisplayDeviceConfig: requesting nits when no mapping exists.
12-16 11:28:59.335 1497 1603 I am_wtf : [0,1497,system_server,-1,DisplayDeviceConfig,requesting nits when no mapping exists.]
12-16 11:28:59.336 1497 1603 I am_wtf : [0,1497,system_server,-1,DisplayDeviceConfig,requesting nits when no mapping exists.]
12-16 11:28:59.343 17557 17592 W ContextImpl: Calling a method in the system process without a qualified user: android.app.ContextImpl.startService:1816 android.content.ContextWrapper.startService:774 com.thundercomm.gamemode.ingame.services.GameModeActionUtils.startGameModeService:99 com.thundercomm.gamemode.ingame.services.GameModeActionUtils.startGameModeEntry:22 com.thundercomm.gamemode.ingame.services.ActivityMonitoringService$1.onActivityLaunch:127
12-16 11:28:59.345 1497 1497 I GameModeConfig: Current uri is uri = content://com.thundercomm.gamemode.api/gamemode_settings/gamemode_isgaming
12-16 11:28:59.345 1497 1497 I GameModeConfig: isGameModeOn = false
12-16 11:28:59.346 1497 1497 I GameModeConfig: isGameModeOn = false
12-16 11:28:59.346 1497 1497 I GameModeConfig: isDisableVoice = true
12-16 11:28:59.352 1497 1868 E DisplayDeviceConfig: requesting nits when no mapping exists.
12-16 11:28:59.352 1497 1868 E DisplayDeviceConfig: requesting nits when no mapping exists.
12-16 11:28:59.352 1497 1603 I am_wtf : [0,1497,system_server,-1,DisplayDeviceConfig,requesting nits when no mapping exists.]
12-16 11:28:59.353 1497 1603 I am_wtf : [0,1497,system_server,-1,DisplayDeviceConfig,requesting nits when no mapping exists.]
12-16 11:28:59.367 1497 1868 E DisplayDeviceConfig: requesting nits when no mapping exists.
12-16 11:28:59.368 1497 1868 E DisplayDeviceConfig: requesting nits when no mapping exists.
12-16 11:28:59.369 1497 1603 I am_wtf : [0,1497,system_server,-1,DisplayDeviceConfig,requesting nits when no mapping exists.]
12-16 11:28:59.369 1497 1603 I am_wtf : [0,1497,system_server,-1,DisplayDeviceConfig,requesting nits when no mapping exists.]
12-16 11:28:59.383 1497 1868 E DisplayDeviceConfig: requesting nits when no mapping exists.
12-16 11:28:59.383 1497 1868 E DisplayDeviceConfig: requesting nits when no mapping exists.
12-16 11:28:59.383 1497 1603 I am_wtf : [0,1497,system_server,-1,DisplayDeviceConfig,requesting nits when no mapping exists.]
12-16 11:28:59.383 1497 1603 I am_wtf : [0,1497,system_server,-1,DisplayDeviceConfig,requesting nits when no mapping exists.]
12-16 11:28:59.399 1497 1868 E DisplayDeviceConfig: requesting nits when no mapping exists.
12-16 11:28:59.400 1497 1868 E DisplayDeviceConfig: requesting nits when no mapping exists.
12-16 11:28:59.400 1497 1603 I am_wtf : [0,1497,system_server,-1,DisplayDeviceConfig,requesting nits when no mapping exists.]
12-16 11:28:59.400 1497 1603 I am_wtf : [0,1497,system_server,-1,DisplayDeviceConfig,requesting nits when no mapping exists.]
12-16 11:28:59.416 1497 1868 E DisplayDeviceConfig: requesting nits when no mapping exists.
12-16 11:28:59.416 1497 1868 E DisplayDeviceConfig: requesting nits when no mapping exists.
12-16 11:28:59.416 1497 1603 I am_wtf : [0,1497,system_server,-1,DisplayDeviceConfig,requesting nits when no mapping exists.]
12-16 11:28:59.417 1497 1603 I am_wtf : [0,1497,system_server,-1,DisplayDeviceConfig,requesting nits when no mapping exists.]
12-16 11:28:59.433 1497 1868 E DisplayDeviceConfig: requesting nits when no mapping exists.
12-16 11:28:59.433 1497 1868 E DisplayDeviceConfig: requesting nits when no mapping exists.
12-16 11:28:59.433 1497 1603 I am_wtf : [0,1497,system_server,-1,DisplayDeviceConfig,requesting nits when no mapping exists.]
12-16 11:28:59.433 1497 1603 I am_wtf : [0,1497,system_server,-1,DisplayDeviceConfig,requesting nits when no mapping exists.]
12-16 11:28:59.450 1497 1868 E DisplayDeviceConfig: requesting nits when no mapping exists.
12-16 11:28:59.450 1497 1868 E DisplayDeviceConfig: requesting nits when no mapping exists.
12-16 11:28:59.450 1497 1603 I am_wtf : [0,1497,system_server,-1,DisplayDeviceConfig,requesting nits when no mapping exists.]
12-16 11:28:59.450 1497 1603 I am_wtf : [0,1497,system_server,-1,DisplayDeviceConfig,requesting nits when no mapping exists.]
12-16 11:28:59.467 1497 1868 E DisplayDeviceConfig: requesting nits when no mapping exists.
12-16 11:28:59.467 1497 1868 E DisplayDeviceConfig: requesting nits when no mapping exists.
12-16 11:28:59.467 1497 1603 I am_wtf : [0,1497,system_server,-1,DisplayDeviceConfig,requesting nits when no mapping exists.]
12-16 11:28:59.468 1497 1603 I am_wtf : [0,1497,system_server,-1,DisplayDeviceConfig,requesting nits when no mapping exists.]
12-16 11:28:59.483 1497 1868 E DisplayDeviceConfig: requesting nits when no mapping exists.
12-16 11:28:59.483 1497 1603 I am_wtf : [0,1497,system_server,-1,DisplayDeviceConfig,requesting nits when no mapping exists.]
12-16 11:28:59.483 1497 1868 E DisplayDeviceConfig: requesting nits when no mapping exists.
12-16 11:28:59.484 1497 1603 I am_wtf : [0,1497,system_server,-1,DisplayDeviceConfig,requesting nits when no mapping exists.]
12-16 11:28:59.500 1497 1868 E DisplayDeviceConfig: requesting nits when no mapping exists.
12-16 11:28:59.500 1497 1868 E DisplayDeviceConfig: requesting nits when no mapping exists.
12-16 11:28:59.500 1497 1603 I am_wtf : [0,1497,system_server,-1,DisplayDeviceConfig,requesting nits when no mapping exists.]
12-16 11:28:59.500 1497 1603 I am_wtf : [0,1497,system_server,-1,DisplayDeviceConfig,requesting nits when no mapping exists.]
12-16 11:28:59.517 1497 1868 E DisplayDeviceConfig: requesting nits when no mapping exists.
12-16 11:28:59.517 1497 1868 E DisplayDeviceConfig: requesting nits when no mapping exists.
12-16 11:28:59.517 1497 1603 I am_wtf : [0,1497,system_server,-1,DisplayDeviceConfig,requesting nits when no mapping exists.]
12-16 11:28:59.518 1497 1603 I am_wtf : [0,1497,system_server,-1,DisplayDeviceConfig,requesting nits when no mapping exists.]
12-16 11:28:59.534 1497 1868 E DisplayDeviceConfig: requesting nits when no mapping exists.
12-16 11:28:59.534 1497 1603 I am_wtf : [0,1497,system_server,-1,DisplayDeviceConfig,requesting nits when no mapping exists.]
12-16 11:28:59.535 1497 1868 E DisplayDeviceConfig: requesting nits when no mapping exists.
12-16 11:28:59.535 1497 1603 I am_wtf : [0,1497,system_server,-1,DisplayDeviceConfig,requesting nits when no mapping exists.]
12-16 11:28:59.550 1497 1868 E DisplayDeviceConfig: requesting nits when no mapping exists.
12-16 11:28:59.550 1497 1868 E DisplayDeviceConfig: requesting nits when no mapping exists.
12-16 11:28:59.550 1497 1603 I am_wtf : [0,1497,system_server,-1,DisplayDeviceConfig,requesting nits when no mapping exists.]
12-16 11:28:59.550 1497 1603 I am_wtf : [0,1497,system_server,-1,DisplayDeviceConfig,requesting nits when no mapping exists.]
12-16 11:28:59.567 1497 1868 E DisplayDeviceConfig: requesting nits when no mapping exists.
12-16 11:28:59.567 1497 1603 I am_wtf : [0,1497,system_server,-1,DisplayDeviceConfig,requesting nits when no mapping exists.]
12-16 11:28:59.567 1497 1868 E DisplayDeviceConfig: requesting nits when no mapping exists.
12-16 11:28:59.568 1497 1603 I am_wtf : [0,1497,system_server,-1,DisplayDeviceConfig,requesting nits when no mapping exists.]
12-16 11:28:59.583 1497 1868 E DisplayDeviceConfig: requesting nits when no mapping exists.
12-16 11:28:59.583 1497 1868 E DisplayDeviceConfig: requesting nits when no mapping exists.
12-16 11:28:59.584 1497 1603 I am_wtf : [0,1497,system_server,-1,DisplayDeviceConfig,requesting nits when no mapping exists.]
12-16 11:28:59.584 1497 1603 I am_wtf : [0,1497,system_server,-1,DisplayDeviceConfig,requesting nits when no mapping exists.]
12-16 11:28:59.600 1497 1868 E DisplayDeviceConfig: requesting nits when no mapping exists.
12-16 11:28:59.601 1497 1868 E DisplayDeviceConfig: requesting nits when no mapping exists.
12-16 11:28:59.601 1497 1603 I am_wtf : [0,1497,system_server,-1,DisplayDeviceConfig,requesting nits when no mapping exists.]
12-16 11:28:59.601 1497 1603 I am_wtf : [0,1497,system_server,-1,DisplayDeviceConfig,requesting nits when no mapping exists.]
12-16 11:28:59.617 1497 1868 E DisplayDeviceConfig: requesting nits when no mapping exists.
12-16 11:28:59.617 1497 1868 E DisplayDeviceConfig: requesting nits when no mapping exists.
12-16 11:28:59.617 1497 1603 I am_wtf : [0,1497,system_server,-1,DisplayDeviceConfig,requesting nits when no mapping exists.]
12-16 11:28:59.617 1497 1603 I am_wtf : [0,1497,system_server,-1,DisplayDeviceConfig,requesting nits when no mapping exists.]
12-16 11:28:59.633 1497 1868 E DisplayDeviceConfig: requesting nits when no mapping exists.
12-16 11:28:59.633 1497 1868 E DisplayDeviceConfig: requesting nits when no mapping exists.
12-16 11:28:59.633 1497 1603 I am_wtf : [0,1497,system_server,-1,DisplayDeviceConfig,requesting nits when no mapping exists.]
12-16 11:28:59.634 1497 1603 I am_wtf : [0,1497,system_server,-1,DisplayDeviceConfig,requesting nits when no mapping exists.]
12-16 11:28:59.651 1497 1868 E DisplayDeviceConfig: requesting nits when no mapping exists.
12-16 11:28:59.651 1497 1868 E DisplayDeviceConfig: requesting nits when no mapping exists.
12-16 11:28:59.651 1497 1603 I am_wtf : [0,1497,system_server,-1,DisplayDeviceConfig,requesting nits when no mapping exists.]
12-16 11:28:59.651 1497 1603 I am_wtf : [0,1497,system_server,-1,DisplayDeviceConfig,requesting nits when no mapping exists.]
12-16 11:28:59.667 1497 1868 E DisplayDeviceConfig: requesting nits when no mapping exists.
12-16 11:28:59.667 1497 1868 E DisplayDeviceConfig: requesting nits when no mapping exists.
12-16 11:28:59.667 1497 1603 I am_wtf : [0,1497,system_server,-1,DisplayDeviceConfig,requesting nits when no mapping exists.]
12-16 11:28:59.668 1497 1603 I am_wtf : [0,1497,system_server,-1,DisplayDeviceConfig,requesting nits when no mapping exists.]
12-16 11:28:59.684 1497 1868 E DisplayDeviceConfig: requesting nits when no mapping exists.
12-16 11:28:59.684 1497 1868 E DisplayDeviceConfig: requesting nits when no mapping exists.
12-16 11:28:59.684 1497 1603 I am_wtf : [0,1497,system_server,-1,DisplayDeviceConfig,requesting nits when no mapping exists.]
12-16 11:28:59.684 1497 1603 I am_wtf : [0,1497,system_server,-1,DisplayDeviceConfig,requesting nits when no mapping exists.]
12-16 11:28:59.700 1497 1868 E DisplayDeviceConfig: requesting nits when no mapping exists.
12-16 11:28:59.700 1497 1868 E DisplayDeviceConfig: requesting nits when no mapping exists.
12-16 11:28:59.700 1497 1603 I am_wtf : [0,1497,system_server,-1,DisplayDeviceConfig,requesting nits when no mapping exists.]
12-16 11:28:59.700 1497 1603 I am_wtf : [0,1497,system_server,-1,DisplayDeviceConfig,requesting nits when no mapping exists.]
12-16 11:28:59.717 1497 1868 E DisplayDeviceConfig: requesting nits when no mapping exists.
12-16 11:28:59.717 1497 1868 E DisplayDeviceConfig: requesting nits when no mapping exists.
12-16 11:28:59.717 1497 1603 I am_wtf : [0,1497,system_server,-1,DisplayDeviceConfig,requesting nits when no mapping exists.]
12-16 11:28:59.717 1497 1603 I am_wtf : [0,1497,system_server,-1,DisplayDeviceConfig,requesting nits when no mapping exists.]
12-16 11:28:59.733 1497 1868 E DisplayDeviceConfig: requesting nits when no mapping exists.
12-16 11:28:59.734 1497 1868 E DisplayDeviceConfig: requesting nits when no mapping exists.
12-16 11:28:59.735 1497 1603 I am_wtf : [0,1497,system_server,-1,DisplayDeviceConfig,requesting nits when no mapping exists.]
12-16 11:28:59.735 1497 1603 I am_wtf : [0,1497,system_server,-1,DisplayDeviceConfig,requesting nits when no mapping exists.]
12-16 11:28:59.750 1497 1868 E DisplayDeviceConfig: requesting nits when no mapping exists.
12-16 11:28:59.751 1497 1603 I am_wtf : [0,1497,system_server,-1,DisplayDeviceConfig,requesting nits when no mapping exists.]
12-16 11:28:59.751 1497 1868 E DisplayDeviceConfig: requesting nits when no mapping exists.
12-16 11:28:59.751 1497 1603 I am_wtf : [0,1497,system_server,-1,DisplayDeviceConfig,requesting nits when no mapping exists.]
12-16 11:28:59.759 0 0 I auditd : type=1400 audit(0.0:25929): avc: denied { kill } for comm="swapper/6" capability=5 scontext=u:r:kernel:s0 tcontext=u:r:kernel:s0 tclass=capability permissive=0
12-16 11:28:59.767 1497 1868 E DisplayDeviceConfig: requesting nits when no mapping exists.
12-16 11:28:59.767 1497 1868 E DisplayDeviceConfig: requesting nits when no mapping exists.
12-16 11:28:59.767 1497 1603 I am_wtf : [0,1497,system_server,-1,DisplayDeviceConfig,requesting nits when no mapping exists.]
12-16 11:28:59.767 1497 1603 I am_wtf : [0,1497,system_server,-1,DisplayDeviceConfig,requesting nits when no mapping exists.]
01-01 14:45:25.614 0 0 D : mv2112_read_status
01-01 14:45:25.615 0 0 D mv2112_update_link: 3.0x901(1G): 0x80
01-01 14:45:25.615 0 0 D mv2112_update_link: 3.0x8109(100M): 0x8
01-01 14:45:25.615 0 0 D mv2112_update_link: link 0x0
01-01 14:45:25.615 0 0 D mv2112_read_status: autoneg is disabled
12-16 11:29:00.759 0 0 I auditd : type=1400 audit(0.0:25930): avc: denied { kill } for comm="swapper/6" capability=5 scontext=u:r:kernel:s0 tcontext=u:r:kernel:s0 tclass=capability permissive=0
01-01 14:45:26.638 0 0 D : mv2112_read_status
01-01 14:45:26.638 0 0 D mv2112_update_link: 3.0x901(1G): 0x80
01-01 14:45:26.639 0 0 D mv2112_update_link: 3.0x8109(100M): 0x8
01-01 14:45:26.639 0 0 D mv2112_update_link: link 0x0
01-01 14:45:26.639 0 0 D mv2112_read_status: autoneg is disabled
