01-01 14:41:33.167 0 0 D mv2112_read_status: autoneg is disabled
12-16 11:25:07.759 350 350 I auditd : type=1400 audit(0.0:25603): avc: denied { kill } for comm="irq/382-atmel_m" capability=5 scontext=u:r:kernel:s0 tcontext=u:r:kernel:s0 tclass=capability permissive=0
01-01 14:41:34.190 0 0 D : mv2112_read_status
01-01 14:41:34.190 0 0 D mv2112_update_link: 3.0x901(1G): 0x80
01-01 14:41:34.191 0 0 D mv2112_update_link: 3.0x8109(100M): 0x8
01-01 14:41:34.191 0 0 D mv2112_update_link: link 0x0
01-01 14:41:34.191 0 0 D mv2112_read_status: autoneg is disabled
12-16 11:25:08.759 350 350 I auditd : type=1400 audit(0.0:25604): avc: denied { kill } for comm="irq/382-atmel_m" capability=5 scontext=u:r:kernel:s0 tcontext=u:r:kernel:s0 tclass=capability permissive=0
01-01 14:41:35.214 0 0 D : mv2112_read_status
01-01 14:41:35.214 0 0 D mv2112_update_link: 3.0x901(1G): 0x80
01-01 14:41:35.215 0 0 D mv2112_update_link: 3.0x8109(100M): 0x8
01-01 14:41:35.215 0 0 D mv2112_update_link: link 0x0
01-01 14:41:35.215 0 0 D mv2112_read_status: autoneg is disabled
12-16 11:25:09.759 0 0 I auditd : type=1400 audit(0.0:25605): avc: denied { kill } for comm="swapper/0" capability=5 scontext=u:r:kernel:s0 tcontext=u:r:kernel:s0 tclass=capability permissive=0
01-01 14:41:36.238 0 0 D : mv2112_read_status
01-01 14:41:36.238 0 0 D mv2112_update_link: 3.0x901(1G): 0x80
01-01 14:41:36.239 0 0 D mv2112_update_link: 3.0x8109(100M): 0x8
01-01 14:41:36.239 0 0 D mv2112_update_link: link 0x0
01-01 14:41:36.239 0 0 D mv2112_read_status: autoneg is disabled
01-01 14:41:36.308 0 0 I [soft_i][0x6bb809a67d][11:25:10.705336] wlan: [0:I:QDF] DHCP-R TX: SA:7a:e4:bc:f9:6b:c7 DA:58:d9:d5:44:ba:d8 msdu_id:0 status: succ
01-01 14:41:36.321 0 0 I [dp_rx_][0x6bb80d3bec][11:25:10.717568] wlan: [9507:I:QDF] DHCP-A RX: SA:58:d9:d5:44:ba:d8 DA:ff:ff:ff:ff:ff:ff
12-16 11:25:10.759 0 0 I auditd : type=1400 audit(0.0:25606): avc: denied { kill } for comm="swapper/0" capability=5 scontext=u:r:kernel:s0 tcontext=u:r:kernel:s0 tclass=capability permissive=0
01-01 14:41:37.262 0 0 D : mv2112_read_status
01-01 14:41:37.263 0 0 D mv2112_update_link: 3.0x901(1G): 0x80
01-01 14:41:37.263 0 0 D mv2112_update_link: 3.0x8109(100M): 0x8
01-01 14:41:37.263 0 0 D mv2112_update_link: link 0x0
01-01 14:41:37.263 0 0 D mv2112_read_status: autoneg is disabled
12-16 11:25:11.759 0 0 I auditd : type=1400 audit(0.0:25607): avc: denied { kill } for comm="swapper/0" capability=5 scontext=u:r:kernel:s0 tcontext=u:r:kernel:s0 tclass=capability permissive=0
01-01 14:41:38.286 0 0 D : mv2112_read_status
01-01 14:41:38.286 0 0 D mv2112_update_link: 3.0x901(1G): 0x80
01-01 14:41:38.287 0 0 D mv2112_update_link: 3.0x8109(100M): 0x8
01-01 14:41:38.287 0 0 D mv2112_update_link: link 0x0
01-01 14:41:38.287 0 0 D mv2112_read_status: autoneg is disabled
12-16 11:25:12.759 350 350 I auditd : type=1400 audit(0.0:25608): avc: denied { kill } for comm="irq/382-atmel_m" capability=5 scontext=u:r:kernel:s0 tcontext=u:r:kernel:s0 tclass=capability permissive=0
01-01 14:41:39.310 0 0 D : mv2112_read_status
01-01 14:41:39.310 0 0 D mv2112_update_link: 3.0x901(1G): 0x80
01-01 14:41:39.311 0 0 D mv2112_update_link: 3.0x8109(100M): 0x8
01-01 14:41:39.311 0 0 D mv2112_update_link: link 0x0
01-01 14:41:39.311 0 0 D mv2112_read_status: autoneg is disabled
12-16 11:25:13.759 0 0 I auditd : type=1400 audit(0.0:25609): avc: denied { kill } for comm="swapper/0" capability=5 scontext=u:r:kernel:s0 tcontext=u:r:kernel:s0 tclass=capability permissive=0
01-01 14:41:40.334 0 0 D : mv2112_read_status
01-01 14:41:40.335 0 0 D mv2112_update_link: 3.0x901(1G): 0x80
01-01 14:41:40.335 0 0 D mv2112_update_link: 3.0x8109(100M): 0x8
01-01 14:41:40.335 0 0 D mv2112_update_link: link 0x0
01-01 14:41:40.335 0 0 D mv2112_read_status: autoneg is disabled
12-16 11:25:14.759 0 0 I auditd : type=1400 audit(0.0:25610): avc: denied { kill } for comm="swapper/0" capability=5 scontext=u:r:kernel:s0 tcontext=u:r:kernel:s0 tclass=capability permissive=0
01-01 14:41:41.358 0 0 D : mv2112_read_status
01-01 14:41:41.358 0 0 D mv2112_update_link: 3.0x901(1G): 0x80
01-01 14:41:41.359 0 0 D mv2112_update_link: 3.0x8109(100M): 0x8
01-01 14:41:41.359 0 0 D mv2112_update_link: link 0x0
01-01 14:41:41.359 0 0 D mv2112_read_status: autoneg is disabled
12-16 11:25:15.759 0 0 I auditd : type=1400 audit(0.0:25611): avc: denied { kill } for comm="swapper/0" capability=5 scontext=u:r:kernel:s0 tcontext=u:r:kernel:s0 tclass=capability permissive=0
12-16 11:25:16.759 0 0 I auditd : type=1400 audit(0.0:25612): avc: denied { kill } for comm="swapper/0" capability=5 scontext=u:r:kernel:s0 tcontext=u:r:kernel:s0 tclass=capability permissive=0
01-01 14:41:42.382 0 0 D : mv2112_read_status
01-01 14:41:42.382 0 0 D mv2112_update_link: 3.0x901(1G): 0x80
01-01 14:41:42.383 0 0 D mv2112_update_link: 3.0x8109(100M): 0x8
01-01 14:41:42.383 0 0 D mv2112_update_link: link 0x0
01-01 14:41:42.383 0 0 D mv2112_read_status: autoneg is disabled
12-16 11:25:17.759 350 350 I auditd : type=1400 audit(0.0:25613): avc: denied { kill } for comm="irq/382-atmel_m" capability=5 scontext=u:r:kernel:s0 tcontext=u:r:kernel:s0 tclass=capability permissive=0
01-01 14:41:43.406 0 0 D : mv2112_read_status
01-01 14:41:43.406 0 0 D mv2112_update_link: 3.0x901(1G): 0x80
01-01 14:41:43.407 0 0 D mv2112_update_link: 3.0x8109(100M): 0x8
01-01 14:41:43.407 0 0 D mv2112_update_link: link 0x0
01-01 14:41:43.407 0 0 D mv2112_read_status: autoneg is disabled
12-16 11:25:18.759 0 0 I auditd : type=1400 audit(0.0:25614): avc: denied { kill } for comm="swapper/0" capability=5 scontext=u:r:kernel:s0 tcontext=u:r:kernel:s0 tclass=capability permissive=0
01-01 14:41:44.430 0 0 D : mv2112_read_status
01-01 14:41:44.430 0 0 D mv2112_update_link: 3.0x901(1G): 0x80
01-01 14:41:44.431 0 0 D mv2112_update_link: 3.0x8109(100M): 0x8
01-01 14:41:44.431 0 0 D mv2112_update_link: link 0x0
01-01 14:41:44.431 0 0 D mv2112_read_status: autoneg is disabled
12-16 11:25:19.759 0 0 I auditd : type=1400 audit(0.0:25615): avc: denied { kill } for comm="swapper/0" capability=5 scontext=u:r:kernel:s0 tcontext=u:r:kernel:s0 tclass=capability permissive=0
01-01 14:41:45.454 0 0 D : mv2112_read_status
01-01 14:41:45.455 0 0 D mv2112_update_link: 3.0x901(1G): 0x80
01-01 14:41:45.455 0 0 D mv2112_update_link: 3.0x8109(100M): 0x8
01-01 14:41:45.455 0 0 D mv2112_update_link: link 0x0
01-01 14:41:45.455 0 0 D mv2112_read_status: autoneg is disabled
12-16 11:25:20.759 0 0 I auditd : type=1400 audit(0.0:25616): avc: denied { kill } for comm="swapper/0" capability=5 scontext=u:r:kernel:s0 tcontext=u:r:kernel:s0 tclass=capability permissive=0
01-01 14:41:46.478 0 0 D : mv2112_read_status
01-01 14:41:46.478 0 0 D mv2112_update_link: 3.0x901(1G): 0x80
01-01 14:41:46.479 0 0 D mv2112_update_link: 3.0x8109(100M): 0x8
01-01 14:41:46.479 0 0 D mv2112_update_link: link 0x0
01-01 14:41:46.479 0 0 D mv2112_read_status: autoneg is disabled
12-16 11:25:21.759 0 0 I auditd : type=1400 audit(0.0:25617): avc: denied { kill } for comm="swapper/0" capability=5 scontext=u:r:kernel:s0 tcontext=u:r:kernel:s0 tclass=capability permissive=0
01-01 14:41:47.502 0 0 D : mv2112_read_status
01-01 14:41:47.503 0 0 D mv2112_update_link: 3.0x901(1G): 0x80
01-01 14:41:47.503 0 0 D mv2112_update_link: 3.0x8109(100M): 0x8
01-01 14:41:47.503 0 0 D mv2112_update_link: link 0x0
01-01 14:41:47.503 0 0 D mv2112_read_status: autoneg is disabled
12-16 11:25:22.759 0 0 I auditd : type=1400 audit(0.0:25618): avc: denied { kill } for comm="swapper/0" capability=5 scontext=u:r:kernel:s0 tcontext=u:r:kernel:s0 tclass=capability permissive=0
01-01 14:41:48.526 0 0 D : mv2112_read_status
01-01 14:41:48.526 0 0 D mv2112_update_link: 3.0x901(1G): 0x80
01-01 14:41:48.527 0 0 D mv2112_update_link: 3.0x8109(100M): 0x8
01-01 14:41:48.527 0 0 D mv2112_update_link: link 0x0
01-01 14:41:48.527 0 0 D mv2112_read_status: autoneg is disabled
12-16 11:25:23.759 0 0 I auditd : type=1400 audit(0.0:25619): avc: denied { kill } for comm="swapper/0" capability=5 scontext=u:r:kernel:s0 tcontext=u:r:kernel:s0 tclass=capability permissive=0
01-01 14:41:49.550 0 0 D : mv2112_read_status
01-01 14:41:49.550 0 0 D mv2112_update_link: 3.0x901(1G): 0x80
01-01 14:41:49.551 0 0 D mv2112_update_link: 3.0x8109(100M): 0x8
01-01 14:41:49.551 0 0 D mv2112_update_link: link 0x0
01-01 14:41:49.551 0 0 D mv2112_read_status: autoneg is disabled
12-16 11:25:24.759 0 0 I auditd : type=1400 audit(0.0:25620): avc: denied { kill } for comm="swapper/0" capability=5 scontext=u:r:kernel:s0 tcontext=u:r:kernel:s0 tclass=capability permissive=0
01-01 14:41:50.574 0 0 D : mv2112_read_status
01-01 14:41:50.575 0 0 D mv2112_update_link: 3.0x901(1G): 0x80
01-01 14:41:50.575 0 0 D mv2112_update_link: 3.0x8109(100M): 0x8
01-01 14:41:50.575 0 0 D mv2112_update_link: link 0x0
01-01 14:41:50.575 0 0 D mv2112_read_status: autoneg is disabled
12-16 11:25:25.759 0 0 I auditd : type=1400 audit(0.0:25621): avc: denied { kill } for comm="swapper/0" capability=5 scontext=u:r:kernel:s0 tcontext=u:r:kernel:s0 tclass=capability permissive=0
01-01 14:41:51.598 0 0 D : mv2112_read_status
01-01 14:41:51.599 0 0 D mv2112_update_link: 3.0x901(1G): 0x80
01-01 14:41:51.599 0 0 D mv2112_update_link: 3.0x8109(100M): 0x8
01-01 14:41:51.599 0 0 D mv2112_update_link: link 0x0
01-01 14:41:51.599 0 0 D mv2112_read_status: autoneg is disabled
12-16 11:25:26.759 0 0 I auditd : type=1400 audit(0.0:25622): avc: denied { kill } for comm="swapper/0" capability=5 scontext=u:r:kernel:s0 tcontext=u:r:kernel:s0 tclass=capability permissive=0
01-01 14:41:52.622 0 0 D : mv2112_read_status
01-01 14:41:52.623 0 0 D mv2112_update_link: 3.0x901(1G): 0x80
01-01 14:41:52.623 0 0 D mv2112_update_link: 3.0x8109(100M): 0x8
01-01 14:41:52.623 0 0 D mv2112_update_link: link 0x0
01-01 14:41:52.623 0 0 D mv2112_read_status: autoneg is disabled
12-16 11:25:27.759 0 0 I auditd : type=1400 audit(0.0:25623): avc: denied { kill } for comm="swapper/0" capability=5 scontext=u:r:kernel:s0 tcontext=u:r:kernel:s0 tclass=capability permissive=0
01-01 14:41:53.646 0 0 D : mv2112_read_status
01-01 14:41:53.647 0 0 D mv2112_update_link: 3.0x901(1G): 0x80
01-01 14:41:53.647 0 0 D mv2112_update_link: 3.0x8109(100M): 0x8
01-01 14:41:53.647 0 0 D mv2112_update_link: link 0x0
01-01 14:41:53.647 0 0 D mv2112_read_status: autoneg is disabled
12-16 11:25:28.759 0 0 I auditd : type=1400 audit(0.0:25624): avc: denied { kill } for comm="swapper/0" capability=5 scontext=u:r:kernel:s0 tcontext=u:r:kernel:s0 tclass=capability permissive=0
01-01 14:41:54.670 0 0 D : mv2112_read_status
01-01 14:41:54.671 0 0 D mv2112_update_link: 3.0x901(1G): 0x80
01-01 14:41:54.671 0 0 D mv2112_update_link: 3.0x8109(100M): 0x8
01-01 14:41:54.671 0 0 D mv2112_update_link: link 0x0
01-01 14:41:54.671 0 0 D mv2112_read_status: autoneg is disabled
12-16 11:25:29.759 350 350 I auditd : type=1400 audit(0.0:25625): avc: denied { kill } for comm="irq/382-atmel_m" capability=5 scontext=u:r:kernel:s0 tcontext=u:r:kernel:s0 tclass=capability permissive=0
01-01 14:41:55.694 0 0 D : mv2112_read_status
01-01 14:41:55.695 0 0 D mv2112_update_link: 3.0x901(1G): 0x80
01-01 14:41:55.695 0 0 D mv2112_update_link: 3.0x8109(100M): 0x8
01-01 14:41:55.695 0 0 D mv2112_update_link: link 0x0
01-01 14:41:55.695 0 0 D mv2112_read_status: autoneg is disabled
12-16 11:25:30.759 0 0 I auditd : type=1400 audit(0.0:25626): avc: denied { kill } for comm="swapper/0" capability=5 scontext=u:r:kernel:s0 tcontext=u:r:kernel:s0 tclass=capability permissive=0
01-01 14:41:56.718 0 0 D : mv2112_read_status
01-01 14:41:56.718 0 0 D mv2112_update_link: 3.0x901(1G): 0x80
01-01 14:41:56.719 0 0 D mv2112_update_link: 3.0x8109(100M): 0x8
01-01 14:41:56.719 0 0 D mv2112_update_link: link 0x0
01-01 14:41:56.719 0 0 D mv2112_read_status: autoneg is disabled
12-16 11:25:31.759 350 350 I auditd : type=1400 audit(0.0:25627): avc: denied { kill } for comm="irq/382-atmel_m" capability=5 scontext=u:r:kernel:s0 tcontext=u:r:kernel:s0 tclass=capability permissive=0
01-01 14:41:57.742 0 0 D : mv2112_read_status
01-01 14:41:57.742 0 0 D mv2112_update_link: 3.0x901(1G): 0x80
01-01 14:41:57.743 0 0 D mv2112_update_link: 3.0x8109(100M): 0x8
01-01 14:41:57.743 0 0 D mv2112_update_link: link 0x0
01-01 14:41:57.743 0 0 D mv2112_read_status: autoneg is disabled
12-16 11:25:32.759 0 0 I auditd : type=1400 audit(0.0:25628): avc: denied { kill } for comm="swapper/0" capability=5 scontext=u:r:kernel:s0 tcontext=u:r:kernel:s0 tclass=capability permissive=0
01-01 14:41:58.766 0 0 D : mv2112_read_status
01-01 14:41:58.767 0 0 D mv2112_update_link: 3.0x901(1G): 0x80
01-01 14:41:58.767 0 0 D mv2112_update_link: 3.0x8109(100M): 0x8
01-01 14:41:58.767 0 0 D mv2112_update_link: link 0x0
01-01 14:41:58.767 0 0 D mv2112_read_status: autoneg is disabled
12-16 11:25:33.759 0 0 I auditd : type=1400 audit(0.0:25629): avc: denied { kill } for comm="swapper/0" capability=5 scontext=u:r:kernel:s0 tcontext=u:r:kernel:s0 tclass=capability permissive=0
01-01 14:41:59.790 0 0 D : mv2112_read_status
01-01 14:41:59.790 0 0 D mv2112_update_link: 3.0x901(1G): 0x80
01-01 14:41:59.791 0 0 D mv2112_update_link: 3.0x8109(100M): 0x8
01-01 14:41:59.791 0 0 D mv2112_update_link: link 0x0
01-01 14:41:59.791 0 0 D mv2112_read_status: autoneg is disabled
12-16 11:25:34.759 0 0 I auditd : type=1400 audit(0.0:25630): avc: denied { kill } for comm="swapper/0" capability=5 scontext=u:r:kernel:s0 tcontext=u:r:kernel:s0 tclass=capability permissive=0
01-01 14:42:00.814 0 0 D : mv2112_read_status
01-01 14:42:00.815 0 0 D mv2112_update_link: 3.0x901(1G): 0x80
01-01 14:42:00.815 0 0 D mv2112_update_link: 3.0x8109(100M): 0x8
01-01 14:42:00.815 0 0 D mv2112_update_link: link 0x0
01-01 14:42:00.815 0 0 D mv2112_read_status: autoneg is disabled
12-16 11:25:35.759 0 0 I auditd : type=1400 audit(0.0:25631): avc: denied { kill } for comm="swapper/0" capability=5 scontext=u:r:kernel:s0 tcontext=u:r:kernel:s0 tclass=capability permissive=0
01-01 14:42:01.838 0 0 D : mv2112_read_status
01-01 14:42:01.839 0 0 D mv2112_update_link: 3.0x901(1G): 0x80
01-01 14:42:01.839 0 0 D mv2112_update_link: 3.0x8109(100M): 0x8
01-01 14:42:01.839 0 0 D mv2112_update_link: link 0x0
01-01 14:42:01.839 0 0 D mv2112_read_status: autoneg is disabled
12-16 11:25:36.759 0 0 I auditd : type=1400 audit(0.0:25632): avc: denied { kill } for comm="swapper/0" capability=5 scontext=u:r:kernel:s0 tcontext=u:r:kernel:s0 tclass=capability permissive=0
01-01 14:42:02.862 0 0 D : mv2112_read_status
01-01 14:42:02.862 0 0 D mv2112_update_link: 3.0x901(1G): 0x80
01-01 14:42:02.863 0 0 D mv2112_update_link: 3.0x8109(100M): 0x8
01-01 14:42:02.863 0 0 D mv2112_update_link: link 0x0
01-01 14:42:02.863 0 0 D mv2112_read_status: autoneg is disabled
12-16 11:25:37.759 350 350 I auditd : type=1400 audit(0.0:25633): avc: denied { kill } for comm="irq/382-atmel_m" capability=5 scontext=u:r:kernel:s0 tcontext=u:r:kernel:s0 tclass=capability permissive=0
01-01 14:42:03.886 0 0 D : mv2112_read_status
01-01 14:42:03.886 0 0 D mv2112_update_link: 3.0x901(1G): 0x80
01-01 14:42:03.887 0 0 D mv2112_update_link: 3.0x8109(100M): 0x8
01-01 14:42:03.887 0 0 D mv2112_update_link: link 0x0
01-01 14:42:03.887 0 0 D mv2112_read_status: autoneg is disabled
12-16 11:25:38.759 0 0 I auditd : type=1400 audit(0.0:25634): avc: denied { kill } for comm="swapper/0" capability=5 scontext=u:r:kernel:s0 tcontext=u:r:kernel:s0 tclass=capability permissive=0
01-01 14:42:04.910 0 0 D : mv2112_read_status
01-01 14:42:04.910 0 0 D mv2112_update_link: 3.0x901(1G): 0x80
01-01 14:42:04.911 0 0 D mv2112_update_link: 3.0x8109(100M): 0x8
01-01 14:42:04.911 0 0 D mv2112_update_link: link 0x0
01-01 14:42:04.911 0 0 D mv2112_read_status: autoneg is disabled
12-16 11:25:39.759 0 0 I auditd : type=1400 audit(0.0:25635): avc: denied { kill } for comm="swapper/0" capability=5 scontext=u:r:kernel:s0 tcontext=u:r:kernel:s0 tclass=capability permissive=0
01-01 14:42:05.934 0 0 D : mv2112_read_status
01-01 14:42:05.934 0 0 D mv2112_update_link: 3.0x901(1G): 0x80
01-01 14:42:05.935 0 0 D mv2112_update_link: 3.0x8109(100M): 0x8
01-01 14:42:05.935 0 0 D mv2112_update_link: link 0x0
01-01 14:42:05.935 0 0 D mv2112_read_status: autoneg is disabled
12-16 11:25:40.763 0 0 I auditd : type=1400 audit(0.0:25636): avc: denied { kill } for comm="swapper/0" capability=5 scontext=u:r:kernel:s0 tcontext=u:r:kernel:s0 tclass=capability permissive=0
01-01 14:42:06.380 0 0 I [soft_i][0x6bda73ace1][11:25:40.776888] wlan: [0:I:QDF] DHCP-R TX: SA:7a:e4:bc:f9:6b:c7 DA:58:d9:d5:44:ba:d8 msdu_id:7 status: succ
01-01 14:42:06.393 0 0 I [dp_rx_][0x6bda77a18a][11:25:40.790390] wlan: [9507:I:QDF] DHCP-A RX: SA:58:d9:d5:44:ba:d8 DA:ff:ff:ff:ff:ff:ff
01-01 14:42:06.958 0 0 D : mv2112_read_status
01-01 14:42:06.958 0 0 D mv2112_update_link: 3.0x901(1G): 0x80
01-01 14:42:06.959 0 0 D mv2112_update_link: 3.0x8109(100M): 0x8
01-01 14:42:06.959 0 0 D mv2112_update_link: link 0x0
01-01 14:42:06.959 0 0 D mv2112_read_status: autoneg is disabled
12-16 11:25:41.759 0 0 I auditd : type=1400 audit(0.0:25637): avc: denied { kill } for comm="swapper/0" capability=5 scontext=u:r:kernel:s0 tcontext=u:r:kernel:s0 tclass=capability permissive=0
01-01 14:42:07.982 0 0 D : mv2112_read_status
01-01 14:42:07.982 0 0 D mv2112_update_link: 3.0x901(1G): 0x80
01-01 14:42:07.983 0 0 D mv2112_update_link: 3.0x8109(100M): 0x8
01-01 14:42:07.983 0 0 D mv2112_update_link: link 0x0
01-01 14:42:07.983 0 0 D mv2112_read_status: autoneg is disabled
01-01 14:42:09.006 0 0 D : mv2112_read_status
01-01 14:42:09.007 0 0 D mv2112_update_link: 3.0x901(1G): 0x80
01-01 14:42:09.007 0 0 D mv2112_update_link: 3.0x8109(100M): 0x8
01-01 14:42:09.007 0 0 D mv2112_update_link: link 0x0
01-01 14:42:09.007 0 0 D mv2112_read_status: autoneg is disabled
12-16 11:25:43.759 0 0 I auditd : type=1400 audit(0.0:25638): avc: denied { kill } for comm="swapper/0" capability=5 scontext=u:r:kernel:s0 tcontext=u:r:kernel:s0 tclass=capability permissive=0
01-01 14:42:10.030 0 0 D : mv2112_read_status
01-01 14:42:10.030 0 0 D mv2112_update_link: 3.0x901(1G): 0x80
01-01 14:42:10.031 0 0 D mv2112_update_link: 3.0x8109(100M): 0x8
01-01 14:42:10.031 0 0 D mv2112_update_link: link 0x0
01-01 14:42:10.031 0 0 D mv2112_read_status: autoneg is disabled
12-16 11:25:44.759 350 350 I auditd : type=1400 audit(0.0:25639): avc: denied { kill } for comm="irq/382-atmel_m" capability=5 scontext=u:r:kernel:s0 tcontext=u:r:kernel:s0 tclass=capability permissive=0
12-16 11:25:45.030 1497 1709 I netstats_mobile_sample: [0,0,0,0,0,0,0,0,0,0,0,0,1671161145029]
12-16 11:25:45.030 1497 1709 I netstats_wifi_sample: [166412269,374383,229666679,514480,166412269,374383,229666679,514480,190548527,547793,115096582,259303,1671161145029]
01-01 14:42:11.054 0 0 D : mv2112_read_status
01-01 14:42:11.054 0 0 D mv2112_update_link: 3.0x901(1G): 0x80
01-01 14:42:11.055 0 0 D mv2112_update_link: 3.0x8109(100M): 0x8
01-01 14:42:11.055 0 0 D mv2112_update_link: link 0x0
01-01 14:42:11.055 0 0 D mv2112_read_status: autoneg is disabled
12-16 11:25:45.759 0 0 I auditd : type=1400 audit(0.0:25640): avc: denied { kill } for comm="swapper/0" capability=5 scontext=u:r:kernel:s0 tcontext=u:r:kernel:s0 tclass=capability permissive=0
01-01 14:42:12.078 0 0 D : mv2112_read_status
01-01 14:42:12.079 0 0 D mv2112_update_link: 3.0x901(1G): 0x80
01-01 14:42:12.079 0 0 D mv2112_update_link: 3.0x8109(100M): 0x8
01-01 14:42:12.079 0 0 D mv2112_update_link: link 0x0
01-01 14:42:12.079 0 0 D mv2112_read_status: autoneg is disabled
12-16 11:25:46.759 0 0 I auditd : type=1400 audit(0.0:25641): avc: denied { kill } for comm="swapper/0" capability=5 scontext=u:r:kernel:s0 tcontext=u:r:kernel:s0 tclass=capability permissive=0
01-01 14:42:13.102 0 0 D : mv2112_read_status
01-01 14:42:13.102 0 0 D mv2112_update_link: 3.0x901(1G): 0x80
01-01 14:42:13.103 0 0 D mv2112_update_link: 3.0x8109(100M): 0x8
01-01 14:42:13.103 0 0 D mv2112_update_link: link 0x0
01-01 14:42:13.103 0 0 D mv2112_read_status: autoneg is disabled
12-16 11:25:47.759 350 350 I auditd : type=1400 audit(0.0:25642): avc: denied { kill } for comm="irq/382-atmel_m" capability=5 scontext=u:r:kernel:s0 tcontext=u:r:kernel:s0 tclass=capability permissive=0
01-01 14:42:14.126 0 0 D : mv2112_read_status
01-01 14:42:14.126 0 0 D mv2112_update_link: 3.0x901(1G): 0x80
01-01 14:42:14.127 0 0 D mv2112_update_link: 3.0x8109(100M): 0x8
01-01 14:42:14.127 0 0 D mv2112_update_link: link 0x0
01-01 14:42:14.127 0 0 D mv2112_read_status: autoneg is disabled
12-16 11:25:48.759 350 350 I auditd : type=1400 audit(0.0:25643): avc: denied { kill } for comm="irq/382-atmel_m" capability=5 scontext=u:r:kernel:s0 tcontext=u:r:kernel:s0 tclass=capability permissive=0
01-01 14:42:15.150 0 0 D : mv2112_read_status
01-01 14:42:15.150 0 0 D mv2112_update_link: 3.0x901(1G): 0x80
01-01 14:42:15.151 0 0 D mv2112_update_link: 3.0x8109(100M): 0x8
01-01 14:42:15.151 0 0 D mv2112_update_link: link 0x0
01-01 14:42:15.151 0 0 D mv2112_read_status: autoneg is disabled
12-16 11:25:49.759 0 0 I auditd : type=1400 audit(0.0:25644): avc: denied { kill } for comm="swapper/0" capability=5 scontext=u:r:kernel:s0 tcontext=u:r:kernel:s0 tclass=capability permissive=0
01-01 14:42:16.174 0 0 D : mv2112_read_status
01-01 14:42:16.174 0 0 D mv2112_update_link: 3.0x901(1G): 0x80
01-01 14:42:16.175 0 0 D mv2112_update_link: 3.0x8109(100M): 0x8
01-01 14:42:16.175 0 0 D mv2112_update_link: link 0x0
01-01 14:42:16.175 0 0 D mv2112_read_status: autoneg is disabled
12-16 11:25:50.759 0 0 I auditd : type=1400 audit(0.0:25645): avc: denied { kill } for comm="swapper/0" capability=5 scontext=u:r:kernel:s0 tcontext=u:r:kernel:s0 tclass=capability permissive=0
01-01 14:42:17.198 0 0 D : mv2112_read_status
01-01 14:42:17.198 0 0 D mv2112_update_link: 3.0x901(1G): 0x80
01-01 14:42:17.199 0 0 D mv2112_update_link: 3.0x8109(100M): 0x8
01-01 14:42:17.199 0 0 D mv2112_update_link: link 0x0
01-01 14:42:17.199 0 0 D mv2112_read_status: autoneg is disabled
12-16 11:25:51.759 0 0 I auditd : type=1400 audit(0.0:25646): avc: denied { kill } for comm="swapper/0" capability=5 scontext=u:r:kernel:s0 tcontext=u:r:kernel:s0 tclass=capability permissive=0
01-01 14:42:18.222 0 0 D : mv2112_read_status
01-01 14:42:18.223 0 0 D mv2112_update_link: 3.0x901(1G): 0x80
01-01 14:42:18.223 0 0 D mv2112_update_link: 3.0x8109(100M): 0x8
01-01 14:42:18.223 0 0 D mv2112_update_link: link 0x0
01-01 14:42:18.223 0 0 D mv2112_read_status: autoneg is disabled
12-16 11:25:52.759 350 350 I auditd : type=1400 audit(0.0:25647): avc: denied { kill } for comm="irq/382-atmel_m" capability=5 scontext=u:r:kernel:s0 tcontext=u:r:kernel:s0 tclass=capability permissive=0
01-01 14:42:19.246 0 0 D : mv2112_read_status
01-01 14:42:19.246 0 0 D mv2112_update_link: 3.0x901(1G): 0x80
01-01 14:42:19.247 0 0 D mv2112_update_link: 3.0x8109(100M): 0x8
01-01 14:42:19.247 0 0 D mv2112_update_link: link 0x0
01-01 14:42:19.247 0 0 D mv2112_read_status: autoneg is disabled
12-16 11:25:53.759 0 0 I auditd : type=1400 audit(0.0:25648): avc: denied { kill } for comm="swapper/0" capability=5 scontext=u:r:kernel:s0 tcontext=u:r:kernel:s0 tclass=capability permissive=0
01-01 14:42:20.270 0 0 D : mv2112_read_status
01-01 14:42:20.270 0 0 D mv2112_update_link: 3.0x901(1G): 0x80
01-01 14:42:20.271 0 0 D mv2112_update_link: 3.0x8109(100M): 0x8
01-01 14:42:20.271 0 0 D mv2112_update_link: link 0x0
01-01 14:42:20.271 0 0 D mv2112_read_status: autoneg is disabled
12-16 11:25:54.759 0 0 I auditd : type=1400 audit(0.0:25649): avc: denied { kill } for comm="swapper/0" capability=5 scontext=u:r:kernel:s0 tcontext=u:r:kernel:s0 tclass=capability permissive=0
01-01 14:42:21.294 0 0 D : mv2112_read_status
01-01 14:42:21.294 0 0 D mv2112_update_link: 3.0x901(1G): 0x80
01-01 14:42:21.295 0 0 D mv2112_update_link: 3.0x8109(100M): 0x8
01-01 14:42:21.295 0 0 D mv2112_update_link: link 0x0
01-01 14:42:21.295 0 0 D mv2112_read_status: autoneg is disabled
12-16 11:25:55.759 0 0 I auditd : type=1400 audit(0.0:25650): avc: denied { kill } for comm="swapper/0" capability=5 scontext=u:r:kernel:s0 tcontext=u:r:kernel:s0 tclass=capability permissive=0
01-01 14:42:22.318 0 0 D : mv2112_read_status
01-01 14:42:22.318 0 0 D mv2112_update_link: 3.0x901(1G): 0x80
01-01 14:42:22.319 0 0 D mv2112_update_link: 3.0x8109(100M): 0x8
01-01 14:42:22.319 0 0 D mv2112_update_link: link 0x0
01-01 14:42:22.319 0 0 D mv2112_read_status: autoneg is disabled
12-16 11:25:56.759 0 0 I auditd : type=1400 audit(0.0:25651): avc: denied { kill } for comm="swapper/0" capability=5 scontext=u:r:kernel:s0 tcontext=u:r:kernel:s0 tclass=capability permissive=0
01-01 14:42:23.342 0 0 D : mv2112_read_status
01-01 14:42:23.343 0 0 D mv2112_update_link: 3.0x901(1G): 0x80
01-01 14:42:23.343 0 0 D mv2112_update_link: 3.0x8109(100M): 0x8
01-01 14:42:23.343 0 0 D mv2112_update_link: link 0x0
01-01 14:42:23.343 0 0 D mv2112_read_status: autoneg is disabled
12-16 11:25:57.763 0 0 I auditd : type=1400 audit(0.0:25652): avc: denied { kill } for comm="swapper/0" capability=5 scontext=u:r:kernel:s0 tcontext=u:r:kernel:s0 tclass=capability permissive=0
12-16 11:25:58.759 0 0 I auditd : type=1400 audit(0.0:25653): avc: denied { kill } for comm="swapper/0" capability=5 scontext=u:r:kernel:s0 tcontext=u:r:kernel:s0 tclass=capability permissive=0
01-01 14:42:24.368 0 0 D : mv2112_read_status
01-01 14:42:24.368 0 0 D mv2112_update_link: 3.0x901(1G): 0x80
01-01 14:42:24.368 0 0 D mv2112_update_link: 3.0x8109(100M): 0x8
01-01 14:42:24.368 0 0 D mv2112_update_link: link 0x0
01-01 14:42:24.368 0 0 D mv2112_read_status: autoneg is disabled
01-01 14:42:25.390 0 0 D : mv2112_read_status
01-01 14:42:25.391 0 0 D mv2112_update_link: 3.0x901(1G): 0x80
01-01 14:42:25.391 0 0 D mv2112_update_link: 3.0x8109(100M): 0x8
01-01 14:42:25.391 0 0 D mv2112_update_link: link 0x0
01-01 14:42:25.391 0 0 D mv2112_read_status: autoneg is disabled
12-16 11:26:00.759 0 0 I auditd : type=1400 audit(0.0:25654): avc: denied { kill } for comm="swapper/3" capability=5 scontext=u:r:kernel:s0 tcontext=u:r:kernel:s0 tclass=capability permissive=0
01-01 14:42:26.414 0 0 D : mv2112_read_status
01-01 14:42:26.415 0 0 D mv2112_update_link: 3.0x901(1G): 0x80
01-01 14:42:26.415 0 0 D mv2112_update_link: 3.0x8109(100M): 0x8
01-01 14:42:26.415 0 0 D mv2112_update_link: link 0x0
01-01 14:42:26.415 0 0 D mv2112_read_status: autoneg is disabled
12-16 11:26:01.759 0 0 I auditd : type=1400 audit(0.0:25655): avc: denied { kill } for comm="swapper/3" capability=5 scontext=u:r:kernel:s0 tcontext=u:r:kernel:s0 tclass=capability permissive=0
01-01 14:42:27.440 0 0 D : mv2112_read_status
01-01 14:42:27.440 0 0 D mv2112_update_link: 3.0x901(1G): 0x80
01-01 14:42:27.440 0 0 D mv2112_update_link: 3.0x8109(100M): 0x8
01-01 14:42:27.440 0 0 D mv2112_update_link: link 0x0
01-01 14:42:27.440 0 0 D mv2112_read_status: autoneg is disabled
12-16 11:26:02.759 0 0 I auditd : type=1400 audit(0.0:25656): avc: denied { kill } for comm="swapper/3" capability=5 scontext=u:r:kernel:s0 tcontext=u:r:kernel:s0 tclass=capability permissive=0
01-01 14:42:28.462 0 0 D : mv2112_read_status
01-01 14:42:28.463 0 0 D mv2112_update_link: 3.0x901(1G): 0x80
01-01 14:42:28.463 0 0 D mv2112_update_link: 3.0x8109(100M): 0x8
01-01 14:42:28.463 0 0 D mv2112_update_link: link 0x0
01-01 14:42:28.463 0 0 D mv2112_read_status: autoneg is disabled
12-16 11:26:03.759 0 0 I auditd : type=1400 audit(0.0:25657): avc: denied { kill } for comm="swapper/3" capability=5 scontext=u:r:kernel:s0 tcontext=u:r:kernel:s0 tclass=capability permissive=0
01-01 14:42:29.486 0 0 D : mv2112_read_status
01-01 14:42:29.486 0 0 D mv2112_update_link: 3.0x901(1G): 0x80
01-01 14:42:29.487 0 0 D mv2112_update_link: 3.0x8109(100M): 0x8
01-01 14:42:29.487 0 0 D mv2112_update_link: link 0x0
01-01 14:42:29.487 0 0 D mv2112_read_status: autoneg is disabled
12-16 11:26:04.759 0 0 I auditd : type=1400 audit(0.0:25658): avc: denied { kill } for comm="swapper/3" capability=5 scontext=u:r:kernel:s0 tcontext=u:r:kernel:s0 tclass=capability permissive=0
01-01 14:42:30.510 0 0 D : mv2112_read_status
01-01 14:42:30.510 0 0 D mv2112_update_link: 3.0x901(1G): 0x80
01-01 14:42:30.511 0 0 D mv2112_update_link: 3.0x8109(100M): 0x8
01-01 14:42:30.511 0 0 D mv2112_update_link: link 0x0
01-01 14:42:30.511 0 0 D mv2112_read_status: autoneg is disabled
01-01 14:42:31.216 0 0 I msm_vidc: err : ffffffff: .....: DBLP Set: status 0
12-16 11:26:05.759 0 0 I auditd : type=1400 audit(0.0:25659): avc: denied { kill } for comm="swapper/3" capability=5 scontext=u:r:kernel:s0 tcontext=u:r:kernel:s0 tclass=capability permissive=0
01-01 14:42:31.534 0 0 D : mv2112_read_status
01-01 14:42:31.534 0 0 D mv2112_update_link: 3.0x901(1G): 0x80
01-01 14:42:31.535 0 0 D mv2112_update_link: 3.0x8109(100M): 0x8
01-01 14:42:31.535 0 0 D mv2112_update_link: link 0x0
01-01 14:42:31.535 0 0 D mv2112_read_status: autoneg is disabled
12-16 11:26:06.759 0 0 I auditd : type=1400 audit(0.0:25660): avc: denied { kill } for comm="swapper/3" capability=5 scontext=u:r:kernel:s0 tcontext=u:r:kernel:s0 tclass=capability permissive=0
01-01 14:42:32.558 0 0 D : mv2112_read_status
01-01 14:42:32.558 0 0 D mv2112_update_link: 3.0x901(1G): 0x80
01-01 14:42:32.559 0 0 D mv2112_update_link: 3.0x8109(100M): 0x8
01-01 14:42:32.559 0 0 D mv2112_update_link: link 0x0
01-01 14:42:32.559 0 0 D mv2112_read_status: autoneg is disabled
12-16 11:26:07.759 0 0 I auditd : type=1400 audit(0.0:25661): avc: denied { kill } for comm="swapper/3" capability=5 scontext=u:r:kernel:s0 tcontext=u:r:kernel:s0 tclass=capability permissive=0
01-01 14:42:33.582 0 0 D : mv2112_read_status
01-01 14:42:33.582 0 0 D mv2112_update_link: 3.0x901(1G): 0x80
01-01 14:42:33.583 0 0 D mv2112_update_link: 3.0x8109(100M): 0x8
01-01 14:42:33.583 0 0 D mv2112_update_link: link 0x0
01-01 14:42:33.583 0 0 D mv2112_read_status: autoneg is disabled
12-16 11:26:08.759 0 0 I auditd : type=1400 audit(0.0:25662): avc: denied { kill } for comm="swapper/3" capability=5 scontext=u:r:kernel:s0 tcontext=u:r:kernel:s0 tclass=capability permissive=0
01-01 14:42:34.607 0 0 D : mv2112_read_status
01-01 14:42:34.607 0 0 D mv2112_update_link: 3.0x901(1G): 0x80
01-01 14:42:34.607 0 0 D mv2112_update_link: 3.0x8109(100M): 0x8
01-01 14:42:34.607 0 0 D mv2112_update_link: link 0x0
01-01 14:42:34.607 0 0 D mv2112_read_status: autoneg is disabled
12-16 11:26:09.759 0 0 I auditd : type=1400 audit(0.0:25663): avc: denied { kill } for comm="swapper/3" capability=5 scontext=u:r:kernel:s0 tcontext=u:r:kernel:s0 tclass=capability permissive=0
01-01 14:42:35.630 0 0 D : mv2112_read_status
01-01 14:42:35.630 0 0 D mv2112_update_link: 3.0x901(1G): 0x80
01-01 14:42:35.631 0 0 D mv2112_update_link: 3.0x8109(100M): 0x8
01-01 14:42:35.631 0 0 D mv2112_update_link: link 0x0
01-01 14:42:35.631 0 0 D mv2112_read_status: autoneg is disabled
12-16 11:26:10.759 0 0 I auditd : type=1400 audit(0.0:25664): avc: denied { kill } for comm="swapper/3" capability=5 scontext=u:r:kernel:s0 tcontext=u:r:kernel:s0 tclass=capability permissive=0
01-01 14:42:36.451 0 0 I [soft_i][0x6bfcdda838][11:26:10.848292] wlan: [0:I:QDF] DHCP-R TX: SA:7a:e4:bc:f9:6b:c7 DA:58:d9:d5:44:ba:d8 msdu_id:7 status: succ
01-01 14:42:36.472 0 0 I [dp_rx_][0x6bfce3d3d3][11:26:10.869354] wlan: [9507:I:QDF] DHCP-A RX: SA:58:d9:d5:44:ba:d8 DA:ff:ff:ff:ff:ff:ff
01-01 14:42:36.654 0 0 D : mv2112_read_status
01-01 14:42:36.655 0 0 D mv2112_update_link: 3.0x901(1G): 0x80
01-01 14:42:36.655 0 0 D mv2112_update_link: 3.0x8109(100M): 0x8
01-01 14:42:36.655 0 0 D mv2112_update_link: link 0x0
01-01 14:42:36.655 0 0 D mv2112_read_status: autoneg is disabled
12-16 11:26:11.759 0 0 I auditd : type=1400 audit(0.0:25665): avc: denied { kill } for comm="swapper/3" capability=5 scontext=u:r:kernel:s0 tcontext=u:r:kernel:s0 tclass=capability permissive=0
01-01 14:42:37.678 0 0 D : mv2112_read_status
01-01 14:42:37.678 0 0 D mv2112_update_link: 3.0x901(1G): 0x80
01-01 14:42:37.679 0 0 D mv2112_update_link: 3.0x8109(100M): 0x8
01-01 14:42:37.679 0 0 D mv2112_update_link: link 0x0
01-01 14:42:37.679 0 0 D mv2112_read_status: autoneg is disabled
12-16 11:26:12.759 0 0 I auditd : type=1400 audit(0.0:25666): avc: denied { kill } for comm="swapper/3" capability=5 scontext=u:r:kernel:s0 tcontext=u:r:kernel:s0 tclass=capability permissive=0
01-01 14:42:38.702 0 0 D : mv2112_read_status
01-01 14:42:38.702 0 0 D mv2112_update_link: 3.0x901(1G): 0x80
01-01 14:42:38.703 0 0 D mv2112_update_link: 3.0x8109(100M): 0x8
01-01 14:42:38.703 0 0 D mv2112_update_link: link 0x0
01-01 14:42:38.703 0 0 D mv2112_read_status: autoneg is disabled
12-16 11:26:13.759 0 0 I auditd : type=1400 audit(0.0:25667): avc: denied { kill } for comm="swapper/3" capability=5 scontext=u:r:kernel:s0 tcontext=u:r:kernel:s0 tclass=capability permissive=0
01-01 14:42:39.726 0 0 D : mv2112_read_status
01-01 14:42:39.726 0 0 D mv2112_update_link: 3.0x901(1G): 0x80
01-01 14:42:39.727 0 0 D mv2112_update_link: 3.0x8109(100M): 0x8
01-01 14:42:39.727 0 0 D mv2112_update_link: link 0x0
01-01 14:42:39.727 0 0 D mv2112_read_status: autoneg is disabled
12-16 11:26:14.759 0 0 I auditd : type=1400 audit(0.0:25668): avc: denied { kill } for comm="swapper/3" capability=5 scontext=u:r:kernel:s0 tcontext=u:r:kernel:s0 tclass=capability permissive=0
01-01 14:42:40.750 0 0 D : mv2112_read_status
01-01 14:42:40.750 0 0 D mv2112_update_link: 3.0x901(1G): 0x80
01-01 14:42:40.751 0 0 D mv2112_update_link: 3.0x8109(100M): 0x8
01-01 14:42:40.751 0 0 D mv2112_update_link: link 0x0
01-01 14:42:40.751 0 0 D mv2112_read_status: autoneg is disabled
12-16 11:26:15.759 0 0 I auditd : type=1400 audit(0.0:25669): avc: denied { kill } for comm="swapper/3" capability=5 scontext=u:r:kernel:s0 tcontext=u:r:kernel:s0 tclass=capability permissive=0
01-01 14:42:41.774 0 0 D : mv2112_read_status
01-01 14:42:41.774 0 0 D mv2112_update_link: 3.0x901(1G): 0x80
01-01 14:42:41.775 0 0 D mv2112_update_link: 3.0x8109(100M): 0x8
01-01 14:42:41.775 0 0 D mv2112_update_link: link 0x0
01-01 14:42:41.775 0 0 D mv2112_read_status: autoneg is disabled
12-16 11:26:16.759 0 0 I auditd : type=1400 audit(0.0:25670): avc: denied { kill } for comm="swapper/3" capability=5 scontext=u:r:kernel:s0 tcontext=u:r:kernel:s0 tclass=capability permissive=0
01-01 14:42:42.798 0 0 D : mv2112_read_status
01-01 14:42:42.798 0 0 D mv2112_update_link: 3.0x901(1G): 0x80
01-01 14:42:42.799 0 0 D mv2112_update_link: 3.0x8109(100M): 0x8
01-01 14:42:42.799 0 0 D mv2112_update_link: link 0x0
01-01 14:42:42.799 0 0 D mv2112_read_status: autoneg is disabled
12-16 11:26:17.759 0 0 I auditd : type=1400 audit(0.0:25671): avc: denied { kill } for comm="swapper/3" capability=5 scontext=u:r:kernel:s0 tcontext=u:r:kernel:s0 tclass=capability permissive=0
01-01 14:42:43.822 0 0 D : mv2112_read_status
01-01 14:42:43.822 0 0 D mv2112_update_link: 3.0x901(1G): 0x80
01-01 14:42:43.823 0 0 D mv2112_update_link: 3.0x8109(100M): 0x8
01-01 14:42:43.823 0 0 D mv2112_update_link: link 0x0
01-01 14:42:43.823 0 0 D mv2112_read_status: autoneg is disabled
12-16 11:26:18.759 0 0 I auditd : type=1400 audit(0.0:25672): avc: denied { kill } for comm="swapper/3" capability=5 scontext=u:r:kernel:s0 tcontext=u:r:kernel:s0 tclass=capability permissive=0
01-01 14:42:44.846 0 0 D : mv2112_read_status
01-01 14:42:44.846 0 0 D mv2112_update_link: 3.0x901(1G): 0x80
01-01 14:42:44.847 0 0 D mv2112_update_link: 3.0x8109(100M): 0x8
01-01 14:42:44.847 0 0 D mv2112_update_link: link 0x0
01-01 14:42:44.847 0 0 D mv2112_read_status: autoneg is disabled
12-16 11:26:19.759 0 0 I auditd : type=1400 audit(0.0:25673): avc: denied { kill } for comm="swapper/3" capability=5 scontext=u:r:kernel:s0 tcontext=u:r:kernel:s0 tclass=capability permissive=0
01-01 14:42:45.870 0 0 D : mv2112_read_status
01-01 14:42:45.870 0 0 D mv2112_update_link: 3.0x901(1G): 0x80
01-01 14:42:45.871 0 0 D mv2112_update_link: 3.0x8109(100M): 0x8
01-01 14:42:45.871 0 0 D mv2112_update_link: link 0x0
01-01 14:42:45.871 0 0 D mv2112_read_status: autoneg is disabled
12-16 11:26:20.759 0 0 I auditd : type=1400 audit(0.0:25674): avc: denied { kill } for comm="swapper/3" capability=5 scontext=u:r:kernel:s0 tcontext=u:r:kernel:s0 tclass=capability permissive=0
01-01 14:42:46.894 0 0 D : mv2112_read_status
01-01 14:42:46.894 0 0 D mv2112_update_link: 3.0x901(1G): 0x80
01-01 14:42:46.895 0 0 D mv2112_update_link: 3.0x8109(100M): 0x8
01-01 14:42:46.895 0 0 D mv2112_update_link: link 0x0
01-01 14:42:46.895 0 0 D mv2112_read_status: autoneg is disabled
12-16 11:26:21.759 0 0 I auditd : type=1400 audit(0.0:25675): avc: denied { kill } for comm="swapper/3" capability=5 scontext=u:r:kernel:s0 tcontext=u:r:kernel:s0 tclass=capability permissive=0
01-01 14:42:47.918 0 0 D : mv2112_read_status
01-01 14:42:47.918 0 0 D mv2112_update_link: 3.0x901(1G): 0x80
01-01 14:42:47.919 0 0 D mv2112_update_link: 3.0x8109(100M): 0x8
01-01 14:42:47.919 0 0 D mv2112_update_link: link 0x0
01-01 14:42:47.919 0 0 D mv2112_read_status: autoneg is disabled
12-16 11:26:22.759 0 0 I auditd : type=1400 audit(0.0:25676): avc: denied { kill } for comm="swapper/3" capability=5 scontext=u:r:kernel:s0 tcontext=u:r:kernel:s0 tclass=capability permissive=0
01-01 14:42:48.942 0 0 D : mv2112_read_status
01-01 14:42:48.942 0 0 D mv2112_update_link: 3.0x901(1G): 0x80
01-01 14:42:48.943 0 0 D mv2112_update_link: 3.0x8109(100M): 0x8
01-01 14:42:48.943 0 0 D mv2112_update_link: link 0x0
01-01 14:42:48.943 0 0 D mv2112_read_status: autoneg is disabled
12-16 11:26:23.759 0 0 I auditd : type=1400 audit(0.0:25677): avc: denied { kill } for comm="swapper/3" capability=5 scontext=u:r:kernel:s0 tcontext=u:r:kernel:s0 tclass=capability permissive=0
01-01 14:42:49.966 0 0 D : mv2112_read_status
01-01 14:42:49.967 0 0 D mv2112_update_link: 3.0x901(1G): 0x80
01-01 14:42:49.967 0 0 D mv2112_update_link: 3.0x8109(100M): 0x8
01-01 14:42:49.967 0 0 D mv2112_update_link: link 0x0
01-01 14:42:49.967 0 0 D mv2112_read_status: autoneg is disabled
12-16 11:26:24.759 0 0 I auditd : type=1400 audit(0.0:25678): avc: denied { kill } for comm="swapper/3" capability=5 scontext=u:r:kernel:s0 tcontext=u:r:kernel:s0 tclass=capability permissive=0
01-01 14:42:50.990 0 0 D : mv2112_read_status
01-01 14:42:50.991 0 0 D mv2112_update_link: 3.0x901(1G): 0x80
01-01 14:42:50.991 0 0 D mv2112_update_link: 3.0x8109(100M): 0x8
01-01 14:42:50.991 0 0 D mv2112_update_link: link 0x0
01-01 14:42:50.991 0 0 D mv2112_read_status: autoneg is disabled
12-16 11:26:25.759 0 0 I auditd : type=1400 audit(0.0:25679): avc: denied { kill } for comm="swapper/3" capability=5 scontext=u:r:kernel:s0 tcontext=u:r:kernel:s0 tclass=capability permissive=0
01-01 14:42:52.014 0 0 D : mv2112_read_status
01-01 14:42:52.015 0 0 D mv2112_update_link: 3.0x901(1G): 0x80
01-01 14:42:52.015 0 0 D mv2112_update_link: 3.0x8109(100M): 0x8
01-01 14:42:52.015 0 0 D mv2112_update_link: link 0x0
01-01 14:42:52.015 0 0 D mv2112_read_status: autoneg is disabled
12-16 11:26:26.759 0 0 I auditd : type=1400 audit(0.0:25680): avc: denied { kill } for comm="swapper/3" capability=5 scontext=u:r:kernel:s0 tcontext=u:r:kernel:s0 tclass=capability permissive=0
01-01 14:42:53.038 0 0 D : mv2112_read_status
01-01 14:42:53.039 0 0 D mv2112_update_link: 3.0x901(1G): 0x80
01-01 14:42:53.039 0 0 D mv2112_update_link: 3.0x8109(100M): 0x8
01-01 14:42:53.039 0 0 D mv2112_update_link: link 0x0
01-01 14:42:53.039 0 0 D mv2112_read_status: autoneg is disabled
12-16 11:26:27.759 0 0 I auditd : type=1400 audit(0.0:25681): avc: denied { kill } for comm="swapper/3" capability=5 scontext=u:r:kernel:s0 tcontext=u:r:kernel:s0 tclass=capability permissive=0
01-01 14:42:54.062 0 0 D : mv2112_read_status
01-01 14:42:54.063 0 0 D mv2112_update_link: 3.0x901(1G): 0x80
01-01 14:42:54.063 0 0 D mv2112_update_link: 3.0x8109(100M): 0x8
01-01 14:42:54.063 0 0 D mv2112_update_link: link 0x0
01-01 14:42:54.063 0 0 D mv2112_read_status: autoneg is disabled
12-16 11:26:28.759 0 0 I auditd : type=1400 audit(0.0:25682): avc: denied { kill } for comm="swapper/3" capability=5 scontext=u:r:kernel:s0 tcontext=u:r:kernel:s0 tclass=capability permissive=0
01-01 14:42:55.086 0 0 D : mv2112_read_status
01-01 14:42:55.087 0 0 D mv2112_update_link: 3.0x901(1G): 0x80
01-01 14:42:55.087 0 0 D mv2112_update_link: 3.0x8109(100M): 0x8
01-01 14:42:55.087 0 0 D mv2112_update_link: link 0x0
01-01 14:42:55.087 0 0 D mv2112_read_status: autoneg is disabled
12-16 11:26:29.759 0 0 I auditd : type=1400 audit(0.0:25683): avc: denied { kill } for comm="swapper/3" capability=5 scontext=u:r:kernel:s0 tcontext=u:r:kernel:s0 tclass=capability permissive=0
01-01 14:42:56.110 0 0 D : mv2112_read_status
01-01 14:42:56.111 0 0 D mv2112_update_link: 3.0x901(1G): 0x80
01-01 14:42:56.111 0 0 D mv2112_update_link: 3.0x8109(100M): 0x8
01-01 14:42:56.111 0 0 D mv2112_update_link: link 0x0
01-01 14:42:56.111 0 0 D mv2112_read_status: autoneg is disabled
12-16 11:26:30.759 0 0 I auditd : type=1400 audit(0.0:25684): avc: denied { kill } for comm="swapper/3" capability=5 scontext=u:r:kernel:s0 tcontext=u:r:kernel:s0 tclass=capability permissive=0
01-01 14:42:57.134 0 0 D : mv2112_read_status
01-01 14:42:57.135 0 0 D mv2112_update_link: 3.0x901(1G): 0x80
01-01 14:42:57.135 0 0 D mv2112_update_link: 3.0x8109(100M): 0x8
01-01 14:42:57.135 0 0 D mv2112_update_link: link 0x0
01-01 14:42:57.135 0 0 D mv2112_read_status: autoneg is disabled
12-16 11:26:31.759 0 0 I auditd : type=1400 audit(0.0:25685): avc: denied { kill } for comm="swapper/3" capability=5 scontext=u:r:kernel:s0 tcontext=u:r:kernel:s0 tclass=capability permissive=0
01-01 14:42:58.158 0 0 D : mv2112_read_status
01-01 14:42:58.159 0 0 D mv2112_update_link: 3.0x901(1G): 0x80
01-01 14:42:58.159 0 0 D mv2112_update_link: 3.0x8109(100M): 0x8
01-01 14:42:58.159 0 0 D mv2112_update_link: link 0x0
01-01 14:42:58.159 0 0 D mv2112_read_status: autoneg is disabled
12-16 11:26:32.759 0 0 I auditd : type=1400 audit(0.0:25686): avc: denied { kill } for comm="swapper/3" capability=5 scontext=u:r:kernel:s0 tcontext=u:r:kernel:s0 tclass=capability permissive=0
01-01 14:42:59.182 0 0 D : mv2112_read_status
01-01 14:42:59.182 0 0 D mv2112_update_link: 3.0x901(1G): 0x80
01-01 14:42:59.183 0 0 D mv2112_update_link: 3.0x8109(100M): 0x8
01-01 14:42:59.183 0 0 D mv2112_update_link: link 0x0
01-01 14:42:59.183 0 0 D mv2112_read_status: autoneg is disabled
12-16 11:26:33.759 0 0 I auditd : type=1400 audit(0.0:25687): avc: denied { kill } for comm="swapper/3" capability=5 scontext=u:r:kernel:s0 tcontext=u:r:kernel:s0 tclass=capability permissive=0
01-01 14:43:00.206 0 0 D : mv2112_read_status
01-01 14:43:00.207 0 0 D mv2112_update_link: 3.0x901(1G): 0x80
01-01 14:43:00.207 0 0 D mv2112_update_link: 3.0x8109(100M): 0x8
01-01 14:43:00.207 0 0 D mv2112_update_link: link 0x0
01-01 14:43:00.207 0 0 D mv2112_read_status: autoneg is disabled
12-16 11:26:34.759 0 0 I auditd : type=1400 audit(0.0:25688): avc: denied { kill } for comm="swapper/3" capability=5 scontext=u:r:kernel:s0 tcontext=u:r:kernel:s0 tclass=capability permissive=0
01-01 14:43:01.230 0 0 D : mv2112_read_status
01-01 14:43:01.231 0 0 D mv2112_update_link: 3.0x901(1G): 0x80
01-01 14:43:01.231 0 0 D mv2112_update_link: 3.0x8109(100M): 0x8
01-01 14:43:01.231 0 0 D mv2112_update_link: link 0x0
01-01 14:43:01.231 0 0 D mv2112_read_status: autoneg is disabled
12-16 11:26:35.759 0 0 I auditd : type=1400 audit(0.0:25689): avc: denied { kill } for comm="swapper/3" capability=5 scontext=u:r:kernel:s0 tcontext=u:r:kernel:s0 tclass=capability permissive=0
01-01 14:43:02.254 0 0 D : mv2112_read_status
01-01 14:43:02.255 0 0 D mv2112_update_link: 3.0x901(1G): 0x80
01-01 14:43:02.255 0 0 D mv2112_update_link: 3.0x8109(100M): 0x8
01-01 14:43:02.255 0 0 D mv2112_update_link: link 0x0
01-01 14:43:02.255 0 0 D mv2112_read_status: autoneg is disabled
12-16 11:26:36.759 0 0 I auditd : type=1400 audit(0.0:25690): avc: denied { kill } for comm="swapper/3" capability=5 scontext=u:r:kernel:s0 tcontext=u:r:kernel:s0 tclass=capability permissive=0
01-01 14:43:03.278 0 0 D : mv2112_read_status
01-01 14:43:03.278 0 0 D mv2112_update_link: 3.0x901(1G): 0x80
01-01 14:43:03.279 0 0 D mv2112_update_link: 3.0x8109(100M): 0x8
01-01 14:43:03.279 0 0 D mv2112_update_link: link 0x0
01-01 14:43:03.279 0 0 D mv2112_read_status: autoneg is disabled
12-16 11:26:37.759 0 0 I auditd : type=1400 audit(0.0:25691): avc: denied { kill } for comm="swapper/3" capability=5 scontext=u:r:kernel:s0 tcontext=u:r:kernel:s0 tclass=capability permissive=0
01-01 14:43:04.302 0 0 D : mv2112_read_status
01-01 14:43:04.303 0 0 D mv2112_update_link: 3.0x901(1G): 0x80
01-01 14:43:04.303 0 0 D mv2112_update_link: 3.0x8109(100M): 0x8
01-01 14:43:04.303 0 0 D mv2112_update_link: link 0x0
01-01 14:43:04.303 0 0 D mv2112_read_status: autoneg is disabled
12-16 11:26:38.759 0 0 I auditd : type=1400 audit(0.0:25692): avc: denied { kill } for comm="swapper/3" capability=5 scontext=u:r:kernel:s0 tcontext=u:r:kernel:s0 tclass=capability permissive=0
01-01 14:43:05.326 0 0 D : mv2112_read_status
01-01 14:43:05.327 0 0 D mv2112_update_link: 3.0x901(1G): 0x80
01-01 14:43:05.327 0 0 D mv2112_update_link: 3.0x8109(100M): 0x8
01-01 14:43:05.327 0 0 D mv2112_update_link: link 0x0
01-01 14:43:05.327 0 0 D mv2112_read_status: autoneg is disabled
12-16 11:26:39.759 0 0 I auditd : type=1400 audit(0.0:25693): avc: denied { kill } for comm="swapper/3" capability=5 scontext=u:r:kernel:s0 tcontext=u:r:kernel:s0 tclass=capability permissive=0
01-01 14:43:06.350 0 0 D : mv2112_read_status
01-01 14:43:06.350 0 0 D mv2112_update_link: 3.0x901(1G): 0x80
01-01 14:43:06.351 0 0 D mv2112_update_link: 3.0x8109(100M): 0x8
01-01 14:43:06.351 0 0 D mv2112_update_link: link 0x0
01-01 14:43:06.351 0 0 D mv2112_read_status: autoneg is disabled
12-16 11:26:40.759 0 0 I auditd : type=1400 audit(0.0:25694): avc: denied { kill } for comm="swapper/3" capability=5 scontext=u:r:kernel:s0 tcontext=u:r:kernel:s0 tclass=capability permissive=0
01-01 14:43:06.534 0 0 I [soft_i][0x6c1f4aff7e][11:26:40.931163] wlan: [0:I:QDF] DHCP-R TX: SA:7a:e4:bc:f9:6b:c7 DA:58:d9:d5:44:ba:d8 msdu_id:1 status: succ
01-01 14:43:06.545 0 0 I [dp_rx_][0x6c1f4e3bba][11:26:40.942206] wlan: [9507:I:QDF] DHCP-A RX: SA:58:d9:d5:44:ba:d8 DA:ff:ff:ff:ff:ff:ff
12-16 11:26:41.759 0 0 I auditd : type=1400 audit(0.0:25695): avc: denied { kill } for comm="swapper/3" capability=5 scontext=u:r:kernel:s0 tcontext=u:r:kernel:s0 tclass=capability permissive=0
01-01 14:43:07.374 0 0 D : mv2112_read_status
01-01 14:43:07.375 0 0 D mv2112_update_link: 3.0x901(1G): 0x80
01-01 14:43:07.375 0 0 D mv2112_update_link: 3.0x8109(100M): 0x8
01-01 14:43:07.375 0 0 D mv2112_update_link: link 0x0
01-01 14:43:07.375 0 0 D mv2112_read_status: autoneg is disabled
12-16 11:26:42.759 0 0 I auditd : type=1400 audit(0.0:25696): avc: denied { kill } for comm="swapper/3" capability=5 scontext=u:r:kernel:s0 tcontext=u:r:kernel:s0 tclass=capability permissive=0
01-01 14:43:08.398 0 0 D : mv2112_read_status
01-01 14:43:08.398 0 0 D mv2112_update_link: 3.0x901(1G): 0x80
01-01 14:43:08.399 0 0 D mv2112_update_link: 3.0x8109(100M): 0x8
01-01 14:43:08.399 0 0 D mv2112_update_link: link 0x0
01-01 14:43:08.399 0 0 D mv2112_read_status: autoneg is disabled
12-16 11:26:43.759 0 0 I auditd : type=1400 audit(0.0:25697): avc: denied { kill } for comm="swapper/3" capability=5 scontext=u:r:kernel:s0 tcontext=u:r:kernel:s0 tclass=capability permissive=0
01-01 14:43:09.422 0 0 D : mv2112_read_status
01-01 14:43:09.423 0 0 D mv2112_update_link: 3.0x901(1G): 0x80
01-01 14:43:09.423 0 0 D mv2112_update_link: 3.0x8109(100M): 0x8
01-01 14:43:09.423 0 0 D mv2112_update_link: link 0x0
01-01 14:43:09.423 0 0 D mv2112_read_status: autoneg is disabled
12-16 11:26:44.759 0 0 I auditd : type=1400 audit(0.0:25698): avc: denied { kill } for comm="swapper/3" capability=5 scontext=u:r:kernel:s0 tcontext=u:r:kernel:s0 tclass=capability permissive=0
01-01 14:43:10.446 0 0 D : mv2112_read_status
01-01 14:43:10.447 0 0 D mv2112_update_link: 3.0x901(1G): 0x80
01-01 14:43:10.447 0 0 D mv2112_update_link: 3.0x8109(100M): 0x8
01-01 14:43:10.447 0 0 D mv2112_update_link: link 0x0
01-01 14:43:10.447 0 0 D mv2112_read_status: autoneg is disabled
12-16 11:26:45.759 0 0 I auditd : type=1400 audit(0.0:25699): avc: denied { kill } for comm="swapper/3" capability=5 scontext=u:r:kernel:s0 tcontext=u:r:kernel:s0 tclass=capability permissive=0
01-01 14:43:11.470 0 0 D : mv2112_read_status
01-01 14:43:11.470 0 0 D mv2112_update_link: 3.0x901(1G): 0x80
01-01 14:43:11.471 0 0 D mv2112_update_link: 3.0x8109(100M): 0x8
01-01 14:43:11.471 0 0 D mv2112_update_link: link 0x0
01-01 14:43:11.471 0 0 D mv2112_read_status: autoneg is disabled
12-16 11:26:46.759 0 0 I auditd : type=1400 audit(0.0:25700): avc: denied { kill } for comm="swapper/3" capability=5 scontext=u:r:kernel:s0 tcontext=u:r:kernel:s0 tclass=capability permissive=0
01-01 14:43:12.494 0 0 D : mv2112_read_status
01-01 14:43:12.494 0 0 D mv2112_update_link: 3.0x901(1G): 0x80
01-01 14:43:12.495 0 0 D mv2112_update_link: 3.0x8109(100M): 0x8
01-01 14:43:12.495 0 0 D mv2112_update_link: link 0x0
01-01 14:43:12.495 0 0 D mv2112_read_status: autoneg is disabled
12-16 11:26:47.759 0 0 I auditd : type=1400 audit(0.0:25701): avc: denied { kill } for comm="swapper/3" capability=5 scontext=u:r:kernel:s0 tcontext=u:r:kernel:s0 tclass=capability permissive=0
01-01 14:43:13.518 0 0 D : mv2112_read_status
01-01 14:43:13.518 0 0 D mv2112_update_link: 3.0x901(1G): 0x80
01-01 14:43:13.519 0 0 D mv2112_update_link: 3.0x8109(100M): 0x8
01-01 14:43:13.519 0 0 D mv2112_update_link: link 0x0
01-01 14:43:13.519 0 0 D mv2112_read_status: autoneg is disabled
12-16 11:26:48.759 0 0 I auditd : type=1400 audit(0.0:25702): avc: denied { kill } for comm="swapper/3" capability=5 scontext=u:r:kernel:s0 tcontext=u:r:kernel:s0 tclass=capability permissive=0
01-01 14:43:14.542 0 0 D : mv2112_read_status
01-01 14:43:14.542 0 0 D mv2112_update_link: 3.0x901(1G): 0x80
01-01 14:43:14.543 0 0 D mv2112_update_link: 3.0x8109(100M): 0x8
