12-16 04:49:20.339 3006 5155 D hpplay-base: [LelinkMDNS:766] devicePermissionPublic leboPermissionCheck:-2
12-16 04:49:20.339 3006 5155 D hpplay-base: [jniBridge:1125] com_hpplay_sdk_sink_protocol_Bridge_WHAT_SERVER_ERROR
12-16 04:49:20.339 3006 5155 D hpplay-base: [jniBridge:1726] notifyJava, what:204, castType:0, mimeType:0 baseStatus:2
12-16 04:49:20.339 3006 5155 D hpplay-base: [jniBridge:1727] notifyJava sessionID:(null)
12-16 04:49:20.340 3006 5155 I hpplay-java: [Thread-68]:Bridge:notify: what: 204
12-16 04:49:20.342 3006 5155 I hpplay-java: [Thread-68]:Bridge:notify: out: OutParameters:{audioSessionId=-1, audiotrackIndex=0, castHandleType=-1, castType=0, deviceName='', dlnaName='', dramaID='', extra=-2002, frameHandleType=-1, handleInside=true, headduration=0, header='', headers=null, isAD=false, isMultiMirror=false, lelinkVer='', limitTime=0, , mediaAlbum='null', mediaAlbumArtURI='', mediaArtist='null', mediaAssets='', mediaTitle='null', mimeType=0, multiSession=null, period=0, pinCode='', playSpeed=0.0, playerChoice=0, plugin=0, port=0, position=0.0, positionUnit=2, protocol=0, realSessionID='', regType='', , sinkIp='', sourceAPPVersion='', sourceChannel='', sourceClientInfo='', sourceDeviceInfo='', sourceDeviceModel='', sourceDeviceName='', sourceDeviceType=0, sourceHID='', , sourceInfo='', , , sourceOSVersion='', sourceSDKVersion='', sourceUid='', stopDetail=0, stopReason=0, tailduration=0, url='', urlID='', urls=null, userAgent='', videoDecoder=0, volume=0, what=204}com.hpplay.sdk.sink.protocol.OutParameters@7c98095
12-16 04:49:20.342 3006 5155 I hpplay-java: [Thread-68]:Bridge:notify: address:238507434
12-16 04:49:20.343 3006 3006 I hpplay-java: [main]:Bridge:findServiceID start out: 238507434
12-16 04:49:20.343 3006 3006 I hpplay-java: [main]:Bridge:findServiceID end
12-16 04:49:20.343 3006 3006 E hpplay-java: [main]:ServerTaskManager:onError 204/-2002 com.hht.lebocast.LelinkHelper$e@e24427e
12-16 04:49:20.343 3006 3006 I hpplay-java: [main]:ServerTaskManager:cancelTimeOutCheck
12-16 04:49:20.345 3006 3006 W hpplay-java: [main]:ServerTaskManager:onErrorDispatcher errorCode:-2002
12-16 04:49:20.345 3006 3006 I hpplay-java: [main]:ServerTaskManager:onError retry later
12-16 04:49:20.345 3006 5155 I hpplay-base: [mDNSEmbeded:79] embedded_mDNSLoop stopmDNSNow:0 nPublish:-2 nExitFlag:6 tid is 5155
01-01 09:02:22.371 0 0 D : mv2112_read_status
01-01 09:02:22.371 0 0 D mv2112_update_link: 3.0x901(1G): 0x80
01-01 09:02:22.371 0 0 D mv2112_update_link: 3.0x8109(100M): 0x8
01-01 09:02:22.371 0 0 D mv2112_update_link: link 0x0
01-01 09:02:22.371 0 0 D mv2112_read_status: autoneg is disabled
12-16 04:49:20.964 664 676 I mpu_uart: [MSG-P:RECV]:No message received in 1000 ms
12-16 04:49:21.143 0 0 W swapper/3: type=1400 audit(0.0:779): avc: denied { kill } for capability=5 scontext=u:r:kernel:s0 tcontext=u:r:kernel:s0 tclass=capability permissive=0
12-16 04:49:21.432 3006 5121 W hpplay-java: [AsyncTask #107]:HttpRequest:
12-16 04:49:21.434 3006 5121 W hpplay-java: [AsyncTask #107]:HttpRequest:
12-16 04:49:21.435 3006 5121 W hpplay-java: [AsyncTask #107]:HttpRequest:
01-01 09:02:23.395 0 0 D : mv2112_read_status
01-01 09:02:23.395 0 0 D mv2112_update_link: 3.0x901(1G): 0x80
01-01 09:02:23.395 0 0 D mv2112_update_link: 3.0x8109(100M): 0x8
01-01 09:02:23.395 0 0 D mv2112_update_link: link 0x0
01-01 09:02:23.395 0 0 D mv2112_read_status: autoneg is disabled
12-16 04:49:21.964 664 676 I mpu_uart: [MSG-P:RECV]:No message received in 1000 ms
12-16 04:49:22.127 664 675 I mpu_uart: [MSG-P:R]:recv sync frame timeout
12-16 04:49:22.143 0 0 W swapper/1: type=1400 audit(0.0:780): avc: denied { kill } for capability=5 scontext=u:r:kernel:s0 tcontext=u:r:kernel:s0 tclass=capability permissive=0
01-01 09:02:24.419 0 0 D : mv2112_read_status
01-01 09:02:24.419 0 0 D mv2112_update_link: 3.0x901(1G): 0x80
01-01 09:02:24.419 0 0 D mv2112_update_link: 3.0x8109(100M): 0x8
01-01 09:02:24.419 0 0 D mv2112_update_link: link 0x0
01-01 09:02:24.419 0 0 D mv2112_read_status: autoneg is disabled
12-16 04:49:22.965 664 676 I mpu_uart: [MSG-P:RECV]:No message received in 1000 ms
12-16 04:49:23.143 0 0 W swapper/1: type=1400 audit(0.0:781): avc: denied { kill } for capability=5 scontext=u:r:kernel:s0 tcontext=u:r:kernel:s0 tclass=capability permissive=0
12-16 04:49:23.346 3006 3006 I hpplay-java: [main]:ServerTaskManager:restart by error
12-16 04:49:23.346 3006 3006 I hpplay-java: [main]:ServerTaskManager:startServer
12-16 04:49:23.346 3006 3006 I hpplay-java: [main]:ServerTaskManager:startServer add, reason: server is starting or running
12-16 04:49:23.346 3006 3006 I hpplay-java: [main]:ServerTaskManager:addStopTask
12-16 04:49:23.346 3006 3006 I hpplay-java: [main]:ServerTaskManager:addStartTask
12-16 04:49:23.347 3006 3006 I hpplay-java: [main]:ServerTaskManager:exeTask stopServer
12-16 04:49:23.347 3006 3006 I hpplay-java: [main]:Bridge:stopServer keepPush: false
12-16 04:49:23.347 3006 3006 D hpplay-base: [jniBridge:909] Bridge__1stopServer status:2
12-16 04:49:23.353 3006 3006 D hpplay-base: [LelinkBase:654] stopAllServer will start thread!
12-16 04:49:23.354 3006 5188 I hpplay-base: [mDNSEmbeded:65] embedded_mDNSExit call
12-16 04:49:23.354 3006 5158 D hpplay-base: [AEventUtils:588] handle AEvent thread end!!,tid is 5158
12-16 04:49:23.354 3006 5159 D hpplay-base: [REventUtils:197] handleREventThread thread end!!,tid is 5159
12-16 04:49:23.412 3006 5139 D hpplay-base: [stream_mirror_compat:1284] mirror stream begin to exit,server fd:71,thread_id:3155419584!!
12-16 04:49:23.412 3006 5139 D hpplay-base: [stream_mirror_compat:1323] ##screen stream exit successfully!!##
12-16 04:49:23.419 3006 5138 D hpplay-base: [Server:447] startHttpServer will END srv->serverType:0
12-16 04:49:23.419 3006 5138 D hpplay-base: [Server:646] startHttpServer cond srv_shutdown:1 connectNummber:0
12-16 04:49:23.419 3006 5138 D hpplay-base: [Server:669] startHttpServer wait cond END. srv_shutdown:1 connectNummber:0
12-16 04:49:23.419 3006 5138 D hpplay-base: [Server:457] HttpServer END, tid is 5138
01-01 09:02:25.443 0 0 D : mv2112_read_status
01-01 09:02:25.443 0 0 D mv2112_update_link: 3.0x901(1G): 0x80
01-01 09:02:25.443 0 0 D mv2112_update_link: 3.0x8109(100M): 0x8
01-01 09:02:25.443 0 0 D mv2112_update_link: link 0x0
01-01 09:02:25.443 0 0 D mv2112_read_status: autoneg is disabled
12-16 04:49:23.678 3006 5155 I hpplay-base: [mDNSEmbeded:140] embedded_mDNSLoop Exiting end,tid is 5155
12-16 04:49:23.678 3006 5188 D hpplay-base: [mDNSEmbeded:452] stopmDNSServer end stopmDNSNow=2, nRet=0
12-16 04:49:23.859 3006 5156 I hpplay-base: [mDNSEmbeded:376] end lelink publish server, tid is 5156
12-16 04:49:23.859 3006 5188 D hpplay-base: [mDNSEmbeded:420] stopmLelinkServer end nRet=0
12-16 04:49:23.859 3006 5188 D hpplay-base: [LelinkBase:615] lebodlna stopServerThreadFunc dlnaEnable:1
12-16 04:49:23.859 3006 5188 D hpplay-base-dlna: [lebodlna_api:49] stop DMR
12-16 04:49:23.860 3006 5188 D hpplay-base-dlna: [lebodlna_api:344] m_pRender Release
12-16 04:49:23.920 3006 5188 D hpplay-base-dlna: [UpnpDefine:867] DMRender release success
12-16 04:49:23.920 3006 5188 D hpplay-base-dlna: [lebodlna_api:352] m_pAVT Release
12-16 04:49:23.920 3006 5188 D hpplay-base-dlna: [lebodlna_api:360] m_pRCS Release
12-16 04:49:23.920 3006 5188 D hpplay-base-dlna: [lebodlna_api:365] dmrender destroydmr
12-16 04:49:23.965 664 676 I mpu_uart: [MSG-P:RECV]:No message received in 1000 ms
12-16 04:49:24.143 0 0 W swapper/1: type=1400 audit(0.0:782): avc: denied { kill } for capability=5 scontext=u:r:kernel:s0 tcontext=u:r:kernel:s0 tclass=capability permissive=0
12-16 04:49:24.220 3006 5188 D hpplay-base-dlna: [lebodlna-dlna_android:186] stopDLNA
12-16 04:49:24.221 3006 5188 D hpplay-base-dlna: [lebodlna-dlna_android:189] dlnaservice destroy
12-16 04:49:24.221 3006 5188 D hpplay-base-dlna: [lebodlna-dlna_android:49] dlnaservice Destroy 49 int CDlnaService::Destroy()
12-16 04:49:24.221 3006 5188 D hpplay-base-dlna: [lebodlna-dlnaframe:245] dlnaservice Destroy 245 static ERROR_TYPE IDlnaFrame::DestroyDlnaFrame(IDlnaFrame *)
12-16 04:49:24.221 3006 5188 D hpplay-base-dlna: [lebodlna-dlnaframe:179] dlnaservice Destroy 179 virtual void CDlnaFrame::Release()
12-16 04:49:24.221 3006 5188 D hpplay-base-dlna: [lebodlna-dlnaframe:190] dlnaservice Destroy 190 virtual void CDlnaFrame::Release()
12-16 04:49:24.221 3006 5188 D hpplay-base-dlna: [lebodlna-dlnaframe:192] dlnaservice Destroy 192 virtual void CDlnaFrame::Release()
12-16 04:49:24.221 3006 5188 D hpplay-base-dlna: [lebodlna-dlnaframe:247] dlnaservice Destroy 247 static ERROR_TYPE IDlnaFrame::DestroyDlnaFrame(IDlnaFrame *)
12-16 04:49:24.221 3006 5188 D hpplay-base-dlna: [lebodlna-dlnaframe:251] dlnaservice Destroy 251 static ERROR_TYPE IDlnaFrame::DestroyDlnaFrame(IDlnaFrame *)
12-16 04:49:24.224 3006 5188 E hpplay-base-dlna: upnpapi.c:655::before gminiserver ThreadPoolShutdown
12-16 04:49:24.224 3006 5188 E hpplay-base-dlna: ThreadPool.c:1047::on ThreadPoolShutdown tp->totalThreads:2
12-16 04:49:24.225 3006 5188 E hpplay-base-dlna: ThreadPool.c:1056::after ThreadPoolShutdown
12-16 04:49:24.225 3006 5188 E hpplay-base-dlna: ThreadPool.c:1057::ThreadPoolShutdown tp->totalThreads:0
12-16 04:49:24.225 3006 5188 E hpplay-base-dlna: upnpapi.c:657::after gminiserver ThreadPoolShutdown
12-16 04:49:24.225 3006 5188 E hpplay-base-dlna: upnpapi.c:659::before grecv ThreadPoolShutdown
12-16 04:49:24.226 3006 5188 E hpplay-base-dlna: ThreadPool.c:1047::on ThreadPoolShutdown tp->totalThreads:12
12-16 04:49:24.226 3006 5188 E hpplay-base-dlna: ThreadPool.c:1047::on ThreadPoolShutdown tp->totalThreads:11
12-16 04:49:24.226 3006 5188 E hpplay-base-dlna: ThreadPool.c:1047::on ThreadPoolShutdown tp->totalThreads:10
12-16 04:49:24.227 3006 5188 E hpplay-base-dlna: ThreadPool.c:1047::on ThreadPoolShutdown tp->totalThreads:9
12-16 04:49:24.227 3006 5188 E hpplay-base-dlna: ThreadPool.c:1047::on ThreadPoolShutdown tp->totalThreads:8
12-16 04:49:24.227 3006 5188 E hpplay-base-dlna: ThreadPool.c:1047::on ThreadPoolShutdown tp->totalThreads:7
12-16 04:49:24.227 3006 5188 E hpplay-base-dlna: ThreadPool.c:1047::on ThreadPoolShutdown tp->totalThreads:6
12-16 04:49:24.227 3006 5188 E hpplay-base-dlna: ThreadPool.c:1047::on ThreadPoolShutdown tp->totalThreads:5
12-16 04:49:24.228 3006 5188 E hpplay-base-dlna: ThreadPool.c:1047::on ThreadPoolShutdown tp->totalThreads:4
12-16 04:49:24.228 3006 5188 E hpplay-base-dlna: ThreadPool.c:1047::on ThreadPoolShutdown tp->totalThreads:3
12-16 04:49:24.228 3006 5188 E hpplay-base-dlna: ThreadPool.c:1047::on ThreadPoolShutdown tp->totalThreads:2
12-16 04:49:24.229 3006 5188 E hpplay-base-dlna: ThreadPool.c:1047::on ThreadPoolShutdown tp->totalThreads:1
12-16 04:49:24.229 3006 5188 E hpplay-base-dlna: ThreadPool.c:1056::after ThreadPoolShutdown
12-16 04:49:24.229 3006 5188 E hpplay-base-dlna: ThreadPool.c:1057::ThreadPoolShutdown tp->totalThreads:0
12-16 04:49:24.229 3006 5188 E hpplay-base-dlna: upnpapi.c:661::after grecv ThreadPoolShutdown
12-16 04:49:24.229 3006 5188 E hpplay-base-dlna: upnpapi.c:663::before gsend ThreadPoolShutdown
12-16 04:49:24.229 3006 5188 E hpplay-base-dlna: ThreadPool.c:1047::on ThreadPoolShutdown tp->totalThreads:2
12-16 04:49:24.230 3006 5188 E hpplay-base-dlna: ThreadPool.c:1056::after ThreadPoolShutdown
12-16 04:49:24.230 3006 5188 E hpplay-base-dlna: ThreadPool.c:1057::ThreadPoolShutdown tp->totalThreads:0
12-16 04:49:24.230 3006 5188 E hpplay-base-dlna: upnpapi.c:665::after gsend ThreadPoolShutdown
12-16 04:49:24.230 3006 5188 D hpplay-base-dlna: [lebodlna-dlnaframe:253] dlnaservice Destroy 253 static ERROR_TYPE IDlnaFrame::DestroyDlnaFrame(IDlnaFrame *)
12-16 04:49:24.230 3006 5188 D hpplay-base-dlna: [lebodlna-dlna_android:51] dlnaservice Destroy 51 int CDlnaService::Destroy()
12-16 04:49:24.230 3006 5188 D hpplay-base-dlna: [lebodlna-dlna_android:194] stopDLNA end
12-16 04:49:24.530 3006 5188 D hpplay-base: [stream_mirror_compat:1489] request to stop screen stream session!!
12-16 04:49:24.530 3006 5188 D hpplay-base: [AEventUtils:625] begin to stop event handle service!!
12-16 04:49:24.530 3006 5188 D hpplay-base: [AEventUtils:628] stop event handle service ok!!
12-16 04:49:24.530 3006 5188 D hpplay-base: [REventUtils:231] begin to stop report handle service!!
12-16 04:49:24.531 3006 5188 D hpplay-base: [REventUtils:234] stop report handle service ok!!
12-16 04:49:24.531 3006 5188 D hpplay-base: [lelinkSinkServer:711] HTTP Server stopSinkServer End .
12-16 04:49:24.531 3006 5188 D hpplay-base: [jniBridge:1135] notifyJavaServerStoped
12-16 04:49:24.531 3006 5188 D hpplay-base: [jniBridge:1726] notifyJava, what:202, castType:0, mimeType:0 baseStatus:4
12-16 04:49:24.531 3006 5188 D hpplay-base: [jniBridge:1727] notifyJava sessionID:(null)
12-16 04:49:24.532 3006 5188 I hpplay-java: [Thread-69]:Bridge:notify: what: 202
12-16 04:49:24.534 3006 5188 I hpplay-java: [Thread-69]:Bridge:notify: out: OutParameters:{audioSessionId=-1, audiotrackIndex=0, castHandleType=-1, castType=0, deviceName='', dlnaName='', dramaID='', extra=0, frameHandleType=-1, handleInside=true, headduration=0, header='', headers=null, isAD=false, isMultiMirror=false, lelinkVer='', limitTime=0, , mediaAlbum='null', mediaAlbumArtURI='', mediaArtist='null', mediaAssets='', mediaTitle='null', mimeType=0, multiSession=null, period=0, pinCode='', playSpeed=0.0, playerChoice=0, plugin=0, port=0, position=0.0, positionUnit=2, protocol=0, realSessionID='', regType='', , sinkIp='', sourceAPPVersion='', sourceChannel='', sourceClientInfo='', sourceDeviceInfo='', sourceDeviceModel='', sourceDeviceName='', sourceDeviceType=0, sourceHID='', , sourceInfo='', , , sourceOSVersion='', sourceSDKVersion='', sourceUid='', stopDetail=0, stopReason=0, tailduration=0, url='', urlID='', urls=null, userAgent='', videoDecoder=0, volume=0, what=202}com.hpplay.sdk.sink.protocol.OutParameters@b0e9111
12-16 04:49:24.534 3006 5188 I hpplay-java: [Thread-69]:Bridge:notify: address:160244342
12-16 04:49:24.534 3006 5188 D hpplay-base: [LelinkBase:645] stopServerThreadFunc notifyJavaServerStoped!
12-16 04:49:24.535 3006 3006 I hpplay-java: [main]:ServerTaskManager:startTimeOutCheck
12-16 04:49:24.535 3006 3006 I hpplay-java: [main]:ServerBusiness:stopDaemonBusiness
12-16 04:49:24.535 3006 3006 I hpplay-java: [main]:SinkDataReport:logout
12-16 04:49:24.536 3006 3006 I hpplay-java: [main]:EPControl:release
12-16 04:49:24.541 3006 3006 I hpplay-java: [main]:Dispatcher:notifyAllReverseControlsStop
12-16 04:49:24.541 3006 3006 I hpplay-java: [main]:Preference:checkFeature none
12-16 04:49:24.541 3006 3006 I hpplay-java: [main]:Dispatcher:notifyAllUIControlsStop set: []
12-16 04:49:24.541 3006 3006 I hpplay-java: [main]:Bridge:findServiceID start out: 160244342
12-16 04:49:24.541 3006 3006 I hpplay-java: [main]:Bridge:findServiceID end
12-16 04:49:24.541 3006 5133 W hpplay-java: NanoHTTPDServerRunnable:Communication with the client broken
12-16 04:49:24.541 3006 5133 W hpplay-java: java.net.SocketException: Socket closed
12-16 04:49:24.541 3006 5133 W hpplay-java: at java.net.PlainSocketImpl.socketAccept(PlainSocketImpl.java:213)
12-16 04:49:24.541 3006 5133 W hpplay-java: at java.net.AbstractPlainSocketImpl.accept(AbstractPlainSocketImpl.java:451)
12-16 04:49:24.541 3006 5133 W hpplay-java: at java.net.ServerSocket.implAccept(ServerSocket.java:547)
12-16 04:49:24.541 3006 5133 W hpplay-java: at java.net.ServerSocket.accept(ServerSocket.java:515)
12-16 04:49:24.541 3006 5133 W hpplay-java: at com.hpplay.nanohttpd.protocols.http.ServerRunnable.run(SourceFile:118)
12-16 04:49:24.541 3006 5133 W hpplay-java: at java.lang.Thread.run(Thread.java:920)
12-16 04:49:24.542 3006 3006 I hpplay-java: [main]:ServerTaskManager:onStop retry:true
12-16 04:49:24.542 3006 3006 I hpplay-java: [main]:ServerTaskManager:cancelTimeOutCheck
12-16 04:49:24.542 3006 5133 I hpplay-java: NanoHTTPDNanoHTTPD:server is stoped
12-16 04:49:24.542 3006 5133 I hpplay-java: NanoHTTPDNanoHTTPD:clear obj
12-16 04:49:24.544 3006 3006 I hpplay-java: [main]:IPManager:getActiveNets type: WIFI
12-16 04:49:24.544 3006 3006 I hpplay-java: [main]:IPManager:getActiveNets eth0:false wifi:true mobile:false ap:false
12-16 04:49:24.544 3006 3006 I hpplay-java: [main]:IPManager:getIPAddress IP_WLAN0
12-16 04:49:24.545 3006 5191 I hpplay-java: [AsyncTask #117]:GlideCreator:clearCache clearDiskCache
12-16 04:49:24.550 3006 3006 I hpplay-java: [main]:IPManager:updateIPAddress getIPAddress: 192.168.4.16 name:vlan4
12-16 04:49:24.550 3006 3006 I hpplay-java: [main]:IPManager:updateIPAddress getIPAddress: 192.168.0.18 name:wlan0
12-16 04:49:24.550 3006 3006 I hpplay-java: [main]:IPManager:updateIPAddress getIPAddress: 192.168.8.16 name:vlan8
12-16 04:49:24.550 3006 3006 I hpplay-java: [main]:IPManager:updateIPAddress getIPAddress: 192.168.11.16 name:vlan11
12-16 04:49:24.550 3006 3006 I hpplay-java: [main]:IPManager:updateIPAddress getIPAddress: 192.168.0.16 name:vlan0
12-16 04:49:24.550 3006 3006 I hpplay-java: [main]:IPManager:updateIPAddress getIPAddress: 192.168.2.16 name:vlan2
12-16 04:49:24.550 3006 3006 I hpplay-java: [main]:IPManager:updateIPAddress getIPAddress: 192.168.1.16 name:vlan1
12-16 04:49:24.551 3006 3006 I hpplay-java: [main]:ServerTaskManager:exeTask startServer
12-16 04:49:24.552 3006 5194 I hpplay-java: [AsyncTask #118]:ServerBusiness:startDaemonBusiness
12-16 04:49:24.552 3006 3006 I hpplay-java: [main]:ServerTaskManager:startTimeOutCheck
12-16 04:49:24.552 3006 5194 I hpplay-java: [AsyncTask #118]:TimeOutCheckUtil:addTask id:upgrade
12-16 04:49:24.552 3006 5194 I hpplay-java: [AsyncTask #118]:TimeOutCheckUtil:addTask id:ijkupgrade
12-16 04:49:24.552 3006 5195 I hpplay-java: [AsyncTask #119]:Bridge:assembleInParameters
12-16 04:49:24.553 3006 5195 I hpplay-java: [AsyncTask #119]:Bridge:createDeviceId deviceId:OTQ6NWE6MmE6NjI6YWU6ZTI=
12-16 04:49:24.554 3006 5195 I hpplay-java: [AsyncTask #119]:IPManager:getActiveNets type: WIFI
12-16 04:49:24.554 3006 5195 I hpplay-java: [AsyncTask #119]:IPManager:getActiveNets eth0:false wifi:true mobile:false ap:false
12-16 04:49:24.554 3006 5196 I hpplay-java: NanoHTTPDNanoHTTPD:server is started
12-16 04:49:24.554 3006 5195 I hpplay-java: [AsyncTask #119]:IPManager:getIPAddress IP_WLAN0
12-16 04:49:24.554 3006 5195 I hpplay-java: [AsyncTask #119]:Preference:checkFeature none
12-16 04:49:24.554 3006 5195 I hpplay-java: [AsyncTask #119]:SWI:dlna tip
12-16 04:49:24.554 3006 5195 I hpplay-java: [AsyncTask #119]:SWI:lefp tip
12-16 04:49:24.555 3006 5195 I hpplay-java: [AsyncTask #119]:Bridge:assembleInParameters none alias name use device name: 高合娱乐副屏
12-16 04:49:24.555 3006 5195 I hpplay-java: [AsyncTask #119]:Feature:isSendAdvertisement
12-16 04:49:24.555 3006 5195 I hpplay-java: [AsyncTask #119]:Preference:checkFeature none
12-16 04:49:24.555 3006 5195 I hpplay-java: [AsyncTask #119]:Preference:checkFeature none
12-16 04:49:24.555 3006 5195 I hpplay-java: [AsyncTask #119]:Bridge:backupHpplayDat bakPath:
12-16 04:49:24.555 3006 5195 I hpplay-java: [AsyncTask #119]:Bridge:path:/data/user/0/com.hht.lebocast/files/hpplay/file/happyplay.dat
12-16 04:49:24.555 3006 5195 I hpplay-java: [AsyncTask #119]:Bridge:mAppId:21409
12-16 04:49:24.555 3006 5195 I hpplay-java: [AsyncTask #119]:Bridge:mode:3
12-16 04:49:24.555 3006 5195 I hpplay-java: [AsyncTask #119]:Bridge:type:1
12-16 04:49:24.555 3006 5195 I hpplay-java: [AsyncTask #119]:Bridge:SN:
12-16 04:49:24.555 3006 5195 I hpplay-java: [AsyncTask #119]:Preference:checkFeature none
12-16 04:49:24.555 3006 5195 I hpplay-java: [AsyncTask #119]:Bridge:backPath:
12-16 04:49:24.556 3006 5195 I hpplay-java: [AsyncTask #119]:DeviceUtil:getPermissionDid: 1
12-16 04:49:24.556 3006 5195 I hpplay-java: [AsyncTask #119]:DeviceUtil:getPermissionDid: 1
12-16 04:49:24.556 3006 5195 I hpplay-java: [AsyncTask #119]:Preference:checkFeature none
12-16 04:49:24.556 3006 5195 I hpplay-java: [AsyncTask #119]:Preference:checkFeature none
12-16 04:49:24.556 3006 5195 I hpplay-java: [AsyncTask #119]:Preference:checkFeature none
12-16 04:49:24.556 3006 5195 I hpplay-java: [AsyncTask #119]:Preference:checkFeature none
12-16 04:49:24.556 3006 5195 I hpplay-java: [AsyncTask #119]:Preference:checkFeature none
12-16 04:49:24.556 3006 5195 I hpplay-java: [AsyncTask #119]:Preference:checkFeature none
12-16 04:49:24.563 3006 5194 W hpplay-java: [AsyncTask #118]:ServerBusiness:startDaemonBusiness start LelinkHTTPD sucess 52288
01-01 09:02:26.467 0 0 D : mv2112_read_status
01-01 09:02:26.467 0 0 D mv2112_update_link: 3.0x901(1G): 0x80
01-01 09:02:26.467 0 0 D mv2112_update_link: 3.0x8109(100M): 0x8
01-01 09:02:26.467 0 0 D mv2112_update_link: link 0x0
01-01 09:02:26.467 0 0 D mv2112_read_status: autoneg is disabled
12-16 04:49:24.574 3006 5195 W hpplay-java: [AsyncTask #119]:DeviceUtils:getDomain create lb domain
12-16 04:49:24.574 3006 5195 I hpplay-java: [AsyncTask #119]:Feature:getMirrorAudioVideoSync DISABLE
12-16 04:49:24.575 3006 5195 I hpplay-java: [AsyncTask #119]:Feature:checkSupportRedirectOtherApp,no set redirect api
12-16 04:49:24.575 3006 5195 I hpplay-java: [AsyncTask #119]:Feature:getRedirectSearchFlag,value: 0
12-16 04:49:24.575 3006 5195 I hpplay-java: [AsyncTask #119]:Bridge:mIn: InParameters{appInfo='0', appKey='21409', authMode=0, authPwd='null', broadcastDirection=0, broadcastState=1, broadcastTimeout=3, buildType='release', cacheAVPath='/data/user/0/com.hht.lebocast/cache/hpplay/av', cachePhotoPath='/data/user/0/com.hht.lebocast/cache/hpplay/image', channel='LEBO-APK--60146-25915', desPath='', , deviceName='高合娱乐副屏', dlna=1, dlnaCompany='null', dlnaCompanyURL='null', dlnaDeviceDescribe='null', dlnaDeviceName='null', dlnaDeviceURL='null', dlnaLelinkSwitch=1, dlnaManufacturer=0, dlnaName='高合娱乐副屏', dlnaUPC='', dlnaUUID='dd2df002-11d4-f267-238c-a56d5449307e', domain='Lebo-figure-c2e24fe8c7bb', drainage=0, feature='6655', fps=60, height=1080, host='null', , keyPath='/data/user/0/com.hht.lebocast/files/hpplay/file', lelinkfp=1, lelinkfp2=0, logBaseState=1, logPath='/storage/emulated/0/com.hht.lebocast/sink/sdk/common', , mdnsEnable=1, mirrorSyncType=0, netCastVer='2.0', packageName='com.hht.lebocast', packagePath='/data/user/0/com.hht.lebocast', permissionDid='c2:e2:4f:e8:c7:bb', permissionMode=3, permissionPreSN='', port=0, preemptMode=0, regType='_leboremote._tcp.', serverPorts=null, sockWaitTimeOut=45, teleControlPort=53388, tunnels=3, txtKeys=null, txtValues=null, uid='-2753298538233435100', videoFrameType=1001, width=1920}com.hpplay.sdk.sink.protocol.InParameters@3664365
12-16 04:49:24.575 3006 3006 I hpplay-java: [main]:Bridge:startServer state: 0
12-16 04:49:24.575 3006 3006 D hpplay-base: [jniBridge:185] not conference version
12-16 04:49:24.575 3006 3006 I hpplay-base: [jniBridge:241] 1initServer nSettingWidth=1920 nSettingHeight=1080 nSettingMaxFPS=60 dlnaEnable=1 lelinkFpEnable=1
12-16 04:49:24.576 3006 3006 D hpplay-base: [jniBridge:283] 1initServer cfg.leLinkIp=192.168.0.18
12-16 04:49:24.576 3006 3006 D hpplay-base: [jniBridge:286] 1initServer cfg.mPermissionMode=3
12-16 04:49:24.576 3006 3006 D hpplay-base: [jniBridge:304] 1initServer cfg.permissionDid=c2:e2:4f:e8:c7:bb000000000000000
12-16 04:49:24.576 3006 3006 D hpplay-base: [jniBridge:313] 1initServer cfg.mPermissionPreSN=00000000000000000000000000000000
12-16 04:49:24.576 3006 3006 D hpplay-base: [jniBridge:317] Bridge___1initServer status:0
12-16 04:49:24.576 3006 3006 I hpplay-base: [jniBridge:325] 1initServer cfg.feature=6655
12-16 04:49:24.576 3006 3006 D hpplay-base: [jniBridge:377] 1initServer isSendBroadCast=3
12-16 04:49:24.576 3006 3006 D hpplay-base: [jniBridge:380] 1initServer broadcastDirection=0
12-16 04:49:24.576 3006 3006 D hpplay-base: [jniBridge:382] 1initServer ipBroadcast direction=0
12-16 04:49:24.576 3006 3006 D hpplay-base: [jniBridge:387] 1initServer tunnel=3
12-16 04:49:24.576 3006 3006 D hpplay-base: [jniBridge:390] 1initServer drainage=0
12-16 04:49:24.576 3006 3006 D hpplay-base: [jniBridge:401] 1initServer mDNSEnable=1
12-16 04:49:24.576 3006 3006 D hpplay-base: [jniBridge:406] 1initServer nSockWaitTimeOut=45
12-16 04:49:24.576 3006 3006 D hpplay-base: [jniBridge:410] 1initServer nMirrorAudioVideoSync=0
12-16 04:49:24.576 3006 3006 I hpplay-base: [sign_check:168] checkSign strPackageName:com.hht.lebocast
12-16 04:49:24.576 3006 3006 I hpplay-base: [sign_check:169] checkSign buildType:release
12-16 04:49:24.576 3006 3006 I hpplay-base: [sign_check:170] checkSign appKey:21409
12-16 04:49:24.576 3006 3006 D hpplay-base: [LelinkBase:405] bridgeInit port: 0, lelinkfp: 0
12-16 04:49:24.576 3006 3006 D hpplay-base: [LelinkBase:462] bridgeInit mPackagePath =/data/user/0/com.hht.lebocast
12-16 04:49:24.576 3006 3006 D hpplay-base: [LelinkBase:463] bridgeInit mKeyPath =/data/user/0/com.hht.lebocast/files/hpplay/file
12-16 04:49:24.576 3006 3006 D hpplay-base: [SinkContext:97] initSinkContext mPackagePath =/data/user/0/com.hht.lebocast
12-16 04:49:24.576 3006 3006 D hpplay-base: [SinkContext:98] initSinkContext mKeyPath =/data/user/0/com.hht.lebocast/files/hpplay/file
12-16 04:49:24.576 3006 3006 D hpplay-base: [jniBridge:478] Java_com_hpplay_sdk_sink_protocol_Bridge__1initServer end
12-16 04:49:24.576 3006 3006 D hpplay-base: [jniBridge:869] Bridge__1startServer status:1
12-16 04:49:24.576 3006 3006 D hpplay-base: [LelinkBase:492] startAllServer at base
12-16 04:49:24.576 3006 3006 D hpplay-base: [lelinkSinkServer:152] httpPlugins_SetServerPort TYPE_SERVER_LELINK:52266
12-16 04:49:24.576 3006 3006 D hpplay-base: [network.c:362] protocol bind host :192.168.0.18 port:52266 curent bind port:52266
12-16 04:49:24.576 3006 3006 D hpplay-base: [lelinkSinkServer:681] HTTP Server real at:52266
12-16 04:49:24.577 3006 5201 D hpplay-base: [lelinkSinkServer:644] Connected Service Type:0
12-16 04:49:24.577 3006 3006 D hpplay-base: [ScreenStream:1285] current bind port:7100
12-16 04:49:24.577 3006 5201 I hpplay-base: : (server.c.315) startServer listen_ing....:
12-16 04:49:24.577 3006 5201 D hpplay-base: [Server:371] startHttpServer srv_sockets.used:1 nCurrentFd:70, tid is 5201
12-16 04:49:24.577 3006 3006 D hpplay-base: [LelinkBase:515] startAllServer pBaseContext->config.dlnaEnable:1
12-16 04:49:24.577 3006 3006 D hpplay-base: [lelinkDlna:324] addDMRCallback end
12-16 04:49:24.577 3006 5202 D hpplay-base: [stream_mirror_compat:759] compat mirror stream begin to run,server fd:71,thread_id:3148050880!!
12-16 04:49:24.579 3006 3006 E hpplay-base-dlna: miniserver.c:788::dlna_port(ipv4: 49152 ipv6:0)
12-16 04:49:24.630 3006 3006 D hpplay-base-dlna: [lebodlna-dlnaframe:166] succeed to load lebodlnaplugin
12-16 04:49:24.630 3006 3006 D hpplay-base-dlna: [lebodlna-dlnaframe:232] Succeed to load specified plugin:lebodlna_plugin
12-16 04:49:24.630 3006 3006 D hpplay-base: [lelinkDlna:328] startDLNAServer ret=0
12-16 04:49:24.630 3006 3006 D hpplay-base: [LelinkBase:531] startDLNAServer ret= 0
12-16 04:49:24.630 3006 3006 D hpplay-base: [lelinkDlna:342] setDMRFriendlyName 高合娱乐副屏
12-16 04:49:24.630 3006 3006 D hpplay-base-dlna: [lebodlna-dlna_android:136] setBroadcastTimeout mBroadcastTimeOut=66 status=3!
12-16 04:49:24.630 3006 3006 D hpplay-base-dlna: [lebodlna_api:32] start DMR
12-16 04:49:24.630 3006 3006 D hpplay-base-dlna: [UpnpDefine:434] RegisterDMRender invalid lelink info
12-16 04:49:24.630 3006 3006 D hpplay-base-dlna: [UpnpDefine:467] DLNA DEFAULT_DESCRIPTION
12-16 04:49:24.633 3006 3006 E hpplay-base-dlna: upnpapi.c:1078::Exiting RegisterRootDevice2 *Hnd =1, return value == 0
12-16 04:49:24.633 3006 3006 D hpplay-base-dlna: [CUpnpDevice:41] Register Root Device 2:0
12-16 04:49:24.633 3006 3006 D hpplay-base-dlna: [UpnpDefine:794] ESDMRender:Register success
12-16 04:49:24.633 3006 3006 D hpplay-base-dlna: [lebodlna_api:41] sendBroadcast mBroadcastTimeOut=3
12-16 04:49:24.633 3006 3006 D hpplay-base-dlna: [lebodlna_api:44] sendBroadcast timeout=66
12-16 04:49:24.695 3006 3006 D hpplay-base: [lelinkDlna:361] startDLNADevice dlnaManufacturer:0 ret=0
12-16 04:49:24.695 3006 3006 D hpplay-base: [LelinkBase:535] lelinkSetDlnaInfo ret= 0
12-16 04:49:24.695 3006 3006 D hpplay-base: [LelinkBase:547] startAllServer pBaseContext->config.mDNSEnable:1
12-16 04:49:24.695 3006 3006 D hpplay-base: [base_mdns:509] mdns net.hostname:
12-16 04:49:24.696 3006 3006 D hpplay-base: [base_mdns:529] mdns namelabel:-00-80-0F-74-31-00
12-16 04:49:24.696 3006 3006 D hpplay-base: [base_mdns:509] mdns net.hostname:
12-16 04:49:24.696 3006 3006 D hpplay-base: [base_mdns:529] mdns namelabel:-00-80-0F-74-31-00
12-16 04:49:24.696 3006 3006 D hpplay-base: [mdns:813] mdns start bind port:0
12-16 04:49:24.699 3006 3006 D hpplay-base: [mdns:813] mdns start bind port:5353
12-16 04:49:24.700 3006 3006 D hpplay-base: [mdns:813] mdns start bind port:5353
12-16 04:49:24.700 3006 3006 D hpplay-base: [mdns:813] mdns start bind port:5353
12-16 04:49:24.700 3006 3006 D hpplay-base: [mdns:813] mdns start bind port:5353
12-16 04:49:24.700 3006 3006 D hpplay-base: [mdns:813] mdns start bind port:5353
12-16 04:49:24.700 3006 3006 D hpplay-base: [mdns:813] mdns start bind port:5353
12-16 04:49:24.701 3006 3006 D hpplay-base: [mdns:813] mdns start bind port:5353
12-16 04:49:24.701 3006 3006 I hpplay-base: [mDNSEmbeded:57] embedded_mDNSInit stopmDNSNow:0 status:0
12-16 04:49:24.701 3006 3006 D hpplay-base: [mDNSEmbeded:436] startmDNSServer end nRet=0
12-16 04:49:24.701 3006 3006 D hpplay-base: [LelinkBase:555] lelink broadcast_on_off:1 log2java_on_off:1
12-16 04:49:24.701 3006 5221 D hpplay-base: [LelinkMDNS:729] leboAuthorizationCheck strUuid=c2:e2:4f:e8:c7:bb000000000000000
12-16 04:49:24.701 3006 5221 D hpplay-base: [LelinkMDNS:730] leboAuthorizationCheck mPermissionDid=c2:e2:4f:e8:c7:bb000000000000000
12-16 04:49:24.701 3006 5221 D hpplay-base: [LelinkMDNS:755] leboAuthorizationCheck mPermissionMac=c2:e2:4f:e8:c7:bb000000000000000
12-16 04:49:24.702 3006 5222 I hpplay-base: [mDNSEmbeded:268] start lelink publish server, tid is 5222
12-16 04:49:24.702 3006 3006 D hpplay-base: [AEventUtils:595] request to start event handle service!!
12-16 04:49:24.702 3006 3006 D hpplay-base: [AEventUtils:603] start_event_handle_service,begin to run!!
12-16 04:49:24.702 3006 3006 D hpplay-base: [REventUtils:210] start_event_handle_service,begin to run!!
12-16 04:49:24.702 3006 5223 D hpplay-base: [mDNSEmbeded:197] http_port bind check 197 http_port_check
12-16 04:49:24.702 3006 3006 D hpplay-base: [LelinkBase:576] startAllServer success .
12-16 04:49:24.702 3006 3006 D hpplay-base: [jniBridge:894] startDlna_link:http://192.168.0.18:49152/description.xml
12-16 04:49:24.702 3006 5226 D hpplay-base: [jniBridge:1081] notifyJavaDlnalink:http://192.168.0.18:49152/description.xml
12-16 04:49:24.702 3006 5226 D hpplay-base: [jniBridge:1726] notifyJava, what:207, castType:0, mimeType:0 baseStatus:2
12-16 04:49:24.703 3006 5226 D hpplay-base: [jniBridge:1727] notifyJava sessionID:(null)
12-16 04:49:24.703 3006 5225 D hpplay-base: [REventUtils:59] create handleREventThread thread ok!!,tid is 5225
12-16 04:49:24.703 3006 5224 D hpplay-base: [AEventUtils:171] create handle AEvent thread ok!!,tid is 5224
12-16 04:49:24.703 3006 5226 I hpplay-java: [Thread-71]:Bridge:notify: what: 207
12-16 04:49:24.704 3006 5223 D hpplay-base: [mDNSEmbeded:217] http_port bind check 217 http_port_check
12-16 04:49:24.704 3006 5223 D hpplay-base: [mDNSEmbeded:222] http_port bind check 222 http_port_check
12-16 04:49:24.705 3006 5226 I hpplay-java: [Thread-71]:Bridge:notify: out: OutParameters:{audioSessionId=-1, audiotrackIndex=0, castHandleType=-1, castType=0, deviceName='http://192.168.0.18:49152/description.xml', dlnaName='', dramaID='', extra=0, frameHandleType=-1, handleInside=true, headduration=0, header='', headers=null, isAD=false, isMultiMirror=false, lelinkVer='', limitTime=0, , mediaAlbum='null', mediaAlbumArtURI='', mediaArtist='null', mediaAssets='', mediaTitle='null', mimeType=0, multiSession=null, period=0, pinCode='', playSpeed=0.0, playerChoice=0, plugin=0, port=0, position=0.0, positionUnit=2, protocol=0, realSessionID='', regType='', , sinkIp='', sourceAPPVersion='', sourceChannel='', sourceClientInfo='', sourceDeviceInfo='', sourceDeviceModel='', sourceDeviceName='', sourceDeviceType=0, sourceHID='', , sourceInfo='', , , sourceOSVersion='', sourceSDKVersion='', sourceUid='', stopDetail=0, stopReason=0, tailduration=0, url='', urlID='', urls=null, userAgent='', videoDecoder=0, volume=0, what=207}com.hpplay.sdk.sink.protocol.OutParameters@88afb8b
12-16 04:49:24.705 3006 5226 I hpplay-java: [Thread-71]:Bridge:notify: address:72590440
12-16 04:49:24.706 3006 5223 D hpplay-base: [mDNSEmbeded:234] http_port bind check 234 http_port_check port:52266
12-16 04:49:24.706 3006 5223 D hpplay-base: [mDNSEmbeded:237] http_port bind check 237 http_port_check
12-16 04:49:24.706 3006 5228 D hpplay-base: [lelinkSinkServer:93] new client connection from 127.0.0.1 41630, fd=129
12-16 04:49:24.706 3006 5228 D hpplay-base: [SinkContext:137] addSinkContextSession,begin to run!!
12-16 04:49:24.707 3006 5228 D hpplay-base: [SinkContext:142] addSinkContextSession,begin to get lock!!
12-16 04:49:24.707 3006 5228 D hpplay-base: [SinkContext:144] addSinkContextSession,get lock ok!!
12-16 04:49:24.707 3006 5228 D hpplay-base: [SinkContext:149] addSinkContextSession,session list is null,begin to malloc!!
12-16 04:49:24.707 3006 5228 D hpplay-base: [SinkContext:156] addSinkContextSession,begin to update!!
12-16 04:49:24.707 3006 5228 D hpplay-base: [SinkContext:160] addSinkContextSession,begin to update header!!
12-16 04:49:24.707 3006 5228 D hpplay-base: [SinkContext:172] addSinkContextSession,begin to unlock!!
12-16 04:49:24.707 3006 5228 D hpplay-base: [SinkContext:174] addSinkContextSession,unlock ok!!
12-16 04:49:24.707 3006 5228 D hpplay-base: [LelinkReceiver:4908] get ping !!!
12-16 04:49:24.707 3006 5223 D hpplay-base: [mDNSEmbeded:240] http_port bind check 240 http_port_check recieved:64
12-16 04:49:24.707 3006 5223 D hpplay-base: [mDNSEmbeded:243] http_port bind check 243 http_port_check
12-16 04:49:24.707 3006 5223 D hpplay-base: [mDNSEmbeded:244] http_port bind check ok!
12-16 04:49:24.908 3006 5228 I hpplay-base: [LelinkReceiver:14605] _connectionFinalize (129)
12-16 04:49:24.908 3006 5228 D hpplay-base: [LelinkReceiver:14752] ###connectionFinalize,release ok!!###
12-16 04:49:24.965 664 676 I mpu_uart: [MSG-P:RECV]:No message received in 1000 ms
12-16 04:49:25.123 3006 5128 W hpplay-java: [AsyncTask #110]:HttpRequest:
12-16 04:49:25.125 3006 5128 W hpplay-java: [AsyncTask #110]:HttpRequest:
12-16 04:49:25.127 3006 5128 W hpplay-java: [AsyncTask #110]:HttpRequest:
12-16 04:49:25.131 664 675 I mpu_uart: [MSG-P:R]:recv sync frame timeout
12-16 04:49:25.143 0 0 W swapper/1: type=1400 audit(0.0:783): avc: denied { kill } for capability=5 scontext=u:r:kernel:s0 tcontext=u:r:kernel:s0 tclass=capability permissive=0
12-16 04:49:25.511 1519 2223 W SntpClient: Unknown host: time.android.com
12-16 04:49:25.511 1519 2223 D SntpClient: request time failed
01-01 09:02:27.491 0 0 D : mv2112_read_status
01-01 09:02:27.491 0 0 D mv2112_update_link: 3.0x901(1G): 0x80
01-01 09:02:27.491 0 0 D mv2112_update_link: 3.0x8109(100M): 0x8
01-01 09:02:27.491 0 0 D mv2112_update_link: link 0x0
01-01 09:02:27.491 0 0 D mv2112_read_status: autoneg is disabled
12-16 04:49:25.965 664 676 I mpu_uart: [MSG-P:RECV]:No message received in 1000 ms
12-16 04:49:26.143 0 0 W swapper/1: type=1400 audit(0.0:784): avc: denied { kill } for capability=5 scontext=u:r:kernel:s0 tcontext=u:r:kernel:s0 tclass=capability permissive=0
01-01 09:02:28.515 0 0 D : mv2112_read_status
01-01 09:02:28.515 0 0 D mv2112_update_link: 3.0x901(1G): 0x80
01-01 09:02:28.515 0 0 D mv2112_update_link: 3.0x8109(100M): 0x8
01-01 09:02:28.515 0 0 D mv2112_update_link: link 0x0
01-01 09:02:28.515 0 0 D mv2112_read_status: autoneg is disabled
12-16 04:49:26.966 664 676 I mpu_uart: [MSG-P:RECV]:No message received in 1000 ms
12-16 04:49:27.143 0 0 W swapper/2: type=1400 audit(0.0:785): avc: denied { kill } for capability=5 scontext=u:r:kernel:s0 tcontext=u:r:kernel:s0 tclass=capability permissive=0
01-01 09:02:29.539 0 0 D : mv2112_read_status
01-01 09:02:29.539 0 0 D mv2112_update_link: 3.0x901(1G): 0x80
01-01 09:02:29.539 0 0 D mv2112_update_link: 3.0x8109(100M): 0x8
01-01 09:02:29.539 0 0 D mv2112_update_link: link 0x0
01-01 09:02:29.539 0 0 D mv2112_read_status: autoneg is disabled
12-16 04:49:27.966 664 676 I mpu_uart: [MSG-P:RECV]:No message received in 1000 ms
12-16 04:49:28.134 664 675 I mpu_uart: [MSG-P:R]:recv sync frame timeout
12-16 04:49:28.143 0 0 W swapper/2: type=1400 audit(0.0:786): avc: denied { kill } for capability=5 scontext=u:r:kernel:s0 tcontext=u:r:kernel:s0 tclass=capability permissive=0
01-01 09:02:30.563 0 0 D : mv2112_read_status
01-01 09:02:30.563 0 0 D mv2112_update_link: 3.0x901(1G): 0x80
01-01 09:02:30.563 0 0 D mv2112_update_link: 3.0x8109(100M): 0x8
01-01 09:02:30.563 0 0 D mv2112_update_link: link 0x0
01-01 09:02:30.563 0 0 D mv2112_read_status: autoneg is disabled
12-16 04:49:28.966 664 676 I mpu_uart: [MSG-P:RECV]:No message received in 1000 ms
12-16 04:49:29.143 0 0 W swapper/2: type=1400 audit(0.0:787): avc: denied { kill } for capability=5 scontext=u:r:kernel:s0 tcontext=u:r:kernel:s0 tclass=capability permissive=0
12-16 04:49:29.566 3006 3006 I hpplay-java: [main]:ServiceUpdater:upLoadServiceInfo invalid deviceCode:, port:53388
01-01 09:02:31.587 0 0 D : mv2112_read_status
01-01 09:02:31.587 0 0 D mv2112_update_link: 3.0x901(1G): 0x80
01-01 09:02:31.587 0 0 D mv2112_update_link: 3.0x8109(100M): 0x8
01-01 09:02:31.587 0 0 D mv2112_update_link: link 0x0
01-01 09:02:31.587 0 0 D mv2112_read_status: autoneg is disabled
12-16 04:49:29.966 664 676 I mpu_uart: [MSG-P:RECV]:No message received in 1000 ms
12-16 04:49:30.143 0 0 W swapper/2: type=1400 audit(0.0:788): avc: denied { kill } for capability=5 scontext=u:r:kernel:s0 tcontext=u:r:kernel:s0 tclass=capability permissive=0
01-01 09:02:32.611 0 0 D : mv2112_read_status
01-01 09:02:32.611 0 0 D mv2112_update_link: 3.0x901(1G): 0x80
01-01 09:02:32.611 0 0 D mv2112_update_link: 3.0x8109(100M): 0x8
01-01 09:02:32.611 0 0 D mv2112_update_link: link 0x0
01-01 09:02:32.611 0 0 D mv2112_read_status: autoneg is disabled
12-16 04:49:30.966 664 676 I mpu_uart: [MSG-P:RECV]:No message received in 1000 ms
12-16 04:49:31.137 664 675 I mpu_uart: [MSG-P:R]:recv sync frame timeout
12-16 04:49:31.143 0 0 W swapper/2: type=1400 audit(0.0:789): avc: denied { kill } for capability=5 scontext=u:r:kernel:s0 tcontext=u:r:kernel:s0 tclass=capability permissive=0
01-01 09:02:33.635 0 0 D : mv2112_read_status
01-01 09:02:33.635 0 0 D mv2112_update_link: 3.0x901(1G): 0x80
01-01 09:02:33.635 0 0 D mv2112_update_link: 3.0x8109(100M): 0x8
01-01 09:02:33.635 0 0 D mv2112_update_link: link 0x0
01-01 09:02:33.635 0 0 D mv2112_read_status: autoneg is disabled
12-16 04:49:31.967 664 676 I mpu_uart: [MSG-P:RECV]:No message received in 1000 ms
12-16 04:49:32.143 0 0 W swapper/2: type=1400 audit(0.0:790): avc: denied { kill } for capability=5 scontext=u:r:kernel:s0 tcontext=u:r:kernel:s0 tclass=capability permissive=0
01-01 09:02:34.659 0 0 D : mv2112_read_status
01-01 09:02:34.659 0 0 D mv2112_update_link: 3.0x901(1G): 0x80
01-01 09:02:34.659 0 0 D mv2112_update_link: 3.0x8109(100M): 0x8
01-01 09:02:34.659 0 0 D mv2112_update_link: link 0x0
01-01 09:02:34.659 0 0 D mv2112_read_status: autoneg is disabled
12-16 04:49:32.967 664 676 I mpu_uart: [MSG-P:RECV]:No message received in 1000 ms
12-16 04:49:33.143 0 0 W swapper/2: type=1400 audit(0.0:791): avc: denied { kill } for capability=5 scontext=u:r:kernel:s0 tcontext=u:r:kernel:s0 tclass=capability permissive=0
01-01 09:02:35.683 0 0 D : mv2112_read_status
01-01 09:02:35.683 0 0 D mv2112_update_link: 3.0x901(1G): 0x80
01-01 09:02:35.683 0 0 D mv2112_update_link: 3.0x8109(100M): 0x8
01-01 09:02:35.683 0 0 D mv2112_update_link: link 0x0
01-01 09:02:35.683 0 0 D mv2112_read_status: autoneg is disabled
12-16 04:49:33.967 664 676 I mpu_uart: [MSG-P:RECV]:No message received in 1000 ms
12-16 04:49:34.140 664 675 I mpu_uart: [MSG-P:R]:recv sync frame timeout
12-16 04:49:34.143 0 0 W swapper/2: type=1400 audit(0.0:792): avc: denied { kill } for capability=5 scontext=u:r:kernel:s0 tcontext=u:r:kernel:s0 tclass=capability permissive=0
12-16 04:49:34.553 3006 3006 I hpplay-java: [main]:Upgrade:upgrade not be allowed
12-16 04:49:34.569 3006 3006 I hpplay-java: [main]:ServerBusiness:get deviceCode:
12-16 04:49:34.569 3006 3006 W hpplay-java: [main]:ServerBusiness:startDeviceService ignore,invalid deviceCode
01-01 09:02:36.707 0 0 D : mv2112_read_status
01-01 09:02:36.707 0 0 D mv2112_update_link: 3.0x901(1G): 0x80
01-01 09:02:36.707 0 0 D mv2112_update_link: 3.0x8109(100M): 0x8
01-01 09:02:36.707 0 0 D mv2112_update_link: link 0x0
01-01 09:02:36.707 0 0 D mv2112_read_status: autoneg is disabled
12-16 04:49:34.967 664 676 I mpu_uart: [MSG-P:RECV]:No message received in 1000 ms
12-16 04:49:35.143 0 0 W swapper/2: type=1400 audit(0.0:793): avc: denied { kill } for capability=5 scontext=u:r:kernel:s0 tcontext=u:r:kernel:s0 tclass=capability permissive=0
01-01 09:02:37.731 0 0 D : mv2112_read_status
01-01 09:02:37.731 0 0 D mv2112_update_link: 3.0x901(1G): 0x80
01-01 09:02:37.731 0 0 D mv2112_update_link: 3.0x8109(100M): 0x8
01-01 09:02:37.731 0 0 D mv2112_update_link: link 0x0
01-01 09:02:37.731 0 0 D mv2112_read_status: autoneg is disabled
12-16 04:49:35.967 664 676 I mpu_uart: [MSG-P:RECV]:No message received in 1000 ms
12-16 04:49:36.143 0 0 W swapper/2: type=1400 audit(0.0:794): avc: denied { kill } for capability=5 scontext=u:r:kernel:s0 tcontext=u:r:kernel:s0 tclass=capability permissive=0
01-01 09:02:38.755 0 0 D : mv2112_read_status
01-01 09:02:38.755 0 0 D mv2112_update_link: 3.0x901(1G): 0x80
01-01 09:02:38.755 0 0 D mv2112_update_link: 3.0x8109(100M): 0x8
01-01 09:02:38.755 0 0 D mv2112_update_link: link 0x0
01-01 09:02:38.755 0 0 D mv2112_read_status: autoneg is disabled
12-16 04:49:36.968 664 676 I mpu_uart: [MSG-P:RECV]:No message received in 1000 ms
12-16 04:49:37.143 664 675 I mpu_uart: [MSG-P:R]:recv sync frame timeout
12-16 04:49:37.143 0 0 W swapper/2: type=1400 audit(0.0:795): avc: denied { kill } for capability=5 scontext=u:r:kernel:s0 tcontext=u:r:kernel:s0 tclass=capability permissive=0
12-16 04:49:37.292 3006 3006 I hpplay-java: [main]:IMTask:getIMRoot
01-01 09:02:39.779 0 0 D : mv2112_read_status
01-01 09:02:39.779 0 0 D mv2112_update_link: 3.0x901(1G): 0x80
01-01 09:02:39.779 0 0 D mv2112_update_link: 3.0x8109(100M): 0x8
01-01 09:02:39.779 0 0 D mv2112_update_link: link 0x0
01-01 09:02:39.779 0 0 D mv2112_read_status: autoneg is disabled
12-16 04:49:37.968 664 676 I mpu_uart: [MSG-P:RECV]:No message received in 1000 ms
12-16 04:49:38.143 0 0 W swapper/2: type=1400 audit(0.0:796): avc: denied { kill } for capability=5 scontext=u:r:kernel:s0 tcontext=u:r:kernel:s0 tclass=capability permissive=0
01-01 09:02:40.803 0 0 D : mv2112_read_status
01-01 09:02:40.803 0 0 D mv2112_update_link: 3.0x901(1G): 0x80
01-01 09:02:40.803 0 0 D mv2112_update_link: 3.0x8109(100M): 0x8
01-01 09:02:40.803 0 0 D mv2112_update_link: link 0x0
01-01 09:02:40.803 0 0 D mv2112_read_status: autoneg is disabled
12-16 04:49:38.968 664 676 I mpu_uart: [MSG-P:RECV]:No message received in 1000 ms
12-16 04:49:39.143 0 0 W swapper/2: type=1400 audit(0.0:797): avc: denied { kill } for capability=5 scontext=u:r:kernel:s0 tcontext=u:r:kernel:s0 tclass=capability permissive=0
12-16 04:49:39.552 3006 3006 I hpplay-java: [main]:ServerTaskManager:task run out of time
12-16 04:49:39.552 3006 3006 I hpplay-java: [main]:ServerTaskManager:cancelTimeOutCheck
12-16 04:49:39.553 3006 3006 I hpplay-java: [main]:ServerTaskManager:exeTask ignore, reason: TaskList is clear
12-16 04:49:39.794 3006 5221 D hpplay-base: [LelinkMDNS:766] devicePermissionPublic leboPermissionCheck:-2
12-16 04:49:39.794 3006 5221 D hpplay-base: [jniBridge:1125] com_hpplay_sdk_sink_protocol_Bridge_WHAT_SERVER_ERROR
12-16 04:49:39.794 3006 5221 D hpplay-base: [jniBridge:1726] notifyJava, what:204, castType:0, mimeType:0 baseStatus:2
12-16 04:49:39.794 3006 5221 D hpplay-base: [jniBridge:1727] notifyJava sessionID:(null)
12-16 04:49:39.796 3006 5221 I hpplay-java: [Thread-72]:Bridge:notify: what: 204
12-16 04:49:39.797 3006 5221 I hpplay-java: [Thread-72]:Bridge:notify: out: OutParameters:{audioSessionId=-1, audiotrackIndex=0, castHandleType=-1, castType=0, deviceName='', dlnaName='', dramaID='', extra=-2002, frameHandleType=-1, handleInside=true, headduration=0, header='', headers=null, isAD=false, isMultiMirror=false, lelinkVer='', limitTime=0, , mediaAlbum='null', mediaAlbumArtURI='', mediaArtist='null', mediaAssets='', mediaTitle='null', mimeType=0, multiSession=null, period=0, pinCode='', playSpeed=0.0, playerChoice=0, plugin=0, port=0, position=0.0, positionUnit=2, protocol=0, realSessionID='', regType='', , sinkIp='', sourceAPPVersion='', sourceChannel='', sourceClientInfo='', sourceDeviceInfo='', sourceDeviceModel='', sourceDeviceName='', sourceDeviceType=0, sourceHID='', , sourceInfo='', , , sourceOSVersion='', sourceSDKVersion='', sourceUid='', stopDetail=0, stopReason=0, tailduration=0, url='', urlID='', urls=null, userAgent='', videoDecoder=0, volume=0, what=204}com.hpplay.sdk.sink.protocol.OutParameters@4e11526
12-16 04:49:39.798 3006 5221 I hpplay-java: [Thread-72]:Bridge:notify: address:162252135
12-16 04:49:39.798 3006 3006 I hpplay-java: [main]:Bridge:findServiceID start out: 162252135
12-16 04:49:39.798 3006 3006 I hpplay-java: [main]:Bridge:findServiceID end
12-16 04:49:39.798 3006 5221 I hpplay-base: [mDNSEmbeded:79] embedded_mDNSLoop stopmDNSNow:0 nPublish:-2 nExitFlag:6 tid is 5221
12-16 04:49:39.798 3006 3006 E hpplay-java: [main]:ServerTaskManager:onError 204/-2002 com.hht.lebocast.LelinkHelper$e@e24427e
12-16 04:49:39.798 3006 3006 I hpplay-java: [main]:ServerTaskManager:cancelTimeOutCheck
12-16 04:49:39.800 3006 3006 W hpplay-java: [main]:ServerTaskManager:onErrorDispatcher errorCode:-2002
12-16 04:49:39.800 3006 3006 I hpplay-java: [main]:ServerTaskManager:onError retry later
01-01 09:02:41.827 0 0 D : mv2112_read_status
01-01 09:02:41.827 0 0 D mv2112_update_link: 3.0x901(1G): 0x80
01-01 09:02:41.827 0 0 D mv2112_update_link: 3.0x8109(100M): 0x8
01-01 09:02:41.827 0 0 D mv2112_update_link: link 0x0
01-01 09:02:41.827 0 0 D mv2112_read_status: autoneg is disabled
12-16 04:49:39.968 664 676 I mpu_uart: [MSG-P:RECV]:No message received in 1000 ms
12-16 04:49:40.146 664 675 I mpu_uart: [MSG-P:R]:recv sync frame timeout
12-16 04:49:40.364 3006 5185 W hpplay-java: [AsyncTask #114]:HttpRequest:
12-16 04:49:40.366 3006 5185 W hpplay-java: [AsyncTask #114]:HttpRequest:
12-16 04:49:40.367 3006 5185 W hpplay-java: [AsyncTask #114]:HttpRequest:
12-16 04:49:40.496 1519 1519 D CompatibilityChangeReporter: Compat change id reported: 168419799; UID 10065; state: DISABLED
12-16 04:49:40.496 1519 1519 D CompatibilityInfo: mCompatibilityFlags - 4
12-16 04:49:40.496 1519 1519 D CompatibilityInfo: applicationDensity - 240
12-16 04:49:40.496 1519 1519 D CompatibilityInfo: applicationScale - 1.0
12-16 04:49:40.910 1191 1191 I CNSS : cnss_open_log_file: directory /data/vendor/wifi/wlan_logs/ created
01-01 09:02:42.851 0 0 D : mv2112_read_status
01-01 09:02:42.851 0 0 D mv2112_update_link: 3.0x901(1G): 0x80
01-01 09:02:42.851 0 0 D mv2112_update_link: 3.0x8109(100M): 0x8
01-01 09:02:42.851 0 0 D mv2112_update_link: link 0x0
01-01 09:02:42.851 0 0 D mv2112_read_status: autoneg is disabled
12-16 04:49:40.969 664 676 I mpu_uart: [MSG-P:RECV]:No message received in 1000 ms
12-16 04:49:41.143 0 0 W swapper/3: type=1400 audit(0.0:798): avc: denied { kill } for capability=5 scontext=u:r:kernel:s0 tcontext=u:r:kernel:s0 tclass=capability permissive=0
12-16 04:49:41.969 664 676 I mpu_uart: [MSG-P:RECV]:No message received in 1000 ms
01-01 09:02:43.875 0 0 D : mv2112_read_status
01-01 09:02:43.875 0 0 D mv2112_update_link: 3.0x901(1G): 0x80
01-01 09:02:43.875 0 0 D mv2112_update_link: 3.0x8109(100M): 0x8
01-01 09:02:43.875 0 0 D mv2112_update_link: link 0x0
01-01 09:02:43.875 0 0 D mv2112_read_status: autoneg is disabled
12-16 04:49:42.143 0 0 W swapper/3: type=1400 audit(0.0:799): avc: denied { kill } for capability=5 scontext=u:r:kernel:s0 tcontext=u:r:kernel:s0 tclass=capability permissive=0
12-16 04:49:42.801 3006 3006 I hpplay-java: [main]:ServerTaskManager:restart by error
12-16 04:49:42.801 3006 3006 I hpplay-java: [main]:ServerTaskManager:startServer
12-16 04:49:42.802 3006 3006 I hpplay-java: [main]:ServerTaskManager:startServer add, reason: server is starting or running
12-16 04:49:42.802 3006 3006 I hpplay-java: [main]:ServerTaskManager:addStopTask
12-16 04:49:42.802 3006 3006 I hpplay-java: [main]:ServerTaskManager:addStartTask
12-16 04:49:42.802 3006 3006 I hpplay-java: [main]:ServerTaskManager:exeTask stopServer
12-16 04:49:42.802 3006 3006 I hpplay-java: [main]:Bridge:stopServer keepPush: false
12-16 04:49:42.802 3006 3006 D hpplay-base: [jniBridge:909] Bridge__1stopServer status:2
12-16 04:49:42.803 3006 3006 D hpplay-base: [LelinkBase:654] stopAllServer will start thread!
12-16 04:49:42.803 3006 5224 D hpplay-base: [AEventUtils:588] handle AEvent thread end!!,tid is 5224
12-16 04:49:42.804 3006 5225 D hpplay-base: [REventUtils:197] handleREventThread thread end!!,tid is 5225
12-16 04:49:42.804 3006 5239 I hpplay-base: [mDNSEmbeded:65] embedded_mDNSExit call
12-16 04:49:42.811 3006 5221 I hpplay-base: [mDNSEmbeded:140] embedded_mDNSLoop Exiting end,tid is 5221
12-16 04:49:42.811 3006 5239 D hpplay-base: [mDNSEmbeded:452] stopmDNSServer end stopmDNSNow=2, nRet=0
12-16 04:49:42.832 3006 5202 D hpplay-base: [stream_mirror_compat:1284] mirror stream begin to exit,server fd:71,thread_id:3148050880!!
12-16 04:49:42.833 3006 5202 D hpplay-base: [stream_mirror_compat:1323] ##screen stream exit successfully!!##
