01-01 08:56:47.863 1519 1519 I EntropyMixer: Writing entropy...
01-01 08:56:47.864 1519 1519 I SystemServerTiming: StartAccountManagerService
01-01 08:56:47.864 1519 1519 I SystemServiceManager: Starting com.android.server.accounts.AccountManagerService$Lifecycle
01-01 08:56:47.866 1519 1519 I SystemServerTiming: StartContentService
01-01 08:56:47.866 1519 1519 I SystemServiceManager: Starting com.android.server.content.ContentService$Lifecycle
01-01 08:56:47.866 1519 1519 I SystemServerTiming: InstallSystemProviders
01-01 08:56:47.895 1519 1629 D ActivityManager: Freezer enabled
01-01 08:56:47.895 1519 1629 D ActivityManager: freezer override set to false
01-01 08:56:47.896 1519 1519 I SystemServerTiming: StartDropBoxManager
01-01 08:56:47.896 1519 1519 I SystemServiceManager: Starting com.android.server.DropBoxManagerService
01-01 08:56:47.896 1519 1519 I SystemServerTiming: StartRoleManagerService
01-01 08:56:47.896 1519 1519 I SystemServiceManager: Starting com.android.role.RoleService
01-01 08:56:47.897 1519 1519 I SystemServerTiming: StartVibratorManagerService
01-01 08:56:47.897 1519 1519 I SystemServiceManager: Starting com.android.server.vibrator.VibratorManagerService$Lifecycle
01-01 08:56:47.899 1519 1519 I SystemServerTiming: StartDynamicSystemService
01-01 08:56:47.899 1519 1519 I SystemServerTiming: StartConsumerIrService
01-01 08:56:47.900 1519 1519 I SystemServerTiming: StartAlarmManagerService
01-01 08:56:47.900 1519 1519 I SystemServiceManager: Starting com.android.server.alarm.AlarmManagerService
01-01 08:56:47.905 1519 1519 I AlarmManager: Current time only 3407905, advancing to build time 1671137026000
12-16 04:43:46.000 1519 1519 I SystemServerTiming: StartInputManagerService
12-16 04:43:46.001 1519 1519 I InputManager: Initializing input manager, mUseDevInputEventForAudioJack=true
12-16 04:43:46.007 1519 1519 I SystemServerTiming: DeviceStateManagerService
12-16 04:43:46.007 1519 1519 I SystemServiceManager: Starting com.android.server.devicestate.DeviceStateManagerService
12-16 04:43:46.009 1519 1519 I SystemServerTiming: StartCameraServiceProxy
12-16 04:43:46.009 1519 1519 I SystemServiceManager: Starting com.android.server.camera.CameraServiceProxy
12-16 04:43:46.009 1519 1519 I SystemServerTiming: StartWindowManagerService
12-16 04:43:46.009 1519 1519 I SystemServiceManager: Starting phase 200
12-16 04:43:46.009 1519 1519 I SystemServerTiming: OnBootPhase_200
12-16 04:43:46.009 1519 1519 I SystemServerTiming: OnBootPhase_200_com.android.server.security.FileIntegrityService
12-16 04:43:46.009 1519 1519 I SystemServerTiming: OnBootPhase_200_com.android.server.pm.Installer
12-16 04:43:46.009 1519 1519 I SystemServerTiming: OnBootPhase_200_com.android.server.os.DeviceIdentifiersPolicyService
12-16 04:43:46.009 1519 1519 I SystemServerTiming: OnBootPhase_200_com.android.server.uri.UriGrantsManagerService$Lifecycle
12-16 04:43:46.009 1519 1519 I SystemServerTiming: OnBootPhase_200_com.android.server.powerstats.PowerStatsService
12-16 04:43:46.009 1519 1519 I SystemServerTiming: OnBootPhase_200_com.android.server.wm.ActivityTaskManagerService$Lifecycle
12-16 04:43:46.009 1519 1519 I SystemServerTiming: OnBootPhase_200_com.android.server.am.ActivityManagerService$Lifecycle
12-16 04:43:46.009 1519 1519 I SystemServerTiming: OnBootPhase_200_com.android.server.pm.DataLoaderManagerService
12-16 04:43:46.009 1519 1519 I SystemServerTiming: OnBootPhase_200_com.android.server.power.PowerManagerService
12-16 04:43:46.009 1519 1519 I SystemServerTiming: OnBootPhase_200_com.android.server.power.ThermalManagerService
12-16 04:43:46.009 1519 1519 I SystemServerTiming: OnBootPhase_200_com.android.server.power.hint.HintManagerService
12-16 04:43:46.009 1519 1519 I SystemServerTiming: OnBootPhase_200_com.android.server.recoverysystem.RecoverySystemService$Lifecycle
12-16 04:43:46.009 1519 1519 I SystemServerTiming: OnBootPhase_200_com.android.server.lights.LightsService
12-16 04:43:46.009 1519 1519 I SystemServerTiming: OnBootPhase_200_com.android.server.display.DisplayManagerService
12-16 04:43:46.009 1519 1519 I SystemServerTiming: OnBootPhase_200_com.android.server.pm.verify.domain.DomainVerificationService
12-16 04:43:46.009 1519 1519 I SystemServerTiming: OnBootPhase_200_com.android.server.pm.PackageInstallerService$Lifecycle
12-16 04:43:46.009 1519 1519 I SystemServerTiming: OnBootPhase_200_com.android.server.pm.UserManagerService$LifeCycle
12-16 04:43:46.009 1519 1519 I SystemServerTiming: OnBootPhase_200_com.android.server.om.OverlayManagerService
12-16 04:43:46.009 1519 1519 I SystemServerTiming: OnBootPhase_200_com.android.server.SensorPrivacyService
12-16 04:43:46.009 1519 1519 I SystemServerTiming: OnBootPhase_200_com.android.server.sensors.SensorService
12-16 04:43:46.009 1519 1519 I SystemServerTiming: OnBootPhase_200_com.android.server.SystemConfigService
12-16 04:43:46.009 1519 1519 I SystemServerTiming: OnBootPhase_200_com.android.server.BatteryService
12-16 04:43:46.009 1519 1519 I SystemServerTiming: OnBootPhase_200_com.android.server.usage.UsageStatsService
12-16 04:43:46.009 1519 1519 I SystemServerTiming: OnBootPhase_200_com.android.server.webkit.WebViewUpdateService
12-16 04:43:46.009 1519 1519 I SystemServerTiming: OnBootPhase_200_com.android.server.CachedDeviceStateService
12-16 04:43:46.009 1519 1519 I SystemServerTiming: OnBootPhase_200_com.android.server.BinderCallsStatsService$LifeCycle
12-16 04:43:46.009 1519 1519 I SystemServerTiming: OnBootPhase_200_com.android.server.LooperStatsService$Lifecycle
12-16 04:43:46.009 1519 1519 I SystemServerTiming: OnBootPhase_200_com.android.server.rollback.RollbackManagerService
12-16 04:43:46.009 1519 1519 I SystemServerTiming: OnBootPhase_200_com.android.server.os.NativeTombstoneManagerService
12-16 04:43:46.009 1519 1519 I SystemServerTiming: OnBootPhase_200_com.android.server.os.BugreportManagerService
12-16 04:43:46.009 1519 1519 I SystemServerTiming: OnBootPhase_200_com.android.server.gpu.GpuService
12-16 04:43:46.009 1519 1519 I SystemServerTiming: OnBootPhase_200_com.android.server.security.KeyChainSystemService
12-16 04:43:46.009 1519 1519 I SystemServerTiming: OnBootPhase_200_com.android.server.telecom.TelecomLoaderService
12-16 04:43:46.009 1519 1519 I SystemServerTiming: OnBootPhase_200_com.android.server.accounts.AccountManagerService$Lifecycle
12-16 04:43:46.009 1519 1519 I SystemServerTiming: OnBootPhase_200_com.android.server.content.ContentService$Lifecycle
12-16 04:43:46.009 1519 1519 I SystemServerTiming: OnBootPhase_200_com.android.server.DropBoxManagerService
12-16 04:43:46.009 1519 1519 I SystemServerTiming: OnBootPhase_200_com.android.role.RoleService
12-16 04:43:46.010 1519 1519 I SystemServerTiming: OnBootPhase_200_com.android.server.vibrator.VibratorManagerService$Lifecycle
12-16 04:43:46.010 1519 1519 I SystemServerTiming: OnBootPhase_200_com.android.server.alarm.AlarmManagerService
12-16 04:43:46.010 1519 1519 I SystemServerTiming: OnBootPhase_200_com.android.server.devicestate.DeviceStateManagerService
12-16 04:43:46.010 1519 1519 I SystemServerTiming: OnBootPhase_200_com.android.server.camera.CameraServiceProxy
12-16 04:43:46.010 1519 1519 I WindowManager: No existing display settings, starting empty
12-16 04:43:46.010 1519 1519 I WindowManager: No existing display settings, starting empty
12-16 04:43:46.015 1519 1519 I SystemServerTiming: SetWindowManagerService
12-16 04:43:46.027 1519 1519 I ActivityTaskManager: Loaded persisted task ids for user 0
12-16 04:43:46.028 1519 1519 I SystemServerTiming: WindowManagerServiceOnInitReady
12-16 04:43:46.033 1519 1519 I SystemServerTiming: StartInputManager
12-16 04:43:46.033 1519 1519 I InputManager: Starting input manager
12-16 04:43:46.033 1519 1758 I SystemServerTimingAsync: InitThreadPoolExec:StartHidlServices
12-16 04:43:46.033 1519 1758 I SystemServerTimingAsync: StartHidlServices
12-16 04:43:46.034 1519 1519 I SystemServerTiming: DisplayManagerWindowManagerAndInputReady
12-16 04:43:46.034 1519 1519 I SystemServerTiming: StartBluetoothService
12-16 04:43:46.034 1519 1622 I LogicalDisplayMapper: Requesting Transition to state: 0
12-16 04:43:46.034 1519 1519 I SystemServiceManager: Starting com.android.server.BluetoothService
12-16 04:43:46.034 1519 1622 I LogicalDisplayMapper: Applying layout: [{addr: {port=129, model=0x40446d3026322d}, dispId: 0(ON)}], Previous layout: [{addr: {port=129, model=0x40446d3026322d}, dispId: 0(ON)}]
12-16 04:43:46.035 1519 1519 D BluetoothManagerService: Loading stored name and address
12-16 04:43:46.035 1519 1519 D BluetoothManagerService: Stored bluetooth Name=QCOM-BTD,Address=F0:74:E4:3A:18:78
12-16 04:43:46.035 1519 1519 D BluetoothManagerService: Bluetooth persisted state: 1
12-16 04:43:46.035 1519 1519 D BluetoothManagerService: Startup: Bluetooth persisted state is ON.
12-16 04:43:46.035 1519 1519 D BluetoothManagerService: Detected SystemUiUid: 10082
12-16 04:43:46.035 1519 1519 I SystemServerTiming: IpConnectivityMetrics
12-16 04:43:46.035 1519 1519 I SystemServiceManager: Starting com.android.server.connectivity.IpConnectivityMetrics
12-16 04:43:46.036 1519 1519 I SystemServerTiming: NetworkWatchlistService
12-16 04:43:46.036 1519 1519 I SystemServiceManager: Starting com.android.server.net.watchlist.NetworkWatchlistService$Lifecycle
12-16 04:43:46.038 1519 1519 I WatchlistSettings: Reload watchlist settings done
12-16 04:43:46.040 1519 1519 I SystemServerTiming: PinnerService
12-16 04:43:46.040 1519 1519 I SystemServiceManager: Starting com.android.server.PinnerService
12-16 04:43:46.041 1519 1519 V HistoricalRegistry: Interaction before persistence initialized
12-16 04:43:46.041 1519 1768 I WatchlistLoggingHandler: Start aggregating watchlist records.
12-16 04:43:46.041 1519 1519 I SystemServerTiming: IorapForwardingService
12-16 04:43:46.041 1519 1519 I SystemServiceManager: Starting com.google.android.startop.iorap.IorapForwardingService
12-16 04:43:46.042 1519 1628 D PinnerService: pinRangeStream: null
12-16 04:43:46.043 1519 1628 D PinnerService: pinRangeStream: null
12-16 04:43:46.043 1519 1628 D PinnerService: pinRangeStream: null
12-16 04:43:46.043 1519 1628 D PinnerService: pinRangeStream: null
12-16 04:43:46.043 1519 1519 I SystemServiceManager: Starting com.android.server.ActivityTriggerService
12-16 04:43:46.043 1519 1519 I ActivityTriggerService: Starting ActivityTriggerService
12-16 04:43:46.044 1519 1519 I SystemServerTiming: SignedConfigService
12-16 04:43:46.044 1519 1519 I SystemServerTiming: AppIntegrityService
12-16 04:43:46.044 1519 1519 I SystemServiceManager: Starting com.android.server.integrity.AppIntegrityManagerService
12-16 04:43:46.044 1519 1519 E IntegrityFileManager: Error creating staging and rules directory
12-16 04:43:46.045 1519 1519 I WindowManager: SAFE MODE not enabled
12-16 04:43:46.045 1519 1519 I SystemServerTiming: StartInputMethodManagerLifecycle
12-16 04:43:46.045 1519 1519 I SystemServiceManager: Starting com.android.server.inputmethod.InputMethodManagerService$Lifecycle
12-16 04:43:46.046 1519 1519 I SystemServerTiming: StartAccessibilityManagerService
12-16 04:43:46.046 1519 1519 I SystemServiceManager: Starting com.android.server.accessibility.AccessibilityManagerService$Lifecycle
12-16 04:43:46.047 1519 1519 I SystemServerTiming: MakeDisplayReady
12-16 04:43:46.048 1519 1519 I ActivityTaskManager: Config changes=20005df8 {1.0 ?mcc?mnc [zh_CN] ldltr sw680dp w1586dp h584dp 240dpi lrg long land ?uimode ?night -touch -keyb/v/h -nav/h winConfig={ mBounds=Rect(0, 0 - 2380, 1020) mAppBounds=Rect(0, 0 - 2380, 948) mMaxBounds=Rect(0, 0 - 2380, 1020) mWindowingMode=fullscreen mDisplayWindowingMode=fullscreen mActivityType=undefined mAlwaysOnTop=undefined mRotation=ROTATION_0} s.2 ?fontWeightAdjustment}
12-16 04:43:46.049 1519 1519 I WindowManager: Override config changes=60007dfc {1.0 ?mcc?mnc [zh_CN] ldltr sw680dp w1586dp h584dp 240dpi lrg long land ?uimode ?night -touch -keyb/v/h -nav/h winConfig={ mBounds=Rect(0, 0 - 2380, 1020) mAppBounds=Rect(0, 0 - 2380, 948) mMaxBounds=Rect(0, 0 - 2380, 1020) mWindowingMode=fullscreen mDisplayWindowingMode=fullscreen mActivityType=undefined mAlwaysOnTop=undefined mRotation=ROTATION_0} s.2 ?fontWeightAdjustment} for displayId=0
12-16 04:43:46.051 1519 1519 I ActivityTaskManager: Config changes=8 {1.0 ?mcc?mnc [zh_CN] ldltr sw680dp w1586dp h584dp 240dpi lrg long land ?uimode ?night finger -keyb/v/h -nav/h winConfig={ mBounds=Rect(0, 0 - 2380, 1020) mAppBounds=Rect(0, 0 - 2380, 948) mMaxBounds=Rect(0, 0 - 2380, 1020) mWindowingMode=fullscreen mDisplayWindowingMode=fullscreen mActivityType=undefined mAlwaysOnTop=undefined mRotation=ROTATION_0} s.4 ?fontWeightAdjustment}
12-16 04:43:46.051 1519 1519 I WindowManager: Override config changes=8 {1.0 ?mcc?mnc [zh_CN] ldltr sw680dp w1586dp h584dp 240dpi lrg long land ?uimode ?night finger -keyb/v/h -nav/h winConfig={ mBounds=Rect(0, 0 - 2380, 1020) mAppBounds=Rect(0, 0 - 2380, 948) mMaxBounds=Rect(0, 0 - 2380, 1020) mWindowingMode=fullscreen mDisplayWindowingMode=fullscreen mActivityType=undefined mAlwaysOnTop=undefined mRotation=ROTATION_0} s.4 ?fontWeightAdjustment} for displayId=0
12-16 04:43:46.052 1519 1519 I SystemServerTiming: StartStorageManagerService
12-16 04:43:46.052 1519 1519 I SystemServiceManager: Starting com.android.server.StorageManagerService$Lifecycle
01-01 08:56:47.958 0 0 I init : processing action (sys.sysctl.extra_free_kbytes=*) from (/system/etc/init/hw/init.rc:1172)
12-16 04:43:46.058 1519 1628 D PinnerService: pinRangeStream: null
12-16 04:43:46.058 1519 1628 D PinnerService: pinRangeStream: null
12-16 04:43:46.059 1519 1628 D PinnerService: pinRangeStream: null
12-16 04:43:46.060 1519 1772 D StorageManagerService: Thinking about init, mBootCompleted=false, mDaemonConnected=true
12-16 04:43:46.060 1519 1772 D StorageManagerService: Thinking about reset, mBootCompleted=false, mDaemonConnected=true
12-16 04:43:46.060 1519 1772 D StorageManagerService: Thinking about init, mBootCompleted=false, mDaemonConnected=true
12-16 04:43:46.060 1519 1772 D StorageManagerService: Thinking about reset, mBootCompleted=false, mDaemonConnected=true
12-16 04:43:46.060 1519 1519 I SystemServerTiming: StartStorageStatsService
12-16 04:43:46.060 1519 1519 I SystemServiceManager: Starting com.android.server.usage.StorageStatsService$Lifecycle
12-16 04:43:46.062 1519 1519 I SystemServerTiming: StartUiModeManager
12-16 04:43:46.062 1519 1519 I SystemServiceManager: Starting com.android.server.UiModeManagerService
12-16 04:43:46.064 1519 1786 I SystemServerTimingAsync: InitThreadPoolExec:UiModeManager.onStart
12-16 04:43:46.065 1519 1519 I SystemServerTiming: UpdatePackagesIfNeeded
12-16 04:43:46.065 1519 1519 I Watchdog: Pausing HandlerChecker: main thread for reason: dexopt. Pause count: 1
12-16 04:43:46.067 1519 1628 D PinnerService: pinRangeStream: null
12-16 04:43:46.072 1519 1628 D PinnerService: pinRangeStream: null
12-16 04:43:46.072 1519 1628 D PinnerService: pinRangeStream: null
12-16 04:43:46.074 1519 1628 D PinnerService: pinRangeStream: null
12-16 04:43:46.074 1519 1628 D PinnerService: pinRangeStream: null
12-16 04:43:46.074 1519 1628 E PinnerService: Could not pin file /system/lib64/libsurfaceflinger.so
12-16 04:43:46.074 1519 1628 E PinnerService: android.system.ErrnoException: open failed: ENOENT (No such file or directory)
12-16 04:43:46.074 1519 1628 E PinnerService: at libcore.io.Linux.open(Native Method)
12-16 04:43:46.074 1519 1628 E PinnerService: at libcore.io.ForwardingOs.open(ForwardingOs.java:567)
12-16 04:43:46.074 1519 1628 E PinnerService: at libcore.io.BlockGuardOs.open(BlockGuardOs.java:273)
12-16 04:43:46.074 1519 1628 E PinnerService: at android.system.Os.open(Os.java:501)
12-16 04:43:46.074 1519 1628 E PinnerService: at com.android.server.PinnerService.pinFileRanges(PinnerService.java:939)
12-16 04:43:46.074 1519 1628 E PinnerService: at com.android.server.PinnerService.pinFile(PinnerService.java:814)
12-16 04:43:46.074 1519 1628 E PinnerService: at com.android.server.PinnerService.handlePinOnStart(PinnerService.java:273)
12-16 04:43:46.074 1519 1628 E PinnerService: at com.android.server.PinnerService.access$1600(PinnerService.java:91)
12-16 04:43:46.074 1519 1628 E PinnerService: at com.android.server.PinnerService$PinnerHandler.handleMessage(PinnerService.java:1183)
12-16 04:43:46.074 1519 1628 E PinnerService: at android.os.Handler.dispatchMessage(Handler.java:106)
12-16 04:43:46.074 1519 1628 E PinnerService: at android.os.Looper.loopOnce(Looper.java:201)
12-16 04:43:46.074 1519 1628 E PinnerService: at android.os.Looper.loop(Looper.java:288)
12-16 04:43:46.074 1519 1628 E PinnerService: at android.os.HandlerThread.run(HandlerThread.java:67)
12-16 04:43:46.074 1519 1628 E PinnerService: Failed to pin file = /system/lib64/libsurfaceflinger.so
12-16 04:43:46.141 1519 1554 E PowerManagerService: Tried to acquire wake lock for invalid display: 0
12-16 04:43:46.142 1519 1629 I DropBoxManagerService: add tag=system_server_wtf isTagEnabled=true flags=0x2
01-01 08:56:48.077 0 0 I msm_vidc: high: 00000001: ....e: Opening video instance: 0000000000000000, 0
01-01 08:56:48.077 0 0 I msm_vidc: err : 00000001: ....e: Failed to create debugfs for msm_vidc
01-01 08:56:48.082 0 0 I msm_vidc: high: 00000001: h265e: Closed video instance: 0000000000000000
01-01 08:56:48.096 0 0 I msm_vidc: high: 00000001: ....d: Opening video instance: 0000000000000000, 1
01-01 08:56:48.096 0 0 I msm_vidc: err : 00000001: ....d: Failed to create debugfs for msm_vidc
01-01 08:56:48.100 0 0 I msm_vidc: high: 00000001: h264d: Closed video instance: 0000000000000000
01-01 08:56:48.108 0 0 I msm_vidc: high: 00000001: ....d: Opening video instance: 0000000000000000, 1
01-01 08:56:48.108 0 0 I msm_vidc: err : 00000001: ....d: Failed to create debugfs for msm_vidc
01-01 08:56:48.115 0 0 I msm_vidc: high: 00000001: h264d: Closed video instance: 0000000000000000
01-01 08:56:48.140 0 0 I msm_vidc: high: 00000001: ....d: Opening video instance: 0000000000000000, 1
01-01 08:56:48.140 0 0 I msm_vidc: err : 00000001: ....d: Failed to create debugfs for msm_vidc
01-01 08:56:48.144 0 0 I msm_vidc: high: 00000001: h265d: Closed video instance: 0000000000000000
01-01 08:56:48.152 0 0 I msm_vidc: high: 00000001: ....d: Opening video instance: 0000000000000000, 1
01-01 08:56:48.152 0 0 I msm_vidc: err : 00000001: ....d: Failed to create debugfs for msm_vidc
01-01 08:56:48.156 0 0 I msm_vidc: high: 00000001: h265d: Closed video instance: 0000000000000000
01-01 08:56:48.171 0 0 I msm_vidc: high: 00000001: ....d: Opening video instance: 0000000000000000, 1
01-01 08:56:48.171 0 0 I msm_vidc: err : 00000001: ....d: Failed to create debugfs for msm_vidc
01-01 08:56:48.174 0 0 I msm_vidc: high: 00000001: mpg2d: Closed video instance: 0000000000000000
01-01 08:56:48.179 0 0 I msm_vidc: high: 00000001: ....d: Opening video instance: 0000000000000000, 1
01-01 08:56:48.179 0 0 I msm_vidc: err : 00000001: ....d: Failed to create debugfs for msm_vidc
01-01 08:56:48.181 0 0 I msm_vidc: high: 00000001: mpg2d: Closed video instance: 0000000000000000
01-01 08:56:48.192 0 0 I msm_vidc: high: 00000001: ....d: Opening video instance: 0000000000000000, 1
01-01 08:56:48.192 0 0 I msm_vidc: err : 00000001: ....d: Failed to create debugfs for msm_vidc
01-01 08:56:48.195 0 0 I msm_vidc: high: 00000001: vp8d: Closed video instance: 0000000000000000
01-01 08:56:48.207 0 0 I msm_vidc: high: 00000001: ....d: Opening video instance: 0000000000000000, 1
01-01 08:56:48.207 0 0 I msm_vidc: err : 00000001: ....d: Failed to create debugfs for msm_vidc
01-01 08:56:48.212 0 0 I msm_vidc: high: 00000001: vp9d: Closed video instance: 0000000000000000
01-01 08:56:48.216 0 0 I msm_vidc: high: 00000001: ....d: Opening video instance: 0000000000000000, 1
01-01 08:56:48.216 0 0 I msm_vidc: err : 00000001: ....d: Failed to create debugfs for msm_vidc
01-01 08:56:48.219 0 0 I msm_vidc: high: 00000001: vp9d: Closed video instance: 0000000000000000
01-01 08:56:48.228 0 0 I msm_vidc: high: 00000001: ....e: Opening video instance: 0000000000000000, 0
01-01 08:56:48.228 0 0 I msm_vidc: err : 00000001: ....e: Failed to create debugfs for msm_vidc
01-01 08:56:48.232 0 0 I msm_vidc: high: 00000001: h264e: Closed video instance: 0000000000000000
01-01 08:56:48.261 0 0 I msm_vidc: high: 00000001: ....e: Opening video instance: 0000000000000000, 0
01-01 08:56:48.261 0 0 I msm_vidc: err : 00000001: ....e: Failed to create debugfs for msm_vidc
01-01 08:56:48.266 0 0 I msm_vidc: high: 00000001: h265e: Closed video instance: 0000000000000000
01-01 08:56:48.271 0 0 I msm_vidc: high: 00000001: ....e: Opening video instance: 0000000000000000, 0
01-01 08:56:48.271 0 0 I msm_vidc: err : 00000001: ....e: Failed to create debugfs for msm_vidc
01-01 08:56:48.277 0 0 I msm_vidc: high: 00000001: h265e: Closed video instance: 0000000000000000
01-01 08:56:48.302 0 0 I msm_vidc: high: 00000001: ....e: Opening video instance: 0000000000000000, 0
01-01 08:56:48.302 0 0 I msm_vidc: err : 00000001: ....e: Failed to create debugfs for msm_vidc
01-01 08:56:48.302 0 0 I msm_vidc: err : 00000001: ....e: msm_vidc_comm_update_ctrl: failed: control name Ltr Count, min 0, max 0, step 0, default_value 0
01-01 08:56:48.309 0 0 I msm_vidc: high: 00000001: vp8e: Closed video instance: 0000000000000000
01-01 08:56:48.502 0 0 I msm_vidc: high: 00000001: ....d: Opening video instance: 0000000000000000, 1
01-01 08:56:48.502 0 0 I msm_vidc: err : 00000001: ....d: Failed to create debugfs for msm_vidc
01-01 08:56:48.547 0 0 D : mv2112_read_status
01-01 08:56:48.547 0 0 D mv2112_update_link: 3.0x901(1G): 0x80
01-01 08:56:48.547 0 0 D mv2112_update_link: 3.0x8109(100M): 0x8
01-01 08:56:48.547 0 0 D mv2112_update_link: link 0x0
01-01 08:56:48.547 0 0 D mv2112_read_status: autoneg is disabled
01-01 08:56:48.588 0 0 I afe_find_cal_topo_id_by_port: port id: 0x9000, dev_acdb_id: 0
01-01 08:56:48.588 0 0 I afe_find_cal_topo_id_by_port: top_id:112fc acdb_id:15 afe_port:0x9000
01-01 08:56:48.588 0 0 I afe_get_cal_topology_id: port_id = 0x9000 acdb_id = 15 topology_id = 0x112fc cal_type_index=8 ret=0
01-01 08:56:48.589 0 0 I afe_send_port_topology_id: AFE set topology id 0x112fc enable for port 0x9000 ret 0
01-01 08:56:48.589 0 0 I send_afe_cal_type: cal_index is 0
01-01 08:56:48.589 0 0 I send_afe_cal_type: dev_acdb_id[55] is 0
01-01 08:56:48.589 0 0 I send_afe_cal_type: Sending cal_index cal 0
01-01 08:56:48.589 0 0 E send_afe_cal_type: No cal sent for cal_index 0, port_id = 0x9000! ret -22
01-01 08:56:48.589 0 0 I afe_send_hw_delay: port_id 0x9000 rate 48000 delay_usec 474 status 0
01-01 08:56:48.641 0 0 E : [MAX975X:max96755x_drm_notifier_callback] *ERROR* receives EARLY_BLANK:UNBLANK
01-01 08:56:48.641 0 0 I cyttsp7_i2c_adapter 0-0024: FB event:2,blank:0
01-01 08:56:48.641 0 0 I cyttsp7_i2c_adapter 0-0024: suspend: event = 2, blank = 0, not care
01-01 08:56:48.641 0 0 I [drm:dsi_display_set_mode] [msm-dsi-info]: mdp_transfer_time_us=0 us
01-01 08:56:48.641 0 0 I [drm:dsi_display_set_mode] [msm-dsi-info]: hactive= 2380,vactive= 1020,fps=60
01-01 08:56:48.641 0 0 I [drm:dsi_ctrl_isr_configure] [msm-dsi-info]: dsi-ctrl-0: IRQ 402 registered
01-01 08:56:48.695 0 0 E : [MAX975X:max96755x_drm_notifier_callback] *ERROR* receives BLANK:UNBLANK
01-01 08:56:48.695 0 0 I cyttsp7_i2c_adapter 0-0024: FB event:1,blank:0
01-01 08:56:48.695 0 0 I cyttsp7_i2c_adapter 0-0024: drm_notifier_callback: UNBLANK! Resume by drm notifier.
12-16 04:43:46.877 1177 1177 W iorapd : Readahead disabled by system property
12-16 04:43:46.878 1177 1177 W iorapd : Reconnect to package manager service: 1 times
12-16 04:43:46.891 1958 1958 D iorap.prefetcherd: Installing minijail
12-16 04:43:46.892 1958 1958 W iorap.prefetcherd: No seccomp filter defined for this architecture.
01-01 08:56:49.396 0 0 D cnss : Received QMI WLFW pin connect result indication
01-01 08:56:49.396 0 0 D cnss : Pin connect Result: pwr_pin: 0x0 phy_io_pin: 0x0 rf_io_pin: 0x2b
01-01 08:56:49.396 0 0 D cnss : Received QMI WLFW calibration done indication
01-01 08:56:49.396 0 0 D cnss : Posting event: COLD_BOOT_CAL_DONE(6), state: 0xf flags: 0x0
01-01 08:56:49.396 0 0 D cnss : PM stay awake, state: 0xf, count: 1
01-01 08:56:49.396 0 0 D cnss : PM relax, state: 0xf, count: 0
01-01 08:56:49.396 0 0 D cnss : PM stay awake, state: 0xf, count: 1
01-01 08:56:49.396 0 0 D cnss : Processing driver event: COLD_BOOT_CAL_DONE(6), state: 0xf
01-01 08:56:49.396 0 0 D cnss : Calibration completed successfully
01-01 08:56:49.396 0 0 D cnss : Sending mode message, mode: OFF(4), state: 0xf
01-01 08:56:49.396 0 0 D cnss : Received QMI WLFW FW ready indication
01-01 08:56:49.396 0 0 D cnss : Posting event: COLD_BOOT_CAL_DONE(6), state: 0xf flags: 0x0
01-01 08:56:49.400 0 0 D cnss : Skip driver remove
01-01 08:56:49.400 0 0 D cnss : Read register offset 0x1f8031c, val = 0x2
01-01 08:56:49.400 0 0 D cnss : Write val 0x3 to register offset 0x1f8031c
01-01 08:56:49.400 0 0 D cnss : WLFW server exiting
01-01 08:56:49.400 0 0 D cnss : Posting event: SERVER_EXIT(1), state: 0x2000f flags: 0x0
01-01 08:56:49.402 0 0 D cnss : Setting MHI state: POWER_OFF(4)
01-01 08:56:49.419 0 0 D cnss : Suspending PCI link
01-01 08:56:49.427 0 0 I msm_pcie_disable: PCIe: Assert the reset of endpoint of RC0.
01-01 08:56:49.427 0 0 D cnss : Setting MHI state: DEINIT(1)
01-01 08:56:49.427 0 0 D cnss : De-assert WLAN_EN GPIO successfully
01-01 08:56:49.427 0 0 D cnss : Regulator vdd-wlan-rfa2 is being disabled
01-01 08:56:49.427 0 0 D cnss : Regulator vdd-wlan-rfa1 is being disabled
01-01 08:56:49.427 0 0 D cnss : Regulator vdd-wlan-dig is being disabled
01-01 08:56:49.427 0 0 D cnss : Regulator vdd-wlan-aon is being disabled
01-01 08:56:49.427 0 0 D cnss : Regulator wlan-ant-switch is being disabled
01-01 08:56:49.427 0 0 D cnss : Regulator vdd-wlan-io is being disabled
01-01 08:56:49.483 0 0 D cnss : Processing driver event: COLD_BOOT_CAL_DONE(6), state: 0x20001
01-01 08:56:49.483 0 0 D cnss : Processing driver event: SERVER_EXIT(1), state: 0x20001
01-01 08:56:49.483 0 0 I cnss : QMI WLFW service disconnected, state: 0x20000
01-01 08:56:49.483 0 0 D cnss : PM relax, state: 0x0, count: 0
01-01 08:56:49.483 0 0 D cnss : PM stay awake, state: 0x0, count: 1
01-01 08:56:49.483 0 0 D cnss : PM relax, state: 0x0, count: 0
01-01 08:56:49.483 0 0 D cnss : Posting event: REGISTER_DRIVER(7)-sync, state: 0x0 flags: 0x5
01-01 08:56:49.483 0 0 D cnss : PM stay awake, state: 0x0, count: 1
01-01 08:56:49.483 0 0 D cnss : Processing driver event: REGISTER_DRIVER-sync(7), state: 0x0
01-01 08:56:49.483 0 0 D cnss : Regulator vdd-wlan-io is being enabled
01-01 08:56:49.483 0 0 D cnss : Regulator wlan-ant-switch is being enabled
01-01 08:56:49.483 0 0 D cnss : Regulator vdd-wlan-aon is being enabled
01-01 08:56:49.483 0 0 D cnss : Regulator vdd-wlan-dig is being enabled
01-01 08:56:49.483 0 0 D cnss : Regulator vdd-wlan-rfa1 is being enabled
01-01 08:56:49.484 0 0 D cnss : Regulator vdd-wlan-rfa2 is being enabled
01-01 08:56:49.484 0 0 D cnss : BT_EN_GPIO State: Off. Delay WLAN_GPIO enable
01-01 08:56:49.571 0 0 D : mv2112_read_status
01-01 08:56:49.571 0 0 D mv2112_update_link: 3.0x901(1G): 0x80
01-01 08:56:49.571 0 0 D mv2112_update_link: 3.0x8109(100M): 0x8
01-01 08:56:49.571 0 0 D mv2112_update_link: link 0x0
01-01 08:56:49.571 0 0 D mv2112_read_status: autoneg is disabled
01-01 08:56:49.588 0 0 D cnss : Assert WLAN_EN GPIO successfully
01-01 08:56:49.588 0 0 D cnss : Resuming PCI link
01-01 08:56:49.588 0 0 I msm_pcie_enable: PCIe: Assert the reset of endpoint of RC0.
01-01 08:56:49.591 0 0 I msm_pcie_enable: PCIe: RC0: PCIE20_PARF_INT_ALL_MASK: 0x7f80d202
01-01 08:56:49.593 0 0 I pcie_phy_init: PCIe RC0 PHY is ready!
01-01 08:56:49.603 0 0 I msm_pcie_enable: PCIe: Release the reset of endpoint of RC0.
01-01 08:56:49.620 0 0 I msm_pcie_link_train: PCIe RC0 link initialized
01-01 08:56:49.635 0 0 I cnss_pci 0000: 01:00.0: enabling device (0000 -> 0002)
01-01 08:56:49.635 0 0 D cnss : Config PCIe remap window register to 0x4000003f
01-01 08:56:49.635 0 0 D cnss : Read register offset 0x1f8031c, val = 0x6
01-01 08:56:49.635 0 0 D cnss : Write val 0x2 to register offset 0x1f8031c
01-01 08:56:49.635 0 0 D cnss : Setting MHI state: INIT(0)
01-01 08:56:49.635 0 0 D cnss : Setting MHI state: POWER_ON(2)
01-01 08:56:49.635 0 0 W cnss_pci 0000: 01:00.0: Falling back to syfs fallback for: qca6390/amss20.bin
01-01 08:56:49.637 0 0 I ueventd : firmware: loading 'qca6390/amss20.bin' for '/devices/platform/soc/1c00000.qcom,pcie/pci0000:00/0000:00:00.0/0000:01:00.0/firmware/qca6390!amss20.bin'
01-01 08:56:49.639 0 0 I ueventd : loading /devices/platform/soc/1c00000.qcom,pcie/pci0000:00/0000:00:00.0/0000:01:00.0/firmware/qca6390!amss20.bin took 2ms
12-16 04:43:47.879 1177 1177 I iorapd : iorapd (the prefetchening) readied up
12-16 04:43:48.046 1519 1621 W BackgroundDexOptService: SysProp pm.dexopt.downgrade_after_inactive_days not set
01-01 08:56:50.018 0 0 D cnss : MHI status cb is called with reason MISSION_MODE(6)
01-01 08:56:50.022 0 0 D cnss : Completed event: REGISTER_DRIVER(7), state: 0x10, ret: 0/0
01-01 08:56:50.022 0 0 D cnss : PM relax, state: 0x10, count: 0
01-01 08:56:50.024 0 0 E : [drm:dp_display_init_aux_switch][msm-dp-err][82 ]failed to register notifier (-22)
01-01 08:56:50.024 0 0 E register_client_adhoc: find path.src 1 dest 589
01-01 08:56:50.024 0 0 E register_client_adhoc: Failed to find path.src 1 dest 589
01-01 08:56:50.033 0 0 E swr-wcd rx_swr_ctrl: swrm_get_logical_dev_num: device 0xd01170224 is not ready
01-01 08:56:50.033 0 0 E swr_get_logical_dev_num: Error -22 to get logical addr for device d01170224
01-01 08:56:50.033 0 0 E swr-wcd rx_swr_ctrl: swrm_get_logical_dev_num: device 0xd01170224 is not ready
01-01 08:56:50.033 0 0 E swr_get_logical_dev_num: Error -22 to get logical addr for device d01170224
01-01 08:56:50.033 0 0 E swr-wcd rx_swr_ctrl: swrm_get_logical_dev_num: device 0xd01170224 is not ready
01-01 08:56:50.033 0 0 E swr_get_logical_dev_num: Error -22 to get logical addr for device d01170224
01-01 08:56:50.033 0 0 E swr-wcd rx_swr_ctrl: swrm_get_logical_dev_num: device 0xd01170224 is not ready
01-01 08:56:50.033 0 0 E swr_get_logical_dev_num: Error -22 to get logical addr for device d01170224
01-01 08:56:50.033 0 0 E swr-wcd rx_swr_ctrl: swrm_get_logical_dev_num: device 0xd01170224 is not ready
01-01 08:56:50.033 0 0 E swr_get_logical_dev_num: Error -22 to get logical addr for device d01170224
01-01 08:56:50.033 0 0 E wcd938x_codec wcd938x-codec: wcd938x_bind: Slave bind failed, ret = -517
01-01 08:56:50.065 0 0 D cnss : WLFW server arriving: node 7 port 1
01-01 08:56:50.065 0 0 D cnss : Posting event: SERVER_ARRIVE(0), state: 0x10 flags: 0x0
01-01 08:56:50.065 0 0 D cnss : PM stay awake, state: 0x10, count: 1
01-01 08:56:50.065 0 0 D cnss : PM relax, state: 0x10, count: 0
01-01 08:56:50.065 0 0 D cnss : PM stay awake, state: 0x10, count: 1
01-01 08:56:50.065 0 0 D cnss : Processing driver event: SERVER_ARRIVE(0), state: 0x10
01-01 08:56:50.065 0 0 I cnss : QMI WLFW service connected, state: 0x11
01-01 08:56:50.065 0 0 D cnss : Sending indication register message, state: 0x11
01-01 08:56:50.068 0 0 D cnss : Sending host capability message, state: 0x11
01-01 08:56:50.068 0 0 D cnss : Number of clients is 2
01-01 08:56:50.068 0 0 D cnss : Assign MSI to user: WAKE, num_vectors: 1, user_base_data: 813, base_vector: 13
01-01 08:56:50.068 0 0 D cnss : WAKE MSI base data is 813
01-01 08:56:50.068 0 0 D cnss : Calibration done is 1
01-01 08:56:50.068 0 0 D cnss : Sending iova starting 0xa0000000 with size 0x10010000
01-01 08:56:50.070 0 0 D cnss : PM relax, state: 0x11, count: 0
12-16 04:43:48.241 1519 1768 I WatchlistLoggingHandler: Milliseconds spent on tryAggregateRecords(): 2201
01-01 08:56:50.191 0 0 I init : Service 'exec 21 (/vendor/bin/modprobe -a -d /vendor/lib/modules/ qca_cld3_qca6390 qca_cld3_qca6490)' (pid 1158) exited with status 0 oneshot service took 5.120000 seconds in background
01-01 08:56:50.191 0 0 I init : Sending signal 9 to service 'exec 21 (/vendor/bin/modprobe -a -d /vendor/lib/modules/ qca_cld3_qca6390 qca_cld3_qca6490)' (pid 1158) process group...
01-01 08:56:50.191 0 0 I libprocessgroup: Successfully killed process cgroup uid 0 pid 1158 in 0ms
01-01 08:56:50.595 0 0 D : mv2112_read_status
01-01 08:56:50.595 0 0 D mv2112_update_link: 3.0x901(1G): 0x80
01-01 08:56:50.595 0 0 D mv2112_update_link: 3.0x8109(100M): 0x8
01-01 08:56:50.595 0 0 D mv2112_update_link: link 0x0
01-01 08:56:50.595 0 0 D mv2112_read_status: autoneg is disabled
12-16 04:43:49.448 1519 1519 I Watchdog: Resuming HandlerChecker: main thread for reason: dexopt. Pause count: 0
12-16 04:43:49.448 1519 1519 I SystemServerTiming: PerformFstrimIfNeeded
12-16 04:43:49.448 1519 1519 I SystemServerTiming: StartLockSettingsService
12-16 04:43:49.448 1519 1519 I SystemServiceManager: Starting com.android.server.locksettings.LockSettingsService$Lifecycle
12-16 04:43:49.452 1519 1519 I SystemServerTiming: StartPersistentDataBlock
12-16 04:43:49.452 1519 1519 I SystemServiceManager: Starting com.android.server.PersistentDataBlockService
12-16 04:43:49.452 1519 1519 I SystemServerTiming: StartTestHarnessMode
12-16 04:43:49.452 1519 1519 I SystemServiceManager: Starting com.android.server.testharness.TestHarnessModeService
12-16 04:43:49.452 1519 2010 I SystemServerTimingAsync: InitThreadPoolExec:PersistentDataBlockService.onStart
12-16 04:43:49.452 1519 1519 I SystemServerTiming: StartOemLockService
12-16 04:43:49.452 1519 1519 I SystemServiceManager: Starting com.android.server.oemlock.OemLockService
12-16 04:43:49.453 1519 1519 I OemLock : OemLock HAL not present on device
12-16 04:43:49.453 1519 1519 I OemLock : Using persistent data block based lock
12-16 04:43:49.453 1519 1519 I SystemServerTiming: StartDeviceIdleController
12-16 04:43:49.453 1519 1519 I SystemServiceManager: Starting com.android.server.DeviceIdleController
12-16 04:43:49.454 1519 2010 E PersistentDataBlockService: not able to find package com.google.android.gms
12-16 04:43:49.454 1519 2010 E PersistentDataBlockService: android.content.pm.PackageManager$NameNotFoundException: com.google.android.gms
12-16 04:43:49.454 1519 2010 E PersistentDataBlockService: at android.app.ApplicationPackageManager.getPackageUidAsUser(ApplicationPackageManager.java:364)
12-16 04:43:49.454 1519 2010 E PersistentDataBlockService: at com.android.server.PersistentDataBlockService.getAllowedUid(PersistentDataBlockService.java:162)
12-16 04:43:49.454 1519 2010 E PersistentDataBlockService: at com.android.server.PersistentDataBlockService.lambda$onStart$0$PersistentDataBlockService(PersistentDataBlockService.java:176)
12-16 04:43:49.454 1519 2010 E PersistentDataBlockService: at com.android.server.PersistentDataBlockService$$ExternalSyntheticLambda0.run(Unknown Source:2)
12-16 04:43:49.454 1519 2010 E PersistentDataBlockService: at com.android.server.SystemServerInitThreadPool.lambda$submitTask$0$SystemServerInitThreadPool(SystemServerInitThreadPool.java:105)
12-16 04:43:49.454 1519 2010 E PersistentDataBlockService: at com.android.server.SystemServerInitThreadPool$$ExternalSyntheticLambda0.run(Unknown Source:6)
12-16 04:43:49.454 1519 2010 E PersistentDataBlockService: at java.util.concurrent.Executors$RunnableAdapter.call(Executors.java:462)
12-16 04:43:49.454 1519 2010 E PersistentDataBlockService: at java.util.concurrent.FutureTask.run(FutureTask.java:266)
12-16 04:43:49.454 1519 2010 E PersistentDataBlockService: at java.util.concurrent.ThreadPoolExecutor.runWorker(ThreadPoolExecutor.java:1167)
12-16 04:43:49.454 1519 2010 E PersistentDataBlockService: at java.util.concurrent.ThreadPoolExecutor$Worker.run(ThreadPoolExecutor.java:641)
12-16 04:43:49.454 1519 2010 E PersistentDataBlockService: at com.android.internal.util.ConcurrentUtils$1$1.run(ConcurrentUtils.java:65)
12-16 04:43:49.454 1519 1519 I SystemServerTiming: StartDevicePolicyManager
12-16 04:43:49.454 1519 1519 I SystemServiceManager: Starting com.android.server.devicepolicy.DevicePolicyManagerService$Lifecycle
12-16 04:43:49.456 1519 1519 I DevicePolicyManager: Set ro.organization_owned property to false
12-16 04:43:49.457 1519 1519 I SystemServerTiming: StartStatusBarManagerService
12-16 04:43:49.457 1519 1519 D SystemServer: MusicRecognitionManagerService not defined by OEM or disabled by flag
12-16 04:43:49.457 1519 1519 D SystemServer: ContentCaptureService disabled because resource is not overlaid
12-16 04:43:49.457 1519 1519 D SystemServer: AttentionService is not configured on this device
12-16 04:43:49.457 1519 1519 D SystemServer: RotationResolverService is not configured on this device
12-16 04:43:49.457 1519 1519 D SystemServer: SystemCaptionsManagerService disabled because resource is not overlaid
12-16 04:43:49.457 1519 1519 I SystemServerTiming: StartTextToSpeechManagerService
12-16 04:43:49.457 1519 1519 I SystemServiceManager: Starting com.android.server.texttospeech.TextToSpeechManagerService
12-16 04:43:49.458 1519 1519 I SystemServerTiming: StartSpeechRecognitionManagerService
12-16 04:43:49.458 1519 1519 I SystemServiceManager: Starting com.android.server.speech.SpeechRecognitionManagerService
12-16 04:43:49.458 1519 1519 D SystemServer: AppPredictionService not defined by OEM
12-16 04:43:49.458 1519 1519 D SystemServer: ContentSuggestionsService not defined by OEM
12-16 04:43:49.458 1519 1519 I SystemServerTiming: StartSearchUiService
12-16 04:43:49.458 1519 1519 I SystemServiceManager: Starting com.android.server.searchui.SearchUiManagerService
12-16 04:43:49.458 1519 1519 I SystemServerTiming: StartSmartspaceService
12-16 04:43:49.458 1519 1519 I SystemServiceManager: Starting com.android.server.smartspace.SmartspaceManagerService
12-16 04:43:49.459 1519 1519 I SystemServerTiming: InitConnectivityModuleConnector
12-16 04:43:49.459 1519 1519 D ConnectivityModuleConnector: Network stack init
12-16 04:43:49.459 1519 1519 I SystemServerTiming: InitNetworkStackClient
12-16 04:43:49.459 1519 1519 I SystemServerTiming: StartNetworkManagementService
12-16 04:43:49.461 1519 1519 I SystemServerTiming: StartIpSecService
12-16 04:43:49.461 1519 1519 I SystemServerTiming: StartFontManagerService
12-16 04:43:49.507 1519 1519 I SystemServerTiming: StartTextServicesManager
12-16 04:43:49.507 1519 1519 I SystemServiceManager: Starting com.android.server.textservices.TextServicesManagerService$Lifecycle
12-16 04:43:49.507 1519 1519 I SystemServerTiming: StartTextClassificationManagerService
12-16 04:43:49.507 1519 1519 I SystemServiceManager: Starting com.android.server.textclassifier.TextClassificationManagerService$Lifecycle
12-16 04:43:49.507 1519 1519 I SystemServerTiming: StartNetworkScoreService
12-16 04:43:49.507 1519 1519 I SystemServiceManager: Starting com.android.server.NetworkScoreService$Lifecycle
12-16 04:43:49.508 1519 1519 I SystemServerTiming: StartNetworkStatsService
12-16 04:43:49.508 1519 1519 I SystemServerTiming: StartNetworkPolicyManagerService
12-16 04:43:49.509 1519 1519 I SystemServerTiming: StartWifi
12-16 04:43:49.520 1519 1519 I SystemServiceManager: Starting com.android.server.wifi.WifiService
01-01 08:56:51.426 0 0 W cnss-daemon: DMS thread joined succesfully
01-01 08:56:51.426 0 0 W cnss-daemon: wlfw_stop: Stop done: 0
01-01 08:56:51.426 0 0 W cnss-daemon: wlfw_start: Starting
01-01 08:56:51.426 0 0 W cnss-daemon: wlfw_service_request: Start the pthread: 0x0K
01-01 08:56:51.426 0 0 W cnss-daemon: ro.baseband : [apq]
01-01 08:56:51.426 0 0 W cnss-daemon: Hardware supports external modem
01-01 08:56:51.431 0 0 W cnss-daemon: pm_release_vote: pm_handle is NULL
01-01 08:56:51.431 0 0 W cnss-daemon: pm_release_vote: pm_handle is NULL
01-01 08:56:51.431 0 0 W cnss-daemon: wlfw_build_cal_table: not read /data/vendor/wifi/wlfw_cal_00.bin
01-01 08:56:51.432 0 0 W cnss-daemon: wlfw_build_cal_table: not read /data/vendor/wifi/wlfw_cal_02.bin
01-01 08:56:51.434 0 0 D cnss : Received QMI WLFW request memory indication
01-01 08:56:51.434 0 0 D cnss : FW requests for memory, size: 0x5e0000, type: 1
01-01 08:56:51.434 0 0 D cnss : FW requests for memory, size: 0xd8000, type: 4
01-01 08:56:51.434 0 0 D cnss : Posting event: REQUEST_MEM(2), state: 0x11 flags: 0x0
01-01 08:56:51.434 0 0 D cnss : PM stay awake, state: 0x11, count: 1
01-01 08:56:51.434 0 0 D cnss : PM relax, state: 0x11, count: 0
01-01 08:56:51.434 0 0 D cnss : PM stay awake, state: 0x11, count: 1
01-01 08:56:51.434 0 0 D cnss : Processing driver event: REQUEST_MEM(2), state: 0x11
01-01 08:56:51.434 0 0 D cnss : Sending respond memory message, state: 0x11
01-01 08:56:51.434 0 0 D cnss : Memory for FW, va: 0x0000000000000000, pa: 0x00000000a1000000, size: 0x5e0000, type: 1
01-01 08:56:51.434 0 0 D cnss : Memory for FW, va: 0x0000000000000000, pa: 0x00000000a1600000, size: 0xd8000, type: 4
01-01 08:56:51.437 0 0 D cnss : PM relax, state: 0x11, count: 0
01-01 08:56:51.438 0 0 D cnss : Received QMI WLFW FW memory ready indication
01-01 08:56:51.438 0 0 D cnss : Posting event: FW_MEM_READY(3), state: 0x11 flags: 0x0
01-01 08:56:51.438 0 0 D cnss : PM stay awake, state: 0x11, count: 1
01-01 08:56:51.438 0 0 D cnss : PM relax, state: 0x11, count: 0
01-01 08:56:51.438 0 0 D cnss : PM stay awake, state: 0x11, count: 1
01-01 08:56:51.438 0 0 D cnss : Processing driver event: FW_MEM_READY(3), state: 0x11
01-01 08:56:51.438 0 0 D cnss : Sending target capability message, state: 0x13
01-01 08:56:51.449 0 0 D cnss : Voltage for CPR: 948mV
01-01 08:56:51.449 0 0 D cnss : Update TCS CMD data address 0x000000000b2e5844 with voltage 950mV
01-01 08:56:51.449 0 0 D cnss : Device frequency is 24000000 HZ
01-01 08:56:51.449 0 0 D cnss : Target capability: chip_id: 0x0, chip_family: 0xb, board_id: 0xff, soc_id: 0xffffffff, fw_version: 0x101a0521, fw_build_timestamp: 2021-12-20 07:54, fw_build_id: QC_IMAGE_VERSION_STRING=WLAN.HST.1.0.1.r1-01313-QCAHSTSWPL_SILICONZ-1, otp_version: 0x480020
01-01 08:56:51.449 0 0 D cnss : Sending BDF download message, state: 0x13, type: 4
01-01 08:56:51.449 0 0 D cnss : FW name added with prefix: qca6390/regdb.bin
01-01 08:56:51.449 0 0 W cnss2 b0000000.qcom,cnss-qca6390: Falling back to syfs fallback for: qca6390/regdb.bin
01-01 08:56:51.450 0 0 I ueventd : firmware: loading 'qca6390/regdb.bin' for '/devices/platform/soc/b0000000.qcom,cnss-qca6390/firmware/qca6390!regdb.bin'
01-01 08:56:51.450 0 0 E ueventd : firmware: could not find firmware for qca6390/regdb.bin
01-01 08:56:51.450 0 0 E ueventd : firmware: attempted /etc/firmware/qca6390/regdb.bin, open failed: No such file or directory
01-01 08:56:51.450 0 0 E ueventd : firmware: attempted /odm/firmware/qca6390/regdb.bin, open failed: No such file or directory
01-01 08:56:51.450 0 0 E ueventd : firmware: attempted /vendor/firmware/qca6390/regdb.bin, open failed: No such file or directory
01-01 08:56:51.450 0 0 E ueventd : firmware: attempted /firmware/image/qca6390/regdb.bin, open failed: No such file or directory
01-01 08:56:51.450 0 0 E ueventd : firmware: attempted /vendor/firmware_mnt/image/qca6390/regdb.bin, open failed: No such file or directory
01-01 08:56:51.450 0 0 I ueventd : loading /devices/platform/soc/b0000000.qcom,cnss-qca6390/firmware/qca6390!regdb.bin took 0ms
01-01 08:56:51.450 0 0 E cnss : Failed to load BDF: qca6390/regdb.bin
01-01 08:56:51.450 0 0 D cnss : Sending BDF download message, state: 0x13, type: 1
01-01 08:56:51.450 0 0 D cnss : FW name added with prefix: qca6390/bdwlan.elf
01-01 08:56:51.450 0 0 W cnss2 b0000000.qcom,cnss-qca6390: Falling back to syfs fallback for: qca6390/bdwlan.elf
01-01 08:56:51.452 0 0 D cnss : Downloading BDF: qca6390/bdwlan.elf, size: 57908
12-16 04:43:49.557 1213 1213 I wificond: New wificond event callback registered
12-16 04:43:49.559 1519 1519 V HistoricalRegistry: Interaction before persistence initialized
12-16 04:43:49.560 1519 1519 I SystemServerTiming: StartWifiScanning
12-16 04:43:49.561 1519 1519 I SystemServiceManager: Starting com.android.server.wifi.scanner.WifiScanningService
12-16 04:43:49.562 1519 1519 I SystemServerTiming: StartRttService
12-16 04:43:49.562 1519 1519 I SystemServiceManager: Starting com.android.server.wifi.rtt.RttService
12-16 04:43:49.562 1519 1519 I SystemServerTiming: StartWifiAware
12-16 04:43:49.563 1519 1519 I SystemServiceManager: Starting com.android.server.wifi.aware.WifiAwareService
12-16 04:43:49.563 1519 1519 I SystemServerTiming: StartWifiP2P
12-16 04:43:49.563 1519 1519 I SystemServiceManager: Starting com.android.server.wifi.p2p.WifiP2pService
12-16 04:43:49.565 1519 1519 I SystemServerTiming: StartEthernet
12-16 04:43:49.565 1519 1519 I SystemServiceManager: Starting com.android.server.ethernet.EthernetService
12-16 04:43:49.565 1519 1519 I SystemServerTiming: StartPacProxyService
12-16 04:43:49.566 1519 1519 I SystemServerTiming: StartConnectivityService
12-16 04:43:49.571 1519 1519 I SystemServiceManager: Starting com.android.server.ConnectivityServiceInitializer
01-01 08:56:51.476 0 0 D cnss : Sending M3 information message, state: 0x13
01-01 08:56:51.476 0 0 D cnss : M3 memory, va: 0x0000000000000000, pa: 0x00000000a1800000, size: 0x411bc
01-01 08:56:51.478 0 0 D cnss : PM relax, state: 0x13, count: 0
01-01 08:56:51.478 0 0 D cnss : Received QMI WLFW FW initialization done indication
01-01 08:56:51.478 0 0 D cnss : Posting event: FW_READY(4), state: 0x13 flags: 0x0
01-01 08:56:51.478 0 0 D cnss : PM stay awake, state: 0x13, count: 1
01-01 08:56:51.478 0 0 D cnss : PM relax, state: 0x13, count: 0
01-01 08:56:51.478 0 0 D cnss : PM stay awake, state: 0x13, count: 1
01-01 08:56:51.478 0 0 D cnss : Processing driver event: FW_READY(4), state: 0x13
01-01 08:56:51.478 0 0 D cnss : PCIE Gen speed not setup
01-01 08:56:51.481 0 0 W : (NULL device *): Falling back to syfs fallback for: wlan/qca_cld/qca6390/WCNSS_qcom_cfg.ini
01-01 08:56:51.485 0 0 I [kworke][0x137fe8fa][04:43:49.579706] wlan: [332:I:HDD] hdd_pm_qos_add_request: 9360: Set cpu_mask 0f for affine_cores
01-01 08:56:51.485 0 0 I [kworke][0x137fe94b][04:43:49.579710] wlan: [332:I:HDD] hdd_pm_qos_add_request: 9362: Set cpu_mask 0f for affine_cores
01-01 08:56:51.485 0 0 D cnss : Sending ini sync request, state: 0x17, fw_log_mode: 1
12-16 04:43:49.581 1519 1519 D CompatibilityChangeReporter: Compat change id reported: 182478738; UID 1000; state: ENABLED
12-16 04:43:49.583 1519 1519 I SystemServerTiming: StartVpnManagerService
12-16 04:43:49.584 1519 1519 I SystemServerTiming: StartVcnManagementService
12-16 04:43:49.585 1519 1519 I SystemServerTiming: StartNsdService
01-01 08:56:51.489 0 0 I [kworke][0x13814844][04:43:49.584390] wlan: [332:I:HIF] Initializing Runtime PM wakelock &sc->prevent_linkdown_lock
01-01 08:56:51.489 0 0 I [kworke][0x138148f9][04:43:49.584399] wlan: [332:I:HIF] hif_pci_enable_bus: con_mode = 0x0, WLAN_SOC_device_id = 0x1101
01-01 08:56:51.489 0 0 I [kworke][0x13814969][04:43:49.584405] wlan: [332:I:HIF] hif_pci_enable_bus: hif_enable_pci done
01-01 08:56:51.490 0 0 I [kworke][0x13815228][04:43:49.584522] wlan: [332:I:HIF] *********** QCA6390 *************
01-01 08:56:51.490 0 0 I [kworke][0x138152b1][04:43:49.584529] wlan: [332:I:HIF] hif_pci_enable_bus: hif_type = 0x12, target_type = 0x17
01-01 08:56:51.490 0 0 I [kworke][0x138152ff][04:43:49.584533] wlan: [332:I:HIF] hif_register_tbl_attach: HIF_TYPE_QCA6390
01-01 08:56:51.490 0 0 I [kworke][0x13815342][04:43:49.584536] wlan: [332:I:HIF] hif_target_register_tbl_attach: TARGET_TYPE_QCA6390
01-01 08:56:51.490 0 0 I [kworke][0x13815384][04:43:49.584540] wlan: [332:I:HIF] hif_pci_enable_bus:Skip tgt_wake up for srng devices
01-01 08:56:51.490 0 0 E [kworke][0x13815b08][04:43:49.584640] wlan: [332:E:TXRX] hif_print_hal_shadow_register_cfg: num_config 28
01-01 08:56:51.490 0 0 I [kworke][0x13815b7c][04:43:49.584646] wlan: [332:I:TXRX] hif_print_hal_shadow_register_cfg: i 0, val a3b034
01-01 08:56:51.490 0 0 I [kworke][0x13815b97][04:43:49.584648] wlan: [332:I:TXRX] hif_print_hal_shadow_register_cfg: i 1, val a3b03c
01-01 08:56:51.490 0 0 I [kworke][0x13815bda][04:43:49.584651] wlan: [332:I:TXRX] hif_print_hal_shadow_register_cfg: i 2, val a3b044
01-01 08:56:51.490 0 0 I [kworke][0x13815bf5][04:43:49.584652] wlan: [332:I:TXRX] hif_print_hal_shadow_register_cfg: i 3, val a3b04c
01-01 08:56:51.490 0 0 I [kworke][0x13815c12][04:43:49.584654] wlan: [332:I:TXRX] hif_print_hal_shadow_register_cfg: i 4, val a3b054
01-01 08:56:51.490 0 0 I [kworke][0x13815c2f][04:43:49.584655] wlan: [332:I:TXRX] hif_print_hal_shadow_register_cfg: i 5, val a3b028
01-01 08:56:51.490 0 0 I [kworke][0x13815c49][04:43:49.584657] wlan: [332:I:TXRX] hif_print_hal_shadow_register_cfg: i 6, val a3b020
01-01 08:56:51.490 0 0 I [kworke][0x13815c63][04:43:49.584658] wlan: [332:I:TXRX] hif_print_hal_shadow_register_cfg: i 7, val a3b06c
01-01 08:56:51.490 0 0 I [kworke][0x13815c7f][04:43:49.584660] wlan: [332:I:TXRX] hif_print_hal_shadow_register_cfg: i 8, val a46000
01-01 08:56:51.490 0 0 I [kworke][0x13815c9b][04:43:49.584661] wlan: [332:I:TXRX] hif_print_hal_shadow_register_cfg: i 9, val a46008
01-01 08:56:51.490 0 0 I [kworke][0x13815cb7][04:43:49.584663] wlan: [332:I:TXRX] hif_print_hal_shadow_register_cfg: i 10, val a46010
01-01 08:56:51.490 0 0 I [kworke][0x13815cd4][04:43:49.584664] wlan: [332:I:TXRX] hif_print_hal_shadow_register_cfg: i 11, val a46018
01-01 08:56:51.490 0 0 I [kworke][0x13815cf2][04:43:49.584666] wlan: [332:I:TXRX] hif_print_hal_shadow_register_cfg: i 12, val a46034
01-01 08:56:51.490 0 0 I [kworke][0x13815d0d][04:43:49.584667] wlan: [332:I:TXRX] hif_print_hal_shadow_register_cfg: i 13, val a370b0
01-01 08:56:51.490 0 0 I [kworke][0x13815d29][04:43:49.584668] wlan: [332:I:TXRX] hif_print_hal_shadow_register_cfg: i 14, val a37018
01-01 08:56:51.490 0 0 I [kworke][0x13815d45][04:43:49.584670] wlan: [332:I:TXRX] hif_print_hal_shadow_register_cfg: i 15, val a370c4
01-01 08:56:51.490 0 0 I [kworke][0x13815d5f][04:43:49.584671] wlan: [332:I:TXRX] hif_print_hal_shadow_register_cfg: i 16, val a370cc
