12-16 04:45:44.474 1519 2074 E DisplayDeviceConfig: requesting nits when no mapping exists.
12-16 04:45:44.490 1519 2074 E DisplayDeviceConfig: requesting nits when no mapping exists.
12-16 04:45:44.490 1519 2074 E DisplayDeviceConfig: requesting nits when no mapping exists.
12-16 04:45:44.507 1519 2074 E DisplayDeviceConfig: requesting nits when no mapping exists.
12-16 04:45:44.507 1519 2074 E DisplayDeviceConfig: requesting nits when no mapping exists.
12-16 04:45:44.523 1519 2074 E DisplayDeviceConfig: requesting nits when no mapping exists.
12-16 04:45:44.523 1519 2074 E DisplayDeviceConfig: requesting nits when no mapping exists.
12-16 04:45:44.540 1519 2074 E DisplayDeviceConfig: requesting nits when no mapping exists.
12-16 04:45:44.541 1519 2074 E DisplayDeviceConfig: requesting nits when no mapping exists.
12-16 04:45:44.557 1519 2074 E DisplayDeviceConfig: requesting nits when no mapping exists.
12-16 04:45:44.557 1519 2074 E DisplayDeviceConfig: requesting nits when no mapping exists.
12-16 04:45:44.574 1519 2074 E DisplayDeviceConfig: requesting nits when no mapping exists.
12-16 04:45:44.574 1519 2074 E DisplayDeviceConfig: requesting nits when no mapping exists.
12-16 04:45:44.591 1519 2074 E DisplayDeviceConfig: requesting nits when no mapping exists.
12-16 04:45:44.591 1519 2074 E DisplayDeviceConfig: requesting nits when no mapping exists.
12-16 04:45:44.607 1519 2074 E DisplayDeviceConfig: requesting nits when no mapping exists.
12-16 04:45:44.607 1519 2074 E DisplayDeviceConfig: requesting nits when no mapping exists.
12-16 04:45:44.624 1519 2074 E DisplayDeviceConfig: requesting nits when no mapping exists.
12-16 04:45:44.624 1519 2074 E DisplayDeviceConfig: requesting nits when no mapping exists.
12-16 04:45:44.640 1519 2074 E DisplayDeviceConfig: requesting nits when no mapping exists.
12-16 04:45:44.640 1519 2074 E DisplayDeviceConfig: requesting nits when no mapping exists.
12-16 04:45:44.658 1519 2074 E DisplayDeviceConfig: requesting nits when no mapping exists.
12-16 04:45:44.658 1519 2074 E DisplayDeviceConfig: requesting nits when no mapping exists.
12-16 04:45:44.674 1519 2074 E DisplayDeviceConfig: requesting nits when no mapping exists.
12-16 04:45:44.674 1519 2074 E DisplayDeviceConfig: requesting nits when no mapping exists.
12-16 04:45:44.690 1519 2074 E DisplayDeviceConfig: requesting nits when no mapping exists.
12-16 04:45:44.690 1519 2074 E DisplayDeviceConfig: requesting nits when no mapping exists.
12-16 04:45:44.708 1519 2074 E DisplayDeviceConfig: requesting nits when no mapping exists.
12-16 04:45:44.708 1519 2074 E DisplayDeviceConfig: requesting nits when no mapping exists.
12-16 04:45:44.724 1519 2074 E DisplayDeviceConfig: requesting nits when no mapping exists.
12-16 04:45:44.725 1519 2074 E DisplayDeviceConfig: requesting nits when no mapping exists.
12-16 04:45:44.740 1519 2074 E DisplayDeviceConfig: requesting nits when no mapping exists.
12-16 04:45:44.740 1519 2074 E DisplayDeviceConfig: requesting nits when no mapping exists.
12-16 04:45:44.758 1519 2074 E DisplayDeviceConfig: requesting nits when no mapping exists.
12-16 04:45:44.758 1519 2074 E DisplayDeviceConfig: requesting nits when no mapping exists.
12-16 04:45:44.774 1519 2074 E DisplayDeviceConfig: requesting nits when no mapping exists.
12-16 04:45:44.775 1519 2074 E DisplayDeviceConfig: requesting nits when no mapping exists.
12-16 04:45:44.791 1519 2074 E DisplayDeviceConfig: requesting nits when no mapping exists.
12-16 04:45:44.791 1519 2074 E DisplayDeviceConfig: requesting nits when no mapping exists.
12-16 04:45:44.800 2554 4017 W ContextImpl: Calling a method in the system process without a qualified user: android.app.ContextImpl.startService:1816 android.content.ContextWrapper.startService:774 com.thundercomm.gamemode.ingame.services.GameModeActionUtils.startGameModeService:99 com.thundercomm.gamemode.ingame.services.GameModeActionUtils.startGameModeEntry:22 com.thundercomm.gamemode.ingame.services.ActivityMonitoringService$1.onActivityLaunch:127
12-16 04:45:44.802 1519 1519 I GameModeConfig: Current uri is uri = content://com.thundercomm.gamemode.api/gamemode_settings/gamemode_isgaming
12-16 04:45:44.802 1519 1519 I GameModeConfig: isGameModeOn = false
12-16 04:45:44.803 1519 1519 I GameModeConfig: isGameModeOn = false
12-16 04:45:44.803 1519 1519 I GameModeConfig: isDisableVoice = true
12-16 04:45:44.807 1519 2074 E DisplayDeviceConfig: requesting nits when no mapping exists.
12-16 04:45:44.808 1519 2074 E DisplayDeviceConfig: requesting nits when no mapping exists.
12-16 04:45:44.824 1519 2074 E DisplayDeviceConfig: requesting nits when no mapping exists.
12-16 04:45:44.824 1519 2074 E DisplayDeviceConfig: requesting nits when no mapping exists.
12-16 04:45:44.842 1519 2074 E DisplayDeviceConfig: requesting nits when no mapping exists.
12-16 04:45:44.842 1519 2074 E DisplayDeviceConfig: requesting nits when no mapping exists.
12-16 04:45:44.858 1519 2074 E DisplayDeviceConfig: requesting nits when no mapping exists.
12-16 04:45:44.858 1519 2074 E DisplayDeviceConfig: requesting nits when no mapping exists.
12-16 04:45:44.875 1519 2074 E DisplayDeviceConfig: requesting nits when no mapping exists.
12-16 04:45:44.875 1519 2074 E DisplayDeviceConfig: requesting nits when no mapping exists.
12-16 04:45:44.892 1519 2074 E DisplayDeviceConfig: requesting nits when no mapping exists.
12-16 04:45:44.892 1519 2074 E DisplayDeviceConfig: requesting nits when no mapping exists.
12-16 04:45:44.908 1519 2074 E DisplayDeviceConfig: requesting nits when no mapping exists.
12-16 04:45:44.908 1519 2074 E DisplayDeviceConfig: requesting nits when no mapping exists.
12-16 04:45:44.925 1519 2074 E DisplayDeviceConfig: requesting nits when no mapping exists.
12-16 04:45:44.925 1519 2074 E DisplayDeviceConfig: requesting nits when no mapping exists.
12-16 04:45:44.942 1519 2074 E DisplayDeviceConfig: requesting nits when no mapping exists.
12-16 04:45:44.942 1519 2074 E DisplayDeviceConfig: requesting nits when no mapping exists.
12-16 04:45:44.958 1519 2074 E DisplayDeviceConfig: requesting nits when no mapping exists.
12-16 04:45:44.958 1519 2074 E DisplayDeviceConfig: requesting nits when no mapping exists.
12-16 04:45:44.975 1519 2074 E DisplayDeviceConfig: requesting nits when no mapping exists.
12-16 04:45:44.975 1519 2074 E DisplayDeviceConfig: requesting nits when no mapping exists.
12-16 04:45:44.991 1519 2074 E DisplayDeviceConfig: requesting nits when no mapping exists.
12-16 04:45:44.992 1519 2074 E DisplayDeviceConfig: requesting nits when no mapping exists.
12-16 04:45:45.009 1519 2074 E DisplayDeviceConfig: requesting nits when no mapping exists.
12-16 04:45:45.009 1519 2074 E DisplayDeviceConfig: requesting nits when no mapping exists.
12-16 04:45:45.025 1519 2074 E DisplayDeviceConfig: requesting nits when no mapping exists.
12-16 04:45:45.025 1519 2074 E DisplayDeviceConfig: requesting nits when no mapping exists.
12-16 04:45:45.041 1519 2074 E DisplayDeviceConfig: requesting nits when no mapping exists.
12-16 04:45:45.042 1519 2074 E DisplayDeviceConfig: requesting nits when no mapping exists.
12-16 04:45:45.058 1519 2074 E DisplayDeviceConfig: requesting nits when no mapping exists.
12-16 04:45:45.058 1519 2074 E DisplayDeviceConfig: requesting nits when no mapping exists.
12-16 04:45:45.075 1519 2074 E DisplayDeviceConfig: requesting nits when no mapping exists.
12-16 04:45:45.075 1519 2074 E DisplayDeviceConfig: requesting nits when no mapping exists.
12-16 04:45:45.091 1519 2074 E DisplayDeviceConfig: requesting nits when no mapping exists.
12-16 04:45:45.092 1519 2074 E DisplayDeviceConfig: requesting nits when no mapping exists.
12-16 04:45:45.108 1519 2074 E DisplayDeviceConfig: requesting nits when no mapping exists.
12-16 04:45:45.108 1519 2074 E DisplayDeviceConfig: requesting nits when no mapping exists.
12-16 04:45:45.125 1519 2074 E DisplayDeviceConfig: requesting nits when no mapping exists.
12-16 04:45:45.125 1519 2074 E DisplayDeviceConfig: requesting nits when no mapping exists.
12-16 04:45:45.142 1519 2074 E DisplayDeviceConfig: requesting nits when no mapping exists.
12-16 04:45:45.142 1519 2074 E DisplayDeviceConfig: requesting nits when no mapping exists.
12-16 04:45:45.158 1519 2074 E DisplayDeviceConfig: requesting nits when no mapping exists.
12-16 04:45:45.158 1519 2074 E DisplayDeviceConfig: requesting nits when no mapping exists.
12-16 04:45:45.175 1519 2074 E DisplayDeviceConfig: requesting nits when no mapping exists.
12-16 04:45:45.175 1519 2074 E DisplayDeviceConfig: requesting nits when no mapping exists.
12-16 04:45:45.192 1519 2074 E DisplayDeviceConfig: requesting nits when no mapping exists.
12-16 04:45:45.192 1519 2074 E DisplayDeviceConfig: requesting nits when no mapping exists.
12-16 04:45:45.208 1519 2074 E DisplayDeviceConfig: requesting nits when no mapping exists.
12-16 04:45:45.208 1519 2074 E DisplayDeviceConfig: requesting nits when no mapping exists.
01-01 08:58:47.331 0 0 D : mv2112_read_status
01-01 08:58:47.331 0 0 D mv2112_update_link: 3.0x901(1G): 0x80
01-01 08:58:47.331 0 0 D mv2112_update_link: 3.0x8109(100M): 0x8
01-01 08:58:47.331 0 0 D mv2112_update_link: link 0x0
01-01 08:58:47.331 0 0 D mv2112_read_status: autoneg is disabled
01-01 08:58:48.359 0 0 D : mv2112_read_status
01-01 08:58:48.359 0 0 D mv2112_update_link: 3.0x901(1G): 0x80
01-01 08:58:48.359 0 0 D mv2112_update_link: 3.0x8109(100M): 0x8
01-01 08:58:48.359 0 0 D mv2112_update_link: link 0x0
01-01 08:58:48.359 0 0 D mv2112_read_status: autoneg is disabled
01-01 08:58:49.379 0 0 D : mv2112_read_status
01-01 08:58:49.379 0 0 D mv2112_update_link: 3.0x901(1G): 0x80
01-01 08:58:49.379 0 0 D mv2112_update_link: 3.0x8109(100M): 0x8
01-01 08:58:49.379 0 0 D mv2112_update_link: link 0x0
01-01 08:58:49.379 0 0 D mv2112_read_status: autoneg is disabled
01-01 08:58:50.403 0 0 D : mv2112_read_status
01-01 08:58:50.403 0 0 D mv2112_update_link: 3.0x901(1G): 0x80
01-01 08:58:50.404 0 0 D mv2112_update_link: 3.0x8109(100M): 0x8
01-01 08:58:50.404 0 0 D mv2112_update_link: link 0x0
01-01 08:58:50.404 0 0 D mv2112_read_status: autoneg is disabled
01-01 08:58:51.427 0 0 D : mv2112_read_status
01-01 08:58:51.427 0 0 D mv2112_update_link: 3.0x901(1G): 0x80
01-01 08:58:51.427 0 0 D mv2112_update_link: 3.0x8109(100M): 0x8
01-01 08:58:51.427 0 0 D mv2112_update_link: link 0x0
01-01 08:58:51.427 0 0 D mv2112_read_status: autoneg is disabled
01-01 08:58:52.451 0 0 D : mv2112_read_status
01-01 08:58:52.451 0 0 D mv2112_update_link: 3.0x901(1G): 0x80
01-01 08:58:52.452 0 0 D mv2112_update_link: 3.0x8109(100M): 0x8
01-01 08:58:52.452 0 0 D mv2112_update_link: link 0x0
01-01 08:58:52.452 0 0 D mv2112_read_status: autoneg is disabled
01-01 08:58:53.475 0 0 D : mv2112_read_status
01-01 08:58:53.475 0 0 D mv2112_update_link: 3.0x901(1G): 0x80
01-01 08:58:53.475 0 0 D mv2112_update_link: 3.0x8109(100M): 0x8
01-01 08:58:53.475 0 0 D mv2112_update_link: link 0x0
01-01 08:58:53.475 0 0 D mv2112_read_status: autoneg is disabled
01-01 08:58:54.499 0 0 D : mv2112_read_status
01-01 08:58:54.499 0 0 D mv2112_update_link: 3.0x901(1G): 0x80
01-01 08:58:54.499 0 0 D mv2112_update_link: 3.0x8109(100M): 0x8
01-01 08:58:54.499 0 0 D mv2112_update_link: link 0x0
01-01 08:58:54.499 0 0 D mv2112_read_status: autoneg is disabled
01-01 08:58:55.523 0 0 D : mv2112_read_status
01-01 08:58:55.523 0 0 D mv2112_update_link: 3.0x901(1G): 0x80
01-01 08:58:55.523 0 0 D mv2112_update_link: 3.0x8109(100M): 0x8
01-01 08:58:55.523 0 0 D mv2112_update_link: link 0x0
01-01 08:58:55.523 0 0 D mv2112_read_status: autoneg is disabled
01-01 08:58:56.547 0 0 D : mv2112_read_status
01-01 08:58:56.547 0 0 D mv2112_update_link: 3.0x901(1G): 0x80
01-01 08:58:56.547 0 0 D mv2112_update_link: 3.0x8109(100M): 0x8
01-01 08:58:56.547 0 0 D mv2112_update_link: link 0x0
01-01 08:58:56.547 0 0 D mv2112_read_status: autoneg is disabled
01-01 08:58:57.571 0 0 D : mv2112_read_status
01-01 08:58:57.571 0 0 D mv2112_update_link: 3.0x901(1G): 0x80
01-01 08:58:57.571 0 0 D mv2112_update_link: 3.0x8109(100M): 0x8
01-01 08:58:57.571 0 0 D mv2112_update_link: link 0x0
01-01 08:58:57.571 0 0 D mv2112_read_status: autoneg is disabled
01-01 08:58:58.595 0 0 D : mv2112_read_status
01-01 08:58:58.595 0 0 D mv2112_update_link: 3.0x901(1G): 0x80
01-01 08:58:58.596 0 0 D mv2112_update_link: 3.0x8109(100M): 0x8
01-01 08:58:58.596 0 0 D mv2112_update_link: link 0x0
01-01 08:58:58.596 0 0 D mv2112_read_status: autoneg is disabled
01-01 08:58:59.623 0 0 D : mv2112_read_status
01-01 08:58:59.623 0 0 D mv2112_update_link: 3.0x901(1G): 0x80
01-01 08:58:59.623 0 0 D mv2112_update_link: 3.0x8109(100M): 0x8
01-01 08:58:59.623 0 0 D mv2112_update_link: link 0x0
01-01 08:58:59.623 0 0 D mv2112_read_status: autoneg is disabled
01-01 08:59:00.643 0 0 D : mv2112_read_status
01-01 08:59:00.643 0 0 D mv2112_update_link: 3.0x901(1G): 0x80
01-01 08:59:00.643 0 0 D mv2112_update_link: 3.0x8109(100M): 0x8
01-01 08:59:00.643 0 0 D mv2112_update_link: link 0x0
01-01 08:59:00.643 0 0 D mv2112_read_status: autoneg is disabled
01-01 08:59:01.667 0 0 D : mv2112_read_status
01-01 08:59:01.667 0 0 D mv2112_update_link: 3.0x901(1G): 0x80
01-01 08:59:01.667 0 0 D mv2112_update_link: 3.0x8109(100M): 0x8
01-01 08:59:01.667 0 0 D mv2112_update_link: link 0x0
01-01 08:59:01.667 0 0 D mv2112_read_status: autoneg is disabled
01-01 08:59:02.691 0 0 D : mv2112_read_status
01-01 08:59:02.691 0 0 D mv2112_update_link: 3.0x901(1G): 0x80
01-01 08:59:02.691 0 0 D mv2112_update_link: 3.0x8109(100M): 0x8
01-01 08:59:02.691 0 0 D mv2112_update_link: link 0x0
01-01 08:59:02.691 0 0 D mv2112_read_status: autoneg is disabled
01-01 08:59:03.715 0 0 D : mv2112_read_status
01-01 08:59:03.715 0 0 D mv2112_update_link: 3.0x901(1G): 0x80
01-01 08:59:03.715 0 0 D mv2112_update_link: 3.0x8109(100M): 0x8
01-01 08:59:03.715 0 0 D mv2112_update_link: link 0x0
01-01 08:59:03.715 0 0 D mv2112_read_status: autoneg is disabled
01-01 08:59:04.739 0 0 D : mv2112_read_status
01-01 08:59:04.739 0 0 D mv2112_update_link: 3.0x901(1G): 0x80
01-01 08:59:04.739 0 0 D mv2112_update_link: 3.0x8109(100M): 0x8
01-01 08:59:04.739 0 0 D mv2112_update_link: link 0x0
01-01 08:59:04.739 0 0 D mv2112_read_status: autoneg is disabled
01-01 08:59:05.763 0 0 D : mv2112_read_status
01-01 08:59:05.763 0 0 D mv2112_update_link: 3.0x901(1G): 0x80
01-01 08:59:05.764 0 0 D mv2112_update_link: 3.0x8109(100M): 0x8
01-01 08:59:05.764 0 0 D mv2112_update_link: link 0x0
01-01 08:59:05.764 0 0 D mv2112_read_status: autoneg is disabled
01-01 08:59:06.787 0 0 D : mv2112_read_status
01-01 08:59:06.787 0 0 D mv2112_update_link: 3.0x901(1G): 0x80
01-01 08:59:06.787 0 0 D mv2112_update_link: 3.0x8109(100M): 0x8
01-01 08:59:06.787 0 0 D mv2112_update_link: link 0x0
01-01 08:59:06.787 0 0 D mv2112_read_status: autoneg is disabled
01-01 08:59:07.811 0 0 D : mv2112_read_status
01-01 08:59:07.811 0 0 D mv2112_update_link: 3.0x901(1G): 0x80
01-01 08:59:07.812 0 0 D mv2112_update_link: 3.0x8109(100M): 0x8
01-01 08:59:07.812 0 0 D mv2112_update_link: link 0x0
01-01 08:59:07.812 0 0 D mv2112_read_status: autoneg is disabled
01-01 08:59:08.835 0 0 D : mv2112_read_status
01-01 08:59:08.835 0 0 D mv2112_update_link: 3.0x901(1G): 0x80
01-01 08:59:08.836 0 0 D mv2112_update_link: 3.0x8109(100M): 0x8
01-01 08:59:08.836 0 0 D mv2112_update_link: link 0x0
01-01 08:59:08.836 0 0 D mv2112_read_status: autoneg is disabled
01-01 08:59:09.859 0 0 D : mv2112_read_status
01-01 08:59:09.859 0 0 D mv2112_update_link: 3.0x901(1G): 0x80
01-01 08:59:09.859 0 0 D mv2112_update_link: 3.0x8109(100M): 0x8
01-01 08:59:09.859 0 0 D mv2112_update_link: link 0x0
01-01 08:59:09.860 0 0 D mv2112_read_status: autoneg is disabled
01-01 08:59:10.883 0 0 D : mv2112_read_status
01-01 08:59:10.883 0 0 D mv2112_update_link: 3.0x901(1G): 0x80
01-01 08:59:10.884 0 0 D mv2112_update_link: 3.0x8109(100M): 0x8
01-01 08:59:10.884 0 0 D mv2112_update_link: link 0x0
01-01 08:59:10.884 0 0 D mv2112_read_status: autoneg is disabled
01-01 08:59:11.907 0 0 D : mv2112_read_status
01-01 08:59:11.907 0 0 D mv2112_update_link: 3.0x901(1G): 0x80
01-01 08:59:11.907 0 0 D mv2112_update_link: 3.0x8109(100M): 0x8
01-01 08:59:11.907 0 0 D mv2112_update_link: link 0x0
01-01 08:59:11.907 0 0 D mv2112_read_status: autoneg is disabled
01-01 08:59:12.931 0 0 D : mv2112_read_status
01-01 08:59:12.931 0 0 D mv2112_update_link: 3.0x901(1G): 0x80
01-01 08:59:12.931 0 0 D mv2112_update_link: 3.0x8109(100M): 0x8
01-01 08:59:12.931 0 0 D mv2112_update_link: link 0x0
01-01 08:59:12.931 0 0 D mv2112_read_status: autoneg is disabled
01-01 08:59:13.955 0 0 D : mv2112_read_status
01-01 08:59:13.955 0 0 D mv2112_update_link: 3.0x901(1G): 0x80
01-01 08:59:13.955 0 0 D mv2112_update_link: 3.0x8109(100M): 0x8
01-01 08:59:13.955 0 0 D mv2112_update_link: link 0x0
01-01 08:59:13.955 0 0 D mv2112_read_status: autoneg is disabled
01-01 08:59:14.979 0 0 D : mv2112_read_status
01-01 08:59:14.979 0 0 D mv2112_update_link: 3.0x901(1G): 0x80
01-01 08:59:14.979 0 0 D mv2112_update_link: 3.0x8109(100M): 0x8
01-01 08:59:14.980 0 0 D mv2112_update_link: link 0x0
01-01 08:59:14.980 0 0 D mv2112_read_status: autoneg is disabled
01-01 08:59:16.003 0 0 D : mv2112_read_status
01-01 08:59:16.003 0 0 D mv2112_update_link: 3.0x901(1G): 0x80
01-01 08:59:16.004 0 0 D mv2112_update_link: 3.0x8109(100M): 0x8
01-01 08:59:16.004 0 0 D mv2112_update_link: link 0x0
01-01 08:59:16.004 0 0 D mv2112_read_status: autoneg is disabled
01-01 08:59:17.027 0 0 D : mv2112_read_status
01-01 08:59:17.027 0 0 D mv2112_update_link: 3.0x901(1G): 0x80
01-01 08:59:17.027 0 0 D mv2112_update_link: 3.0x8109(100M): 0x8
01-01 08:59:17.027 0 0 D mv2112_update_link: link 0x0
01-01 08:59:17.027 0 0 D mv2112_read_status: autoneg is disabled
01-01 08:59:18.051 0 0 D : mv2112_read_status
01-01 08:59:18.051 0 0 D mv2112_update_link: 3.0x901(1G): 0x80
01-01 08:59:18.052 0 0 D mv2112_update_link: 3.0x8109(100M): 0x8
01-01 08:59:18.052 0 0 D mv2112_update_link: link 0x0
01-01 08:59:18.052 0 0 D mv2112_read_status: autoneg is disabled
01-01 08:59:19.075 0 0 D : mv2112_read_status
01-01 08:59:19.075 0 0 D mv2112_update_link: 3.0x901(1G): 0x80
01-01 08:59:19.076 0 0 D mv2112_update_link: 3.0x8109(100M): 0x8
01-01 08:59:19.076 0 0 D mv2112_update_link: link 0x0
01-01 08:59:19.076 0 0 D mv2112_read_status: autoneg is disabled
01-01 08:59:20.099 0 0 D : mv2112_read_status
01-01 08:59:20.099 0 0 D mv2112_update_link: 3.0x901(1G): 0x80
01-01 08:59:20.099 0 0 D mv2112_update_link: 3.0x8109(100M): 0x8
01-01 08:59:20.099 0 0 D mv2112_update_link: link 0x0
01-01 08:59:20.099 0 0 D mv2112_read_status: autoneg is disabled
01-01 08:59:21.123 0 0 D : mv2112_read_status
01-01 08:59:21.123 0 0 D mv2112_update_link: 3.0x901(1G): 0x80
01-01 08:59:21.124 0 0 D mv2112_update_link: 3.0x8109(100M): 0x8
01-01 08:59:21.124 0 0 D mv2112_update_link: link 0x0
01-01 08:59:21.124 0 0 D mv2112_read_status: autoneg is disabled
01-01 08:59:22.151 0 0 D : mv2112_read_status
01-01 08:59:22.151 0 0 D mv2112_update_link: 3.0x901(1G): 0x80
01-01 08:59:22.151 0 0 D mv2112_update_link: 3.0x8109(100M): 0x8
01-01 08:59:22.151 0 0 D mv2112_update_link: link 0x0
01-01 08:59:22.151 0 0 D mv2112_read_status: autoneg is disabled
01-01 08:59:23.171 0 0 D : mv2112_read_status
01-01 08:59:23.171 0 0 D mv2112_update_link: 3.0x901(1G): 0x80
01-01 08:59:23.172 0 0 D mv2112_update_link: 3.0x8109(100M): 0x8
01-01 08:59:23.172 0 0 D mv2112_update_link: link 0x0
01-01 08:59:23.172 0 0 D mv2112_read_status: autoneg is disabled
01-01 08:59:24.195 0 0 D : mv2112_read_status
01-01 08:59:24.195 0 0 D mv2112_update_link: 3.0x901(1G): 0x80
01-01 08:59:24.195 0 0 D mv2112_update_link: 3.0x8109(100M): 0x8
01-01 08:59:24.195 0 0 D mv2112_update_link: link 0x0
01-01 08:59:24.195 0 0 D mv2112_read_status: autoneg is disabled
01-01 08:59:25.219 0 0 D : mv2112_read_status
01-01 08:59:25.219 0 0 D mv2112_update_link: 3.0x901(1G): 0x80
01-01 08:59:25.220 0 0 D mv2112_update_link: 3.0x8109(100M): 0x8
01-01 08:59:25.220 0 0 D mv2112_update_link: link 0x0
01-01 08:59:25.220 0 0 D mv2112_read_status: autoneg is disabled
01-01 08:59:26.243 0 0 D : mv2112_read_status
01-01 08:59:26.243 0 0 D mv2112_update_link: 3.0x901(1G): 0x80
01-01 08:59:26.243 0 0 D mv2112_update_link: 3.0x8109(100M): 0x8
01-01 08:59:26.243 0 0 D mv2112_update_link: link 0x0
01-01 08:59:26.243 0 0 D mv2112_read_status: autoneg is disabled
01-01 08:59:27.267 0 0 D : mv2112_read_status
01-01 08:59:27.267 0 0 D mv2112_update_link: 3.0x901(1G): 0x80
01-01 08:59:27.267 0 0 D mv2112_update_link: 3.0x8109(100M): 0x8
01-01 08:59:27.267 0 0 D mv2112_update_link: link 0x0
01-01 08:59:27.267 0 0 D mv2112_read_status: autoneg is disabled
01-01 08:59:28.291 0 0 D : mv2112_read_status
01-01 08:59:28.291 0 0 D mv2112_update_link: 3.0x901(1G): 0x80
01-01 08:59:28.291 0 0 D mv2112_update_link: 3.0x8109(100M): 0x8
01-01 08:59:28.291 0 0 D mv2112_update_link: link 0x0
01-01 08:59:28.291 0 0 D mv2112_read_status: autoneg is disabled
01-01 08:59:29.315 0 0 D : mv2112_read_status
01-01 08:59:29.315 0 0 D mv2112_update_link: 3.0x901(1G): 0x80
01-01 08:59:29.316 0 0 D mv2112_update_link: 3.0x8109(100M): 0x8
01-01 08:59:29.316 0 0 D mv2112_update_link: link 0x0
01-01 08:59:29.316 0 0 D mv2112_read_status: autoneg is disabled
01-01 08:59:30.339 0 0 D : mv2112_read_status
01-01 08:59:30.339 0 0 D mv2112_update_link: 3.0x901(1G): 0x80
01-01 08:59:30.339 0 0 D mv2112_update_link: 3.0x8109(100M): 0x8
01-01 08:59:30.339 0 0 D mv2112_update_link: link 0x0
01-01 08:59:30.339 0 0 D mv2112_read_status: autoneg is disabled
01-01 08:59:31.363 0 0 D : mv2112_read_status
01-01 08:59:31.363 0 0 D mv2112_update_link: 3.0x901(1G): 0x80
01-01 08:59:31.363 0 0 D mv2112_update_link: 3.0x8109(100M): 0x8
01-01 08:59:31.363 0 0 D mv2112_update_link: link 0x0
01-01 08:59:31.363 0 0 D mv2112_read_status: autoneg is disabled
01-01 08:59:32.387 0 0 D : mv2112_read_status
01-01 08:59:32.387 0 0 D mv2112_update_link: 3.0x901(1G): 0x80
01-01 08:59:32.387 0 0 D mv2112_update_link: 3.0x8109(100M): 0x8
01-01 08:59:32.387 0 0 D mv2112_update_link: link 0x0
01-01 08:59:32.387 0 0 D mv2112_read_status: autoneg is disabled --------- beginning of main
12-16 04:46:30.902 3006 4726 E hpplay-base-dlna: ThreadPool.c:1047::on ThreadPoolShutdown tp->totalThreads:7
12-16 04:46:30.902 3006 4726 E hpplay-base-dlna: ThreadPool.c:1047::on ThreadPoolShutdown tp->totalThreads:6
12-16 04:46:30.903 3006 4726 E hpplay-base-dlna: ThreadPool.c:1047::on ThreadPoolShutdown tp->totalThreads:1
12-16 04:46:30.903 3006 4726 E hpplay-base-dlna: ThreadPool.c:1056::after ThreadPoolShutdown
12-16 04:46:30.903 3006 4726 E hpplay-base-dlna: ThreadPool.c:1057::ThreadPoolShutdown tp->totalThreads:0
12-16 04:46:30.903 3006 4726 E hpplay-base-dlna: upnpapi.c:661::after grecv ThreadPoolShutdown
12-16 04:46:30.903 3006 4726 E hpplay-base-dlna: upnpapi.c:663::before gsend ThreadPoolShutdown
12-16 04:46:30.903 3006 4726 E hpplay-base-dlna: ThreadPool.c:1047::on ThreadPoolShutdown tp->totalThreads:2
12-16 04:46:30.903 3006 4726 E hpplay-base-dlna: ThreadPool.c:1047::on ThreadPoolShutdown tp->totalThreads:1
12-16 04:46:30.903 3006 4726 E hpplay-base-dlna: ThreadPool.c:1056::after ThreadPoolShutdown
12-16 04:46:30.903 3006 4726 E hpplay-base-dlna: ThreadPool.c:1057::ThreadPoolShutdown tp->totalThreads:0
12-16 04:46:30.903 3006 4726 E hpplay-base-dlna: upnpapi.c:665::after gsend ThreadPoolShutdown
12-16 04:46:30.903 3006 4726 D hpplay-base-dlna: [lebodlna-dlnaframe:253] dlnaservice Destroy 253 static ERROR_TYPE IDlnaFrame::DestroyDlnaFrame(IDlnaFrame *)
12-16 04:46:30.903 3006 4726 D hpplay-base-dlna: [lebodlna-dlna_android:51] dlnaservice Destroy 51 int CDlnaService::Destroy()
12-16 04:46:30.903 3006 4726 D hpplay-base-dlna: [lebodlna-dlna_android:194] stopDLNA end
12-16 04:46:30.966 664 675 I mpu_uart: [MSG-P:R]:recv sync frame timeout
12-16 04:46:31.143 0 0 W swapper/3: type=1400 audit(0.0:616): avc: denied { kill } for capability=5 scontext=u:r:kernel:s0 tcontext=u:r:kernel:s0 tclass=capability permissive=0
12-16 04:46:31.204 3006 4726 D hpplay-base: [stream_mirror_compat:1489] request to stop screen stream session!!
12-16 04:46:31.204 3006 4726 D hpplay-base: [AEventUtils:625] begin to stop event handle service!!
12-16 04:46:31.204 3006 4726 D hpplay-base: [AEventUtils:628] stop event handle service ok!!
12-16 04:46:31.204 3006 4726 D hpplay-base: [REventUtils:231] begin to stop report handle service!!
12-16 04:46:31.204 3006 4726 D hpplay-base: [REventUtils:234] stop report handle service ok!!
12-16 04:46:31.204 3006 4726 D hpplay-base: [lelinkSinkServer:711] HTTP Server stopSinkServer End .
12-16 04:46:31.205 3006 4726 D hpplay-base: [jniBridge:1135] notifyJavaServerStoped
12-16 04:46:31.205 3006 4726 D hpplay-base: [jniBridge:1726] notifyJava, what:202, castType:0, mimeType:0 baseStatus:4
12-16 04:46:31.205 3006 4726 D hpplay-base: [jniBridge:1727] notifyJava sessionID:(null)
12-16 04:46:31.206 3006 4726 I hpplay-java: [Thread-33]:Bridge:notify: what: 202
12-16 04:46:31.208 3006 4726 I hpplay-java: [Thread-33]:Bridge:notify: out: OutParameters:{audioSessionId=-1, audiotrackIndex=0, castHandleType=-1, castType=0, deviceName='', dlnaName='', dramaID='', extra=0, frameHandleType=-1, handleInside=true, headduration=0, header='', headers=null, isAD=false, isMultiMirror=false, lelinkVer='', limitTime=0, , mediaAlbum='null', mediaAlbumArtURI='', mediaArtist='null', mediaAssets='', mediaTitle='null', mimeType=0, multiSession=null, period=0, pinCode='', playSpeed=0.0, playerChoice=0, plugin=0, port=0, position=0.0, positionUnit=2, protocol=0, realSessionID='', regType='', , sinkIp='', sourceAPPVersion='', sourceChannel='', sourceClientInfo='', sourceDeviceInfo='', sourceDeviceModel='', sourceDeviceName='', sourceDeviceType=0, sourceHID='', , sourceInfo='', , , sourceOSVersion='', sourceSDKVersion='', sourceUid='', stopDetail=0, stopReason=0, tailduration=0, url='', urlID='', urls=null, userAgent='', videoDecoder=0, volume=0, what=202}com.hpplay.sdk.sink.protocol.OutParameters@919f3c2
12-16 04:46:31.208 3006 4726 I hpplay-java: [Thread-33]:Bridge:notify: address:39720403
12-16 04:46:31.209 3006 4726 D hpplay-base: [LelinkBase:645] stopServerThreadFunc notifyJavaServerStoped!
12-16 04:46:31.209 3006 3006 I hpplay-java: [main]:ServerTaskManager:startTimeOutCheck
12-16 04:46:31.209 3006 3006 I hpplay-java: [main]:ServerBusiness:stopDaemonBusiness
12-16 04:46:31.209 3006 3006 I hpplay-java: [main]:SinkDataReport:logout
12-16 04:46:31.211 3006 3006 I hpplay-java: [main]:EPControl:release
12-16 04:46:31.214 3006 4729 I hpplay-java: [AsyncTask #50]:GlideCreator:clearCache clearDiskCache
12-16 04:46:31.215 3006 3006 I hpplay-java: [main]:Dispatcher:notifyAllReverseControlsStop
12-16 04:46:31.216 3006 3006 I hpplay-java: [main]:Preference:checkFeature none
12-16 04:46:31.216 3006 3006 I hpplay-java: [main]:Dispatcher:notifyAllUIControlsStop set: []
12-16 04:46:31.216 3006 4690 W hpplay-java: NanoHTTPDServerRunnable:Communication with the client broken
12-16 04:46:31.216 3006 4690 W hpplay-java: java.net.SocketException: Socket closed
12-16 04:46:31.216 3006 4690 W hpplay-java: at java.net.PlainSocketImpl.socketAccept(PlainSocketImpl.java:213)
12-16 04:46:31.216 3006 4690 W hpplay-java: at java.net.AbstractPlainSocketImpl.accept(AbstractPlainSocketImpl.java:451)
12-16 04:46:31.216 3006 4690 W hpplay-java: at java.net.ServerSocket.implAccept(ServerSocket.java:547)
12-16 04:46:31.216 3006 4690 W hpplay-java: at java.net.ServerSocket.accept(ServerSocket.java:515)
12-16 04:46:31.216 3006 4690 W hpplay-java: at com.hpplay.nanohttpd.protocols.http.ServerRunnable.run(SourceFile:118)
12-16 04:46:31.216 3006 4690 W hpplay-java: at java.lang.Thread.run(Thread.java:920)
12-16 04:46:31.216 3006 3006 I hpplay-java: [main]:Bridge:findServiceID start out: 39720403
12-16 04:46:31.216 3006 4690 I hpplay-java: NanoHTTPDNanoHTTPD:server is stoped
12-16 04:46:31.216 3006 3006 I hpplay-java: [main]:Bridge:findServiceID end
12-16 04:46:31.216 3006 4690 I hpplay-java: NanoHTTPDNanoHTTPD:clear obj
12-16 04:46:31.216 3006 3006 I hpplay-java: [main]:ServerTaskManager:onStop retry:true
12-16 04:46:31.217 3006 3006 I hpplay-java: [main]:ServerTaskManager:cancelTimeOutCheck
12-16 04:46:31.218 3006 3006 I hpplay-java: [main]:IPManager:getActiveNets type: WIFI
12-16 04:46:31.218 3006 3006 I hpplay-java: [main]:IPManager:getActiveNets eth0:false wifi:true mobile:false ap:false
12-16 04:46:31.219 3006 3006 I hpplay-java: [main]:IPManager:getIPAddress IP_WLAN0
12-16 04:46:31.220 3006 3006 I hpplay-java: [main]:IPManager:updateIPAddress getIPAddress: 192.168.4.16 name:vlan4
12-16 04:46:31.221 3006 3006 I hpplay-java: [main]:IPManager:updateIPAddress getIPAddress: 192.168.0.18 name:wlan0
12-16 04:46:31.221 3006 3006 I hpplay-java: [main]:IPManager:updateIPAddress getIPAddress: 192.168.8.16 name:vlan8
12-16 04:46:31.221 3006 3006 I hpplay-java: [main]:IPManager:updateIPAddress getIPAddress: 192.168.11.16 name:vlan11
12-16 04:46:31.221 3006 3006 I hpplay-java: [main]:IPManager:updateIPAddress getIPAddress: 192.168.0.16 name:vlan0
12-16 04:46:31.221 3006 3006 I hpplay-java: [main]:IPManager:updateIPAddress getIPAddress: 192.168.2.16 name:vlan2
12-16 04:46:31.221 3006 3006 I hpplay-java: [main]:IPManager:updateIPAddress getIPAddress: 192.168.1.16 name:vlan1
12-16 04:46:31.221 3006 3006 I hpplay-java: [main]:ServerTaskManager:exeTask startServer
12-16 04:46:31.222 3006 4730 I hpplay-java: [AsyncTask #51]:ServerBusiness:startDaemonBusiness
12-16 04:46:31.222 3006 3006 I hpplay-java: [main]:ServerTaskManager:startTimeOutCheck
12-16 04:46:31.222 3006 4730 I hpplay-java: [AsyncTask #51]:TimeOutCheckUtil:addTask id:upgrade
12-16 04:46:31.222 3006 4730 I hpplay-java: [AsyncTask #51]:TimeOutCheckUtil:addTask id:ijkupgrade
12-16 04:46:31.222 3006 4731 I hpplay-java: [AsyncTask #52]:Bridge:assembleInParameters
12-16 04:46:31.223 3006 4731 I hpplay-java: [AsyncTask #52]:Bridge:createDeviceId deviceId:OTQ6NWE6MmE6NjI6YWU6ZTI=
12-16 04:46:31.223 3006 4733 I hpplay-java: NanoHTTPDNanoHTTPD:server is started
12-16 04:46:31.224 3006 4731 I hpplay-java: [AsyncTask #52]:IPManager:getActiveNets type: WIFI
12-16 04:46:31.225 3006 4731 I hpplay-java: [AsyncTask #52]:IPManager:getActiveNets eth0:false wifi:true mobile:false ap:false
12-16 04:46:31.225 3006 4731 I hpplay-java: [AsyncTask #52]:IPManager:getIPAddress IP_WLAN0
12-16 04:46:31.225 3006 4731 I hpplay-java: [AsyncTask #52]:Preference:checkFeature none
12-16 04:46:31.225 3006 4731 I hpplay-java: [AsyncTask #52]:SWI:dlna tip
12-16 04:46:31.225 3006 4731 I hpplay-java: [AsyncTask #52]:SWI:lefp tip
12-16 04:46:31.225 3006 4731 I hpplay-java: [AsyncTask #52]:Bridge:assembleInParameters none alias name use device name: 高合娱乐副屏
12-16 04:46:31.225 3006 4731 I hpplay-java: [AsyncTask #52]:Feature:isSendAdvertisement
12-16 04:46:31.226 3006 4731 I hpplay-java: [AsyncTask #52]:Preference:checkFeature none
12-16 04:46:31.226 3006 4731 I hpplay-java: [AsyncTask #52]:Preference:checkFeature none
12-16 04:46:31.226 3006 4731 I hpplay-java: [AsyncTask #52]:Bridge:backupHpplayDat bakPath:
12-16 04:46:31.226 3006 4731 I hpplay-java: [AsyncTask #52]:Bridge:path:/data/user/0/com.hht.lebocast/files/hpplay/file/happyplay.dat
12-16 04:46:31.226 3006 4731 I hpplay-java: [AsyncTask #52]:Bridge:mAppId:21409
12-16 04:46:31.227 3006 4731 I hpplay-java: [AsyncTask #52]:Bridge:mode:3
12-16 04:46:31.227 3006 4731 I hpplay-java: [AsyncTask #52]:Bridge:type:1
12-16 04:46:31.227 3006 4731 I hpplay-java: [AsyncTask #52]:Bridge:SN:
12-16 04:46:31.227 3006 4731 I hpplay-java: [AsyncTask #52]:Preference:checkFeature none
12-16 04:46:31.227 3006 4731 I hpplay-java: [AsyncTask #52]:Bridge:backPath:
12-16 04:46:31.227 3006 4731 I hpplay-java: [AsyncTask #52]:DeviceUtil:getPermissionDid: 1
12-16 04:46:31.227 3006 4731 I hpplay-java: [AsyncTask #52]:DeviceUtil:getPermissionDid: 1
12-16 04:46:31.227 3006 4731 I hpplay-java: [AsyncTask #52]:Preference:checkFeature none
12-16 04:46:31.227 3006 4731 I hpplay-java: [AsyncTask #52]:Preference:checkFeature none
12-16 04:46:31.227 3006 4731 I hpplay-java: [AsyncTask #52]:Preference:checkFeature none
12-16 04:46:31.227 3006 4731 I hpplay-java: [AsyncTask #52]:Preference:checkFeature none
12-16 04:46:31.228 3006 4731 I hpplay-java: [AsyncTask #52]:Preference:checkFeature none
12-16 04:46:31.228 3006 4731 I hpplay-java: [AsyncTask #52]:Preference:checkFeature none
12-16 04:46:31.234 3006 4730 W hpplay-java: [AsyncTask #51]:ServerBusiness:startDaemonBusiness start LelinkHTTPD sucess 52288
12-16 04:46:31.251 3006 4731 W hpplay-java: [AsyncTask #52]:DeviceUtils:getDomain create lb domain
12-16 04:46:31.252 3006 4731 I hpplay-java: [AsyncTask #52]:Feature:getMirrorAudioVideoSync DISABLE
12-16 04:46:31.252 3006 4731 I hpplay-java: [AsyncTask #52]:Feature:checkSupportRedirectOtherApp,no set redirect api
12-16 04:46:31.252 3006 4731 I hpplay-java: [AsyncTask #52]:Feature:getRedirectSearchFlag,value: 0
12-16 04:46:31.253 3006 4731 I hpplay-java: [AsyncTask #52]:Bridge:mIn: InParameters{appInfo='0', appKey='21409', authMode=0, authPwd='null', broadcastDirection=0, broadcastState=1, broadcastTimeout=3, buildType='release', cacheAVPath='/data/user/0/com.hht.lebocast/cache/hpplay/av', cachePhotoPath='/data/user/0/com.hht.lebocast/cache/hpplay/image', channel='LEBO-APK--60146-25915', desPath='', , deviceName='高合娱乐副屏', dlna=1, dlnaCompany='null', dlnaCompanyURL='null', dlnaDeviceDescribe='null', dlnaDeviceName='null', dlnaDeviceURL='null', dlnaLelinkSwitch=1, dlnaManufacturer=0, dlnaName='高合娱乐副屏', dlnaUPC='', dlnaUUID='dd2df002-11d4-f267-238c-a56d5449307e', domain='Lebo-figure-c2e24fe8c7bb', drainage=0, feature='6655', fps=60, height=1080, host='null', , keyPath='/data/user/0/com.hht.lebocast/files/hpplay/file', lelinkfp=1, lelinkfp2=0, logBaseState=1, logPath='/storage/emulated/0/com.hht.lebocast/sink/sdk/common', , mdnsEnable=1, mirrorSyncType=0, netCastVer='2.0', packageName='com.hht.lebocast', packagePath='/data/user/0/com.hht.lebocast', permissionDid='c2:e2:4f:e8:c7:bb', permissionMode=3, permissionPreSN='', port=0, preemptMode=0, regType='_leboremote._tcp.', serverPorts=null, sockWaitTimeOut=45, teleControlPort=53388, tunnels=3, txtKeys=null, txtValues=null, uid='-2753298538233435100', videoFrameType=1001, width=1920}com.hpplay.sdk.sink.protocol.InParameters@3664365
12-16 04:46:31.253 3006 3006 I hpplay-java: [main]:Bridge:startServer state: 0
12-16 04:46:31.253 3006 3006 D hpplay-base: [jniBridge:185] not conference version
12-16 04:46:31.253 3006 3006 I hpplay-base: [jniBridge:241] 1initServer nSettingWidth=1920 nSettingHeight=1080 nSettingMaxFPS=60 dlnaEnable=1 lelinkFpEnable=1
12-16 04:46:31.253 3006 3006 D hpplay-base: [jniBridge:283] 1initServer cfg.leLinkIp=192.168.0.18
12-16 04:46:31.253 3006 3006 D hpplay-base: [jniBridge:286] 1initServer cfg.mPermissionMode=3
12-16 04:46:31.253 3006 3006 D hpplay-base: [jniBridge:304] 1initServer cfg.permissionDid=c2:e2:4f:e8:c7:bb000000000000000
12-16 04:46:31.253 3006 3006 D hpplay-base: [jniBridge:313] 1initServer cfg.mPermissionPreSN=00000000000000000000000000000000
12-16 04:46:31.253 3006 3006 D hpplay-base: [jniBridge:317] Bridge___1initServer status:0
12-16 04:46:31.253 3006 3006 I hpplay-base: [jniBridge:325] 1initServer cfg.feature=6655
12-16 04:46:31.253 3006 3006 D hpplay-base: [jniBridge:377] 1initServer isSendBroadCast=3
12-16 04:46:31.253 3006 3006 D hpplay-base: [jniBridge:380] 1initServer broadcastDirection=0
12-16 04:46:31.253 3006 3006 D hpplay-base: [jniBridge:382] 1initServer ipBroadcast direction=0
12-16 04:46:31.253 3006 3006 D hpplay-base: [jniBridge:387] 1initServer tunnel=3
12-16 04:46:31.253 3006 3006 D hpplay-base: [jniBridge:390] 1initServer drainage=0
12-16 04:46:31.253 3006 3006 D hpplay-base: [jniBridge:401] 1initServer mDNSEnable=1
12-16 04:46:31.253 3006 3006 D hpplay-base: [jniBridge:406] 1initServer nSockWaitTimeOut=45
12-16 04:46:31.253 3006 3006 D hpplay-base: [jniBridge:410] 1initServer nMirrorAudioVideoSync=0
12-16 04:46:31.253 3006 3006 I hpplay-base: [sign_check:168] checkSign strPackageName:com.hht.lebocast
12-16 04:46:31.253 3006 3006 I hpplay-base: [sign_check:169] checkSign buildType:release
12-16 04:46:31.253 3006 3006 I hpplay-base: [sign_check:170] checkSign appKey:21409
12-16 04:46:31.253 3006 3006 D hpplay-base: [LelinkBase:405] bridgeInit port: 0, lelinkfp: 0
12-16 04:46:31.253 3006 3006 D hpplay-base: [LelinkBase:462] bridgeInit mPackagePath =/data/user/0/com.hht.lebocast
12-16 04:46:31.253 3006 3006 D hpplay-base: [LelinkBase:463] bridgeInit mKeyPath =/data/user/0/com.hht.lebocast/files/hpplay/file
12-16 04:46:31.254 3006 3006 D hpplay-base: [SinkContext:97] initSinkContext mPackagePath =/data/user/0/com.hht.lebocast
12-16 04:46:31.254 3006 3006 D hpplay-base: [SinkContext:98] initSinkContext mKeyPath =/data/user/0/com.hht.lebocast/files/hpplay/file
12-16 04:46:31.254 3006 3006 D hpplay-base: [jniBridge:478] Java_com_hpplay_sdk_sink_protocol_Bridge__1initServer end
12-16 04:46:31.254 3006 3006 D hpplay-base: [jniBridge:869] Bridge__1startServer status:1
12-16 04:46:31.254 3006 3006 D hpplay-base: [LelinkBase:492] startAllServer at base
12-16 04:46:31.254 3006 3006 D hpplay-base: [lelinkSinkServer:152] httpPlugins_SetServerPort TYPE_SERVER_LELINK:52266
12-16 04:46:31.254 3006 3006 D hpplay-base: [network.c:362] protocol bind host :192.168.0.18 port:52266 curent bind port:52266
12-16 04:46:31.254 3006 3006 D hpplay-base: [lelinkSinkServer:681] HTTP Server real at:52266
12-16 04:46:31.254 3006 4739 D hpplay-base: [lelinkSinkServer:644] Connected Service Type:0
12-16 04:46:31.254 3006 3006 D hpplay-base: [ScreenStream:1285] current bind port:7100
12-16 04:46:31.254 3006 4739 I hpplay-base: : (server.c.315) startServer listen_ing....:
12-16 04:46:31.254 3006 4739 D hpplay-base: [Server:371] startHttpServer srv_sockets.used:1 nCurrentFd:70, tid is 4739
12-16 04:46:31.254 3006 3006 D hpplay-base: [LelinkBase:515] startAllServer pBaseContext->config.dlnaEnable:1
12-16 04:46:31.254 3006 3006 D hpplay-base: [lelinkDlna:324] addDMRCallback end
12-16 04:46:31.254 3006 4740 D hpplay-base: [stream_mirror_compat:759] compat mirror stream begin to run,server fd:71,thread_id:3146998208!!
12-16 04:46:31.256 3006 3006 E hpplay-base-dlna: miniserver.c:788::dlna_port(ipv4: 49152 ipv6:0)
12-16 04:46:31.256 3006 3006 D hpplay-base-dlna: [lebodlna-dlnaframe:166] succeed to load lebodlnaplugin
12-16 04:46:31.256 3006 3006 D hpplay-base-dlna: [lebodlna-dlnaframe:232] Succeed to load specified plugin:lebodlna_plugin
12-16 04:46:31.256 3006 3006 D hpplay-base: [lelinkDlna:328] startDLNAServer ret=0
12-16 04:46:31.256 3006 3006 D hpplay-base: [LelinkBase:531] startDLNAServer ret= 0
12-16 04:46:31.256 3006 3006 D hpplay-base: [lelinkDlna:342] setDMRFriendlyName 高合娱乐副屏
12-16 04:46:31.256 3006 3006 D hpplay-base-dlna: [lebodlna-dlna_android:136] setBroadcastTimeout mBroadcastTimeOut=66 status=3!
12-16 04:46:31.256 3006 3006 D hpplay-base-dlna: [lebodlna_api:32] start DMR
12-16 04:46:31.256 3006 3006 D hpplay-base-dlna: [UpnpDefine:434] RegisterDMRender invalid lelink info
12-16 04:46:31.257 3006 3006 D hpplay-base-dlna: [UpnpDefine:467] DLNA DEFAULT_DESCRIPTION
12-16 04:46:31.258 3006 3006 E hpplay-base-dlna: upnpapi.c:1078::Exiting RegisterRootDevice2 *Hnd =1, return value == 0
12-16 04:46:31.258 3006 3006 D hpplay-base-dlna: [CUpnpDevice:41] Register Root Device 2:0
12-16 04:46:31.258 3006 3006 D hpplay-base-dlna: [UpnpDefine:794] ESDMRender:Register success
12-16 04:46:31.258 3006 3006 D hpplay-base-dlna: [lebodlna_api:41] sendBroadcast mBroadcastTimeOut=3
12-16 04:46:31.258 3006 3006 D hpplay-base-dlna: [lebodlna_api:44] sendBroadcast timeout=66
12-16 04:46:31.313 3006 3006 D hpplay-base: [lelinkDlna:361] startDLNADevice dlnaManufacturer:0 ret=0
12-16 04:46:31.313 3006 3006 D hpplay-base: [LelinkBase:535] lelinkSetDlnaInfo ret= 0
12-16 04:46:31.313 3006 3006 D hpplay-base: [LelinkBase:547] startAllServer pBaseContext->config.mDNSEnable:1
12-16 04:46:31.314 3006 3006 D hpplay-base: [base_mdns:509] mdns net.hostname:
12-16 04:46:31.315 3006 3006 D hpplay-base: [base_mdns:529] mdns namelabel:-00-80-0F-74-31-00
12-16 04:46:31.315 3006 3006 D hpplay-base: [base_mdns:509] mdns net.hostname:
12-16 04:46:31.315 3006 3006 D hpplay-base: [base_mdns:529] mdns namelabel:-00-80-0F-74-31-00
12-16 04:46:31.315 3006 3006 D hpplay-base: [mdns:813] mdns start bind port:0
12-16 04:46:31.317 3006 3006 D hpplay-base: [mdns:813] mdns start bind port:5353
12-16 04:46:31.318 3006 3006 D hpplay-base: [mdns:813] mdns start bind port:5353
12-16 04:46:31.318 3006 3006 D hpplay-base: [mdns:813] mdns start bind port:5353
12-16 04:46:31.318 3006 3006 D hpplay-base: [mdns:813] mdns start bind port:5353
12-16 04:46:31.318 3006 3006 D hpplay-base: [mdns:813] mdns start bind port:5353
12-16 04:46:31.318 3006 3006 D hpplay-base: [mdns:813] mdns start bind port:5353
12-16 04:46:31.318 3006 3006 D hpplay-base: [mdns:813] mdns start bind port:5353
12-16 04:46:31.319 3006 3006 I hpplay-base: [mDNSEmbeded:57] embedded_mDNSInit stopmDNSNow:0 status:0
12-16 04:46:31.319 3006 3006 D hpplay-base: [mDNSEmbeded:436] startmDNSServer end nRet=0
12-16 04:46:31.319 3006 3006 D hpplay-base: [LelinkBase:555] lelink broadcast_on_off:1 log2java_on_off:1
12-16 04:46:31.319 3006 4758 D hpplay-base: [LelinkMDNS:729] leboAuthorizationCheck strUuid=c2:e2:4f:e8:c7:bb000000000000000
12-16 04:46:31.319 3006 4758 D hpplay-base: [LelinkMDNS:730] leboAuthorizationCheck mPermissionDid=c2:e2:4f:e8:c7:bb000000000000000
12-16 04:46:31.319 3006 4758 D hpplay-base: [LelinkMDNS:755] leboAuthorizationCheck mPermissionMac=c2:e2:4f:e8:c7:bb000000000000000
12-16 04:46:31.319 3006 4759 I hpplay-base: [mDNSEmbeded:268] start lelink publish server, tid is 4759
12-16 04:46:31.319 3006 3006 D hpplay-base: [AEventUtils:595] request to start event handle service!!
12-16 04:46:31.319 3006 3006 D hpplay-base: [AEventUtils:603] start_event_handle_service,begin to run!!
12-16 04:46:31.319 3006 3006 D hpplay-base: [REventUtils:210] start_event_handle_service,begin to run!!
12-16 04:46:31.320 3006 3006 D hpplay-base: [LelinkBase:576] startAllServer success .
12-16 04:46:31.320 3006 4762 D hpplay-base: [REventUtils:59] create handleREventThread thread ok!!,tid is 4762
12-16 04:46:31.320 3006 4763 D hpplay-base: [jniBridge:1081] notifyJavaDlnalink:http://192.168.0.18:49152/description.xml
12-16 04:46:31.320 3006 4760 D hpplay-base: [mDNSEmbeded:197] http_port bind check 197 http_port_check
12-16 04:46:31.320 3006 4761 D hpplay-base: [AEventUtils:171] create handle AEvent thread ok!!,tid is 4761
12-16 04:46:31.320 3006 4763 D hpplay-base: [jniBridge:1726] notifyJava, what:207, castType:0, mimeType:0 baseStatus:2
12-16 04:46:31.320 3006 3006 D hpplay-base: [jniBridge:894] startDlna_link:http://192.168.0.18:49152/description.xml
12-16 04:46:31.320 3006 4763 D hpplay-base: [jniBridge:1727] notifyJava sessionID:(null)
12-16 04:46:31.321 3006 4763 I hpplay-java: [Thread-35]:Bridge:notify: what: 207
12-16 04:46:31.322 3006 4760 D hpplay-base: [mDNSEmbeded:217] http_port bind check 217 http_port_check
12-16 04:46:31.322 3006 4760 D hpplay-base: [mDNSEmbeded:222] http_port bind check 222 http_port_check
12-16 04:46:31.323 3006 4763 I hpplay-java: [Thread-35]:Bridge:notify: out: OutParameters:{audioSessionId=-1, audiotrackIndex=0, castHandleType=-1, castType=0, deviceName='http://192.168.0.18:49152/description.xml', dlnaName='', dramaID='', extra=0, frameHandleType=-1, handleInside=true, headduration=0, header='', headers=null, isAD=false, isMultiMirror=false, lelinkVer='', limitTime=0, , mediaAlbum='null', mediaAlbumArtURI='', mediaArtist='null', mediaAssets='', mediaTitle='null', mimeType=0, multiSession=null, period=0, pinCode='', playSpeed=0.0, playerChoice=0, plugin=0, port=0, position=0.0, positionUnit=2, protocol=0, realSessionID='', regType='', , sinkIp='', sourceAPPVersion='', sourceChannel='', sourceClientInfo='', sourceDeviceInfo='', sourceDeviceModel='', sourceDeviceName='', sourceDeviceType=0, sourceHID='', , sourceInfo='', , , sourceOSVersion='', sourceSDKVersion='', sourceUid='', stopDetail=0, stopReason=0, tailduration=0, url='', urlID='', urls=null, userAgent='', videoDecoder=0, volume=0, what=207}com.hpplay.sdk.sink.protocol.OutParameters@d2c7cd4
12-16 04:46:31.323 3006 4763 I hpplay-java: [Thread-35]:Bridge:notify: address:166850173
12-16 04:46:31.324 3006 4760 D hpplay-base: [mDNSEmbeded:234] http_port bind check 234 http_port_check port:52266
12-16 04:46:31.325 3006 4760 D hpplay-base: [mDNSEmbeded:237] http_port bind check 237 http_port_check
12-16 04:46:31.325 3006 4765 D hpplay-base: [lelinkSinkServer:93] new client connection from 127.0.0.1 32414, fd=111
12-16 04:46:31.326 3006 4765 D hpplay-base: [SinkContext:137] addSinkContextSession,begin to run!!
12-16 04:46:31.326 3006 4765 D hpplay-base: [SinkContext:142] addSinkContextSession,begin to get lock!!
12-16 04:46:31.326 3006 4765 D hpplay-base: [SinkContext:144] addSinkContextSession,get lock ok!!
12-16 04:46:31.326 3006 4765 D hpplay-base: [SinkContext:149] addSinkContextSession,session list is null,begin to malloc!!
12-16 04:46:31.326 3006 4765 D hpplay-base: [SinkContext:156] addSinkContextSession,begin to update!!
12-16 04:46:31.326 3006 4765 D hpplay-base: [SinkContext:160] addSinkContextSession,begin to update header!!
12-16 04:46:31.326 3006 4765 D hpplay-base: [SinkContext:172] addSinkContextSession,begin to unlock!!
12-16 04:46:31.326 3006 4765 D hpplay-base: [SinkContext:174] addSinkContextSession,unlock ok!!
12-16 04:46:31.326 3006 4765 D hpplay-base: [LelinkReceiver:4908] get ping !!!
12-16 04:46:31.326 3006 4760 D hpplay-base: [mDNSEmbeded:240] http_port bind check 240 http_port_check recieved:64
12-16 04:46:31.326 3006 4760 D hpplay-base: [mDNSEmbeded:243] http_port bind check 243 http_port_check
12-16 04:46:31.326 3006 4760 D hpplay-base: [mDNSEmbeded:244] http_port bind check ok!
01-01 08:59:33.411 0 0 D : mv2112_read_status
01-01 08:59:33.411 0 0 D mv2112_update_link: 3.0x901(1G): 0x80
01-01 08:59:33.411 0 0 D mv2112_update_link: 3.0x8109(100M): 0x8
01-01 08:59:33.411 0 0 D mv2112_update_link: link 0x0
01-01 08:59:33.411 0 0 D mv2112_read_status: autoneg is disabled
12-16 04:46:31.527 3006 4765 I hpplay-base: [LelinkReceiver:14605] _connectionFinalize (111)
12-16 04:46:31.527 3006 4765 D hpplay-base: [LelinkReceiver:14752] ###connectionFinalize,release ok!!###
12-16 04:46:31.868 664 676 I mpu_uart: [MSG-P:RECV]:No message received in 1000 ms
12-16 04:46:31.889 3006 4685 W hpplay-java: [AsyncTask #44]:HttpRequest:
12-16 04:46:31.891 3006 4685 W hpplay-java: [AsyncTask #44]:HttpRequest:
12-16 04:46:31.893 3006 4685 W hpplay-java: [AsyncTask #44]:HttpRequest:
12-16 04:46:32.143 0 0 W swapper/3: type=1400 audit(0.0:617): avc: denied { kill } for capability=5 scontext=u:r:kernel:s0 tcontext=u:r:kernel:s0 tclass=capability permissive=0
01-01 08:59:34.435 0 0 D : mv2112_read_status
01-01 08:59:34.435 0 0 D mv2112_update_link: 3.0x901(1G): 0x80
01-01 08:59:34.435 0 0 D mv2112_update_link: 3.0x8109(100M): 0x8
01-01 08:59:34.435 0 0 D mv2112_update_link: link 0x0
01-01 08:59:34.435 0 0 D mv2112_read_status: autoneg is disabled
12-16 04:46:32.869 664 676 I mpu_uart: [MSG-P:RECV]:No message received in 1000 ms
12-16 04:46:33.143 0 0 W swapper/3: type=1400 audit(0.0:618): avc: denied { kill } for capability=5 scontext=u:r:kernel:s0 tcontext=u:r:kernel:s0 tclass=capability permissive=0
01-01 08:59:35.459 0 0 D : mv2112_read_status
01-01 08:59:35.459 0 0 D mv2112_update_link: 3.0x901(1G): 0x80
01-01 08:59:35.459 0 0 D mv2112_update_link: 3.0x8109(100M): 0x8
01-01 08:59:35.459 0 0 D mv2112_update_link: link 0x0
01-01 08:59:35.459 0 0 D mv2112_read_status: autoneg is disabled
12-16 04:46:33.869 664 676 I mpu_uart: [MSG-P:RECV]:No message received in 1000 ms
12-16 04:46:33.970 664 675 I mpu_uart: [MSG-P:R]:recv sync frame timeout
12-16 04:46:34.143 0 0 W swapper/3: type=1400 audit(0.0:619): avc: denied { kill } for capability=5 scontext=u:r:kernel:s0 tcontext=u:r:kernel:s0 tclass=capability permissive=0
01-01 08:59:36.483 0 0 D : mv2112_read_status
01-01 08:59:36.483 0 0 D mv2112_update_link: 3.0x901(1G): 0x80
01-01 08:59:36.484 0 0 D mv2112_update_link: 3.0x8109(100M): 0x8
01-01 08:59:36.484 0 0 D mv2112_update_link: link 0x0
01-01 08:59:36.484 0 0 D mv2112_read_status: autoneg is disabled
12-16 04:46:34.870 664 676 I mpu_uart: [MSG-P:RECV]:No message received in 1000 ms
12-16 04:46:35.143 0 0 W swapper/3: type=1400 audit(0.0:620): avc: denied { kill } for capability=5 scontext=u:r:kernel:s0 tcontext=u:r:kernel:s0 tclass=capability permissive=0
01-01 08:59:37.507 0 0 D : mv2112_read_status
01-01 08:59:37.507 0 0 D mv2112_update_link: 3.0x901(1G): 0x80
01-01 08:59:37.507 0 0 D mv2112_update_link: 3.0x8109(100M): 0x8
01-01 08:59:37.507 0 0 D mv2112_update_link: link 0x0
01-01 08:59:37.507 0 0 D mv2112_read_status: autoneg is disabled
12-16 04:46:35.870 664 676 I mpu_uart: [MSG-P:RECV]:No message received in 1000 ms
12-16 04:46:36.143 0 0 W swapper/3: type=1400 audit(0.0:621): avc: denied { kill } for capability=5 scontext=u:r:kernel:s0 tcontext=u:r:kernel:s0 tclass=capability permissive=0
12-16 04:46:36.236 3006 3006 I hpplay-java: [main]:ServiceUpdater:upLoadServiceInfo invalid deviceCode:, port:53388
01-01 08:59:38.531 0 0 D : mv2112_read_status
01-01 08:59:38.531 0 0 D mv2112_update_link: 3.0x901(1G): 0x80
01-01 08:59:38.531 0 0 D mv2112_update_link: 3.0x8109(100M): 0x8
01-01 08:59:38.531 0 0 D mv2112_update_link: link 0x0
01-01 08:59:38.531 0 0 D mv2112_read_status: autoneg is disabled
12-16 04:46:36.871 664 676 I mpu_uart: [MSG-P:RECV]:No message received in 1000 ms
12-16 04:46:36.973 664 675 I mpu_uart: [MSG-P:R]:recv sync frame timeout
12-16 04:46:37.143 0 0 W swapper/3: type=1400 audit(0.0:622): avc: denied { kill } for capability=5 scontext=u:r:kernel:s0 tcontext=u:r:kernel:s0 tclass=capability permissive=0
