12-16 04:48:35.932 2550 2713 I OpenGLRenderer: Davey! duration=9223371735740ms; Flags=0, FrameTimelineVsyncId=6710, IntendedVsync=301113642630, Vsync=301113642630, InputEventId=0, HandleInputStart=301114499049, AnimationStart=301114503685, PerformTraversalsStart=301114506445, DrawStart=301139495039, FrameDeadline=301146975962, FrameInterval=301114482487, FrameStartTime=16666666, SyncQueued=301140704622, SyncStart=301140923476, IssueDrawCommandsStart=301141798945, SwapBuffers=301144520143, FrameCompleted=9223372036854775807, DequeueBufferDuration=48698, QueueBufferDuration=918334, GpuCompleted=9223372036854775807, SwapBuffersCompleted=301146033737, DisplayPresentTime=0,
12-16 04:48:36.143 0 0 W swapper/2: type=1400 audit(0.0:737): avc: denied { kill } for capability=5 scontext=u:r:kernel:s0 tcontext=u:r:kernel:s0 tclass=capability permissive=0
01-01 09:01:38.339 0 0 D : mv2112_read_status
01-01 09:01:38.339 0 0 D mv2112_update_link: 3.0x901(1G): 0x80
01-01 09:01:38.340 0 0 D mv2112_update_link: 3.0x8109(100M): 0x8
01-01 09:01:38.340 0 0 D mv2112_update_link: link 0x0
01-01 09:01:38.340 0 0 D mv2112_read_status: autoneg is disabled
12-16 04:48:36.786 3006 3006 I hpplay-java: [main]:Upgrade:upgrade not be allowed
12-16 04:48:36.805 3006 3006 I hpplay-java: [main]:ServerBusiness:get deviceCode:
12-16 04:48:36.806 3006 3006 W hpplay-java: [main]:ServerBusiness:startDeviceService ignore,invalid deviceCode
12-16 04:48:36.930 664 676 I mpu_uart: [MSG-P:RECV]:No message received in 1000 ms
12-16 04:48:36.932 2550 2713 I OpenGLRenderer: Davey! duration=9223371734738ms; Flags=0, FrameTimelineVsyncId=6716, IntendedVsync=302116054630, Vsync=302116054630, InputEventId=0, HandleInputStart=302117060820, AnimationStart=302117064309, PerformTraversalsStart=302117067226, DrawStart=302138975091, FrameDeadline=302149387962, FrameInterval=302117050663, FrameStartTime=16666666, SyncQueued=302139925351, SyncStart=302140031809, IssueDrawCommandsStart=302140848580, SwapBuffers=302143376913, FrameCompleted=9223372036854775807, DequeueBufferDuration=43125, QueueBufferDuration=893750, GpuCompleted=9223372036854775807, SwapBuffersCompleted=302144810559, DisplayPresentTime=0,
12-16 04:48:37.085 664 675 I mpu_uart: [MSG-P:R]:recv sync frame timeout
12-16 04:48:37.143 0 0 W swapper/2: type=1400 audit(0.0:738): avc: denied { kill } for capability=5 scontext=u:r:kernel:s0 tcontext=u:r:kernel:s0 tclass=capability permissive=0
12-16 04:48:37.285 3006 5021 W hpplay-java: [AsyncTask #90]:HttpRequest:
12-16 04:48:37.288 3006 5021 W hpplay-java: [AsyncTask #90]:HttpRequest:
12-16 04:48:37.290 3006 5021 W hpplay-java: [AsyncTask #90]:HttpRequest:
12-16 04:48:37.291 3006 3006 E hpplay-java: [main]:IMTask:getIMRoot failed
01-01 09:01:39.363 0 0 D : mv2112_read_status
01-01 09:01:39.363 0 0 D mv2112_update_link: 3.0x901(1G): 0x80
01-01 09:01:39.364 0 0 D mv2112_update_link: 3.0x8109(100M): 0x8
01-01 09:01:39.364 0 0 D mv2112_update_link: link 0x0
01-01 09:01:39.364 0 0 D mv2112_read_status: autoneg is disabled
12-16 04:48:37.930 664 676 I mpu_uart: [MSG-P:RECV]:No message received in 1000 ms
12-16 04:48:37.936 2550 2713 I OpenGLRenderer: Davey! duration=9223371733736ms; Flags=0, FrameTimelineVsyncId=6722, IntendedVsync=303118469630, Vsync=303118469630, InputEventId=0, HandleInputStart=303119013423, AnimationStart=303119016653, PerformTraversalsStart=303119019621, DrawStart=303141465559, FrameDeadline=303151802962, FrameInterval=303119002434, FrameStartTime=16666666, SyncQueued=303142410507, SyncStart=303142607382, IssueDrawCommandsStart=303143412382, SwapBuffers=303145910976, FrameCompleted=9223372036854775807, DequeueBufferDuration=40260, QueueBufferDuration=859740, GpuCompleted=9223372036854775807, SwapBuffersCompleted=303147268267, DisplayPresentTime=0,
12-16 04:48:38.143 0 0 W swapper/2: type=1400 audit(0.0:739): avc: denied { kill } for capability=5 scontext=u:r:kernel:s0 tcontext=u:r:kernel:s0 tclass=capability permissive=0
01-01 09:01:40.387 0 0 D : mv2112_read_status
01-01 09:01:40.387 0 0 D mv2112_update_link: 3.0x901(1G): 0x80
01-01 09:01:40.387 0 0 D mv2112_update_link: 3.0x8109(100M): 0x8
01-01 09:01:40.387 0 0 D mv2112_update_link: link 0x0
01-01 09:01:40.387 0 0 D mv2112_read_status: autoneg is disabled
12-16 04:48:38.931 664 676 I mpu_uart: [MSG-P:RECV]:No message received in 1000 ms
12-16 04:48:38.938 2550 2713 I OpenGLRenderer: Davey! duration=9223371732733ms; Flags=0, FrameTimelineVsyncId=6728, IntendedVsync=304120873630, Vsync=304120873630, InputEventId=0, HandleInputStart=304121626913, AnimationStart=304121630506, PerformTraversalsStart=304121633579, DrawStart=304146372902, FrameDeadline=304154206962, FrameInterval=304121616756, FrameStartTime=16666666, SyncQueued=304147348423, SyncStart=304147426392, IssueDrawCommandsStart=304148260246, SwapBuffers=304150743267, FrameCompleted=9223372036854775807, DequeueBufferDuration=42448, QueueBufferDuration=877552, GpuCompleted=9223372036854775807, SwapBuffersCompleted=304152294881, DisplayPresentTime=0,
12-16 04:48:39.143 0 0 W swapper/2: type=1400 audit(0.0:740): avc: denied { kill } for capability=5 scontext=u:r:kernel:s0 tcontext=u:r:kernel:s0 tclass=capability permissive=0
01-01 09:01:41.411 0 0 D : mv2112_read_status
01-01 09:01:41.411 0 0 D mv2112_update_link: 3.0x901(1G): 0x80
01-01 09:01:41.411 0 0 D mv2112_update_link: 3.0x8109(100M): 0x8
01-01 09:01:41.411 0 0 D mv2112_update_link: link 0x0
01-01 09:01:41.411 0 0 D mv2112_read_status: autoneg is disabled
12-16 04:48:39.938 664 676 I mpu_uart: [MSG-P:RECV]:No message received in 1000 ms
12-16 04:48:39.940 2550 2713 I OpenGLRenderer: Davey! duration=9223371731731ms; Flags=0, FrameTimelineVsyncId=6734, IntendedVsync=305123280630, Vsync=305123280630, InputEventId=0, HandleInputStart=305123996131, AnimationStart=305123999308, PerformTraversalsStart=305124103266, DrawStart=305148424256, FrameDeadline=305156613962, FrameInterval=305123985871, FrameStartTime=16666666, SyncQueued=305149722121, SyncStart=305149814933, IssueDrawCommandsStart=305150588631, SwapBuffers=305153244412, FrameCompleted=9223372036854775807, DequeueBufferDuration=39375, QueueBufferDuration=792760, GpuCompleted=9223372036854775807, SwapBuffersCompleted=305154506287, DisplayPresentTime=0,
12-16 04:48:40.089 664 675 I mpu_uart: [MSG-P:R]:recv sync frame timeout
12-16 04:48:40.143 332 332 W kworker/u16:11: type=1400 audit(0.0:741): avc: denied { kill } for capability=5 scontext=u:r:kernel:s0 tcontext=u:r:kernel:s0 tclass=capability permissive=0
01-01 09:01:42.435 0 0 D : mv2112_read_status
01-01 09:01:42.435 0 0 D mv2112_update_link: 3.0x901(1G): 0x80
01-01 09:01:42.435 0 0 D mv2112_update_link: 3.0x8109(100M): 0x8
01-01 09:01:42.435 0 0 D mv2112_update_link: link 0x0
01-01 09:01:42.435 0 0 D mv2112_read_status: autoneg is disabled
12-16 04:48:40.938 664 676 I mpu_uart: [MSG-P:RECV]:No message received in 1000 ms
12-16 04:48:40.944 2550 2713 I OpenGLRenderer: Davey! duration=9223371730729ms; Flags=0, FrameTimelineVsyncId=6743, IntendedVsync=306125693630, Vsync=306125693630, InputEventId=0, HandleInputStart=306126244620, AnimationStart=306126248631, PerformTraversalsStart=306126251756, DrawStart=306149255870, FrameDeadline=306159026962, FrameInterval=306126230037, FrameStartTime=16666666, SyncQueued=306150230349, SyncStart=306150305193, IssueDrawCommandsStart=306151144881, SwapBuffers=306153621079, FrameCompleted=9223372036854775807, DequeueBufferDuration=39635, QueueBufferDuration=772968, GpuCompleted=9223372036854775807, SwapBuffersCompleted=306154904256, DisplayPresentTime=0,
12-16 04:48:41.143 0 0 W swapper/1: type=1400 audit(0.0:742): avc: denied { kill } for capability=5 scontext=u:r:kernel:s0 tcontext=u:r:kernel:s0 tclass=capability permissive=0
01-01 09:01:43.459 0 0 D : mv2112_read_status
01-01 09:01:43.459 0 0 D mv2112_update_link: 3.0x901(1G): 0x80
01-01 09:01:43.459 0 0 D mv2112_update_link: 3.0x8109(100M): 0x8
01-01 09:01:43.459 0 0 D mv2112_update_link: link 0x0
01-01 09:01:43.459 0 0 D mv2112_read_status: autoneg is disabled
12-16 04:48:41.786 3006 3006 I hpplay-java: [main]:ServerTaskManager:task run out of time
12-16 04:48:41.786 3006 3006 I hpplay-java: [main]:ServerTaskManager:cancelTimeOutCheck
12-16 04:48:41.786 3006 3006 I hpplay-java: [main]:ServerTaskManager:exeTask ignore, reason: TaskList is clear
12-16 04:48:41.939 3006 5061 D hpplay-base: [LelinkMDNS:766] devicePermissionPublic leboPermissionCheck:-2
12-16 04:48:41.939 3006 5061 D hpplay-base: [jniBridge:1125] com_hpplay_sdk_sink_protocol_Bridge_WHAT_SERVER_ERROR
12-16 04:48:41.939 3006 5061 D hpplay-base: [jniBridge:1726] notifyJava, what:204, castType:0, mimeType:0 baseStatus:2
12-16 04:48:41.939 3006 5061 D hpplay-base: [jniBridge:1727] notifyJava sessionID:(null)
12-16 04:48:41.942 3006 5061 I hpplay-java: [Thread-60]:Bridge:notify: what: 204
12-16 04:48:41.944 3006 5061 I hpplay-java: [Thread-60]:Bridge:notify: out: OutParameters:{audioSessionId=-1, audiotrackIndex=0, castHandleType=-1, castType=0, deviceName='', dlnaName='', dramaID='', extra=-2002, frameHandleType=-1, handleInside=true, headduration=0, header='', headers=null, isAD=false, isMultiMirror=false, lelinkVer='', limitTime=0, , mediaAlbum='null', mediaAlbumArtURI='', mediaArtist='null', mediaAssets='', mediaTitle='null', mimeType=0, multiSession=null, period=0, pinCode='', playSpeed=0.0, playerChoice=0, plugin=0, port=0, position=0.0, positionUnit=2, protocol=0, realSessionID='', regType='', , sinkIp='', sourceAPPVersion='', sourceChannel='', sourceClientInfo='', sourceDeviceInfo='', sourceDeviceModel='', sourceDeviceName='', sourceDeviceType=0, sourceHID='', , sourceInfo='', , , sourceOSVersion='', sourceSDKVersion='', sourceUid='', stopDetail=0, stopReason=0, tailduration=0, url='', urlID='', urls=null, userAgent='', videoDecoder=0, volume=0, what=204}com.hpplay.sdk.sink.protocol.OutParameters@77099a7
12-16 04:48:41.944 3006 5061 I hpplay-java: [Thread-60]:Bridge:notify: address:132939348
12-16 04:48:41.944 3006 3006 I hpplay-java: [main]:Bridge:findServiceID start out: 132939348
12-16 04:48:41.944 3006 3006 I hpplay-java: [main]:Bridge:findServiceID end
12-16 04:48:41.944 3006 3006 E hpplay-java: [main]:ServerTaskManager:onError 204/-2002 com.hht.lebocast.LelinkHelper$e@e24427e
12-16 04:48:41.944 3006 3006 I hpplay-java: [main]:ServerTaskManager:cancelTimeOutCheck
12-16 04:48:41.945 664 676 I mpu_uart: [MSG-P:RECV]:No message received in 1000 ms
12-16 04:48:41.946 2550 2713 I OpenGLRenderer: Davey! duration=9223371729726ms; Flags=0, FrameTimelineVsyncId=6749, IntendedVsync=307128102630, Vsync=307128102630, InputEventId=0, HandleInputStart=307129040037, AnimationStart=307129043214, PerformTraversalsStart=307129045401, DrawStart=307153857432, FrameDeadline=307161435962, FrameInterval=307129030089, FrameStartTime=16666666, SyncQueued=307154781807, SyncStart=307154986078, IssueDrawCommandsStart=307155738891, SwapBuffers=307158188891, FrameCompleted=9223372036854775807, DequeueBufferDuration=38542, QueueBufferDuration=821302, GpuCompleted=9223372036854775807, SwapBuffersCompleted=307159498787, DisplayPresentTime=0,
12-16 04:48:41.946 3006 3006 W hpplay-java: [main]:ServerTaskManager:onErrorDispatcher errorCode:-2002
12-16 04:48:41.946 3006 3006 I hpplay-java: [main]:ServerTaskManager:onError retry later
12-16 04:48:41.946 3006 5061 I hpplay-base: [mDNSEmbeded:79] embedded_mDNSLoop stopmDNSNow:0 nPublish:-2 nExitFlag:6 tid is 5061
12-16 04:48:42.143 0 0 W swapper/1: type=1400 audit(0.0:743): avc: denied { kill } for capability=5 scontext=u:r:kernel:s0 tcontext=u:r:kernel:s0 tclass=capability permissive=0
12-16 04:48:42.523 3006 5025 W hpplay-java: [AsyncTask #92]:HttpRequest:
12-16 04:48:42.525 3006 5025 W hpplay-java: [AsyncTask #92]:HttpRequest:
12-16 04:48:42.527 3006 5025 W hpplay-java: [AsyncTask #92]:HttpRequest:
01-01 09:01:44.483 0 0 D : mv2112_read_status
01-01 09:01:44.483 0 0 D mv2112_update_link: 3.0x901(1G): 0x80
01-01 09:01:44.483 0 0 D mv2112_update_link: 3.0x8109(100M): 0x8
01-01 09:01:44.483 0 0 D mv2112_update_link: link 0x0
01-01 09:01:44.483 0 0 D mv2112_read_status: autoneg is disabled
12-16 04:48:42.945 664 676 I mpu_uart: [MSG-P:RECV]:No message received in 1000 ms
12-16 04:48:42.964 2550 2713 I OpenGLRenderer: Davey! duration=9223371728707ms; Flags=0, FrameTimelineVsyncId=6755, IntendedVsync=308147172296, Vsync=308147172296, InputEventId=0, HandleInputStart=308148353526, AnimationStart=308148358578, PerformTraversalsStart=308148490088, DrawStart=308170474724, FrameDeadline=308180505628, FrameInterval=308148338213, FrameStartTime=16666666, SyncQueued=308171449880, SyncStart=308171525244, IssueDrawCommandsStart=308172404047, SwapBuffers=308175126807, FrameCompleted=9223372036854775807, DequeueBufferDuration=45000, QueueBufferDuration=1094896, GpuCompleted=9223372036854775807, SwapBuffersCompleted=308176743942, DisplayPresentTime=0,
12-16 04:48:43.091 664 675 I mpu_uart: [MSG-P:R]:recv sync frame timeout
12-16 04:48:43.143 0 0 W swapper/1: type=1400 audit(0.0:744): avc: denied { kill } for capability=5 scontext=u:r:kernel:s0 tcontext=u:r:kernel:s0 tclass=capability permissive=0
01-01 09:01:45.507 0 0 D : mv2112_read_status
01-01 09:01:45.507 0 0 D mv2112_update_link: 3.0x901(1G): 0x80
01-01 09:01:45.507 0 0 D mv2112_update_link: 3.0x8109(100M): 0x8
01-01 09:01:45.507 0 0 D mv2112_update_link: link 0x0
01-01 09:01:45.507 0 0 D mv2112_read_status: autoneg is disabled
12-16 04:48:43.948 664 676 I mpu_uart: [MSG-P:RECV]:No message received in 1000 ms
12-16 04:48:43.968 2550 2713 I OpenGLRenderer: Davey! duration=9223371727705ms; Flags=0, FrameTimelineVsyncId=6764, IntendedVsync=309149626296, Vsync=309149626296, InputEventId=0, HandleInputStart=309150758577, AnimationStart=309150762432, PerformTraversalsStart=309150765088, DrawStart=309173523577, FrameDeadline=309182959628, FrameInterval=309150743473, FrameStartTime=16666666, SyncQueued=309174488005, SyncStart=309174557484, IssueDrawCommandsStart=309175406650, SwapBuffers=309177972275, FrameCompleted=9223372036854775807, DequeueBufferDuration=42500, QueueBufferDuration=888697, GpuCompleted=9223372036854775807, SwapBuffersCompleted=309179370192, DisplayPresentTime=0,
12-16 04:48:44.143 0 0 W swapper/1: type=1400 audit(0.0:745): avc: denied { kill } for capability=5 scontext=u:r:kernel:s0 tcontext=u:r:kernel:s0 tclass=capability permissive=0
01-01 09:01:46.531 0 0 D : mv2112_read_status
01-01 09:01:46.531 0 0 D mv2112_update_link: 3.0x901(1G): 0x80
01-01 09:01:46.531 0 0 D mv2112_update_link: 3.0x8109(100M): 0x8
01-01 09:01:46.531 0 0 D mv2112_update_link: link 0x0
01-01 09:01:46.531 0 0 D mv2112_read_status: autoneg is disabled
12-16 04:48:44.948 664 676 I mpu_uart: [MSG-P:RECV]:No message received in 1000 ms
12-16 04:48:44.951 3006 3006 I hpplay-java: [main]:ServerTaskManager:restart by error
12-16 04:48:44.951 3006 3006 I hpplay-java: [main]:ServerTaskManager:startServer
12-16 04:48:44.951 3006 3006 I hpplay-java: [main]:ServerTaskManager:startServer add, reason: server is starting or running
12-16 04:48:44.951 3006 3006 I hpplay-java: [main]:ServerTaskManager:addStopTask
12-16 04:48:44.951 3006 3006 I hpplay-java: [main]:ServerTaskManager:addStartTask
12-16 04:48:44.951 3006 3006 I hpplay-java: [main]:ServerTaskManager:exeTask stopServer
12-16 04:48:44.952 3006 3006 I hpplay-java: [main]:Bridge:stopServer keepPush: false
12-16 04:48:44.952 3006 3006 D hpplay-base: [jniBridge:909] Bridge__1stopServer status:2
12-16 04:48:44.953 3006 3006 D hpplay-base: [LelinkBase:654] stopAllServer will start thread!
12-16 04:48:44.954 3006 5064 D hpplay-base: [AEventUtils:588] handle AEvent thread end!!,tid is 5064
12-16 04:48:44.954 3006 5073 I hpplay-base: [mDNSEmbeded:65] embedded_mDNSExit call
12-16 04:48:44.954 3006 5066 D hpplay-base: [REventUtils:197] handleREventThread thread end!!,tid is 5066
12-16 04:48:44.967 2550 2713 I OpenGLRenderer: Davey! duration=9223371726702ms; Flags=0, FrameTimelineVsyncId=6770, IntendedVsync=310152053630, Vsync=310152053630, InputEventId=0, HandleInputStart=310152864202, AnimationStart=310152867692, PerformTraversalsStart=310152870660, DrawStart=310178148994, FrameDeadline=310185386962, FrameInterval=310152852379, FrameStartTime=16666666, SyncQueued=310179155556, SyncStart=310179225556, IssueDrawCommandsStart=310179999306, SwapBuffers=310182568421, FrameCompleted=9223372036854775807, DequeueBufferDuration=40833, QueueBufferDuration=941875, GpuCompleted=9223372036854775807, SwapBuffersCompleted=310184215244, DisplayPresentTime=0,
12-16 04:48:44.978 3006 5042 D hpplay-base: [stream_mirror_compat:1284] mirror stream begin to exit,server fd:71,thread_id:3134828992!!
12-16 04:48:44.978 3006 5041 D hpplay-base: [Server:447] startHttpServer will END srv->serverType:0
12-16 04:48:44.978 3006 5042 D hpplay-base: [stream_mirror_compat:1323] ##screen stream exit successfully!!##
12-16 04:48:44.978 3006 5041 D hpplay-base: [Server:646] startHttpServer cond srv_shutdown:1 connectNummber:0
12-16 04:48:44.978 3006 5041 D hpplay-base: [Server:669] startHttpServer wait cond END. srv_shutdown:1 connectNummber:0
12-16 04:48:44.978 3006 5041 D hpplay-base: [Server:457] HttpServer END, tid is 5041
12-16 04:48:45.143 0 0 W swapper/1: type=1400 audit(0.0:746): avc: denied { kill } for capability=5 scontext=u:r:kernel:s0 tcontext=u:r:kernel:s0 tclass=capability permissive=0
12-16 04:48:45.275 3006 5061 I hpplay-base: [mDNSEmbeded:140] embedded_mDNSLoop Exiting end,tid is 5061
12-16 04:48:45.275 3006 5073 D hpplay-base: [mDNSEmbeded:452] stopmDNSServer end stopmDNSNow=2, nRet=0
12-16 04:48:45.434 3006 5062 I hpplay-base: [mDNSEmbeded:376] end lelink publish server, tid is 5062
12-16 04:48:45.434 3006 5073 D hpplay-base: [mDNSEmbeded:420] stopmLelinkServer end nRet=0
12-16 04:48:45.434 3006 5073 D hpplay-base: [LelinkBase:615] lebodlna stopServerThreadFunc dlnaEnable:1
12-16 04:48:45.434 3006 5073 D hpplay-base-dlna: [lebodlna_api:49] stop DMR
12-16 04:48:45.434 3006 5073 D hpplay-base-dlna: [lebodlna_api:344] m_pRender Release
12-16 04:48:45.492 3006 5073 D hpplay-base-dlna: [UpnpDefine:867] DMRender release success
12-16 04:48:45.492 3006 5073 D hpplay-base-dlna: [lebodlna_api:352] m_pAVT Release
12-16 04:48:45.492 3006 5073 D hpplay-base-dlna: [lebodlna_api:360] m_pRCS Release
12-16 04:48:45.493 3006 5073 D hpplay-base-dlna: [lebodlna_api:365] dmrender destroydmr
01-01 09:01:47.555 0 0 D : mv2112_read_status
01-01 09:01:47.555 0 0 D mv2112_update_link: 3.0x901(1G): 0x80
01-01 09:01:47.555 0 0 D mv2112_update_link: 3.0x8109(100M): 0x8
01-01 09:01:47.555 0 0 D mv2112_update_link: link 0x0
01-01 09:01:47.555 0 0 D mv2112_read_status: autoneg is disabled
12-16 04:48:45.793 3006 5073 D hpplay-base-dlna: [lebodlna-dlna_android:186] stopDLNA
12-16 04:48:45.793 3006 5073 D hpplay-base-dlna: [lebodlna-dlna_android:189] dlnaservice destroy
12-16 04:48:45.793 3006 5073 D hpplay-base-dlna: [lebodlna-dlna_android:49] dlnaservice Destroy 49 int CDlnaService::Destroy()
12-16 04:48:45.793 3006 5073 D hpplay-base-dlna: [lebodlna-dlnaframe:245] dlnaservice Destroy 245 static ERROR_TYPE IDlnaFrame::DestroyDlnaFrame(IDlnaFrame *)
12-16 04:48:45.793 3006 5073 D hpplay-base-dlna: [lebodlna-dlnaframe:179] dlnaservice Destroy 179 virtual void CDlnaFrame::Release()
12-16 04:48:45.793 3006 5073 D hpplay-base-dlna: [lebodlna-dlnaframe:190] dlnaservice Destroy 190 virtual void CDlnaFrame::Release()
12-16 04:48:45.793 3006 5073 D hpplay-base-dlna: [lebodlna-dlnaframe:192] dlnaservice Destroy 192 virtual void CDlnaFrame::Release()
12-16 04:48:45.793 3006 5073 D hpplay-base-dlna: [lebodlna-dlnaframe:247] dlnaservice Destroy 247 static ERROR_TYPE IDlnaFrame::DestroyDlnaFrame(IDlnaFrame *)
12-16 04:48:45.793 3006 5073 D hpplay-base-dlna: [lebodlna-dlnaframe:251] dlnaservice Destroy 251 static ERROR_TYPE IDlnaFrame::DestroyDlnaFrame(IDlnaFrame *)
12-16 04:48:45.796 3006 5073 E hpplay-base-dlna: upnpapi.c:655::before gminiserver ThreadPoolShutdown
12-16 04:48:45.797 3006 5073 E hpplay-base-dlna: ThreadPool.c:1047::on ThreadPoolShutdown tp->totalThreads:2
12-16 04:48:45.797 3006 5073 E hpplay-base-dlna: ThreadPool.c:1047::on ThreadPoolShutdown tp->totalThreads:1
12-16 04:48:45.797 3006 5073 E hpplay-base-dlna: ThreadPool.c:1056::after ThreadPoolShutdown
12-16 04:48:45.798 3006 5073 E hpplay-base-dlna: ThreadPool.c:1057::ThreadPoolShutdown tp->totalThreads:0
12-16 04:48:45.798 3006 5073 E hpplay-base-dlna: upnpapi.c:657::after gminiserver ThreadPoolShutdown
12-16 04:48:45.798 3006 5073 E hpplay-base-dlna: upnpapi.c:659::before grecv ThreadPoolShutdown
12-16 04:48:45.798 3006 5073 E hpplay-base-dlna: ThreadPool.c:1047::on ThreadPoolShutdown tp->totalThreads:12
12-16 04:48:45.800 3006 5073 E hpplay-base-dlna: ThreadPool.c:1047::on ThreadPoolShutdown tp->totalThreads:2
12-16 04:48:45.800 3006 5073 E hpplay-base-dlna: ThreadPool.c:1047::on ThreadPoolShutdown tp->totalThreads:1
12-16 04:48:45.800 3006 5073 E hpplay-base-dlna: ThreadPool.c:1056::after ThreadPoolShutdown
12-16 04:48:45.801 3006 5073 E hpplay-base-dlna: ThreadPool.c:1057::ThreadPoolShutdown tp->totalThreads:0
12-16 04:48:45.801 3006 5073 E hpplay-base-dlna: upnpapi.c:661::after grecv ThreadPoolShutdown
12-16 04:48:45.801 3006 5073 E hpplay-base-dlna: upnpapi.c:663::before gsend ThreadPoolShutdown
12-16 04:48:45.801 3006 5073 E hpplay-base-dlna: ThreadPool.c:1047::on ThreadPoolShutdown tp->totalThreads:2
12-16 04:48:45.801 3006 5073 E hpplay-base-dlna: ThreadPool.c:1056::after ThreadPoolShutdown
12-16 04:48:45.801 3006 5073 E hpplay-base-dlna: ThreadPool.c:1057::ThreadPoolShutdown tp->totalThreads:0
12-16 04:48:45.801 3006 5073 E hpplay-base-dlna: upnpapi.c:665::after gsend ThreadPoolShutdown
12-16 04:48:45.801 3006 5073 D hpplay-base-dlna: [lebodlna-dlnaframe:253] dlnaservice Destroy 253 static ERROR_TYPE IDlnaFrame::DestroyDlnaFrame(IDlnaFrame *)
12-16 04:48:45.801 3006 5073 D hpplay-base-dlna: [lebodlna-dlna_android:51] dlnaservice Destroy 51 int CDlnaService::Destroy()
12-16 04:48:45.801 3006 5073 D hpplay-base-dlna: [lebodlna-dlna_android:194] stopDLNA end
12-16 04:48:45.948 664 676 I mpu_uart: [MSG-P:RECV]:No message received in 1000 ms
12-16 04:48:45.971 2550 2713 I OpenGLRenderer: Davey! duration=9223371725700ms; Flags=0, FrameTimelineVsyncId=6776, IntendedVsync=311154447630, Vsync=311154447630, InputEventId=0, HandleInputStart=311155315087, AnimationStart=311155319775, PerformTraversalsStart=311155322483, DrawStart=311177406285, FrameDeadline=311187780962, FrameInterval=311155301233, FrameStartTime=16666666, SyncQueued=311178326493, SyncStart=311178397535, IssueDrawCommandsStart=311179245556, SwapBuffers=311181777275, FrameCompleted=9223372036854775807, DequeueBufferDuration=45625, QueueBufferDuration=822031, GpuCompleted=9223372036854775807, SwapBuffersCompleted=311183115139, DisplayPresentTime=0,
12-16 04:48:46.095 664 675 I mpu_uart: [MSG-P:R]:recv sync frame timeout
12-16 04:48:46.102 3006 5073 D hpplay-base: [stream_mirror_compat:1489] request to stop screen stream session!!
12-16 04:48:46.102 3006 5073 D hpplay-base: [AEventUtils:625] begin to stop event handle service!!
12-16 04:48:46.102 3006 5073 D hpplay-base: [AEventUtils:628] stop event handle service ok!!
12-16 04:48:46.102 3006 5073 D hpplay-base: [REventUtils:231] begin to stop report handle service!!
12-16 04:48:46.102 3006 5073 D hpplay-base: [REventUtils:234] stop report handle service ok!!
12-16 04:48:46.102 3006 5073 D hpplay-base: [lelinkSinkServer:711] HTTP Server stopSinkServer End .
12-16 04:48:46.102 3006 5073 D hpplay-base: [jniBridge:1135] notifyJavaServerStoped
12-16 04:48:46.102 3006 5073 D hpplay-base: [jniBridge:1726] notifyJava, what:202, castType:0, mimeType:0 baseStatus:4
12-16 04:48:46.102 3006 5073 D hpplay-base: [jniBridge:1727] notifyJava sessionID:(null)
12-16 04:48:46.104 3006 5073 I hpplay-java: [Thread-61]:Bridge:notify: what: 202
12-16 04:48:46.106 3006 5073 I hpplay-java: [Thread-61]:Bridge:notify: out: OutParameters:{audioSessionId=-1, audiotrackIndex=0, castHandleType=-1, castType=0, deviceName='', dlnaName='', dramaID='', extra=0, frameHandleType=-1, handleInside=true, headduration=0, header='', headers=null, isAD=false, isMultiMirror=false, lelinkVer='', limitTime=0, , mediaAlbum='null', mediaAlbumArtURI='', mediaArtist='null', mediaAssets='', mediaTitle='null', mimeType=0, multiSession=null, period=0, pinCode='', playSpeed=0.0, playerChoice=0, plugin=0, port=0, position=0.0, positionUnit=2, protocol=0, realSessionID='', regType='', , sinkIp='', sourceAPPVersion='', sourceChannel='', sourceClientInfo='', sourceDeviceInfo='', sourceDeviceModel='', sourceDeviceName='', sourceDeviceType=0, sourceHID='', , sourceInfo='', , , sourceOSVersion='', sourceSDKVersion='', sourceUid='', stopDetail=0, stopReason=0, tailduration=0, url='', urlID='', urls=null, userAgent='', videoDecoder=0, volume=0, what=202}com.hpplay.sdk.sink.protocol.OutParameters@d032943
12-16 04:48:46.106 3006 5073 I hpplay-java: [Thread-61]:Bridge:notify: address:230501312
12-16 04:48:46.106 3006 5073 D hpplay-base: [LelinkBase:645] stopServerThreadFunc notifyJavaServerStoped!
12-16 04:48:46.107 3006 3006 I hpplay-java: [main]:ServerTaskManager:startTimeOutCheck
12-16 04:48:46.107 3006 3006 I hpplay-java: [main]:ServerBusiness:stopDaemonBusiness
12-16 04:48:46.107 3006 3006 I hpplay-java: [main]:SinkDataReport:logout
12-16 04:48:46.108 3006 3006 I hpplay-java: [main]:EPControl:release
12-16 04:48:46.111 3006 5075 I hpplay-java: [AsyncTask #101]:GlideCreator:clearCache clearDiskCache
12-16 04:48:46.112 3006 3006 I hpplay-java: [main]:Dispatcher:notifyAllReverseControlsStop
12-16 04:48:46.112 3006 3006 I hpplay-java: [main]:Preference:checkFeature none
12-16 04:48:46.112 3006 3006 I hpplay-java: [main]:Dispatcher:notifyAllUIControlsStop set: []
12-16 04:48:46.112 3006 3006 I hpplay-java: [main]:Bridge:findServiceID start out: 230501312
12-16 04:48:46.112 3006 3006 I hpplay-java: [main]:Bridge:findServiceID end
12-16 04:48:46.113 3006 3006 I hpplay-java: [main]:ServerTaskManager:onStop retry:true
12-16 04:48:46.113 3006 3006 I hpplay-java: [main]:ServerTaskManager:cancelTimeOutCheck
12-16 04:48:46.113 3006 5034 W hpplay-java: NanoHTTPDServerRunnable:Communication with the client broken
12-16 04:48:46.113 3006 5034 W hpplay-java: java.net.SocketException: Socket closed
12-16 04:48:46.113 3006 5034 W hpplay-java: at java.net.PlainSocketImpl.socketAccept(PlainSocketImpl.java:213)
12-16 04:48:46.113 3006 5034 W hpplay-java: at java.net.AbstractPlainSocketImpl.accept(AbstractPlainSocketImpl.java:451)
12-16 04:48:46.113 3006 5034 W hpplay-java: at java.net.ServerSocket.implAccept(ServerSocket.java:547)
12-16 04:48:46.113 3006 5034 W hpplay-java: at java.net.ServerSocket.accept(ServerSocket.java:515)
12-16 04:48:46.113 3006 5034 W hpplay-java: at com.hpplay.nanohttpd.protocols.http.ServerRunnable.run(SourceFile:118)
12-16 04:48:46.113 3006 5034 W hpplay-java: at java.lang.Thread.run(Thread.java:920)
12-16 04:48:46.113 3006 5034 I hpplay-java: NanoHTTPDNanoHTTPD:server is stoped
12-16 04:48:46.113 3006 5034 I hpplay-java: NanoHTTPDNanoHTTPD:clear obj
12-16 04:48:46.114 3006 3006 I hpplay-java: [main]:IPManager:getActiveNets type: WIFI
12-16 04:48:46.115 3006 3006 I hpplay-java: [main]:IPManager:getActiveNets eth0:false wifi:true mobile:false ap:false
12-16 04:48:46.115 3006 3006 I hpplay-java: [main]:IPManager:getIPAddress IP_WLAN0
12-16 04:48:46.118 3006 3006 I hpplay-java: [main]:IPManager:updateIPAddress getIPAddress: 192.168.4.16 name:vlan4
12-16 04:48:46.119 3006 3006 I hpplay-java: [main]:IPManager:updateIPAddress getIPAddress: 192.168.0.18 name:wlan0
12-16 04:48:46.119 3006 3006 I hpplay-java: [main]:IPManager:updateIPAddress getIPAddress: 192.168.8.16 name:vlan8
12-16 04:48:46.119 3006 3006 I hpplay-java: [main]:IPManager:updateIPAddress getIPAddress: 192.168.11.16 name:vlan11
12-16 04:48:46.119 3006 3006 I hpplay-java: [main]:IPManager:updateIPAddress getIPAddress: 192.168.0.16 name:vlan0
12-16 04:48:46.119 3006 3006 I hpplay-java: [main]:IPManager:updateIPAddress getIPAddress: 192.168.2.16 name:vlan2
12-16 04:48:46.119 3006 3006 I hpplay-java: [main]:IPManager:updateIPAddress getIPAddress: 192.168.1.16 name:vlan1
12-16 04:48:46.120 3006 3006 I hpplay-java: [main]:ServerTaskManager:exeTask startServer
12-16 04:48:46.120 3006 5079 I hpplay-java: [AsyncTask #103]:ServerBusiness:startDaemonBusiness
12-16 04:48:46.121 3006 3006 I hpplay-java: [main]:ServerTaskManager:startTimeOutCheck
12-16 04:48:46.121 3006 5079 I hpplay-java: [AsyncTask #103]:TimeOutCheckUtil:addTask id:upgrade
12-16 04:48:46.121 3006 5080 I hpplay-java: [AsyncTask #104]:Bridge:assembleInParameters
12-16 04:48:46.121 3006 5079 I hpplay-java: [AsyncTask #103]:TimeOutCheckUtil:addTask id:ijkupgrade
12-16 04:48:46.122 3006 5080 I hpplay-java: [AsyncTask #104]:Bridge:createDeviceId deviceId:OTQ6NWE6MmE6NjI6YWU6ZTI=
12-16 04:48:46.123 3006 5081 I hpplay-java: NanoHTTPDNanoHTTPD:server is started
12-16 04:48:46.123 3006 5080 I hpplay-java: [AsyncTask #104]:IPManager:getActiveNets type: WIFI
12-16 04:48:46.123 3006 5080 I hpplay-java: [AsyncTask #104]:IPManager:getActiveNets eth0:false wifi:true mobile:false ap:false
12-16 04:48:46.123 3006 5080 I hpplay-java: [AsyncTask #104]:IPManager:getIPAddress IP_WLAN0
12-16 04:48:46.124 3006 5080 I hpplay-java: [AsyncTask #104]:Preference:checkFeature none
12-16 04:48:46.124 3006 5080 I hpplay-java: [AsyncTask #104]:SWI:dlna tip
12-16 04:48:46.124 3006 5080 I hpplay-java: [AsyncTask #104]:SWI:lefp tip
12-16 04:48:46.124 3006 5080 I hpplay-java: [AsyncTask #104]:Bridge:assembleInParameters none alias name use device name: 高合娱乐副屏
12-16 04:48:46.124 3006 5080 I hpplay-java: [AsyncTask #104]:Feature:isSendAdvertisement
12-16 04:48:46.124 3006 5080 I hpplay-java: [AsyncTask #104]:Preference:checkFeature none
12-16 04:48:46.125 3006 5080 I hpplay-java: [AsyncTask #104]:Preference:checkFeature none
12-16 04:48:46.125 3006 5080 I hpplay-java: [AsyncTask #104]:Bridge:backupHpplayDat bakPath:
12-16 04:48:46.125 3006 5080 I hpplay-java: [AsyncTask #104]:Bridge:path:/data/user/0/com.hht.lebocast/files/hpplay/file/happyplay.dat
12-16 04:48:46.125 3006 5080 I hpplay-java: [AsyncTask #104]:Bridge:mAppId:21409
12-16 04:48:46.125 3006 5080 I hpplay-java: [AsyncTask #104]:Bridge:mode:3
12-16 04:48:46.125 3006 5080 I hpplay-java: [AsyncTask #104]:Bridge:type:1
12-16 04:48:46.125 3006 5080 I hpplay-java: [AsyncTask #104]:Bridge:SN:
12-16 04:48:46.126 3006 5080 I hpplay-java: [AsyncTask #104]:Preference:checkFeature none
12-16 04:48:46.126 3006 5080 I hpplay-java: [AsyncTask #104]:Bridge:backPath:
12-16 04:48:46.126 3006 5080 I hpplay-java: [AsyncTask #104]:DeviceUtil:getPermissionDid: 1
12-16 04:48:46.126 3006 5080 I hpplay-java: [AsyncTask #104]:DeviceUtil:getPermissionDid: 1
12-16 04:48:46.126 3006 5080 I hpplay-java: [AsyncTask #104]:Preference:checkFeature none
12-16 04:48:46.126 3006 5080 I hpplay-java: [AsyncTask #104]:Preference:checkFeature none
12-16 04:48:46.126 3006 5080 I hpplay-java: [AsyncTask #104]:Preference:checkFeature none
12-16 04:48:46.126 3006 5080 I hpplay-java: [AsyncTask #104]:Preference:checkFeature none
12-16 04:48:46.126 3006 5080 I hpplay-java: [AsyncTask #104]:Preference:checkFeature none
12-16 04:48:46.126 3006 5080 I hpplay-java: [AsyncTask #104]:Preference:checkFeature none
12-16 04:48:46.132 3006 5079 W hpplay-java: [AsyncTask #103]:ServerBusiness:startDaemonBusiness start LelinkHTTPD sucess 52288
12-16 04:48:46.143 0 0 W swapper/2: type=1400 audit(0.0:747): avc: denied { kill } for capability=5 scontext=u:r:kernel:s0 tcontext=u:r:kernel:s0 tclass=capability permissive=0
12-16 04:48:46.146 3006 5080 W hpplay-java: [AsyncTask #104]:DeviceUtils:getDomain create lb domain
12-16 04:48:46.147 3006 5080 I hpplay-java: [AsyncTask #104]:Feature:getMirrorAudioVideoSync DISABLE
12-16 04:48:46.147 3006 5080 I hpplay-java: [AsyncTask #104]:Feature:checkSupportRedirectOtherApp,no set redirect api
12-16 04:48:46.147 3006 5080 I hpplay-java: [AsyncTask #104]:Feature:getRedirectSearchFlag,value: 0
12-16 04:48:46.148 3006 5080 I hpplay-java: [AsyncTask #104]:Bridge:mIn: InParameters{appInfo='0', appKey='21409', authMode=0, authPwd='null', broadcastDirection=0, broadcastState=1, broadcastTimeout=3, buildType='release', cacheAVPath='/data/user/0/com.hht.lebocast/cache/hpplay/av', cachePhotoPath='/data/user/0/com.hht.lebocast/cache/hpplay/image', channel='LEBO-APK--60146-25915', desPath='', , deviceName='高合娱乐副屏', dlna=1, dlnaCompany='null', dlnaCompanyURL='null', dlnaDeviceDescribe='null', dlnaDeviceName='null', dlnaDeviceURL='null', dlnaLelinkSwitch=1, dlnaManufacturer=0, dlnaName='高合娱乐副屏', dlnaUPC='', dlnaUUID='dd2df002-11d4-f267-238c-a56d5449307e', domain='Lebo-figure-c2e24fe8c7bb', drainage=0, feature='6655', fps=60, height=1080, host='null', , keyPath='/data/user/0/com.hht.lebocast/files/hpplay/file', lelinkfp=1, lelinkfp2=0, logBaseState=1, logPath='/storage/emulated/0/com.hht.lebocast/sink/sdk/common', , mdnsEnable=1, mirrorSyncType=0, netCastVer='2.0', packageName='com.hht.lebocast', packagePath='/data/user/0/com.hht.lebocast', permissionDid='c2:e2:4f:e8:c7:bb', permissionMode=3, permissionPreSN='', port=0, preemptMode=0, regType='_leboremote._tcp.', serverPorts=null, sockWaitTimeOut=45, teleControlPort=53388, tunnels=3, txtKeys=null, txtValues=null, uid='-2753298538233435100', videoFrameType=1001, width=1920}com.hpplay.sdk.sink.protocol.InParameters@3664365
12-16 04:48:46.148 3006 3006 I hpplay-java: [main]:Bridge:startServer state: 0
12-16 04:48:46.148 3006 3006 D hpplay-base: [jniBridge:185] not conference version
12-16 04:48:46.148 3006 3006 I hpplay-base: [jniBridge:241] 1initServer nSettingWidth=1920 nSettingHeight=1080 nSettingMaxFPS=60 dlnaEnable=1 lelinkFpEnable=1
12-16 04:48:46.148 3006 3006 D hpplay-base: [jniBridge:283] 1initServer cfg.leLinkIp=192.168.0.18
12-16 04:48:46.148 3006 3006 D hpplay-base: [jniBridge:286] 1initServer cfg.mPermissionMode=3
12-16 04:48:46.148 3006 3006 D hpplay-base: [jniBridge:304] 1initServer cfg.permissionDid=c2:e2:4f:e8:c7:bb000000000000000
12-16 04:48:46.148 3006 3006 D hpplay-base: [jniBridge:313] 1initServer cfg.mPermissionPreSN=00000000000000000000000000000000
12-16 04:48:46.148 3006 3006 D hpplay-base: [jniBridge:317] Bridge___1initServer status:0
12-16 04:48:46.148 3006 3006 I hpplay-base: [jniBridge:325] 1initServer cfg.feature=6655
12-16 04:48:46.148 3006 3006 D hpplay-base: [jniBridge:377] 1initServer isSendBroadCast=3
12-16 04:48:46.148 3006 3006 D hpplay-base: [jniBridge:380] 1initServer broadcastDirection=0
12-16 04:48:46.148 3006 3006 D hpplay-base: [jniBridge:382] 1initServer ipBroadcast direction=0
12-16 04:48:46.148 3006 3006 D hpplay-base: [jniBridge:387] 1initServer tunnel=3
12-16 04:48:46.148 3006 3006 D hpplay-base: [jniBridge:390] 1initServer drainage=0
12-16 04:48:46.148 3006 3006 D hpplay-base: [jniBridge:401] 1initServer mDNSEnable=1
12-16 04:48:46.148 3006 3006 D hpplay-base: [jniBridge:406] 1initServer nSockWaitTimeOut=45
12-16 04:48:46.148 3006 3006 D hpplay-base: [jniBridge:410] 1initServer nMirrorAudioVideoSync=0
12-16 04:48:46.148 3006 3006 I hpplay-base: [sign_check:168] checkSign strPackageName:com.hht.lebocast
12-16 04:48:46.148 3006 3006 I hpplay-base: [sign_check:169] checkSign buildType:release
12-16 04:48:46.148 3006 3006 I hpplay-base: [sign_check:170] checkSign appKey:21409
12-16 04:48:46.148 3006 3006 D hpplay-base: [LelinkBase:405] bridgeInit port: 0, lelinkfp: 0
12-16 04:48:46.148 3006 3006 D hpplay-base: [LelinkBase:462] bridgeInit mPackagePath =/data/user/0/com.hht.lebocast
12-16 04:48:46.148 3006 3006 D hpplay-base: [LelinkBase:463] bridgeInit mKeyPath =/data/user/0/com.hht.lebocast/files/hpplay/file
12-16 04:48:46.148 3006 3006 D hpplay-base: [SinkContext:97] initSinkContext mPackagePath =/data/user/0/com.hht.lebocast
12-16 04:48:46.148 3006 3006 D hpplay-base: [SinkContext:98] initSinkContext mKeyPath =/data/user/0/com.hht.lebocast/files/hpplay/file
12-16 04:48:46.148 3006 3006 D hpplay-base: [jniBridge:478] Java_com_hpplay_sdk_sink_protocol_Bridge__1initServer end
12-16 04:48:46.148 3006 3006 D hpplay-base: [jniBridge:869] Bridge__1startServer status:1
12-16 04:48:46.149 3006 3006 D hpplay-base: [LelinkBase:492] startAllServer at base
12-16 04:48:46.149 3006 3006 D hpplay-base: [lelinkSinkServer:152] httpPlugins_SetServerPort TYPE_SERVER_LELINK:52266
12-16 04:48:46.149 3006 3006 D hpplay-base: [network.c:362] protocol bind host :192.168.0.18 port:52266 curent bind port:52266
12-16 04:48:46.149 3006 3006 D hpplay-base: [lelinkSinkServer:681] HTTP Server real at:52266
12-16 04:48:46.149 3006 5086 D hpplay-base: [lelinkSinkServer:644] Connected Service Type:0
12-16 04:48:46.149 3006 3006 D hpplay-base: [ScreenStream:1285] current bind port:7100
12-16 04:48:46.149 3006 5086 I hpplay-base: : (server.c.315) startServer listen_ing....:
12-16 04:48:46.149 3006 5086 D hpplay-base: [Server:371] startHttpServer srv_sockets.used:1 nCurrentFd:70, tid is 5086
12-16 04:48:46.150 3006 3006 D hpplay-base: [LelinkBase:515] startAllServer pBaseContext->config.dlnaEnable:1
12-16 04:48:46.150 3006 3006 D hpplay-base: [lelinkDlna:324] addDMRCallback end
12-16 04:48:46.150 3006 5087 D hpplay-base: [stream_mirror_compat:759] compat mirror stream begin to run,server fd:71,thread_id:3133776320!!
12-16 04:48:46.151 3006 3006 E hpplay-base-dlna: miniserver.c:788::dlna_port(ipv4: 49152 ipv6:0)
12-16 04:48:46.152 3006 3006 D hpplay-base-dlna: [lebodlna-dlnaframe:166] succeed to load lebodlnaplugin
12-16 04:48:46.152 3006 3006 D hpplay-base-dlna: [lebodlna-dlnaframe:232] Succeed to load specified plugin:lebodlna_plugin
12-16 04:48:46.152 3006 3006 D hpplay-base: [lelinkDlna:328] startDLNAServer ret=0
12-16 04:48:46.152 3006 3006 D hpplay-base: [LelinkBase:531] startDLNAServer ret= 0
12-16 04:48:46.152 3006 3006 D hpplay-base: [lelinkDlna:342] setDMRFriendlyName 高合娱乐副屏
12-16 04:48:46.152 3006 3006 D hpplay-base-dlna: [lebodlna-dlna_android:136] setBroadcastTimeout mBroadcastTimeOut=66 status=3!
12-16 04:48:46.152 3006 3006 D hpplay-base-dlna: [lebodlna_api:32] start DMR
12-16 04:48:46.152 3006 3006 D hpplay-base-dlna: [UpnpDefine:434] RegisterDMRender invalid lelink info
12-16 04:48:46.152 3006 3006 D hpplay-base-dlna: [UpnpDefine:467] DLNA DEFAULT_DESCRIPTION
12-16 04:48:46.153 3006 3006 E hpplay-base-dlna: upnpapi.c:1078::Exiting RegisterRootDevice2 *Hnd =1, return value == 0
12-16 04:48:46.153 3006 3006 D hpplay-base-dlna: [CUpnpDevice:41] Register Root Device 2:0
12-16 04:48:46.153 3006 3006 D hpplay-base-dlna: [UpnpDefine:794] ESDMRender:Register success
12-16 04:48:46.153 3006 3006 D hpplay-base-dlna: [lebodlna_api:41] sendBroadcast mBroadcastTimeOut=3
12-16 04:48:46.153 3006 3006 D hpplay-base-dlna: [lebodlna_api:44] sendBroadcast timeout=66
12-16 04:48:46.209 3006 3006 D hpplay-base: [lelinkDlna:361] startDLNADevice dlnaManufacturer:0 ret=0
12-16 04:48:46.210 3006 3006 D hpplay-base: [LelinkBase:535] lelinkSetDlnaInfo ret= 0
12-16 04:48:46.210 3006 3006 D hpplay-base: [LelinkBase:547] startAllServer pBaseContext->config.mDNSEnable:1
12-16 04:48:46.210 3006 3006 D hpplay-base: [base_mdns:509] mdns net.hostname:
12-16 04:48:46.210 3006 3006 D hpplay-base: [base_mdns:529] mdns namelabel:-00-80-0F-74-31-00
12-16 04:48:46.210 3006 3006 D hpplay-base: [base_mdns:509] mdns net.hostname:
12-16 04:48:46.210 3006 3006 D hpplay-base: [base_mdns:529] mdns namelabel:-00-80-0F-74-31-00
12-16 04:48:46.211 3006 3006 D hpplay-base: [mdns:813] mdns start bind port:0
12-16 04:48:46.213 3006 3006 D hpplay-base: [mdns:813] mdns start bind port:5353
12-16 04:48:46.213 3006 3006 D hpplay-base: [mdns:813] mdns start bind port:5353
12-16 04:48:46.214 3006 3006 D hpplay-base: [mdns:813] mdns start bind port:5353
12-16 04:48:46.214 3006 3006 D hpplay-base: [mdns:813] mdns start bind port:5353
12-16 04:48:46.214 3006 3006 D hpplay-base: [mdns:813] mdns start bind port:5353
12-16 04:48:46.214 3006 3006 D hpplay-base: [mdns:813] mdns start bind port:5353
12-16 04:48:46.214 3006 3006 D hpplay-base: [mdns:813] mdns start bind port:5353
12-16 04:48:46.214 3006 3006 I hpplay-base: [mDNSEmbeded:57] embedded_mDNSInit stopmDNSNow:0 status:0
12-16 04:48:46.215 3006 3006 D hpplay-base: [mDNSEmbeded:436] startmDNSServer end nRet=0
12-16 04:48:46.215 3006 3006 D hpplay-base: [LelinkBase:555] lelink broadcast_on_off:1 log2java_on_off:1
12-16 04:48:46.215 3006 5104 D hpplay-base: [LelinkMDNS:729] leboAuthorizationCheck strUuid=c2:e2:4f:e8:c7:bb000000000000000
12-16 04:48:46.215 3006 5104 D hpplay-base: [LelinkMDNS:730] leboAuthorizationCheck mPermissionDid=c2:e2:4f:e8:c7:bb000000000000000
12-16 04:48:46.215 3006 5104 D hpplay-base: [LelinkMDNS:755] leboAuthorizationCheck mPermissionMac=c2:e2:4f:e8:c7:bb000000000000000
12-16 04:48:46.215 3006 3006 D hpplay-base: [AEventUtils:595] request to start event handle service!!
12-16 04:48:46.215 3006 3006 D hpplay-base: [AEventUtils:603] start_event_handle_service,begin to run!!
12-16 04:48:46.215 3006 5105 I hpplay-base: [mDNSEmbeded:268] start lelink publish server, tid is 5105
12-16 04:48:46.215 3006 3006 D hpplay-base: [REventUtils:210] start_event_handle_service,begin to run!!
12-16 04:48:46.216 3006 3006 D hpplay-base: [LelinkBase:576] startAllServer success .
12-16 04:48:46.216 3006 3006 D hpplay-base: [jniBridge:894] startDlna_link:http://192.168.0.18:49152/description.xml
12-16 04:48:46.216 3006 5109 D hpplay-base: [jniBridge:1081] notifyJavaDlnalink:http://192.168.0.18:49152/description.xml
12-16 04:48:46.216 3006 5108 D hpplay-base: [REventUtils:59] create handleREventThread thread ok!!,tid is 5108
12-16 04:48:46.217 3006 5107 D hpplay-base: [AEventUtils:171] create handle AEvent thread ok!!,tid is 5107
12-16 04:48:46.217 3006 5109 D hpplay-base: [jniBridge:1726] notifyJava, what:207, castType:0, mimeType:0 baseStatus:2
12-16 04:48:46.217 3006 5109 D hpplay-base: [jniBridge:1727] notifyJava sessionID:(null)
12-16 04:48:46.218 3006 5109 I hpplay-java: [Thread-63]:Bridge:notify: what: 207
12-16 04:48:46.219 3006 5109 I hpplay-java: [Thread-63]:Bridge:notify: out: OutParameters:{audioSessionId=-1, audiotrackIndex=0, castHandleType=-1, castType=0, deviceName='http://192.168.0.18:49152/description.xml', dlnaName='', dramaID='', extra=0, frameHandleType=-1, handleInside=true, headduration=0, header='', headers=null, isAD=false, isMultiMirror=false, lelinkVer='', limitTime=0, , mediaAlbum='null', mediaAlbumArtURI='', mediaArtist='null', mediaAssets='', mediaTitle='null', mimeType=0, multiSession=null, period=0, pinCode='', playSpeed=0.0, playerChoice=0, plugin=0, port=0, position=0.0, positionUnit=2, protocol=0, realSessionID='', regType='', , sinkIp='', sourceAPPVersion='', sourceChannel='', sourceClientInfo='', sourceDeviceInfo='', sourceDeviceModel='', sourceDeviceName='', sourceDeviceType=0, sourceHID='', , sourceInfo='', , , sourceOSVersion='', sourceSDKVersion='', sourceUid='', stopDetail=0, stopReason=0, tailduration=0, url='', urlID='', urls=null, userAgent='', videoDecoder=0, volume=0, what=207}com.hpplay.sdk.sink.protocol.OutParameters@7e5f46d
12-16 04:48:46.219 3006 5109 I hpplay-java: [Thread-63]:Bridge:notify: address:112228514
12-16 04:48:46.221 3006 5106 D hpplay-base: [mDNSEmbeded:197] http_port bind check 197 http_port_check
12-16 04:48:46.222 3006 5106 D hpplay-base: [mDNSEmbeded:217] http_port bind check 217 http_port_check
12-16 04:48:46.222 3006 5106 D hpplay-base: [mDNSEmbeded:222] http_port bind check 222 http_port_check
12-16 04:48:46.224 3006 5106 D hpplay-base: [mDNSEmbeded:234] http_port bind check 234 http_port_check port:52266
12-16 04:48:46.224 3006 5106 D hpplay-base: [mDNSEmbeded:237] http_port bind check 237 http_port_check
12-16 04:48:46.224 3006 5111 D hpplay-base: [lelinkSinkServer:93] new client connection from 127.0.0.1 39582, fd=125
12-16 04:48:46.224 3006 5111 D hpplay-base: [SinkContext:137] addSinkContextSession,begin to run!!
12-16 04:48:46.224 3006 5111 D hpplay-base: [SinkContext:142] addSinkContextSession,begin to get lock!!
12-16 04:48:46.224 3006 5111 D hpplay-base: [SinkContext:144] addSinkContextSession,get lock ok!!
12-16 04:48:46.224 3006 5111 D hpplay-base: [SinkContext:149] addSinkContextSession,session list is null,begin to malloc!!
12-16 04:48:46.224 3006 5111 D hpplay-base: [SinkContext:156] addSinkContextSession,begin to update!!
12-16 04:48:46.224 3006 5111 D hpplay-base: [SinkContext:160] addSinkContextSession,begin to update header!!
12-16 04:48:46.224 3006 5111 D hpplay-base: [SinkContext:172] addSinkContextSession,begin to unlock!!
12-16 04:48:46.224 3006 5111 D hpplay-base: [SinkContext:174] addSinkContextSession,unlock ok!!
12-16 04:48:46.224 3006 5111 D hpplay-base: [LelinkReceiver:4908] get ping !!!
12-16 04:48:46.225 3006 5106 D hpplay-base: [mDNSEmbeded:240] http_port bind check 240 http_port_check recieved:64
12-16 04:48:46.225 3006 5106 D hpplay-base: [mDNSEmbeded:243] http_port bind check 243 http_port_check
12-16 04:48:46.225 3006 5106 D hpplay-base: [mDNSEmbeded:244] http_port bind check ok!
12-16 04:48:46.425 3006 5111 I hpplay-base: [LelinkReceiver:14605] _connectionFinalize (125)
12-16 04:48:46.425 3006 5111 D hpplay-base: [LelinkReceiver:14752] ###connectionFinalize,release ok!!###
01-01 09:01:48.579 0 0 D : mv2112_read_status
01-01 09:01:48.579 0 0 D mv2112_update_link: 3.0x901(1G): 0x80
01-01 09:01:48.579 0 0 D mv2112_update_link: 3.0x8109(100M): 0x8
01-01 09:01:48.579 0 0 D mv2112_update_link: link 0x0
01-01 09:01:48.579 0 0 D mv2112_read_status: autoneg is disabled
12-16 04:48:46.814 3006 5030 W hpplay-java: [AsyncTask #94]:HttpRequest:
12-16 04:48:46.816 3006 5030 W hpplay-java: [AsyncTask #94]:HttpRequest:
12-16 04:48:46.818 3006 5030 W hpplay-java: [AsyncTask #94]:HttpRequest:
12-16 04:48:46.948 664 676 I mpu_uart: [MSG-P:RECV]:No message received in 1000 ms
12-16 04:48:46.973 2550 2713 I OpenGLRenderer: Davey! duration=9223371724697ms; Flags=0, FrameTimelineVsyncId=6782, IntendedVsync=312156858630, Vsync=312156858630, InputEventId=0, HandleInputStart=312157938264, AnimationStart=312157943055, PerformTraversalsStart=312157945816, DrawStart=312181120087, FrameDeadline=312190191962, FrameInterval=312157922118, FrameStartTime=16666666, SyncQueued=312182146441, SyncStart=312182224826, IssueDrawCommandsStart=312183099045, SwapBuffers=312185871493, FrameCompleted=9223372036854775807, DequeueBufferDuration=47240, QueueBufferDuration=966407, GpuCompleted=9223372036854775807, SwapBuffersCompleted=312187408003, DisplayPresentTime=0,
12-16 04:48:47.143 0 0 W swapper/2: type=1400 audit(0.0:748): avc: denied { kill } for capability=5 scontext=u:r:kernel:s0 tcontext=u:r:kernel:s0 tclass=capability permissive=0
01-01 09:01:49.603 0 0 D : mv2112_read_status
01-01 09:01:49.603 0 0 D mv2112_update_link: 3.0x901(1G): 0x80
01-01 09:01:49.603 0 0 D mv2112_update_link: 3.0x8109(100M): 0x8
01-01 09:01:49.603 0 0 D mv2112_update_link: link 0x0
01-01 09:01:49.603 0 0 D mv2112_read_status: autoneg is disabled
12-16 04:48:47.949 664 676 I mpu_uart: [MSG-P:RECV]:No message received in 1000 ms
12-16 04:48:47.977 2550 2713 I OpenGLRenderer: Davey! duration=9223371723695ms; Flags=0, FrameTimelineVsyncId=6788, IntendedVsync=313159271630, Vsync=313159271630, InputEventId=0, HandleInputStart=313160352065, AnimationStart=313160356232, PerformTraversalsStart=313160359149, DrawStart=313182290243, FrameDeadline=313192604962, FrameInterval=313160340763, FrameStartTime=16666666, SyncQueued=313183298888, SyncStart=313183395711, IssueDrawCommandsStart=313184334461, SwapBuffers=313186766336, FrameCompleted=9223372036854775807, DequeueBufferDuration=40729, QueueBufferDuration=917344, GpuCompleted=9223372036854775807, SwapBuffersCompleted=313188206753, DisplayPresentTime=0,
12-16 04:48:48.143 0 0 W swapper/2: type=1400 audit(0.0:749): avc: denied { kill } for capability=5 scontext=u:r:kernel:s0 tcontext=u:r:kernel:s0 tclass=capability permissive=0
01-01 09:01:50.627 0 0 D : mv2112_read_status
01-01 09:01:50.627 0 0 D mv2112_update_link: 3.0x901(1G): 0x80
01-01 09:01:50.627 0 0 D mv2112_update_link: 3.0x8109(100M): 0x8
01-01 09:01:50.627 0 0 D mv2112_update_link: link 0x0
01-01 09:01:50.627 0 0 D mv2112_read_status: autoneg is disabled
12-16 04:48:48.949 664 676 I mpu_uart: [MSG-P:RECV]:No message received in 1000 ms
12-16 04:48:48.976 2550 2707 I OpenGLRenderer: Davey! duration=9223371722693ms; Flags=0, FrameTimelineVsyncId=6794, IntendedVsync=314161670630, Vsync=314161670630, InputEventId=0, HandleInputStart=314162542586, AnimationStart=314162545555, PerformTraversalsStart=314162549044, DrawStart=314187180555, FrameDeadline=314195003962, FrameInterval=314162532586, FrameStartTime=16666666, SyncQueued=314188460711, SyncStart=314188542690, IssueDrawCommandsStart=314189329982, SwapBuffers=314192330763, FrameCompleted=9223372036854775807, DequeueBufferDuration=42240, QueueBufferDuration=829375, GpuCompleted=9223372036854775807, SwapBuffersCompleted=314193614044, DisplayPresentTime=0,
12-16 04:48:49.098 664 675 I mpu_uart: [MSG-P:R]:recv sync frame timeout
12-16 04:48:49.143 0 0 W swapper/2: type=1400 audit(0.0:750): avc: denied { kill } for capability=5 scontext=u:r:kernel:s0 tcontext=u:r:kernel:s0 tclass=capability permissive=0
01-01 09:01:51.651 0 0 D : mv2112_read_status
01-01 09:01:51.651 0 0 D mv2112_update_link: 3.0x901(1G): 0x80
01-01 09:01:51.651 0 0 D mv2112_update_link: 3.0x8109(100M): 0x8
01-01 09:01:51.651 0 0 D mv2112_update_link: link 0x0
01-01 09:01:51.651 0 0 D mv2112_read_status: autoneg is disabled
12-16 04:48:49.935 1519 1551 W System : A resource failed to call release.
12-16 04:48:49.949 664 676 I mpu_uart: [MSG-P:RECV]:No message received in 1000 ms
