12-16 04:50:22.511 3006 5381 D hpplay-base: [SinkContext:174] addSinkContextSession,unlock ok!!
12-16 04:50:22.511 3006 5381 D hpplay-base: [LelinkReceiver:4908] get ping !!!
12-16 04:50:22.511 3006 5376 D hpplay-base: [mDNSEmbeded:240] http_port bind check 240 http_port_check recieved:64
12-16 04:50:22.512 3006 5376 D hpplay-base: [mDNSEmbeded:243] http_port bind check 243 http_port_check
12-16 04:50:22.512 3006 5376 D hpplay-base: [mDNSEmbeded:244] http_port bind check ok!
12-16 04:50:22.713 3006 5381 I hpplay-base: [LelinkReceiver:14605] _connectionFinalize (135)
12-16 04:50:22.713 3006 5381 D hpplay-base: [LelinkReceiver:14752] ###connectionFinalize,release ok!!###
01-01 09:03:24.835 0 0 D : mv2112_read_status
01-01 09:03:24.835 0 0 D mv2112_update_link: 3.0x901(1G): 0x80
01-01 09:03:24.835 0 0 D mv2112_update_link: 3.0x8109(100M): 0x8
01-01 09:03:24.835 0 0 D mv2112_update_link: link 0x0
01-01 09:03:24.835 0 0 D mv2112_read_status: autoneg is disabled
12-16 04:50:22.987 2550 2713 I OpenGLRenderer: Davey! duration=9223371628683ms; Flags=0, FrameTimelineVsyncId=8516, IntendedVsync=408170989630, Vsync=408170989630, InputEventId=0, HandleInputStart=408171631508, AnimationStart=408171635675, PerformTraversalsStart=408171638435, DrawStart=408195463175, FrameDeadline=408204322962, FrameInterval=408171618227, FrameStartTime=16666666, SyncQueued=408196594113, SyncStart=408196792915, IssueDrawCommandsStart=408197653435, SwapBuffers=408200387550, FrameCompleted=9223372036854775807, DequeueBufferDuration=53750, QueueBufferDuration=993854, GpuCompleted=9223372036854775807, SwapBuffersCompleted=408202031769, DisplayPresentTime=0,
12-16 04:50:22.988 664 676 I mpu_uart: [MSG-P:RECV]:No message received in 1000 ms
12-16 04:50:23.143 0 0 W swapper/3: type=1400 audit(0.0:937): avc: denied { kill } for capability=5 scontext=u:r:kernel:s0 tcontext=u:r:kernel:s0 tclass=capability permissive=0
12-16 04:50:23.166 3006 5289 W hpplay-java: [AsyncTask #133]:HttpRequest:
12-16 04:50:23.168 3006 5289 W hpplay-java: [AsyncTask #133]:HttpRequest:
12-16 04:50:23.170 3006 5289 W hpplay-java: [AsyncTask #133]:HttpRequest:
01-01 09:03:25.859 0 0 D : mv2112_read_status
01-01 09:03:25.859 0 0 D mv2112_update_link: 3.0x901(1G): 0x80
01-01 09:03:25.859 0 0 D mv2112_update_link: 3.0x8109(100M): 0x8
01-01 09:03:25.859 0 0 D mv2112_update_link: link 0x0
01-01 09:03:25.859 0 0 D mv2112_read_status: autoneg is disabled
12-16 04:50:23.989 664 676 I mpu_uart: [MSG-P:RECV]:No message received in 1000 ms
12-16 04:50:23.989 2550 2713 I OpenGLRenderer: Davey! duration=9223371627681ms; Flags=0, FrameTimelineVsyncId=8522, IntendedVsync=409173403630, Vsync=409173403630, InputEventId=0, HandleInputStart=409174042185, AnimationStart=409174046716, PerformTraversalsStart=409174049373, DrawStart=409198689008, FrameDeadline=409206736962, FrameInterval=409174026196, FrameStartTime=16666666, SyncQueued=409200158175, SyncStart=409200252758, IssueDrawCommandsStart=409201151091, SwapBuffers=409203874841, FrameCompleted=9223372036854775807, DequeueBufferDuration=49219, QueueBufferDuration=935989, GpuCompleted=9223372036854775807, SwapBuffersCompleted=409205505883, DisplayPresentTime=0,
12-16 04:50:24.143 0 0 W swapper/3: type=1400 audit(0.0:938): avc: denied { kill } for capability=5 scontext=u:r:kernel:s0 tcontext=u:r:kernel:s0 tclass=capability permissive=0
01-01 09:03:26.883 0 0 D : mv2112_read_status
01-01 09:03:26.883 0 0 D mv2112_update_link: 3.0x901(1G): 0x80
01-01 09:03:26.883 0 0 D mv2112_update_link: 3.0x8109(100M): 0x8
01-01 09:03:26.883 0 0 D mv2112_update_link: link 0x0
01-01 09:03:26.883 0 0 D mv2112_read_status: autoneg is disabled
12-16 04:50:24.991 664 676 I mpu_uart: [MSG-P:RECV]:No message received in 1000 ms
12-16 04:50:25.143 0 0 W swapper/3: type=1400 audit(0.0:939): avc: denied { kill } for capability=5 scontext=u:r:kernel:s0 tcontext=u:r:kernel:s0 tclass=capability permissive=0
12-16 04:50:25.193 664 675 I mpu_uart: [MSG-P:R]:recv sync frame timeout
12-16 04:50:25.994 664 676 I mpu_uart: [MSG-P:RECV]:No message received in 1000 ms
12-16 04:50:25.996 2550 2713 I OpenGLRenderer: Davey! duration=9223371625676ms; Flags=0, FrameTimelineVsyncId=8534, IntendedVsync=411178212630, Vsync=411178212630, InputEventId=0, HandleInputStart=411179004997, AnimationStart=411179009424, PerformTraversalsStart=411179012080, DrawStart=411202292757, FrameDeadline=411194879296, FrameInterval=411178991559, FrameStartTime=16666666, SyncQueued=411203263539, SyncStart=411203342914, IssueDrawCommandsStart=411204256664, SwapBuffers=411207096976, FrameCompleted=9223372036854775807, DequeueBufferDuration=47812, QueueBufferDuration=1026823, GpuCompleted=9223372036854775807, SwapBuffersCompleted=411208697080, DisplayPresentTime=0,
01-01 09:03:27.907 0 0 D : mv2112_read_status
01-01 09:03:27.907 0 0 D mv2112_update_link: 3.0x901(1G): 0x80
01-01 09:03:27.907 0 0 D mv2112_update_link: 3.0x8109(100M): 0x8
01-01 09:03:27.907 0 0 D mv2112_update_link: link 0x0
01-01 09:03:27.907 0 0 D mv2112_read_status: autoneg is disabled
12-16 04:50:26.143 0 0 W swapper/3: type=1400 audit(0.0:940): avc: denied { kill } for capability=5 scontext=u:r:kernel:s0 tcontext=u:r:kernel:s0 tclass=capability permissive=0
12-16 04:50:26.994 664 676 I mpu_uart: [MSG-P:RECV]:No message received in 1000 ms
12-16 04:50:26.999 2550 2713 I OpenGLRenderer: Davey! duration=9223371624673ms; Flags=0, FrameTimelineVsyncId=8540, IntendedVsync=412180622630, Vsync=412180622630, InputEventId=0, HandleInputStart=412181168746, AnimationStart=412181171559, PerformTraversalsStart=412181174840, DrawStart=412203979996, FrameDeadline=412213955962, FrameInterval=412181155830, FrameStartTime=16666666, SyncQueued=412205099580, SyncStart=412205326976, IssueDrawCommandsStart=412206184424, SwapBuffers=412208921507, FrameCompleted=9223372036854775807, DequeueBufferDuration=47188, QueueBufferDuration=790886, GpuCompleted=9223372036854775807, SwapBuffersCompleted=412210187861, DisplayPresentTime=0,
01-01 09:03:28.931 0 0 D : mv2112_read_status
01-01 09:03:28.931 0 0 D mv2112_update_link: 3.0x901(1G): 0x80
01-01 09:03:28.931 0 0 D mv2112_update_link: 3.0x8109(100M): 0x8
01-01 09:03:28.931 0 0 D mv2112_update_link: link 0x0
01-01 09:03:28.931 0 0 D mv2112_read_status: autoneg is disabled
12-16 04:50:27.143 0 0 W swapper/3: type=1400 audit(0.0:941): avc: denied { kill } for capability=5 scontext=u:r:kernel:s0 tcontext=u:r:kernel:s0 tclass=capability permissive=0
12-16 04:50:27.431 3006 3006 I hpplay-java: [main]:ServiceUpdater:upLoadServiceInfo invalid deviceCode:, port:53388
12-16 04:50:27.994 664 676 I mpu_uart: [MSG-P:RECV]:No message received in 1000 ms
01-01 09:03:29.955 0 0 D : mv2112_read_status
01-01 09:03:29.955 0 0 D mv2112_update_link: 3.0x901(1G): 0x80
01-01 09:03:29.955 0 0 D mv2112_update_link: 3.0x8109(100M): 0x8
01-01 09:03:29.955 0 0 D mv2112_update_link: link 0x0
01-01 09:03:29.955 0 0 D mv2112_read_status: autoneg is disabled
12-16 04:50:28.143 0 0 W swapper/1: type=1400 audit(0.0:942): avc: denied { kill } for capability=5 scontext=u:r:kernel:s0 tcontext=u:r:kernel:s0 tclass=capability permissive=0
12-16 04:50:28.195 664 675 I mpu_uart: [MSG-P:R]:recv sync frame timeout
12-16 04:50:29.001 664 676 I mpu_uart: [MSG-P:RECV]:No message received in 1000 ms
12-16 04:50:29.002 2550 2713 I OpenGLRenderer: Davey! duration=9223371622669ms; Flags=0, FrameTimelineVsyncId=8552, IntendedVsync=414185444630, Vsync=414185444630, InputEventId=0, HandleInputStart=414185987600, AnimationStart=414185991767, PerformTraversalsStart=414185994527, DrawStart=414209961037, FrameDeadline=414202111296, FrameInterval=414185976350, FrameStartTime=16666666, SyncQueued=414210990985, SyncStart=414211075673, IssueDrawCommandsStart=414211957027, SwapBuffers=414214674579, FrameCompleted=9223372036854775807, DequeueBufferDuration=44480, QueueBufferDuration=1010261, GpuCompleted=9223372036854775807, SwapBuffersCompleted=414216243329, DisplayPresentTime=0,
01-01 09:03:30.979 0 0 D : mv2112_read_status
01-01 09:03:30.979 0 0 D mv2112_update_link: 3.0x901(1G): 0x80
01-01 09:03:30.979 0 0 D mv2112_update_link: 3.0x8109(100M): 0x8
01-01 09:03:30.979 0 0 D mv2112_update_link: link 0x0
01-01 09:03:30.979 0 0 D mv2112_read_status: autoneg is disabled
12-16 04:50:29.143 0 0 W swapper/1: type=1400 audit(0.0:943): avc: denied { kill } for capability=5 scontext=u:r:kernel:s0 tcontext=u:r:kernel:s0 tclass=capability permissive=0
12-16 04:50:30.002 664 676 I mpu_uart: [MSG-P:RECV]:No message received in 1000 ms
12-16 04:50:30.004 2550 2713 I OpenGLRenderer: Davey! duration=9223371621666ms; Flags=0, FrameTimelineVsyncId=8561, IntendedVsync=415187861630, Vsync=415187861630, InputEventId=0, HandleInputStart=415188613641, AnimationStart=415188617235, PerformTraversalsStart=415188619839, DrawStart=415209624110, FrameDeadline=415221194962, FrameInterval=415188598797, FrameStartTime=16666666, SyncQueued=415210552599, SyncStart=415210622131, IssueDrawCommandsStart=415211474527, SwapBuffers=415213864058, FrameCompleted=9223372036854775807, DequeueBufferDuration=43281, QueueBufferDuration=858959, GpuCompleted=9223372036854775807, SwapBuffersCompleted=415215176506, DisplayPresentTime=0,
01-01 09:03:32.003 0 0 D : mv2112_read_status
01-01 09:03:32.003 0 0 D mv2112_update_link: 3.0x901(1G): 0x80
01-01 09:03:32.003 0 0 D mv2112_update_link: 3.0x8109(100M): 0x8
01-01 09:03:32.003 0 0 D mv2112_update_link: link 0x0
01-01 09:03:32.003 0 0 D mv2112_read_status: autoneg is disabled
12-16 04:50:30.143 0 0 W swapper/1: type=1400 audit(0.0:944): avc: denied { kill } for capability=5 scontext=u:r:kernel:s0 tcontext=u:r:kernel:s0 tclass=capability permissive=0
12-16 04:50:31.006 664 676 I mpu_uart: [MSG-P:RECV]:No message received in 1000 ms
12-16 04:50:31.007 2550 2713 I OpenGLRenderer: Davey! duration=9223371620664ms; Flags=0, FrameTimelineVsyncId=8567, IntendedVsync=416190264630, Vsync=416190264630, InputEventId=0, HandleInputStart=416190819630, AnimationStart=416190822547, PerformTraversalsStart=416190824995, DrawStart=416212685151, FrameDeadline=416223597962, FrameInterval=416190806818, FrameStartTime=16666666, SyncQueued=416213553172, SyncStart=416213625672, IssueDrawCommandsStart=416214264057, SwapBuffers=416216421141, FrameCompleted=9223372036854775807, DequeueBufferDuration=31875, QueueBufferDuration=919584, GpuCompleted=9223372036854775807, SwapBuffersCompleted=416217754943, DisplayPresentTime=0,
01-01 09:03:33.027 0 0 D : mv2112_read_status
01-01 09:03:33.028 0 0 D mv2112_update_link: 3.0x901(1G): 0x80
01-01 09:03:33.028 0 0 D mv2112_update_link: 3.0x8109(100M): 0x8
01-01 09:03:33.028 0 0 D mv2112_update_link: link 0x0
01-01 09:03:33.028 0 0 D mv2112_read_status: autoneg is disabled
12-16 04:50:31.143 0 0 W swapper/1: type=1400 audit(0.0:945): avc: denied { kill } for capability=5 scontext=u:r:kernel:s0 tcontext=u:r:kernel:s0 tclass=capability permissive=0
12-16 04:50:31.198 664 675 I mpu_uart: [MSG-P:R]:recv sync frame timeout
12-16 04:50:32.008 664 676 I mpu_uart: [MSG-P:RECV]:No message received in 1000 ms
12-16 04:50:32.009 2550 2713 I OpenGLRenderer: Davey! duration=9223371619662ms; Flags=0, FrameTimelineVsyncId=8573, IntendedVsync=417192674630, Vsync=417192674630, InputEventId=0, HandleInputStart=417193475620, AnimationStart=417193479995, PerformTraversalsStart=417193482495, DrawStart=417217447495, FrameDeadline=417226007962, FrameInterval=417193463328, FrameStartTime=16666666, SyncQueued=417218434213, SyncStart=417218512495, IssueDrawCommandsStart=417219370880, SwapBuffers=417222014265, FrameCompleted=9223372036854775807, DequeueBufferDuration=44428, QueueBufferDuration=909531, GpuCompleted=9223372036854775807, SwapBuffersCompleted=417223447078, DisplayPresentTime=0,
01-01 09:03:34.051 0 0 D : mv2112_read_status
01-01 09:03:34.051 0 0 D mv2112_update_link: 3.0x901(1G): 0x80
01-01 09:03:34.051 0 0 D mv2112_update_link: 3.0x8109(100M): 0x8
01-01 09:03:34.051 0 0 D mv2112_update_link: link 0x0
01-01 09:03:34.051 0 0 D mv2112_read_status: autoneg is disabled
12-16 04:50:32.143 0 0 W swapper/1: type=1400 audit(0.0:946): avc: denied { kill } for capability=5 scontext=u:r:kernel:s0 tcontext=u:r:kernel:s0 tclass=capability permissive=0
12-16 04:50:32.420 3006 3006 I hpplay-java: [main]:Upgrade:upgrade not be allowed
12-16 04:50:32.434 3006 3006 I hpplay-java: [main]:ServerBusiness:get deviceCode:
12-16 04:50:32.434 3006 3006 W hpplay-java: [main]:ServerBusiness:startDeviceService ignore,invalid deviceCode
12-16 04:50:33.010 664 676 I mpu_uart: [MSG-P:RECV]:No message received in 1000 ms
12-16 04:50:33.013 2550 2713 I OpenGLRenderer: Davey! duration=9223371618659ms; Flags=0, FrameTimelineVsyncId=8582, IntendedVsync=418195081630, Vsync=418195081630, InputEventId=0, HandleInputStart=418195664942, AnimationStart=418195669265, PerformTraversalsStart=418195671921, DrawStart=418218812546, FrameDeadline=418228414962, FrameInterval=418195651140, FrameStartTime=16666666, SyncQueued=418219996192, SyncStart=418220134005, IssueDrawCommandsStart=418221126661, SwapBuffers=418224390515, FrameCompleted=9223372036854775807, DequeueBufferDuration=51614, QueueBufferDuration=1101406, GpuCompleted=9223372036854775807, SwapBuffersCompleted=418226127494, DisplayPresentTime=0,
12-16 04:50:33.143 0 0 W swapper/1: type=1400 audit(0.0:947): avc: denied { kill } for capability=5 scontext=u:r:kernel:s0 tcontext=u:r:kernel:s0 tclass=capability permissive=0
01-01 09:03:35.075 0 0 D : mv2112_read_status
01-01 09:03:35.075 0 0 D mv2112_update_link: 3.0x901(1G): 0x80
01-01 09:03:35.075 0 0 D mv2112_update_link: 3.0x8109(100M): 0x8
01-01 09:03:35.075 0 0 D mv2112_update_link: link 0x0
01-01 09:03:35.075 0 0 D mv2112_read_status: autoneg is disabled
12-16 04:50:34.010 664 676 I mpu_uart: [MSG-P:RECV]:No message received in 1000 ms
12-16 04:50:34.014 2550 2713 I OpenGLRenderer: Davey! duration=9223371617657ms; Flags=0, FrameTimelineVsyncId=8588, IntendedVsync=419197490630, Vsync=419197490630, InputEventId=0, HandleInputStart=419198021504, AnimationStart=419198025046, PerformTraversalsStart=419198028067, DrawStart=419220057442, FrameDeadline=419230823962, FrameInterval=419198010046, FrameStartTime=16666666, SyncQueued=419221000046, SyncStart=419221067858, IssueDrawCommandsStart=419221822077, SwapBuffers=419224164369, FrameCompleted=9223372036854775807, DequeueBufferDuration=36927, QueueBufferDuration=846458, GpuCompleted=9223372036854775807, SwapBuffersCompleted=419225532390, DisplayPresentTime=0,
12-16 04:50:34.143 0 0 W swapper/1: type=1400 audit(0.0:948): avc: denied { kill } for capability=5 scontext=u:r:kernel:s0 tcontext=u:r:kernel:s0 tclass=capability permissive=0
01-01 09:03:36.099 0 0 D : mv2112_read_status
01-01 09:03:36.099 0 0 D mv2112_update_link: 3.0x901(1G): 0x80
01-01 09:03:36.100 0 0 D mv2112_update_link: 3.0x8109(100M): 0x8
01-01 09:03:36.100 0 0 D mv2112_update_link: link 0x0
01-01 09:03:36.100 0 0 D mv2112_read_status: autoneg is disabled
12-16 04:50:34.201 664 675 I mpu_uart: [MSG-P:R]:recv sync frame timeout
12-16 04:50:35.010 664 676 I mpu_uart: [MSG-P:RECV]:No message received in 1000 ms
12-16 04:50:35.016 2550 2713 I OpenGLRenderer: Davey! duration=9223371616654ms; Flags=0, FrameTimelineVsyncId=8594, IntendedVsync=420199901630, Vsync=420199901630, InputEventId=0, HandleInputStart=420200662754, AnimationStart=420200667545, PerformTraversalsStart=420200669993, DrawStart=420224645983, FrameDeadline=420233234962, FrameInterval=420200652077, FrameStartTime=16666666, SyncQueued=420225628327, SyncStart=420225708066, IssueDrawCommandsStart=420226545202, SwapBuffers=420229395410, FrameCompleted=9223372036854775807, DequeueBufferDuration=47292, QueueBufferDuration=1007656, GpuCompleted=9223372036854775807, SwapBuffersCompleted=420230988691, DisplayPresentTime=0,
12-16 04:50:35.143 0 0 W swapper/1: type=1400 audit(0.0:949): avc: denied { kill } for capability=5 scontext=u:r:kernel:s0 tcontext=u:r:kernel:s0 tclass=capability permissive=0
01-01 09:03:37.123 0 0 D : mv2112_read_status
01-01 09:03:37.123 0 0 D mv2112_update_link: 3.0x901(1G): 0x80
01-01 09:03:37.123 0 0 D mv2112_update_link: 3.0x8109(100M): 0x8
01-01 09:03:37.123 0 0 D mv2112_update_link: link 0x0
01-01 09:03:37.123 0 0 D mv2112_read_status: autoneg is disabled
12-16 04:50:36.010 664 676 I mpu_uart: [MSG-P:RECV]:No message received in 1000 ms
12-16 04:50:36.019 2550 2713 I OpenGLRenderer: Davey! duration=9223371615652ms; Flags=0, FrameTimelineVsyncId=8603, IntendedVsync=421202312630, Vsync=421202312630, InputEventId=0, HandleInputStart=421203107597, AnimationStart=421203111295, PerformTraversalsStart=421203114264, DrawStart=421226189472, FrameDeadline=421235645962, FrameInterval=421203092024, FrameStartTime=16666666, SyncQueued=421227395149, SyncStart=421227493951, IssueDrawCommandsStart=421228548431, SwapBuffers=421231787701, FrameCompleted=9223372036854775807, DequeueBufferDuration=54166, QueueBufferDuration=1231511, GpuCompleted=9223372036854775807, SwapBuffersCompleted=421233973222, DisplayPresentTime=0,
12-16 04:50:36.143 0 0 W swapper/1: type=1400 audit(0.0:950): avc: denied { kill } for capability=5 scontext=u:r:kernel:s0 tcontext=u:r:kernel:s0 tclass=capability permissive=0
01-01 09:03:38.147 0 0 D : mv2112_read_status
01-01 09:03:38.147 0 0 D mv2112_update_link: 3.0x901(1G): 0x80
01-01 09:03:38.148 0 0 D mv2112_update_link: 3.0x8109(100M): 0x8
01-01 09:03:38.148 0 0 D mv2112_update_link: link 0x0
01-01 09:03:38.148 0 0 D mv2112_read_status: autoneg is disabled
12-16 04:50:37.012 664 676 I mpu_uart: [MSG-P:RECV]:No message received in 1000 ms
12-16 04:50:37.023 2550 5112 I OpenGLRenderer: Davey! duration=9223371614649ms; Flags=0, FrameTimelineVsyncId=8609, IntendedVsync=422204719630, Vsync=422204719630, InputEventId=0, HandleInputStart=422205228274, AnimationStart=422205231868, PerformTraversalsStart=422205234472, DrawStart=422227370045, FrameDeadline=422238052962, FrameInterval=422205220305, FrameStartTime=16666666, SyncQueued=422228282024, SyncStart=422228358795, IssueDrawCommandsStart=422228892232, SwapBuffers=422230723482, FrameCompleted=9223372036854775807, DequeueBufferDuration=28229, QueueBufferDuration=633385, GpuCompleted=9223372036854775807, SwapBuffersCompleted=422231724888, DisplayPresentTime=0,
12-16 04:50:37.205 664 675 I mpu_uart: [MSG-P:R]:recv sync frame timeout
01-01 09:03:39.171 0 0 D : mv2112_read_status
01-01 09:03:39.171 0 0 D mv2112_update_link: 3.0x901(1G): 0x80
01-01 09:03:39.171 0 0 D mv2112_update_link: 3.0x8109(100M): 0x8
01-01 09:03:39.171 0 0 D mv2112_update_link: link 0x0
01-01 09:03:39.171 0 0 D mv2112_read_status: autoneg is disabled
12-16 04:50:37.420 3006 3006 I hpplay-java: [main]:ServerTaskManager:task run out of time
12-16 04:50:37.420 3006 3006 I hpplay-java: [main]:ServerTaskManager:cancelTimeOutCheck
12-16 04:50:37.420 3006 3006 I hpplay-java: [main]:ServerTaskManager:exeTask ignore, reason: TaskList is clear
12-16 04:50:37.651 3006 5374 D hpplay-base: [LelinkMDNS:766] devicePermissionPublic leboPermissionCheck:-2
12-16 04:50:37.651 3006 5374 D hpplay-base: [jniBridge:1125] com_hpplay_sdk_sink_protocol_Bridge_WHAT_SERVER_ERROR
12-16 04:50:37.651 3006 5374 D hpplay-base: [jniBridge:1726] notifyJava, what:204, castType:0, mimeType:0 baseStatus:2
12-16 04:50:37.651 3006 5374 D hpplay-base: [jniBridge:1727] notifyJava sessionID:(null)
12-16 04:50:37.652 3006 5374 I hpplay-java: [Thread-84]:Bridge:notify: what: 204
12-16 04:50:37.653 3006 5374 I hpplay-java: [Thread-84]:Bridge:notify: out: OutParameters:{audioSessionId=-1, audiotrackIndex=0, castHandleType=-1, castType=0, deviceName='', dlnaName='', dramaID='', extra=-2002, frameHandleType=-1, handleInside=true, headduration=0, header='', headers=null, isAD=false, isMultiMirror=false, lelinkVer='', limitTime=0, , mediaAlbum='null', mediaAlbumArtURI='', mediaArtist='null', mediaAssets='', mediaTitle='null', mimeType=0, multiSession=null, period=0, pinCode='', playSpeed=0.0, playerChoice=0, plugin=0, port=0, position=0.0, positionUnit=2, protocol=0, realSessionID='', regType='', , sinkIp='', sourceAPPVersion='', sourceChannel='', sourceClientInfo='', sourceDeviceInfo='', sourceDeviceModel='', sourceDeviceName='', sourceDeviceType=0, sourceHID='', , sourceInfo='', , , sourceOSVersion='', sourceSDKVersion='', sourceUid='', stopDetail=0, stopReason=0, tailduration=0, url='', urlID='', urls=null, userAgent='', videoDecoder=0, volume=0, what=204}com.hpplay.sdk.sink.protocol.OutParameters@bf7f928
12-16 04:50:37.654 3006 5374 I hpplay-java: [Thread-84]:Bridge:notify: address:57636417
12-16 04:50:37.654 3006 5374 I hpplay-base: [mDNSEmbeded:79] embedded_mDNSLoop stopmDNSNow:0 nPublish:-2 nExitFlag:6 tid is 5374
12-16 04:50:37.654 3006 3006 I hpplay-java: [main]:Bridge:findServiceID start out: 57636417
12-16 04:50:37.654 3006 3006 I hpplay-java: [main]:Bridge:findServiceID end
12-16 04:50:37.654 3006 3006 E hpplay-java: [main]:ServerTaskManager:onError 204/-2002 com.hht.lebocast.LelinkHelper$e@e24427e
12-16 04:50:37.654 3006 3006 I hpplay-java: [main]:ServerTaskManager:cancelTimeOutCheck
12-16 04:50:37.656 3006 3006 W hpplay-java: [main]:ServerTaskManager:onErrorDispatcher errorCode:-2002
12-16 04:50:37.656 3006 3006 I hpplay-java: [main]:ServerTaskManager:onError retry later
12-16 04:50:38.013 664 676 I mpu_uart: [MSG-P:RECV]:No message received in 1000 ms
12-16 04:50:38.024 2550 5112 I OpenGLRenderer: Davey! duration=9223371613647ms; Flags=0, FrameTimelineVsyncId=8615, IntendedVsync=423207126630, Vsync=423207126630, InputEventId=0, HandleInputStart=423207734107, AnimationStart=423207737753, PerformTraversalsStart=423207740565, DrawStart=423232674419, FrameDeadline=423240459962, FrameInterval=423207721815, FrameStartTime=16666666, SyncQueued=423233636034, SyncStart=423233717388, IssueDrawCommandsStart=423234590148, SwapBuffers=423237397388, FrameCompleted=9223372036854775807, DequeueBufferDuration=46615, QueueBufferDuration=869948, GpuCompleted=9223372036854775807, SwapBuffersCompleted=423238835461, DisplayPresentTime=0,
12-16 04:50:38.143 0 0 W swapper/1: type=1400 audit(0.0:951): avc: denied { kill } for capability=5 scontext=u:r:kernel:s0 tcontext=u:r:kernel:s0 tclass=capability permissive=0
01-01 09:03:40.195 0 0 D : mv2112_read_status
01-01 09:03:40.195 0 0 D mv2112_update_link: 3.0x901(1G): 0x80
01-01 09:03:40.195 0 0 D mv2112_update_link: 3.0x8109(100M): 0x8
01-01 09:03:40.195 0 0 D mv2112_update_link: link 0x0
01-01 09:03:40.195 0 0 D mv2112_read_status: autoneg is disabled
12-16 04:50:38.486 3006 5343 W hpplay-java: [AsyncTask #137]:HttpRequest:
12-16 04:50:38.488 3006 5343 W hpplay-java: [AsyncTask #137]:HttpRequest:
12-16 04:50:38.490 3006 5343 W hpplay-java: [AsyncTask #137]:HttpRequest:
12-16 04:50:39.013 664 676 I mpu_uart: [MSG-P:RECV]:No message received in 1000 ms
12-16 04:50:39.026 2550 5112 I OpenGLRenderer: Davey! duration=9223371612642ms; Flags=0, FrameTimelineVsyncId=8624, IntendedVsync=424211748909, Vsync=424211748909, InputEventId=0, HandleInputStart=424212261763, AnimationStart=424212266242, PerformTraversalsStart=424212269471, DrawStart=424236445773, FrameDeadline=424245082241, FrameInterval=424212249784, FrameStartTime=16666666, SyncQueued=424237765200, SyncStart=424237880356, IssueDrawCommandsStart=424238952075, SwapBuffers=424242124888, FrameCompleted=9223372036854775807, DequeueBufferDuration=58541, QueueBufferDuration=989323, GpuCompleted=9223372036854775807, SwapBuffersCompleted=424243710825, DisplayPresentTime=0,
12-16 04:50:39.143 0 0 W swapper/1: type=1400 audit(0.0:952): avc: denied { kill } for capability=5 scontext=u:r:kernel:s0 tcontext=u:r:kernel:s0 tclass=capability permissive=0
01-01 09:03:41.219 0 0 D : mv2112_read_status
01-01 09:03:41.219 0 0 D mv2112_update_link: 3.0x901(1G): 0x80
01-01 09:03:41.219 0 0 D mv2112_update_link: 3.0x8109(100M): 0x8
01-01 09:03:41.219 0 0 D mv2112_update_link: link 0x0
01-01 09:03:41.219 0 0 D mv2112_read_status: autoneg is disabled
12-16 04:50:40.013 664 676 I mpu_uart: [MSG-P:RECV]:No message received in 1000 ms
12-16 04:50:40.028 2550 5112 I OpenGLRenderer: Davey! duration=9223371611642ms; Flags=0, FrameTimelineVsyncId=8630, IntendedVsync=425211917089, Vsync=425211917089, InputEventId=0, HandleInputStart=425212783794, AnimationStart=425212787283, PerformTraversalsStart=425212789783, DrawStart=425234801710, FrameDeadline=425245250421, FrameInterval=425212771606, FrameStartTime=16666666, SyncQueued=425235662439, SyncStart=425235731606, IssueDrawCommandsStart=425236475564, SwapBuffers=425239112908, FrameCompleted=9223372036854775807, DequeueBufferDuration=35104, QueueBufferDuration=832084, GpuCompleted=9223372036854775807, SwapBuffersCompleted=425240455669, DisplayPresentTime=0,
12-16 04:50:40.143 0 0 W swapper/1: type=1400 audit(0.0:953): avc: denied { kill } for capability=5 scontext=u:r:kernel:s0 tcontext=u:r:kernel:s0 tclass=capability permissive=0
12-16 04:50:40.208 664 675 I mpu_uart: [MSG-P:R]:recv sync frame timeout
01-01 09:03:42.243 0 0 D : mv2112_read_status
01-01 09:03:42.243 0 0 D mv2112_update_link: 3.0x901(1G): 0x80
01-01 09:03:42.243 0 0 D mv2112_update_link: 3.0x8109(100M): 0x8
01-01 09:03:42.243 0 0 D mv2112_update_link: link 0x0
01-01 09:03:42.243 0 0 D mv2112_read_status: autoneg is disabled
12-16 04:50:40.656 3006 3006 I hpplay-java: [main]:ServerTaskManager:restart by error
12-16 04:50:40.656 3006 3006 I hpplay-java: [main]:ServerTaskManager:startServer
12-16 04:50:40.657 3006 3006 I hpplay-java: [main]:ServerTaskManager:startServer add, reason: server is starting or running
12-16 04:50:40.657 3006 3006 I hpplay-java: [main]:ServerTaskManager:addStopTask
12-16 04:50:40.657 3006 3006 I hpplay-java: [main]:ServerTaskManager:addStartTask
12-16 04:50:40.657 3006 3006 I hpplay-java: [main]:ServerTaskManager:exeTask stopServer
12-16 04:50:40.657 3006 3006 I hpplay-java: [main]:Bridge:stopServer keepPush: false
12-16 04:50:40.657 3006 3006 D hpplay-base: [jniBridge:909] Bridge__1stopServer status:2
12-16 04:50:40.658 3006 3006 D hpplay-base: [LelinkBase:654] stopAllServer will start thread!
12-16 04:50:40.659 3006 5391 I hpplay-base: [mDNSEmbeded:65] embedded_mDNSExit call
12-16 04:50:40.659 3006 5378 D hpplay-base: [REventUtils:197] handleREventThread thread end!!,tid is 5378
12-16 04:50:40.659 3006 5377 D hpplay-base: [AEventUtils:588] handle AEvent thread end!!,tid is 5377
12-16 04:50:40.664 3006 5374 I hpplay-base: [mDNSEmbeded:140] embedded_mDNSLoop Exiting end,tid is 5374
12-16 04:50:40.664 3006 5391 D hpplay-base: [mDNSEmbeded:452] stopmDNSServer end stopmDNSNow=2, nRet=0
12-16 04:50:40.694 3006 5360 D hpplay-base: [stream_mirror_compat:1284] mirror stream begin to exit,server fd:71,thread_id:3121111488!!
12-16 04:50:40.695 3006 5360 D hpplay-base: [stream_mirror_compat:1323] ##screen stream exit successfully!!##
12-16 04:50:40.718 3006 5375 I hpplay-base: [mDNSEmbeded:376] end lelink publish server, tid is 5375
12-16 04:50:40.718 3006 5391 D hpplay-base: [mDNSEmbeded:420] stopmLelinkServer end nRet=0
12-16 04:50:40.718 3006 5391 D hpplay-base: [LelinkBase:615] lebodlna stopServerThreadFunc dlnaEnable:1
12-16 04:50:40.718 3006 5391 D hpplay-base-dlna: [lebodlna_api:49] stop DMR
12-16 04:50:40.718 3006 5391 D hpplay-base-dlna: [lebodlna_api:344] m_pRender Release
12-16 04:50:40.744 3006 5359 D hpplay-base: [Server:447] startHttpServer will END srv->serverType:0
12-16 04:50:40.745 3006 5359 D hpplay-base: [Server:646] startHttpServer cond srv_shutdown:1 connectNummber:0
12-16 04:50:40.745 3006 5359 D hpplay-base: [Server:669] startHttpServer wait cond END. srv_shutdown:1 connectNummber:0
12-16 04:50:40.745 3006 5359 D hpplay-base: [Server:457] HttpServer END, tid is 5359
12-16 04:50:40.780 3006 5391 D hpplay-base-dlna: [UpnpDefine:867] DMRender release success
12-16 04:50:40.782 3006 5391 D hpplay-base-dlna: [lebodlna_api:352] m_pAVT Release
12-16 04:50:40.782 3006 5391 D hpplay-base-dlna: [lebodlna_api:360] m_pRCS Release
12-16 04:50:40.782 3006 5391 D hpplay-base-dlna: [lebodlna_api:365] dmrender destroydmr
12-16 04:50:41.013 664 676 I mpu_uart: [MSG-P:RECV]:No message received in 1000 ms
12-16 04:50:41.032 2550 5112 I OpenGLRenderer: Davey! duration=9223371610640ms; Flags=0, FrameTimelineVsyncId=8636, IntendedVsync=426214396630, Vsync=426214396630, InputEventId=0, HandleInputStart=426215007908, AnimationStart=426215012439, PerformTraversalsStart=426215015408, DrawStart=426239471397, FrameDeadline=426247729962, FrameInterval=426214994262, FrameStartTime=16666666, SyncQueued=426240729262, SyncStart=426240811293, IssueDrawCommandsStart=426241681189, SwapBuffers=426244434887, FrameCompleted=9223372036854775807, DequeueBufferDuration=46823, QueueBufferDuration=976511, GpuCompleted=9223372036854775807, SwapBuffersCompleted=426245953324, DisplayPresentTime=0,
12-16 04:50:41.082 3006 5391 D hpplay-base-dlna: [lebodlna-dlna_android:186] stopDLNA
12-16 04:50:41.082 3006 5391 D hpplay-base-dlna: [lebodlna-dlna_android:189] dlnaservice destroy
12-16 04:50:41.082 3006 5391 D hpplay-base-dlna: [lebodlna-dlna_android:49] dlnaservice Destroy 49 int CDlnaService::Destroy()
12-16 04:50:41.082 3006 5391 D hpplay-base-dlna: [lebodlna-dlnaframe:245] dlnaservice Destroy 245 static ERROR_TYPE IDlnaFrame::DestroyDlnaFrame(IDlnaFrame *)
12-16 04:50:41.082 3006 5391 D hpplay-base-dlna: [lebodlna-dlnaframe:179] dlnaservice Destroy 179 virtual void CDlnaFrame::Release()
12-16 04:50:41.082 3006 5391 D hpplay-base-dlna: [lebodlna-dlnaframe:190] dlnaservice Destroy 190 virtual void CDlnaFrame::Release()
12-16 04:50:41.082 3006 5391 D hpplay-base-dlna: [lebodlna-dlnaframe:192] dlnaservice Destroy 192 virtual void CDlnaFrame::Release()
12-16 04:50:41.082 3006 5391 D hpplay-base-dlna: [lebodlna-dlnaframe:247] dlnaservice Destroy 247 static ERROR_TYPE IDlnaFrame::DestroyDlnaFrame(IDlnaFrame *)
12-16 04:50:41.082 3006 5391 D hpplay-base-dlna: [lebodlna-dlnaframe:251] dlnaservice Destroy 251 static ERROR_TYPE IDlnaFrame::DestroyDlnaFrame(IDlnaFrame *)
12-16 04:50:41.086 3006 5391 E hpplay-base-dlna: upnpapi.c:655::before gminiserver ThreadPoolShutdown
12-16 04:50:41.086 3006 5391 E hpplay-base-dlna: ThreadPool.c:1047::on ThreadPoolShutdown tp->totalThreads:2
12-16 04:50:41.087 3006 5391 E hpplay-base-dlna: ThreadPool.c:1047::on ThreadPoolShutdown tp->totalThreads:1
12-16 04:50:41.087 3006 5391 E hpplay-base-dlna: ThreadPool.c:1056::after ThreadPoolShutdown
12-16 04:50:41.087 3006 5391 E hpplay-base-dlna: ThreadPool.c:1057::ThreadPoolShutdown tp->totalThreads:0
12-16 04:50:41.087 3006 5391 E hpplay-base-dlna: upnpapi.c:657::after gminiserver ThreadPoolShutdown
12-16 04:50:41.087 3006 5391 E hpplay-base-dlna: upnpapi.c:659::before grecv ThreadPoolShutdown
12-16 04:50:41.088 3006 5391 E hpplay-base-dlna: ThreadPool.c:1047::on ThreadPoolShutdown tp->totalThreads:12
12-16 04:50:41.088 3006 5391 E hpplay-base-dlna: ThreadPool.c:1047::on ThreadPoolShutdown tp->totalThreads:11
12-16 04:50:41.088 3006 5391 E hpplay-base-dlna: ThreadPool.c:1047::on ThreadPoolShutdown tp->totalThreads:10
12-16 04:50:41.089 3006 5391 E hpplay-base-dlna: ThreadPool.c:1047::on ThreadPoolShutdown tp->totalThreads:9
12-16 04:50:41.089 3006 5391 E hpplay-base-dlna: ThreadPool.c:1047::on ThreadPoolShutdown tp->totalThreads:8
12-16 04:50:41.090 3006 5391 E hpplay-base-dlna: ThreadPool.c:1047::on ThreadPoolShutdown tp->totalThreads:4
12-16 04:50:41.090 3006 5391 E hpplay-base-dlna: ThreadPool.c:1047::on ThreadPoolShutdown tp->totalThreads:3
12-16 04:50:41.090 3006 5391 E hpplay-base-dlna: ThreadPool.c:1047::on ThreadPoolShutdown tp->totalThreads:2
12-16 04:50:41.090 3006 5391 E hpplay-base-dlna: ThreadPool.c:1047::on ThreadPoolShutdown tp->totalThreads:1
12-16 04:50:41.091 3006 5391 E hpplay-base-dlna: ThreadPool.c:1056::after ThreadPoolShutdown
12-16 04:50:41.091 3006 5391 E hpplay-base-dlna: ThreadPool.c:1057::ThreadPoolShutdown tp->totalThreads:0
12-16 04:50:41.091 3006 5391 E hpplay-base-dlna: upnpapi.c:661::after grecv ThreadPoolShutdown
12-16 04:50:41.092 3006 5391 E hpplay-base-dlna: upnpapi.c:663::before gsend ThreadPoolShutdown
12-16 04:50:41.092 3006 5391 E hpplay-base-dlna: ThreadPool.c:1047::on ThreadPoolShutdown tp->totalThreads:2
12-16 04:50:41.092 3006 5391 E hpplay-base-dlna: ThreadPool.c:1047::on ThreadPoolShutdown tp->totalThreads:1
12-16 04:50:41.093 3006 5391 E hpplay-base-dlna: ThreadPool.c:1056::after ThreadPoolShutdown
12-16 04:50:41.093 3006 5391 E hpplay-base-dlna: ThreadPool.c:1057::ThreadPoolShutdown tp->totalThreads:0
12-16 04:50:41.093 3006 5391 E hpplay-base-dlna: upnpapi.c:665::after gsend ThreadPoolShutdown
12-16 04:50:41.093 3006 5391 D hpplay-base-dlna: [lebodlna-dlnaframe:253] dlnaservice Destroy 253 static ERROR_TYPE IDlnaFrame::DestroyDlnaFrame(IDlnaFrame *)
12-16 04:50:41.093 3006 5391 D hpplay-base-dlna: [lebodlna-dlna_android:51] dlnaservice Destroy 51 int CDlnaService::Destroy()
12-16 04:50:41.093 3006 5391 D hpplay-base-dlna: [lebodlna-dlna_android:194] stopDLNA end
12-16 04:50:41.143 0 0 W swapper/1: type=1400 audit(0.0:954): avc: denied { kill } for capability=5 scontext=u:r:kernel:s0 tcontext=u:r:kernel:s0 tclass=capability permissive=0
01-01 09:03:43.267 0 0 D : mv2112_read_status
01-01 09:03:43.267 0 0 D mv2112_update_link: 3.0x901(1G): 0x80
01-01 09:03:43.267 0 0 D mv2112_update_link: 3.0x8109(100M): 0x8
01-01 09:03:43.267 0 0 D mv2112_update_link: link 0x0
01-01 09:03:43.267 0 0 D mv2112_read_status: autoneg is disabled
12-16 04:50:41.393 3006 5391 D hpplay-base: [stream_mirror_compat:1489] request to stop screen stream session!!
12-16 04:50:41.393 3006 5391 D hpplay-base: [AEventUtils:625] begin to stop event handle service!!
12-16 04:50:41.393 3006 5391 D hpplay-base: [AEventUtils:628] stop event handle service ok!!
12-16 04:50:41.393 3006 5391 D hpplay-base: [REventUtils:231] begin to stop report handle service!!
12-16 04:50:41.393 3006 5391 D hpplay-base: [REventUtils:234] stop report handle service ok!!
12-16 04:50:41.393 3006 5391 D hpplay-base: [lelinkSinkServer:711] HTTP Server stopSinkServer End .
12-16 04:50:41.394 3006 5391 D hpplay-base: [jniBridge:1135] notifyJavaServerStoped
12-16 04:50:41.394 3006 5391 D hpplay-base: [jniBridge:1726] notifyJava, what:202, castType:0, mimeType:0 baseStatus:4
12-16 04:50:41.394 3006 5391 D hpplay-base: [jniBridge:1727] notifyJava sessionID:(null)
12-16 04:50:41.395 3006 5391 I hpplay-java: [Thread-85]:Bridge:notify: what: 202
12-16 04:50:41.396 3006 5391 I hpplay-java: [Thread-85]:Bridge:notify: out: OutParameters:{audioSessionId=-1, audiotrackIndex=0, castHandleType=-1, castType=0, deviceName='', dlnaName='', dramaID='', extra=0, frameHandleType=-1, handleInside=true, headduration=0, header='', headers=null, isAD=false, isMultiMirror=false, lelinkVer='', limitTime=0, , mediaAlbum='null', mediaAlbumArtURI='', mediaArtist='null', mediaAssets='', mediaTitle='null', mimeType=0, multiSession=null, period=0, pinCode='', playSpeed=0.0, playerChoice=0, plugin=0, port=0, position=0.0, positionUnit=2, protocol=0, realSessionID='', regType='', , sinkIp='', sourceAPPVersion='', sourceChannel='', sourceClientInfo='', sourceDeviceInfo='', sourceDeviceModel='', sourceDeviceName='', sourceDeviceType=0, sourceHID='', , sourceInfo='', , , sourceOSVersion='', sourceSDKVersion='', sourceUid='', stopDetail=0, stopReason=0, tailduration=0, url='', urlID='', urls=null, userAgent='', videoDecoder=0, volume=0, what=202}com.hpplay.sdk.sink.protocol.OutParameters@d677fd4
12-16 04:50:41.396 3006 5391 I hpplay-java: [Thread-85]:Bridge:notify: address:268187005
12-16 04:50:41.397 3006 5391 D hpplay-base: [LelinkBase:645] stopServerThreadFunc notifyJavaServerStoped!
12-16 04:50:41.397 3006 3006 I hpplay-java: [main]:ServerTaskManager:startTimeOutCheck
12-16 04:50:41.398 3006 3006 I hpplay-java: [main]:ServerBusiness:stopDaemonBusiness
12-16 04:50:41.398 3006 3006 I hpplay-java: [main]:SinkDataReport:logout
12-16 04:50:41.399 3006 3006 I hpplay-java: [main]:EPControl:release
12-16 04:50:41.401 3006 5393 I hpplay-java: [AsyncTask #146]:GlideCreator:clearCache clearDiskCache
12-16 04:50:41.402 3006 3006 I hpplay-java: [main]:Dispatcher:notifyAllReverseControlsStop
12-16 04:50:41.402 3006 3006 I hpplay-java: [main]:Preference:checkFeature none
12-16 04:50:41.403 3006 3006 I hpplay-java: [main]:Dispatcher:notifyAllUIControlsStop set: []
12-16 04:50:41.403 3006 3006 I hpplay-java: [main]:Bridge:findServiceID start out: 268187005
12-16 04:50:41.403 3006 3006 I hpplay-java: [main]:Bridge:findServiceID end
12-16 04:50:41.403 3006 3006 I hpplay-java: [main]:ServerTaskManager:onStop retry:true
12-16 04:50:41.403 3006 3006 I hpplay-java: [main]:ServerTaskManager:cancelTimeOutCheck
12-16 04:50:41.403 3006 5354 W hpplay-java: NanoHTTPDServerRunnable:Communication with the client broken
12-16 04:50:41.403 3006 5354 W hpplay-java: java.net.SocketException: Socket closed
12-16 04:50:41.403 3006 5354 W hpplay-java: at java.net.PlainSocketImpl.socketAccept(PlainSocketImpl.java:213)
12-16 04:50:41.403 3006 5354 W hpplay-java: at java.net.AbstractPlainSocketImpl.accept(AbstractPlainSocketImpl.java:451)
12-16 04:50:41.403 3006 5354 W hpplay-java: at java.net.ServerSocket.implAccept(ServerSocket.java:547)
12-16 04:50:41.403 3006 5354 W hpplay-java: at java.net.ServerSocket.accept(ServerSocket.java:515)
12-16 04:50:41.403 3006 5354 W hpplay-java: at com.hpplay.nanohttpd.protocols.http.ServerRunnable.run(SourceFile:118)
12-16 04:50:41.403 3006 5354 W hpplay-java: at java.lang.Thread.run(Thread.java:920)
12-16 04:50:41.403 3006 5354 I hpplay-java: NanoHTTPDNanoHTTPD:server is stoped
12-16 04:50:41.403 3006 5354 I hpplay-java: NanoHTTPDNanoHTTPD:clear obj
12-16 04:50:41.404 3006 3006 I hpplay-java: [main]:IPManager:getActiveNets type: WIFI
12-16 04:50:41.404 3006 3006 I hpplay-java: [main]:IPManager:getActiveNets eth0:false wifi:true mobile:false ap:false
12-16 04:50:41.404 3006 3006 I hpplay-java: [main]:IPManager:getIPAddress IP_WLAN0
12-16 04:50:41.409 3006 3006 I hpplay-java: [main]:IPManager:updateIPAddress getIPAddress: 192.168.4.16 name:vlan4
12-16 04:50:41.409 3006 3006 I hpplay-java: [main]:IPManager:updateIPAddress getIPAddress: 192.168.0.18 name:wlan0
12-16 04:50:41.409 3006 3006 I hpplay-java: [main]:IPManager:updateIPAddress getIPAddress: 192.168.8.16 name:vlan8
12-16 04:50:41.409 3006 3006 I hpplay-java: [main]:IPManager:updateIPAddress getIPAddress: 192.168.11.16 name:vlan11
12-16 04:50:41.409 3006 3006 I hpplay-java: [main]:IPManager:updateIPAddress getIPAddress: 192.168.0.16 name:vlan0
12-16 04:50:41.409 3006 3006 I hpplay-java: [main]:IPManager:updateIPAddress getIPAddress: 192.168.2.16 name:vlan2
12-16 04:50:41.409 3006 3006 I hpplay-java: [main]:IPManager:updateIPAddress getIPAddress: 192.168.1.16 name:vlan1
12-16 04:50:41.410 3006 3006 I hpplay-java: [main]:ServerTaskManager:exeTask startServer
12-16 04:50:41.410 3006 3006 I hpplay-java: [main]:ServerTaskManager:startTimeOutCheck
12-16 04:50:41.410 3006 5396 I hpplay-java: [AsyncTask #148]:ServerBusiness:startDaemonBusiness
12-16 04:50:41.411 3006 5396 I hpplay-java: [AsyncTask #148]:TimeOutCheckUtil:addTask id:upgrade
12-16 04:50:41.411 3006 5396 I hpplay-java: [AsyncTask #148]:TimeOutCheckUtil:addTask id:ijkupgrade
12-16 04:50:41.411 3006 5398 I hpplay-java: [AsyncTask #149]:Bridge:assembleInParameters
12-16 04:50:41.412 3006 5398 I hpplay-java: [AsyncTask #149]:Bridge:createDeviceId deviceId:OTQ6NWE6MmE6NjI6YWU6ZTI=
12-16 04:50:41.412 3006 5399 I hpplay-java: NanoHTTPDNanoHTTPD:server is started
12-16 04:50:41.412 3006 5398 I hpplay-java: [AsyncTask #149]:IPManager:getActiveNets type: WIFI
12-16 04:50:41.412 3006 5398 I hpplay-java: [AsyncTask #149]:IPManager:getActiveNets eth0:false wifi:true mobile:false ap:false
12-16 04:50:41.413 3006 5398 I hpplay-java: [AsyncTask #149]:IPManager:getIPAddress IP_WLAN0
12-16 04:50:41.413 3006 5398 I hpplay-java: [AsyncTask #149]:Preference:checkFeature none
12-16 04:50:41.413 3006 5398 I hpplay-java: [AsyncTask #149]:SWI:dlna tip
12-16 04:50:41.413 3006 5398 I hpplay-java: [AsyncTask #149]:SWI:lefp tip
12-16 04:50:41.413 3006 5398 I hpplay-java: [AsyncTask #149]:Bridge:assembleInParameters none alias name use device name: 高合娱乐副屏
12-16 04:50:41.413 3006 5398 I hpplay-java: [AsyncTask #149]:Feature:isSendAdvertisement
12-16 04:50:41.413 3006 5398 I hpplay-java: [AsyncTask #149]:Preference:checkFeature none
12-16 04:50:41.413 3006 5398 I hpplay-java: [AsyncTask #149]:Preference:checkFeature none
12-16 04:50:41.414 3006 5398 I hpplay-java: [AsyncTask #149]:Bridge:backupHpplayDat bakPath:
12-16 04:50:41.414 3006 5398 I hpplay-java: [AsyncTask #149]:Bridge:path:/data/user/0/com.hht.lebocast/files/hpplay/file/happyplay.dat
12-16 04:50:41.414 3006 5398 I hpplay-java: [AsyncTask #149]:Bridge:mAppId:21409
12-16 04:50:41.414 3006 5398 I hpplay-java: [AsyncTask #149]:Bridge:mode:3
12-16 04:50:41.414 3006 5398 I hpplay-java: [AsyncTask #149]:Bridge:type:1
12-16 04:50:41.414 3006 5398 I hpplay-java: [AsyncTask #149]:Bridge:SN:
12-16 04:50:41.414 3006 5398 I hpplay-java: [AsyncTask #149]:Preference:checkFeature none
12-16 04:50:41.414 3006 5398 I hpplay-java: [AsyncTask #149]:Bridge:backPath:
12-16 04:50:41.414 3006 5398 I hpplay-java: [AsyncTask #149]:DeviceUtil:getPermissionDid: 1
12-16 04:50:41.414 3006 5398 I hpplay-java: [AsyncTask #149]:DeviceUtil:getPermissionDid: 1
12-16 04:50:41.414 3006 5398 I hpplay-java: [AsyncTask #149]:Preference:checkFeature none
12-16 04:50:41.414 3006 5398 I hpplay-java: [AsyncTask #149]:Preference:checkFeature none
12-16 04:50:41.414 3006 5398 I hpplay-java: [AsyncTask #149]:Preference:checkFeature none
12-16 04:50:41.414 3006 5398 I hpplay-java: [AsyncTask #149]:Preference:checkFeature none
12-16 04:50:41.414 3006 5398 I hpplay-java: [AsyncTask #149]:Preference:checkFeature none
12-16 04:50:41.414 3006 5398 I hpplay-java: [AsyncTask #149]:Preference:checkFeature none
12-16 04:50:41.422 3006 5396 W hpplay-java: [AsyncTask #148]:ServerBusiness:startDaemonBusiness start LelinkHTTPD sucess 52288
12-16 04:50:41.429 3006 5398 W hpplay-java: [AsyncTask #149]:DeviceUtils:getDomain create lb domain
12-16 04:50:41.430 3006 5398 I hpplay-java: [AsyncTask #149]:Feature:getMirrorAudioVideoSync DISABLE
12-16 04:50:41.430 3006 5398 I hpplay-java: [AsyncTask #149]:Feature:checkSupportRedirectOtherApp,no set redirect api
12-16 04:50:41.430 3006 5398 I hpplay-java: [AsyncTask #149]:Feature:getRedirectSearchFlag,value: 0
12-16 04:50:41.430 3006 5398 I hpplay-java: [AsyncTask #149]:Bridge:mIn: InParameters{appInfo='0', appKey='21409', authMode=0, authPwd='null', broadcastDirection=0, broadcastState=1, broadcastTimeout=3, buildType='release', cacheAVPath='/data/user/0/com.hht.lebocast/cache/hpplay/av', cachePhotoPath='/data/user/0/com.hht.lebocast/cache/hpplay/image', channel='LEBO-APK--60146-25915', desPath='', , deviceName='高合娱乐副屏', dlna=1, dlnaCompany='null', dlnaCompanyURL='null', dlnaDeviceDescribe='null', dlnaDeviceName='null', dlnaDeviceURL='null', dlnaLelinkSwitch=1, dlnaManufacturer=0, dlnaName='高合娱乐副屏', dlnaUPC='', dlnaUUID='dd2df002-11d4-f267-238c-a56d5449307e', domain='Lebo-figure-c2e24fe8c7bb', drainage=0, feature='6655', fps=60, height=1080, host='null', , keyPath='/data/user/0/com.hht.lebocast/files/hpplay/file', lelinkfp=1, lelinkfp2=0, logBaseState=1, logPath='/storage/emulated/0/com.hht.lebocast/sink/sdk/common', , mdnsEnable=1, mirrorSyncType=0, netCastVer='2.0', packageName='com.hht.lebocast', packagePath='/data/user/0/com.hht.lebocast', permissionDid='c2:e2:4f:e8:c7:bb', permissionMode=3, permissionPreSN='', port=0, preemptMode=0, regType='_leboremote._tcp.', serverPorts=null, sockWaitTimeOut=45, teleControlPort=53388, tunnels=3, txtKeys=null, txtValues=null, uid='-2753298538233435100', videoFrameType=1001, width=1920}com.hpplay.sdk.sink.protocol.InParameters@3664365
12-16 04:50:41.430 3006 3006 I hpplay-java: [main]:Bridge:startServer state: 0
12-16 04:50:41.430 3006 3006 D hpplay-base: [jniBridge:185] not conference version
12-16 04:50:41.430 3006 3006 I hpplay-base: [jniBridge:241] 1initServer nSettingWidth=1920 nSettingHeight=1080 nSettingMaxFPS=60 dlnaEnable=1 lelinkFpEnable=1
12-16 04:50:41.430 3006 3006 D hpplay-base: [jniBridge:283] 1initServer cfg.leLinkIp=192.168.0.18
12-16 04:50:41.430 3006 3006 D hpplay-base: [jniBridge:286] 1initServer cfg.mPermissionMode=3
12-16 04:50:41.431 3006 3006 D hpplay-base: [jniBridge:304] 1initServer cfg.permissionDid=c2:e2:4f:e8:c7:bb000000000000000
12-16 04:50:41.431 3006 3006 D hpplay-base: [jniBridge:313] 1initServer cfg.mPermissionPreSN=00000000000000000000000000000000
12-16 04:50:41.431 3006 3006 D hpplay-base: [jniBridge:317] Bridge___1initServer status:0
12-16 04:50:41.431 3006 3006 I hpplay-base: [jniBridge:325] 1initServer cfg.feature=6655
12-16 04:50:41.431 3006 3006 D hpplay-base: [jniBridge:377] 1initServer isSendBroadCast=3
12-16 04:50:41.431 3006 3006 D hpplay-base: [jniBridge:380] 1initServer broadcastDirection=0
12-16 04:50:41.431 3006 3006 D hpplay-base: [jniBridge:382] 1initServer ipBroadcast direction=0
12-16 04:50:41.431 3006 3006 D hpplay-base: [jniBridge:387] 1initServer tunnel=3
12-16 04:50:41.431 3006 3006 D hpplay-base: [jniBridge:390] 1initServer drainage=0
12-16 04:50:41.431 3006 3006 D hpplay-base: [jniBridge:401] 1initServer mDNSEnable=1
12-16 04:50:41.431 3006 3006 D hpplay-base: [jniBridge:406] 1initServer nSockWaitTimeOut=45
12-16 04:50:41.431 3006 3006 D hpplay-base: [jniBridge:410] 1initServer nMirrorAudioVideoSync=0
12-16 04:50:41.431 3006 3006 I hpplay-base: [sign_check:168] checkSign strPackageName:com.hht.lebocast
12-16 04:50:41.431 3006 3006 I hpplay-base: [sign_check:169] checkSign buildType:release
12-16 04:50:41.431 3006 3006 I hpplay-base: [sign_check:170] checkSign appKey:21409
12-16 04:50:41.431 3006 3006 D hpplay-base: [LelinkBase:405] bridgeInit port: 0, lelinkfp: 0
12-16 04:50:41.431 3006 3006 D hpplay-base: [LelinkBase:462] bridgeInit mPackagePath =/data/user/0/com.hht.lebocast
12-16 04:50:41.431 3006 3006 D hpplay-base: [LelinkBase:463] bridgeInit mKeyPath =/data/user/0/com.hht.lebocast/files/hpplay/file
12-16 04:50:41.431 3006 3006 D hpplay-base: [SinkContext:97] initSinkContext mPackagePath =/data/user/0/com.hht.lebocast
12-16 04:50:41.431 3006 3006 D hpplay-base: [SinkContext:98] initSinkContext mKeyPath =/data/user/0/com.hht.lebocast/files/hpplay/file
12-16 04:50:41.431 3006 3006 D hpplay-base: [jniBridge:478] Java_com_hpplay_sdk_sink_protocol_Bridge__1initServer end
12-16 04:50:41.431 3006 3006 D hpplay-base: [jniBridge:869] Bridge__1startServer status:1
12-16 04:50:41.431 3006 3006 D hpplay-base: [LelinkBase:492] startAllServer at base
12-16 04:50:41.431 3006 3006 D hpplay-base: [lelinkSinkServer:152] httpPlugins_SetServerPort TYPE_SERVER_LELINK:52266
12-16 04:50:41.431 3006 3006 D hpplay-base: [network.c:362] protocol bind host :192.168.0.18 port:52266 curent bind port:52266
12-16 04:50:41.431 3006 3006 D hpplay-base: [lelinkSinkServer:681] HTTP Server real at:52266
12-16 04:50:41.431 3006 5404 D hpplay-base: [lelinkSinkServer:644] Connected Service Type:0
12-16 04:50:41.431 3006 3006 D hpplay-base: [ScreenStream:1285] current bind port:7100
12-16 04:50:41.432 3006 5404 I hpplay-base: : (server.c.315) startServer listen_ing....:
12-16 04:50:41.432 3006 5404 D hpplay-base: [Server:371] startHttpServer srv_sockets.used:1 nCurrentFd:70, tid is 5404
12-16 04:50:41.432 3006 3006 D hpplay-base: [LelinkBase:515] startAllServer pBaseContext->config.dlnaEnable:1
12-16 04:50:41.432 3006 3006 D hpplay-base: [lelinkDlna:324] addDMRCallback end
12-16 04:50:41.432 3006 5405 D hpplay-base: [stream_mirror_compat:759] compat mirror stream begin to run,server fd:71,thread_id:3158856128!!
12-16 04:50:41.433 3006 3006 E hpplay-base-dlna: miniserver.c:788::dlna_port(ipv4: 49152 ipv6:0)
12-16 04:50:41.433 3006 3006 D hpplay-base-dlna: [lebodlna-dlnaframe:166] succeed to load lebodlnaplugin
12-16 04:50:41.433 3006 3006 D hpplay-base-dlna: [lebodlna-dlnaframe:232] Succeed to load specified plugin:lebodlna_plugin
12-16 04:50:41.433 3006 3006 D hpplay-base: [lelinkDlna:328] startDLNAServer ret=0
12-16 04:50:41.433 3006 3006 D hpplay-base: [LelinkBase:531] startDLNAServer ret= 0
12-16 04:50:41.433 3006 3006 D hpplay-base: [lelinkDlna:342] setDMRFriendlyName 高合娱乐副屏
12-16 04:50:41.433 3006 3006 D hpplay-base-dlna: [lebodlna-dlna_android:136] setBroadcastTimeout mBroadcastTimeOut=66 status=3!
12-16 04:50:41.433 3006 3006 D hpplay-base-dlna: [lebodlna_api:32] start DMR
12-16 04:50:41.433 3006 3006 D hpplay-base-dlna: [UpnpDefine:434] RegisterDMRender invalid lelink info
12-16 04:50:41.433 3006 3006 D hpplay-base-dlna: [UpnpDefine:467] DLNA DEFAULT_DESCRIPTION
12-16 04:50:41.435 3006 3006 E hpplay-base-dlna: upnpapi.c:1078::Exiting RegisterRootDevice2 *Hnd =1, return value == 0
12-16 04:50:41.435 3006 3006 D hpplay-base-dlna: [CUpnpDevice:41] Register Root Device 2:0
12-16 04:50:41.435 3006 3006 D hpplay-base-dlna: [UpnpDefine:794] ESDMRender:Register success
12-16 04:50:41.435 3006 3006 D hpplay-base-dlna: [lebodlna_api:41] sendBroadcast mBroadcastTimeOut=3
12-16 04:50:41.435 3006 3006 D hpplay-base-dlna: [lebodlna_api:44] sendBroadcast timeout=66
12-16 04:50:41.489 3006 3006 D hpplay-base: [lelinkDlna:361] startDLNADevice dlnaManufacturer:0 ret=0
12-16 04:50:41.489 3006 3006 D hpplay-base: [LelinkBase:535] lelinkSetDlnaInfo ret= 0
12-16 04:50:41.489 3006 3006 D hpplay-base: [LelinkBase:547] startAllServer pBaseContext->config.mDNSEnable:1
12-16 04:50:41.490 3006 3006 D hpplay-base: [base_mdns:509] mdns net.hostname:
12-16 04:50:41.490 3006 3006 D hpplay-base: [base_mdns:529] mdns namelabel:-00-80-0F-74-31-00
12-16 04:50:41.490 3006 3006 D hpplay-base: [base_mdns:509] mdns net.hostname:
12-16 04:50:41.490 3006 3006 D hpplay-base: [base_mdns:529] mdns namelabel:-00-80-0F-74-31-00
12-16 04:50:41.490 3006 3006 D hpplay-base: [mdns:813] mdns start bind port:0
12-16 04:50:41.491 3006 3006 D hpplay-base: [mdns:813] mdns start bind port:5353
12-16 04:50:41.491 3006 3006 D hpplay-base: [mdns:813] mdns start bind port:5353
