12-16 04:52:17.711 3006 3006 I hpplay-java: [main]:IPManager:updateIPAddress getIPAddress: 192.168.2.16 name:vlan2
12-16 04:52:17.711 3006 3006 I hpplay-java: [main]:IPManager:updateIPAddress getIPAddress: 192.168.1.16 name:vlan1
12-16 04:52:17.712 3006 3006 I hpplay-java: [main]:ServerTaskManager:exeTask startServer
12-16 04:52:17.713 3006 3006 I hpplay-java: [main]:ServerTaskManager:startTimeOutCheck
12-16 04:52:17.713 3006 5663 I hpplay-java: [AsyncTask #187]:ServerBusiness:startDaemonBusiness
12-16 04:52:17.713 3006 5663 I hpplay-java: [AsyncTask #187]:TimeOutCheckUtil:addTask id:upgrade
12-16 04:52:17.714 3006 5663 I hpplay-java: [AsyncTask #187]:TimeOutCheckUtil:addTask id:ijkupgrade
12-16 04:52:17.715 3006 5664 I hpplay-java: [AsyncTask #188]:Bridge:assembleInParameters
12-16 04:52:17.715 3006 5665 I hpplay-java: NanoHTTPDNanoHTTPD:server is started
12-16 04:52:17.716 3006 5664 I hpplay-java: [AsyncTask #188]:Bridge:createDeviceId deviceId:OTQ6NWE6MmE6NjI6YWU6ZTI=
12-16 04:52:17.717 3006 5664 I hpplay-java: [AsyncTask #188]:IPManager:getActiveNets type: WIFI
12-16 04:52:17.717 3006 5664 I hpplay-java: [AsyncTask #188]:IPManager:getActiveNets eth0:false wifi:true mobile:false ap:false
12-16 04:52:17.717 3006 5664 I hpplay-java: [AsyncTask #188]:IPManager:getIPAddress IP_WLAN0
12-16 04:52:17.717 3006 5664 I hpplay-java: [AsyncTask #188]:Preference:checkFeature none
12-16 04:52:17.717 3006 5664 I hpplay-java: [AsyncTask #188]:SWI:dlna tip
12-16 04:52:17.717 3006 5664 I hpplay-java: [AsyncTask #188]:SWI:lefp tip
12-16 04:52:17.717 3006 5664 I hpplay-java: [AsyncTask #188]:Bridge:assembleInParameters none alias name use device name: 高合娱乐副屏
12-16 04:52:17.718 3006 5664 I hpplay-java: [AsyncTask #188]:Feature:isSendAdvertisement
12-16 04:52:17.718 3006 5664 I hpplay-java: [AsyncTask #188]:Preference:checkFeature none
12-16 04:52:17.718 3006 5664 I hpplay-java: [AsyncTask #188]:Preference:checkFeature none
12-16 04:52:17.718 3006 5664 I hpplay-java: [AsyncTask #188]:Bridge:backupHpplayDat bakPath:
12-16 04:52:17.718 3006 5664 I hpplay-java: [AsyncTask #188]:Bridge:path:/data/user/0/com.hht.lebocast/files/hpplay/file/happyplay.dat
12-16 04:52:17.718 3006 5664 I hpplay-java: [AsyncTask #188]:Bridge:mAppId:21409
12-16 04:52:17.718 3006 5664 I hpplay-java: [AsyncTask #188]:Bridge:mode:3
12-16 04:52:17.718 3006 5664 I hpplay-java: [AsyncTask #188]:Bridge:type:1
12-16 04:52:17.718 3006 5664 I hpplay-java: [AsyncTask #188]:Bridge:SN:
12-16 04:52:17.718 3006 5664 I hpplay-java: [AsyncTask #188]:Preference:checkFeature none
12-16 04:52:17.718 3006 5664 I hpplay-java: [AsyncTask #188]:Bridge:backPath:
12-16 04:52:17.718 3006 5664 I hpplay-java: [AsyncTask #188]:DeviceUtil:getPermissionDid: 1
12-16 04:52:17.718 3006 5664 I hpplay-java: [AsyncTask #188]:DeviceUtil:getPermissionDid: 1
12-16 04:52:17.718 3006 5664 I hpplay-java: [AsyncTask #188]:Preference:checkFeature none
12-16 04:52:17.718 3006 5664 I hpplay-java: [AsyncTask #188]:Preference:checkFeature none
12-16 04:52:17.718 3006 5664 I hpplay-java: [AsyncTask #188]:Preference:checkFeature none
12-16 04:52:17.719 3006 5664 I hpplay-java: [AsyncTask #188]:Preference:checkFeature none
12-16 04:52:17.719 3006 5664 I hpplay-java: [AsyncTask #188]:Preference:checkFeature none
12-16 04:52:17.719 3006 5664 I hpplay-java: [AsyncTask #188]:Preference:checkFeature none
12-16 04:52:17.725 3006 5663 W hpplay-java: [AsyncTask #187]:ServerBusiness:startDaemonBusiness start LelinkHTTPD sucess 52288
12-16 04:52:17.734 3006 5664 W hpplay-java: [AsyncTask #188]:DeviceUtils:getDomain create lb domain
12-16 04:52:17.735 3006 5664 I hpplay-java: [AsyncTask #188]:Feature:getMirrorAudioVideoSync DISABLE
12-16 04:52:17.735 3006 5664 I hpplay-java: [AsyncTask #188]:Feature:checkSupportRedirectOtherApp,no set redirect api
12-16 04:52:17.735 3006 5664 I hpplay-java: [AsyncTask #188]:Feature:getRedirectSearchFlag,value: 0
12-16 04:52:17.736 3006 5664 I hpplay-java: [AsyncTask #188]:Bridge:mIn: InParameters{appInfo='0', appKey='21409', authMode=0, authPwd='null', broadcastDirection=0, broadcastState=1, broadcastTimeout=3, buildType='release', cacheAVPath='/data/user/0/com.hht.lebocast/cache/hpplay/av', cachePhotoPath='/data/user/0/com.hht.lebocast/cache/hpplay/image', channel='LEBO-APK--60146-25915', desPath='', , deviceName='高合娱乐副屏', dlna=1, dlnaCompany='null', dlnaCompanyURL='null', dlnaDeviceDescribe='null', dlnaDeviceName='null', dlnaDeviceURL='null', dlnaLelinkSwitch=1, dlnaManufacturer=0, dlnaName='高合娱乐副屏', dlnaUPC='', dlnaUUID='dd2df002-11d4-f267-238c-a56d5449307e', domain='Lebo-figure-c2e24fe8c7bb', drainage=0, feature='6655', fps=60, height=1080, host='null', , keyPath='/data/user/0/com.hht.lebocast/files/hpplay/file', lelinkfp=1, lelinkfp2=0, logBaseState=1, logPath='/storage/emulated/0/com.hht.lebocast/sink/sdk/common', , mdnsEnable=1, mirrorSyncType=0, netCastVer='2.0', packageName='com.hht.lebocast', packagePath='/data/user/0/com.hht.lebocast', permissionDid='c2:e2:4f:e8:c7:bb', permissionMode=3, permissionPreSN='', port=0, preemptMode=0, regType='_leboremote._tcp.', serverPorts=null, sockWaitTimeOut=45, teleControlPort=53388, tunnels=3, txtKeys=null, txtValues=null, uid='-2753298538233435100', videoFrameType=1001, width=1920}com.hpplay.sdk.sink.protocol.InParameters@3664365
12-16 04:52:17.736 3006 3006 I hpplay-java: [main]:Bridge:startServer state: 0
12-16 04:52:17.736 3006 3006 D hpplay-base: [jniBridge:185] not conference version
12-16 04:52:17.736 3006 3006 I hpplay-base: [jniBridge:241] 1initServer nSettingWidth=1920 nSettingHeight=1080 nSettingMaxFPS=60 dlnaEnable=1 lelinkFpEnable=1
12-16 04:52:17.736 3006 3006 D hpplay-base: [jniBridge:283] 1initServer cfg.leLinkIp=192.168.0.18
12-16 04:52:17.737 3006 3006 D hpplay-base: [jniBridge:286] 1initServer cfg.mPermissionMode=3
12-16 04:52:17.737 3006 3006 D hpplay-base: [jniBridge:304] 1initServer cfg.permissionDid=c2:e2:4f:e8:c7:bb000000000000000
12-16 04:52:17.737 3006 3006 D hpplay-base: [jniBridge:313] 1initServer cfg.mPermissionPreSN=00000000000000000000000000000000
12-16 04:52:17.737 3006 3006 D hpplay-base: [jniBridge:317] Bridge___1initServer status:0
12-16 04:52:17.737 3006 3006 I hpplay-base: [jniBridge:325] 1initServer cfg.feature=6655
12-16 04:52:17.737 3006 3006 D hpplay-base: [jniBridge:377] 1initServer isSendBroadCast=3
12-16 04:52:17.737 3006 3006 D hpplay-base: [jniBridge:380] 1initServer broadcastDirection=0
12-16 04:52:17.737 3006 3006 D hpplay-base: [jniBridge:382] 1initServer ipBroadcast direction=0
12-16 04:52:17.737 3006 3006 D hpplay-base: [jniBridge:387] 1initServer tunnel=3
12-16 04:52:17.737 3006 3006 D hpplay-base: [jniBridge:390] 1initServer drainage=0
12-16 04:52:17.737 3006 3006 D hpplay-base: [jniBridge:401] 1initServer mDNSEnable=1
12-16 04:52:17.737 3006 3006 D hpplay-base: [jniBridge:406] 1initServer nSockWaitTimeOut=45
12-16 04:52:17.737 3006 3006 D hpplay-base: [jniBridge:410] 1initServer nMirrorAudioVideoSync=0
12-16 04:52:17.737 3006 3006 I hpplay-base: [sign_check:168] checkSign strPackageName:com.hht.lebocast
12-16 04:52:17.737 3006 3006 I hpplay-base: [sign_check:169] checkSign buildType:release
12-16 04:52:17.737 3006 3006 I hpplay-base: [sign_check:170] checkSign appKey:21409
12-16 04:52:17.737 3006 3006 D hpplay-base: [LelinkBase:405] bridgeInit port: 0, lelinkfp: 0
12-16 04:52:17.737 3006 3006 D hpplay-base: [LelinkBase:462] bridgeInit mPackagePath =/data/user/0/com.hht.lebocast
12-16 04:52:17.737 3006 3006 D hpplay-base: [LelinkBase:463] bridgeInit mKeyPath =/data/user/0/com.hht.lebocast/files/hpplay/file
12-16 04:52:17.737 3006 3006 D hpplay-base: [SinkContext:97] initSinkContext mPackagePath =/data/user/0/com.hht.lebocast
12-16 04:52:17.737 3006 3006 D hpplay-base: [SinkContext:98] initSinkContext mKeyPath =/data/user/0/com.hht.lebocast/files/hpplay/file
12-16 04:52:17.737 3006 3006 D hpplay-base: [jniBridge:478] Java_com_hpplay_sdk_sink_protocol_Bridge__1initServer end
12-16 04:52:17.737 3006 3006 D hpplay-base: [jniBridge:869] Bridge__1startServer status:1
12-16 04:52:17.738 3006 3006 D hpplay-base: [LelinkBase:492] startAllServer at base
12-16 04:52:17.738 3006 3006 D hpplay-base: [lelinkSinkServer:152] httpPlugins_SetServerPort TYPE_SERVER_LELINK:52266
12-16 04:52:17.738 3006 3006 D hpplay-base: [network.c:362] protocol bind host :192.168.0.18 port:52266 curent bind port:52266
12-16 04:52:17.738 3006 3006 D hpplay-base: [lelinkSinkServer:681] HTTP Server real at:52266
12-16 04:52:17.738 3006 5672 D hpplay-base: [lelinkSinkServer:644] Connected Service Type:0
12-16 04:52:17.738 3006 3006 D hpplay-base: [ScreenStream:1285] current bind port:7100
12-16 04:52:17.738 3006 5672 I hpplay-base: : (server.c.315) startServer listen_ing....:
12-16 04:52:17.738 3006 5672 D hpplay-base: [Server:371] startHttpServer srv_sockets.used:1 nCurrentFd:71, tid is 5672
12-16 04:52:17.738 3006 3006 D hpplay-base: [LelinkBase:515] startAllServer pBaseContext->config.dlnaEnable:1
12-16 04:52:17.738 3006 3006 D hpplay-base: [lelinkDlna:324] addDMRCallback end
12-16 04:52:17.739 3006 5673 D hpplay-base: [stream_mirror_compat:759] compat mirror stream begin to run,server fd:72,thread_id:3120058816!!
12-16 04:52:17.739 3006 3006 E hpplay-base-dlna: miniserver.c:788::dlna_port(ipv4: 49152 ipv6:0)
12-16 04:52:17.740 3006 3006 D hpplay-base-dlna: [lebodlna-dlnaframe:166] succeed to load lebodlnaplugin
12-16 04:52:17.740 3006 3006 D hpplay-base-dlna: [lebodlna-dlnaframe:232] Succeed to load specified plugin:lebodlna_plugin
12-16 04:52:17.740 3006 3006 D hpplay-base: [lelinkDlna:328] startDLNAServer ret=0
12-16 04:52:17.740 3006 3006 D hpplay-base: [LelinkBase:531] startDLNAServer ret= 0
12-16 04:52:17.740 3006 3006 D hpplay-base: [lelinkDlna:342] setDMRFriendlyName 高合娱乐副屏
12-16 04:52:17.740 3006 3006 D hpplay-base-dlna: [lebodlna-dlna_android:136] setBroadcastTimeout mBroadcastTimeOut=66 status=3!
12-16 04:52:17.740 3006 3006 D hpplay-base-dlna: [lebodlna_api:32] start DMR
12-16 04:52:17.740 3006 3006 D hpplay-base-dlna: [UpnpDefine:434] RegisterDMRender invalid lelink info
12-16 04:52:17.740 3006 3006 D hpplay-base-dlna: [UpnpDefine:467] DLNA DEFAULT_DESCRIPTION
12-16 04:52:17.742 3006 3006 E hpplay-base-dlna: upnpapi.c:1078::Exiting RegisterRootDevice2 *Hnd =1, return value == 0
12-16 04:52:17.742 3006 3006 D hpplay-base-dlna: [CUpnpDevice:41] Register Root Device 2:0
12-16 04:52:17.742 3006 3006 D hpplay-base-dlna: [UpnpDefine:794] ESDMRender:Register success
12-16 04:52:17.742 3006 3006 D hpplay-base-dlna: [lebodlna_api:41] sendBroadcast mBroadcastTimeOut=3
12-16 04:52:17.742 3006 3006 D hpplay-base-dlna: [lebodlna_api:44] sendBroadcast timeout=66
12-16 04:52:17.797 3006 3006 D hpplay-base: [lelinkDlna:361] startDLNADevice dlnaManufacturer:0 ret=0
12-16 04:52:17.797 3006 3006 D hpplay-base: [LelinkBase:535] lelinkSetDlnaInfo ret= 0
12-16 04:52:17.797 3006 3006 D hpplay-base: [LelinkBase:547] startAllServer pBaseContext->config.mDNSEnable:1
12-16 04:52:17.798 3006 3006 D hpplay-base: [base_mdns:509] mdns net.hostname:
12-16 04:52:17.798 3006 3006 D hpplay-base: [base_mdns:529] mdns namelabel:-00-80-0F-74-31-00
12-16 04:52:17.798 3006 3006 D hpplay-base: [base_mdns:509] mdns net.hostname:
12-16 04:52:17.798 3006 3006 D hpplay-base: [base_mdns:529] mdns namelabel:-00-80-0F-74-31-00
12-16 04:52:17.798 3006 3006 D hpplay-base: [mdns:813] mdns start bind port:0
12-16 04:52:17.799 3006 3006 D hpplay-base: [mdns:813] mdns start bind port:5353
12-16 04:52:17.800 3006 3006 D hpplay-base: [mdns:813] mdns start bind port:5353
12-16 04:52:17.800 3006 3006 D hpplay-base: [mdns:813] mdns start bind port:5353
12-16 04:52:17.800 3006 3006 D hpplay-base: [mdns:813] mdns start bind port:5353
12-16 04:52:17.800 3006 3006 D hpplay-base: [mdns:813] mdns start bind port:5353
12-16 04:52:17.800 3006 3006 D hpplay-base: [mdns:813] mdns start bind port:5353
12-16 04:52:17.800 3006 3006 D hpplay-base: [mdns:813] mdns start bind port:5353
12-16 04:52:17.800 3006 3006 I hpplay-base: [mDNSEmbeded:57] embedded_mDNSInit stopmDNSNow:0 status:0
12-16 04:52:17.800 3006 3006 D hpplay-base: [mDNSEmbeded:436] startmDNSServer end nRet=0
12-16 04:52:17.800 3006 3006 D hpplay-base: [LelinkBase:555] lelink broadcast_on_off:1 log2java_on_off:1
12-16 04:52:17.801 3006 5690 D hpplay-base: [LelinkMDNS:729] leboAuthorizationCheck strUuid=c2:e2:4f:e8:c7:bb000000000000000
12-16 04:52:17.801 3006 5690 D hpplay-base: [LelinkMDNS:730] leboAuthorizationCheck mPermissionDid=c2:e2:4f:e8:c7:bb000000000000000
12-16 04:52:17.801 3006 5690 D hpplay-base: [LelinkMDNS:755] leboAuthorizationCheck mPermissionMac=c2:e2:4f:e8:c7:bb000000000000000
12-16 04:52:17.801 3006 5691 I hpplay-base: [mDNSEmbeded:268] start lelink publish server, tid is 5691
12-16 04:52:17.801 3006 3006 D hpplay-base: [AEventUtils:595] request to start event handle service!!
12-16 04:52:17.801 3006 3006 D hpplay-base: [AEventUtils:603] start_event_handle_service,begin to run!!
12-16 04:52:17.801 3006 5692 D hpplay-base: [mDNSEmbeded:197] http_port bind check 197 http_port_check
12-16 04:52:17.801 3006 3006 D hpplay-base: [REventUtils:210] start_event_handle_service,begin to run!!
12-16 04:52:17.801 3006 3006 D hpplay-base: [LelinkBase:576] startAllServer success .
12-16 04:52:17.801 3006 3006 D hpplay-base: [jniBridge:894] startDlna_link:http://192.168.0.18:49152/description.xml
12-16 04:52:17.802 3006 5695 D hpplay-base: [jniBridge:1081] notifyJavaDlnalink:http://192.168.0.18:49152/description.xml
12-16 04:52:17.802 3006 5695 D hpplay-base: [jniBridge:1726] notifyJava, what:207, castType:0, mimeType:0 baseStatus:2
12-16 04:52:17.802 3006 5695 D hpplay-base: [jniBridge:1727] notifyJava sessionID:(null)
12-16 04:52:17.802 3006 5694 D hpplay-base: [REventUtils:59] create handleREventThread thread ok!!,tid is 5694
12-16 04:52:17.802 3006 5693 D hpplay-base: [AEventUtils:171] create handle AEvent thread ok!!,tid is 5693
12-16 04:52:17.802 3006 5695 I hpplay-java: [Thread-107]:Bridge:notify: what: 207
12-16 04:52:17.803 3006 5692 D hpplay-base: [mDNSEmbeded:217] http_port bind check 217 http_port_check
12-16 04:52:17.803 3006 5692 D hpplay-base: [mDNSEmbeded:222] http_port bind check 222 http_port_check
12-16 04:52:17.804 3006 5695 I hpplay-java: [Thread-107]:Bridge:notify: out: OutParameters:{audioSessionId=-1, audiotrackIndex=0, castHandleType=-1, castType=0, deviceName='http://192.168.0.18:49152/description.xml', dlnaName='', dramaID='', extra=0, frameHandleType=-1, handleInside=true, headduration=0, header='', headers=null, isAD=false, isMultiMirror=false, lelinkVer='', limitTime=0, , mediaAlbum='null', mediaAlbumArtURI='', mediaArtist='null', mediaAssets='', mediaTitle='null', mimeType=0, multiSession=null, period=0, pinCode='', playSpeed=0.0, playerChoice=0, plugin=0, port=0, position=0.0, positionUnit=2, protocol=0, realSessionID='', regType='', , sinkIp='', sourceAPPVersion='', sourceChannel='', sourceClientInfo='', sourceDeviceInfo='', sourceDeviceModel='', sourceDeviceName='', sourceDeviceType=0, sourceHID='', , sourceInfo='', , , sourceOSVersion='', sourceSDKVersion='', sourceUid='', stopDetail=0, stopReason=0, tailduration=0, url='', urlID='', urls=null, userAgent='', videoDecoder=0, volume=0, what=207}com.hpplay.sdk.sink.protocol.OutParameters@10316bc
12-16 04:52:17.804 3006 5695 I hpplay-java: [Thread-107]:Bridge:notify: address:10888773
12-16 04:52:17.805 3006 5692 D hpplay-base: [mDNSEmbeded:234] http_port bind check 234 http_port_check port:52266
12-16 04:52:17.805 3006 5692 D hpplay-base: [mDNSEmbeded:237] http_port bind check 237 http_port_check
12-16 04:52:17.806 3006 5697 D hpplay-base: [lelinkSinkServer:93] new client connection from 127.0.0.1 50846, fd=149
12-16 04:52:17.806 3006 5697 D hpplay-base: [SinkContext:137] addSinkContextSession,begin to run!!
12-16 04:52:17.806 3006 5697 D hpplay-base: [SinkContext:142] addSinkContextSession,begin to get lock!!
12-16 04:52:17.806 3006 5697 D hpplay-base: [SinkContext:144] addSinkContextSession,get lock ok!!
12-16 04:52:17.806 3006 5697 D hpplay-base: [SinkContext:149] addSinkContextSession,session list is null,begin to malloc!!
12-16 04:52:17.806 3006 5697 D hpplay-base: [SinkContext:156] addSinkContextSession,begin to update!!
12-16 04:52:17.806 3006 5697 D hpplay-base: [SinkContext:160] addSinkContextSession,begin to update header!!
12-16 04:52:17.806 3006 5697 D hpplay-base: [SinkContext:172] addSinkContextSession,begin to unlock!!
12-16 04:52:17.806 3006 5697 D hpplay-base: [SinkContext:174] addSinkContextSession,unlock ok!!
12-16 04:52:17.806 3006 5697 D hpplay-base: [LelinkReceiver:4908] get ping !!!
12-16 04:52:17.806 3006 5692 D hpplay-base: [mDNSEmbeded:240] http_port bind check 240 http_port_check recieved:64
12-16 04:52:17.806 3006 5692 D hpplay-base: [mDNSEmbeded:243] http_port bind check 243 http_port_check
12-16 04:52:17.806 3006 5692 D hpplay-base: [mDNSEmbeded:244] http_port bind check ok!
12-16 04:52:18.007 3006 5697 I hpplay-base: [LelinkReceiver:14605] _connectionFinalize (149)
12-16 04:52:18.007 3006 5697 D hpplay-base: [LelinkReceiver:14752] ###connectionFinalize,release ok!!###
12-16 04:52:18.063 664 676 I mpu_uart: [MSG-P:RECV]:No message received in 1000 ms
12-16 04:52:18.143 0 0 W swapper/2: type=1400 audit(0.0:1049): avc: denied { kill } for capability=5 scontext=u:r:kernel:s0 tcontext=u:r:kernel:s0 tclass=capability permissive=0
12-16 04:52:18.240 3006 5612 W hpplay-java: [AsyncTask #178]:HttpRequest:
12-16 04:52:18.243 3006 5612 W hpplay-java: [AsyncTask #178]:HttpRequest:
12-16 04:52:18.244 3006 5612 W hpplay-java: [AsyncTask #178]:HttpRequest:
01-01 09:05:20.547 0 0 D : mv2112_read_status
01-01 09:05:20.547 0 0 D mv2112_update_link: 3.0x901(1G): 0x80
01-01 09:05:20.547 0 0 D mv2112_update_link: 3.0x8109(100M): 0x8
01-01 09:05:20.547 0 0 D mv2112_update_link: link 0x0
01-01 09:05:20.547 0 0 D mv2112_read_status: autoneg is disabled
12-16 04:52:19.064 664 676 I mpu_uart: [MSG-P:RECV]:No message received in 1000 ms
12-16 04:52:19.143 0 0 W swapper/2: type=1400 audit(0.0:1050): avc: denied { kill } for capability=5 scontext=u:r:kernel:s0 tcontext=u:r:kernel:s0 tclass=capability permissive=0
12-16 04:52:19.312 664 675 I mpu_uart: [MSG-P:R]:recv sync frame timeout
12-16 04:52:19.418 2550 2713 I OpenGLRenderer: Davey! duration=9223371512253ms; Flags=0, FrameTimelineVsyncId=9919, IntendedVsync=524600860630, Vsync=524600860630, InputEventId=0, HandleInputStart=524601596672, AnimationStart=524601601464, PerformTraversalsStart=524601604641, DrawStart=524626400891, FrameDeadline=524634193962, FrameInterval=524601584693, FrameStartTime=16666666, SyncQueued=524627241620, SyncStart=524627316620, IssueDrawCommandsStart=524627997766, SwapBuffers=524630733704, FrameCompleted=9223372036854775807, DequeueBufferDuration=44010, QueueBufferDuration=1015208, GpuCompleted=9223372036854775807, SwapBuffersCompleted=524632280526, DisplayPresentTime=0,
01-01 09:05:21.571 0 0 D : mv2112_read_status
01-01 09:05:21.571 0 0 D mv2112_update_link: 3.0x901(1G): 0x80
01-01 09:05:21.571 0 0 D mv2112_update_link: 3.0x8109(100M): 0x8
01-01 09:05:21.571 0 0 D mv2112_update_link: link 0x0
01-01 09:05:21.571 0 0 D mv2112_read_status: autoneg is disabled
12-16 04:52:20.064 664 676 I mpu_uart: [MSG-P:RECV]:No message received in 1000 ms
12-16 04:52:20.143 0 0 W swapper/2: type=1400 audit(0.0:1051): avc: denied { kill } for capability=5 scontext=u:r:kernel:s0 tcontext=u:r:kernel:s0 tclass=capability permissive=0
12-16 04:52:20.419 2550 2713 I OpenGLRenderer: Davey! duration=9223371511251ms; Flags=0, FrameTimelineVsyncId=9925, IntendedVsync=525603268630, Vsync=525603268630, InputEventId=0, HandleInputStart=525603884172, AnimationStart=525603888026, PerformTraversalsStart=525603890474, DrawStart=525630422297, FrameDeadline=525636601962, FrameInterval=525603872349, FrameStartTime=16666666, SyncQueued=525631718339, SyncStart=525631868182, IssueDrawCommandsStart=525632875682, SwapBuffers=525635615891, FrameCompleted=9223372036854775807, DequeueBufferDuration=48803, QueueBufferDuration=1008490, GpuCompleted=9223372036854775807, SwapBuffersCompleted=525637278234, DisplayPresentTime=0,
01-01 09:05:22.595 0 0 D : mv2112_read_status
01-01 09:05:22.595 0 0 D mv2112_update_link: 3.0x901(1G): 0x80
01-01 09:05:22.595 0 0 D mv2112_update_link: 3.0x8109(100M): 0x8
01-01 09:05:22.595 0 0 D mv2112_update_link: link 0x0
01-01 09:05:22.595 0 0 D mv2112_read_status: autoneg is disabled
12-16 04:52:21.064 664 676 I mpu_uart: [MSG-P:RECV]:No message received in 1000 ms
12-16 04:52:21.143 0 0 W swapper/2: type=1400 audit(0.0:1052): avc: denied { kill } for capability=5 scontext=u:r:kernel:s0 tcontext=u:r:kernel:s0 tclass=capability permissive=0
12-16 04:52:21.423 2550 5112 I OpenGLRenderer: Davey! duration=9223371510249ms; Flags=0, FrameTimelineVsyncId=9932, IntendedVsync=526605679630, Vsync=526605679630, InputEventId=0, HandleInputStart=526606267922, AnimationStart=526606270526, PerformTraversalsStart=526606272244, DrawStart=526630368755, FrameDeadline=526639012962, FrameInterval=526606261672, FrameStartTime=16666666, SyncQueued=526631311099, SyncStart=526631389432, IssueDrawCommandsStart=526632260057, SwapBuffers=526634765369, FrameCompleted=9223372036854775807, DequeueBufferDuration=43542, QueueBufferDuration=916771, GpuCompleted=9223372036854775807, SwapBuffersCompleted=526636244849, DisplayPresentTime=0,
01-01 09:05:23.619 0 0 D : mv2112_read_status
01-01 09:05:23.619 0 0 D mv2112_update_link: 3.0x901(1G): 0x80
01-01 09:05:23.619 0 0 D mv2112_update_link: 3.0x8109(100M): 0x8
01-01 09:05:23.619 0 0 D mv2112_update_link: link 0x0
01-01 09:05:23.619 0 0 D mv2112_read_status: autoneg is disabled
12-16 04:52:22.064 664 676 I mpu_uart: [MSG-P:RECV]:No message received in 1000 ms
12-16 04:52:22.143 0 0 W swapper/2: type=1400 audit(0.0:1053): avc: denied { kill } for capability=5 scontext=u:r:kernel:s0 tcontext=u:r:kernel:s0 tclass=capability permissive=0
12-16 04:52:22.316 664 675 I mpu_uart: [MSG-P:R]:recv sync frame timeout
12-16 04:52:22.423 2550 5112 I OpenGLRenderer: Davey! duration=9223371509246ms; Flags=0, FrameTimelineVsyncId=9938, IntendedVsync=527608089630, Vsync=527608089630, InputEventId=0, HandleInputStart=527608851880, AnimationStart=527608855421, PerformTraversalsStart=527608857921, DrawStart=527634150057, FrameDeadline=527641422962, FrameInterval=527608839275, FrameStartTime=16666666, SyncQueued=527635025577, SyncStart=527635115421, IssueDrawCommandsStart=527635798911, SwapBuffers=527638076255, FrameCompleted=9223372036854775807, DequeueBufferDuration=40677, QueueBufferDuration=896615, GpuCompleted=9223372036854775807, SwapBuffersCompleted=527639440473, DisplayPresentTime=0,
12-16 04:52:22.728 3006 3006 I hpplay-java: [main]:ServiceUpdater:upLoadServiceInfo invalid deviceCode:, port:53388
01-01 09:05:24.643 0 0 D : mv2112_read_status
01-01 09:05:24.643 0 0 D mv2112_update_link: 3.0x901(1G): 0x80
01-01 09:05:24.643 0 0 D mv2112_update_link: 3.0x8109(100M): 0x8
01-01 09:05:24.643 0 0 D mv2112_update_link: link 0x0
01-01 09:05:24.643 0 0 D mv2112_read_status: autoneg is disabled
12-16 04:52:23.065 664 676 I mpu_uart: [MSG-P:RECV]:No message received in 1000 ms
12-16 04:52:23.143 0 0 W swapper/2: type=1400 audit(0.0:1054): avc: denied { kill } for capability=5 scontext=u:r:kernel:s0 tcontext=u:r:kernel:s0 tclass=capability permissive=0
12-16 04:52:23.427 2550 5112 I OpenGLRenderer: Davey! duration=9223371508244ms; Flags=0, FrameTimelineVsyncId=9944, IntendedVsync=528610495630, Vsync=528610495630, InputEventId=0, HandleInputStart=528611163442, AnimationStart=528611166567, PerformTraversalsStart=528611169171, DrawStart=528635723337, FrameDeadline=528643828962, FrameInterval=528611152087, FrameStartTime=16666666, SyncQueued=528636914223, SyncStart=528637177244, IssueDrawCommandsStart=528638053129, SwapBuffers=528641163442, FrameCompleted=9223372036854775807, DequeueBufferDuration=47500, QueueBufferDuration=910365, GpuCompleted=9223372036854775807, SwapBuffersCompleted=528642620421, DisplayPresentTime=0,
01-01 09:05:25.667 0 0 D : mv2112_read_status
01-01 09:05:25.667 0 0 D mv2112_update_link: 3.0x901(1G): 0x80
01-01 09:05:25.667 0 0 D mv2112_update_link: 3.0x8109(100M): 0x8
01-01 09:05:25.667 0 0 D mv2112_update_link: link 0x0
01-01 09:05:25.667 0 0 D mv2112_read_status: autoneg is disabled
12-16 04:52:24.065 664 676 I mpu_uart: [MSG-P:RECV]:No message received in 1000 ms
12-16 04:52:24.143 0 0 W swapper/2: type=1400 audit(0.0:1055): avc: denied { kill } for capability=5 scontext=u:r:kernel:s0 tcontext=u:r:kernel:s0 tclass=capability permissive=0
12-16 04:52:24.263 1519 1645 V DisplayPowerController[0]: Brightness [0.05] reason changing to: 'manual [ dim ]', previous reason: 'manual'.
12-16 04:52:24.264 1519 1645 W PowerManagerService: Screen on took 53995 ms
12-16 04:52:24.267 1519 2074 E DisplayDeviceConfig: requesting nits when no mapping exists.
12-16 04:52:24.267 1519 2074 E DisplayDeviceConfig: requesting nits when no mapping exists.
12-16 04:52:24.269 1519 1629 I DropBoxManagerService: add tag=system_server_wtf isTagEnabled=true flags=0x2
12-16 04:52:24.272 1519 1629 I DropBoxManagerService: add tag=system_server_wtf isTagEnabled=true flags=0x2
12-16 04:52:24.283 1519 2074 E DisplayDeviceConfig: requesting nits when no mapping exists.
12-16 04:52:24.284 1519 2074 E DisplayDeviceConfig: requesting nits when no mapping exists.
12-16 04:52:24.285 1519 1629 I DropBoxManagerService: add tag=system_server_wtf isTagEnabled=true flags=0x2
12-16 04:52:24.286 1519 1629 I DropBoxManagerService: add tag=system_server_wtf isTagEnabled=true flags=0x2
12-16 04:52:24.300 1519 2074 E DisplayDeviceConfig: requesting nits when no mapping exists.
12-16 04:52:24.300 1519 2074 E DisplayDeviceConfig: requesting nits when no mapping exists.
12-16 04:52:24.301 1519 1629 I DropBoxManagerService: add tag=system_server_wtf isTagEnabled=true flags=0x2
12-16 04:52:24.318 1519 2074 E DisplayDeviceConfig: requesting nits when no mapping exists.
12-16 04:52:24.319 1519 2074 E DisplayDeviceConfig: requesting nits when no mapping exists.
12-16 04:52:24.335 1519 2074 E DisplayDeviceConfig: requesting nits when no mapping exists.
12-16 04:52:24.335 1519 2074 E DisplayDeviceConfig: requesting nits when no mapping exists.
12-16 04:52:24.352 1519 2074 E DisplayDeviceConfig: requesting nits when no mapping exists.
12-16 04:52:24.352 1519 2074 E DisplayDeviceConfig: requesting nits when no mapping exists.
12-16 04:52:24.369 1519 2074 E DisplayDeviceConfig: requesting nits when no mapping exists.
12-16 04:52:24.369 1519 2074 E DisplayDeviceConfig: requesting nits when no mapping exists.
12-16 04:52:24.386 1519 2074 E DisplayDeviceConfig: requesting nits when no mapping exists.
12-16 04:52:24.386 1519 2074 E DisplayDeviceConfig: requesting nits when no mapping exists.
12-16 04:52:24.402 1519 2074 E DisplayDeviceConfig: requesting nits when no mapping exists.
12-16 04:52:24.402 1519 2074 E DisplayDeviceConfig: requesting nits when no mapping exists.
12-16 04:52:24.418 1519 2074 E DisplayDeviceConfig: requesting nits when no mapping exists.
12-16 04:52:24.422 1519 2074 E DisplayDeviceConfig: requesting nits when no mapping exists.
12-16 04:52:24.428 2550 2713 I OpenGLRenderer: Davey! duration=9223371507239ms; Flags=0, FrameTimelineVsyncId=9957, IntendedVsync=529615172001, Vsync=529615172001, InputEventId=0, HandleInputStart=529615781723, AnimationStart=529615784170, PerformTraversalsStart=529615786618, DrawStart=529638543702, FrameDeadline=529648505333, FrameInterval=529615774431, FrameStartTime=16666666, SyncQueued=529639675368, SyncStart=529639778858, IssueDrawCommandsStart=529640776358, SwapBuffers=529644162764, FrameCompleted=9223372036854775807, DequeueBufferDuration=51250, QueueBufferDuration=773333, GpuCompleted=9223372036854775807, SwapBuffersCompleted=529645496410, DisplayPresentTime=0,
12-16 04:52:24.435 1519 2074 E DisplayDeviceConfig: requesting nits when no mapping exists.
12-16 04:52:24.435 1519 2074 E DisplayDeviceConfig: requesting nits when no mapping exists.
12-16 04:52:24.452 1519 2074 E DisplayDeviceConfig: requesting nits when no mapping exists.
12-16 04:52:24.452 1519 2074 E DisplayDeviceConfig: requesting nits when no mapping exists.
12-16 04:52:24.469 1519 2074 E DisplayDeviceConfig: requesting nits when no mapping exists.
12-16 04:52:24.469 1519 2074 E DisplayDeviceConfig: requesting nits when no mapping exists.
12-16 04:52:24.486 1519 2074 E DisplayDeviceConfig: requesting nits when no mapping exists.
12-16 04:52:24.487 1519 2074 E DisplayDeviceConfig: requesting nits when no mapping exists.
12-16 04:52:24.503 1519 2074 E DisplayDeviceConfig: requesting nits when no mapping exists.
12-16 04:52:24.503 1519 2074 E DisplayDeviceConfig: requesting nits when no mapping exists.
12-16 04:52:24.520 1519 2074 E DisplayDeviceConfig: requesting nits when no mapping exists.
12-16 04:52:24.521 1519 2074 E DisplayDeviceConfig: requesting nits when no mapping exists.
12-16 04:52:24.536 1519 2074 E DisplayDeviceConfig: requesting nits when no mapping exists.
12-16 04:52:24.536 1519 2074 E DisplayDeviceConfig: requesting nits when no mapping exists.
12-16 04:52:24.553 1519 2074 E DisplayDeviceConfig: requesting nits when no mapping exists.
12-16 04:52:24.554 1519 2074 E DisplayDeviceConfig: requesting nits when no mapping exists.
12-16 04:52:24.569 1519 2074 E DisplayDeviceConfig: requesting nits when no mapping exists.
12-16 04:52:24.570 1519 2074 E DisplayDeviceConfig: requesting nits when no mapping exists.
12-16 04:52:24.586 1519 2074 E DisplayDeviceConfig: requesting nits when no mapping exists.
12-16 04:52:24.587 1519 2074 E DisplayDeviceConfig: requesting nits when no mapping exists.
12-16 04:52:24.603 1519 2074 E DisplayDeviceConfig: requesting nits when no mapping exists.
12-16 04:52:24.603 1519 2074 E DisplayDeviceConfig: requesting nits when no mapping exists.
12-16 04:52:24.619 1519 2074 E DisplayDeviceConfig: requesting nits when no mapping exists.
12-16 04:52:24.620 1519 2074 E DisplayDeviceConfig: requesting nits when no mapping exists.
12-16 04:52:24.636 1519 2074 E DisplayDeviceConfig: requesting nits when no mapping exists.
12-16 04:52:24.636 1519 2074 E DisplayDeviceConfig: requesting nits when no mapping exists.
12-16 04:52:24.653 1519 2074 E DisplayDeviceConfig: requesting nits when no mapping exists.
12-16 04:52:24.654 1519 2074 E DisplayDeviceConfig: requesting nits when no mapping exists.
12-16 04:52:24.670 1519 2074 E DisplayDeviceConfig: requesting nits when no mapping exists.
12-16 04:52:24.671 1519 2074 E DisplayDeviceConfig: requesting nits when no mapping exists.
12-16 04:52:24.686 1519 2074 E DisplayDeviceConfig: requesting nits when no mapping exists.
12-16 04:52:24.687 1519 2074 E DisplayDeviceConfig: requesting nits when no mapping exists.
12-16 04:52:24.703 1519 2074 E DisplayDeviceConfig: requesting nits when no mapping exists.
12-16 04:52:24.704 1519 2074 E DisplayDeviceConfig: requesting nits when no mapping exists.
12-16 04:52:24.720 1519 2074 E DisplayDeviceConfig: requesting nits when no mapping exists.
12-16 04:52:24.720 1519 2074 E DisplayDeviceConfig: requesting nits when no mapping exists.
12-16 04:52:24.737 1519 2074 E DisplayDeviceConfig: requesting nits when no mapping exists.
12-16 04:52:24.737 1519 2074 E DisplayDeviceConfig: requesting nits when no mapping exists.
12-16 04:52:24.754 1519 2074 E DisplayDeviceConfig: requesting nits when no mapping exists.
12-16 04:52:24.754 1519 2074 E DisplayDeviceConfig: requesting nits when no mapping exists.
12-16 04:52:24.770 1519 2074 E DisplayDeviceConfig: requesting nits when no mapping exists.
12-16 04:52:24.770 1519 2074 E DisplayDeviceConfig: requesting nits when no mapping exists.
12-16 04:52:24.787 1519 2074 E DisplayDeviceConfig: requesting nits when no mapping exists.
12-16 04:52:24.787 1519 2074 E DisplayDeviceConfig: requesting nits when no mapping exists.
01-01 09:05:26.691 0 0 D : mv2112_read_status
01-01 09:05:26.691 0 0 D mv2112_update_link: 3.0x901(1G): 0x80
01-01 09:05:26.692 0 0 D mv2112_update_link: 3.0x8109(100M): 0x8
01-01 09:05:26.692 0 0 D mv2112_update_link: link 0x0
01-01 09:05:26.692 0 0 D mv2112_read_status: autoneg is disabled
12-16 04:52:24.803 1519 2074 E DisplayDeviceConfig: requesting nits when no mapping exists.
12-16 04:52:24.804 1519 2074 E DisplayDeviceConfig: requesting nits when no mapping exists.
12-16 04:52:24.820 1519 2074 E DisplayDeviceConfig: requesting nits when no mapping exists.
12-16 04:52:24.820 1519 2074 E DisplayDeviceConfig: requesting nits when no mapping exists.
12-16 04:52:24.837 1519 2074 E DisplayDeviceConfig: requesting nits when no mapping exists.
12-16 04:52:24.838 1519 2074 E DisplayDeviceConfig: requesting nits when no mapping exists.
12-16 04:52:24.854 1519 2074 E DisplayDeviceConfig: requesting nits when no mapping exists.
12-16 04:52:24.854 1519 2074 E DisplayDeviceConfig: requesting nits when no mapping exists.
12-16 04:52:24.870 1519 2074 E DisplayDeviceConfig: requesting nits when no mapping exists.
12-16 04:52:24.871 1519 2074 E DisplayDeviceConfig: requesting nits when no mapping exists.
12-16 04:52:24.887 1519 2074 E DisplayDeviceConfig: requesting nits when no mapping exists.
12-16 04:52:24.888 1519 2074 E DisplayDeviceConfig: requesting nits when no mapping exists.
12-16 04:52:24.904 1519 2074 E DisplayDeviceConfig: requesting nits when no mapping exists.
12-16 04:52:24.904 1519 2074 E DisplayDeviceConfig: requesting nits when no mapping exists.
12-16 04:52:24.921 1519 2074 E DisplayDeviceConfig: requesting nits when no mapping exists.
12-16 04:52:24.922 1519 2074 E DisplayDeviceConfig: requesting nits when no mapping exists.
12-16 04:52:24.938 1519 2074 E DisplayDeviceConfig: requesting nits when no mapping exists.
12-16 04:52:24.938 1519 2074 E DisplayDeviceConfig: requesting nits when no mapping exists.
12-16 04:52:24.954 1519 2074 E DisplayDeviceConfig: requesting nits when no mapping exists.
12-16 04:52:24.954 1519 2074 E DisplayDeviceConfig: requesting nits when no mapping exists.
12-16 04:52:24.971 1519 2074 E DisplayDeviceConfig: requesting nits when no mapping exists.
12-16 04:52:24.971 1519 2074 E DisplayDeviceConfig: requesting nits when no mapping exists.
12-16 04:52:24.988 1519 2074 E DisplayDeviceConfig: requesting nits when no mapping exists.
12-16 04:52:24.988 1519 2074 E DisplayDeviceConfig: requesting nits when no mapping exists.
12-16 04:52:25.004 1519 2074 E DisplayDeviceConfig: requesting nits when no mapping exists.
12-16 04:52:25.005 1519 2074 E DisplayDeviceConfig: requesting nits when no mapping exists.
12-16 04:52:25.021 1519 2074 E DisplayDeviceConfig: requesting nits when no mapping exists.
12-16 04:52:25.022 1519 2074 E DisplayDeviceConfig: requesting nits when no mapping exists.
12-16 04:52:25.038 1519 2074 E DisplayDeviceConfig: requesting nits when no mapping exists.
12-16 04:52:25.039 1519 2074 E DisplayDeviceConfig: requesting nits when no mapping exists.
12-16 04:52:25.054 1519 2074 E DisplayDeviceConfig: requesting nits when no mapping exists.
12-16 04:52:25.055 1519 2074 E DisplayDeviceConfig: requesting nits when no mapping exists.
12-16 04:52:25.065 664 676 I mpu_uart: [MSG-P:RECV]:No message received in 1000 ms
12-16 04:52:25.071 1519 2074 E DisplayDeviceConfig: requesting nits when no mapping exists.
12-16 04:52:25.072 1519 2074 E DisplayDeviceConfig: requesting nits when no mapping exists.
12-16 04:52:25.088 1519 2074 E DisplayDeviceConfig: requesting nits when no mapping exists.
12-16 04:52:25.088 1519 2074 E DisplayDeviceConfig: requesting nits when no mapping exists.
12-16 04:52:25.105 1519 2074 E DisplayDeviceConfig: requesting nits when no mapping exists.
12-16 04:52:25.106 1519 2074 E DisplayDeviceConfig: requesting nits when no mapping exists.
12-16 04:52:25.121 1519 2074 E DisplayDeviceConfig: requesting nits when no mapping exists.
12-16 04:52:25.122 1519 2074 E DisplayDeviceConfig: requesting nits when no mapping exists.
12-16 04:52:25.138 1519 2074 E DisplayDeviceConfig: requesting nits when no mapping exists.
12-16 04:52:25.139 1519 2074 E DisplayDeviceConfig: requesting nits when no mapping exists.
12-16 04:52:25.143 494 494 W ueventd : type=1400 audit(0.0:1056): avc: denied { kill } for capability=5 scontext=u:r:ueventd:s0 tcontext=u:r:ueventd:s0 tclass=capability permissive=0
12-16 04:52:25.155 1519 2074 E DisplayDeviceConfig: requesting nits when no mapping exists.
12-16 04:52:25.155 1519 2074 E DisplayDeviceConfig: requesting nits when no mapping exists.
12-16 04:52:25.171 1519 2074 E DisplayDeviceConfig: requesting nits when no mapping exists.
12-16 04:52:25.172 1519 2074 E DisplayDeviceConfig: requesting nits when no mapping exists.
12-16 04:52:25.188 1519 2074 E DisplayDeviceConfig: requesting nits when no mapping exists.
12-16 04:52:25.189 1519 2074 E DisplayDeviceConfig: requesting nits when no mapping exists.
12-16 04:52:25.205 1519 2074 E DisplayDeviceConfig: requesting nits when no mapping exists.
12-16 04:52:25.205 1519 2074 E DisplayDeviceConfig: requesting nits when no mapping exists.
12-16 04:52:25.222 1519 2074 E DisplayDeviceConfig: requesting nits when no mapping exists.
12-16 04:52:25.223 1519 2074 E DisplayDeviceConfig: requesting nits when no mapping exists.
01-01 09:05:27.186 0 0 I logd : logdr: UID=2000 GID=2000 PID=5700 b tail=0 logMask=99 pid=0 start=0ns deadline=0ns
12-16 04:52:25.319 664 675 I mpu_uart: [MSG-P:R]:recv sync frame timeout
12-16 04:52:25.429 2550 5112 I OpenGLRenderer: Davey! duration=9223371506236ms; Flags=0, FrameTimelineVsyncId=10012, IntendedVsync=530618524803, Vsync=530618524803, InputEventId=0, HandleInputStart=530619016462, AnimationStart=530619019951, PerformTraversalsStart=530619022347, DrawStart=530641082712, FrameDeadline=530651858135, FrameInterval=530619002608, FrameStartTime=16666666, SyncQueued=530641958962, SyncStart=530642072295, IssueDrawCommandsStart=530642916618, SwapBuffers=530646167868, FrameCompleted=9223372036854775807, DequeueBufferDuration=47188, QueueBufferDuration=1129375, GpuCompleted=9223372036854775807, SwapBuffersCompleted=530647902295, DisplayPresentTime=0,
01-01 09:05:27.715 0 0 D : mv2112_read_status
01-01 09:05:27.715 0 0 D mv2112_update_link: 3.0x901(1G): 0x80
01-01 09:05:27.715 0 0 D mv2112_update_link: 3.0x8109(100M): 0x8
01-01 09:05:27.715 0 0 D mv2112_update_link: link 0x0
01-01 09:05:27.715 0 0 D mv2112_read_status: autoneg is disabled
12-16 04:52:26.065 664 676 I mpu_uart: [MSG-P:RECV]:No message received in 1000 ms
12-16 04:52:26.143 0 0 W swapper/2: type=1400 audit(0.0:1057): avc: denied { kill } for capability=5 scontext=u:r:kernel:s0 tcontext=u:r:kernel:s0 tclass=capability permissive=0
12-16 04:52:26.433 2550 5112 I OpenGLRenderer: Davey! duration=9223371505236ms; Flags=0, FrameTimelineVsyncId=10018, IntendedVsync=531617683715, Vsync=531617683715, InputEventId=0, HandleInputStart=531618592763, AnimationStart=531618597607, PerformTraversalsStart=531618600368, DrawStart=531643403180, FrameDeadline=531651017047, FrameInterval=531618577607, FrameStartTime=16666666, SyncQueued=531644769065, SyncStart=531644871565, IssueDrawCommandsStart=531645857086, SwapBuffers=531649087138, FrameCompleted=9223372036854775807, DequeueBufferDuration=54636, QueueBufferDuration=998125, GpuCompleted=9223372036854775807, SwapBuffersCompleted=531650660836, DisplayPresentTime=0,
01-01 09:05:28.739 0 0 D : mv2112_read_status
01-01 09:05:28.739 0 0 D mv2112_update_link: 3.0x901(1G): 0x80
01-01 09:05:28.739 0 0 D mv2112_update_link: 3.0x8109(100M): 0x8
01-01 09:05:28.739 0 0 D mv2112_update_link: link 0x0
01-01 09:05:28.739 0 0 D mv2112_read_status: autoneg is disabled
12-16 04:52:27.066 664 676 I mpu_uart: [MSG-P:RECV]:No message received in 1000 ms
12-16 04:52:27.143 0 0 W swapper/2: type=1400 audit(0.0:1058): avc: denied { kill } for capability=5 scontext=u:r:kernel:s0 tcontext=u:r:kernel:s0 tclass=capability permissive=0
12-16 04:52:27.439 2550 5112 I OpenGLRenderer: Davey! duration=9223371504234ms; Flags=0, FrameTimelineVsyncId=10024, IntendedVsync=532620139630, Vsync=532620139630, InputEventId=0, HandleInputStart=532621090419, AnimationStart=532621093805, PerformTraversalsStart=532621096305, DrawStart=532644807919, FrameDeadline=532653472962, FrameInterval=532621081044, FrameStartTime=16666666, SyncQueued=532645658701, SyncStart=532645730315, IssueDrawCommandsStart=532646384794, SwapBuffers=532648732867, FrameCompleted=9223372036854775807, DequeueBufferDuration=34375, QueueBufferDuration=764948, GpuCompleted=9223372036854775807, SwapBuffersCompleted=532649887607, DisplayPresentTime=0,
12-16 04:52:27.715 3006 3006 I hpplay-java: [main]:Upgrade:upgrade not be allowed
12-16 04:52:27.733 3006 3006 I hpplay-java: [main]:ServerBusiness:get deviceCode:
12-16 04:52:27.733 3006 3006 W hpplay-java: [main]:ServerBusiness:startDeviceService ignore,invalid deviceCode
01-01 09:05:29.763 0 0 D : mv2112_read_status
01-01 09:05:29.763 0 0 D mv2112_update_link: 3.0x901(1G): 0x80
01-01 09:05:29.763 0 0 D mv2112_update_link: 3.0x8109(100M): 0x8
01-01 09:05:29.763 0 0 D mv2112_update_link: link 0x0
01-01 09:05:29.763 0 0 D mv2112_read_status: autoneg is disabled
12-16 04:52:28.066 664 676 I mpu_uart: [MSG-P:RECV]:No message received in 1000 ms
12-16 04:52:28.143 0 0 W swapper/2: type=1400 audit(0.0:1059): avc: denied { kill } for capability=5 scontext=u:r:kernel:s0 tcontext=u:r:kernel:s0 tclass=capability permissive=0
12-16 04:52:28.322 664 675 I mpu_uart: [MSG-P:R]:recv sync frame timeout
12-16 04:52:28.438 2550 5112 I OpenGLRenderer: Davey! duration=9223371503232ms; Flags=0, FrameTimelineVsyncId=10033, IntendedVsync=533622545630, Vsync=533622545630, InputEventId=0, HandleInputStart=533623547711, AnimationStart=533623552033, PerformTraversalsStart=533623554846, DrawStart=533649369690, FrameDeadline=533655878962, FrameInterval=533623531304, FrameStartTime=16666666, SyncQueued=533650381148, SyncStart=533650476408, IssueDrawCommandsStart=533651357815, SwapBuffers=533654123023, FrameCompleted=9223372036854775807, DequeueBufferDuration=47553, QueueBufferDuration=883906, GpuCompleted=9223372036854775807, SwapBuffersCompleted=533655577138, DisplayPresentTime=0,
01-01 09:05:30.787 0 0 D : mv2112_read_status
01-01 09:05:30.787 0 0 D mv2112_update_link: 3.0x901(1G): 0x80
01-01 09:05:30.787 0 0 D mv2112_update_link: 3.0x8109(100M): 0x8
01-01 09:05:30.787 0 0 D mv2112_update_link: link 0x0
01-01 09:05:30.787 0 0 D mv2112_read_status: autoneg is disabled
12-16 04:52:29.066 664 676 I mpu_uart: [MSG-P:RECV]:No message received in 1000 ms
12-16 04:52:29.143 0 0 W swapper/2: type=1400 audit(0.0:1060): avc: denied { kill } for capability=5 scontext=u:r:kernel:s0 tcontext=u:r:kernel:s0 tclass=capability permissive=0
12-16 04:52:29.439 2550 5112 I OpenGLRenderer: Davey! duration=9223371502229ms; Flags=0, FrameTimelineVsyncId=10039, IntendedVsync=534624953630, Vsync=534624953630, InputEventId=0, HandleInputStart=534625771044, AnimationStart=534625774741, PerformTraversalsStart=534625777346, DrawStart=534647115835, FrameDeadline=534658286962, FrameInterval=534625759533, FrameStartTime=16666666, SyncQueued=534648097554, SyncStart=534648177918, IssueDrawCommandsStart=534648975210, SwapBuffers=534651428283, FrameCompleted=9223372036854775807, DequeueBufferDuration=43490, QueueBufferDuration=993178, GpuCompleted=9223372036854775807, SwapBuffersCompleted=534652939221, DisplayPresentTime=0,
01-01 09:05:31.811 0 0 D : mv2112_read_status
01-01 09:05:31.811 0 0 D mv2112_update_link: 3.0x901(1G): 0x80
01-01 09:05:31.811 0 0 D mv2112_update_link: 3.0x8109(100M): 0x8
01-01 09:05:31.811 0 0 D mv2112_update_link: link 0x0
01-01 09:05:31.811 0 0 D mv2112_read_status: autoneg is disabled
12-16 04:52:30.066 664 676 I mpu_uart: [MSG-P:RECV]:No message received in 1000 ms
12-16 04:52:30.143 0 0 W swapper/2: type=1400 audit(0.0:1061): avc: denied { kill } for capability=5 scontext=u:r:kernel:s0 tcontext=u:r:kernel:s0 tclass=capability permissive=0
12-16 04:52:30.446 2550 5112 I OpenGLRenderer: Davey! duration=9223371501227ms; Flags=0, FrameTimelineVsyncId=10045, IntendedVsync=535627363630, Vsync=535627363630, InputEventId=0, HandleInputStart=535628164272, AnimationStart=535628167345, PerformTraversalsStart=535628170054, DrawStart=535651738022, FrameDeadline=535660696962, FrameInterval=535628155418, FrameStartTime=16666666, SyncQueued=535652671929, SyncStart=535652753647, IssueDrawCommandsStart=535653498283, SwapBuffers=535655874637, FrameCompleted=9223372036854775807, DequeueBufferDuration=41875, QueueBufferDuration=816823, GpuCompleted=9223372036854775807, SwapBuffersCompleted=535657249949, DisplayPresentTime=0,
01-01 09:05:32.835 0 0 D : mv2112_read_status
01-01 09:05:32.835 0 0 D mv2112_update_link: 3.0x901(1G): 0x80
01-01 09:05:32.835 0 0 D mv2112_update_link: 3.0x8109(100M): 0x8
01-01 09:05:32.835 0 0 D mv2112_update_link: link 0x0
01-01 09:05:32.835 0 0 D mv2112_read_status: autoneg is disabled
12-16 04:52:31.067 664 676 I mpu_uart: [MSG-P:RECV]:No message received in 1000 ms
12-16 04:52:31.143 0 0 W swapper/2: type=1400 audit(0.0:1062): avc: denied { kill } for capability=5 scontext=u:r:kernel:s0 tcontext=u:r:kernel:s0 tclass=capability permissive=0
12-16 04:52:31.240 1519 1645 I PowerManagerService: Napping display group (groupId=0, uid=1000)...
12-16 04:52:31.241 1519 1645 I PowerManagerService: Nap time (uid 1000)...
12-16 04:52:31.243 1519 1645 I DreamManagerService: Entering dreamland.
12-16 04:52:31.247 1519 1645 I PowerManagerService: Dreaming...
12-16 04:52:31.252 1519 1618 I DreamController: Starting dream: name=ComponentInfo{com.thundercomm.screensaver/com.thundercomm.saverclock.service.ClockScreensaver}, isTest=false, canDoze=false, userId=0
12-16 04:52:31.255 2100 2100 V ShadeControllerImpl: NotificationShadeWindow: com.android.systemui.statusbar.phone.NotificationShadeWindowView{97ca150 I.E...... ......ID 0,0-2380,1020} canPanelBeCollapsed(): false
12-16 04:52:31.260 1519 1618 D CompatibilityInfo: mCompatibilityFlags - 4
12-16 04:52:31.260 1519 1618 D CompatibilityInfo: applicationDensity - 240
12-16 04:52:31.260 1519 1618 D CompatibilityInfo: applicationScale - 1.0
12-16 04:52:31.269 1519 1622 I EventSequenceValidator: Transition from ACTIVITY_FINISHED to INTENT_STARTED
12-16 04:52:31.269 1519 2166 I ActivityTaskManager: START u0 {flg=0x10000000 pkg=com.thundercomm.screensaver cmp=com.thundercomm.screensaver/android.service.dreams.DreamActivity (has extras)} from uid 10052
12-16 04:52:31.271 1519 2166 W ActivityTaskManager: Can't find TaskDisplayArea to determine support for multi window. Task id=19 attached=false
12-16 04:52:31.277 1519 2166 D CompatibilityInfo: mCompatibilityFlags - 4
12-16 04:52:31.277 1519 2166 D CompatibilityInfo: applicationDensity - 240
12-16 04:52:31.277 1519 2166 D CompatibilityInfo: applicationScale - 1.0
12-16 04:52:31.277 1519 2166 D ActivityTrigger: ActivityTrigger activityPauseTrigger
12-16 04:52:31.280 1519 1622 I EventSequenceValidator: Transition from INTENT_STARTED to ACTIVITY_LAUNCHED
12-16 04:52:31.283 1519 2166 I ActivityTaskManager: FOREGROUND_APPLICATION_CHANGED to android.service.dreams.DreamActivity
12-16 04:52:31.283 1519 2166 I ActivityTaskManager: The Process com.thundercomm.screensaver Already Exists in BG. So sending its PID: 4585
12-16 04:52:31.283 1519 2166 W ActivityTaskManager: Tried to set launchTime (0) < mLastActivityLaunchTime (458131)
12-16 04:52:31.284 1519 2166 D CompatibilityInfo: mCompatibilityFlags - 4
12-16 04:52:31.284 1519 2166 D CompatibilityInfo: applicationDensity - 240
12-16 04:52:31.284 1519 2166 D CompatibilityInfo: applicationScale - 1.0
12-16 04:52:31.287 2554 2618 I GameMode_ActivityMonitoringService: onForegroundActivitiesChanged uid 10052 pid 4585 fg true
12-16 04:52:31.289 2554 4017 I GameMode_ActivityMonitoringService: Updating top task to: TaskInfoContainer [topActivity=ComponentInfo{com.thundercomm.screensaver/android.service.dreams.DreamActivity}, taskId=19, stackId=19, userId=0, displayId=0, position=7
12-16 04:52:31.289 2554 4017 I GameMode_ActivityMonitoringService: Notifying about top task: TaskInfoContainer [topActivity=ComponentInfo{com.thundercomm.screensaver/android.service.dreams.DreamActivity}, taskId=19, stackId=19, userId=0, displayId=0, position=7
12-16 04:52:31.289 2554 4017 E GameMode_ActivityMonitoringService: onActivityLaunch:com.thundercomm.screensaver
12-16 04:52:31.289 2554 4017 V GameMode_GameTypeUtils: judge isGame:com.thundercomm.screensaver
12-16 04:52:31.289 2554 4017 V GameMode_GpuUtils: fps:60
12-16 04:52:31.290 2554 4017 D GameMode_GameModeActionUtils: Show GameMode entry by service!
12-16 04:52:31.291 2554 4017 W ContextImpl: Calling a method in the system process without a qualified user: android.app.ContextImpl.startService:1816 android.content.ContextWrapper.startService:774 com.thundercomm.gamemode.ingame.services.GameModeActionUtils.startGameModeService:99 com.thundercomm.gamemode.ingame.services.GameModeActionUtils.startGameModeEntry:22 com.thundercomm.gamemode.ingame.services.ActivityMonitoringService$1.onActivityLaunch:127
12-16 04:52:31.292 2554 4017 D GameModeIF_GameModeSettings: getUriFor setting_content_uri_root = content://com.thundercomm.gamemode.api/gamemode_settings , name = gamemode_isgaming
12-16 04:52:31.292 2554 2554 D GameMode_GameModeService: type=hide_entry
12-16 04:52:31.292 1519 2220 W WindowManager: Failed looking up window session=Session{60faefb 4585:u0a10052} callers=com.android.server.wm.WindowManagerService.windowForClientLocked:5628 com.android.server.wm.Session.insetsModified:629 android.view.IWindowSession$Stub.onTransact:1151
12-16 04:52:31.293 2100 5170 D KeyguardViewMediator: setOccluded true
12-16 04:52:31.293 2100 2100 V KeyguardUpdateMonitor: startListeningForFingerprint()
12-16 04:52:31.294 2100 2100 D KeyguardViewMediator: adjustStatusBarLocked: mShowing=false mOccluded=true isSecure=false force=false --> flags=0x0
