12-16 04:43:50.166 1519 1519 I SystemServerTiming: MakeTelephonyRegistryReady
12-16 04:43:50.166 1519 1519 I SystemServerTiming: MakeMediaRouterServiceReady
12-16 04:43:50.166 1519 1519 I SystemServerTiming: MakeMmsServiceReady
12-16 04:43:50.166 1519 1519 I MmsServiceBroker: Delay connecting to MmsService until an API is called
12-16 04:43:50.167 1519 1519 I SystemServerTiming: IncidentDaemonReady
12-16 04:43:50.167 1519 1519 I SystemServerTiming: MakeIncrementalServiceReady
12-16 04:43:50.167 1519 1519 I SystemServerTiming: getCurrentUser
12-16 04:43:50.167 1519 1519 I ActivityManager: Current user:0
12-16 04:43:50.167 1519 1519 I SystemServerTiming: ActivityManagerStartApps
12-16 04:43:50.167 1519 1519 I SystemServerTiming: ssm.StartUser-0
12-16 04:43:50.167 1519 1519 I SystemServiceManager: Calling onStartUser 0
12-16 04:43:50.167 1519 1519 I SystemServerTiming: ssm.onStartUser-0_com.android.server.security.FileIntegrityService
12-16 04:43:50.167 1519 1519 I SystemServerTiming: ssm.onStartUser-0_com.android.server.pm.Installer
12-16 04:43:50.168 1519 1519 I SystemServerTiming: ssm.onStartUser-0_com.android.server.os.DeviceIdentifiersPolicyService
12-16 04:43:50.168 1519 1519 I SystemServerTiming: ssm.onStartUser-0_com.android.server.uri.UriGrantsManagerService$Lifecycle
12-16 04:43:50.168 1519 1519 I SystemServerTiming: ssm.onStartUser-0_com.android.server.powerstats.PowerStatsService
12-16 04:43:50.168 1519 1519 I SystemServerTiming: ssm.onStartUser-0_com.android.server.wm.ActivityTaskManagerService$Lifecycle
12-16 04:43:50.168 1519 1519 I SystemServerTiming: ssm.onStartUser-0_com.android.server.am.ActivityManagerService$Lifecycle
12-16 04:43:50.168 1519 1519 I SystemServerTiming: ssm.onStartUser-0_com.android.server.pm.DataLoaderManagerService
12-16 04:43:50.168 1519 1519 I SystemServerTiming: ssm.onStartUser-0_com.android.server.power.PowerManagerService
12-16 04:43:50.168 1519 1519 I SystemServerTiming: ssm.onStartUser-0_com.android.server.power.ThermalManagerService
12-16 04:43:50.168 1519 1519 I SystemServerTiming: ssm.onStartUser-0_com.android.server.power.hint.HintManagerService
12-16 04:43:50.168 1519 1519 I SystemServerTiming: ssm.onStartUser-0_com.android.server.recoverysystem.RecoverySystemService$Lifecycle
12-16 04:43:50.168 1519 1519 I SystemServerTiming: ssm.onStartUser-0_com.android.server.lights.LightsService
12-16 04:43:50.168 1519 1519 I SystemServerTiming: ssm.onStartUser-0_com.android.server.display.DisplayManagerService
12-16 04:43:50.168 1519 1519 I SystemServerTiming: ssm.onStartUser-0_com.android.server.pm.verify.domain.DomainVerificationService
12-16 04:43:50.168 1519 1519 I SystemServerTiming: ssm.onStartUser-0_com.android.server.pm.PackageInstallerService$Lifecycle
12-16 04:43:50.168 1519 1519 I SystemServerTiming: ssm.onStartUser-0_com.android.server.pm.UserManagerService$LifeCycle
12-16 04:43:50.168 1519 1519 I SystemServerTiming: ssm.onStartUser-0_com.android.server.om.OverlayManagerService
12-16 04:43:50.168 1519 1519 I SystemServerTiming: ssm.onStartUser-0_com.android.server.SensorPrivacyService
12-16 04:43:50.168 1519 1519 I SystemServerTiming: ssm.onStartUser-0_com.android.server.sensors.SensorService
12-16 04:43:50.168 1519 1519 I SystemServerTiming: ssm.onStartUser-0_com.android.server.SystemConfigService
12-16 04:43:50.168 1519 1519 I SystemServerTiming: ssm.onStartUser-0_com.android.server.BatteryService
12-16 04:43:50.168 1519 1519 I SystemServerTiming: ssm.onStartUser-0_com.android.server.usage.UsageStatsService
12-16 04:43:50.168 1519 1519 I SystemServerTiming: ssm.onStartUser-0_com.android.server.webkit.WebViewUpdateService
12-16 04:43:50.168 1519 1519 I SystemServerTiming: ssm.onStartUser-0_com.android.server.CachedDeviceStateService
12-16 04:43:50.168 1519 1519 I SystemServerTiming: ssm.onStartUser-0_com.android.server.BinderCallsStatsService$LifeCycle
12-16 04:43:50.168 1519 1519 I SystemServerTiming: ssm.onStartUser-0_com.android.server.LooperStatsService$Lifecycle
12-16 04:43:50.168 1519 1519 I SystemServerTiming: ssm.onStartUser-0_com.android.server.rollback.RollbackManagerService
12-16 04:43:50.168 1519 1519 I SystemServerTiming: ssm.onStartUser-0_com.android.server.os.NativeTombstoneManagerService
12-16 04:43:50.168 1519 1519 I SystemServerTiming: ssm.onStartUser-0_com.android.server.os.BugreportManagerService
12-16 04:43:50.168 1519 1519 I SystemServerTiming: ssm.onStartUser-0_com.android.server.gpu.GpuService
12-16 04:43:50.168 1519 1519 I SystemServerTiming: ssm.onStartUser-0_com.android.server.security.KeyChainSystemService
12-16 04:43:50.168 1519 1519 I SystemServerTiming: ssm.onStartUser-0_com.android.server.telecom.TelecomLoaderService
12-16 04:43:50.168 1519 1519 I SystemServerTiming: ssm.onStartUser-0_com.android.server.accounts.AccountManagerService$Lifecycle
12-16 04:43:50.168 1519 1519 I SystemServerTiming: ssm.onStartUser-0_com.android.server.content.ContentService$Lifecycle
12-16 04:43:50.168 1519 1519 I SystemServerTiming: ssm.onStartUser-0_com.android.server.DropBoxManagerService
12-16 04:43:50.168 1519 1519 I SystemServerTiming: ssm.onStartUser-0_com.android.role.RoleService
12-16 04:43:50.170 1519 1630 I ActivityManager: Start proc 2225:com.android.networkstack.process/1073 for service {com.android.networkstack/com.android.server.NetworkStackService}
01-01 08:56:52.081 0 0 I binder : 2222:2222 ioctl 40046210 ffda25c8 returned -22
01-01 08:56:52.083 0 0 I binder : 2224:2224 ioctl 40046210 7fe3d00364 returned -22
12-16 04:43:50.185 1519 1956 W PackageManager: Loading a package that does not exist for the calling user. package=null, user=0
12-16 04:43:50.192 1519 1956 W PackageManager: Loading a package that does not exist for the calling user. package=null, user=0
01-01 08:56:52.097 0 0 I binder : 2225:2225 ioctl 40046210 7fe3d00364 returned -22
12-16 04:43:50.198 1519 1956 D CompatibilityChangeReporter: Compat change id reported: 168419799; UID 1073; state: DISABLED
12-16 04:43:50.203 1519 1956 D CompatibilityChangeReporter: Compat change id reported: 168419799; UID 1073; state: DISABLED
12-16 04:43:50.221 1519 1956 I ActivityManager: Process WebViewLoader-armeabi-v7a (pid 2222) has died: psvc PER
01-01 08:56:52.128 0 0 E init : Control message: Could not find 'vendor.qti.hardware.iop@2.0::IIop/default' for ctl.interface_start from pid: 524 (/system/bin/hwservicemanager)
01-01 08:56:52.129 0 0 E init : Control message: Could not find 'vendor.qti.hardware.iop@2.0::IIop/default' for ctl.interface_start from pid: 524 (/system/bin/hwservicemanager)
12-16 04:43:50.240 1519 1956 I ActivityManager: Process WebViewLoader-arm64-v8a (pid 2224) has died: psvc PER
01-01 08:56:52.147 0 0 E init : Control message: Could not find 'vendor.qti.hardware.iop@2.0::IIop/default' for ctl.interface_start from pid: 524 (/system/bin/hwservicemanager)
12-16 04:43:50.253 1519 1519 W SystemServiceManager: Service com.android.role.RoleService took 84 ms in onStartUser-0
12-16 04:43:50.253 1519 1519 I SystemServerTiming: ssm.onStartUser-0_com.android.server.vibrator.VibratorManagerService$Lifecycle
12-16 04:43:50.253 1519 1519 I SystemServerTiming: ssm.onStartUser-0_com.android.server.alarm.AlarmManagerService
12-16 04:43:50.253 1519 1519 I SystemServerTiming: ssm.onStartUser-0_com.android.server.devicestate.DeviceStateManagerService
12-16 04:43:50.253 1519 1519 I SystemServerTiming: ssm.onStartUser-0_com.android.server.camera.CameraServiceProxy
12-16 04:43:50.254 1519 1519 I SystemServerTiming: ssm.onStartUser-0_com.android.server.BluetoothService
12-16 04:43:50.254 1519 1519 I SystemServerTiming: ssm.onStartUser-0_com.android.server.connectivity.IpConnectivityMetrics
12-16 04:43:50.254 1519 1519 I SystemServerTiming: ssm.onStartUser-0_com.android.server.net.watchlist.NetworkWatchlistService$Lifecycle
12-16 04:43:50.254 1519 1519 I SystemServerTiming: ssm.onStartUser-0_com.android.server.PinnerService
12-16 04:43:50.254 1519 1519 I SystemServerTiming: ssm.onStartUser-0_com.google.android.startop.iorap.IorapForwardingService
12-16 04:43:50.254 1519 1519 I SystemServerTiming: ssm.onStartUser-0_com.android.server.ActivityTriggerService
12-16 04:43:50.254 1519 1519 I SystemServerTiming: ssm.onStartUser-0_com.android.server.integrity.AppIntegrityManagerService
12-16 04:43:50.254 1519 1519 I SystemServerTiming: ssm.onStartUser-0_com.android.server.inputmethod.InputMethodManagerService$Lifecycle
12-16 04:43:50.254 1519 1519 I SystemServerTiming: ssm.onStartUser-0_com.android.server.accessibility.AccessibilityManagerService$Lifecycle
12-16 04:43:50.254 1519 1519 I SystemServerTiming: ssm.onStartUser-0_com.android.server.StorageManagerService$Lifecycle
12-16 04:43:50.257 1519 1519 V StorageManagerService: Package com.sohu.inputmethod.sogou.car has legacy storage
12-16 04:43:50.257 1519 1519 V StorageManagerService: Package android.frameworkres.overlay does not have legacy storage
12-16 04:43:50.257 1519 1519 V StorageManagerService: Package com.android.cts.priv.ctsshim does not have legacy storage
12-16 04:43:50.257 1519 1519 V StorageManagerService: Package com.thundercomm.gamemode.provider does not have legacy storage
12-16 04:43:50.257 1519 1519 V StorageManagerService: Package com.thundercomm.gamemode does not have legacy storage
12-16 04:43:50.257 1519 1519 V StorageManagerService: Package com.thundercomm.microservice does not have legacy storage
12-16 04:43:50.257 1519 1519 V StorageManagerService: Package com.android.dynsystem does not have legacy storage
12-16 04:43:50.257 1519 1519 V StorageManagerService: Package com.hht.lebocast does not have legacy storage
12-16 04:43:50.257 1519 1519 V StorageManagerService: Package com.android.providers.calendar does not have legacy storage
12-16 04:43:50.257 1519 1519 V StorageManagerService: Package com.android.providers.media does not have legacy storage
12-16 04:43:50.257 1519 1519 V StorageManagerService: Package com.android.internal.systemui.navbar.gestural_wide_back does not have legacy storage
12-16 04:43:50.257 1519 1519 V StorageManagerService: Package com.android.wallpapercropper does not have legacy storage
12-16 04:43:50.257 1519 1519 V StorageManagerService: Package com.thundercomm.microsettings does not have legacy storage
12-16 04:43:50.257 1519 1519 V StorageManagerService: Package com.qualcomm.qti.gpudrivers.kona.api30 does not have legacy storage
12-16 04:43:50.257 1519 1519 V StorageManagerService: Package com.android.documentsui does not have legacy storage
12-16 04:43:50.258 1519 1519 V StorageManagerService: Package com.android.externalstorage does not have legacy storage
12-16 04:43:50.258 1519 1519 V StorageManagerService: Package com.android.htmlviewer does not have legacy storage
12-16 04:43:50.258 1519 1519 V StorageManagerService: Package com.qualcomm.qti.uceShimService does not have legacy storage
12-16 04:43:50.258 1519 1519 V StorageManagerService: Package com.android.companiondevicemanager does not have legacy storage
12-16 04:43:50.258 1519 1519 V StorageManagerService: Package com.qualcomm.qti.qms.service.connectionsecurity does not have legacy storage
12-16 04:43:50.258 1519 1519 V StorageManagerService: Package com.android.providers.downloads does not have legacy storage
12-16 04:43:50.258 1519 1519 V StorageManagerService: Package com.android.internal.systemui.onehanded.gestural does not have legacy storage
12-16 04:43:50.258 1519 1519 V StorageManagerService: Package vendor.qti.hardware.cacert.server does not have legacy storage
12-16 04:43:50.258 1519 1519 V StorageManagerService: Package com.thundercomm.tchttpserver does not have legacy storage
12-16 04:43:50.258 1519 1519 V StorageManagerService: Package vendor.qti.iwlan does not have legacy storage
12-16 04:43:50.258 1519 1519 V StorageManagerService: Package com.tc.logclient does not have legacy storage
12-16 04:43:50.258 1519 1519 V StorageManagerService: Package android.qvaoverlay.common does not have legacy storage
12-16 04:43:50.258 1519 1519 V StorageManagerService: Package com.android.providers.downloads.ui does not have legacy storage
12-16 04:43:50.258 1519 1519 V StorageManagerService: Package com.android.pacprocessor does not have legacy storage
12-16 04:43:50.258 1519 1519 V StorageManagerService: Package com.android.networkstack does not have legacy storage
12-16 04:43:50.258 1519 1519 V StorageManagerService: Package android.overlay.common does not have legacy storage
12-16 04:43:50.258 1519 1519 V StorageManagerService: Package com.android.connectivity.resources does not have legacy storage
12-16 04:43:50.258 1519 1519 V StorageManagerService: Package com.android.modulemetadata does not have legacy storage
12-16 04:43:50.259 1519 1519 V StorageManagerService: Package com.android.certinstaller does not have legacy storage
12-16 04:43:50.259 1519 1519 V StorageManagerService: Package android does not have legacy storage
12-16 04:43:50.259 1519 1519 V StorageManagerService: Package com.qualcomm.wfd.service does not have legacy storage
12-16 04:43:50.259 1519 1519 V StorageManagerService: Package com.thundercomm.tcsetupwizard does not have legacy storage
12-16 04:43:50.259 1519 1519 V StorageManagerService: Package ts.car.uart does not have legacy storage
12-16 04:43:50.259 1519 1519 V StorageManagerService: Package com.android.egg does not have legacy storage
12-16 04:43:50.259 1519 1519 V StorageManagerService: Package com.android.mtp does not have legacy storage
12-16 04:43:50.259 1519 1519 V StorageManagerService: Package com.android.nfc does not have legacy storage
12-16 04:43:50.259 1519 1519 V StorageManagerService: Package com.android.stk does not have legacy storage
12-16 04:43:50.259 1519 1519 V StorageManagerService: Package com.android.launcher3 does not have legacy storage
12-16 04:43:50.259 1519 1519 V StorageManagerService: Package com.android.backupconfirm does not have legacy storage
12-16 04:43:50.259 1519 1519 V StorageManagerService: Package vendor.qti.qesdk.sysservice does not have legacy storage
12-16 04:43:50.259 1519 1519 V StorageManagerService: Package com.hryt.hiphishowfsecontrol does not have legacy storage
12-16 04:43:50.259 1519 1519 V StorageManagerService: Package com.android.provision does not have legacy storage
12-16 04:43:50.259 1519 1519 V StorageManagerService: Package android.overlay.target does not have legacy storage
12-16 04:43:50.259 1519 1519 V StorageManagerService: Package com.microsoft.emmx does not have legacy storage
12-16 04:43:50.259 1519 1519 V StorageManagerService: Package com.qti.pasrservice does not have legacy storage
12-16 04:43:50.259 1519 1519 V StorageManagerService: Package com.android.settings.intelligence does not have legacy storage
12-16 04:43:50.260 1519 1519 V StorageManagerService: Package com.android.calendar does not have legacy storage
12-16 04:43:50.260 1519 1519 V StorageManagerService: Package com.android.internal.systemui.navbar.gestural_extra_wide_back does not have legacy storage
12-16 04:43:50.260 1519 1519 V StorageManagerService: Package com.qualcomm.qti.dynamicddsservice does not have legacy storage
12-16 04:43:50.260 1519 1519 V StorageManagerService: Package com.qualcomm.qti.xrvd.service does not have legacy storage
12-16 04:43:50.260 1519 1519 V StorageManagerService: Package com.android.providers.settings does not have legacy storage
12-16 04:43:50.260 1519 1519 V StorageManagerService: Package com.android.sharedstoragebackup does not have legacy storage
12-16 04:43:50.260 1519 1519 V StorageManagerService: Package com.android.printspooler does not have legacy storage
12-16 04:43:50.260 1519 1519 V StorageManagerService: Package com.qti.qualcomm.mstatssystemservice does not have legacy storage
12-16 04:43:50.260 1519 1519 V StorageManagerService: Package com.qualcomm.qti.services.systemhelper does not have legacy storage
12-16 04:43:50.260 1519 1519 V StorageManagerService: Package com.android.wifi.resources.overlay.common does not have legacy storage
12-16 04:43:50.260 1519 1519 V StorageManagerService: Package com.android.dreams.basic does not have legacy storage
12-16 04:43:50.260 1519 1519 V StorageManagerService: Package com.android.webview does not have legacy storage
12-16 04:43:50.260 1519 1519 V StorageManagerService: Package com.android.se does not have legacy storage
12-16 04:43:50.260 1519 1519 V StorageManagerService: Package com.android.inputdevices does not have legacy storage
12-16 04:43:50.260 1519 1519 V StorageManagerService: Package com.android.bips does not have legacy storage
12-16 04:43:50.260 1519 1519 V StorageManagerService: Package com.qti.dpmserviceapp does not have legacy storage
12-16 04:43:50.260 1519 1519 V StorageManagerService: Package com.thundercomm.remotecontrolservice does not have legacy storage
12-16 04:43:50.260 1519 1519 V StorageManagerService: Package com.android.musicfx does not have legacy storage
12-16 04:43:50.260 1519 1519 V StorageManagerService: Package com.android.settings.overlay.common does not have legacy storage
12-16 04:43:50.261 1519 1519 V StorageManagerService: Package com.qualcomm.qti.qccnetstat does not have legacy storage
12-16 04:43:50.261 1519 1519 V StorageManagerService: Package android.ext.shared does not have legacy storage
12-16 04:43:50.261 1519 1519 V StorageManagerService: Package com.android.onetimeinitializer does not have legacy storage
12-16 04:43:50.261 1519 1519 V StorageManagerService: Package com.android.server.telecom does not have legacy storage
12-16 04:43:50.261 1519 1519 V StorageManagerService: Package com.android.keychain does not have legacy storage
12-16 04:43:50.261 1519 1519 V StorageManagerService: Package com.qti.snapdragon.qdcm_ff does not have legacy storage
12-16 04:43:50.261 1519 1519 V StorageManagerService: Package com.android.wifi.resources.overlay.target does not have legacy storage
12-16 04:43:50.261 1519 1519 V StorageManagerService: Package com.android.printservice.recommendation does not have legacy storage
12-16 04:43:50.261 1519 1519 V StorageManagerService: Package com.thundercomm.mcuupgrade does not have legacy storage
12-16 04:43:50.261 1519 1519 V StorageManagerService: Package com.android.gallery3d has legacy storage
12-16 04:43:50.261 1519 1519 V StorageManagerService: Package android.ext.services does not have legacy storage
12-16 04:43:50.261 1519 1519 V StorageManagerService: Package com.android.wifi.resources does not have legacy storage
12-16 04:43:50.262 1519 1519 V StorageManagerService: Package com.baidu.input does not have legacy storage
12-16 04:43:50.262 1519 1519 V StorageManagerService: Package com.android.systemui.overlay.common does not have legacy storage
12-16 04:43:50.262 1519 1519 V StorageManagerService: Package com.android.cameraextensions does not have legacy storage
12-16 04:43:50.262 1519 1519 V StorageManagerService: Package com.thundercomm.tcservice does not have legacy storage
12-16 04:43:50.262 1519 1519 V StorageManagerService: Package com.android.localtransport does not have legacy storage
12-16 04:43:50.262 1519 1519 V StorageManagerService: Package com.android.packageinstaller does not have legacy storage
12-16 04:43:50.262 1519 1519 V StorageManagerService: Package com.qualcomm.qti.devicestatisticsservice does not have legacy storage
12-16 04:43:50.262 1519 1519 V StorageManagerService: Package com.android.theme.font.notoserifsource does not have legacy storage
12-16 04:43:50.262 1519 1519 V StorageManagerService: Package com.android.proxyhandler does not have legacy storage
12-16 04:43:50.262 1519 1519 V StorageManagerService: Package com.android.internal.display.cutout.emulation.waterfall does not have legacy storage
12-16 04:43:50.262 1519 1519 V StorageManagerService: Package com.qualcomm.qti.workloadclassifier does not have legacy storage
12-16 04:43:50.262 1519 1519 V StorageManagerService: Package com.android.inputmethod.latin does not have legacy storage
12-16 04:43:50.262 1519 1519 V StorageManagerService: Package com.android.providers.settings.overlay does not have legacy storage
12-16 04:43:50.262 1519 1519 V StorageManagerService: Package com.android.managedprovisioning does not have legacy storage
12-16 04:43:50.262 1519 1519 V StorageManagerService: Package com.android.networkstack.tethering does not have legacy storage
12-16 04:43:50.263 1519 1519 V StorageManagerService: Package com.android.soundpicker does not have legacy storage
12-16 04:43:50.263 1519 1519 V StorageManagerService: Package com.android.dreams.phototable does not have legacy storage
12-16 04:43:50.263 1519 1519 V StorageManagerService: Package com.thundercomm.screensaver does not have legacy storage
12-16 04:43:50.263 1519 1519 V StorageManagerService: Package com.android.wallpaper.livepicker does not have legacy storage
12-16 04:43:50.263 1519 1519 V StorageManagerService: Package com.android.apps.tag does not have legacy storage
12-16 04:43:50.263 1519 1519 V StorageManagerService: Package com.android.storagemanager does not have legacy storage
12-16 04:43:50.263 1519 1519 V StorageManagerService: Package com.android.bookmarkprovider does not have legacy storage
12-16 04:43:50.263 1519 1519 V StorageManagerService: Package com.android.settings does not have legacy storage
12-16 04:43:50.263 1519 1519 V StorageManagerService: Package com.android.networkstack.permissionconfig does not have legacy storage
12-16 04:43:50.263 1519 1519 V StorageManagerService: Package com.qualcomm.location does not have legacy storage
12-16 04:43:50.263 1519 1519 V StorageManagerService: Package com.android.cts.ctsshim does not have legacy storage
12-16 04:43:50.263 1519 1519 V StorageManagerService: Package com.qti.diagservices does not have legacy storage
12-16 04:43:50.263 1519 1519 V StorageManagerService: Package com.android.vpndialogs does not have legacy storage
12-16 04:43:50.263 1519 1519 V StorageManagerService: Package com.qualcomm.location.XT does not have legacy storage
12-16 04:43:50.263 1519 1519 V StorageManagerService: Package com.android.music does not have legacy storage
12-16 04:43:50.263 1519 1519 V StorageManagerService: Package com.android.shell does not have legacy storage
12-16 04:43:50.263 1519 1519 V StorageManagerService: Package com.android.wallpaperbackup does not have legacy storage
12-16 04:43:50.263 1519 1519 V StorageManagerService: Package com.android.providers.userdictionary does not have legacy storage
12-16 04:43:50.263 1519 1519 V StorageManagerService: Package com.android.providers.media.module does not have legacy storage
12-16 04:43:50.264 1519 1519 V StorageManagerService: Package com.android.emergency does not have legacy storage
12-16 04:43:50.264 1519 1519 V StorageManagerService: Package com.android.hotspot2.osulogin does not have legacy storage
12-16 04:43:50.264 1519 1519 V StorageManagerService: Package com.qualcomm.qti.qdma does not have legacy storage
12-16 04:43:50.264 1519 1519 V StorageManagerService: Package com.qualcomm.qti.xrcb does not have legacy storage
12-16 04:43:50.264 1519 1519 V StorageManagerService: Package com.android.internal.systemui.navbar.gestural does not have legacy storage
12-16 04:43:50.264 1519 1519 V StorageManagerService: Package com.android.location.fused does not have legacy storage
12-16 04:43:50.264 1519 1519 V StorageManagerService: Package com.android.deskclock does not have legacy storage
12-16 04:43:50.265 1519 1519 V StorageManagerService: Package com.android.systemui does not have legacy storage
12-16 04:43:50.265 1519 1519 V StorageManagerService: Package com.android.bluetoothmidiservice does not have legacy storage
12-16 04:43:50.265 1519 1519 V StorageManagerService: Package com.qti.ltebc does not have legacy storage
12-16 04:43:50.265 1519 1519 V StorageManagerService: Package com.android.permissioncontroller does not have legacy storage
12-16 04:43:50.265 1519 1519 V StorageManagerService: Package com.android.traceur does not have legacy storage
12-16 04:43:50.265 1519 1519 V StorageManagerService: Package com.qualcomm.qti.qccauthmgr does not have legacy storage
12-16 04:43:50.265 1519 1519 V StorageManagerService: Package com.qualcomm.qti.qms.service.trustzoneaccess does not have legacy storage
12-16 04:43:50.265 1519 1519 V StorageManagerService: Package com.qualcomm.qtil.aptxui does not have legacy storage
12-16 04:43:50.265 1519 1519 V StorageManagerService: Package com.android.bluetooth does not have legacy storage
12-16 04:43:50.266 1519 1519 V StorageManagerService: Package com.qualcomm.timeservice does not have legacy storage
12-16 04:43:50.266 1519 1519 V StorageManagerService: Package com.qualcomm.embms does not have legacy storage
12-16 04:43:50.266 1519 1519 V StorageManagerService: Package com.android.providers.contacts does not have legacy storage
12-16 04:43:50.266 1519 1519 V StorageManagerService: Package com.android.captiveportallogin does not have legacy storage
12-16 04:43:50.266 1519 1519 V StorageManagerService: Package com.android.internal.systemui.navbar.gestural_narrow_back does not have legacy storage
12-16 04:43:50.266 1519 1519 V StorageManagerService: Package com.android.cellbroadcastreceiver.overlay.common does not have legacy storage
12-16 04:43:50.266 1519 1519 I SystemServerTiming: ssm.onStartUser-0_com.android.server.usage.StorageStatsService$Lifecycle
12-16 04:43:50.266 1519 1519 I SystemServerTiming: ssm.onStartUser-0_com.android.server.UiModeManagerService
12-16 04:43:50.266 1519 1519 I SystemServerTiming: ssm.onStartUser-0_com.android.server.locksettings.LockSettingsService$Lifecycle
12-16 04:43:50.267 1519 1519 I SystemServerTiming: ssm.onStartUser-0_com.android.server.PersistentDataBlockService
12-16 04:43:50.267 1519 1519 I SystemServerTiming: ssm.onStartUser-0_com.android.server.testharness.TestHarnessModeService
12-16 04:43:50.267 1519 1519 I SystemServerTiming: ssm.onStartUser-0_com.android.server.oemlock.OemLockService
12-16 04:43:50.267 1519 1519 I SystemServerTiming: ssm.onStartUser-0_com.android.server.DeviceIdleController
12-16 04:43:50.267 1519 1519 I SystemServerTiming: ssm.onStartUser-0_com.android.server.devicepolicy.DevicePolicyManagerService$Lifecycle
12-16 04:43:50.267 1519 1519 I SystemServerTiming: ssm.onStartUser-0_com.android.server.texttospeech.TextToSpeechManagerService
12-16 04:43:50.267 1519 1519 I SystemServerTiming: ssm.onStartUser-0_com.android.server.speech.SpeechRecognitionManagerService
12-16 04:43:50.267 1519 1519 I SystemServerTiming: ssm.onStartUser-0_com.android.server.searchui.SearchUiManagerService
12-16 04:43:50.267 1519 1519 I SystemServerTiming: ssm.onStartUser-0_com.android.server.smartspace.SmartspaceManagerService
12-16 04:43:50.267 1519 1519 I SystemServerTiming: ssm.onStartUser-0_com.android.server.graphics.fonts.FontManagerService$Lifecycle
12-16 04:43:50.267 1519 1519 I SystemServerTiming: ssm.onStartUser-0_com.android.server.textservices.TextServicesManagerService$Lifecycle
12-16 04:43:50.267 1519 1519 I SystemServerTiming: ssm.onStartUser-0_com.android.server.textclassifier.TextClassificationManagerService$Lifecycle
12-16 04:43:50.267 1519 1519 I SystemServerTiming: ssm.onStartUser-0_com.android.server.NetworkScoreService$Lifecycle
12-16 04:43:50.267 1519 1519 I SystemServerTiming: ssm.onStartUser-0_com.android.server.wifi.WifiService
12-16 04:43:50.267 1519 1519 I SystemServerTiming: ssm.onStartUser-0_com.android.server.wifi.scanner.WifiScanningService
12-16 04:43:50.267 1519 1519 I SystemServerTiming: ssm.onStartUser-0_com.android.server.wifi.rtt.RttService
12-16 04:43:50.267 1519 1519 I SystemServerTiming: ssm.onStartUser-0_com.android.server.wifi.aware.WifiAwareService
12-16 04:43:50.267 1519 1519 I SystemServerTiming: ssm.onStartUser-0_com.android.server.wifi.p2p.WifiP2pService
12-16 04:43:50.267 1519 1519 I SystemServerTiming: ssm.onStartUser-0_com.android.server.ethernet.EthernetService
12-16 04:43:50.267 1519 1519 I SystemServerTiming: ssm.onStartUser-0_com.android.server.ConnectivityServiceInitializer
12-16 04:43:50.267 1519 1519 I SystemServerTiming: ssm.onStartUser-0_com.android.server.notification.NotificationManagerService
12-16 04:43:50.267 1519 1519 I SystemServerTiming: ssm.onStartUser-0_com.android.server.storage.DeviceStorageMonitorService
12-16 04:43:50.267 1519 1519 I SystemServerTiming: ssm.onStartUser-0_com.android.server.location.LocationManagerService$Lifecycle
12-16 04:43:50.268 1519 1519 I SystemServerTiming: ssm.onStartUser-0_com.android.server.timedetector.TimeDetectorService$Lifecycle
12-16 04:43:50.268 1519 1519 I SystemServerTiming: ssm.onStartUser-0_com.android.server.timezonedetector.TimeZoneDetectorService$Lifecycle
12-16 04:43:50.268 1519 1519 I SystemServerTiming: ssm.onStartUser-0_com.android.server.timezonedetector.location.LocationTimeZoneManagerService$Lifecycle
12-16 04:43:50.268 1519 1519 I SystemServerTiming: ssm.onStartUser-0_com.android.server.search.SearchManagerService$Lifecycle
12-16 04:43:50.268 1519 1519 I SystemServerTiming: ssm.onStartUser-0_com.android.server.wallpaper.WallpaperManagerService$Lifecycle
12-16 04:43:50.268 1519 1519 I SystemServerTiming: ssm.onStartUser-0_com.android.server.audio.AudioService$Lifecycle
12-16 04:43:50.268 1519 1519 I SystemServerTiming: ssm.onStartUser-0_com.android.server.soundtrigger_middleware.SoundTriggerMiddlewareService$Lifecycle
12-16 04:43:50.268 1519 1519 I SystemServerTiming: ssm.onStartUser-0_com.android.server.DockObserver
12-16 04:43:50.268 1519 1519 I SystemServerTiming: ssm.onStartUser-0_com.android.server.midi.MidiService$Lifecycle
12-16 04:43:50.268 1519 1519 I SystemServerTiming: ssm.onStartUser-0_com.android.server.adb.AdbService$Lifecycle
12-16 04:43:50.268 1519 1519 I SystemServerTiming: ssm.onStartUser-0_com.android.server.usb.UsbService$Lifecycle
12-16 04:43:50.268 1519 1519 I SystemServerTiming: ssm.onStartUser-0_com.android.server.twilight.TwilightService
12-16 04:43:50.268 1519 1519 I SystemServerTiming: ssm.onStartUser-0_com.android.server.display.color.ColorDisplayService
12-16 04:43:50.268 1519 1519 I SystemServerTiming: ssm.onStartUser-0_com.android.server.job.JobSchedulerService
12-16 04:43:50.268 1519 1519 I SystemServerTiming: ssm.onStartUser-0_com.android.server.soundtrigger.SoundTriggerService
12-16 04:43:50.268 1519 1519 I SystemServerTiming: ssm.onStartUser-0_com.android.server.trust.TrustManagerService
12-16 04:43:50.268 1519 1519 I SystemServerTiming: ssm.onStartUser-0_com.android.server.backup.BackupManagerService$Lifecycle
12-16 04:43:50.268 1519 1519 I SystemServerTiming: ssm.onStartUser-0_com.android.server.appwidget.AppWidgetService
12-16 04:43:50.268 1519 1519 I SystemServerTiming: ssm.onStartUser-0_com.android.server.voiceinteraction.VoiceInteractionManagerService
12-16 04:43:50.269 1519 1519 W VoiceInteractionManager: no available voice recognition services found for user 0
12-16 04:43:50.269 1519 1519 I SystemServerTiming: ssm.onStartUser-0_com.android.server.apphibernation.AppHibernationService
12-16 04:43:50.269 1519 1519 I SystemServerTiming: ssm.onStartUser-0_com.android.server.GestureLauncherService
12-16 04:43:50.269 1519 1519 I SystemServerTiming: ssm.onStartUser-0_com.android.server.SensorNotificationService
12-16 04:43:50.269 1519 1519 I SystemServerTiming: ssm.onStartUser-0_com.android.server.emergency.EmergencyAffordanceService
12-16 04:43:50.269 1519 1519 I SystemServerTiming: ssm.onStartUser-0_com.android.server.blob.BlobStoreManagerService
12-16 04:43:50.269 1519 1519 I SystemServerTiming: ssm.onStartUser-0_com.android.server.dreams.DreamManagerService
12-16 04:43:50.269 1519 1519 I SystemServerTiming: ssm.onStartUser-0_com.android.server.companion.CompanionDeviceManagerService
12-16 04:43:50.269 1519 1519 I SystemServerTiming: ssm.onStartUser-0_com.android.server.restrictions.RestrictionsManagerService
12-16 04:43:50.269 1519 1519 I SystemServerTiming: ssm.onStartUser-0_com.android.server.media.MediaSessionService
12-16 04:43:50.269 1519 1519 I SystemServerTiming: ssm.onStartUser-0_com.android.server.media.MediaResourceMonitorService
12-16 04:43:50.269 1519 1519 I SystemServerTiming: ssm.onStartUser-0_com.android.server.biometrics.sensors.fingerprint.FingerprintService
12-16 04:43:50.269 1519 1519 I SystemServerTiming: ssm.onStartUser-0_com.android.server.biometrics.BiometricService
12-16 04:43:50.269 1519 1519 I SystemServerTiming: ssm.onStartUser-0_com.android.server.biometrics.AuthService
12-16 04:43:50.269 1519 1519 I SystemServerTiming: ssm.onStartUser-0_com.android.server.pm.ShortcutService$Lifecycle
12-16 04:43:50.269 1519 1519 I SystemServerTiming: ssm.onStartUser-0_com.android.server.pm.LauncherAppsService
12-16 04:43:50.269 1519 1519 I SystemServerTiming: ssm.onStartUser-0_com.android.server.pm.CrossProfileAppsService
12-16 04:43:50.269 1519 1519 I SystemServerTiming: ssm.onStartUser-0_com.android.server.people.PeopleService
12-16 04:43:50.269 1519 1519 I SystemServerTiming: ssm.onStartUser-0_com.android.server.media.metrics.MediaMetricsManagerService
12-16 04:43:50.269 1519 1519 I SystemServerTiming: ssm.onStartUser-0_com.android.server.media.projection.MediaProjectionManagerService
12-16 04:43:50.269 1519 1519 I SystemServerTiming: ssm.onStartUser-0_com.android.server.slice.SliceManagerService$Lifecycle
12-16 04:43:50.269 1519 1519 I SystemServerTiming: ssm.onStartUser-0_com.android.server.stats.StatsCompanion$Lifecycle
12-16 04:43:50.269 1519 1519 I SystemServerTiming: ssm.onStartUser-0_com.android.server.scheduling.RebootReadinessManagerService$Lifecycle
12-16 04:43:50.269 1519 1519 I SystemServerTiming: ssm.onStartUser-0_com.android.server.stats.pull.StatsPullAtomService
12-16 04:43:50.269 1519 1519 I SystemServerTiming: ssm.onStartUser-0_com.android.server.incident.IncidentCompanionService
12-16 04:43:50.269 1519 1519 I SystemServerTiming: ssm.onStartUser-0_com.android.server.MmsServiceBroker
12-16 04:43:50.269 1519 1519 I SystemServerTiming: ssm.onStartUser-0_com.android.server.autofill.AutofillManagerService
12-16 04:43:50.269 1519 1519 I SystemServerTiming: ssm.onStartUser-0_com.android.server.clipboard.ClipboardService
12-16 04:43:50.269 1519 1519 I SystemServerTiming: ssm.onStartUser-0_com.android.server.appbinding.AppBindingService$Lifecycle
12-16 04:43:50.269 1519 1519 W AppBindingService: [Default SMS app] u0 Target package not found
12-16 04:43:50.269 1519 1519 I SystemServerTiming: ssm.onStartUser-0_com.android.server.tracing.TracingServiceProxy
12-16 04:43:50.269 1519 1519 I SystemServerTiming: ssm.onStartUser-0_com.android.server.policy.PermissionPolicyService
12-16 04:43:50.269 1519 1519 I SystemServerTiming: ssm.onStartUser-0_com.android.server.pm.StagingManager$Lifecycle
12-16 04:43:50.269 1519 1519 I SystemServerTiming: ssm.onStartUser-0_com.android.server.app.GameManagerService$Lifecycle
12-16 04:43:50.270 1519 1519 V GameManagerService: Settings file doesn't exists, skip reading
12-16 04:43:50.270 1519 1519 I SystemServerTiming: ssm.onStartUser-0_com.android.server.appsearch.AppSearchManagerService
12-16 04:43:50.270 1519 1519 I SystemServerTiming: ssm.onStartUser-0_com.android.server.media.MediaCommunicationService
12-16 04:43:50.270 1519 1519 I SystemServerTiming: startPersistentApps
12-16 04:43:50.272 1519 1519 D CompatibilityChangeReporter: Compat change id reported: 135634846; UID 1000; state: DISABLED
12-16 04:43:50.272 1519 1519 D CompatibilityChangeReporter: Compat change id reported: 177438394; UID 1000; state: DISABLED
12-16 04:43:50.272 1519 1519 D CompatibilityChangeReporter: Compat change id reported: 135772972; UID 1000; state: DISABLED
12-16 04:43:50.272 1519 1519 D CompatibilityChangeReporter: Compat change id reported: 135754954; UID 1000; state: ENABLED
12-16 04:43:50.274 1519 1519 D CompatibilityChangeReporter: Compat change id reported: 135634846; UID 1001; state: DISABLED
12-16 04:43:50.274 1519 1519 D CompatibilityChangeReporter: Compat change id reported: 177438394; UID 1001; state: DISABLED
12-16 04:43:50.275 1519 1519 D CompatibilityChangeReporter: Compat change id reported: 135772972; UID 1001; state: DISABLED
12-16 04:43:50.275 1519 1519 D CompatibilityChangeReporter: Compat change id reported: 135754954; UID 1001; state: ENABLED
12-16 04:43:50.275 1519 1519 D CompatibilityChangeReporter: Compat change id reported: 135634846; UID 10055; state: DISABLED
12-16 04:43:50.276 1519 1519 D CompatibilityChangeReporter: Compat change id reported: 177438394; UID 10055; state: DISABLED
12-16 04:43:50.276 1519 1519 D CompatibilityChangeReporter: Compat change id reported: 135772972; UID 10055; state: DISABLED
12-16 04:43:50.276 1519 1519 D CompatibilityChangeReporter: Compat change id reported: 135754954; UID 10055; state: DISABLED
12-16 04:43:50.282 1519 1519 D CompatibilityChangeReporter: Compat change id reported: 135634846; UID 10083; state: DISABLED
12-16 04:43:50.283 1519 1519 D CompatibilityChangeReporter: Compat change id reported: 177438394; UID 10083; state: DISABLED
12-16 04:43:50.284 1519 1628 D CountryDetector: Using custom country detector class: com.android.server.location.ComprehensiveCountryDetector
12-16 04:43:50.284 1519 1628 E CountryDetector: Could not instantiate the custom country detector class
12-16 04:43:50.284 1519 1628 D CountryDetector: Using default country detector
12-16 04:43:50.285 1519 1519 D CompatibilityChangeReporter: Compat change id reported: 135772972; UID 10083; state: DISABLED
12-16 04:43:50.285 1519 1519 D CompatibilityChangeReporter: Compat change id reported: 135754954; UID 10083; state: DISABLED
12-16 04:43:50.286 1519 1519 D CompatibilityChangeReporter: Compat change id reported: 135634846; UID 1068; state: DISABLED
12-16 04:43:50.288 1519 1519 D CompatibilityChangeReporter: Compat change id reported: 135634846; UID 10070; state: DISABLED
12-16 04:43:50.288 1519 1519 D CompatibilityChangeReporter: Compat change id reported: 177438394; UID 10070; state: DISABLED
12-16 04:43:50.288 1519 1519 D CompatibilityChangeReporter: Compat change id reported: 135772972; UID 10070; state: DISABLED
12-16 04:43:50.288 1519 1519 D CompatibilityChangeReporter: Compat change id reported: 135754954; UID 10070; state: ENABLED
12-16 04:43:50.289 1519 1519 I SystemServerTiming: startHomeOnAllDisplays
12-16 04:43:50.290 1519 1519 I ActivityTaskManager: START u0 {act=android.intent.action.MAIN cat=[android.intent.category.HOME] flg=0x10000100 cmp=com.android.settings/.FallbackHome (has extras)} from uid 0
01-01 08:56:52.199 0 0 I binder : 2296:2296 ioctl 40046210 7fe3d00364 returned -22
12-16 04:43:50.300 1519 1519 D CompatibilityChangeReporter: Compat change id reported: 174042980; UID 1000; state: DISABLED
01-01 08:56:52.207 0 0 E init : Control message: Could not find 'vendor.qti.hardware.iop@2.0::IIop/default' for ctl.interface_start from pid: 524 (/system/bin/hwservicemanager)
12-16 04:43:50.305 1519 2313 W ContextImpl: Calling a method in the system process without a qualified user: android.app.ContextImpl.bindService:1895 android.content.ContextWrapper.bindService:810 com.qualcomm.qti.activityextension.ActivityNotifier.bindToDynamicDDSService:103 com.qualcomm.qti.activityextension.ActivityNotifier.handleSendActivityInvokeNotification:184 com.qualcomm.qti.activityextension.ActivityNotifier.access$300:26
12-16 04:43:50.305 1519 1519 D CompatibilityChangeReporter: Compat change id reported: 168419799; UID 1000; state: DISABLED
12-16 04:43:50.306 1519 1519 I ActivityTaskManager: FOREGROUND_APPLICATION_CHANGED to com.android.settings.FallbackHome
12-16 04:43:50.306 1519 1519 I SystemServerTiming: showSystemReadyErrorDialogs
12-16 04:43:50.329 1519 1519 I SystemServerTiming: sendUserStartBroadcast
12-16 04:43:50.330 1519 1519 I SystemServerTiming: resumeTopActivities
12-16 04:43:50.330 1519 1519 I SystemServerTiming: sendUserSwitchBroadcasts
12-16 04:43:50.331 1519 1519 I SystemServerTiming: setBinderProxies
12-16 04:43:50.331 1519 1519 I SystemServerTiming: StartSystemUI
12-16 04:43:50.331 1519 1630 W ActivityManager: Slow operation: 61ms so far, now at startProcess: done updating battery stats
12-16 04:43:50.331 1519 1630 W ActivityManager: Slow operation: 61ms so far, now at startProcess: building log message
12-16 04:43:50.331 1519 1630 I ActivityManager: Start proc 2296:com.thundercomm.microservice/1000 for added application com.thundercomm.microservice
12-16 04:43:50.331 1519 1630 W ActivityManager: Slow operation: 61ms so far, now at startProcess: starting to update pids map
12-16 04:43:50.331 1519 1630 W ActivityManager: Slow operation: 61ms so far, now at startProcess: done updating pids map
12-16 04:43:50.332 1519 1630 W ActivityManager: Slow operation: 59ms so far, now at startProcess: asking zygote to start proc
12-16 04:43:50.335 1519 1630 W ActivityManager: Slow operation: 63ms so far, now at startProcess: returned from zygote!
12-16 04:43:50.338 1519 2313 W ContextImpl: Calling a method in the system process without a qualified user: android.app.ContextImpl.bindService:1895 android.content.ContextWrapper.bindService:810 com.qualcomm.qti.activityextension.ActivityNotifier.bindToDynamicDDSService:103 com.qualcomm.qti.activityextension.ActivityNotifier.handleSendActivityInvokeNotification:184 com.qualcomm.qti.activityextension.ActivityNotifier.access$300:26
12-16 04:43:50.338 1519 2313 W ContextImpl: Calling a method in the system process without a qualified user: android.app.ContextImpl.bindService:1895 android.content.ContextWrapper.bindService:810 com.qualcomm.qti.activityextension.ActivityNotifier.bindToDynamicDDSService:103 com.qualcomm.qti.activityextension.ActivityNotifier.handleSendActivityInvokeNotification:184 com.qualcomm.qti.activityextension.ActivityNotifier.access$300:26
12-16 04:43:50.338 1519 1630 W ActivityManager: Slow operation: 66ms so far, now at startProcess: done updating battery stats
12-16 04:43:50.338 1519 1630 W ActivityManager: Slow operation: 66ms so far, now at startProcess: building log message
12-16 04:43:50.338 1519 1630 I ActivityManager: Start proc 2317:com.thundercomm.microsettings/1000 for added application com.thundercomm.microsettings
12-16 04:43:50.338 1519 1630 W ActivityManager: Slow operation: 66ms so far, now at startProcess: starting to update pids map
12-16 04:43:50.338 1519 1630 W ActivityManager: Slow operation: 66ms so far, now at startProcess: done updating pids map
12-16 04:43:50.338 1519 1630 W ActivityManager: Slow operation: 65ms so far, now at startProcess: asking zygote to start proc
12-16 04:43:50.343 1519 2166 D CompatibilityChangeReporter: Compat change id reported: 182478738; UID 1073; state: DISABLED
12-16 04:43:50.346 1519 1519 I SystemServerTiming: startMicroService
12-16 04:43:50.347 1519 1519 I SystemServerTiming: startRemoteControlService
12-16 04:43:50.347 1519 1519 I SystemServerTiming: startTcService
12-16 04:43:50.347 1519 1630 W ActivityManager: Slow operation: 74ms so far, now at startProcess: returned from zygote!
12-16 04:43:50.348 1519 1519 I SystemServerTiming: startBoostPerfService
12-16 04:43:50.348 1519 1630 W ActivityManager: Slow operation: 74ms so far, now at startProcess: done updating battery stats
12-16 04:43:50.348 1519 1630 W ActivityManager: Slow operation: 74ms so far, now at startProcess: building log message
12-16 04:43:50.348 1519 1630 I ActivityManager: Start proc 2327:.dataservices/1001 for added application .dataservices
12-16 04:43:50.348 1519 1630 W ActivityManager: Slow operation: 74ms so far, now at startProcess: starting to update pids map
12-16 04:43:50.348 1519 1630 W ActivityManager: Slow operation: 74ms so far, now at startProcess: done updating pids map
12-16 04:43:50.348 1519 1630 W ActivityManager: Slow operation: 73ms so far, now at startProcess: asking zygote to start proc
12-16 04:43:50.348 1519 1630 D CompatibilityChangeReporter: Compat change id reported: 143937733; UID 10055; state: DISABLED
12-16 04:43:50.351 1519 1519 D CompatibilityChangeReporter: Compat change id reported: 135634846; UID 1000; state: DISABLED
12-16 04:43:50.351 1519 1519 D CompatibilityChangeReporter: Compat change id reported: 177438394; UID 1000; state: DISABLED
12-16 04:43:50.351 1519 1519 D CompatibilityChangeReporter: Compat change id reported: 135772972; UID 1000; state: DISABLED
12-16 04:43:50.351 1519 1519 D CompatibilityChangeReporter: Compat change id reported: 135754954; UID 1000; state: ENABLED
12-16 04:43:50.352 1519 1630 W ActivityManager: Slow operation: 77ms so far, now at startProcess: returned from zygote!
12-16 04:43:50.352 1519 1630 W ActivityManager: Slow operation: 77ms so far, now at startProcess: done updating battery stats
12-16 04:43:50.352 1519 1630 W ActivityManager: Slow operation: 77ms so far, now at startProcess: building log message
12-16 04:43:50.352 1519 1630 I ActivityManager: Start proc 2335:.qtidataservices/u0a55 for added application .qtidataservices
12-16 04:43:50.352 1519 1630 W ActivityManager: Slow operation: 77ms so far, now at startProcess: starting to update pids map
12-16 04:43:50.352 1519 1630 W ActivityManager: Slow operation: 78ms so far, now at startProcess: done updating pids map
12-16 04:43:50.352 1519 1630 W ActivityManager: Slow operation: 76ms so far, now at startProcess: asking zygote to start proc
01-01 08:56:52.259 0 0 I binder : 2317:2317 ioctl 40046210 7fe3d00364 returned -22
12-16 04:43:50.356 1519 1630 W ActivityManager: Slow operation: 80ms so far, now at startProcess: returned from zygote!
12-16 04:43:50.356 1519 1519 W Looper : Slow delivery took 5673ms main h=android.app.PropertyInvalidatedCache$AutoCorker$1 c=null m=0
12-16 04:43:50.357 1519 1553 D CompatibilityChangeReporter: Compat change id reported: 168419799; UID 1000; state: DISABLED
12-16 04:43:50.358 1519 1553 D CompatibilityChangeReporter: Compat change id reported: 181136395; UID 1000; state: DISABLED
12-16 04:43:50.358 1519 1553 D CompatibilityChangeReporter: Compat change id reported: 174042936; UID 1000; state: DISABLED
12-16 04:43:50.359 1519 1630 W ActivityManager: Slow operation: 82ms so far, now at startProcess: done updating battery stats
12-16 04:43:50.359 1519 1630 W ActivityManager: Slow operation: 82ms so far, now at startProcess: building log message
12-16 04:43:50.359 1519 1630 I ActivityManager: Start proc 2348:com.thundercomm.tchttpserver/1000 for added application com.thundercomm.tchttpserver
12-16 04:43:50.359 1519 1630 W ActivityManager: Slow operation: 82ms so far, now at startProcess: starting to update pids map
12-16 04:43:50.359 1519 1630 W ActivityManager: Slow operation: 82ms so far, now at startProcess: done updating pids map
12-16 04:43:50.359 1519 1630 W ActivityManager: Slow operation: 81ms so far, now at startProcess: asking zygote to start proc
12-16 04:43:50.362 1519 1519 D ConditionProviders.SCP: onConnected
12-16 04:43:50.363 1519 1519 I GameModeConfig: isGameModeOn = false
12-16 04:43:50.363 1519 1519 D ConditionProviders: Subscribing to condition://android/event?userId=-10000&calendar=&reply=1 with ComponentInfo{android/com.android.server.notification.EventConditionProvider}
12-16 04:43:50.363 1519 1519 D ConditionProviders: Subscribing to condition://android/schedule?days=1.2.3.4.5.6.7&start=22.0&end=7.0&exitAtAlarm=true with ComponentInfo{android/com.android.server.notification.ScheduleConditionProvider}
01-01 08:56:52.269 0 0 I binder : 2327:2327 ioctl 40046210 7fe3d00364 returned -22
12-16 04:43:50.367 1519 1519 D CompatibilityChangeReporter: Compat change id reported: 135634846; UID 10096; state: DISABLED
12-16 04:43:50.367 1519 1519 D CompatibilityChangeReporter: Compat change id reported: 177438394; UID 10096; state: DISABLED
12-16 04:43:50.367 1519 1519 D CompatibilityChangeReporter: Compat change id reported: 135772972; UID 10096; state: DISABLED
12-16 04:43:50.367 1519 1519 D CompatibilityChangeReporter: Compat change id reported: 135754954; UID 10096; state: ENABLED
12-16 04:43:50.369 1519 1519 I GameModeConfig: isGameModeOn = false
12-16 04:43:50.371 1519 1553 D CompatibilityChangeReporter: Compat change id reported: 168419799; UID 1001; state: DISABLED
12-16 04:43:50.372 1519 1630 W ActivityManager: Slow operation: 94ms so far, now at startProcess: returned from zygote!
01-01 08:56:52.277 0 0 I binder : 2348:2348 ioctl 40046210 7fe3d00364 returned -22
12-16 04:43:50.374 1519 1553 D CompatibilityChangeReporter: Compat change id reported: 168419799; UID 1001; state: DISABLED
12-16 04:43:50.374 1519 1630 W ActivityManager: Slow operation: 97ms so far, now at startProcess: done updating battery stats
01-01 08:56:52.285 0 0 I binder : 1178:1178 ioctl 40046210 7fe7e66474 returned -22
12-16 04:43:50.375 1519 1630 W ActivityManager: Slow operation: 97ms so far, now at startProcess: building log message
12-16 04:43:50.375 1519 1630 I ActivityManager: Start proc 2370:com.tc.logclient/1000 for added application com.tc.logclient
12-16 04:43:50.375 1519 1630 W ActivityManager: Slow operation: 97ms so far, now at startProcess: starting to update pids map
12-16 04:43:50.375 1519 1630 W ActivityManager: Slow operation: 97ms so far, now at startProcess: done updating pids map
12-16 04:43:50.375 1519 1630 W ActivityManager: Slow operation: 95ms so far, now at startProcess: asking zygote to start proc
12-16 04:43:50.377 1519 2097 D CompatibilityChangeReporter: Compat change id reported: 168419799; UID 1000; state: DISABLED
12-16 04:43:50.380 1519 1630 W ActivityManager: Slow operation: 100ms so far, now at startProcess: returned from zygote!
12-16 04:43:50.380 1519 1630 W ActivityManager: Slow operation: 100ms so far, now at startProcess: done updating battery stats
12-16 04:43:50.380 1519 1630 W ActivityManager: Slow operation: 100ms so far, now at startProcess: building log message
12-16 04:43:50.380 1519 1630 I ActivityManager: Start proc 2381:com.thundercomm.tcsetupwizard/1000 for added application com.thundercomm.tcsetupwizard
12-16 04:43:50.380 1519 1630 W ActivityManager: Slow operation: 100ms so far, now at startProcess: starting to update pids map
12-16 04:43:50.380 1519 1630 W ActivityManager: Slow operation: 101ms so far, now at startProcess: done updating pids map
