12-16 04:43:49.801 1519 1621 D BluetoothManagerService: binding Bluetooth service
12-16 04:43:49.802 1519 1621 D CompatibilityChangeReporter: Compat change id reported: 135634846; UID 1002; state: DISABLED
12-16 04:43:49.802 1519 1621 D CompatibilityChangeReporter: Compat change id reported: 177438394; UID 1002; state: DISABLED
12-16 04:43:49.802 1519 1621 D CompatibilityChangeReporter: Compat change id reported: 135772972; UID 1002; state: DISABLED
12-16 04:43:49.802 1519 1621 D CompatibilityChangeReporter: Compat change id reported: 135754954; UID 1002; state: ENABLED
12-16 04:43:49.802 1519 1621 D BluetoothManagerService: Binding BT service. Current user: 0
12-16 04:43:49.803 1519 1519 I SystemServerTiming: OnBootPhase_550_com.android.server.connectivity.IpConnectivityMetrics
12-16 04:43:49.803 1519 1519 I SystemServerTiming: OnBootPhase_550_com.android.server.net.watchlist.NetworkWatchlistService$Lifecycle
12-16 04:43:49.803 1519 1519 I SystemServerTiming: OnBootPhase_550_com.android.server.PinnerService
12-16 04:43:49.803 1519 1519 I SystemServerTiming: OnBootPhase_550_com.google.android.startop.iorap.IorapForwardingService
12-16 04:43:49.803 1519 1519 I SystemServerTiming: OnBootPhase_550_com.android.server.ActivityTriggerService
12-16 04:43:49.803 1519 1519 I SystemServerTiming: OnBootPhase_550_com.android.server.integrity.AppIntegrityManagerService
12-16 04:43:49.803 1519 1519 I SystemServerTiming: OnBootPhase_550_com.android.server.inputmethod.InputMethodManagerService$Lifecycle
01-01 08:56:51.709 0 0 E [kworke][0x13c195e1][04:43:49.803878] wlan: [838:E:QDF] ready_extract_init_status_tlv: 8884: ready_extract_init_status_tlv:0
01-01 08:56:51.709 0 0 E [kworke][0x13c198ad][04:43:49.803915] wlan: [838:E:QDF] cds_get_context: 1486: Module ID 65 context is Null
01-01 08:56:51.709 0 0 F [kworke][0x13c198f9][04:43:49.803919] wlan: [838:F:DP] cdp_ipa_set_uc_tx_partition_base invalid instance
01-01 08:56:51.709 0 0 I [kworke][0x13c19957][04:43:49.803924] wlan: [838:I:WMA] wma_he_update_tgt_services: 996: 11ax is enabled
01-01 08:56:51.709 0 0 I [kworke][0x13c1ae4e][04:43:49.804204] wlan: [838:I:HIF] Initializing Runtime PM wakelock &mgmt_txrx_pdev_ctx->wakelock_tx_runtime_cmp
01-01 08:56:51.709 0 0 I [kworke][0x13c1b3db][04:43:49.804278] wlan: [838:I:dfs] WLAN_DEBUG_DFS_ALWAYS : wlan_dfs_pdev_obj_create_notification: 421: dfs_offload 1
01-01 08:56:51.709 0 0 I [kworke][0x13c1b435][04:43:49.804282] wlan: [838:I:SPECTRAL] null_get_capability: 1715: SPECTRAL : get_capability not registered
01-01 08:56:51.709 0 0 I [kworke][0x13c1b455][04:43:49.804284] wlan: [838:I:SPECTRAL] target_if_pdev_spectral_init: 2249: HAL_CAP_PHYDIAG : Capable
01-01 08:56:51.709 0 0 I [kworke][0x13c1b478][04:43:49.804286] wlan: [838:I:SPECTRAL] null_get_capability: 1715: SPECTRAL : get_capability not registered
01-01 08:56:51.709 0 0 I [kworke][0x13c1b494][04:43:49.804287] wlan: [838:I:SPECTRAL] target_if_pdev_spectral_init: 2253: HAL_CAP_RADAR : Capable
01-01 08:56:51.709 0 0 I [kworke][0x13c1b4ae][04:43:49.804289] wlan: [838:I:SPECTRAL] null_get_capability: 1715: SPECTRAL : get_capability not registered
01-01 08:56:51.709 0 0 I [kworke][0x13c1b4c9][04:43:49.804290] wlan: [838:I:SPECTRAL] target_if_pdev_spectral_init: 2258: HAL_CAP_SPECTRAL_SCAN : Capable
01-01 08:56:51.709 0 0 I [kworke][0x13c1b4e9][04:43:49.804292] wlan: [838:I:SPECTRAL] null_get_tsf64: 1703: SPECTRAL : get_tsf64 not registered
01-01 08:56:51.709 0 0 I [kworke][0x13c1b55d][04:43:49.804298] wlan: [838:I:GREEN_AP] wlan_green_ap_pdev_obj_create_notification: 106: Green AP creation successful, green ap ctx: 0000000000000000, pdev: 0000000000000000
01-01 08:56:51.709 0 0 I [kworke][0x13c1b62d][04:43:49.804309] wlan: [838:I:IPA] wlan_ipa_wdi_init: 540: ipa_over_gsi: 1, is_smmu_enabled: 1
01-01 08:56:51.709 0 0 I [kworke][0x13c1bdb3][04:43:49.804409] wlan: [838:I:REGULATORY] reg_set_band: 483: set band bitmap: 3
01-01 08:56:51.709 0 0 I [kworke][0x13c1c3d9][04:43:49.804491] wlan: [838:I:HIF] Initializing Runtime PM wakelock &ctx->dfs
01-01 08:56:51.709 0 0 I [kworke][0x13c1c3fa][04:43:49.804493] wlan: [838:I:HIF] Initializing Runtime PM wakelock &ctx->connect
01-01 08:56:51.709 0 0 I [kworke][0x13c1c419][04:43:49.804494] wlan: [838:I:HIF] Initializing Runtime PM wakelock &ctx->user
01-01 08:56:51.709 0 0 I [kworke][0x13c1c43a][04:43:49.804496] wlan: [838:I:HIF] Initializing Runtime PM wakelock &scan_priv->runtime_pm_lock
01-01 08:56:51.709 0 0 I [kworke][0x13c1c4cb][04:43:49.804504] wlan: [838:I:GREEN_AP] target_if_green_ap_register_egap_event_handler: 131: Set the Enhance Green AP event handler
01-01 08:56:51.709 0 0 E [kworke][0x13c1c51e][04:43:49.804508] wlan: [838:E:QDF] dp_peer_map_attach_wifi3: 10048: dp_peer_map_attach_wifi3 max_peers 55, max_ast_index: 144
01-01 08:56:51.710 0 0 I [kworke][0x13c1c58f][04:43:49.804514] wlan: [838:I:DP]
01-01 08:56:51.710 0 0 I : <=== cfg max peer id 55 ====>
01-01 08:56:51.710 0 0 I [kworke][0x13c1c5c1][04:43:49.804516] wlan: [838:I:DP]
01-01 08:56:51.710 0 0 I : <=== cfg max ast idx 144 ====>
01-01 08:56:51.710 0 0 I [kworke][0x13c1c5e4][04:43:49.804518] wlan: [838:I:DP] ast hash_elems: 512, max_ast_idx: 144
01-01 08:56:51.710 0 0 I [kworke][0x13c1ccf8][04:43:49.804613] wlan: [332:I:WMA] wma_wait_for_ready_event: 6926: FW ready event received
01-01 08:56:51.710 0 0 E [kworke][0x13c1f9d5][04:43:49.805211] wlan: [332:E:WMI] send_action_oui_cmd_tlv: 220: Invalid action id
01-01 08:56:51.710 0 0 E [kworke][0x13c1fa7a][04:43:49.805219] wlan: [332:E:action_oui] ucfg_action_oui_send: 160: Failed to send: 7
01-01 08:56:51.710 0 0 E [kworke][0x13c1fad1][04:43:49.805224] wlan: [332:E:WMI] send_action_oui_cmd_tlv: 220: Invalid action id
01-01 08:56:51.710 0 0 E [kworke][0x13c1fb1c][04:43:49.805228] wlan: [332:E:action_oui] ucfg_action_oui_send: 160: Failed to send: 9
01-01 08:56:51.710 0 0 E [kworke][0x13c1fb63][04:43:49.805231] wlan: [332:E:HDD] hdd_action_oui_send: 13281: Failed to send one or all action_ouis
12-16 04:43:49.806 1519 1519 W InputMethodManagerService: Default IME is uninstalled. Choose new default IME.
12-16 04:43:49.806 1519 1630 I ActivityManager: Start proc 2079:com.android.bluetooth/1002 for service {com.android.bluetooth/com.android.bluetooth.btservice.AdapterService}
01-01 08:56:51.711 0 0 D cnss : dma-coherent is enabled
01-01 08:56:51.711 0 0 D cnss : IOMMU map: iova b0000000, len 4096
01-01 08:56:51.712 0 0 D cnss : IOMMU map: iova_addr b0000040
01-01 08:56:51.712 0 0 D cnss : dma-coherent is enabled
01-01 08:56:51.712 0 0 D cnss : IOMMU map: iova b0001000, len 4096
01-01 08:56:51.712 0 0 D cnss : IOMMU map: iova_addr b0001018
01-01 08:56:51.712 0 0 I [kworke][0x13c29ee6][04:43:49.807412] wlan: [332:I:SYS] Creating periodic timer for OLBC UPDATE CACHE TIMEOUT
01-01 08:56:51.712 0 0 E [kworke][0x13c2a447][04:43:49.807483] wlan: [332:E:TXRX] dp_rxdma_ring_config: 5022: DBS enabled max_mac_rings 2
01-01 08:56:51.712 0 0 E [kworke][0x13c2a4f8][04:43:49.807493] wlan: [332:E:TXRX] dp_rxdma_ring_config: 5033: pdev_id 0 max_mac_rings 2
01-01 08:56:51.712 0 0 E [kworke][0x13c2a52e][04:43:49.807495] wlan: [332:E:TXRX] dp_rxdma_ring_config: 5050: mac_id 0
01-01 08:56:51.713 0 0 E [kworke][0x13c2a84e][04:43:49.807537] wlan: [332:E:TXRX] dp_rxdma_ring_config: 5050: mac_id 1
01-01 08:56:51.713 0 0 I [kworke][0x13c2b260][04:43:49.807671] wlan: [332:I:POLICY_MGR] policy_mgr_update_5g_scc_prefer: 398: overwrite pm_second_connection_pcl_dbs_2x2_table, index 2 mode 3 system prefer 0 new pcl 6
01-01 08:56:51.713 0 0 I [kworke][0x13c2b28e][04:43:49.807674] wlan: [332:I:POLICY_MGR] policy_mgr_update_5g_scc_prefer: 404: overwrite pm_second_connection_pcl_dbs_2x2_table, index 3 mode 3 system prefer 0 new pcl 6
01-01 08:56:51.713 0 0 E [kworke][0x13c2b870][04:43:49.807752] wlan: [332:E:REGULATORY] reg_freq_width_to_chan_op_class: 512: no op class for frequency 5745
01-01 08:56:51.713 0 0 I [kworke][0x13c2c13c][04:43:49.807869] wlan: [332:I:HIF] hif_pm_runtime_start: Enabling RUNTIME PM, Delay: 500 ms
01-01 08:56:51.713 0 0 E cnss_utils: WLAN MAC address is not set, type 0
01-01 08:56:51.713 0 0 W cnss_pci 0000: 01:00.0: Falling back to syfs fallback for: wlan/qca_cld/qca6390/wlan_mac.bin
01-01 08:56:51.716 0 0 I [kworke][0x13c3b0ec][04:43:49.811065] wlan: [332:I:HDD] hdd_initialize_mac_address: 12589: using default MAC address
01-01 08:56:51.721 0 0 I binder : 2079:2079 ioctl 40046210 7fe3d00364 returned -22
01-01 08:56:51.723 0 0 D cnss : Host time = 17277620 us, device time = 2118730 us, offset = 15158890 us
01-01 08:56:51.723 0 0 D cnss : Updated time sync regs [0x984] = 0xe74e6a, [0x988] = 0x0
01-01 08:56:51.723 0 0 D cnss : Removing vote for Regulator vdd-wlan-rfa2
01-01 08:56:51.723 0 0 D cnss : Removing vote for Regulator vdd-wlan-rfa1
01-01 08:56:51.723 0 0 D cnss : Removing vote for Regulator vdd-wlan-dig
01-01 08:56:51.723 0 0 D cnss : Removing vote for Regulator vdd-wlan-aon
01-01 08:56:51.723 0 0 D cnss : Removing vote for Regulator vdd-wlan-io
01-01 08:56:51.723 0 0 D cnss : PM relax, state: 0x107, count: 0
12-16 04:43:49.818 837 837 I android.hardware.wifi@1.0-service: Wifi HAL started
12-16 04:43:49.819 1519 1519 I SystemServerTiming: OnBootPhase_550_com.android.server.accessibility.AccessibilityManagerService$Lifecycle
12-16 04:43:49.819 1519 1519 I SystemServerTiming: OnBootPhase_550_com.android.server.StorageManagerService$Lifecycle
12-16 04:43:49.819 1519 1519 I SystemServerTiming: OnBootPhase_550_com.android.server.usage.StorageStatsService$Lifecycle
12-16 04:43:49.819 1519 1519 I SystemServerTiming: OnBootPhase_550_com.android.server.UiModeManagerService
12-16 04:43:49.819 1519 1519 I SystemServerTiming: OnBootPhase_550_com.android.server.locksettings.LockSettingsService$Lifecycle
12-16 04:43:49.819 1519 1519 I RebootEscrowManager: No reboot escrow data found for users, skipping loading escrow data
12-16 04:43:49.820 1519 1519 I SystemServerTiming: OnBootPhase_550_com.android.server.PersistentDataBlockService
12-16 04:43:49.820 1519 1519 I SystemServerTiming: OnBootPhase_550_com.android.server.testharness.TestHarnessModeService
12-16 04:43:49.820 1519 1519 I SystemServerTiming: OnBootPhase_550_com.android.server.oemlock.OemLockService
12-16 04:43:49.820 1519 1519 I SystemServerTiming: OnBootPhase_550_com.android.server.DeviceIdleController
12-16 04:43:49.820 1519 1519 I SystemServerTiming: OnBootPhase_550_com.android.server.devicepolicy.DevicePolicyManagerService$Lifecycle
12-16 04:43:49.820 1519 1519 I SystemServerTiming: OnBootPhase_550_com.android.server.texttospeech.TextToSpeechManagerService
12-16 04:43:49.820 1519 1519 I SystemServerTiming: OnBootPhase_550_com.android.server.speech.SpeechRecognitionManagerService
12-16 04:43:49.820 1519 1519 I SystemServerTiming: OnBootPhase_550_com.android.server.searchui.SearchUiManagerService
12-16 04:43:49.820 1519 1519 I SystemServerTiming: OnBootPhase_550_com.android.server.smartspace.SmartspaceManagerService
12-16 04:43:49.820 1519 1519 I SystemServerTiming: OnBootPhase_550_com.android.server.graphics.fonts.FontManagerService$Lifecycle
12-16 04:43:49.820 1519 1519 I SystemServerTiming: OnBootPhase_550_com.android.server.textservices.TextServicesManagerService$Lifecycle
12-16 04:43:49.820 1519 1519 I SystemServerTiming: OnBootPhase_550_com.android.server.textclassifier.TextClassificationManagerService$Lifecycle
12-16 04:43:49.820 1519 1519 I SystemServerTiming: OnBootPhase_550_com.android.server.NetworkScoreService$Lifecycle
12-16 04:43:49.820 1519 1519 I SystemServerTiming: OnBootPhase_550_com.android.server.wifi.WifiService
12-16 04:43:49.820 1519 1519 I SystemServerTiming: OnBootPhase_550_com.android.server.wifi.scanner.WifiScanningService
12-16 04:43:49.820 1519 1519 I SystemServerTiming: OnBootPhase_550_com.android.server.wifi.rtt.RttService
12-16 04:43:49.820 1519 1519 I SystemServerTiming: OnBootPhase_550_com.android.server.wifi.aware.WifiAwareService
12-16 04:43:49.820 1519 1519 I SystemServerTiming: OnBootPhase_550_com.android.server.wifi.p2p.WifiP2pService
12-16 04:43:49.820 1519 1519 I SystemServerTiming: OnBootPhase_550_com.android.server.ethernet.EthernetService
12-16 04:43:49.820 1519 1519 I SystemServerTiming: OnBootPhase_550_com.android.server.ConnectivityServiceInitializer
12-16 04:43:49.820 1519 1519 I SystemServerTiming: OnBootPhase_550_com.android.server.notification.NotificationManagerService
12-16 04:43:49.820 1519 1519 I SystemServerTiming: OnBootPhase_550_com.android.server.storage.DeviceStorageMonitorService
12-16 04:43:49.820 1519 1519 I SystemServerTiming: OnBootPhase_550_com.android.server.location.LocationManagerService$Lifecycle
12-16 04:43:49.820 1519 1519 I SystemServerTiming: OnBootPhase_550_com.android.server.timedetector.TimeDetectorService$Lifecycle
12-16 04:43:49.820 1519 1519 I SystemServerTiming: OnBootPhase_550_com.android.server.timezonedetector.TimeZoneDetectorService$Lifecycle
12-16 04:43:49.820 1519 1519 I SystemServerTiming: OnBootPhase_550_com.android.server.timezonedetector.location.LocationTimeZoneManagerService$Lifecycle
12-16 04:43:49.820 1519 1519 I SystemServerTiming: OnBootPhase_550_com.android.server.search.SearchManagerService$Lifecycle
12-16 04:43:49.820 1519 1519 I SystemServerTiming: OnBootPhase_550_com.android.server.wallpaper.WallpaperManagerService$Lifecycle
12-16 04:43:49.820 1519 1553 D CompatibilityChangeReporter: Compat change id reported: 168419799; UID 1002; state: DISABLED
01-01 08:56:51.728 0 0 I : Wifi Turning On from UI
01-01 08:56:51.728 0 0 I [wifi@1][0x13c73f21][04:43:49.823201] wlan: [837:I:DP] dp_vdev_attach_wifi3: wlan_cfg_ap_bridge_enabled 0
01-01 08:56:51.728 0 0 I [wifi@1][0x13c74090][04:43:49.823220] wlan: [837:I:DP] 00000000: 2b 2d fb 29 1b 5a 5d 7c 3c 57 f3 4b 05 ab 98 e2
01-01 08:56:51.728 0 0 I [wifi@1][0x13c740ae][04:43:49.823222] wlan: [837:I:DP] 00000010: f6 89 06 54
01-01 08:56:51.728 0 0 I [wifi@1][0x13c740dd][04:43:49.823224] wlan: [837:I:DP] 00000000: 41 2b 5b e0 de f6 73 1e 60 c3 21 a2 17 c0 28 64
01-01 08:56:51.728 0 0 I [wifi@1][0x13c740f8][04:43:49.823226] wlan: [837:I:DP] 00000010: 84 11 ee a7 58 0e 43 c0 4b 12 7f f9 c7 ba 3f 54
01-01 08:56:51.728 0 0 I [wifi@1][0x13c74112][04:43:49.823227] wlan: [837:I:DP] 00000020: 2c b0 95 39 d2 73 2a 2c 97 dc ab 0d
01-01 08:56:51.729 0 0 I IPv6 : ADDRCONF(NETDEV_UP): wlan0: link is not ready
01-01 08:56:51.731 0 0 I [lowi-s][0x13c80489][04:43:49.825833] wlan: [1432:I:wifipos] wifi_pos_get_ch_info: 461: num channels: 26
12-16 04:43:49.824 837 837 I android.hardware.wifi@1.0-service: Adding interface handle for wlan0
12-16 04:43:49.824 837 837 I android.hardware.wifi@1.0-service: Adding interface handle for wifi-aware0
12-16 04:43:49.824 837 837 I android.hardware.wifi@1.0-service: Adding interface handle for p2p0
12-16 04:43:49.824 837 837 W android.hardware.wifi@1.0-service: No active wlan interfaces in use! Using default
12-16 04:43:49.824 837 837 W android.hardware.wifi@1.0-service: No active wlan interfaces in use! Using default
12-16 04:43:49.826 1519 1519 I WallpaperManagerService: No static wallpaper imagery; defaults will be shown
12-16 04:43:49.826 1519 1519 V WallpaperManagerService: bindWallpaperComponentLocked: componentName=ComponentInfo{com.android.systemui/com.android.systemui.ImageWallpaper}
12-16 04:43:49.827 837 837 I android.hardware.wifi@1.0-service: Configured chip in mode 3
12-16 04:43:49.827 837 837 W android.hardware.wifi@1.0-service: No active wlan interfaces in use! Using default
01-01 08:56:51.732 0 0 E [wifi@1][0x13c874ca][04:43:49.827330] wlan: [2095:E:wifipos] wifi_pos_process_app_reg_req: 608: Received App Req Req pid(562037573), len(16)
01-01 08:56:51.733 0 0 I [wifi@1][0x13c883be][04:43:49.827530] wlan: [2095:I:wifipos] wifi_pos_get_ch_info: 461: num channels: 26
12-16 04:43:49.827 1519 1519 D CompatibilityChangeReporter: Compat change id reported: 135634846; UID 10082; state: DISABLED
12-16 04:43:49.827 1519 1519 D CompatibilityChangeReporter: Compat change id reported: 177438394; UID 10082; state: DISABLED
12-16 04:43:49.827 1519 1519 D CompatibilityChangeReporter: Compat change id reported: 135772972; UID 10082; state: DISABLED
12-16 04:43:49.827 1519 1519 D CompatibilityChangeReporter: Compat change id reported: 135754954; UID 10082; state: ENABLED
12-16 04:43:49.828 1519 1630 D CompatibilityChangeReporter: Compat change id reported: 143937733; UID 10082; state: ENABLED
12-16 04:43:49.828 837 837 W android.hardware.wifi@1.0-service: No active wlan interfaces in use! Using default
01-01 08:56:51.734 0 0 I [wifi@1][0x13c9143b][04:43:49.829456] wlan: [2095:I:wifipos] wifi_pos_get_ch_info: 461: num channels: 26
12-16 04:43:49.830 1519 1519 W WallpaperManagerService: Invalid wallpaper data
12-16 04:43:49.830 1519 1519 E WallpaperManagerService: Unable to apply new wallpaper
12-16 04:43:49.831 1519 1519 I SystemServerTiming: OnBootPhase_550_com.android.server.audio.AudioService$Lifecycle
12-16 04:43:49.831 1519 1519 I SystemServerTiming: OnBootPhase_550_com.android.server.soundtrigger_middleware.SoundTriggerMiddlewareService$Lifecycle
12-16 04:43:49.831 1519 1519 I SystemServerTiming: OnBootPhase_550_com.android.server.DockObserver
12-16 04:43:49.831 1519 1519 I SystemServerTiming: OnBootPhase_550_com.android.server.midi.MidiService$Lifecycle
12-16 04:43:49.831 1519 1519 I SystemServerTiming: OnBootPhase_550_com.android.server.adb.AdbService$Lifecycle
12-16 04:43:49.831 1519 1630 I ActivityManager: Start proc 2100:com.android.systemui/u0a82 for service {com.android.systemui/com.android.systemui.ImageWallpaper}
12-16 04:43:49.831 1519 2037 W BluetoothManagerService: bindBluetoothProfileService:Trying to bind to profile: 1, while Bluetooth is disabled
12-16 04:43:49.831 1519 1519 I SystemServerTiming: OnBootPhase_550_com.android.server.usb.UsbService$Lifecycle
12-16 04:43:49.831 1519 1519 I SystemServerTiming: OnBootPhase_550_com.android.server.twilight.TwilightService
12-16 04:43:49.831 1519 1519 I SystemServerTiming: OnBootPhase_550_com.android.server.display.color.ColorDisplayService
12-16 04:43:49.831 1519 1519 I SystemServerTiming: OnBootPhase_550_com.android.server.job.JobSchedulerService
12-16 04:43:49.831 1519 1519 I SystemServerTiming: OnBootPhase_550_com.android.server.soundtrigger.SoundTriggerService
12-16 04:43:49.831 1519 1519 D SoundTriggerService: onBootPhase: 550 : false
12-16 04:43:49.831 1519 1519 I SystemServerTiming: OnBootPhase_550_com.android.server.trust.TrustManagerService
12-16 04:43:49.831 1519 1519 I SystemServerTiming: OnBootPhase_550_com.android.server.backup.BackupManagerService$Lifecycle
12-16 04:43:49.831 1519 1519 I SystemServerTiming: OnBootPhase_550_com.android.server.appwidget.AppWidgetService
12-16 04:43:49.831 1519 1519 I SystemServerTiming: OnBootPhase_550_com.android.server.voiceinteraction.VoiceInteractionManagerService
12-16 04:43:49.831 1519 1519 I SystemServerTiming: OnBootPhase_550_com.android.server.apphibernation.AppHibernationService
12-16 04:43:49.831 1519 1519 I SystemServerTiming: OnBootPhase_550_com.android.server.GestureLauncherService
12-16 04:43:49.831 1519 1519 I SystemServerTiming: OnBootPhase_550_com.android.server.SensorNotificationService
12-16 04:43:49.831 1519 1519 I SystemServerTiming: OnBootPhase_550_com.android.server.emergency.EmergencyAffordanceService
12-16 04:43:49.831 1519 1519 I SystemServerTiming: OnBootPhase_550_com.android.server.blob.BlobStoreManagerService
12-16 04:43:49.832 1519 1731 I SystemServerTimingAsync: InitThreadPoolExec:UsbService$Lifecycle#onBootPhase
12-16 04:43:49.832 1519 1519 I SystemServerTiming: OnBootPhase_550_com.android.server.dreams.DreamManagerService
12-16 04:43:49.832 1519 1519 I SystemServerTiming: OnBootPhase_550_com.android.server.companion.CompanionDeviceManagerService
12-16 04:43:49.832 1519 1519 I SystemServerTiming: OnBootPhase_550_com.android.server.restrictions.RestrictionsManagerService
12-16 04:43:49.832 1519 1519 I SystemServerTiming: OnBootPhase_550_com.android.server.media.MediaSessionService
12-16 04:43:49.832 1519 1519 I SystemServerTiming: OnBootPhase_550_com.android.server.media.MediaResourceMonitorService
12-16 04:43:49.832 1519 1519 I SystemServerTiming: OnBootPhase_550_com.android.server.biometrics.sensors.fingerprint.FingerprintService
12-16 04:43:49.832 1519 1519 I SystemServerTiming: OnBootPhase_550_com.android.server.biometrics.BiometricService
12-16 04:43:49.832 1519 1519 I SystemServerTiming: OnBootPhase_550_com.android.server.biometrics.AuthService
12-16 04:43:49.832 1519 1519 I SystemServerTiming: OnBootPhase_550_com.android.server.pm.ShortcutService$Lifecycle
12-16 04:43:49.832 1519 1519 I SystemServerTiming: OnBootPhase_550_com.android.server.pm.LauncherAppsService
12-16 04:43:49.832 1519 1519 I SystemServerTiming: OnBootPhase_550_com.android.server.pm.CrossProfileAppsService
12-16 04:43:49.832 1519 1519 I SystemServerTiming: OnBootPhase_550_com.android.server.people.PeopleService
12-16 04:43:49.832 1519 1519 I SystemServerTiming: OnBootPhase_550_com.android.server.media.metrics.MediaMetricsManagerService
12-16 04:43:49.832 1519 1519 I SystemServerTiming: OnBootPhase_550_com.android.server.media.projection.MediaProjectionManagerService
12-16 04:43:49.832 1519 1519 I SystemServerTiming: OnBootPhase_550_com.android.server.slice.SliceManagerService$Lifecycle
12-16 04:43:49.832 1519 1519 I SystemServerTiming: OnBootPhase_550_com.android.server.stats.StatsCompanion$Lifecycle
12-16 04:43:49.832 1519 1519 I SystemServerTiming: OnBootPhase_550_com.android.server.scheduling.RebootReadinessManagerService$Lifecycle
12-16 04:43:49.832 1519 1519 I SystemServerTiming: OnBootPhase_550_com.android.server.stats.pull.StatsPullAtomService
12-16 04:43:49.832 1519 1519 I SystemServerTiming: OnBootPhase_550_com.android.server.incident.IncidentCompanionService
12-16 04:43:49.832 1519 1519 I SystemServerTiming: OnBootPhase_550_com.android.server.MmsServiceBroker
12-16 04:43:49.832 1519 1519 I SystemServerTiming: OnBootPhase_550_com.android.server.autofill.AutofillManagerService
12-16 04:43:49.832 1519 1519 I SystemServerTiming: OnBootPhase_550_com.android.server.clipboard.ClipboardService
12-16 04:43:49.832 1519 1519 I SystemServerTiming: OnBootPhase_550_com.android.server.appbinding.AppBindingService$Lifecycle
12-16 04:43:49.833 1519 1519 I AppBindingService: Updating constants with: null
12-16 04:43:49.833 1519 1519 I SystemServerTiming: OnBootPhase_550_com.android.server.tracing.TracingServiceProxy
12-16 04:43:49.833 1519 1519 I SystemServerTiming: OnBootPhase_550_com.android.server.policy.PermissionPolicyService
12-16 04:43:49.833 1519 1766 I UsbPortManager: ClientCallback V1_2:
12-16 04:43:49.835 1519 1618 D CompatibilityChangeReporter: Compat change id reported: 135634846; UID 10094; state: DISABLED
12-16 04:43:49.835 1519 1618 D CompatibilityChangeReporter: Compat change id reported: 177438394; UID 10094; state: DISABLED
12-16 04:43:49.835 1519 1618 D CompatibilityChangeReporter: Compat change id reported: 135772972; UID 10094; state: DISABLED
12-16 04:43:49.835 1519 1618 D CompatibilityChangeReporter: Compat change id reported: 135754954; UID 10094; state: DISABLED
12-16 04:43:49.835 1519 1630 D CompatibilityChangeReporter: Compat change id reported: 143937733; UID 10094; state: DISABLED
12-16 04:43:49.835 1519 1618 I UsbPortManager: USB port added: port=UsbPort{id=, supportedModes=nonesupportedContaminantProtectionModes=0supportsEnableContaminantPresenceProtection=falsesupportsEnableContaminantPresenceDetection=false, status=UsbPortStatus{connected=false, currentMode=none, currentPowerRole=no-power, currentDataRole=no-data, supportedRoleCombinations=[no-power:no-data], contaminantDetectionStatus=0, contaminantProtectionStatus=0}, canChangeMode=false, canChangePowerRole=false, canChangeDataRole=false, connectedAtMillis=0, lastConnectDurationMillis=0
12-16 04:43:49.841 1519 1630 I ActivityManager: Start proc 2103:com.android.permissioncontroller/u0a94 for service {com.android.permissioncontroller/com.android.permissioncontroller.permission.service.PermissionControllerServiceImpl}
12-16 04:43:49.849 1213 1213 I wificond: createClientInterface: wiphy_index 0 iface_name wlan0
12-16 04:43:49.849 1213 1213 I wificond: create scanner for interface with index: 17
12-16 04:43:49.849 1213 1213 I wificond: subscribe scan result for interface with index: 17
12-16 04:43:49.849 1213 1213 I wificond: add channel type 0 support at wiphy index: 0
12-16 04:43:49.849 1213 1213 I wificond: add channel type 1 support at wiphy index: 0
01-01 08:56:51.761 0 0 I binder : 2103:2103 ioctl 40046210 7fe3d00364 returned -22
01-01 08:56:51.762 0 0 I binder : 2100:2100 ioctl 40046210 7fe3d00364 returned -22
12-16 04:43:49.859 1519 1956 D CompatibilityChangeReporter: Compat change id reported: 168419799; UID 10082; state: DISABLED
12-16 04:43:49.862 1519 2097 D CompatibilityChangeReporter: Compat change id reported: 168419799; UID 10094; state: DISABLED
01-01 08:56:51.778 0 0 I init : starting service 'wpa_supplicant'...
01-01 08:56:51.779 0 0 I init : Created socket '/dev/socket/vendor_wpa_wlan0', mode 660, user 1010, group 1010
12-16 04:43:49.876 1519 1553 W StorageManagerService: No primary storage defined yet; hacking together a stub
01-01 08:56:51.782 0 0 I init : Control message: Processed ctl.interface_start for 'android.hardware.wifi.supplicant@1.0::ISupplicant/default' from pid: 524 (/system/bin/hwservicemanager)
01-01 08:56:51.811 0 0 I binder : 1216:1216 ioctl 40046210 7fcb615e84 returned -22
01-01 08:56:51.818 0 0 E init : Control message: Could not find 'vendor.qti.hardware.iop@2.0::IIop/default' for ctl.interface_start from pid: 524 (/system/bin/hwservicemanager)
01-01 08:56:51.837 0 0 E init : Control message: Could not find 'vendor.qti.hardware.iop@2.0::IIop/default' for ctl.interface_start from pid: 524 (/system/bin/hwservicemanager)
12-16 04:43:49.955 1519 1956 D CompatibilityChangeReporter: Compat change id reported: 171306433; UID 1000; state: ENABLED
12-16 04:43:49.973 2100 2100 W OneHandedController: Device doesn't support OneHanded feature
01-01 08:56:51.911 0 0 I binder : 2079:2079 ioctl 40046210 7fe3cff9d4 returned -22
12-16 04:43:50.028 1519 1554 D CompatibilityChangeReporter: Compat change id reported: 157233955; UID 10082; state: ENABLED
12-16 04:43:50.046 1519 1519 I PackageManager: Permission ownership changed. Updating all permissions.
12-16 04:43:50.061 1519 1519 W SystemServiceManager: Service com.android.server.policy.PermissionPolicyService took 228 ms in onBootPhase
12-16 04:43:50.061 1519 1519 I SystemServerTiming: OnBootPhase_550_com.android.server.pm.StagingManager$Lifecycle
12-16 04:43:50.061 1519 1519 I SystemServerTiming: OnBootPhase_550_com.android.server.app.GameManagerService$Lifecycle
12-16 04:43:50.061 1519 1519 I SystemServerTiming: OnBootPhase_550_com.android.server.appsearch.AppSearchManagerService
12-16 04:43:50.061 1519 1519 I SystemServerTiming: OnBootPhase_550_com.android.server.media.MediaCommunicationService
12-16 04:43:50.061 1519 1519 I SystemServerTiming: StartObservingNativeCrashes
12-16 04:43:50.061 1519 1519 I SystemServerTiming: RegisterAppOpsPolicy
12-16 04:43:50.063 1519 1519 I SystemServerTiming: MakeNetworkManagementServiceReady
12-16 04:43:50.063 1519 1786 I SystemServerTimingAsync: InitThreadPoolExec:WebViewFactoryPreparation
12-16 04:43:50.064 1519 1786 I SystemServer: WebViewFactoryPreparation
12-16 04:43:50.064 1519 1786 I SystemServerTimingAsync: WebViewFactoryPreparation
12-16 04:43:50.066 1519 1786 D CompatibilityChangeReporter: Compat change id reported: 135634846; UID 1000; state: DISABLED
12-16 04:43:50.066 1519 1786 D CompatibilityChangeReporter: Compat change id reported: 177438394; UID 1000; state: DISABLED
12-16 04:43:50.066 1519 1786 D CompatibilityChangeReporter: Compat change id reported: 135772972; UID 1000; state: DISABLED
12-16 04:43:50.066 1519 1786 D CompatibilityChangeReporter: Compat change id reported: 178038272; UID 1000; state: DISABLED
12-16 04:43:50.068 1519 1519 I SystemServerTiming: MakeIpSecServiceReady
12-16 04:43:50.069 1519 1519 D IpSecService: IpSecService is ready
12-16 04:43:50.069 1519 1519 I SystemServerTiming: MakeNetworkStatsServiceReady
12-16 04:43:50.070 1519 2013 W NetworkPolicy: setRestrictBackgroundUL: already false
12-16 04:43:50.077 1519 1519 I SystemServerTiming: MakeConnectivityServiceReady
12-16 04:43:50.084 1519 1519 I SystemServerTiming: MakeVpnManagerServiceReady
12-16 04:43:50.085 1519 1519 I SystemServerTiming: MakeVcnManagementServiceReady
12-16 04:43:50.086 1519 1519 I SystemServerTiming: MakeNetworkPolicyServiceReady
12-16 04:43:50.087 1519 1519 I SystemServerTiming: PhaseThirdPartyAppsCanStart
12-16 04:43:50.087 1519 1519 I SystemServiceManager: Starting phase 600
12-16 04:43:50.087 1519 1519 I SystemServerTiming: OnBootPhase_600
12-16 04:43:50.087 1519 1519 I SystemServerTiming: OnBootPhase_600_com.android.server.security.FileIntegrityService
12-16 04:43:50.087 1519 1519 I SystemServerTiming: OnBootPhase_600_com.android.server.pm.Installer
12-16 04:43:50.087 1519 1519 I SystemServerTiming: OnBootPhase_600_com.android.server.os.DeviceIdentifiersPolicyService
12-16 04:43:50.087 1519 1519 I SystemServerTiming: OnBootPhase_600_com.android.server.uri.UriGrantsManagerService$Lifecycle
12-16 04:43:50.087 1519 1519 I SystemServerTiming: OnBootPhase_600_com.android.server.powerstats.PowerStatsService
12-16 04:43:50.087 1519 1519 I SystemServerTiming: OnBootPhase_600_com.android.server.wm.ActivityTaskManagerService$Lifecycle
12-16 04:43:50.087 1519 1519 I SystemServerTiming: OnBootPhase_600_com.android.server.am.ActivityManagerService$Lifecycle
12-16 04:43:50.087 1519 1519 I ExplicitHealthCheckController: Explicit health checks enabled.
12-16 04:43:50.087 1519 1519 I PackageWatchdog: Syncing state, reason: health check state enabled
12-16 04:43:50.087 1519 1519 I PackageWatchdog: Not pruning observers, elapsed time: 0ms
12-16 04:43:50.087 1519 1519 I PackageWatchdog: Cancelling state sync, nothing to sync
12-16 04:43:50.087 1519 1519 I SystemServerTiming: OnBootPhase_600_com.android.server.pm.DataLoaderManagerService
12-16 04:43:50.087 1519 1519 I SystemServerTiming: OnBootPhase_600_com.android.server.power.PowerManagerService
12-16 04:43:50.087 1519 1519 I SystemServerTiming: OnBootPhase_600_com.android.server.power.ThermalManagerService
12-16 04:43:50.087 1519 1519 I SystemServerTiming: OnBootPhase_600_com.android.server.power.hint.HintManagerService
12-16 04:43:50.087 1519 1519 I SystemServerTiming: OnBootPhase_600_com.android.server.recoverysystem.RecoverySystemService$Lifecycle
12-16 04:43:50.087 1519 1519 I SystemServerTiming: OnBootPhase_600_com.android.server.lights.LightsService
12-16 04:43:50.087 1519 1519 I SystemServerTiming: OnBootPhase_600_com.android.server.display.DisplayManagerService
12-16 04:43:50.087 1519 1519 I SystemServerTiming: OnBootPhase_600_com.android.server.pm.verify.domain.DomainVerificationService
12-16 04:43:50.087 1519 1519 I SystemServerTiming: OnBootPhase_600_com.android.server.pm.PackageInstallerService$Lifecycle
12-16 04:43:50.087 1519 1519 I SystemServerTiming: OnBootPhase_600_com.android.server.pm.UserManagerService$LifeCycle
12-16 04:43:50.087 1519 1519 I SystemServerTiming: OnBootPhase_600_com.android.server.om.OverlayManagerService
12-16 04:43:50.087 1519 1519 I SystemServerTiming: OnBootPhase_600_com.android.server.SensorPrivacyService
12-16 04:43:50.087 1519 1519 I SystemServerTiming: OnBootPhase_600_com.android.server.sensors.SensorService
12-16 04:43:50.087 1519 1519 I SystemServerTiming: OnBootPhase_600_com.android.server.SystemConfigService
12-16 04:43:50.087 1519 1519 I SystemServerTiming: OnBootPhase_600_com.android.server.BatteryService
12-16 04:43:50.087 1519 1519 I SystemServerTiming: OnBootPhase_600_com.android.server.usage.UsageStatsService
12-16 04:43:50.087 1519 1519 I SystemServerTiming: OnBootPhase_600_com.android.server.webkit.WebViewUpdateService
12-16 04:43:50.087 1519 1519 I SystemServerTiming: OnBootPhase_600_com.android.server.CachedDeviceStateService
12-16 04:43:50.087 1519 1519 I SystemServerTiming: OnBootPhase_600_com.android.server.BinderCallsStatsService$LifeCycle
12-16 04:43:50.087 1519 1519 I SystemServerTiming: OnBootPhase_600_com.android.server.LooperStatsService$Lifecycle
12-16 04:43:50.087 1519 1519 I SystemServerTiming: OnBootPhase_600_com.android.server.rollback.RollbackManagerService
12-16 04:43:50.087 1519 1519 I SystemServerTiming: OnBootPhase_600_com.android.server.os.NativeTombstoneManagerService
12-16 04:43:50.087 1519 1519 I SystemServerTiming: OnBootPhase_600_com.android.server.os.BugreportManagerService
12-16 04:43:50.087 1519 1519 I SystemServerTiming: OnBootPhase_600_com.android.server.gpu.GpuService
12-16 04:43:50.087 1519 1519 I SystemServerTiming: OnBootPhase_600_com.android.server.security.KeyChainSystemService
12-16 04:43:50.087 1519 1519 I SystemServerTiming: OnBootPhase_600_com.android.server.telecom.TelecomLoaderService
12-16 04:43:50.087 1519 1519 I SystemServerTiming: OnBootPhase_600_com.android.server.accounts.AccountManagerService$Lifecycle
12-16 04:43:50.087 1519 1519 I SystemServerTiming: OnBootPhase_600_com.android.server.content.ContentService$Lifecycle
12-16 04:43:50.087 1519 1519 I SystemServerTiming: OnBootPhase_600_com.android.server.DropBoxManagerService
12-16 04:43:50.087 1519 1519 I SystemServerTiming: OnBootPhase_600_com.android.role.RoleService
12-16 04:43:50.087 1519 1519 I SystemServerTiming: OnBootPhase_600_com.android.server.vibrator.VibratorManagerService$Lifecycle
12-16 04:43:50.087 1519 1519 I SystemServerTiming: OnBootPhase_600_com.android.server.alarm.AlarmManagerService
12-16 04:43:50.087 1519 1519 I SystemServerTiming: OnBootPhase_600_com.android.server.devicestate.DeviceStateManagerService
12-16 04:43:50.087 1519 1519 I SystemServerTiming: OnBootPhase_600_com.android.server.camera.CameraServiceProxy
12-16 04:43:50.087 1519 1519 I SystemServerTiming: OnBootPhase_600_com.android.server.BluetoothService
12-16 04:43:50.087 1519 1519 I SystemServerTiming: OnBootPhase_600_com.android.server.connectivity.IpConnectivityMetrics
12-16 04:43:50.087 1519 1519 I SystemServerTiming: OnBootPhase_600_com.android.server.net.watchlist.NetworkWatchlistService$Lifecycle
12-16 04:43:50.087 1519 1519 I SystemServerTiming: OnBootPhase_600_com.android.server.PinnerService
12-16 04:43:50.087 1519 1519 I SystemServerTiming: OnBootPhase_600_com.google.android.startop.iorap.IorapForwardingService
12-16 04:43:50.087 1519 1519 I SystemServerTiming: OnBootPhase_600_com.android.server.ActivityTriggerService
12-16 04:43:50.088 1519 1519 I SystemServerTiming: OnBootPhase_600_com.android.server.integrity.AppIntegrityManagerService
12-16 04:43:50.088 1519 1519 I SystemServerTiming: OnBootPhase_600_com.android.server.inputmethod.InputMethodManagerService$Lifecycle
12-16 04:43:50.088 1519 1519 I SystemServerTiming: OnBootPhase_600_com.android.server.accessibility.AccessibilityManagerService$Lifecycle
12-16 04:43:50.088 1519 1519 I SystemServerTiming: OnBootPhase_600_com.android.server.StorageManagerService$Lifecycle
12-16 04:43:50.088 1519 1519 I SystemServerTiming: OnBootPhase_600_com.android.server.usage.StorageStatsService$Lifecycle
12-16 04:43:50.088 1519 1519 I SystemServerTiming: OnBootPhase_600_com.android.server.UiModeManagerService
12-16 04:43:50.088 1519 1519 I SystemServerTiming: OnBootPhase_600_com.android.server.locksettings.LockSettingsService$Lifecycle
12-16 04:43:50.088 1519 1519 I SystemServerTiming: OnBootPhase_600_com.android.server.PersistentDataBlockService
12-16 04:43:50.088 1519 1519 I SystemServerTiming: OnBootPhase_600_com.android.server.testharness.TestHarnessModeService
12-16 04:43:50.088 1519 1519 I SystemServerTiming: OnBootPhase_600_com.android.server.oemlock.OemLockService
12-16 04:43:50.088 1519 1519 I SystemServerTiming: OnBootPhase_600_com.android.server.DeviceIdleController
12-16 04:43:50.088 1519 1519 I SystemServerTiming: OnBootPhase_600_com.android.server.devicepolicy.DevicePolicyManagerService$Lifecycle
12-16 04:43:50.088 1519 1519 I SystemServerTiming: OnBootPhase_600_com.android.server.texttospeech.TextToSpeechManagerService
12-16 04:43:50.088 1519 1519 I SystemServerTiming: OnBootPhase_600_com.android.server.speech.SpeechRecognitionManagerService
12-16 04:43:50.088 1519 1519 I SystemServerTiming: OnBootPhase_600_com.android.server.searchui.SearchUiManagerService
12-16 04:43:50.088 1519 1519 I SystemServerTiming: OnBootPhase_600_com.android.server.smartspace.SmartspaceManagerService
12-16 04:43:50.088 1519 1519 I SystemServerTiming: OnBootPhase_600_com.android.server.graphics.fonts.FontManagerService$Lifecycle
12-16 04:43:50.088 1519 1519 I SystemServerTiming: OnBootPhase_600_com.android.server.textservices.TextServicesManagerService$Lifecycle
12-16 04:43:50.088 1519 1519 I SystemServerTiming: OnBootPhase_600_com.android.server.textclassifier.TextClassificationManagerService$Lifecycle
12-16 04:43:50.088 1519 1519 I SystemServerTiming: OnBootPhase_600_com.android.server.NetworkScoreService$Lifecycle
12-16 04:43:50.088 1519 1519 I SystemServerTiming: OnBootPhase_600_com.android.server.wifi.WifiService
12-16 04:43:50.088 1519 1519 I SystemServerTiming: OnBootPhase_600_com.android.server.wifi.scanner.WifiScanningService
12-16 04:43:50.088 1519 1519 I SystemServerTiming: OnBootPhase_600_com.android.server.wifi.rtt.RttService
12-16 04:43:50.088 1519 1519 I SystemServerTiming: OnBootPhase_600_com.android.server.wifi.aware.WifiAwareService
12-16 04:43:50.088 1519 1519 I SystemServerTiming: OnBootPhase_600_com.android.server.wifi.p2p.WifiP2pService
12-16 04:43:50.088 1519 1519 I SystemServerTiming: OnBootPhase_600_com.android.server.ethernet.EthernetService
12-16 04:43:50.088 1519 1519 I SystemServerTiming: OnBootPhase_600_com.android.server.ConnectivityServiceInitializer
12-16 04:43:50.088 1519 1519 I SystemServerTiming: OnBootPhase_600_com.android.server.notification.NotificationManagerService
12-16 04:43:50.089 1519 1519 I SystemServerTiming: OnBootPhase_600_com.android.server.storage.DeviceStorageMonitorService
12-16 04:43:50.089 1519 1519 I SystemServerTiming: OnBootPhase_600_com.android.server.location.LocationManagerService$Lifecycle
12-16 04:43:50.089 1519 1628 I PackageWatchdog: Saving observer state to file
01-01 08:56:52.019 0 0 E init : Control message: Could not find 'vendor.qti.hardware.iop@2.0::IIop/default' for ctl.interface_start from pid: 524 (/system/bin/hwservicemanager)
12-16 04:43:50.116 1519 1519 I SystemServerTiming: OnBootPhase_600_com.android.server.timedetector.TimeDetectorService$Lifecycle
12-16 04:43:50.116 1519 1519 I SystemServerTiming: OnBootPhase_600_com.android.server.timezonedetector.TimeZoneDetectorService$Lifecycle
12-16 04:43:50.116 1519 1519 I SystemServerTiming: OnBootPhase_600_com.android.server.timezonedetector.location.LocationTimeZoneManagerService$Lifecycle
12-16 04:43:50.116 1519 1519 I SystemServerTiming: OnBootPhase_600_com.android.server.search.SearchManagerService$Lifecycle
12-16 04:43:50.117 1519 1519 I SystemServerTiming: OnBootPhase_600_com.android.server.wallpaper.WallpaperManagerService$Lifecycle
12-16 04:43:50.117 1519 1519 I WallpaperManagerService: switch-user-0
12-16 04:43:50.117 1519 1519 V WallpaperManagerService: bindWallpaperComponentLocked: componentName=ComponentInfo{com.android.systemui/com.android.systemui.ImageWallpaper}
12-16 04:43:50.118 1519 1519 I SystemServerTiming: OnBootPhase_600_com.android.server.audio.AudioService$Lifecycle
12-16 04:43:50.118 1519 1519 I SystemServerTiming: OnBootPhase_600_com.android.server.soundtrigger_middleware.SoundTriggerMiddlewareService$Lifecycle
12-16 04:43:50.118 1519 1519 I SystemServerTiming: OnBootPhase_600_com.android.server.DockObserver
12-16 04:43:50.118 1519 1519 I SystemServerTiming: OnBootPhase_600_com.android.server.midi.MidiService$Lifecycle
12-16 04:43:50.118 1519 1519 I SystemServerTiming: OnBootPhase_600_com.android.server.adb.AdbService$Lifecycle
12-16 04:43:50.118 1519 1519 I SystemServerTiming: OnBootPhase_600_com.android.server.usb.UsbService$Lifecycle
12-16 04:43:50.118 1519 1519 I SystemServerTiming: OnBootPhase_600_com.android.server.twilight.TwilightService
12-16 04:43:50.118 1519 1519 I SystemServerTiming: OnBootPhase_600_com.android.server.display.color.ColorDisplayService
12-16 04:43:50.118 1519 1519 I SystemServerTiming: OnBootPhase_600_com.android.server.job.JobSchedulerService
12-16 04:43:50.119 1519 1519 I SystemServerTiming: OnBootPhase_600_com.android.server.soundtrigger.SoundTriggerService
12-16 04:43:50.119 1519 1519 D SoundTriggerService: onBootPhase: 600 : false
12-16 04:43:50.119 1519 1519 I SystemServerTiming: OnBootPhase_600_com.android.server.trust.TrustManagerService
12-16 04:43:50.120 1519 1519 D BiometricService: Sensor ID(0), oemStrength: 15, updatedStrength: 15, modality 2, state: 0, cookie: 0, props: ID: 0, Strength: 2, Type: 1, sensorId 0, hasEnrollments: false cannot participate in Keystore operations
12-16 04:43:50.121 1519 1519 I SystemServerTiming: OnBootPhase_600_com.android.server.backup.BackupManagerService$Lifecycle
12-16 04:43:50.121 1519 1519 I SystemServerTiming: OnBootPhase_600_com.android.server.appwidget.AppWidgetService
12-16 04:43:50.121 1519 1519 I SystemServerTiming: OnBootPhase_600_com.android.server.voiceinteraction.VoiceInteractionManagerService
12-16 04:43:50.122 1519 1519 I SystemServerTiming: OnBootPhase_600_com.android.server.apphibernation.AppHibernationService
12-16 04:43:50.122 1519 1519 I SystemServerTiming: OnBootPhase_600_com.android.server.GestureLauncherService
12-16 04:43:50.122 1519 1519 I SystemServerTiming: OnBootPhase_600_com.android.server.SensorNotificationService
12-16 04:43:50.123 1519 1519 I SystemServerTiming: OnBootPhase_600_com.android.server.emergency.EmergencyAffordanceService
12-16 04:43:50.123 1519 1519 I SystemServerTiming: OnBootPhase_600_com.android.server.blob.BlobStoreManagerService
12-16 04:43:50.124 1519 1519 I SystemServerTiming: OnBootPhase_600_com.android.server.dreams.DreamManagerService
12-16 04:43:50.124 1519 1519 I SystemServerTiming: OnBootPhase_600_com.android.server.companion.CompanionDeviceManagerService
12-16 04:43:50.124 1519 1519 I SystemServerTiming: OnBootPhase_600_com.android.server.restrictions.RestrictionsManagerService
12-16 04:43:50.124 1519 1519 I SystemServerTiming: OnBootPhase_600_com.android.server.media.MediaSessionService
12-16 04:43:50.124 1519 1519 I SystemServerTiming: OnBootPhase_600_com.android.server.media.MediaResourceMonitorService
12-16 04:43:50.124 1519 1519 I SystemServerTiming: OnBootPhase_600_com.android.server.biometrics.sensors.fingerprint.FingerprintService
12-16 04:43:50.124 1519 1519 I SystemServerTiming: OnBootPhase_600_com.android.server.biometrics.BiometricService
12-16 04:43:50.124 1519 1519 I SystemServerTiming: OnBootPhase_600_com.android.server.biometrics.AuthService
12-16 04:43:50.124 1519 1519 I SystemServerTiming: OnBootPhase_600_com.android.server.pm.ShortcutService$Lifecycle
12-16 04:43:50.124 1519 1519 I SystemServerTiming: OnBootPhase_600_com.android.server.pm.LauncherAppsService
12-16 04:43:50.124 1519 1519 I SystemServerTiming: OnBootPhase_600_com.android.server.pm.CrossProfileAppsService
12-16 04:43:50.124 1519 1519 I SystemServerTiming: OnBootPhase_600_com.android.server.people.PeopleService
12-16 04:43:50.124 1519 1519 I SystemServerTiming: OnBootPhase_600_com.android.server.media.metrics.MediaMetricsManagerService
12-16 04:43:50.124 1519 1519 I SystemServerTiming: OnBootPhase_600_com.android.server.media.projection.MediaProjectionManagerService
12-16 04:43:50.124 1519 1519 I SystemServerTiming: OnBootPhase_600_com.android.server.slice.SliceManagerService$Lifecycle
12-16 04:43:50.124 1519 1519 I SystemServerTiming: OnBootPhase_600_com.android.server.stats.StatsCompanion$Lifecycle
12-16 04:43:50.133 1519 1618 D CompatibilityChangeReporter: Compat change id reported: 168936375; UID 1000; state: ENABLED
12-16 04:43:50.133 1519 1618 D CompatibilityChangeReporter: Compat change id reported: 168936375; UID 1000; state: DISABLED
12-16 04:43:50.137 1519 1956 D Fingerprint21: Daemon was null, reconnecting, current operation: null
12-16 04:43:50.139 1519 1956 D Fingerprint21: Fingerprint HAL ready, HAL ID: 5326416
12-16 04:43:50.142 1519 1519 I SystemServerTiming: OnBootPhase_600_com.android.server.scheduling.RebootReadinessManagerService$Lifecycle
12-16 04:43:50.142 1519 1519 I SystemServerTiming: OnBootPhase_600_com.android.server.stats.pull.StatsPullAtomService
12-16 04:43:50.142 1519 1519 I SystemServerTiming: OnBootPhase_600_com.android.server.incident.IncidentCompanionService
12-16 04:43:50.142 1519 1519 I SystemServerTiming: OnBootPhase_600_com.android.server.MmsServiceBroker
12-16 04:43:50.142 1519 1519 I SystemServerTiming: OnBootPhase_600_com.android.server.autofill.AutofillManagerService
12-16 04:43:50.143 1519 1628 D StatsPullAtomService: Registering NetworkStats pullers with statsd
12-16 04:43:50.143 1519 1519 I SystemServerTiming: OnBootPhase_600_com.android.server.clipboard.ClipboardService
12-16 04:43:50.143 1519 1519 I SystemServerTiming: OnBootPhase_600_com.android.server.appbinding.AppBindingService$Lifecycle
12-16 04:43:50.144 1519 1519 I SystemServerTiming: OnBootPhase_600_com.android.server.tracing.TracingServiceProxy
12-16 04:43:50.144 1519 1519 I SystemServerTiming: OnBootPhase_600_com.android.server.policy.PermissionPolicyService
12-16 04:43:50.144 1519 1519 I SystemServerTiming: OnBootPhase_600_com.android.server.pm.StagingManager$Lifecycle
12-16 04:43:50.144 1519 1519 I SystemServerTiming: OnBootPhase_600_com.android.server.app.GameManagerService$Lifecycle
12-16 04:43:50.144 1519 1519 I SystemServerTiming: OnBootPhase_600_com.android.server.appsearch.AppSearchManagerService
12-16 04:43:50.144 1519 1519 I SystemServerTiming: OnBootPhase_600_com.android.server.media.MediaCommunicationService
12-16 04:43:50.144 1519 1519 I SystemServerTiming: StartNetworkStack
12-16 04:43:50.144 1519 1519 D ConnectivityModuleConnector: Starting networking module android.net.INetworkStackConnector
12-16 04:43:50.144 1519 1519 D ConnectivityModuleConnector: Starting networking module in network_stack process
12-16 04:43:50.151 1519 1519 D CompatibilityChangeReporter: Compat change id reported: 135634846; UID 1073; state: DISABLED
12-16 04:43:50.151 1519 1519 D CompatibilityChangeReporter: Compat change id reported: 177438394; UID 1073; state: DISABLED
12-16 04:43:50.151 1519 1519 D CompatibilityChangeReporter: Compat change id reported: 135772972; UID 1073; state: DISABLED
12-16 04:43:50.151 1519 1519 D CompatibilityChangeReporter: Compat change id reported: 135754954; UID 1073; state: ENABLED
12-16 04:43:50.151 1519 1519 D ConnectivityModuleConnector: Networking module service start requested
12-16 04:43:50.152 1519 1519 I SystemServerTiming: StartTethering
12-16 04:43:50.152 1519 1519 D ConnectivityModuleConnector: Starting networking module android.net.ITetheringConnector
12-16 04:43:50.152 1519 1519 D ConnectivityModuleConnector: Starting networking module in network_stack process
12-16 04:43:50.153 1519 1630 W ActivityManager: Slow operation: 86ms so far, now at startProcess: returned from zygote!
12-16 04:43:50.153 1519 1519 D ConnectivityModuleConnector: Networking module service start requested
12-16 04:43:50.153 1519 1519 I SystemServerTiming: MakeCountryDetectionServiceReady
12-16 04:43:50.153 1519 1630 W ActivityManager: Slow operation: 87ms so far, now at startProcess: done updating battery stats
12-16 04:43:50.153 1519 1630 W ActivityManager: Slow operation: 87ms so far, now at startProcess: building log message
12-16 04:43:50.153 1519 1630 I ActivityManager: Start proc 2222:WebViewLoader-armeabi-v7a/1037 [android.webkit.WebViewLibraryLoader$RelroFileCreator] for null
12-16 04:43:50.153 1519 1630 W ActivityManager: Slow operation: 87ms so far, now at startProcess: starting to update pids map
12-16 04:43:50.154 1519 1519 I SystemServerTiming: MakeNetworkTimeUpdateReady
12-16 04:43:50.154 1519 1630 W ActivityManager: Slow operation: 87ms so far, now at startProcess: done updating pids map
12-16 04:43:50.154 1519 1630 W ActivityManager: Slow operation: 87ms so far, now at startProcess: asking zygote to start proc
12-16 04:43:50.157 1519 1519 I SystemServerTiming: MakeInputManagerServiceReady
12-16 04:43:50.157 1519 1519 I ActivityTaskManager: Config changes=4000 {1.0 ?mcc?mnc [zh_CN] ldltr sw680dp w1586dp h584dp 240dpi lrg long hdr land finger -keyb/v/h -nav/h winConfig={ mBounds=Rect(0, 0 - 2380, 1020) mAppBounds=Rect(0, 0 - 2380, 948) mMaxBounds=Rect(0, 0 - 2380, 1020) mWindowingMode=fullscreen mDisplayWindowingMode=fullscreen mActivityType=undefined mAlwaysOnTop=undefined mRotation=ROTATION_0} s.10 fontWeightAdjustment=0}
12-16 04:43:50.158 1519 1630 W ActivityManager: Slow operation: 92ms so far, now at startProcess: returned from zygote!
12-16 04:43:50.158 1519 1630 W ActivityManager: Slow operation: 92ms so far, now at startProcess: done updating battery stats
12-16 04:43:50.158 1519 1630 W ActivityManager: Slow operation: 92ms so far, now at startProcess: building log message
12-16 04:43:50.158 1519 1630 I ActivityManager: Start proc 2224:WebViewLoader-arm64-v8a/1037 [android.webkit.WebViewLibraryLoader$RelroFileCreator] for null
12-16 04:43:50.158 1519 1630 W ActivityManager: Slow operation: 92ms so far, now at startProcess: starting to update pids map
12-16 04:43:50.161 1519 1519 I WindowManager: Override config changes=4000 {1.0 ?mcc?mnc [zh_CN] ldltr sw680dp w1586dp h584dp 240dpi lrg long hdr land finger -keyb/v/h -nav/h winConfig={ mBounds=Rect(0, 0 - 2380, 1020) mAppBounds=Rect(0, 0 - 2380, 948) mMaxBounds=Rect(0, 0 - 2380, 1020) mWindowingMode=fullscreen mDisplayWindowingMode=fullscreen mActivityType=undefined mAlwaysOnTop=undefined mRotation=ROTATION_0} s.10 fontWeightAdjustment=0} for displayId=0
12-16 04:43:50.164 1519 1630 W ActivityManager: Slow operation: 98ms so far, now at startProcess: done updating pids map
