12-16 04:51:58.260 3006 3006 I hpplay-base: [jniBridge:241] 1initServer nSettingWidth=1920 nSettingHeight=1080 nSettingMaxFPS=60 dlnaEnable=1 lelinkFpEnable=1
12-16 04:51:58.260 3006 3006 D hpplay-base: [jniBridge:283] 1initServer cfg.leLinkIp=192.168.0.18
12-16 04:51:58.260 3006 3006 D hpplay-base: [jniBridge:286] 1initServer cfg.mPermissionMode=3
12-16 04:51:58.260 3006 3006 D hpplay-base: [jniBridge:304] 1initServer cfg.permissionDid=c2:e2:4f:e8:c7:bb000000000000000
12-16 04:51:58.260 3006 3006 D hpplay-base: [jniBridge:313] 1initServer cfg.mPermissionPreSN=00000000000000000000000000000000
12-16 04:51:58.260 3006 3006 D hpplay-base: [jniBridge:317] Bridge___1initServer status:0
12-16 04:51:58.260 3006 3006 I hpplay-base: [jniBridge:325] 1initServer cfg.feature=6655
12-16 04:51:58.260 3006 3006 D hpplay-base: [jniBridge:377] 1initServer isSendBroadCast=3
12-16 04:51:58.260 3006 3006 D hpplay-base: [jniBridge:380] 1initServer broadcastDirection=0
12-16 04:51:58.260 3006 3006 D hpplay-base: [jniBridge:382] 1initServer ipBroadcast direction=0
12-16 04:51:58.260 3006 3006 D hpplay-base: [jniBridge:387] 1initServer tunnel=3
12-16 04:51:58.260 3006 3006 D hpplay-base: [jniBridge:390] 1initServer drainage=0
12-16 04:51:58.260 3006 3006 D hpplay-base: [jniBridge:401] 1initServer mDNSEnable=1
12-16 04:51:58.260 3006 3006 D hpplay-base: [jniBridge:406] 1initServer nSockWaitTimeOut=45
12-16 04:51:58.260 3006 3006 D hpplay-base: [jniBridge:410] 1initServer nMirrorAudioVideoSync=0
12-16 04:51:58.260 3006 3006 I hpplay-base: [sign_check:168] checkSign strPackageName:com.hht.lebocast
12-16 04:51:58.260 3006 3006 I hpplay-base: [sign_check:169] checkSign buildType:release
12-16 04:51:58.260 3006 3006 I hpplay-base: [sign_check:170] checkSign appKey:21409
12-16 04:51:58.260 3006 3006 D hpplay-base: [LelinkBase:405] bridgeInit port: 0, lelinkfp: 0
12-16 04:51:58.260 3006 3006 D hpplay-base: [LelinkBase:462] bridgeInit mPackagePath =/data/user/0/com.hht.lebocast
12-16 04:51:58.260 3006 3006 D hpplay-base: [LelinkBase:463] bridgeInit mKeyPath =/data/user/0/com.hht.lebocast/files/hpplay/file
12-16 04:51:58.260 3006 3006 D hpplay-base: [SinkContext:97] initSinkContext mPackagePath =/data/user/0/com.hht.lebocast
12-16 04:51:58.260 3006 3006 D hpplay-base: [SinkContext:98] initSinkContext mKeyPath =/data/user/0/com.hht.lebocast/files/hpplay/file
12-16 04:51:58.260 3006 3006 D hpplay-base: [jniBridge:478] Java_com_hpplay_sdk_sink_protocol_Bridge__1initServer end
12-16 04:51:58.260 3006 3006 D hpplay-base: [jniBridge:869] Bridge__1startServer status:1
12-16 04:51:58.261 3006 3006 D hpplay-base: [LelinkBase:492] startAllServer at base
12-16 04:51:58.261 3006 3006 D hpplay-base: [lelinkSinkServer:152] httpPlugins_SetServerPort TYPE_SERVER_LELINK:52266
12-16 04:51:58.261 3006 3006 D hpplay-base: [network.c:362] protocol bind host :192.168.0.18 port:52266 curent bind port:52266
12-16 04:51:58.261 3006 3006 D hpplay-base: [lelinkSinkServer:681] HTTP Server real at:52266
12-16 04:51:58.261 3006 5622 D hpplay-base: [lelinkSinkServer:644] Connected Service Type:0
12-16 04:51:58.261 3006 3006 D hpplay-base: [ScreenStream:1285] current bind port:7100
12-16 04:51:58.261 3006 5622 I hpplay-base: : (server.c.315) startServer listen_ing....:
12-16 04:51:58.261 3006 5622 D hpplay-base: [Server:371] startHttpServer srv_sockets.used:1 nCurrentFd:70, tid is 5622
12-16 04:51:58.261 3006 3006 D hpplay-base: [LelinkBase:515] startAllServer pBaseContext->config.dlnaEnable:1
12-16 04:51:58.261 3006 3006 D hpplay-base: [lelinkDlna:324] addDMRCallback end
12-16 04:51:58.261 3006 5623 D hpplay-base: [stream_mirror_compat:759] compat mirror stream begin to run,server fd:71,thread_id:3138085312!!
12-16 04:51:58.262 3006 3006 E hpplay-base-dlna: miniserver.c:788::dlna_port(ipv4: 49152 ipv6:0)
12-16 04:51:58.263 3006 3006 D hpplay-base-dlna: [lebodlna-dlnaframe:166] succeed to load lebodlnaplugin
12-16 04:51:58.263 3006 3006 D hpplay-base-dlna: [lebodlna-dlnaframe:232] Succeed to load specified plugin:lebodlna_plugin
12-16 04:51:58.263 3006 3006 D hpplay-base: [lelinkDlna:328] startDLNAServer ret=0
12-16 04:51:58.263 3006 3006 D hpplay-base: [LelinkBase:531] startDLNAServer ret= 0
12-16 04:51:58.263 3006 3006 D hpplay-base: [lelinkDlna:342] setDMRFriendlyName 高合娱乐副屏
12-16 04:51:58.263 3006 3006 D hpplay-base-dlna: [lebodlna-dlna_android:136] setBroadcastTimeout mBroadcastTimeOut=66 status=3!
12-16 04:51:58.263 3006 3006 D hpplay-base-dlna: [lebodlna_api:32] start DMR
12-16 04:51:58.263 3006 3006 D hpplay-base-dlna: [UpnpDefine:434] RegisterDMRender invalid lelink info
12-16 04:51:58.263 3006 3006 D hpplay-base-dlna: [UpnpDefine:467] DLNA DEFAULT_DESCRIPTION
12-16 04:51:58.264 3006 3006 E hpplay-base-dlna: upnpapi.c:1078::Exiting RegisterRootDevice2 *Hnd =1, return value == 0
12-16 04:51:58.264 3006 3006 D hpplay-base-dlna: [CUpnpDevice:41] Register Root Device 2:0
12-16 04:51:58.264 3006 3006 D hpplay-base-dlna: [UpnpDefine:794] ESDMRender:Register success
12-16 04:51:58.264 3006 3006 D hpplay-base-dlna: [lebodlna_api:41] sendBroadcast mBroadcastTimeOut=3
12-16 04:51:58.264 3006 3006 D hpplay-base-dlna: [lebodlna_api:44] sendBroadcast timeout=66
12-16 04:51:58.290 664 675 I mpu_uart: [MSG-P:R]:recv sync frame timeout
12-16 04:51:58.320 3006 3006 D hpplay-base: [lelinkDlna:361] startDLNADevice dlnaManufacturer:0 ret=0
12-16 04:51:58.320 3006 3006 D hpplay-base: [LelinkBase:535] lelinkSetDlnaInfo ret= 0
12-16 04:51:58.320 3006 3006 D hpplay-base: [LelinkBase:547] startAllServer pBaseContext->config.mDNSEnable:1
12-16 04:51:58.320 3006 3006 D hpplay-base: [base_mdns:509] mdns net.hostname:
12-16 04:51:58.320 3006 3006 D hpplay-base: [base_mdns:529] mdns namelabel:-00-80-0F-74-31-00
12-16 04:51:58.320 3006 3006 D hpplay-base: [base_mdns:509] mdns net.hostname:
12-16 04:51:58.320 3006 3006 D hpplay-base: [base_mdns:529] mdns namelabel:-00-80-0F-74-31-00
12-16 04:51:58.321 3006 3006 D hpplay-base: [mdns:813] mdns start bind port:0
12-16 04:51:58.323 3006 3006 D hpplay-base: [mdns:813] mdns start bind port:5353
12-16 04:51:58.323 3006 3006 D hpplay-base: [mdns:813] mdns start bind port:5353
12-16 04:51:58.323 3006 3006 D hpplay-base: [mdns:813] mdns start bind port:5353
12-16 04:51:58.323 3006 3006 D hpplay-base: [mdns:813] mdns start bind port:5353
12-16 04:51:58.324 3006 3006 D hpplay-base: [mdns:813] mdns start bind port:5353
12-16 04:51:58.324 3006 3006 D hpplay-base: [mdns:813] mdns start bind port:5353
12-16 04:51:58.324 3006 3006 D hpplay-base: [mdns:813] mdns start bind port:5353
12-16 04:51:58.324 3006 3006 I hpplay-base: [mDNSEmbeded:57] embedded_mDNSInit stopmDNSNow:0 status:0
12-16 04:51:58.324 3006 3006 D hpplay-base: [mDNSEmbeded:436] startmDNSServer end nRet=0
12-16 04:51:58.324 3006 3006 D hpplay-base: [LelinkBase:555] lelink broadcast_on_off:1 log2java_on_off:1
12-16 04:51:58.324 3006 5640 D hpplay-base: [LelinkMDNS:729] leboAuthorizationCheck strUuid=c2:e2:4f:e8:c7:bb000000000000000
12-16 04:51:58.324 3006 5640 D hpplay-base: [LelinkMDNS:730] leboAuthorizationCheck mPermissionDid=c2:e2:4f:e8:c7:bb000000000000000
12-16 04:51:58.324 3006 5640 D hpplay-base: [LelinkMDNS:755] leboAuthorizationCheck mPermissionMac=c2:e2:4f:e8:c7:bb000000000000000
12-16 04:51:58.325 3006 5641 I hpplay-base: [mDNSEmbeded:268] start lelink publish server, tid is 5641
12-16 04:51:58.325 3006 3006 D hpplay-base: [AEventUtils:595] request to start event handle service!!
12-16 04:51:58.325 3006 3006 D hpplay-base: [AEventUtils:603] start_event_handle_service,begin to run!!
12-16 04:51:58.325 3006 3006 D hpplay-base: [REventUtils:210] start_event_handle_service,begin to run!!
12-16 04:51:58.325 3006 3006 D hpplay-base: [LelinkBase:576] startAllServer success .
12-16 04:51:58.325 3006 5642 D hpplay-base: [mDNSEmbeded:197] http_port bind check 197 http_port_check
12-16 04:51:58.325 3006 5644 D hpplay-base: [REventUtils:59] create handleREventThread thread ok!!,tid is 5644
12-16 04:51:58.326 3006 3006 D hpplay-base: [jniBridge:894] startDlna_link:http://192.168.0.18:49152/description.xml
12-16 04:51:58.326 3006 5645 D hpplay-base: [jniBridge:1081] notifyJavaDlnalink:http://192.168.0.18:49152/description.xml
12-16 04:51:58.326 3006 5645 D hpplay-base: [jniBridge:1726] notifyJava, what:207, castType:0, mimeType:0 baseStatus:2
12-16 04:51:58.326 3006 5645 D hpplay-base: [jniBridge:1727] notifyJava sessionID:(null)
12-16 04:51:58.326 3006 5643 D hpplay-base: [AEventUtils:171] create handle AEvent thread ok!!,tid is 5643
12-16 04:51:58.327 3006 5645 I hpplay-java: [Thread-103]:Bridge:notify: what: 207
12-16 04:51:58.327 3006 5642 D hpplay-base: [mDNSEmbeded:217] http_port bind check 217 http_port_check
12-16 04:51:58.328 3006 5642 D hpplay-base: [mDNSEmbeded:222] http_port bind check 222 http_port_check
12-16 04:51:58.328 3006 5645 I hpplay-java: [Thread-103]:Bridge:notify: out: OutParameters:{audioSessionId=-1, audiotrackIndex=0, castHandleType=-1, castType=0, deviceName='http://192.168.0.18:49152/description.xml', dlnaName='', dramaID='', extra=0, frameHandleType=-1, handleInside=true, headduration=0, header='', headers=null, isAD=false, isMultiMirror=false, lelinkVer='', limitTime=0, , mediaAlbum='null', mediaAlbumArtURI='', mediaArtist='null', mediaAssets='', mediaTitle='null', mimeType=0, multiSession=null, period=0, pinCode='', playSpeed=0.0, playerChoice=0, plugin=0, port=0, position=0.0, positionUnit=2, protocol=0, realSessionID='', regType='', , sinkIp='', sourceAPPVersion='', sourceChannel='', sourceClientInfo='', sourceDeviceInfo='', sourceDeviceModel='', sourceDeviceName='', sourceDeviceType=0, sourceHID='', , sourceInfo='', , , sourceOSVersion='', sourceSDKVersion='', sourceUid='', stopDetail=0, stopReason=0, tailduration=0, url='', urlID='', urls=null, userAgent='', videoDecoder=0, volume=0, what=207}com.hpplay.sdk.sink.protocol.OutParameters@cc2dc63
12-16 04:51:58.328 3006 5645 I hpplay-java: [Thread-103]:Bridge:notify: address:95432800
12-16 04:51:58.330 3006 5642 D hpplay-base: [mDNSEmbeded:234] http_port bind check 234 http_port_check port:52266
12-16 04:51:58.330 3006 5642 D hpplay-base: [mDNSEmbeded:237] http_port bind check 237 http_port_check
12-16 04:51:58.331 3006 5647 D hpplay-base: [lelinkSinkServer:93] new client connection from 127.0.0.1 49822, fd=145
12-16 04:51:58.331 3006 5647 D hpplay-base: [SinkContext:137] addSinkContextSession,begin to run!!
12-16 04:51:58.331 3006 5647 D hpplay-base: [SinkContext:142] addSinkContextSession,begin to get lock!!
12-16 04:51:58.331 3006 5647 D hpplay-base: [SinkContext:144] addSinkContextSession,get lock ok!!
12-16 04:51:58.331 3006 5647 D hpplay-base: [SinkContext:149] addSinkContextSession,session list is null,begin to malloc!!
12-16 04:51:58.331 3006 5647 D hpplay-base: [SinkContext:156] addSinkContextSession,begin to update!!
12-16 04:51:58.331 3006 5647 D hpplay-base: [SinkContext:160] addSinkContextSession,begin to update header!!
12-16 04:51:58.331 3006 5647 D hpplay-base: [SinkContext:172] addSinkContextSession,begin to unlock!!
12-16 04:51:58.331 3006 5647 D hpplay-base: [SinkContext:174] addSinkContextSession,unlock ok!!
12-16 04:51:58.331 3006 5647 D hpplay-base: [LelinkReceiver:4908] get ping !!!
12-16 04:51:58.332 3006 5642 D hpplay-base: [mDNSEmbeded:240] http_port bind check 240 http_port_check recieved:64
12-16 04:51:58.332 3006 5642 D hpplay-base: [mDNSEmbeded:243] http_port bind check 243 http_port_check
12-16 04:51:58.332 3006 5642 D hpplay-base: [mDNSEmbeded:244] http_port bind check ok!
12-16 04:51:58.370 2550 2713 I OpenGLRenderer: Davey! duration=9223371533304ms; Flags=0, FrameTimelineVsyncId=9781, IntendedVsync=503550212684, Vsync=503550212684, InputEventId=0, HandleInputStart=503550896785, AnimationStart=503550900326, PerformTraversalsStart=503550902566, DrawStart=503573551055, FrameDeadline=503583546016, FrameInterval=503550885170, FrameStartTime=16666666, SyncQueued=503574589910, SyncStart=503574686420, IssueDrawCommandsStart=503575594180, SwapBuffers=503578431680, FrameCompleted=9223372036854775807, DequeueBufferDuration=51094, QueueBufferDuration=1197135, GpuCompleted=9223372036854775807, SwapBuffersCompleted=503580224910, DisplayPresentTime=0,
12-16 04:51:58.533 3006 5647 I hpplay-base: [LelinkReceiver:14605] _connectionFinalize (145)
12-16 04:51:58.533 3006 5647 D hpplay-base: [LelinkReceiver:14752] ###connectionFinalize,release ok!!###
12-16 04:51:59.058 664 676 I mpu_uart: [MSG-P:RECV]:No message received in 1000 ms
12-16 04:51:59.143 0 0 W swapper/2: type=1400 audit(0.0:1030): avc: denied { kill } for capability=5 scontext=u:r:kernel:s0 tcontext=u:r:kernel:s0 tclass=capability permissive=0
01-01 09:05:01.091 0 0 D : mv2112_read_status
01-01 09:05:01.091 0 0 D mv2112_update_link: 3.0x901(1G): 0x80
01-01 09:05:01.091 0 0 D mv2112_update_link: 3.0x8109(100M): 0x8
01-01 09:05:01.091 0 0 D mv2112_update_link: link 0x0
01-01 09:05:01.091 0 0 D mv2112_read_status: autoneg is disabled
12-16 04:51:59.264 3006 5564 W hpplay-java: [AsyncTask #170]:HttpRequest:
12-16 04:51:59.266 3006 5564 W hpplay-java: [AsyncTask #170]:HttpRequest:
12-16 04:51:59.268 3006 5564 W hpplay-java: [AsyncTask #170]:HttpRequest:
12-16 04:51:59.369 2550 2713 I OpenGLRenderer: Davey! duration=9223371532302ms; Flags=0, FrameTimelineVsyncId=9787, IntendedVsync=504552673630, Vsync=504552673630, InputEventId=0, HandleInputStart=504553463972, AnimationStart=504553467722, PerformTraversalsStart=504553470847, DrawStart=504578525326, FrameDeadline=504586006962, FrameInterval=504553453347, FrameStartTime=16666666, SyncQueued=504579464857, SyncStart=504579554805, IssueDrawCommandsStart=504580377045, SwapBuffers=504582961472, FrameCompleted=9223372036854775807, DequeueBufferDuration=40729, QueueBufferDuration=938125, GpuCompleted=9223372036854775807, SwapBuffersCompleted=504584421576, DisplayPresentTime=0,
12-16 04:52:00.003 2100 2100 D KeyguardUpdateMonitor: received broadcast android.intent.action.TIME_TICK
12-16 04:52:00.004 2100 2100 D KeyguardUpdateMonitor: handleTimeUpdate
12-16 04:52:00.058 664 676 I mpu_uart: [MSG-P:RECV]:No message received in 1000 ms
12-16 04:52:00.143 0 0 W swapper/2: type=1400 audit(0.0:1031): avc: denied { kill } for capability=5 scontext=u:r:kernel:s0 tcontext=u:r:kernel:s0 tclass=capability permissive=0
01-01 09:05:02.115 0 0 D : mv2112_read_status
01-01 09:05:02.115 0 0 D mv2112_update_link: 3.0x901(1G): 0x80
01-01 09:05:02.115 0 0 D mv2112_update_link: 3.0x8109(100M): 0x8
01-01 09:05:02.115 0 0 D mv2112_update_link: link 0x0
01-01 09:05:02.115 0 0 D mv2112_read_status: autoneg is disabled
12-16 04:52:00.369 2550 2713 I OpenGLRenderer: Davey! duration=9223371531297ms; Flags=0, FrameTimelineVsyncId=9799, IntendedVsync=505557482494, Vsync=505557482494, InputEventId=0, HandleInputStart=505558436055, AnimationStart=505558439440, PerformTraversalsStart=505558441940, DrawStart=505584697148, FrameDeadline=505590815826, FrameInterval=505558423867, FrameStartTime=16666666, SyncQueued=505585654492, SyncStart=505585735169, IssueDrawCommandsStart=505586626315, SwapBuffers=505589132461, FrameCompleted=9223372036854775807, DequeueBufferDuration=41980, QueueBufferDuration=856875, GpuCompleted=9223372036854775807, SwapBuffersCompleted=505590479127, DisplayPresentTime=0,
12-16 04:52:01.059 664 676 I mpu_uart: [MSG-P:RECV]:No message received in 1000 ms
12-16 04:52:01.143 0 0 W swapper/2: type=1400 audit(0.0:1032): avc: denied { kill } for capability=5 scontext=u:r:kernel:s0 tcontext=u:r:kernel:s0 tclass=capability permissive=0
01-01 09:05:03.139 0 0 D : mv2112_read_status
01-01 09:05:03.139 0 0 D mv2112_update_link: 3.0x901(1G): 0x80
01-01 09:05:03.139 0 0 D mv2112_update_link: 3.0x8109(100M): 0x8
01-01 09:05:03.139 0 0 D mv2112_update_link: link 0x0
01-01 09:05:03.139 0 0 D mv2112_read_status: autoneg is disabled
12-16 04:52:01.293 664 675 I mpu_uart: [MSG-P:R]:recv sync frame timeout
12-16 04:52:01.374 2550 2713 I OpenGLRenderer: Davey! duration=9223371530296ms; Flags=0, FrameTimelineVsyncId=9805, IntendedVsync=506557568933, Vsync=506557568933, InputEventId=0, HandleInputStart=506558330898, AnimationStart=506558334440, PerformTraversalsStart=506558336783, DrawStart=506581569856, FrameDeadline=506590902265, FrameInterval=506558317565, FrameStartTime=16666666, SyncQueued=506582518867, SyncStart=506582730013, IssueDrawCommandsStart=506583561471, SwapBuffers=506586139283, FrameCompleted=9223372036854775807, DequeueBufferDuration=45104, QueueBufferDuration=840208, GpuCompleted=9223372036854775807, SwapBuffersCompleted=506587511888, DisplayPresentTime=0,
12-16 04:52:02.059 664 676 I mpu_uart: [MSG-P:RECV]:No message received in 1000 ms
12-16 04:52:02.143 0 0 W swapper/2: type=1400 audit(0.0:1033): avc: denied { kill } for capability=5 scontext=u:r:kernel:s0 tcontext=u:r:kernel:s0 tclass=capability permissive=0
01-01 09:05:04.163 0 0 D : mv2112_read_status
01-01 09:05:04.163 0 0 D mv2112_update_link: 3.0x901(1G): 0x80
01-01 09:05:04.163 0 0 D mv2112_update_link: 3.0x8109(100M): 0x8
01-01 09:05:04.163 0 0 D mv2112_update_link: link 0x0
01-01 09:05:04.163 0 0 D mv2112_read_status: autoneg is disabled
12-16 04:52:02.378 2550 5112 I OpenGLRenderer: Davey! duration=9223371529294ms; Flags=0, FrameTimelineVsyncId=9811, IntendedVsync=507559898630, Vsync=507559898630, InputEventId=0, HandleInputStart=507560835012, AnimationStart=507560839127, PerformTraversalsStart=507560841314, DrawStart=507585090689, FrameDeadline=507593231962, FrameInterval=507560826575, FrameStartTime=16666666, SyncQueued=507585981210, SyncStart=507586052773, IssueDrawCommandsStart=507586768502, SwapBuffers=507589170898, FrameCompleted=9223372036854775807, DequeueBufferDuration=37083, QueueBufferDuration=901980, GpuCompleted=9223372036854775807, SwapBuffersCompleted=507590545637, DisplayPresentTime=0,
12-16 04:52:03.059 664 676 I mpu_uart: [MSG-P:RECV]:No message received in 1000 ms
12-16 04:52:03.143 0 0 W swapper/2: type=1400 audit(0.0:1034): avc: denied { kill } for capability=5 scontext=u:r:kernel:s0 tcontext=u:r:kernel:s0 tclass=capability permissive=0
12-16 04:52:03.239 3006 3006 I hpplay-java: [main]:ServiceUpdater:upLoadServiceInfo invalid deviceCode:, port:53388
01-01 09:05:05.187 0 0 D : mv2112_read_status
01-01 09:05:05.187 0 0 D mv2112_update_link: 3.0x901(1G): 0x80
01-01 09:05:05.187 0 0 D mv2112_update_link: 3.0x8109(100M): 0x8
01-01 09:05:05.187 0 0 D mv2112_update_link: link 0x0
01-01 09:05:05.187 0 0 D mv2112_read_status: autoneg is disabled
12-16 04:52:03.376 2550 2713 I OpenGLRenderer: Davey! duration=9223371528290ms; Flags=0, FrameTimelineVsyncId=9820, IntendedVsync=508564570523, Vsync=508564570523, InputEventId=0, HandleInputStart=508565526835, AnimationStart=508565530741, PerformTraversalsStart=508565533501, DrawStart=508591966731, FrameDeadline=508597903855, FrameInterval=508565514647, FrameStartTime=16666666, SyncQueued=508593116678, SyncStart=508593207928, IssueDrawCommandsStart=508594108918, SwapBuffers=508596762824, FrameCompleted=9223372036854775807, DequeueBufferDuration=45625, QueueBufferDuration=865521, GpuCompleted=9223372036854775807, SwapBuffersCompleted=508598208970, DisplayPresentTime=0,
12-16 04:52:04.060 664 676 I mpu_uart: [MSG-P:RECV]:No message received in 1000 ms
12-16 04:52:04.143 0 0 W swapper/2: type=1400 audit(0.0:1035): avc: denied { kill } for capability=5 scontext=u:r:kernel:s0 tcontext=u:r:kernel:s0 tclass=capability permissive=0
12-16 04:52:04.297 664 675 I mpu_uart: [MSG-P:R]:recv sync frame timeout
01-01 09:05:06.211 0 0 D : mv2112_read_status
01-01 09:05:06.211 0 0 D mv2112_update_link: 3.0x901(1G): 0x80
01-01 09:05:06.211 0 0 D mv2112_update_link: 3.0x8109(100M): 0x8
01-01 09:05:06.211 0 0 D mv2112_update_link: link 0x0
01-01 09:05:06.211 0 0 D mv2112_read_status: autoneg is disabled
12-16 04:52:04.383 2550 2713 I OpenGLRenderer: Davey! duration=9223371527290ms; Flags=0, FrameTimelineVsyncId=9826, IntendedVsync=509564667578, Vsync=509564667578, InputEventId=0, HandleInputStart=509565204334, AnimationStart=509565207720, PerformTraversalsStart=509565210168, DrawStart=509588090949, FrameDeadline=509598000910, FrameInterval=509565192876, FrameStartTime=16666666, SyncQueued=509588990220, SyncStart=509589070741, IssueDrawCommandsStart=509589757720, SwapBuffers=509592098918, FrameCompleted=9223372036854775807, DequeueBufferDuration=35989, QueueBufferDuration=788907, GpuCompleted=9223372036854775807, SwapBuffersCompleted=509593376730, DisplayPresentTime=0,
12-16 04:52:05.060 664 676 I mpu_uart: [MSG-P:RECV]:No message received in 1000 ms
12-16 04:52:05.143 0 0 W swapper/2: type=1400 audit(0.0:1036): avc: denied { kill } for capability=5 scontext=u:r:kernel:s0 tcontext=u:r:kernel:s0 tclass=capability permissive=0
01-01 09:05:07.235 0 0 D : mv2112_read_status
01-01 09:05:07.235 0 0 D mv2112_update_link: 3.0x901(1G): 0x80
01-01 09:05:07.235 0 0 D mv2112_update_link: 3.0x8109(100M): 0x8
01-01 09:05:07.235 0 0 D mv2112_update_link: link 0x0
01-01 09:05:07.235 0 0 D mv2112_read_status: autoneg is disabled
12-16 04:52:05.382 2550 2713 I OpenGLRenderer: Davey! duration=9223371526287ms; Flags=0, FrameTimelineVsyncId=9832, IntendedVsync=510567130630, Vsync=510567130630, InputEventId=0, HandleInputStart=510567921521, AnimationStart=510567925324, PerformTraversalsStart=510567928501, DrawStart=510593387042, FrameDeadline=510600463962, FrameInterval=510567909803, FrameStartTime=16666666, SyncQueued=510594267303, SyncStart=510594486105, IssueDrawCommandsStart=510595216730, SwapBuffers=510597672824, FrameCompleted=9223372036854775807, DequeueBufferDuration=38646, QueueBufferDuration=824010, GpuCompleted=9223372036854775807, SwapBuffersCompleted=510598975428, DisplayPresentTime=0,
12-16 04:52:06.060 664 676 I mpu_uart: [MSG-P:RECV]:No message received in 1000 ms
12-16 04:52:06.143 0 0 W swapper/2: type=1400 audit(0.0:1037): avc: denied { kill } for capability=5 scontext=u:r:kernel:s0 tcontext=u:r:kernel:s0 tclass=capability permissive=0
01-01 09:05:08.267 0 0 D : mv2112_read_status
01-01 09:05:08.267 0 0 D mv2112_update_link: 3.0x901(1G): 0x80
01-01 09:05:08.267 0 0 D mv2112_update_link: 3.0x8109(100M): 0x8
01-01 09:05:08.267 0 0 D mv2112_update_link: link 0x0
01-01 09:05:08.267 0 0 D mv2112_read_status: autoneg is disabled
12-16 04:52:06.386 2550 2713 I OpenGLRenderer: Davey! duration=9223371525285ms; Flags=0, FrameTimelineVsyncId=9838, IntendedVsync=511569531630, Vsync=511569531630, InputEventId=0, HandleInputStart=511570424334, AnimationStart=511570427927, PerformTraversalsStart=511570432042, DrawStart=511591280427, FrameDeadline=511602864962, FrameInterval=511570412615, FrameStartTime=16666666, SyncQueued=511592845479, SyncStart=511593044334, IssueDrawCommandsStart=511593814959, SwapBuffers=511596248292, FrameCompleted=9223372036854775807, DequeueBufferDuration=39792, QueueBufferDuration=805469, GpuCompleted=9223372036854775807, SwapBuffersCompleted=511597554698, DisplayPresentTime=0,
12-16 04:52:07.060 664 676 I mpu_uart: [MSG-P:RECV]:No message received in 1000 ms
12-16 04:52:07.143 0 0 W swapper/2: type=1400 audit(0.0:1038): avc: denied { kill } for capability=5 scontext=u:r:kernel:s0 tcontext=u:r:kernel:s0 tclass=capability permissive=0
12-16 04:52:07.300 664 675 I mpu_uart: [MSG-P:R]:recv sync frame timeout
01-01 09:05:09.283 0 0 D : mv2112_read_status
01-01 09:05:09.283 0 0 D mv2112_update_link: 3.0x901(1G): 0x80
01-01 09:05:09.283 0 0 D mv2112_update_link: 3.0x8109(100M): 0x8
01-01 09:05:09.283 0 0 D mv2112_update_link: link 0x0
01-01 09:05:09.283 0 0 D mv2112_read_status: autoneg is disabled
12-16 04:52:07.392 2550 2713 I OpenGLRenderer: Davey! duration=9223371524282ms; Flags=0, FrameTimelineVsyncId=9844, IntendedVsync=512571945630, Vsync=512571945630, InputEventId=0, HandleInputStart=512572633760, AnimationStart=512572637927, PerformTraversalsStart=512572640948, DrawStart=512596353604, FrameDeadline=512605278962, FrameInterval=512572622146, FrameStartTime=16666666, SyncQueued=512597280062, SyncStart=512597487146, IssueDrawCommandsStart=512598290531, SwapBuffers=512600827146, FrameCompleted=9223372036854775807, DequeueBufferDuration=42969, QueueBufferDuration=819375, GpuCompleted=9223372036854775807, SwapBuffersCompleted=512602159437, DisplayPresentTime=0,
12-16 04:52:08.061 664 676 I mpu_uart: [MSG-P:RECV]:No message received in 1000 ms
12-16 04:52:08.143 0 0 W swapper/2: type=1400 audit(0.0:1039): avc: denied { kill } for capability=5 scontext=u:r:kernel:s0 tcontext=u:r:kernel:s0 tclass=capability permissive=0
12-16 04:52:08.226 3006 3006 I hpplay-java: [main]:Upgrade:upgrade not be allowed
12-16 04:52:08.242 3006 3006 I hpplay-java: [main]:ServerBusiness:get deviceCode:
12-16 04:52:08.243 3006 3006 W hpplay-java: [main]:ServerBusiness:startDeviceService ignore,invalid deviceCode
12-16 04:52:08.392 2550 2713 I OpenGLRenderer: Davey! duration=9223371523280ms; Flags=0, FrameTimelineVsyncId=9850, IntendedVsync=513574361630, Vsync=513574361630, InputEventId=0, HandleInputStart=513575003187, AnimationStart=513575007770, PerformTraversalsStart=513575010687, DrawStart=513599805583, FrameDeadline=513607694962, FrameInterval=513574992770, FrameStartTime=16666666, SyncQueued=513600945531, SyncStart=513601055218, IssueDrawCommandsStart=513601784593, SwapBuffers=513604353395, FrameCompleted=9223372036854775807, DequeueBufferDuration=39010, QueueBufferDuration=784688, GpuCompleted=9223372036854775807, SwapBuffersCompleted=513605659229, DisplayPresentTime=0,
01-01 09:05:10.307 0 0 D : mv2112_read_status
01-01 09:05:10.307 0 0 D mv2112_update_link: 3.0x901(1G): 0x80
01-01 09:05:10.307 0 0 D mv2112_update_link: 3.0x8109(100M): 0x8
01-01 09:05:10.307 0 0 D mv2112_update_link: link 0x0
01-01 09:05:10.307 0 0 D mv2112_read_status: autoneg is disabled
12-16 04:52:09.061 664 676 I mpu_uart: [MSG-P:RECV]:No message received in 1000 ms
12-16 04:52:09.143 0 0 W swapper/2: type=1400 audit(0.0:1040): avc: denied { kill } for capability=5 scontext=u:r:kernel:s0 tcontext=u:r:kernel:s0 tclass=capability permissive=0
12-16 04:52:09.393 2550 2713 I OpenGLRenderer: Davey! duration=9223371522277ms; Flags=0, FrameTimelineVsyncId=9856, IntendedVsync=514576761630, Vsync=514576761630, InputEventId=0, HandleInputStart=514577723603, AnimationStart=514577727614, PerformTraversalsStart=514577731155, DrawStart=514599464384, FrameDeadline=514610094962, FrameInterval=514577712562, FrameStartTime=16666666, SyncQueued=514600464593, SyncStart=514600537978, IssueDrawCommandsStart=514601264228, SwapBuffers=514603599853, FrameCompleted=9223372036854775807, DequeueBufferDuration=39375, QueueBufferDuration=1103177, GpuCompleted=9223372036854775807, SwapBuffersCompleted=514605218551, DisplayPresentTime=0,
01-01 09:05:11.331 0 0 D : mv2112_read_status
01-01 09:05:11.331 0 0 D mv2112_update_link: 3.0x901(1G): 0x80
01-01 09:05:11.331 0 0 D mv2112_update_link: 3.0x8109(100M): 0x8
01-01 09:05:11.331 0 0 D mv2112_update_link: link 0x0
01-01 09:05:11.331 0 0 D mv2112_read_status: autoneg is disabled
12-16 04:52:10.061 664 676 I mpu_uart: [MSG-P:RECV]:No message received in 1000 ms
12-16 04:52:10.143 0 0 W swapper/2: type=1400 audit(0.0:1041): avc: denied { kill } for capability=5 scontext=u:r:kernel:s0 tcontext=u:r:kernel:s0 tclass=capability permissive=0
12-16 04:52:10.303 664 675 I mpu_uart: [MSG-P:R]:recv sync frame timeout
12-16 04:52:10.398 2550 2713 I OpenGLRenderer: Davey! duration=9223371521275ms; Flags=0, FrameTimelineVsyncId=9862, IntendedVsync=515579165630, Vsync=515579165630, InputEventId=0, HandleInputStart=515579959332, AnimationStart=515579963238, PerformTraversalsStart=515579966207, DrawStart=515604386884, FrameDeadline=515612498962, FrameInterval=515579945530, FrameStartTime=16666666, SyncQueued=515605349853, SyncStart=515605563238, IssueDrawCommandsStart=515606393655, SwapBuffers=515609017822, FrameCompleted=9223372036854775807, DequeueBufferDuration=42448, QueueBufferDuration=883125, GpuCompleted=9223372036854775807, SwapBuffersCompleted=515610445113, DisplayPresentTime=0,
01-01 09:05:12.355 0 0 D : mv2112_read_status
01-01 09:05:12.355 0 0 D mv2112_update_link: 3.0x901(1G): 0x80
01-01 09:05:12.355 0 0 D mv2112_update_link: 3.0x8109(100M): 0x8
01-01 09:05:12.355 0 0 D mv2112_update_link: link 0x0
01-01 09:05:12.355 0 0 D mv2112_read_status: autoneg is disabled
12-16 04:52:11.061 664 676 I mpu_uart: [MSG-P:RECV]:No message received in 1000 ms
12-16 04:52:11.143 0 0 W swapper/2: type=1400 audit(0.0:1042): avc: denied { kill } for capability=5 scontext=u:r:kernel:s0 tcontext=u:r:kernel:s0 tclass=capability permissive=0
12-16 04:52:11.401 2550 2713 I OpenGLRenderer: Davey! duration=9223371520273ms; Flags=0, FrameTimelineVsyncId=9868, IntendedVsync=516581582630, Vsync=516581582630, InputEventId=0, HandleInputStart=516582307873, AnimationStart=516582311988, PerformTraversalsStart=516582314696, DrawStart=516605376988, FrameDeadline=516614915962, FrameInterval=516582295946, FrameStartTime=16666666, SyncQueued=516606477144, SyncStart=516606569175, IssueDrawCommandsStart=516607437925, SwapBuffers=516610020321, FrameCompleted=9223372036854775807, DequeueBufferDuration=45104, QueueBufferDuration=840781, GpuCompleted=9223372036854775807, SwapBuffersCompleted=516611371832, DisplayPresentTime=0,
01-01 09:05:13.379 0 0 D : mv2112_read_status
01-01 09:05:13.379 0 0 D mv2112_update_link: 3.0x901(1G): 0x80
01-01 09:05:13.379 0 0 D mv2112_update_link: 3.0x8109(100M): 0x8
01-01 09:05:13.379 0 0 D mv2112_update_link: link 0x0
01-01 09:05:13.379 0 0 D mv2112_read_status: autoneg is disabled
12-16 04:52:12.061 664 676 I mpu_uart: [MSG-P:RECV]:No message received in 1000 ms
12-16 04:52:12.143 0 0 W swapper/2: type=1400 audit(0.0:1043): avc: denied { kill } for capability=5 scontext=u:r:kernel:s0 tcontext=u:r:kernel:s0 tclass=capability permissive=0
01-01 09:05:14.403 0 0 D : mv2112_read_status
01-01 09:05:14.403 0 0 D mv2112_update_link: 3.0x901(1G): 0x80
01-01 09:05:14.403 0 0 D mv2112_update_link: 3.0x8109(100M): 0x8
01-01 09:05:14.403 0 0 D mv2112_update_link: link 0x0
01-01 09:05:14.403 0 0 D mv2112_read_status: autoneg is disabled
12-16 04:52:13.062 664 676 I mpu_uart: [MSG-P:RECV]:No message received in 1000 ms
12-16 04:52:13.143 0 0 W swapper/2: type=1400 audit(0.0:1044): avc: denied { kill } for capability=5 scontext=u:r:kernel:s0 tcontext=u:r:kernel:s0 tclass=capability permissive=0
12-16 04:52:13.225 3006 3006 I hpplay-java: [main]:ServerTaskManager:task run out of time
12-16 04:52:13.225 3006 3006 I hpplay-java: [main]:ServerTaskManager:cancelTimeOutCheck
12-16 04:52:13.225 3006 3006 I hpplay-java: [main]:ServerTaskManager:exeTask ignore, reason: TaskList is clear
12-16 04:52:13.306 664 675 I mpu_uart: [MSG-P:R]:recv sync frame timeout
12-16 04:52:13.396 3006 5640 D hpplay-base: [LelinkMDNS:766] devicePermissionPublic leboPermissionCheck:-2
12-16 04:52:13.396 3006 5640 D hpplay-base: [jniBridge:1125] com_hpplay_sdk_sink_protocol_Bridge_WHAT_SERVER_ERROR
12-16 04:52:13.396 3006 5640 D hpplay-base: [jniBridge:1726] notifyJava, what:204, castType:0, mimeType:0 baseStatus:2
12-16 04:52:13.396 3006 5640 D hpplay-base: [jniBridge:1727] notifyJava sessionID:(null)
12-16 04:52:13.399 3006 5640 I hpplay-java: [Thread-104]:Bridge:notify: what: 204
12-16 04:52:13.400 3006 5640 I hpplay-java: [Thread-104]:Bridge:notify: out: OutParameters:{audioSessionId=-1, audiotrackIndex=0, castHandleType=-1, castType=0, deviceName='', dlnaName='', dramaID='', extra=-2002, frameHandleType=-1, handleInside=true, headduration=0, header='', headers=null, isAD=false, isMultiMirror=false, lelinkVer='', limitTime=0, , mediaAlbum='null', mediaAlbumArtURI='', mediaArtist='null', mediaAssets='', mediaTitle='null', mimeType=0, multiSession=null, period=0, pinCode='', playSpeed=0.0, playerChoice=0, plugin=0, port=0, position=0.0, positionUnit=2, protocol=0, realSessionID='', regType='', , sinkIp='', sourceAPPVersion='', sourceChannel='', sourceClientInfo='', sourceDeviceInfo='', sourceDeviceModel='', sourceDeviceName='', sourceDeviceType=0, sourceHID='', , sourceInfo='', , , sourceOSVersion='', sourceSDKVersion='', sourceUid='', stopDetail=0, stopReason=0, tailduration=0, url='', urlID='', urls=null, userAgent='', videoDecoder=0, volume=0, what=204}com.hpplay.sdk.sink.protocol.OutParameters@5020919
12-16 04:52:13.400 3006 5640 I hpplay-java: [Thread-104]:Bridge:notify: address:49917406
12-16 04:52:13.400 3006 3006 I hpplay-java: [main]:Bridge:findServiceID start out: 49917406
12-16 04:52:13.400 3006 5640 I hpplay-base: [mDNSEmbeded:79] embedded_mDNSLoop stopmDNSNow:0 nPublish:-2 nExitFlag:6 tid is 5640
12-16 04:52:13.400 3006 3006 I hpplay-java: [main]:Bridge:findServiceID end
12-16 04:52:13.400 3006 3006 E hpplay-java: [main]:ServerTaskManager:onError 204/-2002 com.hht.lebocast.LelinkHelper$e@e24427e
12-16 04:52:13.400 3006 3006 I hpplay-java: [main]:ServerTaskManager:cancelTimeOutCheck
12-16 04:52:13.402 3006 3006 W hpplay-java: [main]:ServerTaskManager:onErrorDispatcher errorCode:-2002
12-16 04:52:13.402 3006 3006 I hpplay-java: [main]:ServerTaskManager:onError retry later
12-16 04:52:13.405 2550 2713 I OpenGLRenderer: Davey! duration=9223371518268ms; Flags=0, FrameTimelineVsyncId=9880, IntendedVsync=518586405630, Vsync=518586405630, InputEventId=0, HandleInputStart=518587177143, AnimationStart=518587182300, PerformTraversalsStart=518587185008, DrawStart=518610745841, FrameDeadline=518603072296, FrameInterval=518587163550, FrameStartTime=16666666, SyncQueued=518611674018, SyncStart=518611882716, IssueDrawCommandsStart=518612764123, SwapBuffers=518615268393, FrameCompleted=9223372036854775807, DequeueBufferDuration=43125, QueueBufferDuration=949479, GpuCompleted=9223372036854775807, SwapBuffersCompleted=518616759123, DisplayPresentTime=0,
01-01 09:05:15.427 0 0 D : mv2112_read_status
01-01 09:05:15.427 0 0 D mv2112_update_link: 3.0x901(1G): 0x80
01-01 09:05:15.427 0 0 D mv2112_update_link: 3.0x8109(100M): 0x8
01-01 09:05:15.427 0 0 D mv2112_update_link: link 0x0
01-01 09:05:15.427 0 0 D mv2112_read_status: autoneg is disabled
12-16 04:52:14.062 664 676 I mpu_uart: [MSG-P:RECV]:No message received in 1000 ms
12-16 04:52:14.143 0 0 W swapper/2: type=1400 audit(0.0:1045): avc: denied { kill } for capability=5 scontext=u:r:kernel:s0 tcontext=u:r:kernel:s0 tclass=capability permissive=0
12-16 04:52:14.404 2550 2713 I OpenGLRenderer: Davey! duration=9223371517265ms; Flags=0, FrameTimelineVsyncId=9886, IntendedVsync=519588836630, Vsync=519588836630, InputEventId=0, HandleInputStart=519589532403, AnimationStart=519589536205, PerformTraversalsStart=519589538966, DrawStart=519615820216, FrameDeadline=519622169962, FrameInterval=519589519070, FrameStartTime=16666666, SyncQueued=519616984851, SyncStart=519617084695, IssueDrawCommandsStart=519617963497, SwapBuffers=519620711101, FrameCompleted=9223372036854775807, DequeueBufferDuration=49844, QueueBufferDuration=1073177, GpuCompleted=9223372036854775807, SwapBuffersCompleted=519622347455, DisplayPresentTime=0,
12-16 04:52:14.488 3006 5605 W hpplay-java: [AsyncTask #174]:HttpRequest:
12-16 04:52:14.490 3006 5605 W hpplay-java: [AsyncTask #174]:HttpRequest:
12-16 04:52:14.492 3006 5605 W hpplay-java: [AsyncTask #174]:HttpRequest:
01-01 09:05:16.451 0 0 D : mv2112_read_status
01-01 09:05:16.451 0 0 D mv2112_update_link: 3.0x901(1G): 0x80
01-01 09:05:16.451 0 0 D mv2112_update_link: 3.0x8109(100M): 0x8
01-01 09:05:16.451 0 0 D mv2112_update_link: link 0x0
01-01 09:05:16.451 0 0 D mv2112_read_status: autoneg is disabled
12-16 04:52:15.062 664 676 I mpu_uart: [MSG-P:RECV]:No message received in 1000 ms
12-16 04:52:15.143 0 0 W swapper/2: type=1400 audit(0.0:1046): avc: denied { kill } for capability=5 scontext=u:r:kernel:s0 tcontext=u:r:kernel:s0 tclass=capability permissive=0
01-01 09:05:17.475 0 0 D : mv2112_read_status
01-01 09:05:17.475 0 0 D mv2112_update_link: 3.0x901(1G): 0x80
01-01 09:05:17.475 0 0 D mv2112_update_link: 3.0x8109(100M): 0x8
01-01 09:05:17.475 0 0 D mv2112_update_link: link 0x0
01-01 09:05:17.475 0 0 D mv2112_read_status: autoneg is disabled
12-16 04:52:16.063 664 676 I mpu_uart: [MSG-P:RECV]:No message received in 1000 ms
12-16 04:52:16.143 0 0 W swapper/2: type=1400 audit(0.0:1047): avc: denied { kill } for capability=5 scontext=u:r:kernel:s0 tcontext=u:r:kernel:s0 tclass=capability permissive=0
12-16 04:52:16.309 664 675 I mpu_uart: [MSG-P:R]:recv sync frame timeout
12-16 04:52:16.403 3006 3006 I hpplay-java: [main]:ServerTaskManager:restart by error
12-16 04:52:16.403 3006 3006 I hpplay-java: [main]:ServerTaskManager:startServer
12-16 04:52:16.404 3006 3006 I hpplay-java: [main]:ServerTaskManager:startServer add, reason: server is starting or running
12-16 04:52:16.404 3006 3006 I hpplay-java: [main]:ServerTaskManager:addStopTask
12-16 04:52:16.405 3006 3006 I hpplay-java: [main]:ServerTaskManager:addStartTask
12-16 04:52:16.405 3006 3006 I hpplay-java: [main]:ServerTaskManager:exeTask stopServer
12-16 04:52:16.405 3006 3006 I hpplay-java: [main]:Bridge:stopServer keepPush: false
12-16 04:52:16.412 3006 3006 D hpplay-base: [jniBridge:909] Bridge__1stopServer status:2
12-16 04:52:16.413 2550 2713 I OpenGLRenderer: Davey! duration=9223371515260ms; Flags=0, FrameTimelineVsyncId=9900, IntendedVsync=521593623296, Vsync=521593623296, InputEventId=0, HandleInputStart=521594475371, AnimationStart=521594478028, PerformTraversalsStart=521594480163, DrawStart=521617756726, FrameDeadline=521626956628, FrameInterval=521594463340, FrameStartTime=16666666, SyncQueued=521618731673, SyncStart=521618958965, IssueDrawCommandsStart=521619818496, SwapBuffers=521622370684, FrameCompleted=9223372036854775807, DequeueBufferDuration=46354, QueueBufferDuration=905156, GpuCompleted=9223372036854775807, SwapBuffersCompleted=521623805319, DisplayPresentTime=0,
12-16 04:52:16.414 3006 3006 D hpplay-base: [LelinkBase:654] stopAllServer will start thread!
12-16 04:52:16.414 3006 5643 D hpplay-base: [AEventUtils:588] handle AEvent thread end!!,tid is 5643
12-16 04:52:16.415 3006 5644 D hpplay-base: [REventUtils:197] handleREventThread thread end!!,tid is 5644
12-16 04:52:16.415 3006 5656 I hpplay-base: [mDNSEmbeded:65] embedded_mDNSExit call
12-16 04:52:16.422 3006 5623 D hpplay-base: [stream_mirror_compat:1284] mirror stream begin to exit,server fd:71,thread_id:3138085312!!
12-16 04:52:16.422 3006 5623 D hpplay-base: [stream_mirror_compat:1323] ##screen stream exit successfully!!##
12-16 04:52:16.574 3006 5622 D hpplay-base: [Server:447] startHttpServer will END srv->serverType:0
12-16 04:52:16.574 3006 5622 D hpplay-base: [Server:646] startHttpServer cond srv_shutdown:1 connectNummber:0
12-16 04:52:16.574 3006 5622 D hpplay-base: [Server:669] startHttpServer wait cond END. srv_shutdown:1 connectNummber:0
12-16 04:52:16.574 3006 5622 D hpplay-base: [Server:457] HttpServer END, tid is 5622
01-01 09:05:18.499 0 0 D : mv2112_read_status
01-01 09:05:18.499 0 0 D mv2112_update_link: 3.0x901(1G): 0x80
01-01 09:05:18.499 0 0 D mv2112_update_link: 3.0x8109(100M): 0x8
01-01 09:05:18.499 0 0 D mv2112_update_link: link 0x0
01-01 09:05:18.499 0 0 D mv2112_read_status: autoneg is disabled
12-16 04:52:16.733 3006 5640 I hpplay-base: [mDNSEmbeded:140] embedded_mDNSLoop Exiting end,tid is 5640
12-16 04:52:16.734 3006 5656 D hpplay-base: [mDNSEmbeded:452] stopmDNSServer end stopmDNSNow=2, nRet=0
12-16 04:52:17.022 3006 5641 I hpplay-base: [mDNSEmbeded:376] end lelink publish server, tid is 5641
12-16 04:52:17.022 3006 5656 D hpplay-base: [mDNSEmbeded:420] stopmLelinkServer end nRet=0
12-16 04:52:17.022 3006 5656 D hpplay-base: [LelinkBase:615] lebodlna stopServerThreadFunc dlnaEnable:1
12-16 04:52:17.022 3006 5656 D hpplay-base-dlna: [lebodlna_api:49] stop DMR
12-16 04:52:17.023 3006 5656 D hpplay-base-dlna: [lebodlna_api:344] m_pRender Release
12-16 04:52:17.063 664 676 I mpu_uart: [MSG-P:RECV]:No message received in 1000 ms
12-16 04:52:17.083 3006 5656 D hpplay-base-dlna: [UpnpDefine:867] DMRender release success
12-16 04:52:17.083 3006 5656 D hpplay-base-dlna: [lebodlna_api:352] m_pAVT Release
12-16 04:52:17.083 3006 5656 D hpplay-base-dlna: [lebodlna_api:360] m_pRCS Release
12-16 04:52:17.083 3006 5656 D hpplay-base-dlna: [lebodlna_api:365] dmrender destroydmr
12-16 04:52:17.143 0 0 W swapper/2: type=1400 audit(0.0:1048): avc: denied { kill } for capability=5 scontext=u:r:kernel:s0 tcontext=u:r:kernel:s0 tclass=capability permissive=0
12-16 04:52:17.383 3006 5656 D hpplay-base-dlna: [lebodlna-dlna_android:186] stopDLNA
12-16 04:52:17.383 3006 5656 D hpplay-base-dlna: [lebodlna-dlna_android:189] dlnaservice destroy
12-16 04:52:17.383 3006 5656 D hpplay-base-dlna: [lebodlna-dlna_android:49] dlnaservice Destroy 49 int CDlnaService::Destroy()
12-16 04:52:17.383 3006 5656 D hpplay-base-dlna: [lebodlna-dlnaframe:245] dlnaservice Destroy 245 static ERROR_TYPE IDlnaFrame::DestroyDlnaFrame(IDlnaFrame *)
12-16 04:52:17.383 3006 5656 D hpplay-base-dlna: [lebodlna-dlnaframe:179] dlnaservice Destroy 179 virtual void CDlnaFrame::Release()
12-16 04:52:17.383 3006 5656 D hpplay-base-dlna: [lebodlna-dlnaframe:190] dlnaservice Destroy 190 virtual void CDlnaFrame::Release()
12-16 04:52:17.383 3006 5656 D hpplay-base-dlna: [lebodlna-dlnaframe:192] dlnaservice Destroy 192 virtual void CDlnaFrame::Release()
12-16 04:52:17.383 3006 5656 D hpplay-base-dlna: [lebodlna-dlnaframe:247] dlnaservice Destroy 247 static ERROR_TYPE IDlnaFrame::DestroyDlnaFrame(IDlnaFrame *)
12-16 04:52:17.383 3006 5656 D hpplay-base-dlna: [lebodlna-dlnaframe:251] dlnaservice Destroy 251 static ERROR_TYPE IDlnaFrame::DestroyDlnaFrame(IDlnaFrame *)
12-16 04:52:17.386 3006 5656 E hpplay-base-dlna: upnpapi.c:655::before gminiserver ThreadPoolShutdown
12-16 04:52:17.386 3006 5656 E hpplay-base-dlna: ThreadPool.c:1047::on ThreadPoolShutdown tp->totalThreads:2
12-16 04:52:17.386 3006 5656 E hpplay-base-dlna: ThreadPool.c:1056::after ThreadPoolShutdown
12-16 04:52:17.386 3006 5656 E hpplay-base-dlna: ThreadPool.c:1057::ThreadPoolShutdown tp->totalThreads:0
12-16 04:52:17.386 3006 5656 E hpplay-base-dlna: upnpapi.c:657::after gminiserver ThreadPoolShutdown
12-16 04:52:17.386 3006 5656 E hpplay-base-dlna: upnpapi.c:659::before grecv ThreadPoolShutdown
12-16 04:52:17.387 3006 5656 E hpplay-base-dlna: ThreadPool.c:1047::on ThreadPoolShutdown tp->totalThreads:12
12-16 04:52:17.387 3006 5656 E hpplay-base-dlna: ThreadPool.c:1047::on ThreadPoolShutdown tp->totalThreads:4
12-16 04:52:17.388 3006 5656 E hpplay-base-dlna: ThreadPool.c:1047::on ThreadPoolShutdown tp->totalThreads:3
12-16 04:52:17.388 3006 5656 E hpplay-base-dlna: ThreadPool.c:1047::on ThreadPoolShutdown tp->totalThreads:2
12-16 04:52:17.388 3006 5656 E hpplay-base-dlna: ThreadPool.c:1056::after ThreadPoolShutdown
12-16 04:52:17.388 3006 5656 E hpplay-base-dlna: ThreadPool.c:1057::ThreadPoolShutdown tp->totalThreads:0
12-16 04:52:17.388 3006 5656 E hpplay-base-dlna: upnpapi.c:661::after grecv ThreadPoolShutdown
12-16 04:52:17.388 3006 5656 E hpplay-base-dlna: upnpapi.c:663::before gsend ThreadPoolShutdown
12-16 04:52:17.388 3006 5656 E hpplay-base-dlna: ThreadPool.c:1047::on ThreadPoolShutdown tp->totalThreads:2
12-16 04:52:17.388 3006 5656 E hpplay-base-dlna: ThreadPool.c:1047::on ThreadPoolShutdown tp->totalThreads:1
12-16 04:52:17.388 3006 5656 E hpplay-base-dlna: ThreadPool.c:1056::after ThreadPoolShutdown
12-16 04:52:17.389 3006 5656 E hpplay-base-dlna: ThreadPool.c:1057::ThreadPoolShutdown tp->totalThreads:0
12-16 04:52:17.389 3006 5656 E hpplay-base-dlna: upnpapi.c:665::after gsend ThreadPoolShutdown
12-16 04:52:17.389 3006 5656 D hpplay-base-dlna: [lebodlna-dlnaframe:253] dlnaservice Destroy 253 static ERROR_TYPE IDlnaFrame::DestroyDlnaFrame(IDlnaFrame *)
12-16 04:52:17.389 3006 5656 D hpplay-base-dlna: [lebodlna-dlna_android:51] dlnaservice Destroy 51 int CDlnaService::Destroy()
12-16 04:52:17.389 3006 5656 D hpplay-base-dlna: [lebodlna-dlna_android:194] stopDLNA end
12-16 04:52:17.412 2550 2713 I OpenGLRenderer: Davey! duration=9223371514258ms; Flags=0, FrameTimelineVsyncId=9906, IntendedVsync=522596037630, Vsync=522596037630, InputEventId=0, HandleInputStart=522596890006, AnimationStart=522596893600, PerformTraversalsStart=522596896465, DrawStart=522619530475, FrameDeadline=522629370962, FrameInterval=522596877871, FrameStartTime=16666666, SyncQueued=522620517142, SyncStart=522620590527, IssueDrawCommandsStart=522621342454, SwapBuffers=522623658913, FrameCompleted=9223372036854775807, DequeueBufferDuration=41146, QueueBufferDuration=887031, GpuCompleted=9223372036854775807, SwapBuffersCompleted=522625069017, DisplayPresentTime=0,
01-01 09:05:19.523 0 0 D : mv2112_read_status
01-01 09:05:19.523 0 0 D mv2112_update_link: 3.0x901(1G): 0x80
01-01 09:05:19.523 0 0 D mv2112_update_link: 3.0x8109(100M): 0x8
01-01 09:05:19.523 0 0 D mv2112_update_link: link 0x0
01-01 09:05:19.523 0 0 D mv2112_read_status: autoneg is disabled
12-16 04:52:17.689 3006 5656 D hpplay-base: [stream_mirror_compat:1489] request to stop screen stream session!!
12-16 04:52:17.689 3006 5656 D hpplay-base: [AEventUtils:625] begin to stop event handle service!!
12-16 04:52:17.689 3006 5656 D hpplay-base: [AEventUtils:628] stop event handle service ok!!
12-16 04:52:17.689 3006 5656 D hpplay-base: [REventUtils:231] begin to stop report handle service!!
12-16 04:52:17.689 3006 5656 D hpplay-base: [REventUtils:234] stop report handle service ok!!
12-16 04:52:17.690 3006 5656 D hpplay-base: [lelinkSinkServer:711] HTTP Server stopSinkServer End .
12-16 04:52:17.690 3006 5656 D hpplay-base: [jniBridge:1135] notifyJavaServerStoped
12-16 04:52:17.690 3006 5656 D hpplay-base: [jniBridge:1726] notifyJava, what:202, castType:0, mimeType:0 baseStatus:4
12-16 04:52:17.690 3006 5656 D hpplay-base: [jniBridge:1727] notifyJava sessionID:(null)
12-16 04:52:17.691 3006 5656 I hpplay-java: [Thread-105]:Bridge:notify: what: 202
12-16 04:52:17.692 3006 5656 I hpplay-java: [Thread-105]:Bridge:notify: out: OutParameters:{audioSessionId=-1, audiotrackIndex=0, castHandleType=-1, castType=0, deviceName='', dlnaName='', dramaID='', extra=0, frameHandleType=-1, handleInside=true, headduration=0, header='', headers=null, isAD=false, isMultiMirror=false, lelinkVer='', limitTime=0, , mediaAlbum='null', mediaAlbumArtURI='', mediaArtist='null', mediaAssets='', mediaTitle='null', mimeType=0, multiSession=null, period=0, pinCode='', playSpeed=0.0, playerChoice=0, plugin=0, port=0, position=0.0, positionUnit=2, protocol=0, realSessionID='', regType='', , sinkIp='', sourceAPPVersion='', sourceChannel='', sourceClientInfo='', sourceDeviceInfo='', sourceDeviceModel='', sourceDeviceName='', sourceDeviceType=0, sourceHID='', , sourceInfo='', , , sourceOSVersion='', sourceSDKVersion='', sourceUid='', stopDetail=0, stopReason=0, tailduration=0, url='', urlID='', urls=null, userAgent='', videoDecoder=0, volume=0, what=202}com.hpplay.sdk.sink.protocol.OutParameters@2a11dd5
12-16 04:52:17.692 3006 5656 I hpplay-java: [Thread-105]:Bridge:notify: address:225364458
12-16 04:52:17.693 3006 5656 D hpplay-base: [LelinkBase:645] stopServerThreadFunc notifyJavaServerStoped!
12-16 04:52:17.693 3006 3006 I hpplay-java: [main]:ServerTaskManager:startTimeOutCheck
12-16 04:52:17.693 3006 3006 I hpplay-java: [main]:ServerBusiness:stopDaemonBusiness
12-16 04:52:17.693 3006 3006 I hpplay-java: [main]:SinkDataReport:logout
12-16 04:52:17.695 3006 3006 I hpplay-java: [main]:EPControl:release
12-16 04:52:17.699 3006 3006 I hpplay-java: [main]:Dispatcher:notifyAllReverseControlsStop
12-16 04:52:17.701 3006 5617 W hpplay-java: NanoHTTPDServerRunnable:Communication with the client broken
12-16 04:52:17.701 3006 5617 W hpplay-java: java.net.SocketException: Socket closed
12-16 04:52:17.701 3006 5617 W hpplay-java: at java.net.PlainSocketImpl.socketAccept(PlainSocketImpl.java:213)
12-16 04:52:17.701 3006 5617 W hpplay-java: at java.net.AbstractPlainSocketImpl.accept(AbstractPlainSocketImpl.java:451)
12-16 04:52:17.701 3006 5617 W hpplay-java: at java.net.ServerSocket.implAccept(ServerSocket.java:547)
12-16 04:52:17.701 3006 5617 W hpplay-java: at java.net.ServerSocket.accept(ServerSocket.java:515)
12-16 04:52:17.701 3006 5617 W hpplay-java: at com.hpplay.nanohttpd.protocols.http.ServerRunnable.run(SourceFile:118)
12-16 04:52:17.701 3006 5617 W hpplay-java: at java.lang.Thread.run(Thread.java:920)
12-16 04:52:17.701 3006 5617 I hpplay-java: NanoHTTPDNanoHTTPD:server is stoped
12-16 04:52:17.701 3006 5617 I hpplay-java: NanoHTTPDNanoHTTPD:clear obj
12-16 04:52:17.702 3006 5659 I hpplay-java: [AsyncTask #185]:GlideCreator:clearCache clearDiskCache
12-16 04:52:17.702 3006 3006 I hpplay-java: [main]:Preference:checkFeature none
12-16 04:52:17.702 3006 3006 I hpplay-java: [main]:Dispatcher:notifyAllUIControlsStop set: []
12-16 04:52:17.703 3006 3006 I hpplay-java: [main]:IMTask:getIMRoot
12-16 04:52:17.704 3006 3006 I hpplay-java: [main]:Bridge:findServiceID start out: 225364458
12-16 04:52:17.704 3006 3006 I hpplay-java: [main]:Bridge:findServiceID end
12-16 04:52:17.704 3006 3006 I hpplay-java: [main]:ServerTaskManager:onStop retry:true
12-16 04:52:17.704 3006 3006 I hpplay-java: [main]:ServerTaskManager:cancelTimeOutCheck
12-16 04:52:17.706 3006 3006 I hpplay-java: [main]:IPManager:getActiveNets type: WIFI
12-16 04:52:17.706 3006 3006 I hpplay-java: [main]:IPManager:getActiveNets eth0:false wifi:true mobile:false ap:false
12-16 04:52:17.706 3006 3006 I hpplay-java: [main]:IPManager:getIPAddress IP_WLAN0
12-16 04:52:17.711 3006 3006 I hpplay-java: [main]:IPManager:updateIPAddress getIPAddress: 192.168.4.16 name:vlan4
12-16 04:52:17.711 3006 3006 I hpplay-java: [main]:IPManager:updateIPAddress getIPAddress: 192.168.0.18 name:wlan0
12-16 04:52:17.711 3006 3006 I hpplay-java: [main]:IPManager:updateIPAddress getIPAddress: 192.168.8.16 name:vlan8
12-16 04:52:17.711 3006 3006 I hpplay-java: [main]:IPManager:updateIPAddress getIPAddress: 192.168.11.16 name:vlan11
12-16 04:52:17.711 3006 3006 I hpplay-java: [main]:IPManager:updateIPAddress getIPAddress: 192.168.0.16 name:vlan0
