01-01 09:01:24.003 0 0 D mv2112_update_link: 3.0x901(1G): 0x80
01-01 09:01:24.003 0 0 D mv2112_update_link: 3.0x8109(100M): 0x8
01-01 09:01:24.003 0 0 D mv2112_update_link: link 0x0
01-01 09:01:24.003 0 0 D mv2112_read_status: autoneg is disabled
12-16 04:48:22.143 0 0 W swapper/3: type=1400 audit(0.0:723): avc: denied { kill } for capability=5 scontext=u:r:kernel:s0 tcontext=u:r:kernel:s0 tclass=capability permissive=0
12-16 04:48:22.297 3006 3006 I hpplay-java: [main]:ServerTaskManager:task run out of time
12-16 04:48:22.297 3006 3006 I hpplay-java: [main]:ServerTaskManager:cancelTimeOutCheck
12-16 04:48:22.298 3006 3006 I hpplay-java: [main]:ServerTaskManager:exeTask ignore, reason: TaskList is clear
12-16 04:48:22.483 3006 4990 D hpplay-base: [LelinkMDNS:766] devicePermissionPublic leboPermissionCheck:-2
12-16 04:48:22.483 3006 4990 D hpplay-base: [jniBridge:1125] com_hpplay_sdk_sink_protocol_Bridge_WHAT_SERVER_ERROR
12-16 04:48:22.483 3006 4990 D hpplay-base: [jniBridge:1726] notifyJava, what:204, castType:0, mimeType:0 baseStatus:2
12-16 04:48:22.483 3006 4990 D hpplay-base: [jniBridge:1727] notifyJava sessionID:(null)
12-16 04:48:22.485 3006 4990 I hpplay-java: [Thread-56]:Bridge:notify: what: 204
12-16 04:48:22.487 3006 4990 I hpplay-java: [Thread-56]:Bridge:notify: out: OutParameters:{audioSessionId=-1, audiotrackIndex=0, castHandleType=-1, castType=0, deviceName='', dlnaName='', dramaID='', extra=-2002, frameHandleType=-1, handleInside=true, headduration=0, header='', headers=null, isAD=false, isMultiMirror=false, lelinkVer='', limitTime=0, , mediaAlbum='null', mediaAlbumArtURI='', mediaArtist='null', mediaAssets='', mediaTitle='null', mimeType=0, multiSession=null, period=0, pinCode='', playSpeed=0.0, playerChoice=0, plugin=0, port=0, position=0.0, positionUnit=2, protocol=0, realSessionID='', regType='', , sinkIp='', sourceAPPVersion='', sourceChannel='', sourceClientInfo='', sourceDeviceInfo='', sourceDeviceModel='', sourceDeviceName='', sourceDeviceType=0, sourceHID='', , sourceInfo='', , , sourceOSVersion='', sourceSDKVersion='', sourceUid='', stopDetail=0, stopReason=0, tailduration=0, url='', urlID='', urls=null, userAgent='', videoDecoder=0, volume=0, what=204}com.hpplay.sdk.sink.protocol.OutParameters@d18f5db
12-16 04:48:22.487 3006 4990 I hpplay-java: [Thread-56]:Bridge:notify: address:15439992
12-16 04:48:22.487 3006 4990 I hpplay-base: [mDNSEmbeded:79] embedded_mDNSLoop stopmDNSNow:0 nPublish:-2 nExitFlag:6 tid is 4990
12-16 04:48:22.487 3006 3006 I hpplay-java: [main]:Bridge:findServiceID start out: 15439992
12-16 04:48:22.487 3006 3006 I hpplay-java: [main]:Bridge:findServiceID end
12-16 04:48:22.488 3006 3006 E hpplay-java: [main]:ServerTaskManager:onError 204/-2002 com.hht.lebocast.LelinkHelper$e@e24427e
12-16 04:48:22.488 3006 3006 I hpplay-java: [main]:ServerTaskManager:cancelTimeOutCheck
12-16 04:48:22.490 3006 3006 W hpplay-java: [main]:ServerTaskManager:onErrorDispatcher errorCode:-2002
12-16 04:48:22.490 3006 3006 I hpplay-java: [main]:ServerTaskManager:onError retry later
12-16 04:48:22.898 2550 2707 I OpenGLRenderer: Davey! duration=9223371748772ms; Flags=0, FrameTimelineVsyncId=6622, IntendedVsync=288082276673, Vsync=288082276673, InputEventId=0, HandleInputStart=288082972440, AnimationStart=288082977440, PerformTraversalsStart=288082980513, DrawStart=288107841815, FrameDeadline=288115610005, FrameInterval=288082961190, FrameStartTime=16666666, SyncQueued=288109173273, SyncStart=288109282960, IssueDrawCommandsStart=288110275408, SwapBuffers=288113417856, FrameCompleted=9223372036854775807, DequeueBufferDuration=52812, QueueBufferDuration=916458, GpuCompleted=9223372036854775807, SwapBuffersCompleted=288114909002, DisplayPresentTime=0,
12-16 04:48:22.921 664 676 I mpu_uart: [MSG-P:RECV]:No message received in 1000 ms
12-16 04:48:23.068 3006 4954 W hpplay-java: [AsyncTask #84]:HttpRequest:
12-16 04:48:23.070 3006 4954 W hpplay-java: [AsyncTask #84]:HttpRequest:
12-16 04:48:23.079 3006 4954 W hpplay-java: [AsyncTask #84]:HttpRequest:
12-16 04:48:23.087 1519 2033 I GameModeConfig: isGameModeOn = false
12-16 04:48:23.115 2100 2100 D InterruptionStateProvider: No bubble up: not allowed to bubble: -1|android|26|null|1000
12-16 04:48:23.115 2100 2100 D InterruptionStateProvider: No alerting: filtered notification: 0|com.android.systemui|1|empty_media|10082
12-16 04:48:23.115 2100 2100 D InterruptionStateProvider: No bubble up: not allowed to bubble: 0|com.android.systemui|2048|null|10082
12-16 04:48:23.115 2100 2100 D InterruptionStateProvider: No bubble up: not allowed to bubble: -1|android|32|null|1000
01-01 09:01:25.027 0 0 D : mv2112_read_status
01-01 09:01:25.027 0 0 D mv2112_update_link: 3.0x901(1G): 0x80
01-01 09:01:25.027 0 0 D mv2112_update_link: 3.0x8109(100M): 0x8
01-01 09:01:25.027 0 0 D mv2112_update_link: link 0x0
01-01 09:01:25.027 0 0 D mv2112_read_status: autoneg is disabled
12-16 04:48:23.143 0 0 W swapper/3: type=1400 audit(0.0:724): avc: denied { kill } for capability=5 scontext=u:r:kernel:s0 tcontext=u:r:kernel:s0 tclass=capability permissive=0
12-16 04:48:23.148 2100 2163 I OpenGLRenderer: Davey! duration=9223371748502ms; Flags=0, FrameTimelineVsyncId=6628, IntendedVsync=288352011835, Vsync=288352011835, InputEventId=0, HandleInputStart=288352587544, AnimationStart=288352590929, PerformTraversalsStart=288352593117, DrawStart=288361024783, FrameDeadline=288385345167, FrameInterval=288352525356, FrameStartTime=16666666, SyncQueued=288361233481, SyncStart=288361446346, IssueDrawCommandsStart=288361643065, SwapBuffers=288363457387, FrameCompleted=9223372036854775807, DequeueBufferDuration=51302, QueueBufferDuration=1140208, GpuCompleted=9223372036854775807, SwapBuffersCompleted=288365250408, DisplayPresentTime=0,
12-16 04:48:23.903 2550 2707 I OpenGLRenderer: Davey! duration=9223371747767ms; Flags=0, FrameTimelineVsyncId=6631, IntendedVsync=289087336051, Vsync=289087336051, InputEventId=0, HandleInputStart=289088255773, AnimationStart=289088259887, PerformTraversalsStart=289088262596, DrawStart=289110190564, FrameDeadline=289120669383, FrameInterval=289088242491, FrameStartTime=16666666, SyncQueued=289111171606, SyncStart=289111388220, IssueDrawCommandsStart=289112300304, SwapBuffers=289114801814, FrameCompleted=9223372036854775807, DequeueBufferDuration=45521, QueueBufferDuration=954583, GpuCompleted=9223372036854775807, SwapBuffersCompleted=289116299523, DisplayPresentTime=0,
12-16 04:48:23.921 664 676 I mpu_uart: [MSG-P:RECV]:No message received in 1000 ms
12-16 04:48:24.143 85 85 W kworker/3:1: type=1400 audit(0.0:725): avc: denied { kill } for capability=5 scontext=u:r:kernel:s0 tcontext=u:r:kernel:s0 tclass=capability permissive=0
01-01 09:01:26.051 0 0 D : mv2112_read_status
01-01 09:01:26.051 0 0 D mv2112_update_link: 3.0x901(1G): 0x80
01-01 09:01:26.052 0 0 D mv2112_update_link: 3.0x8109(100M): 0x8
01-01 09:01:26.052 0 0 D mv2112_update_link: link 0x0
01-01 09:01:26.052 0 0 D mv2112_read_status: autoneg is disabled
12-16 04:48:24.902 2550 2713 I OpenGLRenderer: Davey! duration=9223371746765ms; Flags=0, FrameTimelineVsyncId=6640, IntendedVsync=290089195664, Vsync=290089195664, InputEventId=0, HandleInputStart=290089737751, AnimationStart=290089741241, PerformTraversalsStart=290089743949, DrawStart=290114948481, FrameDeadline=290122528996, FrameInterval=290089725720, FrameStartTime=16666666, SyncQueued=290115998741, SyncStart=290116156397, IssueDrawCommandsStart=290117090408, SwapBuffers=290119856553, FrameCompleted=9223372036854775807, DequeueBufferDuration=46146, QueueBufferDuration=1664948, GpuCompleted=9223372036854775807, SwapBuffersCompleted=290122533168, DisplayPresentTime=0,
12-16 04:48:24.921 664 676 I mpu_uart: [MSG-P:RECV]:No message received in 1000 ms
12-16 04:48:25.072 664 675 I mpu_uart: [MSG-P:R]:recv sync frame timeout
12-16 04:48:25.143 0 0 W swapper/0: type=1400 audit(0.0:726): avc: denied { kill } for capability=5 scontext=u:r:kernel:s0 tcontext=u:r:kernel:s0 tclass=capability permissive=0
01-01 09:01:27.075 0 0 D : mv2112_read_status
01-01 09:01:27.075 0 0 D mv2112_update_link: 3.0x901(1G): 0x80
01-01 09:01:27.075 0 0 D mv2112_update_link: 3.0x8109(100M): 0x8
01-01 09:01:27.075 0 0 D mv2112_update_link: link 0x0
01-01 09:01:27.075 0 0 D mv2112_read_status: autoneg is disabled
12-16 04:48:25.498 3006 3006 I hpplay-java: [main]:ServerTaskManager:restart by error
12-16 04:48:25.498 3006 3006 I hpplay-java: [main]:ServerTaskManager:startServer
12-16 04:48:25.498 3006 3006 I hpplay-java: [main]:ServerTaskManager:startServer add, reason: server is starting or running
12-16 04:48:25.498 3006 3006 I hpplay-java: [main]:ServerTaskManager:addStopTask
12-16 04:48:25.498 3006 3006 I hpplay-java: [main]:ServerTaskManager:addStartTask
12-16 04:48:25.498 3006 3006 I hpplay-java: [main]:ServerTaskManager:exeTask stopServer
12-16 04:48:25.499 3006 3006 I hpplay-java: [main]:Bridge:stopServer keepPush: false
12-16 04:48:25.499 3006 3006 D hpplay-base: [jniBridge:909] Bridge__1stopServer status:2
12-16 04:48:25.499 3006 3006 D hpplay-base: [LelinkBase:654] stopAllServer will start thread!
12-16 04:48:25.500 3006 4994 D hpplay-base: [AEventUtils:588] handle AEvent thread end!!,tid is 4994
12-16 04:48:25.500 3006 5028 I hpplay-base: [mDNSEmbeded:65] embedded_mDNSExit call
12-16 04:48:25.500 3006 4995 D hpplay-base: [REventUtils:197] handleREventThread thread end!!,tid is 4995
12-16 04:48:25.577 3006 4971 D hpplay-base: [stream_mirror_compat:1284] mirror stream begin to exit,server fd:71,thread_id:3135881664!!
12-16 04:48:25.578 3006 4971 D hpplay-base: [stream_mirror_compat:1323] ##screen stream exit successfully!!##
12-16 04:48:25.627 3006 4970 D hpplay-base: [Server:447] startHttpServer will END srv->serverType:0
12-16 04:48:25.628 3006 4970 D hpplay-base: [Server:646] startHttpServer cond srv_shutdown:1 connectNummber:0
12-16 04:48:25.628 3006 4970 D hpplay-base: [Server:669] startHttpServer wait cond END. srv_shutdown:1 connectNummber:0
12-16 04:48:25.628 3006 4970 D hpplay-base: [Server:457] HttpServer END, tid is 4970
12-16 04:48:25.819 3006 4990 I hpplay-base: [mDNSEmbeded:140] embedded_mDNSLoop Exiting end,tid is 4990
12-16 04:48:25.820 3006 5028 D hpplay-base: [mDNSEmbeded:452] stopmDNSServer end stopmDNSNow=2, nRet=0
12-16 04:48:25.908 2550 2713 I OpenGLRenderer: Davey! duration=9223371745765ms; Flags=0, FrameTimelineVsyncId=6646, IntendedVsync=291089630526, Vsync=291089630526, InputEventId=0, HandleInputStart=291090901761, AnimationStart=291090906136, PerformTraversalsStart=291090908897, DrawStart=291113329313, FrameDeadline=291122963858, FrameInterval=291090890251, FrameStartTime=16666666, SyncQueued=291114311397, SyncStart=291114394782, IssueDrawCommandsStart=291115229522, SwapBuffers=291117903063, FrameCompleted=9223372036854775807, DequeueBufferDuration=45677, QueueBufferDuration=898750, GpuCompleted=9223372036854775807, SwapBuffersCompleted=291119409105, DisplayPresentTime=0,
12-16 04:48:25.921 664 676 I mpu_uart: [MSG-P:RECV]:No message received in 1000 ms
12-16 04:48:26.094 3006 4991 I hpplay-base: [mDNSEmbeded:376] end lelink publish server, tid is 4991
12-16 04:48:26.095 3006 5028 D hpplay-base: [mDNSEmbeded:420] stopmLelinkServer end nRet=0
12-16 04:48:26.095 3006 5028 D hpplay-base: [LelinkBase:615] lebodlna stopServerThreadFunc dlnaEnable:1
12-16 04:48:26.095 3006 5028 D hpplay-base-dlna: [lebodlna_api:49] stop DMR
12-16 04:48:26.095 3006 5028 D hpplay-base-dlna: [lebodlna_api:344] m_pRender Release
12-16 04:48:26.143 0 0 W swapper/0: type=1400 audit(0.0:727): avc: denied { kill } for capability=5 scontext=u:r:kernel:s0 tcontext=u:r:kernel:s0 tclass=capability permissive=0
12-16 04:48:26.153 3006 5028 D hpplay-base-dlna: [UpnpDefine:867] DMRender release success
12-16 04:48:26.153 3006 5028 D hpplay-base-dlna: [lebodlna_api:352] m_pAVT Release
12-16 04:48:26.154 3006 5028 D hpplay-base-dlna: [lebodlna_api:360] m_pRCS Release
12-16 04:48:26.154 3006 5028 D hpplay-base-dlna: [lebodlna_api:365] dmrender destroydmr
01-01 09:01:28.099 0 0 D : mv2112_read_status
01-01 09:01:28.099 0 0 D mv2112_update_link: 3.0x901(1G): 0x80
01-01 09:01:28.099 0 0 D mv2112_update_link: 3.0x8109(100M): 0x8
01-01 09:01:28.099 0 0 D mv2112_update_link: link 0x0
01-01 09:01:28.099 0 0 D mv2112_read_status: autoneg is disabled
12-16 04:48:26.454 3006 5028 D hpplay-base-dlna: [lebodlna-dlna_android:186] stopDLNA
12-16 04:48:26.454 3006 5028 D hpplay-base-dlna: [lebodlna-dlna_android:189] dlnaservice destroy
12-16 04:48:26.454 3006 5028 D hpplay-base-dlna: [lebodlna-dlna_android:49] dlnaservice Destroy 49 int CDlnaService::Destroy()
12-16 04:48:26.454 3006 5028 D hpplay-base-dlna: [lebodlna-dlnaframe:245] dlnaservice Destroy 245 static ERROR_TYPE IDlnaFrame::DestroyDlnaFrame(IDlnaFrame *)
12-16 04:48:26.454 3006 5028 D hpplay-base-dlna: [lebodlna-dlnaframe:179] dlnaservice Destroy 179 virtual void CDlnaFrame::Release()
12-16 04:48:26.454 3006 5028 D hpplay-base-dlna: [lebodlna-dlnaframe:190] dlnaservice Destroy 190 virtual void CDlnaFrame::Release()
12-16 04:48:26.454 3006 5028 D hpplay-base-dlna: [lebodlna-dlnaframe:192] dlnaservice Destroy 192 virtual void CDlnaFrame::Release()
12-16 04:48:26.454 3006 5028 D hpplay-base-dlna: [lebodlna-dlnaframe:247] dlnaservice Destroy 247 static ERROR_TYPE IDlnaFrame::DestroyDlnaFrame(IDlnaFrame *)
12-16 04:48:26.454 3006 5028 D hpplay-base-dlna: [lebodlna-dlnaframe:251] dlnaservice Destroy 251 static ERROR_TYPE IDlnaFrame::DestroyDlnaFrame(IDlnaFrame *)
12-16 04:48:26.457 3006 5028 E hpplay-base-dlna: upnpapi.c:655::before gminiserver ThreadPoolShutdown
12-16 04:48:26.457 3006 5028 E hpplay-base-dlna: ThreadPool.c:1047::on ThreadPoolShutdown tp->totalThreads:2
12-16 04:48:26.458 3006 5028 E hpplay-base-dlna: ThreadPool.c:1047::on ThreadPoolShutdown tp->totalThreads:1
12-16 04:48:26.458 3006 5028 E hpplay-base-dlna: ThreadPool.c:1056::after ThreadPoolShutdown
12-16 04:48:26.458 3006 5028 E hpplay-base-dlna: ThreadPool.c:1057::ThreadPoolShutdown tp->totalThreads:0
12-16 04:48:26.458 3006 5028 E hpplay-base-dlna: upnpapi.c:657::after gminiserver ThreadPoolShutdown
12-16 04:48:26.458 3006 5028 E hpplay-base-dlna: upnpapi.c:659::before grecv ThreadPoolShutdown
12-16 04:48:26.458 3006 5028 E hpplay-base-dlna: ThreadPool.c:1047::on ThreadPoolShutdown tp->totalThreads:12
12-16 04:48:26.459 3006 5028 E hpplay-base-dlna: ThreadPool.c:1047::on ThreadPoolShutdown tp->totalThreads:11
12-16 04:48:26.459 3006 5028 E hpplay-base-dlna: ThreadPool.c:1047::on ThreadPoolShutdown tp->totalThreads:10
12-16 04:48:26.459 3006 5028 E hpplay-base-dlna: ThreadPool.c:1047::on ThreadPoolShutdown tp->totalThreads:9
12-16 04:48:26.459 3006 5028 E hpplay-base-dlna: ThreadPool.c:1047::on ThreadPoolShutdown tp->totalThreads:8
12-16 04:48:26.460 3006 5028 E hpplay-base-dlna: ThreadPool.c:1047::on ThreadPoolShutdown tp->totalThreads:7
12-16 04:48:26.460 3006 5028 E hpplay-base-dlna: ThreadPool.c:1047::on ThreadPoolShutdown tp->totalThreads:6
12-16 04:48:26.460 3006 5028 E hpplay-base-dlna: ThreadPool.c:1047::on ThreadPoolShutdown tp->totalThreads:5
12-16 04:48:26.460 3006 5028 E hpplay-base-dlna: ThreadPool.c:1047::on ThreadPoolShutdown tp->totalThreads:4
12-16 04:48:26.461 3006 5028 E hpplay-base-dlna: ThreadPool.c:1047::on ThreadPoolShutdown tp->totalThreads:3
12-16 04:48:26.461 3006 5028 E hpplay-base-dlna: ThreadPool.c:1047::on ThreadPoolShutdown tp->totalThreads:2
12-16 04:48:26.462 3006 5028 E hpplay-base-dlna: ThreadPool.c:1047::on ThreadPoolShutdown tp->totalThreads:1
12-16 04:48:26.462 3006 5028 E hpplay-base-dlna: ThreadPool.c:1056::after ThreadPoolShutdown
12-16 04:48:26.462 3006 5028 E hpplay-base-dlna: ThreadPool.c:1057::ThreadPoolShutdown tp->totalThreads:0
12-16 04:48:26.462 3006 5028 E hpplay-base-dlna: upnpapi.c:661::after grecv ThreadPoolShutdown
12-16 04:48:26.462 3006 5028 E hpplay-base-dlna: upnpapi.c:663::before gsend ThreadPoolShutdown
12-16 04:48:26.462 3006 5028 E hpplay-base-dlna: ThreadPool.c:1047::on ThreadPoolShutdown tp->totalThreads:2
12-16 04:48:26.463 3006 5028 E hpplay-base-dlna: ThreadPool.c:1047::on ThreadPoolShutdown tp->totalThreads:1
12-16 04:48:26.463 3006 5028 E hpplay-base-dlna: ThreadPool.c:1056::after ThreadPoolShutdown
12-16 04:48:26.463 3006 5028 E hpplay-base-dlna: ThreadPool.c:1057::ThreadPoolShutdown tp->totalThreads:0
12-16 04:48:26.463 3006 5028 E hpplay-base-dlna: upnpapi.c:665::after gsend ThreadPoolShutdown
12-16 04:48:26.463 3006 5028 D hpplay-base-dlna: [lebodlna-dlnaframe:253] dlnaservice Destroy 253 static ERROR_TYPE IDlnaFrame::DestroyDlnaFrame(IDlnaFrame *)
12-16 04:48:26.463 3006 5028 D hpplay-base-dlna: [lebodlna-dlna_android:51] dlnaservice Destroy 51 int CDlnaService::Destroy()
12-16 04:48:26.463 3006 5028 D hpplay-base-dlna: [lebodlna-dlna_android:194] stopDLNA end
12-16 04:48:26.764 3006 5028 D hpplay-base: [stream_mirror_compat:1489] request to stop screen stream session!!
12-16 04:48:26.764 3006 5028 D hpplay-base: [AEventUtils:625] begin to stop event handle service!!
12-16 04:48:26.764 3006 5028 D hpplay-base: [AEventUtils:628] stop event handle service ok!!
12-16 04:48:26.764 3006 5028 D hpplay-base: [REventUtils:231] begin to stop report handle service!!
12-16 04:48:26.764 3006 5028 D hpplay-base: [REventUtils:234] stop report handle service ok!!
12-16 04:48:26.764 3006 5028 D hpplay-base: [lelinkSinkServer:711] HTTP Server stopSinkServer End .
12-16 04:48:26.764 3006 5028 D hpplay-base: [jniBridge:1135] notifyJavaServerStoped
12-16 04:48:26.764 3006 5028 D hpplay-base: [jniBridge:1726] notifyJava, what:202, castType:0, mimeType:0 baseStatus:4
12-16 04:48:26.764 3006 5028 D hpplay-base: [jniBridge:1727] notifyJava sessionID:(null)
12-16 04:48:26.766 3006 5028 I hpplay-java: [Thread-57]:Bridge:notify: what: 202
12-16 04:48:26.767 3006 5028 I hpplay-java: [Thread-57]:Bridge:notify: out: OutParameters:{audioSessionId=-1, audiotrackIndex=0, castHandleType=-1, castType=0, deviceName='', dlnaName='', dramaID='', extra=0, frameHandleType=-1, handleInside=true, headduration=0, header='', headers=null, isAD=false, isMultiMirror=false, lelinkVer='', limitTime=0, , mediaAlbum='null', mediaAlbumArtURI='', mediaArtist='null', mediaAssets='', mediaTitle='null', mimeType=0, multiSession=null, period=0, pinCode='', playSpeed=0.0, playerChoice=0, plugin=0, port=0, position=0.0, positionUnit=2, protocol=0, realSessionID='', regType='', , sinkIp='', sourceAPPVersion='', sourceChannel='', sourceClientInfo='', sourceDeviceInfo='', sourceDeviceModel='', sourceDeviceName='', sourceDeviceType=0, sourceHID='', , sourceInfo='', , , sourceOSVersion='', sourceSDKVersion='', sourceUid='', stopDetail=0, stopReason=0, tailduration=0, url='', urlID='', urls=null, userAgent='', videoDecoder=0, volume=0, what=202}com.hpplay.sdk.sink.protocol.OutParameters@42714b7
12-16 04:48:26.767 3006 5028 I hpplay-java: [Thread-57]:Bridge:notify: address:159237156
12-16 04:48:26.768 3006 5028 D hpplay-base: [LelinkBase:645] stopServerThreadFunc notifyJavaServerStoped!
12-16 04:48:26.768 3006 3006 I hpplay-java: [main]:ServerTaskManager:startTimeOutCheck
12-16 04:48:26.768 3006 3006 I hpplay-java: [main]:ServerBusiness:stopDaemonBusiness
12-16 04:48:26.769 3006 3006 I hpplay-java: [main]:SinkDataReport:logout
12-16 04:48:26.770 3006 3006 I hpplay-java: [main]:EPControl:release
12-16 04:48:26.773 3006 5031 I hpplay-java: [AsyncTask #95]:GlideCreator:clearCache clearDiskCache
12-16 04:48:26.775 3006 3006 I hpplay-java: [main]:Dispatcher:notifyAllReverseControlsStop
12-16 04:48:26.775 3006 3006 I hpplay-java: [main]:Preference:checkFeature none
12-16 04:48:26.775 3006 3006 I hpplay-java: [main]:Dispatcher:notifyAllUIControlsStop set: []
12-16 04:48:26.775 3006 3006 I hpplay-java: [main]:Bridge:findServiceID start out: 159237156
12-16 04:48:26.776 3006 3006 I hpplay-java: [main]:Bridge:findServiceID end
12-16 04:48:26.776 3006 4965 W hpplay-java: NanoHTTPDServerRunnable:Communication with the client broken
12-16 04:48:26.776 3006 4965 W hpplay-java: java.net.SocketException: Socket closed
12-16 04:48:26.776 3006 4965 W hpplay-java: at java.net.PlainSocketImpl.socketAccept(PlainSocketImpl.java:213)
12-16 04:48:26.776 3006 4965 W hpplay-java: at java.net.AbstractPlainSocketImpl.accept(AbstractPlainSocketImpl.java:451)
12-16 04:48:26.776 3006 4965 W hpplay-java: at java.net.ServerSocket.implAccept(ServerSocket.java:547)
12-16 04:48:26.776 3006 4965 W hpplay-java: at java.net.ServerSocket.accept(ServerSocket.java:515)
12-16 04:48:26.776 3006 4965 W hpplay-java: at com.hpplay.nanohttpd.protocols.http.ServerRunnable.run(SourceFile:118)
12-16 04:48:26.776 3006 4965 W hpplay-java: at java.lang.Thread.run(Thread.java:920)
12-16 04:48:26.776 3006 3006 I hpplay-java: [main]:ServerTaskManager:onStop retry:true
12-16 04:48:26.776 3006 4965 I hpplay-java: NanoHTTPDNanoHTTPD:server is stoped
12-16 04:48:26.776 3006 3006 I hpplay-java: [main]:ServerTaskManager:cancelTimeOutCheck
12-16 04:48:26.776 3006 4965 I hpplay-java: NanoHTTPDNanoHTTPD:clear obj
12-16 04:48:26.778 3006 3006 I hpplay-java: [main]:IPManager:getActiveNets type: WIFI
12-16 04:48:26.778 3006 3006 I hpplay-java: [main]:IPManager:getActiveNets eth0:false wifi:true mobile:false ap:false
12-16 04:48:26.778 3006 3006 I hpplay-java: [main]:IPManager:getIPAddress IP_WLAN0
12-16 04:48:26.783 3006 3006 I hpplay-java: [main]:IPManager:updateIPAddress getIPAddress: 192.168.4.16 name:vlan4
12-16 04:48:26.783 3006 3006 I hpplay-java: [main]:IPManager:updateIPAddress getIPAddress: 192.168.0.18 name:wlan0
12-16 04:48:26.783 3006 3006 I hpplay-java: [main]:IPManager:updateIPAddress getIPAddress: 192.168.8.16 name:vlan8
12-16 04:48:26.783 3006 3006 I hpplay-java: [main]:IPManager:updateIPAddress getIPAddress: 192.168.11.16 name:vlan11
12-16 04:48:26.783 3006 3006 I hpplay-java: [main]:IPManager:updateIPAddress getIPAddress: 192.168.0.16 name:vlan0
12-16 04:48:26.783 3006 3006 I hpplay-java: [main]:IPManager:updateIPAddress getIPAddress: 192.168.2.16 name:vlan2
12-16 04:48:26.783 3006 3006 I hpplay-java: [main]:IPManager:updateIPAddress getIPAddress: 192.168.1.16 name:vlan1
12-16 04:48:26.784 3006 3006 I hpplay-java: [main]:ServerTaskManager:exeTask startServer
12-16 04:48:26.785 3006 5032 I hpplay-java: [AsyncTask #96]:ServerBusiness:startDaemonBusiness
12-16 04:48:26.785 3006 3006 I hpplay-java: [main]:ServerTaskManager:startTimeOutCheck
12-16 04:48:26.785 3006 5032 I hpplay-java: [AsyncTask #96]:TimeOutCheckUtil:addTask id:upgrade
12-16 04:48:26.785 3006 5032 I hpplay-java: [AsyncTask #96]:TimeOutCheckUtil:addTask id:ijkupgrade
12-16 04:48:26.785 3006 5033 I hpplay-java: [AsyncTask #97]:Bridge:assembleInParameters
12-16 04:48:26.786 3006 5033 I hpplay-java: [AsyncTask #97]:Bridge:createDeviceId deviceId:OTQ6NWE6MmE6NjI6YWU6ZTI=
12-16 04:48:26.787 3006 5034 I hpplay-java: NanoHTTPDNanoHTTPD:server is started
12-16 04:48:26.787 3006 5033 I hpplay-java: [AsyncTask #97]:IPManager:getActiveNets type: WIFI
12-16 04:48:26.787 3006 5033 I hpplay-java: [AsyncTask #97]:IPManager:getActiveNets eth0:false wifi:true mobile:false ap:false
12-16 04:48:26.787 3006 5033 I hpplay-java: [AsyncTask #97]:IPManager:getIPAddress IP_WLAN0
12-16 04:48:26.788 3006 5033 I hpplay-java: [AsyncTask #97]:Preference:checkFeature none
12-16 04:48:26.788 3006 5033 I hpplay-java: [AsyncTask #97]:SWI:dlna tip
12-16 04:48:26.788 3006 5033 I hpplay-java: [AsyncTask #97]:SWI:lefp tip
12-16 04:48:26.788 3006 5033 I hpplay-java: [AsyncTask #97]:Bridge:assembleInParameters none alias name use device name: 高合娱乐副屏
12-16 04:48:26.788 3006 5033 I hpplay-java: [AsyncTask #97]:Feature:isSendAdvertisement
12-16 04:48:26.788 3006 5033 I hpplay-java: [AsyncTask #97]:Preference:checkFeature none
12-16 04:48:26.788 3006 5033 I hpplay-java: [AsyncTask #97]:Preference:checkFeature none
12-16 04:48:26.788 3006 5033 I hpplay-java: [AsyncTask #97]:Bridge:backupHpplayDat bakPath:
12-16 04:48:26.789 3006 5033 I hpplay-java: [AsyncTask #97]:Bridge:path:/data/user/0/com.hht.lebocast/files/hpplay/file/happyplay.dat
12-16 04:48:26.789 3006 5033 I hpplay-java: [AsyncTask #97]:Bridge:mAppId:21409
12-16 04:48:26.789 3006 5033 I hpplay-java: [AsyncTask #97]:Bridge:mode:3
12-16 04:48:26.789 3006 5033 I hpplay-java: [AsyncTask #97]:Bridge:type:1
12-16 04:48:26.789 3006 5033 I hpplay-java: [AsyncTask #97]:Bridge:SN:
12-16 04:48:26.789 3006 5033 I hpplay-java: [AsyncTask #97]:Preference:checkFeature none
12-16 04:48:26.789 3006 5033 I hpplay-java: [AsyncTask #97]:Bridge:backPath:
12-16 04:48:26.789 3006 5033 I hpplay-java: [AsyncTask #97]:DeviceUtil:getPermissionDid: 1
12-16 04:48:26.789 3006 5033 I hpplay-java: [AsyncTask #97]:DeviceUtil:getPermissionDid: 1
12-16 04:48:26.789 3006 5033 I hpplay-java: [AsyncTask #97]:Preference:checkFeature none
12-16 04:48:26.789 3006 5033 I hpplay-java: [AsyncTask #97]:Preference:checkFeature none
12-16 04:48:26.789 3006 5033 I hpplay-java: [AsyncTask #97]:Preference:checkFeature none
12-16 04:48:26.789 3006 5033 I hpplay-java: [AsyncTask #97]:Preference:checkFeature none
12-16 04:48:26.789 3006 5033 I hpplay-java: [AsyncTask #97]:Preference:checkFeature none
12-16 04:48:26.789 3006 5033 I hpplay-java: [AsyncTask #97]:Preference:checkFeature none
12-16 04:48:26.797 3006 5032 W hpplay-java: [AsyncTask #96]:ServerBusiness:startDaemonBusiness start LelinkHTTPD sucess 52288
12-16 04:48:26.810 3006 5033 W hpplay-java: [AsyncTask #97]:DeviceUtils:getDomain create lb domain
12-16 04:48:26.811 3006 5033 I hpplay-java: [AsyncTask #97]:Feature:getMirrorAudioVideoSync DISABLE
12-16 04:48:26.811 3006 5033 I hpplay-java: [AsyncTask #97]:Feature:checkSupportRedirectOtherApp,no set redirect api
12-16 04:48:26.811 3006 5033 I hpplay-java: [AsyncTask #97]:Feature:getRedirectSearchFlag,value: 0
12-16 04:48:26.812 3006 5033 I hpplay-java: [AsyncTask #97]:Bridge:mIn: InParameters{appInfo='0', appKey='21409', authMode=0, authPwd='null', broadcastDirection=0, broadcastState=1, broadcastTimeout=3, buildType='release', cacheAVPath='/data/user/0/com.hht.lebocast/cache/hpplay/av', cachePhotoPath='/data/user/0/com.hht.lebocast/cache/hpplay/image', channel='LEBO-APK--60146-25915', desPath='', , deviceName='高合娱乐副屏', dlna=1, dlnaCompany='null', dlnaCompanyURL='null', dlnaDeviceDescribe='null', dlnaDeviceName='null', dlnaDeviceURL='null', dlnaLelinkSwitch=1, dlnaManufacturer=0, dlnaName='高合娱乐副屏', dlnaUPC='', dlnaUUID='dd2df002-11d4-f267-238c-a56d5449307e', domain='Lebo-figure-c2e24fe8c7bb', drainage=0, feature='6655', fps=60, height=1080, host='null', , keyPath='/data/user/0/com.hht.lebocast/files/hpplay/file', lelinkfp=1, lelinkfp2=0, logBaseState=1, logPath='/storage/emulated/0/com.hht.lebocast/sink/sdk/common', , mdnsEnable=1, mirrorSyncType=0, netCastVer='2.0', packageName='com.hht.lebocast', packagePath='/data/user/0/com.hht.lebocast', permissionDid='c2:e2:4f:e8:c7:bb', permissionMode=3, permissionPreSN='', port=0, preemptMode=0, regType='_leboremote._tcp.', serverPorts=null, sockWaitTimeOut=45, teleControlPort=53388, tunnels=3, txtKeys=null, txtValues=null, uid='-2753298538233435100', videoFrameType=1001, width=1920}com.hpplay.sdk.sink.protocol.InParameters@3664365
12-16 04:48:26.812 3006 3006 I hpplay-java: [main]:Bridge:startServer state: 0
12-16 04:48:26.812 3006 3006 D hpplay-base: [jniBridge:185] not conference version
12-16 04:48:26.813 3006 3006 I hpplay-base: [jniBridge:241] 1initServer nSettingWidth=1920 nSettingHeight=1080 nSettingMaxFPS=60 dlnaEnable=1 lelinkFpEnable=1
12-16 04:48:26.813 3006 3006 D hpplay-base: [jniBridge:283] 1initServer cfg.leLinkIp=192.168.0.18
12-16 04:48:26.813 3006 3006 D hpplay-base: [jniBridge:286] 1initServer cfg.mPermissionMode=3
12-16 04:48:26.813 3006 3006 D hpplay-base: [jniBridge:304] 1initServer cfg.permissionDid=c2:e2:4f:e8:c7:bb000000000000000
12-16 04:48:26.813 3006 3006 D hpplay-base: [jniBridge:313] 1initServer cfg.mPermissionPreSN=00000000000000000000000000000000
12-16 04:48:26.813 3006 3006 D hpplay-base: [jniBridge:317] Bridge___1initServer status:0
12-16 04:48:26.813 3006 3006 I hpplay-base: [jniBridge:325] 1initServer cfg.feature=6655
12-16 04:48:26.813 3006 3006 D hpplay-base: [jniBridge:377] 1initServer isSendBroadCast=3
12-16 04:48:26.813 3006 3006 D hpplay-base: [jniBridge:380] 1initServer broadcastDirection=0
12-16 04:48:26.813 3006 3006 D hpplay-base: [jniBridge:382] 1initServer ipBroadcast direction=0
12-16 04:48:26.813 3006 3006 D hpplay-base: [jniBridge:387] 1initServer tunnel=3
12-16 04:48:26.813 3006 3006 D hpplay-base: [jniBridge:390] 1initServer drainage=0
12-16 04:48:26.813 3006 3006 D hpplay-base: [jniBridge:401] 1initServer mDNSEnable=1
12-16 04:48:26.813 3006 3006 D hpplay-base: [jniBridge:406] 1initServer nSockWaitTimeOut=45
12-16 04:48:26.813 3006 3006 D hpplay-base: [jniBridge:410] 1initServer nMirrorAudioVideoSync=0
12-16 04:48:26.813 3006 3006 I hpplay-base: [sign_check:168] checkSign strPackageName:com.hht.lebocast
12-16 04:48:26.813 3006 3006 I hpplay-base: [sign_check:169] checkSign buildType:release
12-16 04:48:26.813 3006 3006 I hpplay-base: [sign_check:170] checkSign appKey:21409
12-16 04:48:26.813 3006 3006 D hpplay-base: [LelinkBase:405] bridgeInit port: 0, lelinkfp: 0
12-16 04:48:26.813 3006 3006 D hpplay-base: [LelinkBase:462] bridgeInit mPackagePath =/data/user/0/com.hht.lebocast
12-16 04:48:26.813 3006 3006 D hpplay-base: [LelinkBase:463] bridgeInit mKeyPath =/data/user/0/com.hht.lebocast/files/hpplay/file
12-16 04:48:26.813 3006 3006 D hpplay-base: [SinkContext:97] initSinkContext mPackagePath =/data/user/0/com.hht.lebocast
12-16 04:48:26.813 3006 3006 D hpplay-base: [SinkContext:98] initSinkContext mKeyPath =/data/user/0/com.hht.lebocast/files/hpplay/file
12-16 04:48:26.813 3006 3006 D hpplay-base: [jniBridge:478] Java_com_hpplay_sdk_sink_protocol_Bridge__1initServer end
12-16 04:48:26.813 3006 3006 D hpplay-base: [jniBridge:869] Bridge__1startServer status:1
12-16 04:48:26.814 3006 3006 D hpplay-base: [LelinkBase:492] startAllServer at base
12-16 04:48:26.814 3006 3006 D hpplay-base: [lelinkSinkServer:152] httpPlugins_SetServerPort TYPE_SERVER_LELINK:52266
12-16 04:48:26.814 3006 3006 D hpplay-base: [network.c:362] protocol bind host :192.168.0.18 port:52266 curent bind port:52266
12-16 04:48:26.814 3006 3006 D hpplay-base: [lelinkSinkServer:681] HTTP Server real at:52266
12-16 04:48:26.814 3006 5041 D hpplay-base: [lelinkSinkServer:644] Connected Service Type:0
12-16 04:48:26.814 3006 5041 I hpplay-base: : (server.c.315) startServer listen_ing....:
12-16 04:48:26.814 3006 3006 D hpplay-base: [ScreenStream:1285] current bind port:7100
12-16 04:48:26.814 3006 5041 D hpplay-base: [Server:371] startHttpServer srv_sockets.used:1 nCurrentFd:70, tid is 5041
12-16 04:48:26.815 3006 3006 D hpplay-base: [LelinkBase:515] startAllServer pBaseContext->config.dlnaEnable:1
12-16 04:48:26.815 3006 3006 D hpplay-base: [lelinkDlna:324] addDMRCallback end
12-16 04:48:26.815 3006 5042 D hpplay-base: [stream_mirror_compat:759] compat mirror stream begin to run,server fd:71,thread_id:3134828992!!
12-16 04:48:26.816 3006 3006 E hpplay-base-dlna: miniserver.c:788::dlna_port(ipv4: 49152 ipv6:0)
12-16 04:48:26.867 3006 3006 D hpplay-base-dlna: [lebodlna-dlnaframe:166] succeed to load lebodlnaplugin
12-16 04:48:26.867 3006 3006 D hpplay-base-dlna: [lebodlna-dlnaframe:232] Succeed to load specified plugin:lebodlna_plugin
12-16 04:48:26.867 3006 3006 D hpplay-base: [lelinkDlna:328] startDLNAServer ret=0
12-16 04:48:26.867 3006 3006 D hpplay-base: [LelinkBase:531] startDLNAServer ret= 0
12-16 04:48:26.867 3006 3006 D hpplay-base: [lelinkDlna:342] setDMRFriendlyName 高合娱乐副屏
12-16 04:48:26.868 3006 3006 D hpplay-base-dlna: [lebodlna-dlna_android:136] setBroadcastTimeout mBroadcastTimeOut=66 status=3!
12-16 04:48:26.868 3006 3006 D hpplay-base-dlna: [lebodlna_api:32] start DMR
12-16 04:48:26.868 3006 3006 D hpplay-base-dlna: [UpnpDefine:434] RegisterDMRender invalid lelink info
12-16 04:48:26.868 3006 3006 D hpplay-base-dlna: [UpnpDefine:467] DLNA DEFAULT_DESCRIPTION
12-16 04:48:26.870 3006 3006 E hpplay-base-dlna: upnpapi.c:1078::Exiting RegisterRootDevice2 *Hnd =1, return value == 0
12-16 04:48:26.870 3006 3006 D hpplay-base-dlna: [CUpnpDevice:41] Register Root Device 2:0
12-16 04:48:26.870 3006 3006 D hpplay-base-dlna: [UpnpDefine:794] ESDMRender:Register success
12-16 04:48:26.870 3006 3006 D hpplay-base-dlna: [lebodlna_api:41] sendBroadcast mBroadcastTimeOut=3
12-16 04:48:26.870 3006 3006 D hpplay-base-dlna: [lebodlna_api:44] sendBroadcast timeout=66
12-16 04:48:26.910 2550 2713 I OpenGLRenderer: Davey! duration=9223371744762ms; Flags=0, FrameTimelineVsyncId=6652, IntendedVsync=292091959630, Vsync=292091959630, InputEventId=0, HandleInputStart=292092837178, AnimationStart=292092841657, PerformTraversalsStart=292092844365, DrawStart=292116356240, FrameDeadline=292125292962, FrameInterval=292092822021, FrameStartTime=16666666, SyncQueued=292117434313, SyncStart=292117683844, IssueDrawCommandsStart=292118591813, SwapBuffers=292121661084, FrameCompleted=9223372036854775807, DequeueBufferDuration=51979, QueueBufferDuration=981875, GpuCompleted=9223372036854775807, SwapBuffersCompleted=292123249469, DisplayPresentTime=0,
12-16 04:48:26.922 664 676 I mpu_uart: [MSG-P:RECV]:No message received in 1000 ms
12-16 04:48:26.928 3006 3006 D hpplay-base: [lelinkDlna:361] startDLNADevice dlnaManufacturer:0 ret=0
12-16 04:48:26.928 3006 3006 D hpplay-base: [LelinkBase:535] lelinkSetDlnaInfo ret= 0
12-16 04:48:26.928 3006 3006 D hpplay-base: [LelinkBase:547] startAllServer pBaseContext->config.mDNSEnable:1
12-16 04:48:26.928 3006 3006 D hpplay-base: [base_mdns:509] mdns net.hostname:
12-16 04:48:26.929 3006 3006 D hpplay-base: [base_mdns:529] mdns namelabel:-00-80-0F-74-31-00
12-16 04:48:26.929 3006 3006 D hpplay-base: [base_mdns:509] mdns net.hostname:
12-16 04:48:26.929 3006 3006 D hpplay-base: [base_mdns:529] mdns namelabel:-00-80-0F-74-31-00
12-16 04:48:26.929 3006 3006 D hpplay-base: [mdns:813] mdns start bind port:0
12-16 04:48:26.932 3006 3006 D hpplay-base: [mdns:813] mdns start bind port:5353
12-16 04:48:26.933 3006 3006 D hpplay-base: [mdns:813] mdns start bind port:5353
12-16 04:48:26.933 3006 3006 D hpplay-base: [mdns:813] mdns start bind port:5353
12-16 04:48:26.933 3006 3006 D hpplay-base: [mdns:813] mdns start bind port:5353
12-16 04:48:26.934 3006 3006 D hpplay-base: [mdns:813] mdns start bind port:5353
12-16 04:48:26.934 3006 3006 D hpplay-base: [mdns:813] mdns start bind port:5353
12-16 04:48:26.934 3006 3006 D hpplay-base: [mdns:813] mdns start bind port:5353
12-16 04:48:26.934 3006 3006 I hpplay-base: [mDNSEmbeded:57] embedded_mDNSInit stopmDNSNow:0 status:0
12-16 04:48:26.935 3006 3006 D hpplay-base: [mDNSEmbeded:436] startmDNSServer end nRet=0
12-16 04:48:26.935 3006 3006 D hpplay-base: [LelinkBase:555] lelink broadcast_on_off:1 log2java_on_off:1
12-16 04:48:26.935 3006 5061 D hpplay-base: [LelinkMDNS:729] leboAuthorizationCheck strUuid=c2:e2:4f:e8:c7:bb000000000000000
12-16 04:48:26.935 3006 5061 D hpplay-base: [LelinkMDNS:730] leboAuthorizationCheck mPermissionDid=c2:e2:4f:e8:c7:bb000000000000000
12-16 04:48:26.935 3006 5061 D hpplay-base: [LelinkMDNS:755] leboAuthorizationCheck mPermissionMac=c2:e2:4f:e8:c7:bb000000000000000
12-16 04:48:26.935 3006 3006 D hpplay-base: [AEventUtils:595] request to start event handle service!!
12-16 04:48:26.935 3006 3006 D hpplay-base: [AEventUtils:603] start_event_handle_service,begin to run!!
12-16 04:48:26.935 3006 5062 I hpplay-base: [mDNSEmbeded:268] start lelink publish server, tid is 5062
12-16 04:48:26.935 3006 5063 D hpplay-base: [mDNSEmbeded:197] http_port bind check 197 http_port_check
12-16 04:48:26.936 3006 5064 D hpplay-base: [AEventUtils:171] create handle AEvent thread ok!!,tid is 5064
12-16 04:48:26.936 3006 3006 D hpplay-base: [REventUtils:210] start_event_handle_service,begin to run!!
12-16 04:48:26.936 3006 3006 D hpplay-base: [LelinkBase:576] startAllServer success .
12-16 04:48:26.937 3006 3006 D hpplay-base: [jniBridge:894] startDlna_link:http://192.168.0.18:49152/description.xml
12-16 04:48:26.937 3006 5067 D hpplay-base: [jniBridge:1081] notifyJavaDlnalink:http://192.168.0.18:49152/description.xml
12-16 04:48:26.937 3006 5067 D hpplay-base: [jniBridge:1726] notifyJava, what:207, castType:0, mimeType:0 baseStatus:2
12-16 04:48:26.937 3006 5067 D hpplay-base: [jniBridge:1727] notifyJava sessionID:(null)
12-16 04:48:26.938 3006 5063 D hpplay-base: [mDNSEmbeded:217] http_port bind check 217 http_port_check
12-16 04:48:26.938 3006 5063 D hpplay-base: [mDNSEmbeded:222] http_port bind check 222 http_port_check
12-16 04:48:26.938 3006 5067 I hpplay-java: [Thread-59]:Bridge:notify: what: 207
12-16 04:48:26.940 3006 5067 I hpplay-java: [Thread-59]:Bridge:notify: out: OutParameters:{audioSessionId=-1, audiotrackIndex=0, castHandleType=-1, castType=0, deviceName='http://192.168.0.18:49152/description.xml', dlnaName='', dramaID='', extra=0, frameHandleType=-1, handleInside=true, headduration=0, header='', headers=null, isAD=false, isMultiMirror=false, lelinkVer='', limitTime=0, , mediaAlbum='null', mediaAlbumArtURI='', mediaArtist='null', mediaAssets='', mediaTitle='null', mimeType=0, multiSession=null, period=0, pinCode='', playSpeed=0.0, playerChoice=0, plugin=0, port=0, position=0.0, positionUnit=2, protocol=0, realSessionID='', regType='', , sinkIp='', sourceAPPVersion='', sourceChannel='', sourceClientInfo='', sourceDeviceInfo='', sourceDeviceModel='', sourceDeviceName='', sourceDeviceType=0, sourceHID='', , sourceInfo='', , , sourceOSVersion='', sourceSDKVersion='', sourceUid='', stopDetail=0, stopReason=0, tailduration=0, url='', urlID='', urls=null, userAgent='', videoDecoder=0, volume=0, what=207}com.hpplay.sdk.sink.protocol.OutParameters@a860ac1
12-16 04:48:26.940 3006 5067 I hpplay-java: [Thread-59]:Bridge:notify: address:77566566
12-16 04:48:26.941 3006 5063 D hpplay-base: [mDNSEmbeded:234] http_port bind check 234 http_port_check port:52266
12-16 04:48:26.941 3006 5066 D hpplay-base: [REventUtils:59] create handleREventThread thread ok!!,tid is 5066
12-16 04:48:26.941 3006 5063 D hpplay-base: [mDNSEmbeded:237] http_port bind check 237 http_port_check
12-16 04:48:26.941 3006 5068 D hpplay-base: [lelinkSinkServer:93] new client connection from 127.0.0.1 38558, fd=122
12-16 04:48:26.941 3006 5068 D hpplay-base: [SinkContext:137] addSinkContextSession,begin to run!!
12-16 04:48:26.941 3006 5068 D hpplay-base: [SinkContext:142] addSinkContextSession,begin to get lock!!
12-16 04:48:26.942 3006 5068 D hpplay-base: [SinkContext:144] addSinkContextSession,get lock ok!!
12-16 04:48:26.942 3006 5068 D hpplay-base: [SinkContext:149] addSinkContextSession,session list is null,begin to malloc!!
12-16 04:48:26.942 3006 5068 D hpplay-base: [SinkContext:156] addSinkContextSession,begin to update!!
12-16 04:48:26.942 3006 5068 D hpplay-base: [SinkContext:160] addSinkContextSession,begin to update header!!
12-16 04:48:26.942 3006 5068 D hpplay-base: [SinkContext:172] addSinkContextSession,begin to unlock!!
12-16 04:48:26.942 3006 5068 D hpplay-base: [SinkContext:174] addSinkContextSession,unlock ok!!
12-16 04:48:26.942 3006 5068 D hpplay-base: [LelinkReceiver:4908] get ping !!!
12-16 04:48:26.942 3006 5063 D hpplay-base: [mDNSEmbeded:240] http_port bind check 240 http_port_check recieved:64
12-16 04:48:26.942 3006 5063 D hpplay-base: [mDNSEmbeded:243] http_port bind check 243 http_port_check
12-16 04:48:26.942 3006 5063 D hpplay-base: [mDNSEmbeded:244] http_port bind check ok!
12-16 04:48:27.143 3006 5068 I hpplay-base: [LelinkReceiver:14605] _connectionFinalize (122)
12-16 04:48:27.143 3006 5068 D hpplay-base: [LelinkReceiver:14752] ###connectionFinalize,release ok!!###
12-16 04:48:27.143 0 0 W swapper/2: type=1400 audit(0.0:728): avc: denied { kill } for capability=5 scontext=u:r:kernel:s0 tcontext=u:r:kernel:s0 tclass=capability permissive=0
01-01 09:01:29.123 0 0 D : mv2112_read_status
01-01 09:01:29.123 0 0 D mv2112_update_link: 3.0x901(1G): 0x80
01-01 09:01:29.124 0 0 D mv2112_update_link: 3.0x8109(100M): 0x8
01-01 09:01:29.124 0 0 D mv2112_update_link: link 0x0
01-01 09:01:29.124 0 0 D mv2112_read_status: autoneg is disabled
12-16 04:48:27.312 3006 4959 W hpplay-java: [AsyncTask #86]:HttpRequest:
12-16 04:48:27.315 3006 4959 W hpplay-java: [AsyncTask #86]:HttpRequest:
12-16 04:48:27.316 3006 4959 W hpplay-java: [AsyncTask #86]:HttpRequest:
12-16 04:48:27.909 2550 2713 I OpenGLRenderer: Davey! duration=9223371743758ms; Flags=0, FrameTimelineVsyncId=6661, IntendedVsync=293096508332, Vsync=293096508332, InputEventId=0, HandleInputStart=293096965563, AnimationStart=293096969209, PerformTraversalsStart=293096971865, DrawStart=293121955354, FrameDeadline=293129841664, FrameInterval=293096953948, FrameStartTime=16666666, SyncQueued=293123001448, SyncStart=293123237959, IssueDrawCommandsStart=293124188584, SwapBuffers=293126728323, FrameCompleted=9223372036854775807, DequeueBufferDuration=44896, QueueBufferDuration=1805053, GpuCompleted=9223372036854775807, SwapBuffersCompleted=293129386917, DisplayPresentTime=0,
12-16 04:48:27.922 664 676 I mpu_uart: [MSG-P:RECV]:No message received in 1000 ms
12-16 04:48:28.076 664 675 I mpu_uart: [MSG-P:R]:recv sync frame timeout
12-16 04:48:28.143 0 0 W swapper/2: type=1400 audit(0.0:729): avc: denied { kill } for capability=5 scontext=u:r:kernel:s0 tcontext=u:r:kernel:s0 tclass=capability permissive=0
01-01 09:01:30.147 0 0 D : mv2112_read_status
01-01 09:01:30.147 0 0 D mv2112_update_link: 3.0x901(1G): 0x80
01-01 09:01:30.148 0 0 D mv2112_update_link: 3.0x8109(100M): 0x8
01-01 09:01:30.148 0 0 D mv2112_update_link: link 0x0
01-01 09:01:30.148 0 0 D mv2112_read_status: autoneg is disabled
12-16 04:48:28.913 2550 2713 I OpenGLRenderer: Davey! duration=9223371742757ms; Flags=0, FrameTimelineVsyncId=6667, IntendedVsync=294096713962, Vsync=294096713962, InputEventId=0, HandleInputStart=294097704104, AnimationStart=294097707542, PerformTraversalsStart=294097709989, DrawStart=294118848114, FrameDeadline=294130047294, FrameInterval=294097693531, FrameStartTime=16666666, SyncQueued=294119735198, SyncStart=294119938427, IssueDrawCommandsStart=294120696396, SwapBuffers=294122990562, FrameCompleted=9223372036854775807, DequeueBufferDuration=37969, QueueBufferDuration=862656, GpuCompleted=9223372036854775807, SwapBuffersCompleted=294124359000, DisplayPresentTime=0,
12-16 04:48:28.922 664 676 I mpu_uart: [MSG-P:RECV]:No message received in 1000 ms
12-16 04:48:29.143 0 0 W swapper/2: type=1400 audit(0.0:730): avc: denied { kill } for capability=5 scontext=u:r:kernel:s0 tcontext=u:r:kernel:s0 tclass=capability permissive=0
01-01 09:01:31.171 0 0 D : mv2112_read_status
01-01 09:01:31.171 0 0 D mv2112_update_link: 3.0x901(1G): 0x80
01-01 09:01:31.172 0 0 D mv2112_update_link: 3.0x8109(100M): 0x8
01-01 09:01:31.172 0 0 D mv2112_update_link: link 0x0
01-01 09:01:31.172 0 0 D mv2112_read_status: autoneg is disabled
12-16 04:48:29.917 2550 2713 I OpenGLRenderer: Davey! duration=9223371741755ms; Flags=0, FrameTimelineVsyncId=6673, IntendedVsync=295099187630, Vsync=295099187630, InputEventId=0, HandleInputStart=295100258374, AnimationStart=295100261343, PerformTraversalsStart=295100263947, DrawStart=295123902958, FrameDeadline=295132520962, FrameInterval=295100248999, FrameStartTime=16666666, SyncQueued=295124884520, SyncStart=295125089624, IssueDrawCommandsStart=295125847958, SwapBuffers=295128414520, FrameCompleted=9223372036854775807, DequeueBufferDuration=39636, QueueBufferDuration=819010, GpuCompleted=9223372036854775807, SwapBuffersCompleted=295129735197, DisplayPresentTime=0,
12-16 04:48:29.929 664 676 I mpu_uart: [MSG-P:RECV]:No message received in 1000 ms
12-16 04:48:30.143 0 0 W swapper/2: type=1400 audit(0.0:731): avc: denied { kill } for capability=5 scontext=u:r:kernel:s0 tcontext=u:r:kernel:s0 tclass=capability permissive=0
01-01 09:01:32.195 0 0 D : mv2112_read_status
01-01 09:01:32.195 0 0 D mv2112_update_link: 3.0x901(1G): 0x80
01-01 09:01:32.195 0 0 D mv2112_update_link: 3.0x8109(100M): 0x8
01-01 09:01:32.195 0 0 D mv2112_update_link: link 0x0
01-01 09:01:32.195 0 0 D mv2112_read_status: autoneg is disabled
12-16 04:48:30.918 2550 2713 I OpenGLRenderer: Davey! duration=9223371740752ms; Flags=0, FrameTimelineVsyncId=6679, IntendedVsync=296101591630, Vsync=296101591630, InputEventId=0, HandleInputStart=296102595666, AnimationStart=296102600249, PerformTraversalsStart=296102603062, DrawStart=296129315978, FrameDeadline=296134924962, FrameInterval=296102583478, FrameStartTime=16666666, SyncQueued=296130306134, SyncStart=296130522020, IssueDrawCommandsStart=296131376343, SwapBuffers=296134077541, FrameCompleted=9223372036854775807, DequeueBufferDuration=45469, QueueBufferDuration=928698, GpuCompleted=9223372036854775807, SwapBuffersCompleted=296135566395, DisplayPresentTime=0,
12-16 04:48:30.929 664 676 I mpu_uart: [MSG-P:RECV]:No message received in 1000 ms
12-16 04:48:31.079 664 675 I mpu_uart: [MSG-P:R]:recv sync frame timeout
12-16 04:48:31.143 0 0 W swapper/2: type=1400 audit(0.0:732): avc: denied { kill } for capability=5 scontext=u:r:kernel:s0 tcontext=u:r:kernel:s0 tclass=capability permissive=0
01-01 09:01:33.219 0 0 D : mv2112_read_status
01-01 09:01:33.219 0 0 D mv2112_update_link: 3.0x901(1G): 0x80
01-01 09:01:33.219 0 0 D mv2112_update_link: 3.0x8109(100M): 0x8
01-01 09:01:33.219 0 0 D mv2112_update_link: link 0x0
01-01 09:01:33.219 0 0 D mv2112_read_status: autoneg is disabled
12-16 04:48:31.800 3006 3006 I hpplay-java: [main]:ServiceUpdater:upLoadServiceInfo invalid deviceCode:, port:53388
12-16 04:48:31.921 2550 2713 I OpenGLRenderer: Davey! duration=9223371739750ms; Flags=0, FrameTimelineVsyncId=6685, IntendedVsync=297104010630, Vsync=297104010630, InputEventId=0, HandleInputStart=297104647697, AnimationStart=297104652176, PerformTraversalsStart=297104654520, DrawStart=297126553634, FrameDeadline=297137343962, FrameInterval=297104635717, FrameStartTime=16666666, SyncQueued=297127481967, SyncStart=297127562749, IssueDrawCommandsStart=297128353270, SwapBuffers=297130769363, FrameCompleted=9223372036854775807, DequeueBufferDuration=40365, QueueBufferDuration=820885, GpuCompleted=9223372036854775807, SwapBuffersCompleted=297132114676, DisplayPresentTime=0,
12-16 04:48:31.929 664 676 I mpu_uart: [MSG-P:RECV]:No message received in 1000 ms
12-16 04:48:32.143 0 0 W swapper/2: type=1400 audit(0.0:733): avc: denied { kill } for capability=5 scontext=u:r:kernel:s0 tcontext=u:r:kernel:s0 tclass=capability permissive=0
01-01 09:01:34.243 0 0 D : mv2112_read_status
01-01 09:01:34.243 0 0 D mv2112_update_link: 3.0x901(1G): 0x80
01-01 09:01:34.243 0 0 D mv2112_update_link: 3.0x8109(100M): 0x8
01-01 09:01:34.243 0 0 D mv2112_update_link: link 0x0
01-01 09:01:34.243 0 0 D mv2112_read_status: autoneg is disabled
12-16 04:48:32.924 2550 2713 I OpenGLRenderer: Davey! duration=9223371738748ms; Flags=0, FrameTimelineVsyncId=6691, IntendedVsync=298106414630, Vsync=298106414630, InputEventId=0, HandleInputStart=298107257905, AnimationStart=298107261655, PerformTraversalsStart=298107264415, DrawStart=298131603217, FrameDeadline=298139747962, FrameInterval=298107247592, FrameStartTime=16666666, SyncQueued=298132673686, SyncStart=298132866238, IssueDrawCommandsStart=298133636238, SwapBuffers=298136088946, FrameCompleted=9223372036854775807, DequeueBufferDuration=44895, QueueBufferDuration=843489, GpuCompleted=9223372036854775807, SwapBuffersCompleted=298137429832, DisplayPresentTime=0,
12-16 04:48:32.929 664 676 I mpu_uart: [MSG-P:RECV]:No message received in 1000 ms
12-16 04:48:33.143 0 0 W swapper/2: type=1400 audit(0.0:734): avc: denied { kill } for capability=5 scontext=u:r:kernel:s0 tcontext=u:r:kernel:s0 tclass=capability permissive=0
01-01 09:01:35.267 0 0 D : mv2112_read_status
01-01 09:01:35.267 0 0 D mv2112_update_link: 3.0x901(1G): 0x80
01-01 09:01:35.267 0 0 D mv2112_update_link: 3.0x8109(100M): 0x8
01-01 09:01:35.267 0 0 D mv2112_update_link: link 0x0
01-01 09:01:35.267 0 0 D mv2112_read_status: autoneg is disabled
12-16 04:48:33.930 664 676 I mpu_uart: [MSG-P:RECV]:No message received in 1000 ms
12-16 04:48:34.082 664 675 I mpu_uart: [MSG-P:R]:recv sync frame timeout
12-16 04:48:34.143 0 0 W swapper/2: type=1400 audit(0.0:735): avc: denied { kill } for capability=5 scontext=u:r:kernel:s0 tcontext=u:r:kernel:s0 tclass=capability permissive=0
01-01 09:01:36.291 0 0 D : mv2112_read_status
01-01 09:01:36.291 0 0 D mv2112_update_link: 3.0x901(1G): 0x80
01-01 09:01:36.292 0 0 D mv2112_update_link: 3.0x8109(100M): 0x8
01-01 09:01:36.292 0 0 D mv2112_update_link: link 0x0
01-01 09:01:36.292 0 0 D mv2112_read_status: autoneg is disabled
12-16 04:48:34.926 2550 2713 I OpenGLRenderer: Davey! duration=9223371736743ms; Flags=0, FrameTimelineVsyncId=6704, IntendedVsync=300111236630, Vsync=300111236630, InputEventId=0, HandleInputStart=300111745873, AnimationStart=300111749518, PerformTraversalsStart=300111752487, DrawStart=300134424362, FrameDeadline=300144569962, FrameInterval=300111737279, FrameStartTime=16666666, SyncQueued=300135366393, SyncStart=300135448216, IssueDrawCommandsStart=300136248789, SwapBuffers=300138776185, FrameCompleted=9223372036854775807, DequeueBufferDuration=46302, QueueBufferDuration=896146, GpuCompleted=9223372036854775807, SwapBuffersCompleted=300140202487, DisplayPresentTime=0,
12-16 04:48:34.930 664 676 I mpu_uart: [MSG-P:RECV]:No message received in 1000 ms
12-16 04:48:35.143 0 0 W swapper/2: type=1400 audit(0.0:736): avc: denied { kill } for capability=5 scontext=u:r:kernel:s0 tcontext=u:r:kernel:s0 tclass=capability permissive=0
01-01 09:01:37.315 0 0 D : mv2112_read_status
01-01 09:01:37.315 0 0 D mv2112_update_link: 3.0x901(1G): 0x80
01-01 09:01:37.315 0 0 D mv2112_update_link: 3.0x8109(100M): 0x8
01-01 09:01:37.315 0 0 D mv2112_update_link: link 0x0
01-01 09:01:37.315 0 0 D mv2112_read_status: autoneg is disabled
12-16 04:48:35.930 664 676 I mpu_uart: [MSG-P:RECV]:No message received in 1000 ms
