01-01 08:56:46.378 1519 1626 I SystemConfig: Reading permissions from /vendor/etc/permissions/android.hardware.wifi.direct.xml
01-01 08:56:46.378 1519 1519 D CompatConfig: Adding: com.android.server.compat.config.Change@cef3cf6
01-01 08:56:46.378 1519 1519 D CompatConfig: Adding: com.android.server.compat.config.Change@2b418f7
01-01 08:56:46.379 1519 1519 D CompatConfig: Adding: com.android.server.compat.config.Change@c541364
01-01 08:56:46.379 1519 1626 I SystemConfig: Reading permissions from /vendor/etc/permissions/android.hardware.sensor.ambient_temperature.xml
01-01 08:56:46.379 1519 1519 D CompatConfig: Adding: com.android.server.compat.config.Change@34a3282
01-01 08:56:46.379 1519 1519 D CompatConfig: Adding: com.android.server.compat.config.Change@4874d93
01-01 08:56:46.379 1519 1626 I SystemConfig: Reading permissions from /vendor/etc/permissions/android.software.ipsec_tunnels.xml
01-01 08:56:46.379 1519 1519 D CompatConfig: Adding: com.android.server.compat.config.Change@10b55c9
01-01 08:56:46.379 1519 1519 D CompatConfig: Adding: com.android.server.compat.config.Change@86cf4ce
01-01 08:56:46.379 1519 1626 I SystemConfig: Reading permissions from /vendor/etc/permissions/android.software.device_id_attestation.xml
01-01 08:56:46.380 1519 1519 D CompatConfig: Adding: com.android.server.compat.config.Change@a2c6afc
01-01 08:56:46.380 1519 1519 D CompatConfig: Adding: com.android.server.compat.config.Change@86a8585
01-01 08:56:46.380 1519 1519 D CompatConfig: Adding: com.android.server.compat.config.Change@3e78fda
01-01 08:56:46.380 1519 1626 I SystemConfig: Reading permissions from /vendor/etc/permissions/android.hardware.vulkan.compute-0.xml
01-01 08:56:46.380 1519 1519 D CompatConfig: Adding: com.android.server.compat.config.Change@6533ae8
01-01 08:56:46.380 1519 1519 D CompatConfig: Adding: com.android.server.compat.config.Change@4d2f501
01-01 08:56:46.381 1519 1626 I SystemConfig: Reading permissions from /vendor/etc/permissions/android.hardware.sensor.barometer.xml
01-01 08:56:46.381 1519 1519 D CompatConfig: Adding: com.android.server.compat.config.Change@2672de7
01-01 08:56:46.381 1519 1519 D CompatConfig: Adding: com.android.server.compat.config.Change@d951d94
01-01 08:56:46.381 1519 1519 D CompatConfig: Adding: com.android.server.compat.config.Change@bf8e03d
01-01 08:56:46.381 1519 1626 I SystemConfig: Reading permissions from /vendor/etc/permissions/qti_fingerprint_interface.xml
01-01 08:56:46.381 1519 1519 D CompatConfig: Adding: com.android.server.compat.config.Change@46ec183
01-01 08:56:46.381 1519 1519 D CompatConfig: Adding: com.android.server.compat.config.Change@707f00
01-01 08:56:46.381 1519 1626 I SystemConfig: Reading permissions from /vendor/etc/permissions/android.hardware.usb.host.xml
01-01 08:56:46.382 1519 1519 D CompatConfig: Adding: com.android.server.compat.config.Change@c662d7e
01-01 08:56:46.382 1519 1519 D CompatConfig: Adding: com.android.server.compat.config.Change@6d1f2df
01-01 08:56:46.382 1519 1626 I SystemConfig: Reading permissions from /vendor/etc/permissions/android.software.vulkan.deqp.level.xml
01-01 08:56:46.382 1519 1519 D CompatConfig: Adding: com.android.server.compat.config.Change@b30d9f5
01-01 08:56:46.382 1519 1519 D CompatConfig: Adding: com.android.server.compat.config.Change@eb3a38a
01-01 08:56:46.382 1519 1626 I SystemConfig: Reading permissions from /vendor/etc/permissions/vendor-qti-hardware-sensorscalibrate.xml
01-01 08:56:46.382 1519 1519 D CompatConfig: Adding: com.android.server.compat.config.Change@d3f2e18
01-01 08:56:46.383 1519 1519 D CompatConfig: Adding: com.android.server.compat.config.Change@2822071
01-01 08:56:46.383 1519 1626 I SystemConfig: Reading permissions from /vendor/etc/permissions/android.hardware.sensor.compass.xml
01-01 08:56:46.383 1519 1519 D CompatConfig: Found a config file: /system/etc/compatconfig/documents-ui-compat-config.xml
01-01 08:56:46.383 1519 1626 I SystemConfig: Reading permissions from /vendor/etc/permissions/android.hardware.bluetooth.xml
01-01 08:56:46.383 1519 1519 D CompatConfig: Adding: com.android.server.compat.config.Change@fc752ad
01-01 08:56:46.384 1519 1626 I SystemConfig: Reading permissions from /vendor/etc/permissions/handheld_core_hardware.xml
01-01 08:56:46.384 1519 1519 D CompatConfig: Found a config file: /system/system_ext/etc/compatconfig/settings-platform-compat-config.xml
01-01 08:56:46.384 1519 1626 I SystemConfig: Reading permissions from /vendor/etc/permissions/android.hardware.sensor.hifi_sensors.xml
01-01 08:56:46.384 1519 1519 D CompatConfig: Adding: com.android.server.compat.config.Change@ab36ca9
01-01 08:56:46.385 1519 1626 I SystemConfig: Reading permissions from /vendor/etc/permissions/android.hardware.light.xml
01-01 08:56:46.385 1519 1519 D CompatConfig: No directory /apex/com.android.vndk.v30/etc/compatconfig, skipping
01-01 08:56:46.385 1519 1626 I SystemConfig: Reading permissions from /vendor/etc/permissions/android.hardware.vulkan.level-1.xml
01-01 08:56:46.385 1519 1519 D CompatConfig: No directory /apex/com.android.wifi/etc/compatconfig, skipping
01-01 08:56:46.385 1519 1519 D CompatConfig: No directory /apex/com.android.vndk.v31/etc/compatconfig, skipping
01-01 08:56:46.385 1519 1519 D CompatConfig: No directory /apex/com.android.tzdata/etc/compatconfig, skipping
01-01 08:56:46.385 1519 1519 D CompatConfig: No directory /apex/com.android.tethering/etc/compatconfig, skipping
01-01 08:56:46.385 1519 1519 D CompatConfig: No directory /apex/com.android.sdkext/etc/compatconfig, skipping
01-01 08:56:46.386 1519 1519 D CompatConfig: No directory /apex/com.android.scheduling/etc/compatconfig, skipping
01-01 08:56:46.386 1519 1626 I SystemConfig: Reading permissions from /vendor/etc/permissions/android.hardware.audio.pro.xml
01-01 08:56:46.386 1519 1519 D CompatConfig: No directory /apex/com.android.runtime/etc/compatconfig, skipping
01-01 08:56:46.386 1519 1519 D CompatConfig: No directory /apex/com.android.resolv/etc/compatconfig, skipping
01-01 08:56:46.386 1519 1519 D CompatConfig: No directory /apex/com.android.permission/etc/compatconfig, skipping
01-01 08:56:46.386 1519 1519 D CompatConfig: No directory /apex/com.android.os.statsd/etc/compatconfig, skipping
01-01 08:56:46.386 1519 1519 D CompatConfig: No directory /apex/com.android.neuralnetworks/etc/compatconfig, skipping
01-01 08:56:46.386 1519 1626 I SystemConfig: Reading permissions from /vendor/etc/permissions/android.hardware.bluetooth_le.xml
01-01 08:56:46.386 1519 1519 D CompatConfig: Found a config file: /apex/com.android.mediaprovider/etc/compatconfig/media-provider-platform-compat-config.xml
01-01 08:56:46.386 1519 1626 I SystemConfig: Reading permissions from /vendor/etc/permissions/android.hardware.opengles.aep.xml
01-01 08:56:46.386 1519 1519 D CompatConfig: Adding: com.android.server.compat.config.Change@2664d48
01-01 08:56:46.387 1519 1519 D CompatConfig: Adding: com.android.server.compat.config.Change@ecb07e1
01-01 08:56:46.387 1519 1626 I SystemConfig: Reading permissions from /vendor/etc/permissions/android.hardware.se.omapi.uicc.xml
01-01 08:56:46.387 1519 1519 D CompatConfig: Adding: com.android.server.compat.config.Change@641abc7
01-01 08:56:46.387 1519 1519 D CompatConfig: Adding: com.android.server.compat.config.Change@f36f5f4
01-01 08:56:46.387 1519 1626 I SystemConfig: Reading permissions from /vendor/etc/permissions/android.hardware.sensor.gyroscope.xml
01-01 08:56:46.387 1519 1519 D CompatConfig: Adding: com.android.server.compat.config.Change@dc3bf92
01-01 08:56:46.388 1519 1519 D CompatConfig: Adding: com.android.server.compat.config.Change@da33d63
01-01 08:56:46.388 1519 1626 I SystemConfig: Reading permissions from /vendor/etc/permissions/android.hardware.fingerprint.xml
01-01 08:56:46.388 1519 1519 D CompatConfig: Adding: com.android.server.compat.config.Change@d63d219
01-01 08:56:46.388 1519 1519 D CompatConfig: No directory /apex/com.android.media.swcodec/etc/compatconfig, skipping
01-01 08:56:46.388 1519 1519 D CompatConfig: No directory /apex/com.android.media/etc/compatconfig, skipping
01-01 08:56:46.388 1519 1626 I SystemConfig: Reading permissions from /vendor/etc/permissions/android.hardware.wifi.aware.xml
01-01 08:56:46.388 1519 1519 D CompatConfig: No directory /apex/com.android.ipsec/etc/compatconfig, skipping
01-01 08:56:46.388 1519 1519 D CompatConfig: No directory /apex/com.android.i18n/etc/compatconfig, skipping
01-01 08:56:46.388 1519 1519 D CompatConfig: No directory /apex/com.android.extservices/etc/compatconfig, skipping
01-01 08:56:46.388 1519 1519 D CompatConfig: No directory /apex/com.android.conscrypt/etc/compatconfig, skipping
01-01 08:56:46.389 1519 1626 I SystemConfig: Reading permissions from /vendor/etc/permissions/android.hardware.touchscreen.multitouch.jazzhand.xml
01-01 08:56:46.389 1519 1519 D CompatConfig: Found a config file: /apex/com.android.art/etc/compatconfig/libcore-platform-compat-config.xml
01-01 08:56:46.389 1519 1626 I SystemConfig: Reading permissions from /vendor/etc/permissions/android.software.midi.xml
01-01 08:56:46.389 1519 1519 D CompatConfig: Adding: com.android.server.compat.config.Change@643aeea
01-01 08:56:46.389 1519 1519 D CompatConfig: Adding: com.android.server.compat.config.Change@d18f5db
01-01 08:56:46.389 1519 1626 I SystemConfig: Reading permissions from /vendor/etc/permissions/android.hardware.se.omapi.ese.xml
01-01 08:56:46.389 1519 1519 D CompatConfig: Adding: com.android.server.compat.config.Change@194ab51
01-01 08:56:46.390 1519 1519 D CompatConfig: Adding: com.android.server.compat.config.Change@a25cfb6
01-01 08:56:46.390 1519 1626 I SystemConfig: Reading permissions from /vendor/etc/permissions/android.software.verified_boot.xml
01-01 08:56:46.390 1519 1519 D CompatConfig: Adding: com.android.server.compat.config.Change@97dc424
01-01 08:56:46.390 1519 1519 D CompatConfig: No directory /apex/com.android.appsearch/etc/compatconfig, skipping
01-01 08:56:46.390 1519 1519 D CompatConfig: No directory /apex/com.android.adbd/etc/compatconfig, skipping
01-01 08:56:46.390 1519 1626 I SystemConfig: Reading permissions from /vendor/etc/permissions/android.hardware.wifi.passpoint.xml
01-01 08:56:46.391 1519 1626 I SystemConfig: Reading permissions from /vendor/etc/permissions/android.hardware.wifi.rtt.xml
01-01 08:56:46.391 1519 1626 I SystemConfig: Reading permissions from /vendor/etc/permissions/android.hardware.wifi.xml
01-01 08:56:46.391 1519 1519 I SystemServerTiming: StartFileIntegrityService
01-01 08:56:46.391 1519 1519 I SystemServiceManager: Starting com.android.server.security.FileIntegrityService
01-01 08:56:46.392 1519 1626 I SystemConfig: Reading permissions from /vendor/etc/permissions/android.hardware.usb.accessory.xml
01-01 08:56:46.392 1519 1626 I SystemConfig: Reading permissions from /vendor/etc/permissions/vendor.qti.hardware.factory.xml
01-01 08:56:46.393 1519 1626 I SystemConfig: Reading permissions from /vendor/etc/permissions/android.hardware.audio.low_latency.xml
01-01 08:56:46.393 1519 1626 I SystemConfig: Reading permissions from /vendor/etc/permissions/android.hardware.sensor.relative_humidity.xml
01-01 08:56:46.394 1519 1626 I SystemConfig: Reading permissions from /vendor/etc/permissions/android.hardware.vulkan.version-1_1.xml
01-01 08:56:46.394 1519 1626 I SystemConfig: Reading permissions from /vendor/etc/permissions/android.hardware.location.gps.xml
01-01 08:56:46.395 1519 1626 I SystemConfig: Reading permissions from /product/etc/sysconfig/preinstalled-packages-platform-overlays.xml
01-01 08:56:46.396 1519 1626 I SystemConfig: Reading permissions from /product/etc/sysconfig/preinstalled-packages-platform-handheld-product.xml
01-01 08:56:46.397 1519 1626 I SystemConfig: Reading permissions from /product/etc/permissions/com.qti.snapdragon.sdk.display.xml
01-01 08:56:46.397 1519 1626 I SystemConfig: Reading permissions from /product/etc/permissions/vendor.qti.hardware.data.connection-V1.0-java.xml
01-01 08:56:46.397 1519 1626 I SystemConfig: Reading permissions from /product/etc/permissions/UimService.xml
01-01 08:56:46.398 1519 1519 I SystemServerTiming: StartInstaller
01-01 08:56:46.398 1519 1519 I SystemServiceManager: Starting com.android.server.pm.Installer
01-01 08:56:46.398 1519 1626 I SystemConfig: Reading permissions from /product/etc/permissions/telephony_product_privapp-permissions-qti.xml
01-01 08:56:46.398 1519 1626 I SystemConfig: Reading permissions from /product/etc/permissions/ims_ext_common.xml
01-01 08:56:46.399 1519 1626 I SystemConfig: Reading permissions from /product/etc/permissions/com.android.settings.intelligence.xml
01-01 08:56:46.399 1519 1626 I SystemConfig: Reading permissions from /product/etc/permissions/vendor.qti.hardware.data.connection-V1.1-java.xml
01-01 08:56:46.399 1519 1519 I SystemServerTiming: DeviceIdentifiersPolicyService
01-01 08:56:46.399 1519 1519 I SystemServiceManager: Starting com.android.server.os.DeviceIdentifiersPolicyService
01-01 08:56:46.400 1519 1519 I SystemServerTiming: UriGrantsManagerService
01-01 08:56:46.400 1519 1519 I SystemServiceManager: Starting com.android.server.uri.UriGrantsManagerService$Lifecycle
01-01 08:56:46.400 1519 1626 I SystemConfig: Reading permissions from /system_ext/etc/sysconfig/qti_whitelist_system_ext.xml
01-01 08:56:46.400 1519 1626 I SystemConfig: Reading permissions from /system_ext/etc/sysconfig/qti_telephony_system_packages_config.xml
01-01 08:56:46.400 1519 1519 I SystemServerTiming: StartPowerStatsService
01-01 08:56:46.400 1519 1519 I SystemServiceManager: Starting com.android.server.powerstats.PowerStatsService
01-01 08:56:46.401 1519 1626 I SystemConfig: Reading permissions from /system_ext/etc/permissions/com.hht.lebocast.xml
01-01 08:56:46.402 1519 1626 I SystemConfig: Reading permissions from /system_ext/etc/permissions/izat.xt.srv.xml
01-01 08:56:46.402 1519 1626 I SystemConfig: Reading permissions from /system_ext/etc/permissions/qti_libpermissions.xml
01-01 08:56:46.403 1519 1626 I SystemConfig: Reading permissions from /system_ext/etc/permissions/com.qualcomm.qti.imscmservice.xml
01-01 08:56:46.403 0 0 I binder : 1519:1519 ioctl 40046210 7fe3cffda4 returned -22
01-01 08:56:46.403 1519 1626 I SystemConfig: Reading permissions from /system_ext/etc/permissions/com.thundercomm.microsettings.xml
01-01 08:56:46.403 1519 1519 I SystemServerTiming: StartIStatsService
01-01 08:56:46.403 1519 1626 I SystemConfig: Reading permissions from /system_ext/etc/permissions/com.qualcomm.location.xml
01-01 08:56:46.404 1519 1626 I SystemConfig: Reading permissions from /system_ext/etc/permissions/com.qti.dpmframework.xml
01-01 08:56:46.404 1519 1626 I SystemConfig: Reading permissions from /system_ext/etc/permissions/privapp-permissions-aptxals.xml
01-01 08:56:46.405 1519 1519 I SystemServerTiming: MemtrackProxyService
01-01 08:56:46.405 1519 1626 I SystemConfig: Reading permissions from /system_ext/etc/permissions/com.qualcomm.qti.imscmservice-V2.2-java.xml
01-01 08:56:46.406 1519 1519 I SystemServerTiming: StartActivityManager
01-01 08:56:46.406 1519 1626 I SystemConfig: Reading permissions from /system_ext/etc/permissions/com.android.launcher3.xml
01-01 08:56:46.406 1519 1519 I SystemServiceManager: Starting com.android.server.wm.ActivityTaskManagerService$Lifecycle
01-01 08:56:46.406 1519 1626 I SystemConfig: Reading permissions from /system_ext/etc/permissions/com.qti.media.secureprocessor.xml
01-01 08:56:46.407 1519 1626 I SystemConfig: Reading permissions from /system_ext/etc/permissions/audiosphere.xml
01-01 08:56:46.407 1519 1626 I SystemConfig: Reading permissions from /system_ext/etc/permissions/privapp-permissions-qti-system-ext.xml
01-01 08:56:46.408 1519 1626 I SystemConfig: Reading permissions from /system_ext/etc/permissions/com.android.systemui.xml
01-01 08:56:46.409 1519 1626 I SystemConfig: Reading permissions from /system_ext/etc/permissions/com.android.storagemanager.xml
01-01 08:56:46.409 1519 1626 I SystemConfig: Reading permissions from /system_ext/etc/permissions/qti_supplicant_interface.xml
01-01 08:56:46.410 1519 1626 I SystemConfig: Reading permissions from /system_ext/etc/permissions/wfd-system-ext-privapp-permissions-qti.xml
01-01 08:56:46.410 1519 1626 I SystemConfig: Reading permissions from /system_ext/etc/permissions/privapp-permissions-com.qualcomm.location.xml
01-01 08:56:46.411 1519 1519 I SystemServiceManager: Starting com.android.server.am.ActivityManagerService$Lifecycle
01-01 08:56:46.411 1519 1626 I SystemConfig: Reading permissions from /system_ext/etc/permissions/com.nxp.nfc.nq.xml
01-01 08:56:46.411 1519 1626 I SystemConfig: Reading permissions from /system_ext/etc/permissions/vendor.qti.ims.rcsservice.xml
01-01 08:56:46.412 1519 1626 I SystemConfig: Reading permissions from /system_ext/etc/permissions/com.qualcomm.qmapbridge.xml
01-01 08:56:46.412 1519 1626 I SystemConfig: Reading permissions from /system_ext/etc/permissions/com.android.emergency.xml
01-01 08:56:46.413 1519 1626 I SystemConfig: Reading permissions from /system_ext/etc/permissions/android.software.verified_boot.xml
01-01 08:56:46.413 1519 1626 I SystemConfig: Reading permissions from /system_ext/etc/permissions/qti_permissions.xml
01-01 08:56:46.414 1519 1626 I SystemConfig: Reading permissions from /system_ext/etc/permissions/com.qti.location.sdk.xml
01-01 08:56:46.414 1519 1626 I SystemConfig: Reading permissions from /system_ext/etc/permissions/dpmapi.xml
01-01 08:56:46.414 1519 1626 I SystemConfig: Reading permissions from /system_ext/etc/permissions/telephony_system-ext_privapp-permissions-qti.xml
01-01 08:56:46.415 1519 1626 I SystemConfig: Reading permissions from /system_ext/etc/permissions/com.android.provision.xml
01-01 08:56:46.416 1519 1626 I SystemConfig: Reading permissions from /system_ext/etc/permissions/com.qualcomm.qti.imscmservice-V2.1-java.xml
01-01 08:56:46.416 1519 1626 I SystemConfig: Reading permissions from /system_ext/etc/permissions/com.qualcomm.qti.imscmservice-V2.0-java.xml
01-01 08:56:46.416 1519 1626 I SystemConfig: Reading permissions from /system_ext/etc/permissions/com.android.settings.xml
01-01 08:56:46.417 1519 1626 I SystemConfig: Reading permissions from /system_ext/etc/permissions/com.qualcomm.qti.izattools.xml
01-01 08:56:46.417 1519 1519 I ActivityManager: Memory class: 512
01-01 08:56:46.418 1519 1626 I SystemConfig: Reading permissions from /system_ext/etc/permissions/embms-noship_product_privapp_permissions_qti.xml
01-01 08:56:46.418 1519 1626 I SystemConfig: Reading permissions from /system_ext/etc/permissions/embms.xml
01-01 08:56:46.418 1519 1629 I Binder : Setting heavy hitter watcher config: false, 0, 0.0
01-01 08:56:46.420 1519 1626 I SystemConfig: Reading permissions from /apex/com.android.ipsec/etc/permissions/android.net.ipsec.ike.xml
01-01 08:56:46.431 1519 1519 D BatteryStatsImpl: Reading daily items from /data/system/batterystats-daily.xml
01-01 08:56:46.437 1519 1636 I KernelCpuUidFreqTimeReader: mPerClusterTimesAvailable=false
01-01 08:56:46.439 1519 1636 E KernelCpuSpeedReader: Failed to read cpu-freq: /sys/devices/system/cpu/cpu4/cpufreq/stats/time_in_state: open failed: ENOENT (No such file or directory)
01-01 08:56:46.439 1519 1636 E KernelCpuSpeedReader: Failed to read cpu-freq: /sys/devices/system/cpu/cpu0/cpufreq/stats/time_in_state: open failed: ENOENT (No such file or directory)
01-01 08:56:46.444 1519 1636 W KernelMemoryBandwidthStats: No kernel memory bandwidth stats available
01-01 08:56:46.468 0 0 E swr-wcd wsa_swr_ctrl: swrm_runtime_suspend: clk stop mode not supported or SSR entry
01-01 08:56:46.480 1519 1519 I IntentFirewall: Read new rules (A:0 B:0 S:0)
01-01 08:56:46.483 1519 1519 D AppOps : AppOpsService published
01-01 08:56:46.483 1519 1519 I SystemServerTiming: StartDataLoaderManagerService
01-01 08:56:46.483 1519 1519 I SystemServiceManager: Starting com.android.server.pm.DataLoaderManagerService
01-01 08:56:46.484 1519 1519 I SystemServerTiming: StartIncrementalService
01-01 08:56:46.495 1519 1519 I SystemServerTiming: StartPowerManager
01-01 08:56:46.495 1519 1519 I SystemServiceManager: Starting com.android.server.power.PowerManagerService
01-01 08:56:46.503 1519 1519 I SystemServerTiming: StartThermalManager
01-01 08:56:46.503 1519 1519 I SystemServiceManager: Starting com.android.server.power.ThermalManagerService
01-01 08:56:46.503 1519 1519 I SystemServerTiming: StartHintManager
01-01 08:56:46.503 1519 1519 I SystemServiceManager: Starting com.android.server.power.hint.HintManagerService
01-01 08:56:46.504 1519 1519 I SystemServerTiming: InitPowerManagement
01-01 08:56:46.504 1519 1519 I SystemServerTiming: StartRecoverySystemService
01-01 08:56:46.504 1519 1519 I SystemServiceManager: Starting com.android.server.recoverysystem.RecoverySystemService$Lifecycle
01-01 08:56:46.505 1519 1519 I PackageWatchdog: Syncing state, reason: added new observer
01-01 08:56:46.505 1519 1519 I PackageWatchdog: Not pruning observers, elapsed time: 0ms
01-01 08:56:46.505 1519 1519 I PackageWatchdog: Cancelling state sync, nothing to sync
01-01 08:56:46.505 1519 1628 I PackageWatchdog: Saving observer state to file
01-01 08:56:46.506 1519 1519 I SystemServerTiming: StartLightsService
01-01 08:56:46.506 1519 1519 I SystemServiceManager: Starting com.android.server.lights.LightsService
01-01 08:56:46.508 1519 1519 I SystemServerTiming: StartSidekickService
01-01 08:56:46.508 1519 1519 I SystemServerTiming: StartDisplayManager
01-01 08:56:46.508 1519 1519 I SystemServiceManager: Starting com.android.server.display.DisplayManagerService
01-01 08:56:46.512 1519 1519 I SystemServerTiming: WaitForDisplay
01-01 08:56:46.512 1519 1519 I SystemServiceManager: Starting phase 100
01-01 08:56:46.512 1519 1519 I SystemServerTiming: OnBootPhase_100
01-01 08:56:46.512 1519 1519 I SystemServerTiming: OnBootPhase_100_com.android.server.security.FileIntegrityService
01-01 08:56:46.512 1519 1519 I SystemServerTiming: OnBootPhase_100_com.android.server.pm.Installer
01-01 08:56:46.512 1519 1519 I SystemServerTiming: OnBootPhase_100_com.android.server.os.DeviceIdentifiersPolicyService
01-01 08:56:46.512 1519 1519 I SystemServerTiming: OnBootPhase_100_com.android.server.uri.UriGrantsManagerService$Lifecycle
01-01 08:56:46.512 1519 1519 I SystemServerTiming: OnBootPhase_100_com.android.server.powerstats.PowerStatsService
01-01 08:56:46.512 1519 1519 I SystemServerTiming: OnBootPhase_100_com.android.server.wm.ActivityTaskManagerService$Lifecycle
01-01 08:56:46.512 1519 1519 I SystemServerTiming: OnBootPhase_100_com.android.server.am.ActivityManagerService$Lifecycle
01-01 08:56:46.512 1519 1519 I SystemServerTiming: OnBootPhase_100_com.android.server.pm.DataLoaderManagerService
01-01 08:56:46.512 1519 1519 I SystemServerTiming: OnBootPhase_100_com.android.server.power.PowerManagerService
01-01 08:56:46.512 1519 1519 I SystemServerTiming: OnBootPhase_100_com.android.server.power.ThermalManagerService
01-01 08:56:46.512 1519 1519 I SystemServerTiming: OnBootPhase_100_com.android.server.power.hint.HintManagerService
01-01 08:56:46.512 1519 1519 I SystemServerTiming: OnBootPhase_100_com.android.server.recoverysystem.RecoverySystemService$Lifecycle
01-01 08:56:46.512 1519 1519 I SystemServerTiming: OnBootPhase_100_com.android.server.lights.LightsService
01-01 08:56:46.512 1519 1519 I SystemServerTiming: OnBootPhase_100_com.android.server.display.DisplayManagerService
01-01 08:56:46.517 1519 1622 I DisplayDeviceRepository: Display device added: DisplayDeviceInfo{"内置屏幕": uniqueId="local:4630946370410392961", 2380 x 1020, modeId 1, defaultModeId 1, supportedModes [{id=1, width=2380, height=1020, fps=60.000004, alternativeRefreshRates=[]}], colorMode 0, supportedColorModes [0], hdrCapabilities HdrCapabilities{mSupportedHdrTypes=[2, 3, 4], mMaxLuminance=500.0, mMaxAverageLuminance=500.0, mMinLuminance=0.0}, allmSupported false, gameContentTypeSupported false, density 240, 319.851 x 319.851 dpi, appVsyncOff 1000000, presDeadline 16666666, touch INTERNAL, rotation 0, type INTERNAL, address {port=129, model=0x40446d3026322d}, deviceProductInfo DeviceProductInfo{name=, manufacturerPnpId=QCM, productId=1, modelYear=null, manufactureDate=ManufactureDate{week=27, year=2006}, connectionToSinkType=0}, state UNKNOWN, frameRateOverride , brightnessMinimum 0.0, brightnessMaximum 1.0, brightnessDefault 1.0, FLAG_DEFAULT_DISPLAY, FLAG_ROTATES_WITH_CONTENT, FLAG_SECURE, FLAG_SUPPORTS_PROTECTED_BUFFERS}
01-01 08:56:46.518 1519 1622 I LogicalDisplayMapper: Applying layout: [{addr: {port=129, model=0x40446d3026322d}, dispId: 0(ON)}], Previous layout: null
01-01 08:56:46.518 1519 1622 I LogicalDisplayMapper: Adding new display: 0: DisplayInfo{"内置屏幕", displayId 0", displayGroupId -1, FLAG_SECURE, FLAG_SUPPORTS_PROTECTED_BUFFERS, FLAG_TRUSTED, real 2380 x 1020, largest app 2380 x 1020, smallest app 2380 x 1020, appVsyncOff 1000000, presDeadline 16666666, mode 1, defaultMode 1, modes [{id=1, width=2380, height=1020, fps=60.000004, alternativeRefreshRates=[]}], hdrCapabilities HdrCapabilities{mSupportedHdrTypes=[2, 3, 4], mMaxLuminance=500.0, mMaxAverageLuminance=500.0, mMinLuminance=0.0}, userDisabledHdrTypes [], minimalPostProcessingSupported false, rotation 0, state UNKNOWN, type INTERNAL, uniqueId "local:4630946370410392961", app 2380 x 1020, density 240 (319.851 x 319.851) dpi, layerStack 0, colorMode 0, supportedColorModes [0], address {port=129, model=0x40446d3026322d}, deviceProductInfo DeviceProductInfo{name=, manufacturerPnpId=QCM, productId=1, modelYear=null, manufactureDate=ManufactureDate{week=27, year=2006}, connectionToSinkType=0}, removeMode 0, refreshRateOverride 0.0, brightnessMinimum 0.0, brightnessMaximum 1.0, brightnessDefault 1.0}
01-01 08:56:46.519 1519 1622 I LogicalDisplayMapper: Setting new display group 0 for display 0, from previous group: null
01-01 08:56:46.519 1519 1622 E DisplayDeviceConfig: requesting nits when no mapping exists.
01-01 08:56:46.523 1519 1622 E DisplayDeviceConfig: requesting nits when no mapping exists.
01-01 08:56:46.524 1519 1519 I SystemServerTiming: StartDomainVerificationService
01-01 08:56:46.524 1519 1622 I DisplayDeviceRepository: Display device changed state: "内置屏幕", ON
01-01 08:56:46.526 1519 1519 I SystemServerTiming: StartPackageManagerService
01-01 08:56:46.526 1519 1519 I Watchdog: Pausing HandlerChecker: main thread for reason: packagemanagermain. Pause count: 1
01-01 08:56:46.529 1519 1519 I PackageManagerTiming: create package manager
01-01 08:56:46.530 1519 1519 I PackageManagerTiming: readListOfPackagesToBeDisabled
01-01 08:56:46.530 1519 1519 D PackageManager: Disabling packages for wifi-only device, source: /vendor/etc/telephony_packages.xml
01-01 08:56:46.530 1519 1519 I PackageManagerTiming: createSubComponents
01-01 08:56:46.537 1519 1519 I PackageManagerTiming: addSharedUsers
01-01 08:56:46.538 1519 1519 I PackageManagerTiming: get system config
01-01 08:56:46.538 1519 1519 D PackageManager: Directories scanned as system partitions: [/system:0, /vendor:524288, /odm:4194304, /oem:262144, /product:1048576, /system_ext:2097152, /apex/com.android.vndk.v30:8388608, /apex/com.android.wifi:8388608, /apex/com.android.vndk.v31:8388608, /apex/com.android.tzdata:8388608, /apex/com.android.tethering:8388608, /apex/com.android.sdkext:8388608, /apex/com.android.scheduling:8388608, /apex/com.android.runtime:8388608, /apex/com.android.resolv:8388608, /apex/com.android.permission:8388608, /apex/com.android.os.statsd:8388608, /apex/com.android.neuralnetworks:8388608, /apex/com.android.mediaprovider:8388608, /apex/com.android.media.swcodec:8388608, /apex/com.android.media:8388608, /apex/com.android.ipsec:8388608, /apex/com.android.i18n:8388608, /apex/com.android.extservices:8388608, /apex/com.android.conscrypt:8388608, /apex/com.android.art:8388608, /apex/com.android.appsearch:8388608, /apex/com.android.adbd:8388608]
01-01 08:56:46.539 1519 1519 D SELinuxMMAC: Using policy file /system/etc/selinux/plat_mac_permissions.xml
01-01 08:56:46.540 1519 1519 D SELinuxMMAC: Using policy file /system_ext/etc/selinux/system_ext_mac_permissions.xml
01-01 08:56:46.541 1519 1519 D SELinuxMMAC: Using policy file /product/etc/selinux/product_mac_permissions.xml
01-01 08:56:46.541 1519 1519 D SELinuxMMAC: Using policy file /vendor/etc/selinux/vendor_mac_permissions.xml
01-01 08:56:46.541 1519 1519 D SELinuxMMAC: Using policy file /odm/etc/selinux/odm_mac_permissions.xml
01-01 08:56:46.542 1519 1519 I PackageManagerTiming: loadFallbacks
01-01 08:56:46.542 1519 1519 I PackageManagerTiming: read user settings
01-01 08:56:46.582 1519 1519 W android.permission.PermissionManager: Missing ActivityManager; assuming 1000 holds android.permission.SET_PREFERRED_APPLICATIONS
01-01 08:56:46.582 1519 1519 W android.permission.PermissionManager: Missing ActivityManager; assuming 1000 holds android.permission.SET_PREFERRED_APPLICATIONS
01-01 08:56:46.583 1519 1519 W android.permission.PermissionManager: Missing ActivityManager; assuming 1000 holds android.permission.SET_PREFERRED_APPLICATIONS
01-01 08:56:46.583 1519 1519 W android.permission.PermissionManager: Missing ActivityManager; assuming 1000 holds android.permission.SET_PREFERRED_APPLICATIONS
01-01 08:56:46.583 1519 1519 W android.permission.PermissionManager: Missing ActivityManager; assuming 1000 holds android.permission.SET_PREFERRED_APPLICATIONS
01-01 08:56:46.583 1519 1519 W android.permission.PermissionManager: Missing ActivityManager; assuming 1000 holds android.permission.SET_PREFERRED_APPLICATIONS
01-01 08:56:46.583 1519 1519 W android.permission.PermissionManager: Missing ActivityManager; assuming 1000 holds android.permission.SET_PREFERRED_APPLICATIONS
01-01 08:56:46.583 1519 1519 W android.permission.PermissionManager: Missing ActivityManager; assuming 1000 holds android.permission.SET_PREFERRED_APPLICATIONS
01-01 08:56:46.583 1519 1519 W android.permission.PermissionManager: Missing ActivityManager; assuming 1000 holds android.permission.SET_PREFERRED_APPLICATIONS
01-01 08:56:46.583 1519 1519 W android.permission.PermissionManager: Missing ActivityManager; assuming 1000 holds android.permission.SET_PREFERRED_APPLICATIONS
01-01 08:56:46.584 1519 1519 W android.permission.PermissionManager: Missing ActivityManager; assuming 1000 holds android.permission.SET_PREFERRED_APPLICATIONS
01-01 08:56:46.584 1519 1519 W android.permission.PermissionManager: Missing ActivityManager; assuming 1000 holds android.permission.SET_PREFERRED_APPLICATIONS
01-01 08:56:46.584 1519 1519 W android.permission.PermissionManager: Missing ActivityManager; assuming 1000 holds android.permission.SET_PREFERRED_APPLICATIONS
01-01 08:56:46.584 1519 1519 W android.permission.PermissionManager: Missing ActivityManager; assuming 1000 holds android.permission.SET_PREFERRED_APPLICATIONS
01-01 08:56:46.584 1519 1519 W android.permission.PermissionManager: Missing ActivityManager; assuming 1000 holds android.permission.SET_PREFERRED_APPLICATIONS
01-01 08:56:46.584 1519 1519 W android.permission.PermissionManager: Missing ActivityManager; assuming 1000 holds android.permission.SET_PREFERRED_APPLICATIONS
01-01 08:56:46.584 1519 1519 W android.permission.PermissionManager: Missing ActivityManager; assuming 1000 holds android.permission.SET_PREFERRED_APPLICATIONS
01-01 08:56:46.584 1519 1519 W android.permission.PermissionManager: Missing ActivityManager; assuming 1000 holds android.permission.SET_PREFERRED_APPLICATIONS
01-01 08:56:46.585 1519 1519 W android.permission.PermissionManager: Missing ActivityManager; assuming 1000 holds android.permission.SET_PREFERRED_APPLICATIONS
01-01 08:56:46.585 1519 1519 W android.permission.PermissionManager: Missing ActivityManager; assuming 1000 holds android.permission.SET_PREFERRED_APPLICATIONS
01-01 08:56:46.585 1519 1519 W android.permission.PermissionManager: Missing ActivityManager; assuming 1000 holds android.permission.SET_PREFERRED_APPLICATIONS
01-01 08:56:46.585 1519 1519 W android.permission.PermissionManager: Missing ActivityManager; assuming 1000 holds android.permission.SET_PREFERRED_APPLICATIONS
01-01 08:56:46.585 1519 1519 W android.permission.PermissionManager: Missing ActivityManager; assuming 1000 holds android.permission.SET_PREFERRED_APPLICATIONS
01-01 08:56:46.585 1519 1519 W android.permission.PermissionManager: Missing ActivityManager; assuming 1000 holds android.permission.SET_PREFERRED_APPLICATIONS
01-01 08:56:46.585 1519 1519 W android.permission.PermissionManager: Missing ActivityManager; assuming 1000 holds android.permission.SET_PREFERRED_APPLICATIONS
01-01 08:56:46.585 1519 1519 W android.permission.PermissionManager: Missing ActivityManager; assuming 1000 holds android.permission.SET_PREFERRED_APPLICATIONS
01-01 08:56:46.586 1519 1519 W android.permission.PermissionManager: Missing ActivityManager; assuming 1000 holds android.permission.SET_PREFERRED_APPLICATIONS
01-01 08:56:46.586 1519 1519 W android.permission.PermissionManager: Missing ActivityManager; assuming 1000 holds android.permission.SET_PREFERRED_APPLICATIONS
01-01 08:56:46.586 1519 1519 W android.permission.PermissionManager: Missing ActivityManager; assuming 1000 holds android.permission.SET_PREFERRED_APPLICATIONS
01-01 08:56:46.586 1519 1519 W android.permission.PermissionManager: Missing ActivityManager; assuming 1000 holds android.permission.SET_PREFERRED_APPLICATIONS
01-01 08:56:46.586 1519 1519 W android.permission.PermissionManager: Missing ActivityManager; assuming 1000 holds android.permission.SET_PREFERRED_APPLICATIONS
01-01 08:56:46.586 1519 1519 W android.permission.PermissionManager: Missing ActivityManager; assuming 1000 holds android.permission.SET_PREFERRED_APPLICATIONS
01-01 08:56:46.586 1519 1519 W android.permission.PermissionManager: Missing ActivityManager; assuming 1000 holds android.permission.SET_PREFERRED_APPLICATIONS
01-01 08:56:46.586 1519 1519 W android.permission.PermissionManager: Missing ActivityManager; assuming 1000 holds android.permission.SET_PREFERRED_APPLICATIONS
01-01 08:56:46.586 1519 1519 W android.permission.PermissionManager: Missing ActivityManager; assuming 1000 holds android.permission.SET_PREFERRED_APPLICATIONS
01-01 08:56:46.587 1519 1519 W android.permission.PermissionManager: Missing ActivityManager; assuming 1000 holds android.permission.SET_PREFERRED_APPLICATIONS
01-01 08:56:46.587 1519 1519 W android.permission.PermissionManager: Missing ActivityManager; assuming 1000 holds android.permission.SET_PREFERRED_APPLICATIONS
01-01 08:56:46.587 1519 1519 W android.permission.PermissionManager: Missing ActivityManager; assuming 1000 holds android.permission.SET_PREFERRED_APPLICATIONS
01-01 08:56:46.587 1519 1519 W android.permission.PermissionManager: Missing ActivityManager; assuming 1000 holds android.permission.SET_PREFERRED_APPLICATIONS
01-01 08:56:46.587 1519 1519 W android.permission.PermissionManager: Missing ActivityManager; assuming 1000 holds android.permission.SET_PREFERRED_APPLICATIONS
01-01 08:56:46.587 1519 1519 W android.permission.PermissionManager: Missing ActivityManager; assuming 1000 holds android.permission.SET_PREFERRED_APPLICATIONS
01-01 08:56:46.587 1519 1519 W android.permission.PermissionManager: Missing ActivityManager; assuming 1000 holds android.permission.SET_PREFERRED_APPLICATIONS
01-01 08:56:46.588 1519 1519 W android.permission.PermissionManager: Missing ActivityManager; assuming 1000 holds android.permission.SET_PREFERRED_APPLICATIONS
01-01 08:56:46.588 1519 1519 W android.permission.PermissionManager: Missing ActivityManager; assuming 1000 holds android.permission.SET_PREFERRED_APPLICATIONS
01-01 08:56:46.588 1519 1519 W android.permission.PermissionManager: Missing ActivityManager; assuming 1000 holds android.permission.SET_PREFERRED_APPLICATIONS
01-01 08:56:46.588 1519 1519 W android.permission.PermissionManager: Missing ActivityManager; assuming 1000 holds android.permission.SET_PREFERRED_APPLICATIONS
01-01 08:56:46.588 1519 1519 W android.permission.PermissionManager: Missing ActivityManager; assuming 1000 holds android.permission.SET_PREFERRED_APPLICATIONS
01-01 08:56:46.588 1519 1519 W android.permission.PermissionManager: Missing ActivityManager; assuming 1000 holds android.permission.SET_PREFERRED_APPLICATIONS
01-01 08:56:46.588 1519 1519 W android.permission.PermissionManager: Missing ActivityManager; assuming 1000 holds android.permission.SET_PREFERRED_APPLICATIONS
01-01 08:56:46.588 1519 1519 W android.permission.PermissionManager: Missing ActivityManager; assuming 1000 holds android.permission.SET_PREFERRED_APPLICATIONS
01-01 08:56:46.588 1519 1519 W android.permission.PermissionManager: Missing ActivityManager; assuming 1000 holds android.permission.SET_PREFERRED_APPLICATIONS
01-01 08:56:46.589 1519 1519 W android.permission.PermissionManager: Missing ActivityManager; assuming 1000 holds android.permission.SET_PREFERRED_APPLICATIONS
01-01 08:56:46.589 1519 1519 W android.permission.PermissionManager: Missing ActivityManager; assuming 1000 holds android.permission.SET_PREFERRED_APPLICATIONS
01-01 08:56:46.589 1519 1519 W android.permission.PermissionManager: Missing ActivityManager; assuming 1000 holds android.permission.SET_PREFERRED_APPLICATIONS
01-01 08:56:46.589 1519 1519 W android.permission.PermissionManager: Missing ActivityManager; assuming 1000 holds android.permission.SET_PREFERRED_APPLICATIONS
01-01 08:56:46.589 1519 1519 W android.permission.PermissionManager: Missing ActivityManager; assuming 1000 holds android.permission.SET_PREFERRED_APPLICATIONS
01-01 08:56:46.589 1519 1519 W android.permission.PermissionManager: Missing ActivityManager; assuming 1000 holds android.permission.SET_PREFERRED_APPLICATIONS
01-01 08:56:46.589 1519 1519 W android.permission.PermissionManager: Missing ActivityManager; assuming 1000 holds android.permission.SET_PREFERRED_APPLICATIONS
01-01 08:56:46.589 1519 1519 W android.permission.PermissionManager: Missing ActivityManager; assuming 1000 holds android.permission.SET_PREFERRED_APPLICATIONS
01-01 08:56:46.590 1519 1519 W android.permission.PermissionManager: Missing ActivityManager; assuming 1000 holds android.permission.SET_PREFERRED_APPLICATIONS
01-01 08:56:46.590 1519 1519 W android.permission.PermissionManager: Missing ActivityManager; assuming 1000 holds android.permission.SET_PREFERRED_APPLICATIONS
01-01 08:56:46.590 1519 1519 W android.permission.PermissionManager: Missing ActivityManager; assuming 1000 holds android.permission.SET_PREFERRED_APPLICATIONS
01-01 08:56:46.590 1519 1519 W android.permission.PermissionManager: Missing ActivityManager; assuming 1000 holds android.permission.SET_PREFERRED_APPLICATIONS
01-01 08:56:46.590 1519 1519 W android.permission.PermissionManager: Missing ActivityManager; assuming 1000 holds android.permission.SET_PREFERRED_APPLICATIONS
01-01 08:56:46.590 1519 1519 W android.permission.PermissionManager: Missing ActivityManager; assuming 1000 holds android.permission.SET_PREFERRED_APPLICATIONS
01-01 08:56:46.590 1519 1519 W android.permission.PermissionManager: Missing ActivityManager; assuming 1000 holds android.permission.SET_PREFERRED_APPLICATIONS
01-01 08:56:46.590 1519 1519 W android.permission.PermissionManager: Missing ActivityManager; assuming 1000 holds android.permission.SET_PREFERRED_APPLICATIONS
01-01 08:56:46.591 1519 1519 W android.permission.PermissionManager: Missing ActivityManager; assuming 1000 holds android.permission.SET_PREFERRED_APPLICATIONS
01-01 08:56:46.591 1519 1519 W android.permission.PermissionManager: Missing ActivityManager; assuming 1000 holds android.permission.SET_PREFERRED_APPLICATIONS
01-01 08:56:46.591 1519 1519 W android.permission.PermissionManager: Missing ActivityManager; assuming 1000 holds android.permission.SET_PREFERRED_APPLICATIONS
01-01 08:56:46.591 1519 1519 W android.permission.PermissionManager: Missing ActivityManager; assuming 1000 holds android.permission.SET_PREFERRED_APPLICATIONS
01-01 08:56:46.591 1519 1519 W android.permission.PermissionManager: Missing ActivityManager; assuming 1000 holds android.permission.SET_PREFERRED_APPLICATIONS
01-01 08:56:46.591 1519 1519 W android.permission.PermissionManager: Missing ActivityManager; assuming 1000 holds android.permission.SET_PREFERRED_APPLICATIONS
01-01 08:56:46.591 1519 1519 W android.permission.PermissionManager: Missing ActivityManager; assuming 1000 holds android.permission.SET_PREFERRED_APPLICATIONS
01-01 08:56:46.591 1519 1519 W android.permission.PermissionManager: Missing ActivityManager; assuming 1000 holds android.permission.SET_PREFERRED_APPLICATIONS
01-01 08:56:46.592 1519 1519 W android.permission.PermissionManager: Missing ActivityManager; assuming 1000 holds android.permission.SET_PREFERRED_APPLICATIONS
01-01 08:56:46.592 1519 1519 W android.permission.PermissionManager: Missing ActivityManager; assuming 1000 holds android.permission.SET_PREFERRED_APPLICATIONS
01-01 08:56:46.592 1519 1519 W android.permission.PermissionManager: Missing ActivityManager; assuming 1000 holds android.permission.SET_PREFERRED_APPLICATIONS
01-01 08:56:46.592 1519 1519 W android.permission.PermissionManager: Missing ActivityManager; assuming 1000 holds android.permission.SET_PREFERRED_APPLICATIONS
01-01 08:56:46.592 1519 1519 W android.permission.PermissionManager: Missing ActivityManager; assuming 1000 holds android.permission.SET_PREFERRED_APPLICATIONS
01-01 08:56:46.593 1519 1519 W android.permission.PermissionManager: Missing ActivityManager; assuming 1000 holds android.permission.SET_PREFERRED_APPLICATIONS
01-01 08:56:46.593 1519 1519 W android.permission.PermissionManager: Missing ActivityManager; assuming 1000 holds android.permission.SET_PREFERRED_APPLICATIONS
01-01 08:56:46.593 1519 1519 W android.permission.PermissionManager: Missing ActivityManager; assuming 1000 holds android.permission.SET_PREFERRED_APPLICATIONS
01-01 08:56:46.593 1519 1519 W android.permission.PermissionManager: Missing ActivityManager; assuming 1000 holds android.permission.SET_PREFERRED_APPLICATIONS
01-01 08:56:46.593 1519 1519 W android.permission.PermissionManager: Missing ActivityManager; assuming 1000 holds android.permission.SET_PREFERRED_APPLICATIONS
01-01 08:56:46.593 1519 1519 W android.permission.PermissionManager: Missing ActivityManager; assuming 1000 holds android.permission.SET_PREFERRED_APPLICATIONS
01-01 08:56:46.594 1519 1519 W android.permission.PermissionManager: Missing ActivityManager; assuming 1000 holds android.permission.SET_PREFERRED_APPLICATIONS
01-01 08:56:46.593 0 0 E init : Control message: Could not find 'android.frameworks.sensorservice@1.0::ISensorManager/default' for ctl.interface_start from pid: 524 (/system/bin/hwservicemanager)
01-01 08:56:46.594 0 0 E init : Control message: Could not find 'android.frameworks.sensorservice@1.0::ISensorManager/default' for ctl.interface_start from pid: 524 (/system/bin/hwservicemanager)
01-01 08:56:46.594 1519 1519 W android.permission.PermissionManager: Missing ActivityManager; assuming 1000 holds android.permission.SET_PREFERRED_APPLICATIONS
01-01 08:56:46.594 1519 1519 W android.permission.PermissionManager: Missing ActivityManager; assuming 1000 holds android.permission.SET_PREFERRED_APPLICATIONS
01-01 08:56:46.594 1519 1519 W android.permission.PermissionManager: Missing ActivityManager; assuming 1000 holds android.permission.SET_PREFERRED_APPLICATIONS
01-01 08:56:46.594 1519 1519 W android.permission.PermissionManager: Missing ActivityManager; assuming 1000 holds android.permission.SET_PREFERRED_APPLICATIONS
01-01 08:56:46.594 1519 1519 W android.permission.PermissionManager: Missing ActivityManager; assuming 1000 holds android.permission.SET_PREFERRED_APPLICATIONS
01-01 08:56:46.594 1519 1519 W android.permission.PermissionManager: Missing ActivityManager; assuming 1000 holds android.permission.SET_PREFERRED_APPLICATIONS
01-01 08:56:46.595 1519 1519 W android.permission.PermissionManager: Missing ActivityManager; assuming 1000 holds android.permission.SET_PREFERRED_APPLICATIONS
01-01 08:56:46.595 1519 1519 W android.permission.PermissionManager: Missing ActivityManager; assuming 1000 holds android.permission.SET_PREFERRED_APPLICATIONS
01-01 08:56:46.595 1519 1519 W android.permission.PermissionManager: Missing ActivityManager; assuming 1000 holds android.permission.SET_PREFERRED_APPLICATIONS
01-01 08:56:46.595 1519 1519 W android.permission.PermissionManager: Missing ActivityManager; assuming 1000 holds android.permission.SET_PREFERRED_APPLICATIONS
01-01 08:56:46.595 1519 1519 W android.permission.PermissionManager: Missing ActivityManager; assuming 1000 holds android.permission.SET_PREFERRED_APPLICATIONS
01-01 08:56:46.595 1519 1519 W android.permission.PermissionManager: Missing ActivityManager; assuming 1000 holds android.permission.SET_PREFERRED_APPLICATIONS
01-01 08:56:46.595 1519 1519 W android.permission.PermissionManager: Missing ActivityManager; assuming 1000 holds android.permission.SET_PREFERRED_APPLICATIONS
01-01 08:56:46.595 1519 1519 W android.permission.PermissionManager: Missing ActivityManager; assuming 1000 holds android.permission.SET_PREFERRED_APPLICATIONS
01-01 08:56:46.595 1519 1519 W android.permission.PermissionManager: Missing ActivityManager; assuming 1000 holds android.permission.SET_PREFERRED_APPLICATIONS
01-01 08:56:46.596 1519 1519 W android.permission.PermissionManager: Missing ActivityManager; assuming 1000 holds android.permission.SET_PREFERRED_APPLICATIONS
01-01 08:56:46.596 1519 1519 W android.permission.PermissionManager: Missing ActivityManager; assuming 1000 holds android.permission.SET_PREFERRED_APPLICATIONS
01-01 08:56:46.596 1519 1519 W android.permission.PermissionManager: Missing ActivityManager; assuming 1000 holds android.permission.SET_PREFERRED_APPLICATIONS
01-01 08:56:46.596 1519 1519 W android.permission.PermissionManager: Missing ActivityManager; assuming 1000 holds android.permission.SET_PREFERRED_APPLICATIONS
01-01 08:56:46.596 1519 1519 W android.permission.PermissionManager: Missing ActivityManager; assuming 1000 holds android.permission.SET_PREFERRED_APPLICATIONS
01-01 08:56:46.596 1519 1519 W android.permission.PermissionManager: Missing ActivityManager; assuming 1000 holds android.permission.SET_PREFERRED_APPLICATIONS
01-01 08:56:46.596 1519 1519 W android.permission.PermissionManager: Missing ActivityManager; assuming 1000 holds android.permission.SET_PREFERRED_APPLICATIONS
01-01 08:56:46.596 1519 1519 W android.permission.PermissionManager: Missing ActivityManager; assuming 1000 holds android.permission.SET_PREFERRED_APPLICATIONS
01-01 08:56:46.596 1519 1519 W android.permission.PermissionManager: Missing ActivityManager; assuming 1000 holds android.permission.SET_PREFERRED_APPLICATIONS
01-01 08:56:46.596 1519 1519 W android.permission.PermissionManager: Missing ActivityManager; assuming 1000 holds android.permission.SET_PREFERRED_APPLICATIONS
01-01 08:56:46.597 1519 1519 W android.permission.PermissionManager: Missing ActivityManager; assuming 1000 holds android.permission.SET_PREFERRED_APPLICATIONS
01-01 08:56:46.597 1519 1519 W android.permission.PermissionManager: Missing ActivityManager; assuming 1000 holds android.permission.SET_PREFERRED_APPLICATIONS
01-01 08:56:46.597 1519 1519 W android.permission.PermissionManager: Missing ActivityManager; assuming 1000 holds android.permission.SET_PREFERRED_APPLICATIONS
01-01 08:56:46.597 1519 1519 W android.permission.PermissionManager: Missing ActivityManager; assuming 1000 holds android.permission.SET_PREFERRED_APPLICATIONS
01-01 08:56:46.597 1519 1519 W android.permission.PermissionManager: Missing ActivityManager; assuming 1000 holds android.permission.SET_PREFERRED_APPLICATIONS
01-01 08:56:46.597 1519 1519 W android.permission.PermissionManager: Missing ActivityManager; assuming 1000 holds android.permission.SET_PREFERRED_APPLICATIONS
01-01 08:56:46.597 1519 1519 W android.permission.PermissionManager: Missing ActivityManager; assuming 1000 holds android.permission.SET_PREFERRED_APPLICATIONS
01-01 08:56:46.597 1519 1519 W android.permission.PermissionManager: Missing ActivityManager; assuming 1000 holds android.permission.SET_PREFERRED_APPLICATIONS
01-01 08:56:46.597 1519 1519 W android.permission.PermissionManager: Missing ActivityManager; assuming 1000 holds android.permission.SET_PREFERRED_APPLICATIONS
01-01 08:56:46.597 1519 1519 W android.permission.PermissionManager: Missing ActivityManager; assuming 1000 holds android.permission.SET_PREFERRED_APPLICATIONS
01-01 08:56:46.598 1519 1519 W android.permission.PermissionManager: Missing ActivityManager; assuming 1000 holds android.permission.SET_PREFERRED_APPLICATIONS
01-01 08:56:46.598 1519 1519 W android.permission.PermissionManager: Missing ActivityManager; assuming 1000 holds android.permission.SET_PREFERRED_APPLICATIONS
01-01 08:56:46.598 1519 1519 W android.permission.PermissionManager: Missing ActivityManager; assuming 1000 holds android.permission.SET_PREFERRED_APPLICATIONS
01-01 08:56:46.598 1519 1519 W android.permission.PermissionManager: Missing ActivityManager; assuming 1000 holds android.permission.SET_PREFERRED_APPLICATIONS
01-01 08:56:46.598 1519 1519 W android.permission.PermissionManager: Missing ActivityManager; assuming 1000 holds android.permission.SET_PREFERRED_APPLICATIONS
01-01 08:56:46.598 1519 1519 W android.permission.PermissionManager: Missing ActivityManager; assuming 1000 holds android.permission.SET_PREFERRED_APPLICATIONS
01-01 08:56:46.598 1519 1519 W android.permission.PermissionManager: Missing ActivityManager; assuming 1000 holds android.permission.SET_PREFERRED_APPLICATIONS
01-01 08:56:46.598 1519 1519 W android.permission.PermissionManager: Missing ActivityManager; assuming 1000 holds android.permission.SET_PREFERRED_APPLICATIONS
01-01 08:56:46.598 1519 1519 W android.permission.PermissionManager: Missing ActivityManager; assuming 1000 holds android.permission.SET_PREFERRED_APPLICATIONS
