12-16 04:43:53.610 1519 3535 I DropBoxManagerService: add tag=system_app_crash isTagEnabled=true flags=0x2
12-16 04:43:53.611 1519 1519 E BootReceiver: Could not open /sys/kernel/tracing/instances/bootreceiver/trace_pipe
12-16 04:43:53.611 1519 1519 E BootReceiver: android.system.ErrnoException: open failed: ENOENT (No such file or directory)
12-16 04:43:53.611 1519 1519 E BootReceiver: at libcore.io.Linux.open(Native Method)
12-16 04:43:53.611 1519 1519 E BootReceiver: at libcore.io.ForwardingOs.open(ForwardingOs.java:567)
12-16 04:43:53.611 1519 1519 E BootReceiver: at libcore.io.BlockGuardOs.open(BlockGuardOs.java:273)
12-16 04:43:53.611 1519 1519 E BootReceiver: at android.system.Os.open(Os.java:501)
12-16 04:43:53.611 1519 1519 E BootReceiver: at com.android.server.BootReceiver.onReceive(BootReceiver.java:167)
12-16 04:43:53.611 1519 1519 E BootReceiver: at android.app.ActivityThread.handleReceiver(ActivityThread.java:4309)
12-16 04:43:53.611 1519 1519 E BootReceiver: at android.app.ActivityThread.access$1600(ActivityThread.java:248)
12-16 04:43:53.611 1519 1519 E BootReceiver: at android.app.ActivityThread$H.handleMessage(ActivityThread.java:2065)
12-16 04:43:53.611 1519 1519 E BootReceiver: at android.os.Handler.dispatchMessage(Handler.java:106)
12-16 04:43:53.611 1519 1519 E BootReceiver: at android.os.Looper.loopOnce(Looper.java:201)
12-16 04:43:53.611 1519 1519 E BootReceiver: at android.os.Looper.loop(Looper.java:288)
12-16 04:43:53.611 1519 1519 E BootReceiver: at com.android.server.SystemServer.run(SystemServer.java:908)
12-16 04:43:53.611 1519 1519 E BootReceiver: at com.android.server.SystemServer.main(SystemServer.java:615)
12-16 04:43:53.611 1519 1519 E BootReceiver: at java.lang.reflect.Method.invoke(Native Method)
12-16 04:43:53.611 1519 1519 E BootReceiver: at com.android.internal.os.RuntimeInit$MethodAndArgsCaller.run(RuntimeInit.java:548)
12-16 04:43:53.611 1519 1519 E BootReceiver: at com.android.internal.os.ZygoteInit.main(ZygoteInit.java:987)
12-16 04:43:53.613 1519 1629 I DropBoxManagerService: add tag=system_server_wtf isTagEnabled=true flags=0x2
12-16 04:43:53.624 1519 3536 I DropBoxManagerService: add tag=SYSTEM_BOOT isTagEnabled=true flags=0x2
12-16 04:43:53.626 1519 3536 I BootReceiver: Copying audit failures to DropBox
12-16 04:43:53.630 1519 3536 I BootReceiver: Checking for fsck errors
12-16 04:43:53.631 1519 3536 I BootReceiver: fs_stat, partition:persist stat:0x3
12-16 04:43:53.631 1519 3536 I BootReceiver: fs_stat, partition:dsp_b stat:0x3
01-01 08:56:55.540 0 0 I IRQ 5 : no longer affine to CPU7
12-16 04:43:53.650 1519 2033 I GameModeConfig: isGameModeOn = false
12-16 04:43:53.650 1519 2033 I GameModeConfig: isGameModeOn = false
12-16 04:43:53.650 1519 2033 I GameModeConfig: isGameModeOn = false
12-16 04:43:53.650 1519 2033 I GameModeConfig: isGameModeOn = false
12-16 04:43:53.651 1519 2033 I GameModeConfig: isGameModeOn = false
12-16 04:43:53.653 1519 1554 D CompatibilityChangeReporter: Compat change id reported: 168419799; UID 10074; state: DISABLED
12-16 04:43:53.654 1519 2033 I GameModeConfig: isGameModeOn = false
12-16 04:43:53.668 1519 2166 D CompatibilityChangeReporter: Compat change id reported: 135634846; UID 1000; state: DISABLED
12-16 04:43:53.668 1519 2166 D CompatibilityChangeReporter: Compat change id reported: 177438394; UID 1000; state: DISABLED
12-16 04:43:53.668 1519 2166 D CompatibilityChangeReporter: Compat change id reported: 135772972; UID 1000; state: DISABLED
12-16 04:43:53.668 1519 2166 D CompatibilityChangeReporter: Compat change id reported: 135754954; UID 1000; state: ENABLED
01-01 08:56:55.572 0 0 I binder : 3064:3548 ioctl 40046210 7313916604 returned -22
12-16 04:43:53.675 1519 1630 I ActivityManager: Start proc 3551:com.qti.diagservices/1000 for broadcast {com.qti.diagservices/com.qti.diagservices.Diag_OnBoot}
01-01 08:56:55.599 0 0 I binder : 3551:3551 ioctl 40046210 7fe3d00364 returned -22
12-16 04:43:53.698 1519 1519 I NotificationService: Cannot find enqueued record for key: 0|android|13|PreBootBroadcaster|1000
12-16 04:43:53.704 1519 1554 I ActivityManager: Process com.qualcomm.qti.devicestatisticsservice (pid 2519) has died: pers PER
12-16 04:43:53.704 1519 1554 W ActivityManager: Scheduling restart of crashed service com.qualcomm.qti.devicestatisticsservice/.DeviceStatisticsService in 0ms for persistent
12-16 04:43:53.704 1519 1554 W ActivityManager: Re-adding persistent process ProcessRecord{200d49b 2519:com.qualcomm.qti.devicestatisticsservice/u0a70}
12-16 04:43:53.705 1519 1519 I NotificationService: Cannot find enqueued record for key: 0|android|13|PreBootBroadcaster|1000
12-16 04:43:53.705 1519 1554 D CompatibilityChangeReporter: Compat change id reported: 135634846; UID 10070; state: DISABLED
12-16 04:43:53.705 1519 1554 D CompatibilityChangeReporter: Compat change id reported: 177438394; UID 10070; state: DISABLED
12-16 04:43:53.705 1519 1554 D CompatibilityChangeReporter: Compat change id reported: 135772972; UID 10070; state: DISABLED
12-16 04:43:53.705 1519 1554 D CompatibilityChangeReporter: Compat change id reported: 135754954; UID 10070; state: ENABLED
12-16 04:43:53.705 1519 1630 D CompatibilityChangeReporter: Compat change id reported: 143937733; UID 10070; state: ENABLED
12-16 04:43:53.708 1519 1519 I NotificationService: Cannot find enqueued record for key: 0|android|13|PreBootBroadcaster|1000
12-16 04:43:53.711 1519 1630 I ActivityManager: Start proc 3568:com.qualcomm.qti.devicestatisticsservice/u0a70 for restart com.qualcomm.qti.devicestatisticsservice
01-01 08:56:55.626 0 0 I binder : 3568:3568 ioctl 40046210 7fe3d00364 returned -22
12-16 04:43:53.748 3551 3551 W ContextImpl: Calling a method in the system process without a qualified user: android.app.ContextImpl.startService:1816 android.content.ContextWrapper.startService:774 android.content.ContextWrapper.startService:774 com.qti.diagservices.Diag_OnBoot.onReceive:40 android.app.ActivityThread.handleReceiver:4309
12-16 04:43:53.755 1519 1519 I Telecom : DefaultDialerCache: Refreshing default dialer for user 0: now null: DDC.oR@AAw
12-16 04:43:53.755 1519 1519 I Telecom : MissedCallNotifierImpl: reloadAfterBootComplete: user=0: TSBCR.oR@AA0
12-16 04:43:53.756 1519 1519 I Telecom : MissedCallNotifierImpl: reloadAfterBootComplete: user=0: TSBCR.oR@AA0
12-16 04:43:53.758 1519 1519 D CompatibilityChangeReporter: Compat change id reported: 135634846; UID 10032; state: DISABLED
12-16 04:43:53.758 1519 1519 D CompatibilityChangeReporter: Compat change id reported: 177438394; UID 10032; state: DISABLED
12-16 04:43:53.758 1519 1519 D CompatibilityChangeReporter: Compat change id reported: 135772972; UID 10032; state: DISABLED
12-16 04:43:53.758 1519 1519 D CompatibilityChangeReporter: Compat change id reported: 135754954; UID 10032; state: ENABLED
12-16 04:43:53.760 1519 1630 D CompatibilityChangeReporter: Compat change id reported: 143937733; UID 10032; state: ENABLED
12-16 04:43:53.766 1519 1630 I ActivityManager: Start proc 3591:com.hryt.hiphishowfsecontrol/u0a32 for broadcast {com.hryt.hiphishowfsecontrol/com.hryt.hiphishowfsecontrol.receivers.HiPhiShowReceiver}
01-01 08:56:55.701 0 0 I binder : 3591:3591 ioctl 40046210 7fe3cffc84 returned -22
12-16 04:43:53.802 1519 2166 D CompatibilityChangeReporter: Compat change id reported: 168419799; UID 10032; state: DISABLED
01-01 08:56:55.717 0 0 D : mv2112_read_status
01-01 08:56:55.717 0 0 D mv2112_update_link: 3.0x901(1G): 0x80
01-01 08:56:55.717 0 0 D mv2112_update_link: 3.0x8109(100M): 0x8
01-01 08:56:55.717 0 0 D mv2112_update_link: link 0x0
01-01 08:56:55.717 0 0 D mv2112_read_status: autoneg is disabled
12-16 04:43:53.888 1519 2166 D CompatibilityChangeReporter: Compat change id reported: 135634846; UID 10068; state: DISABLED
12-16 04:43:53.888 1519 2166 D CompatibilityChangeReporter: Compat change id reported: 177438394; UID 10068; state: DISABLED
12-16 04:43:53.888 1519 2166 D CompatibilityChangeReporter: Compat change id reported: 135772972; UID 10068; state: DISABLED
12-16 04:43:53.889 1519 2166 D CompatibilityChangeReporter: Compat change id reported: 135754954; UID 10068; state: DISABLED
12-16 04:43:53.889 1519 1630 D CompatibilityChangeReporter: Compat change id reported: 143937733; UID 10068; state: DISABLED
12-16 04:43:53.898 1519 1630 I ActivityManager: Start proc 3628:com.android.calendar/u0a68 for broadcast {com.android.calendar/com.android.calendar.alerts.AlertReceiver}
01-01 08:56:55.825 0 0 I binder : 3628:3628 ioctl 40046210 7fe3d00364 returned -22
12-16 04:43:53.934 1519 2525 D CompatibilityChangeReporter: Compat change id reported: 168419799; UID 10068; state: DISABLED
01-01 08:56:55.873 0 0 I [schedu][0x1885660a][04:43:53.967507] wlan: [2040:I:OSIF] vdev 0, scan id 40961 type COMPLETED(1) reason COMPLETED(1) scan found 100 bss
12-16 04:43:53.990 538 538 I vold : Bind mounting /mnt/runtime/default/emulated/0/Android/data on /mnt/user/0/emulated/0/Android/data
12-16 04:43:53.991 538 538 I vold : Bind mounted /mnt/runtime/default/emulated/0/Android/data on /mnt/user/0/emulated/0/Android/data
12-16 04:43:53.991 538 538 I vold : Bind mounting /mnt/runtime/default/emulated/0/Android/obb on /mnt/user/0/emulated/0/Android/obb
12-16 04:43:53.992 538 538 I vold : Bind mounted /mnt/runtime/default/emulated/0/Android/obb on /mnt/user/0/emulated/0/Android/obb
12-16 04:43:53.992 538 538 I vold : Bind mounting /mnt/runtime/write/emulated/0/Android/obb on /mnt/installer/0/emulated/0/Android/obb
12-16 04:43:53.993 538 538 I vold : Bind mounted /mnt/runtime/write/emulated/0/Android/obb on /mnt/installer/0/emulated/0/Android/obb
12-16 04:43:53.993 538 538 I vold : Configuring read_ahead of /mnt/user/0/emulated fuse filesystem to 256kb
12-16 04:43:53.993 538 538 I vold : Writing 256 to /sys/class/bdi/0:79/read_ahead_kb
12-16 04:43:53.993 538 538 I vold : Configuring max_ratio of /mnt/user/0/emulated fuse filesystem to 40
12-16 04:43:53.993 538 538 I vold : Writing 40 to /sys/class/bdi/0:79/max_ratio
12-16 04:43:53.998 1519 1772 I StorageManagerService: Mounted volume VolumeInfo{emulated;0}:
12-16 04:43:53.998 1519 1772 I StorageManagerService: type=EMULATED diskId=null partGuid= mountFlags=PRIMARY|VISIBLE
12-16 04:43:53.998 1519 1772 I StorageManagerService: mountUserId=0 state=MOUNTED
12-16 04:43:53.998 1519 1772 I StorageManagerService: fsType=null fsUuid=null fsLabel=null
12-16 04:43:53.998 1519 1772 I StorageManagerService: path=/storage/emulated internalPath=/data/media
12-16 04:43:53.998 538 583 D vold : Disk at 252:11 changed
12-16 04:43:53.998 538 583 D vold : Disk at 252:11 changed
12-16 04:43:53.998 538 583 D vold : Disk at 252:8 changed
12-16 04:43:53.998 538 583 D vold : Disk at 252:8 changed
12-16 04:43:53.998 538 583 D vold : Disk at 252:14 changed
12-16 04:43:53.998 538 583 D vold : Disk at 252:14 changed
12-16 04:43:53.998 538 583 D vold : Disk at 252:5 changed
12-16 04:43:53.998 538 583 D vold : Disk at 252:5 changed
12-16 04:43:53.998 538 583 D vold : Disk at 252:2 changed
12-16 04:43:53.998 538 583 D vold : Disk at 252:2 changed
12-16 04:43:53.999 1519 1772 I StorageSessionController: Notifying volume state changed for session with id: emulated;0
12-16 04:43:53.999 1519 1956 W StorageManagerService: Reporting emulated;0 unmounted due to system locked
12-16 04:43:54.000 1519 1956 W StorageManagerService: Reporting emulated;0 unmounted due to system locked
12-16 04:43:54.000 1519 1956 W StorageManagerService: Reporting emulated;0 unmounted due to system locked
12-16 04:43:54.001 1519 1956 W StorageManagerService: Reporting emulated;0 unmounted due to system locked
12-16 04:43:54.001 1519 1956 W StorageManagerService: Reporting emulated;0 unmounted due to system locked
12-16 04:43:54.002 1519 1956 W StorageManagerService: Reporting emulated;0 unmounted due to system locked
12-16 04:43:54.002 1519 2526 D CompatibilityChangeReporter: Compat change id reported: 135634846; UID 1000; state: DISABLED
12-16 04:43:54.002 1519 1956 W StorageManagerService: Reporting emulated;0 unmounted due to system locked
12-16 04:43:54.002 1519 2526 D CompatibilityChangeReporter: Compat change id reported: 177438394; UID 1000; state: DISABLED
12-16 04:43:54.003 1519 2526 D CompatibilityChangeReporter: Compat change id reported: 135772972; UID 1000; state: DISABLED
12-16 04:43:54.003 1519 2526 D CompatibilityChangeReporter: Compat change id reported: 135754954; UID 1000; state: ENABLED
12-16 04:43:54.003 1519 2525 W StorageManagerService: Reporting emulated;0 unmounted due to system locked
12-16 04:43:54.009 1519 1772 I StorageSessionController: Notifying volume state changed for session with id: emulated;0
12-16 04:43:54.013 1519 1630 I ActivityManager: Start proc 3651:com.android.dynsystem/1000 for broadcast {com.android.dynsystem/com.android.dynsystem.BootCompletedReceiver}
01-01 08:56:55.930 0 0 I binder : 3651:3651 ioctl 40046210 7fe3d00364 returned -22
12-16 04:43:54.025 1519 1772 I StorageSessionController: Notifying volume state changed for session with id: emulated;0
12-16 04:43:54.029 1519 1956 D CompatibilityChangeReporter: Compat change id reported: 168419799; UID 1000; state: DISABLED
12-16 04:43:54.037 1519 1772 D StorageManagerService: Volume emulated;0 broadcasting mounted to UserHandle{0}
12-16 04:43:54.037 1519 1772 D StorageManagerService: Volume emulated;0 broadcasting checking to UserHandle{0}
12-16 04:43:54.038 1519 1772 D StorageManagerService: Volume emulated;0 broadcasting mounted to UserHandle{0}
12-16 04:43:54.069 1519 2526 D CompatibilityChangeReporter: Compat change id reported: 135634846; UID 1000; state: DISABLED
12-16 04:43:54.069 1519 2526 D CompatibilityChangeReporter: Compat change id reported: 177438394; UID 1000; state: DISABLED
12-16 04:43:54.069 1519 2526 D CompatibilityChangeReporter: Compat change id reported: 135772972; UID 1000; state: DISABLED
12-16 04:43:54.069 1519 2526 D CompatibilityChangeReporter: Compat change id reported: 135754954; UID 1000; state: ENABLED
12-16 04:43:54.073 1519 2526 D CompatibilityChangeReporter: Compat change id reported: 135634846; UID 10067; state: DISABLED
12-16 04:43:54.073 1519 2526 D CompatibilityChangeReporter: Compat change id reported: 177438394; UID 10067; state: DISABLED
12-16 04:43:54.073 1519 2526 D CompatibilityChangeReporter: Compat change id reported: 135772972; UID 10067; state: DISABLED
12-16 04:43:54.073 1519 2526 D CompatibilityChangeReporter: Compat change id reported: 135754954; UID 10067; state: ENABLED
12-16 04:43:54.077 1519 1630 I ActivityManager: Start proc 3680:com.android.dynsystem:dynsystem/1000 for service {com.android.dynsystem/com.android.dynsystem.DynamicSystemInstallationService}
12-16 04:43:54.078 1519 1630 D CompatibilityChangeReporter: Compat change id reported: 143937733; UID 10067; state: ENABLED
12-16 04:43:54.085 1519 1630 I ActivityManager: Start proc 3681:com.android.inputmethod.latin/u0a67 for broadcast {com.android.inputmethod.latin/com.android.inputmethod.latin.SystemBroadcastReceiver}
01-01 08:56:55.988 0 0 W audit : audit_lost=1 audit_rate_limit=5 audit_backlog_limit=64
01-01 08:56:55.988 0 0 E audit : rate limit exceeded
01-01 08:56:56.004 0 0 I binder : 3680:3680 ioctl 40046210 7fe3d00364 returned -22
01-01 08:56:56.006 0 0 I binder : 3681:3681 ioctl 40046210 7fe3d00364 returned -22
12-16 04:43:54.110 1519 2526 D CompatibilityChangeReporter: Compat change id reported: 168419799; UID 10067; state: DISABLED
12-16 04:43:54.117 1519 2526 D CompatibilityChangeReporter: Compat change id reported: 149924527; UID 10095; state: ENABLED
12-16 04:43:54.117 1519 2526 D CompatibilityChangeReporter: Compat change id reported: 132649864; UID 10095; state: DISABLED
12-16 04:43:54.118 1519 2526 D CompatibilityChangeReporter: Compat change id reported: 182734110; UID 10095; state: DISABLED
01-01 08:56:56.039 0 0 I [schedu][0x18b61ad4][04:43:54.133757] wlan: [2040:I:HIF] Deinitializing Runtime PM wakelock &vdev->vdev_set_key_runtime_wakelock
01-01 08:56:56.040 0 0 I [schedu][0x18b66c5e][04:43:54.134845] wlan: [2040:I:HIF] Initializing Runtime PM wakelock &vdev->vdev_set_key_runtime_wakelock
01-01 08:56:56.052 0 0 I [wifi@1][0x18b9f2ad][04:43:54.146875] wlan: [837:I:DP] dp_vdev_attach_wifi3: wlan_cfg_ap_bridge_enabled 0
12-16 04:43:54.146 837 837 D android.hardware.wifi@1.0-service: Successfully SetMacAddress.
12-16 04:43:54.165 1519 2033 I GameModeConfig: isGameModeOn = false
12-16 04:43:54.165 1519 2033 I GameModeConfig: isGameModeOn = false
01-01 08:56:56.072 0 0 E [wifi@1][0x18bfde3b][04:43:54.167083] wlan: [2095:E:wifipos] wifi_pos_process_app_reg_req: 608: Received App Req Req pid(562037573), len(16)
01-01 08:56:56.072 0 0 I [wifi@1][0x18bff1d9][04:43:54.167344] wlan: [2095:I:wifipos] wifi_pos_get_ch_info: 461: num channels: 26
12-16 04:43:54.166 1519 2033 I GameModeConfig: isGameModeOn = false
01-01 08:56:56.073 0 0 I [wifi@1][0x18c007db][04:43:54.167638] wlan: [2095:I:wifipos] wifi_pos_get_ch_info: 461: num channels: 26
12-16 04:43:54.167 1213 1213 W wificond: Scan is not started. Ignore abort request
12-16 04:43:54.168 1519 2166 I DynamicSystemService: isInstalled(): false
12-16 04:43:54.180 1519 2525 D CompatibilityChangeReporter: Compat change id reported: 172100307; UID 10095; state: DISABLED
12-16 04:43:54.234 1519 2525 I ActivityManager: Process com.android.inputmethod.latin (pid 3681) has died: fg RCVR
12-16 04:43:54.250 1519 1629 D CompatibilityChangeReporter: Compat change id reported: 168419799; UID 10023; state: DISABLED
12-16 04:43:54.258 1519 2525 D CompatibilityChangeReporter: Compat change id reported: 168419799; UID 10018; state: DISABLED
12-16 04:43:54.266 1519 1956 D CompatibilityChangeReporter: Compat change id reported: 135634846; UID 10089; state: DISABLED
12-16 04:43:54.266 1519 1956 D CompatibilityChangeReporter: Compat change id reported: 177438394; UID 10089; state: DISABLED
12-16 04:43:54.266 1519 1956 D CompatibilityChangeReporter: Compat change id reported: 135772972; UID 10089; state: DISABLED
12-16 04:43:54.266 1519 1956 D CompatibilityChangeReporter: Compat change id reported: 135754954; UID 10089; state: ENABLED
12-16 04:43:54.266 1519 1630 D CompatibilityChangeReporter: Compat change id reported: 143937733; UID 10089; state: ENABLED
12-16 04:43:54.272 1519 1630 I ActivityManager: Start proc 3770:com.android.music/u0a89 for broadcast {com.android.music/com.android.music.MediaPlaybackReceiver}
01-01 08:56:56.189 0 0 I binder : 3770:3770 ioctl 40046210 7fe3d00364 returned -22
12-16 04:43:54.288 1519 1956 D CompatibilityChangeReporter: Compat change id reported: 168419799; UID 10089; state: DISABLED
12-16 04:43:54.289 1519 2785 D AdbDebuggingManager: Received connected key message: QAAAAOOUWvE1rygT0Ixj09RTp24JWgkxZV3u3V5jhSubR6C/WZQYa7ffTQdyuAiwoA8CIjxxaldaBT3yckdDduN8UKRA/N2VB7S4noZ+Y2n2yO5bbprEDw0ABkd2gtmQVJvQGkF/SsLYyleswkYJRYYK5EKrXFOuH92bfdfLj/KtLnr7T3v2AUdb23LBgCGP5DCECooEicIv/2hGURcyXHqsS/py+4zD4EXKEY1h3uIZKnWvNRVIilPspAK6sFwLMo/T5qcXjVgUuxq5YbmOEaHRe6TH2I+MJ3kzhy5lerS49XPfdThPy/of5E+0LSS2a/thu/nljtqM02hxPEbPUa2JcuCj0KWNIZZsDMV2SPBNxBiA7v+JNPojfE5gP0Jy7cMfO2SbC708x7p3HqU6ENqF5koA7sjcpK68qYfG0Fi6FDh+1XTnPGDk5AIo5eXy2hTc7hNdbURist5VKYTnYpEs4pz4Zj92FBpIiNj99gBzobpk75owQxis11c7bJZq1pCJiSmFEPTcDrv02X3oDIzj7Cs73UA0PD14oMkdQYK7uW+MASmqxEHa0+XnLi5mNXsp3dkaFdEMcDK6wSwC+0yOssdlETEpC4cZts9SQ37E7eMDKfF9m5Gju22KKv3T64iPrmBwhvngKOwxWqahWIHg3ajbUKAe0QY3sLgcEscEi0eFLWD+QgEAAQA= @unknown
12-16 04:43:54.289 1519 1618 D AdbDebuggingManager: Logging key QAAAAOOUWvE1rygT0Ixj09RTp24JWgkxZV3u3V5jhSubR6C/WZQYa7ffTQdyuAiwoA8CIjxxaldaBT3yckdDduN8UKRA/N2VB7S4noZ+Y2n2yO5bbprEDw0ABkd2gtmQVJvQGkF/SsLYyleswkYJRYYK5EKrXFOuH92bfdfLj/KtLnr7T3v2AUdb23LBgCGP5DCECooEicIv/2hGURcyXHqsS/py+4zD4EXKEY1h3uIZKnWvNRVIilPspAK6sFwLMo/T5qcXjVgUuxq5YbmOEaHRe6TH2I+MJ3kzhy5lerS49XPfdThPy/of5E+0LSS2a/thu/nljtqM02hxPEbPUa2JcuCj0KWNIZZsDMV2SPBNxBiA7v+JNPojfE5gP0Jy7cMfO2SbC708x7p3HqU6ENqF5koA7sjcpK68qYfG0Fi6FDh+1XTnPGDk5AIo5eXy2hTc7hNdbURist5VKYTnYpEs4pz4Zj92FBpIiNj99gBzobpk75owQxis11c7bJZq1pCJiSmFEPTcDrv02X3oDIzj7Cs73UA0PD14oMkdQYK7uW+MASmqxEHa0+XnLi5mNXsp3dkaFdEMcDK6wSwC+0yOssdlETEpC4cZts9SQ37E7eMDKfF9m5Gju22KKv3T64iPrmBwhvngKOwxWqahWIHg3ajbUKAe0QY3sLgcEscEi0eFLWD+QgEAAQA= @unknown, state = 4, alwaysAllow = true, lastConnectionTime = 1671137034289, authWindow = 604800000
12-16 04:43:54.294 1519 1956 D CompatibilityChangeReporter: Compat change id reported: 168419799; UID 10034; state: DISABLED
12-16 04:43:54.369 1519 2525 D CompatibilityChangeReporter: Compat change id reported: 135634846; UID 10060; state: DISABLED
12-16 04:43:54.369 1519 2525 D CompatibilityChangeReporter: Compat change id reported: 177438394; UID 10060; state: DISABLED
12-16 04:43:54.369 1519 2525 D CompatibilityChangeReporter: Compat change id reported: 135772972; UID 10060; state: DISABLED
12-16 04:43:54.369 1519 2525 D CompatibilityChangeReporter: Compat change id reported: 135754954; UID 10060; state: ENABLED
12-16 04:43:54.369 1519 1630 D CompatibilityChangeReporter: Compat change id reported: 143937733; UID 10060; state: ENABLED
01-01 08:56:56.280 0 0 I [wpa_su][0x18fcddb7][04:43:54.375289] wlan: [2145:I:SME] vdev-0: Connecting to TP-LINK_Figure_6d0405 6c:b1:58:0f:7d:3b rssi: -8 freq: 5805 akm 9 cipher: uc 6 mc 6, CC:
01-01 08:56:56.280 0 0 E [wpa_su][0x18fce0a9][04:43:54.375328] wlan: [2145:E:QDF] Cannot malloc 0 bytes @ csr_get_cfg_max_tx_power:14199
01-01 08:56:56.281 0 0 I [schedu][0x18fcfb98][04:43:54.375688] wlan: [2040:I:WMI] send_vdev_start_cmd_tlv: 1062: send_vdev_start_cmd_tlv: vdev_id 0 freq 5805 chanmode 10 ch_info: 0xa is_dfs 0 beacon interval 100 dtim 0 center_chan 5775 center_freq2 0 reg_info_1: 0x180000 reg_info_2: 0x1800, req->max_txpow: 0x18 Tx SS 1, Rx SS 1, ldpc_rx: 0, cac 0, regd 4, HE ops: 0req->dis_hw_ack: 0
12-16 04:43:54.379 1519 1630 I ActivityManager: Start proc 3791:com.android.onetimeinitializer/u0a60 for broadcast {com.android.onetimeinitializer/com.android.onetimeinitializer.OneTimeInitializerReceiver}
01-01 08:56:56.300 0 0 I binder : 3791:3791 ioctl 40046210 7fe3d00364 returned -22
12-16 04:43:54.398 1519 1554 D CompatibilityChangeReporter: Compat change id reported: 168419799; UID 10060; state: DISABLED
01-01 08:56:56.305 0 0 I [soft_i][0x190405d0][04:43:54.399718] wlan: [0:I:TXRX] HTT_T2H_MSG_TYPE_PEER_MAP msg for peer id 8 vdev id 0 n
01-01 08:56:56.305 0 0 E [soft_i][0x190407db][04:43:54.399744] wlan: [0:E:DP] dp_peer_find_add_id: peer 0000000000000000 ID 8 vid 0 mac 6c:b1:58:0f:7d:3b
01-01 08:56:56.305 0 0 I [soft_i][0x190408e3][04:43:54.399758] wlan: [0:I:DP] dp_peer_find_add_id: ref_cnt: 2
01-01 08:56:56.305 0 0 E [soft_i][0x19040b64][04:43:54.399792] wlan: [0:E:DP] dp_peer_map_ast: peer 0000000000000000 ID 38 vid 0 mac 6c:b1:58:0f:7d:3b
01-01 08:56:56.421 0 0 I [schedu][0x19261912][04:43:54.516027] wlan: [2040:I:PE] Auth TX: seq 1 seq num 2049 status 0 WEP 0 to 6c:b1:58:0f:7d:3b
01-01 08:56:56.423 0 0 I [schedu][0x1926aa52][04:43:54.517964] wlan: [2040:I:PE] Auth TX: success
01-01 08:56:56.430 0 0 I [schedu][0x1928ba40][04:43:54.525003] wlan: [2040:I:PE] Auth RX: vdev 0 sys role 3 lim_state 5 from 6c:b1:58:0f:7d:3b rssi -9 auth_alg 0 seq 0
01-01 08:56:56.430 0 0 I [schedu][0x1928c181][04:43:54.525100] wlan: [2040:I:PE] Assoc req TX: vdev 0 to 6c:b1:58:0f:7d:3b seq num 2050
01-01 08:56:56.432 0 0 I [schedu][0x19293018][04:43:54.526574] wlan: [2040:I:PE] Assoc req TX: success
12-16 04:43:54.546 1213 1213 I wificond: Regulatory domain changed to country: CN on wiphy_index: 0
12-16 04:43:54.547 1213 1213 I wificond: 2.4Ghz frequencies: 2412 2417 2422 2427 2432 2437 2442 2447 2452 2457 2462 2467 2472
12-16 04:43:54.547 1213 1213 I wificond: 5Ghz non-DFS frequencies: 5180 5200 5220 5240 5745 5765 5785 5805 5825
12-16 04:43:54.547 1213 1213 I wificond: 5Ghz DFS frequencies: 5260 5280 5300 5320
12-16 04:43:54.547 1213 1213 I wificond: 6Ghz frequencies:
12-16 04:43:54.547 1213 1213 I wificond: 60Ghz frequencies:
01-01 08:56:56.462 0 0 I [schedu][0x19320929][04:43:54.556775] wlan: [2040:I:PE] Assoc rsp RX: subtype 0 vdev 0 sys role 3 lim state 10 rssi -10 from 6c:b1:58:0f:7d:3b
01-01 08:56:56.468 0 0 E [schedu][0x1933eb9e][04:43:54.563208] wlan: [2040:E:QDF] Cannot malloc 0 bytes @ csr_get_cfg_max_tx_power:14199
01-01 08:56:56.468 0 0 E [schedu][0x1933eca8][04:43:54.563222] wlan: [2040:E:QDF] Cannot malloc 0 bytes @ csr_get_cfg_max_tx_power:14199
01-01 08:56:56.469 0 0 E [soft_i][0x19341c65][04:43:54.563858] wlan: [0:E:DP] dp_tx_initialize_threshold: tx flow control threshold is set, pool size is 4096
01-01 08:56:56.469 0 0 I [schedu][0x19341fe3][04:43:54.563905] wlan: [2040:I:HDD] wlan0(vdevid-0): f6:5f:bb:f1:b2:9b connected to 6c:b1:58:0f:7d:3b
01-01 08:56:56.481 0 0 I [dp_rx_][0x1937a55f][04:43:54.575925] wlan: [2042:I:QDF] EAPOL-1 RX: SA:6c:b1:58:0f:7d:3b DA:f6:5f:bb:f1:b2:9b
01-01 08:56:56.487 0 0 I [soft_i][0x19397785][04:43:54.582140] wlan: [0:I:QDF] EAPOL-2 TX: SA:f6:5f:bb:f1:b2:9b DA:6c:b1:58:0f:7d:3b msdu_id:0 status: succ
01-01 08:56:56.489 0 0 I [soft_i][0x1939e1e5][04:43:54.583558] wlan: [0:I:DP] dp_addba_requestprocess_wifi3 restore BA win 64 based on addba req
01-01 08:56:56.489 0 0 I [dp_rx_][0x1939feb0][04:43:54.583942] wlan: [2042:I:QDF] EAPOL-3 RX: SA:6c:b1:58:0f:7d:3b DA:f6:5f:bb:f1:b2:9b
12-16 04:43:54.582 1519 2525 I ActivityManager: com.android.packageinstaller is exempt from freezer
12-16 04:43:54.583 1519 2525 D CompatibilityChangeReporter: Compat change id reported: 135634846; UID 10026; state: DISABLED
12-16 04:43:54.583 1519 2525 D CompatibilityChangeReporter: Compat change id reported: 177438394; UID 10026; state: DISABLED
12-16 04:43:54.583 1519 2525 D CompatibilityChangeReporter: Compat change id reported: 135772972; UID 10026; state: DISABLED
12-16 04:43:54.583 1519 2525 D CompatibilityChangeReporter: Compat change id reported: 135754954; UID 10026; state: ENABLED
12-16 04:43:54.583 1519 1630 D CompatibilityChangeReporter: Compat change id reported: 143937733; UID 10026; state: ENABLED
01-01 08:56:56.493 0 0 I [soft_i][0x193b114f][04:43:54.587604] wlan: [0:I:QDF] EAPOL-4 TX: SA:f6:5f:bb:f1:b2:9b DA:6c:b1:58:0f:7d:3b msdu_id:0 status: succ
12-16 04:43:54.591 1519 1630 I ActivityManager: Start proc 3825:com.android.packageinstaller/u0a26 for broadcast {com.android.packageinstaller/com.android.packageinstaller.TemporaryFileManager}
12-16 04:43:54.600 3430 3763 E ActivityThread: Failed to find provider info for telephony
01-01 08:56:56.507 0 0 I binder : 3825:3825 ioctl 40046210 7fe3d00364 returned -22
12-16 04:43:54.607 1519 2526 D CompatibilityChangeReporter: Compat change id reported: 168419799; UID 10026; state: DISABLED
01-01 08:56:56.520 0 0 E [schedu][0x19433524][04:43:54.615388] wlan: [2040:E:QDF] Cannot malloc 0 bytes @ csr_get_cfg_max_tx_power:14199
12-16 04:43:54.631 1519 2526 D CompatibilityChangeReporter: Compat change id reported: 171306433; UID 10034; state: DISABLED
01-01 08:56:56.531 0 0 I [schedu][0x19466eb6][04:43:54.626396] wlan: [2040:I:WMI] LFR3:OKC enabled
01-01 08:56:56.531 0 0 I [schedu][0x19466f11][04:43:54.626401] wlan: [2040:I:WMI] LFR3:PMKSA caching enabled
12-16 04:43:54.674 1519 2525 D CompatibilityChangeReporter: Compat change id reported: 171306433; UID 1073; state: ENABLED
01-01 08:56:56.627 0 0 I [soft_i][0x19627ed5][04:43:54.722185] wlan: [0:I:QDF] DHCP-D TX: SA:f6:5f:bb:f1:b2:9b DA:ff:ff:ff:ff:ff:ff msdu_id:2 status: succ
01-01 08:56:56.629 0 0 I [dp_rx_][0x1962ebda][04:43:54.723638] wlan: [2042:I:QDF] DHCP-D RX: SA:f6:5f:bb:f1:b2:9b DA:ff:ff:ff:ff:ff:ff
12-16 04:43:54.768 1519 1554 D CompatibilityChangeReporter: Compat change id reported: 168419799; UID 10094; state: DISABLED
12-16 04:43:54.787 1519 2526 D CompatibilityChangeReporter: Compat change id reported: 168419799; UID 10019; state: DISABLED
01-01 08:56:56.704 0 0 I [soft_i][0x19790ead][04:43:54.799195] wlan: [0:I:DP] dp_addba_requestprocess_wifi3 restore BA win 64 based on addba req
01-01 08:56:56.742 0 0 D : mv2112_read_status
01-01 08:56:56.742 0 0 D mv2112_update_link: 3.0x901(1G): 0x80
01-01 08:56:56.743 0 0 D mv2112_update_link: 3.0x8109(100M): 0x8
01-01 08:56:56.743 0 0 D mv2112_update_link: link 0x0
01-01 08:56:56.743 0 0 D mv2112_read_status: autoneg is disabled
12-16 04:43:54.830 1519 2166 D CompatibilityChangeReporter: Compat change id reported: 171306433; UID 10019; state: ENABLED
12-16 04:43:54.845 1519 1554 D CompatibilityChangeReporter: Compat change id reported: 168419799; UID 1000; state: DISABLED
12-16 04:43:54.866 1519 1554 D CompatibilityChangeReporter: Compat change id reported: 168419799; UID 2000; state: DISABLED
12-16 04:43:54.875 1519 1554 D CompatibilityChangeReporter: Compat change id reported: 135634846; UID 1001; state: DISABLED
12-16 04:43:54.875 1519 1554 D CompatibilityChangeReporter: Compat change id reported: 177438394; UID 1001; state: DISABLED
12-16 04:43:54.875 1519 1554 D CompatibilityChangeReporter: Compat change id reported: 135772972; UID 1001; state: DISABLED
12-16 04:43:54.875 1519 1554 D CompatibilityChangeReporter: Compat change id reported: 135754954; UID 1001; state: ENABLED
12-16 04:43:54.882 1519 1630 I Watchdog: Interesting Java process com.android.phone started. Pid 3857
12-16 04:43:54.882 1519 1630 I ActivityManager: Start proc 3857:com.android.phone/1001 for broadcast {com.android.stk/com.android.stk.BootCompletedReceiver}
01-01 08:56:56.800 0 0 I binder : 3857:3857 ioctl 40046210 7fe3d00364 returned -22
12-16 04:43:55.055 1519 1554 W BroadcastQueue: Permission Denial: receiving Intent { act=android.intent.action.BOOT_COMPLETED flg=0x89000010 (has extras) } to com.baidu.input/.directboot.DirectBootReceiver requires android.permission.RECEIVE_BOOT_COMPLETED due to sender null (uid 1000)
12-16 04:43:55.055 1519 1629 W BroadcastQueue: Permission Denial: receiving Intent { act=android.intent.action.BOOT_COMPLETED flg=0x89000010 (has extras) } to com.baidu.input/.switchguide.InputMethodChangedReceiver requires android.permission.RECEIVE_BOOT_COMPLETED due to sender null (uid 1000)
12-16 04:43:55.058 1519 1629 D CompatibilityChangeReporter: Compat change id reported: 168419799; UID 10090; state: DISABLED
12-16 04:43:55.063 1519 2166 D CompatibilityChangeReporter: Compat change id reported: 135634846; UID 10078; state: DISABLED
12-16 04:43:55.063 1519 2166 D CompatibilityChangeReporter: Compat change id reported: 177438394; UID 10078; state: DISABLED
12-16 04:43:55.063 1519 2166 D CompatibilityChangeReporter: Compat change id reported: 135772972; UID 10078; state: DISABLED
12-16 04:43:55.063 1519 2166 D CompatibilityChangeReporter: Compat change id reported: 135754954; UID 10078; state: ENABLED
12-16 04:43:55.064 1519 1630 D CompatibilityChangeReporter: Compat change id reported: 143937733; UID 10078; state: ENABLED
12-16 04:43:55.071 1519 1630 I ActivityManager: Start proc 3882:com.qti.ltebc/u0a78 for broadcast {com.qti.ltebc/com.qualcomm.ltebc.LTEBroadcastBootReceiver}
12-16 04:43:55.075 1519 2166 D CompatibilityChangeReporter: Compat change id reported: 149924527; UID 10090; state: ENABLED
12-16 04:43:55.075 1519 2166 D CompatibilityChangeReporter: Compat change id reported: 132649864; UID 10090; state: DISABLED
01-01 08:56:56.994 0 0 I binder : 3882:3882 ioctl 40046210 7fe3d00364 returned -22
12-16 04:43:55.091 1519 2166 D CompatibilityChangeReporter: Compat change id reported: 135634846; UID 10065; state: DISABLED
12-16 04:43:55.091 1519 1630 D CompatibilityChangeReporter: Compat change id reported: 143937733; UID 10065; state: ENABLED
12-16 04:43:55.094 1519 2166 D CompatibilityChangeReporter: Compat change id reported: 168419799; UID 10078; state: DISABLED
12-16 04:43:55.099 1519 1630 I ActivityManager: Start proc 3898:com.android.webview:webview_service/u0a65 for service {com.android.webview/org.chromium.android_webview.services.VariationsSeedServer}
01-01 08:56:57.019 0 0 I binder : 3898:3898 ioctl 40046210 ffda25c8 returned -22
12-16 04:43:55.118 1519 1554 D CompatibilityChangeReporter: Compat change id reported: 168419799; UID 10065; state: DISABLED
01-01 08:56:57.221 0 0 I [dp_rx_][0x1a109915][04:43:55.316455] wlan: [2042:I:QDF] DHCP-O RX: SA:6c:b1:58:0f:7d:39 DA:f6:5f:bb:f1:b2:9b
01-01 08:56:57.230 0 0 I [soft_i][0x1a1317b6][04:43:55.324969] wlan: [0:I:QDF] DHCP-R TX: SA:f6:5f:bb:f1:b2:9b DA:ff:ff:ff:ff:ff:ff msdu_id:2 status: succ
01-01 08:56:57.231 0 0 I [dp_rx_][0x1a137250][04:43:55.326177] wlan: [2042:I:QDF] DHCP-R RX: SA:f6:5f:bb:f1:b2:9b DA:ff:ff:ff:ff:ff:ff
01-01 08:56:57.232 0 0 I [dp_rx_][0x1a13a646][04:43:55.326870] wlan: [2042:I:QDF] DHCP-A RX: SA:6c:b1:58:0f:7d:39 DA:f6:5f:bb:f1:b2:9b
12-16 04:43:55.347 1519 1622 D ColorDisplayService: NightDisplayTintController Animation cancelled: false to matrix:
12-16 04:43:55.347 1519 1622 D ColorDisplayService: 1.000000 0.000000 0.000000 0.000000 0.000000 1.000000 0.000000 0.000000 0.000000 0.000000 1.000000 0.000000 0.000000 0.000000 0.000000 1.000000 min matrix coefficients:
12-16 04:43:55.347 1519 1622 D ColorDisplayService: 1.000000 0.000000 0.000000 0.000000 0.000000 1.000000 0.000000 0.000000 0.000000 0.000000 1.000000 0.000000 0.000000 0.000000 0.000000 1.000000 max matrix coefficients:
12-16 04:43:55.347 1519 1622 D ColorDisplayService: 1.000000 0.000000 0.000000 0.000000 0.000000 1.000000 0.000000 0.000000 0.000000 0.000000 1.000000 0.000000 0.000000 0.000000 0.000000 1.000000
01-01 08:56:57.258 0 0 W perfetto: disabled ftrace
12-16 04:43:55.384 683 749 E NetlinkEvent: NetlinkEvent::FindParam(): Parameter 'INTERFACE' not found
12-16 04:43:55.384 683 749 E NetlinkEvent: NetlinkEvent::FindParam(): Parameter 'STATE' not found
12-16 04:43:55.384 683 749 E NetlinkEvent: NetlinkEvent::FindParam(): Parameter 'TIME_NS' not found
12-16 04:43:55.384 683 749 E NetlinkEvent: NetlinkEvent::FindParam(): Parameter 'UID' not found
12-16 04:43:55.399 2540 3282 W ContextImpl: Calling a method in the system process without a qualified user: android.app.ContextImpl.startService:1816 android.content.ContextWrapper.startService:774 com.qualcomm.qti.qdma.util.PeriodicCI.run:477 com.qualcomm.qti.qdma.util.PeriodicCI.checkRun:435 com.qualcomm.qti.qdma.util.PeriodicCI$1.onAvailable:131
12-16 04:43:55.400 1519 2028 W ContextImpl: Calling a method in the system process without a qualified user: android.app.ContextImpl.sendStickyBroadcast:1559 com.android.server.ConnectivityService.sendStickyBroadcast:2811 com.android.server.ConnectivityService.sendGeneralBroadcast:2786 com.android.server.ConnectivityService.sendConnectedBroadcast:2759 com.android.server.ConnectivityService.sendLegacyNetworkBroadcast:8704
12-16 04:43:55.418 1519 2028 W ContextImpl: Calling a method in the system process without a qualified user: android.app.ContextImpl.sendStickyBroadcast:1559 com.android.server.ConnectivityService.sendStickyBroadcast:2811 com.android.server.ConnectivityService.sendGeneralBroadcast:2786 com.android.server.ConnectivityService.sendInetConditionBroadcast:2763 com.android.server.ConnectivityService.updateInetCondition:8451
12-16 04:43:55.439 2540 3933 W ContextImpl: Calling a method in the system process without a qualified user: android.app.ContextImpl.sendBroadcast:1188 android.content.ContextWrapper.sendBroadcast:484 com.qualcomm.qti.qdma.app.ActiveCareService$ProcessSessionRequest.run:536 java.lang.Thread.run:920
01-01 08:56:57.356 0 0 E [wifi@1][0x1a381921][04:43:55.451281] wlan: [837:E:QDF] Cannot malloc 0 bytes @ csr_get_cfg_max_tx_power:14199
01-01 08:56:57.356 0 0 E [wifi@1][0x1a38218d][04:43:55.451394] wlan: [837:E:QDF] Cannot malloc 0 bytes @ csr_get_cfg_max_tx_power:14199
01-01 08:56:57.356 0 0 I [schedu][0x1a382a28][04:43:55.451508] wlan: [2040:I:WMI] LFR3:OKC enabled
01-01 08:56:57.357 0 0 I [schedu][0x1a382a5f][04:43:55.451511] wlan: [2040:I:WMI] LFR3:PMKSA caching enabled
01-01 08:56:57.357 0 0 I [schedu][0x1a38304e][04:43:55.451590] wlan: [2040:I:WMI] LFR3:OKC enabled
01-01 08:56:57.357 0 0 I [schedu][0x1a38306f][04:43:55.451592] wlan: [2040:I:WMI] LFR3:PMKSA caching enabled
12-16 04:43:55.502 3006 3952 E ActivityThread: Failed to find provider info for com.tcl.xian.StartandroidService.MyContentProvider
12-16 04:43:55.617 1519 2525 D CompatibilityChangeReporter: Compat change id reported: 168419799; UID 10054; state: DISABLED
12-16 04:43:55.622 1519 2097 D CompatibilityChangeReporter: Compat change id reported: 171306433; UID 10078; state: ENABLED
12-16 04:43:55.625 1519 1554 D CompatibilityChangeReporter: Compat change id reported: 168419799; UID 10079; state: DISABLED
12-16 04:43:55.632 1519 1554 D CompatibilityChangeReporter: Compat change id reported: 168419799; UID 10072; state: DISABLED
12-16 04:43:55.642 1519 2525 D CompatibilityChangeReporter: Compat change id reported: 168419799; UID 10087; state: DISABLED
12-16 04:43:55.648 1519 2525 D CompatibilityChangeReporter: Compat change id reported: 135634846; UID 10057; state: DISABLED
12-16 04:43:55.648 1519 1630 D CompatibilityChangeReporter: Compat change id reported: 143937733; UID 10057; state: DISABLED
01-01 08:56:57.555 0 0 I IRQ 5 : no longer affine to CPU7
12-16 04:43:55.657 1519 1630 I ActivityManager: Start proc 3978:com.qualcomm.qti.qms.service.connectionsecurity/u0a57 for broadcast {com.qualcomm.qti.qms.service.connectionsecurity/com.qualcomm.qti.qms.service.connectionsecurity.ConnSecBroadcastReceiver}
12-16 04:43:55.661 1519 2995 D CompatibilityChangeReporter: Compat change id reported: 135634846; UID 1000; state: DISABLED
12-16 04:43:55.661 1519 2995 D CompatibilityChangeReporter: Compat change id reported: 177438394; UID 1000; state: DISABLED
12-16 04:43:55.661 1519 2995 D CompatibilityChangeReporter: Compat change id reported: 135772972; UID 1000; state: DISABLED
12-16 04:43:55.662 1519 2995 D CompatibilityChangeReporter: Compat change id reported: 135754954; UID 1000; state: ENABLED
12-16 04:43:55.663 1519 2097 I ActivityManager: Process com.qti.ltebc (pid 3882) has died: cch+5 CEM
12-16 04:43:55.671 1519 1630 I ActivityManager: Start proc 3985:com.android.localtransport/1000 for service {com.android.localtransport/com.android.localtransport.LocalTransportService}
01-01 08:56:57.579 0 0 I binder : 3978:3978 ioctl 40046210 ffda25c8 returned -22
12-16 04:43:55.682 1519 1554 D CompatibilityChangeReporter: Compat change id reported: 168419799; UID 10057; state: DISABLED
01-01 08:56:57.598 0 0 I binder : 3985:3985 ioctl 40046210 7fe3d00364 returned -22
12-16 04:43:55.726 1519 2097 D CompatibilityChangeReporter: Compat change id reported: 168419799; UID 1001; state: DISABLED
12-16 04:43:55.733 1519 2097 D CompatibilityChangeReporter: Compat change id reported: 168419799; UID 10085; state: DISABLED
01-01 08:56:57.640 0 0 I binder : 3096:3096 ioctl 40046210 7fe3cffa14 returned -22
12-16 04:43:55.737 1519 1519 I TransportClient: LocalTransportService#0: Notifying [TransportManager.registerTransport()] transport = IBackupTransport
12-16 04:43:55.737 1519 1554 D CompatibilityChangeReporter: Compat change id reported: 168419799; UID 10086; state: DISABLED
12-16 04:43:55.740 1519 2995 D BackupTransportManager: Transport com.android.localtransport/.LocalTransportService registered
12-16 04:43:55.740 1519 2995 D BackupManagerService: [UserID:0] Transport com.android.localtransport/.LocalTransport registered 3095ms after first request (delay = 3000ms)
12-16 04:43:55.740 1519 1554 D CompatibilityChangeReporter: Compat change id reported: 168419799; UID 1000; state: DISABLED
12-16 04:43:55.745 1519 2995 I BackupManagerService: [UserID:0] Found 1 stale backup journal(s), scheduling.
12-16 04:43:55.747 1519 2995 V BackupManagerConstants: getKeyValueBackupIntervalMilliseconds(...) returns 14400000
12-16 04:43:55.747 1519 2995 V BackupManagerConstants: getKeyValueBackupFuzzMilliseconds(...) returns 600000
12-16 04:43:55.747 1519 2995 V BackupManagerConstants: getKeyValueBackupRequiredNetworkType(...) returns 1
12-16 04:43:55.747 1519 2995 V BackupManagerConstants: getKeyValueBackupRequireCharging(...) returns true
12-16 04:43:55.747 1519 2995 V KeyValueBackupJob: Scheduling k/v pass in 243 minutes
12-16 04:43:55.749 1519 2995 I BackupManagerService: [UserID:0] Stale backup journals: Scheduled 9 package(s) total
12-16 04:43:55.769 1519 1554 I ActivityManager: Finished processing BOOT_COMPLETED for u0
12-16 04:43:55.771 1519 1554 D CompatibilityChangeReporter: Compat change id reported: 168419799; UID 10027; state: DISABLED
12-16 04:43:55.775 2554 2554 W ContextImpl: Calling a method in the system process without a qualified user: android.app.ContextImpl.startService:1816 android.content.ContextWrapper.startService:774 com.thundercomm.gamemode.ingame.services.GameModeActionUtils.startGameModeService:99 com.thundercomm.gamemode.ingame.services.GameModeActionUtils.startGameModeEntry:22 com.thundercomm.gamemode.ingame.services.ActivityMonitoringService$1.onActivityLaunch:127
12-16 04:43:55.786 1519 1519 I GameModeConfig: Current uri is uri = content://com.thundercomm.gamemode.api/gamemode_settings/gamemode_isgaming
12-16 04:43:55.788 1519 1519 I GameModeConfig: isGameModeOn = false
12-16 04:43:55.788 1519 1519 I GameModeConfig: isGameModeOn = false
12-16 04:43:55.788 1519 1519 I GameModeConfig: isDisableVoice = true
12-16 04:43:55.789 1519 2033 I GameModeConfig: isGameModeOn = false
12-16 04:43:55.789 1519 2033 I GameModeConfig: isGameModeOn = false
12-16 04:43:55.789 1519 2033 I GameModeConfig: isGameModeOn = false
12-16 04:43:55.804 1519 1554 D CompatibilityChangeReporter: Compat change id reported: 135634846; UID 10078; state: DISABLED
12-16 04:43:55.804 1519 1554 D CompatibilityChangeReporter: Compat change id reported: 177438394; UID 10078; state: DISABLED
12-16 04:43:55.805 1519 1554 D CompatibilityChangeReporter: Compat change id reported: 135772972; UID 10078; state: DISABLED
12-16 04:43:55.805 1519 1554 D CompatibilityChangeReporter: Compat change id reported: 135754954; UID 10078; state: ENABLED
12-16 04:43:55.805 1519 1630 D CompatibilityChangeReporter: Compat change id reported: 143937733; UID 10078; state: ENABLED
12-16 04:43:55.813 1519 1630 I ActivityManager: Start proc 4023:com.qti.ltebc/u0a78 for broadcast {com.qti.ltebc/com.qualcomm.ltebc.LTEBroadcastReceiver}
01-01 08:56:57.730 0 0 I binder : 4023:4023 ioctl 40046210 7fe3d00364 returned -22
12-16 04:43:55.830 1519 2097 D CompatibilityChangeReporter: Compat change id reported: 168419799; UID 10078; state: DISABLED
01-01 08:56:57.764 0 0 D : mv2112_read_status
01-01 08:56:57.764 0 0 D mv2112_update_link: 3.0x901(1G): 0x80
01-01 08:56:57.764 0 0 D mv2112_update_link: 3.0x8109(100M): 0x8
01-01 08:56:57.764 0 0 D mv2112_update_link: link 0x0
01-01 08:56:57.764 0 0 D mv2112_read_status: autoneg is disabled
12-16 04:43:55.915 538 583 D vold : Disk at 252:2 changed
12-16 04:43:55.916 538 583 D vold : Disk at 252:2 changed
01-01 08:56:57.852 0 0 I init : Sending signal 9 to service 'idmap2d' (pid 1194) process group...
12-16 04:43:55.962 1519 2166 W OverlayManager: service 'idmap' died
01-01 08:56:57.869 0 0 I libprocessgroup: Successfully killed process cgroup uid 1000 pid 1194 in 14ms
01-01 08:56:57.869 0 0 I init : Control message: Processed ctl.stop for 'idmap2d' from pid: 1519 (system_server)
01-01 08:56:57.870 0 0 I init : Service 'idmap2d' (pid 1194) received signal 9
01-01 08:56:57.876 0 0 I init : starting service 'gsid'...
01-01 08:56:57.881 0 0 I init : Control message: Processed ctl.interface_start for 'aidl/gsiservice' from pid: 523 (/system/bin/servicemanager)
01-01 08:56:57.892 0 0 I binder : 4039:4039 ioctl 40046210 7feb242e14 returned -22
01-01 08:56:58.083 0 0 I IRQ 5 : no longer affine to CPU7
01-01 08:56:58.085 0 0 I binder : 2554:4047 ioctl 40046210 731a4a3124 returned -22
12-16 04:43:56.211 1519 2097 I ActivityManager: Process com.qti.ltebc (pid 4023) has died: fg RCVR
12-16 04:43:56.233 1519 2097 D CompatibilityChangeReporter: Compat change id reported: 135634846; UID 10078; state: DISABLED
12-16 04:43:56.233 1519 2097 D CompatibilityChangeReporter: Compat change id reported: 177438394; UID 10078; state: DISABLED
12-16 04:43:56.233 1519 2097 D CompatibilityChangeReporter: Compat change id reported: 135772972; UID 10078; state: DISABLED
12-16 04:43:56.233 1519 2097 D CompatibilityChangeReporter: Compat change id reported: 135754954; UID 10078; state: ENABLED
12-16 04:43:56.233 1519 1630 D CompatibilityChangeReporter: Compat change id reported: 143937733; UID 10078; state: ENABLED
12-16 04:43:56.242 1519 1630 I ActivityManager: Start proc 4055:com.qti.ltebc/u0a78 for broadcast {com.qti.ltebc/com.qualcomm.ltebc.LTEBroadcastReceiver}
01-01 08:56:58.169 0 0 I binder : 4055:4055 ioctl 40046210 7fe3d00364 returned -22
12-16 04:43:56.594 1519 2097 I ActivityManager: Process com.qti.ltebc (pid 4055) has died: fg RCVR
01-01 08:56:58.787 0 0 D : mv2112_read_status
01-01 08:56:58.787 0 0 D mv2112_update_link: 3.0x901(1G): 0x80
01-01 08:56:58.787 0 0 D mv2112_update_link: 3.0x8109(100M): 0x8
01-01 08:56:58.787 0 0 D mv2112_update_link: link 0x0
01-01 08:56:58.787 0 0 D mv2112_read_status: autoneg is disabled
01-01 08:56:59.811 0 0 D : mv2112_read_status
01-01 08:56:59.811 0 0 D mv2112_update_link: 3.0x901(1G): 0x80
01-01 08:56:59.811 0 0 D mv2112_update_link: 3.0x8109(100M): 0x8
01-01 08:56:59.811 0 0 D mv2112_update_link: link 0x0
01-01 08:56:59.811 0 0 D mv2112_read_status: autoneg is disabled
01-01 08:57:00.835 0 0 D : mv2112_read_status
01-01 08:57:00.835 0 0 D mv2112_update_link: 3.0x901(1G): 0x80
01-01 08:57:00.835 0 0 D mv2112_update_link: 3.0x8109(100M): 0x8
01-01 08:57:00.835 0 0 D mv2112_update_link: link 0x0
01-01 08:57:00.835 0 0 D mv2112_read_status: autoneg is disabled
12-16 04:43:58.998 538 583 D vold : Disk at 252:11 changed
12-16 04:43:59.004 538 583 D vold : Disk at 252:11 changed
12-16 04:43:59.045 538 583 D vold : Disk at 252:5 changed
12-16 04:43:59.046 538 583 D vold : Disk at 252:5 changed
12-16 04:43:59.798 1519 2205 E DiscreteRegistry: Deleting file 1670962470107tl
01-01 08:57:01.859 0 0 D : mv2112_read_status
01-01 08:57:01.859 0 0 D mv2112_update_link: 3.0x901(1G): 0x80
01-01 08:57:01.859 0 0 D mv2112_update_link: 3.0x8109(100M): 0x8
01-01 08:57:01.859 0 0 D mv2112_update_link: link 0x0
01-01 08:57:01.859 0 0 D mv2112_read_status: autoneg is disabled
12-16 04:44:00.625 1519 1629 D CompatibilityChangeReporter: Compat change id reported: 135634846; UID 10078; state: DISABLED
12-16 04:44:00.625 1519 1629 D CompatibilityChangeReporter: Compat change id reported: 177438394; UID 10078; state: DISABLED
12-16 04:44:00.625 1519 1629 D CompatibilityChangeReporter: Compat change id reported: 135772972; UID 10078; state: DISABLED
12-16 04:44:00.626 1519 1629 D CompatibilityChangeReporter: Compat change id reported: 135754954; UID 10078; state: ENABLED
12-16 04:44:00.626 1519 1630 D CompatibilityChangeReporter: Compat change id reported: 143937733; UID 10078; state: ENABLED
12-16 04:44:00.644 1519 1630 I ActivityManager: Start proc 4132:com.qti.ltebc/u0a78 for broadcast {com.qti.ltebc/com.qualcomm.ltebc.LTEBroadcastAlarmReceiver}
01-01 08:57:02.571 0 0 I binder : 4132:4132 ioctl 40046210 7fe3d00364 returned -22
01-01 08:57:02.659 0 0 I binder : 2370:4147 ioctl 40046210 731a4b3184 returned -22
01-01 08:57:02.681 0 0 I : tsnv nv_initialize successfully!
01-01 08:57:02.725 0 0 I init : processing action (sys.tlog.pstore.active=1) from (/system/etc/init/tlogd.rc:122)
01-01 08:57:02.726 0 0 I init : Command 'start pstore_save' action=sys.tlog.pstore.active=1 (/system/etc/init/tlogd.rc:124) took 0ms and failed: Could not start service: Could not get process context
01-01 08:57:02.884 0 0 D : mv2112_read_status
01-01 08:57:02.884 0 0 D mv2112_update_link: 3.0x901(1G): 0x80
01-01 08:57:02.884 0 0 D mv2112_update_link: 3.0x8109(100M): 0x8
01-01 08:57:02.884 0 0 D mv2112_update_link: link 0x0
01-01 08:57:02.884 0 0 D mv2112_read_status: autoneg is disabled
12-16 04:44:01.008 1519 2166 D CompatibilityChangeReporter: Compat change id reported: 135634846; UID 10058; state: DISABLED
12-16 04:44:01.008 1519 2166 D CompatibilityChangeReporter: Compat change id reported: 177438394; UID 10058; state: DISABLED
12-16 04:44:01.008 1519 2166 D CompatibilityChangeReporter: Compat change id reported: 135772972; UID 10058; state: DISABLED
12-16 04:44:01.008 1519 2166 D CompatibilityChangeReporter: Compat change id reported: 135754954; UID 10058; state: DISABLED
12-16 04:44:01.008 1519 1630 D CompatibilityChangeReporter: Compat change id reported: 143937733; UID 10058; state: DISABLED
12-16 04:44:01.025 1519 1630 I ActivityManager: Start proc 4159:com.qualcomm.qti.qms.service.trustzoneaccess/u0a58 for service {com.qualcomm.qti.qms.service.trustzoneaccess/com.qualcomm.qti.qms.service.trustzoneaccess.TZAccessService}
01-01 08:57:02.950 0 0 I binder : 4159:4159 ioctl 40046210 7fe3d00364 returned -22
12-16 04:44:01.049 1519 2166 D CompatibilityChangeReporter: Compat change id reported: 168419799; UID 10058; state: DISABLED
12-16 04:44:01.088 538 583 D vold : Disk at 252:14 changed
12-16 04:44:01.094 538 583 D vold : Disk at 252:14 changed
12-16 04:44:01.158 1519 2166 I ActivityManager: Process com.qti.ltebc (pid 4132) has died: cch+5 CEM
01-01 08:57:03.911 0 0 D : mv2112_read_status
01-01 08:57:03.911 0 0 D mv2112_update_link: 3.0x901(1G): 0x80
01-01 08:57:03.911 0 0 D mv2112_update_link: 3.0x8109(100M): 0x8
01-01 08:57:03.911 0 0 D mv2112_update_link: link 0x0
01-01 08:57:03.911 0 0 D mv2112_read_status: autoneg is disabled
01-01 08:57:03.930 0 0 I init : Untracked pid 4197 exited with status 0
12-16 04:44:02.495 1519 2033 I GameModeConfig: isGameModeOn = false
12-16 04:44:02.537 1519 2033 I GameModeConfig: isGameModeOn = false
12-16 04:44:02.879 1519 2033 I GameModeConfig: isGameModeOn = false
12-16 04:44:02.880 1519 2033 I GameModeConfig: isGameModeOn = false
12-16 04:44:02.902 1519 2033 I GameModeConfig: isGameModeOn = false
12-16 04:44:02.910 1519 2033 I GameModeConfig: isGameModeOn = false
12-16 04:44:02.911 1519 2033 I GameModeConfig: isGameModeOn = false
12-16 04:44:03.024 1519 2033 I GameModeConfig: isGameModeOn = false
12-16 04:44:03.025 1519 2033 I GameModeConfig: isGameModeOn = false
