12-16 04:50:02.979 664 676 I mpu_uart: [MSG-P:RECV]:No message received in 1000 ms
12-16 04:50:03.120 3006 5286 D hpplay-base: [stream_mirror_compat:1489] request to stop screen stream session!!
12-16 04:50:03.120 3006 5286 D hpplay-base: [AEventUtils:625] begin to stop event handle service!!
12-16 04:50:03.120 3006 5286 D hpplay-base: [AEventUtils:628] stop event handle service ok!!
12-16 04:50:03.120 3006 5286 D hpplay-base: [REventUtils:231] begin to stop report handle service!!
12-16 04:50:03.120 3006 5286 D hpplay-base: [REventUtils:234] stop report handle service ok!!
12-16 04:50:03.120 3006 5286 D hpplay-base: [lelinkSinkServer:711] HTTP Server stopSinkServer End .
12-16 04:50:03.121 3006 5286 D hpplay-base: [jniBridge:1135] notifyJavaServerStoped
12-16 04:50:03.121 3006 5286 D hpplay-base: [jniBridge:1726] notifyJava, what:202, castType:0, mimeType:0 baseStatus:4
12-16 04:50:03.121 3006 5286 D hpplay-base: [jniBridge:1727] notifyJava sessionID:(null)
12-16 04:50:03.122 3006 5286 I hpplay-java: [Thread-77]:Bridge:notify: what: 202
12-16 04:50:03.124 3006 5286 I hpplay-java: [Thread-77]:Bridge:notify: out: OutParameters:{audioSessionId=-1, audiotrackIndex=0, castHandleType=-1, castType=0, deviceName='', dlnaName='', dramaID='', extra=0, frameHandleType=-1, handleInside=true, headduration=0, header='', headers=null, isAD=false, isMultiMirror=false, lelinkVer='', limitTime=0, , mediaAlbum='null', mediaAlbumArtURI='', mediaArtist='null', mediaAssets='', mediaTitle='null', mimeType=0, multiSession=null, period=0, pinCode='', playSpeed=0.0, playerChoice=0, plugin=0, port=0, position=0.0, positionUnit=2, protocol=0, realSessionID='', regType='', , sinkIp='', sourceAPPVersion='', sourceChannel='', sourceClientInfo='', sourceDeviceInfo='', sourceDeviceModel='', sourceDeviceName='', sourceDeviceType=0, sourceHID='', , sourceInfo='', , , sourceOSVersion='', sourceSDKVersion='', sourceUid='', stopDetail=0, stopReason=0, tailduration=0, url='', urlID='', urls=null, userAgent='', videoDecoder=0, volume=0, what=202}com.hpplay.sdk.sink.protocol.OutParameters@6bca8dc
12-16 04:50:03.124 3006 5286 I hpplay-java: [Thread-77]:Bridge:notify: address:267328997
12-16 04:50:03.124 3006 5286 D hpplay-base: [LelinkBase:645] stopServerThreadFunc notifyJavaServerStoped!
12-16 04:50:03.125 3006 3006 I hpplay-java: [main]:ServerTaskManager:startTimeOutCheck
12-16 04:50:03.125 3006 3006 I hpplay-java: [main]:ServerBusiness:stopDaemonBusiness
12-16 04:50:03.125 3006 3006 I hpplay-java: [main]:SinkDataReport:logout
12-16 04:50:03.126 3006 3006 I hpplay-java: [main]:EPControl:release
12-16 04:50:03.129 3006 5288 I hpplay-java: [AsyncTask #132]:GlideCreator:clearCache clearDiskCache
12-16 04:50:03.130 3006 3006 I hpplay-java: [main]:Dispatcher:notifyAllReverseControlsStop
12-16 04:50:03.130 3006 3006 I hpplay-java: [main]:Preference:checkFeature none
12-16 04:50:03.130 3006 3006 I hpplay-java: [main]:Dispatcher:notifyAllUIControlsStop set: []
12-16 04:50:03.130 3006 3006 I hpplay-java: [main]:Bridge:findServiceID start out: 267328997
12-16 04:50:03.130 3006 3006 I hpplay-java: [main]:Bridge:findServiceID end
12-16 04:50:03.130 3006 3006 I hpplay-java: [main]:ServerTaskManager:onStop retry:true
12-16 04:50:03.130 3006 3006 I hpplay-java: [main]:ServerTaskManager:cancelTimeOutCheck
12-16 04:50:03.130 3006 5245 W hpplay-java: NanoHTTPDServerRunnable:Communication with the client broken
12-16 04:50:03.130 3006 5245 W hpplay-java: java.net.SocketException: Socket closed
12-16 04:50:03.130 3006 5245 W hpplay-java: at java.net.PlainSocketImpl.socketAccept(PlainSocketImpl.java:213)
12-16 04:50:03.130 3006 5245 W hpplay-java: at java.net.AbstractPlainSocketImpl.accept(AbstractPlainSocketImpl.java:451)
12-16 04:50:03.130 3006 5245 W hpplay-java: at java.net.ServerSocket.implAccept(ServerSocket.java:547)
12-16 04:50:03.130 3006 5245 W hpplay-java: at java.net.ServerSocket.accept(ServerSocket.java:515)
12-16 04:50:03.130 3006 5245 W hpplay-java: at com.hpplay.nanohttpd.protocols.http.ServerRunnable.run(SourceFile:118)
12-16 04:50:03.130 3006 5245 W hpplay-java: at java.lang.Thread.run(Thread.java:920)
12-16 04:50:03.130 3006 5245 I hpplay-java: NanoHTTPDNanoHTTPD:server is stoped
12-16 04:50:03.130 3006 5245 I hpplay-java: NanoHTTPDNanoHTTPD:clear obj
12-16 04:50:03.132 3006 3006 I hpplay-java: [main]:IPManager:getActiveNets type: WIFI
12-16 04:50:03.132 3006 3006 I hpplay-java: [main]:IPManager:getActiveNets eth0:false wifi:true mobile:false ap:false
12-16 04:50:03.132 3006 3006 I hpplay-java: [main]:IPManager:getIPAddress IP_WLAN0
12-16 04:50:03.135 3006 3006 I hpplay-java: [main]:IPManager:updateIPAddress getIPAddress: 192.168.4.16 name:vlan4
12-16 04:50:03.135 3006 3006 I hpplay-java: [main]:IPManager:updateIPAddress getIPAddress: 192.168.0.18 name:wlan0
12-16 04:50:03.135 3006 3006 I hpplay-java: [main]:IPManager:updateIPAddress getIPAddress: 192.168.8.16 name:vlan8
12-16 04:50:03.135 3006 3006 I hpplay-java: [main]:IPManager:updateIPAddress getIPAddress: 192.168.11.16 name:vlan11
12-16 04:50:03.135 3006 3006 I hpplay-java: [main]:IPManager:updateIPAddress getIPAddress: 192.168.0.16 name:vlan0
12-16 04:50:03.135 3006 3006 I hpplay-java: [main]:IPManager:updateIPAddress getIPAddress: 192.168.2.16 name:vlan2
12-16 04:50:03.135 3006 3006 I hpplay-java: [main]:IPManager:updateIPAddress getIPAddress: 192.168.1.16 name:vlan1
12-16 04:50:03.136 3006 3006 I hpplay-java: [main]:ServerTaskManager:exeTask startServer
12-16 04:50:03.136 3006 5290 I hpplay-java: [AsyncTask #134]:ServerBusiness:startDaemonBusiness
12-16 04:50:03.136 3006 3006 I hpplay-java: [main]:ServerTaskManager:startTimeOutCheck
12-16 04:50:03.137 3006 5290 I hpplay-java: [AsyncTask #134]:TimeOutCheckUtil:addTask id:upgrade
12-16 04:50:03.137 3006 5291 I hpplay-java: [AsyncTask #135]:Bridge:assembleInParameters
12-16 04:50:03.137 3006 5290 I hpplay-java: [AsyncTask #134]:TimeOutCheckUtil:addTask id:ijkupgrade
12-16 04:50:03.138 3006 5291 I hpplay-java: [AsyncTask #135]:Bridge:createDeviceId deviceId:OTQ6NWE6MmE6NjI6YWU6ZTI=
12-16 04:50:03.138 3006 5291 I hpplay-java: [AsyncTask #135]:IPManager:getActiveNets type: WIFI
12-16 04:50:03.138 3006 5291 I hpplay-java: [AsyncTask #135]:IPManager:getActiveNets eth0:false wifi:true mobile:false ap:false
12-16 04:50:03.139 3006 5291 I hpplay-java: [AsyncTask #135]:IPManager:getIPAddress IP_WLAN0
12-16 04:50:03.139 3006 5291 I hpplay-java: [AsyncTask #135]:Preference:checkFeature none
12-16 04:50:03.139 3006 5292 I hpplay-java: NanoHTTPDNanoHTTPD:server is started
12-16 04:50:03.139 3006 5291 I hpplay-java: [AsyncTask #135]:SWI:dlna tip
12-16 04:50:03.139 3006 5291 I hpplay-java: [AsyncTask #135]:SWI:lefp tip
12-16 04:50:03.139 3006 5291 I hpplay-java: [AsyncTask #135]:Bridge:assembleInParameters none alias name use device name: 高合娱乐副屏
12-16 04:50:03.139 3006 5291 I hpplay-java: [AsyncTask #135]:Feature:isSendAdvertisement
12-16 04:50:03.139 3006 5291 I hpplay-java: [AsyncTask #135]:Preference:checkFeature none
12-16 04:50:03.140 3006 5291 I hpplay-java: [AsyncTask #135]:Preference:checkFeature none
12-16 04:50:03.140 3006 5291 I hpplay-java: [AsyncTask #135]:Bridge:backupHpplayDat bakPath:
12-16 04:50:03.140 3006 5291 I hpplay-java: [AsyncTask #135]:Bridge:path:/data/user/0/com.hht.lebocast/files/hpplay/file/happyplay.dat
12-16 04:50:03.140 3006 5291 I hpplay-java: [AsyncTask #135]:Bridge:mAppId:21409
12-16 04:50:03.140 3006 5291 I hpplay-java: [AsyncTask #135]:Bridge:mode:3
12-16 04:50:03.140 3006 5291 I hpplay-java: [AsyncTask #135]:Bridge:type:1
12-16 04:50:03.140 3006 5291 I hpplay-java: [AsyncTask #135]:Bridge:SN:
12-16 04:50:03.140 3006 5291 I hpplay-java: [AsyncTask #135]:Preference:checkFeature none
12-16 04:50:03.140 3006 5291 I hpplay-java: [AsyncTask #135]:Bridge:backPath:
12-16 04:50:03.140 3006 5291 I hpplay-java: [AsyncTask #135]:DeviceUtil:getPermissionDid: 1
12-16 04:50:03.140 3006 5291 I hpplay-java: [AsyncTask #135]:DeviceUtil:getPermissionDid: 1
12-16 04:50:03.140 3006 5291 I hpplay-java: [AsyncTask #135]:Preference:checkFeature none
12-16 04:50:03.140 3006 5291 I hpplay-java: [AsyncTask #135]:Preference:checkFeature none
12-16 04:50:03.140 3006 5291 I hpplay-java: [AsyncTask #135]:Preference:checkFeature none
12-16 04:50:03.140 3006 5291 I hpplay-java: [AsyncTask #135]:Preference:checkFeature none
12-16 04:50:03.140 3006 5291 I hpplay-java: [AsyncTask #135]:Preference:checkFeature none
12-16 04:50:03.140 3006 5291 I hpplay-java: [AsyncTask #135]:Preference:checkFeature none
12-16 04:50:03.148 3006 5290 W hpplay-java: [AsyncTask #134]:ServerBusiness:startDaemonBusiness start LelinkHTTPD sucess 52288
12-16 04:50:03.159 3006 5291 W hpplay-java: [AsyncTask #135]:DeviceUtils:getDomain create lb domain
12-16 04:50:03.160 3006 5291 I hpplay-java: [AsyncTask #135]:Feature:getMirrorAudioVideoSync DISABLE
12-16 04:50:03.160 3006 5291 I hpplay-java: [AsyncTask #135]:Feature:checkSupportRedirectOtherApp,no set redirect api
12-16 04:50:03.160 3006 5291 I hpplay-java: [AsyncTask #135]:Feature:getRedirectSearchFlag,value: 0
12-16 04:50:03.160 3006 5291 I hpplay-java: [AsyncTask #135]:Bridge:mIn: InParameters{appInfo='0', appKey='21409', authMode=0, authPwd='null', broadcastDirection=0, broadcastState=1, broadcastTimeout=3, buildType='release', cacheAVPath='/data/user/0/com.hht.lebocast/cache/hpplay/av', cachePhotoPath='/data/user/0/com.hht.lebocast/cache/hpplay/image', channel='LEBO-APK--60146-25915', desPath='', , deviceName='高合娱乐副屏', dlna=1, dlnaCompany='null', dlnaCompanyURL='null', dlnaDeviceDescribe='null', dlnaDeviceName='null', dlnaDeviceURL='null', dlnaLelinkSwitch=1, dlnaManufacturer=0, dlnaName='高合娱乐副屏', dlnaUPC='', dlnaUUID='dd2df002-11d4-f267-238c-a56d5449307e', domain='Lebo-figure-c2e24fe8c7bb', drainage=0, feature='6655', fps=60, height=1080, host='null', , keyPath='/data/user/0/com.hht.lebocast/files/hpplay/file', lelinkfp=1, lelinkfp2=0, logBaseState=1, logPath='/storage/emulated/0/com.hht.lebocast/sink/sdk/common', , mdnsEnable=1, mirrorSyncType=0, netCastVer='2.0', packageName='com.hht.lebocast', packagePath='/data/user/0/com.hht.lebocast', permissionDid='c2:e2:4f:e8:c7:bb', permissionMode=3, permissionPreSN='', port=0, preemptMode=0, regType='_leboremote._tcp.', serverPorts=null, sockWaitTimeOut=45, teleControlPort=53388, tunnels=3, txtKeys=null, txtValues=null, uid='-2753298538233435100', videoFrameType=1001, width=1920}com.hpplay.sdk.sink.protocol.InParameters@3664365
12-16 04:50:03.160 3006 3006 I hpplay-java: [main]:Bridge:startServer state: 0
12-16 04:50:03.161 3006 3006 D hpplay-base: [jniBridge:185] not conference version
12-16 04:50:03.161 3006 3006 I hpplay-base: [jniBridge:241] 1initServer nSettingWidth=1920 nSettingHeight=1080 nSettingMaxFPS=60 dlnaEnable=1 lelinkFpEnable=1
12-16 04:50:03.161 3006 3006 D hpplay-base: [jniBridge:283] 1initServer cfg.leLinkIp=192.168.0.18
12-16 04:50:03.161 3006 3006 D hpplay-base: [jniBridge:286] 1initServer cfg.mPermissionMode=3
12-16 04:50:03.161 3006 3006 D hpplay-base: [jniBridge:304] 1initServer cfg.permissionDid=c2:e2:4f:e8:c7:bb000000000000000
12-16 04:50:03.161 3006 3006 D hpplay-base: [jniBridge:313] 1initServer cfg.mPermissionPreSN=00000000000000000000000000000000
12-16 04:50:03.161 3006 3006 D hpplay-base: [jniBridge:317] Bridge___1initServer status:0
12-16 04:50:03.161 3006 3006 I hpplay-base: [jniBridge:325] 1initServer cfg.feature=6655
12-16 04:50:03.161 3006 3006 D hpplay-base: [jniBridge:377] 1initServer isSendBroadCast=3
12-16 04:50:03.161 3006 3006 D hpplay-base: [jniBridge:380] 1initServer broadcastDirection=0
12-16 04:50:03.161 3006 3006 D hpplay-base: [jniBridge:382] 1initServer ipBroadcast direction=0
12-16 04:50:03.161 3006 3006 D hpplay-base: [jniBridge:387] 1initServer tunnel=3
12-16 04:50:03.161 3006 3006 D hpplay-base: [jniBridge:390] 1initServer drainage=0
12-16 04:50:03.161 3006 3006 D hpplay-base: [jniBridge:401] 1initServer mDNSEnable=1
12-16 04:50:03.161 3006 3006 D hpplay-base: [jniBridge:406] 1initServer nSockWaitTimeOut=45
12-16 04:50:03.161 3006 3006 D hpplay-base: [jniBridge:410] 1initServer nMirrorAudioVideoSync=0
12-16 04:50:03.161 3006 3006 I hpplay-base: [sign_check:168] checkSign strPackageName:com.hht.lebocast
12-16 04:50:03.161 3006 3006 I hpplay-base: [sign_check:169] checkSign buildType:release
12-16 04:50:03.161 3006 3006 I hpplay-base: [sign_check:170] checkSign appKey:21409
12-16 04:50:03.161 3006 3006 D hpplay-base: [LelinkBase:405] bridgeInit port: 0, lelinkfp: 0
12-16 04:50:03.161 3006 3006 D hpplay-base: [LelinkBase:462] bridgeInit mPackagePath =/data/user/0/com.hht.lebocast
12-16 04:50:03.161 3006 3006 D hpplay-base: [LelinkBase:463] bridgeInit mKeyPath =/data/user/0/com.hht.lebocast/files/hpplay/file
12-16 04:50:03.161 3006 3006 D hpplay-base: [SinkContext:97] initSinkContext mPackagePath =/data/user/0/com.hht.lebocast
12-16 04:50:03.161 3006 3006 D hpplay-base: [SinkContext:98] initSinkContext mKeyPath =/data/user/0/com.hht.lebocast/files/hpplay/file
12-16 04:50:03.161 3006 3006 D hpplay-base: [jniBridge:478] Java_com_hpplay_sdk_sink_protocol_Bridge__1initServer end
12-16 04:50:03.161 3006 3006 D hpplay-base: [jniBridge:869] Bridge__1startServer status:1
12-16 04:50:03.161 3006 3006 D hpplay-base: [LelinkBase:492] startAllServer at base
12-16 04:50:03.162 3006 3006 D hpplay-base: [lelinkSinkServer:152] httpPlugins_SetServerPort TYPE_SERVER_LELINK:52266
12-16 04:50:03.162 3006 3006 D hpplay-base: [network.c:362] protocol bind host :192.168.0.18 port:52266 curent bind port:52266
12-16 04:50:03.162 3006 3006 D hpplay-base: [lelinkSinkServer:681] HTTP Server real at:52266
12-16 04:50:03.162 3006 5299 D hpplay-base: [lelinkSinkServer:644] Connected Service Type:0
12-16 04:50:03.162 3006 3006 D hpplay-base: [ScreenStream:1285] current bind port:7100
12-16 04:50:03.162 3006 5299 I hpplay-base: : (server.c.315) startServer listen_ing....:
12-16 04:50:03.162 3006 5299 D hpplay-base: [Server:371] startHttpServer srv_sockets.used:1 nCurrentFd:70, tid is 5299
12-16 04:50:03.162 3006 3006 D hpplay-base: [LelinkBase:515] startAllServer pBaseContext->config.dlnaEnable:1
12-16 04:50:03.162 3006 3006 D hpplay-base: [lelinkDlna:324] addDMRCallback end
12-16 04:50:03.162 3006 5300 D hpplay-base: [stream_mirror_compat:759] compat mirror stream begin to run,server fd:71,thread_id:3122164160!!
12-16 04:50:03.163 3006 3006 E hpplay-base-dlna: miniserver.c:788::dlna_port(ipv4: 49152 ipv6:0)
12-16 04:50:03.164 3006 3006 D hpplay-base-dlna: [lebodlna-dlnaframe:166] succeed to load lebodlnaplugin
12-16 04:50:03.164 3006 3006 D hpplay-base-dlna: [lebodlna-dlnaframe:232] Succeed to load specified plugin:lebodlna_plugin
12-16 04:50:03.164 3006 3006 D hpplay-base: [lelinkDlna:328] startDLNAServer ret=0
12-16 04:50:03.164 3006 3006 D hpplay-base: [LelinkBase:531] startDLNAServer ret= 0
12-16 04:50:03.164 3006 3006 D hpplay-base: [lelinkDlna:342] setDMRFriendlyName 高合娱乐副屏
12-16 04:50:03.164 3006 3006 D hpplay-base-dlna: [lebodlna-dlna_android:136] setBroadcastTimeout mBroadcastTimeOut=66 status=3!
12-16 04:50:03.164 3006 3006 D hpplay-base-dlna: [lebodlna_api:32] start DMR
12-16 04:50:03.164 3006 3006 D hpplay-base-dlna: [UpnpDefine:434] RegisterDMRender invalid lelink info
12-16 04:50:03.164 3006 3006 D hpplay-base-dlna: [UpnpDefine:467] DLNA DEFAULT_DESCRIPTION
12-16 04:50:03.166 3006 3006 E hpplay-base-dlna: upnpapi.c:1078::Exiting RegisterRootDevice2 *Hnd =1, return value == 0
12-16 04:50:03.166 3006 3006 D hpplay-base-dlna: [CUpnpDevice:41] Register Root Device 2:0
12-16 04:50:03.166 3006 3006 D hpplay-base-dlna: [UpnpDefine:794] ESDMRender:Register success
12-16 04:50:03.166 3006 3006 D hpplay-base-dlna: [lebodlna_api:41] sendBroadcast mBroadcastTimeOut=3
12-16 04:50:03.166 3006 3006 D hpplay-base-dlna: [lebodlna_api:44] sendBroadcast timeout=66
12-16 04:50:03.222 3006 3006 D hpplay-base: [lelinkDlna:361] startDLNADevice dlnaManufacturer:0 ret=0
12-16 04:50:03.222 3006 3006 D hpplay-base: [LelinkBase:535] lelinkSetDlnaInfo ret= 0
12-16 04:50:03.222 3006 3006 D hpplay-base: [LelinkBase:547] startAllServer pBaseContext->config.mDNSEnable:1
12-16 04:50:03.222 3006 3006 D hpplay-base: [base_mdns:509] mdns net.hostname:
12-16 04:50:03.222 3006 3006 D hpplay-base: [base_mdns:529] mdns namelabel:-00-80-0F-74-31-00
12-16 04:50:03.222 3006 3006 D hpplay-base: [base_mdns:509] mdns net.hostname:
12-16 04:50:03.222 3006 3006 D hpplay-base: [base_mdns:529] mdns namelabel:-00-80-0F-74-31-00
12-16 04:50:03.222 3006 3006 D hpplay-base: [mdns:813] mdns start bind port:0
12-16 04:50:03.225 3006 3006 D hpplay-base: [mdns:813] mdns start bind port:5353
12-16 04:50:03.225 3006 3006 D hpplay-base: [mdns:813] mdns start bind port:5353
12-16 04:50:03.225 3006 3006 D hpplay-base: [mdns:813] mdns start bind port:5353
12-16 04:50:03.225 3006 3006 D hpplay-base: [mdns:813] mdns start bind port:5353
12-16 04:50:03.226 3006 3006 D hpplay-base: [mdns:813] mdns start bind port:5353
12-16 04:50:03.226 3006 3006 D hpplay-base: [mdns:813] mdns start bind port:5353
12-16 04:50:03.226 3006 3006 D hpplay-base: [mdns:813] mdns start bind port:5353
12-16 04:50:03.226 3006 3006 I hpplay-base: [mDNSEmbeded:57] embedded_mDNSInit stopmDNSNow:0 status:0
12-16 04:50:03.226 3006 3006 D hpplay-base: [mDNSEmbeded:436] startmDNSServer end nRet=0
12-16 04:50:03.226 3006 3006 D hpplay-base: [LelinkBase:555] lelink broadcast_on_off:1 log2java_on_off:1
12-16 04:50:03.226 3006 5320 I hpplay-base: [mDNSEmbeded:268] start lelink publish server, tid is 5320
12-16 04:50:03.226 3006 5321 D hpplay-base: [mDNSEmbeded:197] http_port bind check 197 http_port_check
12-16 04:50:03.226 3006 3006 D hpplay-base: [AEventUtils:595] request to start event handle service!!
12-16 04:50:03.226 3006 3006 D hpplay-base: [AEventUtils:603] start_event_handle_service,begin to run!!
12-16 04:50:03.226 3006 5319 D hpplay-base: [LelinkMDNS:729] leboAuthorizationCheck strUuid=c2:e2:4f:e8:c7:bb000000000000000
12-16 04:50:03.226 3006 5319 D hpplay-base: [LelinkMDNS:730] leboAuthorizationCheck mPermissionDid=c2:e2:4f:e8:c7:bb000000000000000
12-16 04:50:03.226 3006 5319 D hpplay-base: [LelinkMDNS:755] leboAuthorizationCheck mPermissionMac=c2:e2:4f:e8:c7:bb000000000000000
12-16 04:50:03.226 3006 3006 D hpplay-base: [REventUtils:210] start_event_handle_service,begin to run!!
12-16 04:50:03.226 3006 3006 D hpplay-base: [LelinkBase:576] startAllServer success .
12-16 04:50:03.226 3006 5323 D hpplay-base: [REventUtils:59] create handleREventThread thread ok!!,tid is 5323
12-16 04:50:03.226 3006 3006 D hpplay-base: [jniBridge:894] startDlna_link:http://192.168.0.18:49152/description.xml
12-16 04:50:03.227 3006 5322 D hpplay-base: [AEventUtils:171] create handle AEvent thread ok!!,tid is 5322
12-16 04:50:03.227 3006 5321 D hpplay-base: [mDNSEmbeded:217] http_port bind check 217 http_port_check
12-16 04:50:03.227 3006 5321 D hpplay-base: [mDNSEmbeded:222] http_port bind check 222 http_port_check
12-16 04:50:03.227 3006 5324 D hpplay-base: [jniBridge:1081] notifyJavaDlnalink:http://192.168.0.18:49152/description.xml
12-16 04:50:03.227 3006 5324 D hpplay-base: [jniBridge:1726] notifyJava, what:207, castType:0, mimeType:0 baseStatus:2
12-16 04:50:03.227 3006 5324 D hpplay-base: [jniBridge:1727] notifyJava sessionID:(null)
12-16 04:50:03.228 3006 5324 I hpplay-java: [Thread-79]:Bridge:notify: what: 207
12-16 04:50:03.228 3006 5321 D hpplay-base: [mDNSEmbeded:234] http_port bind check 234 http_port_check port:52266
12-16 04:50:03.228 3006 5321 D hpplay-base: [mDNSEmbeded:237] http_port bind check 237 http_port_check
12-16 04:50:03.228 3006 5324 I hpplay-java: [Thread-79]:Bridge:notify: out: OutParameters:{audioSessionId=-1, audiotrackIndex=0, castHandleType=-1, castType=0, deviceName='http://192.168.0.18:49152/description.xml', dlnaName='', dramaID='', extra=0, frameHandleType=-1, handleInside=true, headduration=0, header='', headers=null, isAD=false, isMultiMirror=false, lelinkVer='', limitTime=0, , mediaAlbum='null', mediaAlbumArtURI='', mediaArtist='null', mediaAssets='', mediaTitle='null', mimeType=0, multiSession=null, period=0, pinCode='', playSpeed=0.0, playerChoice=0, plugin=0, port=0, position=0.0, positionUnit=2, protocol=0, realSessionID='', regType='', , sinkIp='', sourceAPPVersion='', sourceChannel='', sourceClientInfo='', sourceDeviceInfo='', sourceDeviceModel='', sourceDeviceName='', sourceDeviceType=0, sourceHID='', , sourceInfo='', , , sourceOSVersion='', sourceSDKVersion='', sourceUid='', stopDetail=0, stopReason=0, tailduration=0, url='', urlID='', urls=null, userAgent='', videoDecoder=0, volume=0, what=207}com.hpplay.sdk.sink.protocol.OutParameters@9b8785e
12-16 04:50:03.229 3006 5324 I hpplay-java: [Thread-79]:Bridge:notify: address:250352703
12-16 04:50:03.229 3006 5326 D hpplay-base: [lelinkSinkServer:93] new client connection from 127.0.0.1 43678, fd=134
12-16 04:50:03.229 3006 5326 D hpplay-base: [SinkContext:137] addSinkContextSession,begin to run!!
12-16 04:50:03.229 3006 5326 D hpplay-base: [SinkContext:142] addSinkContextSession,begin to get lock!!
12-16 04:50:03.229 3006 5326 D hpplay-base: [SinkContext:144] addSinkContextSession,get lock ok!!
12-16 04:50:03.229 3006 5326 D hpplay-base: [SinkContext:149] addSinkContextSession,session list is null,begin to malloc!!
12-16 04:50:03.229 3006 5326 D hpplay-base: [SinkContext:156] addSinkContextSession,begin to update!!
12-16 04:50:03.229 3006 5326 D hpplay-base: [SinkContext:160] addSinkContextSession,begin to update header!!
12-16 04:50:03.229 3006 5326 D hpplay-base: [SinkContext:172] addSinkContextSession,begin to unlock!!
12-16 04:50:03.229 3006 5326 D hpplay-base: [SinkContext:174] addSinkContextSession,unlock ok!!
12-16 04:50:03.229 3006 5326 D hpplay-base: [LelinkReceiver:4908] get ping !!!
12-16 04:50:03.229 3006 5321 D hpplay-base: [mDNSEmbeded:240] http_port bind check 240 http_port_check recieved:64
12-16 04:50:03.229 3006 5321 D hpplay-base: [mDNSEmbeded:243] http_port bind check 243 http_port_check
12-16 04:50:03.229 3006 5321 D hpplay-base: [mDNSEmbeded:244] http_port bind check ok!
12-16 04:50:03.430 3006 5326 I hpplay-base: [LelinkReceiver:14605] _connectionFinalize (134)
12-16 04:50:03.430 3006 5326 D hpplay-base: [LelinkReceiver:14752] ###connectionFinalize,release ok!!###
01-01 09:03:05.379 0 0 D : mv2112_read_status
01-01 09:03:05.379 0 0 D mv2112_update_link: 3.0x901(1G): 0x80
01-01 09:03:05.380 0 0 D mv2112_update_link: 3.0x8109(100M): 0x8
01-01 09:03:05.380 0 0 D mv2112_update_link: link 0x0
01-01 09:03:05.380 0 0 D mv2112_read_status: autoneg is disabled
12-16 04:50:03.616 3006 5242 W hpplay-java: [AsyncTask #125]:HttpRequest:
12-16 04:50:03.619 3006 5242 W hpplay-java: [AsyncTask #125]:HttpRequest:
12-16 04:50:03.620 3006 5242 W hpplay-java: [AsyncTask #125]:HttpRequest:
12-16 04:50:03.979 664 676 I mpu_uart: [MSG-P:RECV]:No message received in 1000 ms
12-16 04:50:04.171 664 675 I mpu_uart: [MSG-P:R]:recv sync frame timeout
01-01 09:03:06.403 0 0 D : mv2112_read_status
01-01 09:03:06.403 0 0 D mv2112_update_link: 3.0x901(1G): 0x80
01-01 09:03:06.404 0 0 D mv2112_update_link: 3.0x8109(100M): 0x8
01-01 09:03:06.404 0 0 D mv2112_update_link: link 0x0
01-01 09:03:06.404 0 0 D mv2112_read_status: autoneg is disabled
12-16 04:50:04.980 664 676 I mpu_uart: [MSG-P:RECV]:No message received in 1000 ms
12-16 04:50:05.143 0 0 W swapper/1: type=1400 audit(0.0:819): avc: denied { kill } for capability=5 scontext=u:r:kernel:s0 tcontext=u:r:kernel:s0 tclass=capability permissive=0
01-01 09:03:07.427 0 0 D : mv2112_read_status
01-01 09:03:07.427 0 0 D mv2112_update_link: 3.0x901(1G): 0x80
01-01 09:03:07.427 0 0 D mv2112_update_link: 3.0x8109(100M): 0x8
01-01 09:03:07.427 0 0 D mv2112_update_link: link 0x0
01-01 09:03:07.427 0 0 D mv2112_read_status: autoneg is disabled
12-16 04:50:05.980 664 676 I mpu_uart: [MSG-P:RECV]:No message received in 1000 ms
12-16 04:50:06.143 0 0 W swapper/1: type=1400 audit(0.0:820): avc: denied { kill } for capability=5 scontext=u:r:kernel:s0 tcontext=u:r:kernel:s0 tclass=capability permissive=0
01-01 09:03:08.451 0 0 D : mv2112_read_status
01-01 09:03:08.451 0 0 D mv2112_update_link: 3.0x901(1G): 0x80
01-01 09:03:08.452 0 0 D mv2112_update_link: 3.0x8109(100M): 0x8
01-01 09:03:08.452 0 0 D mv2112_update_link: link 0x0
01-01 09:03:08.452 0 0 D mv2112_read_status: autoneg is disabled
12-16 04:50:06.980 664 676 I mpu_uart: [MSG-P:RECV]:No message received in 1000 ms
12-16 04:50:07.012 1519 2012 W BestClock: java.time.DateTimeException: Missing NTP fix
12-16 04:50:07.033 1519 2012 W BestClock: java.time.DateTimeException: Missing NTP fix
12-16 04:50:07.039 1519 2013 W BestClock: java.time.DateTimeException: Missing NTP fix
12-16 04:50:07.040 1519 2013 W BestClock: java.time.DateTimeException: Missing NTP fix
12-16 04:50:07.143 0 0 W swapper/1: type=1400 audit(0.0:821): avc: denied { kill } for capability=5 scontext=u:r:kernel:s0 tcontext=u:r:kernel:s0 tclass=capability permissive=0
12-16 04:50:07.174 664 675 I mpu_uart: [MSG-P:R]:recv sync frame timeout
01-01 09:03:09.475 0 0 D : mv2112_read_status
01-01 09:03:09.475 0 0 D mv2112_update_link: 3.0x901(1G): 0x80
01-01 09:03:09.476 0 0 D mv2112_update_link: 3.0x8109(100M): 0x8
01-01 09:03:09.476 0 0 D mv2112_update_link: link 0x0
01-01 09:03:09.476 0 0 D mv2112_read_status: autoneg is disabled
12-16 04:50:07.981 664 676 I mpu_uart: [MSG-P:RECV]:No message received in 1000 ms
12-16 04:50:08.143 0 0 W swapper/1: type=1400 audit(0.0:822): avc: denied { kill } for capability=5 scontext=u:r:kernel:s0 tcontext=u:r:kernel:s0 tclass=capability permissive=0
12-16 04:50:08.150 3006 3006 I hpplay-java: [main]:ServiceUpdater:upLoadServiceInfo invalid deviceCode:, port:53388
01-01 09:03:10.499 0 0 D : mv2112_read_status
01-01 09:03:10.499 0 0 D mv2112_update_link: 3.0x901(1G): 0x80
01-01 09:03:10.500 0 0 D mv2112_update_link: 3.0x8109(100M): 0x8
01-01 09:03:10.500 0 0 D mv2112_update_link: link 0x0
01-01 09:03:10.500 0 0 D mv2112_read_status: autoneg is disabled
12-16 04:50:08.981 664 676 I mpu_uart: [MSG-P:RECV]:No message received in 1000 ms
12-16 04:50:09.143 0 0 W swapper/1: type=1400 audit(0.0:823): avc: denied { kill } for capability=5 scontext=u:r:kernel:s0 tcontext=u:r:kernel:s0 tclass=capability permissive=0
01-01 09:03:11.523 0 0 D : mv2112_read_status
01-01 09:03:11.523 0 0 D mv2112_update_link: 3.0x901(1G): 0x80
01-01 09:03:11.524 0 0 D mv2112_update_link: 3.0x8109(100M): 0x8
01-01 09:03:11.524 0 0 D mv2112_update_link: link 0x0
01-01 09:03:11.524 0 0 D mv2112_read_status: autoneg is disabled
12-16 04:50:09.981 664 676 I mpu_uart: [MSG-P:RECV]:No message received in 1000 ms
12-16 04:50:10.143 0 0 W swapper/1: type=1400 audit(0.0:824): avc: denied { kill } for capability=5 scontext=u:r:kernel:s0 tcontext=u:r:kernel:s0 tclass=capability permissive=0
12-16 04:50:10.178 664 675 I mpu_uart: [MSG-P:R]:recv sync frame timeout
01-01 09:03:12.547 0 0 D : mv2112_read_status
01-01 09:03:12.547 0 0 D mv2112_update_link: 3.0x901(1G): 0x80
01-01 09:03:12.548 0 0 D mv2112_update_link: 3.0x8109(100M): 0x8
01-01 09:03:12.548 0 0 D mv2112_update_link: link 0x0
01-01 09:03:12.548 0 0 D mv2112_read_status: autoneg is disabled
12-16 04:50:10.982 664 676 I mpu_uart: [MSG-P:RECV]:No message received in 1000 ms
12-16 04:50:11.143 0 0 W swapper/1: type=1400 audit(0.0:825): avc: denied { kill } for capability=5 scontext=u:r:kernel:s0 tcontext=u:r:kernel:s0 tclass=capability permissive=0
01-01 09:03:13.571 0 0 D : mv2112_read_status
01-01 09:03:13.571 0 0 D mv2112_update_link: 3.0x901(1G): 0x80
01-01 09:03:13.571 0 0 D mv2112_update_link: 3.0x8109(100M): 0x8
01-01 09:03:13.571 0 0 D mv2112_update_link: link 0x0
01-01 09:03:13.571 0 0 D mv2112_read_status: autoneg is disabled
12-16 04:50:11.841 1519 2166 D ActivityTrigger: ActivityTrigger activityPauseTrigger
12-16 04:50:11.849 1519 2166 I DreamManagerService: Gently waking up from dream.
12-16 04:50:11.850 1519 1618 I DreamManagerService: Performing gentle wake from dream.
12-16 04:50:11.853 1519 2218 I ActivityTaskManager: FOREGROUND_APPLICATION_CHANGED to com.android.settings.homepage.SettingsHomepageActivity
12-16 04:50:11.855 2100 2138 D KeyguardViewMediator: setOccluded false
12-16 04:50:11.857 2100 2100 D StatusBar: disable disable2
12-16 04:50:11.860 2100 2100 D KeyguardViewMediator: adjustStatusBarLocked: mShowing=false mOccluded=false isSecure=false force=false --> flags=0x0
12-16 04:50:11.863 2554 2618 I GameMode_ActivityMonitoringService: onForegroundActivitiesChanged uid 1000 pid 2550 fg true
12-16 04:50:11.866 2554 4017 I GameMode_ActivityMonitoringService: Updating top task to: TaskInfoContainer [topActivity=ComponentInfo{com.android.settings/com.android.settings.Settings}, taskId=15, stackId=15, userId=0, displayId=0, position=6
12-16 04:50:11.866 2554 4017 I GameMode_ActivityMonitoringService: Notifying about top task: TaskInfoContainer [topActivity=ComponentInfo{com.android.settings/com.android.settings.Settings}, taskId=15, stackId=15, userId=0, displayId=0, position=6
12-16 04:50:11.866 2554 4017 E GameMode_ActivityMonitoringService: onActivityLaunch:com.android.settings
12-16 04:50:11.866 2554 4017 V GameMode_GameTypeUtils: judge isGame:com.android.settings
12-16 04:50:11.866 2554 4017 V GameMode_GpuUtils: fps:60
12-16 04:50:11.868 2554 4017 D GameMode_GameModeActionUtils: Show GameMode entry by service!
12-16 04:50:11.868 2554 4017 W ContextImpl: Calling a method in the system process without a qualified user: android.app.ContextImpl.startService:1816 android.content.ContextWrapper.startService:774 com.thundercomm.gamemode.ingame.services.GameModeActionUtils.startGameModeService:99 com.thundercomm.gamemode.ingame.services.GameModeActionUtils.startGameModeEntry:22 com.thundercomm.gamemode.ingame.services.ActivityMonitoringService$1.onActivityLaunch:127
12-16 04:50:11.869 2554 4017 D GameModeIF_GameModeSettings: getUriFor setting_content_uri_root = content://com.thundercomm.gamemode.api/gamemode_settings , name = gamemode_isgaming
12-16 04:50:11.869 2554 2554 D GameMode_GameModeService: type=hide_entry
12-16 04:50:11.870 1519 1519 I GameModeConfig: Current uri is uri = content://com.thundercomm.gamemode.api/gamemode_settings/gamemode_isgaming
12-16 04:50:11.871 1519 1519 D GameModeIF_GameModeSettings: getUriFor setting_content_uri_root = content://com.thundercomm.gamemode.api/gamemode_settings , name = gamemode_isgaming
12-16 04:50:11.871 2554 4017 D GameModeIF_GameModeSettings: gamemode_isgaming set to 0
12-16 04:50:11.872 2550 2550 W BatteryBroadcastRcvr: Problem reading the battery meter.
12-16 04:50:11.874 992 992 I BpBinder: onLastStrongRef automatically unlinking death recipients:
12-16 04:50:11.876 1519 1629 W BroadcastQueue: Permission Denial: broadcasting Intent { act=android.net.conn.CONNECTIVITY_CHANGE flg=0x4200010 (has extras) } from null (pid=-1, uid=-1) requires android.permission.CHANGE_NETWORK_STATE due to registered receiver BroadcastFilter{db427c3 1000/u0 ReceiverList{af65772 2550 com.android.settings/1000/u0 remote:f4fcc7d}}
12-16 04:50:11.876 1519 1629 W BroadcastQueue: Permission Denial: broadcasting Intent { act=android.net.wifi.STATE_CHANGE flg=0x4000010 (has extras) } from null (pid=-1, uid=-1) requires android.permission.CHANGE_NETWORK_STATE due to registered receiver BroadcastFilter{db427c3 1000/u0 ReceiverList{af65772 2550 com.android.settings/1000/u0 remote:f4fcc7d}}
12-16 04:50:11.876 1519 1629 W BroadcastQueue: Permission Denial: broadcasting Intent { act=android.net.conn.CONNECTIVITY_CHANGE flg=0x4200010 (has extras) } from null (pid=-1, uid=-1) requires android.permission.CHANGE_NETWORK_STATE due to registered receiver BroadcastFilter{ece78be 1000/u0 ReceiverList{211b379 2550 com.android.settings/1000/u0 remote:da48840}}
12-16 04:50:11.876 1519 1629 W BroadcastQueue: Permission Denial: broadcasting Intent { act=android.net.wifi.STATE_CHANGE flg=0x4000010 (has extras) } from null (pid=-1, uid=-1) requires android.permission.CHANGE_NETWORK_STATE due to registered receiver BroadcastFilter{ece78be 1000/u0 ReceiverList{211b379 2550 com.android.settings/1000/u0 remote:da48840}}
12-16 04:50:11.878 2550 5330 D UsageGraph: No enabled state changed, skipping updateCategory call
12-16 04:50:11.879 1519 1519 I GameModeConfig: isGameModeOn = false
12-16 04:50:11.879 1519 1519 I GameModeConfig: isGameModeOn = false
12-16 04:50:11.879 1519 1519 I GameModeConfig: isDisableVoice = true
12-16 04:50:11.889 2554 2554 D GameMode_GameSettingsObserver: Game Data change!!!! uri = content://com.thundercomm.gamemode.api/gamemode_settings/gamemode_isgaming
12-16 04:50:11.889 2554 2554 D GameModeIF_GameModeSettings: getUriFor setting_content_uri_root = content://com.thundercomm.gamemode.api/gamemode_settings , name = gamemode_isgaming
12-16 04:50:11.890 1519 1636 W BatteryExternalStatsWorker: error reading modem stats:ERROR_PHONE_NOT_AVAILABLE
12-16 04:50:11.890 819 819 D vendor.qti.bluetooth@1.0-ibs_handler: SerialClockVote: vote for UART CLK ON
12-16 04:50:11.891 819 819 D vendor.qti.bluetooth@1.0-wake_lock: Acquire wakelock is acquired
12-16 04:50:11.891 819 819 I vendor.qti.bluetooth@1.0-ibs_handler: DeviceWakeUp: Writing IBS_WAKE_IND
12-16 04:50:11.891 819 2758 I vendor.qti.bluetooth@1.0-ibs_handler: ProcessIbsCmd: Received IBS_WAKE_ACK: 0xFC
12-16 04:50:11.891 819 2758 I vendor.qti.bluetooth@1.0-ibs_handler: ProcessIbsCmd: Signal wack_cond_
12-16 04:50:11.891 819 819 D vendor.qti.bluetooth@1.0-ibs_handler: DeviceWakeUp: Unblocked from waiting for FC, pthread_cond_timedwait ret = 0
12-16 04:50:11.892 2554 2554 D GameMode_GameModeService: updateGlobalSettings = gamemode_isgaming
12-16 04:50:11.892 819 2758 I vendor.qti.bluetooth@1.0-ibs_handler: ProcessIbsCmd: Received IBS_WAKE_IND: 0xFD
12-16 04:50:11.892 819 2758 I vendor.qti.bluetooth@1.0-ibs_handler: ProcessIbsCmd: Writing IBS_WAKE_ACK
12-16 04:50:11.901 1519 1636 E KernelCpuSpeedReader: Failed to read cpu-freq: /sys/devices/system/cpu/cpu4/cpufreq/stats/time_in_state: open failed: ENOENT (No such file or directory)
12-16 04:50:11.901 1519 1636 E KernelCpuSpeedReader: Failed to read cpu-freq: /sys/devices/system/cpu/cpu0/cpufreq/stats/time_in_state: open failed: ENOENT (No such file or directory)
12-16 04:50:11.899 586 586 W Binder:586_2: type=1400 audit(0.0:826): avc: denied { read } for name="wakeup58" dev="sysfs" ino=72576 scontext=u:r:system_suspend:s0 tcontext=u:object_r:sysfs:s0 tclass=dir permissive=0
12-16 04:50:11.902 586 594 E android.system.suspend@1.0-service: Error opening kernel wakelock stats for: wakeup58: Permission denied
12-16 04:50:11.899 586 586 W Binder:586_2: type=1400 audit(0.0:827): avc: denied { read } for name="wakeup4" dev="sysfs" ino=47049 scontext=u:r:system_suspend:s0 tcontext=u:object_r:sysfs:s0 tclass=dir permissive=0
12-16 04:50:11.899 586 586 W Binder:586_2: type=1400 audit(0.0:828): avc: denied { read } for name="wakeup76" dev="sysfs" ino=77550 scontext=u:r:system_suspend:s0 tcontext=u:object_r:sysfs:s0 tclass=dir permissive=0
12-16 04:50:11.902 586 594 E android.system.suspend@1.0-service: Error opening kernel wakelock stats for: wakeup4: Permission denied
12-16 04:50:11.902 586 594 E android.system.suspend@1.0-service: Error opening kernel wakelock stats for: wakeup76: Permission denied
12-16 04:50:11.902 586 594 E android.system.suspend@1.0-service: Error opening kernel wakelock stats for: wakeup28: Permission denied
12-16 04:50:11.902 586 594 E android.system.suspend@1.0-service: Error opening kernel wakelock stats for: wakeup56: Permission denied
12-16 04:50:11.903 586 594 E android.system.suspend@1.0-service: Error opening kernel wakelock stats for: wakeup2: Permission denied
12-16 04:50:11.899 586 586 W Binder:586_2: type=1400 audit(0.0:829): avc: denied { read } for name="wakeup28" dev="sysfs" ino=53254 scontext=u:r:system_suspend:s0 tcontext=u:object_r:sysfs:s0 tclass=dir permissive=0
12-16 04:50:11.899 586 586 W Binder:586_2: type=1400 audit(0.0:830): avc: denied { read } for name="wakeup56" dev="sysfs" ino=72504 scontext=u:r:system_suspend:s0 tcontext=u:object_r:sysfs:s0 tclass=dir permissive=0
12-16 04:50:11.899 586 586 W Binder:586_2: type=1400 audit(0.0:831): avc: denied { read } for name="wakeup2" dev="sysfs" ino=46573 scontext=u:r:system_suspend:s0 tcontext=u:object_r:sysfs:s0 tclass=dir permissive=0
12-16 04:50:11.903 586 594 E android.system.suspend@1.0-service: Error opening kernel wakelock stats for: wakeup74: Permission denied
12-16 04:50:11.903 586 594 E android.system.suspend@1.0-service: Error opening kernel wakelock stats for: wakeup36: Permission denied
12-16 04:50:11.903 586 594 E android.system.suspend@1.0-service: Error opening kernel wakelock stats for: wakeup64: Permission denied
12-16 04:50:11.903 586 594 E android.system.suspend@1.0-service: Error opening kernel wakelock stats for: wakeup54: Permission denied
12-16 04:50:11.903 586 594 E android.system.suspend@1.0-service: Error opening kernel wakelock stats for: wakeup44: Permission denied
12-16 04:50:11.903 586 594 E android.system.suspend@1.0-service: Error opening kernel wakelock stats for: wakeup0: Permission denied
12-16 04:50:11.903 586 594 E android.system.suspend@1.0-service: Error opening kernel wakelock stats for: wakeup62: Permission denied
12-16 04:50:11.904 586 594 E android.system.suspend@1.0-service: Error opening kernel wakelock stats for: wakeup52: Permission denied
12-16 04:50:11.904 586 594 E android.system.suspend@1.0-service: Error opening kernel wakelock stats for: wakeup9: Permission denied
12-16 04:50:11.904 586 594 E android.system.suspend@1.0-service: Error opening kernel wakelock stats for: wakeup42: Permission denied
12-16 04:50:11.904 586 594 E android.system.suspend@1.0-service: Error opening kernel wakelock stats for: wakeup32: Permission denied
12-16 04:50:11.904 586 594 E android.system.suspend@1.0-service: Error opening kernel wakelock stats for: wakeup60: Permission denied
01-01 09:03:13.808 0 0 W audit : audit_lost=23 audit_rate_limit=5 audit_backlog_limit=64
01-01 09:03:13.808 0 0 E audit : rate limit exceeded
12-16 04:50:11.904 586 594 E android.system.suspend@1.0-service: Error opening kernel wakelock stats for: wakeup7: Permission denied
12-16 04:50:11.905 586 594 E android.system.suspend@1.0-service: Error opening kernel wakelock stats for: wakeup40: Permission denied
12-16 04:50:11.905 586 594 E android.system.suspend@1.0-service: Error opening kernel wakelock stats for: wakeup30: Permission denied
12-16 04:50:11.905 586 594 E android.system.suspend@1.0-service: Error opening kernel wakelock stats for: wakeup59: Permission denied
12-16 04:50:11.905 586 594 E android.system.suspend@1.0-service: Error opening kernel wakelock stats for: wakeup49: Permission denied
12-16 04:50:11.905 586 594 E android.system.suspend@1.0-service: Error opening kernel wakelock stats for: wakeup5: Permission denied
12-16 04:50:11.906 586 594 E android.system.suspend@1.0-service: Error opening kernel wakelock stats for: wakeup39: Permission denied
12-16 04:50:11.906 586 594 E android.system.suspend@1.0-service: Error opening kernel wakelock stats for: wakeup29: Permission denied
12-16 04:50:11.906 586 594 E android.system.suspend@1.0-service: Error opening kernel wakelock stats for: wakeup57: Permission denied
12-16 04:50:11.906 586 594 E android.system.suspend@1.0-service: Error opening kernel wakelock stats for: wakeup19: Permission denied
12-16 04:50:11.906 586 594 E android.system.suspend@1.0-service: Error opening kernel wakelock stats for: wakeup37: Permission denied
12-16 04:50:11.907 586 594 E android.system.suspend@1.0-service: Error opening kernel wakelock stats for: wakeup27: Permission denied
12-16 04:50:11.908 2550 2550 W BatteryBroadcastRcvr: Problem reading the battery meter.
12-16 04:50:11.908 2550 2550 E ImsConnector: unregisterListener: mImsManager is null
12-16 04:50:11.910 586 594 E android.system.suspend@1.0-service: Error opening kernel wakelock stats for: wakeup55: Permission denied
12-16 04:50:11.910 586 594 E android.system.suspend@1.0-service: Error opening kernel wakelock stats for: wakeup17: Permission denied
12-16 04:50:11.910 586 594 E android.system.suspend@1.0-service: Error opening kernel wakelock stats for: wakeup45: Permission denied
12-16 04:50:11.910 586 594 E android.system.suspend@1.0-service: Error opening kernel wakelock stats for: wakeup1: Permission denied
12-16 04:50:11.910 586 594 E android.system.suspend@1.0-service: Error opening kernel wakelock stats for: wakeup73: Permission denied
12-16 04:50:11.910 586 594 E android.system.suspend@1.0-service: Error opening kernel wakelock stats for: wakeup63: Permission denied
12-16 04:50:11.910 586 594 E android.system.suspend@1.0-service: Error opening kernel wakelock stats for: wakeup25: Permission denied
12-16 04:50:11.911 586 594 E android.system.suspend@1.0-service: Error opening kernel wakelock stats for: wakeup53: Permission denied
12-16 04:50:11.911 586 594 E android.system.suspend@1.0-service: Error opening kernel wakelock stats for: wakeup15: Permission denied
12-16 04:50:11.912 586 594 E android.system.suspend@1.0-service: Error opening kernel wakelock stats for: wakeup33: Permission denied
12-16 04:50:11.912 586 594 E android.system.suspend@1.0-service: Error opening kernel wakelock stats for: wakeup61: Permission denied
12-16 04:50:11.912 586 594 E android.system.suspend@1.0-service: Error opening kernel wakelock stats for: wakeup23: Permission denied
12-16 04:50:11.912 586 594 E android.system.suspend@1.0-service: Error opening kernel wakelock stats for: wakeup51: Permission denied
12-16 04:50:11.912 586 594 E android.system.suspend@1.0-service: Error opening kernel wakelock stats for: wakeup8: Permission denied
12-16 04:50:11.912 586 594 E android.system.suspend@1.0-service: Error opening kernel wakelock stats for: wakeup13: Permission denied
12-16 04:50:11.912 586 594 E android.system.suspend@1.0-service: Error opening kernel wakelock stats for: wakeup41: Permission denied
12-16 04:50:11.913 586 594 E android.system.suspend@1.0-service: Error opening kernel wakelock stats for: wakeup31: Permission denied
12-16 04:50:11.913 586 594 E android.system.suspend@1.0-service: Error opening kernel wakelock stats for: wakeup21: Permission denied
12-16 04:50:11.913 586 594 E android.system.suspend@1.0-service: Error opening kernel wakelock stats for: wakeup6: Permission denied
12-16 04:50:11.914 586 594 E android.system.suspend@1.0-service: Error opening kernel wakelock stats for: wakeup11: Permission denied
12-16 04:50:11.915 1519 1645 I PowerManagerService: Powering on display group fromDreaming (groupId=0, uid=1000, reason=WAKE_REASON_UNKNOWN, details=android.server.power:DREAM_FINISHED)...
12-16 04:50:11.915 1519 1645 I PowerManagerService: Waking up from Dreaming (uid=1000, reason=WAKE_REASON_UNKNOWN, details=android.server.power:DREAM_FINISHED)...
12-16 04:50:11.921 1519 1636 D KernelCpuUidUserSysTimeReader: Removing uids 1037-1037
12-16 04:50:11.922 1519 1636 D KernelCpuUidUserSysTimeReader: Removing uids 1037-1037
12-16 04:50:11.930 2550 2688 D BatteryInfo: time for getStats: 0ms
12-16 04:50:11.931 2550 2688 D BatteryInfo: time for regular BatteryInfo: 1ms
12-16 04:50:11.932 2550 2688 D BatteryInfo: time for getBatteryInfo: 1ms
12-16 04:50:11.933 2550 2550 D BatteryInfo: time for callback: 0ms
12-16 04:50:11.940 1519 1636 W BatteryExternalStatsWorker: error reading modem stats:ERROR_PHONE_NOT_AVAILABLE
12-16 04:50:11.942 1519 1636 E KernelCpuSpeedReader: Failed to read cpu-freq: /sys/devices/system/cpu/cpu4/cpufreq/stats/time_in_state: open failed: ENOENT (No such file or directory)
12-16 04:50:11.942 1519 1636 E KernelCpuSpeedReader: Failed to read cpu-freq: /sys/devices/system/cpu/cpu0/cpufreq/stats/time_in_state: open failed: ENOENT (No such file or directory)
12-16 04:50:11.943 586 594 E android.system.suspend@1.0-service: Error opening kernel wakelock stats for: wakeup58: Permission denied
12-16 04:50:11.943 586 594 E android.system.suspend@1.0-service: Error opening kernel wakelock stats for: wakeup4: Permission denied
12-16 04:50:11.943 586 594 E android.system.suspend@1.0-service: Error opening kernel wakelock stats for: wakeup76: Permission denied
12-16 04:50:11.943 586 594 E android.system.suspend@1.0-service: Error opening kernel wakelock stats for: wakeup28: Permission denied
12-16 04:50:11.943 586 594 E android.system.suspend@1.0-service: Error opening kernel wakelock stats for: wakeup56: Permission denied
12-16 04:50:11.943 586 594 E android.system.suspend@1.0-service: Error opening kernel wakelock stats for: wakeup2: Permission denied
12-16 04:50:11.943 586 594 E android.system.suspend@1.0-service: Error opening kernel wakelock stats for: wakeup74: Permission denied
12-16 04:50:11.943 586 594 E android.system.suspend@1.0-service: Error opening kernel wakelock stats for: wakeup36: Permission denied
12-16 04:50:11.943 586 594 E android.system.suspend@1.0-service: Error opening kernel wakelock stats for: wakeup64: Permission denied
12-16 04:50:11.943 586 594 E android.system.suspend@1.0-service: Error opening kernel wakelock stats for: wakeup54: Permission denied
12-16 04:50:11.944 586 594 E android.system.suspend@1.0-service: Error opening kernel wakelock stats for: wakeup44: Permission denied
12-16 04:50:11.944 586 594 E android.system.suspend@1.0-service: Error opening kernel wakelock stats for: wakeup0: Permission denied
12-16 04:50:11.944 586 594 E android.system.suspend@1.0-service: Error opening kernel wakelock stats for: wakeup62: Permission denied
12-16 04:50:11.944 586 594 E android.system.suspend@1.0-service: Error opening kernel wakelock stats for: wakeup52: Permission denied
12-16 04:50:11.944 586 594 E android.system.suspend@1.0-service: Error opening kernel wakelock stats for: wakeup9: Permission denied
12-16 04:50:11.944 586 594 E android.system.suspend@1.0-service: Error opening kernel wakelock stats for: wakeup42: Permission denied
12-16 04:50:11.944 586 594 E android.system.suspend@1.0-service: Error opening kernel wakelock stats for: wakeup32: Permission denied
12-16 04:50:11.944 586 594 E android.system.suspend@1.0-service: Error opening kernel wakelock stats for: wakeup60: Permission denied
12-16 04:50:11.944 586 594 E android.system.suspend@1.0-service: Error opening kernel wakelock stats for: wakeup7: Permission denied
12-16 04:50:11.945 586 594 E android.system.suspend@1.0-service: Error opening kernel wakelock stats for: wakeup40: Permission denied
12-16 04:50:11.945 586 594 E android.system.suspend@1.0-service: Error opening kernel wakelock stats for: wakeup30: Permission denied
12-16 04:50:11.945 586 594 E android.system.suspend@1.0-service: Error opening kernel wakelock stats for: wakeup59: Permission denied
12-16 04:50:11.945 586 594 E android.system.suspend@1.0-service: Error opening kernel wakelock stats for: wakeup49: Permission denied
12-16 04:50:11.945 586 594 E android.system.suspend@1.0-service: Error opening kernel wakelock stats for: wakeup5: Permission denied
12-16 04:50:11.945 586 594 E android.system.suspend@1.0-service: Error opening kernel wakelock stats for: wakeup39: Permission denied
12-16 04:50:11.945 586 594 E android.system.suspend@1.0-service: Error opening kernel wakelock stats for: wakeup29: Permission denied
12-16 04:50:11.945 586 594 E android.system.suspend@1.0-service: Error opening kernel wakelock stats for: wakeup57: Permission denied
12-16 04:50:11.945 586 594 E android.system.suspend@1.0-service: Error opening kernel wakelock stats for: wakeup19: Permission denied
12-16 04:50:11.946 586 594 E android.system.suspend@1.0-service: Error opening kernel wakelock stats for: wakeup37: Permission denied
12-16 04:50:11.946 586 594 E android.system.suspend@1.0-service: Error opening kernel wakelock stats for: wakeup27: Permission denied
12-16 04:50:11.946 586 594 E android.system.suspend@1.0-service: Error opening kernel wakelock stats for: wakeup55: Permission denied
12-16 04:50:11.946 586 594 E android.system.suspend@1.0-service: Error opening kernel wakelock stats for: wakeup17: Permission denied
12-16 04:50:11.946 586 594 E android.system.suspend@1.0-service: Error opening kernel wakelock stats for: wakeup45: Permission denied
12-16 04:50:11.946 586 594 E android.system.suspend@1.0-service: Error opening kernel wakelock stats for: wakeup1: Permission denied
12-16 04:50:11.946 586 594 E android.system.suspend@1.0-service: Error opening kernel wakelock stats for: wakeup73: Permission denied
12-16 04:50:11.946 586 594 E android.system.suspend@1.0-service: Error opening kernel wakelock stats for: wakeup63: Permission denied
12-16 04:50:11.946 586 594 E android.system.suspend@1.0-service: Error opening kernel wakelock stats for: wakeup25: Permission denied
12-16 04:50:11.946 586 594 E android.system.suspend@1.0-service: Error opening kernel wakelock stats for: wakeup53: Permission denied
12-16 04:50:11.946 586 594 E android.system.suspend@1.0-service: Error opening kernel wakelock stats for: wakeup15: Permission denied
12-16 04:50:11.946 586 594 E android.system.suspend@1.0-service: Error opening kernel wakelock stats for: wakeup33: Permission denied
12-16 04:50:11.946 586 594 E android.system.suspend@1.0-service: Error opening kernel wakelock stats for: wakeup61: Permission denied
12-16 04:50:11.947 586 594 E android.system.suspend@1.0-service: Error opening kernel wakelock stats for: wakeup23: Permission denied
12-16 04:50:11.947 586 594 E android.system.suspend@1.0-service: Error opening kernel wakelock stats for: wakeup51: Permission denied
12-16 04:50:11.947 586 594 E android.system.suspend@1.0-service: Error opening kernel wakelock stats for: wakeup8: Permission denied
12-16 04:50:11.947 586 594 E android.system.suspend@1.0-service: Error opening kernel wakelock stats for: wakeup13: Permission denied
12-16 04:50:11.947 586 594 E android.system.suspend@1.0-service: Error opening kernel wakelock stats for: wakeup41: Permission denied
