12-16 04:43:49.710 1519 1519 I SystemServerTiming: OnBootPhase_500_com.android.server.os.BugreportManagerService
12-16 04:43:49.710 1519 1519 I SystemServerTiming: OnBootPhase_500_com.android.server.gpu.GpuService
12-16 04:43:49.710 1519 1519 I SystemServerTiming: OnBootPhase_500_com.android.server.security.KeyChainSystemService
12-16 04:43:49.710 1519 1519 I SystemServerTiming: OnBootPhase_500_com.android.server.telecom.TelecomLoaderService
12-16 04:43:49.710 1519 1519 I SystemServerTiming: OnBootPhase_500_com.android.server.accounts.AccountManagerService$Lifecycle
12-16 04:43:49.710 1519 1519 I SystemServerTiming: OnBootPhase_500_com.android.server.content.ContentService$Lifecycle
12-16 04:43:49.710 1519 1519 I SystemServerTiming: OnBootPhase_500_com.android.server.DropBoxManagerService
12-16 04:43:49.710 1519 1519 I SystemServerTiming: OnBootPhase_500_com.android.role.RoleService
12-16 04:43:49.710 1519 1519 I SystemServerTiming: OnBootPhase_500_com.android.server.vibrator.VibratorManagerService$Lifecycle
12-16 04:43:49.710 1519 1519 V VibratorManagerService: Initializing VibratorManager service...
12-16 04:43:49.710 1519 1519 V HistoricalRegistry: Interaction before persistence initialized
12-16 04:43:49.710 1519 1519 V VibratorManagerService: VibratorManager service initialized
12-16 04:43:49.710 1519 1519 I SystemServerTiming: OnBootPhase_500_com.android.server.alarm.AlarmManagerService
12-16 04:43:49.710 1519 1519 E LazyAlarmStore: Removed TIME_TICK alarm
12-16 04:43:49.711 1519 1629 I DropBoxManagerService: add tag=system_server_wtf isTagEnabled=true flags=0x2
12-16 04:43:49.711 1519 1519 I SystemServerTiming: OnBootPhase_500_com.android.server.devicestate.DeviceStateManagerService
12-16 04:43:49.711 1519 1519 I SystemServerTiming: OnBootPhase_500_com.android.server.camera.CameraServiceProxy
12-16 04:43:49.711 1519 1519 I SystemServerTiming: OnBootPhase_500_com.android.server.BluetoothService
12-16 04:43:49.712 1519 1519 I SystemServerTiming: OnBootPhase_500_com.android.server.connectivity.IpConnectivityMetrics
12-16 04:43:49.713 1519 1519 I SystemServerTiming: OnBootPhase_500_com.android.server.net.watchlist.NetworkWatchlistService$Lifecycle
12-16 04:43:49.713 1519 1519 I SystemServerTiming: OnBootPhase_500_com.android.server.PinnerService
12-16 04:43:49.713 1519 1519 I SystemServerTiming: OnBootPhase_500_com.google.android.startop.iorap.IorapForwardingService
12-16 04:43:49.713 1519 1519 I SystemServerTiming: OnBootPhase_500_com.android.server.ActivityTriggerService
12-16 04:43:49.713 1519 1519 I SystemServerTiming: OnBootPhase_500_com.android.server.integrity.AppIntegrityManagerService
12-16 04:43:49.713 1519 1519 I SystemServerTiming: OnBootPhase_500_com.android.server.inputmethod.InputMethodManagerService$Lifecycle
12-16 04:43:49.713 1519 1519 I SystemServerTiming: OnBootPhase_500_com.android.server.accessibility.AccessibilityManagerService$Lifecycle
12-16 04:43:49.713 1519 1519 I SystemServerTiming: OnBootPhase_500_com.android.server.StorageManagerService$Lifecycle
12-16 04:43:49.713 1519 1519 I SystemServerTiming: OnBootPhase_500_com.android.server.usage.StorageStatsService$Lifecycle
12-16 04:43:49.713 1519 1519 I SystemServerTiming: OnBootPhase_500_com.android.server.UiModeManagerService
12-16 04:43:49.714 1519 1519 I ActivityTaskManager: Config changes=200 {1.0 ?mcc?mnc [zh_CN] ldltr sw680dp w1586dp h584dp 240dpi lrg long land finger -keyb/v/h -nav/h winConfig={ mBounds=Rect(0, 0 - 2380, 1020) mAppBounds=Rect(0, 0 - 2380, 948) mMaxBounds=Rect(0, 0 - 2380, 1020) mWindowingMode=fullscreen mDisplayWindowingMode=fullscreen mActivityType=undefined mAlwaysOnTop=undefined mRotation=ROTATION_0} s.6 ?fontWeightAdjustment}
12-16 04:43:49.714 1519 1519 I WindowManager: Override config changes=200 {1.0 ?mcc?mnc [zh_CN] ldltr sw680dp w1586dp h584dp 240dpi lrg long land finger -keyb/v/h -nav/h winConfig={ mBounds=Rect(0, 0 - 2380, 1020) mAppBounds=Rect(0, 0 - 2380, 948) mMaxBounds=Rect(0, 0 - 2380, 1020) mWindowingMode=fullscreen mDisplayWindowingMode=fullscreen mActivityType=undefined mAlwaysOnTop=undefined mRotation=ROTATION_0} s.6 ?fontWeightAdjustment} for displayId=0
12-16 04:43:49.715 1519 1519 I SystemServerTiming: OnBootPhase_500_com.android.server.locksettings.LockSettingsService$Lifecycle
12-16 04:43:49.715 1519 1519 I SystemServerTiming: OnBootPhase_500_com.android.server.PersistentDataBlockService
12-16 04:43:49.715 1519 1519 I SystemServerTiming: OnBootPhase_500_com.android.server.testharness.TestHarnessModeService
12-16 04:43:49.715 1519 1519 D TestHarnessModeService: Setting up test harness mode
12-16 04:43:49.715 1519 1519 D TestHarnessModeService: Getting PersistentDataBlockManagerInternal from LocalServices
01-01 08:56:51.619 0 0 D : mv2112_read_status
01-01 08:56:51.619 0 0 D mv2112_update_link: 3.0x901(1G): 0x80
01-01 08:56:51.619 0 0 D mv2112_update_link: 3.0x8109(100M): 0x8
01-01 08:56:51.619 0 0 D mv2112_update_link: link 0x0
01-01 08:56:51.619 0 0 D mv2112_read_status: autoneg is disabled
12-16 04:43:49.719 1519 1519 I SystemServerTiming: OnBootPhase_500_com.android.server.oemlock.OemLockService
12-16 04:43:49.719 1519 1519 I SystemServerTiming: OnBootPhase_500_com.android.server.DeviceIdleController
12-16 04:43:49.720 1519 1519 V HistoricalRegistry: Interaction before persistence initialized
12-16 04:43:49.720 1519 1519 I SystemServerTiming: OnBootPhase_500_com.android.server.devicepolicy.DevicePolicyManagerService$Lifecycle
12-16 04:43:49.720 1519 1519 I SystemServerTiming: OnBootPhase_500_com.android.server.texttospeech.TextToSpeechManagerService
12-16 04:43:49.720 1519 1519 I SystemServerTiming: OnBootPhase_500_com.android.server.speech.SpeechRecognitionManagerService
12-16 04:43:49.720 1519 1519 I SystemServerTiming: OnBootPhase_500_com.android.server.searchui.SearchUiManagerService
12-16 04:43:49.720 1519 1519 I SystemServerTiming: OnBootPhase_500_com.android.server.smartspace.SmartspaceManagerService
12-16 04:43:49.720 1519 1519 I SystemServerTiming: OnBootPhase_500_com.android.server.graphics.fonts.FontManagerService$Lifecycle
12-16 04:43:49.720 1519 1519 I SystemServerTiming: OnBootPhase_500_com.android.server.textservices.TextServicesManagerService$Lifecycle
12-16 04:43:49.720 1519 1519 I SystemServerTiming: OnBootPhase_500_com.android.server.textclassifier.TextClassificationManagerService$Lifecycle
12-16 04:43:49.720 1519 1519 I SystemServerTiming: OnBootPhase_500_com.android.server.NetworkScoreService$Lifecycle
12-16 04:43:49.720 1519 1519 I SystemServerTiming: OnBootPhase_500_com.android.server.wifi.WifiService
12-16 04:43:49.720 1519 1519 I SystemServerTiming: OnBootPhase_500_com.android.server.wifi.scanner.WifiScanningService
12-16 04:43:49.720 1519 1519 I SystemServerTiming: OnBootPhase_500_com.android.server.wifi.rtt.RttService
12-16 04:43:49.721 1519 1519 I SystemServerTiming: OnBootPhase_500_com.android.server.wifi.aware.WifiAwareService
12-16 04:43:49.724 1519 1519 I SystemServerTiming: OnBootPhase_500_com.android.server.wifi.p2p.WifiP2pService
12-16 04:43:49.724 1519 1519 I SystemServerTiming: OnBootPhase_500_com.android.server.ethernet.EthernetService
12-16 04:43:49.726 1519 1519 I SystemServerTiming: OnBootPhase_500_com.android.server.ConnectivityServiceInitializer
12-16 04:43:49.726 1519 1519 I SystemServerTiming: OnBootPhase_500_com.android.server.notification.NotificationManagerService
01-01 08:56:51.642 0 0 I : Wifi Turning On from UI
12-16 04:43:49.738 1519 1519 I GameModeConfig: isGameModeOn = false
12-16 04:43:49.739 1519 1519 I SystemServerTiming: OnBootPhase_500_com.android.server.storage.DeviceStorageMonitorService
12-16 04:43:49.739 1519 1519 I SystemServerTiming: OnBootPhase_500_com.android.server.location.LocationManagerService$Lifecycle
12-16 04:43:49.739 1519 1519 V HistoricalRegistry: Interaction before persistence initialized
12-16 04:43:49.740 1519 1519 I SystemServerTiming: OnBootPhase_500_com.android.server.timedetector.TimeDetectorService$Lifecycle
12-16 04:43:49.740 1519 1519 I SystemServerTiming: OnBootPhase_500_com.android.server.timezonedetector.TimeZoneDetectorService$Lifecycle
12-16 04:43:49.740 1519 1519 I SystemServerTiming: OnBootPhase_500_com.android.server.timezonedetector.location.LocationTimeZoneManagerService$Lifecycle
12-16 04:43:49.740 1519 1519 I SystemServerTiming: OnBootPhase_500_com.android.server.search.SearchManagerService$Lifecycle
12-16 04:43:49.740 1519 1519 I SystemServerTiming: OnBootPhase_500_com.android.server.wallpaper.WallpaperManagerService$Lifecycle
12-16 04:43:49.740 1519 1519 I SystemServerTiming: OnBootPhase_500_com.android.server.audio.AudioService$Lifecycle
12-16 04:43:49.740 1519 1519 I SystemServerTiming: OnBootPhase_500_com.android.server.soundtrigger_middleware.SoundTriggerMiddlewareService$Lifecycle
12-16 04:43:49.740 1519 1519 I SystemServerTiming: OnBootPhase_500_com.android.server.DockObserver
12-16 04:43:49.740 1519 1519 I SystemServerTiming: OnBootPhase_500_com.android.server.midi.MidiService$Lifecycle
12-16 04:43:49.740 1519 1519 I SystemServerTiming: OnBootPhase_500_com.android.server.adb.AdbService$Lifecycle
12-16 04:43:49.740 1519 1519 I SystemServerTiming: OnBootPhase_500_com.android.server.usb.UsbService$Lifecycle
12-16 04:43:49.740 1519 1519 I SystemServerTiming: OnBootPhase_500_com.android.server.twilight.TwilightService
12-16 04:43:49.740 1519 1519 I SystemServerTiming: OnBootPhase_500_com.android.server.display.color.ColorDisplayService
12-16 04:43:49.740 1519 1519 I SystemServerTiming: OnBootPhase_500_com.android.server.job.JobSchedulerService
12-16 04:43:49.742 1519 1519 V HistoricalRegistry: Interaction before persistence initialized
12-16 04:43:49.742 1519 1519 I SystemServerTiming: OnBootPhase_500_com.android.server.soundtrigger.SoundTriggerService
12-16 04:43:49.742 1519 1519 D SoundTriggerService: onBootPhase: 500 : false
12-16 04:43:49.742 1519 1519 I SystemServerTiming: OnBootPhase_500_com.android.server.trust.TrustManagerService
12-16 04:43:49.743 1519 1519 I SystemServerTiming: OnBootPhase_500_com.android.server.backup.BackupManagerService$Lifecycle
12-16 04:43:49.743 1519 1519 I SystemServerTiming: OnBootPhase_500_com.android.server.appwidget.AppWidgetService
12-16 04:43:49.743 1519 1519 I SystemServerTiming: OnBootPhase_500_com.android.server.voiceinteraction.VoiceInteractionManagerService
12-16 04:43:49.743 1519 1519 I SystemServerTiming: OnBootPhase_500_com.android.server.apphibernation.AppHibernationService
12-16 04:43:49.743 1519 1519 I SystemServerTiming: OnBootPhase_500_com.android.server.GestureLauncherService
12-16 04:43:49.743 1519 1519 I SystemServerTiming: OnBootPhase_500_com.android.server.SensorNotificationService
12-16 04:43:49.743 1519 1519 I SystemServerTiming: OnBootPhase_500_com.android.server.emergency.EmergencyAffordanceService
12-16 04:43:49.743 1519 1519 I SystemServerTiming: OnBootPhase_500_com.android.server.blob.BlobStoreManagerService
12-16 04:43:49.743 1519 1519 I SystemServerTiming: OnBootPhase_500_com.android.server.dreams.DreamManagerService
12-16 04:43:49.743 1519 1519 I SystemServerTiming: OnBootPhase_500_com.android.server.companion.CompanionDeviceManagerService
12-16 04:43:49.743 1519 1519 I CompanionDeviceManagerService: initBleScanning()
12-16 04:43:49.743 1519 1519 I SystemServerTiming: OnBootPhase_500_com.android.server.restrictions.RestrictionsManagerService
12-16 04:43:49.743 1519 1519 I SystemServerTiming: OnBootPhase_500_com.android.server.media.MediaSessionService
12-16 04:43:49.744 1519 1519 I SystemServerTiming: OnBootPhase_500_com.android.server.media.MediaResourceMonitorService
12-16 04:43:49.744 1519 1519 I SystemServerTiming: OnBootPhase_500_com.android.server.biometrics.sensors.fingerprint.FingerprintService
12-16 04:43:49.744 1519 1519 I SystemServerTiming: OnBootPhase_500_com.android.server.biometrics.BiometricService
12-16 04:43:49.744 1519 1519 I SystemServerTiming: OnBootPhase_500_com.android.server.biometrics.AuthService
12-16 04:43:49.744 1519 1519 I SystemServerTiming: OnBootPhase_500_com.android.server.pm.ShortcutService$Lifecycle
12-16 04:43:49.744 1519 1519 I SystemServerTiming: OnBootPhase_500_com.android.server.pm.LauncherAppsService
12-16 04:43:49.744 1519 1519 I SystemServerTiming: OnBootPhase_500_com.android.server.pm.CrossProfileAppsService
12-16 04:43:49.744 1519 1519 I SystemServerTiming: OnBootPhase_500_com.android.server.people.PeopleService
12-16 04:43:49.744 1519 1519 I SystemServerTiming: OnBootPhase_500_com.android.server.media.metrics.MediaMetricsManagerService
12-16 04:43:49.744 1519 1519 I SystemServerTiming: OnBootPhase_500_com.android.server.media.projection.MediaProjectionManagerService
12-16 04:43:49.744 1519 1519 I SystemServerTiming: OnBootPhase_500_com.android.server.slice.SliceManagerService$Lifecycle
12-16 04:43:49.744 1519 1519 I SystemServerTiming: OnBootPhase_500_com.android.server.stats.StatsCompanion$Lifecycle
12-16 04:43:49.744 1519 1519 I SystemServerTiming: OnBootPhase_500_com.android.server.scheduling.RebootReadinessManagerService$Lifecycle
12-16 04:43:49.744 1519 1519 I SystemServerTiming: OnBootPhase_500_com.android.server.stats.pull.StatsPullAtomService
12-16 04:43:49.744 1519 1519 I SystemServerTiming: OnBootPhase_500_com.android.server.incident.IncidentCompanionService
12-16 04:43:49.744 1519 1519 I SystemServerTiming: OnBootPhase_500_com.android.server.MmsServiceBroker
12-16 04:43:49.744 1519 1519 I SystemServerTiming: OnBootPhase_500_com.android.server.autofill.AutofillManagerService
12-16 04:43:49.744 1519 1519 I SystemServerTiming: OnBootPhase_500_com.android.server.clipboard.ClipboardService
12-16 04:43:49.744 1519 1519 I SystemServerTiming: OnBootPhase_500_com.android.server.appbinding.AppBindingService$Lifecycle
12-16 04:43:49.744 1519 1519 I SystemServerTiming: OnBootPhase_500_com.android.server.tracing.TracingServiceProxy
12-16 04:43:49.744 1519 1519 I SystemServerTiming: MakeWindowManagerServiceReady
12-16 04:43:49.745 1519 1519 I SystemServerTiming: MakePowerManagerServiceReady
12-16 04:43:49.745 1519 2070 I DropBoxManagerService: add tag=system_server_wtf isTagEnabled=true flags=0x2
12-16 04:43:49.745 1519 1519 I AttentionDetector: readValuesFromDeviceConfig():
12-16 04:43:49.745 1519 1519 I AttentionDetector: mMaximumExtensionMillis=900000
12-16 04:43:49.745 1519 1519 I AttentionDetector: mPreDimCheckDurationMillis=2000
12-16 04:43:49.745 1519 1519 I AttentionDetector: mRequestedPostDimTimeoutMillis=0
12-16 04:43:49.745 1519 2071 I DropBoxManagerService: add tag=system_server_wtf isTagEnabled=true flags=0x2
12-16 04:43:49.746 1519 1519 E DisplayPowerController[0]: failed to set up display white-balance: java.lang.IllegalStateException: cannot find light sensor
12-16 04:43:49.746 1519 1519 W DisplayPowerController[0]: Screen brightness nits configuration is unavailable; falling back
12-16 04:43:49.749 1519 1645 W KeyguardServiceDelegate: onScreenTurningOn(): no keyguard service!
12-16 04:43:49.749 1519 1645 V DisplayPowerController[0]: Brightness [1.0] reason changing to: 'override', previous reason: '0'.
12-16 04:43:49.749 1519 1519 I FaceDownDetector: readValuesFromDeviceConfig():
12-16 04:43:49.749 1519 1519 I FaceDownDetector: mAccelerationThreshold=0.2
12-16 04:43:49.749 1519 1519 I FaceDownDetector: mZAccelerationThreshold=-9.5
12-16 04:43:49.749 1519 1519 I FaceDownDetector: mTimeThreshold=PT1S
12-16 04:43:49.749 1519 1519 I FaceDownDetector: mIsEnabled=true
12-16 04:43:49.749 1519 1519 I ScreenUndimDetector: readValuesFromDeviceConfig():
12-16 04:43:49.749 1519 1519 I ScreenUndimDetector: mKeepScreenOnForMillis=600000
12-16 04:43:49.749 1519 1519 I ScreenUndimDetector: mKeepScreenOnNotificationEnabled=false
12-16 04:43:49.749 1519 1519 I ScreenUndimDetector: mUndimsRequired=2
12-16 04:43:49.750 1519 1628 I HealthServiceWrapper: health: HealthServiceWrapper listening to instance default
12-16 04:43:49.750 1519 1519 I SystemServerTiming: StartPermissionPolicyService
12-16 04:43:49.750 1519 1519 I SystemServiceManager: Starting com.android.server.policy.PermissionPolicyService
12-16 04:43:49.751 1519 1636 E KernelCpuSpeedReader: Failed to read cpu-freq: /sys/devices/system/cpu/cpu4/cpufreq/stats/time_in_state: open failed: ENOENT (No such file or directory)
12-16 04:43:49.751 1519 1636 E KernelCpuSpeedReader: Failed to read cpu-freq: /sys/devices/system/cpu/cpu0/cpufreq/stats/time_in_state: open failed: ENOENT (No such file or directory)
12-16 04:43:49.751 1519 1519 I SystemServerTiming: MakePackageManagerServiceReady
12-16 04:43:49.752 1519 1628 D StatsPullAtomService: Registering pullers with statsd
12-16 04:43:49.754 1519 1519 V UserDataPreparer: Found /data/user_de/0 with serial number 0
12-16 04:43:49.754 1519 1519 V UserDataPreparer: Found /data/user/0 with serial number 0
12-16 04:43:49.754 1519 1519 V UserDataPreparer: Found /data/system_de/0 with serial number 0
12-16 04:43:49.754 1519 1519 V UserDataPreparer: Found /data/system_ce/0 with serial number 0
12-16 04:43:49.754 1519 1519 V UserDataPreparer: Found /data/misc_ce/0 with serial number -1
12-16 04:43:49.754 1519 1519 D UserDataPreparer: Serial number missing on /data/misc_ce/0; assuming current is valid
12-16 04:43:49.754 1519 1519 I PackageManager: Permission ownership changed. Updating all permissions.
12-16 04:43:49.755 1519 1628 I StatsPullAtomService: register thermal listener successfully
12-16 04:43:49.766 1519 1519 W DefaultPermGrantPolicy: Permission not found: android.permission.OVERVIEW_SERVICE
12-16 04:43:49.767 1519 1519 W DefaultPermGrantPolicy: Permission not found: android.permission.READ_MEDIA_STORAGE
12-16 04:43:49.767 1519 1519 W DefaultPermGrantPolicy: Permission not found: android.permission.ACCESS_SUPERUSER
12-16 04:43:49.767 1519 1519 W DefaultPermGrantPolicy: Permission not found: android.Manifest.permission.MODIFY_DAY_NIGHT_MODE
12-16 04:43:49.767 1519 1519 W DefaultPermGrantPolicy: Permission not found: com.qti.permission.RECEIVE_MSIM_VOICE_CAPABILITY_CHANGED
12-16 04:43:49.767 1519 1519 W DefaultPermGrantPolicy: Permission not found: com.google.android.googleapps.permission.GOOGLE_AUTH
12-16 04:43:49.767 1519 1519 W DefaultPermGrantPolicy: Permission not found: com.android.launcher.permission.READ_SETTINGS
12-16 04:43:49.767 1519 1519 W DefaultPermGrantPolicy: Permission not found: com.android.launcher.permission.WRITE_SETTINGS
12-16 04:43:49.768 1519 1519 W DefaultPermGrantPolicy: Permission not found: com.qualcomm.qti.permission.USE_EXT_TELEPHONY_SERVICE
12-16 04:43:49.768 1519 1519 W DefaultPermGrantPolicy: Permission not found: com.qualcomm.permission.ACCESS_LOCATION_API
12-16 04:43:49.768 1519 1519 W DefaultPermGrantPolicy: Permission not found: android.permission.MANAGE_WIFI_WHEN_WIRELESS_CONSENT_REQUIRED
12-16 04:43:49.769 1519 1519 W DefaultPermGrantPolicy: Permission not found: com.android.providers.tv.permission.ACCESS_WATCHED_PROGRAMS
12-16 04:43:49.769 1519 1519 W DefaultPermGrantPolicy: Permission not found: com.android.providers.tv.permission.WRITE_EPG_DATA
12-16 04:43:49.770 1519 1519 W DefaultPermGrantPolicy: Permission not found: com.qualcomm.qti.smq.qcc.permission.QCCTRUI
12-16 04:43:49.770 1519 1519 W DefaultPermGrantPolicy: Permission not found: android.car.permission.CONTROL_CAR_CLIMATE
12-16 04:43:49.770 1519 1519 W DefaultPermGrantPolicy: Permission not found: android.car.permission.CAR_CONTROL_AUDIO_VOLUME
12-16 04:43:49.770 1519 1519 W DefaultPermGrantPolicy: Permission not found: com.google.android.gallery3d.permission.GALLERY_PROVIDER
12-16 04:43:49.770 1519 1519 W DefaultPermGrantPolicy: Permission not found: com.android.email.permission.ACCESS_PROVIDER
12-16 04:43:49.770 1519 1519 W DefaultPermGrantPolicy: Permission not found: com.android.email.permission.READ_ATTACHMENT
12-16 04:43:49.771 1519 1519 W VoiceInteractionManager: no available voice recognition services found for user 0
12-16 04:43:49.772 1519 1519 I SyncManager: No initial accounts
12-16 04:43:49.773 1519 1519 W DefaultPermGrantPolicy: Permission not found: com.google.android.permission.INSTALL_WEARABLE_PACKAGES
12-16 04:43:49.773 1519 1519 W DefaultPermGrantPolicy: Permission not found: com.google.android.googleapps.permission.GOOGLE_AUTH.mail
12-16 04:43:49.774 1519 1519 W DefaultPermGrantPolicy: Permission not found: com.google.android.googleapps.permission.GOOGLE_AUTH.cl
12-16 04:43:49.774 1519 1519 W DefaultPermGrantPolicy: Permission not found: com.google.android.setupwizard.SETUP_COMPAT_SERVICE
12-16 04:43:49.774 1519 1519 W DefaultPermGrantPolicy: Permission not found: com.microsoft.emmx.configurator.READ
12-16 04:43:49.774 1519 1519 W DefaultPermGrantPolicy: Permission not found: android.permission.POST_NOTIFICATIONS
12-16 04:43:49.774 1519 1519 W DefaultPermGrantPolicy: Permission not found: android.permission.READ_MEDIA_AUDIO
12-16 04:43:49.774 1519 1519 W DefaultPermGrantPolicy: Permission not found: android.permission.READ_MEDIA_IMAGES
12-16 04:43:49.774 1519 1519 W DefaultPermGrantPolicy: Permission not found: android.permission.READ_MEDIA_VIDEO
12-16 04:43:49.774 1519 1519 W DefaultPermGrantPolicy: Permission not found: com.google.android.gms.permission.AD_ID
12-16 04:43:49.774 1519 1519 W DefaultPermGrantPolicy: Permission not found: com.chrome.permission.DEVICE_EXTRAS
12-16 04:43:49.774 1519 1519 W DefaultPermGrantPolicy: Permission not found: com.google.android.c2dm.permission.RECEIVE
12-16 04:43:49.774 1519 1519 W DefaultPermGrantPolicy: Permission not found: com.google.android.apps.now.CURRENT_ACCOUNT_ACCESS
12-16 04:43:49.774 1519 1519 W DefaultPermGrantPolicy: Permission not found: com.asus.msa.SupplementaryDID.ACCESS
12-16 04:43:49.774 1519 1519 W DefaultPermGrantPolicy: Permission not found: freemme.permission.msa
12-16 04:43:49.774 1519 1519 W DefaultPermGrantPolicy: Permission not found: com.google.android.finsky.permission.BIND_GET_INSTALL_REFERRER_SERVICE
12-16 04:43:49.777 1519 1519 E DefaultPermGrantPolicy: Package not found: com.qualcomm.qti.cne
12-16 04:43:49.778 1519 1519 W DefaultPermGrantPolicy: Permission not found: android.permission.READ_SETTINGS
12-16 04:43:49.778 1519 1519 W DefaultPermGrantPolicy: Permission not found: android.permission.RAISED_THREAD_PRIORITY
12-16 04:43:49.778 1519 1519 W DefaultPermGrantPolicy: Permission not found: com.mstar.android.permissionn.ACCESS_TV_DATA
12-16 04:43:49.778 1519 1519 W DefaultPermGrantPolicy: Permission not found: droidlogic.permission.SYSTEM_CONTROL
12-16 04:43:49.778 1519 1519 W DefaultPermGrantPolicy: Permission not found: com.baidu.permission.SHARE
12-16 04:43:49.778 1519 1519 W DefaultPermGrantPolicy: Permission not found: com.baidu.input.permission.SEND
12-16 04:43:49.778 1519 1519 W DefaultPermGrantPolicy: Permission not found: com.baidu.input.permission.RECEIVE
12-16 04:43:49.778 1519 1519 W DefaultPermGrantPolicy: Permission not found: android.permissio.WRITE_EXTERNAL_STORAGE
12-16 04:43:49.778 1519 1519 W DefaultPermGrantPolicy: Permission not found: android.permission.ADD_VOICEMAIL
12-16 04:43:49.780 1519 1519 I SystemServerTiming: MakeDisplayManagerServiceReady
12-16 04:43:49.781 1519 1622 E DisplayModeDirector: Asked about unknown display, returning empty display mode specs!(id=0)
12-16 04:43:49.781 1519 1622 E DisplayModeDirector: Asked about unknown display, returning empty display mode specs!(id=0)
12-16 04:43:49.783 1519 1519 I SystemServerTiming: StartDeviceSpecificServices
12-16 04:43:49.783 1519 1519 I SystemServerTiming: GameManagerService
12-16 04:43:49.783 1519 1519 I SystemServiceManager: Starting com.android.server.app.GameManagerService$Lifecycle
12-16 04:43:49.784 1519 1519 I SystemServerTiming: StartBootPhaseDeviceSpecificServicesReady
12-16 04:43:49.784 1519 1519 I SystemServiceManager: Starting phase 520
12-16 04:43:49.784 1519 1519 I SystemServerTiming: OnBootPhase_520
12-16 04:43:49.784 1519 1519 I SystemServerTiming: OnBootPhase_520_com.android.server.security.FileIntegrityService
12-16 04:43:49.784 1519 1519 I SystemServerTiming: OnBootPhase_520_com.android.server.pm.Installer
12-16 04:43:49.784 1519 1519 I SystemServerTiming: OnBootPhase_520_com.android.server.os.DeviceIdentifiersPolicyService
12-16 04:43:49.784 1519 1519 I SystemServerTiming: OnBootPhase_520_com.android.server.uri.UriGrantsManagerService$Lifecycle
12-16 04:43:49.784 1519 1519 I SystemServerTiming: OnBootPhase_520_com.android.server.powerstats.PowerStatsService
12-16 04:43:49.784 1519 1519 I SystemServerTiming: OnBootPhase_520_com.android.server.wm.ActivityTaskManagerService$Lifecycle
12-16 04:43:49.784 1519 1519 I SystemServerTiming: OnBootPhase_520_com.android.server.am.ActivityManagerService$Lifecycle
12-16 04:43:49.784 1519 1519 I SystemServerTiming: OnBootPhase_520_com.android.server.pm.DataLoaderManagerService
12-16 04:43:49.784 1519 1519 I SystemServerTiming: OnBootPhase_520_com.android.server.power.PowerManagerService
12-16 04:43:49.784 1519 1519 I SystemServerTiming: OnBootPhase_520_com.android.server.power.ThermalManagerService
12-16 04:43:49.784 1519 1519 I SystemServerTiming: OnBootPhase_520_com.android.server.power.hint.HintManagerService
12-16 04:43:49.784 1519 1519 I SystemServerTiming: OnBootPhase_520_com.android.server.recoverysystem.RecoverySystemService$Lifecycle
12-16 04:43:49.784 1519 1519 I SystemServerTiming: OnBootPhase_520_com.android.server.lights.LightsService
12-16 04:43:49.784 1519 1519 I SystemServerTiming: OnBootPhase_520_com.android.server.display.DisplayManagerService
12-16 04:43:49.784 1519 1519 I SystemServerTiming: OnBootPhase_520_com.android.server.pm.verify.domain.DomainVerificationService
12-16 04:43:49.784 1519 1519 I SystemServerTiming: OnBootPhase_520_com.android.server.pm.PackageInstallerService$Lifecycle
12-16 04:43:49.784 1519 1519 I SystemServerTiming: OnBootPhase_520_com.android.server.pm.UserManagerService$LifeCycle
12-16 04:43:49.784 1519 1519 I SystemServerTiming: OnBootPhase_520_com.android.server.om.OverlayManagerService
12-16 04:43:49.784 1519 1519 I SystemServerTiming: OnBootPhase_520_com.android.server.SensorPrivacyService
12-16 04:43:49.784 1519 1519 I SystemServerTiming: OnBootPhase_520_com.android.server.sensors.SensorService
12-16 04:43:49.784 1519 1519 I SystemServerTiming: OnBootPhase_520_com.android.server.SystemConfigService
12-16 04:43:49.784 1519 1519 I SystemServerTiming: OnBootPhase_520_com.android.server.BatteryService
12-16 04:43:49.784 1519 1519 I SystemServerTiming: OnBootPhase_520_com.android.server.usage.UsageStatsService
12-16 04:43:49.784 1519 1519 I SystemServerTiming: OnBootPhase_520_com.android.server.webkit.WebViewUpdateService
12-16 04:43:49.784 1519 1519 I SystemServerTiming: OnBootPhase_520_com.android.server.CachedDeviceStateService
12-16 04:43:49.784 1519 1519 I SystemServerTiming: OnBootPhase_520_com.android.server.BinderCallsStatsService$LifeCycle
12-16 04:43:49.784 1519 1519 I SystemServerTiming: OnBootPhase_520_com.android.server.LooperStatsService$Lifecycle
12-16 04:43:49.784 1519 1519 I SystemServerTiming: OnBootPhase_520_com.android.server.rollback.RollbackManagerService
12-16 04:43:49.784 1519 1519 I SystemServerTiming: OnBootPhase_520_com.android.server.os.NativeTombstoneManagerService
12-16 04:43:49.784 1519 1519 I SystemServerTiming: OnBootPhase_520_com.android.server.os.BugreportManagerService
12-16 04:43:49.784 1519 1519 I SystemServerTiming: OnBootPhase_520_com.android.server.gpu.GpuService
12-16 04:43:49.784 1519 1519 I SystemServerTiming: OnBootPhase_520_com.android.server.security.KeyChainSystemService
12-16 04:43:49.784 1519 1519 I SystemServerTiming: OnBootPhase_520_com.android.server.telecom.TelecomLoaderService
12-16 04:43:49.784 1519 1519 I SystemServerTiming: OnBootPhase_520_com.android.server.accounts.AccountManagerService$Lifecycle
12-16 04:43:49.784 1519 1519 I SystemServerTiming: OnBootPhase_520_com.android.server.content.ContentService$Lifecycle
12-16 04:43:49.784 1519 1519 I SystemServerTiming: OnBootPhase_520_com.android.server.DropBoxManagerService
12-16 04:43:49.784 1519 1519 I SystemServerTiming: OnBootPhase_520_com.android.role.RoleService
12-16 04:43:49.784 1519 1519 I SystemServerTiming: OnBootPhase_520_com.android.server.vibrator.VibratorManagerService$Lifecycle
12-16 04:43:49.784 1519 1519 I SystemServerTiming: OnBootPhase_520_com.android.server.alarm.AlarmManagerService
12-16 04:43:49.784 1519 1519 I SystemServerTiming: OnBootPhase_520_com.android.server.devicestate.DeviceStateManagerService
12-16 04:43:49.784 1519 1519 I SystemServerTiming: OnBootPhase_520_com.android.server.camera.CameraServiceProxy
12-16 04:43:49.784 1519 1519 I SystemServerTiming: OnBootPhase_520_com.android.server.BluetoothService
12-16 04:43:49.784 1519 1519 I SystemServerTiming: OnBootPhase_520_com.android.server.connectivity.IpConnectivityMetrics
12-16 04:43:49.784 1519 1519 I SystemServerTiming: OnBootPhase_520_com.android.server.net.watchlist.NetworkWatchlistService$Lifecycle
12-16 04:43:49.784 1519 1519 I SystemServerTiming: OnBootPhase_520_com.android.server.PinnerService
12-16 04:43:49.784 1519 1519 I SystemServerTiming: OnBootPhase_520_com.google.android.startop.iorap.IorapForwardingService
12-16 04:43:49.784 1519 1519 I SystemServerTiming: OnBootPhase_520_com.android.server.ActivityTriggerService
12-16 04:43:49.784 1519 1519 I SystemServerTiming: OnBootPhase_520_com.android.server.integrity.AppIntegrityManagerService
12-16 04:43:49.784 1519 1519 I SystemServerTiming: OnBootPhase_520_com.android.server.inputmethod.InputMethodManagerService$Lifecycle
12-16 04:43:49.784 1519 1519 I SystemServerTiming: OnBootPhase_520_com.android.server.accessibility.AccessibilityManagerService$Lifecycle
12-16 04:43:49.784 1519 1519 I SystemServerTiming: OnBootPhase_520_com.android.server.StorageManagerService$Lifecycle
12-16 04:43:49.784 1519 1519 I SystemServerTiming: OnBootPhase_520_com.android.server.usage.StorageStatsService$Lifecycle
12-16 04:43:49.784 1519 1519 I SystemServerTiming: OnBootPhase_520_com.android.server.UiModeManagerService
12-16 04:43:49.784 1519 1519 I SystemServerTiming: OnBootPhase_520_com.android.server.locksettings.LockSettingsService$Lifecycle
12-16 04:43:49.784 1519 1519 I SystemServerTiming: OnBootPhase_520_com.android.server.PersistentDataBlockService
12-16 04:43:49.784 1519 1519 I SystemServerTiming: OnBootPhase_520_com.android.server.testharness.TestHarnessModeService
12-16 04:43:49.784 1519 1519 I SystemServerTiming: OnBootPhase_520_com.android.server.oemlock.OemLockService
12-16 04:43:49.784 1519 1519 I SystemServerTiming: OnBootPhase_520_com.android.server.DeviceIdleController
12-16 04:43:49.784 1519 1519 I SystemServerTiming: OnBootPhase_520_com.android.server.devicepolicy.DevicePolicyManagerService$Lifecycle
12-16 04:43:49.784 1519 1519 I SystemServerTiming: OnBootPhase_520_com.android.server.texttospeech.TextToSpeechManagerService
12-16 04:43:49.784 1519 1519 I SystemServerTiming: OnBootPhase_520_com.android.server.speech.SpeechRecognitionManagerService
12-16 04:43:49.784 1519 1519 I SystemServerTiming: OnBootPhase_520_com.android.server.searchui.SearchUiManagerService
12-16 04:43:49.784 1519 1519 I SystemServerTiming: OnBootPhase_520_com.android.server.smartspace.SmartspaceManagerService
12-16 04:43:49.784 1519 1519 I SystemServerTiming: OnBootPhase_520_com.android.server.graphics.fonts.FontManagerService$Lifecycle
12-16 04:43:49.784 1519 1519 I SystemServerTiming: OnBootPhase_520_com.android.server.textservices.TextServicesManagerService$Lifecycle
12-16 04:43:49.784 1519 1519 I SystemServerTiming: OnBootPhase_520_com.android.server.textclassifier.TextClassificationManagerService$Lifecycle
12-16 04:43:49.784 1519 1519 I SystemServerTiming: OnBootPhase_520_com.android.server.NetworkScoreService$Lifecycle
12-16 04:43:49.784 1519 1519 I SystemServerTiming: OnBootPhase_520_com.android.server.wifi.WifiService
12-16 04:43:49.784 1519 1519 I SystemServerTiming: OnBootPhase_520_com.android.server.wifi.scanner.WifiScanningService
12-16 04:43:49.784 1519 1519 I SystemServerTiming: OnBootPhase_520_com.android.server.wifi.rtt.RttService
12-16 04:43:49.784 1519 1519 I SystemServerTiming: OnBootPhase_520_com.android.server.wifi.aware.WifiAwareService
12-16 04:43:49.784 1519 1519 I SystemServerTiming: OnBootPhase_520_com.android.server.wifi.p2p.WifiP2pService
12-16 04:43:49.784 1519 1519 I SystemServerTiming: OnBootPhase_520_com.android.server.ethernet.EthernetService
12-16 04:43:49.784 1519 1519 I SystemServerTiming: OnBootPhase_520_com.android.server.ConnectivityServiceInitializer
12-16 04:43:49.784 1519 1519 I SystemServerTiming: OnBootPhase_520_com.android.server.notification.NotificationManagerService
12-16 04:43:49.784 1519 1519 I SystemServerTiming: OnBootPhase_520_com.android.server.storage.DeviceStorageMonitorService
12-16 04:43:49.784 1519 1519 I SystemServerTiming: OnBootPhase_520_com.android.server.location.LocationManagerService$Lifecycle
12-16 04:43:49.784 1519 1519 I SystemServerTiming: OnBootPhase_520_com.android.server.timedetector.TimeDetectorService$Lifecycle
12-16 04:43:49.784 1519 1519 I SystemServerTiming: OnBootPhase_520_com.android.server.timezonedetector.TimeZoneDetectorService$Lifecycle
12-16 04:43:49.784 1519 1519 I SystemServerTiming: OnBootPhase_520_com.android.server.timezonedetector.location.LocationTimeZoneManagerService$Lifecycle
12-16 04:43:49.784 1519 1519 I SystemServerTiming: OnBootPhase_520_com.android.server.search.SearchManagerService$Lifecycle
12-16 04:43:49.784 1519 1519 I SystemServerTiming: OnBootPhase_520_com.android.server.wallpaper.WallpaperManagerService$Lifecycle
12-16 04:43:49.784 1519 1519 I SystemServerTiming: OnBootPhase_520_com.android.server.audio.AudioService$Lifecycle
12-16 04:43:49.784 1519 1519 I SystemServerTiming: OnBootPhase_520_com.android.server.soundtrigger_middleware.SoundTriggerMiddlewareService$Lifecycle
12-16 04:43:49.784 1519 1519 I SystemServerTiming: OnBootPhase_520_com.android.server.DockObserver
12-16 04:43:49.784 1519 1519 I SystemServerTiming: OnBootPhase_520_com.android.server.midi.MidiService$Lifecycle
12-16 04:43:49.784 1519 1519 I SystemServerTiming: OnBootPhase_520_com.android.server.adb.AdbService$Lifecycle
12-16 04:43:49.784 1519 1519 I SystemServerTiming: OnBootPhase_520_com.android.server.usb.UsbService$Lifecycle
12-16 04:43:49.784 1519 1519 I SystemServerTiming: OnBootPhase_520_com.android.server.twilight.TwilightService
12-16 04:43:49.784 1519 1519 I SystemServerTiming: OnBootPhase_520_com.android.server.display.color.ColorDisplayService
12-16 04:43:49.784 1519 1519 I SystemServerTiming: OnBootPhase_520_com.android.server.job.JobSchedulerService
12-16 04:43:49.784 1519 1519 I SystemServerTiming: OnBootPhase_520_com.android.server.soundtrigger.SoundTriggerService
12-16 04:43:49.784 1519 1519 D SoundTriggerService: onBootPhase: 520 : false
12-16 04:43:49.784 1519 1519 I SystemServerTiming: OnBootPhase_520_com.android.server.trust.TrustManagerService
12-16 04:43:49.784 1519 1519 I SystemServerTiming: OnBootPhase_520_com.android.server.backup.BackupManagerService$Lifecycle
12-16 04:43:49.784 1519 1519 I SystemServerTiming: OnBootPhase_520_com.android.server.appwidget.AppWidgetService
12-16 04:43:49.784 1519 1519 I SystemServerTiming: OnBootPhase_520_com.android.server.voiceinteraction.VoiceInteractionManagerService
12-16 04:43:49.784 1519 1519 I SystemServerTiming: OnBootPhase_520_com.android.server.apphibernation.AppHibernationService
12-16 04:43:49.784 1519 1519 I SystemServerTiming: OnBootPhase_520_com.android.server.GestureLauncherService
12-16 04:43:49.784 1519 1519 I SystemServerTiming: OnBootPhase_520_com.android.server.SensorNotificationService
12-16 04:43:49.784 1519 1519 I SystemServerTiming: OnBootPhase_520_com.android.server.emergency.EmergencyAffordanceService
12-16 04:43:49.784 1519 1519 I SystemServerTiming: OnBootPhase_520_com.android.server.blob.BlobStoreManagerService
12-16 04:43:49.784 1519 1519 I SystemServerTiming: OnBootPhase_520_com.android.server.dreams.DreamManagerService
12-16 04:43:49.784 1519 1519 I SystemServerTiming: OnBootPhase_520_com.android.server.companion.CompanionDeviceManagerService
12-16 04:43:49.784 1519 1519 I SystemServerTiming: OnBootPhase_520_com.android.server.restrictions.RestrictionsManagerService
12-16 04:43:49.784 1519 1519 I SystemServerTiming: OnBootPhase_520_com.android.server.media.MediaSessionService
12-16 04:43:49.784 1519 1519 I SystemServerTiming: OnBootPhase_520_com.android.server.media.MediaResourceMonitorService
12-16 04:43:49.784 1519 1519 I SystemServerTiming: OnBootPhase_520_com.android.server.biometrics.sensors.fingerprint.FingerprintService
12-16 04:43:49.784 1519 1519 I SystemServerTiming: OnBootPhase_520_com.android.server.biometrics.BiometricService
12-16 04:43:49.785 1519 1519 I SystemServerTiming: OnBootPhase_520_com.android.server.biometrics.AuthService
12-16 04:43:49.785 1519 1519 I SystemServerTiming: OnBootPhase_520_com.android.server.pm.ShortcutService$Lifecycle
12-16 04:43:49.785 1519 1519 I SystemServerTiming: OnBootPhase_520_com.android.server.pm.LauncherAppsService
12-16 04:43:49.785 1519 1519 I SystemServerTiming: OnBootPhase_520_com.android.server.pm.CrossProfileAppsService
12-16 04:43:49.785 1519 1519 I SystemServerTiming: OnBootPhase_520_com.android.server.people.PeopleService
12-16 04:43:49.785 1519 1519 I SystemServerTiming: OnBootPhase_520_com.android.server.media.metrics.MediaMetricsManagerService
12-16 04:43:49.785 1519 1519 I SystemServerTiming: OnBootPhase_520_com.android.server.media.projection.MediaProjectionManagerService
12-16 04:43:49.785 1519 1519 I SystemServerTiming: OnBootPhase_520_com.android.server.slice.SliceManagerService$Lifecycle
12-16 04:43:49.785 1519 1519 I SystemServerTiming: OnBootPhase_520_com.android.server.stats.StatsCompanion$Lifecycle
12-16 04:43:49.785 1519 1519 I SystemServerTiming: OnBootPhase_520_com.android.server.scheduling.RebootReadinessManagerService$Lifecycle
12-16 04:43:49.785 1519 1519 I SystemServerTiming: OnBootPhase_520_com.android.server.stats.pull.StatsPullAtomService
12-16 04:43:49.785 1519 1519 I SystemServerTiming: OnBootPhase_520_com.android.server.incident.IncidentCompanionService
12-16 04:43:49.785 1519 1519 I SystemServerTiming: OnBootPhase_520_com.android.server.MmsServiceBroker
12-16 04:43:49.785 1519 1519 I SystemServerTiming: OnBootPhase_520_com.android.server.autofill.AutofillManagerService
12-16 04:43:49.785 1519 1519 I SystemServerTiming: OnBootPhase_520_com.android.server.clipboard.ClipboardService
12-16 04:43:49.785 1519 1519 I SystemServerTiming: OnBootPhase_520_com.android.server.appbinding.AppBindingService$Lifecycle
12-16 04:43:49.785 1519 1519 I SystemServerTiming: OnBootPhase_520_com.android.server.tracing.TracingServiceProxy
12-16 04:43:49.785 1519 1519 I SystemServerTiming: OnBootPhase_520_com.android.server.policy.PermissionPolicyService
12-16 04:43:49.785 1519 1519 I SystemServerTiming: OnBootPhase_520_com.android.server.pm.StagingManager$Lifecycle
12-16 04:43:49.785 1519 1519 I SystemServerTiming: OnBootPhase_520_com.android.server.app.GameManagerService$Lifecycle
12-16 04:43:49.785 1519 1519 I SystemServerTiming: AppSearchManagerService
12-16 04:43:49.788 1519 1519 I SystemServiceManager: Starting com.android.server.appsearch.AppSearchManagerService
12-16 04:43:49.789 1519 1519 I SystemServerTiming: StartMediaCommunicationService
12-16 04:43:49.789 1519 1519 I SystemServiceManager: Starting com.android.server.media.MediaCommunicationService
12-16 04:43:49.789 1519 1519 I SystemServerTiming: PhaseActivityManagerReady
12-16 04:43:49.789 1519 1519 I SystemServerTiming: controllersReady
12-16 04:43:49.790 1519 1731 I SystemServerTimingAsync: InitThreadPoolExec:Update app-ops uidState in case package com.android.providers.media.module changed
12-16 04:43:49.790 1519 1744 I SystemServerTimingAsync: InitThreadPoolExec:Update app-ops uidState in case package com.hht.lebocast changed
12-16 04:43:49.791 1519 1786 I SystemServerTimingAsync: InitThreadPoolExec:Update app-ops uidState in case package com.qualcomm.qti.workloadclassifier changed
12-16 04:43:49.791 1519 1742 I SystemServerTimingAsync: InitThreadPoolExec:Update app-ops uidState in case package com.android.systemui changed
12-16 04:43:49.791 1519 1758 I SystemServerTimingAsync: InitThreadPoolExec:Update app-ops uidState in case package com.qualcomm.qtil.aptxui changed
12-16 04:43:49.791 1519 2010 I SystemServerTimingAsync: InitThreadPoolExec:Update app-ops uidState in case package com.android.launcher3 changed
12-16 04:43:49.791 1519 1626 I SystemServerTimingAsync: InitThreadPoolExec:Update app-ops uidState in case package com.qualcomm.location changed
12-16 04:43:49.791 1519 1720 I SystemServerTimingAsync: InitThreadPoolExec:Update app-ops uidState in case package com.android.deskclock changed
12-16 04:43:49.791 1519 1731 I SystemServerTimingAsync: InitThreadPoolExec:Update app-ops uidState in case package com.baidu.input changed
12-16 04:43:49.791 1519 1744 I SystemServerTimingAsync: InitThreadPoolExec:Update app-ops uidState in case package com.android.providers.contacts changed
12-16 04:43:49.791 1519 1731 I SystemServerTimingAsync: InitThreadPoolExec:Update app-ops uidState in case package com.android.providers.calendar changed
12-16 04:43:49.791 1519 1744 I SystemServerTimingAsync: InitThreadPoolExec:Update app-ops uidState in case package com.android.providers.media changed
12-16 04:43:49.791 1519 1731 I SystemServerTimingAsync: InitThreadPoolExec:Update app-ops uidState in case package com.android.bluetooth changed
12-16 04:43:49.791 1519 1744 I SystemServerTimingAsync: InitThreadPoolExec:Update app-ops uidState in case package android changed
12-16 04:43:49.791 1519 1731 I SystemServerTimingAsync: InitThreadPoolExec:Update app-ops uidState in case package com.thundercomm.tcsetupwizard changed
12-16 04:43:49.791 1519 1786 I SystemServerTimingAsync: InitThreadPoolExec:Update app-ops uidState in case package com.android.settings changed
12-16 04:43:49.791 1519 1626 I SystemServerTimingAsync: InitThreadPoolExec:Update app-ops uidState in case package com.android.server.telecom changed
12-16 04:43:49.791 1519 1519 I SystemServerTiming: killProcesses
12-16 04:43:49.791 1519 1519 I ActivityManager: System now ready
12-16 04:43:49.791 1519 1519 I SystemServerTiming: updateTopComponentForFactoryTest
12-16 04:43:49.792 1519 1519 I SystemServerTiming: registerActivityLaunchObserver
12-16 04:43:49.792 1519 1519 I SystemServerTiming: watchDeviceProvisioning
12-16 04:43:49.792 1519 1519 I SystemServerTiming: retrieveSettings
12-16 04:43:49.793 1519 1519 I ActivityTaskManager: Config changes=10000000 {1.0 ?mcc?mnc [zh_CN] ldltr sw680dp w1586dp h584dp 240dpi lrg long land finger -keyb/v/h -nav/h winConfig={ mBounds=Rect(0, 0 - 2380, 1020) mAppBounds=Rect(0, 0 - 2380, 948) mMaxBounds=Rect(0, 0 - 2380, 1020) mWindowingMode=fullscreen mDisplayWindowingMode=fullscreen mActivityType=undefined mAlwaysOnTop=undefined mRotation=ROTATION_0} s.8 fontWeightAdjustment=0}
12-16 04:43:49.793 1519 1519 I WindowManager: Override config changes=10000000 {1.0 ?mcc?mnc [zh_CN] ldltr sw680dp w1586dp h584dp 240dpi lrg long land finger -keyb/v/h -nav/h winConfig={ mBounds=Rect(0, 0 - 2380, 1020) mAppBounds=Rect(0, 0 - 2380, 948) mMaxBounds=Rect(0, 0 - 2380, 1020) mWindowingMode=fullscreen mDisplayWindowingMode=fullscreen mActivityType=undefined mAlwaysOnTop=undefined mRotation=ROTATION_0} s.8 fontWeightAdjustment=0} for displayId=0
12-16 04:43:49.794 1519 1519 I SystemServerTiming: Ugm.onSystemReady
12-16 04:43:49.796 1519 1519 I SystemServerTiming: updateForceBackgroundCheck
12-16 04:43:49.796 1519 1519 I SystemServer: Making services ready
12-16 04:43:49.796 1519 1519 I SystemServerTiming: StartActivityManagerReadyPhase
12-16 04:43:49.796 1519 1519 I SystemServiceManager: Starting phase 550
12-16 04:43:49.796 1519 1519 I SystemServerTiming: OnBootPhase_550
12-16 04:43:49.796 1519 1519 I SystemServerTiming: OnBootPhase_550_com.android.server.security.FileIntegrityService
12-16 04:43:49.796 1519 1519 I SystemServerTiming: OnBootPhase_550_com.android.server.pm.Installer
12-16 04:43:49.796 1519 1519 I SystemServerTiming: OnBootPhase_550_com.android.server.os.DeviceIdentifiersPolicyService
12-16 04:43:49.796 1519 1519 I SystemServerTiming: OnBootPhase_550_com.android.server.uri.UriGrantsManagerService$Lifecycle
12-16 04:43:49.796 1519 1519 I SystemServerTiming: OnBootPhase_550_com.android.server.powerstats.PowerStatsService
12-16 04:43:49.796 1519 1519 I SystemServerTiming: OnBootPhase_550_com.android.server.wm.ActivityTaskManagerService$Lifecycle
12-16 04:43:49.796 1519 1519 I SystemServerTiming: OnBootPhase_550_com.android.server.am.ActivityManagerService$Lifecycle
12-16 04:43:49.796 1519 1519 I SystemServerTiming: OnBootPhase_550_com.android.server.pm.DataLoaderManagerService
12-16 04:43:49.796 1519 1519 I SystemServerTiming: OnBootPhase_550_com.android.server.power.PowerManagerService
12-16 04:43:49.796 1519 1519 I SystemServerTiming: OnBootPhase_550_com.android.server.power.ThermalManagerService
12-16 04:43:49.797 1519 1519 I ThermalHalWrapper: Thermal HAL 2.0 service connected.
12-16 04:43:49.797 1519 1519 E ThermalHalWrapper: Couldn't get temperatures because of HAL error: ThermalHAL not initialized properly.
12-16 04:43:49.797 1519 1519 W ThermalManagerService: Thermal HAL reported invalid data, abort connection
12-16 04:43:49.797 1519 1519 E ThermalHalWrapper: Couldn't get temperature thresholds because of HAL error: ThermalHAL not initialized properly.
12-16 04:43:49.797 1519 1519 I SystemServerTiming: OnBootPhase_550_com.android.server.power.hint.HintManagerService
12-16 04:43:49.797 1519 1519 I SystemServerTiming: OnBootPhase_550_com.android.server.recoverysystem.RecoverySystemService$Lifecycle
12-16 04:43:49.797 1519 1519 I SystemServerTiming: OnBootPhase_550_com.android.server.lights.LightsService
12-16 04:43:49.797 1519 1519 I SystemServerTiming: OnBootPhase_550_com.android.server.display.DisplayManagerService
12-16 04:43:49.797 1519 1519 I SystemServerTiming: OnBootPhase_550_com.android.server.pm.verify.domain.DomainVerificationService
12-16 04:43:49.797 1519 1519 I SystemServerTiming: OnBootPhase_550_com.android.server.pm.PackageInstallerService$Lifecycle
12-16 04:43:49.797 1519 1519 I SystemServerTiming: OnBootPhase_550_com.android.server.pm.UserManagerService$LifeCycle
12-16 04:43:49.797 1519 1519 I SystemServerTiming: OnBootPhase_550_com.android.server.om.OverlayManagerService
12-16 04:43:49.797 1519 1519 I SystemServerTiming: OnBootPhase_550_com.android.server.SensorPrivacyService
12-16 04:43:49.797 1519 1519 I SystemServerTiming: OnBootPhase_550_com.android.server.sensors.SensorService
12-16 04:43:49.798 1519 1519 I SystemServerTiming: OnBootPhase_550_com.android.server.SystemConfigService
12-16 04:43:49.798 1519 1519 I SystemServerTiming: OnBootPhase_550_com.android.server.BatteryService
12-16 04:43:49.798 1519 1519 I SystemServerTiming: OnBootPhase_550_com.android.server.usage.UsageStatsService
12-16 04:43:49.798 1519 1519 I SystemServerTiming: OnBootPhase_550_com.android.server.webkit.WebViewUpdateService
12-16 04:43:49.798 1519 1519 I SystemServerTiming: OnBootPhase_550_com.android.server.CachedDeviceStateService
12-16 04:43:49.798 1519 1519 I SystemServerTiming: OnBootPhase_550_com.android.server.BinderCallsStatsService$LifeCycle
12-16 04:43:49.798 1519 1519 I SystemServerTiming: OnBootPhase_550_com.android.server.LooperStatsService$Lifecycle
12-16 04:43:49.798 1519 1519 I SystemServerTiming: OnBootPhase_550_com.android.server.rollback.RollbackManagerService
12-16 04:43:49.798 1519 1519 I SystemServerTiming: OnBootPhase_550_com.android.server.os.NativeTombstoneManagerService
12-16 04:43:49.798 1519 1519 I SystemServerTiming: OnBootPhase_550_com.android.server.os.BugreportManagerService
12-16 04:43:49.798 1519 1519 I SystemServerTiming: OnBootPhase_550_com.android.server.gpu.GpuService
12-16 04:43:49.798 1519 1519 I SystemServerTiming: OnBootPhase_550_com.android.server.security.KeyChainSystemService
12-16 04:43:49.798 1519 1519 I SystemServerTiming: OnBootPhase_550_com.android.server.telecom.TelecomLoaderService
12-16 04:43:49.799 1519 1519 W ActivityManager: Too early to start/bind service in system_server: Phase=550 ComponentInfo{com.android.server.telecom/com.android.server.telecom.components.TelecomService}
12-16 04:43:49.800 1519 1519 D CompatibilityChangeReporter: Compat change id reported: 168419799; UID 1000; state: DISABLED
12-16 04:43:49.800 1519 1519 W ActivityManager: Too early to start/bind service in system_server: Phase=550 ComponentInfo{com.android.server.telecom/com.android.server.telecom.components.TelecomService}
12-16 04:43:49.800 1519 1519 I SystemServerTiming: OnBootPhase_550_com.android.server.accounts.AccountManagerService$Lifecycle
12-16 04:43:49.800 1519 1519 I SystemServerTiming: OnBootPhase_550_com.android.server.content.ContentService$Lifecycle
12-16 04:43:49.800 1519 1519 I SystemServerTiming: OnBootPhase_550_com.android.server.DropBoxManagerService
12-16 04:43:49.800 1519 1519 I SystemServerTiming: OnBootPhase_550_com.android.role.RoleService
12-16 04:43:49.800 1519 1519 I SystemServerTiming: OnBootPhase_550_com.android.server.vibrator.VibratorManagerService$Lifecycle
12-16 04:43:49.800 1519 1519 I SystemServerTiming: OnBootPhase_550_com.android.server.alarm.AlarmManagerService
12-16 04:43:49.800 1519 1519 I SystemServerTiming: OnBootPhase_550_com.android.server.devicestate.DeviceStateManagerService
12-16 04:43:49.800 1519 1519 I SystemServerTiming: OnBootPhase_550_com.android.server.camera.CameraServiceProxy
12-16 04:43:49.800 1519 1519 I SystemServerTiming: OnBootPhase_550_com.android.server.BluetoothService
12-16 04:43:49.800 1519 1519 D BluetoothManagerService: Bluetooth boot completed
12-16 04:43:49.800 1519 1519 D BluetoothManagerService: Auto-enabling Bluetooth.
12-16 04:43:49.801 1519 1621 D BluetoothManagerService: MESSAGE_ENABLE(0): mBluetooth = null
12-16 04:43:49.801 1519 1621 D BluetoothManagerService: MESSAGE_ENABLE: handleEnable
