12-16 04:49:05.164 3006 5162 D hpplay-base: [lelinkSinkServer:93] new client connection from 127.0.0.1 40606, fd=127
12-16 04:49:05.164 3006 5162 D hpplay-base: [SinkContext:137] addSinkContextSession,begin to run!!
12-16 04:49:05.164 3006 5162 D hpplay-base: [SinkContext:142] addSinkContextSession,begin to get lock!!
12-16 04:49:05.164 3006 5162 D hpplay-base: [SinkContext:144] addSinkContextSession,get lock ok!!
12-16 04:49:05.164 3006 5162 D hpplay-base: [SinkContext:149] addSinkContextSession,session list is null,begin to malloc!!
12-16 04:49:05.164 3006 5162 D hpplay-base: [SinkContext:156] addSinkContextSession,begin to update!!
12-16 04:49:05.164 3006 5162 D hpplay-base: [SinkContext:160] addSinkContextSession,begin to update header!!
12-16 04:49:05.164 3006 5162 D hpplay-base: [SinkContext:172] addSinkContextSession,begin to unlock!!
12-16 04:49:05.164 3006 5162 D hpplay-base: [SinkContext:174] addSinkContextSession,unlock ok!!
12-16 04:49:05.164 3006 5162 D hpplay-base: [LelinkReceiver:4908] get ping !!!
12-16 04:49:05.164 3006 5157 D hpplay-base: [mDNSEmbeded:240] http_port bind check 240 http_port_check recieved:64
12-16 04:49:05.164 3006 5157 D hpplay-base: [mDNSEmbeded:243] http_port bind check 243 http_port_check
12-16 04:49:05.164 3006 5157 D hpplay-base: [mDNSEmbeded:244] http_port bind check ok!
12-16 04:49:05.365 3006 5162 I hpplay-base: [LelinkReceiver:14605] _connectionFinalize (127)
12-16 04:49:05.365 3006 5162 D hpplay-base: [LelinkReceiver:14752] ###connectionFinalize,release ok!!###
12-16 04:49:05.487 1519 1645 V DisplayPowerController[0]: Brightness [0.05] reason changing to: 'manual [ dim ]', previous reason: 'manual'.
12-16 04:49:05.488 1519 1645 W PowerManagerService: Screen on took 55671 ms
12-16 04:49:05.491 1519 2074 E DisplayDeviceConfig: requesting nits when no mapping exists.
12-16 04:49:05.491 1519 2074 E DisplayDeviceConfig: requesting nits when no mapping exists.
12-16 04:49:05.493 1519 1629 I DropBoxManagerService: add tag=system_server_wtf isTagEnabled=true flags=0x2
12-16 04:49:05.496 1519 1629 I DropBoxManagerService: add tag=system_server_wtf isTagEnabled=true flags=0x2
12-16 04:49:05.508 1519 2074 E DisplayDeviceConfig: requesting nits when no mapping exists.
12-16 04:49:05.508 1519 2074 E DisplayDeviceConfig: requesting nits when no mapping exists.
12-16 04:49:05.509 1519 1629 I DropBoxManagerService: add tag=system_server_wtf isTagEnabled=true flags=0x2
12-16 04:49:05.511 1519 1629 I DropBoxManagerService: add tag=system_server_wtf isTagEnabled=true flags=0x2
12-16 04:49:05.524 1519 2074 E DisplayDeviceConfig: requesting nits when no mapping exists.
12-16 04:49:05.524 1519 2074 E DisplayDeviceConfig: requesting nits when no mapping exists.
12-16 04:49:05.526 1519 1629 I DropBoxManagerService: add tag=system_server_wtf isTagEnabled=true flags=0x2
12-16 04:49:05.541 1519 2074 E DisplayDeviceConfig: requesting nits when no mapping exists.
12-16 04:49:05.541 1519 2074 E DisplayDeviceConfig: requesting nits when no mapping exists.
12-16 04:49:05.557 1519 2074 E DisplayDeviceConfig: requesting nits when no mapping exists.
12-16 04:49:05.558 1519 2074 E DisplayDeviceConfig: requesting nits when no mapping exists.
12-16 04:49:05.574 1519 2074 E DisplayDeviceConfig: requesting nits when no mapping exists.
12-16 04:49:05.575 1519 2074 E DisplayDeviceConfig: requesting nits when no mapping exists.
12-16 04:49:05.591 1519 2074 E DisplayDeviceConfig: requesting nits when no mapping exists.
12-16 04:49:05.592 1519 2074 E DisplayDeviceConfig: requesting nits when no mapping exists.
12-16 04:49:05.608 1519 2074 E DisplayDeviceConfig: requesting nits when no mapping exists.
12-16 04:49:05.608 1519 2074 E DisplayDeviceConfig: requesting nits when no mapping exists.
12-16 04:49:05.624 1519 2074 E DisplayDeviceConfig: requesting nits when no mapping exists.
12-16 04:49:05.625 1519 2074 E DisplayDeviceConfig: requesting nits when no mapping exists.
12-16 04:49:05.641 1519 2074 E DisplayDeviceConfig: requesting nits when no mapping exists.
12-16 04:49:05.642 1519 2074 E DisplayDeviceConfig: requesting nits when no mapping exists.
12-16 04:49:05.658 1519 2074 E DisplayDeviceConfig: requesting nits when no mapping exists.
12-16 04:49:05.658 1519 2074 E DisplayDeviceConfig: requesting nits when no mapping exists.
12-16 04:49:05.674 1519 2074 E DisplayDeviceConfig: requesting nits when no mapping exists.
12-16 04:49:05.675 1519 2074 E DisplayDeviceConfig: requesting nits when no mapping exists.
12-16 04:49:05.691 1519 2074 E DisplayDeviceConfig: requesting nits when no mapping exists.
12-16 04:49:05.691 1519 2074 E DisplayDeviceConfig: requesting nits when no mapping exists.
12-16 04:49:05.708 1519 2074 E DisplayDeviceConfig: requesting nits when no mapping exists.
12-16 04:49:05.709 1519 2074 E DisplayDeviceConfig: requesting nits when no mapping exists.
12-16 04:49:05.725 1519 2074 E DisplayDeviceConfig: requesting nits when no mapping exists.
12-16 04:49:05.726 1519 2074 E DisplayDeviceConfig: requesting nits when no mapping exists.
12-16 04:49:05.741 1519 2074 E DisplayDeviceConfig: requesting nits when no mapping exists.
12-16 04:49:05.742 1519 2074 E DisplayDeviceConfig: requesting nits when no mapping exists.
12-16 04:49:05.758 1519 2074 E DisplayDeviceConfig: requesting nits when no mapping exists.
12-16 04:49:05.759 1519 2074 E DisplayDeviceConfig: requesting nits when no mapping exists.
12-16 04:49:05.775 1519 2074 E DisplayDeviceConfig: requesting nits when no mapping exists.
12-16 04:49:05.775 1519 2074 E DisplayDeviceConfig: requesting nits when no mapping exists.
12-16 04:49:05.791 1519 2074 E DisplayDeviceConfig: requesting nits when no mapping exists.
12-16 04:49:05.792 1519 2074 E DisplayDeviceConfig: requesting nits when no mapping exists.
12-16 04:49:05.808 1519 2074 E DisplayDeviceConfig: requesting nits when no mapping exists.
12-16 04:49:05.809 1519 2074 E DisplayDeviceConfig: requesting nits when no mapping exists.
12-16 04:49:05.825 1519 2074 E DisplayDeviceConfig: requesting nits when no mapping exists.
12-16 04:49:05.825 1519 2074 E DisplayDeviceConfig: requesting nits when no mapping exists.
12-16 04:49:05.842 1519 2074 E DisplayDeviceConfig: requesting nits when no mapping exists.
12-16 04:49:05.842 1519 2074 E DisplayDeviceConfig: requesting nits when no mapping exists.
12-16 04:49:05.858 1519 2074 E DisplayDeviceConfig: requesting nits when no mapping exists.
12-16 04:49:05.859 1519 2074 E DisplayDeviceConfig: requesting nits when no mapping exists.
12-16 04:49:05.875 1519 2074 E DisplayDeviceConfig: requesting nits when no mapping exists.
12-16 04:49:05.875 1519 2074 E DisplayDeviceConfig: requesting nits when no mapping exists.
12-16 04:49:05.891 1519 2074 E DisplayDeviceConfig: requesting nits when no mapping exists.
12-16 04:49:05.892 1519 2074 E DisplayDeviceConfig: requesting nits when no mapping exists.
12-16 04:49:05.908 1519 2074 E DisplayDeviceConfig: requesting nits when no mapping exists.
12-16 04:49:05.909 1519 2074 E DisplayDeviceConfig: requesting nits when no mapping exists.
12-16 04:49:05.925 1519 2074 E DisplayDeviceConfig: requesting nits when no mapping exists.
12-16 04:49:05.926 1519 2074 E DisplayDeviceConfig: requesting nits when no mapping exists.
12-16 04:49:05.942 1519 2074 E DisplayDeviceConfig: requesting nits when no mapping exists.
12-16 04:49:05.942 1519 2074 E DisplayDeviceConfig: requesting nits when no mapping exists.
12-16 04:49:05.958 664 676 I mpu_uart: [MSG-P:RECV]:No message received in 1000 ms
12-16 04:49:05.959 1519 2074 E DisplayDeviceConfig: requesting nits when no mapping exists.
12-16 04:49:05.959 1519 2074 E DisplayDeviceConfig: requesting nits when no mapping exists.
12-16 04:49:05.975 1519 2074 E DisplayDeviceConfig: requesting nits when no mapping exists.
12-16 04:49:05.976 1519 2074 E DisplayDeviceConfig: requesting nits when no mapping exists.
12-16 04:49:05.992 1519 2074 E DisplayDeviceConfig: requesting nits when no mapping exists.
12-16 04:49:05.992 1519 2074 E DisplayDeviceConfig: requesting nits when no mapping exists.
12-16 04:49:06.009 1519 2074 E DisplayDeviceConfig: requesting nits when no mapping exists.
12-16 04:49:06.009 1519 2074 E DisplayDeviceConfig: requesting nits when no mapping exists.
12-16 04:49:06.020 2550 2707 I OpenGLRenderer: Davey! duration=9223371705649ms; Flags=0, FrameTimelineVsyncId=6944, IntendedVsync=331204905793, Vsync=331204905793, InputEventId=0, HandleInputStart=331205359142, AnimationStart=331205362007, PerformTraversalsStart=331205364402, DrawStart=331229968621, FrameDeadline=331238239125, FrameInterval=331205349559, FrameStartTime=16666666, SyncQueued=331231312892, SyncStart=331231428361, IssueDrawCommandsStart=331232564350, SwapBuffers=331235360652, FrameCompleted=9223372036854775807, DequeueBufferDuration=51302, QueueBufferDuration=1017187, GpuCompleted=9223372036854775807, SwapBuffersCompleted=331237078517, DisplayPresentTime=0,
12-16 04:49:06.025 1519 2074 E DisplayDeviceConfig: requesting nits when no mapping exists.
12-16 04:49:06.026 1519 2074 E DisplayDeviceConfig: requesting nits when no mapping exists.
12-16 04:49:06.042 1519 2074 E DisplayDeviceConfig: requesting nits when no mapping exists.
12-16 04:49:06.042 1519 2074 E DisplayDeviceConfig: requesting nits when no mapping exists.
12-16 04:49:06.058 1519 2074 E DisplayDeviceConfig: requesting nits when no mapping exists.
12-16 04:49:06.059 1519 2074 E DisplayDeviceConfig: requesting nits when no mapping exists.
12-16 04:49:06.076 1519 2074 E DisplayDeviceConfig: requesting nits when no mapping exists.
12-16 04:49:06.076 1519 2074 E DisplayDeviceConfig: requesting nits when no mapping exists.
12-16 04:49:06.092 1519 2074 E DisplayDeviceConfig: requesting nits when no mapping exists.
12-16 04:49:06.093 1519 2074 E DisplayDeviceConfig: requesting nits when no mapping exists.
12-16 04:49:06.109 1519 2074 E DisplayDeviceConfig: requesting nits when no mapping exists.
12-16 04:49:06.110 1519 2074 E DisplayDeviceConfig: requesting nits when no mapping exists.
12-16 04:49:06.126 1519 2074 E DisplayDeviceConfig: requesting nits when no mapping exists.
12-16 04:49:06.126 1519 2074 E DisplayDeviceConfig: requesting nits when no mapping exists.
01-01 09:02:08.035 0 0 D : mv2112_read_status
01-01 09:02:08.035 0 0 D mv2112_update_link: 3.0x901(1G): 0x80
01-01 09:02:08.035 0 0 D mv2112_update_link: 3.0x8109(100M): 0x8
01-01 09:02:08.035 0 0 D mv2112_update_link: link 0x0
01-01 09:02:08.035 0 0 D mv2112_read_status: autoneg is disabled
12-16 04:49:06.136 3006 5076 W hpplay-java: [AsyncTask #102]:HttpRequest:
12-16 04:49:06.138 3006 5076 W hpplay-java: [AsyncTask #102]:HttpRequest:
12-16 04:49:06.140 3006 5076 W hpplay-java: [AsyncTask #102]:HttpRequest:
12-16 04:49:06.142 1519 2074 E DisplayDeviceConfig: requesting nits when no mapping exists.
12-16 04:49:06.143 1519 2074 E DisplayDeviceConfig: requesting nits when no mapping exists.
12-16 04:49:06.143 0 0 W swapper/1: type=1400 audit(0.0:765): avc: denied { kill } for capability=5 scontext=u:r:kernel:s0 tcontext=u:r:kernel:s0 tclass=capability permissive=0
12-16 04:49:06.159 1519 2074 E DisplayDeviceConfig: requesting nits when no mapping exists.
12-16 04:49:06.159 1519 2074 E DisplayDeviceConfig: requesting nits when no mapping exists.
12-16 04:49:06.176 1519 2074 E DisplayDeviceConfig: requesting nits when no mapping exists.
12-16 04:49:06.176 1519 2074 E DisplayDeviceConfig: requesting nits when no mapping exists.
12-16 04:49:06.192 1519 2074 E DisplayDeviceConfig: requesting nits when no mapping exists.
12-16 04:49:06.193 1519 2074 E DisplayDeviceConfig: requesting nits when no mapping exists.
12-16 04:49:06.209 1519 2074 E DisplayDeviceConfig: requesting nits when no mapping exists.
12-16 04:49:06.210 1519 2074 E DisplayDeviceConfig: requesting nits when no mapping exists.
12-16 04:49:06.226 1519 2074 E DisplayDeviceConfig: requesting nits when no mapping exists.
12-16 04:49:06.226 1519 2074 E DisplayDeviceConfig: requesting nits when no mapping exists.
12-16 04:49:06.242 1519 2074 E DisplayDeviceConfig: requesting nits when no mapping exists.
12-16 04:49:06.243 1519 2074 E DisplayDeviceConfig: requesting nits when no mapping exists.
12-16 04:49:06.259 1519 2074 E DisplayDeviceConfig: requesting nits when no mapping exists.
12-16 04:49:06.260 1519 2074 E DisplayDeviceConfig: requesting nits when no mapping exists.
12-16 04:49:06.276 1519 2074 E DisplayDeviceConfig: requesting nits when no mapping exists.
12-16 04:49:06.276 1519 2074 E DisplayDeviceConfig: requesting nits when no mapping exists.
12-16 04:49:06.293 1519 2074 E DisplayDeviceConfig: requesting nits when no mapping exists.
12-16 04:49:06.293 1519 2074 E DisplayDeviceConfig: requesting nits when no mapping exists.
12-16 04:49:06.310 1519 2074 E DisplayDeviceConfig: requesting nits when no mapping exists.
12-16 04:49:06.310 1519 2074 E DisplayDeviceConfig: requesting nits when no mapping exists.
12-16 04:49:06.326 1519 2074 E DisplayDeviceConfig: requesting nits when no mapping exists.
12-16 04:49:06.327 1519 2074 E DisplayDeviceConfig: requesting nits when no mapping exists.
12-16 04:49:06.343 1519 2074 E DisplayDeviceConfig: requesting nits when no mapping exists.
12-16 04:49:06.343 1519 2074 E DisplayDeviceConfig: requesting nits when no mapping exists.
12-16 04:49:06.359 1519 2074 E DisplayDeviceConfig: requesting nits when no mapping exists.
12-16 04:49:06.360 1519 2074 E DisplayDeviceConfig: requesting nits when no mapping exists.
12-16 04:49:06.376 1519 2074 E DisplayDeviceConfig: requesting nits when no mapping exists.
12-16 04:49:06.377 1519 2074 E DisplayDeviceConfig: requesting nits when no mapping exists.
12-16 04:49:06.393 1519 2074 E DisplayDeviceConfig: requesting nits when no mapping exists.
12-16 04:49:06.393 1519 2074 E DisplayDeviceConfig: requesting nits when no mapping exists.
12-16 04:49:06.410 1519 2074 E DisplayDeviceConfig: requesting nits when no mapping exists.
12-16 04:49:06.411 1519 2074 E DisplayDeviceConfig: requesting nits when no mapping exists.
12-16 04:49:06.426 1519 2074 E DisplayDeviceConfig: requesting nits when no mapping exists.
12-16 04:49:06.427 1519 2074 E DisplayDeviceConfig: requesting nits when no mapping exists.
12-16 04:49:06.443 1519 2074 E DisplayDeviceConfig: requesting nits when no mapping exists.
12-16 04:49:06.443 1519 2074 E DisplayDeviceConfig: requesting nits when no mapping exists.
12-16 04:49:06.958 664 676 I mpu_uart: [MSG-P:RECV]:No message received in 1000 ms
12-16 04:49:07.025 2550 2707 I OpenGLRenderer: Davey! duration=9223371704647ms; Flags=0, FrameTimelineVsyncId=6976, IntendedVsync=332207491479, Vsync=332207491479, InputEventId=0, HandleInputStart=332208302579, AnimationStart=332208305808, PerformTraversalsStart=332208308204, DrawStart=332229705756, FrameDeadline=332240824811, FrameInterval=332208293412, FrameStartTime=16666666, SyncQueued=332230688204, SyncStart=332230904194, IssueDrawCommandsStart=332231759246, SwapBuffers=332234441902, FrameCompleted=9223372036854775807, DequeueBufferDuration=47760, QueueBufferDuration=818646, GpuCompleted=9223372036854775807, SwapBuffersCompleted=332235833308, DisplayPresentTime=0,
12-16 04:49:07.114 664 675 I mpu_uart: [MSG-P:R]:recv sync frame timeout
12-16 04:49:07.143 0 0 W swapper/1: type=1400 audit(0.0:766): avc: denied { kill } for capability=5 scontext=u:r:kernel:s0 tcontext=u:r:kernel:s0 tclass=capability permissive=0
01-01 09:02:09.059 0 0 D : mv2112_read_status
01-01 09:02:09.059 0 0 D mv2112_update_link: 3.0x901(1G): 0x80
01-01 09:02:09.059 0 0 D mv2112_update_link: 3.0x8109(100M): 0x8
01-01 09:02:09.059 0 0 D mv2112_update_link: link 0x0
01-01 09:02:09.059 0 0 D mv2112_read_status: autoneg is disabled
12-16 04:49:07.959 664 676 I mpu_uart: [MSG-P:RECV]:No message received in 1000 ms
12-16 04:49:08.023 2550 2707 I OpenGLRenderer: Davey! duration=9223371703644ms; Flags=0, FrameTimelineVsyncId=6985, IntendedVsync=333209853220, Vsync=333209853220, InputEventId=0, HandleInputStart=333210800964, AnimationStart=333210805235, PerformTraversalsStart=333210808047, DrawStart=333234676120, FrameDeadline=333243186552, FrameInterval=333210788308, FrameStartTime=16666666, SyncQueued=333235659297, SyncStart=333235751849, IssueDrawCommandsStart=333236653985, SwapBuffers=333239184193, FrameCompleted=9223372036854775807, DequeueBufferDuration=46458, QueueBufferDuration=1082291, GpuCompleted=9223372036854775807, SwapBuffersCompleted=333240805183, DisplayPresentTime=0,
12-16 04:49:08.143 0 0 W swapper/1: type=1400 audit(0.0:767): avc: denied { kill } for capability=5 scontext=u:r:kernel:s0 tcontext=u:r:kernel:s0 tclass=capability permissive=0
01-01 09:02:10.083 0 0 D : mv2112_read_status
01-01 09:02:10.083 0 0 D mv2112_update_link: 3.0x901(1G): 0x80
01-01 09:02:10.084 0 0 D mv2112_update_link: 3.0x8109(100M): 0x8
01-01 09:02:10.084 0 0 D mv2112_update_link: link 0x0
01-01 09:02:10.084 0 0 D mv2112_read_status: autoneg is disabled
12-16 04:49:08.959 664 676 I mpu_uart: [MSG-P:RECV]:No message received in 1000 ms
12-16 04:49:09.028 2550 2707 I OpenGLRenderer: Davey! duration=9223371702644ms; Flags=0, FrameTimelineVsyncId=6991, IntendedVsync=334209825093, Vsync=334209825093, InputEventId=0, HandleInputStart=334210609453, AnimationStart=334210613203, PerformTraversalsStart=334210615755, DrawStart=334234474974, FrameDeadline=334243158425, FrameInterval=334210597839, FrameStartTime=16666666, SyncQueued=334235600495, SyncStart=334235703620, IssueDrawCommandsStart=334236606641, SwapBuffers=334239567943, FrameCompleted=9223372036854775807, DequeueBufferDuration=46927, QueueBufferDuration=1042395, GpuCompleted=9223372036854775807, SwapBuffersCompleted=334241320443, DisplayPresentTime=0,
12-16 04:49:09.143 0 0 W swapper/1: type=1400 audit(0.0:768): avc: denied { kill } for capability=5 scontext=u:r:kernel:s0 tcontext=u:r:kernel:s0 tclass=capability permissive=0
01-01 09:02:11.107 0 0 D : mv2112_read_status
01-01 09:02:11.107 0 0 D mv2112_update_link: 3.0x901(1G): 0x80
01-01 09:02:11.107 0 0 D mv2112_update_link: 3.0x8109(100M): 0x8
01-01 09:02:11.107 0 0 D mv2112_update_link: link 0x0
01-01 09:02:11.107 0 0 D mv2112_read_status: autoneg is disabled
12-16 04:49:09.959 664 676 I mpu_uart: [MSG-P:RECV]:No message received in 1000 ms
12-16 04:49:10.031 2550 2707 I OpenGLRenderer: Davey! duration=9223371701642ms; Flags=0, FrameTimelineVsyncId=6997, IntendedVsync=335212271630, Vsync=335212271630, InputEventId=0, HandleInputStart=335213403984, AnimationStart=335213407109, PerformTraversalsStart=335213410234, DrawStart=335235709088, FrameDeadline=335245604962, FrameInterval=335213395859, FrameStartTime=16666666, SyncQueued=335236646797, SyncStart=335236718099, IssueDrawCommandsStart=335237344609, SwapBuffers=335239414140, FrameCompleted=9223372036854775807, DequeueBufferDuration=32500, QueueBufferDuration=981354, GpuCompleted=9223372036854775807, SwapBuffersCompleted=335240824036, DisplayPresentTime=0,
12-16 04:49:10.114 664 675 I mpu_uart: [MSG-P:R]:recv sync frame timeout
12-16 04:49:10.122 3006 3006 I hpplay-java: [main]:ServiceUpdater:upLoadServiceInfo invalid deviceCode:, port:53388
12-16 04:49:10.143 0 0 W swapper/1: type=1400 audit(0.0:769): avc: denied { kill } for capability=5 scontext=u:r:kernel:s0 tcontext=u:r:kernel:s0 tclass=capability permissive=0
01-01 09:02:12.131 0 0 D : mv2112_read_status
01-01 09:02:12.131 0 0 D mv2112_update_link: 3.0x901(1G): 0x80
01-01 09:02:12.131 0 0 D mv2112_update_link: 3.0x8109(100M): 0x8
01-01 09:02:12.131 0 0 D mv2112_update_link: link 0x0
01-01 09:02:12.131 0 0 D mv2112_read_status: autoneg is disabled
12-16 04:49:10.960 664 676 I mpu_uart: [MSG-P:RECV]:No message received in 1000 ms
12-16 04:49:11.031 2550 2707 I OpenGLRenderer: Davey! duration=9223371700637ms; Flags=0, FrameTimelineVsyncId=7006, IntendedVsync=336217310460, Vsync=336217310460, InputEventId=0, HandleInputStart=336218451588, AnimationStart=336218455598, PerformTraversalsStart=336218458046, DrawStart=336242493046, FrameDeadline=336250643792, FrameInterval=336218437942, FrameStartTime=16666666, SyncQueued=336243459713, SyncStart=336243545911, IssueDrawCommandsStart=336244443046, SwapBuffers=336247004609, FrameCompleted=9223372036854775807, DequeueBufferDuration=48333, QueueBufferDuration=1152136, GpuCompleted=9223372036854775807, SwapBuffersCompleted=336248709505, DisplayPresentTime=0,
12-16 04:49:11.143 0 0 W swapper/1: type=1400 audit(0.0:770): avc: denied { kill } for capability=5 scontext=u:r:kernel:s0 tcontext=u:r:kernel:s0 tclass=capability permissive=0
01-01 09:02:13.155 0 0 D : mv2112_read_status
01-01 09:02:13.155 0 0 D mv2112_update_link: 3.0x901(1G): 0x80
01-01 09:02:13.155 0 0 D mv2112_update_link: 3.0x8109(100M): 0x8
01-01 09:02:13.155 0 0 D mv2112_update_link: link 0x0
01-01 09:02:13.155 0 0 D mv2112_read_status: autoneg is disabled
12-16 04:49:11.960 664 676 I mpu_uart: [MSG-P:RECV]:No message received in 1000 ms
12-16 04:49:12.143 0 0 W swapper/1: type=1400 audit(0.0:771): avc: denied { kill } for capability=5 scontext=u:r:kernel:s0 tcontext=u:r:kernel:s0 tclass=capability permissive=0
01-01 09:02:14.179 0 0 D : mv2112_read_status
01-01 09:02:14.179 0 0 D mv2112_update_link: 3.0x901(1G): 0x80
01-01 09:02:14.179 0 0 D mv2112_update_link: 3.0x8109(100M): 0x8
01-01 09:02:14.179 0 0 D mv2112_update_link: link 0x0
01-01 09:02:14.179 0 0 D mv2112_read_status: autoneg is disabled
12-16 04:49:12.490 1519 1645 I PowerManagerService: Napping display group (groupId=0, uid=1000)...
12-16 04:49:12.490 1519 1645 I PowerManagerService: Nap time (uid 1000)...
12-16 04:49:12.492 1519 1645 I DreamManagerService: Entering dreamland.
12-16 04:49:12.494 1519 1645 I PowerManagerService: Dreaming...
12-16 04:49:12.502 1519 1618 I DreamController: Starting dream: name=ComponentInfo{com.thundercomm.screensaver/com.thundercomm.saverclock.service.ClockScreensaver}, isTest=false, canDoze=false, userId=0
12-16 04:49:12.506 1519 1618 D CompatibilityInfo: mCompatibilityFlags - 4
12-16 04:49:12.507 1519 1618 D CompatibilityInfo: applicationDensity - 240
12-16 04:49:12.507 1519 1618 D CompatibilityInfo: applicationScale - 1.0
12-16 04:49:12.507 2100 2100 V ShadeControllerImpl: NotificationShadeWindow: com.android.systemui.statusbar.phone.NotificationShadeWindowView{97ca150 I.E...... ......ID 0,0-2380,1020} canPanelBeCollapsed(): false
12-16 04:49:12.512 1519 2166 I ActivityTaskManager: START u0 {flg=0x10000000 pkg=com.thundercomm.screensaver cmp=com.thundercomm.screensaver/android.service.dreams.DreamActivity (has extras)} from uid 10052
12-16 04:49:12.512 1519 1622 I EventSequenceValidator: Transition from ACTIVITY_FINISHED to INTENT_STARTED
12-16 04:49:12.514 1519 2166 W ActivityTaskManager: Can't find TaskDisplayArea to determine support for multi window. Task id=17 attached=false
12-16 04:49:12.519 1519 2166 D CompatibilityInfo: mCompatibilityFlags - 4
12-16 04:49:12.519 1519 2166 D CompatibilityInfo: applicationDensity - 240
12-16 04:49:12.519 1519 2166 D CompatibilityInfo: applicationScale - 1.0
12-16 04:49:12.519 1519 2166 D ActivityTrigger: ActivityTrigger activityPauseTrigger
12-16 04:49:12.522 1519 1622 I EventSequenceValidator: Transition from INTENT_STARTED to ACTIVITY_LAUNCHED
12-16 04:49:12.524 1519 2166 I ActivityTaskManager: FOREGROUND_APPLICATION_CHANGED to android.service.dreams.DreamActivity
12-16 04:49:12.525 1519 2166 I ActivityTaskManager: The Process com.thundercomm.screensaver Already Exists in BG. So sending its PID: 4585
12-16 04:49:12.525 1519 2166 W ActivityTaskManager: Tried to set launchTime (0) < mLastActivityLaunchTime (129407)
12-16 04:49:12.525 1519 2166 D CompatibilityInfo: mCompatibilityFlags - 4
12-16 04:49:12.526 1519 2166 D CompatibilityInfo: applicationDensity - 240
12-16 04:49:12.526 1519 2166 D CompatibilityInfo: applicationScale - 1.0
12-16 04:49:12.528 2554 2618 I GameMode_ActivityMonitoringService: onForegroundActivitiesChanged uid 10052 pid 4585 fg true
12-16 04:49:12.531 2554 4017 I GameMode_ActivityMonitoringService: Updating top task to: TaskInfoContainer [topActivity=ComponentInfo{com.thundercomm.screensaver/android.service.dreams.DreamActivity}, taskId=17, stackId=17, userId=0, displayId=0, position=7
12-16 04:49:12.531 2554 4017 I GameMode_ActivityMonitoringService: Notifying about top task: TaskInfoContainer [topActivity=ComponentInfo{com.thundercomm.screensaver/android.service.dreams.DreamActivity}, taskId=17, stackId=17, userId=0, displayId=0, position=7
12-16 04:49:12.531 2554 4017 E GameMode_ActivityMonitoringService: onActivityLaunch:com.thundercomm.screensaver
12-16 04:49:12.531 2554 4017 V GameMode_GameTypeUtils: judge isGame:com.thundercomm.screensaver
12-16 04:49:12.531 2554 4017 V GameMode_GpuUtils: fps:60
12-16 04:49:12.532 1519 2218 W WindowManager: Failed looking up window session=Session{60faefb 4585:u0a10052} callers=com.android.server.wm.WindowManagerService.windowForClientLocked:5628 com.android.server.wm.Session.insetsModified:629 android.view.IWindowSession$Stub.onTransact:1151
12-16 04:49:12.532 2554 4017 D GameMode_GameModeActionUtils: Show GameMode entry by service!
12-16 04:49:12.532 2554 4017 W ContextImpl: Calling a method in the system process without a qualified user: android.app.ContextImpl.startService:1816 android.content.ContextWrapper.startService:774 com.thundercomm.gamemode.ingame.services.GameModeActionUtils.startGameModeService:99 com.thundercomm.gamemode.ingame.services.GameModeActionUtils.startGameModeEntry:22 com.thundercomm.gamemode.ingame.services.ActivityMonitoringService$1.onActivityLaunch:127
12-16 04:49:12.533 2100 3060 D KeyguardViewMediator: setOccluded true
12-16 04:49:12.533 2554 4017 D GameModeIF_GameModeSettings: getUriFor setting_content_uri_root = content://com.thundercomm.gamemode.api/gamemode_settings , name = gamemode_isgaming
12-16 04:49:12.533 2554 2554 D GameMode_GameModeService: type=hide_entry
12-16 04:49:12.534 2100 2100 V KeyguardUpdateMonitor: startListeningForFingerprint()
12-16 04:49:12.534 2100 2100 D KeyguardViewMediator: adjustStatusBarLocked: mShowing=false mOccluded=true isSecure=false force=false --> flags=0x0
12-16 04:49:12.535 1519 1519 I GameModeConfig: Current uri is uri = content://com.thundercomm.gamemode.api/gamemode_settings/gamemode_isgaming
12-16 04:49:12.535 1519 1519 D GameModeIF_GameModeSettings: getUriFor setting_content_uri_root = content://com.thundercomm.gamemode.api/gamemode_settings , name = gamemode_isgaming
12-16 04:49:12.536 2554 4017 D GameModeIF_GameModeSettings: gamemode_isgaming set to 0
12-16 04:49:12.537 2554 2554 D GameMode_GameSettingsObserver: Game Data change!!!! uri = content://com.thundercomm.gamemode.api/gamemode_settings/gamemode_isgaming
12-16 04:49:12.537 2554 2554 D GameModeIF_GameModeSettings: getUriFor setting_content_uri_root = content://com.thundercomm.gamemode.api/gamemode_settings , name = gamemode_isgaming
12-16 04:49:12.537 1519 1519 I GameModeConfig: isGameModeOn = false
12-16 04:49:12.537 1519 1519 I GameModeConfig: isGameModeOn = false
12-16 04:49:12.537 1519 1519 I GameModeConfig: isDisableVoice = true
12-16 04:49:12.538 2554 2554 D GameMode_GameModeService: updateGlobalSettings = gamemode_isgaming
12-16 04:49:12.542 4585 4585 E ThemeUtils: View class androidx.appcompat.widget.AppCompatImageView is an AppCompat widget that can only be used with a Theme.AppCompat theme (or descendant).
12-16 04:49:12.542 4585 4585 E ThemeUtils: View class androidx.appcompat.widget.AppCompatImageView is an AppCompat widget that can only be used with a Theme.AppCompat theme (or descendant).
12-16 04:49:12.542 4585 4585 E ThemeUtils: View class androidx.appcompat.widget.AppCompatImageView is an AppCompat widget that can only be used with a Theme.AppCompat theme (or descendant).
12-16 04:49:12.543 4585 4585 E ThemeUtils: View class androidx.appcompat.widget.AppCompatImageView is an AppCompat widget that can only be used with a Theme.AppCompat theme (or descendant).
12-16 04:49:12.552 992 2746 I BpBinder: onLastStrongRef automatically unlinking death recipients:
12-16 04:49:12.564 2100 2100 D StatusBar: disable disable2
12-16 04:49:12.566 1519 1645 V DisplayPowerController[0]: Brightness [1.0] reason changing to: 'manual', previous reason: 'manual [ dim ]'.
12-16 04:49:12.567 1519 1618 I ActivityTaskManager: Displayed com.thundercomm.screensaver/android.service.dreams.DreamActivity: +44ms
12-16 04:49:12.568 1519 1622 I EventSequenceValidator: Transition from ACTIVITY_LAUNCHED to ACTIVITY_FINISHED
12-16 04:49:12.573 1519 2074 E DisplayDeviceConfig: requesting nits when no mapping exists.
12-16 04:49:12.574 1519 2074 E DisplayDeviceConfig: requesting nits when no mapping exists.
12-16 04:49:12.590 1519 2074 E DisplayDeviceConfig: requesting nits when no mapping exists.
12-16 04:49:12.590 1519 2074 E DisplayDeviceConfig: requesting nits when no mapping exists.
12-16 04:49:12.607 1519 2074 E DisplayDeviceConfig: requesting nits when no mapping exists.
12-16 04:49:12.607 1519 2074 E DisplayDeviceConfig: requesting nits when no mapping exists.
12-16 04:49:12.623 1519 2074 E DisplayDeviceConfig: requesting nits when no mapping exists.
12-16 04:49:12.624 1519 2074 E DisplayDeviceConfig: requesting nits when no mapping exists.
12-16 04:49:12.627 2554 2618 I GameMode_ActivityMonitoringService: onTaskStackChanged
12-16 04:49:12.629 2554 4017 I GameMode_ActivityMonitoringService: Updating top task to: TaskInfoContainer [topActivity=ComponentInfo{com.thundercomm.screensaver/android.service.dreams.DreamActivity}, taskId=17, stackId=17, userId=0, displayId=0, position=7
12-16 04:49:12.629 2554 4017 I GameMode_ActivityMonitoringService: Notifying about top task: TaskInfoContainer [topActivity=ComponentInfo{com.thundercomm.screensaver/android.service.dreams.DreamActivity}, taskId=17, stackId=17, userId=0, displayId=0, position=7
12-16 04:49:12.629 2554 4017 E GameMode_ActivityMonitoringService: onActivityLaunch:com.thundercomm.screensaver
12-16 04:49:12.629 2554 4017 V GameMode_GameTypeUtils: judge isGame:com.thundercomm.screensaver
12-16 04:49:12.630 2554 4017 V GameMode_GpuUtils: fps:60
12-16 04:49:12.630 2554 4017 D GameMode_GameModeActionUtils: Show GameMode entry by service!
12-16 04:49:12.630 2554 4017 W ContextImpl: Calling a method in the system process without a qualified user: android.app.ContextImpl.startService:1816 android.content.ContextWrapper.startService:774 com.thundercomm.gamemode.ingame.services.GameModeActionUtils.startGameModeService:99 com.thundercomm.gamemode.ingame.services.GameModeActionUtils.startGameModeEntry:22 com.thundercomm.gamemode.ingame.services.ActivityMonitoringService$1.onActivityLaunch:127
12-16 04:49:12.631 2554 4017 D GameModeIF_GameModeSettings: getUriFor setting_content_uri_root = content://com.thundercomm.gamemode.api/gamemode_settings , name = gamemode_isgaming
12-16 04:49:12.631 2554 2554 D GameMode_GameModeService: type=hide_entry
12-16 04:49:12.632 1519 1519 I GameModeConfig: Current uri is uri = content://com.thundercomm.gamemode.api/gamemode_settings/gamemode_isgaming
12-16 04:49:12.632 1519 1519 D GameModeIF_GameModeSettings: getUriFor setting_content_uri_root = content://com.thundercomm.gamemode.api/gamemode_settings , name = gamemode_isgaming
12-16 04:49:12.632 2554 4017 D GameModeIF_GameModeSettings: gamemode_isgaming set to 0
12-16 04:49:12.632 1519 1519 I GameModeConfig: isGameModeOn = false
12-16 04:49:12.633 1519 1519 I GameModeConfig: isGameModeOn = false
12-16 04:49:12.633 1519 1519 I GameModeConfig: isDisableVoice = true
12-16 04:49:12.634 2554 2554 D GameMode_GameSettingsObserver: Game Data change!!!! uri = content://com.thundercomm.gamemode.api/gamemode_settings/gamemode_isgaming
12-16 04:49:12.634 2554 2554 D GameModeIF_GameModeSettings: getUriFor setting_content_uri_root = content://com.thundercomm.gamemode.api/gamemode_settings , name = gamemode_isgaming
12-16 04:49:12.635 2554 2554 D GameMode_GameModeService: updateGlobalSettings = gamemode_isgaming
12-16 04:49:12.640 1519 2074 E DisplayDeviceConfig: requesting nits when no mapping exists.
12-16 04:49:12.640 1519 2074 E DisplayDeviceConfig: requesting nits when no mapping exists.
12-16 04:49:12.657 1519 2074 E DisplayDeviceConfig: requesting nits when no mapping exists.
12-16 04:49:12.657 1519 2074 E DisplayDeviceConfig: requesting nits when no mapping exists.
12-16 04:49:12.674 1519 2074 E DisplayDeviceConfig: requesting nits when no mapping exists.
12-16 04:49:12.674 1519 2074 E DisplayDeviceConfig: requesting nits when no mapping exists.
12-16 04:49:12.691 1519 2074 E DisplayDeviceConfig: requesting nits when no mapping exists.
12-16 04:49:12.691 1519 2074 E DisplayDeviceConfig: requesting nits when no mapping exists.
12-16 04:49:12.707 992 992 I BpBinder: onLastStrongRef automatically unlinking death recipients:
12-16 04:49:12.707 1519 2074 E DisplayDeviceConfig: requesting nits when no mapping exists.
12-16 04:49:12.708 1519 2074 E DisplayDeviceConfig: requesting nits when no mapping exists.
12-16 04:49:12.725 1519 2074 E DisplayDeviceConfig: requesting nits when no mapping exists.
12-16 04:49:12.725 1519 2074 E DisplayDeviceConfig: requesting nits when no mapping exists.
12-16 04:49:12.740 1519 2074 E DisplayDeviceConfig: requesting nits when no mapping exists.
12-16 04:49:12.740 1519 2074 E DisplayDeviceConfig: requesting nits when no mapping exists.
12-16 04:49:12.757 1519 2074 E DisplayDeviceConfig: requesting nits when no mapping exists.
12-16 04:49:12.758 1519 2074 E DisplayDeviceConfig: requesting nits when no mapping exists.
12-16 04:49:12.775 1519 2074 E DisplayDeviceConfig: requesting nits when no mapping exists.
12-16 04:49:12.775 1519 2074 E DisplayDeviceConfig: requesting nits when no mapping exists.
12-16 04:49:12.791 1519 2074 E DisplayDeviceConfig: requesting nits when no mapping exists.
12-16 04:49:12.791 1519 2074 E DisplayDeviceConfig: requesting nits when no mapping exists.
12-16 04:49:12.808 1519 2074 E DisplayDeviceConfig: requesting nits when no mapping exists.
12-16 04:49:12.808 1519 2074 E DisplayDeviceConfig: requesting nits when no mapping exists.
12-16 04:49:12.824 1519 2074 E DisplayDeviceConfig: requesting nits when no mapping exists.
12-16 04:49:12.825 1519 2074 E DisplayDeviceConfig: requesting nits when no mapping exists.
12-16 04:49:12.841 1519 2074 E DisplayDeviceConfig: requesting nits when no mapping exists.
12-16 04:49:12.841 1519 2074 E DisplayDeviceConfig: requesting nits when no mapping exists.
12-16 04:49:12.858 1519 2074 E DisplayDeviceConfig: requesting nits when no mapping exists.
12-16 04:49:12.858 1519 2074 E DisplayDeviceConfig: requesting nits when no mapping exists.
12-16 04:49:12.874 1519 2074 E DisplayDeviceConfig: requesting nits when no mapping exists.
12-16 04:49:12.874 1519 2074 E DisplayDeviceConfig: requesting nits when no mapping exists.
12-16 04:49:12.891 1519 2074 E DisplayDeviceConfig: requesting nits when no mapping exists.
12-16 04:49:12.891 1519 2074 E DisplayDeviceConfig: requesting nits when no mapping exists.
12-16 04:49:12.908 1519 2074 E DisplayDeviceConfig: requesting nits when no mapping exists.
12-16 04:49:12.908 1519 2074 E DisplayDeviceConfig: requesting nits when no mapping exists.
12-16 04:49:12.925 1519 2074 E DisplayDeviceConfig: requesting nits when no mapping exists.
12-16 04:49:12.925 1519 2074 E DisplayDeviceConfig: requesting nits when no mapping exists.
12-16 04:49:12.942 1519 2074 E DisplayDeviceConfig: requesting nits when no mapping exists.
12-16 04:49:12.942 1519 2074 E DisplayDeviceConfig: requesting nits when no mapping exists.
12-16 04:49:12.958 1519 2074 E DisplayDeviceConfig: requesting nits when no mapping exists.
12-16 04:49:12.958 1519 2074 E DisplayDeviceConfig: requesting nits when no mapping exists.
12-16 04:49:12.961 664 676 I mpu_uart: [MSG-P:RECV]:No message received in 1000 ms
12-16 04:49:12.975 1519 2074 E DisplayDeviceConfig: requesting nits when no mapping exists.
12-16 04:49:12.975 1519 2074 E DisplayDeviceConfig: requesting nits when no mapping exists.
12-16 04:49:12.992 1519 2074 E DisplayDeviceConfig: requesting nits when no mapping exists.
12-16 04:49:12.992 1519 2074 E DisplayDeviceConfig: requesting nits when no mapping exists.
12-16 04:49:13.008 1519 2074 E DisplayDeviceConfig: requesting nits when no mapping exists.
12-16 04:49:13.008 1519 2074 E DisplayDeviceConfig: requesting nits when no mapping exists.
12-16 04:49:13.024 1519 2074 E DisplayDeviceConfig: requesting nits when no mapping exists.
12-16 04:49:13.025 1519 2074 E DisplayDeviceConfig: requesting nits when no mapping exists.
12-16 04:49:13.042 1519 2074 E DisplayDeviceConfig: requesting nits when no mapping exists.
12-16 04:49:13.042 1519 2074 E DisplayDeviceConfig: requesting nits when no mapping exists.
12-16 04:49:13.058 1519 2074 E DisplayDeviceConfig: requesting nits when no mapping exists.
12-16 04:49:13.058 1519 2074 E DisplayDeviceConfig: requesting nits when no mapping exists.
12-16 04:49:13.076 1519 2074 E DisplayDeviceConfig: requesting nits when no mapping exists.
12-16 04:49:13.076 1519 2074 E DisplayDeviceConfig: requesting nits when no mapping exists.
12-16 04:49:13.091 1519 2074 E DisplayDeviceConfig: requesting nits when no mapping exists.
12-16 04:49:13.091 1519 2074 E DisplayDeviceConfig: requesting nits when no mapping exists.
12-16 04:49:13.096 2554 2618 I GameMode_ActivityMonitoringService: onForegroundActivitiesChanged uid 1000 pid 2550 fg false
12-16 04:49:13.098 2554 4017 I GameMode_ActivityMonitoringService: Updating top task to: TaskInfoContainer [topActivity=ComponentInfo{com.thundercomm.screensaver/android.service.dreams.DreamActivity}, taskId=17, stackId=17, userId=0, displayId=0, position=7
12-16 04:49:13.098 2554 4017 I GameMode_ActivityMonitoringService: Notifying about top task: TaskInfoContainer [topActivity=ComponentInfo{com.thundercomm.screensaver/android.service.dreams.DreamActivity}, taskId=17, stackId=17, userId=0, displayId=0, position=7
12-16 04:49:13.098 2554 4017 E GameMode_ActivityMonitoringService: onActivityLaunch:com.thundercomm.screensaver
12-16 04:49:13.098 2554 4017 V GameMode_GameTypeUtils: judge isGame:com.thundercomm.screensaver
12-16 04:49:13.098 2554 4017 V GameMode_GpuUtils: fps:60
12-16 04:49:13.099 2554 4017 D GameMode_GameModeActionUtils: Show GameMode entry by service!
12-16 04:49:13.100 2554 4017 W ContextImpl: Calling a method in the system process without a qualified user: android.app.ContextImpl.startService:1816 android.content.ContextWrapper.startService:774 com.thundercomm.gamemode.ingame.services.GameModeActionUtils.startGameModeService:99 com.thundercomm.gamemode.ingame.services.GameModeActionUtils.startGameModeEntry:22 com.thundercomm.gamemode.ingame.services.ActivityMonitoringService$1.onActivityLaunch:127
12-16 04:49:13.101 2554 4017 D GameModeIF_GameModeSettings: getUriFor setting_content_uri_root = content://com.thundercomm.gamemode.api/gamemode_settings , name = gamemode_isgaming
12-16 04:49:13.101 2554 2554 D GameMode_GameModeService: type=hide_entry
12-16 04:49:13.102 1519 1519 I GameModeConfig: Current uri is uri = content://com.thundercomm.gamemode.api/gamemode_settings/gamemode_isgaming
12-16 04:49:13.102 1519 1519 D GameModeIF_GameModeSettings: getUriFor setting_content_uri_root = content://com.thundercomm.gamemode.api/gamemode_settings , name = gamemode_isgaming
12-16 04:49:13.102 2554 4017 D GameModeIF_GameModeSettings: gamemode_isgaming set to 0
12-16 04:49:13.102 1519 1519 I GameModeConfig: isGameModeOn = false
12-16 04:49:13.102 1519 1519 I GameModeConfig: isGameModeOn = false
12-16 04:49:13.102 1519 1519 I GameModeConfig: isDisableVoice = true
12-16 04:49:13.104 2554 2554 D GameMode_GameSettingsObserver: Game Data change!!!! uri = content://com.thundercomm.gamemode.api/gamemode_settings/gamemode_isgaming
12-16 04:49:13.104 2554 2554 D GameModeIF_GameModeSettings: getUriFor setting_content_uri_root = content://com.thundercomm.gamemode.api/gamemode_settings , name = gamemode_isgaming
12-16 04:49:13.105 2554 2554 D GameMode_GameModeService: updateGlobalSettings = gamemode_isgaming
12-16 04:49:13.108 1519 2074 E DisplayDeviceConfig: requesting nits when no mapping exists.
12-16 04:49:13.108 1519 2074 E DisplayDeviceConfig: requesting nits when no mapping exists.
12-16 04:49:13.117 664 675 I mpu_uart: [MSG-P:R]:recv sync frame timeout
12-16 04:49:13.125 1519 2074 E DisplayDeviceConfig: requesting nits when no mapping exists.
12-16 04:49:13.125 1519 2074 E DisplayDeviceConfig: requesting nits when no mapping exists.
12-16 04:49:13.141 1519 1645 W Choreographer: Frame time is 0.234307 ms in the future! Check that graphics HAL is generating vsync timestamps using the correct timebase.
12-16 04:49:13.141 2100 2100 W Choreographer: Frame time is 0.217016 ms in the future! Check that graphics HAL is generating vsync timestamps using the correct timebase.
12-16 04:49:13.141 4585 4585 W Choreographer: Frame time is 0.201755 ms in the future! Check that graphics HAL is generating vsync timestamps using the correct timebase.
12-16 04:49:13.142 1519 2074 E DisplayDeviceConfig: requesting nits when no mapping exists.
12-16 04:49:13.142 1519 2074 E DisplayDeviceConfig: requesting nits when no mapping exists.
12-16 04:49:13.143 0 0 W swapper/1: type=1400 audit(0.0:772): avc: denied { kill } for capability=5 scontext=u:r:kernel:s0 tcontext=u:r:kernel:s0 tclass=capability permissive=0
12-16 04:49:13.158 1519 2074 E DisplayDeviceConfig: requesting nits when no mapping exists.
12-16 04:49:13.158 1519 2074 E DisplayDeviceConfig: requesting nits when no mapping exists.
12-16 04:49:13.175 1519 2074 E DisplayDeviceConfig: requesting nits when no mapping exists.
12-16 04:49:13.175 1519 2074 E DisplayDeviceConfig: requesting nits when no mapping exists.
12-16 04:49:13.192 1519 2074 E DisplayDeviceConfig: requesting nits when no mapping exists.
12-16 04:49:13.192 1519 2074 E DisplayDeviceConfig: requesting nits when no mapping exists.
12-16 04:49:13.208 1519 2074 E DisplayDeviceConfig: requesting nits when no mapping exists.
12-16 04:49:13.209 1519 2074 E DisplayDeviceConfig: requesting nits when no mapping exists.
12-16 04:49:13.225 1519 2074 E DisplayDeviceConfig: requesting nits when no mapping exists.
12-16 04:49:13.225 1519 2074 E DisplayDeviceConfig: requesting nits when no mapping exists.
12-16 04:49:13.242 1519 2074 E DisplayDeviceConfig: requesting nits when no mapping exists.
12-16 04:49:13.242 1519 2074 E DisplayDeviceConfig: requesting nits when no mapping exists.
12-16 04:49:13.259 1519 2074 E DisplayDeviceConfig: requesting nits when no mapping exists.
12-16 04:49:13.259 1519 2074 E DisplayDeviceConfig: requesting nits when no mapping exists.
12-16 04:49:13.276 1519 2074 E DisplayDeviceConfig: requesting nits when no mapping exists.
12-16 04:49:13.276 1519 2074 E DisplayDeviceConfig: requesting nits when no mapping exists.
12-16 04:49:13.292 1519 2074 E DisplayDeviceConfig: requesting nits when no mapping exists.
12-16 04:49:13.292 1519 2074 E DisplayDeviceConfig: requesting nits when no mapping exists.
01-01 09:02:15.203 0 0 D : mv2112_read_status
01-01 09:02:15.203 0 0 D mv2112_update_link: 3.0x901(1G): 0x80
01-01 09:02:15.203 0 0 D mv2112_update_link: 3.0x8109(100M): 0x8
01-01 09:02:15.203 0 0 D mv2112_update_link: link 0x0
01-01 09:02:15.203 0 0 D mv2112_read_status: autoneg is disabled
12-16 04:49:13.310 1519 2074 E DisplayDeviceConfig: requesting nits when no mapping exists.
12-16 04:49:13.310 1519 2074 E DisplayDeviceConfig: requesting nits when no mapping exists.
12-16 04:49:13.325 1519 2074 E DisplayDeviceConfig: requesting nits when no mapping exists.
12-16 04:49:13.326 1519 2074 E DisplayDeviceConfig: requesting nits when no mapping exists.
12-16 04:49:13.342 1519 2074 E DisplayDeviceConfig: requesting nits when no mapping exists.
12-16 04:49:13.342 1519 2074 E DisplayDeviceConfig: requesting nits when no mapping exists.
12-16 04:49:13.359 1519 2074 E DisplayDeviceConfig: requesting nits when no mapping exists.
12-16 04:49:13.359 1519 2074 E DisplayDeviceConfig: requesting nits when no mapping exists.
12-16 04:49:13.375 1519 2074 E DisplayDeviceConfig: requesting nits when no mapping exists.
12-16 04:49:13.376 1519 2074 E DisplayDeviceConfig: requesting nits when no mapping exists.
12-16 04:49:13.392 1519 2074 E DisplayDeviceConfig: requesting nits when no mapping exists.
12-16 04:49:13.392 1519 2074 E DisplayDeviceConfig: requesting nits when no mapping exists.
12-16 04:49:13.409 1519 2074 E DisplayDeviceConfig: requesting nits when no mapping exists.
12-16 04:49:13.409 1519 2074 E DisplayDeviceConfig: requesting nits when no mapping exists.
12-16 04:49:13.426 1519 2074 E DisplayDeviceConfig: requesting nits when no mapping exists.
12-16 04:49:13.426 1519 2074 E DisplayDeviceConfig: requesting nits when no mapping exists.
12-16 04:49:13.443 1519 2074 E DisplayDeviceConfig: requesting nits when no mapping exists.
12-16 04:49:13.443 1519 2074 E DisplayDeviceConfig: requesting nits when no mapping exists.
12-16 04:49:13.459 1519 2074 E DisplayDeviceConfig: requesting nits when no mapping exists.
12-16 04:49:13.459 1519 2074 E DisplayDeviceConfig: requesting nits when no mapping exists.
12-16 04:49:13.476 1519 2074 E DisplayDeviceConfig: requesting nits when no mapping exists.
12-16 04:49:13.476 1519 2074 E DisplayDeviceConfig: requesting nits when no mapping exists.
12-16 04:49:13.492 1519 2074 E DisplayDeviceConfig: requesting nits when no mapping exists.
12-16 04:49:13.492 1519 2074 E DisplayDeviceConfig: requesting nits when no mapping exists.
12-16 04:49:13.509 1519 2074 E DisplayDeviceConfig: requesting nits when no mapping exists.
12-16 04:49:13.509 1519 2074 E DisplayDeviceConfig: requesting nits when no mapping exists.
12-16 04:49:13.526 1519 2074 E DisplayDeviceConfig: requesting nits when no mapping exists.
12-16 04:49:13.526 1519 2074 E DisplayDeviceConfig: requesting nits when no mapping exists.
12-16 04:49:13.961 664 676 I mpu_uart: [MSG-P:RECV]:No message received in 1000 ms
01-01 09:02:16.227 0 0 D : mv2112_read_status
01-01 09:02:16.227 0 0 D mv2112_update_link: 3.0x901(1G): 0x80
01-01 09:02:16.227 0 0 D mv2112_update_link: 3.0x8109(100M): 0x8
01-01 09:02:16.227 0 0 D mv2112_update_link: link 0x0
01-01 09:02:16.227 0 0 D mv2112_read_status: autoneg is disabled
12-16 04:49:14.961 664 676 I mpu_uart: [MSG-P:RECV]:No message received in 1000 ms
12-16 04:49:15.111 3006 3006 I hpplay-java: [main]:Upgrade:upgrade not be allowed
12-16 04:49:15.131 3006 3006 I hpplay-java: [main]:ServerBusiness:get deviceCode:
12-16 04:49:15.132 3006 3006 W hpplay-java: [main]:ServerBusiness:startDeviceService ignore,invalid deviceCode
12-16 04:49:15.143 0 0 W swapper/5: type=1400 audit(0.0:773): avc: denied { kill } for capability=5 scontext=u:r:kernel:s0 tcontext=u:r:kernel:s0 tclass=capability permissive=0
01-01 09:02:17.251 0 0 D : mv2112_read_status
01-01 09:02:17.251 0 0 D mv2112_update_link: 3.0x901(1G): 0x80
01-01 09:02:17.251 0 0 D mv2112_update_link: 3.0x8109(100M): 0x8
01-01 09:02:17.251 0 0 D mv2112_update_link: link 0x0
01-01 09:02:17.251 0 0 D mv2112_read_status: autoneg is disabled
12-16 04:49:15.962 664 676 I mpu_uart: [MSG-P:RECV]:No message received in 1000 ms
12-16 04:49:16.121 664 675 I mpu_uart: [MSG-P:R]:recv sync frame timeout
12-16 04:49:16.143 0 0 W swapper/5: type=1400 audit(0.0:774): avc: denied { kill } for capability=5 scontext=u:r:kernel:s0 tcontext=u:r:kernel:s0 tclass=capability permissive=0
01-01 09:02:18.275 0 0 D : mv2112_read_status
01-01 09:02:18.275 0 0 D mv2112_update_link: 3.0x901(1G): 0x80
01-01 09:02:18.275 0 0 D mv2112_update_link: 3.0x8109(100M): 0x8
01-01 09:02:18.275 0 0 D mv2112_update_link: link 0x0
01-01 09:02:18.275 0 0 D mv2112_read_status: autoneg is disabled
12-16 04:49:16.963 664 676 I mpu_uart: [MSG-P:RECV]:No message received in 1000 ms
12-16 04:49:17.143 0 0 W swapper/5: type=1400 audit(0.0:775): avc: denied { kill } for capability=5 scontext=u:r:kernel:s0 tcontext=u:r:kernel:s0 tclass=capability permissive=0
01-01 09:02:19.299 0 0 D : mv2112_read_status
01-01 09:02:19.299 0 0 D mv2112_update_link: 3.0x901(1G): 0x80
01-01 09:02:19.299 0 0 D mv2112_update_link: 3.0x8109(100M): 0x8
01-01 09:02:19.299 0 0 D mv2112_update_link: link 0x0
01-01 09:02:19.299 0 0 D mv2112_read_status: autoneg is disabled
12-16 04:49:17.963 664 676 I mpu_uart: [MSG-P:RECV]:No message received in 1000 ms
12-16 04:49:18.143 0 0 W swapper/3: type=1400 audit(0.0:776): avc: denied { kill } for capability=5 scontext=u:r:kernel:s0 tcontext=u:r:kernel:s0 tclass=capability permissive=0
01-01 09:02:20.323 0 0 D : mv2112_read_status
01-01 09:02:20.323 0 0 D mv2112_update_link: 3.0x901(1G): 0x80
01-01 09:02:20.323 0 0 D mv2112_update_link: 3.0x8109(100M): 0x8
01-01 09:02:20.323 0 0 D mv2112_update_link: link 0x0
01-01 09:02:20.323 0 0 D mv2112_read_status: autoneg is disabled
12-16 04:49:18.963 664 676 I mpu_uart: [MSG-P:RECV]:No message received in 1000 ms
12-16 04:49:19.124 664 675 I mpu_uart: [MSG-P:R]:recv sync frame timeout
12-16 04:49:19.143 0 0 W swapper/3: type=1400 audit(0.0:777): avc: denied { kill } for capability=5 scontext=u:r:kernel:s0 tcontext=u:r:kernel:s0 tclass=capability permissive=0
01-01 09:02:21.347 0 0 D : mv2112_read_status
01-01 09:02:21.347 0 0 D mv2112_update_link: 3.0x901(1G): 0x80
01-01 09:02:21.347 0 0 D mv2112_update_link: 3.0x8109(100M): 0x8
01-01 09:02:21.347 0 0 D mv2112_update_link: link 0x0
01-01 09:02:21.347 0 0 D mv2112_read_status: autoneg is disabled
12-16 04:49:19.964 664 676 I mpu_uart: [MSG-P:RECV]:No message received in 1000 ms
12-16 04:49:20.110 3006 3006 I hpplay-java: [main]:ServerTaskManager:task run out of time
12-16 04:49:20.111 3006 3006 I hpplay-java: [main]:ServerTaskManager:cancelTimeOutCheck
12-16 04:49:20.111 3006 3006 I hpplay-java: [main]:ServerTaskManager:exeTask ignore, reason: TaskList is clear
12-16 04:49:20.143 0 0 W swapper/3: type=1400 audit(0.0:778): avc: denied { kill } for capability=5 scontext=u:r:kernel:s0 tcontext=u:r:kernel:s0 tclass=capability permissive=0
