01-01 08:56:45.152 0 0 I : read descriptors
01-01 08:56:45.152 0 0 I : read strings
01-01 08:56:45.173 0 0 I binder : 1174:1174 ioctl 40046210 ffb52518 returned -22
01-01 08:56:45.194 0 0 I binder : 1206:1206 ioctl 40046210 7fd4987504 returned -22
01-01 08:56:45.244 1177 1177 I iorapd : iorapd (the prefetchening) firing up
01-01 08:56:45.213 0 0 I binder : 1194:1194 ioctl 40046210 7fcacaa9d4 returned -22
01-01 08:56:45.254 1177 1177 I iorapd : Opened existing database at '/data/misc/iorapd/sqlite.db'
01-01 08:56:45.221 0 0 I binder : 1198:1198 ioctl 40046210 7fd2df6184 returned -22
01-01 08:56:45.265 1177 1177 W iorapd : Reconnect to package manager service: 1 times
01-01 08:56:45.228 0 0 I binder : 1177:1177 ioctl 40046210 7fc49ff704 returned -22
01-01 08:56:45.279 1200 1200 I installd: installd firing up
01-01 08:56:45.250 0 0 I binder : 1200:1200 ioctl 40046210 7fdcaacbc4 returned -22
01-01 08:56:45.275 0 0 I binder : 1204:1204 ioctl 40046210 7fe4e4b494 returned -22
01-01 08:56:45.288 0 0 I lan743x 0001: 01:00.0 eth0: using MSIX interrupts, number of vectors = 6
01-01 08:56:45.307 0 0 I mv2112_config_aneg: autoneg 1
01-01 08:56:45.307 0 0 I : mv2112_restart_aneg
01-01 08:56:45.307 0 0 D : mv2112_read_status
01-01 08:56:45.307 0 0 D mv2112_update_link: 3.0x901(1G): 0x80
01-01 08:56:45.307 0 0 D mv2112_update_link: 3.0x8109(100M): 0x0
01-01 08:56:45.307 0 0 D mv2112_update_link: link 0x0
01-01 08:56:45.352 1213 1213 I wificond: wificond is starting up...
01-01 08:56:45.315 0 0 I binder : 1213:1213 ioctl 40046210 7ffcf14424 returned -22
01-01 08:56:45.317 0 0 E wlan : Loading driver v5.2.022.10G; 2022-12-16T06:02:40Z; cld:; cmn:;
01-01 08:56:45.318 0 0 I lan743x 0001: 01:00.0 eth0: successfully registered ptp clock
01-01 08:56:45.319 0 0 I IPv6 : ADDRCONF(NETDEV_UP): eth0: link is not ready
01-01 08:56:45.327 0 0 I binder : 1213:1213 ioctl 40046210 7ffcf143a4 returned -22
01-01 08:56:45.327 0 0 E ipa3_uc_reg_rdyCB: 2973 bad parm. inout=0000000000000000
01-01 08:56:45.327 0 0 I : wlan_hdd_state wlan major(476) initialized
01-01 08:56:45.328 0 0 D cnss : Start to wait for calibration to complete
01-01 08:56:45.367 1213 1213 I HidlServiceManagement: Registered android.system.wifi.keystore@1.0::IKeystore/default
01-01 08:56:45.379 1232 1232 I imsrcsd : Uce Service HAL is starting up...
01-01 08:56:45.343 0 0 E msm-dai-fe soc: qcom,msm-dai-fe: ASoC: no sink widget found for AUXPCM_DL_HL
01-01 08:56:45.343 0 0 E msm-dai-fe soc: qcom,msm-dai-fe: ASoC: Failed to add route AUXPCM_HOSTLESS Playback -> direct -> AUXPCM_DL_HL
01-01 08:56:45.343 0 0 E msm-dai-fe soc: qcom,msm-dai-fe: ASoC: no source widget found for AUXPCM_UL_HL
01-01 08:56:45.343 0 0 E msm-dai-fe soc: qcom,msm-dai-fe: ASoC: Failed to add route AUXPCM_UL_HL -> direct -> AUXPCM_HOSTLESS Capture
01-01 08:56:45.355 0 0 E msm-auxpcm-dev soc: qcom,msm-pri-auxpcm: ASoC: no source widget found for AUX_PCM_RX
01-01 08:56:45.355 0 0 E msm-auxpcm-dev soc: qcom,msm-pri-auxpcm: ASoC: Failed to add route AUX_PCM_RX -> direct -> AUX PCM Playback
01-01 08:56:45.355 0 0 E msm-auxpcm-dev soc: qcom,msm-pri-auxpcm: ASoC: no sink widget found for AUX_PCM_TX
01-01 08:56:45.355 0 0 E msm-auxpcm-dev soc: qcom,msm-pri-auxpcm: ASoC: Failed to add route AUX PCM Capture -> direct -> AUX_PCM_TX
01-01 08:56:45.355 0 0 E msm-auxpcm-dev soc: qcom,msm-sec-auxpcm: ASoC: no source widget found for SEC_AUX_PCM_RX
01-01 08:56:45.355 0 0 E msm-auxpcm-dev soc: qcom,msm-sec-auxpcm: ASoC: Failed to add route SEC_AUX_PCM_RX -> direct -> Sec AUX PCM Playback
01-01 08:56:45.355 0 0 E msm-auxpcm-dev soc: qcom,msm-sec-auxpcm: ASoC: no sink widget found for SEC_AUX_PCM_TX
01-01 08:56:45.355 0 0 E msm-auxpcm-dev soc: qcom,msm-sec-auxpcm: ASoC: Failed to add route Sec AUX PCM Capture -> direct -> SEC_AUX_PCM_TX
01-01 08:56:45.355 0 0 E msm-auxpcm-dev soc: qcom,msm-tert-auxpcm: ASoC: no source widget found for TERT_AUX_PCM_RX
01-01 08:56:45.355 0 0 E msm-auxpcm-dev soc: qcom,msm-tert-auxpcm: ASoC: Failed to add route TERT_AUX_PCM_RX -> direct -> Tert AUX PCM Playback
01-01 08:56:45.355 0 0 E msm-auxpcm-dev soc: qcom,msm-tert-auxpcm: ASoC: no sink widget found for TERT_AUX_PCM_TX
01-01 08:56:45.355 0 0 E msm-auxpcm-dev soc: qcom,msm-tert-auxpcm: ASoC: Failed to add route Tert AUX PCM Capture -> direct -> TERT_AUX_PCM_TX
01-01 08:56:45.355 0 0 E msm-auxpcm-dev soc: qcom,msm-quat-auxpcm: ASoC: no source widget found for QUAT_AUX_PCM_RX
01-01 08:56:45.355 0 0 E msm-auxpcm-dev soc: qcom,msm-quat-auxpcm: ASoC: Failed to add route QUAT_AUX_PCM_RX -> direct -> Quat AUX PCM Playback
01-01 08:56:45.355 0 0 E msm-auxpcm-dev soc: qcom,msm-quat-auxpcm: ASoC: no sink widget found for QUAT_AUX_PCM_TX
01-01 08:56:45.355 0 0 E msm-auxpcm-dev soc: qcom,msm-quat-auxpcm: ASoC: Failed to add route Quat AUX PCM Capture -> direct -> QUAT_AUX_PCM_TX
01-01 08:56:45.355 0 0 E msm-auxpcm-dev soc: qcom,msm-quin-auxpcm: ASoC: no source widget found for QUIN_AUX_PCM_RX
01-01 08:56:45.355 0 0 E msm-auxpcm-dev soc: qcom,msm-quin-auxpcm: ASoC: Failed to add route QUIN_AUX_PCM_RX -> direct -> Quin AUX PCM Playback
01-01 08:56:45.355 0 0 E msm-auxpcm-dev soc: qcom,msm-quin-auxpcm: ASoC: no sink widget found for QUIN_AUX_PCM_TX
01-01 08:56:45.356 0 0 E msm-auxpcm-dev soc: qcom,msm-quin-auxpcm: ASoC: Failed to add route Quin AUX PCM Capture -> direct -> QUIN_AUX_PCM_TX
01-01 08:56:45.356 0 0 E msm-auxpcm-dev soc: qcom,msm-sen-auxpcm: ASoC: no source widget found for SEN_AUX_PCM_RX
01-01 08:56:45.356 0 0 E msm-auxpcm-dev soc: qcom,msm-sen-auxpcm: ASoC: Failed to add route SEN_AUX_PCM_RX -> direct -> Sen AUX PCM Playback
01-01 08:56:45.356 0 0 E msm-auxpcm-dev soc: qcom,msm-sen-auxpcm: ASoC: no sink widget found for SEN_AUX_PCM_TX
01-01 08:56:45.356 0 0 E msm-auxpcm-dev soc: qcom,msm-sen-auxpcm: ASoC: Failed to add route Sen AUX PCM Capture -> direct -> SEN_AUX_PCM_TX
01-01 08:56:45.356 0 0 W msm-dai-q6-hdmi soc: qcom,msm-dai-q6-dp: DAI driver id is not set
01-01 08:56:45.395 1232 1232 I imsrcsd : Uce Service HAL loading imsrcsbaseimpl
01-01 08:56:45.381 0 0 I cnss-daemon: NL group_id 10, cnss_nl.family_id 28
01-01 08:56:45.381 0 0 I cnss-daemon: wlfw_start: Starting
01-01 08:56:45.382 0 0 I cnss-daemon: no interop issues ap currently
01-01 08:56:45.383 0 0 I binder : 1216:1216 ioctl 40046210 7fcb6168c4 returned -22
01-01 08:56:45.387 0 0 I cnss-daemon: ro.baseband : [apq]
01-01 08:56:45.387 0 0 I cnss-daemon: Hardware supports external modem
01-01 08:56:45.388 0 0 I cnss-daemon: wlfw_service_request: Start the pthread: 0x0K
01-01 08:56:45.389 0 0 I cnss-daemon: pm_release_vote: pm_handle is NULL
01-01 08:56:45.389 0 0 I cnss-daemon: pm_release_vote: pm_handle is NULL
01-01 08:56:45.389 0 0 I cnss-daemon: wlfw_build_cal_table: not read /data/vendor/wifi/wlfw_cal_00.bin
01-01 08:56:45.392 0 0 W healthd : No battery devices found
01-01 08:56:45.430 0 0 W healthd : battery none chg=
01-01 08:56:45.450 0 0 W QSEECOM : qseecom_load_app: App (featenabler) does'nt exist, loading apps for first time
01-01 08:56:45.502 0 0 I binder : 1304:1304 ioctl 40046210 7fec378584 returned -22
01-01 08:56:45.524 0 0 W QSEECOM : qseecom_load_app: App with id 5 (featenabler) now loaded
01-01 08:56:45.532 0 0 I android_work: did not send uevent (0 0 0000000000000000)
01-01 08:56:45.539 0 0 I binder : 1203:1203 ioctl 40046210 7fd6c09694 returned -22
01-01 08:56:45.540 0 0 I binder : 1279:1279 ioctl 40046210 7fedf2b1b4 returned -22
01-01 08:56:45.541 1320 1320 I TLOC : [main ]"TLOC DAEMON main thread"
01-01 08:56:45.541 1320 1320 D TLOC : [TLOCDaemon ]"---------- TLOC Daemon Starts ----------"
01-01 08:56:45.541 1320 1320 D TLOC : [TLOCChannel]"The channel was initialized successfully for TLOCD"
01-01 08:56:45.541 1320 1320 D TLOC : [TLOCChannel]"The channel was initialized successfully for TLOCL"
01-01 08:56:45.541 1320 1320 D TLOC : [TLOCChannel]"The channel was initialized successfully for MODEM"
01-01 08:56:45.541 1320 1320 D TLOC : [TLOCChannel]"TLOCChannel was initialized successfully"
01-01 08:56:45.541 1320 1320 D TLOC : [TLOCChannel] "TLOCChannel is already initialized"
01-01 08:56:45.545 0 0 I binder : 1279:1279 ioctl 40046210 7fedf2afe4 returned -22
01-01 08:56:45.548 0 0 I binder : 1193:1193 ioctl 40046210 7fc25fa6e4 returned -22
01-01 08:56:45.548 0 0 I binder : 1193:1193 ioctl 40046210 7fc25fa704 returned -22
01-01 08:56:45.551 0 0 I cnss-daemon: wlfw_build_cal_table: not read /data/vendor/wifi/wlfw_cal_02.bin
01-01 08:56:45.553 0 0 D qbt : qbt_open: entry minor_no=0 fd_available=1
01-01 08:56:45.553 0 0 D qbt : qbt_open: exit : 0 fd_available=0
01-01 08:56:45.553 0 0 D qbt : qbt_open: entry minor_no=1 fd_available=0
01-01 08:56:45.553 0 0 D qbt : qbt_open: exit : 0 fd_available=0
01-01 08:56:45.553 0 0 D qbt : qbt_ioctl: cmd received 102
01-01 08:56:45.553 0 0 D qbt : qbt_ioctl: qbt_ioctl: QBT_ENABLE_IPC
01-01 08:56:45.553 0 0 D qbt : qbt_ioctl: cmd received 107
01-01 08:56:45.553 0 0 D qbt : qbt_ioctl: Acquiring wakelock
01-01 08:56:45.557 0 0 D cnss : Received QMI WLFW request memory indication
01-01 08:56:45.557 0 0 D cnss : FW requests for memory, size: 0x5e0000, type: 1
01-01 08:56:45.557 0 0 D cnss : FW requests for memory, size: 0xd8000, type: 4
01-01 08:56:45.557 0 0 D cnss : Posting event: REQUEST_MEM(2), state: 0x9 flags: 0x0
01-01 08:56:45.557 0 0 D cnss : PM stay awake, state: 0x9, count: 1
01-01 08:56:45.557 0 0 D cnss : PM relax, state: 0x9, count: 0
01-01 08:56:45.557 0 0 D cnss : PM stay awake, state: 0x9, count: 1
01-01 08:56:45.557 0 0 D cnss : Processing driver event: REQUEST_MEM(2), state: 0x9
01-01 08:56:45.572 1232 1232 I imsrcsd : Starting Service for First Time imsbaseimpl
01-01 08:56:45.583 1232 1232 I imsrcsd : Interface com.qualcomm.qti.uceservice@2.3::IUceService com.qualcomm.qti.uceservice is found in manifest
01-01 08:56:45.584 1232 1232 I HidlServiceManagement: Registered com.qualcomm.qti.uceservice@2.3::IUceService/com.qualcomm.qti.uceservice (start delay of 309ms)
01-01 08:56:45.585 1232 1232 I imsrcsd : Interface com.qualcomm.qti.imscmservice@2.2::IImsCmService qti.ims.connectionmanagerservice is found in manifest
01-01 08:56:45.586 1232 1232 I HidlServiceManagement: Registered com.qualcomm.qti.imscmservice@2.2::IImsCmService/qti.ims.connectionmanagerservice (start delay of 310ms)
01-01 08:56:45.587 1232 1232 I imsrcsd : Interface vendor.qti.ims.factory@1.1::IImsFactory default is not found in manifest
01-01 08:56:45.592 1232 1232 I imsrcsd : Interface vendor.qti.ims.factory@1.0::IImsFactory default is found in manifest
01-01 08:56:45.593 1232 1232 I HidlServiceManagement: Registered vendor.qti.ims.factory@1.0::IImsFactory/default (start delay of 318ms)
01-01 08:56:45.597 1232 1232 I imsrcsd : Interface vendor.qti.ims.callinfo@1.0::IService default is found in manifest
01-01 08:56:45.604 1232 1232 I HidlServiceManagement: Registered vendor.qti.ims.callinfo@1.0::IService/default (start delay of 329ms)
01-01 08:56:45.604 1232 1232 I imsrcsd : ImsRcsBaseImpl ImsCallInfo After Registering Service
01-01 08:56:45.606 0 0 I binder : 1210:1210 ioctl 40046210 7fd02af524 returned -22
01-01 08:56:45.613 1210 1210 W storaged: health: invalid battery status
01-01 08:56:45.614 0 0 I binder : 1210:1210 ioctl 40046210 7fd02af454 returned -22
01-01 08:56:45.621 0 0 E msm-dwc3 a600000.ssusb: Could not get usb psy
01-01 08:56:45.623 0 0 I binder : 1298:1298 ioctl 40046210 7fec6537e4 returned -22
01-01 08:56:45.623 0 0 I binder : 1298:1298 ioctl 40046210 7fec6533e4 returned -22
01-01 08:56:45.635 0 0 I binder : 1262:1262 ioctl 40046210 7fc80274d4 returned -22
01-01 08:56:45.642 0 0 I capability: warning: `msm_irqbalance' uses 32-bit capabilities (legacy support in use)
01-01 08:56:45.667 0 0 I binder : 1205:1205 ioctl 40046210 ffca60b8 returned -22
01-01 08:56:45.673 0 0 I binder : 1205:1205 ioctl 40046210 ffca60a0 returned -22
01-01 08:56:45.710 0 0 I IPv6 : ADDRCONF(NETDEV_UP): vlan0: link is not ready
01-01 08:56:45.710 0 0 E bolero-codec soc: qcom,msm-audio-apr:qcom,q6core-audio:bolero-cdc: ASoC: unknown pin WSA AIF VI
01-01 08:56:45.719 0 0 E kona-asoc-snd soc: qcom,msm-audio-apr:qcom,q6core-audio:sound: ASoC: no source widget found for MIC BIAS1
01-01 08:56:45.719 0 0 E kona-asoc-snd soc: qcom,msm-audio-apr:qcom,q6core-audio:sound: ASoC: Failed to add route MIC BIAS1 -> direct -> AMIC1
01-01 08:56:45.719 0 0 E kona-asoc-snd soc: qcom,msm-audio-apr:qcom,q6core-audio:sound: ASoC: no sink widget found for MIC BIAS1
01-01 08:56:45.719 0 0 E kona-asoc-snd soc: qcom,msm-audio-apr:qcom,q6core-audio:sound: ASoC: Failed to add route Analog Mic1 -> direct -> MIC BIAS1
01-01 08:56:45.719 0 0 E kona-asoc-snd soc: qcom,msm-audio-apr:qcom,q6core-audio:sound: ASoC: no source widget found for MIC BIAS2
01-01 08:56:45.719 0 0 E kona-asoc-snd soc: qcom,msm-audio-apr:qcom,q6core-audio:sound: ASoC: Failed to add route MIC BIAS2 -> direct -> AMIC2
01-01 08:56:45.719 0 0 E kona-asoc-snd soc: qcom,msm-audio-apr:qcom,q6core-audio:sound: ASoC: no sink widget found for MIC BIAS2
01-01 08:56:45.719 0 0 E kona-asoc-snd soc: qcom,msm-audio-apr:qcom,q6core-audio:sound: ASoC: Failed to add route Analog Mic2 -> direct -> MIC BIAS2
01-01 08:56:45.719 0 0 E kona-asoc-snd soc: qcom,msm-audio-apr:qcom,q6core-audio:sound: ASoC: no source widget found for MIC BIAS3
01-01 08:56:45.719 0 0 E kona-asoc-snd soc: qcom,msm-audio-apr:qcom,q6core-audio:sound: ASoC: Failed to add route MIC BIAS3 -> direct -> AMIC3
01-01 08:56:45.719 0 0 E kona-asoc-snd soc: qcom,msm-audio-apr:qcom,q6core-audio:sound: ASoC: no sink widget found for MIC BIAS3
01-01 08:56:45.719 0 0 E kona-asoc-snd soc: qcom,msm-audio-apr:qcom,q6core-audio:sound: ASoC: Failed to add route Analog Mic3 -> direct -> MIC BIAS3
01-01 08:56:45.719 0 0 E kona-asoc-snd soc: qcom,msm-audio-apr:qcom,q6core-audio:sound: ASoC: no source widget found for MIC BIAS3
01-01 08:56:45.719 0 0 E kona-asoc-snd soc: qcom,msm-audio-apr:qcom,q6core-audio:sound: ASoC: Failed to add route MIC BIAS3 -> direct -> AMIC4
01-01 08:56:45.719 0 0 E kona-asoc-snd soc: qcom,msm-audio-apr:qcom,q6core-audio:sound: ASoC: no sink widget found for MIC BIAS3
01-01 08:56:45.719 0 0 E kona-asoc-snd soc: qcom,msm-audio-apr:qcom,q6core-audio:sound: ASoC: Failed to add route Analog Mic4 -> direct -> MIC BIAS3
01-01 08:56:45.719 0 0 E kona-asoc-snd soc: qcom,msm-audio-apr:qcom,q6core-audio:sound: ASoC: no source widget found for MIC BIAS4
01-01 08:56:45.719 0 0 E kona-asoc-snd soc: qcom,msm-audio-apr:qcom,q6core-audio:sound: ASoC: Failed to add route MIC BIAS4 -> direct -> AMIC5
01-01 08:56:45.719 0 0 E kona-asoc-snd soc: qcom,msm-audio-apr:qcom,q6core-audio:sound: ASoC: no sink widget found for MIC BIAS4
01-01 08:56:45.719 0 0 E kona-asoc-snd soc: qcom,msm-audio-apr:qcom,q6core-audio:sound: ASoC: Failed to add route Analog Mic5 -> direct -> MIC BIAS4
01-01 08:56:45.719 0 0 E kona-asoc-snd soc: qcom,msm-audio-apr:qcom,q6core-audio:sound: ASoC: no source widget found for MIC BIAS3
01-01 08:56:45.719 0 0 E kona-asoc-snd soc: qcom,msm-audio-apr:qcom,q6core-audio:sound: ASoC: Failed to add route MIC BIAS3 -> direct -> TX DMIC0
01-01 08:56:45.719 0 0 E kona-asoc-snd soc: qcom,msm-audio-apr:qcom,q6core-audio:sound: ASoC: no sink widget found for MIC BIAS3
01-01 08:56:45.719 0 0 E kona-asoc-snd soc: qcom,msm-audio-apr:qcom,q6core-audio:sound: ASoC: Failed to add route Digital Mic0 -> direct -> MIC BIAS3
01-01 08:56:45.720 0 0 E kona-asoc-snd soc: qcom,msm-audio-apr:qcom,q6core-audio:sound: ASoC: no source widget found for MIC BIAS3
01-01 08:56:45.720 0 0 E kona-asoc-snd soc: qcom,msm-audio-apr:qcom,q6core-audio:sound: ASoC: Failed to add route MIC BIAS3 -> direct -> TX DMIC1
01-01 08:56:45.720 0 0 E kona-asoc-snd soc: qcom,msm-audio-apr:qcom,q6core-audio:sound: ASoC: no sink widget found for MIC BIAS3
01-01 08:56:45.720 0 0 E kona-asoc-snd soc: qcom,msm-audio-apr:qcom,q6core-audio:sound: ASoC: Failed to add route Digital Mic1 -> direct -> MIC BIAS3
01-01 08:56:45.720 0 0 E kona-asoc-snd soc: qcom,msm-audio-apr:qcom,q6core-audio:sound: ASoC: no source widget found for MIC BIAS1
01-01 08:56:45.720 0 0 E kona-asoc-snd soc: qcom,msm-audio-apr:qcom,q6core-audio:sound: ASoC: Failed to add route MIC BIAS1 -> direct -> TX DMIC2
01-01 08:56:45.720 0 0 E kona-asoc-snd soc: qcom,msm-audio-apr:qcom,q6core-audio:sound: ASoC: no sink widget found for MIC BIAS1
01-01 08:56:45.720 0 0 E kona-asoc-snd soc: qcom,msm-audio-apr:qcom,q6core-audio:sound: ASoC: Failed to add route Digital Mic2 -> direct -> MIC BIAS1
01-01 08:56:45.720 0 0 E kona-asoc-snd soc: qcom,msm-audio-apr:qcom,q6core-audio:sound: ASoC: no source widget found for MIC BIAS1
01-01 08:56:45.720 0 0 E kona-asoc-snd soc: qcom,msm-audio-apr:qcom,q6core-audio:sound: ASoC: Failed to add route MIC BIAS1 -> direct -> TX DMIC3
01-01 08:56:45.720 0 0 E kona-asoc-snd soc: qcom,msm-audio-apr:qcom,q6core-audio:sound: ASoC: no sink widget found for MIC BIAS1
01-01 08:56:45.720 0 0 E kona-asoc-snd soc: qcom,msm-audio-apr:qcom,q6core-audio:sound: ASoC: Failed to add route Digital Mic3 -> direct -> MIC BIAS1
01-01 08:56:45.720 0 0 E kona-asoc-snd soc: qcom,msm-audio-apr:qcom,q6core-audio:sound: ASoC: no source widget found for MIC BIAS4
01-01 08:56:45.720 0 0 E kona-asoc-snd soc: qcom,msm-audio-apr:qcom,q6core-audio:sound: ASoC: Failed to add route MIC BIAS4 -> direct -> TX DMIC4
01-01 08:56:45.720 0 0 E kona-asoc-snd soc: qcom,msm-audio-apr:qcom,q6core-audio:sound: ASoC: no sink widget found for MIC BIAS4
01-01 08:56:45.720 0 0 E kona-asoc-snd soc: qcom,msm-audio-apr:qcom,q6core-audio:sound: ASoC: Failed to add route Digital Mic4 -> direct -> MIC BIAS4
01-01 08:56:45.720 0 0 E kona-asoc-snd soc: qcom,msm-audio-apr:qcom,q6core-audio:sound: ASoC: no source widget found for MIC BIAS4
01-01 08:56:45.720 0 0 E kona-asoc-snd soc: qcom,msm-audio-apr:qcom,q6core-audio:sound: ASoC: Failed to add route MIC BIAS4 -> direct -> TX DMIC5
01-01 08:56:45.720 0 0 E kona-asoc-snd soc: qcom,msm-audio-apr:qcom,q6core-audio:sound: ASoC: no sink widget found for MIC BIAS4
01-01 08:56:45.720 0 0 E kona-asoc-snd soc: qcom,msm-audio-apr:qcom,q6core-audio:sound: ASoC: Failed to add route Digital Mic5 -> direct -> MIC BIAS4
01-01 08:56:45.720 0 0 E kona-asoc-snd soc: qcom,msm-audio-apr:qcom,q6core-audio:sound: ASoC: no sink widget found for IN1_HPHL
01-01 08:56:45.720 0 0 E kona-asoc-snd soc: qcom,msm-audio-apr:qcom,q6core-audio:sound: ASoC: Failed to add route HPHL_OUT -> direct -> IN1_HPHL
01-01 08:56:45.721 0 0 E kona-asoc-snd soc: qcom,msm-audio-apr:qcom,q6core-audio:sound: ASoC: no sink widget found for IN2_HPHR
01-01 08:56:45.721 0 0 E kona-asoc-snd soc: qcom,msm-audio-apr:qcom,q6core-audio:sound: ASoC: Failed to add route HPHR_OUT -> direct -> IN2_HPHR
01-01 08:56:45.721 0 0 E kona-asoc-snd soc: qcom,msm-audio-apr:qcom,q6core-audio:sound: ASoC: no sink widget found for IN3_AUX
01-01 08:56:45.721 0 0 E kona-asoc-snd soc: qcom,msm-audio-apr:qcom,q6core-audio:sound: ASoC: Failed to add route AUX_OUT -> direct -> IN3_AUX
01-01 08:56:45.721 0 0 E kona-asoc-snd soc: qcom,msm-audio-apr:qcom,q6core-audio:sound: ASoC: no source widget found for ADC1_OUTPUT
01-01 08:56:45.721 0 0 E kona-asoc-snd soc: qcom,msm-audio-apr:qcom,q6core-audio:sound: ASoC: Failed to add route ADC1_OUTPUT -> direct -> TX SWR_ADC0
01-01 08:56:45.721 0 0 E kona-asoc-snd soc: qcom,msm-audio-apr:qcom,q6core-audio:sound: ASoC: no source widget found for ADC2_OUTPUT
01-01 08:56:45.721 0 0 E kona-asoc-snd soc: qcom,msm-audio-apr:qcom,q6core-audio:sound: ASoC: Failed to add route ADC2_OUTPUT -> direct -> TX SWR_ADC1
01-01 08:56:45.721 0 0 E kona-asoc-snd soc: qcom,msm-audio-apr:qcom,q6core-audio:sound: ASoC: no source widget found for ADC3_OUTPUT
01-01 08:56:45.721 0 0 E kona-asoc-snd soc: qcom,msm-audio-apr:qcom,q6core-audio:sound: ASoC: Failed to add route ADC3_OUTPUT -> direct -> TX SWR_ADC2
01-01 08:56:45.721 0 0 E kona-asoc-snd soc: qcom,msm-audio-apr:qcom,q6core-audio:sound: ASoC: no source widget found for ADC4_OUTPUT
01-01 08:56:45.721 0 0 E kona-asoc-snd soc: qcom,msm-audio-apr:qcom,q6core-audio:sound: ASoC: Failed to add route ADC4_OUTPUT -> direct -> TX SWR_ADC3
01-01 08:56:45.721 0 0 E kona-asoc-snd soc: qcom,msm-audio-apr:qcom,q6core-audio:sound: ASoC: no source widget found for DMIC1_OUTPUT
01-01 08:56:45.721 0 0 E kona-asoc-snd soc: qcom,msm-audio-apr:qcom,q6core-audio:sound: ASoC: Failed to add route DMIC1_OUTPUT -> direct -> TX SWR_DMIC0
01-01 08:56:45.721 0 0 E kona-asoc-snd soc: qcom,msm-audio-apr:qcom,q6core-audio:sound: ASoC: no source widget found for DMIC2_OUTPUT
01-01 08:56:45.721 0 0 E kona-asoc-snd soc: qcom,msm-audio-apr:qcom,q6core-audio:sound: ASoC: Failed to add route DMIC2_OUTPUT -> direct -> TX SWR_DMIC1
01-01 08:56:45.721 0 0 E kona-asoc-snd soc: qcom,msm-audio-apr:qcom,q6core-audio:sound: ASoC: no source widget found for DMIC3_OUTPUT
01-01 08:56:45.721 0 0 E kona-asoc-snd soc: qcom,msm-audio-apr:qcom,q6core-audio:sound: ASoC: Failed to add route DMIC3_OUTPUT -> direct -> TX SWR_DMIC2
01-01 08:56:45.721 0 0 E kona-asoc-snd soc: qcom,msm-audio-apr:qcom,q6core-audio:sound: ASoC: no source widget found for DMIC4_OUTPUT
01-01 08:56:45.721 0 0 E kona-asoc-snd soc: qcom,msm-audio-apr:qcom,q6core-audio:sound: ASoC: Failed to add route DMIC4_OUTPUT -> direct -> TX SWR_DMIC3
01-01 08:56:45.721 0 0 E kona-asoc-snd soc: qcom,msm-audio-apr:qcom,q6core-audio:sound: ASoC: no source widget found for DMIC5_OUTPUT
01-01 08:56:45.721 0 0 E kona-asoc-snd soc: qcom,msm-audio-apr:qcom,q6core-audio:sound: ASoC: Failed to add route DMIC5_OUTPUT -> direct -> TX SWR_DMIC4
01-01 08:56:45.721 0 0 E kona-asoc-snd soc: qcom,msm-audio-apr:qcom,q6core-audio:sound: ASoC: no source widget found for DMIC6_OUTPUT
01-01 08:56:45.721 0 0 E kona-asoc-snd soc: qcom,msm-audio-apr:qcom,q6core-audio:sound: ASoC: Failed to add route DMIC6_OUTPUT -> direct -> TX SWR_DMIC5
01-01 08:56:45.721 0 0 E kona-asoc-snd soc: qcom,msm-audio-apr:qcom,q6core-audio:sound: ASoC: no source widget found for DMIC7_OUTPUT
01-01 08:56:45.721 0 0 E kona-asoc-snd soc: qcom,msm-audio-apr:qcom,q6core-audio:sound: ASoC: Failed to add route DMIC7_OUTPUT -> direct -> TX SWR_DMIC6
01-01 08:56:45.721 0 0 E kona-asoc-snd soc: qcom,msm-audio-apr:qcom,q6core-audio:sound: ASoC: no source widget found for DMIC8_OUTPUT
01-01 08:56:45.721 0 0 E kona-asoc-snd soc: qcom,msm-audio-apr:qcom,q6core-audio:sound: ASoC: Failed to add route DMIC8_OUTPUT -> direct -> TX SWR_DMIC7
01-01 08:56:45.722 0 0 E kona-asoc-snd soc: qcom,msm-audio-apr:qcom,q6core-audio:sound: ASoC: no sink widget found for SpkrLeft IN
01-01 08:56:45.722 0 0 E kona-asoc-snd soc: qcom,msm-audio-apr:qcom,q6core-audio:sound: ASoC: Failed to add route WSA_SPK1 OUT -> direct -> SpkrLeft IN
01-01 08:56:45.722 0 0 E kona-asoc-snd soc: qcom,msm-audio-apr:qcom,q6core-audio:sound: ASoC: no sink widget found for SpkrRight IN
01-01 08:56:45.722 0 0 E kona-asoc-snd soc: qcom,msm-audio-apr:qcom,q6core-audio:sound: ASoC: Failed to add route WSA_SPK2 OUT -> direct -> SpkrRight IN
01-01 08:56:45.722 0 0 E kona-asoc-snd soc: qcom,msm-audio-apr:qcom,q6core-audio:sound: ASoC: no sink widget found for VA MIC BIAS3
01-01 08:56:45.722 0 0 E kona-asoc-snd soc: qcom,msm-audio-apr:qcom,q6core-audio:sound: ASoC: Failed to add route Digital Mic0 -> direct -> VA MIC BIAS3
01-01 08:56:45.722 0 0 E kona-asoc-snd soc: qcom,msm-audio-apr:qcom,q6core-audio:sound: ASoC: no sink widget found for VA MIC BIAS3
01-01 08:56:45.722 0 0 E kona-asoc-snd soc: qcom,msm-audio-apr:qcom,q6core-audio:sound: ASoC: Failed to add route Digital Mic1 -> direct -> VA MIC BIAS3
01-01 08:56:45.722 0 0 E kona-asoc-snd soc: qcom,msm-audio-apr:qcom,q6core-audio:sound: ASoC: no sink widget found for VA MIC BIAS4
01-01 08:56:45.722 0 0 E kona-asoc-snd soc: qcom,msm-audio-apr:qcom,q6core-audio:sound: ASoC: Failed to add route Digital Mic4 -> direct -> VA MIC BIAS4
01-01 08:56:45.722 0 0 E kona-asoc-snd soc: qcom,msm-audio-apr:qcom,q6core-audio:sound: ASoC: no sink widget found for VA MIC BIAS4
01-01 08:56:45.722 0 0 E kona-asoc-snd soc: qcom,msm-audio-apr:qcom,q6core-audio:sound: ASoC: Failed to add route Digital Mic5 -> direct -> VA MIC BIAS4
01-01 08:56:45.722 0 0 E kona-asoc-snd soc: qcom,msm-audio-apr:qcom,q6core-audio:sound: ASoC: no source widget found for VA MIC BIAS3
01-01 08:56:45.722 0 0 E kona-asoc-snd soc: qcom,msm-audio-apr:qcom,q6core-audio:sound: ASoC: Failed to add route VA MIC BIAS3 -> direct -> VA DMIC0
01-01 08:56:45.722 0 0 E kona-asoc-snd soc: qcom,msm-audio-apr:qcom,q6core-audio:sound: ASoC: no source widget found for VA MIC BIAS3
01-01 08:56:45.722 0 0 E kona-asoc-snd soc: qcom,msm-audio-apr:qcom,q6core-audio:sound: ASoC: Failed to add route VA MIC BIAS3 -> direct -> VA DMIC1
01-01 08:56:45.722 0 0 E kona-asoc-snd soc: qcom,msm-audio-apr:qcom,q6core-audio:sound: ASoC: no source widget found for VA MIC BIAS4
01-01 08:56:45.722 0 0 E kona-asoc-snd soc: qcom,msm-audio-apr:qcom,q6core-audio:sound: ASoC: Failed to add route VA MIC BIAS4 -> direct -> VA DMIC4
01-01 08:56:45.722 0 0 E kona-asoc-snd soc: qcom,msm-audio-apr:qcom,q6core-audio:sound: ASoC: no source widget found for VA MIC BIAS4
01-01 08:56:45.722 0 0 E kona-asoc-snd soc: qcom,msm-audio-apr:qcom,q6core-audio:sound: ASoC: Failed to add route VA MIC BIAS4 -> direct -> VA DMIC5
01-01 08:56:45.722 0 0 E kona-asoc-snd soc: qcom,msm-audio-apr:qcom,q6core-audio:sound: ASoC: no source widget found for ADC1_OUTPUT
01-01 08:56:45.722 0 0 E kona-asoc-snd soc: qcom,msm-audio-apr:qcom,q6core-audio:sound: ASoC: Failed to add route ADC1_OUTPUT -> direct -> VA SWR_ADC0
01-01 08:56:45.723 0 0 E kona-asoc-snd soc: qcom,msm-audio-apr:qcom,q6core-audio:sound: ASoC: no source widget found for ADC2_OUTPUT
01-01 08:56:45.723 0 0 E kona-asoc-snd soc: qcom,msm-audio-apr:qcom,q6core-audio:sound: ASoC: Failed to add route ADC2_OUTPUT -> direct -> VA SWR_ADC1
01-01 08:56:45.723 0 0 E kona-asoc-snd soc: qcom,msm-audio-apr:qcom,q6core-audio:sound: ASoC: no source widget found for ADC3_OUTPUT
01-01 08:56:45.723 0 0 E kona-asoc-snd soc: qcom,msm-audio-apr:qcom,q6core-audio:sound: ASoC: Failed to add route ADC3_OUTPUT -> direct -> VA SWR_ADC2
01-01 08:56:45.723 0 0 E kona-asoc-snd soc: qcom,msm-audio-apr:qcom,q6core-audio:sound: ASoC: no source widget found for ADC4_OUTPUT
01-01 08:56:45.723 0 0 E kona-asoc-snd soc: qcom,msm-audio-apr:qcom,q6core-audio:sound: ASoC: Failed to add route ADC4_OUTPUT -> direct -> VA SWR_ADC3
01-01 08:56:45.723 0 0 E kona-asoc-snd soc: qcom,msm-audio-apr:qcom,q6core-audio:sound: ASoC: no source widget found for DMIC1_OUTPUT
01-01 08:56:45.723 0 0 E kona-asoc-snd soc: qcom,msm-audio-apr:qcom,q6core-audio:sound: ASoC: Failed to add route DMIC1_OUTPUT -> direct -> VA SWR_MIC0
01-01 08:56:45.723 0 0 E kona-asoc-snd soc: qcom,msm-audio-apr:qcom,q6core-audio:sound: ASoC: no source widget found for DMIC2_OUTPUT
01-01 08:56:45.723 0 0 E kona-asoc-snd soc: qcom,msm-audio-apr:qcom,q6core-audio:sound: ASoC: Failed to add route DMIC2_OUTPUT -> direct -> VA SWR_MIC1
01-01 08:56:45.723 0 0 E kona-asoc-snd soc: qcom,msm-audio-apr:qcom,q6core-audio:sound: ASoC: no source widget found for DMIC3_OUTPUT
01-01 08:56:45.723 0 0 E kona-asoc-snd soc: qcom,msm-audio-apr:qcom,q6core-audio:sound: ASoC: Failed to add route DMIC3_OUTPUT -> direct -> VA SWR_MIC2
01-01 08:56:45.723 0 0 E kona-asoc-snd soc: qcom,msm-audio-apr:qcom,q6core-audio:sound: ASoC: no source widget found for DMIC4_OUTPUT
01-01 08:56:45.723 0 0 E kona-asoc-snd soc: qcom,msm-audio-apr:qcom,q6core-audio:sound: ASoC: Failed to add route DMIC4_OUTPUT -> direct -> VA SWR_MIC3
01-01 08:56:45.723 0 0 E kona-asoc-snd soc: qcom,msm-audio-apr:qcom,q6core-audio:sound: ASoC: no source widget found for DMIC5_OUTPUT
01-01 08:56:45.723 0 0 E kona-asoc-snd soc: qcom,msm-audio-apr:qcom,q6core-audio:sound: ASoC: Failed to add route DMIC5_OUTPUT -> direct -> VA SWR_MIC4
01-01 08:56:45.723 0 0 E kona-asoc-snd soc: qcom,msm-audio-apr:qcom,q6core-audio:sound: ASoC: no source widget found for DMIC6_OUTPUT
01-01 08:56:45.723 0 0 E kona-asoc-snd soc: qcom,msm-audio-apr:qcom,q6core-audio:sound: ASoC: Failed to add route DMIC6_OUTPUT -> direct -> VA SWR_MIC5
01-01 08:56:45.723 0 0 E kona-asoc-snd soc: qcom,msm-audio-apr:qcom,q6core-audio:sound: ASoC: no source widget found for DMIC7_OUTPUT
01-01 08:56:45.723 0 0 E kona-asoc-snd soc: qcom,msm-audio-apr:qcom,q6core-audio:sound: ASoC: Failed to add route DMIC7_OUTPUT -> direct -> VA SWR_MIC6
01-01 08:56:45.723 0 0 E kona-asoc-snd soc: qcom,msm-audio-apr:qcom,q6core-audio:sound: ASoC: no source widget found for DMIC8_OUTPUT
01-01 08:56:45.723 0 0 E kona-asoc-snd soc: qcom,msm-audio-apr:qcom,q6core-audio:sound: ASoC: Failed to add route DMIC8_OUTPUT -> direct -> VA SWR_MIC7
01-01 08:56:45.735 0 0 I kona-asoc-snd soc: qcom,msm-audio-apr:qcom,q6core-audio:sound: msm_asoc_machine_probe: Sound card kona-mtp-snd-card registered
01-01 08:56:45.740 0 0 E : [drm:dp_display_init_aux_switch][msm-dp-err][30 ]failed to register notifier (-22)
01-01 08:56:45.740 0 0 E register_client_adhoc: find path.src 1 dest 589
01-01 08:56:45.740 0 0 E register_client_adhoc: Failed to find path.src 1 dest 589
01-01 08:56:45.747 0 0 E swr-wcd rx_swr_ctrl: swrm_get_logical_dev_num: device 0xd01170224 is not ready
01-01 08:56:45.747 0 0 E swr_get_logical_dev_num: Error -22 to get logical addr for device d01170224
01-01 08:56:45.747 0 0 E swr-wcd rx_swr_ctrl: swrm_get_logical_dev_num: device 0xd01170224 is not ready
01-01 08:56:45.747 0 0 E swr_get_logical_dev_num: Error -22 to get logical addr for device d01170224
01-01 08:56:45.747 0 0 E swr-wcd rx_swr_ctrl: swrm_get_logical_dev_num: device 0xd01170224 is not ready
01-01 08:56:45.747 0 0 E swr_get_logical_dev_num: Error -22 to get logical addr for device d01170224
01-01 08:56:45.747 0 0 E swr-wcd rx_swr_ctrl: swrm_get_logical_dev_num: device 0xd01170224 is not ready
01-01 08:56:45.747 0 0 E swr_get_logical_dev_num: Error -22 to get logical addr for device d01170224
01-01 08:56:45.748 0 0 E swr-wcd rx_swr_ctrl: swrm_get_logical_dev_num: device 0xd01170224 is not ready
01-01 08:56:45.748 0 0 E swr_get_logical_dev_num: Error -22 to get logical addr for device d01170224
01-01 08:56:45.748 0 0 E wcd938x_codec wcd938x-codec: wcd938x_bind: Slave bind failed, ret = -517
01-01 08:56:45.751 0 0 D cnss : Sending respond memory message, state: 0x9
01-01 08:56:45.751 0 0 D cnss : Memory for FW, va: 0x0000000000000000, pa: 0x00000000a1000000, size: 0x5e0000, type: 1
01-01 08:56:45.751 0 0 D cnss : Memory for FW, va: 0x0000000000000000, pa: 0x00000000a1600000, size: 0xd8000, type: 4
01-01 08:56:45.757 0 0 D cnss : PM relax, state: 0x9, count: 0
01-01 08:56:45.759 0 0 D cnss : Received QMI WLFW FW memory ready indication
01-01 08:56:45.759 0 0 D cnss : Posting event: FW_MEM_READY(3), state: 0x9 flags: 0x0
01-01 08:56:45.759 0 0 D cnss : PM stay awake, state: 0x9, count: 1
01-01 08:56:45.759 0 0 D cnss : Processing driver event: FW_MEM_READY(3), state: 0x9
01-01 08:56:45.759 0 0 D cnss : Sending target capability message, state: 0xb
01-01 08:56:45.768 0 0 D cnss : Voltage for CPR: 948mV
01-01 08:56:45.768 0 0 D cnss : Got voltage 800mV from i: 0, j: 0
01-01 08:56:45.769 0 0 D cnss : Got voltage 1012mV from i: 4, j: 1
01-01 08:56:45.769 0 0 D cnss : Update TCS CMD data address 0x000000000b2e5844 with voltage 950mV
01-01 08:56:45.769 0 0 D cnss : Device frequency is 24000000 HZ
01-01 08:56:45.769 0 0 D cnss : Target capability: chip_id: 0x0, chip_family: 0xb, board_id: 0xff, soc_id: 0xffffffff, fw_version: 0x101a0521, fw_build_timestamp: 2021-12-20 07:54, fw_build_id: QC_IMAGE_VERSION_STRING=WLAN.HST.1.0.1.r1-01313-QCAHSTSWPL_SILICONZ-1, otp_version: 0x480020
01-01 08:56:45.769 0 0 D cnss : Sending BDF download message, state: 0xb, type: 4
01-01 08:56:45.769 0 0 D cnss : FW name added with prefix: qca6390/regdb.bin
01-01 08:56:45.769 0 0 W cnss2 b0000000.qcom,cnss-qca6390: Falling back to syfs fallback for: qca6390/regdb.bin
01-01 08:56:45.787 0 0 W QSEECOM : qseecom_load_app: App (fingerpr) does'nt exist, loading apps for first time
01-01 08:56:45.799 0 0 W subsys-pil-tz soc: qcom,kgsl-hyp: Falling back to syfs fallback for: a650_zap.mdt
01-01 08:56:45.814 0 0 E cnss : Failed to load BDF: qca6390/regdb.bin
01-01 08:56:45.814 0 0 D cnss : Sending BDF download message, state: 0xb, type: 1
01-01 08:56:45.814 0 0 D cnss : FW name added with prefix: qca6390/bdwlan.elf
01-01 08:56:45.814 0 0 W cnss2 b0000000.qcom,cnss-qca6390: Falling back to syfs fallback for: qca6390/bdwlan.elf
01-01 08:56:45.817 0 0 D cnss : Downloading BDF: qca6390/bdwlan.elf, size: 57908
01-01 08:56:45.845 0 0 D cnss : FW name added with prefix: qca6390/m3.bin
01-01 08:56:45.845 0 0 W cnss_pci 0000: 01:00.0: Falling back to syfs fallback for: qca6390/m3.bin
01-01 08:56:45.849 0 0 I subsys-pil-tz soc: qcom,kgsl-hyp: a650_zap: loading from 0x00000000fcd00000 to 0x00000000fcd01000
01-01 08:56:45.852 0 0 E msm-dwc3 a600000.ssusb: Could not get usb psy
01-01 08:56:45.853 0 0 D cnss : Sending M3 information message, state: 0xb
01-01 08:56:45.853 0 0 D cnss : M3 memory, va: 0x0000000000000000, pa: 0x00000000a1800000, size: 0x411bc
01-01 08:56:45.858 0 0 D cnss : PM relax, state: 0xb, count: 0
01-01 08:56:45.859 0 0 D cnss : Received QMI WLFW FW initialization done indication
01-01 08:56:45.859 0 0 D cnss : Posting event: FW_READY(4), state: 0xb flags: 0x0
01-01 08:56:45.859 0 0 D cnss : PM stay awake, state: 0xb, count: 1
01-01 08:56:45.859 0 0 D cnss : PM relax, state: 0xb, count: 0
01-01 08:56:45.859 0 0 D cnss : PM stay awake, state: 0xb, count: 1
01-01 08:56:45.859 0 0 D cnss : Processing driver event: FW_READY(4), state: 0xb
01-01 08:56:45.859 0 0 D cnss : PCIE Gen speed not setup
01-01 08:56:45.859 0 0 D cnss : Sending antenna switch sync request, state: 0xf
01-01 08:56:45.861 0 0 E cnss : Antenna switch request failed, result: 1, err: 94
01-01 08:56:45.861 0 0 D cnss : Sending mode message, mode: CALIBRATION(7), state: 0xf
01-01 08:56:45.912 0 0 W QSEECOM : qseecom_load_app: App with id 6 (fingerpr) now loaded
01-01 08:56:45.913 0 0 W subsys-pil-tz soc: qcom,kgsl-hyp: Falling back to syfs fallback for: a650_zap.b02
01-01 08:56:45.917 0 0 I IPv6 : ADDRCONF(NETDEV_UP): vlan1: link is not ready
01-01 08:56:45.926 0 0 I subsys-pil-tz soc: qcom,kgsl-hyp: a650_zap: Brought out of reset
01-01 08:56:45.940 0 0 I android_work: sent uevent USB_STATE=CONNECTED
01-01 08:56:45.942 0 0 I binder : 1116:1148 ioctl 40046210 78bea8a144 returned -22
01-01 08:56:45.960 0 0 E msm-dwc3 a600000.ssusb: Could not get usb psy
01-01 08:56:45.963 0 0 I binder : 1519:1519 ioctl 40046210 7fe3d006a4 returned -22
01-01 08:56:45.987 1519 1519 I SystemServerTiming: InitBeforeStartServices
01-01 08:56:45.988 1519 1519 I SystemServer: Entered the Android system server!
01-01 08:56:46.026 0 0 D cnss : Received QMI WLFW pin connect result indication
01-01 08:56:46.026 0 0 D cnss : Removing vote for Regulator vdd-wlan-rfa2
01-01 08:56:46.026 0 0 D cnss : Pin connect Result: pwr_pin: 0x1 phy_io_pin: 0x0 rf_io_pin: 0x0
01-01 08:56:46.026 0 0 D cnss : Removing vote for Regulator vdd-wlan-rfa1
01-01 08:56:46.026 0 0 D cnss : Removing vote for Regulator vdd-wlan-dig
01-01 08:56:46.026 0 0 D cnss : Removing vote for Regulator vdd-wlan-aon
01-01 08:56:46.026 0 0 D cnss : Removing vote for Regulator vdd-wlan-io
01-01 08:56:46.026 0 0 D cnss : PM relax, state: 0xf, count: 0
01-01 08:56:46.036 0 0 I configfs-gadget gadget: high-speed config #1: b
01-01 08:56:46.037 0 0 E msm-dwc3 a600000.ssusb: Could not get usb psy
01-01 08:56:46.037 0 0 I android_work: sent uevent USB_STATE=CONFIGURED
01-01 08:56:46.042 0 0 I IPv6 : ADDRCONF(NETDEV_UP): vlan2: link is not ready
01-01 08:56:46.101 0 0 W QSEECOM : __qseecom_unload_app: App (6) is unloaded
01-01 08:56:46.102 0 0 D qbt : qbt_release: entry minor_no=0 fd_available=0
01-01 08:56:46.102 0 0 D qbt : qbt_release: Releasing wakelock
01-01 08:56:46.102 0 0 D qbt : qbt_release: exit : fd_available=1
01-01 08:56:46.102 0 0 D qbt : qbt_release: entry minor_no=1 fd_available=1
01-01 08:56:46.102 0 0 D qbt : qbt_release: exit : fd_available=1
01-01 08:56:46.092 1519 1519 I SystemServerInitThreadPool: Creating instance with 8 threads
01-01 08:56:46.137 0 0 I IPv6 : ADDRCONF(NETDEV_UP): vlan4: link is not ready
01-01 08:56:46.234 0 0 I IPv6 : ADDRCONF(NETDEV_UP): vlan8: link is not ready
01-01 08:56:46.338 0 0 I IPv6 : ADDRCONF(NETDEV_UP): vlan11: link is not ready
01-01 08:56:46.345 1519 1519 I SystemServerTiming: StartServices
01-01 08:56:46.345 1519 1519 I SystemServerTiming: startBootstrapServices
01-01 08:56:46.345 1519 1519 I SystemServerTiming: StartWatchdog
01-01 08:56:46.354 1519 1519 I SystemServer: Reading configuration...
01-01 08:56:46.354 1519 1519 I SystemServerTiming: ReadingSystemConfig
01-01 08:56:46.354 1519 1519 I SystemServerTiming: PlatformCompat
01-01 08:56:46.354 1519 1626 I SystemServerTimingAsync: InitThreadPoolExec:ReadingSystemConfig
01-01 08:56:46.355 1519 1626 I SystemConfig: Reading permissions from /system/etc/sysconfig/framework-sysconfig.xml
01-01 08:56:46.356 1519 1519 D CompatConfig: Found a config file: /system/etc/compatconfig/calendar-provider-compat-config.xml
01-01 08:56:46.356 1519 1626 I SystemConfig: Reading permissions from /system/etc/sysconfig/preinstalled-packages-platform-full-base.xml
01-01 08:56:46.357 1519 1519 D CompatConfig: Adding: com.android.server.compat.config.Change@cadf4e
01-01 08:56:46.357 1519 1626 I SystemConfig: Reading permissions from /system/etc/sysconfig/hiddenapi-package-whitelist.xml
01-01 08:56:46.357 1519 1519 D CompatConfig: Found a config file: /system/etc/compatconfig/framework-platform-compat-config.xml
01-01 08:56:46.358 1519 1626 I SystemConfig: Reading permissions from /system/etc/sysconfig/preinstalled-packages-platform.xml
01-01 08:56:46.358 1519 1626 I SystemConfig: Reading permissions from /system/etc/sysconfig/qti_whitelist.xml
01-01 08:56:46.358 1519 1519 D CompatConfig: Adding: com.android.server.compat.config.Change@6ddbc8b
01-01 08:56:46.359 1519 1519 D CompatConfig: Adding: com.android.server.compat.config.Change@a5dd168
01-01 08:56:46.359 1519 1626 I SystemConfig: Reading permissions from /system/etc/sysconfig/preinstalled-packages-com.android.providers.media.module.xml
01-01 08:56:46.359 1519 1519 D CompatConfig: Adding: com.android.server.compat.config.Change@81f8a26
01-01 08:56:46.359 1519 1519 D CompatConfig: Adding: com.android.server.compat.config.Change@e99667
01-01 08:56:46.359 1519 1519 D CompatConfig: Adding: com.android.server.compat.config.Change@9f29c14
01-01 08:56:46.360 1519 1519 D CompatConfig: Adding: com.android.server.compat.config.Change@352bcbd
01-01 08:56:46.360 1519 1626 I SystemConfig: Reading permissions from /system/etc/permissions/com.baidu.input.xml
01-01 08:56:46.360 1519 1519 D CompatConfig: Adding: com.android.server.compat.config.Change@fef3203
01-01 08:56:46.360 1519 1519 D CompatConfig: Adding: com.android.server.compat.config.Change@b676580
01-01 08:56:46.360 1519 1519 D CompatConfig: Adding: com.android.server.compat.config.Change@cf367b9
01-01 08:56:46.360 1519 1519 D CompatConfig: Adding: com.android.server.compat.config.Change@f53b7fe
01-01 08:56:46.360 1519 1626 I SystemConfig: Reading permissions from /system/etc/permissions/android.test.base.xml
01-01 08:56:46.361 1519 1519 D CompatConfig: Adding: com.android.server.compat.config.Change@49d59ac
01-01 08:56:46.361 1519 1519 D CompatConfig: Adding: com.android.server.compat.config.Change@72f560a
01-01 08:56:46.361 1519 1626 I SystemConfig: Reading permissions from /system/etc/permissions/privapp-permissions-qti.xml
01-01 08:56:46.361 1519 1519 D CompatConfig: Adding: com.android.server.compat.config.Change@11ade7b
01-01 08:56:46.361 1519 1519 D CompatConfig: Adding: com.android.server.compat.config.Change@65c6498
01-01 08:56:46.362 1519 1519 D CompatConfig: Adding: com.android.server.compat.config.Change@18d54f1
01-01 08:56:46.362 1519 1519 D CompatConfig: Adding: com.android.server.compat.config.Change@c74c8d6
01-01 08:56:46.362 1519 1519 D CompatConfig: Adding: com.android.server.compat.config.Change@e6ee757
01-01 08:56:46.362 1519 1626 I SystemConfig: Reading permissions from /system/etc/permissions/privapp-permissions-platform.xml
01-01 08:56:46.362 1519 1519 D CompatConfig: Adding: com.android.server.compat.config.Change@9914f2d
01-01 08:56:46.362 1519 1519 D CompatConfig: Adding: com.android.server.compat.config.Change@2cc9c62
01-01 08:56:46.363 1519 1519 D CompatConfig: Adding: com.android.server.compat.config.Change@e90a1f3
01-01 08:56:46.363 1519 1519 D CompatConfig: Adding: com.android.server.compat.config.Change@9df2eb0
01-01 08:56:46.363 1519 1519 D CompatConfig: Adding: com.android.server.compat.config.Change@60b129
01-01 08:56:46.363 1519 1519 D CompatConfig: Adding: com.android.server.compat.config.Change@ddc1cae
01-01 08:56:46.363 1519 1519 D CompatConfig: Adding: com.android.server.compat.config.Change@4096a4f
01-01 08:56:46.364 1519 1519 D CompatConfig: Adding: com.android.server.compat.config.Change@e8085dc
01-01 08:56:46.364 1519 1519 D CompatConfig: Adding: com.android.server.compat.config.Change@9aa36e5
01-01 08:56:46.364 1519 1519 D CompatConfig: Adding: com.android.server.compat.config.Change@45155ba
01-01 08:56:46.364 1519 1519 D CompatConfig: Adding: com.android.server.compat.config.Change@69c5c6b
01-01 08:56:46.364 1519 1519 D CompatConfig: Adding: com.android.server.compat.config.Change@a7e23c8
01-01 08:56:46.365 1519 1519 D CompatConfig: Adding: com.android.server.compat.config.Change@b4c5c61
01-01 08:56:46.365 1519 1519 D CompatConfig: Adding: com.android.server.compat.config.Change@7af1386
01-01 08:56:46.365 1519 1519 D CompatConfig: Adding: com.android.server.compat.config.Change@d225447
01-01 08:56:46.365 1519 1519 D CompatConfig: Adding: com.android.server.compat.config.Change@335b474
01-01 08:56:46.365 1519 1519 D CompatConfig: Adding: com.android.server.compat.config.Change@915d9d
01-01 08:56:46.366 1519 1519 D CompatConfig: Adding: com.android.server.compat.config.Change@cd8e212
01-01 08:56:46.366 1519 1519 D CompatConfig: Adding: com.android.server.compat.config.Change@925ede3
01-01 08:56:46.366 1519 1519 D CompatConfig: Adding: com.android.server.compat.config.Change@433a3e0
01-01 08:56:46.366 1519 1626 I SystemConfig: Reading permissions from /system/etc/permissions/com.android.location.provider.xml
01-01 08:56:46.366 1519 1519 D CompatConfig: Adding: com.android.server.compat.config.Change@15f0d5e
01-01 08:56:46.366 1519 1519 D CompatConfig: Adding: com.android.server.compat.config.Change@3f853f
01-01 08:56:46.367 1519 1519 D CompatConfig: Adding: com.android.server.compat.config.Change@35f1e0c
01-01 08:56:46.367 1519 1519 D CompatConfig: Adding: com.android.server.compat.config.Change@3efa355
01-01 08:56:46.367 1519 1519 D CompatConfig: Adding: com.android.server.compat.config.Change@98aa16a
01-01 08:56:46.367 1519 1626 I SystemConfig: Reading permissions from /system/etc/permissions/com.android.nfc_extras.xml
01-01 08:56:46.367 1519 1519 D CompatConfig: Adding: com.android.server.compat.config.Change@be60ef8
01-01 08:56:46.367 1519 1519 D CompatConfig: Adding: com.android.server.compat.config.Change@5541fd1
01-01 08:56:46.368 1519 1519 D CompatConfig: Adding: com.android.server.compat.config.Change@3296a36
01-01 08:56:46.368 1519 1626 I SystemConfig: Reading permissions from /system/etc/permissions/android.test.mock.xml
01-01 08:56:46.368 1519 1519 D CompatConfig: Adding: com.android.server.compat.config.Change@be922a4
01-01 08:56:46.368 1519 1519 D CompatConfig: Adding: com.android.server.compat.config.Change@9a9e80d
01-01 08:56:46.368 1519 1626 I SystemConfig: Reading permissions from /system/etc/permissions/com.thundercomm.tcservice.xml
01-01 08:56:46.368 1519 1519 D CompatConfig: Adding: com.android.server.compat.config.Change@25e15d3
01-01 08:56:46.369 1519 1519 D CompatConfig: Adding: com.android.server.compat.config.Change@e7c510
01-01 08:56:46.369 1519 1519 D CompatConfig: Adding: com.android.server.compat.config.Change@b19f809
01-01 08:56:46.369 1519 1626 I SystemConfig: Reading permissions from /system/etc/permissions/com.android.media.remotedisplay.xml
01-01 08:56:46.369 1519 1519 D CompatConfig: Adding: com.android.server.compat.config.Change@86a3c2f
01-01 08:56:46.369 1519 1519 D CompatConfig: Adding: com.android.server.compat.config.Change@eec223c
01-01 08:56:46.369 1519 1626 I SystemConfig: Reading permissions from /system/etc/permissions/com.android.networkstack.tethering.xml
01-01 08:56:46.369 1519 1519 D CompatConfig: Adding: com.android.server.compat.config.Change@146391a
01-01 08:56:46.370 1519 1519 D CompatConfig: Adding: com.android.server.compat.config.Change@4686c4b
01-01 08:56:46.370 1519 1519 D CompatConfig: Adding: com.android.server.compat.config.Change@e772628
01-01 08:56:46.370 1519 1626 I SystemConfig: Reading permissions from /system/etc/permissions/com.android.mediadrm.signer.xml
01-01 08:56:46.370 1519 1519 D CompatConfig: Adding: com.android.server.compat.config.Change@4fecce6
01-01 08:56:46.370 1519 1519 D CompatConfig: Adding: com.android.server.compat.config.Change@2cf8227
01-01 08:56:46.370 1519 1626 I SystemConfig: Reading permissions from /system/etc/permissions/javax.obex.xml
01-01 08:56:46.370 1519 1519 D CompatConfig: Adding: com.android.server.compat.config.Change@9f1ee7d
01-01 08:56:46.371 1519 1519 D CompatConfig: Found a config file: /system/etc/compatconfig/icu4j-platform-compat-config.xml
01-01 08:56:46.371 1519 1626 I SystemConfig: Reading permissions from /system/etc/permissions/android.test.runner.xml
01-01 08:56:46.371 1519 1519 D CompatConfig: Adding: com.android.server.compat.config.Change@d3e9240
01-01 08:56:46.371 1519 1519 D CompatConfig: Found a config file: /system/etc/compatconfig/services-platform-compat-config.xml
01-01 08:56:46.371 1519 1626 I SystemConfig: Reading permissions from /system/etc/permissions/com.android.networkstack.xml
01-01 08:56:46.372 1519 1626 I SystemConfig: Reading permissions from /system/etc/permissions/android.software.webview.xml
01-01 08:56:46.372 1519 1519 D CompatConfig: Adding: com.android.server.compat.config.Change@8f57035
01-01 08:56:46.372 1519 1626 I SystemConfig: Reading permissions from /system/etc/permissions/com.android.documentsui.xml
01-01 08:56:46.372 1519 1519 D CompatConfig: Adding: com.android.server.compat.config.Change@6af1cca
01-01 08:56:46.373 1519 1519 D CompatConfig: Adding: com.android.server.compat.config.Change@4d46958
01-01 08:56:46.373 1519 1626 I SystemConfig: Reading permissions from /system/etc/permissions/org.apache.http.legacy.xml
01-01 08:56:46.373 1519 1519 D CompatConfig: Adding: com.android.server.compat.config.Change@899dab1
01-01 08:56:46.373 1519 1519 D CompatConfig: Adding: com.android.server.compat.config.Change@e874317
01-01 08:56:46.373 1519 1626 I SystemConfig: Reading permissions from /system/etc/permissions/android.software.freeform_window_management.xml
01-01 08:56:46.373 1519 1519 D CompatConfig: Adding: com.android.server.compat.config.Change@d2c304
01-01 08:56:46.373 1519 1519 D CompatConfig: Adding: com.android.server.compat.config.Change@a4070ed
01-01 08:56:46.374 1519 1626 I SystemConfig: Reading permissions from /system/etc/permissions/com.android.future.usb.accessory.xml
01-01 08:56:46.374 1519 1519 D CompatConfig: Adding: com.android.server.compat.config.Change@c32f9b3
01-01 08:56:46.374 1519 1519 D CompatConfig: Adding: com.android.server.compat.config.Change@d3b0b70
01-01 08:56:46.374 1519 1626 I SystemConfig: Reading permissions from /system/etc/permissions/android.software.live_wallpaper.xml
01-01 08:56:46.374 1519 1519 D CompatConfig: Adding: com.android.server.compat.config.Change@2d5276e
01-01 08:56:46.374 1519 1519 D CompatConfig: Adding: com.android.server.compat.config.Change@3d97e0f
01-01 08:56:46.374 1519 1626 I SystemConfig: Reading permissions from /system/etc/permissions/com.thundercomm.mcuupgrade.xml
01-01 08:56:46.375 1519 1519 D CompatConfig: Adding: com.android.server.compat.config.Change@163d0a5
01-01 08:56:46.375 1519 1519 D CompatConfig: Adding: com.android.server.compat.config.Change@5b04c7a
01-01 08:56:46.375 1519 1626 I SystemConfig: Reading permissions from /system/etc/permissions/platform.xml
01-01 08:56:46.375 1519 1519 D CompatConfig: Adding: com.android.server.compat.config.Change@60d888
01-01 08:56:46.375 1519 1519 D CompatConfig: Adding: com.android.server.compat.config.Change@c65d221
01-01 08:56:46.375 1519 1519 D CompatConfig: Adding: com.android.server.compat.config.Change@3e6b646
01-01 08:56:46.376 1519 1519 D CompatConfig: Adding: com.android.server.compat.config.Change@4e92007
01-01 08:56:46.376 1519 1519 D CompatConfig: Adding: com.android.server.compat.config.Change@b6ef534
01-01 08:56:46.376 1519 1519 D CompatConfig: Adding: com.android.server.compat.config.Change@72c6f5d
01-01 08:56:46.376 1519 1519 D CompatConfig: Adding: com.android.server.compat.config.Change@6c7f0d2
01-01 08:56:46.376 1519 1519 D CompatConfig: Adding: com.android.server.compat.config.Change@2edb5a3
01-01 08:56:46.377 1519 1519 D CompatConfig: Adding: com.android.server.compat.config.Change@ba030a0
01-01 08:56:46.377 1519 1519 D CompatConfig: Adding: com.android.server.compat.config.Change@dc5a459
01-01 08:56:46.377 1519 1519 D CompatConfig: Adding: com.android.server.compat.config.Change@b10481e
01-01 08:56:46.377 1519 1519 D CompatConfig: Adding: com.android.server.compat.config.Change@11c08ff
01-01 08:56:46.377 1519 1519 D CompatConfig: Adding: com.android.server.compat.config.Change@7e7b6cc
01-01 08:56:46.378 1519 1519 D CompatConfig: Adding: com.android.server.compat.config.Change@af4c82a
01-01 08:56:46.378 1519 1626 I SystemConfig: Reading permissions from /vendor/etc/permissions/android.hardware.sensor.accelerometer.xml
01-01 08:56:46.378 1519 1519 D CompatConfig: Adding: com.android.server.compat.config.Change@9b2361b
01-01 08:56:46.378 1519 1519 D CompatConfig: Adding: com.android.server.compat.config.Change@13f73b8
