12-16 04:51:00.909 3006 3006 D hpplay-base: [jniBridge:390] 1initServer drainage=0
12-16 04:51:00.909 3006 3006 D hpplay-base: [jniBridge:401] 1initServer mDNSEnable=1
12-16 04:51:00.909 3006 3006 D hpplay-base: [jniBridge:406] 1initServer nSockWaitTimeOut=45
12-16 04:51:00.909 3006 3006 D hpplay-base: [jniBridge:410] 1initServer nMirrorAudioVideoSync=0
12-16 04:51:00.909 3006 3006 I hpplay-base: [sign_check:168] checkSign strPackageName:com.hht.lebocast
12-16 04:51:00.909 3006 3006 I hpplay-base: [sign_check:169] checkSign buildType:release
12-16 04:51:00.909 3006 3006 I hpplay-base: [sign_check:170] checkSign appKey:21409
12-16 04:51:00.909 3006 3006 D hpplay-base: [LelinkBase:405] bridgeInit port: 0, lelinkfp: 0
12-16 04:51:00.909 3006 3006 D hpplay-base: [LelinkBase:462] bridgeInit mPackagePath =/data/user/0/com.hht.lebocast
12-16 04:51:00.909 3006 3006 D hpplay-base: [LelinkBase:463] bridgeInit mKeyPath =/data/user/0/com.hht.lebocast/files/hpplay/file
12-16 04:51:00.909 3006 3006 D hpplay-base: [SinkContext:97] initSinkContext mPackagePath =/data/user/0/com.hht.lebocast
12-16 04:51:00.909 3006 3006 D hpplay-base: [SinkContext:98] initSinkContext mKeyPath =/data/user/0/com.hht.lebocast/files/hpplay/file
12-16 04:51:00.909 3006 3006 D hpplay-base: [jniBridge:478] Java_com_hpplay_sdk_sink_protocol_Bridge__1initServer end
12-16 04:51:00.909 3006 3006 D hpplay-base: [jniBridge:869] Bridge__1startServer status:1
12-16 04:51:00.910 3006 3006 D hpplay-base: [LelinkBase:492] startAllServer at base
12-16 04:51:00.910 3006 3006 D hpplay-base: [lelinkSinkServer:152] httpPlugins_SetServerPort TYPE_SERVER_LELINK:52266
12-16 04:51:00.910 3006 3006 D hpplay-base: [network.c:362] protocol bind host :192.168.0.18 port:52266 curent bind port:52266
12-16 04:51:00.910 3006 3006 D hpplay-base: [lelinkSinkServer:681] HTTP Server real at:52266
12-16 04:51:00.910 3006 5454 D hpplay-base: [lelinkSinkServer:644] Connected Service Type:0
12-16 04:51:00.910 3006 3006 D hpplay-base: [ScreenStream:1285] current bind port:7100
12-16 04:51:00.910 3006 5454 I hpplay-base: : (server.c.315) startServer listen_ing....:
12-16 04:51:00.910 3006 5454 D hpplay-base: [Server:371] startHttpServer srv_sockets.used:1 nCurrentFd:70, tid is 5454
12-16 04:51:00.910 3006 3006 D hpplay-base: [LelinkBase:515] startAllServer pBaseContext->config.dlnaEnable:1
12-16 04:51:00.910 3006 3006 D hpplay-base: [lelinkDlna:324] addDMRCallback end
12-16 04:51:00.910 3006 5455 D hpplay-base: [stream_mirror_compat:759] compat mirror stream begin to run,server fd:71,thread_id:3140190656!!
12-16 04:51:00.912 3006 3006 E hpplay-base-dlna: miniserver.c:788::dlna_port(ipv4: 49152 ipv6:0)
12-16 04:51:00.964 3006 3006 D hpplay-base-dlna: [lebodlna-dlnaframe:166] succeed to load lebodlnaplugin
12-16 04:51:00.964 3006 3006 D hpplay-base-dlna: [lebodlna-dlnaframe:232] Succeed to load specified plugin:lebodlna_plugin
12-16 04:51:00.964 3006 3006 D hpplay-base: [lelinkDlna:328] startDLNAServer ret=0
12-16 04:51:00.964 3006 3006 D hpplay-base: [LelinkBase:531] startDLNAServer ret= 0
12-16 04:51:00.964 3006 3006 D hpplay-base: [lelinkDlna:342] setDMRFriendlyName 高合娱乐副屏
12-16 04:51:00.964 3006 3006 D hpplay-base-dlna: [lebodlna-dlna_android:136] setBroadcastTimeout mBroadcastTimeOut=66 status=3!
12-16 04:51:00.964 3006 3006 D hpplay-base-dlna: [lebodlna_api:32] start DMR
12-16 04:51:00.964 3006 3006 D hpplay-base-dlna: [UpnpDefine:434] RegisterDMRender invalid lelink info
12-16 04:51:00.964 3006 3006 D hpplay-base-dlna: [UpnpDefine:467] DLNA DEFAULT_DESCRIPTION
12-16 04:51:00.967 3006 3006 E hpplay-base-dlna: upnpapi.c:1078::Exiting RegisterRootDevice2 *Hnd =1, return value == 0
12-16 04:51:00.967 3006 3006 D hpplay-base-dlna: [CUpnpDevice:41] Register Root Device 2:0
12-16 04:51:00.967 3006 3006 D hpplay-base-dlna: [UpnpDefine:794] ESDMRender:Register success
12-16 04:51:00.967 3006 3006 D hpplay-base-dlna: [lebodlna_api:41] sendBroadcast mBroadcastTimeOut=3
12-16 04:51:00.967 3006 3006 D hpplay-base-dlna: [lebodlna_api:44] sendBroadcast timeout=66
12-16 04:51:01.028 3006 3006 D hpplay-base: [lelinkDlna:361] startDLNADevice dlnaManufacturer:0 ret=0
12-16 04:51:01.028 3006 3006 D hpplay-base: [LelinkBase:535] lelinkSetDlnaInfo ret= 0
12-16 04:51:01.028 3006 3006 D hpplay-base: [LelinkBase:547] startAllServer pBaseContext->config.mDNSEnable:1
12-16 04:51:01.029 3006 3006 D hpplay-base: [base_mdns:509] mdns net.hostname:
12-16 04:51:01.029 3006 3006 D hpplay-base: [base_mdns:529] mdns namelabel:-00-80-0F-74-31-00
12-16 04:51:01.029 3006 3006 D hpplay-base: [base_mdns:509] mdns net.hostname:
12-16 04:51:01.029 3006 3006 D hpplay-base: [base_mdns:529] mdns namelabel:-00-80-0F-74-31-00
12-16 04:51:01.030 3006 3006 D hpplay-base: [mdns:813] mdns start bind port:0
12-16 04:51:01.030 664 676 I mpu_uart: [MSG-P:RECV]:No message received in 1000 ms
12-16 04:51:01.032 3006 3006 D hpplay-base: [mdns:813] mdns start bind port:5353
12-16 04:51:01.033 3006 3006 D hpplay-base: [mdns:813] mdns start bind port:5353
12-16 04:51:01.033 3006 3006 D hpplay-base: [mdns:813] mdns start bind port:5353
12-16 04:51:01.033 3006 3006 D hpplay-base: [mdns:813] mdns start bind port:5353
12-16 04:51:01.033 3006 3006 D hpplay-base: [mdns:813] mdns start bind port:5353
12-16 04:51:01.033 3006 3006 D hpplay-base: [mdns:813] mdns start bind port:5353
12-16 04:51:01.033 3006 3006 D hpplay-base: [mdns:813] mdns start bind port:5353
12-16 04:51:01.034 3006 3006 I hpplay-base: [mDNSEmbeded:57] embedded_mDNSInit stopmDNSNow:0 status:0
12-16 04:51:01.034 3006 3006 D hpplay-base: [mDNSEmbeded:436] startmDNSServer end nRet=0
12-16 04:51:01.034 3006 3006 D hpplay-base: [LelinkBase:555] lelink broadcast_on_off:1 log2java_on_off:1
12-16 04:51:01.034 3006 5475 I hpplay-base: [mDNSEmbeded:268] start lelink publish server, tid is 5475
12-16 04:51:01.034 3006 5474 D hpplay-base: [LelinkMDNS:729] leboAuthorizationCheck strUuid=c2:e2:4f:e8:c7:bb000000000000000
12-16 04:51:01.034 3006 5474 D hpplay-base: [LelinkMDNS:730] leboAuthorizationCheck mPermissionDid=c2:e2:4f:e8:c7:bb000000000000000
12-16 04:51:01.034 3006 5474 D hpplay-base: [LelinkMDNS:755] leboAuthorizationCheck mPermissionMac=c2:e2:4f:e8:c7:bb000000000000000
12-16 04:51:01.034 3006 5476 D hpplay-base: [mDNSEmbeded:197] http_port bind check 197 http_port_check
12-16 04:51:01.035 3006 5476 D hpplay-base: [mDNSEmbeded:217] http_port bind check 217 http_port_check
12-16 04:51:01.035 3006 5476 D hpplay-base: [mDNSEmbeded:222] http_port bind check 222 http_port_check
12-16 04:51:01.037 3006 5476 D hpplay-base: [mDNSEmbeded:234] http_port bind check 234 http_port_check port:52266
12-16 04:51:01.037 3006 5476 D hpplay-base: [mDNSEmbeded:237] http_port bind check 237 http_port_check
12-16 04:51:01.038 3006 5478 D hpplay-base: [lelinkSinkServer:93] new client connection from 127.0.0.1 46750, fd=140
12-16 04:51:01.038 3006 5478 D hpplay-base: [SinkContext:137] addSinkContextSession,begin to run!!
12-16 04:51:01.038 3006 5478 D hpplay-base: [SinkContext:142] addSinkContextSession,begin to get lock!!
12-16 04:51:01.038 3006 5478 D hpplay-base: [SinkContext:144] addSinkContextSession,get lock ok!!
12-16 04:51:01.038 3006 5478 D hpplay-base: [SinkContext:149] addSinkContextSession,session list is null,begin to malloc!!
12-16 04:51:01.038 3006 5478 D hpplay-base: [SinkContext:156] addSinkContextSession,begin to update!!
12-16 04:51:01.038 3006 5478 D hpplay-base: [SinkContext:160] addSinkContextSession,begin to update header!!
12-16 04:51:01.038 3006 5478 D hpplay-base: [SinkContext:172] addSinkContextSession,begin to unlock!!
12-16 04:51:01.038 3006 5478 D hpplay-base: [SinkContext:174] addSinkContextSession,unlock ok!!
12-16 04:51:01.038 3006 5478 D hpplay-base: [LelinkReceiver:4908] get ping !!!
12-16 04:51:01.038 3006 5476 D hpplay-base: [mDNSEmbeded:240] http_port bind check 240 http_port_check recieved:64
12-16 04:51:01.038 3006 5476 D hpplay-base: [mDNSEmbeded:243] http_port bind check 243 http_port_check
12-16 04:51:01.038 3006 5476 D hpplay-base: [mDNSEmbeded:244] http_port bind check ok!
12-16 04:51:01.038 3006 3006 D hpplay-base: [AEventUtils:595] request to start event handle service!!
12-16 04:51:01.038 3006 3006 D hpplay-base: [AEventUtils:603] start_event_handle_service,begin to run!!
12-16 04:51:01.038 3006 3006 D hpplay-base: [REventUtils:210] start_event_handle_service,begin to run!!
12-16 04:51:01.039 3006 3006 D hpplay-base: [LelinkBase:576] startAllServer success .
12-16 04:51:01.039 3006 5480 D hpplay-base: [REventUtils:59] create handleREventThread thread ok!!,tid is 5480
12-16 04:51:01.039 3006 3006 D hpplay-base: [jniBridge:894] startDlna_link:http://192.168.0.18:49152/description.xml
12-16 04:51:01.039 3006 5481 D hpplay-base: [jniBridge:1081] notifyJavaDlnalink:http://192.168.0.18:49152/description.xml
12-16 04:51:01.039 3006 5481 D hpplay-base: [jniBridge:1726] notifyJava, what:207, castType:0, mimeType:0 baseStatus:2
12-16 04:51:01.039 3006 5481 D hpplay-base: [jniBridge:1727] notifyJava sessionID:(null)
12-16 04:51:01.039 3006 5479 D hpplay-base: [AEventUtils:171] create handle AEvent thread ok!!,tid is 5479
12-16 04:51:01.039 3006 5481 I hpplay-java: [Thread-91]:Bridge:notify: what: 207
12-16 04:51:01.040 3006 5481 I hpplay-java: [Thread-91]:Bridge:notify: out: OutParameters:{audioSessionId=-1, audiotrackIndex=0, castHandleType=-1, castType=0, deviceName='http://192.168.0.18:49152/description.xml', dlnaName='', dramaID='', extra=0, frameHandleType=-1, handleInside=true, headduration=0, header='', headers=null, isAD=false, isMultiMirror=false, lelinkVer='', limitTime=0, , mediaAlbum='null', mediaAlbumArtURI='', mediaArtist='null', mediaAssets='', mediaTitle='null', mimeType=0, multiSession=null, period=0, pinCode='', playSpeed=0.0, playerChoice=0, plugin=0, port=0, position=0.0, positionUnit=2, protocol=0, realSessionID='', regType='', , sinkIp='', sourceAPPVersion='', sourceChannel='', sourceClientInfo='', sourceDeviceInfo='', sourceDeviceModel='', sourceDeviceName='', sourceDeviceType=0, sourceHID='', , sourceInfo='', , , sourceOSVersion='', sourceSDKVersion='', sourceUid='', stopDetail=0, stopReason=0, tailduration=0, url='', urlID='', urls=null, userAgent='', videoDecoder=0, volume=0, what=207}com.hpplay.sdk.sink.protocol.OutParameters@7d4db59
12-16 04:51:01.040 3006 5481 I hpplay-java: [Thread-91]:Bridge:notify: address:5026590
12-16 04:51:01.143 0 0 W swapper/1: type=1400 audit(0.0:974): avc: denied { kill } for capability=5 scontext=u:r:kernel:s0 tcontext=u:r:kernel:s0 tclass=capability permissive=0
12-16 04:51:01.232 664 675 I mpu_uart: [MSG-P:R]:recv sync frame timeout
12-16 04:51:01.239 3006 5478 I hpplay-base: [LelinkReceiver:14605] _connectionFinalize (140)
12-16 04:51:01.239 3006 5478 D hpplay-base: [LelinkReceiver:14752] ###connectionFinalize,release ok!!###
12-16 04:51:01.435 3006 5394 W hpplay-java: [AsyncTask #147]:HttpRequest:
12-16 04:51:01.437 3006 5394 W hpplay-java: [AsyncTask #147]:HttpRequest:
12-16 04:51:01.439 3006 5394 W hpplay-java: [AsyncTask #147]:HttpRequest:
01-01 09:04:03.747 0 0 D : mv2112_read_status
01-01 09:04:03.747 0 0 D mv2112_update_link: 3.0x901(1G): 0x80
01-01 09:04:03.748 0 0 D mv2112_update_link: 3.0x8109(100M): 0x8
01-01 09:04:03.748 0 0 D mv2112_update_link: link 0x0
01-01 09:04:03.748 0 0 D mv2112_read_status: autoneg is disabled
12-16 04:51:02.030 664 676 I mpu_uart: [MSG-P:RECV]:No message received in 1000 ms
12-16 04:51:02.100 2550 2713 I OpenGLRenderer: Davey! duration=9223371589572ms; Flags=0, FrameTimelineVsyncId=8779, IntendedVsync=447281664630, Vsync=447281664630, InputEventId=0, HandleInputStart=447282750400, AnimationStart=447282755296, PerformTraversalsStart=447282757952, DrawStart=447305634514, FrameDeadline=447298331296, FrameInterval=447282735816, FrameStartTime=16666666, SyncQueued=447306818368, SyncStart=447307065868, IssueDrawCommandsStart=447308101025, SwapBuffers=447311448941, FrameCompleted=9223372036854775807, DequeueBufferDuration=53177, QueueBufferDuration=1148593, GpuCompleted=9223372036854775807, SwapBuffersCompleted=447313403212, DisplayPresentTime=0,
12-16 04:51:02.143 0 0 W swapper/2: type=1400 audit(0.0:975): avc: denied { kill } for capability=5 scontext=u:r:kernel:s0 tcontext=u:r:kernel:s0 tclass=capability permissive=0
01-01 09:04:04.771 0 0 D : mv2112_read_status
01-01 09:04:04.771 0 0 D mv2112_update_link: 3.0x901(1G): 0x80
01-01 09:04:04.772 0 0 D mv2112_update_link: 3.0x8109(100M): 0x8
01-01 09:04:04.772 0 0 D mv2112_update_link: link 0x0
01-01 09:04:04.772 0 0 D mv2112_read_status: autoneg is disabled
12-16 04:51:03.030 664 676 I mpu_uart: [MSG-P:RECV]:No message received in 1000 ms
12-16 04:51:03.085 2550 2713 I OpenGLRenderer: Davey! duration=9223371588584ms; Flags=0, FrameTimelineVsyncId=8788, IntendedVsync=448269974274, Vsync=448269974274, InputEventId=0, HandleInputStart=448270726285, AnimationStart=448270729879, PerformTraversalsStart=448270732795, DrawStart=448292232222, FrameDeadline=448303307606, FrameInterval=448270715556, FrameStartTime=16666666, SyncQueued=448293172483, SyncStart=448293371806, IssueDrawCommandsStart=448294212483, SwapBuffers=448296781233, FrameCompleted=9223372036854775807, DequeueBufferDuration=43178, QueueBufferDuration=1058542, GpuCompleted=9223372036854775807, SwapBuffersCompleted=448298413941, DisplayPresentTime=0,
12-16 04:51:03.143 0 0 W swapper/3: type=1400 audit(0.0:976): avc: denied { kill } for capability=5 scontext=u:r:kernel:s0 tcontext=u:r:kernel:s0 tclass=capability permissive=0
01-01 09:04:05.795 0 0 D : mv2112_read_status
01-01 09:04:05.795 0 0 D mv2112_update_link: 3.0x901(1G): 0x80
01-01 09:04:05.796 0 0 D mv2112_update_link: 3.0x8109(100M): 0x8
01-01 09:04:05.796 0 0 D mv2112_update_link: link 0x0
01-01 09:04:05.796 0 0 D mv2112_read_status: autoneg is disabled
12-16 04:51:04.031 664 676 I mpu_uart: [MSG-P:RECV]:No message received in 1000 ms
12-16 04:51:04.103 2550 2713 I OpenGLRenderer: Davey! duration=9223371587568ms; Flags=0, FrameTimelineVsyncId=8794, IntendedVsync=449286457132, Vsync=449286457132, InputEventId=0, HandleInputStart=449287220139, AnimationStart=449287223680, PerformTraversalsStart=449287227066, DrawStart=449312548003, FrameDeadline=449319790464, FrameInterval=449287208420, FrameStartTime=16666666, SyncQueued=449313421336, SyncStart=449313494357, IssueDrawCommandsStart=449314239305, SwapBuffers=449316684097, FrameCompleted=9223372036854775807, DequeueBufferDuration=40260, QueueBufferDuration=809427, GpuCompleted=9223372036854775807, SwapBuffersCompleted=449317965139, DisplayPresentTime=0,
12-16 04:51:04.143 0 0 W swapper/3: type=1400 audit(0.0:977): avc: denied { kill } for capability=5 scontext=u:r:kernel:s0 tcontext=u:r:kernel:s0 tclass=capability permissive=0
12-16 04:51:04.236 664 675 I mpu_uart: [MSG-P:R]:recv sync frame timeout
01-01 09:04:06.819 0 0 D : mv2112_read_status
01-01 09:04:06.819 0 0 D mv2112_update_link: 3.0x901(1G): 0x80
01-01 09:04:06.819 0 0 D mv2112_update_link: 3.0x8109(100M): 0x8
01-01 09:04:06.819 0 0 D mv2112_update_link: link 0x0
01-01 09:04:06.819 0 0 D mv2112_read_status: autoneg is disabled
12-16 04:51:05.031 664 676 I mpu_uart: [MSG-P:RECV]:No message received in 1000 ms
12-16 04:51:05.143 0 0 W swapper/3: type=1400 audit(0.0:978): avc: denied { kill } for capability=5 scontext=u:r:kernel:s0 tcontext=u:r:kernel:s0 tclass=capability permissive=0
12-16 04:51:05.864 1519 1645 V DisplayPowerController[0]: Brightness [0.05] reason changing to: 'manual [ dim ]', previous reason: 'manual'.
12-16 04:51:05.864 1519 1645 W PowerManagerService: Screen on took 53950 ms
12-16 04:51:05.879 1519 2074 E DisplayDeviceConfig: requesting nits when no mapping exists.
12-16 04:51:05.880 1519 2074 E DisplayDeviceConfig: requesting nits when no mapping exists.
12-16 04:51:05.881 1519 1629 I DropBoxManagerService: add tag=system_server_wtf isTagEnabled=true flags=0x2
12-16 04:51:05.885 1519 1629 I DropBoxManagerService: add tag=system_server_wtf isTagEnabled=true flags=0x2
12-16 04:51:05.895 1519 2074 E DisplayDeviceConfig: requesting nits when no mapping exists.
12-16 04:51:05.896 1519 2074 E DisplayDeviceConfig: requesting nits when no mapping exists.
12-16 04:51:05.897 1519 1629 I DropBoxManagerService: add tag=system_server_wtf isTagEnabled=true flags=0x2
12-16 04:51:05.898 3006 3006 I hpplay-java: [main]:ServiceUpdater:upLoadServiceInfo invalid deviceCode:, port:53388
12-16 04:51:05.899 1519 1629 I DropBoxManagerService: add tag=system_server_wtf isTagEnabled=true flags=0x2
12-16 04:51:05.912 1519 2074 E DisplayDeviceConfig: requesting nits when no mapping exists.
12-16 04:51:05.912 1519 2074 E DisplayDeviceConfig: requesting nits when no mapping exists.
12-16 04:51:05.913 1519 1629 I DropBoxManagerService: add tag=system_server_wtf isTagEnabled=true flags=0x2
12-16 04:51:05.930 1519 2074 E DisplayDeviceConfig: requesting nits when no mapping exists.
12-16 04:51:05.931 1519 2074 E DisplayDeviceConfig: requesting nits when no mapping exists.
01-01 09:04:07.843 0 0 D : mv2112_read_status
01-01 09:04:07.843 0 0 D mv2112_update_link: 3.0x901(1G): 0x80
01-01 09:04:07.843 0 0 D mv2112_update_link: 3.0x8109(100M): 0x8
01-01 09:04:07.843 0 0 D mv2112_update_link: link 0x0
01-01 09:04:07.843 0 0 D mv2112_read_status: autoneg is disabled
12-16 04:51:05.946 1519 2074 E DisplayDeviceConfig: requesting nits when no mapping exists.
12-16 04:51:05.947 1519 2074 E DisplayDeviceConfig: requesting nits when no mapping exists.
12-16 04:51:05.963 1519 2074 E DisplayDeviceConfig: requesting nits when no mapping exists.
12-16 04:51:05.964 1519 2074 E DisplayDeviceConfig: requesting nits when no mapping exists.
12-16 04:51:05.980 1519 2074 E DisplayDeviceConfig: requesting nits when no mapping exists.
12-16 04:51:05.981 1519 2074 E DisplayDeviceConfig: requesting nits when no mapping exists.
12-16 04:51:05.997 1519 2074 E DisplayDeviceConfig: requesting nits when no mapping exists.
12-16 04:51:05.998 1519 2074 E DisplayDeviceConfig: requesting nits when no mapping exists.
12-16 04:51:06.014 1519 2074 E DisplayDeviceConfig: requesting nits when no mapping exists.
12-16 04:51:06.014 1519 2074 E DisplayDeviceConfig: requesting nits when no mapping exists.
12-16 04:51:06.031 1519 2074 E DisplayDeviceConfig: requesting nits when no mapping exists.
12-16 04:51:06.031 1519 2074 E DisplayDeviceConfig: requesting nits when no mapping exists.
12-16 04:51:06.031 664 676 I mpu_uart: [MSG-P:RECV]:No message received in 1000 ms
12-16 04:51:06.047 1519 2074 E DisplayDeviceConfig: requesting nits when no mapping exists.
12-16 04:51:06.047 1519 2074 E DisplayDeviceConfig: requesting nits when no mapping exists.
12-16 04:51:06.064 1519 2074 E DisplayDeviceConfig: requesting nits when no mapping exists.
12-16 04:51:06.064 1519 2074 E DisplayDeviceConfig: requesting nits when no mapping exists.
12-16 04:51:06.080 1519 2074 E DisplayDeviceConfig: requesting nits when no mapping exists.
12-16 04:51:06.081 1519 2074 E DisplayDeviceConfig: requesting nits when no mapping exists.
12-16 04:51:06.092 2550 5112 I OpenGLRenderer: Davey! duration=9223371585577ms; Flags=0, FrameTimelineVsyncId=8816, IntendedVsync=451276859884, Vsync=451276859884, InputEventId=0, HandleInputStart=451277259304, AnimationStart=451277261961, PerformTraversalsStart=451277264409, DrawStart=451297840763, FrameDeadline=451293526550, FrameInterval=451277250971, FrameStartTime=16666666, SyncQueued=451298823836, SyncStart=451298924877, IssueDrawCommandsStart=451299804304, SwapBuffers=451302989721, FrameCompleted=9223372036854775807, DequeueBufferDuration=53021, QueueBufferDuration=1102552, GpuCompleted=9223372036854775807, SwapBuffersCompleted=451304708107, DisplayPresentTime=0,
12-16 04:51:06.097 1519 2074 E DisplayDeviceConfig: requesting nits when no mapping exists.
12-16 04:51:06.097 1519 2074 E DisplayDeviceConfig: requesting nits when no mapping exists.
12-16 04:51:06.114 1519 2074 E DisplayDeviceConfig: requesting nits when no mapping exists.
12-16 04:51:06.114 1519 2074 E DisplayDeviceConfig: requesting nits when no mapping exists.
12-16 04:51:06.131 1519 2074 E DisplayDeviceConfig: requesting nits when no mapping exists.
12-16 04:51:06.131 1519 2074 E DisplayDeviceConfig: requesting nits when no mapping exists.
12-16 04:51:06.143 0 0 W swapper/3: type=1400 audit(0.0:979): avc: denied { kill } for capability=5 scontext=u:r:kernel:s0 tcontext=u:r:kernel:s0 tclass=capability permissive=0
12-16 04:51:06.147 1519 2074 E DisplayDeviceConfig: requesting nits when no mapping exists.
12-16 04:51:06.148 1519 2074 E DisplayDeviceConfig: requesting nits when no mapping exists.
12-16 04:51:06.164 1519 2074 E DisplayDeviceConfig: requesting nits when no mapping exists.
12-16 04:51:06.165 1519 2074 E DisplayDeviceConfig: requesting nits when no mapping exists.
12-16 04:51:06.181 1519 2074 E DisplayDeviceConfig: requesting nits when no mapping exists.
12-16 04:51:06.181 1519 2074 E DisplayDeviceConfig: requesting nits when no mapping exists.
12-16 04:51:06.198 1519 2074 E DisplayDeviceConfig: requesting nits when no mapping exists.
12-16 04:51:06.199 1519 2074 E DisplayDeviceConfig: requesting nits when no mapping exists.
12-16 04:51:06.214 1519 2074 E DisplayDeviceConfig: requesting nits when no mapping exists.
12-16 04:51:06.215 1519 2074 E DisplayDeviceConfig: requesting nits when no mapping exists.
12-16 04:51:06.231 1519 2074 E DisplayDeviceConfig: requesting nits when no mapping exists.
12-16 04:51:06.232 1519 2074 E DisplayDeviceConfig: requesting nits when no mapping exists.
12-16 04:51:06.248 1519 2074 E DisplayDeviceConfig: requesting nits when no mapping exists.
12-16 04:51:06.248 1519 2074 E DisplayDeviceConfig: requesting nits when no mapping exists.
12-16 04:51:06.264 1519 2074 E DisplayDeviceConfig: requesting nits when no mapping exists.
12-16 04:51:06.265 1519 2074 E DisplayDeviceConfig: requesting nits when no mapping exists.
12-16 04:51:06.281 1519 2074 E DisplayDeviceConfig: requesting nits when no mapping exists.
12-16 04:51:06.282 1519 2074 E DisplayDeviceConfig: requesting nits when no mapping exists.
12-16 04:51:06.298 1519 2074 E DisplayDeviceConfig: requesting nits when no mapping exists.
12-16 04:51:06.298 1519 2074 E DisplayDeviceConfig: requesting nits when no mapping exists.
12-16 04:51:06.315 1519 2074 E DisplayDeviceConfig: requesting nits when no mapping exists.
12-16 04:51:06.315 1519 2074 E DisplayDeviceConfig: requesting nits when no mapping exists.
12-16 04:51:06.331 1519 2074 E DisplayDeviceConfig: requesting nits when no mapping exists.
12-16 04:51:06.332 1519 2074 E DisplayDeviceConfig: requesting nits when no mapping exists.
12-16 04:51:06.348 1519 2074 E DisplayDeviceConfig: requesting nits when no mapping exists.
12-16 04:51:06.348 1519 2074 E DisplayDeviceConfig: requesting nits when no mapping exists.
12-16 04:51:06.365 1519 2074 E DisplayDeviceConfig: requesting nits when no mapping exists.
12-16 04:51:06.366 1519 2074 E DisplayDeviceConfig: requesting nits when no mapping exists.
12-16 04:51:06.382 1519 2074 E DisplayDeviceConfig: requesting nits when no mapping exists.
12-16 04:51:06.382 1519 2074 E DisplayDeviceConfig: requesting nits when no mapping exists.
12-16 04:51:06.398 1519 2074 E DisplayDeviceConfig: requesting nits when no mapping exists.
12-16 04:51:06.398 1519 2074 E DisplayDeviceConfig: requesting nits when no mapping exists.
12-16 04:51:06.415 1519 2074 E DisplayDeviceConfig: requesting nits when no mapping exists.
12-16 04:51:06.415 1519 2074 E DisplayDeviceConfig: requesting nits when no mapping exists.
12-16 04:51:06.431 1519 2074 E DisplayDeviceConfig: requesting nits when no mapping exists.
12-16 04:51:06.432 1519 2074 E DisplayDeviceConfig: requesting nits when no mapping exists.
12-16 04:51:06.448 1519 2074 E DisplayDeviceConfig: requesting nits when no mapping exists.
12-16 04:51:06.449 1519 2074 E DisplayDeviceConfig: requesting nits when no mapping exists.
12-16 04:51:06.465 1519 2074 E DisplayDeviceConfig: requesting nits when no mapping exists.
12-16 04:51:06.466 1519 2074 E DisplayDeviceConfig: requesting nits when no mapping exists.
12-16 04:51:06.482 1519 2074 E DisplayDeviceConfig: requesting nits when no mapping exists.
12-16 04:51:06.483 1519 2074 E DisplayDeviceConfig: requesting nits when no mapping exists.
12-16 04:51:06.499 1519 2074 E DisplayDeviceConfig: requesting nits when no mapping exists.
12-16 04:51:06.499 1519 2074 E DisplayDeviceConfig: requesting nits when no mapping exists.
12-16 04:51:06.515 1519 2074 E DisplayDeviceConfig: requesting nits when no mapping exists.
12-16 04:51:06.516 1519 2074 E DisplayDeviceConfig: requesting nits when no mapping exists.
12-16 04:51:06.532 1519 2074 E DisplayDeviceConfig: requesting nits when no mapping exists.
12-16 04:51:06.532 1519 2074 E DisplayDeviceConfig: requesting nits when no mapping exists.
12-16 04:51:06.548 1519 2074 E DisplayDeviceConfig: requesting nits when no mapping exists.
12-16 04:51:06.549 1519 2074 E DisplayDeviceConfig: requesting nits when no mapping exists.
12-16 04:51:06.565 1519 2074 E DisplayDeviceConfig: requesting nits when no mapping exists.
12-16 04:51:06.566 1519 2074 E DisplayDeviceConfig: requesting nits when no mapping exists.
12-16 04:51:06.582 1519 2074 E DisplayDeviceConfig: requesting nits when no mapping exists.
12-16 04:51:06.582 1519 2074 E DisplayDeviceConfig: requesting nits when no mapping exists.
12-16 04:51:06.599 1519 2074 E DisplayDeviceConfig: requesting nits when no mapping exists.
12-16 04:51:06.599 1519 2074 E DisplayDeviceConfig: requesting nits when no mapping exists.
12-16 04:51:06.615 1519 2074 E DisplayDeviceConfig: requesting nits when no mapping exists.
12-16 04:51:06.616 1519 2074 E DisplayDeviceConfig: requesting nits when no mapping exists.
12-16 04:51:06.632 1519 2074 E DisplayDeviceConfig: requesting nits when no mapping exists.
12-16 04:51:06.632 1519 2074 E DisplayDeviceConfig: requesting nits when no mapping exists.
12-16 04:51:06.649 1519 2074 E DisplayDeviceConfig: requesting nits when no mapping exists.
12-16 04:51:06.649 1519 2074 E DisplayDeviceConfig: requesting nits when no mapping exists.
12-16 04:51:06.666 1519 2074 E DisplayDeviceConfig: requesting nits when no mapping exists.
12-16 04:51:06.667 1519 2074 E DisplayDeviceConfig: requesting nits when no mapping exists.
12-16 04:51:06.682 1519 2074 E DisplayDeviceConfig: requesting nits when no mapping exists.
12-16 04:51:06.683 1519 2074 E DisplayDeviceConfig: requesting nits when no mapping exists.
12-16 04:51:06.699 1519 2074 E DisplayDeviceConfig: requesting nits when no mapping exists.
12-16 04:51:06.699 1519 2074 E DisplayDeviceConfig: requesting nits when no mapping exists.
12-16 04:51:06.716 1519 2074 E DisplayDeviceConfig: requesting nits when no mapping exists.
12-16 04:51:06.716 1519 2074 E DisplayDeviceConfig: requesting nits when no mapping exists.
12-16 04:51:06.732 1519 2074 E DisplayDeviceConfig: requesting nits when no mapping exists.
12-16 04:51:06.733 1519 2074 E DisplayDeviceConfig: requesting nits when no mapping exists.
12-16 04:51:06.749 1519 2074 E DisplayDeviceConfig: requesting nits when no mapping exists.
12-16 04:51:06.750 1519 2074 E DisplayDeviceConfig: requesting nits when no mapping exists.
12-16 04:51:06.766 1519 2074 E DisplayDeviceConfig: requesting nits when no mapping exists.
12-16 04:51:06.766 1519 2074 E DisplayDeviceConfig: requesting nits when no mapping exists.
12-16 04:51:06.782 1519 2074 E DisplayDeviceConfig: requesting nits when no mapping exists.
12-16 04:51:06.783 1519 2074 E DisplayDeviceConfig: requesting nits when no mapping exists.
12-16 04:51:06.799 1519 2074 E DisplayDeviceConfig: requesting nits when no mapping exists.
12-16 04:51:06.800 1519 2074 E DisplayDeviceConfig: requesting nits when no mapping exists.
12-16 04:51:06.816 1519 2074 E DisplayDeviceConfig: requesting nits when no mapping exists.
12-16 04:51:06.816 1519 2074 E DisplayDeviceConfig: requesting nits when no mapping exists.
01-01 09:04:08.867 0 0 D : mv2112_read_status
01-01 09:04:08.867 0 0 D mv2112_update_link: 3.0x901(1G): 0x80
01-01 09:04:08.868 0 0 D mv2112_update_link: 3.0x8109(100M): 0x8
01-01 09:04:08.868 0 0 D mv2112_update_link: link 0x0
01-01 09:04:08.868 0 0 D mv2112_read_status: autoneg is disabled
12-16 04:51:07.032 664 676 I mpu_uart: [MSG-P:RECV]:No message received in 1000 ms
12-16 04:51:07.110 2550 5112 I OpenGLRenderer: Davey! duration=9223371584558ms; Flags=0, FrameTimelineVsyncId=8866, IntendedVsync=452296146105, Vsync=452296146105, InputEventId=0, HandleInputStart=452296848887, AnimationStart=452296851960, PerformTraversalsStart=452296854512, DrawStart=452320957429, FrameDeadline=452329479437, FrameInterval=452296839981, FrameStartTime=16666666, SyncQueued=452321955398, SyncStart=452322184408, IssueDrawCommandsStart=452323077377, SwapBuffers=452325797429, FrameCompleted=9223372036854775807, DequeueBufferDuration=48489, QueueBufferDuration=950000, GpuCompleted=9223372036854775807, SwapBuffersCompleted=452327320971, DisplayPresentTime=0,
12-16 04:51:07.143 0 0 W swapper/3: type=1400 audit(0.0:980): avc: denied { kill } for capability=5 scontext=u:r:kernel:s0 tcontext=u:r:kernel:s0 tclass=capability permissive=0
12-16 04:51:07.239 664 675 I mpu_uart: [MSG-P:R]:recv sync frame timeout
01-01 09:04:09.891 0 0 D : mv2112_read_status
01-01 09:04:09.891 0 0 D mv2112_update_link: 3.0x901(1G): 0x80
01-01 09:04:09.891 0 0 D mv2112_update_link: 3.0x8109(100M): 0x8
01-01 09:04:09.891 0 0 D mv2112_update_link: link 0x0
01-01 09:04:09.891 0 0 D mv2112_read_status: autoneg is disabled
12-16 04:51:08.032 664 676 I mpu_uart: [MSG-P:RECV]:No message received in 1000 ms
12-16 04:51:08.143 0 0 W swapper/3: type=1400 audit(0.0:981): avc: denied { kill } for capability=5 scontext=u:r:kernel:s0 tcontext=u:r:kernel:s0 tclass=capability permissive=0
01-01 09:04:10.915 0 0 D : mv2112_read_status
01-01 09:04:10.915 0 0 D mv2112_update_link: 3.0x901(1G): 0x80
01-01 09:04:10.915 0 0 D mv2112_update_link: 3.0x8109(100M): 0x8
01-01 09:04:10.915 0 0 D mv2112_update_link: link 0x0
01-01 09:04:10.915 0 0 D mv2112_read_status: autoneg is disabled
12-16 04:51:09.032 664 676 I mpu_uart: [MSG-P:RECV]:No message received in 1000 ms
12-16 04:51:09.117 2550 2713 I OpenGLRenderer: Davey! duration=9223371582553ms; Flags=0, FrameTimelineVsyncId=8881, IntendedVsync=454300921668, Vsync=454300921668, InputEventId=0, HandleInputStart=454301726543, AnimationStart=454301730397, PerformTraversalsStart=454301733210, DrawStart=454324103991, FrameDeadline=454317588334, FrameInterval=454301713887, FrameStartTime=16666666, SyncQueued=454325087480, SyncStart=454325287585, IssueDrawCommandsStart=454326156595, SwapBuffers=454328578678, FrameCompleted=9223372036854775807, DequeueBufferDuration=40833, QueueBufferDuration=746042, GpuCompleted=9223372036854775807, SwapBuffersCompleted=454329779251, DisplayPresentTime=0,
12-16 04:51:09.143 0 0 W swapper/3: type=1400 audit(0.0:982): avc: denied { kill } for capability=5 scontext=u:r:kernel:s0 tcontext=u:r:kernel:s0 tclass=capability permissive=0
12-16 04:51:10.033 664 676 I mpu_uart: [MSG-P:RECV]:No message received in 1000 ms
01-01 09:04:11.939 0 0 D : mv2112_read_status
01-01 09:04:11.939 0 0 D mv2112_update_link: 3.0x901(1G): 0x80
01-01 09:04:11.939 0 0 D mv2112_update_link: 3.0x8109(100M): 0x8
01-01 09:04:11.939 0 0 D mv2112_update_link: link 0x0
01-01 09:04:11.939 0 0 D mv2112_read_status: autoneg is disabled
12-16 04:51:10.117 2550 2713 I OpenGLRenderer: Davey! duration=9223371581553ms; Flags=0, FrameTimelineVsyncId=8887, IntendedVsync=455300938953, Vsync=455300938953, InputEventId=0, HandleInputStart=455301582636, AnimationStart=455301585397, PerformTraversalsStart=455301588053, DrawStart=455325708105, FrameDeadline=455334272285, FrameInterval=455301571907, FrameStartTime=16666666, SyncQueued=455326943418, SyncStart=455327047740, IssueDrawCommandsStart=455327946022, SwapBuffers=455330449355, FrameCompleted=9223372036854775807, DequeueBufferDuration=149166, QueueBufferDuration=934323, GpuCompleted=9223372036854775807, SwapBuffersCompleted=455331854407, DisplayPresentTime=0,
12-16 04:51:10.143 0 0 W swapper/3: type=1400 audit(0.0:983): avc: denied { kill } for capability=5 scontext=u:r:kernel:s0 tcontext=u:r:kernel:s0 tclass=capability permissive=0
12-16 04:51:10.243 664 675 I mpu_uart: [MSG-P:R]:recv sync frame timeout
12-16 04:51:10.886 3006 3006 I hpplay-java: [main]:Upgrade:upgrade not be allowed
12-16 04:51:10.905 3006 3006 I hpplay-java: [main]:ServerBusiness:get deviceCode:
12-16 04:51:10.905 3006 3006 W hpplay-java: [main]:ServerBusiness:startDeviceService ignore,invalid deviceCode
12-16 04:51:11.033 664 676 I mpu_uart: [MSG-P:RECV]:No message received in 1000 ms
01-01 09:04:12.963 0 0 D : mv2112_read_status
01-01 09:04:12.963 0 0 D mv2112_update_link: 3.0x901(1G): 0x80
01-01 09:04:12.963 0 0 D mv2112_update_link: 3.0x8109(100M): 0x8
01-01 09:04:12.963 0 0 D mv2112_update_link: link 0x0
01-01 09:04:12.963 0 0 D mv2112_read_status: autoneg is disabled
12-16 04:51:11.121 2550 2713 I OpenGLRenderer: Davey! duration=9223371580551ms; Flags=0, FrameTimelineVsyncId=8893, IntendedVsync=456303356630, Vsync=456303356630, InputEventId=0, HandleInputStart=456304409407, AnimationStart=456304414250, PerformTraversalsStart=456304417480, DrawStart=456325390553, FrameDeadline=456336689962, FrameInterval=456304397115, FrameStartTime=16666666, SyncQueued=456326334875, SyncStart=456326420344, IssueDrawCommandsStart=456327209875, SwapBuffers=456329879875, FrameCompleted=9223372036854775807, DequeueBufferDuration=39792, QueueBufferDuration=918125, GpuCompleted=9223372036854775807, SwapBuffersCompleted=456331339042, DisplayPresentTime=0,
12-16 04:51:11.143 0 0 W swapper/3: type=1400 audit(0.0:984): avc: denied { kill } for capability=5 scontext=u:r:kernel:s0 tcontext=u:r:kernel:s0 tclass=capability permissive=0
12-16 04:51:12.034 664 676 I mpu_uart: [MSG-P:RECV]:No message received in 1000 ms
01-01 09:04:13.987 0 0 D : mv2112_read_status
01-01 09:04:13.987 0 0 D mv2112_update_link: 3.0x901(1G): 0x80
01-01 09:04:13.987 0 0 D mv2112_update_link: 3.0x8109(100M): 0x8
01-01 09:04:13.987 0 0 D mv2112_update_link: link 0x0
01-01 09:04:13.987 0 0 D mv2112_read_status: autoneg is disabled
12-16 04:51:12.122 2550 2713 I OpenGLRenderer: Davey! duration=9223371579546ms; Flags=0, FrameTimelineVsyncId=8902, IntendedVsync=457308221967, Vsync=457308221967, InputEventId=0, HandleInputStart=457309023625, AnimationStart=457309027167, PerformTraversalsStart=457309030188, DrawStart=457331572792, FrameDeadline=457341555299, FrameInterval=457309011021, FrameStartTime=16666666, SyncQueued=457332673833, SyncStart=457332873833, IssueDrawCommandsStart=457333746802, SwapBuffers=457336319667, FrameCompleted=9223372036854775807, DequeueBufferDuration=45521, QueueBufferDuration=935886, GpuCompleted=9223372036854775807, SwapBuffersCompleted=457337809302, DisplayPresentTime=0,
12-16 04:51:12.143 0 0 W swapper/3: type=1400 audit(0.0:985): avc: denied { kill } for capability=5 scontext=u:r:kernel:s0 tcontext=u:r:kernel:s0 tclass=capability permissive=0
12-16 04:51:12.861 1519 1645 I PowerManagerService: Napping display group (groupId=0, uid=1000)...
12-16 04:51:12.861 1519 1645 I PowerManagerService: Nap time (uid 1000)...
12-16 04:51:12.863 1519 1645 I DreamManagerService: Entering dreamland.
12-16 04:51:12.866 1519 1645 I PowerManagerService: Dreaming...
12-16 04:51:12.872 1519 1618 I DreamController: Starting dream: name=ComponentInfo{com.thundercomm.screensaver/com.thundercomm.saverclock.service.ClockScreensaver}, isTest=false, canDoze=false, userId=0
12-16 04:51:12.878 1519 1618 D CompatibilityInfo: mCompatibilityFlags - 4
12-16 04:51:12.878 1519 1618 D CompatibilityInfo: applicationDensity - 240
12-16 04:51:12.878 1519 1618 D CompatibilityInfo: applicationScale - 1.0
12-16 04:51:12.883 2100 2100 V ShadeControllerImpl: NotificationShadeWindow: com.android.systemui.statusbar.phone.NotificationShadeWindowView{97ca150 I.E...... ......ID 0,0-2380,1020} canPanelBeCollapsed(): false
12-16 04:51:12.885 1519 2218 I ActivityTaskManager: START u0 {flg=0x10000000 pkg=com.thundercomm.screensaver cmp=com.thundercomm.screensaver/android.service.dreams.DreamActivity (has extras)} from uid 10052
12-16 04:51:12.886 1519 1622 I EventSequenceValidator: Transition from ACTIVITY_FINISHED to INTENT_STARTED
12-16 04:51:12.887 1519 2218 W ActivityTaskManager: Can't find TaskDisplayArea to determine support for multi window. Task id=18 attached=false
12-16 04:51:12.892 1519 2218 D CompatibilityInfo: mCompatibilityFlags - 4
12-16 04:51:12.892 1519 2218 D CompatibilityInfo: applicationDensity - 240
12-16 04:51:12.892 1519 2218 D CompatibilityInfo: applicationScale - 1.0
12-16 04:51:12.893 1519 2218 D ActivityTrigger: ActivityTrigger activityPauseTrigger
12-16 04:51:12.896 1519 1622 I EventSequenceValidator: Transition from INTENT_STARTED to ACTIVITY_LAUNCHED
12-16 04:51:12.899 1519 2166 I ActivityTaskManager: FOREGROUND_APPLICATION_CHANGED to android.service.dreams.DreamActivity
12-16 04:51:12.900 1519 2166 I ActivityTaskManager: The Process com.thundercomm.screensaver Already Exists in BG. So sending its PID: 4585
12-16 04:51:12.900 1519 2166 W ActivityTaskManager: Tried to set launchTime (0) < mLastActivityLaunchTime (337756)
12-16 04:51:12.901 1519 2166 D CompatibilityInfo: mCompatibilityFlags - 4
12-16 04:51:12.901 1519 2166 D CompatibilityInfo: applicationDensity - 240
12-16 04:51:12.901 1519 2166 D CompatibilityInfo: applicationScale - 1.0
12-16 04:51:12.905 2554 2618 I GameMode_ActivityMonitoringService: onForegroundActivitiesChanged uid 10052 pid 4585 fg true
12-16 04:51:12.908 2554 4017 I GameMode_ActivityMonitoringService: Updating top task to: TaskInfoContainer [topActivity=ComponentInfo{com.thundercomm.screensaver/android.service.dreams.DreamActivity}, taskId=18, stackId=18, userId=0, displayId=0, position=7
12-16 04:51:12.908 2554 4017 I GameMode_ActivityMonitoringService: Notifying about top task: TaskInfoContainer [topActivity=ComponentInfo{com.thundercomm.screensaver/android.service.dreams.DreamActivity}, taskId=18, stackId=18, userId=0, displayId=0, position=7
12-16 04:51:12.908 2554 4017 E GameMode_ActivityMonitoringService: onActivityLaunch:com.thundercomm.screensaver
12-16 04:51:12.908 2554 4017 V GameMode_GameTypeUtils: judge isGame:com.thundercomm.screensaver
12-16 04:51:12.908 2554 4017 V GameMode_GpuUtils: fps:60
12-16 04:51:12.909 1519 2220 W WindowManager: Failed looking up window session=Session{60faefb 4585:u0a10052} callers=com.android.server.wm.WindowManagerService.windowForClientLocked:5628 com.android.server.wm.Session.insetsModified:629 android.view.IWindowSession$Stub.onTransact:1151
12-16 04:51:12.909 2554 4017 D GameMode_GameModeActionUtils: Show GameMode entry by service!
12-16 04:51:12.909 2554 4017 W ContextImpl: Calling a method in the system process without a qualified user: android.app.ContextImpl.startService:1816 android.content.ContextWrapper.startService:774 com.thundercomm.gamemode.ingame.services.GameModeActionUtils.startGameModeService:99 com.thundercomm.gamemode.ingame.services.GameModeActionUtils.startGameModeEntry:22 com.thundercomm.gamemode.ingame.services.ActivityMonitoringService$1.onActivityLaunch:127
12-16 04:51:12.910 2100 3060 D KeyguardViewMediator: setOccluded true
12-16 04:51:12.910 2554 2554 D GameMode_GameModeService: type=hide_entry
12-16 04:51:12.911 2100 2100 V KeyguardUpdateMonitor: startListeningForFingerprint()
12-16 04:51:12.911 2554 4017 D GameModeIF_GameModeSettings: getUriFor setting_content_uri_root = content://com.thundercomm.gamemode.api/gamemode_settings , name = gamemode_isgaming
12-16 04:51:12.912 4585 4585 E ThemeUtils: View class androidx.appcompat.widget.AppCompatImageView is an AppCompat widget that can only be used with a Theme.AppCompat theme (or descendant).
12-16 04:51:12.912 992 992 I BpBinder: onLastStrongRef automatically unlinking death recipients:
12-16 04:51:12.912 4585 4585 E ThemeUtils: View class androidx.appcompat.widget.AppCompatImageView is an AppCompat widget that can only be used with a Theme.AppCompat theme (or descendant).
12-16 04:51:12.912 4585 4585 E ThemeUtils: View class androidx.appcompat.widget.AppCompatImageView is an AppCompat widget that can only be used with a Theme.AppCompat theme (or descendant).
12-16 04:51:12.912 4585 4585 E ThemeUtils: View class androidx.appcompat.widget.AppCompatImageView is an AppCompat widget that can only be used with a Theme.AppCompat theme (or descendant).
12-16 04:51:12.913 2100 2100 D KeyguardViewMediator: adjustStatusBarLocked: mShowing=false mOccluded=true isSecure=false force=false --> flags=0x0
12-16 04:51:12.917 2554 4017 D GameModeIF_GameModeSettings: gamemode_isgaming set to 0
12-16 04:51:12.917 2554 2554 D GameMode_GameSettingsObserver: Game Data change!!!! uri = content://com.thundercomm.gamemode.api/gamemode_settings/gamemode_isgaming
12-16 04:51:12.917 2554 2554 D GameModeIF_GameModeSettings: getUriFor setting_content_uri_root = content://com.thundercomm.gamemode.api/gamemode_settings , name = gamemode_isgaming
12-16 04:51:12.918 1519 1519 I GameModeConfig: Current uri is uri = content://com.thundercomm.gamemode.api/gamemode_settings/gamemode_isgaming
12-16 04:51:12.918 1519 1519 D GameModeIF_GameModeSettings: getUriFor setting_content_uri_root = content://com.thundercomm.gamemode.api/gamemode_settings , name = gamemode_isgaming
12-16 04:51:12.918 1519 1551 W System : A resource failed to call release.
12-16 04:51:12.919 1519 1519 I GameModeConfig: isGameModeOn = false
12-16 04:51:12.919 1519 1519 I GameModeConfig: isGameModeOn = false
12-16 04:51:12.919 1519 1519 I GameModeConfig: isDisableVoice = true
12-16 04:51:12.919 2554 2554 D GameMode_GameModeService: updateGlobalSettings = gamemode_isgaming
12-16 04:51:12.923 992 1650 I BpBinder: onLastStrongRef automatically unlinking death recipients:
12-16 04:51:12.938 2100 2100 D StatusBar: disable disable2
12-16 04:51:12.939 1519 1645 V DisplayPowerController[0]: Brightness [1.0] reason changing to: 'manual', previous reason: 'manual [ dim ]'.
12-16 04:51:12.940 1519 1618 I ActivityTaskManager: Displayed com.thundercomm.screensaver/android.service.dreams.DreamActivity: +45ms
12-16 04:51:12.942 1519 1622 I EventSequenceValidator: Transition from ACTIVITY_LAUNCHED to ACTIVITY_FINISHED
12-16 04:51:12.947 1519 2074 E DisplayDeviceConfig: requesting nits when no mapping exists.
12-16 04:51:12.947 1519 2074 E DisplayDeviceConfig: requesting nits when no mapping exists.
12-16 04:51:12.963 1519 2074 E DisplayDeviceConfig: requesting nits when no mapping exists.
12-16 04:51:12.963 1519 2074 E DisplayDeviceConfig: requesting nits when no mapping exists.
12-16 04:51:12.975 2100 2131 W System : A resource failed to call close.
12-16 04:51:12.975 2100 2131 W System : A resource failed to call close.
12-16 04:51:12.975 2100 2131 W System : A resource failed to call release.
12-16 04:51:12.975 2100 2131 W System : A resource failed to call close.
12-16 04:51:12.975 2100 2131 W System : A resource failed to call release.
12-16 04:51:12.979 1519 2074 E DisplayDeviceConfig: requesting nits when no mapping exists.
12-16 04:51:12.979 1519 2074 E DisplayDeviceConfig: requesting nits when no mapping exists.
12-16 04:51:12.997 1519 2074 E DisplayDeviceConfig: requesting nits when no mapping exists.
12-16 04:51:12.997 1519 2074 E DisplayDeviceConfig: requesting nits when no mapping exists.
12-16 04:51:13.003 2554 2618 I GameMode_ActivityMonitoringService: onTaskStackChanged
12-16 04:51:13.005 2554 4017 I GameMode_ActivityMonitoringService: Updating top task to: TaskInfoContainer [topActivity=ComponentInfo{com.thundercomm.screensaver/android.service.dreams.DreamActivity}, taskId=18, stackId=18, userId=0, displayId=0, position=7
12-16 04:51:13.005 2554 4017 I GameMode_ActivityMonitoringService: Notifying about top task: TaskInfoContainer [topActivity=ComponentInfo{com.thundercomm.screensaver/android.service.dreams.DreamActivity}, taskId=18, stackId=18, userId=0, displayId=0, position=7
12-16 04:51:13.005 2554 4017 E GameMode_ActivityMonitoringService: onActivityLaunch:com.thundercomm.screensaver
12-16 04:51:13.005 2554 4017 V GameMode_GameTypeUtils: judge isGame:com.thundercomm.screensaver
12-16 04:51:13.005 2554 4017 V GameMode_GpuUtils: fps:60
12-16 04:51:13.007 2554 4017 D GameMode_GameModeActionUtils: Show GameMode entry by service!
12-16 04:51:13.007 2554 4017 W ContextImpl: Calling a method in the system process without a qualified user: android.app.ContextImpl.startService:1816 android.content.ContextWrapper.startService:774 com.thundercomm.gamemode.ingame.services.GameModeActionUtils.startGameModeService:99 com.thundercomm.gamemode.ingame.services.GameModeActionUtils.startGameModeEntry:22 com.thundercomm.gamemode.ingame.services.ActivityMonitoringService$1.onActivityLaunch:127
12-16 04:51:13.007 2554 4017 D GameModeIF_GameModeSettings: getUriFor setting_content_uri_root = content://com.thundercomm.gamemode.api/gamemode_settings , name = gamemode_isgaming
12-16 04:51:13.007 2554 2554 D GameMode_GameModeService: type=hide_entry
12-16 04:51:13.008 1519 1519 I GameModeConfig: Current uri is uri = content://com.thundercomm.gamemode.api/gamemode_settings/gamemode_isgaming
12-16 04:51:13.008 1519 1519 D GameModeIF_GameModeSettings: getUriFor setting_content_uri_root = content://com.thundercomm.gamemode.api/gamemode_settings , name = gamemode_isgaming
12-16 04:51:13.008 2554 4017 D GameModeIF_GameModeSettings: gamemode_isgaming set to 0
12-16 04:51:13.009 1519 1519 I GameModeConfig: isGameModeOn = false
12-16 04:51:13.009 1519 1519 I GameModeConfig: isGameModeOn = false
12-16 04:51:13.009 1519 1519 I GameModeConfig: isDisableVoice = true
12-16 04:51:13.011 2554 2554 D GameMode_GameSettingsObserver: Game Data change!!!! uri = content://com.thundercomm.gamemode.api/gamemode_settings/gamemode_isgaming
12-16 04:51:13.011 2554 2554 D GameModeIF_GameModeSettings: getUriFor setting_content_uri_root = content://com.thundercomm.gamemode.api/gamemode_settings , name = gamemode_isgaming
12-16 04:51:13.012 2554 2554 D GameMode_GameModeService: updateGlobalSettings = gamemode_isgaming
12-16 04:51:13.013 1519 2074 E DisplayDeviceConfig: requesting nits when no mapping exists.
12-16 04:51:13.013 1519 2074 E DisplayDeviceConfig: requesting nits when no mapping exists.
12-16 04:51:13.029 1519 2074 E DisplayDeviceConfig: requesting nits when no mapping exists.
12-16 04:51:13.030 1519 2074 E DisplayDeviceConfig: requesting nits when no mapping exists.
12-16 04:51:13.034 664 676 I mpu_uart: [MSG-P:RECV]:No message received in 1000 ms
12-16 04:51:13.046 1519 2074 E DisplayDeviceConfig: requesting nits when no mapping exists.
12-16 04:51:13.046 1519 2074 E DisplayDeviceConfig: requesting nits when no mapping exists.
12-16 04:51:13.064 1519 2074 E DisplayDeviceConfig: requesting nits when no mapping exists.
12-16 04:51:13.064 1519 2074 E DisplayDeviceConfig: requesting nits when no mapping exists.
12-16 04:51:13.083 1519 2074 E DisplayDeviceConfig: requesting nits when no mapping exists.
12-16 04:51:13.083 1519 2074 E DisplayDeviceConfig: requesting nits when no mapping exists.
12-16 04:51:13.096 1519 2074 E DisplayDeviceConfig: requesting nits when no mapping exists.
12-16 04:51:13.096 1519 2074 E DisplayDeviceConfig: requesting nits when no mapping exists.
01-01 09:04:15.011 0 0 D : mv2112_read_status
01-01 09:04:15.011 0 0 D mv2112_update_link: 3.0x901(1G): 0x80
01-01 09:04:15.011 0 0 D mv2112_update_link: 3.0x8109(100M): 0x8
01-01 09:04:15.011 0 0 D mv2112_update_link: link 0x0
01-01 09:04:15.011 0 0 D mv2112_read_status: autoneg is disabled
12-16 04:51:13.114 1519 2074 E DisplayDeviceConfig: requesting nits when no mapping exists.
12-16 04:51:13.114 1519 2074 E DisplayDeviceConfig: requesting nits when no mapping exists.
12-16 04:51:13.130 1519 2074 E DisplayDeviceConfig: requesting nits when no mapping exists.
12-16 04:51:13.131 1519 2074 E DisplayDeviceConfig: requesting nits when no mapping exists.
12-16 04:51:13.143 0 0 W swapper/3: type=1400 audit(0.0:986): avc: denied { kill } for capability=5 scontext=u:r:kernel:s0 tcontext=u:r:kernel:s0 tclass=capability permissive=0
12-16 04:51:13.147 1519 2074 E DisplayDeviceConfig: requesting nits when no mapping exists.
12-16 04:51:13.147 1519 2074 E DisplayDeviceConfig: requesting nits when no mapping exists.
12-16 04:51:13.163 1519 2074 E DisplayDeviceConfig: requesting nits when no mapping exists.
12-16 04:51:13.164 1519 2074 E DisplayDeviceConfig: requesting nits when no mapping exists.
12-16 04:51:13.180 1519 2074 E DisplayDeviceConfig: requesting nits when no mapping exists.
12-16 04:51:13.180 1519 2074 E DisplayDeviceConfig: requesting nits when no mapping exists.
12-16 04:51:13.197 1519 2074 E DisplayDeviceConfig: requesting nits when no mapping exists.
12-16 04:51:13.197 1519 2074 E DisplayDeviceConfig: requesting nits when no mapping exists.
12-16 04:51:13.214 1519 2074 E DisplayDeviceConfig: requesting nits when no mapping exists.
12-16 04:51:13.214 1519 2074 E DisplayDeviceConfig: requesting nits when no mapping exists.
12-16 04:51:13.230 1519 2074 E DisplayDeviceConfig: requesting nits when no mapping exists.
12-16 04:51:13.230 1519 2074 E DisplayDeviceConfig: requesting nits when no mapping exists.
12-16 04:51:13.246 664 675 I mpu_uart: [MSG-P:R]:recv sync frame timeout
12-16 04:51:13.248 1519 2074 E DisplayDeviceConfig: requesting nits when no mapping exists.
12-16 04:51:13.248 1519 2074 E DisplayDeviceConfig: requesting nits when no mapping exists.
12-16 04:51:13.264 1519 2074 E DisplayDeviceConfig: requesting nits when no mapping exists.
12-16 04:51:13.264 1519 2074 E DisplayDeviceConfig: requesting nits when no mapping exists.
12-16 04:51:13.281 1519 2074 E DisplayDeviceConfig: requesting nits when no mapping exists.
12-16 04:51:13.281 1519 2074 E DisplayDeviceConfig: requesting nits when no mapping exists.
