12-16 04:49:42.902 3006 5222 I hpplay-base: [mDNSEmbeded:376] end lelink publish server, tid is 5222
12-16 04:49:42.902 3006 5239 D hpplay-base: [mDNSEmbeded:420] stopmLelinkServer end nRet=0
12-16 04:49:42.902 3006 5239 D hpplay-base: [LelinkBase:615] lebodlna stopServerThreadFunc dlnaEnable:1
12-16 04:49:42.902 3006 5239 D hpplay-base-dlna: [lebodlna_api:49] stop DMR
12-16 04:49:42.902 3006 5239 D hpplay-base-dlna: [lebodlna_api:344] m_pRender Release
12-16 04:49:42.932 3006 5201 D hpplay-base: [Server:447] startHttpServer will END srv->serverType:0
12-16 04:49:42.932 3006 5201 D hpplay-base: [Server:646] startHttpServer cond srv_shutdown:1 connectNummber:0
12-16 04:49:42.932 3006 5201 D hpplay-base: [Server:669] startHttpServer wait cond END. srv_shutdown:1 connectNummber:0
12-16 04:49:42.932 3006 5201 D hpplay-base: [Server:457] HttpServer END, tid is 5201
12-16 04:49:42.961 3006 5239 D hpplay-base-dlna: [UpnpDefine:867] DMRender release success
12-16 04:49:42.961 3006 5239 D hpplay-base-dlna: [lebodlna_api:352] m_pAVT Release
12-16 04:49:42.962 3006 5239 D hpplay-base-dlna: [lebodlna_api:360] m_pRCS Release
12-16 04:49:42.962 3006 5239 D hpplay-base-dlna: [lebodlna_api:365] dmrender destroydmr
12-16 04:49:42.969 664 676 I mpu_uart: [MSG-P:RECV]:No message received in 1000 ms
01-01 09:02:44.899 0 0 D : mv2112_read_status
01-01 09:02:44.899 0 0 D mv2112_update_link: 3.0x901(1G): 0x80
01-01 09:02:44.899 0 0 D mv2112_update_link: 3.0x8109(100M): 0x8
01-01 09:02:44.899 0 0 D mv2112_update_link: link 0x0
01-01 09:02:44.899 0 0 D mv2112_read_status: autoneg is disabled
12-16 04:49:43.143 0 0 W swapper/3: type=1400 audit(0.0:800): avc: denied { kill } for capability=5 scontext=u:r:kernel:s0 tcontext=u:r:kernel:s0 tclass=capability permissive=0
12-16 04:49:43.150 664 675 I mpu_uart: [MSG-P:R]:recv sync frame timeout
12-16 04:49:43.262 3006 5239 D hpplay-base-dlna: [lebodlna-dlna_android:186] stopDLNA
12-16 04:49:43.262 3006 5239 D hpplay-base-dlna: [lebodlna-dlna_android:189] dlnaservice destroy
12-16 04:49:43.262 3006 5239 D hpplay-base-dlna: [lebodlna-dlna_android:49] dlnaservice Destroy 49 int CDlnaService::Destroy()
12-16 04:49:43.262 3006 5239 D hpplay-base-dlna: [lebodlna-dlnaframe:245] dlnaservice Destroy 245 static ERROR_TYPE IDlnaFrame::DestroyDlnaFrame(IDlnaFrame *)
12-16 04:49:43.262 3006 5239 D hpplay-base-dlna: [lebodlna-dlnaframe:179] dlnaservice Destroy 179 virtual void CDlnaFrame::Release()
12-16 04:49:43.262 3006 5239 D hpplay-base-dlna: [lebodlna-dlnaframe:190] dlnaservice Destroy 190 virtual void CDlnaFrame::Release()
12-16 04:49:43.262 3006 5239 D hpplay-base-dlna: [lebodlna-dlnaframe:192] dlnaservice Destroy 192 virtual void CDlnaFrame::Release()
12-16 04:49:43.262 3006 5239 D hpplay-base-dlna: [lebodlna-dlnaframe:247] dlnaservice Destroy 247 static ERROR_TYPE IDlnaFrame::DestroyDlnaFrame(IDlnaFrame *)
12-16 04:49:43.262 3006 5239 D hpplay-base-dlna: [lebodlna-dlnaframe:251] dlnaservice Destroy 251 static ERROR_TYPE IDlnaFrame::DestroyDlnaFrame(IDlnaFrame *)
12-16 04:49:43.266 3006 5239 E hpplay-base-dlna: upnpapi.c:655::before gminiserver ThreadPoolShutdown
12-16 04:49:43.266 3006 5239 E hpplay-base-dlna: ThreadPool.c:1047::on ThreadPoolShutdown tp->totalThreads:2
12-16 04:49:43.266 3006 5239 E hpplay-base-dlna: ThreadPool.c:1056::after ThreadPoolShutdown
12-16 04:49:43.267 3006 5239 E hpplay-base-dlna: ThreadPool.c:1057::ThreadPoolShutdown tp->totalThreads:0
12-16 04:49:43.267 3006 5239 E hpplay-base-dlna: upnpapi.c:657::after gminiserver ThreadPoolShutdown
12-16 04:49:43.267 3006 5239 E hpplay-base-dlna: upnpapi.c:659::before grecv ThreadPoolShutdown
12-16 04:49:43.267 3006 5239 E hpplay-base-dlna: ThreadPool.c:1047::on ThreadPoolShutdown tp->totalThreads:12
12-16 04:49:43.267 3006 5239 E hpplay-base-dlna: ThreadPool.c:1047::on ThreadPoolShutdown tp->totalThreads:11
12-16 04:49:43.268 3006 5239 E hpplay-base-dlna: ThreadPool.c:1047::on ThreadPoolShutdown tp->totalThreads:10
12-16 04:49:43.268 3006 5239 E hpplay-base-dlna: ThreadPool.c:1047::on ThreadPoolShutdown tp->totalThreads:8
12-16 04:49:43.269 3006 5239 E hpplay-base-dlna: ThreadPool.c:1047::on ThreadPoolShutdown tp->totalThreads:5
12-16 04:49:43.269 3006 5239 E hpplay-base-dlna: ThreadPool.c:1047::on ThreadPoolShutdown tp->totalThreads:4
12-16 04:49:43.270 3006 5239 E hpplay-base-dlna: ThreadPool.c:1047::on ThreadPoolShutdown tp->totalThreads:2
12-16 04:49:43.270 3006 5239 E hpplay-base-dlna: ThreadPool.c:1047::on ThreadPoolShutdown tp->totalThreads:1
12-16 04:49:43.270 3006 5239 E hpplay-base-dlna: ThreadPool.c:1056::after ThreadPoolShutdown
12-16 04:49:43.270 3006 5239 E hpplay-base-dlna: ThreadPool.c:1057::ThreadPoolShutdown tp->totalThreads:0
12-16 04:49:43.270 3006 5239 E hpplay-base-dlna: upnpapi.c:661::after grecv ThreadPoolShutdown
12-16 04:49:43.270 3006 5239 E hpplay-base-dlna: upnpapi.c:663::before gsend ThreadPoolShutdown
12-16 04:49:43.270 3006 5239 E hpplay-base-dlna: ThreadPool.c:1047::on ThreadPoolShutdown tp->totalThreads:2
12-16 04:49:43.271 3006 5239 E hpplay-base-dlna: ThreadPool.c:1047::on ThreadPoolShutdown tp->totalThreads:1
12-16 04:49:43.271 3006 5239 E hpplay-base-dlna: ThreadPool.c:1056::after ThreadPoolShutdown
12-16 04:49:43.271 3006 5239 E hpplay-base-dlna: ThreadPool.c:1057::ThreadPoolShutdown tp->totalThreads:0
12-16 04:49:43.271 3006 5239 E hpplay-base-dlna: upnpapi.c:665::after gsend ThreadPoolShutdown
12-16 04:49:43.271 3006 5239 D hpplay-base-dlna: [lebodlna-dlnaframe:253] dlnaservice Destroy 253 static ERROR_TYPE IDlnaFrame::DestroyDlnaFrame(IDlnaFrame *)
12-16 04:49:43.271 3006 5239 D hpplay-base-dlna: [lebodlna-dlna_android:51] dlnaservice Destroy 51 int CDlnaService::Destroy()
12-16 04:49:43.271 3006 5239 D hpplay-base-dlna: [lebodlna-dlna_android:194] stopDLNA end
12-16 04:49:43.571 3006 5239 D hpplay-base: [stream_mirror_compat:1489] request to stop screen stream session!!
12-16 04:49:43.571 3006 5239 D hpplay-base: [AEventUtils:625] begin to stop event handle service!!
12-16 04:49:43.572 3006 5239 D hpplay-base: [AEventUtils:628] stop event handle service ok!!
12-16 04:49:43.572 3006 5239 D hpplay-base: [REventUtils:231] begin to stop report handle service!!
12-16 04:49:43.572 3006 5239 D hpplay-base: [REventUtils:234] stop report handle service ok!!
12-16 04:49:43.572 3006 5239 D hpplay-base: [lelinkSinkServer:711] HTTP Server stopSinkServer End .
12-16 04:49:43.572 3006 5239 D hpplay-base: [jniBridge:1135] notifyJavaServerStoped
12-16 04:49:43.572 3006 5239 D hpplay-base: [jniBridge:1726] notifyJava, what:202, castType:0, mimeType:0 baseStatus:4
12-16 04:49:43.572 3006 5239 D hpplay-base: [jniBridge:1727] notifyJava sessionID:(null)
12-16 04:49:43.573 3006 5239 I hpplay-java: [Thread-73]:Bridge:notify: what: 202
12-16 04:49:43.575 3006 5239 I hpplay-java: [Thread-73]:Bridge:notify: out: OutParameters:{audioSessionId=-1, audiotrackIndex=0, castHandleType=-1, castType=0, deviceName='', dlnaName='', dramaID='', extra=0, frameHandleType=-1, handleInside=true, headduration=0, header='', headers=null, isAD=false, isMultiMirror=false, lelinkVer='', limitTime=0, , mediaAlbum='null', mediaAlbumArtURI='', mediaArtist='null', mediaAssets='', mediaTitle='null', mimeType=0, multiSession=null, period=0, pinCode='', playSpeed=0.0, playerChoice=0, plugin=0, port=0, position=0.0, positionUnit=2, protocol=0, realSessionID='', regType='', , sinkIp='', sourceAPPVersion='', sourceChannel='', sourceClientInfo='', sourceDeviceInfo='', sourceDeviceModel='', sourceDeviceName='', sourceDeviceType=0, sourceHID='', , sourceInfo='', , , sourceOSVersion='', sourceSDKVersion='', sourceUid='', stopDetail=0, stopReason=0, tailduration=0, url='', urlID='', urls=null, userAgent='', videoDecoder=0, volume=0, what=202}com.hpplay.sdk.sink.protocol.OutParameters@5b95db2
12-16 04:49:43.575 3006 5239 I hpplay-java: [Thread-73]:Bridge:notify: address:69554435
12-16 04:49:43.575 3006 5239 D hpplay-base: [LelinkBase:645] stopServerThreadFunc notifyJavaServerStoped!
12-16 04:49:43.576 3006 3006 I hpplay-java: [main]:ServerTaskManager:startTimeOutCheck
12-16 04:49:43.576 3006 3006 I hpplay-java: [main]:ServerBusiness:stopDaemonBusiness
12-16 04:49:43.576 3006 3006 I hpplay-java: [main]:SinkDataReport:logout
12-16 04:49:43.577 3006 3006 I hpplay-java: [main]:EPControl:release
12-16 04:49:43.580 3006 5241 I hpplay-java: [AsyncTask #124]:GlideCreator:clearCache clearDiskCache
12-16 04:49:43.581 3006 3006 I hpplay-java: [main]:Dispatcher:notifyAllReverseControlsStop
12-16 04:49:43.581 3006 3006 I hpplay-java: [main]:Preference:checkFeature none
12-16 04:49:43.581 3006 3006 I hpplay-java: [main]:Dispatcher:notifyAllUIControlsStop set: []
12-16 04:49:43.582 3006 3006 I hpplay-java: [main]:Bridge:findServiceID start out: 69554435
12-16 04:49:43.582 3006 3006 I hpplay-java: [main]:Bridge:findServiceID end
12-16 04:49:43.582 3006 3006 I hpplay-java: [main]:ServerTaskManager:onStop retry:true
12-16 04:49:43.582 3006 5196 W hpplay-java: NanoHTTPDServerRunnable:Communication with the client broken
12-16 04:49:43.582 3006 5196 W hpplay-java: java.net.SocketException: Socket closed
12-16 04:49:43.582 3006 5196 W hpplay-java: at java.net.PlainSocketImpl.socketAccept(PlainSocketImpl.java:213)
12-16 04:49:43.582 3006 5196 W hpplay-java: at java.net.AbstractPlainSocketImpl.accept(AbstractPlainSocketImpl.java:451)
12-16 04:49:43.582 3006 5196 W hpplay-java: at java.net.ServerSocket.implAccept(ServerSocket.java:547)
12-16 04:49:43.582 3006 5196 W hpplay-java: at java.net.ServerSocket.accept(ServerSocket.java:515)
12-16 04:49:43.582 3006 5196 W hpplay-java: at com.hpplay.nanohttpd.protocols.http.ServerRunnable.run(SourceFile:118)
12-16 04:49:43.582 3006 5196 W hpplay-java: at java.lang.Thread.run(Thread.java:920)
12-16 04:49:43.582 3006 3006 I hpplay-java: [main]:ServerTaskManager:cancelTimeOutCheck
12-16 04:49:43.582 3006 5196 I hpplay-java: NanoHTTPDNanoHTTPD:server is stoped
12-16 04:49:43.582 3006 5196 I hpplay-java: NanoHTTPDNanoHTTPD:clear obj
12-16 04:49:43.583 3006 3006 I hpplay-java: [main]:IPManager:getActiveNets type: WIFI
12-16 04:49:43.583 3006 3006 I hpplay-java: [main]:IPManager:getActiveNets eth0:false wifi:true mobile:false ap:false
12-16 04:49:43.584 3006 3006 I hpplay-java: [main]:IPManager:getIPAddress IP_WLAN0
12-16 04:49:43.585 3006 3006 I hpplay-java: [main]:IPManager:updateIPAddress getIPAddress: 192.168.4.16 name:vlan4
12-16 04:49:43.586 3006 3006 I hpplay-java: [main]:IPManager:updateIPAddress getIPAddress: 192.168.0.18 name:wlan0
12-16 04:49:43.586 3006 3006 I hpplay-java: [main]:IPManager:updateIPAddress getIPAddress: 192.168.8.16 name:vlan8
12-16 04:49:43.586 3006 3006 I hpplay-java: [main]:IPManager:updateIPAddress getIPAddress: 192.168.11.16 name:vlan11
12-16 04:49:43.586 3006 3006 I hpplay-java: [main]:IPManager:updateIPAddress getIPAddress: 192.168.0.16 name:vlan0
12-16 04:49:43.586 3006 3006 I hpplay-java: [main]:IPManager:updateIPAddress getIPAddress: 192.168.2.16 name:vlan2
12-16 04:49:43.586 3006 3006 I hpplay-java: [main]:IPManager:updateIPAddress getIPAddress: 192.168.1.16 name:vlan1
12-16 04:49:43.587 3006 3006 I hpplay-java: [main]:ServerTaskManager:exeTask startServer
12-16 04:49:43.589 3006 5243 I hpplay-java: [AsyncTask #126]:ServerBusiness:startDaemonBusiness
12-16 04:49:43.589 3006 5243 I hpplay-java: [AsyncTask #126]:TimeOutCheckUtil:addTask id:upgrade
12-16 04:49:43.589 3006 3006 I hpplay-java: [main]:ServerTaskManager:startTimeOutCheck
12-16 04:49:43.589 3006 5243 I hpplay-java: [AsyncTask #126]:TimeOutCheckUtil:addTask id:ijkupgrade
12-16 04:49:43.590 3006 5244 I hpplay-java: [AsyncTask #127]:Bridge:assembleInParameters
12-16 04:49:43.591 3006 5245 I hpplay-java: NanoHTTPDNanoHTTPD:server is started
12-16 04:49:43.591 3006 5244 I hpplay-java: [AsyncTask #127]:Bridge:createDeviceId deviceId:OTQ6NWE6MmE6NjI6YWU6ZTI=
12-16 04:49:43.592 3006 5244 I hpplay-java: [AsyncTask #127]:IPManager:getActiveNets type: WIFI
12-16 04:49:43.592 3006 5244 I hpplay-java: [AsyncTask #127]:IPManager:getActiveNets eth0:false wifi:true mobile:false ap:false
12-16 04:49:43.592 3006 5244 I hpplay-java: [AsyncTask #127]:IPManager:getIPAddress IP_WLAN0
12-16 04:49:43.592 3006 5244 I hpplay-java: [AsyncTask #127]:Preference:checkFeature none
12-16 04:49:43.592 3006 5244 I hpplay-java: [AsyncTask #127]:SWI:dlna tip
12-16 04:49:43.592 3006 5244 I hpplay-java: [AsyncTask #127]:SWI:lefp tip
12-16 04:49:43.592 3006 5244 I hpplay-java: [AsyncTask #127]:Bridge:assembleInParameters none alias name use device name: 高合娱乐副屏
12-16 04:49:43.593 3006 5244 I hpplay-java: [AsyncTask #127]:Feature:isSendAdvertisement
12-16 04:49:43.593 3006 5244 I hpplay-java: [AsyncTask #127]:Preference:checkFeature none
12-16 04:49:43.594 3006 5244 I hpplay-java: [AsyncTask #127]:Preference:checkFeature none
12-16 04:49:43.594 3006 5244 I hpplay-java: [AsyncTask #127]:Bridge:backupHpplayDat bakPath:
12-16 04:49:43.594 3006 5244 I hpplay-java: [AsyncTask #127]:Bridge:path:/data/user/0/com.hht.lebocast/files/hpplay/file/happyplay.dat
12-16 04:49:43.594 3006 5244 I hpplay-java: [AsyncTask #127]:Bridge:mAppId:21409
12-16 04:49:43.594 3006 5244 I hpplay-java: [AsyncTask #127]:Bridge:mode:3
12-16 04:49:43.594 3006 5244 I hpplay-java: [AsyncTask #127]:Bridge:type:1
12-16 04:49:43.594 3006 5244 I hpplay-java: [AsyncTask #127]:Bridge:SN:
12-16 04:49:43.594 3006 5244 I hpplay-java: [AsyncTask #127]:Preference:checkFeature none
12-16 04:49:43.594 3006 5244 I hpplay-java: [AsyncTask #127]:Bridge:backPath:
12-16 04:49:43.594 3006 5244 I hpplay-java: [AsyncTask #127]:DeviceUtil:getPermissionDid: 1
12-16 04:49:43.594 3006 5244 I hpplay-java: [AsyncTask #127]:DeviceUtil:getPermissionDid: 1
12-16 04:49:43.594 3006 5244 I hpplay-java: [AsyncTask #127]:Preference:checkFeature none
12-16 04:49:43.594 3006 5244 I hpplay-java: [AsyncTask #127]:Preference:checkFeature none
12-16 04:49:43.595 3006 5244 I hpplay-java: [AsyncTask #127]:Preference:checkFeature none
12-16 04:49:43.595 3006 5244 I hpplay-java: [AsyncTask #127]:Preference:checkFeature none
12-16 04:49:43.595 3006 5244 I hpplay-java: [AsyncTask #127]:Preference:checkFeature none
12-16 04:49:43.595 3006 5244 I hpplay-java: [AsyncTask #127]:Preference:checkFeature none
12-16 04:49:43.600 3006 5243 W hpplay-java: [AsyncTask #126]:ServerBusiness:startDaemonBusiness start LelinkHTTPD sucess 52288
12-16 04:49:43.616 3006 5244 W hpplay-java: [AsyncTask #127]:DeviceUtils:getDomain create lb domain
12-16 04:49:43.621 3006 5244 I hpplay-java: [AsyncTask #127]:Feature:getMirrorAudioVideoSync DISABLE
12-16 04:49:43.621 3006 5244 I hpplay-java: [AsyncTask #127]:Feature:checkSupportRedirectOtherApp,no set redirect api
12-16 04:49:43.622 3006 5244 I hpplay-java: [AsyncTask #127]:Feature:getRedirectSearchFlag,value: 0
12-16 04:49:43.622 3006 5244 I hpplay-java: [AsyncTask #127]:Bridge:mIn: InParameters{appInfo='0', appKey='21409', authMode=0, authPwd='null', broadcastDirection=0, broadcastState=1, broadcastTimeout=3, buildType='release', cacheAVPath='/data/user/0/com.hht.lebocast/cache/hpplay/av', cachePhotoPath='/data/user/0/com.hht.lebocast/cache/hpplay/image', channel='LEBO-APK--60146-25915', desPath='', , deviceName='高合娱乐副屏', dlna=1, dlnaCompany='null', dlnaCompanyURL='null', dlnaDeviceDescribe='null', dlnaDeviceName='null', dlnaDeviceURL='null', dlnaLelinkSwitch=1, dlnaManufacturer=0, dlnaName='高合娱乐副屏', dlnaUPC='', dlnaUUID='dd2df002-11d4-f267-238c-a56d5449307e', domain='Lebo-figure-c2e24fe8c7bb', drainage=0, feature='6655', fps=60, height=1080, host='null', , keyPath='/data/user/0/com.hht.lebocast/files/hpplay/file', lelinkfp=1, lelinkfp2=0, logBaseState=1, logPath='/storage/emulated/0/com.hht.lebocast/sink/sdk/common', , mdnsEnable=1, mirrorSyncType=0, netCastVer='2.0', packageName='com.hht.lebocast', packagePath='/data/user/0/com.hht.lebocast', permissionDid='c2:e2:4f:e8:c7:bb', permissionMode=3, permissionPreSN='', port=0, preemptMode=0, regType='_leboremote._tcp.', serverPorts=null, sockWaitTimeOut=45, teleControlPort=53388, tunnels=3, txtKeys=null, txtValues=null, uid='-2753298538233435100', videoFrameType=1001, width=1920}com.hpplay.sdk.sink.protocol.InParameters@3664365
12-16 04:49:43.623 3006 3006 I hpplay-java: [main]:Bridge:startServer state: 0
12-16 04:49:43.623 3006 3006 D hpplay-base: [jniBridge:185] not conference version
12-16 04:49:43.623 3006 3006 I hpplay-base: [jniBridge:241] 1initServer nSettingWidth=1920 nSettingHeight=1080 nSettingMaxFPS=60 dlnaEnable=1 lelinkFpEnable=1
12-16 04:49:43.623 3006 3006 D hpplay-base: [jniBridge:283] 1initServer cfg.leLinkIp=192.168.0.18
12-16 04:49:43.623 3006 3006 D hpplay-base: [jniBridge:286] 1initServer cfg.mPermissionMode=3
12-16 04:49:43.623 3006 3006 D hpplay-base: [jniBridge:304] 1initServer cfg.permissionDid=c2:e2:4f:e8:c7:bb000000000000000
12-16 04:49:43.623 3006 3006 D hpplay-base: [jniBridge:313] 1initServer cfg.mPermissionPreSN=00000000000000000000000000000000
12-16 04:49:43.623 3006 3006 D hpplay-base: [jniBridge:317] Bridge___1initServer status:0
12-16 04:49:43.623 3006 3006 I hpplay-base: [jniBridge:325] 1initServer cfg.feature=6655
12-16 04:49:43.624 3006 3006 D hpplay-base: [jniBridge:377] 1initServer isSendBroadCast=3
12-16 04:49:43.624 3006 3006 D hpplay-base: [jniBridge:380] 1initServer broadcastDirection=0
12-16 04:49:43.624 3006 3006 D hpplay-base: [jniBridge:382] 1initServer ipBroadcast direction=0
12-16 04:49:43.624 3006 3006 D hpplay-base: [jniBridge:387] 1initServer tunnel=3
12-16 04:49:43.624 3006 3006 D hpplay-base: [jniBridge:390] 1initServer drainage=0
12-16 04:49:43.624 3006 3006 D hpplay-base: [jniBridge:401] 1initServer mDNSEnable=1
12-16 04:49:43.624 3006 3006 D hpplay-base: [jniBridge:406] 1initServer nSockWaitTimeOut=45
12-16 04:49:43.624 3006 3006 D hpplay-base: [jniBridge:410] 1initServer nMirrorAudioVideoSync=0
12-16 04:49:43.624 3006 3006 I hpplay-base: [sign_check:168] checkSign strPackageName:com.hht.lebocast
12-16 04:49:43.624 3006 3006 I hpplay-base: [sign_check:169] checkSign buildType:release
12-16 04:49:43.624 3006 3006 I hpplay-base: [sign_check:170] checkSign appKey:21409
12-16 04:49:43.624 3006 3006 D hpplay-base: [LelinkBase:405] bridgeInit port: 0, lelinkfp: 0
12-16 04:49:43.624 3006 3006 D hpplay-base: [LelinkBase:462] bridgeInit mPackagePath =/data/user/0/com.hht.lebocast
12-16 04:49:43.624 3006 3006 D hpplay-base: [LelinkBase:463] bridgeInit mKeyPath =/data/user/0/com.hht.lebocast/files/hpplay/file
12-16 04:49:43.624 3006 3006 D hpplay-base: [SinkContext:97] initSinkContext mPackagePath =/data/user/0/com.hht.lebocast
12-16 04:49:43.624 3006 3006 D hpplay-base: [SinkContext:98] initSinkContext mKeyPath =/data/user/0/com.hht.lebocast/files/hpplay/file
12-16 04:49:43.624 3006 3006 D hpplay-base: [jniBridge:478] Java_com_hpplay_sdk_sink_protocol_Bridge__1initServer end
12-16 04:49:43.624 3006 3006 D hpplay-base: [jniBridge:869] Bridge__1startServer status:1
12-16 04:49:43.624 3006 3006 D hpplay-base: [LelinkBase:492] startAllServer at base
12-16 04:49:43.624 3006 3006 D hpplay-base: [lelinkSinkServer:152] httpPlugins_SetServerPort TYPE_SERVER_LELINK:52266
12-16 04:49:43.625 3006 3006 D hpplay-base: [network.c:362] protocol bind host :192.168.0.18 port:52266 curent bind port:52266
12-16 04:49:43.625 3006 3006 D hpplay-base: [lelinkSinkServer:681] HTTP Server real at:52266
12-16 04:49:43.625 3006 5252 D hpplay-base: [lelinkSinkServer:644] Connected Service Type:0
12-16 04:49:43.625 3006 3006 D hpplay-base: [ScreenStream:1285] current bind port:7100
12-16 04:49:43.625 3006 5252 I hpplay-base: : (server.c.315) startServer listen_ing....:
12-16 04:49:43.625 3006 5252 D hpplay-base: [Server:371] startHttpServer srv_sockets.used:1 nCurrentFd:70, tid is 5252
12-16 04:49:43.625 3006 3006 D hpplay-base: [LelinkBase:515] startAllServer pBaseContext->config.dlnaEnable:1
12-16 04:49:43.625 3006 3006 D hpplay-base: [lelinkDlna:324] addDMRCallback end
12-16 04:49:43.625 3006 5253 D hpplay-base: [stream_mirror_compat:759] compat mirror stream begin to run,server fd:71,thread_id:3130651072!!
12-16 04:49:43.626 3006 3006 E hpplay-base-dlna: miniserver.c:788::dlna_port(ipv4: 49152 ipv6:0)
12-16 04:49:43.677 3006 3006 D hpplay-base-dlna: [lebodlna-dlnaframe:166] succeed to load lebodlnaplugin
12-16 04:49:43.677 3006 3006 D hpplay-base-dlna: [lebodlna-dlnaframe:232] Succeed to load specified plugin:lebodlna_plugin
12-16 04:49:43.677 3006 3006 D hpplay-base: [lelinkDlna:328] startDLNAServer ret=0
12-16 04:49:43.677 3006 3006 D hpplay-base: [LelinkBase:531] startDLNAServer ret= 0
12-16 04:49:43.677 3006 3006 D hpplay-base: [lelinkDlna:342] setDMRFriendlyName 高合娱乐副屏
12-16 04:49:43.678 3006 3006 D hpplay-base-dlna: [lebodlna-dlna_android:136] setBroadcastTimeout mBroadcastTimeOut=66 status=3!
12-16 04:49:43.678 3006 3006 D hpplay-base-dlna: [lebodlna_api:32] start DMR
12-16 04:49:43.678 3006 3006 D hpplay-base-dlna: [UpnpDefine:434] RegisterDMRender invalid lelink info
12-16 04:49:43.678 3006 3006 D hpplay-base-dlna: [UpnpDefine:467] DLNA DEFAULT_DESCRIPTION
12-16 04:49:43.681 3006 3006 E hpplay-base-dlna: upnpapi.c:1078::Exiting RegisterRootDevice2 *Hnd =1, return value == 0
12-16 04:49:43.681 3006 3006 D hpplay-base-dlna: [CUpnpDevice:41] Register Root Device 2:0
12-16 04:49:43.681 3006 3006 D hpplay-base-dlna: [UpnpDefine:794] ESDMRender:Register success
12-16 04:49:43.681 3006 3006 D hpplay-base-dlna: [lebodlna_api:41] sendBroadcast mBroadcastTimeOut=3
12-16 04:49:43.681 3006 3006 D hpplay-base-dlna: [lebodlna_api:44] sendBroadcast timeout=66
12-16 04:49:43.742 3006 3006 D hpplay-base: [lelinkDlna:361] startDLNADevice dlnaManufacturer:0 ret=0
12-16 04:49:43.742 3006 3006 D hpplay-base: [LelinkBase:535] lelinkSetDlnaInfo ret= 0
12-16 04:49:43.742 3006 3006 D hpplay-base: [LelinkBase:547] startAllServer pBaseContext->config.mDNSEnable:1
12-16 04:49:43.743 3006 3006 D hpplay-base: [base_mdns:509] mdns net.hostname:
12-16 04:49:43.743 3006 3006 D hpplay-base: [base_mdns:529] mdns namelabel:-00-80-0F-74-31-00
12-16 04:49:43.743 3006 3006 D hpplay-base: [base_mdns:509] mdns net.hostname:
12-16 04:49:43.743 3006 3006 D hpplay-base: [base_mdns:529] mdns namelabel:-00-80-0F-74-31-00
12-16 04:49:43.743 3006 3006 D hpplay-base: [mdns:813] mdns start bind port:0
12-16 04:49:43.748 3006 3006 D hpplay-base: [mdns:813] mdns start bind port:5353
12-16 04:49:43.748 3006 3006 D hpplay-base: [mdns:813] mdns start bind port:5353
12-16 04:49:43.748 3006 3006 D hpplay-base: [mdns:813] mdns start bind port:5353
12-16 04:49:43.748 3006 3006 D hpplay-base: [mdns:813] mdns start bind port:5353
12-16 04:49:43.749 3006 3006 D hpplay-base: [mdns:813] mdns start bind port:5353
12-16 04:49:43.749 3006 3006 D hpplay-base: [mdns:813] mdns start bind port:5353
12-16 04:49:43.749 3006 3006 D hpplay-base: [mdns:813] mdns start bind port:5353
12-16 04:49:43.749 3006 3006 I hpplay-base: [mDNSEmbeded:57] embedded_mDNSInit stopmDNSNow:0 status:0
12-16 04:49:43.750 3006 3006 D hpplay-base: [mDNSEmbeded:436] startmDNSServer end nRet=0
12-16 04:49:43.750 3006 3006 D hpplay-base: [LelinkBase:555] lelink broadcast_on_off:1 log2java_on_off:1
12-16 04:49:43.750 3006 5272 D hpplay-base: [LelinkMDNS:729] leboAuthorizationCheck strUuid=c2:e2:4f:e8:c7:bb000000000000000
12-16 04:49:43.750 3006 5272 D hpplay-base: [LelinkMDNS:730] leboAuthorizationCheck mPermissionDid=c2:e2:4f:e8:c7:bb000000000000000
12-16 04:49:43.750 3006 5272 D hpplay-base: [LelinkMDNS:755] leboAuthorizationCheck mPermissionMac=c2:e2:4f:e8:c7:bb000000000000000
12-16 04:49:43.750 3006 5273 I hpplay-base: [mDNSEmbeded:268] start lelink publish server, tid is 5273
12-16 04:49:43.750 3006 3006 D hpplay-base: [AEventUtils:595] request to start event handle service!!
12-16 04:49:43.750 3006 3006 D hpplay-base: [AEventUtils:603] start_event_handle_service,begin to run!!
12-16 04:49:43.750 3006 5274 D hpplay-base: [mDNSEmbeded:197] http_port bind check 197 http_port_check
12-16 04:49:43.750 3006 3006 D hpplay-base: [REventUtils:210] start_event_handle_service,begin to run!!
12-16 04:49:43.751 3006 3006 D hpplay-base: [LelinkBase:576] startAllServer success .
12-16 04:49:43.751 3006 5276 D hpplay-base: [REventUtils:59] create handleREventThread thread ok!!,tid is 5276
12-16 04:49:43.751 3006 3006 D hpplay-base: [jniBridge:894] startDlna_link:http://192.168.0.18:49152/description.xml
12-16 04:49:43.751 3006 5277 D hpplay-base: [jniBridge:1081] notifyJavaDlnalink:http://192.168.0.18:49152/description.xml
12-16 04:49:43.751 3006 5275 D hpplay-base: [AEventUtils:171] create handle AEvent thread ok!!,tid is 5275
12-16 04:49:43.751 3006 5277 D hpplay-base: [jniBridge:1726] notifyJava, what:207, castType:0, mimeType:0 baseStatus:2
12-16 04:49:43.752 3006 5277 D hpplay-base: [jniBridge:1727] notifyJava sessionID:(null)
12-16 04:49:43.752 3006 5274 D hpplay-base: [mDNSEmbeded:217] http_port bind check 217 http_port_check
12-16 04:49:43.752 3006 5274 D hpplay-base: [mDNSEmbeded:222] http_port bind check 222 http_port_check
12-16 04:49:43.753 3006 5277 I hpplay-java: [Thread-75]:Bridge:notify: what: 207
12-16 04:49:43.754 3006 5277 I hpplay-java: [Thread-75]:Bridge:notify: out: OutParameters:{audioSessionId=-1, audiotrackIndex=0, castHandleType=-1, castType=0, deviceName='http://192.168.0.18:49152/description.xml', dlnaName='', dramaID='', extra=0, frameHandleType=-1, handleInside=true, headduration=0, header='', headers=null, isAD=false, isMultiMirror=false, lelinkVer='', limitTime=0, , mediaAlbum='null', mediaAlbumArtURI='', mediaArtist='null', mediaAssets='', mediaTitle='null', mimeType=0, multiSession=null, period=0, pinCode='', playSpeed=0.0, playerChoice=0, plugin=0, port=0, position=0.0, positionUnit=2, protocol=0, realSessionID='', regType='', , sinkIp='', sourceAPPVersion='', sourceChannel='', sourceClientInfo='', sourceDeviceInfo='', sourceDeviceModel='', sourceDeviceName='', sourceDeviceType=0, sourceHID='', , sourceInfo='', , , sourceOSVersion='', sourceSDKVersion='', sourceUid='', stopDetail=0, stopReason=0, tailduration=0, url='', urlID='', urls=null, userAgent='', videoDecoder=0, volume=0, what=207}com.hpplay.sdk.sink.protocol.OutParameters@85f544
12-16 04:49:43.754 3006 5277 I hpplay-java: [Thread-75]:Bridge:notify: address:6051373
12-16 04:49:43.755 3006 5274 D hpplay-base: [mDNSEmbeded:234] http_port bind check 234 http_port_check port:52266
12-16 04:49:43.756 3006 5274 D hpplay-base: [mDNSEmbeded:237] http_port bind check 237 http_port_check
12-16 04:49:43.756 3006 5279 D hpplay-base: [lelinkSinkServer:93] new client connection from 127.0.0.1 42654, fd=132
12-16 04:49:43.756 3006 5279 D hpplay-base: [SinkContext:137] addSinkContextSession,begin to run!!
12-16 04:49:43.756 3006 5279 D hpplay-base: [SinkContext:142] addSinkContextSession,begin to get lock!!
12-16 04:49:43.756 3006 5279 D hpplay-base: [SinkContext:144] addSinkContextSession,get lock ok!!
12-16 04:49:43.757 3006 5279 D hpplay-base: [SinkContext:149] addSinkContextSession,session list is null,begin to malloc!!
12-16 04:49:43.757 3006 5279 D hpplay-base: [SinkContext:156] addSinkContextSession,begin to update!!
12-16 04:49:43.757 3006 5279 D hpplay-base: [SinkContext:160] addSinkContextSession,begin to update header!!
12-16 04:49:43.757 3006 5279 D hpplay-base: [SinkContext:172] addSinkContextSession,begin to unlock!!
12-16 04:49:43.757 3006 5279 D hpplay-base: [SinkContext:174] addSinkContextSession,unlock ok!!
12-16 04:49:43.757 3006 5279 D hpplay-base: [LelinkReceiver:4908] get ping !!!
12-16 04:49:43.757 3006 5274 D hpplay-base: [mDNSEmbeded:240] http_port bind check 240 http_port_check recieved:64
12-16 04:49:43.757 3006 5274 D hpplay-base: [mDNSEmbeded:243] http_port bind check 243 http_port_check
12-16 04:49:43.757 3006 5274 D hpplay-base: [mDNSEmbeded:244] http_port bind check ok!
12-16 04:49:43.958 3006 5279 I hpplay-base: [LelinkReceiver:14605] _connectionFinalize (132)
12-16 04:49:43.958 3006 5279 D hpplay-base: [LelinkReceiver:14752] ###connectionFinalize,release ok!!###
12-16 04:49:43.969 664 676 I mpu_uart: [MSG-P:RECV]:No message received in 1000 ms
01-01 09:02:45.923 0 0 D : mv2112_read_status
01-01 09:02:45.923 0 0 D mv2112_update_link: 3.0x901(1G): 0x80
01-01 09:02:45.923 0 0 D mv2112_update_link: 3.0x8109(100M): 0x8
01-01 09:02:45.923 0 0 D mv2112_update_link: link 0x0
01-01 09:02:45.923 0 0 D mv2112_read_status: autoneg is disabled
12-16 04:49:44.143 0 0 W swapper/3: type=1400 audit(0.0:801): avc: denied { kill } for capability=5 scontext=u:r:kernel:s0 tcontext=u:r:kernel:s0 tclass=capability permissive=0
12-16 04:49:44.566 3006 5190 W hpplay-java: [AsyncTask #116]:HttpRequest:
12-16 04:49:44.568 3006 5190 W hpplay-java: [AsyncTask #116]:HttpRequest:
12-16 04:49:44.570 3006 5190 W hpplay-java: [AsyncTask #116]:HttpRequest:
12-16 04:49:44.970 664 676 I mpu_uart: [MSG-P:RECV]:No message received in 1000 ms
01-01 09:02:46.947 0 0 D : mv2112_read_status
01-01 09:02:46.947 0 0 D mv2112_update_link: 3.0x901(1G): 0x80
01-01 09:02:46.947 0 0 D mv2112_update_link: 3.0x8109(100M): 0x8
01-01 09:02:46.947 0 0 D mv2112_update_link: link 0x0
01-01 09:02:46.947 0 0 D mv2112_read_status: autoneg is disabled
12-16 04:49:45.143 0 0 W swapper/3: type=1400 audit(0.0:802): avc: denied { kill } for capability=5 scontext=u:r:kernel:s0 tcontext=u:r:kernel:s0 tclass=capability permissive=0
12-16 04:49:45.970 664 676 I mpu_uart: [MSG-P:RECV]:No message received in 1000 ms
01-01 09:02:47.971 0 0 D : mv2112_read_status
01-01 09:02:47.971 0 0 D mv2112_update_link: 3.0x901(1G): 0x80
01-01 09:02:47.971 0 0 D mv2112_update_link: 3.0x8109(100M): 0x8
01-01 09:02:47.971 0 0 D mv2112_update_link: link 0x0
01-01 09:02:47.971 0 0 D mv2112_read_status: autoneg is disabled
12-16 04:49:46.143 0 0 W swapper/2: type=1400 audit(0.0:803): avc: denied { kill } for capability=5 scontext=u:r:kernel:s0 tcontext=u:r:kernel:s0 tclass=capability permissive=0
12-16 04:49:46.153 664 675 I mpu_uart: [MSG-P:R]:recv sync frame timeout
12-16 04:49:46.970 664 676 I mpu_uart: [MSG-P:RECV]:No message received in 1000 ms
01-01 09:02:48.995 0 0 D : mv2112_read_status
01-01 09:02:48.995 0 0 D mv2112_update_link: 3.0x901(1G): 0x80
01-01 09:02:48.995 0 0 D mv2112_update_link: 3.0x8109(100M): 0x8
01-01 09:02:48.995 0 0 D mv2112_update_link: link 0x0
01-01 09:02:48.995 0 0 D mv2112_read_status: autoneg is disabled
12-16 04:49:47.143 0 0 W swapper/2: type=1400 audit(0.0:804): avc: denied { kill } for capability=5 scontext=u:r:kernel:s0 tcontext=u:r:kernel:s0 tclass=capability permissive=0
12-16 04:49:47.970 664 676 I mpu_uart: [MSG-P:RECV]:No message received in 1000 ms
01-01 09:02:50.019 0 0 D : mv2112_read_status
01-01 09:02:50.019 0 0 D mv2112_update_link: 3.0x901(1G): 0x80
01-01 09:02:50.019 0 0 D mv2112_update_link: 3.0x8109(100M): 0x8
01-01 09:02:50.019 0 0 D mv2112_update_link: link 0x0
01-01 09:02:50.019 0 0 D mv2112_read_status: autoneg is disabled
12-16 04:49:48.143 0 0 W swapper/2: type=1400 audit(0.0:805): avc: denied { kill } for capability=5 scontext=u:r:kernel:s0 tcontext=u:r:kernel:s0 tclass=capability permissive=0
12-16 04:49:48.604 3006 3006 I hpplay-java: [main]:ServiceUpdater:upLoadServiceInfo invalid deviceCode:, port:53388
12-16 04:49:48.971 664 676 I mpu_uart: [MSG-P:RECV]:No message received in 1000 ms
01-01 09:02:51.043 0 0 D : mv2112_read_status
01-01 09:02:51.043 0 0 D mv2112_update_link: 3.0x901(1G): 0x80
01-01 09:02:51.043 0 0 D mv2112_update_link: 3.0x8109(100M): 0x8
01-01 09:02:51.043 0 0 D mv2112_update_link: link 0x0
01-01 09:02:51.043 0 0 D mv2112_read_status: autoneg is disabled
12-16 04:49:49.143 0 0 W swapper/2: type=1400 audit(0.0:806): avc: denied { kill } for capability=5 scontext=u:r:kernel:s0 tcontext=u:r:kernel:s0 tclass=capability permissive=0
12-16 04:49:49.156 664 675 I mpu_uart: [MSG-P:R]:recv sync frame timeout
12-16 04:49:49.971 664 676 I mpu_uart: [MSG-P:RECV]:No message received in 1000 ms
12-16 04:49:50.143 0 0 W swapper/2: type=1400 audit(0.0:807): avc: denied { kill } for capability=5 scontext=u:r:kernel:s0 tcontext=u:r:kernel:s0 tclass=capability permissive=0
01-01 09:02:52.067 0 0 D : mv2112_read_status
01-01 09:02:52.067 0 0 D mv2112_update_link: 3.0x901(1G): 0x80
01-01 09:02:52.067 0 0 D mv2112_update_link: 3.0x8109(100M): 0x8
01-01 09:02:52.067 0 0 D mv2112_update_link: link 0x0
01-01 09:02:52.067 0 0 D mv2112_read_status: autoneg is disabled
12-16 04:49:50.971 664 676 I mpu_uart: [MSG-P:RECV]:No message received in 1000 ms
12-16 04:49:51.143 0 0 W swapper/2: type=1400 audit(0.0:808): avc: denied { kill } for capability=5 scontext=u:r:kernel:s0 tcontext=u:r:kernel:s0 tclass=capability permissive=0
01-01 09:02:53.091 0 0 D : mv2112_read_status
01-01 09:02:53.091 0 0 D mv2112_update_link: 3.0x901(1G): 0x80
01-01 09:02:53.091 0 0 D mv2112_update_link: 3.0x8109(100M): 0x8
01-01 09:02:53.091 0 0 D mv2112_update_link: link 0x0
01-01 09:02:53.091 0 0 D mv2112_read_status: autoneg is disabled
12-16 04:49:51.971 664 676 I mpu_uart: [MSG-P:RECV]:No message received in 1000 ms
12-16 04:49:52.143 0 0 W swapper/2: type=1400 audit(0.0:809): avc: denied { kill } for capability=5 scontext=u:r:kernel:s0 tcontext=u:r:kernel:s0 tclass=capability permissive=0
12-16 04:49:52.159 664 675 I mpu_uart: [MSG-P:R]:recv sync frame timeout
01-01 09:02:54.115 0 0 D : mv2112_read_status
01-01 09:02:54.115 0 0 D mv2112_update_link: 3.0x901(1G): 0x80
01-01 09:02:54.115 0 0 D mv2112_update_link: 3.0x8109(100M): 0x8
01-01 09:02:54.115 0 0 D mv2112_update_link: link 0x0
01-01 09:02:54.115 0 0 D mv2112_read_status: autoneg is disabled
12-16 04:49:52.972 664 676 I mpu_uart: [MSG-P:RECV]:No message received in 1000 ms
12-16 04:49:53.143 0 0 W swapper/2: type=1400 audit(0.0:810): avc: denied { kill } for capability=5 scontext=u:r:kernel:s0 tcontext=u:r:kernel:s0 tclass=capability permissive=0
01-01 09:02:55.139 0 0 D : mv2112_read_status
01-01 09:02:55.139 0 0 D mv2112_update_link: 3.0x901(1G): 0x80
01-01 09:02:55.139 0 0 D mv2112_update_link: 3.0x8109(100M): 0x8
01-01 09:02:55.139 0 0 D mv2112_update_link: link 0x0
01-01 09:02:55.139 0 0 D mv2112_read_status: autoneg is disabled
12-16 04:49:53.590 3006 3006 I hpplay-java: [main]:Upgrade:upgrade not be allowed
12-16 04:49:53.608 3006 3006 I hpplay-java: [main]:ServerBusiness:get deviceCode:
12-16 04:49:53.608 3006 3006 W hpplay-java: [main]:ServerBusiness:startDeviceService ignore,invalid deviceCode
12-16 04:49:53.972 664 676 I mpu_uart: [MSG-P:RECV]:No message received in 1000 ms
12-16 04:49:54.143 0 0 W swapper/2: type=1400 audit(0.0:811): avc: denied { kill } for capability=5 scontext=u:r:kernel:s0 tcontext=u:r:kernel:s0 tclass=capability permissive=0
01-01 09:02:56.163 0 0 D : mv2112_read_status
01-01 09:02:56.163 0 0 D mv2112_update_link: 3.0x901(1G): 0x80
01-01 09:02:56.164 0 0 D mv2112_update_link: 3.0x8109(100M): 0x8
01-01 09:02:56.164 0 0 D mv2112_update_link: link 0x0
01-01 09:02:56.164 0 0 D mv2112_read_status: autoneg is disabled
12-16 04:49:54.972 664 676 I mpu_uart: [MSG-P:RECV]:No message received in 1000 ms
12-16 04:49:55.143 0 0 W swapper/2: type=1400 audit(0.0:812): avc: denied { kill } for capability=5 scontext=u:r:kernel:s0 tcontext=u:r:kernel:s0 tclass=capability permissive=0
12-16 04:49:55.162 664 675 I mpu_uart: [MSG-P:R]:recv sync frame timeout
01-01 09:02:57.187 0 0 D : mv2112_read_status
01-01 09:02:57.187 0 0 D mv2112_update_link: 3.0x901(1G): 0x80
01-01 09:02:57.187 0 0 D mv2112_update_link: 3.0x8109(100M): 0x8
01-01 09:02:57.187 0 0 D mv2112_update_link: link 0x0
01-01 09:02:57.187 0 0 D mv2112_read_status: autoneg is disabled
12-16 04:49:55.973 664 676 I mpu_uart: [MSG-P:RECV]:No message received in 1000 ms
12-16 04:49:56.143 0 0 W swapper/2: type=1400 audit(0.0:813): avc: denied { kill } for capability=5 scontext=u:r:kernel:s0 tcontext=u:r:kernel:s0 tclass=capability permissive=0
01-01 09:02:58.211 0 0 D : mv2112_read_status
01-01 09:02:58.211 0 0 D mv2112_update_link: 3.0x901(1G): 0x80
01-01 09:02:58.212 0 0 D mv2112_update_link: 3.0x8109(100M): 0x8
01-01 09:02:58.212 0 0 D mv2112_update_link: link 0x0
01-01 09:02:58.212 0 0 D mv2112_read_status: autoneg is disabled
12-16 04:49:56.973 664 676 I mpu_uart: [MSG-P:RECV]:No message received in 1000 ms
12-16 04:49:57.043 4585 4585 I ScreenSaver_12: [PeriodicCallbackModel] Executing periodic callback for MINUTE because the period ended
12-16 04:49:57.143 0 0 W swapper/2: type=1400 audit(0.0:814): avc: denied { kill } for capability=5 scontext=u:r:kernel:s0 tcontext=u:r:kernel:s0 tclass=capability permissive=0
12-16 04:49:57.323 3006 5229 W hpplay-java: [AsyncTask #120]:HttpRequest:
12-16 04:49:57.326 3006 5229 W hpplay-java: [AsyncTask #120]:HttpRequest:
12-16 04:49:57.328 3006 5229 W hpplay-java: [AsyncTask #120]:HttpRequest:
12-16 04:49:57.328 3006 3006 E hpplay-java: [main]:IMTask:getIMRoot failed
01-01 09:02:59.235 0 0 D : mv2112_read_status
01-01 09:02:59.235 0 0 D mv2112_update_link: 3.0x901(1G): 0x80
01-01 09:02:59.235 0 0 D mv2112_update_link: 3.0x8109(100M): 0x8
01-01 09:02:59.235 0 0 D mv2112_update_link: link 0x0
01-01 09:02:59.235 0 0 D mv2112_read_status: autoneg is disabled
12-16 04:49:57.973 664 676 I mpu_uart: [MSG-P:RECV]:No message received in 1000 ms
12-16 04:49:58.143 0 0 W swapper/2: type=1400 audit(0.0:815): avc: denied { kill } for capability=5 scontext=u:r:kernel:s0 tcontext=u:r:kernel:s0 tclass=capability permissive=0
12-16 04:49:58.166 664 675 I mpu_uart: [MSG-P:R]:recv sync frame timeout
01-01 09:03:00.259 0 0 D : mv2112_read_status
01-01 09:03:00.259 0 0 D mv2112_update_link: 3.0x901(1G): 0x80
01-01 09:03:00.259 0 0 D mv2112_update_link: 3.0x8109(100M): 0x8
01-01 09:03:00.259 0 0 D mv2112_update_link: link 0x0
01-01 09:03:00.259 0 0 D mv2112_read_status: autoneg is disabled
12-16 04:49:58.592 3006 3006 I hpplay-java: [main]:ServerTaskManager:task run out of time
12-16 04:49:58.592 3006 3006 I hpplay-java: [main]:ServerTaskManager:cancelTimeOutCheck
12-16 04:49:58.592 3006 3006 I hpplay-java: [main]:ServerTaskManager:exeTask ignore, reason: TaskList is clear
12-16 04:49:58.974 664 676 I mpu_uart: [MSG-P:RECV]:No message received in 1000 ms
12-16 04:49:58.995 3006 5272 D hpplay-base: [LelinkMDNS:766] devicePermissionPublic leboPermissionCheck:-2
12-16 04:49:58.995 3006 5272 D hpplay-base: [jniBridge:1125] com_hpplay_sdk_sink_protocol_Bridge_WHAT_SERVER_ERROR
12-16 04:49:58.995 3006 5272 D hpplay-base: [jniBridge:1726] notifyJava, what:204, castType:0, mimeType:0 baseStatus:2
12-16 04:49:58.995 3006 5272 D hpplay-base: [jniBridge:1727] notifyJava sessionID:(null)
12-16 04:49:58.996 3006 5272 I hpplay-java: [Thread-76]:Bridge:notify: what: 204
12-16 04:49:58.998 3006 5272 I hpplay-java: [Thread-76]:Bridge:notify: out: OutParameters:{audioSessionId=-1, audiotrackIndex=0, castHandleType=-1, castType=0, deviceName='', dlnaName='', dramaID='', extra=-2002, frameHandleType=-1, handleInside=true, headduration=0, header='', headers=null, isAD=false, isMultiMirror=false, lelinkVer='', limitTime=0, , mediaAlbum='null', mediaAlbumArtURI='', mediaArtist='null', mediaAssets='', mediaTitle='null', mimeType=0, multiSession=null, period=0, pinCode='', playSpeed=0.0, playerChoice=0, plugin=0, port=0, position=0.0, positionUnit=2, protocol=0, realSessionID='', regType='', , sinkIp='', sourceAPPVersion='', sourceChannel='', sourceClientInfo='', sourceDeviceInfo='', sourceDeviceModel='', sourceDeviceName='', sourceDeviceType=0, sourceHID='', , sourceInfo='', , , sourceOSVersion='', sourceSDKVersion='', sourceUid='', stopDetail=0, stopReason=0, tailduration=0, url='', urlID='', urls=null, userAgent='', videoDecoder=0, volume=0, what=204}com.hpplay.sdk.sink.protocol.OutParameters@b8f21b0
12-16 04:49:58.998 3006 5272 I hpplay-java: [Thread-76]:Bridge:notify: address:106244137
12-16 04:49:58.998 3006 5272 I hpplay-base: [mDNSEmbeded:79] embedded_mDNSLoop stopmDNSNow:0 nPublish:-2 nExitFlag:6 tid is 5272
12-16 04:49:58.998 3006 3006 I hpplay-java: [main]:Bridge:findServiceID start out: 106244137
12-16 04:49:58.998 3006 3006 I hpplay-java: [main]:Bridge:findServiceID end
12-16 04:49:58.998 3006 3006 E hpplay-java: [main]:ServerTaskManager:onError 204/-2002 com.hht.lebocast.LelinkHelper$e@e24427e
12-16 04:49:58.998 3006 3006 I hpplay-java: [main]:ServerTaskManager:cancelTimeOutCheck
12-16 04:49:59.000 3006 3006 W hpplay-java: [main]:ServerTaskManager:onErrorDispatcher errorCode:-2002
12-16 04:49:59.000 3006 3006 I hpplay-java: [main]:ServerTaskManager:onError retry later
12-16 04:49:59.143 0 0 W swapper/2: type=1400 audit(0.0:816): avc: denied { kill } for capability=5 scontext=u:r:kernel:s0 tcontext=u:r:kernel:s0 tclass=capability permissive=0
01-01 09:03:01.287 0 0 D : mv2112_read_status
01-01 09:03:01.287 0 0 D mv2112_update_link: 3.0x901(1G): 0x80
01-01 09:03:01.287 0 0 D mv2112_update_link: 3.0x8109(100M): 0x8
01-01 09:03:01.287 0 0 D mv2112_update_link: link 0x0
01-01 09:03:01.287 0 0 D mv2112_read_status: autoneg is disabled
12-16 04:49:59.833 3006 5233 W hpplay-java: [AsyncTask #122]:HttpRequest:
12-16 04:49:59.836 3006 5233 W hpplay-java: [AsyncTask #122]:HttpRequest:
12-16 04:49:59.838 3006 5233 W hpplay-java: [AsyncTask #122]:HttpRequest:
12-16 04:49:59.978 664 676 I mpu_uart: [MSG-P:RECV]:No message received in 1000 ms
12-16 04:50:00.015 2100 2100 D KeyguardUpdateMonitor: received broadcast android.intent.action.TIME_TICK
12-16 04:50:00.016 2100 2100 D KeyguardUpdateMonitor: handleTimeUpdate
01-01 09:03:02.307 0 0 D : mv2112_read_status
01-01 09:03:02.307 0 0 D mv2112_update_link: 3.0x901(1G): 0x80
01-01 09:03:02.307 0 0 D mv2112_update_link: 3.0x8109(100M): 0x8
01-01 09:03:02.307 0 0 D mv2112_update_link: link 0x0
01-01 09:03:02.307 0 0 D mv2112_read_status: autoneg is disabled
12-16 04:50:00.532 3898 5236 W cr_VariationsSeedFetch: UnknownHostException unknown host when fetching variations seed.
12-16 04:50:00.978 664 676 I mpu_uart: [MSG-P:RECV]:No message received in 1000 ms
12-16 04:50:01.143 0 0 W swapper/3: type=1400 audit(0.0:817): avc: denied { kill } for capability=5 scontext=u:r:kernel:s0 tcontext=u:r:kernel:s0 tclass=capability permissive=0
12-16 04:50:01.169 664 675 I mpu_uart: [MSG-P:R]:recv sync frame timeout
01-01 09:03:03.331 0 0 D : mv2112_read_status
01-01 09:03:03.331 0 0 D mv2112_update_link: 3.0x901(1G): 0x80
01-01 09:03:03.331 0 0 D mv2112_update_link: 3.0x8109(100M): 0x8
01-01 09:03:03.331 0 0 D mv2112_update_link: link 0x0
01-01 09:03:03.331 0 0 D mv2112_read_status: autoneg is disabled
12-16 04:50:01.978 664 676 I mpu_uart: [MSG-P:RECV]:No message received in 1000 ms
12-16 04:50:02.004 3006 3006 I hpplay-java: [main]:ServerTaskManager:restart by error
12-16 04:50:02.004 3006 3006 I hpplay-java: [main]:ServerTaskManager:startServer
12-16 04:50:02.004 3006 3006 I hpplay-java: [main]:ServerTaskManager:startServer add, reason: server is starting or running
12-16 04:50:02.005 3006 3006 I hpplay-java: [main]:ServerTaskManager:addStopTask
12-16 04:50:02.005 3006 3006 I hpplay-java: [main]:ServerTaskManager:addStartTask
12-16 04:50:02.005 3006 3006 I hpplay-java: [main]:ServerTaskManager:exeTask stopServer
12-16 04:50:02.006 3006 3006 I hpplay-java: [main]:Bridge:stopServer keepPush: false
12-16 04:50:02.006 3006 3006 D hpplay-base: [jniBridge:909] Bridge__1stopServer status:2
12-16 04:50:02.007 3006 3006 D hpplay-base: [LelinkBase:654] stopAllServer will start thread!
12-16 04:50:02.007 3006 5275 D hpplay-base: [AEventUtils:588] handle AEvent thread end!!,tid is 5275
12-16 04:50:02.007 3006 5286 I hpplay-base: [mDNSEmbeded:65] embedded_mDNSExit call
12-16 04:50:02.008 3006 5276 D hpplay-base: [REventUtils:197] handleREventThread thread end!!,tid is 5276
12-16 04:50:02.067 3006 5253 D hpplay-base: [stream_mirror_compat:1284] mirror stream begin to exit,server fd:71,thread_id:3130651072!!
12-16 04:50:02.067 3006 5253 D hpplay-base: [stream_mirror_compat:1323] ##screen stream exit successfully!!##
12-16 04:50:02.143 0 0 W swapper/3: type=1400 audit(0.0:818): avc: denied { kill } for capability=5 scontext=u:r:kernel:s0 tcontext=u:r:kernel:s0 tclass=capability permissive=0
12-16 04:50:02.184 3006 5252 D hpplay-base: [Server:447] startHttpServer will END srv->serverType:0
12-16 04:50:02.184 3006 5252 D hpplay-base: [Server:646] startHttpServer cond srv_shutdown:1 connectNummber:0
12-16 04:50:02.184 3006 5252 D hpplay-base: [Server:669] startHttpServer wait cond END. srv_shutdown:1 connectNummber:0
12-16 04:50:02.184 3006 5252 D hpplay-base: [Server:457] HttpServer END, tid is 5252
12-16 04:50:02.335 3006 5272 I hpplay-base: [mDNSEmbeded:140] embedded_mDNSLoop Exiting end,tid is 5272
12-16 04:50:02.335 3006 5286 D hpplay-base: [mDNSEmbeded:452] stopmDNSServer end stopmDNSNow=2, nRet=0
12-16 04:50:02.450 3006 5273 I hpplay-base: [mDNSEmbeded:376] end lelink publish server, tid is 5273
12-16 04:50:02.450 3006 5286 D hpplay-base: [mDNSEmbeded:420] stopmLelinkServer end nRet=0
12-16 04:50:02.450 3006 5286 D hpplay-base: [LelinkBase:615] lebodlna stopServerThreadFunc dlnaEnable:1
12-16 04:50:02.450 3006 5286 D hpplay-base-dlna: [lebodlna_api:49] stop DMR
12-16 04:50:02.450 3006 5286 D hpplay-base-dlna: [lebodlna_api:344] m_pRender Release
01-01 09:03:04.355 0 0 D : mv2112_read_status
01-01 09:03:04.355 0 0 D mv2112_update_link: 3.0x901(1G): 0x80
01-01 09:03:04.355 0 0 D mv2112_update_link: 3.0x8109(100M): 0x8
01-01 09:03:04.355 0 0 D mv2112_update_link: link 0x0
01-01 09:03:04.355 0 0 D mv2112_read_status: autoneg is disabled
12-16 04:50:02.511 3006 5286 D hpplay-base-dlna: [UpnpDefine:867] DMRender release success
12-16 04:50:02.511 3006 5286 D hpplay-base-dlna: [lebodlna_api:352] m_pAVT Release
12-16 04:50:02.511 3006 5286 D hpplay-base-dlna: [lebodlna_api:360] m_pRCS Release
12-16 04:50:02.511 3006 5286 D hpplay-base-dlna: [lebodlna_api:365] dmrender destroydmr
12-16 04:50:02.811 3006 5286 D hpplay-base-dlna: [lebodlna-dlna_android:186] stopDLNA
12-16 04:50:02.811 3006 5286 D hpplay-base-dlna: [lebodlna-dlna_android:189] dlnaservice destroy
12-16 04:50:02.811 3006 5286 D hpplay-base-dlna: [lebodlna-dlna_android:49] dlnaservice Destroy 49 int CDlnaService::Destroy()
12-16 04:50:02.811 3006 5286 D hpplay-base-dlna: [lebodlna-dlnaframe:245] dlnaservice Destroy 245 static ERROR_TYPE IDlnaFrame::DestroyDlnaFrame(IDlnaFrame *)
12-16 04:50:02.811 3006 5286 D hpplay-base-dlna: [lebodlna-dlnaframe:179] dlnaservice Destroy 179 virtual void CDlnaFrame::Release()
12-16 04:50:02.811 3006 5286 D hpplay-base-dlna: [lebodlna-dlnaframe:190] dlnaservice Destroy 190 virtual void CDlnaFrame::Release()
12-16 04:50:02.811 3006 5286 D hpplay-base-dlna: [lebodlna-dlnaframe:192] dlnaservice Destroy 192 virtual void CDlnaFrame::Release()
12-16 04:50:02.811 3006 5286 D hpplay-base-dlna: [lebodlna-dlnaframe:247] dlnaservice Destroy 247 static ERROR_TYPE IDlnaFrame::DestroyDlnaFrame(IDlnaFrame *)
12-16 04:50:02.811 3006 5286 D hpplay-base-dlna: [lebodlna-dlnaframe:251] dlnaservice Destroy 251 static ERROR_TYPE IDlnaFrame::DestroyDlnaFrame(IDlnaFrame *)
12-16 04:50:02.814 3006 5286 E hpplay-base-dlna: upnpapi.c:655::before gminiserver ThreadPoolShutdown
12-16 04:50:02.814 3006 5286 E hpplay-base-dlna: ThreadPool.c:1047::on ThreadPoolShutdown tp->totalThreads:2
12-16 04:50:02.815 3006 5286 E hpplay-base-dlna: ThreadPool.c:1056::after ThreadPoolShutdown
12-16 04:50:02.815 3006 5286 E hpplay-base-dlna: ThreadPool.c:1057::ThreadPoolShutdown tp->totalThreads:0
12-16 04:50:02.815 3006 5286 E hpplay-base-dlna: upnpapi.c:657::after gminiserver ThreadPoolShutdown
12-16 04:50:02.815 3006 5286 E hpplay-base-dlna: upnpapi.c:659::before grecv ThreadPoolShutdown
12-16 04:50:02.816 3006 5286 E hpplay-base-dlna: ThreadPool.c:1047::on ThreadPoolShutdown tp->totalThreads:12
12-16 04:50:02.816 3006 5286 E hpplay-base-dlna: ThreadPool.c:1047::on ThreadPoolShutdown tp->totalThreads:11
12-16 04:50:02.816 3006 5286 E hpplay-base-dlna: ThreadPool.c:1047::on ThreadPoolShutdown tp->totalThreads:10
12-16 04:50:02.816 3006 5286 E hpplay-base-dlna: ThreadPool.c:1047::on ThreadPoolShutdown tp->totalThreads:9
12-16 04:50:02.817 3006 5286 E hpplay-base-dlna: ThreadPool.c:1047::on ThreadPoolShutdown tp->totalThreads:8
12-16 04:50:02.817 3006 5286 E hpplay-base-dlna: ThreadPool.c:1047::on ThreadPoolShutdown tp->totalThreads:7
12-16 04:50:02.818 3006 5286 E hpplay-base-dlna: ThreadPool.c:1047::on ThreadPoolShutdown tp->totalThreads:6
12-16 04:50:02.818 3006 5286 E hpplay-base-dlna: ThreadPool.c:1047::on ThreadPoolShutdown tp->totalThreads:5
12-16 04:50:02.818 3006 5286 E hpplay-base-dlna: ThreadPool.c:1047::on ThreadPoolShutdown tp->totalThreads:4
12-16 04:50:02.818 3006 5286 E hpplay-base-dlna: ThreadPool.c:1047::on ThreadPoolShutdown tp->totalThreads:3
12-16 04:50:02.818 3006 5286 E hpplay-base-dlna: ThreadPool.c:1047::on ThreadPoolShutdown tp->totalThreads:1
12-16 04:50:02.819 3006 5286 E hpplay-base-dlna: ThreadPool.c:1056::after ThreadPoolShutdown
12-16 04:50:02.819 3006 5286 E hpplay-base-dlna: ThreadPool.c:1057::ThreadPoolShutdown tp->totalThreads:0
12-16 04:50:02.819 3006 5286 E hpplay-base-dlna: upnpapi.c:661::after grecv ThreadPoolShutdown
12-16 04:50:02.819 3006 5286 E hpplay-base-dlna: upnpapi.c:663::before gsend ThreadPoolShutdown
12-16 04:50:02.819 3006 5286 E hpplay-base-dlna: ThreadPool.c:1047::on ThreadPoolShutdown tp->totalThreads:2
12-16 04:50:02.819 3006 5286 E hpplay-base-dlna: ThreadPool.c:1047::on ThreadPoolShutdown tp->totalThreads:1
12-16 04:50:02.819 3006 5286 E hpplay-base-dlna: ThreadPool.c:1056::after ThreadPoolShutdown
12-16 04:50:02.819 3006 5286 E hpplay-base-dlna: ThreadPool.c:1057::ThreadPoolShutdown tp->totalThreads:0
12-16 04:50:02.820 3006 5286 E hpplay-base-dlna: upnpapi.c:665::after gsend ThreadPoolShutdown
12-16 04:50:02.820 3006 5286 D hpplay-base-dlna: [lebodlna-dlnaframe:253] dlnaservice Destroy 253 static ERROR_TYPE IDlnaFrame::DestroyDlnaFrame(IDlnaFrame *)
12-16 04:50:02.820 3006 5286 D hpplay-base-dlna: [lebodlna-dlna_android:51] dlnaservice Destroy 51 int CDlnaService::Destroy()
12-16 04:50:02.820 3006 5286 D hpplay-base-dlna: [lebodlna-dlna_android:194] stopDLNA end
