12-16 04:47:47.800 3006 4913 I hpplay-java: [AsyncTask #78]:GlideCreator:clearCache clearDiskCache
12-16 04:47:47.802 3006 3006 I hpplay-java: [main]:Dispatcher:notifyAllReverseControlsStop
12-16 04:47:47.802 3006 3006 I hpplay-java: [main]:Preference:checkFeature none
12-16 04:47:47.802 3006 3006 I hpplay-java: [main]:Dispatcher:notifyAllUIControlsStop set: []
12-16 04:47:47.802 3006 3006 I hpplay-java: [main]:Bridge:findServiceID start out: 9978681
12-16 04:47:47.802 3006 3006 I hpplay-java: [main]:Bridge:findServiceID end
12-16 04:47:47.802 3006 4874 W hpplay-java: NanoHTTPDServerRunnable:Communication with the client broken
12-16 04:47:47.802 3006 4874 W hpplay-java: java.net.SocketException: Socket closed
12-16 04:47:47.802 3006 4874 W hpplay-java: at java.net.PlainSocketImpl.socketAccept(PlainSocketImpl.java:213)
12-16 04:47:47.802 3006 4874 W hpplay-java: at java.net.AbstractPlainSocketImpl.accept(AbstractPlainSocketImpl.java:451)
12-16 04:47:47.802 3006 4874 W hpplay-java: at java.net.ServerSocket.implAccept(ServerSocket.java:547)
12-16 04:47:47.802 3006 4874 W hpplay-java: at java.net.ServerSocket.accept(ServerSocket.java:515)
12-16 04:47:47.802 3006 4874 W hpplay-java: at com.hpplay.nanohttpd.protocols.http.ServerRunnable.run(SourceFile:118)
12-16 04:47:47.802 3006 4874 W hpplay-java: at java.lang.Thread.run(Thread.java:920)
12-16 04:47:47.802 3006 3006 I hpplay-java: [main]:ServerTaskManager:onStop retry:true
12-16 04:47:47.803 3006 4874 I hpplay-java: NanoHTTPDNanoHTTPD:server is stoped
12-16 04:47:47.803 3006 3006 I hpplay-java: [main]:ServerTaskManager:cancelTimeOutCheck
12-16 04:47:47.803 3006 4874 I hpplay-java: NanoHTTPDNanoHTTPD:clear obj
12-16 04:47:47.804 3006 3006 I hpplay-java: [main]:IPManager:getActiveNets type: WIFI
12-16 04:47:47.804 3006 3006 I hpplay-java: [main]:IPManager:getActiveNets eth0:false wifi:true mobile:false ap:false
12-16 04:47:47.805 3006 3006 I hpplay-java: [main]:IPManager:getIPAddress IP_WLAN0
12-16 04:47:47.808 3006 3006 I hpplay-java: [main]:IPManager:updateIPAddress getIPAddress: 192.168.4.16 name:vlan4
12-16 04:47:47.809 3006 3006 I hpplay-java: [main]:IPManager:updateIPAddress getIPAddress: 192.168.0.18 name:wlan0
12-16 04:47:47.809 3006 3006 I hpplay-java: [main]:IPManager:updateIPAddress getIPAddress: 192.168.8.16 name:vlan8
12-16 04:47:47.809 3006 3006 I hpplay-java: [main]:IPManager:updateIPAddress getIPAddress: 192.168.11.16 name:vlan11
12-16 04:47:47.809 3006 3006 I hpplay-java: [main]:IPManager:updateIPAddress getIPAddress: 192.168.0.16 name:vlan0
12-16 04:47:47.809 3006 3006 I hpplay-java: [main]:IPManager:updateIPAddress getIPAddress: 192.168.2.16 name:vlan2
12-16 04:47:47.809 3006 3006 I hpplay-java: [main]:IPManager:updateIPAddress getIPAddress: 192.168.1.16 name:vlan1
12-16 04:47:47.810 3006 3006 I hpplay-java: [main]:ServerTaskManager:exeTask startServer
12-16 04:47:47.810 3006 4917 I hpplay-java: [AsyncTask #80]:ServerBusiness:startDaemonBusiness
12-16 04:47:47.810 3006 3006 I hpplay-java: [main]:ServerTaskManager:startTimeOutCheck
12-16 04:47:47.810 3006 4917 I hpplay-java: [AsyncTask #80]:TimeOutCheckUtil:addTask id:upgrade
12-16 04:47:47.811 3006 4917 I hpplay-java: [AsyncTask #80]:TimeOutCheckUtil:addTask id:ijkupgrade
12-16 04:47:47.811 3006 4918 I hpplay-java: [AsyncTask #81]:Bridge:assembleInParameters
12-16 04:47:47.811 3006 4918 I hpplay-java: [AsyncTask #81]:Bridge:createDeviceId deviceId:OTQ6NWE6MmE6NjI6YWU6ZTI=
12-16 04:47:47.812 3006 4919 I hpplay-java: NanoHTTPDNanoHTTPD:server is started
12-16 04:47:47.812 3006 4918 I hpplay-java: [AsyncTask #81]:IPManager:getActiveNets type: WIFI
12-16 04:47:47.812 3006 4918 I hpplay-java: [AsyncTask #81]:IPManager:getActiveNets eth0:false wifi:true mobile:false ap:false
12-16 04:47:47.812 3006 4918 I hpplay-java: [AsyncTask #81]:IPManager:getIPAddress IP_WLAN0
12-16 04:47:47.812 3006 4918 I hpplay-java: [AsyncTask #81]:Preference:checkFeature none
12-16 04:47:47.812 3006 4918 I hpplay-java: [AsyncTask #81]:SWI:dlna tip
12-16 04:47:47.813 3006 4918 I hpplay-java: [AsyncTask #81]:SWI:lefp tip
12-16 04:47:47.813 3006 4918 I hpplay-java: [AsyncTask #81]:Bridge:assembleInParameters none alias name use device name: 高合娱乐副屏
12-16 04:47:47.813 3006 4918 I hpplay-java: [AsyncTask #81]:Feature:isSendAdvertisement
12-16 04:47:47.813 3006 4918 I hpplay-java: [AsyncTask #81]:Preference:checkFeature none
12-16 04:47:47.813 3006 4918 I hpplay-java: [AsyncTask #81]:Preference:checkFeature none
12-16 04:47:47.813 3006 4918 I hpplay-java: [AsyncTask #81]:Bridge:backupHpplayDat bakPath:
12-16 04:47:47.814 3006 4918 I hpplay-java: [AsyncTask #81]:Bridge:path:/data/user/0/com.hht.lebocast/files/hpplay/file/happyplay.dat
12-16 04:47:47.814 3006 4918 I hpplay-java: [AsyncTask #81]:Bridge:mAppId:21409
12-16 04:47:47.814 3006 4918 I hpplay-java: [AsyncTask #81]:Bridge:mode:3
12-16 04:47:47.814 3006 4918 I hpplay-java: [AsyncTask #81]:Bridge:type:1
12-16 04:47:47.814 3006 4918 I hpplay-java: [AsyncTask #81]:Bridge:SN:
12-16 04:47:47.814 3006 4918 I hpplay-java: [AsyncTask #81]:Preference:checkFeature none
12-16 04:47:47.814 3006 4918 I hpplay-java: [AsyncTask #81]:Bridge:backPath:
12-16 04:47:47.814 3006 4918 I hpplay-java: [AsyncTask #81]:DeviceUtil:getPermissionDid: 1
12-16 04:47:47.814 3006 4918 I hpplay-java: [AsyncTask #81]:DeviceUtil:getPermissionDid: 1
12-16 04:47:47.814 3006 4918 I hpplay-java: [AsyncTask #81]:Preference:checkFeature none
12-16 04:47:47.814 3006 4918 I hpplay-java: [AsyncTask #81]:Preference:checkFeature none
12-16 04:47:47.814 3006 4918 I hpplay-java: [AsyncTask #81]:Preference:checkFeature none
12-16 04:47:47.814 3006 4918 I hpplay-java: [AsyncTask #81]:Preference:checkFeature none
12-16 04:47:47.814 3006 4918 I hpplay-java: [AsyncTask #81]:Preference:checkFeature none
12-16 04:47:47.814 3006 4918 I hpplay-java: [AsyncTask #81]:Preference:checkFeature none
12-16 04:47:47.822 3006 4917 W hpplay-java: [AsyncTask #80]:ServerBusiness:startDaemonBusiness start LelinkHTTPD sucess 52288
12-16 04:47:47.830 3006 4918 W hpplay-java: [AsyncTask #81]:DeviceUtils:getDomain create lb domain
12-16 04:47:47.830 3006 4918 I hpplay-java: [AsyncTask #81]:Feature:getMirrorAudioVideoSync DISABLE
12-16 04:47:47.830 3006 4918 I hpplay-java: [AsyncTask #81]:Feature:checkSupportRedirectOtherApp,no set redirect api
12-16 04:47:47.830 3006 4918 I hpplay-java: [AsyncTask #81]:Feature:getRedirectSearchFlag,value: 0
12-16 04:47:47.831 3006 4918 I hpplay-java: [AsyncTask #81]:Bridge:mIn: InParameters{appInfo='0', appKey='21409', authMode=0, authPwd='null', broadcastDirection=0, broadcastState=1, broadcastTimeout=3, buildType='release', cacheAVPath='/data/user/0/com.hht.lebocast/cache/hpplay/av', cachePhotoPath='/data/user/0/com.hht.lebocast/cache/hpplay/image', channel='LEBO-APK--60146-25915', desPath='', , deviceName='高合娱乐副屏', dlna=1, dlnaCompany='null', dlnaCompanyURL='null', dlnaDeviceDescribe='null', dlnaDeviceName='null', dlnaDeviceURL='null', dlnaLelinkSwitch=1, dlnaManufacturer=0, dlnaName='高合娱乐副屏', dlnaUPC='', dlnaUUID='dd2df002-11d4-f267-238c-a56d5449307e', domain='Lebo-figure-c2e24fe8c7bb', drainage=0, feature='6655', fps=60, height=1080, host='null', , keyPath='/data/user/0/com.hht.lebocast/files/hpplay/file', lelinkfp=1, lelinkfp2=0, logBaseState=1, logPath='/storage/emulated/0/com.hht.lebocast/sink/sdk/common', , mdnsEnable=1, mirrorSyncType=0, netCastVer='2.0', packageName='com.hht.lebocast', packagePath='/data/user/0/com.hht.lebocast', permissionDid='c2:e2:4f:e8:c7:bb', permissionMode=3, permissionPreSN='', port=0, preemptMode=0, regType='_leboremote._tcp.', serverPorts=null, sockWaitTimeOut=45, teleControlPort=53388, tunnels=3, txtKeys=null, txtValues=null, uid='-2753298538233435100', videoFrameType=1001, width=1920}com.hpplay.sdk.sink.protocol.InParameters@3664365
12-16 04:47:47.831 3006 3006 I hpplay-java: [main]:Bridge:startServer state: 0
12-16 04:47:47.831 3006 3006 D hpplay-base: [jniBridge:185] not conference version
12-16 04:47:47.831 3006 3006 I hpplay-base: [jniBridge:241] 1initServer nSettingWidth=1920 nSettingHeight=1080 nSettingMaxFPS=60 dlnaEnable=1 lelinkFpEnable=1
12-16 04:47:47.831 3006 3006 D hpplay-base: [jniBridge:283] 1initServer cfg.leLinkIp=192.168.0.18
12-16 04:47:47.831 3006 3006 D hpplay-base: [jniBridge:286] 1initServer cfg.mPermissionMode=3
12-16 04:47:47.831 3006 3006 D hpplay-base: [jniBridge:304] 1initServer cfg.permissionDid=c2:e2:4f:e8:c7:bb000000000000000
12-16 04:47:47.831 3006 3006 D hpplay-base: [jniBridge:313] 1initServer cfg.mPermissionPreSN=00000000000000000000000000000000
12-16 04:47:47.831 3006 3006 D hpplay-base: [jniBridge:317] Bridge___1initServer status:0
12-16 04:47:47.831 3006 3006 I hpplay-base: [jniBridge:325] 1initServer cfg.feature=6655
12-16 04:47:47.831 3006 3006 D hpplay-base: [jniBridge:377] 1initServer isSendBroadCast=3
12-16 04:47:47.831 3006 3006 D hpplay-base: [jniBridge:380] 1initServer broadcastDirection=0
12-16 04:47:47.831 3006 3006 D hpplay-base: [jniBridge:382] 1initServer ipBroadcast direction=0
12-16 04:47:47.831 3006 3006 D hpplay-base: [jniBridge:387] 1initServer tunnel=3
12-16 04:47:47.831 3006 3006 D hpplay-base: [jniBridge:390] 1initServer drainage=0
12-16 04:47:47.831 3006 3006 D hpplay-base: [jniBridge:401] 1initServer mDNSEnable=1
12-16 04:47:47.831 3006 3006 D hpplay-base: [jniBridge:406] 1initServer nSockWaitTimeOut=45
12-16 04:47:47.831 3006 3006 D hpplay-base: [jniBridge:410] 1initServer nMirrorAudioVideoSync=0
12-16 04:47:47.831 3006 3006 I hpplay-base: [sign_check:168] checkSign strPackageName:com.hht.lebocast
12-16 04:47:47.831 3006 3006 I hpplay-base: [sign_check:169] checkSign buildType:release
12-16 04:47:47.831 3006 3006 I hpplay-base: [sign_check:170] checkSign appKey:21409
12-16 04:47:47.832 3006 3006 D hpplay-base: [LelinkBase:405] bridgeInit port: 0, lelinkfp: 0
12-16 04:47:47.832 3006 3006 D hpplay-base: [LelinkBase:462] bridgeInit mPackagePath =/data/user/0/com.hht.lebocast
12-16 04:47:47.832 3006 3006 D hpplay-base: [LelinkBase:463] bridgeInit mKeyPath =/data/user/0/com.hht.lebocast/files/hpplay/file
12-16 04:47:47.832 3006 3006 D hpplay-base: [SinkContext:97] initSinkContext mPackagePath =/data/user/0/com.hht.lebocast
12-16 04:47:47.832 3006 3006 D hpplay-base: [SinkContext:98] initSinkContext mKeyPath =/data/user/0/com.hht.lebocast/files/hpplay/file
12-16 04:47:47.832 3006 3006 D hpplay-base: [jniBridge:478] Java_com_hpplay_sdk_sink_protocol_Bridge__1initServer end
12-16 04:47:47.832 3006 3006 D hpplay-base: [jniBridge:869] Bridge__1startServer status:1
12-16 04:47:47.832 3006 3006 D hpplay-base: [LelinkBase:492] startAllServer at base
12-16 04:47:47.832 3006 3006 D hpplay-base: [lelinkSinkServer:152] httpPlugins_SetServerPort TYPE_SERVER_LELINK:52266
12-16 04:47:47.832 3006 3006 D hpplay-base: [network.c:362] protocol bind host :192.168.0.18 port:52266 curent bind port:52266
12-16 04:47:47.832 3006 3006 D hpplay-base: [lelinkSinkServer:681] HTTP Server real at:52266
12-16 04:47:47.832 3006 4924 D hpplay-base: [lelinkSinkServer:644] Connected Service Type:0
12-16 04:47:47.832 3006 3006 D hpplay-base: [ScreenStream:1285] current bind port:7100
12-16 04:47:47.832 3006 4924 I hpplay-base: : (server.c.315) startServer listen_ing....:
12-16 04:47:47.832 3006 4924 D hpplay-base: [Server:371] startHttpServer srv_sockets.used:1 nCurrentFd:70, tid is 4924
12-16 04:47:47.832 3006 3006 D hpplay-base: [LelinkBase:515] startAllServer pBaseContext->config.dlnaEnable:1
12-16 04:47:47.832 3006 3006 D hpplay-base: [lelinkDlna:324] addDMRCallback end
12-16 04:47:47.832 3006 4925 D hpplay-base: [stream_mirror_compat:759] compat mirror stream begin to run,server fd:71,thread_id:3136934336!!
12-16 04:47:47.834 3006 3006 E hpplay-base-dlna: miniserver.c:788::dlna_port(ipv4: 49152 ipv6:0)
12-16 04:47:47.835 3006 3006 D hpplay-base-dlna: [lebodlna-dlnaframe:166] succeed to load lebodlnaplugin
12-16 04:47:47.835 3006 3006 D hpplay-base-dlna: [lebodlna-dlnaframe:232] Succeed to load specified plugin:lebodlna_plugin
12-16 04:47:47.835 3006 3006 D hpplay-base: [lelinkDlna:328] startDLNAServer ret=0
12-16 04:47:47.835 3006 3006 D hpplay-base: [LelinkBase:531] startDLNAServer ret= 0
12-16 04:47:47.835 3006 3006 D hpplay-base: [lelinkDlna:342] setDMRFriendlyName 高合娱乐副屏
12-16 04:47:47.835 3006 3006 D hpplay-base-dlna: [lebodlna-dlna_android:136] setBroadcastTimeout mBroadcastTimeOut=66 status=3!
12-16 04:47:47.835 3006 3006 D hpplay-base-dlna: [lebodlna_api:32] start DMR
12-16 04:47:47.835 3006 3006 D hpplay-base-dlna: [UpnpDefine:434] RegisterDMRender invalid lelink info
12-16 04:47:47.835 3006 3006 D hpplay-base-dlna: [UpnpDefine:467] DLNA DEFAULT_DESCRIPTION
12-16 04:47:47.836 3006 3006 E hpplay-base-dlna: upnpapi.c:1078::Exiting RegisterRootDevice2 *Hnd =1, return value == 0
12-16 04:47:47.836 3006 3006 D hpplay-base-dlna: [CUpnpDevice:41] Register Root Device 2:0
12-16 04:47:47.836 3006 3006 D hpplay-base-dlna: [UpnpDefine:794] ESDMRender:Register success
12-16 04:47:47.836 3006 3006 D hpplay-base-dlna: [lebodlna_api:41] sendBroadcast mBroadcastTimeOut=3
12-16 04:47:47.836 3006 3006 D hpplay-base-dlna: [lebodlna_api:44] sendBroadcast timeout=66
12-16 04:47:47.892 3006 3006 D hpplay-base: [lelinkDlna:361] startDLNADevice dlnaManufacturer:0 ret=0
12-16 04:47:47.892 3006 3006 D hpplay-base: [LelinkBase:535] lelinkSetDlnaInfo ret= 0
12-16 04:47:47.892 3006 3006 D hpplay-base: [LelinkBase:547] startAllServer pBaseContext->config.mDNSEnable:1
12-16 04:47:47.892 3006 3006 D hpplay-base: [base_mdns:509] mdns net.hostname:
12-16 04:47:47.892 3006 3006 D hpplay-base: [base_mdns:529] mdns namelabel:-00-80-0F-74-31-00
12-16 04:47:47.892 3006 3006 D hpplay-base: [base_mdns:509] mdns net.hostname:
12-16 04:47:47.892 3006 3006 D hpplay-base: [base_mdns:529] mdns namelabel:-00-80-0F-74-31-00
12-16 04:47:47.893 3006 3006 D hpplay-base: [mdns:813] mdns start bind port:0
12-16 04:47:47.894 3006 3006 D hpplay-base: [mdns:813] mdns start bind port:5353
12-16 04:47:47.895 3006 3006 D hpplay-base: [mdns:813] mdns start bind port:5353
12-16 04:47:47.895 3006 3006 D hpplay-base: [mdns:813] mdns start bind port:5353
12-16 04:47:47.895 3006 3006 D hpplay-base: [mdns:813] mdns start bind port:5353
12-16 04:47:47.895 3006 3006 D hpplay-base: [mdns:813] mdns start bind port:5353
12-16 04:47:47.895 3006 3006 D hpplay-base: [mdns:813] mdns start bind port:5353
12-16 04:47:47.896 3006 3006 D hpplay-base: [mdns:813] mdns start bind port:5353
12-16 04:47:47.896 3006 3006 I hpplay-base: [mDNSEmbeded:57] embedded_mDNSInit stopmDNSNow:0 status:0
12-16 04:47:47.896 3006 3006 D hpplay-base: [mDNSEmbeded:436] startmDNSServer end nRet=0
12-16 04:47:47.896 3006 3006 D hpplay-base: [LelinkBase:555] lelink broadcast_on_off:1 log2java_on_off:1
12-16 04:47:47.897 3006 3006 D hpplay-base: [AEventUtils:595] request to start event handle service!!
12-16 04:47:47.897 3006 3006 D hpplay-base: [AEventUtils:603] start_event_handle_service,begin to run!!
12-16 04:47:47.897 3006 4940 I hpplay-base: [mDNSEmbeded:268] start lelink publish server, tid is 4940
12-16 04:47:47.897 3006 3006 D hpplay-base: [REventUtils:210] start_event_handle_service,begin to run!!
12-16 04:47:47.897 3006 3006 D hpplay-base: [LelinkBase:576] startAllServer success .
12-16 04:47:47.898 3006 3006 D hpplay-base: [jniBridge:894] startDlna_link:http://192.168.0.18:49152/description.xml
12-16 04:47:47.898 3006 4943 D hpplay-base: [REventUtils:59] create handleREventThread thread ok!!,tid is 4943
12-16 04:47:47.898 3006 4942 D hpplay-base: [AEventUtils:171] create handle AEvent thread ok!!,tid is 4942
12-16 04:47:47.898 3006 4941 D hpplay-base: [mDNSEmbeded:197] http_port bind check 197 http_port_check
12-16 04:47:47.898 3006 4944 D hpplay-base: [jniBridge:1081] notifyJavaDlnalink:http://192.168.0.18:49152/description.xml
12-16 04:47:47.898 3006 4944 D hpplay-base: [jniBridge:1726] notifyJava, what:207, castType:0, mimeType:0 baseStatus:2
12-16 04:47:47.898 3006 4944 D hpplay-base: [jniBridge:1727] notifyJava sessionID:(null)
12-16 04:47:47.899 3006 4939 D hpplay-base: [LelinkMDNS:729] leboAuthorizationCheck strUuid=c2:e2:4f:e8:c7:bb000000000000000
12-16 04:47:47.899 3006 4939 D hpplay-base: [LelinkMDNS:730] leboAuthorizationCheck mPermissionDid=c2:e2:4f:e8:c7:bb000000000000000
12-16 04:47:47.899 3006 4939 D hpplay-base: [LelinkMDNS:755] leboAuthorizationCheck mPermissionMac=c2:e2:4f:e8:c7:bb000000000000000
12-16 04:47:47.899 3006 4941 D hpplay-base: [mDNSEmbeded:217] http_port bind check 217 http_port_check
12-16 04:47:47.899 3006 4941 D hpplay-base: [mDNSEmbeded:222] http_port bind check 222 http_port_check
12-16 04:47:47.899 3006 4944 I hpplay-java: [Thread-51]:Bridge:notify: what: 207
12-16 04:47:47.901 3006 4944 I hpplay-java: [Thread-51]:Bridge:notify: out: OutParameters:{audioSessionId=-1, audiotrackIndex=0, castHandleType=-1, castType=0, deviceName='http://192.168.0.18:49152/description.xml', dlnaName='', dramaID='', extra=0, frameHandleType=-1, handleInside=true, headduration=0, header='', headers=null, isAD=false, isMultiMirror=false, lelinkVer='', limitTime=0, , mediaAlbum='null', mediaAlbumArtURI='', mediaArtist='null', mediaAssets='', mediaTitle='null', mimeType=0, multiSession=null, period=0, pinCode='', playSpeed=0.0, playerChoice=0, plugin=0, port=0, position=0.0, positionUnit=2, protocol=0, realSessionID='', regType='', , sinkIp='', sourceAPPVersion='', sourceChannel='', sourceClientInfo='', sourceDeviceInfo='', sourceDeviceModel='', sourceDeviceName='', sourceDeviceType=0, sourceHID='', , sourceInfo='', , , sourceOSVersion='', sourceSDKVersion='', sourceUid='', stopDetail=0, stopReason=0, tailduration=0, url='', urlID='', urls=null, userAgent='', videoDecoder=0, volume=0, what=207}com.hpplay.sdk.sink.protocol.OutParameters@1dd19e2
12-16 04:47:47.901 3006 4944 I hpplay-java: [Thread-51]:Bridge:notify: address:265490803
12-16 04:47:47.902 3006 4941 D hpplay-base: [mDNSEmbeded:234] http_port bind check 234 http_port_check port:52266
12-16 04:47:47.902 3006 4941 D hpplay-base: [mDNSEmbeded:237] http_port bind check 237 http_port_check
12-16 04:47:47.902 664 676 I mpu_uart: [MSG-P:RECV]:No message received in 1000 ms
12-16 04:47:47.902 3006 4946 D hpplay-base: [lelinkSinkServer:93] new client connection from 127.0.0.1 36510, fd=119
12-16 04:47:47.903 3006 4946 D hpplay-base: [SinkContext:137] addSinkContextSession,begin to run!!
12-16 04:47:47.903 3006 4946 D hpplay-base: [SinkContext:142] addSinkContextSession,begin to get lock!!
12-16 04:47:47.903 3006 4946 D hpplay-base: [SinkContext:144] addSinkContextSession,get lock ok!!
12-16 04:47:47.903 3006 4946 D hpplay-base: [SinkContext:149] addSinkContextSession,session list is null,begin to malloc!!
12-16 04:47:47.903 3006 4946 D hpplay-base: [SinkContext:156] addSinkContextSession,begin to update!!
12-16 04:47:47.903 3006 4946 D hpplay-base: [SinkContext:160] addSinkContextSession,begin to update header!!
12-16 04:47:47.903 3006 4946 D hpplay-base: [SinkContext:172] addSinkContextSession,begin to unlock!!
12-16 04:47:47.903 3006 4946 D hpplay-base: [SinkContext:174] addSinkContextSession,unlock ok!!
12-16 04:47:47.903 3006 4946 D hpplay-base: [LelinkReceiver:4908] get ping !!!
12-16 04:47:47.903 3006 4941 D hpplay-base: [mDNSEmbeded:240] http_port bind check 240 http_port_check recieved:64
12-16 04:47:47.903 3006 4941 D hpplay-base: [mDNSEmbeded:243] http_port bind check 243 http_port_check
12-16 04:47:47.903 3006 4941 D hpplay-base: [mDNSEmbeded:244] http_port bind check ok!
12-16 04:47:48.104 3006 4946 I hpplay-base: [LelinkReceiver:14605] _connectionFinalize (119)
12-16 04:47:48.104 3006 4946 D hpplay-base: [LelinkReceiver:14752] ###connectionFinalize,release ok!!###
12-16 04:47:48.143 0 0 W swapper/0: type=1400 audit(0.0:691): avc: denied { kill } for capability=5 scontext=u:r:kernel:s0 tcontext=u:r:kernel:s0 tclass=capability permissive=0
01-01 09:00:50.211 0 0 D : mv2112_read_status
01-01 09:00:50.211 0 0 D mv2112_update_link: 3.0x901(1G): 0x80
01-01 09:00:50.211 0 0 D mv2112_update_link: 3.0x8109(100M): 0x8
01-01 09:00:50.211 0 0 D mv2112_update_link: link 0x0
01-01 09:00:50.211 0 0 D mv2112_read_status: autoneg is disabled
12-16 04:47:48.842 3006 4869 W hpplay-java: [AsyncTask #72]:HttpRequest:
12-16 04:47:48.844 3006 4869 W hpplay-java: [AsyncTask #72]:HttpRequest:
12-16 04:47:48.846 3006 4869 W hpplay-java: [AsyncTask #72]:HttpRequest:
12-16 04:47:48.902 664 676 I mpu_uart: [MSG-P:RECV]:No message received in 1000 ms
12-16 04:47:49.039 664 675 I mpu_uart: [MSG-P:R]:recv sync frame timeout
12-16 04:47:49.143 0 0 W swapper/3: type=1400 audit(0.0:692): avc: denied { kill } for capability=5 scontext=u:r:kernel:s0 tcontext=u:r:kernel:s0 tclass=capability permissive=0
01-01 09:00:51.235 0 0 D : mv2112_read_status
01-01 09:00:51.235 0 0 D mv2112_update_link: 3.0x901(1G): 0x80
01-01 09:00:51.235 0 0 D mv2112_update_link: 3.0x8109(100M): 0x8
01-01 09:00:51.236 0 0 D mv2112_update_link: link 0x0
01-01 09:00:51.236 0 0 D mv2112_read_status: autoneg is disabled
12-16 04:47:49.902 664 676 I mpu_uart: [MSG-P:RECV]:No message received in 1000 ms
12-16 04:47:50.143 0 0 W swapper/3: type=1400 audit(0.0:693): avc: denied { kill } for capability=5 scontext=u:r:kernel:s0 tcontext=u:r:kernel:s0 tclass=capability permissive=0
01-01 09:00:52.259 0 0 D : mv2112_read_status
01-01 09:00:52.259 0 0 D mv2112_update_link: 3.0x901(1G): 0x80
01-01 09:00:52.259 0 0 D mv2112_update_link: 3.0x8109(100M): 0x8
01-01 09:00:52.259 0 0 D mv2112_update_link: link 0x0
01-01 09:00:52.259 0 0 D mv2112_read_status: autoneg is disabled
12-16 04:47:50.903 664 676 I mpu_uart: [MSG-P:RECV]:No message received in 1000 ms
12-16 04:47:51.143 0 0 W swapper/3: type=1400 audit(0.0:694): avc: denied { kill } for capability=5 scontext=u:r:kernel:s0 tcontext=u:r:kernel:s0 tclass=capability permissive=0
01-01 09:00:53.283 0 0 D : mv2112_read_status
01-01 09:00:53.283 0 0 D mv2112_update_link: 3.0x901(1G): 0x80
01-01 09:00:53.283 0 0 D mv2112_update_link: 3.0x8109(100M): 0x8
01-01 09:00:53.283 0 0 D mv2112_update_link: link 0x0
01-01 09:00:53.283 0 0 D mv2112_read_status: autoneg is disabled
12-16 04:47:51.903 664 676 I mpu_uart: [MSG-P:RECV]:No message received in 1000 ms
12-16 04:47:52.042 664 675 I mpu_uart: [MSG-P:R]:recv sync frame timeout
12-16 04:47:52.143 0 0 W swapper/3: type=1400 audit(0.0:695): avc: denied { kill } for capability=5 scontext=u:r:kernel:s0 tcontext=u:r:kernel:s0 tclass=capability permissive=0
01-01 09:00:54.307 0 0 D : mv2112_read_status
01-01 09:00:54.307 0 0 D mv2112_update_link: 3.0x901(1G): 0x80
01-01 09:00:54.308 0 0 D mv2112_update_link: 3.0x8109(100M): 0x8
01-01 09:00:54.308 0 0 D mv2112_update_link: link 0x0
01-01 09:00:54.308 0 0 D mv2112_read_status: autoneg is disabled
12-16 04:47:52.825 3006 3006 I hpplay-java: [main]:ServiceUpdater:upLoadServiceInfo invalid deviceCode:, port:53388
12-16 04:47:52.904 664 676 I mpu_uart: [MSG-P:RECV]:No message received in 1000 ms
12-16 04:47:53.143 0 0 W swapper/3: type=1400 audit(0.0:696): avc: denied { kill } for capability=5 scontext=u:r:kernel:s0 tcontext=u:r:kernel:s0 tclass=capability permissive=0
01-01 09:00:55.331 0 0 D : mv2112_read_status
01-01 09:00:55.331 0 0 D mv2112_update_link: 3.0x901(1G): 0x80
01-01 09:00:55.331 0 0 D mv2112_update_link: 3.0x8109(100M): 0x8
01-01 09:00:55.331 0 0 D mv2112_update_link: link 0x0
01-01 09:00:55.331 0 0 D mv2112_read_status: autoneg is disabled
12-16 04:47:53.904 664 676 I mpu_uart: [MSG-P:RECV]:No message received in 1000 ms
12-16 04:47:54.143 0 0 W swapper/3: type=1400 audit(0.0:697): avc: denied { kill } for capability=5 scontext=u:r:kernel:s0 tcontext=u:r:kernel:s0 tclass=capability permissive=0
01-01 09:00:56.355 0 0 D : mv2112_read_status
01-01 09:00:56.355 0 0 D mv2112_update_link: 3.0x901(1G): 0x80
01-01 09:00:56.355 0 0 D mv2112_update_link: 3.0x8109(100M): 0x8
01-01 09:00:56.355 0 0 D mv2112_update_link: link 0x0
01-01 09:00:56.355 0 0 D mv2112_read_status: autoneg is disabled
12-16 04:47:54.904 664 676 I mpu_uart: [MSG-P:RECV]:No message received in 1000 ms
12-16 04:47:55.045 664 675 I mpu_uart: [MSG-P:R]:recv sync frame timeout
12-16 04:47:55.143 0 0 W swapper/3: type=1400 audit(0.0:698): avc: denied { kill } for capability=5 scontext=u:r:kernel:s0 tcontext=u:r:kernel:s0 tclass=capability permissive=0
01-01 09:00:57.379 0 0 D : mv2112_read_status
01-01 09:00:57.379 0 0 D mv2112_update_link: 3.0x901(1G): 0x80
01-01 09:00:57.379 0 0 D mv2112_update_link: 3.0x8109(100M): 0x8
01-01 09:00:57.379 0 0 D mv2112_update_link: link 0x0
01-01 09:00:57.379 0 0 D mv2112_read_status: autoneg is disabled
12-16 04:47:55.905 664 676 I mpu_uart: [MSG-P:RECV]:No message received in 1000 ms
12-16 04:47:56.143 0 0 W swapper/3: type=1400 audit(0.0:699): avc: denied { kill } for capability=5 scontext=u:r:kernel:s0 tcontext=u:r:kernel:s0 tclass=capability permissive=0
01-01 09:00:58.403 0 0 D : mv2112_read_status
01-01 09:00:58.403 0 0 D mv2112_update_link: 3.0x901(1G): 0x80
01-01 09:00:58.404 0 0 D mv2112_update_link: 3.0x8109(100M): 0x8
01-01 09:00:58.404 0 0 D mv2112_update_link: link 0x0
01-01 09:00:58.404 0 0 D mv2112_read_status: autoneg is disabled
12-16 04:47:56.905 664 676 I mpu_uart: [MSG-P:RECV]:No message received in 1000 ms
12-16 04:47:57.055 4585 4585 I ScreenSaver_12: [PeriodicCallbackModel] Executing periodic callback for MINUTE because the period ended
01-01 09:00:59.427 0 0 D : mv2112_read_status
01-01 09:00:59.427 0 0 D mv2112_update_link: 3.0x901(1G): 0x80
01-01 09:00:59.427 0 0 D mv2112_update_link: 3.0x8109(100M): 0x8
01-01 09:00:59.427 0 0 D mv2112_update_link: link 0x0
01-01 09:00:59.427 0 0 D mv2112_read_status: autoneg is disabled
12-16 04:47:57.812 3006 3006 I hpplay-java: [main]:Upgrade:upgrade not be allowed
12-16 04:47:57.834 3006 3006 I hpplay-java: [main]:ServerBusiness:get deviceCode:
12-16 04:47:57.834 3006 3006 W hpplay-java: [main]:ServerBusiness:startDeviceService ignore,invalid deviceCode
12-16 04:47:57.905 664 676 I mpu_uart: [MSG-P:RECV]:No message received in 1000 ms
12-16 04:47:58.045 664 675 I mpu_uart: [MSG-P:R]:recv sync frame timeout
12-16 04:47:58.143 0 0 W swapper/3: type=1400 audit(0.0:700): avc: denied { kill } for capability=5 scontext=u:r:kernel:s0 tcontext=u:r:kernel:s0 tclass=capability permissive=0
01-01 09:01:00.451 0 0 D : mv2112_read_status
01-01 09:01:00.451 0 0 D mv2112_update_link: 3.0x901(1G): 0x80
01-01 09:01:00.451 0 0 D mv2112_update_link: 3.0x8109(100M): 0x8
01-01 09:01:00.451 0 0 D mv2112_update_link: link 0x0
01-01 09:01:00.451 0 0 D mv2112_read_status: autoneg is disabled
12-16 04:47:58.906 664 676 I mpu_uart: [MSG-P:RECV]:No message received in 1000 ms
12-16 04:47:59.143 0 0 W swapper/0: type=1400 audit(0.0:701): avc: denied { kill } for capability=5 scontext=u:r:kernel:s0 tcontext=u:r:kernel:s0 tclass=capability permissive=0
01-01 09:01:01.475 0 0 D : mv2112_read_status
01-01 09:01:01.475 0 0 D mv2112_update_link: 3.0x901(1G): 0x80
01-01 09:01:01.475 0 0 D mv2112_update_link: 3.0x8109(100M): 0x8
01-01 09:01:01.475 0 0 D mv2112_update_link: link 0x0
01-01 09:01:01.475 0 0 D mv2112_read_status: autoneg is disabled
12-16 04:47:59.907 664 676 I mpu_uart: [MSG-P:RECV]:No message received in 1000 ms
12-16 04:48:00.008 2100 2100 D KeyguardUpdateMonitor: received broadcast android.intent.action.TIME_TICK
12-16 04:48:00.009 2100 2100 D KeyguardUpdateMonitor: handleTimeUpdate
12-16 04:48:00.143 0 0 W swapper/0: type=1400 audit(0.0:702): avc: denied { kill } for capability=5 scontext=u:r:kernel:s0 tcontext=u:r:kernel:s0 tclass=capability permissive=0
01-01 09:01:02.499 0 0 D : mv2112_read_status
01-01 09:01:02.499 0 0 D mv2112_update_link: 3.0x901(1G): 0x80
01-01 09:01:02.499 0 0 D mv2112_update_link: 3.0x8109(100M): 0x8
01-01 09:01:02.499 0 0 D mv2112_update_link: link 0x0
01-01 09:01:02.499 0 0 D mv2112_read_status: autoneg is disabled
12-16 04:48:00.907 664 676 I mpu_uart: [MSG-P:RECV]:No message received in 1000 ms
12-16 04:48:01.049 664 675 I mpu_uart: [MSG-P:R]:recv sync frame timeout
12-16 04:48:01.143 0 0 W swapper/0: type=1400 audit(0.0:703): avc: denied { kill } for capability=5 scontext=u:r:kernel:s0 tcontext=u:r:kernel:s0 tclass=capability permissive=0
01-01 09:01:03.533 0 0 D : mv2112_read_status
01-01 09:01:03.533 0 0 D mv2112_update_link: 3.0x901(1G): 0x80
01-01 09:01:03.533 0 0 D mv2112_update_link: 3.0x8109(100M): 0x8
01-01 09:01:03.533 0 0 D mv2112_update_link: link 0x0
01-01 09:01:03.533 0 0 D mv2112_read_status: autoneg is disabled
12-16 04:48:01.911 664 676 I mpu_uart: [MSG-P:RECV]:No message received in 1000 ms
12-16 04:48:02.143 0 0 W swapper/0: type=1400 audit(0.0:704): avc: denied { kill } for capability=5 scontext=u:r:kernel:s0 tcontext=u:r:kernel:s0 tclass=capability permissive=0
01-01 09:01:04.552 0 0 D : mv2112_read_status
01-01 09:01:04.552 0 0 D mv2112_update_link: 3.0x901(1G): 0x80
01-01 09:01:04.553 0 0 D mv2112_update_link: 3.0x8109(100M): 0x8
01-01 09:01:04.553 0 0 D mv2112_update_link: link 0x0
01-01 09:01:04.553 0 0 D mv2112_read_status: autoneg is disabled
12-16 04:48:02.814 3006 3006 I hpplay-java: [main]:ServerTaskManager:task run out of time
12-16 04:48:02.814 3006 3006 I hpplay-java: [main]:ServerTaskManager:cancelTimeOutCheck
12-16 04:48:02.814 3006 3006 I hpplay-java: [main]:ServerTaskManager:exeTask ignore, reason: TaskList is clear
12-16 04:48:02.913 664 676 I mpu_uart: [MSG-P:RECV]:No message received in 1000 ms
12-16 04:48:03.026 3006 4939 D hpplay-base: [LelinkMDNS:766] devicePermissionPublic leboPermissionCheck:-2
12-16 04:48:03.027 3006 4939 D hpplay-base: [jniBridge:1125] com_hpplay_sdk_sink_protocol_Bridge_WHAT_SERVER_ERROR
12-16 04:48:03.027 3006 4939 D hpplay-base: [jniBridge:1726] notifyJava, what:204, castType:0, mimeType:0 baseStatus:2
12-16 04:48:03.027 3006 4939 D hpplay-base: [jniBridge:1727] notifyJava sessionID:(null)
12-16 04:48:03.028 3006 4939 I hpplay-java: [Thread-52]:Bridge:notify: what: 204
12-16 04:48:03.036 3006 4939 I hpplay-java: [Thread-52]:Bridge:notify: out: OutParameters:{audioSessionId=-1, audiotrackIndex=0, castHandleType=-1, castType=0, deviceName='', dlnaName='', dramaID='', extra=-2002, frameHandleType=-1, handleInside=true, headduration=0, header='', headers=null, isAD=false, isMultiMirror=false, lelinkVer='', limitTime=0, , mediaAlbum='null', mediaAlbumArtURI='', mediaArtist='null', mediaAssets='', mediaTitle='null', mimeType=0, multiSession=null, period=0, pinCode='', playSpeed=0.0, playerChoice=0, plugin=0, port=0, position=0.0, positionUnit=2, protocol=0, realSessionID='', regType='', , sinkIp='', sourceAPPVersion='', sourceChannel='', sourceClientInfo='', sourceDeviceInfo='', sourceDeviceModel='', sourceDeviceName='', sourceDeviceType=0, sourceHID='', , sourceInfo='', , , sourceOSVersion='', sourceSDKVersion='', sourceUid='', stopDetail=0, stopReason=0, tailduration=0, url='', urlID='', urls=null, userAgent='', videoDecoder=0, volume=0, what=204}com.hpplay.sdk.sink.protocol.OutParameters@d36f22e
12-16 04:48:03.037 3006 4939 I hpplay-java: [Thread-52]:Bridge:notify: address:197349839
12-16 04:48:03.037 3006 4939 I hpplay-base: [mDNSEmbeded:79] embedded_mDNSLoop stopmDNSNow:0 nPublish:-2 nExitFlag:6 tid is 4939
12-16 04:48:03.037 3006 3006 I hpplay-java: [main]:Bridge:findServiceID start out: 197349839
12-16 04:48:03.037 3006 3006 I hpplay-java: [main]:Bridge:findServiceID end
12-16 04:48:03.037 3006 3006 E hpplay-java: [main]:ServerTaskManager:onError 204/-2002 com.hht.lebocast.LelinkHelper$e@e24427e
12-16 04:48:03.037 3006 3006 I hpplay-java: [main]:ServerTaskManager:cancelTimeOutCheck
12-16 04:48:03.039 3006 3006 W hpplay-java: [main]:ServerTaskManager:onErrorDispatcher errorCode:-2002
12-16 04:48:03.039 3006 3006 I hpplay-java: [main]:ServerTaskManager:onError retry later
12-16 04:48:03.143 0 0 W swapper/0: type=1400 audit(0.0:705): avc: denied { kill } for capability=5 scontext=u:r:kernel:s0 tcontext=u:r:kernel:s0 tclass=capability permissive=0
01-01 09:01:05.571 0 0 D : mv2112_read_status
01-01 09:01:05.571 0 0 D mv2112_update_link: 3.0x901(1G): 0x80
01-01 09:01:05.571 0 0 D mv2112_update_link: 3.0x8109(100M): 0x8
01-01 09:01:05.571 0 0 D mv2112_update_link: link 0x0
01-01 09:01:05.571 0 0 D mv2112_read_status: autoneg is disabled
12-16 04:48:03.913 664 676 I mpu_uart: [MSG-P:RECV]:No message received in 1000 ms
12-16 04:48:04.052 664 675 I mpu_uart: [MSG-P:R]:recv sync frame timeout
12-16 04:48:04.112 3006 4908 W hpplay-java: [AsyncTask #76]:HttpRequest:
12-16 04:48:04.114 3006 4908 W hpplay-java: [AsyncTask #76]:HttpRequest:
12-16 04:48:04.116 3006 4908 W hpplay-java: [AsyncTask #76]:HttpRequest:
12-16 04:48:04.143 0 0 W swapper/0: type=1400 audit(0.0:706): avc: denied { kill } for capability=5 scontext=u:r:kernel:s0 tcontext=u:r:kernel:s0 tclass=capability permissive=0
01-01 09:01:06.595 0 0 D : mv2112_read_status
01-01 09:01:06.595 0 0 D mv2112_update_link: 3.0x901(1G): 0x80
01-01 09:01:06.595 0 0 D mv2112_update_link: 3.0x8109(100M): 0x8
01-01 09:01:06.595 0 0 D mv2112_update_link: link 0x0
01-01 09:01:06.595 0 0 D mv2112_read_status: autoneg is disabled
12-16 04:48:04.914 664 676 I mpu_uart: [MSG-P:RECV]:No message received in 1000 ms
12-16 04:48:05.143 0 0 W swapper/3: type=1400 audit(0.0:707): avc: denied { kill } for capability=5 scontext=u:r:kernel:s0 tcontext=u:r:kernel:s0 tclass=capability permissive=0
01-01 09:01:07.619 0 0 D : mv2112_read_status
01-01 09:01:07.619 0 0 D mv2112_update_link: 3.0x901(1G): 0x80
01-01 09:01:07.619 0 0 D mv2112_update_link: 3.0x8109(100M): 0x8
01-01 09:01:07.619 0 0 D mv2112_update_link: link 0x0
01-01 09:01:07.619 0 0 D mv2112_read_status: autoneg is disabled
12-16 04:48:05.914 664 676 I mpu_uart: [MSG-P:RECV]:No message received in 1000 ms
12-16 04:48:06.042 3006 3006 I hpplay-java: [main]:ServerTaskManager:restart by error
12-16 04:48:06.042 3006 3006 I hpplay-java: [main]:ServerTaskManager:startServer
12-16 04:48:06.042 3006 3006 I hpplay-java: [main]:ServerTaskManager:startServer add, reason: server is starting or running
12-16 04:48:06.043 3006 3006 I hpplay-java: [main]:ServerTaskManager:addStopTask
12-16 04:48:06.043 3006 3006 I hpplay-java: [main]:ServerTaskManager:addStartTask
12-16 04:48:06.043 3006 3006 I hpplay-java: [main]:ServerTaskManager:exeTask stopServer
12-16 04:48:06.043 3006 3006 I hpplay-java: [main]:Bridge:stopServer keepPush: false
12-16 04:48:06.043 3006 3006 D hpplay-base: [jniBridge:909] Bridge__1stopServer status:2
12-16 04:48:06.046 3006 3006 D hpplay-base: [LelinkBase:654] stopAllServer will start thread!
12-16 04:48:06.046 3006 4942 D hpplay-base: [AEventUtils:588] handle AEvent thread end!!,tid is 4942
12-16 04:48:06.047 3006 4943 D hpplay-base: [REventUtils:197] handleREventThread thread end!!,tid is 4943
12-16 04:48:06.047 3006 4957 I hpplay-base: [mDNSEmbeded:65] embedded_mDNSExit call
12-16 04:48:06.093 3006 4925 D hpplay-base: [stream_mirror_compat:1284] mirror stream begin to exit,server fd:71,thread_id:3136934336!!
12-16 04:48:06.093 3006 4925 D hpplay-base: [stream_mirror_compat:1323] ##screen stream exit successfully!!##
12-16 04:48:06.138 3006 4924 D hpplay-base: [Server:447] startHttpServer will END srv->serverType:0
12-16 04:48:06.139 3006 4924 D hpplay-base: [Server:646] startHttpServer cond srv_shutdown:1 connectNummber:0
12-16 04:48:06.139 3006 4924 D hpplay-base: [Server:669] startHttpServer wait cond END. srv_shutdown:1 connectNummber:0
12-16 04:48:06.139 3006 4924 D hpplay-base: [Server:457] HttpServer END, tid is 4924
12-16 04:48:06.143 0 0 W swapper/3: type=1400 audit(0.0:708): avc: denied { kill } for capability=5 scontext=u:r:kernel:s0 tcontext=u:r:kernel:s0 tclass=capability permissive=0
12-16 04:48:06.367 3006 4939 I hpplay-base: [mDNSEmbeded:140] embedded_mDNSLoop Exiting end,tid is 4939
12-16 04:48:06.368 3006 4957 D hpplay-base: [mDNSEmbeded:452] stopmDNSServer end stopmDNSNow=2, nRet=0
12-16 04:48:06.610 3006 4940 I hpplay-base: [mDNSEmbeded:376] end lelink publish server, tid is 4940
12-16 04:48:06.610 3006 4957 D hpplay-base: [mDNSEmbeded:420] stopmLelinkServer end nRet=0
12-16 04:48:06.610 3006 4957 D hpplay-base: [LelinkBase:615] lebodlna stopServerThreadFunc dlnaEnable:1
12-16 04:48:06.611 3006 4957 D hpplay-base-dlna: [lebodlna_api:49] stop DMR
12-16 04:48:06.611 3006 4957 D hpplay-base-dlna: [lebodlna_api:344] m_pRender Release
12-16 04:48:06.666 3006 4957 D hpplay-base-dlna: [UpnpDefine:867] DMRender release success
12-16 04:48:06.667 3006 4957 D hpplay-base-dlna: [lebodlna_api:352] m_pAVT Release
12-16 04:48:06.667 3006 4957 D hpplay-base-dlna: [lebodlna_api:360] m_pRCS Release
12-16 04:48:06.667 3006 4957 D hpplay-base-dlna: [lebodlna_api:365] dmrender destroydmr
01-01 09:01:08.643 0 0 D : mv2112_read_status
01-01 09:01:08.643 0 0 D mv2112_update_link: 3.0x901(1G): 0x80
01-01 09:01:08.644 0 0 D mv2112_update_link: 3.0x8109(100M): 0x8
01-01 09:01:08.644 0 0 D mv2112_update_link: link 0x0
01-01 09:01:08.644 0 0 D mv2112_read_status: autoneg is disabled
12-16 04:48:06.915 664 676 I mpu_uart: [MSG-P:RECV]:No message received in 1000 ms
12-16 04:48:06.967 3006 4957 D hpplay-base-dlna: [lebodlna-dlna_android:186] stopDLNA
12-16 04:48:06.967 3006 4957 D hpplay-base-dlna: [lebodlna-dlna_android:189] dlnaservice destroy
12-16 04:48:06.967 3006 4957 D hpplay-base-dlna: [lebodlna-dlna_android:49] dlnaservice Destroy 49 int CDlnaService::Destroy()
12-16 04:48:06.967 3006 4957 D hpplay-base-dlna: [lebodlna-dlnaframe:245] dlnaservice Destroy 245 static ERROR_TYPE IDlnaFrame::DestroyDlnaFrame(IDlnaFrame *)
12-16 04:48:06.967 3006 4957 D hpplay-base-dlna: [lebodlna-dlnaframe:179] dlnaservice Destroy 179 virtual void CDlnaFrame::Release()
12-16 04:48:06.967 3006 4957 D hpplay-base-dlna: [lebodlna-dlnaframe:190] dlnaservice Destroy 190 virtual void CDlnaFrame::Release()
12-16 04:48:06.967 3006 4957 D hpplay-base-dlna: [lebodlna-dlnaframe:192] dlnaservice Destroy 192 virtual void CDlnaFrame::Release()
12-16 04:48:06.967 3006 4957 D hpplay-base-dlna: [lebodlna-dlnaframe:247] dlnaservice Destroy 247 static ERROR_TYPE IDlnaFrame::DestroyDlnaFrame(IDlnaFrame *)
12-16 04:48:06.967 3006 4957 D hpplay-base-dlna: [lebodlna-dlnaframe:251] dlnaservice Destroy 251 static ERROR_TYPE IDlnaFrame::DestroyDlnaFrame(IDlnaFrame *)
12-16 04:48:06.969 3006 4957 E hpplay-base-dlna: upnpapi.c:655::before gminiserver ThreadPoolShutdown
12-16 04:48:06.970 3006 4957 E hpplay-base-dlna: ThreadPool.c:1047::on ThreadPoolShutdown tp->totalThreads:2
12-16 04:48:06.970 3006 4957 E hpplay-base-dlna: ThreadPool.c:1047::on ThreadPoolShutdown tp->totalThreads:1
12-16 04:48:06.970 3006 4957 E hpplay-base-dlna: ThreadPool.c:1056::after ThreadPoolShutdown
12-16 04:48:06.970 3006 4957 E hpplay-base-dlna: ThreadPool.c:1057::ThreadPoolShutdown tp->totalThreads:0
12-16 04:48:06.970 3006 4957 E hpplay-base-dlna: upnpapi.c:657::after gminiserver ThreadPoolShutdown
12-16 04:48:06.971 3006 4957 E hpplay-base-dlna: upnpapi.c:659::before grecv ThreadPoolShutdown
12-16 04:48:06.971 3006 4957 E hpplay-base-dlna: ThreadPool.c:1047::on ThreadPoolShutdown tp->totalThreads:12
12-16 04:48:06.972 3006 4957 E hpplay-base-dlna: ThreadPool.c:1047::on ThreadPoolShutdown tp->totalThreads:11
12-16 04:48:06.972 3006 4957 E hpplay-base-dlna: ThreadPool.c:1047::on ThreadPoolShutdown tp->totalThreads:10
12-16 04:48:06.972 3006 4957 E hpplay-base-dlna: ThreadPool.c:1047::on ThreadPoolShutdown tp->totalThreads:9
12-16 04:48:06.972 3006 4957 E hpplay-base-dlna: ThreadPool.c:1047::on ThreadPoolShutdown tp->totalThreads:8
12-16 04:48:06.973 3006 4957 E hpplay-base-dlna: ThreadPool.c:1047::on ThreadPoolShutdown tp->totalThreads:7
12-16 04:48:06.973 3006 4957 E hpplay-base-dlna: ThreadPool.c:1047::on ThreadPoolShutdown tp->totalThreads:6
12-16 04:48:06.973 3006 4957 E hpplay-base-dlna: ThreadPool.c:1047::on ThreadPoolShutdown tp->totalThreads:5
12-16 04:48:06.974 3006 4957 E hpplay-base-dlna: ThreadPool.c:1047::on ThreadPoolShutdown tp->totalThreads:4
12-16 04:48:06.974 3006 4957 E hpplay-base-dlna: ThreadPool.c:1047::on ThreadPoolShutdown tp->totalThreads:3
12-16 04:48:06.974 3006 4957 E hpplay-base-dlna: ThreadPool.c:1047::on ThreadPoolShutdown tp->totalThreads:2
12-16 04:48:06.974 3006 4957 E hpplay-base-dlna: ThreadPool.c:1047::on ThreadPoolShutdown tp->totalThreads:1
12-16 04:48:06.974 3006 4957 E hpplay-base-dlna: ThreadPool.c:1056::after ThreadPoolShutdown
12-16 04:48:06.975 3006 4957 E hpplay-base-dlna: ThreadPool.c:1057::ThreadPoolShutdown tp->totalThreads:0
12-16 04:48:06.975 3006 4957 E hpplay-base-dlna: upnpapi.c:661::after grecv ThreadPoolShutdown
12-16 04:48:06.975 3006 4957 E hpplay-base-dlna: upnpapi.c:663::before gsend ThreadPoolShutdown
12-16 04:48:06.975 3006 4957 E hpplay-base-dlna: ThreadPool.c:1047::on ThreadPoolShutdown tp->totalThreads:2
12-16 04:48:06.975 3006 4957 E hpplay-base-dlna: ThreadPool.c:1047::on ThreadPoolShutdown tp->totalThreads:1
12-16 04:48:06.976 3006 4957 E hpplay-base-dlna: ThreadPool.c:1056::after ThreadPoolShutdown
12-16 04:48:06.976 3006 4957 E hpplay-base-dlna: ThreadPool.c:1057::ThreadPoolShutdown tp->totalThreads:0
12-16 04:48:06.976 3006 4957 E hpplay-base-dlna: upnpapi.c:665::after gsend ThreadPoolShutdown
12-16 04:48:06.976 3006 4957 D hpplay-base-dlna: [lebodlna-dlnaframe:253] dlnaservice Destroy 253 static ERROR_TYPE IDlnaFrame::DestroyDlnaFrame(IDlnaFrame *)
12-16 04:48:06.976 3006 4957 D hpplay-base-dlna: [lebodlna-dlna_android:51] dlnaservice Destroy 51 int CDlnaService::Destroy()
12-16 04:48:06.976 3006 4957 D hpplay-base-dlna: [lebodlna-dlna_android:194] stopDLNA end
12-16 04:48:07.053 664 675 I mpu_uart: [MSG-P:R]:recv sync frame timeout
12-16 04:48:07.143 0 0 W swapper/3: type=1400 audit(0.0:709): avc: denied { kill } for capability=5 scontext=u:r:kernel:s0 tcontext=u:r:kernel:s0 tclass=capability permissive=0
12-16 04:48:07.277 3006 4957 D hpplay-base: [stream_mirror_compat:1489] request to stop screen stream session!!
12-16 04:48:07.277 3006 4957 D hpplay-base: [AEventUtils:625] begin to stop event handle service!!
12-16 04:48:07.277 3006 4957 D hpplay-base: [AEventUtils:628] stop event handle service ok!!
12-16 04:48:07.277 3006 4957 D hpplay-base: [REventUtils:231] begin to stop report handle service!!
12-16 04:48:07.277 3006 4957 D hpplay-base: [REventUtils:234] stop report handle service ok!!
12-16 04:48:07.277 3006 4957 D hpplay-base: [lelinkSinkServer:711] HTTP Server stopSinkServer End .
12-16 04:48:07.277 3006 4957 D hpplay-base: [jniBridge:1135] notifyJavaServerStoped
12-16 04:48:07.277 3006 4957 D hpplay-base: [jniBridge:1726] notifyJava, what:202, castType:0, mimeType:0 baseStatus:4
12-16 04:48:07.277 3006 4957 D hpplay-base: [jniBridge:1727] notifyJava sessionID:(null)
12-16 04:48:07.279 3006 4957 I hpplay-java: [Thread-53]:Bridge:notify: what: 202
12-16 04:48:07.281 3006 4957 I hpplay-java: [Thread-53]:Bridge:notify: out: OutParameters:{audioSessionId=-1, audiotrackIndex=0, castHandleType=-1, castType=0, deviceName='', dlnaName='', dramaID='', extra=0, frameHandleType=-1, handleInside=true, headduration=0, header='', headers=null, isAD=false, isMultiMirror=false, lelinkVer='', limitTime=0, , mediaAlbum='null', mediaAlbumArtURI='', mediaArtist='null', mediaAssets='', mediaTitle='null', mimeType=0, multiSession=null, period=0, pinCode='', playSpeed=0.0, playerChoice=0, plugin=0, port=0, position=0.0, positionUnit=2, protocol=0, realSessionID='', regType='', , sinkIp='', sourceAPPVersion='', sourceChannel='', sourceClientInfo='', sourceDeviceInfo='', sourceDeviceModel='', sourceDeviceName='', sourceDeviceType=0, sourceHID='', , sourceInfo='', , , sourceOSVersion='', sourceSDKVersion='', sourceUid='', stopDetail=0, stopReason=0, tailduration=0, url='', urlID='', urls=null, userAgent='', videoDecoder=0, volume=0, what=202}com.hpplay.sdk.sink.protocol.OutParameters@a44033a
12-16 04:48:07.281 3006 4957 I hpplay-java: [Thread-53]:Bridge:notify: address:13450219
12-16 04:48:07.281 3006 4957 D hpplay-base: [LelinkBase:645] stopServerThreadFunc notifyJavaServerStoped!
12-16 04:48:07.282 3006 3006 I hpplay-java: [main]:ServerTaskManager:startTimeOutCheck
12-16 04:48:07.282 3006 3006 I hpplay-java: [main]:ServerBusiness:stopDaemonBusiness
12-16 04:48:07.282 3006 3006 I hpplay-java: [main]:SinkDataReport:logout
12-16 04:48:07.284 3006 3006 I hpplay-java: [main]:EPControl:release
12-16 04:48:07.287 3006 4960 I hpplay-java: [AsyncTask #87]:GlideCreator:clearCache clearDiskCache
12-16 04:48:07.288 3006 3006 I hpplay-java: [main]:Dispatcher:notifyAllReverseControlsStop
12-16 04:48:07.288 3006 3006 I hpplay-java: [main]:Preference:checkFeature none
12-16 04:48:07.288 3006 3006 I hpplay-java: [main]:Dispatcher:notifyAllUIControlsStop set: []
12-16 04:48:07.288 3006 3006 I hpplay-java: [main]:Bridge:findServiceID start out: 13450219
12-16 04:48:07.288 3006 3006 I hpplay-java: [main]:Bridge:findServiceID end
12-16 04:48:07.288 3006 3006 I hpplay-java: [main]:ServerTaskManager:onStop retry:true
12-16 04:48:07.289 3006 3006 I hpplay-java: [main]:ServerTaskManager:cancelTimeOutCheck
12-16 04:48:07.289 3006 4919 W hpplay-java: NanoHTTPDServerRunnable:Communication with the client broken
12-16 04:48:07.289 3006 4919 W hpplay-java: java.net.SocketException: Socket closed
12-16 04:48:07.289 3006 4919 W hpplay-java: at java.net.PlainSocketImpl.socketAccept(PlainSocketImpl.java:213)
12-16 04:48:07.289 3006 4919 W hpplay-java: at java.net.AbstractPlainSocketImpl.accept(AbstractPlainSocketImpl.java:451)
12-16 04:48:07.289 3006 4919 W hpplay-java: at java.net.ServerSocket.implAccept(ServerSocket.java:547)
12-16 04:48:07.289 3006 4919 W hpplay-java: at java.net.ServerSocket.accept(ServerSocket.java:515)
12-16 04:48:07.289 3006 4919 W hpplay-java: at com.hpplay.nanohttpd.protocols.http.ServerRunnable.run(SourceFile:118)
12-16 04:48:07.289 3006 4919 W hpplay-java: at java.lang.Thread.run(Thread.java:920)
12-16 04:48:07.289 3006 4919 I hpplay-java: NanoHTTPDNanoHTTPD:server is stoped
12-16 04:48:07.289 3006 4919 I hpplay-java: NanoHTTPDNanoHTTPD:clear obj
12-16 04:48:07.290 3006 3006 I hpplay-java: [main]:IPManager:getActiveNets type: WIFI
12-16 04:48:07.290 3006 3006 I hpplay-java: [main]:IPManager:getActiveNets eth0:false wifi:true mobile:false ap:false
12-16 04:48:07.291 3006 3006 I hpplay-java: [main]:IPManager:getIPAddress IP_WLAN0
12-16 04:48:07.295 3006 3006 I hpplay-java: [main]:IPManager:updateIPAddress getIPAddress: 192.168.4.16 name:vlan4
12-16 04:48:07.295 3006 3006 I hpplay-java: [main]:IPManager:updateIPAddress getIPAddress: 192.168.0.18 name:wlan0
12-16 04:48:07.295 3006 3006 I hpplay-java: [main]:IPManager:updateIPAddress getIPAddress: 192.168.8.16 name:vlan8
12-16 04:48:07.295 3006 3006 I hpplay-java: [main]:IPManager:updateIPAddress getIPAddress: 192.168.11.16 name:vlan11
12-16 04:48:07.295 3006 3006 I hpplay-java: [main]:IPManager:updateIPAddress getIPAddress: 192.168.0.16 name:vlan0
12-16 04:48:07.295 3006 3006 I hpplay-java: [main]:IPManager:updateIPAddress getIPAddress: 192.168.2.16 name:vlan2
12-16 04:48:07.295 3006 3006 I hpplay-java: [main]:IPManager:updateIPAddress getIPAddress: 192.168.1.16 name:vlan1
12-16 04:48:07.296 3006 3006 I hpplay-java: [main]:ServerTaskManager:exeTask startServer
12-16 04:48:07.297 3006 4963 I hpplay-java: [AsyncTask #88]:ServerBusiness:startDaemonBusiness
12-16 04:48:07.297 3006 3006 I hpplay-java: [main]:ServerTaskManager:startTimeOutCheck
12-16 04:48:07.297 3006 4963 I hpplay-java: [AsyncTask #88]:TimeOutCheckUtil:addTask id:upgrade
12-16 04:48:07.297 3006 4964 I hpplay-java: [AsyncTask #89]:Bridge:assembleInParameters
12-16 04:48:07.297 3006 4963 I hpplay-java: [AsyncTask #88]:TimeOutCheckUtil:addTask id:ijkupgrade
12-16 04:48:07.298 3006 4964 I hpplay-java: [AsyncTask #89]:Bridge:createDeviceId deviceId:OTQ6NWE6MmE6NjI6YWU6ZTI=
12-16 04:48:07.299 3006 4965 I hpplay-java: NanoHTTPDNanoHTTPD:server is started
12-16 04:48:07.299 3006 4964 I hpplay-java: [AsyncTask #89]:IPManager:getActiveNets type: WIFI
12-16 04:48:07.299 3006 4964 I hpplay-java: [AsyncTask #89]:IPManager:getActiveNets eth0:false wifi:true mobile:false ap:false
12-16 04:48:07.299 3006 4964 I hpplay-java: [AsyncTask #89]:IPManager:getIPAddress IP_WLAN0
12-16 04:48:07.299 3006 4964 I hpplay-java: [AsyncTask #89]:Preference:checkFeature none
12-16 04:48:07.299 3006 4964 I hpplay-java: [AsyncTask #89]:SWI:dlna tip
12-16 04:48:07.299 3006 4964 I hpplay-java: [AsyncTask #89]:SWI:lefp tip
12-16 04:48:07.300 3006 4964 I hpplay-java: [AsyncTask #89]:Bridge:assembleInParameters none alias name use device name: 高合娱乐副屏
12-16 04:48:07.300 3006 4964 I hpplay-java: [AsyncTask #89]:Feature:isSendAdvertisement
12-16 04:48:07.300 3006 4964 I hpplay-java: [AsyncTask #89]:Preference:checkFeature none
12-16 04:48:07.300 3006 4964 I hpplay-java: [AsyncTask #89]:Preference:checkFeature none
12-16 04:48:07.300 3006 4964 I hpplay-java: [AsyncTask #89]:Bridge:backupHpplayDat bakPath:
12-16 04:48:07.300 3006 4964 I hpplay-java: [AsyncTask #89]:Bridge:path:/data/user/0/com.hht.lebocast/files/hpplay/file/happyplay.dat
12-16 04:48:07.300 3006 4964 I hpplay-java: [AsyncTask #89]:Bridge:mAppId:21409
12-16 04:48:07.300 3006 4964 I hpplay-java: [AsyncTask #89]:Bridge:mode:3
12-16 04:48:07.300 3006 4964 I hpplay-java: [AsyncTask #89]:Bridge:type:1
12-16 04:48:07.300 3006 4964 I hpplay-java: [AsyncTask #89]:Bridge:SN:
12-16 04:48:07.300 3006 4964 I hpplay-java: [AsyncTask #89]:Preference:checkFeature none
12-16 04:48:07.300 3006 4964 I hpplay-java: [AsyncTask #89]:Bridge:backPath:
12-16 04:48:07.301 3006 4964 I hpplay-java: [AsyncTask #89]:DeviceUtil:getPermissionDid: 1
12-16 04:48:07.301 3006 4964 I hpplay-java: [AsyncTask #89]:DeviceUtil:getPermissionDid: 1
12-16 04:48:07.301 3006 4964 I hpplay-java: [AsyncTask #89]:Preference:checkFeature none
12-16 04:48:07.301 3006 4964 I hpplay-java: [AsyncTask #89]:Preference:checkFeature none
12-16 04:48:07.301 3006 4964 I hpplay-java: [AsyncTask #89]:Preference:checkFeature none
12-16 04:48:07.301 3006 4964 I hpplay-java: [AsyncTask #89]:Preference:checkFeature none
