12-16 04:50:11.947 586 594 E android.system.suspend@1.0-service: Error opening kernel wakelock stats for: wakeup31: Permission denied
12-16 04:50:11.947 586 594 E android.system.suspend@1.0-service: Error opening kernel wakelock stats for: wakeup21: Permission denied
12-16 04:50:11.947 586 594 E android.system.suspend@1.0-service: Error opening kernel wakelock stats for: wakeup6: Permission denied
12-16 04:50:11.947 586 594 E android.system.suspend@1.0-service: Error opening kernel wakelock stats for: wakeup11: Permission denied
12-16 04:50:11.952 2550 5330 D BatteryInfo: time for getStats: 0ms
12-16 04:50:11.952 2550 5330 D BatteryInfo: time for regular BatteryInfo: 0ms
12-16 04:50:11.952 2550 5330 D BatteryInfo: time for getBatteryInfo: 0ms
12-16 04:50:11.953 2550 2550 D BatteryInfo: time for callback: 1ms
12-16 04:50:11.958 2554 2618 I GameMode_ActivityMonitoringService: onTaskStackChanged
12-16 04:50:11.959 2550 4434 D BatteryTipLoader: BatteryInfoLoader post query: 0ms
12-16 04:50:11.959 2550 4434 D BatteryInfo: time for getBatteryInfo: 0ms
12-16 04:50:11.959 2550 4434 D BatteryTipLoader: BatteryInfoLoader.loadInBackground: 0ms
12-16 04:50:11.961 2554 4017 I GameMode_ActivityMonitoringService: Updating top task to: TaskInfoContainer [topActivity=ComponentInfo{com.android.settings/com.android.settings.Settings}, taskId=15, stackId=15, userId=0, displayId=0, position=6
12-16 04:50:11.961 2550 4436 D BatteryTipLoader: BatteryInfoLoader post query: 0ms
12-16 04:50:11.961 2554 4017 I GameMode_ActivityMonitoringService: Notifying about top task: TaskInfoContainer [topActivity=ComponentInfo{com.android.settings/com.android.settings.Settings}, taskId=15, stackId=15, userId=0, displayId=0, position=6
12-16 04:50:11.961 2554 4017 E GameMode_ActivityMonitoringService: onActivityLaunch:com.android.settings
12-16 04:50:11.961 2554 4017 V GameMode_GameTypeUtils: judge isGame:com.android.settings
12-16 04:50:11.961 2554 4017 V GameMode_GpuUtils: fps:60
12-16 04:50:11.961 2550 4436 D BatteryInfo: time for getBatteryInfo: 0ms
12-16 04:50:11.961 2550 4436 D BatteryTipLoader: BatteryInfoLoader.loadInBackground: 0ms
12-16 04:50:11.962 2554 4017 D GameMode_GameModeActionUtils: Show GameMode entry by service!
12-16 04:50:11.963 2554 4017 W ContextImpl: Calling a method in the system process without a qualified user: android.app.ContextImpl.startService:1816 android.content.ContextWrapper.startService:774 com.thundercomm.gamemode.ingame.services.GameModeActionUtils.startGameModeService:99 com.thundercomm.gamemode.ingame.services.GameModeActionUtils.startGameModeEntry:22 com.thundercomm.gamemode.ingame.services.ActivityMonitoringService$1.onActivityLaunch:127
12-16 04:50:11.963 2554 4017 D GameModeIF_GameModeSettings: getUriFor setting_content_uri_root = content://com.thundercomm.gamemode.api/gamemode_settings , name = gamemode_isgaming
12-16 04:50:11.964 1519 1519 I GameModeConfig: Current uri is uri = content://com.thundercomm.gamemode.api/gamemode_settings/gamemode_isgaming
12-16 04:50:11.964 1519 1519 D GameModeIF_GameModeSettings: getUriFor setting_content_uri_root = content://com.thundercomm.gamemode.api/gamemode_settings , name = gamemode_isgaming
12-16 04:50:11.964 2554 2554 D GameMode_GameModeService: type=hide_entry
12-16 04:50:11.965 2554 4017 D GameModeIF_GameModeSettings: gamemode_isgaming set to 0
12-16 04:50:11.965 1519 1519 I GameModeConfig: isGameModeOn = false
12-16 04:50:11.965 1519 1519 I GameModeConfig: isGameModeOn = false
12-16 04:50:11.965 1519 1519 I GameModeConfig: isDisableVoice = true
12-16 04:50:11.970 2554 2554 D GameMode_GameSettingsObserver: Game Data change!!!! uri = content://com.thundercomm.gamemode.api/gamemode_settings/gamemode_isgaming
12-16 04:50:11.970 2554 2554 D GameModeIF_GameModeSettings: getUriFor setting_content_uri_root = content://com.thundercomm.gamemode.api/gamemode_settings , name = gamemode_isgaming
12-16 04:50:11.971 2554 2554 D GameMode_GameModeService: updateGlobalSettings = gamemode_isgaming
12-16 04:50:11.982 664 676 I mpu_uart: [MSG-P:RECV]:No message received in 1000 ms
12-16 04:50:12.022 819 2758 I vendor.qti.bluetooth@1.0-ibs_handler: ProcessIbsCmd: Received IBS_SLEEP_IND: 0xFE
12-16 04:50:12.428 2554 2618 I GameMode_ActivityMonitoringService: onForegroundActivitiesChanged uid 10052 pid 4585 fg false
12-16 04:50:12.438 2554 4017 I GameMode_ActivityMonitoringService: Updating top task to: TaskInfoContainer [topActivity=ComponentInfo{com.android.settings/com.android.settings.Settings}, taskId=15, stackId=15, userId=0, displayId=0, position=6
12-16 04:50:12.439 2554 4017 I GameMode_ActivityMonitoringService: Notifying about top task: TaskInfoContainer [topActivity=ComponentInfo{com.android.settings/com.android.settings.Settings}, taskId=15, stackId=15, userId=0, displayId=0, position=6
12-16 04:50:12.439 2554 4017 E GameMode_ActivityMonitoringService: onActivityLaunch:com.android.settings
12-16 04:50:12.439 2554 4017 V GameMode_GameTypeUtils: judge isGame:com.android.settings
12-16 04:50:12.439 2554 4017 V GameMode_GpuUtils: fps:60
12-16 04:50:12.441 2554 4017 D GameMode_GameModeActionUtils: Show GameMode entry by service!
12-16 04:50:12.441 2554 4017 W ContextImpl: Calling a method in the system process without a qualified user: android.app.ContextImpl.startService:1816 android.content.ContextWrapper.startService:774 com.thundercomm.gamemode.ingame.services.GameModeActionUtils.startGameModeService:99 com.thundercomm.gamemode.ingame.services.GameModeActionUtils.startGameModeEntry:22 com.thundercomm.gamemode.ingame.services.ActivityMonitoringService$1.onActivityLaunch:127
12-16 04:50:12.443 2554 2554 D GameMode_GameModeService: type=hide_entry
12-16 04:50:12.443 2554 4017 D GameModeIF_GameModeSettings: getUriFor setting_content_uri_root = content://com.thundercomm.gamemode.api/gamemode_settings , name = gamemode_isgaming
12-16 04:50:12.446 1519 1519 I GameModeConfig: Current uri is uri = content://com.thundercomm.gamemode.api/gamemode_settings/gamemode_isgaming
12-16 04:50:12.446 1519 1519 D GameModeIF_GameModeSettings: getUriFor setting_content_uri_root = content://com.thundercomm.gamemode.api/gamemode_settings , name = gamemode_isgaming
12-16 04:50:12.446 2554 4017 D GameModeIF_GameModeSettings: gamemode_isgaming set to 0
12-16 04:50:12.448 1519 1519 I GameModeConfig: isGameModeOn = false
12-16 04:50:12.448 1519 1519 I GameModeConfig: isGameModeOn = false
12-16 04:50:12.448 1519 1519 I GameModeConfig: isDisableVoice = true
12-16 04:50:12.450 2554 2554 D GameMode_GameSettingsObserver: Game Data change!!!! uri = content://com.thundercomm.gamemode.api/gamemode_settings/gamemode_isgaming
12-16 04:50:12.450 2554 2554 D GameModeIF_GameModeSettings: getUriFor setting_content_uri_root = content://com.thundercomm.gamemode.api/gamemode_settings , name = gamemode_isgaming
12-16 04:50:12.452 1519 2218 I DreamManagerService: Leaving dreamland.
12-16 04:50:12.453 2554 2554 D GameMode_GameModeService: updateGlobalSettings = gamemode_isgaming
12-16 04:50:12.453 1519 1618 I DreamManagerService: Performing gentle wake from dream.
12-16 04:50:12.453 1519 1618 I DreamController: Stopping dream: name=ComponentInfo{com.thundercomm.screensaver/com.thundercomm.saverclock.service.ClockScreensaver}, isTest=false, canDoze=false, userId=0, reason='finished self'(from 'finished self')
12-16 04:50:12.455 1519 2218 W InputManager-JNI: Input channel object '31350f5 com.thundercomm.screensaver/android.service.dreams.DreamActivity (client)' was disposed without first being removed with the input manager!
12-16 04:50:12.468 1519 1623 W ActivityTaskManager: Can't find TaskDisplayArea to determine support for multi window. Task id=17 attached=false
12-16 04:50:12.484 1519 1623 W Choreographer: Frame time is 0.058458 ms in the future! Check that graphics HAL is generating vsync timestamps using the correct timebase.
01-01 09:03:14.598 0 0 D : mv2112_read_status
01-01 09:03:14.598 0 0 D mv2112_update_link: 3.0x901(1G): 0x80
01-01 09:03:14.598 0 0 D mv2112_update_link: 3.0x8109(100M): 0x8
01-01 09:03:14.598 0 0 D mv2112_update_link: link 0x0
01-01 09:03:14.598 0 0 D mv2112_read_status: autoneg is disabled
12-16 04:50:12.941 819 2763 I vendor.qti.bluetooth@1.0-ibs_handler: DeviceSleep: TX Awake, Sending SLEEP_IND
12-16 04:50:12.941 819 2763 D vendor.qti.bluetooth@1.0-ibs_handler: SerialClockVote: vote for UART CLK OFF
12-16 04:50:12.982 664 676 I mpu_uart: [MSG-P:RECV]:No message received in 1000 ms
12-16 04:50:13.091 819 2674 D vendor.qti.bluetooth@1.0-wake_lock: Release wakelock is released
12-16 04:50:13.138 3006 3006 I hpplay-java: [main]:Upgrade:upgrade not be allowed
12-16 04:50:13.143 0 0 W swapper/1: type=1400 audit(0.0:927): avc: denied { kill } for capability=5 scontext=u:r:kernel:s0 tcontext=u:r:kernel:s0 tclass=capability permissive=0
12-16 04:50:13.159 3006 3006 I hpplay-java: [main]:ServerBusiness:get deviceCode:
12-16 04:50:13.159 3006 3006 W hpplay-java: [main]:ServerBusiness:startDeviceService ignore,invalid deviceCode
12-16 04:50:13.181 664 675 I mpu_uart: [MSG-P:R]:recv sync frame timeout
01-01 09:03:15.619 0 0 D : mv2112_read_status
01-01 09:03:15.619 0 0 D mv2112_update_link: 3.0x901(1G): 0x80
01-01 09:03:15.619 0 0 D mv2112_update_link: 3.0x8109(100M): 0x8
01-01 09:03:15.619 0 0 D mv2112_update_link: link 0x0
01-01 09:03:15.619 0 0 D mv2112_read_status: autoneg is disabled
12-16 04:50:13.983 664 676 I mpu_uart: [MSG-P:RECV]:No message received in 1000 ms
12-16 04:50:14.143 0 0 W swapper/1: type=1400 audit(0.0:928): avc: denied { kill } for capability=5 scontext=u:r:kernel:s0 tcontext=u:r:kernel:s0 tclass=capability permissive=0
01-01 09:03:16.643 0 0 D : mv2112_read_status
01-01 09:03:16.643 0 0 D mv2112_update_link: 3.0x901(1G): 0x80
01-01 09:03:16.644 0 0 D mv2112_update_link: 3.0x8109(100M): 0x8
01-01 09:03:16.644 0 0 D mv2112_update_link: link 0x0
01-01 09:03:16.644 0 0 D mv2112_read_status: autoneg is disabled
12-16 04:50:14.969 2550 5112 I OpenGLRenderer: Davey! duration=9223371636702ms; Flags=0, FrameTimelineVsyncId=8465, IntendedVsync=400151782517, Vsync=400151782517, InputEventId=0, HandleInputStart=400153009636, AnimationStart=400153012397, PerformTraversalsStart=400153014845, DrawStart=400177679793, FrameDeadline=400168449183, FrameInterval=400153000574, FrameStartTime=16666666, SyncQueued=400178692032, SyncStart=400178774949, IssueDrawCommandsStart=400179655261, SwapBuffers=400182296303, FrameCompleted=9223372036854775807, DequeueBufferDuration=48021, QueueBufferDuration=977031, GpuCompleted=9223372036854775807, SwapBuffersCompleted=400183798491, DisplayPresentTime=0,
12-16 04:50:14.983 664 676 I mpu_uart: [MSG-P:RECV]:No message received in 1000 ms
12-16 04:50:15.143 0 0 W swapper/3: type=1400 audit(0.0:929): avc: denied { kill } for capability=5 scontext=u:r:kernel:s0 tcontext=u:r:kernel:s0 tclass=capability permissive=0
01-01 09:03:17.667 0 0 D : mv2112_read_status
01-01 09:03:17.667 0 0 D mv2112_update_link: 3.0x901(1G): 0x80
01-01 09:03:17.668 0 0 D mv2112_update_link: 3.0x8109(100M): 0x8
01-01 09:03:17.668 0 0 D mv2112_update_link: link 0x0
01-01 09:03:17.668 0 0 D mv2112_read_status: autoneg is disabled
12-16 04:50:15.972 2550 5112 I OpenGLRenderer: Davey! duration=9223371635700ms; Flags=0, FrameTimelineVsyncId=8471, IntendedVsync=401154123630, Vsync=401154123630, InputEventId=0, HandleInputStart=401154730886, AnimationStart=401154734740, PerformTraversalsStart=401154737397, DrawStart=401178871459, FrameDeadline=401187456962, FrameInterval=401154715417, FrameStartTime=16666666, SyncQueued=401180155938, SyncStart=401180262709, IssueDrawCommandsStart=401181254376, SwapBuffers=401184704167, FrameCompleted=9223372036854775807, DequeueBufferDuration=57344, QueueBufferDuration=882657, GpuCompleted=9223372036854775807, SwapBuffersCompleted=401186148699, DisplayPresentTime=0,
12-16 04:50:15.983 664 676 I mpu_uart: [MSG-P:RECV]:No message received in 1000 ms
12-16 04:50:16.143 0 0 W swapper/3: type=1400 audit(0.0:930): avc: denied { kill } for capability=5 scontext=u:r:kernel:s0 tcontext=u:r:kernel:s0 tclass=capability permissive=0
12-16 04:50:16.184 664 675 I mpu_uart: [MSG-P:R]:recv sync frame timeout
01-01 09:03:18.691 0 0 D : mv2112_read_status
01-01 09:03:18.691 0 0 D mv2112_update_link: 3.0x901(1G): 0x80
01-01 09:03:18.691 0 0 D mv2112_update_link: 3.0x8109(100M): 0x8
01-01 09:03:18.691 0 0 D mv2112_update_link: link 0x0
01-01 09:03:18.691 0 0 D mv2112_read_status: autoneg is disabled
12-16 04:50:16.987 664 676 I mpu_uart: [MSG-P:RECV]:No message received in 1000 ms
12-16 04:50:17.143 0 0 W swapper/3: type=1400 audit(0.0:931): avc: denied { kill } for capability=5 scontext=u:r:kernel:s0 tcontext=u:r:kernel:s0 tclass=capability permissive=0
01-01 09:03:19.715 0 0 D : mv2112_read_status
01-01 09:03:19.715 0 0 D mv2112_update_link: 3.0x901(1G): 0x80
01-01 09:03:19.715 0 0 D mv2112_update_link: 3.0x8109(100M): 0x8
01-01 09:03:19.715 0 0 D mv2112_update_link: link 0x0
01-01 09:03:19.715 0 0 D mv2112_read_status: autoneg is disabled
12-16 04:50:17.974 2550 2713 I OpenGLRenderer: Davey! duration=9223371633695ms; Flags=0, FrameTimelineVsyncId=8486, IntendedVsync=403158942630, Vsync=403158942630, InputEventId=0, HandleInputStart=403160259479, AnimationStart=403160276614, PerformTraversalsStart=403160279531, DrawStart=403185281458, FrameDeadline=403192275962, FrameInterval=403160245260, FrameStartTime=16666666, SyncQueued=403186270937, SyncStart=403186347708, IssueDrawCommandsStart=403187229114, SwapBuffers=403189898958, FrameCompleted=9223372036854775807, DequeueBufferDuration=49479, QueueBufferDuration=953490, GpuCompleted=9223372036854775807, SwapBuffersCompleted=403191384739, DisplayPresentTime=0,
12-16 04:50:17.987 664 676 I mpu_uart: [MSG-P:RECV]:No message received in 1000 ms
12-16 04:50:18.138 3006 3006 I hpplay-java: [main]:ServerTaskManager:task run out of time
12-16 04:50:18.138 3006 3006 I hpplay-java: [main]:ServerTaskManager:cancelTimeOutCheck
12-16 04:50:18.138 3006 3006 I hpplay-java: [main]:ServerTaskManager:exeTask ignore, reason: TaskList is clear
12-16 04:50:18.143 0 0 W swapper/3: type=1400 audit(0.0:932): avc: denied { kill } for capability=5 scontext=u:r:kernel:s0 tcontext=u:r:kernel:s0 tclass=capability permissive=0
12-16 04:50:18.451 3006 5319 D hpplay-base: [LelinkMDNS:766] devicePermissionPublic leboPermissionCheck:-2
12-16 04:50:18.451 3006 5319 D hpplay-base: [jniBridge:1125] com_hpplay_sdk_sink_protocol_Bridge_WHAT_SERVER_ERROR
12-16 04:50:18.451 3006 5319 D hpplay-base: [jniBridge:1726] notifyJava, what:204, castType:0, mimeType:0 baseStatus:2
12-16 04:50:18.451 3006 5319 D hpplay-base: [jniBridge:1727] notifyJava sessionID:(null)
12-16 04:50:18.452 3006 5319 I hpplay-java: [Thread-80]:Bridge:notify: what: 204
12-16 04:50:18.454 3006 5319 I hpplay-java: [Thread-80]:Bridge:notify: out: OutParameters:{audioSessionId=-1, audiotrackIndex=0, castHandleType=-1, castType=0, deviceName='', dlnaName='', dramaID='', extra=-2002, frameHandleType=-1, handleInside=true, headduration=0, header='', headers=null, isAD=false, isMultiMirror=false, lelinkVer='', limitTime=0, , mediaAlbum='null', mediaAlbumArtURI='', mediaArtist='null', mediaAssets='', mediaTitle='null', mimeType=0, multiSession=null, period=0, pinCode='', playSpeed=0.0, playerChoice=0, plugin=0, port=0, position=0.0, positionUnit=2, protocol=0, realSessionID='', regType='', , sinkIp='', sourceAPPVersion='', sourceChannel='', sourceClientInfo='', sourceDeviceInfo='', sourceDeviceModel='', sourceDeviceName='', sourceDeviceType=0, sourceHID='', , sourceInfo='', , , sourceOSVersion='', sourceSDKVersion='', sourceUid='', stopDetail=0, stopReason=0, tailduration=0, url='', urlID='', urls=null, userAgent='', videoDecoder=0, volume=0, what=204}com.hpplay.sdk.sink.protocol.OutParameters@6a010c
12-16 04:50:18.454 3006 5319 I hpplay-java: [Thread-80]:Bridge:notify: address:79448661
12-16 04:50:18.454 3006 3006 I hpplay-java: [main]:Bridge:findServiceID start out: 79448661
12-16 04:50:18.454 3006 5319 I hpplay-base: [mDNSEmbeded:79] embedded_mDNSLoop stopmDNSNow:0 nPublish:-2 nExitFlag:6 tid is 5319
12-16 04:50:18.454 3006 3006 I hpplay-java: [main]:Bridge:findServiceID end
12-16 04:50:18.454 3006 3006 E hpplay-java: [main]:ServerTaskManager:onError 204/-2002 com.hht.lebocast.LelinkHelper$e@e24427e
12-16 04:50:18.454 3006 3006 I hpplay-java: [main]:ServerTaskManager:cancelTimeOutCheck
12-16 04:50:18.456 3006 3006 W hpplay-java: [main]:ServerTaskManager:onErrorDispatcher errorCode:-2002
12-16 04:50:18.456 3006 3006 I hpplay-java: [main]:ServerTaskManager:onError retry later
01-01 09:03:20.739 0 0 D : mv2112_read_status
01-01 09:03:20.739 0 0 D mv2112_update_link: 3.0x901(1G): 0x80
01-01 09:03:20.739 0 0 D mv2112_update_link: 3.0x8109(100M): 0x8
01-01 09:03:20.739 0 0 D mv2112_update_link: link 0x0
01-01 09:03:20.739 0 0 D mv2112_read_status: autoneg is disabled
12-16 04:50:18.978 2550 2713 I OpenGLRenderer: Davey! duration=9223371632693ms; Flags=0, FrameTimelineVsyncId=8492, IntendedVsync=404161350630, Vsync=404161350630, InputEventId=0, HandleInputStart=404162172760, AnimationStart=404162178802, PerformTraversalsStart=404162181666, DrawStart=404183431041, FrameDeadline=404194683962, FrameInterval=404162157447, FrameStartTime=16666666, SyncQueued=404184532864, SyncStart=404184616250, IssueDrawCommandsStart=404185481927, SwapBuffers=404188284895, FrameCompleted=9223372036854775807, DequeueBufferDuration=48646, QueueBufferDuration=918750, GpuCompleted=9223372036854775807, SwapBuffersCompleted=404189787812, DisplayPresentTime=0,
12-16 04:50:18.988 664 676 I mpu_uart: [MSG-P:RECV]:No message received in 1000 ms
12-16 04:50:19.034 3006 5282 W hpplay-java: [AsyncTask #130]:HttpRequest:
12-16 04:50:19.036 3006 5282 W hpplay-java: [AsyncTask #130]:HttpRequest:
12-16 04:50:19.038 3006 5282 W hpplay-java: [AsyncTask #130]:HttpRequest:
12-16 04:50:19.143 0 0 W swapper/3: type=1400 audit(0.0:933): avc: denied { kill } for capability=5 scontext=u:r:kernel:s0 tcontext=u:r:kernel:s0 tclass=capability permissive=0
12-16 04:50:19.186 664 675 I mpu_uart: [MSG-P:R]:recv sync frame timeout
01-01 09:03:21.763 0 0 D : mv2112_read_status
01-01 09:03:21.763 0 0 D mv2112_update_link: 3.0x901(1G): 0x80
01-01 09:03:21.764 0 0 D mv2112_update_link: 3.0x8109(100M): 0x8
01-01 09:03:21.764 0 0 D mv2112_update_link: link 0x0
01-01 09:03:21.764 0 0 D mv2112_read_status: autoneg is disabled
12-16 04:50:19.982 2550 2713 I OpenGLRenderer: Davey! duration=9223371631690ms; Flags=0, FrameTimelineVsyncId=8498, IntendedVsync=405163763630, Vsync=405163763630, InputEventId=0, HandleInputStart=405164421874, AnimationStart=405164425312, PerformTraversalsStart=405164428437, DrawStart=405187691145, FrameDeadline=405197096962, FrameInterval=405164408280, FrameStartTime=16666666, SyncQueued=405188697916, SyncStart=405188904530, IssueDrawCommandsStart=405189710312, SwapBuffers=405192273332, FrameCompleted=9223372036854775807, DequeueBufferDuration=42084, QueueBufferDuration=856666, GpuCompleted=9223372036854775807, SwapBuffersCompleted=405193651301, DisplayPresentTime=0,
12-16 04:50:19.988 664 676 I mpu_uart: [MSG-P:RECV]:No message received in 1000 ms
12-16 04:50:20.143 0 0 W swapper/3: type=1400 audit(0.0:934): avc: denied { kill } for capability=5 scontext=u:r:kernel:s0 tcontext=u:r:kernel:s0 tclass=capability permissive=0
01-01 09:03:22.787 0 0 D : mv2112_read_status
01-01 09:03:22.787 0 0 D mv2112_update_link: 3.0x901(1G): 0x80
01-01 09:03:22.788 0 0 D mv2112_update_link: 3.0x8109(100M): 0x8
01-01 09:03:22.788 0 0 D mv2112_update_link: link 0x0
01-01 09:03:22.788 0 0 D mv2112_read_status: autoneg is disabled
12-16 04:50:20.983 2550 2713 I OpenGLRenderer: Davey! duration=9223371630688ms; Flags=0, FrameTimelineVsyncId=8504, IntendedVsync=406166173630, Vsync=406166173630, InputEventId=0, HandleInputStart=406166789790, AnimationStart=406166793124, PerformTraversalsStart=406166796405, DrawStart=406191089009, FrameDeadline=406199506962, FrameInterval=406166777863, FrameStartTime=16666666, SyncQueued=406192406926, SyncStart=406192487395, IssueDrawCommandsStart=406193302395, SwapBuffers=406195861405, FrameCompleted=9223372036854775807, DequeueBufferDuration=44739, QueueBufferDuration=866093, GpuCompleted=9223372036854775807, SwapBuffersCompleted=406197379582, DisplayPresentTime=0,
12-16 04:50:20.988 664 676 I mpu_uart: [MSG-P:RECV]:No message received in 1000 ms
12-16 04:50:21.143 0 0 W swapper/3: type=1400 audit(0.0:935): avc: denied { kill } for capability=5 scontext=u:r:kernel:s0 tcontext=u:r:kernel:s0 tclass=capability permissive=0
12-16 04:50:21.457 3006 3006 I hpplay-java: [main]:ServerTaskManager:restart by error
12-16 04:50:21.458 3006 3006 I hpplay-java: [main]:ServerTaskManager:startServer
12-16 04:50:21.458 3006 3006 I hpplay-java: [main]:ServerTaskManager:startServer add, reason: server is starting or running
12-16 04:50:21.458 3006 3006 I hpplay-java: [main]:ServerTaskManager:addStopTask
12-16 04:50:21.458 3006 3006 I hpplay-java: [main]:ServerTaskManager:addStartTask
12-16 04:50:21.458 3006 3006 I hpplay-java: [main]:ServerTaskManager:exeTask stopServer
12-16 04:50:21.458 3006 3006 I hpplay-java: [main]:Bridge:stopServer keepPush: false
12-16 04:50:21.458 3006 3006 D hpplay-base: [jniBridge:909] Bridge__1stopServer status:2
12-16 04:50:21.459 3006 3006 D hpplay-base: [LelinkBase:654] stopAllServer will start thread!
12-16 04:50:21.460 3006 5322 D hpplay-base: [AEventUtils:588] handle AEvent thread end!!,tid is 5322
12-16 04:50:21.460 3006 5323 D hpplay-base: [REventUtils:197] handleREventThread thread end!!,tid is 5323
12-16 04:50:21.460 3006 5346 I hpplay-base: [mDNSEmbeded:65] embedded_mDNSExit call
12-16 04:50:21.464 3006 5319 I hpplay-base: [mDNSEmbeded:140] embedded_mDNSLoop Exiting end,tid is 5319
12-16 04:50:21.464 3006 5346 D hpplay-base: [mDNSEmbeded:452] stopmDNSServer end stopmDNSNow=2, nRet=0
12-16 04:50:21.468 3006 5299 D hpplay-base: [Server:447] startHttpServer will END srv->serverType:0
12-16 04:50:21.468 3006 5299 D hpplay-base: [Server:646] startHttpServer cond srv_shutdown:1 connectNummber:0
12-16 04:50:21.468 3006 5299 D hpplay-base: [Server:669] startHttpServer wait cond END. srv_shutdown:1 connectNummber:0
12-16 04:50:21.468 3006 5299 D hpplay-base: [Server:457] HttpServer END, tid is 5299
12-16 04:50:21.522 3006 5300 D hpplay-base: [stream_mirror_compat:1284] mirror stream begin to exit,server fd:71,thread_id:3122164160!!
12-16 04:50:21.522 3006 5300 D hpplay-base: [stream_mirror_compat:1323] ##screen stream exit successfully!!##
12-16 04:50:21.730 3006 5320 I hpplay-base: [mDNSEmbeded:376] end lelink publish server, tid is 5320
12-16 04:50:21.731 3006 5346 D hpplay-base: [mDNSEmbeded:420] stopmLelinkServer end nRet=0
12-16 04:50:21.731 3006 5346 D hpplay-base: [LelinkBase:615] lebodlna stopServerThreadFunc dlnaEnable:1
12-16 04:50:21.731 3006 5346 D hpplay-base-dlna: [lebodlna_api:49] stop DMR
12-16 04:50:21.731 3006 5346 D hpplay-base-dlna: [lebodlna_api:344] m_pRender Release
12-16 04:50:21.790 3006 5346 D hpplay-base-dlna: [UpnpDefine:867] DMRender release success
12-16 04:50:21.790 3006 5346 D hpplay-base-dlna: [lebodlna_api:352] m_pAVT Release
12-16 04:50:21.790 3006 5346 D hpplay-base-dlna: [lebodlna_api:360] m_pRCS Release
12-16 04:50:21.790 3006 5346 D hpplay-base-dlna: [lebodlna_api:365] dmrender destroydmr
01-01 09:03:23.811 0 0 D : mv2112_read_status
01-01 09:03:23.811 0 0 D mv2112_update_link: 3.0x901(1G): 0x80
01-01 09:03:23.811 0 0 D mv2112_update_link: 3.0x8109(100M): 0x8
01-01 09:03:23.811 0 0 D mv2112_update_link: link 0x0
01-01 09:03:23.811 0 0 D mv2112_read_status: autoneg is disabled
12-16 04:50:21.985 2550 2713 I OpenGLRenderer: Davey! duration=9223371629686ms; Flags=0, FrameTimelineVsyncId=8510, IntendedVsync=407168588630, Vsync=407168588630, InputEventId=0, HandleInputStart=407169293592, AnimationStart=407169298123, PerformTraversalsStart=407169300988, DrawStart=407190366405, FrameDeadline=407201921962, FrameInterval=407169279478, FrameStartTime=16666666, SyncQueued=407191297186, SyncStart=407191368071, IssueDrawCommandsStart=407192262082, SwapBuffers=407195483488, FrameCompleted=9223372036854775807, DequeueBufferDuration=54323, QueueBufferDuration=1001198, GpuCompleted=9223372036854775807, SwapBuffersCompleted=407197243436, DisplayPresentTime=0,
12-16 04:50:21.988 664 676 I mpu_uart: [MSG-P:RECV]:No message received in 1000 ms
12-16 04:50:22.090 3006 5346 D hpplay-base-dlna: [lebodlna-dlna_android:186] stopDLNA
12-16 04:50:22.091 3006 5346 D hpplay-base-dlna: [lebodlna-dlna_android:189] dlnaservice destroy
12-16 04:50:22.091 3006 5346 D hpplay-base-dlna: [lebodlna-dlna_android:49] dlnaservice Destroy 49 int CDlnaService::Destroy()
12-16 04:50:22.091 3006 5346 D hpplay-base-dlna: [lebodlna-dlnaframe:245] dlnaservice Destroy 245 static ERROR_TYPE IDlnaFrame::DestroyDlnaFrame(IDlnaFrame *)
12-16 04:50:22.091 3006 5346 D hpplay-base-dlna: [lebodlna-dlnaframe:179] dlnaservice Destroy 179 virtual void CDlnaFrame::Release()
12-16 04:50:22.091 3006 5346 D hpplay-base-dlna: [lebodlna-dlnaframe:190] dlnaservice Destroy 190 virtual void CDlnaFrame::Release()
12-16 04:50:22.091 3006 5346 D hpplay-base-dlna: [lebodlna-dlnaframe:192] dlnaservice Destroy 192 virtual void CDlnaFrame::Release()
12-16 04:50:22.091 3006 5346 D hpplay-base-dlna: [lebodlna-dlnaframe:247] dlnaservice Destroy 247 static ERROR_TYPE IDlnaFrame::DestroyDlnaFrame(IDlnaFrame *)
12-16 04:50:22.091 3006 5346 D hpplay-base-dlna: [lebodlna-dlnaframe:251] dlnaservice Destroy 251 static ERROR_TYPE IDlnaFrame::DestroyDlnaFrame(IDlnaFrame *)
12-16 04:50:22.094 3006 5346 E hpplay-base-dlna: upnpapi.c:655::before gminiserver ThreadPoolShutdown
12-16 04:50:22.095 3006 5346 E hpplay-base-dlna: ThreadPool.c:1047::on ThreadPoolShutdown tp->totalThreads:2
12-16 04:50:22.095 3006 5346 E hpplay-base-dlna: ThreadPool.c:1056::after ThreadPoolShutdown
12-16 04:50:22.095 3006 5346 E hpplay-base-dlna: ThreadPool.c:1057::ThreadPoolShutdown tp->totalThreads:0
12-16 04:50:22.095 3006 5346 E hpplay-base-dlna: upnpapi.c:657::after gminiserver ThreadPoolShutdown
12-16 04:50:22.095 3006 5346 E hpplay-base-dlna: upnpapi.c:659::before grecv ThreadPoolShutdown
12-16 04:50:22.096 3006 5346 E hpplay-base-dlna: ThreadPool.c:1047::on ThreadPoolShutdown tp->totalThreads:12
12-16 04:50:22.096 3006 5346 E hpplay-base-dlna: ThreadPool.c:1047::on ThreadPoolShutdown tp->totalThreads:11
12-16 04:50:22.097 3006 5346 E hpplay-base-dlna: ThreadPool.c:1047::on ThreadPoolShutdown tp->totalThreads:10
12-16 04:50:22.097 3006 5346 E hpplay-base-dlna: ThreadPool.c:1047::on ThreadPoolShutdown tp->totalThreads:7
12-16 04:50:22.098 3006 5346 E hpplay-base-dlna: ThreadPool.c:1047::on ThreadPoolShutdown tp->totalThreads:6
12-16 04:50:22.098 3006 5346 E hpplay-base-dlna: ThreadPool.c:1047::on ThreadPoolShutdown tp->totalThreads:5
12-16 04:50:22.098 3006 5346 E hpplay-base-dlna: ThreadPool.c:1047::on ThreadPoolShutdown tp->totalThreads:2
12-16 04:50:22.098 3006 5346 E hpplay-base-dlna: ThreadPool.c:1047::on ThreadPoolShutdown tp->totalThreads:1
12-16 04:50:22.099 3006 5346 E hpplay-base-dlna: ThreadPool.c:1056::after ThreadPoolShutdown
12-16 04:50:22.099 3006 5346 E hpplay-base-dlna: ThreadPool.c:1057::ThreadPoolShutdown tp->totalThreads:0
12-16 04:50:22.099 3006 5346 E hpplay-base-dlna: upnpapi.c:661::after grecv ThreadPoolShutdown
12-16 04:50:22.099 3006 5346 E hpplay-base-dlna: upnpapi.c:663::before gsend ThreadPoolShutdown
12-16 04:50:22.099 3006 5346 E hpplay-base-dlna: ThreadPool.c:1047::on ThreadPoolShutdown tp->totalThreads:2
12-16 04:50:22.099 3006 5346 E hpplay-base-dlna: ThreadPool.c:1056::after ThreadPoolShutdown
12-16 04:50:22.099 3006 5346 E hpplay-base-dlna: ThreadPool.c:1057::ThreadPoolShutdown tp->totalThreads:0
12-16 04:50:22.099 3006 5346 E hpplay-base-dlna: upnpapi.c:665::after gsend ThreadPoolShutdown
12-16 04:50:22.099 3006 5346 D hpplay-base-dlna: [lebodlna-dlnaframe:253] dlnaservice Destroy 253 static ERROR_TYPE IDlnaFrame::DestroyDlnaFrame(IDlnaFrame *)
12-16 04:50:22.099 3006 5346 D hpplay-base-dlna: [lebodlna-dlna_android:51] dlnaservice Destroy 51 int CDlnaService::Destroy()
12-16 04:50:22.099 3006 5346 D hpplay-base-dlna: [lebodlna-dlna_android:194] stopDLNA end
12-16 04:50:22.143 0 0 W swapper/3: type=1400 audit(0.0:936): avc: denied { kill } for capability=5 scontext=u:r:kernel:s0 tcontext=u:r:kernel:s0 tclass=capability permissive=0
12-16 04:50:22.190 664 675 I mpu_uart: [MSG-P:R]:recv sync frame timeout
12-16 04:50:22.400 3006 5346 D hpplay-base: [stream_mirror_compat:1489] request to stop screen stream session!!
12-16 04:50:22.400 3006 5346 D hpplay-base: [AEventUtils:625] begin to stop event handle service!!
12-16 04:50:22.400 3006 5346 D hpplay-base: [AEventUtils:628] stop event handle service ok!!
12-16 04:50:22.400 3006 5346 D hpplay-base: [REventUtils:231] begin to stop report handle service!!
12-16 04:50:22.400 3006 5346 D hpplay-base: [REventUtils:234] stop report handle service ok!!
12-16 04:50:22.400 3006 5346 D hpplay-base: [lelinkSinkServer:711] HTTP Server stopSinkServer End .
12-16 04:50:22.400 3006 5346 D hpplay-base: [jniBridge:1135] notifyJavaServerStoped
12-16 04:50:22.400 3006 5346 D hpplay-base: [jniBridge:1726] notifyJava, what:202, castType:0, mimeType:0 baseStatus:4
12-16 04:50:22.400 3006 5346 D hpplay-base: [jniBridge:1727] notifyJava sessionID:(null)
12-16 04:50:22.402 3006 5346 I hpplay-java: [Thread-81]:Bridge:notify: what: 202
12-16 04:50:22.403 3006 5346 I hpplay-java: [Thread-81]:Bridge:notify: out: OutParameters:{audioSessionId=-1, audiotrackIndex=0, castHandleType=-1, castType=0, deviceName='', dlnaName='', dramaID='', extra=0, frameHandleType=-1, handleInside=true, headduration=0, header='', headers=null, isAD=false, isMultiMirror=false, lelinkVer='', limitTime=0, , mediaAlbum='null', mediaAlbumArtURI='', mediaArtist='null', mediaAssets='', mediaTitle='null', mimeType=0, multiSession=null, period=0, pinCode='', playSpeed=0.0, playerChoice=0, plugin=0, port=0, position=0.0, positionUnit=2, protocol=0, realSessionID='', regType='', , sinkIp='', sourceAPPVersion='', sourceChannel='', sourceClientInfo='', sourceDeviceInfo='', sourceDeviceModel='', sourceDeviceName='', sourceDeviceType=0, sourceHID='', , sourceInfo='', , , sourceOSVersion='', sourceSDKVersion='', sourceUid='', stopDetail=0, stopReason=0, tailduration=0, url='', urlID='', urls=null, userAgent='', videoDecoder=0, volume=0, what=202}com.hpplay.sdk.sink.protocol.OutParameters@23c21f8
12-16 04:50:22.403 3006 5346 I hpplay-java: [Thread-81]:Bridge:notify: address:63190737
12-16 04:50:22.404 3006 5346 D hpplay-base: [LelinkBase:645] stopServerThreadFunc notifyJavaServerStoped!
12-16 04:50:22.404 3006 3006 I hpplay-java: [main]:ServerTaskManager:startTimeOutCheck
12-16 04:50:22.404 3006 3006 I hpplay-java: [main]:ServerBusiness:stopDaemonBusiness
12-16 04:50:22.404 3006 3006 I hpplay-java: [main]:SinkDataReport:logout
12-16 04:50:22.406 3006 3006 I hpplay-java: [main]:EPControl:release
12-16 04:50:22.408 3006 5348 I hpplay-java: [AsyncTask #139]:GlideCreator:clearCache clearDiskCache
12-16 04:50:22.410 3006 3006 I hpplay-java: [main]:Dispatcher:notifyAllReverseControlsStop
12-16 04:50:22.410 3006 3006 I hpplay-java: [main]:Preference:checkFeature none
12-16 04:50:22.410 3006 3006 I hpplay-java: [main]:Dispatcher:notifyAllUIControlsStop set: []
12-16 04:50:22.410 3006 3006 I hpplay-java: [main]:Bridge:findServiceID start out: 63190737
12-16 04:50:22.410 3006 3006 I hpplay-java: [main]:Bridge:findServiceID end
12-16 04:50:22.410 3006 3006 I hpplay-java: [main]:ServerTaskManager:onStop retry:true
12-16 04:50:22.410 3006 5292 W hpplay-java: NanoHTTPDServerRunnable:Communication with the client broken
12-16 04:50:22.410 3006 5292 W hpplay-java: java.net.SocketException: Socket closed
12-16 04:50:22.410 3006 5292 W hpplay-java: at java.net.PlainSocketImpl.socketAccept(PlainSocketImpl.java:213)
12-16 04:50:22.410 3006 5292 W hpplay-java: at java.net.AbstractPlainSocketImpl.accept(AbstractPlainSocketImpl.java:451)
12-16 04:50:22.410 3006 5292 W hpplay-java: at java.net.ServerSocket.implAccept(ServerSocket.java:547)
12-16 04:50:22.410 3006 5292 W hpplay-java: at java.net.ServerSocket.accept(ServerSocket.java:515)
12-16 04:50:22.410 3006 5292 W hpplay-java: at com.hpplay.nanohttpd.protocols.http.ServerRunnable.run(SourceFile:118)
12-16 04:50:22.410 3006 5292 W hpplay-java: at java.lang.Thread.run(Thread.java:920)
12-16 04:50:22.411 3006 5292 I hpplay-java: NanoHTTPDNanoHTTPD:server is stoped
12-16 04:50:22.411 3006 5292 I hpplay-java: NanoHTTPDNanoHTTPD:clear obj
12-16 04:50:22.411 3006 3006 I hpplay-java: [main]:ServerTaskManager:cancelTimeOutCheck
12-16 04:50:22.412 3006 3006 I hpplay-java: [main]:IPManager:getActiveNets type: WIFI
12-16 04:50:22.413 3006 3006 I hpplay-java: [main]:IPManager:getActiveNets eth0:false wifi:true mobile:false ap:false
12-16 04:50:22.413 3006 3006 I hpplay-java: [main]:IPManager:getIPAddress IP_WLAN0
12-16 04:50:22.417 3006 3006 I hpplay-java: [main]:IPManager:updateIPAddress getIPAddress: 192.168.4.16 name:vlan4
12-16 04:50:22.417 3006 3006 I hpplay-java: [main]:IPManager:updateIPAddress getIPAddress: 192.168.0.18 name:wlan0
12-16 04:50:22.417 3006 3006 I hpplay-java: [main]:IPManager:updateIPAddress getIPAddress: 192.168.8.16 name:vlan8
12-16 04:50:22.417 3006 3006 I hpplay-java: [main]:IPManager:updateIPAddress getIPAddress: 192.168.11.16 name:vlan11
12-16 04:50:22.417 3006 3006 I hpplay-java: [main]:IPManager:updateIPAddress getIPAddress: 192.168.0.16 name:vlan0
12-16 04:50:22.417 3006 3006 I hpplay-java: [main]:IPManager:updateIPAddress getIPAddress: 192.168.2.16 name:vlan2
12-16 04:50:22.417 3006 3006 I hpplay-java: [main]:IPManager:updateIPAddress getIPAddress: 192.168.1.16 name:vlan1
12-16 04:50:22.418 3006 3006 I hpplay-java: [main]:ServerTaskManager:exeTask startServer
12-16 04:50:22.418 3006 3006 I hpplay-java: [main]:ServerTaskManager:startTimeOutCheck
12-16 04:50:22.419 3006 5351 I hpplay-java: [AsyncTask #141]:ServerBusiness:startDaemonBusiness
12-16 04:50:22.419 3006 5352 I hpplay-java: [AsyncTask #142]:Bridge:assembleInParameters
12-16 04:50:22.419 3006 5351 I hpplay-java: [AsyncTask #141]:TimeOutCheckUtil:addTask id:upgrade
12-16 04:50:22.419 3006 5351 I hpplay-java: [AsyncTask #141]:TimeOutCheckUtil:addTask id:ijkupgrade
12-16 04:50:22.419 3006 5352 I hpplay-java: [AsyncTask #142]:Bridge:createDeviceId deviceId:OTQ6NWE6MmE6NjI6YWU6ZTI=
12-16 04:50:22.420 3006 5354 I hpplay-java: NanoHTTPDNanoHTTPD:server is started
12-16 04:50:22.421 3006 5352 I hpplay-java: [AsyncTask #142]:IPManager:getActiveNets type: WIFI
12-16 04:50:22.421 3006 5352 I hpplay-java: [AsyncTask #142]:IPManager:getActiveNets eth0:false wifi:true mobile:false ap:false
12-16 04:50:22.421 3006 5352 I hpplay-java: [AsyncTask #142]:IPManager:getIPAddress IP_WLAN0
12-16 04:50:22.421 3006 5352 I hpplay-java: [AsyncTask #142]:Preference:checkFeature none
12-16 04:50:22.421 3006 5352 I hpplay-java: [AsyncTask #142]:SWI:dlna tip
12-16 04:50:22.421 3006 5352 I hpplay-java: [AsyncTask #142]:SWI:lefp tip
12-16 04:50:22.422 3006 5352 I hpplay-java: [AsyncTask #142]:Bridge:assembleInParameters none alias name use device name: 高合娱乐副屏
12-16 04:50:22.422 3006 5352 I hpplay-java: [AsyncTask #142]:Feature:isSendAdvertisement
12-16 04:50:22.422 3006 5352 I hpplay-java: [AsyncTask #142]:Preference:checkFeature none
12-16 04:50:22.423 3006 5352 I hpplay-java: [AsyncTask #142]:Preference:checkFeature none
12-16 04:50:22.423 3006 5352 I hpplay-java: [AsyncTask #142]:Bridge:backupHpplayDat bakPath:
12-16 04:50:22.423 3006 5352 I hpplay-java: [AsyncTask #142]:Bridge:path:/data/user/0/com.hht.lebocast/files/hpplay/file/happyplay.dat
12-16 04:50:22.423 3006 5352 I hpplay-java: [AsyncTask #142]:Bridge:mAppId:21409
12-16 04:50:22.423 3006 5352 I hpplay-java: [AsyncTask #142]:Bridge:mode:3
12-16 04:50:22.423 3006 5352 I hpplay-java: [AsyncTask #142]:Bridge:type:1
12-16 04:50:22.423 3006 5352 I hpplay-java: [AsyncTask #142]:Bridge:SN:
12-16 04:50:22.423 3006 5352 I hpplay-java: [AsyncTask #142]:Preference:checkFeature none
12-16 04:50:22.423 3006 5352 I hpplay-java: [AsyncTask #142]:Bridge:backPath:
12-16 04:50:22.423 3006 5352 I hpplay-java: [AsyncTask #142]:DeviceUtil:getPermissionDid: 1
12-16 04:50:22.423 3006 5352 I hpplay-java: [AsyncTask #142]:DeviceUtil:getPermissionDid: 1
12-16 04:50:22.423 3006 5352 I hpplay-java: [AsyncTask #142]:Preference:checkFeature none
12-16 04:50:22.423 3006 5352 I hpplay-java: [AsyncTask #142]:Preference:checkFeature none
12-16 04:50:22.424 3006 5352 I hpplay-java: [AsyncTask #142]:Preference:checkFeature none
12-16 04:50:22.424 3006 5352 I hpplay-java: [AsyncTask #142]:Preference:checkFeature none
12-16 04:50:22.424 3006 5352 I hpplay-java: [AsyncTask #142]:Preference:checkFeature none
12-16 04:50:22.424 3006 5352 I hpplay-java: [AsyncTask #142]:Preference:checkFeature none
12-16 04:50:22.430 3006 5351 W hpplay-java: [AsyncTask #141]:ServerBusiness:startDaemonBusiness start LelinkHTTPD sucess 52288
12-16 04:50:22.438 3006 5352 W hpplay-java: [AsyncTask #142]:DeviceUtils:getDomain create lb domain
12-16 04:50:22.439 3006 5352 I hpplay-java: [AsyncTask #142]:Feature:getMirrorAudioVideoSync DISABLE
12-16 04:50:22.439 3006 5352 I hpplay-java: [AsyncTask #142]:Feature:checkSupportRedirectOtherApp,no set redirect api
12-16 04:50:22.439 3006 5352 I hpplay-java: [AsyncTask #142]:Feature:getRedirectSearchFlag,value: 0
12-16 04:50:22.439 3006 5352 I hpplay-java: [AsyncTask #142]:Bridge:mIn: InParameters{appInfo='0', appKey='21409', authMode=0, authPwd='null', broadcastDirection=0, broadcastState=1, broadcastTimeout=3, buildType='release', cacheAVPath='/data/user/0/com.hht.lebocast/cache/hpplay/av', cachePhotoPath='/data/user/0/com.hht.lebocast/cache/hpplay/image', channel='LEBO-APK--60146-25915', desPath='', , deviceName='高合娱乐副屏', dlna=1, dlnaCompany='null', dlnaCompanyURL='null', dlnaDeviceDescribe='null', dlnaDeviceName='null', dlnaDeviceURL='null', dlnaLelinkSwitch=1, dlnaManufacturer=0, dlnaName='高合娱乐副屏', dlnaUPC='', dlnaUUID='dd2df002-11d4-f267-238c-a56d5449307e', domain='Lebo-figure-c2e24fe8c7bb', drainage=0, feature='6655', fps=60, height=1080, host='null', , keyPath='/data/user/0/com.hht.lebocast/files/hpplay/file', lelinkfp=1, lelinkfp2=0, logBaseState=1, logPath='/storage/emulated/0/com.hht.lebocast/sink/sdk/common', , mdnsEnable=1, mirrorSyncType=0, netCastVer='2.0', packageName='com.hht.lebocast', packagePath='/data/user/0/com.hht.lebocast', permissionDid='c2:e2:4f:e8:c7:bb', permissionMode=3, permissionPreSN='', port=0, preemptMode=0, regType='_leboremote._tcp.', serverPorts=null, sockWaitTimeOut=45, teleControlPort=53388, tunnels=3, txtKeys=null, txtValues=null, uid='-2753298538233435100', videoFrameType=1001, width=1920}com.hpplay.sdk.sink.protocol.InParameters@3664365
12-16 04:50:22.440 3006 3006 I hpplay-java: [main]:Bridge:startServer state: 0
12-16 04:50:22.440 3006 3006 D hpplay-base: [jniBridge:185] not conference version
12-16 04:50:22.440 3006 3006 I hpplay-base: [jniBridge:241] 1initServer nSettingWidth=1920 nSettingHeight=1080 nSettingMaxFPS=60 dlnaEnable=1 lelinkFpEnable=1
12-16 04:50:22.440 3006 3006 D hpplay-base: [jniBridge:283] 1initServer cfg.leLinkIp=192.168.0.18
12-16 04:50:22.440 3006 3006 D hpplay-base: [jniBridge:286] 1initServer cfg.mPermissionMode=3
12-16 04:50:22.440 3006 3006 D hpplay-base: [jniBridge:304] 1initServer cfg.permissionDid=c2:e2:4f:e8:c7:bb000000000000000
12-16 04:50:22.440 3006 3006 D hpplay-base: [jniBridge:313] 1initServer cfg.mPermissionPreSN=00000000000000000000000000000000
12-16 04:50:22.440 3006 3006 D hpplay-base: [jniBridge:317] Bridge___1initServer status:0
12-16 04:50:22.440 3006 3006 I hpplay-base: [jniBridge:325] 1initServer cfg.feature=6655
12-16 04:50:22.440 3006 3006 D hpplay-base: [jniBridge:377] 1initServer isSendBroadCast=3
12-16 04:50:22.440 3006 3006 D hpplay-base: [jniBridge:380] 1initServer broadcastDirection=0
12-16 04:50:22.440 3006 3006 D hpplay-base: [jniBridge:382] 1initServer ipBroadcast direction=0
12-16 04:50:22.440 3006 3006 D hpplay-base: [jniBridge:387] 1initServer tunnel=3
12-16 04:50:22.440 3006 3006 D hpplay-base: [jniBridge:390] 1initServer drainage=0
12-16 04:50:22.440 3006 3006 D hpplay-base: [jniBridge:401] 1initServer mDNSEnable=1
12-16 04:50:22.440 3006 3006 D hpplay-base: [jniBridge:406] 1initServer nSockWaitTimeOut=45
12-16 04:50:22.440 3006 3006 D hpplay-base: [jniBridge:410] 1initServer nMirrorAudioVideoSync=0
12-16 04:50:22.440 3006 3006 I hpplay-base: [sign_check:168] checkSign strPackageName:com.hht.lebocast
12-16 04:50:22.440 3006 3006 I hpplay-base: [sign_check:169] checkSign buildType:release
12-16 04:50:22.440 3006 3006 I hpplay-base: [sign_check:170] checkSign appKey:21409
12-16 04:50:22.440 3006 3006 D hpplay-base: [LelinkBase:405] bridgeInit port: 0, lelinkfp: 0
12-16 04:50:22.440 3006 3006 D hpplay-base: [LelinkBase:462] bridgeInit mPackagePath =/data/user/0/com.hht.lebocast
12-16 04:50:22.440 3006 3006 D hpplay-base: [LelinkBase:463] bridgeInit mKeyPath =/data/user/0/com.hht.lebocast/files/hpplay/file
12-16 04:50:22.440 3006 3006 D hpplay-base: [SinkContext:97] initSinkContext mPackagePath =/data/user/0/com.hht.lebocast
12-16 04:50:22.440 3006 3006 D hpplay-base: [SinkContext:98] initSinkContext mKeyPath =/data/user/0/com.hht.lebocast/files/hpplay/file
12-16 04:50:22.440 3006 3006 D hpplay-base: [jniBridge:478] Java_com_hpplay_sdk_sink_protocol_Bridge__1initServer end
12-16 04:50:22.440 3006 3006 D hpplay-base: [jniBridge:869] Bridge__1startServer status:1
12-16 04:50:22.441 3006 3006 D hpplay-base: [LelinkBase:492] startAllServer at base
12-16 04:50:22.441 3006 3006 D hpplay-base: [lelinkSinkServer:152] httpPlugins_SetServerPort TYPE_SERVER_LELINK:52266
12-16 04:50:22.441 3006 3006 D hpplay-base: [network.c:362] protocol bind host :192.168.0.18 port:52266 curent bind port:52266
12-16 04:50:22.441 3006 3006 D hpplay-base: [lelinkSinkServer:681] HTTP Server real at:52266
12-16 04:50:22.441 3006 5359 D hpplay-base: [lelinkSinkServer:644] Connected Service Type:0
12-16 04:50:22.441 3006 5359 I hpplay-base: : (server.c.315) startServer listen_ing....:
12-16 04:50:22.441 3006 3006 D hpplay-base: [ScreenStream:1285] current bind port:7100
12-16 04:50:22.441 3006 5359 D hpplay-base: [Server:371] startHttpServer srv_sockets.used:1 nCurrentFd:70, tid is 5359
12-16 04:50:22.441 3006 3006 D hpplay-base: [LelinkBase:515] startAllServer pBaseContext->config.dlnaEnable:1
12-16 04:50:22.441 3006 3006 D hpplay-base: [lelinkDlna:324] addDMRCallback end
12-16 04:50:22.441 3006 5360 D hpplay-base: [stream_mirror_compat:759] compat mirror stream begin to run,server fd:71,thread_id:3121111488!!
12-16 04:50:22.442 3006 3006 E hpplay-base-dlna: miniserver.c:788::dlna_port(ipv4: 49152 ipv6:0)
12-16 04:50:22.443 3006 3006 D hpplay-base-dlna: [lebodlna-dlnaframe:166] succeed to load lebodlnaplugin
12-16 04:50:22.443 3006 3006 D hpplay-base-dlna: [lebodlna-dlnaframe:232] Succeed to load specified plugin:lebodlna_plugin
12-16 04:50:22.443 3006 3006 D hpplay-base: [lelinkDlna:328] startDLNAServer ret=0
12-16 04:50:22.443 3006 3006 D hpplay-base: [LelinkBase:531] startDLNAServer ret= 0
12-16 04:50:22.443 3006 3006 D hpplay-base: [lelinkDlna:342] setDMRFriendlyName 高合娱乐副屏
12-16 04:50:22.443 3006 3006 D hpplay-base-dlna: [lebodlna-dlna_android:136] setBroadcastTimeout mBroadcastTimeOut=66 status=3!
12-16 04:50:22.443 3006 3006 D hpplay-base-dlna: [lebodlna_api:32] start DMR
12-16 04:50:22.443 3006 3006 D hpplay-base-dlna: [UpnpDefine:434] RegisterDMRender invalid lelink info
12-16 04:50:22.443 3006 3006 D hpplay-base-dlna: [UpnpDefine:467] DLNA DEFAULT_DESCRIPTION
12-16 04:50:22.444 3006 3006 E hpplay-base-dlna: upnpapi.c:1078::Exiting RegisterRootDevice2 *Hnd =1, return value == 0
12-16 04:50:22.444 3006 3006 D hpplay-base-dlna: [CUpnpDevice:41] Register Root Device 2:0
12-16 04:50:22.444 3006 3006 D hpplay-base-dlna: [UpnpDefine:794] ESDMRender:Register success
12-16 04:50:22.444 3006 3006 D hpplay-base-dlna: [lebodlna_api:41] sendBroadcast mBroadcastTimeOut=3
12-16 04:50:22.444 3006 3006 D hpplay-base-dlna: [lebodlna_api:44] sendBroadcast timeout=66
12-16 04:50:22.500 3006 3006 D hpplay-base: [lelinkDlna:361] startDLNADevice dlnaManufacturer:0 ret=0
12-16 04:50:22.500 3006 3006 D hpplay-base: [LelinkBase:535] lelinkSetDlnaInfo ret= 0
12-16 04:50:22.500 3006 3006 D hpplay-base: [LelinkBase:547] startAllServer pBaseContext->config.mDNSEnable:1
12-16 04:50:22.500 3006 3006 D hpplay-base: [base_mdns:509] mdns net.hostname:
12-16 04:50:22.500 3006 3006 D hpplay-base: [base_mdns:529] mdns namelabel:-00-80-0F-74-31-00
12-16 04:50:22.501 3006 3006 D hpplay-base: [base_mdns:509] mdns net.hostname:
12-16 04:50:22.501 3006 3006 D hpplay-base: [base_mdns:529] mdns namelabel:-00-80-0F-74-31-00
12-16 04:50:22.501 3006 3006 D hpplay-base: [mdns:813] mdns start bind port:0
12-16 04:50:22.504 3006 3006 D hpplay-base: [mdns:813] mdns start bind port:5353
12-16 04:50:22.504 3006 3006 D hpplay-base: [mdns:813] mdns start bind port:5353
12-16 04:50:22.504 3006 3006 D hpplay-base: [mdns:813] mdns start bind port:5353
12-16 04:50:22.505 3006 3006 D hpplay-base: [mdns:813] mdns start bind port:5353
12-16 04:50:22.505 3006 3006 D hpplay-base: [mdns:813] mdns start bind port:5353
12-16 04:50:22.505 3006 3006 D hpplay-base: [mdns:813] mdns start bind port:5353
12-16 04:50:22.505 3006 3006 D hpplay-base: [mdns:813] mdns start bind port:5353
12-16 04:50:22.506 3006 3006 I hpplay-base: [mDNSEmbeded:57] embedded_mDNSInit stopmDNSNow:0 status:0
12-16 04:50:22.506 3006 3006 D hpplay-base: [mDNSEmbeded:436] startmDNSServer end nRet=0
12-16 04:50:22.506 3006 3006 D hpplay-base: [LelinkBase:555] lelink broadcast_on_off:1 log2java_on_off:1
12-16 04:50:22.506 3006 5374 D hpplay-base: [LelinkMDNS:729] leboAuthorizationCheck strUuid=c2:e2:4f:e8:c7:bb000000000000000
12-16 04:50:22.506 3006 5374 D hpplay-base: [LelinkMDNS:730] leboAuthorizationCheck mPermissionDid=c2:e2:4f:e8:c7:bb000000000000000
12-16 04:50:22.506 3006 5374 D hpplay-base: [LelinkMDNS:755] leboAuthorizationCheck mPermissionMac=c2:e2:4f:e8:c7:bb000000000000000
12-16 04:50:22.506 3006 5375 I hpplay-base: [mDNSEmbeded:268] start lelink publish server, tid is 5375
12-16 04:50:22.506 3006 3006 D hpplay-base: [AEventUtils:595] request to start event handle service!!
12-16 04:50:22.506 3006 3006 D hpplay-base: [AEventUtils:603] start_event_handle_service,begin to run!!
12-16 04:50:22.506 3006 5376 D hpplay-base: [mDNSEmbeded:197] http_port bind check 197 http_port_check
12-16 04:50:22.507 3006 3006 D hpplay-base: [REventUtils:210] start_event_handle_service,begin to run!!
12-16 04:50:22.507 3006 3006 D hpplay-base: [LelinkBase:576] startAllServer success .
12-16 04:50:22.507 3006 3006 D hpplay-base: [jniBridge:894] startDlna_link:http://192.168.0.18:49152/description.xml
12-16 04:50:22.507 3006 5379 D hpplay-base: [jniBridge:1081] notifyJavaDlnalink:http://192.168.0.18:49152/description.xml
12-16 04:50:22.507 3006 5379 D hpplay-base: [jniBridge:1726] notifyJava, what:207, castType:0, mimeType:0 baseStatus:2
12-16 04:50:22.507 3006 5379 D hpplay-base: [jniBridge:1727] notifyJava sessionID:(null)
12-16 04:50:22.507 3006 5378 D hpplay-base: [REventUtils:59] create handleREventThread thread ok!!,tid is 5378
12-16 04:50:22.507 3006 5377 D hpplay-base: [AEventUtils:171] create handle AEvent thread ok!!,tid is 5377
12-16 04:50:22.508 3006 5379 I hpplay-java: [Thread-83]:Bridge:notify: what: 207
12-16 04:50:22.508 3006 5376 D hpplay-base: [mDNSEmbeded:217] http_port bind check 217 http_port_check
12-16 04:50:22.508 3006 5376 D hpplay-base: [mDNSEmbeded:222] http_port bind check 222 http_port_check
12-16 04:50:22.509 3006 5379 I hpplay-java: [Thread-83]:Bridge:notify: out: OutParameters:{audioSessionId=-1, audiotrackIndex=0, castHandleType=-1, castType=0, deviceName='http://192.168.0.18:49152/description.xml', dlnaName='', dramaID='', extra=0, frameHandleType=-1, handleInside=true, headduration=0, header='', headers=null, isAD=false, isMultiMirror=false, lelinkVer='', limitTime=0, , mediaAlbum='null', mediaAlbumArtURI='', mediaArtist='null', mediaAssets='', mediaTitle='null', mimeType=0, multiSession=null, period=0, pinCode='', playSpeed=0.0, playerChoice=0, plugin=0, port=0, position=0.0, positionUnit=2, protocol=0, realSessionID='', regType='', , sinkIp='', sourceAPPVersion='', sourceChannel='', sourceClientInfo='', sourceDeviceInfo='', sourceDeviceModel='', sourceDeviceName='', sourceDeviceType=0, sourceHID='', , sourceInfo='', , , sourceOSVersion='', sourceSDKVersion='', sourceUid='', stopDetail=0, stopReason=0, tailduration=0, url='', urlID='', urls=null, userAgent='', videoDecoder=0, volume=0, what=207}com.hpplay.sdk.sink.protocol.OutParameters@248141a
12-16 04:50:22.509 3006 5379 I hpplay-java: [Thread-83]:Bridge:notify: address:82619211
12-16 04:50:22.510 3006 5376 D hpplay-base: [mDNSEmbeded:234] http_port bind check 234 http_port_check port:52266
12-16 04:50:22.510 3006 5376 D hpplay-base: [mDNSEmbeded:237] http_port bind check 237 http_port_check
12-16 04:50:22.511 3006 5381 D hpplay-base: [lelinkSinkServer:93] new client connection from 127.0.0.1 44702, fd=135
12-16 04:50:22.511 3006 5381 D hpplay-base: [SinkContext:137] addSinkContextSession,begin to run!!
12-16 04:50:22.511 3006 5381 D hpplay-base: [SinkContext:142] addSinkContextSession,begin to get lock!!
12-16 04:50:22.511 3006 5381 D hpplay-base: [SinkContext:144] addSinkContextSession,get lock ok!!
12-16 04:50:22.511 3006 5381 D hpplay-base: [SinkContext:149] addSinkContextSession,session list is null,begin to malloc!!
12-16 04:50:22.511 3006 5381 D hpplay-base: [SinkContext:156] addSinkContextSession,begin to update!!
12-16 04:50:22.511 3006 5381 D hpplay-base: [SinkContext:160] addSinkContextSession,begin to update header!!
12-16 04:50:22.511 3006 5381 D hpplay-base: [SinkContext:172] addSinkContextSession,begin to unlock!!
