12-14 03:23:02.215 500 500 I hwservicemanager: getTransport: Cannot find entry android.hardware.graphics.mapper@4.0::IMapper/default in either framework or device VINTF manifest.
12-14 03:23:02.221 1500 4136 I AdrenoGLES-0: PFP: 0x016dd093, ME: 0x00000000
12-14 03:23:02.233 1500 4136 D libEGL : MSAA-->msaa:4 gamemode:0 4x_msaa:0
12-14 03:23:02.234 1500 4136 D libEGL : MSAA-->msaa:4 gamemode:0 4x_msaa:0
12-14 03:23:02.234 1500 4136 D libEGL : MSAA-->msaa:4 gamemode:0 4x_msaa:0
12-14 03:23:02.254 2339 2339 D CompatibilityChangeReporter: Compat change id reported: 171228096; UID 1000; state: ENABLED
12-14 03:23:02.263 2339 2339 D AvatarViewMixin: Feature disabled by config. Skipping
12-14 03:23:02.267 2502 2525 D QCCAuthMgr: SMQContentProvider query uri: content://com.qti.smq.Feedback.provider/smq_settings, selection: key=?, uri_matcher: 1
12-14 03:23:02.267 2502 2525 D QCCAuthMgr: SMQContentProvider query tableName: smq_settings
12-14 03:23:02.270 2339 2339 D PrefCtrlListHelper: Could not find Context-only controller for pref: com.android.settings.network.TopLevelNetworkEntryPreferenceController
12-14 03:23:02.271 2339 2339 D PrefCtrlListHelper: Could not find Context-only controller for pref: com.android.settings.connecteddevice.TopLevelConnectedDevicesPreferenceController
12-14 03:23:02.271 2339 2339 D PrefCtrlListHelper: Could not find Context-only controller for pref: com.android.settings.fuelgauge.TopLevelBatteryPreferenceController
12-14 03:23:02.271 2339 2339 D PrefCtrlListHelper: Could not find Context-only controller for pref: com.android.settings.deviceinfo.TopLevelStoragePreferenceController
12-14 03:23:02.271 2339 2339 D PrefCtrlListHelper: Could not find Context-only controller for pref: com.android.settings.display.TopLevelDisplayPreferenceController
12-14 03:23:02.271 2339 2339 D PrefCtrlListHelper: Could not find Context-only controller for pref: com.android.settings.display.TopLevelWallpaperPreferenceController
12-14 03:23:02.272 2339 2339 D PrefCtrlListHelper: Could not find Context-only controller for pref: com.android.settings.accessibility.TopLevelAccessibilityPreferenceController
12-14 03:23:02.272 2339 2339 D PrefCtrlListHelper: Could not find Context-only controller for pref: com.android.settings.security.TopLevelSecurityEntryPreferenceController
12-14 03:23:02.272 2339 2339 D PrefCtrlListHelper: Could not find Context-only controller for pref: com.android.settings.location.TopLevelLocationPreferenceController
12-14 03:23:02.272 2339 2339 D PrefCtrlListHelper: Could not find Context-only controller for pref: com.android.settings.accounts.TopLevelAccountEntryPreferenceController
12-14 03:23:02.272 2339 2339 D PrefCtrlListHelper: Could not find Context-only controller for pref: com.android.settings.deviceinfo.aboutphone.TopLevelAboutDevicePreferenceController
12-14 03:23:02.272 2339 2339 D PrefCtrlListHelper: Could not find Context-only controller for pref: com.android.settings.support.SupportPreferenceController
12-14 03:23:02.276 1500 2361 E UserRestrictionsUtils: Unknown restriction queried by uid 1000 (com.android.wallpaperbackup et al): null
12-14 03:23:02.277 1500 2321 E UserRestrictionsUtils: Unknown restriction queried by uid 1000 (com.android.wallpaperbackup et al): null
12-14 03:23:02.277 1500 2321 E UserRestrictionsUtils: Unknown restriction queried by uid 1000 (com.android.wallpaperbackup et al): null
12-14 03:23:02.277 1500 2321 E UserRestrictionsUtils: Unknown restriction queried by uid 1000 (com.android.wallpaperbackup et al): null
12-14 03:23:02.278 1500 2321 E UserRestrictionsUtils: Unknown restriction queried by uid 1000 (com.android.wallpaperbackup et al): null
12-14 03:23:02.278 1500 2321 E UserRestrictionsUtils: Unknown restriction queried by uid 1000 (com.android.wallpaperbackup et al): null
12-14 03:23:02.279 1500 2321 E UserRestrictionsUtils: Unknown restriction queried by uid 1000 (com.android.wallpaperbackup et al): null
12-14 03:23:02.279 1500 2321 E UserRestrictionsUtils: Unknown restriction queried by uid 1000 (com.android.wallpaperbackup et al): null
12-14 03:23:02.279 1500 2321 E UserRestrictionsUtils: Unknown restriction queried by uid 1000 (com.android.wallpaperbackup et al): null
12-14 03:23:02.279 1500 2321 E UserRestrictionsUtils: Unknown restriction queried by uid 1000 (com.android.wallpaperbackup et al): null
12-14 03:23:02.280 1500 2321 E UserRestrictionsUtils: Unknown restriction queried by uid 1000 (com.android.wallpaperbackup et al): null
12-14 03:23:02.280 1500 2321 E UserRestrictionsUtils: Unknown restriction queried by uid 1000 (com.android.wallpaperbackup et al): null
12-14 03:23:02.280 1500 2321 E UserRestrictionsUtils: Unknown restriction queried by uid 1000 (com.android.wallpaperbackup et al): null
12-14 03:23:02.280 1500 2321 E UserRestrictionsUtils: Unknown restriction queried by uid 1000 (com.android.wallpaperbackup et al): null
12-14 03:23:02.280 1500 2321 E UserRestrictionsUtils: Unknown restriction queried by uid 1000 (com.android.wallpaperbackup et al): null
12-14 03:23:02.281 1500 2321 E UserRestrictionsUtils: Unknown restriction queried by uid 1000 (com.android.wallpaperbackup et al): null
12-14 03:23:02.281 1500 2321 E UserRestrictionsUtils: Unknown restriction queried by uid 1000 (com.android.wallpaperbackup et al): null
12-14 03:23:02.281 1500 2321 E UserRestrictionsUtils: Unknown restriction queried by uid 1000 (com.android.wallpaperbackup et al): null
12-14 03:23:02.282 2339 2339 W InstrumentedPrefFrag: Screen title missing for fragment com.android.settings.homepage.TopLevelSettings
12-14 03:23:02.287 2339 2339 D TopLevelSettings: NO dashboard tiles for TopLevelSettings
12-14 03:23:02.287 2339 2339 D TopLevelSettings: All preferences added, reporting fully drawn
12-14 03:23:02.305 2339 2339 W BatteryBroadcastRcvr: Problem reading the battery meter.
12-14 03:23:02.307 2339 2339 I TopLevelSettings: TopLevelSettings: TopLevelSettings::com.android.settings.network.NetworkDashboardFragment
12-14 03:23:02.318 2339 2339 W UnsafeUtil: platform method missing - proto runtime falling back to safer methods: java.lang.NoSuchMethodException: sun.misc.Unsafe.copyMemory [class java.lang.Object, long, class java.lang.Object, long, long]
12-14 03:23:02.324 2339 4141 D UsageGraph: No enabled state changed, skipping updateCategory call
12-14 03:23:02.333 2339 2339 W BatteryBroadcastRcvr: Problem reading the battery meter.
12-14 03:23:02.355 2339 2470 D BatteryInfo: time for getStats: 1ms
12-14 03:23:02.355 2339 4140 D BatteryTipLoader: BatteryInfoLoader post query: 1ms
12-14 03:23:02.355 2339 2470 D BatteryInfo: time for regular BatteryInfo: 0ms
12-14 03:23:02.355 2339 4140 D BatteryInfo: time for getBatteryInfo: 0ms
12-14 03:23:02.355 2339 2470 D BatteryInfo: time for getBatteryInfo: 0ms
12-14 03:23:02.355 2339 4140 D BatteryTipLoader: BatteryInfoLoader.loadInBackground: 1ms
12-14 03:23:02.375 2339 4145 D BatteryInfo: time for getStats: 0ms
12-14 03:23:02.376 2339 4145 D BatteryInfo: time for regular BatteryInfo: 1ms
12-14 03:23:02.379 2339 4145 D BatteryInfo: time for getBatteryInfo: 3ms
12-14 03:23:02.382 2339 4146 D BatteryTipLoader: BatteryInfoLoader post query: 0ms
12-14 03:23:02.382 2339 4146 D BatteryInfo: time for getBatteryInfo: 0ms
12-14 03:23:02.382 2339 4146 D BatteryTipLoader: BatteryInfoLoader.loadInBackground: 0ms
01-01 09:21:06.975 0 0 D : mv2112_read_status
01-01 09:21:06.975 0 0 D mv2112_update_link: 3.0x901(1G): 0x80
01-01 09:21:06.975 0 0 D mv2112_update_link: 3.0x8109(100M): 0x8
01-01 09:21:06.975 0 0 D mv2112_update_link: link 0x0
01-01 09:21:06.975 0 0 D mv2112_read_status: autoneg is disabled
12-14 03:23:02.449 2339 2339 D BatteryInfo: time for callback: 0ms
12-14 03:23:02.449 2339 2339 D BatteryInfo: time for callback: 0ms
12-14 03:23:02.450 1500 1595 I EventSequenceValidator: dec AccIntentStartedEvents to 1
12-14 03:23:02.454 1500 1592 I ActivityTaskManager: Displayed com.android.settings/.Settings: +392ms
12-14 03:23:02.455 1500 1592 I ActivityTaskManager: Fully drawn com.android.settings/.Settings: +392ms
12-14 03:23:02.455 2339 2339 I TetheringManager: registerTetheringEventCallback:com.android.settings
12-14 03:23:02.457 2339 2339 D PrefCtrlListHelper: Could not find Context-only controller for pref: com.android.settings.network.MultiNetworkHeaderController
12-14 03:23:02.457 2339 2339 D PrefCtrlListHelper: Could not find Context-only controller for pref: com.android.settings.network.AirplaneModePreferenceController
12-14 03:23:02.457 2339 2339 D PrefCtrlListHelper: Could not find Context-only controller for pref: com.android.settings.network.AllInOneTetherPreferenceController
12-14 03:23:02.457 2339 2339 D PrefCtrlListHelper: Could not find Context-only controller for pref: com.android.settings.network.AdaptiveConnectivityPreferenceController
12-14 03:23:02.463 640 655 I mpu_uart: [MSG-P:RECV]:No message received in 1000 ms
12-14 03:23:02.464 2339 2339 D MobilePlanPrefContr: onCreate: mMobilePlanDialogMessage=null
12-14 03:23:02.465 2339 2339 D BluetoothPan: Binding service...
12-14 03:23:02.467 1500 2321 E UserRestrictionsUtils: Unknown restriction queried by uid 1000 (com.android.wallpaperbackup et al): null
12-14 03:23:02.475 2339 2339 D NetworkDashboardFrag: NO dashboard tiles for NetworkDashboardFrag
12-14 03:23:02.475 2339 2339 D NetworkDashboardFrag: All preferences added, reporting fully drawn
12-14 03:23:02.484 1500 2037 D ConnectivityService: requestNetwork for uid/pid:1000/2339 activeRequest: null callbackRequest: 32 [NetworkRequest [ REQUEST id=33, [ Capabilities: INTERNET&NOT_RESTRICTED&TRUSTED&NOT_VCN_MANAGED Uid: 1000 RequestorUid: 1000 RequestorPkg: com.android.settings] ]] callback flags: 0 priority: 2147483647
12-14 03:23:02.484 1500 1896 D ConnectivityService: NetReassign [33 : null → 100]
12-14 03:23:02.485 1500 2037 D ConnectivityService: requestNetwork for uid/pid:1000/2339 activeRequest: null callbackRequest: 35 [NetworkRequest [ REQUEST id=36, [ Capabilities: INTERNET&NOT_RESTRICTED&TRUSTED&NOT_VCN_MANAGED Uid: 1000 RequestorUid: 1000 RequestorPkg: com.android.settings] ]] callback flags: 0 priority: 2147483647
12-14 03:23:02.486 1500 1966 D Ethernet: got request NetworkRequest [ REQUEST id=33, [ Capabilities: INTERNET&NOT_RESTRICTED&TRUSTED&NOT_VCN_MANAGED Uid: 1000 RequestorUid: 1000 RequestorPkg: com.android.settings] ]
12-14 03:23:02.486 1500 1966 D EthernetNetworkFactory: acceptRequest, request: NetworkRequest [ REQUEST id=33, [ Capabilities: INTERNET&NOT_RESTRICTED&TRUSTED&NOT_VCN_MANAGED Uid: 1000 RequestorUid: 1000 RequestorPkg: com.android.settings] ]
12-14 03:23:02.486 1500 1966 I EthernetNetworkFactory: networkForRequest, request: NetworkRequest [ REQUEST id=33, [ Capabilities: INTERNET&NOT_RESTRICTED&TRUSTED&NOT_VCN_MANAGED Uid: 1000 RequestorUid: 1000 RequestorPkg: com.android.settings] ], network: null
12-14 03:23:02.487 1500 1860 D WifiNetworkFactory: got request NetworkRequest [ REQUEST id=33, [ Capabilities: INTERNET&NOT_RESTRICTED&TRUSTED&NOT_VCN_MANAGED Uid: 1000 RequestorUid: 1000 RequestorPkg: com.android.settings] ]
12-14 03:23:02.487 1500 1860 D UntrustedWifiNetworkFactory: got request NetworkRequest [ REQUEST id=33, [ Capabilities: INTERNET&NOT_RESTRICTED&TRUSTED&NOT_VCN_MANAGED Uid: 1000 RequestorUid: 1000 RequestorPkg: com.android.settings] ]
12-14 03:23:02.487 1500 1860 D OemPaidWifiNetworkFactory: got request NetworkRequest [ REQUEST id=33, [ Capabilities: INTERNET&NOT_RESTRICTED&TRUSTED&NOT_VCN_MANAGED Uid: 1000 RequestorUid: 1000 RequestorPkg: com.android.settings] ]
12-14 03:23:02.487 2339 2339 I TetheringManager: registerTetheringEventCallback caller:com.android.settings
12-14 03:23:02.488 1500 1896 D ConnectivityService: NetReassign [no changes]
12-14 03:23:02.491 1500 1896 D ConnectivityService: NetReassign [36 : null → 100]
12-14 03:23:02.493 1500 2321 D ConnectivityService: requestNetwork for uid/pid:1000/2339 activeRequest: null callbackRequest: 38 [NetworkRequest [ REQUEST id=39, [ Capabilities: INTERNET&NOT_RESTRICTED&TRUSTED&NOT_VCN_MANAGED Uid: 1000 RequestorUid: 1000 RequestorPkg: com.android.settings] ]] callback flags: 1 priority: 2147483647
12-14 03:23:02.495 2339 2339 D BluetoothPan: Binding service...
12-14 03:23:02.496 1500 1966 D Ethernet: got request NetworkRequest [ REQUEST id=36, [ Capabilities: INTERNET&NOT_RESTRICTED&TRUSTED&NOT_VCN_MANAGED Uid: 1000 RequestorUid: 1000 RequestorPkg: com.android.settings] ]
12-14 03:23:02.496 1500 1966 D EthernetNetworkFactory: acceptRequest, request: NetworkRequest [ REQUEST id=36, [ Capabilities: INTERNET&NOT_RESTRICTED&TRUSTED&NOT_VCN_MANAGED Uid: 1000 RequestorUid: 1000 RequestorPkg: com.android.settings] ]
12-14 03:23:02.496 1500 1966 I EthernetNetworkFactory: networkForRequest, request: NetworkRequest [ REQUEST id=36, [ Capabilities: INTERNET&NOT_RESTRICTED&TRUSTED&NOT_VCN_MANAGED Uid: 1000 RequestorUid: 1000 RequestorPkg: com.android.settings] ], network: null
12-14 03:23:02.498 2339 2339 D SubscriptionsChangeListener: Start
12-14 03:23:02.502 1500 1860 D WifiNetworkFactory: got request NetworkRequest [ REQUEST id=36, [ Capabilities: INTERNET&NOT_RESTRICTED&TRUSTED&NOT_VCN_MANAGED Uid: 1000 RequestorUid: 1000 RequestorPkg: com.android.settings] ]
12-14 03:23:02.502 2339 2339 D MobileNetworkSummaryStatus: network summary query
12-14 03:23:02.503 1500 1860 D UntrustedWifiNetworkFactory: got request NetworkRequest [ REQUEST id=36, [ Capabilities: INTERNET&NOT_RESTRICTED&TRUSTED&NOT_VCN_MANAGED Uid: 1000 RequestorUid: 1000 RequestorPkg: com.android.settings] ]
12-14 03:23:02.503 1500 1860 D OemPaidWifiNetworkFactory: got request NetworkRequest [ REQUEST id=36, [ Capabilities: INTERNET&NOT_RESTRICTED&TRUSTED&NOT_VCN_MANAGED Uid: 1000 RequestorUid: 1000 RequestorPkg: com.android.settings] ]
12-14 03:23:02.503 2339 4168 E TelephonyManager: Error in getUiccCardsInfo: unable to connect to Telephony service.
12-14 03:23:02.504 2339 4165 W MobileNetworkUtils: EuiccManager is not enabled.
12-14 03:23:02.504 2339 2339 W SelectableSubscriptions: Fail to request subIdList
12-14 03:23:02.504 2339 2339 W SelectableSubscriptions: java.lang.NullPointerException: Attempt to invoke interface method 'int java.util.List.size()' on a null object reference
12-14 03:23:02.504 2339 2339 W SelectableSubscriptions: at com.android.settings.network.helper.SelectableSubscriptions.call(SelectableSubscriptions.java:128)
12-14 03:23:02.504 2339 2339 W SelectableSubscriptions: at com.android.settings.network.MobileNetworkSummaryStatus.getSubscriptions(MobileNetworkSummaryStatus.java:158)
12-14 03:23:02.504 2339 2339 W SelectableSubscriptions: at com.android.settings.network.MobileNetworkSummaryStatus.update(MobileNetworkSummaryStatus.java:88)
12-14 03:23:02.504 2339 2339 W SelectableSubscriptions: at com.android.settings.network.MobileNetworkSummaryController.update(MobileNetworkSummaryController.java:170)
12-14 03:23:02.504 2339 2339 W SelectableSubscriptions: at com.android.settings.network.MobileNetworkSummaryController.onResume(MobileNetworkSummaryController.java:95)
12-14 03:23:02.504 2339 2339 W SelectableSubscriptions: at java.lang.reflect.Method.invoke(Native Method)
12-14 03:23:02.504 2339 2339 W SelectableSubscriptions: at androidx.lifecycle.ClassesInfoCache$MethodReference.invokeCallback(ClassesInfoCache.java:216)
12-14 03:23:02.504 2339 2339 W SelectableSubscriptions: at androidx.lifecycle.ClassesInfoCache$CallbackInfo.invokeMethodsForEvent(ClassesInfoCache.java:194)
12-14 03:23:02.504 2339 2339 W SelectableSubscriptions: at androidx.lifecycle.ClassesInfoCache$CallbackInfo.invokeCallbacks(ClassesInfoCache.java:185)
12-14 03:23:02.504 2339 2339 W SelectableSubscriptions: at androidx.lifecycle.ReflectiveGenericLifecycleObserver.onStateChanged(ReflectiveGenericLifecycleObserver.java:37)
12-14 03:23:02.504 2339 2339 W SelectableSubscriptions: at androidx.lifecycle.LifecycleRegistry$ObserverWithState.dispatchEvent(LifecycleRegistry.java:354)
12-14 03:23:02.504 2339 2339 W SelectableSubscriptions: at androidx.lifecycle.LifecycleRegistry.forwardPass(LifecycleRegistry.java:265)
12-14 03:23:02.504 2339 2339 W SelectableSubscriptions: at androidx.lifecycle.LifecycleRegistry.sync(LifecycleRegistry.java:307)
12-14 03:23:02.504 2339 2339 W SelectableSubscriptions: at androidx.lifecycle.LifecycleRegistry.moveToState(LifecycleRegistry.java:148)
12-14 03:23:02.504 2339 2339 W SelectableSubscriptions: at androidx.lifecycle.LifecycleRegistry.handleLifecycleEvent(LifecycleRegistry.java:134)
12-14 03:23:02.504 2339 2339 W SelectableSubscriptions: at com.android.settingslib.core.lifecycle.ObservablePreferenceFragment.onResume(ObservablePreferenceFragment.java:87)
12-14 03:23:02.504 2339 2339 W SelectableSubscriptions: at com.android.settings.core.InstrumentedPreferenceFragment.onResume(InstrumentedPreferenceFragment.java:77)
12-14 03:23:02.504 2339 2339 W SelectableSubscriptions: at com.android.settings.SettingsPreferenceFragment.onResume(SettingsPreferenceFragment.java:198)
12-14 03:23:02.504 2339 2339 W SelectableSubscriptions: at com.android.settings.dashboard.DashboardFragment.onResume(DashboardFragment.java:219)
12-14 03:23:02.504 2339 2339 W SelectableSubscriptions: at androidx.fragment.app.Fragment.performResume(Fragment.java:3029)
12-14 03:23:02.504 2339 2339 W SelectableSubscriptions: at androidx.fragment.app.FragmentStateManager.resume(FragmentStateManager.java:583)
12-14 03:23:02.504 2339 2339 W SelectableSubscriptions: at androidx.fragment.app.FragmentStateManager.moveToExpectedState(FragmentStateManager.java:282)
12-14 03:23:02.504 2339 2339 W SelectableSubscriptions: at androidx.fragment.app.SpecialEffectsController$FragmentStateManagerOperation.complete(SpecialEffectsController.java:742)
12-14 03:23:02.504 2339 2339 W SelectableSubscriptions: at androidx.fragment.app.SpecialEffectsController$Operation.completeSpecialEffect(SpecialEffectsController.java:669)
12-14 03:23:02.504 2339 2339 W SelectableSubscriptions: at androidx.fragment.app.DefaultSpecialEffectsController$SpecialEffectsInfo.completeSpecialEffect(DefaultSpecialEffectsController.java:755)
12-14 03:23:02.504 2339 2339 W SelectableSubscriptions: at androidx.fragment.app.DefaultSpecialEffectsController.startAnimations(DefaultSpecialEffectsController.java:147)
12-14 03:23:02.504 2339 2339 W SelectableSubscriptions: at androidx.fragment.app.DefaultSpecialEffectsController.executeOperations(DefaultSpecialEffectsController.java:120)
12-14 03:23:02.504 2339 2339 W SelectableSubscriptions: at androidx.fragment.app.SpecialEffectsController.executePendingOperations(SpecialEffectsController.java:294)
12-14 03:23:02.504 2339 2339 W SelectableSubscriptions: at androidx.fragment.app.FragmentManager.executeOpsTogether(FragmentManager.java:2222)
12-14 03:23:02.504 2339 2339 W SelectableSubscriptions: at androidx.fragment.app.FragmentManager.removeRedundantOperationsAndExecute(FragmentManager.java:2120)
12-14 03:23:02.504 2339 2339 W SelectableSubscriptions: at androidx.fragment.app.FragmentManager.execPendingActions(FragmentManager.java:2022)
12-14 03:23:02.504 2339 2339 W SelectableSubscriptions: at androidx.fragment.app.FragmentManager.executePendingTransactions(FragmentManager.java:603)
12-14 03:23:02.504 2339 2339 W SelectableSubscriptions: at com.android.settings.homepage.SettingsHomepageActivity.addFragment(SettingsHomepageActivity.java:450)
12-14 03:23:02.504 2339 2339 W SelectableSubscriptions: at com.android.settings.homepage.SettingsHomepageActivity.lambda$changeSettingsDetailsFragment$4(SettingsHomepageActivity.java:426)
12-14 03:23:02.504 2339 2339 W SelectableSubscriptions: at com.android.settings.homepage.SettingsHomepageActivity.$r8$lambda$CqOfnAceDxvOR2buhHdxOyMQieE(Unknown Source:0)
12-14 03:23:02.504 2339 2339 W SelectableSubscriptions: at com.android.settings.homepage.SettingsHomepageActivity$$ExternalSyntheticLambda3.run(Unknown Source:10)
12-14 03:23:02.504 2339 2339 W SelectableSubscriptions: at android.os.Handler.handleCallback(Handler.java:938)
12-14 03:23:02.504 2339 2339 W SelectableSubscriptions: at android.os.Handler.dispatchMessage(Handler.java:99)
12-14 03:23:02.504 2339 2339 W SelectableSubscriptions: at android.os.Looper.loopOnce(Looper.java:201)
12-14 03:23:02.504 2339 2339 W SelectableSubscriptions: at android.os.Looper.loop(Looper.java:288)
12-14 03:23:02.504 2339 2339 W SelectableSubscriptions: at android.app.ActivityThread.main(ActivityThread.java:7880)
12-14 03:23:02.504 2339 2339 W SelectableSubscriptions: at java.lang.reflect.Method.invoke(Native Method)
12-14 03:23:02.504 2339 2339 W SelectableSubscriptions: at com.android.internal.os.RuntimeInit$MethodAndArgsCaller.run(RuntimeInit.java:548)
12-14 03:23:02.504 2339 2339 W SelectableSubscriptions: at com.android.internal.os.ZygoteInit.main(ZygoteInit.java:1009)
12-14 03:23:02.504 2339 2339 D MobileNetworkSummaryStatus: network summary query ignored
12-14 03:23:02.504 1500 1896 D ConnectivityService: NetReassign [no changes]
12-14 03:23:02.504 2339 2339 D SubscriptionsChangeListener: Start
12-14 03:23:02.507 1500 1896 D ConnectivityService: NetReassign [39 : null → 100]
12-14 03:23:02.509 1500 1966 D Ethernet: got request NetworkRequest [ REQUEST id=39, [ Capabilities: INTERNET&NOT_RESTRICTED&TRUSTED&NOT_VCN_MANAGED Uid: 1000 RequestorUid: 1000 RequestorPkg: com.android.settings] ]
12-14 03:23:02.509 1500 1966 D EthernetNetworkFactory: acceptRequest, request: NetworkRequest [ REQUEST id=39, [ Capabilities: INTERNET&NOT_RESTRICTED&TRUSTED&NOT_VCN_MANAGED Uid: 1000 RequestorUid: 1000 RequestorPkg: com.android.settings] ]
12-14 03:23:02.509 1500 1966 I EthernetNetworkFactory: networkForRequest, request: NetworkRequest [ REQUEST id=39, [ Capabilities: INTERNET&NOT_RESTRICTED&TRUSTED&NOT_VCN_MANAGED Uid: 1000 RequestorUid: 1000 RequestorPkg: com.android.settings] ], network: null
12-14 03:23:02.511 1500 1860 D WifiNetworkFactory: got request NetworkRequest [ REQUEST id=39, [ Capabilities: INTERNET&NOT_RESTRICTED&TRUSTED&NOT_VCN_MANAGED Uid: 1000 RequestorUid: 1000 RequestorPkg: com.android.settings] ]
12-14 03:23:02.511 1500 1860 D UntrustedWifiNetworkFactory: got request NetworkRequest [ REQUEST id=39, [ Capabilities: INTERNET&NOT_RESTRICTED&TRUSTED&NOT_VCN_MANAGED Uid: 1000 RequestorUid: 1000 RequestorPkg: com.android.settings] ]
12-14 03:23:02.513 1500 1860 D OemPaidWifiNetworkFactory: got request NetworkRequest [ REQUEST id=39, [ Capabilities: INTERNET&NOT_RESTRICTED&TRUSTED&NOT_VCN_MANAGED Uid: 1000 RequestorUid: 1000 RequestorPkg: com.android.settings] ]
12-14 03:23:02.513 1500 1896 D ConnectivityService: NetReassign [no changes]
12-14 03:23:02.514 1500 2079 W ScanResultUtil: Empty or null ScanResult list
12-14 03:23:02.514 1500 2079 W WifiService: Attempt to retrieve WifiConfiguration with invalid scanResult List
12-14 03:23:02.514 1500 2079 W ScanResultUtil: Empty or null ScanResult list
12-14 03:23:02.514 1500 2079 E WifiService: Attempt to retrieve passpoint with invalid scanResult List
12-14 03:23:02.515 1500 2079 W ScanResultUtil: Empty or null ScanResult list
12-14 03:23:02.515 1500 2079 W WifiService: Attempt to retrieve OsuProviders with invalid scanResult List
12-14 03:23:02.516 1500 1896 D ConnectivityService: NetReassign [no changes]
12-14 03:23:02.536 1500 2321 I WifiService: startScan uid=1000
12-14 03:23:02.542 1283 3928 D LOWI-9.0.0.87.a: [LOWI-Scan] wait_event:Wait done with Cmd 33
12-14 03:23:02.542 1283 3928 D LOWI-9.0.0.87.a: [LOWI-Scan] do_listen_events: Rcvd valid Netlink Cmd 0 Err 0
12-14 03:23:02.550 2339 2339 D BluetoothPan: Proxy object connected
12-14 03:23:02.552 1500 2037 W ScanResultUtil: Empty or null ScanResult list
12-14 03:23:02.552 1500 2037 W WifiService: Attempt to retrieve WifiConfiguration with invalid scanResult List
12-14 03:23:02.553 1500 2037 W ScanResultUtil: Empty or null ScanResult list
12-14 03:23:02.553 1500 2037 E WifiService: Attempt to retrieve passpoint with invalid scanResult List
12-14 03:23:02.553 1500 2037 W ScanResultUtil: Empty or null ScanResult list
12-14 03:23:02.553 1500 2037 W WifiService: Attempt to retrieve OsuProviders with invalid scanResult List
12-14 03:23:02.554 2339 2339 D BluetoothPan: Proxy object connected
12-14 03:23:02.571 0 0 W swapper/3: type=1400 audit(0.0:276): avc: denied { kill } for capability=5 scontext=u:r:kernel:s0 tcontext=u:r:kernel:s0 tclass=capability permissive=0
01-01 09:21:07.115 0 0 I [schedu][0x3d13bce9][03:23:02.575639] wlan: [3400:I:OSIF] scan start scan id 40965
12-14 03:23:02.677 2529 2529 D StateManager: goToState: Normal
12-14 03:23:02.685 3816 3830 I GameMode_ActivityMonitoringService: onForegroundActivitiesChanged uid 10080 pid 2529 fg false
12-14 03:23:02.687 3816 3834 I GameMode_ActivityMonitoringService: Updating top task to: TaskInfoContainer [topActivity=ComponentInfo{com.android.settings/com.android.settings.Settings}, taskId=27, stackId=27, userId=0, displayId=0, position=6
12-14 03:23:02.688 3816 3834 I GameMode_ActivityMonitoringService: Notifying about top task: TaskInfoContainer [topActivity=ComponentInfo{com.android.settings/com.android.settings.Settings}, taskId=27, stackId=27, userId=0, displayId=0, position=6
12-14 03:23:02.688 3816 3834 E GameMode_ActivityMonitoringService: onActivityLaunch:com.android.settings
12-14 03:23:02.688 3816 3834 V GameMode_GameTypeUtils: judge isGame:com.android.settings
12-14 03:23:02.688 3816 3834 V GameMode_GpuUtils: fps:60
12-14 03:23:02.690 3816 3834 D GameMode_GameModeActionUtils: Show GameMode entry by service!
12-14 03:23:02.690 3816 3834 W ContextImpl: Calling a method in the system process without a qualified user: android.app.ContextImpl.startService:1816 android.content.ContextWrapper.startService:774 com.thundercomm.gamemode.ingame.services.GameModeActionUtils.startGameModeService:99 com.thundercomm.gamemode.ingame.services.GameModeActionUtils.startGameModeEntry:22 com.thundercomm.gamemode.ingame.services.ActivityMonitoringService$1.onActivityLaunch:127
12-14 03:23:02.691 3816 3816 D GameMode_GameModeService: type=hide_entry
12-14 03:23:02.692 3816 3834 D GameModeIF_GameModeSettings: getUriFor setting_content_uri_root = content://com.thundercomm.gamemode.api/gamemode_settings , name = gamemode_isgaming
12-14 03:23:02.694 1500 1500 I GameModeConfig: Current uri is uri = content://com.thundercomm.gamemode.api/gamemode_settings/gamemode_isgaming
12-14 03:23:02.694 1500 1500 D GameModeIF_GameModeSettings: getUriFor setting_content_uri_root = content://com.thundercomm.gamemode.api/gamemode_settings , name = gamemode_isgaming
12-14 03:23:02.695 1500 1500 I GameModeConfig: isGameModeOn = true
12-14 03:23:02.695 1500 1500 I GameModeConfig: isGaming = false
12-14 03:23:02.695 1500 1500 I GameModeConfig: isGameModeOn = true
12-14 03:23:02.695 1500 1500 I GameModeConfig: isGaming = false
12-14 03:23:02.695 1500 1500 I GameModeConfig: isDisableVoice = true
12-14 03:23:02.696 3816 3834 D GameModeIF_GameModeSettings: gamemode_isgaming set to 0
12-14 03:23:02.699 3816 3816 D GameMode_GameSettingsObserver: Game Data change!!!! uri = content://com.thundercomm.gamemode.api/gamemode_settings/gamemode_isgaming
12-14 03:23:02.699 3816 3816 D GameModeIF_GameModeSettings: getUriFor setting_content_uri_root = content://com.thundercomm.gamemode.api/gamemode_settings , name = gamemode_isgaming
12-14 03:23:02.701 3816 3816 D GameMode_GameModeService: updateGlobalSettings = gamemode_isgaming
12-14 03:23:02.710 1500 1596 W Choreographer: Frame time is 0.19638 ms in the future! Check that graphics HAL is generating vsync timestamps using the correct timebase.
12-14 03:23:02.710 2000 2128 W Choreographer: Frame time is 0.172839 ms in the future! Check that graphics HAL is generating vsync timestamps using the correct timebase.
12-14 03:23:02.710 2339 2339 W Choreographer: Frame time is 0.147682 ms in the future! Check that graphics HAL is generating vsync timestamps using the correct timebase.
12-14 03:23:02.710 2000 2000 W Choreographer: Frame time is 0.168568 ms in the future! Check that graphics HAL is generating vsync timestamps using the correct timebase.
12-14 03:23:02.710 2529 2529 W Choreographer: Frame time is 0.081172 ms in the future! Check that graphics HAL is generating vsync timestamps using the correct timebase.
12-14 03:23:02.717 2000 2469 I OpenGLRenderer: Davey! duration=9223371985581ms; Flags=0, FrameTimelineVsyncId=2249, IntendedVsync=51266646081, Vsync=51266646081, InputEventId=0, HandleInputStart=51266963260, AnimationStart=51266964666, PerformTraversalsStart=51267508624, DrawStart=51267540864, FrameDeadline=51299979413, FrameInterval=51266959978, FrameStartTime=16666666, SyncQueued=51268412218, SyncStart=51275070291, IssueDrawCommandsStart=51275170083, SwapBuffers=51275549510, FrameCompleted=9223372036854775807, DequeueBufferDuration=11407, QueueBufferDuration=439791, GpuCompleted=9223372036854775807, SwapBuffersCompleted=51276196906, DisplayPresentTime=72903303180256065,
12-14 03:23:02.841 1500 2037 W InputManager-JNI: Input channel object 'c9c54d0 Splash Screen com.android.settings (client)' was disposed without first being removed with the input manager!
12-14 03:23:03.307 2716 2716 I hpplay-java: [main]:ServiceUpdater:upLoadServiceInfo invalid deviceCode:, port:53388
01-01 09:21:07.999 0 0 D : mv2112_read_status
01-01 09:21:07.999 0 0 D mv2112_update_link: 3.0x901(1G): 0x80
01-01 09:21:07.999 0 0 D mv2112_update_link: 3.0x8109(100M): 0x8
01-01 09:21:07.999 0 0 D mv2112_update_link: link 0x0
01-01 09:21:07.999 0 0 D mv2112_read_status: autoneg is disabled
12-14 03:23:03.463 640 655 I mpu_uart: [MSG-P:RECV]:No message received in 1000 ms
12-14 03:23:03.479 640 654 I mpu_uart: [MSG-P:R]:recv sync frame timeout
12-14 03:23:03.571 0 0 W swapper/3: type=1400 audit(0.0:277): avc: denied { kill } for capability=5 scontext=u:r:kernel:s0 tcontext=u:r:kernel:s0 tclass=capability permissive=0
12-14 03:23:03.766 1500 1845 W BestClock: java.time.DateTimeException: Missing NTP fix
12-14 03:23:03.771 1500 1860 E WifiHealthMonitor: Hit PackageManager exception
12-14 03:23:03.771 1500 1860 E WifiHealthMonitor: android.content.pm.PackageManager$NameNotFoundException: No module info for package: com.android.wifi
12-14 03:23:03.771 1500 1860 E WifiHealthMonitor: at android.app.ApplicationPackageManager.getModuleInfo(ApplicationPackageManager.java:1079)
12-14 03:23:03.771 1500 1860 E WifiHealthMonitor: at com.android.server.wifi.WifiHealthMonitor.getWifiStackVersion(WifiHealthMonitor.java:365)
12-14 03:23:03.771 1500 1860 E WifiHealthMonitor: at com.android.server.wifi.WifiHealthMonitor.extractCurrentSoftwareBuildInfo(WifiHealthMonitor.java:586)
12-14 03:23:03.771 1500 1860 E WifiHealthMonitor: at com.android.server.wifi.WifiHealthMonitor.postBootSwBuildCheck(WifiHealthMonitor.java:521)
12-14 03:23:03.771 1500 1860 E WifiHealthMonitor: at com.android.server.wifi.WifiHealthMonitor.postBootDetectionHandler(WifiHealthMonitor.java:512)
12-14 03:23:03.771 1500 1860 E WifiHealthMonitor: at com.android.server.wifi.WifiHealthMonitor.access$500(WifiHealthMonitor.java:70)
12-14 03:23:03.771 1500 1860 E WifiHealthMonitor: at com.android.server.wifi.WifiHealthMonitor$2.onAlarm(WifiHealthMonitor.java:189)
12-14 03:23:03.771 1500 1860 E WifiHealthMonitor: at android.app.AlarmManager$ListenerWrapper.run(AlarmManager.java:323)
12-14 03:23:03.771 1500 1860 E WifiHealthMonitor: at android.os.Handler.handleCallback(Handler.java:938)
12-14 03:23:03.771 1500 1860 E WifiHealthMonitor: at android.os.Handler.dispatchMessage(Handler.java:99)
12-14 03:23:03.771 1500 1860 E WifiHealthMonitor: at android.os.Looper.loopOnce(Looper.java:201)
12-14 03:23:03.771 1500 1860 E WifiHealthMonitor: at android.os.Looper.loop(Looper.java:288)
12-14 03:23:03.771 1500 1860 E WifiHealthMonitor: at android.os.HandlerThread.run(HandlerThread.java:67)
12-14 03:23:03.779 1500 1845 W BestClock: java.time.DateTimeException: Missing NTP fix
12-14 03:23:03.789 1500 1846 W BestClock: java.time.DateTimeException: Missing NTP fix
12-14 03:23:03.789 1500 1846 W BestClock: java.time.DateTimeException: Missing NTP fix
12-14 03:23:03.908 803 2908 I vendor.qti.bluetooth@1.0-ibs_handler: ProcessIbsCmd: Received IBS_WAKE_IND: 0xFD
12-14 03:23:03.908 803 2908 D vendor.qti.bluetooth@1.0-ibs_handler: SerialClockVote: vote for UART CLK ON
12-14 03:23:03.909 803 2908 D vendor.qti.bluetooth@1.0-wake_lock: Acquire wakelock is acquired
12-14 03:23:03.909 803 2908 I vendor.qti.bluetooth@1.0-ibs_handler: ProcessIbsCmd: Writing IBS_WAKE_ACK
12-14 03:23:03.990 803 2908 I vendor.qti.bluetooth@1.0-ibs_handler: ProcessIbsCmd: Received IBS_SLEEP_IND: 0xFE
12-14 03:23:03.990 803 2908 D vendor.qti.bluetooth@1.0-ibs_handler: SerialClockVote: vote for UART CLK OFF
12-14 03:23:04.140 803 2497 D vendor.qti.bluetooth@1.0-wake_lock: Release wakelock is released
12-14 03:23:04.464 640 655 I mpu_uart: [MSG-P:RECV]:No message received in 1000 ms
01-01 09:21:09.023 0 0 D : mv2112_read_status
01-01 09:21:09.023 0 0 D mv2112_update_link: 3.0x901(1G): 0x80
01-01 09:21:09.023 0 0 D mv2112_update_link: 3.0x8109(100M): 0x8
01-01 09:21:09.023 0 0 D mv2112_update_link: link 0x0
01-01 09:21:09.023 0 0 D mv2112_read_status: autoneg is disabled
12-14 03:23:04.571 0 0 W swapper/3: type=1400 audit(0.0:278): avc: denied { kill } for capability=5 scontext=u:r:kernel:s0 tcontext=u:r:kernel:s0 tclass=capability permissive=0
01-01 09:21:09.332 0 0 I [schedu][0x3f9d2b16][03:23:04.792361] wlan: [3400:I:OSIF] vdev 0, scan id 40965 type COMPLETED(1) reason COMPLETED(1) scan found 74 bss
12-14 03:23:04.790 1283 3928 D LOWI-9.0.0.87.a: [LOWI-Scan] wait_event:Wait done with Cmd 34
12-14 03:23:04.791 1283 3928 D LOWI-9.0.0.87.a: [LOWI-Scan] do_listen_events: Rcvd valid Netlink Cmd 34 Err 0
12-14 03:23:04.791 1283 3928 D LOWI-9.0.0.87.a: [LOWI-Scan]
12-14 03:23:04.792 1283 3928 D LOWI-9.0.0.87.a: [LOWI-Scan] print_bss_handler: Report Probe TSF 51197879 as it greater than Beacon TSF 51197693
12-14 03:23:04.792 1283 3928 D LOWI-9.0.0.87.a: [LOWI-Scan] decode_rsn_wpa_ie: LOWI_ENCRYPTION_TYPE_WPA_PSK
12-14 03:23:04.792 1283 3928 D LOWI-9.0.0.87.a: [LOWI-Scan] is_qcom_ie, bss_age: 0
12-14 03:23:04.792 1283 3928 D LOWI-9.0.0.87.a: [LOWI-Scan] BSS 62:ae:8f:61:d1:2e LOWI_PHY_MODE_11AC_VHT80(10), Beacon Interval: 100, LOWI_ENCRYPTION_TYPE_WPA_PSK 11mcRanging: No, ANQP: No, LCI: No, Civic: No, capability(0x1031): ESS Privacy ShortPreamble
12-14 03:23:04.792 1283 3928 D LOWI-9.0.0.87.a: [LOWI-Scan] BSS 62:ae:8f:61:d1:2e FREQ: 5180, cFreq1[40:80:160] = [5190:5210:0] cFreq2 = 0 Country Code =
12-14 03:23:04.792 1283 3928 D LOWI-9.0.0.87.a: [LOWI-Scan] BSS 62:ae:8f:61:d1:2e (wlan0) ASSO: NO AddInfo: 0x0, TSF 0, 00:00:51.197, RSSI: -126, CPL: 127, AGE: 2168, SSID GM_VCU_MM_5G, TSFDelta: 0x583e3ada, TXRate: 0
12-14 03:23:04.792 1283 3928 D LOWI-9.0.0.87.a: [LOWI-Scan]
12-14 03:23:04.792 1283 3928 D LOWI-9.0.0.87.a: [LOWI-Scan] print_bss_handler: Report Probe TSF 51198042 as it greater than Beacon TSF 19623186
12-14 03:23:04.792 1283 3928 D LOWI-9.0.0.87.a: [LOWI-Scan] decode_rsn_wpa_ie: LOWI_ENCRYPTION_TYPE_WPA_PSK
12-14 03:23:04.792 1283 3928 D LOWI-9.0.0.87.a: [LOWI-Scan] is_qcom_ie, bss_age: 0
12-14 03:23:04.792 1283 3928 D LOWI-9.0.0.87.a: [LOWI-Scan] BSS 18:6f:2d:81:18:90 LOWI_PHY_MODE_11AC_VHT20(8), Beacon Interval: 100, LOWI_ENCRYPTION_TYPE_WPA_PSK 11mcRanging: No, ANQP: No, LCI: No, Civic: No, capability(0x0111): ESS Privacy SpectrumMgmt
12-14 03:23:04.792 1283 3928 D LOWI-9.0.0.87.a: [LOWI-Scan] BSS 18:6f:2d:81:18:90 FREQ: 5180, cFreq1[40:80:160] = [5180:0:0] cFreq2 = 0 Country Code = CN
12-14 03:23:04.792 1283 3928 D LOWI-9.0.0.87.a: [LOWI-Scan] BSS 18:6f:2d:81:18:90 (wlan0) ASSO: NO AddInfo: 0x0, TSF 0, 00:00:51.198, RSSI: -160, CPL: 127, AGE: 2168, SSID Testing , TSFDelta: 0x9fc7e70d, TXRate: 0
12-14 03:23:04.792 1283 3928 D LOWI-9.0.0.87.a: [LOWI-Scan]
12-14 03:23:04.792 1283 3928 D LOWI-9.0.0.87.a: [LOWI-Scan] print_bss_handler: Report Probe TSF 51198111 as it greater than Beacon TSF 19623474
12-14 03:23:04.792 1283 3928 D LOWI-9.0.0.87.a: [LOWI-Scan] is_qcom_ie, bss_age: 0
12-14 03:23:04.792 1283 3928 D LOWI-9.0.0.87.a: [LOWI-Scan] BSS 18:6f:2d:81:18:91 LOWI_PHY_MODE_11AC_VHT20(8), Beacon Interval: 100, LOWI_ENCRYPTION_TYPE_OPEN 11mcRanging: No, ANQP: No, LCI: No, Civic: No, capability(0x0101): ESS SpectrumMgmt
12-14 03:23:04.792 1500 2752 D WifiNl80211Manager: Scan result ready event
12-14 03:23:04.792 1283 3928 D LOWI-9.0.0.87.a: [LOWI-Scan] BSS 18:6f:2d:81:18:91 FREQ: 5180, cFreq1[40:80:160] = [5180:0:0] cFreq2 = 0 Country Code = CN
12-14 03:23:04.792 1283 3928 D LOWI-9.0.0.87.a: [LOWI-Scan] BSS 18:6f:2d:81:18:91 (wlan0) ASSO: NO AddInfo: 0x0, TSF 0, 00:00:51.198, RSSI: -148, CPL: 127, AGE: 2168, SSID Guest, TSFDelta: 0x9fcd31f9, TXRate: 0
12-14 03:23:04.792 1283 3928 D LOWI-9.0.0.87.a: [LOWI-Scan]
12-14 03:23:04.792 1500 2752 D WifiNative: Scan result ready event
12-14 03:23:04.792 1283 3928 D LOWI-9.0.0.87.a: [LOWI-Scan] print_bss_handler: Report Probe TSF 51198156 as it greater than Beacon TSF 19623812
12-14 03:23:04.792 1283 3928 D LOWI-9.0.0.87.a: [LOWI-Scan] decode_rsn_wpa_ie: LOWI_ENCRYPTION_TYPE_WPA_PSK
12-14 03:23:04.792 1283 3928 D LOWI-9.0.0.87.a: [LOWI-Scan] is_qcom_ie, bss_age: 0
12-14 03:23:04.793 1283 3928 D LOWI-9.0.0.87.a: [LOWI-Scan] BSS 18:6f:2d:81:18:92 LOWI_PHY_MODE_11AC_VHT20(8), Beacon Interval: 100, LOWI_ENCRYPTION_TYPE_WPA_PSK 11mcRanging: No, ANQP: No, LCI: No, Civic: No, capability(0x0111): ESS Privacy SpectrumMgmt
12-14 03:23:04.793 1283 3928 D LOWI-9.0.0.87.a: [LOWI-Scan] BSS 18:6f:2d:81:18:92 FREQ: 5180, cFreq1[40:80:160] = [5180:0:0] cFreq2 = 0 Country Code = CN
12-14 03:23:04.793 1283 3928 D LOWI-9.0.0.87.a: [LOWI-Scan] BSS 18:6f:2d:81:18:92 (wlan0) ASSO: NO AddInfo: 0x0, TSF 0, 00:00:51.198, RSSI: -148, CPL: 127, AGE: 2168, SSID ZXHY, TSFDelta: 0x9fcfb8b0, TXRate: 0
12-14 03:23:04.793 1283 3928 D LOWI-9.0.0.87.a: [LOWI-Scan]
12-14 03:23:04.793 1283 3928 D LOWI-9.0.0.87.a: [LOWI-Scan] print_bss_handler: Report Probe TSF 51198216 as it greater than Beacon TSF 19624149
12-14 03:23:04.793 1283 3928 D LOWI-9.0.0.87.a: [LOWI-Scan] decode_rsn_wpa_ie: LOWI_ENCRYPTION_TYPE_WPA_PSK
12-14 03:23:04.793 1283 3928 D LOWI-9.0.0.87.a: [LOWI-Scan] is_qcom_ie, bss_age: 0
12-14 03:23:04.793 1283 3928 D LOWI-9.0.0.87.a: [LOWI-Scan] BSS 18:6f:2d:81:18:93 LOWI_PHY_MODE_11AC_VHT20(8), Beacon Interval: 100, LOWI_ENCRYPTION_TYPE_WPA_PSK 11mcRanging: No, ANQP: No, LCI: No, Civic: No, capability(0x0111): ESS Privacy SpectrumMgmt
12-14 03:23:04.793 1283 3928 D LOWI-9.0.0.87.a: [LOWI-Scan] BSS 18:6f:2d:81:18:93 FREQ: 5180, cFreq1[40:80:160] = [5180:0:0] cFreq2 = 0 Country Code = CN
12-14 03:23:04.793 1283 3928 D LOWI-9.0.0.87.a: [LOWI-Scan] BSS 18:6f:2d:81:18:93 (wlan0) ASSO: NO AddInfo: 0x0, TSF 0, 00:00:51.198, RSSI: -148, CPL: 127, AGE: 2168, SSID Fanya, TSFDelta: 0x9fd37fc3, TXRate: 0
12-14 03:23:04.793 1283 3928 D LOWI-9.0.0.87.a: [LOWI-Scan]
12-14 03:23:04.793 1283 3928 D LOWI-9.0.0.87.a: [LOWI-Scan] print_bss_handler: Report Probe TSF 51221092 as it greater than Beacon TSF 21032659
12-14 03:23:04.793 1283 3928 D LOWI-9.0.0.87.a: [LOWI-Scan] decode_rsn_wpa_ie: LOWI_ENCRYPTION_TYPE_WPA_PSK
12-14 03:23:04.793 1283 3928 D LOWI-9.0.0.87.a: [LOWI-Scan] is_qcom_ie, bss_age: 0
12-14 03:23:04.793 1283 3928 D LOWI-9.0.0.87.a: [LOWI-Scan] BSS 6c:b0:ce:42:57:6f LOWI_PHY_MODE_11NG_HT20(5), Beacon Interval: 100, LOWI_ENCRYPTION_TYPE_WPA_PSK 11mcRanging: No, ANQP: No, LCI: No, Civic: No, capability(0x1411): ESS Privacy ShortSlotTime
12-14 03:23:04.793 1283 3928 D LOWI-9.0.0.87.a: [LOWI-Scan] BSS 6c:b0:ce:42:57:6f FREQ: 2412, cFreq1[40:80:160] = [0:0:0] cFreq2 = 0 Country Code =
12-14 03:23:04.793 1283 3928 D LOWI-9.0.0.87.a: [LOWI-Scan] BSS 6c:b0:ce:42:57:6f (wlan0) ASSO: NO AddInfo: 0x0, TSF 0, 00:00:51.221, RSSI: -128, CPL: 127, AGE: 2144, SSID NETGEAR60, TSFDelta: 0xd6617057, TXRate: 0
12-14 03:23:04.793 1283 3928 D LOWI-9.0.0.87.a: [LOWI-Scan]
12-14 03:23:04.793 1283 3928 D LOWI-9.0.0.87.a: [LOWI-Scan] print_bss_handler: Report beacon TSF 51465604 as it greater than probe TSF 51421900
12-14 03:23:04.793 1283 3928 D LOWI-9.0.0.87.a: [LOWI-Scan] decode_rsn_wpa_ie: LOWI_ENCRYPTION_TYPE_WPA_PSK
12-14 03:23:04.793 1283 3928 D LOWI-9.0.0.87.a: [LOWI-Scan] is_qcom_ie, bss_age: 0
12-14 03:23:04.793 1283 3928 D LOWI-9.0.0.87.a: [LOWI-Scan] BSS 62:e6:f0:dd:03:c7 LOWI_PHY_MODE_11AC_VHT80(10), Beacon Interval: 100, LOWI_ENCRYPTION_TYPE_WPA_PSK 11mcRanging: No, ANQP: Yes, LCI: No, Civic: No, capability(0x0111): ESS Privacy SpectrumMgmt
12-14 03:23:04.793 1283 3928 D LOWI-9.0.0.87.a: [LOWI-Scan] BSS 62:e6:f0:dd:03:c7 FREQ: 5745, cFreq1[40:80:160] = [5755:5775:0] cFreq2 = 0 Country Code = AE
12-14 03:23:04.793 1283 3928 D LOWI-9.0.0.87.a: [LOWI-Scan] BSS 62:e6:f0:dd:03:c7 (wlan0) ASSO: NO AddInfo: 0x1, TSF 0, 00:00:51.465, RSSI: -162, CPL: 127, AGE: 1900, SSID myGMC 03C7, TSFDelta: 0x26a3ee94, TXRate: 0
12-14 03:23:04.794 1283 3928 D LOWI-9.0.0.87.a: [LOWI-Scan]
12-14 03:23:04.794 1283 3928 D LOWI-9.0.0.87.a: [LOWI-Scan] print_bss_handler: Report Probe TSF 51422959 as it greater than Beacon TSF 51415193
12-14 03:23:04.794 1283 3928 D LOWI-9.0.0.87.a: [LOWI-Scan] decode_rsn_wpa_ie: LOWI_ENCRYPTION_TYPE_WPA_PSK
12-14 03:23:04.794 1283 3928 D LOWI-9.0.0.87.a: [LOWI-Scan] is_qcom_ie, bss_age: 0
12-14 03:23:04.794 1283 3928 D LOWI-9.0.0.87.a: [LOWI-Scan] BSS 5c:02:14:f9:4f:d3 LOWI_PHY_MODE_11AC_VHT80(10), Beacon Interval: 100, LOWI_ENCRYPTION_TYPE_WPA_PSK 11mcRanging: No, ANQP: Yes, LCI: No, Civic: No, capability(0x1931): ESS Privacy ShortPreamble SpectrumMgmt APSD
12-14 03:23:04.794 1283 3928 D LOWI-9.0.0.87.a: [LOWI-Scan] BSS 5c:02:14:f9:4f:d3 FREQ: 5745, cFreq1[40:80:160] = [5755:5775:0] cFreq2 = 0 Country Code = CN
12-14 03:23:04.794 1283 3928 D LOWI-9.0.0.87.a: [LOWI-Scan] BSS 5c:02:14:f9:4f:d3 (wlan0) ASSO: NO AddInfo: 0x0, TSF 0, 00:00:51.422, RSSI: -90, CPL: 127, AGE: 1944, SSID ThunderSoft_XTS_5G, TSFDelta: 0xf8aeced2, TXRate: 0
12-14 03:23:04.794 1283 3928 D LOWI-9.0.0.87.a: [LOWI-Scan]
12-14 03:23:04.794 1283 3928 D LOWI-9.0.0.87.a: [LOWI-Scan] print_bss_handler: Report beacon TSF 51713438 as it greater than probe TSF 51707967
12-14 03:23:04.794 1283 3928 D LOWI-9.0.0.87.a: [LOWI-Scan] decode_rsn_wpa_ie: LOWI_ENCRYPTION_TYPE_WPA_PSK
12-14 03:23:04.794 1283 3928 D LOWI-9.0.0.87.a: [LOWI-Scan] is_qcom_ie, bss_age: 0
12-14 03:23:04.794 1283 3928 D LOWI-9.0.0.87.a: [LOWI-Scan] BSS 18:6f:2d:0a:ae:02 LOWI_PHY_MODE_11NG_HT20(5), Beacon Interval: 100, LOWI_ENCRYPTION_TYPE_WPA_PSK 11mcRanging: No, ANQP: No, LCI: No, Civic: No, capability(0x0531): ESS Privacy ShortPreamble SpectrumMgmt ShortSlotTime
12-14 03:23:04.794 1283 3928 D LOWI-9.0.0.87.a: [LOWI-Scan] BSS 18:6f:2d:0a:ae:02 FREQ: 2422, cFreq1[40:80:160] = [2422:0:0] cFreq2 = 0 Country Code = CN
12-14 03:23:04.794 1283 3928 D LOWI-9.0.0.87.a: [LOWI-Scan] BSS 18:6f:2d:0a:ae:02 (wlan0) ASSO: NO AddInfo: 0x1, TSF 0, 00:00:51.713, RSSI: -154, CPL: 127, AGE: 1652, SSID ThunderSoft_2.4G, TSFDelta: 0x6d973ab9, TXRate: 0
12-14 03:23:04.794 1283 3928 D LOWI-9.0.0.87.a: [LOWI-Scan]
12-14 03:23:04.794 1283 3928 D LOWI-9.0.0.87.a: [LOWI-Scan] print_bss_handler: Report beacon TSF 51713969 as it greater than probe TSF 17849590
12-14 03:23:04.794 1283 3928 D LOWI-9.0.0.87.a: [LOWI-Scan] decode_rsn_wpa_ie: LOWI_ENCRYPTION_TYPE_WPA_PSK
12-14 03:23:04.794 1283 3928 D LOWI-9.0.0.87.a: [LOWI-Scan] is_qcom_ie, bss_age: 0
12-14 03:23:04.794 1283 3928 D LOWI-9.0.0.87.a: [LOWI-Scan] BSS 18:6f:2d:0a:ae:03 LOWI_PHY_MODE_11NG_HT20(5), Beacon Interval: 100, LOWI_ENCRYPTION_TYPE_WPA_PSK 11mcRanging: No, ANQP: No, LCI: No, Civic: No, capability(0x0531): ESS Privacy ShortPreamble SpectrumMgmt ShortSlotTime
12-14 03:23:04.794 1283 3928 D LOWI-9.0.0.87.a: [LOWI-Scan] BSS 18:6f:2d:0a:ae:03 FREQ: 2422, cFreq1[40:80:160] = [2422:0:0] cFreq2 = 0 Country Code = CN
12-14 03:23:04.794 1283 3928 D LOWI-9.0.0.87.a: [LOWI-Scan] BSS 18:6f:2d:0a:ae:03 (wlan0) ASSO: NO AddInfo: 0x1, TSF 0, 00:00:51.713, RSSI: -156, CPL: 127, AGE: 1652, SSID ZXHY, TSFDelta: 0x6682aacc, TXRate: 0
12-14 03:23:04.800 1283 3928 D LOWI-9.0.0.87.a: [LOWI-Scan]
12-14 03:23:04.800 1283 3928 D LOWI-9.0.0.87.a: [LOWI-Scan] print_bss_handler: Report Probe TSF 51711881 as it greater than Beacon TSF 0
12-14 03:23:04.800 1283 3928 D LOWI-9.0.0.87.a: [LOWI-Scan] decode_rsn_wpa_ie: LOWI_ENCRYPTION_TYPE_WPA_PSK
12-14 03:23:04.800 1283 3928 D LOWI-9.0.0.87.a: [LOWI-Scan] is_qcom_ie, bss_age: 0
12-14 03:23:04.800 1283 3928 D LOWI-9.0.0.87.a: [LOWI-Scan] BSS 18:6f:2d:0a:ae:04 LOWI_PHY_MODE_11NG_HT20(5), Beacon Interval: 100, LOWI_ENCRYPTION_TYPE_WPA_PSK 11mcRanging: No, ANQP: No, LCI: No, Civic: No, capability(0x0531): ESS Privacy ShortPreamble SpectrumMgmt ShortSlotTime
12-14 03:23:04.800 1283 3928 D LOWI-9.0.0.87.a: [LOWI-Scan] BSS 18:6f:2d:0a:ae:04 FREQ: 2422, cFreq1[40:80:160] = [2422:0:0] cFreq2 = 0 Country Code = CN
12-14 03:23:04.800 1283 3928 D LOWI-9.0.0.87.a: [LOWI-Scan] BSS 18:6f:2d:0a:ae:04 (wlan0) ASSO: NO AddInfo: 0x0, TSF 0, 00:00:51.711, RSSI: -152, CPL: 127, AGE: 1656, SSID Fanya, TSFDelta: 0x6db467d6, TXRate: 0
12-14 03:23:04.800 1283 3928 D LOWI-9.0.0.87.a: [LOWI-Scan]
12-14 03:23:04.800 1283 3928 D LOWI-9.0.0.87.a: [LOWI-Scan] print_bss_handler: Report beacon TSF 40287566 as it greater than probe TSF 19902485
12-14 03:23:04.800 1283 3928 D LOWI-9.0.0.87.a: [LOWI-Scan] decode_rsn_wpa_ie: LOWI_ENCRYPTION_TYPE_WPA_PSK
12-14 03:23:04.800 1283 3928 D LOWI-9.0.0.87.a: [LOWI-Scan] is_qcom_ie, bss_age: 0
12-14 03:23:04.800 1283 3928 D LOWI-9.0.0.87.a: [LOWI-Scan] adjust_age:AP AGE upper limit reached. Dont store
12-14 03:23:04.800 1283 3928 D LOWI-9.0.0.87.a: [LOWI-Scan] BSS dc:fe:18:77:4e:9c LOWI_PHY_MODE_11AC_VHT80(10), Beacon Interval: 100, LOWI_ENCRYPTION_TYPE_WPA_PSK 11mcRanging: No, ANQP: No, LCI: No, Civic: No, capability(0x0511): ESS Privacy SpectrumMgmt ShortSlotTime
12-14 03:23:04.800 1283 3928 D LOWI-9.0.0.87.a: [LOWI-Scan] BSS dc:fe:18:77:4e:9c FREQ: 5765, cFreq1[40:80:160] = [5755:5775:0] cFreq2 = 0 Country Code =
12-14 03:23:04.800 1283 3928 D LOWI-9.0.0.87.a: [LOWI-Scan] BSS dc:fe:18:77:4e:9c (wlan0) ASSO: NO AddInfo: 0x1, TSF 0, 00:00:40.287, RSSI: -152, CPL: 127, AGE: 13080, SSID TP-LINK_5G_4E9A, TSFDelta: 0xeb384ff0, TXRate: 0
12-14 03:23:04.800 1283 3928 D LOWI-9.0.0.87.a: [LOWI-Scan]
12-14 03:23:04.801 1283 3928 D LOWI-9.0.0.87.a: [LOWI-Scan] print_bss_handler: Report beacon TSF 51492926 as it greater than probe TSF 51492812
12-14 03:23:04.801 1283 3928 D LOWI-9.0.0.87.a: [LOWI-Scan] decode_rsn_wpa_ie: LOWI_ENCRYPTION_TYPE_WPA_PSK
12-14 03:23:04.801 1283 3928 D LOWI-9.0.0.87.a: [LOWI-Scan] is_qcom_ie, bss_age: 0
12-14 03:23:04.801 1283 3928 D LOWI-9.0.0.87.a: [LOWI-Scan] BSS 44:94:fc:3d:da:94 LOWI_PHY_MODE_11AC_VHT80(10), Beacon Interval: 100, LOWI_ENCRYPTION_TYPE_WPA_PSK 11mcRanging: No, ANQP: No, LCI: No, Civic: No, capability(0x1011): ESS Privacy
12-14 03:23:04.801 1283 3928 D LOWI-9.0.0.87.a: [LOWI-Scan] BSS 44:94:fc:3d:da:94 FREQ: 5765, cFreq1[40:80:160] = [5755:5775:0] cFreq2 = 0 Country Code =
12-14 03:23:04.801 1283 3928 D LOWI-9.0.0.87.a: [LOWI-Scan] BSS 44:94:fc:3d:da:94 (wlan0) ASSO: NO AddInfo: 0x1, TSF 0, 00:00:51.492, RSSI: -166, CPL: 127, AGE: 1872, SSID WIFI_debug_cjw_5G, TSFDelta: 0xf6c9c29d, TXRate: 0
12-14 03:23:04.801 1283 3928 D LOWI-9.0.0.87.a: [LOWI-Scan]
12-14 03:23:04.801 1283 3928 D LOWI-9.0.0.87.a: [LOWI-Scan] print_bss_handler: Report Probe TSF 51492969 as it greater than Beacon TSF 0
12-14 03:23:04.801 1283 3928 D LOWI-9.0.0.87.a: [LOWI-Scan] decode_rsn_wpa_ie: LOWI_ENCRYPTION_TYPE_WPA_PSK
12-14 03:23:04.801 1283 3928 D LOWI-9.0.0.87.a: [LOWI-Scan] is_qcom_ie, bss_age: 0
12-14 03:23:04.801 1283 3928 D LOWI-9.0.0.87.a: [LOWI-Scan] BSS 64:6e:97:1c:71:47 LOWI_PHY_MODE_11AC_VHT80(10), Beacon Interval: 100, LOWI_ENCRYPTION_TYPE_WPA_PSK 11mcRanging: No, ANQP: No, LCI: No, Civic: No, capability(0x0011): ESS Privacy
12-14 03:23:04.801 1283 3928 D LOWI-9.0.0.87.a: [LOWI-Scan] BSS 64:6e:97:1c:71:47 FREQ: 5765, cFreq1[40:80:160] = [5755:5775:0] cFreq2 = 0 Country Code = CN
12-14 03:23:04.801 1283 3928 D LOWI-9.0.0.87.a: [LOWI-Scan] BSS 64:6e:97:1c:71:47 (wlan0) ASSO: NO AddInfo: 0x0, TSF 0, 00:00:51.492, RSSI: -172, CPL: 127, AGE: 1872, SSID TP-LINK_5G_7145, TSFDelta: 0x6afcb041, TXRate: 0
12-14 03:23:04.801 1283 3928 D LOWI-9.0.0.87.a: [LOWI-Scan]
12-14 03:23:04.801 1283 3928 D LOWI-9.0.0.87.a: [LOWI-Scan] print_bss_handler: Report Probe TSF 51547726 as it greater than Beacon TSF 51528518
12-14 03:23:04.801 1283 3928 D LOWI-9.0.0.87.a: [LOWI-Scan] decode_rsn_wpa_ie: LOWI_ENCRYPTION_TYPE_WPA_PSK
12-14 03:23:04.801 1283 3928 D LOWI-9.0.0.87.a: [LOWI-Scan] is_qcom_ie, bss_age: 0
12-14 03:23:04.801 1283 3928 D LOWI-9.0.0.87.a: [LOWI-Scan] BSS 8c:de:f9:3f:0d:ab LOWI_PHY_MODE_11AC_VHT80(10), Beacon Interval: 100, LOWI_ENCRYPTION_TYPE_WPA_PSK 11mcRanging: No, ANQP: No, LCI: No, Civic: No, capability(0x0031): ESS Privacy ShortPreamble
12-14 03:23:04.801 1283 3928 D LOWI-9.0.0.87.a: [LOWI-Scan] BSS 8c:de:f9:3f:0d:ab FREQ: 5785, cFreq1[40:80:160] = [5795:5775:0] cFreq2 = 0 Country Code = CN
12-14 03:23:04.801 1283 3928 D LOWI-9.0.0.87.a: [LOWI-Scan] BSS 8c:de:f9:3f:0d:ab (wlan0) ASSO: NO AddInfo: 0x0, TSF 0, 00:00:51.547, RSSI: -140, CPL: 127, AGE: 1820, SSID Xiaomi_0DA9_5G, TSFDelta: 0x8302b8d2, TXRate: 0
12-14 03:23:04.801 1283 3928 D LOWI-9.0.0.87.a: [LOWI-Scan]
12-14 03:23:04.801 1283 3928 D LOWI-9.0.0.87.a: [LOWI-Scan] print_bss_handler: Report beacon TSF 51540997 as it greater than probe TSF 15998770
12-14 03:23:04.801 1283 3928 D LOWI-9.0.0.87.a: [LOWI-Scan] decode_rsn_wpa_ie: LOWI_ENCRYPTION_TYPE_WPA_PSK
12-14 03:23:04.801 1283 3928 D LOWI-9.0.0.87.a: [LOWI-Scan] is_qcom_ie, bss_age: 0
12-14 03:23:04.801 1283 3928 D LOWI-9.0.0.87.a: [LOWI-Scan] BSS f0:55:01:67:de:f0 LOWI_PHY_MODE_11AC_VHT80(10), Beacon Interval: 100, LOWI_ENCRYPTION_TYPE_WPA_PSK 11mcRanging: No, ANQP: No, LCI: No, Civic: No, capability(0x1931): ESS Privacy ShortPreamble SpectrumMgmt APSD
