12-14 03:23:35.811 2716 2716 I hpplay-java: [main]:ServerTaskManager:startServer add, reason: server is starting or running
12-14 03:23:35.811 2716 2716 I hpplay-java: [main]:ServerTaskManager:addStopTask
12-14 03:23:35.812 2716 2716 I hpplay-java: [main]:ServerTaskManager:addStartTask
12-14 03:23:35.812 2716 2716 I hpplay-java: [main]:ServerTaskManager:exeTask stopServer
12-14 03:23:35.812 2716 2716 I hpplay-java: [main]:Bridge:stopServer keepPush: false
12-14 03:23:35.812 2716 2716 D hpplay-base: [jniBridge:909] Bridge__1stopServer status:2
12-14 03:23:35.816 2716 2716 D hpplay-base: [LelinkBase:654] stopAllServer will start thread!
12-14 03:23:35.817 2716 4208 D hpplay-base: [AEventUtils:588] handle AEvent thread end!!,tid is 4208
12-14 03:23:35.817 2716 4209 D hpplay-base: [REventUtils:197] handleREventThread thread end!!,tid is 4209
12-14 03:23:35.817 2716 4237 I hpplay-base: [mDNSEmbeded:65] embedded_mDNSExit call
12-14 03:23:35.850 2716 4187 D hpplay-base: [stream_mirror_compat:1284] mirror stream begin to exit,server fd:70,thread_id:3212689856!!
12-14 03:23:35.850 2716 4187 D hpplay-base: [stream_mirror_compat:1323] ##screen stream exit successfully!!##
12-14 03:23:35.910 2716 4186 D hpplay-base: [Server:447] startHttpServer will END srv->serverType:0
12-14 03:23:35.910 2716 4186 D hpplay-base: [Server:646] startHttpServer cond srv_shutdown:1 connectNummber:0
12-14 03:23:35.910 2716 4186 D hpplay-base: [Server:669] startHttpServer wait cond END. srv_shutdown:1 connectNummber:0
12-14 03:23:35.910 2716 4186 D hpplay-base: [Server:457] HttpServer END, tid is 4186
12-14 03:23:36.066 2339 4223 I OpenGLRenderer: Davey! duration=9223371952259ms; Flags=0, FrameTimelineVsyncId=2969, IntendedVsync=84594786630, Vsync=84594786630, InputEventId=0, HandleInputStart=84596189862, AnimationStart=84596194237, PerformTraversalsStart=84596197257, DrawStart=84621266268, FrameDeadline=84628119962, FrameInterval=84596176632, FrameStartTime=16666666, SyncQueued=84622292830, SyncStart=84622373299, IssueDrawCommandsStart=84623216216, SwapBuffers=84625950122, FrameCompleted=9223372036854775807, DequeueBufferDuration=49792, QueueBufferDuration=940104, GpuCompleted=9223372036854775807, SwapBuffersCompleted=84627468716, DisplayPresentTime=64,
12-14 03:23:36.136 2716 4205 I hpplay-base: [mDNSEmbeded:140] embedded_mDNSLoop Exiting end,tid is 4205
12-14 03:23:36.137 2716 4237 D hpplay-base: [mDNSEmbeded:452] stopmDNSServer end stopmDNSNow=2, nRet=0
01-01 09:21:40.767 0 0 D : mv2112_read_status
01-01 09:21:40.767 0 0 D mv2112_update_link: 3.0x901(1G): 0x80
01-01 09:21:40.768 0 0 D mv2112_update_link: 3.0x8109(100M): 0x8
01-01 09:21:40.768 0 0 D mv2112_update_link: link 0x0
01-01 09:21:40.768 0 0 D mv2112_read_status: autoneg is disabled
12-14 03:23:36.367 2716 4206 I hpplay-base: [mDNSEmbeded:376] end lelink publish server, tid is 4206
12-14 03:23:36.368 2716 4237 D hpplay-base: [mDNSEmbeded:420] stopmLelinkServer end nRet=0
12-14 03:23:36.368 2716 4237 D hpplay-base: [LelinkBase:615] lebodlna stopServerThreadFunc dlnaEnable:1
12-14 03:23:36.368 2716 4237 D hpplay-base-dlna: [lebodlna_api:49] stop DMR
12-14 03:23:36.368 2716 4237 D hpplay-base-dlna: [lebodlna_api:344] m_pRender Release
12-14 03:23:36.427 2716 4237 D hpplay-base-dlna: [UpnpDefine:867] DMRender release success
12-14 03:23:36.427 2716 4237 D hpplay-base-dlna: [lebodlna_api:352] m_pAVT Release
12-14 03:23:36.427 2716 4237 D hpplay-base-dlna: [lebodlna_api:360] m_pRCS Release
12-14 03:23:36.428 2716 4237 D hpplay-base-dlna: [lebodlna_api:365] dmrender destroydmr
12-14 03:23:36.477 640 655 I mpu_uart: [MSG-P:RECV]:No message received in 1000 ms
12-14 03:23:36.513 640 654 I mpu_uart: [MSG-P:R]:recv sync frame timeout
12-14 03:23:36.571 0 0 W swapper/2: type=1400 audit(0.0:308): avc: denied { kill } for capability=5 scontext=u:r:kernel:s0 tcontext=u:r:kernel:s0 tclass=capability permissive=0
12-14 03:23:36.728 2716 4237 D hpplay-base-dlna: [lebodlna-dlna_android:186] stopDLNA
12-14 03:23:36.728 2716 4237 D hpplay-base-dlna: [lebodlna-dlna_android:189] dlnaservice destroy
12-14 03:23:36.728 2716 4237 D hpplay-base-dlna: [lebodlna-dlna_android:49] dlnaservice Destroy 49 int CDlnaService::Destroy()
12-14 03:23:36.728 2716 4237 D hpplay-base-dlna: [lebodlna-dlnaframe:245] dlnaservice Destroy 245 static ERROR_TYPE IDlnaFrame::DestroyDlnaFrame(IDlnaFrame *)
12-14 03:23:36.728 2716 4237 D hpplay-base-dlna: [lebodlna-dlnaframe:179] dlnaservice Destroy 179 virtual void CDlnaFrame::Release()
12-14 03:23:36.728 2716 4237 D hpplay-base-dlna: [lebodlna-dlnaframe:190] dlnaservice Destroy 190 virtual void CDlnaFrame::Release()
12-14 03:23:36.728 2716 4237 D hpplay-base-dlna: [lebodlna-dlnaframe:192] dlnaservice Destroy 192 virtual void CDlnaFrame::Release()
12-14 03:23:36.728 2716 4237 D hpplay-base-dlna: [lebodlna-dlnaframe:247] dlnaservice Destroy 247 static ERROR_TYPE IDlnaFrame::DestroyDlnaFrame(IDlnaFrame *)
12-14 03:23:36.728 2716 4237 D hpplay-base-dlna: [lebodlna-dlnaframe:251] dlnaservice Destroy 251 static ERROR_TYPE IDlnaFrame::DestroyDlnaFrame(IDlnaFrame *)
12-14 03:23:36.731 2716 4237 E hpplay-base-dlna: upnpapi.c:655::before gminiserver ThreadPoolShutdown
12-14 03:23:36.732 2716 4237 E hpplay-base-dlna: ThreadPool.c:1047::on ThreadPoolShutdown tp->totalThreads:2
12-14 03:23:36.732 2716 4237 E hpplay-base-dlna: ThreadPool.c:1047::on ThreadPoolShutdown tp->totalThreads:1
12-14 03:23:36.732 2716 4237 E hpplay-base-dlna: ThreadPool.c:1056::after ThreadPoolShutdown
12-14 03:23:36.732 2716 4237 E hpplay-base-dlna: ThreadPool.c:1057::ThreadPoolShutdown tp->totalThreads:0
12-14 03:23:36.732 2716 4237 E hpplay-base-dlna: upnpapi.c:657::after gminiserver ThreadPoolShutdown
12-14 03:23:36.732 2716 4237 E hpplay-base-dlna: upnpapi.c:659::before grecv ThreadPoolShutdown
12-14 03:23:36.733 2716 4237 E hpplay-base-dlna: ThreadPool.c:1047::on ThreadPoolShutdown tp->totalThreads:12
12-14 03:23:36.733 2716 4237 E hpplay-base-dlna: ThreadPool.c:1047::on ThreadPoolShutdown tp->totalThreads:11
12-14 03:23:36.735 2716 4237 E hpplay-base-dlna: ThreadPool.c:1056::after ThreadPoolShutdown
12-14 03:23:36.736 2716 4237 E hpplay-base-dlna: ThreadPool.c:1057::ThreadPoolShutdown tp->totalThreads:0
12-14 03:23:36.736 2716 4237 E hpplay-base-dlna: upnpapi.c:661::after grecv ThreadPoolShutdown
12-14 03:23:36.736 2716 4237 E hpplay-base-dlna: upnpapi.c:663::before gsend ThreadPoolShutdown
12-14 03:23:36.736 2716 4237 E hpplay-base-dlna: ThreadPool.c:1047::on ThreadPoolShutdown tp->totalThreads:2
12-14 03:23:36.736 2716 4237 E hpplay-base-dlna: ThreadPool.c:1047::on ThreadPoolShutdown tp->totalThreads:1
12-14 03:23:36.736 2716 4237 E hpplay-base-dlna: ThreadPool.c:1056::after ThreadPoolShutdown
12-14 03:23:36.736 2716 4237 E hpplay-base-dlna: ThreadPool.c:1057::ThreadPoolShutdown tp->totalThreads:0
12-14 03:23:36.736 2716 4237 E hpplay-base-dlna: upnpapi.c:665::after gsend ThreadPoolShutdown
12-14 03:23:36.736 2716 4237 D hpplay-base-dlna: [lebodlna-dlnaframe:253] dlnaservice Destroy 253 static ERROR_TYPE IDlnaFrame::DestroyDlnaFrame(IDlnaFrame *)
12-14 03:23:36.736 2716 4237 D hpplay-base-dlna: [lebodlna-dlna_android:51] dlnaservice Destroy 51 int CDlnaService::Destroy()
12-14 03:23:36.737 2716 4237 D hpplay-base-dlna: [lebodlna-dlna_android:194] stopDLNA end
12-14 03:23:37.039 2716 4237 D hpplay-base: [stream_mirror_compat:1489] request to stop screen stream session!!
12-14 03:23:37.039 2716 4237 D hpplay-base: [AEventUtils:625] begin to stop event handle service!!
12-14 03:23:37.039 2716 4237 D hpplay-base: [AEventUtils:628] stop event handle service ok!!
12-14 03:23:37.039 2716 4237 D hpplay-base: [REventUtils:231] begin to stop report handle service!!
12-14 03:23:37.039 2716 4237 D hpplay-base: [REventUtils:234] stop report handle service ok!!
12-14 03:23:37.039 2716 4237 D hpplay-base: [lelinkSinkServer:711] HTTP Server stopSinkServer End .
12-14 03:23:37.040 2716 4237 D hpplay-base: [jniBridge:1135] notifyJavaServerStoped
12-14 03:23:37.040 2716 4237 D hpplay-base: [jniBridge:1726] notifyJava, what:202, castType:0, mimeType:0 baseStatus:4
12-14 03:23:37.040 2716 4237 D hpplay-base: [jniBridge:1727] notifyJava sessionID:(null)
12-14 03:23:37.041 2716 4237 I hpplay-java: [Thread-13]:Bridge:notify: what: 202
12-14 03:23:37.043 2716 4237 I hpplay-java: [Thread-13]:Bridge:notify: out: OutParameters:{audioSessionId=-1, audiotrackIndex=0, castHandleType=-1, castType=0, deviceName='', dlnaName='', dramaID='', extra=0, frameHandleType=-1, handleInside=true, headduration=0, header='', headers=null, isAD=false, isMultiMirror=false, lelinkVer='', limitTime=0, , mediaAlbum='null', mediaAlbumArtURI='', mediaArtist='null', mediaAssets='', mediaTitle='null', mimeType=0, multiSession=null, period=0, pinCode='', playSpeed=0.0, playerChoice=0, plugin=0, port=0, position=0.0, positionUnit=2, protocol=0, realSessionID='', regType='', , sinkIp='', sourceAPPVersion='', sourceChannel='', sourceClientInfo='', sourceDeviceInfo='', sourceDeviceModel='', sourceDeviceName='', sourceDeviceType=0, sourceHID='', , sourceInfo='', , , sourceOSVersion='', sourceSDKVersion='', sourceUid='', stopDetail=0, stopReason=0, tailduration=0, url='', urlID='', urls=null, userAgent='', videoDecoder=0, volume=0, what=202}com.hpplay.sdk.sink.protocol.OutParameters@f5b6101
12-14 03:23:37.043 2716 4237 I hpplay-java: [Thread-13]:Bridge:notify: address:154979238
12-14 03:23:37.043 2716 4237 D hpplay-base: [LelinkBase:645] stopServerThreadFunc notifyJavaServerStoped!
12-14 03:23:37.044 2716 2716 I hpplay-java: [main]:ServerTaskManager:startTimeOutCheck
12-14 03:23:37.044 2716 2716 I hpplay-java: [main]:ServerBusiness:stopDaemonBusiness
12-14 03:23:37.044 2716 2716 I hpplay-java: [main]:SinkDataReport:logout
12-14 03:23:37.045 2716 2716 I hpplay-java: [main]:EPControl:release
12-14 03:23:37.048 2716 4240 I hpplay-java: [AsyncTask #36]:GlideCreator:clearCache clearDiskCache
12-14 03:23:37.049 2716 4181 W hpplay-java: NanoHTTPDServerRunnable:Communication with the client broken
12-14 03:23:37.049 2716 4181 W hpplay-java: java.net.SocketException: Socket closed
12-14 03:23:37.049 2716 4181 W hpplay-java: at java.net.PlainSocketImpl.socketAccept(PlainSocketImpl.java:213)
12-14 03:23:37.049 2716 4181 W hpplay-java: at java.net.AbstractPlainSocketImpl.accept(AbstractPlainSocketImpl.java:451)
12-14 03:23:37.049 2716 4181 W hpplay-java: at java.net.ServerSocket.implAccept(ServerSocket.java:547)
12-14 03:23:37.049 2716 4181 W hpplay-java: at java.net.ServerSocket.accept(ServerSocket.java:515)
12-14 03:23:37.049 2716 4181 W hpplay-java: at com.hpplay.nanohttpd.protocols.http.ServerRunnable.run(SourceFile:118)
12-14 03:23:37.049 2716 4181 W hpplay-java: at java.lang.Thread.run(Thread.java:920)
12-14 03:23:37.050 2716 4181 I hpplay-java: NanoHTTPDNanoHTTPD:server is stoped
12-14 03:23:37.051 2716 4181 I hpplay-java: NanoHTTPDNanoHTTPD:clear obj
12-14 03:23:37.051 2716 2716 I hpplay-java: [main]:Dispatcher:notifyAllReverseControlsStop
12-14 03:23:37.051 2716 2716 I hpplay-java: [main]:Preference:checkFeature none
12-14 03:23:37.051 2716 2716 I hpplay-java: [main]:Dispatcher:notifyAllUIControlsStop set: []
12-14 03:23:37.051 2716 2716 I hpplay-java: [main]:Bridge:findServiceID start out: 154979238
12-14 03:23:37.051 2716 2716 I hpplay-java: [main]:Bridge:findServiceID end
12-14 03:23:37.051 2716 2716 I hpplay-java: [main]:ServerTaskManager:onStop retry:true
12-14 03:23:37.051 2716 2716 I hpplay-java: [main]:ServerTaskManager:cancelTimeOutCheck
12-14 03:23:37.053 2716 2716 I hpplay-java: [main]:IPManager:getActiveNets type: WIFI
12-14 03:23:37.053 2716 2716 I hpplay-java: [main]:IPManager:getActiveNets eth0:false wifi:true mobile:false ap:false
12-14 03:23:37.053 2716 2716 I hpplay-java: [main]:IPManager:getIPAddress IP_WLAN0
12-14 03:23:37.056 2716 2716 I hpplay-java: [main]:IPManager:updateIPAddress getIPAddress: 192.168.4.16 name:vlan4
12-14 03:23:37.056 2716 2716 I hpplay-java: [main]:IPManager:updateIPAddress getIPAddress: 192.168.0.18 name:wlan0
12-14 03:23:37.056 2716 2716 I hpplay-java: [main]:IPManager:updateIPAddress getIPAddress: 192.168.8.16 name:vlan8
12-14 03:23:37.056 2716 2716 I hpplay-java: [main]:IPManager:updateIPAddress getIPAddress: 192.168.11.16 name:vlan11
12-14 03:23:37.056 2716 2716 I hpplay-java: [main]:IPManager:updateIPAddress getIPAddress: 192.168.0.16 name:vlan0
12-14 03:23:37.056 2716 2716 I hpplay-java: [main]:IPManager:updateIPAddress getIPAddress: 192.168.2.16 name:vlan2
12-14 03:23:37.056 2716 2716 I hpplay-java: [main]:IPManager:updateIPAddress getIPAddress: 192.168.1.16 name:vlan1
12-14 03:23:37.057 2716 2716 I hpplay-java: [main]:ServerTaskManager:exeTask startServer
12-14 03:23:37.057 2716 2716 I hpplay-java: [main]:ServerTaskManager:startTimeOutCheck
12-14 03:23:37.058 2716 4244 I hpplay-java: [AsyncTask #38]:Bridge:assembleInParameters
12-14 03:23:37.058 2716 4243 I hpplay-java: [AsyncTask #37]:ServerBusiness:startDaemonBusiness
12-14 03:23:37.058 2716 4243 I hpplay-java: [AsyncTask #37]:TimeOutCheckUtil:addTask id:upgrade
12-14 03:23:37.058 2716 4243 I hpplay-java: [AsyncTask #37]:TimeOutCheckUtil:addTask id:ijkupgrade
12-14 03:23:37.059 2716 4244 I hpplay-java: [AsyncTask #38]:Bridge:createDeviceId deviceId:YTM6NDk6ZTY6MWM6YmE6MDY=
12-14 03:23:37.060 2716 4245 I hpplay-java: NanoHTTPDNanoHTTPD:server is started
12-14 03:23:37.061 2716 4244 I hpplay-java: [AsyncTask #38]:IPManager:getActiveNets type: WIFI
12-14 03:23:37.061 2716 4244 I hpplay-java: [AsyncTask #38]:IPManager:getActiveNets eth0:false wifi:true mobile:false ap:false
12-14 03:23:37.061 2716 4244 I hpplay-java: [AsyncTask #38]:IPManager:getIPAddress IP_WLAN0
12-14 03:23:37.061 2716 4244 I hpplay-java: [AsyncTask #38]:Preference:checkFeature none
12-14 03:23:37.061 2716 4244 I hpplay-java: [AsyncTask #38]:SWI:dlna tip
12-14 03:23:37.061 2716 4244 I hpplay-java: [AsyncTask #38]:SWI:lefp tip
12-14 03:23:37.061 2716 4244 I hpplay-java: [AsyncTask #38]:Bridge:assembleInParameters none alias name use device name: 高合娱乐副屏
12-14 03:23:37.062 2716 4244 I hpplay-java: [AsyncTask #38]:Feature:isSendAdvertisement
12-14 03:23:37.062 2716 4244 I hpplay-java: [AsyncTask #38]:Preference:checkFeature none
12-14 03:23:37.063 2716 4244 I hpplay-java: [AsyncTask #38]:Preference:checkFeature none
12-14 03:23:37.063 2716 4244 I hpplay-java: [AsyncTask #38]:Bridge:backupHpplayDat bakPath:
12-14 03:23:37.063 2716 4244 I hpplay-java: [AsyncTask #38]:Bridge:path:/data/user/0/com.hht.lebocast/files/hpplay/file/happyplay.dat
12-14 03:23:37.063 2716 4244 I hpplay-java: [AsyncTask #38]:Bridge:mAppId:21409
12-14 03:23:37.063 2716 4244 I hpplay-java: [AsyncTask #38]:Bridge:mode:3
12-14 03:23:37.064 2716 4244 I hpplay-java: [AsyncTask #38]:Bridge:type:1
12-14 03:23:37.064 2716 4244 I hpplay-java: [AsyncTask #38]:Bridge:SN:
12-14 03:23:37.064 2716 4244 I hpplay-java: [AsyncTask #38]:Preference:checkFeature none
12-14 03:23:37.064 2716 4244 I hpplay-java: [AsyncTask #38]:Bridge:backPath:
12-14 03:23:37.064 2716 4244 I hpplay-java: [AsyncTask #38]:DeviceUtil:getPermissionDid: 1
12-14 03:23:37.064 2716 4244 I hpplay-java: [AsyncTask #38]:DeviceUtil:getPermissionDid: 1
12-14 03:23:37.064 2716 4244 I hpplay-java: [AsyncTask #38]:Preference:checkFeature none
12-14 03:23:37.064 2716 4244 I hpplay-java: [AsyncTask #38]:Preference:checkFeature none
12-14 03:23:37.064 2716 4244 I hpplay-java: [AsyncTask #38]:Preference:checkFeature none
12-14 03:23:37.065 2716 4244 I hpplay-java: [AsyncTask #38]:Preference:checkFeature none
12-14 03:23:37.065 2716 4244 I hpplay-java: [AsyncTask #38]:Preference:checkFeature none
12-14 03:23:37.065 2716 4244 I hpplay-java: [AsyncTask #38]:Preference:checkFeature none
12-14 03:23:37.069 2339 4223 I OpenGLRenderer: Davey! duration=9223371951257ms; Flags=0, FrameTimelineVsyncId=2975, IntendedVsync=85597200630, Vsync=85597200630, InputEventId=0, HandleInputStart=85597986945, AnimationStart=85597992882, PerformTraversalsStart=85597996424, DrawStart=85622121059, FrameDeadline=85630533962, FrameInterval=85597971632, FrameStartTime=16666666, SyncQueued=85623126424, SyncStart=85623232049, IssueDrawCommandsStart=85624206163, SwapBuffers=85626982465, FrameCompleted=9223372036854775807, DequeueBufferDuration=52083, QueueBufferDuration=1333646, GpuCompleted=9223372036854775807, SwapBuffersCompleted=85628992986, DisplayPresentTime=64,
12-14 03:23:37.070 2716 4243 W hpplay-java: [AsyncTask #37]:ServerBusiness:startDaemonBusiness start LelinkHTTPD sucess 52288
12-14 03:23:37.081 2716 4244 W hpplay-java: [AsyncTask #38]:DeviceUtils:getDomain create lb domain
12-14 03:23:37.081 2716 4244 I hpplay-java: [AsyncTask #38]:Feature:getMirrorAudioVideoSync DISABLE
12-14 03:23:37.081 2716 4244 I hpplay-java: [AsyncTask #38]:Feature:checkSupportRedirectOtherApp,no set redirect api
12-14 03:23:37.081 2716 4244 I hpplay-java: [AsyncTask #38]:Feature:getRedirectSearchFlag,value: 0
12-14 03:23:37.082 2716 4244 I hpplay-java: [AsyncTask #38]:Bridge:mIn: InParameters{appInfo='0', appKey='21409', authMode=0, authPwd='null', broadcastDirection=0, broadcastState=1, broadcastTimeout=3, buildType='release', cacheAVPath='/data/user/0/com.hht.lebocast/cache/hpplay/av', cachePhotoPath='/data/user/0/com.hht.lebocast/cache/hpplay/image', channel='LEBO-APK--60146-25915', desPath='', , deviceName='高合娱乐副屏', dlna=1, dlnaCompany='null', dlnaCompanyURL='null', dlnaDeviceDescribe='null', dlnaDeviceName='null', dlnaDeviceURL='null', dlnaLelinkSwitch=1, dlnaManufacturer=0, dlnaName='高合娱乐副屏', dlnaUPC='', dlnaUUID='676e3c0e-188d-2881-eece-0e46b24b4e35', domain='Lebo-figure-4a410202dc4f', drainage=0, feature='6655', fps=60, height=1080, host='null', , keyPath='/data/user/0/com.hht.lebocast/files/hpplay/file', lelinkfp=1, lelinkfp2=0, logBaseState=1, logPath='/storage/emulated/0/com.hht.lebocast/sink/sdk/common', , mdnsEnable=1, mirrorSyncType=0, netCastVer='2.0', packageName='com.hht.lebocast', packagePath='/data/user/0/com.hht.lebocast', permissionDid='4a:41:02:02:dc:4f', permissionMode=3, permissionPreSN='', port=0, preemptMode=0, regType='_leboremote._tcp.', serverPorts=null, sockWaitTimeOut=45, teleControlPort=53388, tunnels=3, txtKeys=null, txtValues=null, uid='-1960410123998045105', videoFrameType=1001, width=1920}com.hpplay.sdk.sink.protocol.InParameters@b70ae40
12-14 03:23:37.082 2716 2716 I hpplay-java: [main]:Bridge:startServer state: 0
12-14 03:23:37.083 2716 2716 D hpplay-base: [jniBridge:185] not conference version
12-14 03:23:37.083 2716 2716 I hpplay-base: [jniBridge:241] 1initServer nSettingWidth=1920 nSettingHeight=1080 nSettingMaxFPS=60 dlnaEnable=1 lelinkFpEnable=1
12-14 03:23:37.083 2716 2716 D hpplay-base: [jniBridge:283] 1initServer cfg.leLinkIp=192.168.0.18
12-14 03:23:37.083 2716 2716 D hpplay-base: [jniBridge:286] 1initServer cfg.mPermissionMode=3
12-14 03:23:37.083 2716 2716 D hpplay-base: [jniBridge:304] 1initServer cfg.permissionDid=4a:41:02:02:dc:4f000000000000000
12-14 03:23:37.083 2716 2716 D hpplay-base: [jniBridge:313] 1initServer cfg.mPermissionPreSN=00000000000000000000000000000000
12-14 03:23:37.083 2716 2716 D hpplay-base: [jniBridge:317] Bridge___1initServer status:0
12-14 03:23:37.083 2716 2716 I hpplay-base: [jniBridge:325] 1initServer cfg.feature=6655
12-14 03:23:37.083 2716 2716 D hpplay-base: [jniBridge:377] 1initServer isSendBroadCast=3
12-14 03:23:37.083 2716 2716 D hpplay-base: [jniBridge:380] 1initServer broadcastDirection=0
12-14 03:23:37.083 2716 2716 D hpplay-base: [jniBridge:382] 1initServer ipBroadcast direction=0
12-14 03:23:37.083 2716 2716 D hpplay-base: [jniBridge:387] 1initServer tunnel=3
12-14 03:23:37.083 2716 2716 D hpplay-base: [jniBridge:390] 1initServer drainage=0
12-14 03:23:37.083 2716 2716 D hpplay-base: [jniBridge:401] 1initServer mDNSEnable=1
12-14 03:23:37.083 2716 2716 D hpplay-base: [jniBridge:406] 1initServer nSockWaitTimeOut=45
12-14 03:23:37.083 2716 2716 D hpplay-base: [jniBridge:410] 1initServer nMirrorAudioVideoSync=0
12-14 03:23:37.083 2716 2716 I hpplay-base: [sign_check:168] checkSign strPackageName:com.hht.lebocast
12-14 03:23:37.083 2716 2716 I hpplay-base: [sign_check:169] checkSign buildType:release
12-14 03:23:37.083 2716 2716 I hpplay-base: [sign_check:170] checkSign appKey:21409
12-14 03:23:37.083 2716 2716 D hpplay-base: [LelinkBase:405] bridgeInit port: 0, lelinkfp: 0
12-14 03:23:37.083 2716 2716 D hpplay-base: [LelinkBase:462] bridgeInit mPackagePath =/data/user/0/com.hht.lebocast
12-14 03:23:37.083 2716 2716 D hpplay-base: [LelinkBase:463] bridgeInit mKeyPath =/data/user/0/com.hht.lebocast/files/hpplay/file
12-14 03:23:37.083 2716 2716 D hpplay-base: [SinkContext:97] initSinkContext mPackagePath =/data/user/0/com.hht.lebocast
12-14 03:23:37.083 2716 2716 D hpplay-base: [SinkContext:98] initSinkContext mKeyPath =/data/user/0/com.hht.lebocast/files/hpplay/file
12-14 03:23:37.083 2716 2716 D hpplay-base: [jniBridge:478] Java_com_hpplay_sdk_sink_protocol_Bridge__1initServer end
12-14 03:23:37.083 2716 2716 D hpplay-base: [jniBridge:869] Bridge__1startServer status:1
12-14 03:23:37.083 2716 2716 D hpplay-base: [LelinkBase:492] startAllServer at base
12-14 03:23:37.084 2716 2716 D hpplay-base: [lelinkSinkServer:152] httpPlugins_SetServerPort TYPE_SERVER_LELINK:52266
12-14 03:23:37.084 2716 2716 D hpplay-base: [network.c:362] protocol bind host :192.168.0.18 port:52266 curent bind port:52266
12-14 03:23:37.084 2716 2716 D hpplay-base: [lelinkSinkServer:681] HTTP Server real at:52266
12-14 03:23:37.084 2716 2716 D hpplay-base: [ScreenStream:1285] current bind port:7100
12-14 03:23:37.084 2716 2716 D hpplay-base: [LelinkBase:515] startAllServer pBaseContext->config.dlnaEnable:1
12-14 03:23:37.084 2716 2716 D hpplay-base: [lelinkDlna:324] addDMRCallback end
12-14 03:23:37.084 2716 4251 D hpplay-base: [stream_mirror_compat:759] compat mirror stream begin to run,server fd:70,thread_id:3222294976!!
12-14 03:23:37.084 2716 4250 D hpplay-base: [lelinkSinkServer:644] Connected Service Type:0
12-14 03:23:37.084 2716 4250 I hpplay-base: : (server.c.315) startServer listen_ing....:
12-14 03:23:37.084 2716 4250 D hpplay-base: [Server:371] startHttpServer srv_sockets.used:1 nCurrentFd:69, tid is 4250
12-14 03:23:37.085 2716 2716 E hpplay-base-dlna: miniserver.c:788::dlna_port(ipv4: 49152 ipv6:0)
12-14 03:23:37.136 2716 2716 D hpplay-base-dlna: [lebodlna-dlnaframe:166] succeed to load lebodlnaplugin
12-14 03:23:37.136 2716 2716 D hpplay-base-dlna: [lebodlna-dlnaframe:232] Succeed to load specified plugin:lebodlna_plugin
12-14 03:23:37.136 2716 2716 D hpplay-base: [lelinkDlna:328] startDLNAServer ret=0
12-14 03:23:37.136 2716 2716 D hpplay-base: [LelinkBase:531] startDLNAServer ret= 0
12-14 03:23:37.136 2716 2716 D hpplay-base: [lelinkDlna:342] setDMRFriendlyName 高合娱乐副屏
12-14 03:23:37.136 2716 2716 D hpplay-base-dlna: [lebodlna-dlna_android:136] setBroadcastTimeout mBroadcastTimeOut=66 status=3!
12-14 03:23:37.136 2716 2716 D hpplay-base-dlna: [lebodlna_api:32] start DMR
12-14 03:23:37.136 2716 2716 D hpplay-base-dlna: [UpnpDefine:434] RegisterDMRender invalid lelink info
12-14 03:23:37.136 2716 2716 D hpplay-base-dlna: [UpnpDefine:467] DLNA DEFAULT_DESCRIPTION
12-14 03:23:37.139 2716 2716 E hpplay-base-dlna: upnpapi.c:1078::Exiting RegisterRootDevice2 *Hnd =1, return value == 0
12-14 03:23:37.139 2716 2716 D hpplay-base-dlna: [CUpnpDevice:41] Register Root Device 2:0
12-14 03:23:37.139 2716 2716 D hpplay-base-dlna: [UpnpDefine:794] ESDMRender:Register success
12-14 03:23:37.139 2716 2716 D hpplay-base-dlna: [lebodlna_api:41] sendBroadcast mBroadcastTimeOut=3
12-14 03:23:37.139 2716 2716 D hpplay-base-dlna: [lebodlna_api:44] sendBroadcast timeout=66
12-14 03:23:37.201 2716 2716 D hpplay-base: [lelinkDlna:361] startDLNADevice dlnaManufacturer:0 ret=0
12-14 03:23:37.201 2716 2716 D hpplay-base: [LelinkBase:535] lelinkSetDlnaInfo ret= 0
12-14 03:23:37.201 2716 2716 D hpplay-base: [LelinkBase:547] startAllServer pBaseContext->config.mDNSEnable:1
12-14 03:23:37.202 2716 2716 D hpplay-base: [base_mdns:509] mdns net.hostname:
12-14 03:23:37.202 2716 2716 D hpplay-base: [base_mdns:529] mdns namelabel:-00-80-0F-74-31-00
12-14 03:23:37.202 2716 2716 D hpplay-base: [base_mdns:509] mdns net.hostname:
12-14 03:23:37.202 2716 2716 D hpplay-base: [base_mdns:529] mdns namelabel:-00-80-0F-74-31-00
12-14 03:23:37.202 2716 2716 D hpplay-base: [mdns:813] mdns start bind port:0
12-14 03:23:37.205 2716 2716 D hpplay-base: [mdns:813] mdns start bind port:5353
12-14 03:23:37.205 2716 2716 D hpplay-base: [mdns:813] mdns start bind port:5353
12-14 03:23:37.206 2716 2716 D hpplay-base: [mdns:813] mdns start bind port:5353
12-14 03:23:37.206 2716 2716 D hpplay-base: [mdns:813] mdns start bind port:5353
12-14 03:23:37.206 2716 2716 D hpplay-base: [mdns:813] mdns start bind port:5353
12-14 03:23:37.207 2716 2716 D hpplay-base: [mdns:813] mdns start bind port:5353
12-14 03:23:37.207 2716 2716 D hpplay-base: [mdns:813] mdns start bind port:5353
12-14 03:23:37.207 2716 2716 I hpplay-base: [mDNSEmbeded:57] embedded_mDNSInit stopmDNSNow:0 status:0
12-14 03:23:37.207 2716 2716 D hpplay-base: [mDNSEmbeded:436] startmDNSServer end nRet=0
12-14 03:23:37.207 2716 2716 D hpplay-base: [LelinkBase:555] lelink broadcast_on_off:1 log2java_on_off:1
12-14 03:23:37.208 2716 4270 D hpplay-base: [LelinkMDNS:729] leboAuthorizationCheck strUuid=4a:41:02:02:dc:4f000000000000000
12-14 03:23:37.208 2716 4270 D hpplay-base: [LelinkMDNS:730] leboAuthorizationCheck mPermissionDid=4a:41:02:02:dc:4f000000000000000
12-14 03:23:37.208 2716 4270 D hpplay-base: [LelinkMDNS:755] leboAuthorizationCheck mPermissionMac=4a:41:02:02:dc:4f000000000000000
12-14 03:23:37.208 2716 4271 I hpplay-base: [mDNSEmbeded:268] start lelink publish server, tid is 4271
12-14 03:23:37.208 2716 2716 D hpplay-base: [AEventUtils:595] request to start event handle service!!
12-14 03:23:37.208 2716 4272 D hpplay-base: [mDNSEmbeded:197] http_port bind check 197 http_port_check
12-14 03:23:37.208 2716 2716 D hpplay-base: [AEventUtils:603] start_event_handle_service,begin to run!!
12-14 03:23:37.208 2716 2716 D hpplay-base: [REventUtils:210] start_event_handle_service,begin to run!!
12-14 03:23:37.208 2716 2716 D hpplay-base: [LelinkBase:576] startAllServer success .
12-14 03:23:37.209 2716 4274 D hpplay-base: [REventUtils:59] create handleREventThread thread ok!!,tid is 4274
12-14 03:23:37.209 2716 2716 D hpplay-base: [jniBridge:894] startDlna_link:http://192.168.0.18:49152/description.xml
12-14 03:23:37.209 2716 4276 D hpplay-base: [jniBridge:1081] notifyJavaDlnalink:http://192.168.0.18:49152/description.xml
12-14 03:23:37.209 2716 4276 D hpplay-base: [jniBridge:1726] notifyJava, what:207, castType:0, mimeType:0 baseStatus:2
12-14 03:23:37.209 2716 4276 D hpplay-base: [jniBridge:1727] notifyJava sessionID:(null)
12-14 03:23:37.209 2716 4273 D hpplay-base: [AEventUtils:171] create handle AEvent thread ok!!,tid is 4273
12-14 03:23:37.209 2716 4272 D hpplay-base: [mDNSEmbeded:217] http_port bind check 217 http_port_check
12-14 03:23:37.210 2716 4272 D hpplay-base: [mDNSEmbeded:222] http_port bind check 222 http_port_check
12-14 03:23:37.210 2716 4276 I hpplay-java: [Thread-15]:Bridge:notify: what: 207
12-14 03:23:37.212 2716 4276 I hpplay-java: [Thread-15]:Bridge:notify: out: OutParameters:{audioSessionId=-1, audiotrackIndex=0, castHandleType=-1, castType=0, deviceName='http://192.168.0.18:49152/description.xml', dlnaName='', dramaID='', extra=0, frameHandleType=-1, handleInside=true, headduration=0, header='', headers=null, isAD=false, isMultiMirror=false, lelinkVer='', limitTime=0, , mediaAlbum='null', mediaAlbumArtURI='', mediaArtist='null', mediaAssets='', mediaTitle='null', mimeType=0, multiSession=null, period=0, pinCode='', playSpeed=0.0, playerChoice=0, plugin=0, port=0, position=0.0, positionUnit=2, protocol=0, realSessionID='', regType='', , sinkIp='', sourceAPPVersion='', sourceChannel='', sourceClientInfo='', sourceDeviceInfo='', sourceDeviceModel='', sourceDeviceName='', sourceDeviceType=0, sourceHID='', , sourceInfo='', , , sourceOSVersion='', sourceSDKVersion='', sourceUid='', stopDetail=0, stopReason=0, tailduration=0, url='', urlID='', urls=null, userAgent='', videoDecoder=0, volume=0, what=207}com.hpplay.sdk.sink.protocol.OutParameters@e8769fb
12-14 03:23:37.212 2716 4276 I hpplay-java: [Thread-15]:Bridge:notify: address:85248536
12-14 03:23:37.212 2716 4272 D hpplay-base: [mDNSEmbeded:234] http_port bind check 234 http_port_check port:52266
12-14 03:23:37.212 2716 4272 D hpplay-base: [mDNSEmbeded:237] http_port bind check 237 http_port_check
12-14 03:23:37.213 2716 4277 D hpplay-base: [lelinkSinkServer:93] new client connection from 127.0.0.1 63162, fd=101
12-14 03:23:37.213 2716 4277 D hpplay-base: [SinkContext:137] addSinkContextSession,begin to run!!
12-14 03:23:37.213 2716 4277 D hpplay-base: [SinkContext:142] addSinkContextSession,begin to get lock!!
12-14 03:23:37.213 2716 4277 D hpplay-base: [SinkContext:144] addSinkContextSession,get lock ok!!
12-14 03:23:37.213 2716 4277 D hpplay-base: [SinkContext:149] addSinkContextSession,session list is null,begin to malloc!!
12-14 03:23:37.213 2716 4277 D hpplay-base: [SinkContext:156] addSinkContextSession,begin to update!!
12-14 03:23:37.213 2716 4277 D hpplay-base: [SinkContext:160] addSinkContextSession,begin to update header!!
12-14 03:23:37.213 2716 4277 D hpplay-base: [SinkContext:172] addSinkContextSession,begin to unlock!!
12-14 03:23:37.213 2716 4277 D hpplay-base: [SinkContext:174] addSinkContextSession,unlock ok!!
12-14 03:23:37.213 2716 4277 D hpplay-base: [LelinkReceiver:4908] get ping !!!
12-14 03:23:37.213 2716 4272 D hpplay-base: [mDNSEmbeded:240] http_port bind check 240 http_port_check recieved:64
12-14 03:23:37.213 2716 4272 D hpplay-base: [mDNSEmbeded:243] http_port bind check 243 http_port_check
12-14 03:23:37.213 2716 4272 D hpplay-base: [mDNSEmbeded:244] http_port bind check ok!
01-01 09:21:41.791 0 0 D : mv2112_read_status
01-01 09:21:41.791 0 0 D mv2112_update_link: 3.0x901(1G): 0x80
01-01 09:21:41.791 0 0 D mv2112_update_link: 3.0x8109(100M): 0x8
01-01 09:21:41.791 0 0 D mv2112_update_link: link 0x0
01-01 09:21:41.791 0 0 D mv2112_read_status: autoneg is disabled
12-14 03:23:37.414 2716 4277 I hpplay-base: [LelinkReceiver:14605] _connectionFinalize (101)
12-14 03:23:37.414 2716 4277 D hpplay-base: [LelinkReceiver:14752] ###connectionFinalize,release ok!!###
12-14 03:23:37.478 640 655 I mpu_uart: [MSG-P:RECV]:No message received in 1000 ms
12-14 03:23:37.571 0 0 W swapper/2: type=1400 audit(0.0:309): avc: denied { kill } for capability=5 scontext=u:r:kernel:s0 tcontext=u:r:kernel:s0 tclass=capability permissive=0
12-14 03:23:37.583 2716 3902 W hpplay-java: [AsyncTask #22]:HttpRequest:
12-14 03:23:37.585 2716 3902 W hpplay-java: [AsyncTask #22]:HttpRequest:
12-14 03:23:37.587 2716 3902 W hpplay-java: [AsyncTask #22]:HttpRequest:
12-14 03:23:37.587 2087 3933 D NetworkMonitor/100: isDataStall: result=1, tcp packets received=0, latest tcp fail rate=0, consecutive dns timeout count=10
12-14 03:23:37.587 1500 2079 D ConnectivityService: Data stall detected with methods: 1
12-14 03:23:37.587 2087 3933 D NetworkMonitor/100: Suspecting data stall, reevaluate
12-14 03:23:37.589 2087 4278 D NetworkMonitor/100: Validation disabled.
12-14 03:23:37.596 1500 1896 D ConnectivityService: [100 WIFI] validation passed
01-01 09:21:42.519 0 0 I [schedu][0x6597eb6f][03:23:37.979353] wlan: [3400:I:WMA] [03:23:37.897000] [ROAM_TRIGGER]: VDEV[0] Reason: "BTM TRIGGER" Req_mode: 1 Disassoc_timer: 0validity_interval: 25500 candidate_list_cnt: 1 resp_status: 0, bss_termination_timeout: 0, mbo_assoc_retry_timeout: 0
01-01 09:21:42.519 0 0 I [schedu][0x6597eea6][03:23:37.979395] wlan: [3400:I:WMA] [03:23:37.897000] [ROAM_SCAN]: VDEV[0] Scan_type: PARTIAL {2462 5785 }
01-01 09:21:42.519 0 0 I [schedu][0x6597efd3][03:23:37.979411] wlan: [3400:I:WMA] ============================================================================================================================
01-01 09:21:42.519 0 0 I [schedu][0x6597f48c][03:23:37.979474] wlan: [3400:I:WMA] AP BSSID TSTAMP CH TY ETP RSSI/SCR CU%/SCR TOT_SCR BL_RSN BL_SRC BL_TSTAMP BL_TIMEOUT(ms)
01-01 09:21:42.519 0 0 I [schedu][0x6597f5c8][03:23:37.979491] wlan: [3400:I:WMA] ============================================================================================================================
01-01 09:21:42.519 0 0 I [schedu][0x6597f7e5][03:23:37.979519] wlan: [3400:I:WMA] 6c:b1:58:0f:7d:39 [03:23:37.897000] 2462 P_AP 0 2/0 0/0 5292 0 0 [00:00:00.000000] 0
01-01 09:21:42.519 0 0 I [schedu][0x6597f9b4][03:23:37.979543] wlan: [3400:I:WMA] [03:23:37.968000] [ROAM_RESULT]: VDEV[0] FAILED Reason: NO AP FOUND
12-14 03:23:38.071 2339 2422 I OpenGLRenderer: Davey! duration=9223371950255ms; Flags=0, FrameTimelineVsyncId=2981, IntendedVsync=86599606630, Vsync=86599606630, InputEventId=0, HandleInputStart=86600622152, AnimationStart=86600627309, PerformTraversalsStart=86600630069, DrawStart=86623039965, FrameDeadline=86632939962, FrameInterval=86600605642, FrameStartTime=16666666, SyncQueued=86624095538, SyncStart=86624187465, IssueDrawCommandsStart=86625028350, SwapBuffers=86628146059, FrameCompleted=9223372036854775807, DequeueBufferDuration=51198, QueueBufferDuration=1025469, GpuCompleted=9223372036854775807, SwapBuffersCompleted=86629806111, DisplayPresentTime=64,
01-01 09:21:42.815 0 0 D : mv2112_read_status
01-01 09:21:42.815 0 0 D mv2112_update_link: 3.0x901(1G): 0x80
01-01 09:21:42.815 0 0 D mv2112_update_link: 3.0x8109(100M): 0x8
01-01 09:21:42.815 0 0 D mv2112_update_link: link 0x0
01-01 09:21:42.815 0 0 D mv2112_read_status: autoneg is disabled
12-14 03:23:38.478 640 655 I mpu_uart: [MSG-P:RECV]:No message received in 1000 ms
12-14 03:23:38.571 0 0 W swapper/2: type=1400 audit(0.0:310): avc: denied { kill } for capability=5 scontext=u:r:kernel:s0 tcontext=u:r:kernel:s0 tclass=capability permissive=0
01-01 09:21:43.839 0 0 D : mv2112_read_status
01-01 09:21:43.839 0 0 D mv2112_update_link: 3.0x901(1G): 0x80
01-01 09:21:43.839 0 0 D mv2112_update_link: 3.0x8109(100M): 0x8
01-01 09:21:43.839 0 0 D mv2112_update_link: link 0x0
01-01 09:21:43.839 0 0 D mv2112_read_status: autoneg is disabled
12-14 03:23:39.478 640 655 I mpu_uart: [MSG-P:RECV]:No message received in 1000 ms
12-14 03:23:39.516 640 654 I mpu_uart: [MSG-P:R]:recv sync frame timeout
01-01 09:21:44.343 0 0 I [schedu][0x67ae498e][03:23:39.803328] wlan: [3400:I:WMA] [03:23:37.976000] [ROAM_TRIGGER]: VDEV[0] Reason: "BTM TRIGGER" Sub-Reason: FULL SCANReq_mode: 1 Disassoc_timer: 0validity_interval: 25500 candidate_list_cnt: 1 resp_status: 0, bss_termination_timeout: 0, mbo_assoc_retry_timeout: 0
01-01 09:21:44.343 0 0 I [schedu][0x67ae51df][03:23:39.803438] wlan: [3400:I:WMA] [03:23:37.976000] [ROAM_SCAN]: VDEV[0] Scan_type: FULL
01-01 09:21:44.343 0 0 I [schedu][0x67ae5326][03:23:39.803455] wlan: [3400:I:WMA] ============================================================================================================================
01-01 09:21:44.343 0 0 I [schedu][0x67ae54c8][03:23:39.803477] wlan: [3400:I:WMA] AP BSSID TSTAMP CH TY ETP RSSI/SCR CU%/SCR TOT_SCR BL_RSN BL_SRC BL_TSTAMP BL_TIMEOUT(ms)
01-01 09:21:44.343 0 0 I [schedu][0x67ae5606][03:23:39.803494] wlan: [3400:I:WMA] ============================================================================================================================
01-01 09:21:44.343 0 0 I [schedu][0x67ae580d][03:23:39.803521] wlan: [3400:I:WMA] 6c:b1:58:0f:7d:39 [03:23:37.976000] 2462 P_AP 0 2/0 0/0 5292 0 0 [00:00:00.000000] 0
01-01 09:21:44.343 0 0 I [schedu][0x67ae5a08][03:23:39.803547] wlan: [3400:I:WMA] 6c:b1:58:0f:7d:3b [03:23:38.333000] 5785 C_AP 189 2/0 50/0 4642 0 0 [00:00:00.000000] 0
01-01 09:21:44.343 0 0 I [schedu][0x67ae5bd0][03:23:39.803571] wlan: [3400:I:WMA] [03:23:39.791000] [ROAM_RESULT]: VDEV[0] FAILED Reason: NO CANDIDATE FOUND
01-01 09:21:44.490 0 0 I [schedu][0x67d97ae9][03:23:39.950759] wlan: [3400:I:WMA] [03:23:39.868000] [ROAM_TRIGGER]: VDEV[0] Reason: "BTM TRIGGER" Req_mode: 1 Disassoc_timer: 0validity_interval: 25500 candidate_list_cnt: 1 resp_status: 0, bss_termination_timeout: 0, mbo_assoc_retry_timeout: 0
01-01 09:21:44.491 0 0 I [schedu][0x67d97d44][03:23:39.950790] wlan: [3400:I:WMA] [03:23:39.868000] [ROAM_SCAN]: VDEV[0] Scan_type: PARTIAL {2462 5785 }
01-01 09:21:44.491 0 0 I [schedu][0x67d97e72][03:23:39.950806] wlan: [3400:I:WMA] ============================================================================================================================
01-01 09:21:44.491 0 0 I [schedu][0x67d97ffc][03:23:39.950827] wlan: [3400:I:WMA] AP BSSID TSTAMP CH TY ETP RSSI/SCR CU%/SCR TOT_SCR BL_RSN BL_SRC BL_TSTAMP BL_TIMEOUT(ms)
01-01 09:21:44.491 0 0 I [schedu][0x67d9812b][03:23:39.950842] wlan: [3400:I:WMA] ============================================================================================================================
01-01 09:21:44.491 0 0 I [schedu][0x67d98333][03:23:39.950869] wlan: [3400:I:WMA] 6c:b1:58:0f:7d:39 [03:23:39.868000] 2462 P_AP 0 1/0 0/0 5292 0 0 [00:00:00.000000] 0
01-01 09:21:44.491 0 0 I [schedu][0x67d98def][03:23:39.951013] wlan: [3400:I:WMA] [03:23:39.939000] [ROAM_RESULT]: VDEV[0] FAILED Reason: NO AP FOUND
12-14 03:23:40.078 2339 2422 I OpenGLRenderer: Davey! duration=9223371948250ms; Flags=0, FrameTimelineVsyncId=2993, IntendedVsync=88604429630, Vsync=88604429630, InputEventId=0, HandleInputStart=88605239339, AnimationStart=88605245954, PerformTraversalsStart=88605249183, DrawStart=88630025277, FrameDeadline=88637762962, FrameInterval=88605225381, FrameStartTime=16666666, SyncQueued=88631368350, SyncStart=88631490798, IssueDrawCommandsStart=88632646631, SwapBuffers=88636354704, FrameCompleted=9223372036854775807, DequeueBufferDuration=59740, QueueBufferDuration=1327188, GpuCompleted=9223372036854775807, SwapBuffersCompleted=88638489548, DisplayPresentTime=64,
01-01 09:21:44.863 0 0 D : mv2112_read_status
01-01 09:21:44.863 0 0 D mv2112_update_link: 3.0x901(1G): 0x80
01-01 09:21:44.863 0 0 D mv2112_update_link: 3.0x8109(100M): 0x8
01-01 09:21:44.863 0 0 D mv2112_update_link: link 0x0
01-01 09:21:44.863 0 0 D mv2112_read_status: autoneg is disabled
12-14 03:23:40.478 640 655 I mpu_uart: [MSG-P:RECV]:No message received in 1000 ms
12-14 03:23:40.571 0 0 W swapper/0: type=1400 audit(0.0:311): avc: denied { kill } for capability=5 scontext=u:r:kernel:s0 tcontext=u:r:kernel:s0 tclass=capability permissive=0
12-14 03:23:41.079 2339 2422 I OpenGLRenderer: Davey! duration=9223371947247ms; Flags=0, FrameTimelineVsyncId=2999, IntendedVsync=89606833630, Vsync=89606833630, InputEventId=0, HandleInputStart=89607686006, AnimationStart=89607691318, PerformTraversalsStart=89607694078, DrawStart=89631905953, FrameDeadline=89640166962, FrameInterval=89607671422, FrameStartTime=16666666, SyncQueued=89633331943, SyncStart=89633451318, IssueDrawCommandsStart=89634486318, SwapBuffers=89638191162, FrameCompleted=9223372036854775807, DequeueBufferDuration=59062, QueueBufferDuration=1639271, GpuCompleted=9223372036854775807, SwapBuffersCompleted=89640669495, DisplayPresentTime=64,
01-01 09:21:45.887 0 0 D : mv2112_read_status
01-01 09:21:45.887 0 0 D mv2112_update_link: 3.0x901(1G): 0x80
01-01 09:21:45.887 0 0 D mv2112_update_link: 3.0x8109(100M): 0x8
01-01 09:21:45.887 0 0 D mv2112_update_link: link 0x0
01-01 09:21:45.887 0 0 D mv2112_read_status: autoneg is disabled
12-14 03:23:41.479 640 655 I mpu_uart: [MSG-P:RECV]:No message received in 1000 ms
12-14 03:23:41.571 0 0 W swapper/0: type=1400 audit(0.0:312): avc: denied { kill } for capability=5 scontext=u:r:kernel:s0 tcontext=u:r:kernel:s0 tclass=capability permissive=0
01-01 09:21:46.300 0 0 I [schedu][0x69eb8c46][03:23:41.760058] wlan: [3400:I:WMA] [03:23:39.948000] [ROAM_TRIGGER]: VDEV[0] Reason: "BTM TRIGGER" Sub-Reason: FULL SCANReq_mode: 1 Disassoc_timer: 0validity_interval: 25500 candidate_list_cnt: 1 resp_status: 0, bss_termination_timeout: 0, mbo_assoc_retry_timeout: 0
01-01 09:21:46.300 0 0 I [schedu][0x69eb8ed0][03:23:41.760091] wlan: [3400:I:WMA] [03:23:39.948000] [ROAM_SCAN]: VDEV[0] Scan_type: FULL
01-01 09:21:46.300 0 0 I [schedu][0x69eb9001][03:23:41.760107] wlan: [3400:I:WMA] ============================================================================================================================
01-01 09:21:46.300 0 0 I [schedu][0x69eb91a2][03:23:41.760128] wlan: [3400:I:WMA] AP BSSID TSTAMP CH TY ETP RSSI/SCR CU%/SCR TOT_SCR BL_RSN BL_SRC BL_TSTAMP BL_TIMEOUT(ms)
01-01 09:21:46.300 0 0 I [schedu][0x69eb92dd][03:23:41.760145] wlan: [3400:I:WMA] ============================================================================================================================
01-01 09:21:46.300 0 0 I [schedu][0x69eb975f][03:23:41.760205] wlan: [3400:I:WMA] 6c:b1:58:0f:7d:39 [03:23:39.948000] 2462 P_AP 0 2/0 0/0 5292 0 0 [00:00:00.000000] 0
01-01 09:21:46.300 0 0 I [schedu][0x69eb9931][03:23:41.760229] wlan: [3400:I:WMA] [03:23:41.748000] [ROAM_RESULT]: VDEV[0] FAILED Reason: NO AP FOUND
12-14 03:23:42.072 2716 2716 I hpplay-java: [main]:ServiceUpdater:upLoadServiceInfo invalid deviceCode:, port:53388
12-14 03:23:42.084 2339 2422 I OpenGLRenderer: Davey! duration=9223371946245ms; Flags=0, FrameTimelineVsyncId=3005, IntendedVsync=90609239630, Vsync=90609239630, InputEventId=0, HandleInputStart=90610050224, AnimationStart=90610054651, PerformTraversalsStart=90610057203, DrawStart=90633649911, FrameDeadline=90642572962, FrameInterval=90610040432, FrameStartTime=16666666, SyncQueued=90634938557, SyncStart=90635077307, IssueDrawCommandsStart=90636081422, SwapBuffers=90639464599, FrameCompleted=9223372036854775807, DequeueBufferDuration=52656, QueueBufferDuration=1468281, GpuCompleted=9223372036854775807, SwapBuffersCompleted=90641634234, DisplayPresentTime=64,
01-01 09:21:46.911 0 0 D : mv2112_read_status
01-01 09:21:46.911 0 0 D mv2112_update_link: 3.0x901(1G): 0x80
01-01 09:21:46.911 0 0 D mv2112_update_link: 3.0x8109(100M): 0x8
01-01 09:21:46.911 0 0 D mv2112_update_link: link 0x0
01-01 09:21:46.911 0 0 D mv2112_read_status: autoneg is disabled
12-14 03:23:42.479 640 655 I mpu_uart: [MSG-P:RECV]:No message received in 1000 ms
12-14 03:23:42.519 640 654 I mpu_uart: [MSG-P:R]:recv sync frame timeout
12-14 03:23:42.571 0 0 W swapper/0: type=1400 audit(0.0:313): avc: denied { kill } for capability=5 scontext=u:r:kernel:s0 tcontext=u:r:kernel:s0 tclass=capability permissive=0
12-14 03:23:43.084 2339 2422 I OpenGLRenderer: Davey! duration=9223371945242ms; Flags=0, FrameTimelineVsyncId=3011, IntendedVsync=91611654630, Vsync=91611654630, InputEventId=0, HandleInputStart=91612195849, AnimationStart=91612199859, PerformTraversalsStart=91612202411, DrawStart=91635224598, FrameDeadline=91644987962, FrameInterval=91612185744, FrameStartTime=16666666, SyncQueued=91636566838, SyncStart=91636689026, IssueDrawCommandsStart=91637636473, SwapBuffers=91640967984, FrameCompleted=9223372036854775807, DequeueBufferDuration=50886, QueueBufferDuration=1020833, GpuCompleted=9223372036854775807, SwapBuffersCompleted=91642567671, DisplayPresentTime=64,
01-01 09:21:47.935 0 0 D : mv2112_read_status
01-01 09:21:47.935 0 0 D mv2112_update_link: 3.0x901(1G): 0x80
01-01 09:21:47.935 0 0 D mv2112_update_link: 3.0x8109(100M): 0x8
01-01 09:21:47.935 0 0 D mv2112_update_link: link 0x0
01-01 09:21:47.935 0 0 D mv2112_read_status: autoneg is disabled
12-14 03:23:43.479 640 655 I mpu_uart: [MSG-P:RECV]:No message received in 1000 ms
12-14 03:23:43.571 0 0 W swapper/0: type=1400 audit(0.0:314): avc: denied { kill } for capability=5 scontext=u:r:kernel:s0 tcontext=u:r:kernel:s0 tclass=capability permissive=0
12-14 03:23:44.086 2339 2422 I OpenGLRenderer: Davey! duration=9223371944240ms; Flags=0, FrameTimelineVsyncId=3017, IntendedVsync=92614055630, Vsync=92614055630, InputEventId=0, HandleInputStart=92614828504, AnimationStart=92614833609, PerformTraversalsStart=92614836213, DrawStart=92638375275, FrameDeadline=92647388962, FrameInterval=92614818088, FrameStartTime=16666666, SyncQueued=92639685588, SyncStart=92639803765, IssueDrawCommandsStart=92640802150, SwapBuffers=92643464911, FrameCompleted=9223372036854775807, DequeueBufferDuration=49115, QueueBufferDuration=1146250, GpuCompleted=9223372036854775807, SwapBuffersCompleted=92645197723, DisplayPresentTime=64,
01-01 09:21:48.959 0 0 D : mv2112_read_status
01-01 09:21:48.959 0 0 D mv2112_update_link: 3.0x901(1G): 0x80
01-01 09:21:48.959 0 0 D mv2112_update_link: 3.0x8109(100M): 0x8
01-01 09:21:48.959 0 0 D mv2112_update_link: link 0x0
01-01 09:21:48.959 0 0 D mv2112_read_status: autoneg is disabled
12-14 03:23:44.479 640 655 I mpu_uart: [MSG-P:RECV]:No message received in 1000 ms
12-14 03:23:44.571 0 0 W swapper/0: type=1400 audit(0.0:315): avc: denied { kill } for capability=5 scontext=u:r:kernel:s0 tcontext=u:r:kernel:s0 tclass=capability permissive=0
12-14 03:23:45.089 2339 2422 I OpenGLRenderer: Davey! duration=9223371943238ms; Flags=0, FrameTimelineVsyncId=3023, IntendedVsync=93616483630, Vsync=93616483630, InputEventId=0, HandleInputStart=93617204181, AnimationStart=93617208296, PerformTraversalsStart=93617210952, DrawStart=93639946160, FrameDeadline=93649816962, FrameInterval=93617193660, FrameStartTime=16666666, SyncQueued=93641191889, SyncStart=93641265379, IssueDrawCommandsStart=93642047410, SwapBuffers=93644627358, FrameCompleted=9223372036854775807, DequeueBufferDuration=45156, QueueBufferDuration=878385, GpuCompleted=9223372036854775807, SwapBuffersCompleted=93646044546, DisplayPresentTime=64,
01-01 09:21:49.983 0 0 D : mv2112_read_status
01-01 09:21:49.983 0 0 D mv2112_update_link: 3.0x901(1G): 0x80
01-01 09:21:49.983 0 0 D mv2112_update_link: 3.0x8109(100M): 0x8
01-01 09:21:49.983 0 0 D mv2112_update_link: link 0x0
01-01 09:21:49.983 0 0 D mv2112_read_status: autoneg is disabled
12-14 03:23:45.480 640 655 I mpu_uart: [MSG-P:RECV]:No message received in 1000 ms
12-14 03:23:45.523 640 654 I mpu_uart: [MSG-P:R]:recv sync frame timeout
12-14 03:23:45.571 0 0 W swapper/2: type=1400 audit(0.0:316): avc: denied { kill } for capability=5 scontext=u:r:kernel:s0 tcontext=u:r:kernel:s0 tclass=capability permissive=0
12-14 03:23:46.091 2339 2422 I OpenGLRenderer: Davey! duration=9223371942235ms; Flags=0, FrameTimelineVsyncId=3029, IntendedVsync=94618883630, Vsync=94618883630, InputEventId=0, HandleInputStart=94619774858, AnimationStart=94619778035, PerformTraversalsStart=94619780847, DrawStart=94642382306, FrameDeadline=94652216962, FrameInterval=94619767358, FrameStartTime=16666666, SyncQueued=94643348712, SyncStart=94643440327, IssueDrawCommandsStart=94644293920, SwapBuffers=94646967983, FrameCompleted=9223372036854775807, DequeueBufferDuration=46562, QueueBufferDuration=1121250, GpuCompleted=9223372036854775807, SwapBuffersCompleted=94648650483, DisplayPresentTime=64,
12-14 03:23:46.129 1201 1428 I selfinstaller: TC GetPartNumber() mock-part-111
01-01 09:21:51.007 0 0 D : mv2112_read_status
01-01 09:21:51.007 0 0 D mv2112_update_link: 3.0x901(1G): 0x80
01-01 09:21:51.007 0 0 D mv2112_update_link: 3.0x8109(100M): 0x8
01-01 09:21:51.007 0 0 D mv2112_update_link: link 0x0
01-01 09:21:51.007 0 0 D mv2112_read_status: autoneg is disabled
12-14 03:23:46.480 640 655 I mpu_uart: [MSG-P:RECV]:No message received in 1000 ms
12-14 03:23:46.571 0 0 W swapper/0: type=1400 audit(0.0:317): avc: denied { kill } for capability=5 scontext=u:r:kernel:s0 tcontext=u:r:kernel:s0 tclass=capability permissive=0
12-14 03:23:47.007 1201 1412 I selfinstaller: network is ready: 28
12-14 03:23:47.059 2716 2716 I hpplay-java: [main]:Upgrade:upgrade not be allowed
12-14 03:23:47.092 2716 2716 I hpplay-java: [main]:ServerBusiness:get deviceCode:
12-14 03:23:47.092 2716 2716 W hpplay-java: [main]:ServerBusiness:startDeviceService ignore,invalid deviceCode
12-14 03:23:47.093 2339 2422 I OpenGLRenderer: Davey! duration=9223371941233ms; Flags=0, FrameTimelineVsyncId=3035, IntendedVsync=95621289630, Vsync=95621289630, InputEventId=0, HandleInputStart=95622462774, AnimationStart=95622467722, PerformTraversalsStart=95622470482, DrawStart=95643938503, FrameDeadline=95654622962, FrameInterval=95622450534, FrameStartTime=16666666, SyncQueued=95645052045, SyncStart=95645142045, IssueDrawCommandsStart=95646038295, SwapBuffers=95648961524, FrameCompleted=9223372036854775807, DequeueBufferDuration=53230, QueueBufferDuration=884688, GpuCompleted=9223372036854775807, SwapBuffersCompleted=95650418972, DisplayPresentTime=64,
12-14 03:23:47.480 640 655 I mpu_uart: [MSG-P:RECV]:No message received in 1000 ms
01-01 09:21:52.031 0 0 D : mv2112_read_status
01-01 09:21:52.031 0 0 D mv2112_update_link: 3.0x901(1G): 0x80
01-01 09:21:52.032 0 0 D mv2112_update_link: 3.0x8109(100M): 0x8
01-01 09:21:52.032 0 0 D mv2112_update_link: link 0x0
01-01 09:21:52.032 0 0 D mv2112_read_status: autoneg is disabled
12-14 03:23:47.571 0 0 W swapper/0: type=1400 audit(0.0:318): avc: denied { kill } for capability=5 scontext=u:r:kernel:s0 tcontext=u:r:kernel:s0 tclass=capability permissive=0
12-14 03:23:48.099 2339 2390 I OpenGLRenderer: Davey! duration=9223371940230ms; Flags=0, FrameTimelineVsyncId=3041, IntendedVsync=96623703630, Vsync=96623703630, InputEventId=0, HandleInputStart=96624469232, AnimationStart=96624474076, PerformTraversalsStart=96624476992, DrawStart=96647015847, FrameDeadline=96657036962, FrameInterval=96624456732, FrameStartTime=16666666, SyncQueued=96648424128, SyncStart=96648549649, IssueDrawCommandsStart=96649494284, SwapBuffers=96652931159, FrameCompleted=9223372036854775807, DequeueBufferDuration=52343, QueueBufferDuration=1244895, GpuCompleted=9223372036854775807, SwapBuffersCompleted=96654876367, DisplayPresentTime=64,
12-14 03:23:48.480 640 655 I mpu_uart: [MSG-P:RECV]:No message received in 1000 ms
01-01 09:21:53.055 0 0 D : mv2112_read_status
01-01 09:21:53.055 0 0 D mv2112_update_link: 3.0x901(1G): 0x80
01-01 09:21:53.055 0 0 D mv2112_update_link: 3.0x8109(100M): 0x8
