12-14 03:24:54.413 2716 2716 D hpplay-base: [lelinkDlna:328] startDLNAServer ret=0
12-14 03:24:54.413 2716 2716 D hpplay-base: [LelinkBase:531] startDLNAServer ret= 0
12-14 03:24:54.413 2716 2716 D hpplay-base: [lelinkDlna:342] setDMRFriendlyName 高合娱乐副屏
12-14 03:24:54.413 2716 2716 D hpplay-base-dlna: [lebodlna-dlna_android:136] setBroadcastTimeout mBroadcastTimeOut=66 status=3!
12-14 03:24:54.413 2716 2716 D hpplay-base-dlna: [lebodlna_api:32] start DMR
12-14 03:24:54.413 2716 2716 D hpplay-base-dlna: [UpnpDefine:434] RegisterDMRender invalid lelink info
12-14 03:24:54.413 2716 2716 D hpplay-base-dlna: [UpnpDefine:467] DLNA DEFAULT_DESCRIPTION
12-14 03:24:54.414 2716 2716 E hpplay-base-dlna: upnpapi.c:1078::Exiting RegisterRootDevice2 *Hnd =1, return value == 0
12-14 03:24:54.414 2716 2716 D hpplay-base-dlna: [CUpnpDevice:41] Register Root Device 2:0
12-14 03:24:54.414 2716 2716 D hpplay-base-dlna: [UpnpDefine:794] ESDMRender:Register success
12-14 03:24:54.414 2716 2716 D hpplay-base-dlna: [lebodlna_api:41] sendBroadcast mBroadcastTimeOut=3
12-14 03:24:54.414 2716 2716 D hpplay-base-dlna: [lebodlna_api:44] sendBroadcast timeout=66
12-14 03:24:54.470 2716 2716 D hpplay-base: [lelinkDlna:361] startDLNADevice dlnaManufacturer:0 ret=0
12-14 03:24:54.470 2716 2716 D hpplay-base: [LelinkBase:535] lelinkSetDlnaInfo ret= 0
12-14 03:24:54.470 2716 2716 D hpplay-base: [LelinkBase:547] startAllServer pBaseContext->config.mDNSEnable:1
12-14 03:24:54.470 2716 2716 D hpplay-base: [base_mdns:509] mdns net.hostname:
12-14 03:24:54.471 2716 2716 D hpplay-base: [base_mdns:529] mdns namelabel:-00-80-0F-74-31-00
12-14 03:24:54.471 2716 2716 D hpplay-base: [base_mdns:509] mdns net.hostname:
12-14 03:24:54.471 2716 2716 D hpplay-base: [base_mdns:529] mdns namelabel:-00-80-0F-74-31-00
12-14 03:24:54.471 2716 2716 D hpplay-base: [mdns:813] mdns start bind port:0
12-14 03:24:54.471 2716 2716 D hpplay-base: [mdns:813] mdns start bind port:5353
12-14 03:24:54.472 2716 2716 D hpplay-base: [mdns:813] mdns start bind port:5353
12-14 03:24:54.472 2716 2716 D hpplay-base: [mdns:813] mdns start bind port:5353
12-14 03:24:54.472 2716 2716 D hpplay-base: [mdns:813] mdns start bind port:5353
12-14 03:24:54.472 2716 2716 D hpplay-base: [mdns:813] mdns start bind port:5353
12-14 03:24:54.472 2716 2716 D hpplay-base: [mdns:813] mdns start bind port:5353
12-14 03:24:54.472 2716 2716 D hpplay-base: [mdns:813] mdns start bind port:5353
12-14 03:24:54.473 2716 2716 I hpplay-base: [mDNSEmbeded:57] embedded_mDNSInit stopmDNSNow:0 status:0
12-14 03:24:54.473 2716 2716 D hpplay-base: [mDNSEmbeded:436] startmDNSServer end nRet=0
12-14 03:24:54.473 2716 2716 D hpplay-base: [LelinkBase:555] lelink broadcast_on_off:1 log2java_on_off:1
12-14 03:24:54.473 2716 4535 I hpplay-base: [mDNSEmbeded:268] start lelink publish server, tid is 4535
12-14 03:24:54.473 2716 2716 D hpplay-base: [AEventUtils:595] request to start event handle service!!
12-14 03:24:54.474 2716 2716 D hpplay-base: [AEventUtils:603] start_event_handle_service,begin to run!!
12-14 03:24:54.474 2716 2716 D hpplay-base: [REventUtils:210] start_event_handle_service,begin to run!!
12-14 03:24:54.474 2716 4537 D hpplay-base: [AEventUtils:171] create handle AEvent thread ok!!,tid is 4537
12-14 03:24:54.474 2716 2716 D hpplay-base: [LelinkBase:576] startAllServer success .
12-14 03:24:54.474 2716 4534 D hpplay-base: [LelinkMDNS:729] leboAuthorizationCheck strUuid=4a:41:02:02:dc:4f000000000000000
12-14 03:24:54.474 2716 4536 D hpplay-base: [mDNSEmbeded:197] http_port bind check 197 http_port_check
12-14 03:24:54.474 2716 2716 D hpplay-base: [jniBridge:894] startDlna_link:http://192.168.0.18:49152/description.xml
12-14 03:24:54.474 2716 4534 D hpplay-base: [LelinkMDNS:730] leboAuthorizationCheck mPermissionDid=4a:41:02:02:dc:4f000000000000000
12-14 03:24:54.474 2716 4534 D hpplay-base: [LelinkMDNS:755] leboAuthorizationCheck mPermissionMac=4a:41:02:02:dc:4f000000000000000
12-14 03:24:54.475 2716 4539 D hpplay-base: [jniBridge:1081] notifyJavaDlnalink:http://192.168.0.18:49152/description.xml
12-14 03:24:54.475 2716 4539 D hpplay-base: [jniBridge:1726] notifyJava, what:207, castType:0, mimeType:0 baseStatus:2
12-14 03:24:54.475 2716 4539 D hpplay-base: [jniBridge:1727] notifyJava sessionID:(null)
12-14 03:24:54.475 2716 4538 D hpplay-base: [REventUtils:59] create handleREventThread thread ok!!,tid is 4538
12-14 03:24:54.475 2716 4536 D hpplay-base: [mDNSEmbeded:217] http_port bind check 217 http_port_check
12-14 03:24:54.475 2716 4536 D hpplay-base: [mDNSEmbeded:222] http_port bind check 222 http_port_check
12-14 03:24:54.476 2716 4539 I hpplay-java: [Thread-31]:Bridge:notify: what: 207
12-14 03:24:54.477 2716 4536 D hpplay-base: [mDNSEmbeded:234] http_port bind check 234 http_port_check port:52266
12-14 03:24:54.477 2716 4539 I hpplay-java: [Thread-31]:Bridge:notify: out: OutParameters:{audioSessionId=-1, audiotrackIndex=0, castHandleType=-1, castType=0, deviceName='http://192.168.0.18:49152/description.xml', dlnaName='', dramaID='', extra=0, frameHandleType=-1, handleInside=true, headduration=0, header='', headers=null, isAD=false, isMultiMirror=false, lelinkVer='', limitTime=0, , mediaAlbum='null', mediaAlbumArtURI='', mediaArtist='null', mediaAssets='', mediaTitle='null', mimeType=0, multiSession=null, period=0, pinCode='', playSpeed=0.0, playerChoice=0, plugin=0, port=0, position=0.0, positionUnit=2, protocol=0, realSessionID='', regType='', , sinkIp='', sourceAPPVersion='', sourceChannel='', sourceClientInfo='', sourceDeviceInfo='', sourceDeviceModel='', sourceDeviceName='', sourceDeviceType=0, sourceHID='', , sourceInfo='', , , sourceOSVersion='', sourceSDKVersion='', sourceUid='', stopDetail=0, stopReason=0, tailduration=0, url='', urlID='', urls=null, userAgent='', videoDecoder=0, volume=0, what=207}com.hpplay.sdk.sink.protocol.OutParameters@e6037c6
12-14 03:24:54.477 2716 4539 I hpplay-java: [Thread-31]:Bridge:notify: address:152716167
12-14 03:24:54.477 2716 4536 D hpplay-base: [mDNSEmbeded:237] http_port bind check 237 http_port_check
12-14 03:24:54.477 2716 4541 D hpplay-base: [lelinkSinkServer:93] new client connection from 127.0.0.1 4283, fd=110
12-14 03:24:54.477 2716 4541 D hpplay-base: [SinkContext:137] addSinkContextSession,begin to run!!
12-14 03:24:54.477 2716 4541 D hpplay-base: [SinkContext:142] addSinkContextSession,begin to get lock!!
12-14 03:24:54.477 2716 4541 D hpplay-base: [SinkContext:144] addSinkContextSession,get lock ok!!
12-14 03:24:54.477 2716 4541 D hpplay-base: [SinkContext:149] addSinkContextSession,session list is null,begin to malloc!!
12-14 03:24:54.477 2716 4541 D hpplay-base: [SinkContext:156] addSinkContextSession,begin to update!!
12-14 03:24:54.477 2716 4541 D hpplay-base: [SinkContext:160] addSinkContextSession,begin to update header!!
12-14 03:24:54.477 2716 4541 D hpplay-base: [SinkContext:172] addSinkContextSession,begin to unlock!!
12-14 03:24:54.477 2716 4541 D hpplay-base: [SinkContext:174] addSinkContextSession,unlock ok!!
12-14 03:24:54.477 2716 4541 D hpplay-base: [LelinkReceiver:4908] get ping !!!
12-14 03:24:54.477 2716 4536 D hpplay-base: [mDNSEmbeded:240] http_port bind check 240 http_port_check recieved:64
12-14 03:24:54.477 2716 4536 D hpplay-base: [mDNSEmbeded:243] http_port bind check 243 http_port_check
12-14 03:24:54.477 2716 4536 D hpplay-base: [mDNSEmbeded:244] http_port bind check ok!
12-14 03:24:54.497 640 655 I mpu_uart: [MSG-P:RECV]:No message received in 1000 ms
12-14 03:24:54.571 0 0 W swapper/1: type=1400 audit(0.0:384): avc: denied { kill } for capability=5 scontext=u:r:kernel:s0 tcontext=u:r:kernel:s0 tclass=capability permissive=0
12-14 03:24:54.590 640 654 I mpu_uart: [MSG-P:R]:recv sync frame timeout
12-14 03:24:54.678 2716 4541 I hpplay-base: [LelinkReceiver:14605] _connectionFinalize (110)
12-14 03:24:54.678 2716 4541 D hpplay-base: [LelinkReceiver:14752] ###connectionFinalize,release ok!!###
12-14 03:24:54.908 2716 4462 W hpplay-java: [AsyncTask #57]:HttpRequest:
12-14 03:24:54.909 2087 3933 D NetworkMonitor/100: isDataStall: result=1, tcp packets received=0, latest tcp fail rate=-1, consecutive dns timeout count=21
12-14 03:24:54.909 2087 3933 D NetworkMonitor/100: Suspecting data stall, reevaluate
12-14 03:24:54.909 2716 4462 W hpplay-java: [AsyncTask #57]:HttpRequest:
12-14 03:24:54.910 2716 4462 W hpplay-java: [AsyncTask #57]:HttpRequest:
12-14 03:24:54.910 1500 2321 D ConnectivityService: Data stall detected with methods: 1
12-14 03:24:54.911 2087 4542 D NetworkMonitor/100: Validation disabled.
12-14 03:24:54.917 1500 1896 D ConnectivityService: [100 WIFI] validation passed
01-01 09:22:59.615 0 0 D : mv2112_read_status
01-01 09:22:59.615 0 0 D mv2112_update_link: 3.0x901(1G): 0x80
01-01 09:22:59.615 0 0 D mv2112_update_link: 3.0x8109(100M): 0x8
01-01 09:22:59.615 0 0 D mv2112_update_link: link 0x0
01-01 09:22:59.615 0 0 D mv2112_read_status: autoneg is disabled
12-14 03:24:55.498 640 655 I mpu_uart: [MSG-P:RECV]:No message received in 1000 ms
12-14 03:24:55.571 0 0 W swapper/1: type=1400 audit(0.0:385): avc: denied { kill } for capability=5 scontext=u:r:kernel:s0 tcontext=u:r:kernel:s0 tclass=capability permissive=0
12-14 03:24:55.750 2000 4132 I OpenGLRenderer: Davey! duration=9223371872552ms; Flags=0, FrameTimelineVsyncId=3606, IntendedVsync=164302317730, Vsync=164302317730, InputEventId=0, HandleInputStart=164302828165, AnimationStart=164302830717, PerformTraversalsStart=164302832592, DrawStart=164312733425, FrameDeadline=164318984396, FrameInterval=164302818633, FrameStartTime=16666666, SyncQueued=164312911342, SyncStart=164312971967, IssueDrawCommandsStart=164313057227, SwapBuffers=164314419519, FrameCompleted=9223372036854775807, DequeueBufferDuration=40677, QueueBufferDuration=800417, GpuCompleted=9223372036854775807, SwapBuffersCompleted=164315613529, DisplayPresentTime=0,
01-01 09:23:00.639 0 0 D : mv2112_read_status
01-01 09:23:00.639 0 0 D mv2112_update_link: 3.0x901(1G): 0x80
01-01 09:23:00.639 0 0 D mv2112_update_link: 3.0x8109(100M): 0x8
01-01 09:23:00.639 0 0 D mv2112_update_link: link 0x0
01-01 09:23:00.639 0 0 D mv2112_read_status: autoneg is disabled
12-14 03:24:56.498 640 655 I mpu_uart: [MSG-P:RECV]:No message received in 1000 ms
12-14 03:24:56.571 0 0 W swapper/1: type=1400 audit(0.0:386): avc: denied { kill } for capability=5 scontext=u:r:kernel:s0 tcontext=u:r:kernel:s0 tclass=capability permissive=0
12-14 03:24:56.627 4333 4333 I update_engine_client: [INFO:update_engine_client_android.cc(92)] onStatusUpdate(UPDATE_STATUS_DOWNLOADING (3), 0.853605)
12-14 03:24:57.020 4368 4368 I ScreenSaver_12: [PeriodicCallbackModel] Executing periodic callback for MINUTE because the period ended
01-01 09:23:01.663 0 0 D : mv2112_read_status
01-01 09:23:01.663 0 0 D mv2112_update_link: 3.0x901(1G): 0x80
01-01 09:23:01.663 0 0 D mv2112_update_link: 3.0x8109(100M): 0x8
01-01 09:23:01.663 0 0 D mv2112_update_link: link 0x0
01-01 09:23:01.663 0 0 D mv2112_read_status: autoneg is disabled
12-14 03:24:57.498 640 655 I mpu_uart: [MSG-P:RECV]:No message received in 1000 ms
12-14 03:24:57.571 1261 1261 W update_engine: type=1400 audit(0.0:387): avc: denied { kill } for capability=5 scontext=u:r:update_engine:s0 tcontext=u:r:update_engine:s0 tclass=capability permissive=0
12-14 03:24:57.592 640 654 I mpu_uart: [MSG-P:R]:recv sync frame timeout
01-01 09:23:02.687 0 0 D : mv2112_read_status
01-01 09:23:02.687 0 0 D mv2112_update_link: 3.0x901(1G): 0x80
01-01 09:23:02.687 0 0 D mv2112_update_link: 3.0x8109(100M): 0x8
01-01 09:23:02.687 0 0 D mv2112_update_link: link 0x0
01-01 09:23:02.687 0 0 D mv2112_read_status: autoneg is disabled
12-14 03:24:58.498 640 655 I mpu_uart: [MSG-P:RECV]:No message received in 1000 ms
12-14 03:24:58.571 0 0 W swapper/1: type=1400 audit(0.0:388): avc: denied { kill } for capability=5 scontext=u:r:kernel:s0 tcontext=u:r:kernel:s0 tclass=capability permissive=0
12-14 03:24:59.001 4333 4333 I update_engine_client: [INFO:update_engine_client_android.cc(92)] onStatusUpdate(UPDATE_STATUS_DOWNLOADING (3), 0.863618)
01-01 09:23:03.711 0 0 D : mv2112_read_status
01-01 09:23:03.711 0 0 D mv2112_update_link: 3.0x901(1G): 0x80
01-01 09:23:03.711 0 0 D mv2112_update_link: 3.0x8109(100M): 0x8
01-01 09:23:03.711 0 0 D mv2112_update_link: link 0x0
01-01 09:23:03.711 0 0 D mv2112_read_status: autoneg is disabled
12-14 03:24:59.362 2716 2716 I hpplay-java: [main]:ServiceUpdater:upLoadServiceInfo invalid deviceCode:, port:53388
12-14 03:24:59.499 640 655 I mpu_uart: [MSG-P:RECV]:No message received in 1000 ms
12-14 03:24:59.571 0 0 W swapper/1: type=1400 audit(0.0:389): avc: denied { kill } for capability=5 scontext=u:r:kernel:s0 tcontext=u:r:kernel:s0 tclass=capability permissive=0
12-14 03:25:00.002 2326 2326 W QCC:PeriodicCI: [ERROR] Current time is wrong, status=3
12-14 03:25:00.003 2000 2000 D KeyguardUpdateMonitor: received broadcast android.intent.action.TIME_TICK
12-14 03:25:00.004 2000 2000 D KeyguardUpdateMonitor: handleTimeUpdate
01-01 09:23:04.735 0 0 D : mv2112_read_status
01-01 09:23:04.735 0 0 D mv2112_update_link: 3.0x901(1G): 0x80
01-01 09:23:04.735 0 0 D mv2112_update_link: 3.0x8109(100M): 0x8
01-01 09:23:04.735 0 0 D mv2112_update_link: link 0x0
01-01 09:23:04.735 0 0 D mv2112_read_status: autoneg is disabled
12-14 03:25:00.499 640 655 I mpu_uart: [MSG-P:RECV]:No message received in 1000 ms
12-14 03:25:00.571 0 0 W swapper/3: type=1400 audit(0.0:390): avc: denied { kill } for capability=5 scontext=u:r:kernel:s0 tcontext=u:r:kernel:s0 tclass=capability permissive=0
12-14 03:25:00.595 640 654 I mpu_uart: [MSG-P:R]:recv sync frame timeout
12-14 03:25:01.173 4333 4333 I update_engine_client: [INFO:update_engine_client_android.cc(92)] onStatusUpdate(UPDATE_STATUS_DOWNLOADING (3), 0.873631)
01-01 09:23:05.759 0 0 D : mv2112_read_status
01-01 09:23:05.759 0 0 D mv2112_update_link: 3.0x901(1G): 0x80
01-01 09:23:05.759 0 0 D mv2112_update_link: 3.0x8109(100M): 0x8
01-01 09:23:05.759 0 0 D mv2112_update_link: link 0x0
01-01 09:23:05.759 0 0 D mv2112_read_status: autoneg is disabled
12-14 03:25:01.499 640 655 I mpu_uart: [MSG-P:RECV]:No message received in 1000 ms
12-14 03:25:01.571 466 466 W kworker/3:4: type=1400 audit(0.0:391): avc: denied { kill } for capability=5 scontext=u:r:kernel:s0 tcontext=u:r:kernel:s0 tclass=capability permissive=0
01-01 09:23:06.783 0 0 D : mv2112_read_status
01-01 09:23:06.783 0 0 D mv2112_update_link: 3.0x901(1G): 0x80
01-01 09:23:06.783 0 0 D mv2112_update_link: 3.0x8109(100M): 0x8
01-01 09:23:06.783 0 0 D mv2112_update_link: link 0x0
01-01 09:23:06.783 0 0 D mv2112_read_status: autoneg is disabled
12-14 03:25:02.503 640 655 I mpu_uart: [MSG-P:RECV]:No message received in 1000 ms
12-14 03:25:02.571 0 0 W swapper/3: type=1400 audit(0.0:392): avc: denied { kill } for capability=5 scontext=u:r:kernel:s0 tcontext=u:r:kernel:s0 tclass=capability permissive=0
01-01 09:23:07.807 0 0 D : mv2112_read_status
01-01 09:23:07.807 0 0 D mv2112_update_link: 3.0x901(1G): 0x80
01-01 09:23:07.807 0 0 D mv2112_update_link: 3.0x8109(100M): 0x8
01-01 09:23:07.807 0 0 D mv2112_update_link: link 0x0
01-01 09:23:07.807 0 0 D mv2112_read_status: autoneg is disabled
12-14 03:25:03.503 640 655 I mpu_uart: [MSG-P:RECV]:No message received in 1000 ms
12-14 03:25:03.571 1261 1261 W update_engine: type=1400 audit(0.0:393): avc: denied { kill } for capability=5 scontext=u:r:update_engine:s0 tcontext=u:r:update_engine:s0 tclass=capability permissive=0
12-14 03:25:03.598 640 654 I mpu_uart: [MSG-P:R]:recv sync frame timeout
12-14 03:25:03.691 4333 4333 I update_engine_client: [INFO:update_engine_client_android.cc(92)] onStatusUpdate(UPDATE_STATUS_DOWNLOADING (3), 0.883645)
01-01 09:23:08.831 0 0 D : mv2112_read_status
01-01 09:23:08.831 0 0 D mv2112_update_link: 3.0x901(1G): 0x80
01-01 09:23:08.831 0 0 D mv2112_update_link: 3.0x8109(100M): 0x8
01-01 09:23:08.831 0 0 D mv2112_update_link: link 0x0
01-01 09:23:08.831 0 0 D mv2112_read_status: autoneg is disabled
12-14 03:25:04.347 2716 2716 I hpplay-java: [main]:Upgrade:upgrade not be allowed
12-14 03:25:04.369 2716 2716 I hpplay-java: [main]:ServerBusiness:get deviceCode:
12-14 03:25:04.370 2716 2716 W hpplay-java: [main]:ServerBusiness:startDeviceService ignore,invalid deviceCode
12-14 03:25:04.503 640 655 I mpu_uart: [MSG-P:RECV]:No message received in 1000 ms
12-14 03:25:04.571 0 0 W swapper/3: type=1400 audit(0.0:394): avc: denied { kill } for capability=5 scontext=u:r:kernel:s0 tcontext=u:r:kernel:s0 tclass=capability permissive=0
01-01 09:23:09.855 0 0 D : mv2112_read_status
01-01 09:23:09.855 0 0 D mv2112_update_link: 3.0x901(1G): 0x80
01-01 09:23:09.855 0 0 D mv2112_update_link: 3.0x8109(100M): 0x8
01-01 09:23:09.855 0 0 D mv2112_update_link: link 0x0
01-01 09:23:09.855 0 0 D mv2112_read_status: autoneg is disabled
12-14 03:25:05.503 640 655 I mpu_uart: [MSG-P:RECV]:No message received in 1000 ms
12-14 03:25:05.571 0 0 W swapper/3: type=1400 audit(0.0:395): avc: denied { kill } for capability=5 scontext=u:r:kernel:s0 tcontext=u:r:kernel:s0 tclass=capability permissive=0
12-14 03:25:06.254 4333 4333 I update_engine_client: [INFO:update_engine_client_android.cc(92)] onStatusUpdate(UPDATE_STATUS_DOWNLOADING (3), 0.893658)
01-01 09:23:10.879 0 0 D : mv2112_read_status
01-01 09:23:10.879 0 0 D mv2112_update_link: 3.0x901(1G): 0x80
01-01 09:23:10.880 0 0 D mv2112_update_link: 3.0x8109(100M): 0x8
01-01 09:23:10.880 0 0 D mv2112_update_link: link 0x0
01-01 09:23:10.880 0 0 D mv2112_read_status: autoneg is disabled
12-14 03:25:06.504 640 655 I mpu_uart: [MSG-P:RECV]:No message received in 1000 ms
12-14 03:25:06.571 0 0 W swapper/3: type=1400 audit(0.0:396): avc: denied { kill } for capability=5 scontext=u:r:kernel:s0 tcontext=u:r:kernel:s0 tclass=capability permissive=0
12-14 03:25:06.602 640 654 I mpu_uart: [MSG-P:R]:recv sync frame timeout
01-01 09:23:11.903 0 0 D : mv2112_read_status
01-01 09:23:11.903 0 0 D mv2112_update_link: 3.0x901(1G): 0x80
01-01 09:23:11.903 0 0 D mv2112_update_link: 3.0x8109(100M): 0x8
01-01 09:23:11.903 0 0 D mv2112_update_link: link 0x0
01-01 09:23:11.903 0 0 D mv2112_read_status: autoneg is disabled
12-14 03:25:07.504 640 655 I mpu_uart: [MSG-P:RECV]:No message received in 1000 ms
12-14 03:25:07.571 1261 1261 W update_engine: type=1400 audit(0.0:397): avc: denied { kill } for capability=5 scontext=u:r:update_engine:s0 tcontext=u:r:update_engine:s0 tclass=capability permissive=0
01-01 09:23:12.927 0 0 D : mv2112_read_status
01-01 09:23:12.927 0 0 D mv2112_update_link: 3.0x901(1G): 0x80
01-01 09:23:12.927 0 0 D mv2112_update_link: 3.0x8109(100M): 0x8
01-01 09:23:12.927 0 0 D mv2112_update_link: link 0x0
01-01 09:23:12.927 0 0 D mv2112_read_status: autoneg is disabled
12-14 03:25:08.504 640 655 I mpu_uart: [MSG-P:RECV]:No message received in 1000 ms
12-14 03:25:08.571 1261 1261 W update_engine: type=1400 audit(0.0:398): avc: denied { kill } for capability=5 scontext=u:r:update_engine:s0 tcontext=u:r:update_engine:s0 tclass=capability permissive=0
12-14 03:25:08.998 4333 4333 I update_engine_client: [INFO:update_engine_client_android.cc(92)] onStatusUpdate(UPDATE_STATUS_DOWNLOADING (3), 0.903671)
12-14 03:25:09.344 2716 2716 I hpplay-java: [main]:ServerTaskManager:task run out of time
12-14 03:25:09.344 2716 2716 I hpplay-java: [main]:ServerTaskManager:cancelTimeOutCheck
12-14 03:25:09.344 2716 2716 I hpplay-java: [main]:ServerTaskManager:exeTask ignore, reason: TaskList is clear
01-01 09:23:13.951 0 0 D : mv2112_read_status
01-01 09:23:13.951 0 0 D mv2112_update_link: 3.0x901(1G): 0x80
01-01 09:23:13.951 0 0 D mv2112_update_link: 3.0x8109(100M): 0x8
01-01 09:23:13.951 0 0 D mv2112_update_link: link 0x0
01-01 09:23:13.951 0 0 D mv2112_read_status: autoneg is disabled
12-14 03:25:09.504 640 655 I mpu_uart: [MSG-P:RECV]:No message received in 1000 ms
12-14 03:25:09.571 0 0 W swapper/3: type=1400 audit(0.0:399): avc: denied { kill } for capability=5 scontext=u:r:kernel:s0 tcontext=u:r:kernel:s0 tclass=capability permissive=0
12-14 03:25:09.572 2716 4534 D hpplay-base: [LelinkMDNS:766] devicePermissionPublic leboPermissionCheck:-2
12-14 03:25:09.572 2716 4534 D hpplay-base: [jniBridge:1125] com_hpplay_sdk_sink_protocol_Bridge_WHAT_SERVER_ERROR
12-14 03:25:09.572 2716 4534 D hpplay-base: [jniBridge:1726] notifyJava, what:204, castType:0, mimeType:0 baseStatus:2
12-14 03:25:09.572 2716 4534 D hpplay-base: [jniBridge:1727] notifyJava sessionID:(null)
12-14 03:25:09.573 2716 4534 I hpplay-java: [Thread-32]:Bridge:notify: what: 204
12-14 03:25:09.575 2716 4534 I hpplay-java: [Thread-32]:Bridge:notify: out: OutParameters:{audioSessionId=-1, audiotrackIndex=0, castHandleType=-1, castType=0, deviceName='', dlnaName='', dramaID='', extra=-2002, frameHandleType=-1, handleInside=true, headduration=0, header='', headers=null, isAD=false, isMultiMirror=false, lelinkVer='', limitTime=0, , mediaAlbum='null', mediaAlbumArtURI='', mediaArtist='null', mediaAssets='', mediaTitle='null', mimeType=0, multiSession=null, period=0, pinCode='', playSpeed=0.0, playerChoice=0, plugin=0, port=0, position=0.0, positionUnit=2, protocol=0, realSessionID='', regType='', , sinkIp='', sourceAPPVersion='', sourceChannel='', sourceClientInfo='', sourceDeviceInfo='', sourceDeviceModel='', sourceDeviceName='', sourceDeviceType=0, sourceHID='', , sourceInfo='', , , sourceOSVersion='', sourceSDKVersion='', sourceUid='', stopDetail=0, stopReason=0, tailduration=0, url='', urlID='', urls=null, userAgent='', videoDecoder=0, volume=0, what=204}com.hpplay.sdk.sink.protocol.OutParameters@22c12b4
12-14 03:25:09.575 2716 4534 I hpplay-java: [Thread-32]:Bridge:notify: address:95354589
12-14 03:25:09.575 2716 2716 I hpplay-java: [main]:Bridge:findServiceID start out: 95354589
12-14 03:25:09.575 2716 2716 I hpplay-java: [main]:Bridge:findServiceID end
12-14 03:25:09.575 2716 2716 E hpplay-java: [main]:ServerTaskManager:onError 204/-2002 com.hht.lebocast.LelinkHelper$e@22899d
12-14 03:25:09.575 2716 2716 I hpplay-java: [main]:ServerTaskManager:cancelTimeOutCheck
12-14 03:25:09.577 2716 2716 W hpplay-java: [main]:ServerTaskManager:onErrorDispatcher errorCode:-2002
12-14 03:25:09.577 2716 2716 I hpplay-java: [main]:ServerTaskManager:onError retry later
12-14 03:25:09.577 2716 4534 I hpplay-base: [mDNSEmbeded:79] embedded_mDNSLoop stopmDNSNow:0 nPublish:-2 nExitFlag:6 tid is 4534
12-14 03:25:09.605 640 654 I mpu_uart: [MSG-P:R]:recv sync frame timeout
12-14 03:25:09.835 2087 3933 D NetworkMonitor/100: isDataStall: result=1, tcp packets received=0, latest tcp fail rate=-1, consecutive dns timeout count=22
12-14 03:25:09.835 2087 3933 D NetworkMonitor/100: Suspecting data stall, reevaluate
12-14 03:25:09.836 2716 4501 W hpplay-java: [AsyncTask #61]:HttpRequest:
12-14 03:25:09.838 2716 4501 W hpplay-java: [AsyncTask #61]:HttpRequest:
12-14 03:25:09.838 1500 2321 D ConnectivityService: Data stall detected with methods: 1
12-14 03:25:09.838 2716 4501 W hpplay-java: [AsyncTask #61]:HttpRequest:
12-14 03:25:09.839 2716 2716 E hpplay-java: [main]:IMTask:getIMRoot failed
12-14 03:25:09.840 2087 4554 D NetworkMonitor/100: Validation disabled.
12-14 03:25:09.846 1500 1896 D ConnectivityService: [100 WIFI] validation passed
12-14 03:25:10.141 2716 4505 W hpplay-java: [AsyncTask #63]:HttpRequest:
12-14 03:25:10.142 2716 4505 W hpplay-java: [AsyncTask #63]:HttpRequest:
12-14 03:25:10.143 2087 3933 D NetworkMonitor/100: isDataStall: result=1, tcp packets received=0, latest tcp fail rate=-1, consecutive dns timeout count=23
12-14 03:25:10.143 2087 3933 D NetworkMonitor/100: Suspecting data stall, reevaluate
12-14 03:25:10.143 2716 4505 W hpplay-java: [AsyncTask #63]:HttpRequest:
12-14 03:25:10.144 1500 2079 D ConnectivityService: Data stall detected with methods: 1
12-14 03:25:10.145 2087 4555 D NetworkMonitor/100: Validation disabled.
12-14 03:25:10.149 1500 1896 D ConnectivityService: [100 WIFI] validation passed
01-01 09:23:14.975 0 0 D : mv2112_read_status
01-01 09:23:14.975 0 0 D mv2112_update_link: 3.0x901(1G): 0x80
01-01 09:23:14.975 0 0 D mv2112_update_link: 3.0x8109(100M): 0x8
01-01 09:23:14.975 0 0 D mv2112_update_link: link 0x0
01-01 09:23:14.975 0 0 D mv2112_read_status: autoneg is disabled
12-14 03:25:10.505 640 655 I mpu_uart: [MSG-P:RECV]:No message received in 1000 ms
12-14 03:25:10.571 0 0 W swapper/3: type=1400 audit(0.0:400): avc: denied { kill } for capability=5 scontext=u:r:kernel:s0 tcontext=u:r:kernel:s0 tclass=capability permissive=0
01-01 09:23:15.999 0 0 D : mv2112_read_status
01-01 09:23:15.999 0 0 D mv2112_update_link: 3.0x901(1G): 0x80
01-01 09:23:15.999 0 0 D mv2112_update_link: 3.0x8109(100M): 0x8
01-01 09:23:15.999 0 0 D mv2112_update_link: link 0x0
01-01 09:23:15.999 0 0 D mv2112_read_status: autoneg is disabled
12-14 03:25:11.505 640 655 I mpu_uart: [MSG-P:RECV]:No message received in 1000 ms
12-14 03:25:11.533 1261 1261 I update_engine: [INFO:delta_performer.cc(115)] Completed 1416/1573 operations (90%), 979114419/1071720775 bytes downloaded (91%), overall progress 90%
12-14 03:25:11.538 4333 4333 I update_engine_client: [INFO:update_engine_client_android.cc(92)] onStatusUpdate(UPDATE_STATUS_DOWNLOADING (3), 0.913685)
12-14 03:25:11.571 0 0 W swapper/3: type=1400 audit(0.0:401): avc: denied { kill } for capability=5 scontext=u:r:kernel:s0 tcontext=u:r:kernel:s0 tclass=capability permissive=0
01-01 09:23:17.023 0 0 D : mv2112_read_status
01-01 09:23:17.023 0 0 D mv2112_update_link: 3.0x901(1G): 0x80
01-01 09:23:17.023 0 0 D mv2112_update_link: 3.0x8109(100M): 0x8
01-01 09:23:17.023 0 0 D mv2112_update_link: link 0x0
01-01 09:23:17.023 0 0 D mv2112_read_status: autoneg is disabled
12-14 03:25:12.505 640 655 I mpu_uart: [MSG-P:RECV]:No message received in 1000 ms
12-14 03:25:12.571 0 0 W swapper/3: type=1400 audit(0.0:402): avc: denied { kill } for capability=5 scontext=u:r:kernel:s0 tcontext=u:r:kernel:s0 tclass=capability permissive=0
12-14 03:25:12.583 2716 2716 I hpplay-java: [main]:ServerTaskManager:restart by error
12-14 03:25:12.583 2716 2716 I hpplay-java: [main]:ServerTaskManager:startServer
12-14 03:25:12.583 2716 2716 I hpplay-java: [main]:ServerTaskManager:startServer add, reason: server is starting or running
12-14 03:25:12.583 2716 2716 I hpplay-java: [main]:ServerTaskManager:addStopTask
12-14 03:25:12.583 2716 2716 I hpplay-java: [main]:ServerTaskManager:addStartTask
12-14 03:25:12.583 2716 2716 I hpplay-java: [main]:ServerTaskManager:exeTask stopServer
12-14 03:25:12.583 2716 2716 I hpplay-java: [main]:Bridge:stopServer keepPush: false
12-14 03:25:12.583 2716 2716 D hpplay-base: [jniBridge:909] Bridge__1stopServer status:2
12-14 03:25:12.584 2716 2716 D hpplay-base: [LelinkBase:654] stopAllServer will start thread!
12-14 03:25:12.584 2716 4557 I hpplay-base: [mDNSEmbeded:65] embedded_mDNSExit call
12-14 03:25:12.584 2716 4537 D hpplay-base: [AEventUtils:588] handle AEvent thread end!!,tid is 4537
12-14 03:25:12.584 2716 4538 D hpplay-base: [REventUtils:197] handleREventThread thread end!!,tid is 4538
12-14 03:25:12.596 2716 4524 D hpplay-base: [stream_mirror_compat:1284] mirror stream begin to exit,server fd:70,thread_id:3211637184!!
12-14 03:25:12.596 2716 4524 D hpplay-base: [stream_mirror_compat:1323] ##screen stream exit successfully!!##
12-14 03:25:12.607 640 654 I mpu_uart: [MSG-P:R]:recv sync frame timeout
12-14 03:25:12.704 2716 4523 D hpplay-base: [Server:447] startHttpServer will END srv->serverType:0
12-14 03:25:12.704 2716 4523 D hpplay-base: [Server:646] startHttpServer cond srv_shutdown:1 connectNummber:0
12-14 03:25:12.704 2716 4523 D hpplay-base: [Server:669] startHttpServer wait cond END. srv_shutdown:1 connectNummber:0
12-14 03:25:12.704 2716 4523 D hpplay-base: [Server:457] HttpServer END, tid is 4523
12-14 03:25:12.905 2716 4534 I hpplay-base: [mDNSEmbeded:140] embedded_mDNSLoop Exiting end,tid is 4534
12-14 03:25:12.905 2716 4557 D hpplay-base: [mDNSEmbeded:452] stopmDNSServer end stopmDNSNow=2, nRet=0
12-14 03:25:13.179 2716 4535 I hpplay-base: [mDNSEmbeded:376] end lelink publish server, tid is 4535
12-14 03:25:13.179 2716 4557 D hpplay-base: [mDNSEmbeded:420] stopmLelinkServer end nRet=0
12-14 03:25:13.179 2716 4557 D hpplay-base: [LelinkBase:615] lebodlna stopServerThreadFunc dlnaEnable:1
12-14 03:25:13.179 2716 4557 D hpplay-base-dlna: [lebodlna_api:49] stop DMR
12-14 03:25:13.179 2716 4557 D hpplay-base-dlna: [lebodlna_api:344] m_pRender Release
12-14 03:25:13.232 2716 4557 D hpplay-base-dlna: [UpnpDefine:867] DMRender release success
12-14 03:25:13.232 2716 4557 D hpplay-base-dlna: [lebodlna_api:352] m_pAVT Release
12-14 03:25:13.232 2716 4557 D hpplay-base-dlna: [lebodlna_api:360] m_pRCS Release
12-14 03:25:13.232 2716 4557 D hpplay-base-dlna: [lebodlna_api:365] dmrender destroydmr
12-14 03:25:13.506 640 655 I mpu_uart: [MSG-P:RECV]:No message received in 1000 ms
01-01 09:23:18.047 0 0 D : mv2112_read_status
01-01 09:23:18.047 0 0 D mv2112_update_link: 3.0x901(1G): 0x80
01-01 09:23:18.047 0 0 D mv2112_update_link: 3.0x8109(100M): 0x8
01-01 09:23:18.047 0 0 D mv2112_update_link: link 0x0
01-01 09:23:18.047 0 0 D mv2112_read_status: autoneg is disabled
12-14 03:25:13.533 2716 4557 D hpplay-base-dlna: [lebodlna-dlna_android:186] stopDLNA
12-14 03:25:13.533 2716 4557 D hpplay-base-dlna: [lebodlna-dlna_android:189] dlnaservice destroy
12-14 03:25:13.533 2716 4557 D hpplay-base-dlna: [lebodlna-dlna_android:49] dlnaservice Destroy 49 int CDlnaService::Destroy()
12-14 03:25:13.533 2716 4557 D hpplay-base-dlna: [lebodlna-dlnaframe:245] dlnaservice Destroy 245 static ERROR_TYPE IDlnaFrame::DestroyDlnaFrame(IDlnaFrame *)
12-14 03:25:13.533 2716 4557 D hpplay-base-dlna: [lebodlna-dlnaframe:179] dlnaservice Destroy 179 virtual void CDlnaFrame::Release()
12-14 03:25:13.533 2716 4557 D hpplay-base-dlna: [lebodlna-dlnaframe:190] dlnaservice Destroy 190 virtual void CDlnaFrame::Release()
12-14 03:25:13.533 2716 4557 D hpplay-base-dlna: [lebodlna-dlnaframe:192] dlnaservice Destroy 192 virtual void CDlnaFrame::Release()
12-14 03:25:13.533 2716 4557 D hpplay-base-dlna: [lebodlna-dlnaframe:247] dlnaservice Destroy 247 static ERROR_TYPE IDlnaFrame::DestroyDlnaFrame(IDlnaFrame *)
12-14 03:25:13.533 2716 4557 D hpplay-base-dlna: [lebodlna-dlnaframe:251] dlnaservice Destroy 251 static ERROR_TYPE IDlnaFrame::DestroyDlnaFrame(IDlnaFrame *)
12-14 03:25:13.535 2716 4557 E hpplay-base-dlna: upnpapi.c:655::before gminiserver ThreadPoolShutdown
12-14 03:25:13.535 2716 4557 E hpplay-base-dlna: ThreadPool.c:1047::on ThreadPoolShutdown tp->totalThreads:2
12-14 03:25:13.536 2716 4557 E hpplay-base-dlna: ThreadPool.c:1056::after ThreadPoolShutdown
12-14 03:25:13.536 2716 4557 E hpplay-base-dlna: ThreadPool.c:1057::ThreadPoolShutdown tp->totalThreads:0
12-14 03:25:13.536 2716 4557 E hpplay-base-dlna: upnpapi.c:657::after gminiserver ThreadPoolShutdown
12-14 03:25:13.536 2716 4557 E hpplay-base-dlna: upnpapi.c:659::before grecv ThreadPoolShutdown
12-14 03:25:13.536 2716 4557 E hpplay-base-dlna: ThreadPool.c:1047::on ThreadPoolShutdown tp->totalThreads:11
12-14 03:25:13.536 2716 4557 E hpplay-base-dlna: ThreadPool.c:1047::on ThreadPoolShutdown tp->totalThreads:10
12-14 03:25:13.536 2716 4557 E hpplay-base-dlna: ThreadPool.c:1047::on ThreadPoolShutdown tp->totalThreads:9
12-14 03:25:13.536 2716 4557 E hpplay-base-dlna: ThreadPool.c:1047::on ThreadPoolShutdown tp->totalThreads:8
12-14 03:25:13.536 2716 4557 E hpplay-base-dlna: ThreadPool.c:1047::on ThreadPoolShutdown tp->totalThreads:7
12-14 03:25:13.536 2716 4557 E hpplay-base-dlna: ThreadPool.c:1047::on ThreadPoolShutdown tp->totalThreads:6
12-14 03:25:13.537 2716 4557 E hpplay-base-dlna: ThreadPool.c:1047::on ThreadPoolShutdown tp->totalThreads:5
12-14 03:25:13.537 2716 4557 E hpplay-base-dlna: ThreadPool.c:1047::on ThreadPoolShutdown tp->totalThreads:4
12-14 03:25:13.537 2716 4557 E hpplay-base-dlna: ThreadPool.c:1047::on ThreadPoolShutdown tp->totalThreads:1
12-14 03:25:13.537 2716 4557 E hpplay-base-dlna: ThreadPool.c:1056::after ThreadPoolShutdown
12-14 03:25:13.537 2716 4557 E hpplay-base-dlna: ThreadPool.c:1057::ThreadPoolShutdown tp->totalThreads:0
12-14 03:25:13.537 2716 4557 E hpplay-base-dlna: upnpapi.c:661::after grecv ThreadPoolShutdown
12-14 03:25:13.537 2716 4557 E hpplay-base-dlna: upnpapi.c:663::before gsend ThreadPoolShutdown
12-14 03:25:13.537 2716 4557 E hpplay-base-dlna: ThreadPool.c:1047::on ThreadPoolShutdown tp->totalThreads:2
12-14 03:25:13.537 2716 4557 E hpplay-base-dlna: ThreadPool.c:1047::on ThreadPoolShutdown tp->totalThreads:1
12-14 03:25:13.538 2716 4557 E hpplay-base-dlna: ThreadPool.c:1056::after ThreadPoolShutdown
12-14 03:25:13.538 2716 4557 E hpplay-base-dlna: ThreadPool.c:1057::ThreadPoolShutdown tp->totalThreads:0
12-14 03:25:13.538 2716 4557 E hpplay-base-dlna: upnpapi.c:665::after gsend ThreadPoolShutdown
12-14 03:25:13.538 2716 4557 D hpplay-base-dlna: [lebodlna-dlnaframe:253] dlnaservice Destroy 253 static ERROR_TYPE IDlnaFrame::DestroyDlnaFrame(IDlnaFrame *)
12-14 03:25:13.538 2716 4557 D hpplay-base-dlna: [lebodlna-dlna_android:51] dlnaservice Destroy 51 int CDlnaService::Destroy()
12-14 03:25:13.538 2716 4557 D hpplay-base-dlna: [lebodlna-dlna_android:194] stopDLNA end
12-14 03:25:13.571 0 0 W swapper/3: type=1400 audit(0.0:403): avc: denied { kill } for capability=5 scontext=u:r:kernel:s0 tcontext=u:r:kernel:s0 tclass=capability permissive=0
12-14 03:25:13.838 2716 4557 D hpplay-base: [stream_mirror_compat:1489] request to stop screen stream session!!
12-14 03:25:13.838 2716 4557 D hpplay-base: [AEventUtils:625] begin to stop event handle service!!
12-14 03:25:13.838 2716 4557 D hpplay-base: [AEventUtils:628] stop event handle service ok!!
12-14 03:25:13.838 2716 4557 D hpplay-base: [REventUtils:231] begin to stop report handle service!!
12-14 03:25:13.838 2716 4557 D hpplay-base: [REventUtils:234] stop report handle service ok!!
12-14 03:25:13.838 2716 4557 D hpplay-base: [lelinkSinkServer:711] HTTP Server stopSinkServer End .
12-14 03:25:13.838 2716 4557 D hpplay-base: [jniBridge:1135] notifyJavaServerStoped
12-14 03:25:13.838 2716 4557 D hpplay-base: [jniBridge:1726] notifyJava, what:202, castType:0, mimeType:0 baseStatus:4
12-14 03:25:13.838 2716 4557 D hpplay-base: [jniBridge:1727] notifyJava sessionID:(null)
12-14 03:25:13.839 2716 4557 I hpplay-java: [Thread-33]:Bridge:notify: what: 202
12-14 03:25:13.841 2716 4557 I hpplay-java: [Thread-33]:Bridge:notify: out: OutParameters:{audioSessionId=-1, audiotrackIndex=0, castHandleType=-1, castType=0, deviceName='', dlnaName='', dramaID='', extra=0, frameHandleType=-1, handleInside=true, headduration=0, header='', headers=null, isAD=false, isMultiMirror=false, lelinkVer='', limitTime=0, , mediaAlbum='null', mediaAlbumArtURI='', mediaArtist='null', mediaAssets='', mediaTitle='null', mimeType=0, multiSession=null, period=0, pinCode='', playSpeed=0.0, playerChoice=0, plugin=0, port=0, position=0.0, positionUnit=2, protocol=0, realSessionID='', regType='', , sinkIp='', sourceAPPVersion='', sourceChannel='', sourceClientInfo='', sourceDeviceInfo='', sourceDeviceModel='', sourceDeviceName='', sourceDeviceType=0, sourceHID='', , sourceInfo='', , , sourceOSVersion='', sourceSDKVersion='', sourceUid='', stopDetail=0, stopReason=0, tailduration=0, url='', urlID='', urls=null, userAgent='', videoDecoder=0, volume=0, what=202}com.hpplay.sdk.sink.protocol.OutParameters@d1a620
12-14 03:25:13.841 2716 4557 I hpplay-java: [Thread-33]:Bridge:notify: address:111258585
12-14 03:25:13.841 2716 4557 D hpplay-base: [LelinkBase:645] stopServerThreadFunc notifyJavaServerStoped!
12-14 03:25:13.841 2716 2716 I hpplay-java: [main]:ServerTaskManager:startTimeOutCheck
12-14 03:25:13.841 2716 2716 I hpplay-java: [main]:ServerBusiness:stopDaemonBusiness
12-14 03:25:13.841 2716 2716 I hpplay-java: [main]:SinkDataReport:logout
12-14 03:25:13.842 2716 2716 I hpplay-java: [main]:EPControl:release
12-14 03:25:13.847 2716 2716 I hpplay-java: [main]:Dispatcher:notifyAllReverseControlsStop
12-14 03:25:13.847 2716 2716 I hpplay-java: [main]:Preference:checkFeature none
12-14 03:25:13.847 2716 2716 I hpplay-java: [main]:Dispatcher:notifyAllUIControlsStop set: []
12-14 03:25:13.847 2716 2716 I hpplay-java: [main]:Bridge:findServiceID start out: 111258585
12-14 03:25:13.847 2716 2716 I hpplay-java: [main]:Bridge:findServiceID end
12-14 03:25:13.847 2716 2716 I hpplay-java: [main]:ServerTaskManager:onStop retry:true
12-14 03:25:13.847 2716 2716 I hpplay-java: [main]:ServerTaskManager:cancelTimeOutCheck
12-14 03:25:13.847 2716 4519 W hpplay-java: NanoHTTPDServerRunnable:Communication with the client broken
12-14 03:25:13.847 2716 4519 W hpplay-java: java.net.SocketException: Socket closed
12-14 03:25:13.847 2716 4519 W hpplay-java: at java.net.PlainSocketImpl.socketAccept(PlainSocketImpl.java:213)
12-14 03:25:13.847 2716 4519 W hpplay-java: at java.net.AbstractPlainSocketImpl.accept(AbstractPlainSocketImpl.java:451)
12-14 03:25:13.847 2716 4519 W hpplay-java: at java.net.ServerSocket.implAccept(ServerSocket.java:547)
12-14 03:25:13.847 2716 4519 W hpplay-java: at java.net.ServerSocket.accept(ServerSocket.java:515)
12-14 03:25:13.847 2716 4519 W hpplay-java: at com.hpplay.nanohttpd.protocols.http.ServerRunnable.run(SourceFile:118)
12-14 03:25:13.847 2716 4519 W hpplay-java: at java.lang.Thread.run(Thread.java:920)
12-14 03:25:13.847 2716 4519 I hpplay-java: NanoHTTPDNanoHTTPD:server is stoped
12-14 03:25:13.847 2716 4519 I hpplay-java: NanoHTTPDNanoHTTPD:clear obj
12-14 03:25:13.848 2716 2716 I hpplay-java: [main]:IPManager:getActiveNets type: WIFI
12-14 03:25:13.848 2716 4561 I hpplay-java: [AsyncTask #72]:GlideCreator:clearCache clearDiskCache
12-14 03:25:13.848 2716 2716 I hpplay-java: [main]:IPManager:getActiveNets eth0:false wifi:true mobile:false ap:false
12-14 03:25:13.848 2716 2716 I hpplay-java: [main]:IPManager:getIPAddress IP_WLAN0
12-14 03:25:13.850 2716 2716 I hpplay-java: [main]:IPManager:updateIPAddress getIPAddress: 192.168.4.16 name:vlan4
12-14 03:25:13.850 2716 2716 I hpplay-java: [main]:IPManager:updateIPAddress getIPAddress: 192.168.0.18 name:wlan0
12-14 03:25:13.850 2716 2716 I hpplay-java: [main]:IPManager:updateIPAddress getIPAddress: 192.168.8.16 name:vlan8
12-14 03:25:13.850 2716 2716 I hpplay-java: [main]:IPManager:updateIPAddress getIPAddress: 192.168.11.16 name:vlan11
12-14 03:25:13.850 2716 2716 I hpplay-java: [main]:IPManager:updateIPAddress getIPAddress: 192.168.0.16 name:vlan0
12-14 03:25:13.850 2716 2716 I hpplay-java: [main]:IPManager:updateIPAddress getIPAddress: 192.168.2.16 name:vlan2
12-14 03:25:13.850 2716 2716 I hpplay-java: [main]:IPManager:updateIPAddress getIPAddress: 192.168.1.16 name:vlan1
12-14 03:25:13.851 2716 2716 I hpplay-java: [main]:ServerTaskManager:exeTask startServer
12-14 03:25:13.851 2716 2716 I hpplay-java: [main]:ServerTaskManager:startTimeOutCheck
12-14 03:25:13.851 2716 4566 I hpplay-java: [AsyncTask #75]:Bridge:assembleInParameters
12-14 03:25:13.852 2716 4565 I hpplay-java: [AsyncTask #74]:ServerBusiness:startDaemonBusiness
12-14 03:25:13.852 2716 4565 I hpplay-java: [AsyncTask #74]:TimeOutCheckUtil:addTask id:upgrade
12-14 03:25:13.852 2716 4566 I hpplay-java: [AsyncTask #75]:Bridge:createDeviceId deviceId:YTM6NDk6ZTY6MWM6YmE6MDY=
12-14 03:25:13.852 2716 4565 I hpplay-java: [AsyncTask #74]:TimeOutCheckUtil:addTask id:ijkupgrade
12-14 03:25:13.852 2716 4566 I hpplay-java: [AsyncTask #75]:IPManager:getActiveNets type: WIFI
12-14 03:25:13.852 2716 4566 I hpplay-java: [AsyncTask #75]:IPManager:getActiveNets eth0:false wifi:true mobile:false ap:false
12-14 03:25:13.853 2716 4566 I hpplay-java: [AsyncTask #75]:IPManager:getIPAddress IP_WLAN0
12-14 03:25:13.853 2716 4566 I hpplay-java: [AsyncTask #75]:Preference:checkFeature none
12-14 03:25:13.853 2716 4566 I hpplay-java: [AsyncTask #75]:SWI:dlna tip
12-14 03:25:13.853 2716 4566 I hpplay-java: [AsyncTask #75]:SWI:lefp tip
12-14 03:25:13.853 2716 4566 I hpplay-java: [AsyncTask #75]:Bridge:assembleInParameters none alias name use device name: 高合娱乐副屏
12-14 03:25:13.853 2716 4566 I hpplay-java: [AsyncTask #75]:Feature:isSendAdvertisement
12-14 03:25:13.853 2716 4566 I hpplay-java: [AsyncTask #75]:Preference:checkFeature none
12-14 03:25:13.853 2716 4567 I hpplay-java: NanoHTTPDNanoHTTPD:server is started
12-14 03:25:13.853 2716 4566 I hpplay-java: [AsyncTask #75]:Preference:checkFeature none
12-14 03:25:13.853 2716 4566 I hpplay-java: [AsyncTask #75]:Bridge:backupHpplayDat bakPath:
12-14 03:25:13.854 2716 4566 I hpplay-java: [AsyncTask #75]:Bridge:path:/data/user/0/com.hht.lebocast/files/hpplay/file/happyplay.dat
12-14 03:25:13.854 2716 4566 I hpplay-java: [AsyncTask #75]:Bridge:mAppId:21409
12-14 03:25:13.854 2716 4566 I hpplay-java: [AsyncTask #75]:Bridge:mode:3
12-14 03:25:13.854 2716 4566 I hpplay-java: [AsyncTask #75]:Bridge:type:1
12-14 03:25:13.854 2716 4566 I hpplay-java: [AsyncTask #75]:Bridge:SN:
12-14 03:25:13.854 2716 4566 I hpplay-java: [AsyncTask #75]:Preference:checkFeature none
12-14 03:25:13.854 2716 4566 I hpplay-java: [AsyncTask #75]:Bridge:backPath:
12-14 03:25:13.854 2716 4566 I hpplay-java: [AsyncTask #75]:DeviceUtil:getPermissionDid: 1
12-14 03:25:13.854 2716 4566 I hpplay-java: [AsyncTask #75]:DeviceUtil:getPermissionDid: 1
12-14 03:25:13.854 2716 4566 I hpplay-java: [AsyncTask #75]:Preference:checkFeature none
12-14 03:25:13.854 2716 4566 I hpplay-java: [AsyncTask #75]:Preference:checkFeature none
12-14 03:25:13.854 2716 4566 I hpplay-java: [AsyncTask #75]:Preference:checkFeature none
12-14 03:25:13.854 2716 4566 I hpplay-java: [AsyncTask #75]:Preference:checkFeature none
12-14 03:25:13.854 2716 4566 I hpplay-java: [AsyncTask #75]:Preference:checkFeature none
12-14 03:25:13.854 2716 4566 I hpplay-java: [AsyncTask #75]:Preference:checkFeature none
12-14 03:25:13.863 2716 4565 W hpplay-java: [AsyncTask #74]:ServerBusiness:startDaemonBusiness start LelinkHTTPD sucess 52288
12-14 03:25:13.866 2716 4566 W hpplay-java: [AsyncTask #75]:DeviceUtils:getDomain create lb domain
12-14 03:25:13.867 2716 4566 I hpplay-java: [AsyncTask #75]:Feature:getMirrorAudioVideoSync DISABLE
12-14 03:25:13.867 2716 4566 I hpplay-java: [AsyncTask #75]:Feature:checkSupportRedirectOtherApp,no set redirect api
12-14 03:25:13.867 2716 4566 I hpplay-java: [AsyncTask #75]:Feature:getRedirectSearchFlag,value: 0
12-14 03:25:13.868 2716 4566 I hpplay-java: [AsyncTask #75]:Bridge:mIn: InParameters{appInfo='0', appKey='21409', authMode=0, authPwd='null', broadcastDirection=0, broadcastState=1, broadcastTimeout=3, buildType='release', cacheAVPath='/data/user/0/com.hht.lebocast/cache/hpplay/av', cachePhotoPath='/data/user/0/com.hht.lebocast/cache/hpplay/image', channel='LEBO-APK--60146-25915', desPath='', , deviceName='高合娱乐副屏', dlna=1, dlnaCompany='null', dlnaCompanyURL='null', dlnaDeviceDescribe='null', dlnaDeviceName='null', dlnaDeviceURL='null', dlnaLelinkSwitch=1, dlnaManufacturer=0, dlnaName='高合娱乐副屏', dlnaUPC='', dlnaUUID='676e3c0e-188d-2881-eece-0e46b24b4e35', domain='Lebo-figure-4a410202dc4f', drainage=0, feature='6655', fps=60, height=1080, host='null', , keyPath='/data/user/0/com.hht.lebocast/files/hpplay/file', lelinkfp=1, lelinkfp2=0, logBaseState=1, logPath='/storage/emulated/0/com.hht.lebocast/sink/sdk/common', , mdnsEnable=1, mirrorSyncType=0, netCastVer='2.0', packageName='com.hht.lebocast', packagePath='/data/user/0/com.hht.lebocast', permissionDid='4a:41:02:02:dc:4f', permissionMode=3, permissionPreSN='', port=0, preemptMode=0, regType='_leboremote._tcp.', serverPorts=null, sockWaitTimeOut=45, teleControlPort=53388, tunnels=3, txtKeys=null, txtValues=null, uid='-1960410123998045105', videoFrameType=1001, width=1920}com.hpplay.sdk.sink.protocol.InParameters@b70ae40
12-14 03:25:13.868 2716 2716 I hpplay-java: [main]:Bridge:startServer state: 0
12-14 03:25:13.868 2716 2716 D hpplay-base: [jniBridge:185] not conference version
12-14 03:25:13.868 2716 2716 I hpplay-base: [jniBridge:241] 1initServer nSettingWidth=1920 nSettingHeight=1080 nSettingMaxFPS=60 dlnaEnable=1 lelinkFpEnable=1
12-14 03:25:13.868 2716 2716 D hpplay-base: [jniBridge:283] 1initServer cfg.leLinkIp=192.168.0.18
12-14 03:25:13.868 2716 2716 D hpplay-base: [jniBridge:286] 1initServer cfg.mPermissionMode=3
12-14 03:25:13.868 2716 2716 D hpplay-base: [jniBridge:304] 1initServer cfg.permissionDid=4a:41:02:02:dc:4f000000000000000
12-14 03:25:13.868 2716 2716 D hpplay-base: [jniBridge:313] 1initServer cfg.mPermissionPreSN=00000000000000000000000000000000
12-14 03:25:13.868 2716 2716 D hpplay-base: [jniBridge:317] Bridge___1initServer status:0
12-14 03:25:13.869 2716 2716 I hpplay-base: [jniBridge:325] 1initServer cfg.feature=6655
12-14 03:25:13.869 2716 2716 D hpplay-base: [jniBridge:377] 1initServer isSendBroadCast=3
12-14 03:25:13.869 2716 2716 D hpplay-base: [jniBridge:380] 1initServer broadcastDirection=0
12-14 03:25:13.869 2716 2716 D hpplay-base: [jniBridge:382] 1initServer ipBroadcast direction=0
12-14 03:25:13.869 2716 2716 D hpplay-base: [jniBridge:387] 1initServer tunnel=3
12-14 03:25:13.869 2716 2716 D hpplay-base: [jniBridge:390] 1initServer drainage=0
12-14 03:25:13.869 2716 2716 D hpplay-base: [jniBridge:401] 1initServer mDNSEnable=1
12-14 03:25:13.869 2716 2716 D hpplay-base: [jniBridge:406] 1initServer nSockWaitTimeOut=45
12-14 03:25:13.869 2716 2716 D hpplay-base: [jniBridge:410] 1initServer nMirrorAudioVideoSync=0
12-14 03:25:13.869 2716 2716 I hpplay-base: [sign_check:168] checkSign strPackageName:com.hht.lebocast
12-14 03:25:13.869 2716 2716 I hpplay-base: [sign_check:169] checkSign buildType:release
12-14 03:25:13.869 2716 2716 I hpplay-base: [sign_check:170] checkSign appKey:21409
12-14 03:25:13.869 2716 2716 D hpplay-base: [LelinkBase:405] bridgeInit port: 0, lelinkfp: 0
12-14 03:25:13.869 2716 2716 D hpplay-base: [LelinkBase:462] bridgeInit mPackagePath =/data/user/0/com.hht.lebocast
12-14 03:25:13.869 2716 2716 D hpplay-base: [LelinkBase:463] bridgeInit mKeyPath =/data/user/0/com.hht.lebocast/files/hpplay/file
12-14 03:25:13.869 2716 2716 D hpplay-base: [SinkContext:97] initSinkContext mPackagePath =/data/user/0/com.hht.lebocast
12-14 03:25:13.869 2716 2716 D hpplay-base: [SinkContext:98] initSinkContext mKeyPath =/data/user/0/com.hht.lebocast/files/hpplay/file
12-14 03:25:13.869 2716 2716 D hpplay-base: [jniBridge:478] Java_com_hpplay_sdk_sink_protocol_Bridge__1initServer end
12-14 03:25:13.869 2716 2716 D hpplay-base: [jniBridge:869] Bridge__1startServer status:1
12-14 03:25:13.869 2716 2716 D hpplay-base: [LelinkBase:492] startAllServer at base
12-14 03:25:13.869 2716 2716 D hpplay-base: [lelinkSinkServer:152] httpPlugins_SetServerPort TYPE_SERVER_LELINK:52266
12-14 03:25:13.869 2716 2716 D hpplay-base: [network.c:362] protocol bind host :192.168.0.18 port:52266 curent bind port:52266
12-14 03:25:13.869 2716 2716 D hpplay-base: [lelinkSinkServer:681] HTTP Server real at:52266
12-14 03:25:13.869 2716 4572 D hpplay-base: [lelinkSinkServer:644] Connected Service Type:0
12-14 03:25:13.870 2716 2716 D hpplay-base: [ScreenStream:1285] current bind port:7100
12-14 03:25:13.870 2716 4572 I hpplay-base: : (server.c.315) startServer listen_ing....:
12-14 03:25:13.870 2716 4572 D hpplay-base: [Server:371] startHttpServer srv_sockets.used:1 nCurrentFd:70, tid is 4572
12-14 03:25:13.870 2716 2716 D hpplay-base: [LelinkBase:515] startAllServer pBaseContext->config.dlnaEnable:1
12-14 03:25:13.870 2716 2716 D hpplay-base: [lelinkDlna:324] addDMRCallback end
12-14 03:25:13.870 2716 4573 D hpplay-base: [stream_mirror_compat:759] compat mirror stream begin to run,server fd:71,thread_id:3219038656!!
12-14 03:25:13.877 2716 2716 E hpplay-base-dlna: miniserver.c:788::dlna_port(ipv4: 49152 ipv6:0)
12-14 03:25:13.877 2716 2716 D hpplay-base-dlna: [lebodlna-dlnaframe:166] succeed to load lebodlnaplugin
12-14 03:25:13.877 2716 2716 D hpplay-base-dlna: [lebodlna-dlnaframe:232] Succeed to load specified plugin:lebodlna_plugin
12-14 03:25:13.877 2716 2716 D hpplay-base: [lelinkDlna:328] startDLNAServer ret=0
12-14 03:25:13.877 2716 2716 D hpplay-base: [LelinkBase:531] startDLNAServer ret= 0
12-14 03:25:13.877 2716 2716 D hpplay-base: [lelinkDlna:342] setDMRFriendlyName 高合娱乐副屏
12-14 03:25:13.878 2716 2716 D hpplay-base-dlna: [lebodlna-dlna_android:136] setBroadcastTimeout mBroadcastTimeOut=66 status=3!
12-14 03:25:13.878 2716 2716 D hpplay-base-dlna: [lebodlna_api:32] start DMR
12-14 03:25:13.878 2716 2716 D hpplay-base-dlna: [UpnpDefine:434] RegisterDMRender invalid lelink info
12-14 03:25:13.878 2716 2716 D hpplay-base-dlna: [UpnpDefine:467] DLNA DEFAULT_DESCRIPTION
12-14 03:25:13.879 2716 2716 E hpplay-base-dlna: upnpapi.c:1078::Exiting RegisterRootDevice2 *Hnd =1, return value == 0
12-14 03:25:13.879 2716 2716 D hpplay-base-dlna: [CUpnpDevice:41] Register Root Device 2:0
12-14 03:25:13.879 2716 2716 D hpplay-base-dlna: [UpnpDefine:794] ESDMRender:Register success
12-14 03:25:13.879 2716 2716 D hpplay-base-dlna: [lebodlna_api:41] sendBroadcast mBroadcastTimeOut=3
12-14 03:25:13.879 2716 2716 D hpplay-base-dlna: [lebodlna_api:44] sendBroadcast timeout=66
12-14 03:25:13.931 2716 2716 D hpplay-base: [lelinkDlna:361] startDLNADevice dlnaManufacturer:0 ret=0
12-14 03:25:13.931 2716 2716 D hpplay-base: [LelinkBase:535] lelinkSetDlnaInfo ret= 0
12-14 03:25:13.931 2716 2716 D hpplay-base: [LelinkBase:547] startAllServer pBaseContext->config.mDNSEnable:1
12-14 03:25:13.931 2716 2716 D hpplay-base: [base_mdns:509] mdns net.hostname:
12-14 03:25:13.932 2716 2716 D hpplay-base: [base_mdns:529] mdns namelabel:-00-80-0F-74-31-00
12-14 03:25:13.932 2716 2716 D hpplay-base: [base_mdns:509] mdns net.hostname:
12-14 03:25:13.932 2716 2716 D hpplay-base: [base_mdns:529] mdns namelabel:-00-80-0F-74-31-00
12-14 03:25:13.932 2716 2716 D hpplay-base: [mdns:813] mdns start bind port:0
12-14 03:25:13.932 2716 2716 D hpplay-base: [mdns:813] mdns start bind port:5353
12-14 03:25:13.932 2716 2716 D hpplay-base: [mdns:813] mdns start bind port:5353
12-14 03:25:13.932 2716 2716 D hpplay-base: [mdns:813] mdns start bind port:5353
