12-14 03:23:17.240 2716 4176 D hpplay-base-dlna: [lebodlna-dlnaframe:190] dlnaservice Destroy 190 virtual void CDlnaFrame::Release()
12-14 03:23:17.240 2716 4176 D hpplay-base-dlna: [lebodlna-dlnaframe:192] dlnaservice Destroy 192 virtual void CDlnaFrame::Release()
12-14 03:23:17.240 2716 4176 D hpplay-base-dlna: [lebodlna-dlnaframe:247] dlnaservice Destroy 247 static ERROR_TYPE IDlnaFrame::DestroyDlnaFrame(IDlnaFrame *)
12-14 03:23:17.240 2716 4176 D hpplay-base-dlna: [lebodlna-dlnaframe:251] dlnaservice Destroy 251 static ERROR_TYPE IDlnaFrame::DestroyDlnaFrame(IDlnaFrame *)
12-14 03:23:17.243 2716 4176 E hpplay-base-dlna: upnpapi.c:655::before gminiserver ThreadPoolShutdown
12-14 03:23:17.243 2716 4176 E hpplay-base-dlna: ThreadPool.c:1047::on ThreadPoolShutdown tp->totalThreads:2
12-14 03:23:17.243 2716 4176 E hpplay-base-dlna: ThreadPool.c:1056::after ThreadPoolShutdown
12-14 03:23:17.244 2716 4176 E hpplay-base-dlna: ThreadPool.c:1057::ThreadPoolShutdown tp->totalThreads:0
12-14 03:23:17.244 2716 4176 E hpplay-base-dlna: upnpapi.c:657::after gminiserver ThreadPoolShutdown
12-14 03:23:17.244 2716 4176 E hpplay-base-dlna: upnpapi.c:659::before grecv ThreadPoolShutdown
12-14 03:23:17.244 2716 4176 E hpplay-base-dlna: ThreadPool.c:1047::on ThreadPoolShutdown tp->totalThreads:12
12-14 03:23:17.244 2716 4176 E hpplay-base-dlna: ThreadPool.c:1047::on ThreadPoolShutdown tp->totalThreads:11
12-14 03:23:17.245 2716 4176 E hpplay-base-dlna: ThreadPool.c:1047::on ThreadPoolShutdown tp->totalThreads:10
12-14 03:23:17.245 2716 4176 E hpplay-base-dlna: ThreadPool.c:1047::on ThreadPoolShutdown tp->totalThreads:9
12-14 03:23:17.245 2716 4176 E hpplay-base-dlna: ThreadPool.c:1047::on ThreadPoolShutdown tp->totalThreads:8
12-14 03:23:17.245 2716 4176 E hpplay-base-dlna: ThreadPool.c:1047::on ThreadPoolShutdown tp->totalThreads:7
12-14 03:23:17.245 2716 4176 E hpplay-base-dlna: ThreadPool.c:1047::on ThreadPoolShutdown tp->totalThreads:6
12-14 03:23:17.246 2716 4176 E hpplay-base-dlna: ThreadPool.c:1047::on ThreadPoolShutdown tp->totalThreads:5
12-14 03:23:17.246 2716 4176 E hpplay-base-dlna: ThreadPool.c:1047::on ThreadPoolShutdown tp->totalThreads:4
12-14 03:23:17.246 2716 4176 E hpplay-base-dlna: ThreadPool.c:1047::on ThreadPoolShutdown tp->totalThreads:3
12-14 03:23:17.246 2716 4176 E hpplay-base-dlna: ThreadPool.c:1047::on ThreadPoolShutdown tp->totalThreads:2
12-14 03:23:17.247 2716 4176 E hpplay-base-dlna: ThreadPool.c:1047::on ThreadPoolShutdown tp->totalThreads:1
12-14 03:23:17.247 2716 4176 E hpplay-base-dlna: ThreadPool.c:1056::after ThreadPoolShutdown
12-14 03:23:17.247 2716 4176 E hpplay-base-dlna: ThreadPool.c:1057::ThreadPoolShutdown tp->totalThreads:0
12-14 03:23:17.247 2716 4176 E hpplay-base-dlna: upnpapi.c:661::after grecv ThreadPoolShutdown
12-14 03:23:17.247 2716 4176 E hpplay-base-dlna: upnpapi.c:663::before gsend ThreadPoolShutdown
12-14 03:23:17.247 2716 4176 E hpplay-base-dlna: ThreadPool.c:1047::on ThreadPoolShutdown tp->totalThreads:2
12-14 03:23:17.247 2716 4176 E hpplay-base-dlna: ThreadPool.c:1047::on ThreadPoolShutdown tp->totalThreads:1
12-14 03:23:17.248 2716 4176 E hpplay-base-dlna: ThreadPool.c:1056::after ThreadPoolShutdown
12-14 03:23:17.248 2716 4176 E hpplay-base-dlna: ThreadPool.c:1057::ThreadPoolShutdown tp->totalThreads:0
12-14 03:23:17.248 2716 4176 E hpplay-base-dlna: upnpapi.c:665::after gsend ThreadPoolShutdown
12-14 03:23:17.248 2716 4176 D hpplay-base-dlna: [lebodlna-dlnaframe:253] dlnaservice Destroy 253 static ERROR_TYPE IDlnaFrame::DestroyDlnaFrame(IDlnaFrame *)
12-14 03:23:17.248 2716 4176 D hpplay-base-dlna: [lebodlna-dlna_android:51] dlnaservice Destroy 51 int CDlnaService::Destroy()
12-14 03:23:17.248 2716 4176 D hpplay-base-dlna: [lebodlna-dlna_android:194] stopDLNA end
12-14 03:23:17.470 640 655 I mpu_uart: [MSG-P:RECV]:No message received in 1000 ms
12-14 03:23:17.548 2716 4176 D hpplay-base: [stream_mirror_compat:1489] request to stop screen stream session!!
12-14 03:23:17.548 2716 4176 D hpplay-base: [AEventUtils:625] begin to stop event handle service!!
12-14 03:23:17.548 2716 4176 D hpplay-base: [AEventUtils:628] stop event handle service ok!!
12-14 03:23:17.548 2716 4176 D hpplay-base: [REventUtils:231] begin to stop report handle service!!
12-14 03:23:17.548 2716 4176 D hpplay-base: [REventUtils:234] stop report handle service ok!!
12-14 03:23:17.549 2716 4176 D hpplay-base: [lelinkSinkServer:711] HTTP Server stopSinkServer End .
12-14 03:23:17.549 2716 4176 D hpplay-base: [jniBridge:1135] notifyJavaServerStoped
12-14 03:23:17.549 2716 4176 D hpplay-base: [jniBridge:1726] notifyJava, what:202, castType:0, mimeType:0 baseStatus:4
12-14 03:23:17.549 2716 4176 D hpplay-base: [jniBridge:1727] notifyJava sessionID:(null)
12-14 03:23:17.550 2716 4176 I hpplay-java: [Thread-9]:Bridge:notify: what: 202
12-14 03:23:17.552 2716 4176 I hpplay-java: [Thread-9]:Bridge:notify: out: OutParameters:{audioSessionId=-1, audiotrackIndex=0, castHandleType=-1, castType=0, deviceName='', dlnaName='', dramaID='', extra=0, frameHandleType=-1, handleInside=true, headduration=0, header='', headers=null, isAD=false, isMultiMirror=false, lelinkVer='', limitTime=0, , mediaAlbum='null', mediaAlbumArtURI='', mediaArtist='null', mediaAssets='', mediaTitle='null', mimeType=0, multiSession=null, period=0, pinCode='', playSpeed=0.0, playerChoice=0, plugin=0, port=0, position=0.0, positionUnit=2, protocol=0, realSessionID='', regType='', , sinkIp='', sourceAPPVersion='', sourceChannel='', sourceClientInfo='', sourceDeviceInfo='', sourceDeviceModel='', sourceDeviceName='', sourceDeviceType=0, sourceHID='', , sourceInfo='', , , sourceOSVersion='', sourceSDKVersion='', sourceUid='', stopDetail=0, stopReason=0, tailduration=0, url='', urlID='', urls=null, userAgent='', videoDecoder=0, volume=0, what=202}com.hpplay.sdk.sink.protocol.OutParameters@d170fb8
12-14 03:23:17.552 2716 4176 I hpplay-java: [Thread-9]:Bridge:notify: address:166457745
12-14 03:23:17.553 2716 4176 D hpplay-base: [LelinkBase:645] stopServerThreadFunc notifyJavaServerStoped!
12-14 03:23:17.553 2716 2716 I hpplay-java: [main]:ServerTaskManager:startTimeOutCheck
12-14 03:23:17.553 2716 2716 I hpplay-java: [main]:ServerBusiness:stopDaemonBusiness
12-14 03:23:17.553 2716 2716 I hpplay-java: [main]:SinkDataReport:logout
12-14 03:23:17.554 2716 2716 I hpplay-java: [main]:EPControl:release
12-14 03:23:17.556 2716 3904 I hpplay-java: [AsyncTask #23]:GlideCreator:clearCache clearDiskCache
12-14 03:23:17.558 2716 4099 W hpplay-java: NanoHTTPDServerRunnable:Communication with the client broken
12-14 03:23:17.558 2716 4099 W hpplay-java: java.net.SocketException: Socket closed
12-14 03:23:17.558 2716 4099 W hpplay-java: at java.net.PlainSocketImpl.socketAccept(PlainSocketImpl.java:213)
12-14 03:23:17.558 2716 4099 W hpplay-java: at java.net.AbstractPlainSocketImpl.accept(AbstractPlainSocketImpl.java:451)
12-14 03:23:17.558 2716 4099 W hpplay-java: at java.net.ServerSocket.implAccept(ServerSocket.java:547)
12-14 03:23:17.558 2716 4099 W hpplay-java: at java.net.ServerSocket.accept(ServerSocket.java:515)
12-14 03:23:17.558 2716 4099 W hpplay-java: at com.hpplay.nanohttpd.protocols.http.ServerRunnable.run(SourceFile:118)
12-14 03:23:17.558 2716 4099 W hpplay-java: at java.lang.Thread.run(Thread.java:920)
12-14 03:23:17.558 2716 4099 I hpplay-java: NanoHTTPDNanoHTTPD:server is stoped
12-14 03:23:17.559 2716 4099 I hpplay-java: NanoHTTPDNanoHTTPD:clear obj
12-14 03:23:17.559 2716 2716 I hpplay-java: [main]:Dispatcher:notifyAllReverseControlsStop
12-14 03:23:17.560 2716 2716 I hpplay-java: [main]:Preference:checkFeature none
12-14 03:23:17.560 2716 2716 I hpplay-java: [main]:Dispatcher:notifyAllUIControlsStop set: []
12-14 03:23:17.560 2716 2716 I hpplay-java: [main]:Bridge:findServiceID start out: 166457745
12-14 03:23:17.560 2716 2716 I hpplay-java: [main]:Bridge:findServiceID end
12-14 03:23:17.560 2716 2716 I hpplay-java: [main]:ServerTaskManager:onStop retry:true
12-14 03:23:17.560 2716 2716 I hpplay-java: [main]:ServerTaskManager:cancelTimeOutCheck
12-14 03:23:17.561 2716 2716 I hpplay-java: [main]:IPManager:getActiveNets type: WIFI
12-14 03:23:17.561 2716 2716 I hpplay-java: [main]:IPManager:getActiveNets eth0:false wifi:true mobile:false ap:false
12-14 03:23:17.562 2716 2716 I hpplay-java: [main]:IPManager:getIPAddress IP_WLAN0
12-14 03:23:17.564 2716 2716 I hpplay-java: [main]:IPManager:updateIPAddress getIPAddress: 192.168.4.16 name:vlan4
12-14 03:23:17.564 2716 2716 I hpplay-java: [main]:IPManager:updateIPAddress getIPAddress: 192.168.0.18 name:wlan0
12-14 03:23:17.564 2716 2716 I hpplay-java: [main]:IPManager:updateIPAddress getIPAddress: 192.168.8.16 name:vlan8
12-14 03:23:17.564 2716 2716 I hpplay-java: [main]:IPManager:updateIPAddress getIPAddress: 192.168.11.16 name:vlan11
12-14 03:23:17.565 2716 2716 I hpplay-java: [main]:IPManager:updateIPAddress getIPAddress: 192.168.0.16 name:vlan0
12-14 03:23:17.565 2716 2716 I hpplay-java: [main]:IPManager:updateIPAddress getIPAddress: 192.168.2.16 name:vlan2
12-14 03:23:17.565 2716 2716 I hpplay-java: [main]:IPManager:updateIPAddress getIPAddress: 192.168.1.16 name:vlan1
12-14 03:23:17.565 2716 2716 I hpplay-java: [main]:ServerTaskManager:exeTask startServer
12-14 03:23:17.565 2716 3905 I hpplay-java: [AsyncTask #24]:ServerBusiness:startDaemonBusiness
12-14 03:23:17.566 2716 2716 I hpplay-java: [main]:ServerTaskManager:startTimeOutCheck
12-14 03:23:17.566 2716 3907 I hpplay-java: [AsyncTask #26]:Bridge:assembleInParameters
12-14 03:23:17.566 2716 3905 I hpplay-java: [AsyncTask #24]:TimeOutCheckUtil:addTask id:upgrade
12-14 03:23:17.566 2716 3905 I hpplay-java: [AsyncTask #24]:TimeOutCheckUtil:addTask id:ijkupgrade
12-14 03:23:17.567 2716 3907 I hpplay-java: [AsyncTask #26]:Bridge:createDeviceId deviceId:YTM6NDk6ZTY6MWM6YmE6MDY=
12-14 03:23:17.568 2716 3907 I hpplay-java: [AsyncTask #26]:IPManager:getActiveNets type: WIFI
12-14 03:23:17.568 2716 3907 I hpplay-java: [AsyncTask #26]:IPManager:getActiveNets eth0:false wifi:true mobile:false ap:false
12-14 03:23:17.568 2716 3907 I hpplay-java: [AsyncTask #26]:IPManager:getIPAddress IP_WLAN0
12-14 03:23:17.568 2716 3907 I hpplay-java: [AsyncTask #26]:Preference:checkFeature none
12-14 03:23:17.568 2716 3907 I hpplay-java: [AsyncTask #26]:SWI:dlna tip
12-14 03:23:17.568 2716 3907 I hpplay-java: [AsyncTask #26]:SWI:lefp tip
12-14 03:23:17.568 2716 4181 I hpplay-java: NanoHTTPDNanoHTTPD:server is started
12-14 03:23:17.568 2716 3907 I hpplay-java: [AsyncTask #26]:Bridge:assembleInParameters none alias name use device name: 高合娱乐副屏
12-14 03:23:17.569 2716 3907 I hpplay-java: [AsyncTask #26]:Feature:isSendAdvertisement
12-14 03:23:17.569 2716 3907 I hpplay-java: [AsyncTask #26]:Preference:checkFeature none
12-14 03:23:17.569 2716 3907 I hpplay-java: [AsyncTask #26]:Preference:checkFeature none
12-14 03:23:17.569 2716 3907 I hpplay-java: [AsyncTask #26]:Bridge:backupHpplayDat bakPath:
12-14 03:23:17.569 2716 3907 I hpplay-java: [AsyncTask #26]:Bridge:path:/data/user/0/com.hht.lebocast/files/hpplay/file/happyplay.dat
12-14 03:23:17.569 2716 3907 I hpplay-java: [AsyncTask #26]:Bridge:mAppId:21409
12-14 03:23:17.569 2716 3907 I hpplay-java: [AsyncTask #26]:Bridge:mode:3
12-14 03:23:17.569 2716 3907 I hpplay-java: [AsyncTask #26]:Bridge:type:1
12-14 03:23:17.570 2716 3907 I hpplay-java: [AsyncTask #26]:Bridge:SN:
12-14 03:23:17.570 2716 3907 I hpplay-java: [AsyncTask #26]:Preference:checkFeature none
12-14 03:23:17.570 2716 3907 I hpplay-java: [AsyncTask #26]:Bridge:backPath:
12-14 03:23:17.570 2716 3907 I hpplay-java: [AsyncTask #26]:DeviceUtil:getPermissionDid: 1
12-14 03:23:17.570 2716 3907 I hpplay-java: [AsyncTask #26]:DeviceUtil:getPermissionDid: 1
12-14 03:23:17.570 2716 3907 I hpplay-java: [AsyncTask #26]:Preference:checkFeature none
12-14 03:23:17.570 2716 3907 I hpplay-java: [AsyncTask #26]:Preference:checkFeature none
12-14 03:23:17.570 2716 3907 I hpplay-java: [AsyncTask #26]:Preference:checkFeature none
12-14 03:23:17.570 2716 3907 I hpplay-java: [AsyncTask #26]:Preference:checkFeature none
12-14 03:23:17.570 2716 3907 I hpplay-java: [AsyncTask #26]:Preference:checkFeature none
12-14 03:23:17.570 2716 3907 I hpplay-java: [AsyncTask #26]:Preference:checkFeature none
12-14 03:23:17.571 0 0 W swapper/0: type=1400 audit(0.0:289): avc: denied { kill } for capability=5 scontext=u:r:kernel:s0 tcontext=u:r:kernel:s0 tclass=capability permissive=0
12-14 03:23:17.578 2716 3905 W hpplay-java: [AsyncTask #24]:ServerBusiness:startDaemonBusiness start LelinkHTTPD sucess 52288
12-14 03:23:17.592 2716 3907 W hpplay-java: [AsyncTask #26]:DeviceUtils:getDomain create lb domain
12-14 03:23:17.592 2716 3907 I hpplay-java: [AsyncTask #26]:Feature:getMirrorAudioVideoSync DISABLE
12-14 03:23:17.593 2716 3907 I hpplay-java: [AsyncTask #26]:Feature:checkSupportRedirectOtherApp,no set redirect api
12-14 03:23:17.593 2716 3907 I hpplay-java: [AsyncTask #26]:Feature:getRedirectSearchFlag,value: 0
12-14 03:23:17.594 2716 3907 I hpplay-java: [AsyncTask #26]:Bridge:mIn: InParameters{appInfo='0', appKey='21409', authMode=0, authPwd='null', broadcastDirection=0, broadcastState=1, broadcastTimeout=3, buildType='release', cacheAVPath='/data/user/0/com.hht.lebocast/cache/hpplay/av', cachePhotoPath='/data/user/0/com.hht.lebocast/cache/hpplay/image', channel='LEBO-APK--60146-25915', desPath='', , deviceName='高合娱乐副屏', dlna=1, dlnaCompany='null', dlnaCompanyURL='null', dlnaDeviceDescribe='null', dlnaDeviceName='null', dlnaDeviceURL='null', dlnaLelinkSwitch=1, dlnaManufacturer=0, dlnaName='高合娱乐副屏', dlnaUPC='', dlnaUUID='676e3c0e-188d-2881-eece-0e46b24b4e35', domain='Lebo-figure-4a410202dc4f', drainage=0, feature='6655', fps=60, height=1080, host='null', , keyPath='/data/user/0/com.hht.lebocast/files/hpplay/file', lelinkfp=1, lelinkfp2=0, logBaseState=1, logPath='/storage/emulated/0/com.hht.lebocast/sink/sdk/common', , mdnsEnable=1, mirrorSyncType=0, netCastVer='2.0', packageName='com.hht.lebocast', packagePath='/data/user/0/com.hht.lebocast', permissionDid='4a:41:02:02:dc:4f', permissionMode=3, permissionPreSN='', port=0, preemptMode=0, regType='_leboremote._tcp.', serverPorts=null, sockWaitTimeOut=45, teleControlPort=53388, tunnels=3, txtKeys=null, txtValues=null, uid='-1960410123998045105', videoFrameType=1001, width=1920}com.hpplay.sdk.sink.protocol.InParameters@b70ae40
12-14 03:23:17.594 2716 2716 I hpplay-java: [main]:Bridge:startServer state: 0
12-14 03:23:17.594 2716 2716 D hpplay-base: [jniBridge:185] not conference version
12-14 03:23:17.594 2716 2716 I hpplay-base: [jniBridge:241] 1initServer nSettingWidth=1920 nSettingHeight=1080 nSettingMaxFPS=60 dlnaEnable=1 lelinkFpEnable=1
12-14 03:23:17.594 2716 2716 D hpplay-base: [jniBridge:283] 1initServer cfg.leLinkIp=192.168.0.18
12-14 03:23:17.594 2716 2716 D hpplay-base: [jniBridge:286] 1initServer cfg.mPermissionMode=3
12-14 03:23:17.594 2716 2716 D hpplay-base: [jniBridge:304] 1initServer cfg.permissionDid=4a:41:02:02:dc:4f000000000000000
12-14 03:23:17.595 2716 2716 D hpplay-base: [jniBridge:313] 1initServer cfg.mPermissionPreSN=00000000000000000000000000000000
12-14 03:23:17.595 2716 2716 D hpplay-base: [jniBridge:317] Bridge___1initServer status:0
12-14 03:23:17.595 2716 2716 I hpplay-base: [jniBridge:325] 1initServer cfg.feature=6655
12-14 03:23:17.595 2716 2716 D hpplay-base: [jniBridge:377] 1initServer isSendBroadCast=3
12-14 03:23:17.595 2716 2716 D hpplay-base: [jniBridge:380] 1initServer broadcastDirection=0
12-14 03:23:17.595 2716 2716 D hpplay-base: [jniBridge:382] 1initServer ipBroadcast direction=0
12-14 03:23:17.595 2716 2716 D hpplay-base: [jniBridge:387] 1initServer tunnel=3
12-14 03:23:17.595 2716 2716 D hpplay-base: [jniBridge:390] 1initServer drainage=0
12-14 03:23:17.595 2716 2716 D hpplay-base: [jniBridge:401] 1initServer mDNSEnable=1
12-14 03:23:17.595 2716 2716 D hpplay-base: [jniBridge:406] 1initServer nSockWaitTimeOut=45
12-14 03:23:17.595 2716 2716 D hpplay-base: [jniBridge:410] 1initServer nMirrorAudioVideoSync=0
12-14 03:23:17.595 2716 2716 I hpplay-base: [sign_check:168] checkSign strPackageName:com.hht.lebocast
12-14 03:23:17.595 2716 2716 I hpplay-base: [sign_check:169] checkSign buildType:release
12-14 03:23:17.595 2716 2716 I hpplay-base: [sign_check:170] checkSign appKey:21409
12-14 03:23:17.595 2716 2716 D hpplay-base: [LelinkBase:405] bridgeInit port: 0, lelinkfp: 0
12-14 03:23:17.595 2716 2716 D hpplay-base: [LelinkBase:462] bridgeInit mPackagePath =/data/user/0/com.hht.lebocast
12-14 03:23:17.595 2716 2716 D hpplay-base: [LelinkBase:463] bridgeInit mKeyPath =/data/user/0/com.hht.lebocast/files/hpplay/file
12-14 03:23:17.595 2716 2716 D hpplay-base: [SinkContext:97] initSinkContext mPackagePath =/data/user/0/com.hht.lebocast
12-14 03:23:17.595 2716 2716 D hpplay-base: [SinkContext:98] initSinkContext mKeyPath =/data/user/0/com.hht.lebocast/files/hpplay/file
12-14 03:23:17.595 2716 2716 D hpplay-base: [jniBridge:478] Java_com_hpplay_sdk_sink_protocol_Bridge__1initServer end
12-14 03:23:17.595 2716 2716 D hpplay-base: [jniBridge:869] Bridge__1startServer status:1
12-14 03:23:17.596 2716 2716 D hpplay-base: [LelinkBase:492] startAllServer at base
12-14 03:23:17.596 2716 2716 D hpplay-base: [lelinkSinkServer:152] httpPlugins_SetServerPort TYPE_SERVER_LELINK:52266
12-14 03:23:17.596 2716 2716 D hpplay-base: [network.c:362] protocol bind host :192.168.0.18 port:52266 curent bind port:52266
12-14 03:23:17.596 2716 2716 D hpplay-base: [lelinkSinkServer:681] HTTP Server real at:52266
12-14 03:23:17.596 2716 4186 D hpplay-base: [lelinkSinkServer:644] Connected Service Type:0
12-14 03:23:17.596 2716 4186 I hpplay-base: : (server.c.315) startServer listen_ing....:
12-14 03:23:17.596 2716 4186 D hpplay-base: [Server:371] startHttpServer srv_sockets.used:1 nCurrentFd:69, tid is 4186
12-14 03:23:17.596 2716 2716 D hpplay-base: [ScreenStream:1285] current bind port:7100
12-14 03:23:17.597 2716 2716 D hpplay-base: [LelinkBase:515] startAllServer pBaseContext->config.dlnaEnable:1
12-14 03:23:17.597 2716 2716 D hpplay-base: [lelinkDlna:324] addDMRCallback end
12-14 03:23:17.597 2716 4187 D hpplay-base: [stream_mirror_compat:759] compat mirror stream begin to run,server fd:70,thread_id:3212689856!!
12-14 03:23:17.598 2716 2716 E hpplay-base-dlna: miniserver.c:788::dlna_port(ipv4: 49152 ipv6:0)
12-14 03:23:17.600 2716 2716 D hpplay-base-dlna: [lebodlna-dlnaframe:166] succeed to load lebodlnaplugin
12-14 03:23:17.600 2716 2716 D hpplay-base-dlna: [lebodlna-dlnaframe:232] Succeed to load specified plugin:lebodlna_plugin
12-14 03:23:17.600 2716 2716 D hpplay-base: [lelinkDlna:328] startDLNAServer ret=0
12-14 03:23:17.600 2716 2716 D hpplay-base: [LelinkBase:531] startDLNAServer ret= 0
12-14 03:23:17.600 2716 2716 D hpplay-base: [lelinkDlna:342] setDMRFriendlyName 高合娱乐副屏
12-14 03:23:17.601 2716 2716 D hpplay-base-dlna: [lebodlna-dlna_android:136] setBroadcastTimeout mBroadcastTimeOut=66 status=3!
12-14 03:23:17.601 2716 2716 D hpplay-base-dlna: [lebodlna_api:32] start DMR
12-14 03:23:17.601 2716 2716 D hpplay-base-dlna: [UpnpDefine:434] RegisterDMRender invalid lelink info
12-14 03:23:17.601 2716 2716 D hpplay-base-dlna: [UpnpDefine:467] DLNA DEFAULT_DESCRIPTION
12-14 03:23:17.602 2716 2716 E hpplay-base-dlna: upnpapi.c:1078::Exiting RegisterRootDevice2 *Hnd =1, return value == 0
12-14 03:23:17.602 2716 2716 D hpplay-base-dlna: [CUpnpDevice:41] Register Root Device 2:0
12-14 03:23:17.602 2716 2716 D hpplay-base-dlna: [UpnpDefine:794] ESDMRender:Register success
12-14 03:23:17.602 2716 2716 D hpplay-base-dlna: [lebodlna_api:41] sendBroadcast mBroadcastTimeOut=3
12-14 03:23:17.603 2716 2716 D hpplay-base-dlna: [lebodlna_api:44] sendBroadcast timeout=66
12-14 03:23:17.660 2716 2716 D hpplay-base: [lelinkDlna:361] startDLNADevice dlnaManufacturer:0 ret=0
12-14 03:23:17.660 2716 2716 D hpplay-base: [LelinkBase:535] lelinkSetDlnaInfo ret= 0
12-14 03:23:17.660 2716 2716 D hpplay-base: [LelinkBase:547] startAllServer pBaseContext->config.mDNSEnable:1
12-14 03:23:17.661 2716 2716 D hpplay-base: [base_mdns:509] mdns net.hostname:
12-14 03:23:17.661 2716 2716 D hpplay-base: [base_mdns:529] mdns namelabel:-00-80-0F-74-31-00
12-14 03:23:17.661 2716 2716 D hpplay-base: [base_mdns:509] mdns net.hostname:
12-14 03:23:17.661 2716 2716 D hpplay-base: [base_mdns:529] mdns namelabel:-00-80-0F-74-31-00
12-14 03:23:17.661 2716 2716 D hpplay-base: [mdns:813] mdns start bind port:0
12-14 03:23:17.663 2716 2716 D hpplay-base: [mdns:813] mdns start bind port:5353
12-14 03:23:17.663 2716 2716 D hpplay-base: [mdns:813] mdns start bind port:5353
12-14 03:23:17.663 2716 2716 D hpplay-base: [mdns:813] mdns start bind port:5353
12-14 03:23:17.664 2716 2716 D hpplay-base: [mdns:813] mdns start bind port:5353
12-14 03:23:17.664 2716 2716 D hpplay-base: [mdns:813] mdns start bind port:5353
12-14 03:23:17.664 2716 2716 D hpplay-base: [mdns:813] mdns start bind port:5353
12-14 03:23:17.664 2716 2716 D hpplay-base: [mdns:813] mdns start bind port:5353
12-14 03:23:17.664 2716 2716 I hpplay-base: [mDNSEmbeded:57] embedded_mDNSInit stopmDNSNow:0 status:0
12-14 03:23:17.664 2716 2716 D hpplay-base: [mDNSEmbeded:436] startmDNSServer end nRet=0
12-14 03:23:17.664 2716 2716 D hpplay-base: [LelinkBase:555] lelink broadcast_on_off:1 log2java_on_off:1
12-14 03:23:17.664 2716 4205 D hpplay-base: [LelinkMDNS:729] leboAuthorizationCheck strUuid=4a:41:02:02:dc:4f000000000000000
12-14 03:23:17.665 2716 4205 D hpplay-base: [LelinkMDNS:730] leboAuthorizationCheck mPermissionDid=4a:41:02:02:dc:4f000000000000000
12-14 03:23:17.665 2716 4205 D hpplay-base: [LelinkMDNS:755] leboAuthorizationCheck mPermissionMac=4a:41:02:02:dc:4f000000000000000
12-14 03:23:17.665 2716 2716 D hpplay-base: [AEventUtils:595] request to start event handle service!!
12-14 03:23:17.665 2716 2716 D hpplay-base: [AEventUtils:603] start_event_handle_service,begin to run!!
12-14 03:23:17.665 2716 2716 D hpplay-base: [REventUtils:210] start_event_handle_service,begin to run!!
12-14 03:23:17.665 2716 4206 I hpplay-base: [mDNSEmbeded:268] start lelink publish server, tid is 4206
12-14 03:23:17.665 2716 4207 D hpplay-base: [mDNSEmbeded:197] http_port bind check 197 http_port_check
12-14 03:23:17.665 2716 4209 D hpplay-base: [REventUtils:59] create handleREventThread thread ok!!,tid is 4209
12-14 03:23:17.665 2716 2716 D hpplay-base: [LelinkBase:576] startAllServer success .
12-14 03:23:17.665 2716 4208 D hpplay-base: [AEventUtils:171] create handle AEvent thread ok!!,tid is 4208
12-14 03:23:17.665 2716 2716 D hpplay-base: [jniBridge:894] startDlna_link:http://192.168.0.18:49152/description.xml
12-14 03:23:17.665 2716 4210 D hpplay-base: [jniBridge:1081] notifyJavaDlnalink:http://192.168.0.18:49152/description.xml
12-14 03:23:17.666 2716 4210 D hpplay-base: [jniBridge:1726] notifyJava, what:207, castType:0, mimeType:0 baseStatus:2
12-14 03:23:17.666 2716 4210 D hpplay-base: [jniBridge:1727] notifyJava sessionID:(null)
12-14 03:23:17.666 2716 4210 I hpplay-java: [Thread-11]:Bridge:notify: what: 207
12-14 03:23:17.667 2716 4207 D hpplay-base: [mDNSEmbeded:217] http_port bind check 217 http_port_check
12-14 03:23:17.668 2716 4207 D hpplay-base: [mDNSEmbeded:222] http_port bind check 222 http_port_check
12-14 03:23:17.668 2716 4210 I hpplay-java: [Thread-11]:Bridge:notify: out: OutParameters:{audioSessionId=-1, audiotrackIndex=0, castHandleType=-1, castType=0, deviceName='http://192.168.0.18:49152/description.xml', dlnaName='', dramaID='', extra=0, frameHandleType=-1, handleInside=true, headduration=0, header='', headers=null, isAD=false, isMultiMirror=false, lelinkVer='', limitTime=0, , mediaAlbum='null', mediaAlbumArtURI='', mediaArtist='null', mediaAssets='', mediaTitle='null', mimeType=0, multiSession=null, period=0, pinCode='', playSpeed=0.0, playerChoice=0, plugin=0, port=0, position=0.0, positionUnit=2, protocol=0, realSessionID='', regType='', , sinkIp='', sourceAPPVersion='', sourceChannel='', sourceClientInfo='', sourceDeviceInfo='', sourceDeviceModel='', sourceDeviceName='', sourceDeviceType=0, sourceHID='', , sourceInfo='', , , sourceOSVersion='', sourceSDKVersion='', sourceUid='', stopDetail=0, stopReason=0, tailduration=0, url='', urlID='', urls=null, userAgent='', videoDecoder=0, volume=0, what=207}com.hpplay.sdk.sink.protocol.OutParameters@52241c9
12-14 03:23:17.668 2716 4210 I hpplay-java: [Thread-11]:Bridge:notify: address:169308366
12-14 03:23:17.670 2716 4207 D hpplay-base: [mDNSEmbeded:234] http_port bind check 234 http_port_check port:52266
12-14 03:23:17.670 2716 4207 D hpplay-base: [mDNSEmbeded:237] http_port bind check 237 http_port_check
12-14 03:23:17.670 2716 4212 D hpplay-base: [lelinkSinkServer:93] new client connection from 127.0.0.1 59066, fd=99
12-14 03:23:17.670 2716 4212 D hpplay-base: [SinkContext:137] addSinkContextSession,begin to run!!
12-14 03:23:17.671 2716 4212 D hpplay-base: [SinkContext:142] addSinkContextSession,begin to get lock!!
12-14 03:23:17.671 2716 4212 D hpplay-base: [SinkContext:144] addSinkContextSession,get lock ok!!
12-14 03:23:17.671 2716 4212 D hpplay-base: [SinkContext:149] addSinkContextSession,session list is null,begin to malloc!!
12-14 03:23:17.671 2716 4212 D hpplay-base: [SinkContext:156] addSinkContextSession,begin to update!!
12-14 03:23:17.671 2716 4212 D hpplay-base: [SinkContext:160] addSinkContextSession,begin to update header!!
12-14 03:23:17.671 2716 4212 D hpplay-base: [SinkContext:172] addSinkContextSession,begin to unlock!!
12-14 03:23:17.671 2716 4212 D hpplay-base: [SinkContext:174] addSinkContextSession,unlock ok!!
12-14 03:23:17.671 2716 4212 D hpplay-base: [LelinkReceiver:4908] get ping !!!
12-14 03:23:17.671 2716 4207 D hpplay-base: [mDNSEmbeded:240] http_port bind check 240 http_port_check recieved:64
12-14 03:23:17.671 2716 4207 D hpplay-base: [mDNSEmbeded:243] http_port bind check 243 http_port_check
12-14 03:23:17.671 2716 4207 D hpplay-base: [mDNSEmbeded:244] http_port bind check ok!
01-01 09:21:22.335 0 0 D : mv2112_read_status
01-01 09:21:22.335 0 0 D mv2112_update_link: 3.0x901(1G): 0x80
01-01 09:21:22.335 0 0 D mv2112_update_link: 3.0x8109(100M): 0x8
01-01 09:21:22.335 0 0 D mv2112_update_link: link 0x0
01-01 09:21:22.335 0 0 D mv2112_read_status: autoneg is disabled
12-14 03:23:17.872 2716 4212 I hpplay-base: [LelinkReceiver:14605] _connectionFinalize (99)
12-14 03:23:17.872 2716 4212 D hpplay-base: [LelinkReceiver:14752] ###connectionFinalize,release ok!!###
12-14 03:23:18.471 640 655 I mpu_uart: [MSG-P:RECV]:No message received in 1000 ms
12-14 03:23:18.493 640 654 I mpu_uart: [MSG-P:R]:recv sync frame timeout
12-14 03:23:18.571 0 0 W swapper/0: type=1400 audit(0.0:290): avc: denied { kill } for capability=5 scontext=u:r:kernel:s0 tcontext=u:r:kernel:s0 tclass=capability permissive=0
01-01 09:21:23.359 0 0 D : mv2112_read_status
01-01 09:21:23.359 0 0 D mv2112_update_link: 3.0x901(1G): 0x80
01-01 09:21:23.359 0 0 D mv2112_update_link: 3.0x8109(100M): 0x8
01-01 09:21:23.359 0 0 D mv2112_update_link: link 0x0
01-01 09:21:23.359 0 0 D mv2112_read_status: autoneg is disabled
12-14 03:23:19.386 1179 1179 I CNSS : cnss_open_log_file: directory /data/vendor/wifi/wlan_logs/ created
12-14 03:23:19.471 640 655 I mpu_uart: [MSG-P:RECV]:No message received in 1000 ms
12-14 03:23:19.571 0 0 W swapper/2: type=1400 audit(0.0:291): avc: denied { kill } for capability=5 scontext=u:r:kernel:s0 tcontext=u:r:kernel:s0 tclass=capability permissive=0
01-01 09:21:24.383 0 0 D : mv2112_read_status
01-01 09:21:24.383 0 0 D mv2112_update_link: 3.0x901(1G): 0x80
01-01 09:21:24.383 0 0 D mv2112_update_link: 3.0x8109(100M): 0x8
01-01 09:21:24.383 0 0 D mv2112_update_link: link 0x0
01-01 09:21:24.383 0 0 D mv2112_read_status: autoneg is disabled
12-14 03:23:20.471 640 655 I mpu_uart: [MSG-P:RECV]:No message received in 1000 ms
12-14 03:23:20.571 0 0 W swapper/2: type=1400 audit(0.0:292): avc: denied { kill } for capability=5 scontext=u:r:kernel:s0 tcontext=u:r:kernel:s0 tclass=capability permissive=0
01-01 09:21:25.407 0 0 D : mv2112_read_status
01-01 09:21:25.407 0 0 D mv2112_update_link: 3.0x901(1G): 0x80
01-01 09:21:25.407 0 0 D mv2112_update_link: 3.0x8109(100M): 0x8
01-01 09:21:25.407 0 0 D mv2112_update_link: link 0x0
01-01 09:21:25.407 0 0 D mv2112_read_status: autoneg is disabled
12-14 03:23:21.472 640 655 I mpu_uart: [MSG-P:RECV]:No message received in 1000 ms
12-14 03:23:21.496 640 654 I mpu_uart: [MSG-P:R]:recv sync frame timeout
12-14 03:23:21.571 0 0 W swapper/2: type=1400 audit(0.0:293): avc: denied { kill } for capability=5 scontext=u:r:kernel:s0 tcontext=u:r:kernel:s0 tclass=capability permissive=0
01-01 09:21:26.431 0 0 D : mv2112_read_status
01-01 09:21:26.431 0 0 D mv2112_update_link: 3.0x901(1G): 0x80
01-01 09:21:26.431 0 0 D mv2112_update_link: 3.0x8109(100M): 0x8
01-01 09:21:26.431 0 0 D mv2112_update_link: link 0x0
01-01 09:21:26.431 0 0 D mv2112_read_status: autoneg is disabled
12-14 03:23:22.472 640 655 I mpu_uart: [MSG-P:RECV]:No message received in 1000 ms
12-14 03:23:22.571 0 0 W swapper/2: type=1400 audit(0.0:294): avc: denied { kill } for capability=5 scontext=u:r:kernel:s0 tcontext=u:r:kernel:s0 tclass=capability permissive=0
12-14 03:23:22.581 2716 2716 I hpplay-java: [main]:ServiceUpdater:upLoadServiceInfo invalid deviceCode:, port:53388
01-01 09:21:27.232 0 0 I [schedu][0x5419503a][03:23:22.692377] wlan: [3400:I:WMA] [03:23:21.689000] [ROAM_TRIGGER]: VDEV[0] Reason: "HIGH RSSI"
01-01 09:21:27.232 0 0 I [schedu][0x541953af][03:23:22.692423] wlan: [3400:I:WMA] [03:23:21.689000] [ROAM_SCAN]: VDEV[0] Scan_type: PARTIAL {5180 5200 5220 5240 5260 5280 5300 5320 5745 5765 5785 5805 5825 }
01-01 09:21:27.232 0 0 I [schedu][0x541954fb][03:23:22.692440] wlan: [3400:I:WMA] ============================================================================================================================
01-01 09:21:27.232 0 0 I [schedu][0x541956a9][03:23:22.692462] wlan: [3400:I:WMA] AP BSSID TSTAMP CH TY ETP RSSI/SCR CU%/SCR TOT_SCR BL_RSN BL_SRC BL_TSTAMP BL_TIMEOUT(ms)
01-01 09:21:27.232 0 0 I [schedu][0x541957cf][03:23:22.692478] wlan: [3400:I:WMA] ============================================================================================================================
01-01 09:21:27.232 0 0 I [schedu][0x54195c3b][03:23:22.692537] wlan: [3400:I:WMA] 6c:b1:58:0f:7d:39 [03:23:21.689000] 2462 P_AP 0 3/0 0/0 4042 0 0 [00:00:00.000000] 0
01-01 09:21:27.232 0 0 I [schedu][0x54195e01][03:23:22.692560] wlan: [3400:I:WMA] [03:23:22.663000] [ROAM_RESULT]: VDEV[0] FAILED Reason: NO AP FOUND
12-14 03:23:22.721 1500 1592 D CompatibilityChangeReporter: Compat change id reported: 168419799; UID 10094; state: DISABLED
12-14 03:23:22.721 1500 1592 D CompatibilityInfo: mCompatibilityFlags - 4
12-14 03:23:22.721 1500 1592 D CompatibilityInfo: applicationDensity - 240
12-14 03:23:22.721 1500 1592 D CompatibilityInfo: applicationScale - 1.0
12-14 03:23:22.729 3644 3657 I PermissionControllerServiceImpl: Updating user sensitive for user 0
12-14 03:23:22.737 1201 1412 I selfinstaller: create socket failed: Connection refused 111
01-01 09:21:27.455 0 0 D : mv2112_read_status
01-01 09:21:27.455 0 0 D mv2112_update_link: 3.0x901(1G): 0x80
01-01 09:21:27.455 0 0 D mv2112_update_link: 3.0x8109(100M): 0x8
01-01 09:21:27.455 0 0 D mv2112_update_link: link 0x0
01-01 09:21:27.455 0 0 D mv2112_read_status: autoneg is disabled
12-14 03:23:23.019 2339 2422 I OpenGLRenderer: Davey! duration=9223371965307ms; Flags=0, FrameTimelineVsyncId=2887, IntendedVsync=71546766600, Vsync=71546766600, InputEventId=0, HandleInputStart=71547283356, AnimationStart=71547288460, PerformTraversalsStart=71547290960, DrawStart=71573052992, FrameDeadline=71563433266, FrameInterval=71547271377, FrameStartTime=16666666, SyncQueued=71573996585, SyncStart=71574103044, IssueDrawCommandsStart=71574902210, SwapBuffers=71577496481, FrameCompleted=9223372036854775807, DequeueBufferDuration=47292, QueueBufferDuration=852344, GpuCompleted=9223372036854775807, SwapBuffersCompleted=71578931689, DisplayPresentTime=45037327713566784,
12-14 03:23:23.473 640 655 I mpu_uart: [MSG-P:RECV]:No message received in 1000 ms
12-14 03:23:23.571 0 0 W swapper/2: type=1400 audit(0.0:295): avc: denied { kill } for capability=5 scontext=u:r:kernel:s0 tcontext=u:r:kernel:s0 tclass=capability permissive=0
01-01 09:21:28.479 0 0 D : mv2112_read_status
01-01 09:21:28.479 0 0 D mv2112_update_link: 3.0x901(1G): 0x80
01-01 09:21:28.479 0 0 D mv2112_update_link: 3.0x8109(100M): 0x8
01-01 09:21:28.479 0 0 D mv2112_update_link: link 0x0
01-01 09:21:28.479 0 0 D mv2112_read_status: autoneg is disabled
12-14 03:23:24.473 640 655 I mpu_uart: [MSG-P:RECV]:No message received in 1000 ms
12-14 03:23:24.499 640 654 I mpu_uart: [MSG-P:R]:recv sync frame timeout
12-14 03:23:24.571 0 0 W swapper/2: type=1400 audit(0.0:296): avc: denied { kill } for capability=5 scontext=u:r:kernel:s0 tcontext=u:r:kernel:s0 tclass=capability permissive=0
01-01 09:21:29.503 0 0 D : mv2112_read_status
01-01 09:21:29.503 0 0 D mv2112_update_link: 3.0x901(1G): 0x80
01-01 09:21:29.503 0 0 D mv2112_update_link: 3.0x8109(100M): 0x8
01-01 09:21:29.503 0 0 D mv2112_update_link: link 0x0
01-01 09:21:29.503 0 0 D mv2112_read_status: autoneg is disabled
12-14 03:23:25.473 640 655 I mpu_uart: [MSG-P:RECV]:No message received in 1000 ms
12-14 03:23:25.571 0 0 W swapper/2: type=1400 audit(0.0:297): avc: denied { kill } for capability=5 scontext=u:r:kernel:s0 tcontext=u:r:kernel:s0 tclass=capability permissive=0
01-01 09:21:30.531 0 0 D : mv2112_read_status
01-01 09:21:30.531 0 0 D mv2112_update_link: 3.0x901(1G): 0x80
01-01 09:21:30.531 0 0 D mv2112_update_link: 3.0x8109(100M): 0x8
01-01 09:21:30.531 0 0 D mv2112_update_link: link 0x0
01-01 09:21:30.531 0 0 D mv2112_read_status: autoneg is disabled
12-14 03:23:26.474 640 655 I mpu_uart: [MSG-P:RECV]:No message received in 1000 ms
12-14 03:23:26.571 0 0 W swapper/2: type=1400 audit(0.0:298): avc: denied { kill } for capability=5 scontext=u:r:kernel:s0 tcontext=u:r:kernel:s0 tclass=capability permissive=0
01-01 09:21:31.555 0 0 D : mv2112_read_status
01-01 09:21:31.555 0 0 D mv2112_update_link: 3.0x901(1G): 0x80
01-01 09:21:31.555 0 0 D mv2112_update_link: 3.0x8109(100M): 0x8
01-01 09:21:31.555 0 0 D mv2112_update_link: link 0x0
01-01 09:21:31.555 0 0 D mv2112_read_status: autoneg is disabled
12-14 03:23:27.029 2339 4223 I OpenGLRenderer: Davey! duration=9223371961298ms; Flags=0, FrameTimelineVsyncId=2915, IntendedVsync=75556442630, Vsync=75556442630, InputEventId=0, HandleInputStart=75557271271, AnimationStart=75557276323, PerformTraversalsStart=75557279188, DrawStart=75582664448, FrameDeadline=75573109296, FrameInterval=75557261323, FrameStartTime=16666666, SyncQueued=75583659553, SyncStart=75583739344, IssueDrawCommandsStart=75584580386, SwapBuffers=75587084813, FrameCompleted=9223372036854775807, DequeueBufferDuration=44323, QueueBufferDuration=945521, GpuCompleted=9223372036854775807, SwapBuffersCompleted=75588551323, DisplayPresentTime=56296326781993024,
12-14 03:23:27.474 640 655 I mpu_uart: [MSG-P:RECV]:No message received in 1000 ms
12-14 03:23:27.503 640 654 I mpu_uart: [MSG-P:R]:recv sync frame timeout
12-14 03:23:27.568 2716 2716 I hpplay-java: [main]:Upgrade:upgrade not be allowed
12-14 03:23:27.571 0 0 W swapper/2: type=1400 audit(0.0:299): avc: denied { kill } for capability=5 scontext=u:r:kernel:s0 tcontext=u:r:kernel:s0 tclass=capability permissive=0
12-14 03:23:27.589 2716 2716 I hpplay-java: [main]:ServerBusiness:get deviceCode:
12-14 03:23:27.589 2716 2716 W hpplay-java: [main]:ServerBusiness:startDeviceService ignore,invalid deviceCode
12-14 03:23:28.031 2339 4223 I OpenGLRenderer: Davey! duration=9223371960295ms; Flags=0, FrameTimelineVsyncId=2921, IntendedVsync=76558807630, Vsync=76558807630, InputEventId=0, HandleInputStart=76559332104, AnimationStart=76559337104, PerformTraversalsStart=76559339813, DrawStart=76585629396, FrameDeadline=76592140962, FrameInterval=76559319708, FrameStartTime=16666666, SyncQueued=76586663875, SyncStart=76586749083, IssueDrawCommandsStart=76587572208, SwapBuffers=76590387573, FrameCompleted=9223372036854775807, DequeueBufferDuration=50625, QueueBufferDuration=1005990, GpuCompleted=9223372036854775807, SwapBuffersCompleted=76591994031, DisplayPresentTime=56296326781993024,
01-01 09:21:32.575 0 0 D : mv2112_read_status
01-01 09:21:32.575 0 0 D mv2112_update_link: 3.0x901(1G): 0x80
01-01 09:21:32.575 0 0 D mv2112_update_link: 3.0x8109(100M): 0x8
01-01 09:21:32.575 0 0 D mv2112_update_link: link 0x0
01-01 09:21:32.575 0 0 D mv2112_read_status: autoneg is disabled
12-14 03:23:28.273 2716 2716 W hpplay-java: [main]:AsyncHttpJob:http request timeout
12-14 03:23:28.475 640 655 I mpu_uart: [MSG-P:RECV]:No message received in 1000 ms
12-14 03:23:28.571 0 0 W swapper/2: type=1400 audit(0.0:300): avc: denied { kill } for capability=5 scontext=u:r:kernel:s0 tcontext=u:r:kernel:s0 tclass=capability permissive=0
12-14 03:23:29.035 2339 4223 I OpenGLRenderer: Davey! duration=9223371959293ms; Flags=0, FrameTimelineVsyncId=2927, IntendedVsync=77561210630, Vsync=77561210630, InputEventId=0, HandleInputStart=77561675333, AnimationStart=77561680125, PerformTraversalsStart=77561683198, DrawStart=77585828979, FrameDeadline=77594543962, FrameInterval=77561664291, FrameStartTime=16666666, SyncQueued=77586799604, SyncStart=77586881531, IssueDrawCommandsStart=77587648823, SwapBuffers=77590582781, FrameCompleted=9223372036854775807, DequeueBufferDuration=43541, QueueBufferDuration=858334, GpuCompleted=9223372036854775807, SwapBuffersCompleted=77591972989, DisplayPresentTime=56296326781993024,
01-01 09:21:33.599 0 0 D : mv2112_read_status
01-01 09:21:33.599 0 0 D mv2112_update_link: 3.0x901(1G): 0x80
01-01 09:21:33.599 0 0 D mv2112_update_link: 3.0x8109(100M): 0x8
01-01 09:21:33.599 0 0 D mv2112_update_link: link 0x0
01-01 09:21:33.599 0 0 D mv2112_read_status: autoneg is disabled
12-14 03:23:29.295 2087 3933 D NetworkMonitor/100: isDataStall: result=1, tcp packets received=0, latest tcp fail rate=0, consecutive dns timeout count=7
12-14 03:23:29.295 2087 3933 D NetworkMonitor/100: Suspecting data stall, reevaluate
12-14 03:23:29.298 2087 4225 D NetworkMonitor/100: Validation disabled.
12-14 03:23:29.298 1500 2752 D ConnectivityService: Data stall detected with methods: 1
12-14 03:23:29.305 1500 1896 D ConnectivityService: [100 WIFI] validation passed
12-14 03:23:29.475 640 655 I mpu_uart: [MSG-P:RECV]:No message received in 1000 ms
12-14 03:23:29.571 0 0 W swapper/2: type=1400 audit(0.0:301): avc: denied { kill } for capability=5 scontext=u:r:kernel:s0 tcontext=u:r:kernel:s0 tclass=capability permissive=0
12-14 03:23:29.778 2716 2716 I hpplay-java: [main]:IMTask:getIMRoot
12-14 03:23:30.037 2339 4223 I OpenGLRenderer: Davey! duration=9223371958291ms; Flags=0, FrameTimelineVsyncId=2933, IntendedVsync=78563621630, Vsync=78563621630, InputEventId=0, HandleInputStart=78564465072, AnimationStart=78564469916, PerformTraversalsStart=78564472676, DrawStart=78587245958, FrameDeadline=78596954962, FrameInterval=78564449656, FrameStartTime=16666666, SyncQueued=78588307103, SyncStart=78588386166, IssueDrawCommandsStart=78589237156, SwapBuffers=78592204499, FrameCompleted=9223372036854775807, DequeueBufferDuration=49479, QueueBufferDuration=960364, GpuCompleted=9223372036854775807, SwapBuffersCompleted=78593767520, DisplayPresentTime=64,
01-01 09:21:34.623 0 0 D : mv2112_read_status
01-01 09:21:34.623 0 0 D mv2112_update_link: 3.0x901(1G): 0x80
01-01 09:21:34.623 0 0 D mv2112_update_link: 3.0x8109(100M): 0x8
01-01 09:21:34.623 0 0 D mv2112_update_link: link 0x0
01-01 09:21:34.623 0 0 D mv2112_read_status: autoneg is disabled
12-14 03:23:30.476 640 655 I mpu_uart: [MSG-P:RECV]:No message received in 1000 ms
12-14 03:23:30.506 640 654 I mpu_uart: [MSG-P:R]:recv sync frame timeout
12-14 03:23:30.571 0 0 W swapper/2: type=1400 audit(0.0:302): avc: denied { kill } for capability=5 scontext=u:r:kernel:s0 tcontext=u:r:kernel:s0 tclass=capability permissive=0
12-14 03:23:31.057 2339 4223 I OpenGLRenderer: Davey! duration=9223371957271ms; Flags=0, FrameTimelineVsyncId=2939, IntendedVsync=79582702296, Vsync=79582702296, InputEventId=0, HandleInputStart=79583548457, AnimationStart=79583553405, PerformTraversalsStart=79583556166, DrawStart=79609381791, FrameDeadline=79616035628, FrameInterval=79583535697, FrameStartTime=16666666, SyncQueued=79610567259, SyncStart=79610848613, IssueDrawCommandsStart=79611766895, SwapBuffers=79615126843, FrameCompleted=9223372036854775807, DequeueBufferDuration=48125, QueueBufferDuration=1280677, GpuCompleted=9223372036854775807, SwapBuffersCompleted=79617119707, DisplayPresentTime=64,
01-01 09:21:35.647 0 0 D : mv2112_read_status
01-01 09:21:35.647 0 0 D mv2112_update_link: 3.0x901(1G): 0x80
01-01 09:21:35.648 0 0 D mv2112_update_link: 3.0x8109(100M): 0x8
01-01 09:21:35.648 0 0 D mv2112_update_link: link 0x0
01-01 09:21:35.648 0 0 D mv2112_read_status: autoneg is disabled
12-14 03:23:31.476 640 655 I mpu_uart: [MSG-P:RECV]:No message received in 1000 ms
12-14 03:23:31.571 0 0 W swapper/2: type=1400 audit(0.0:303): avc: denied { kill } for capability=5 scontext=u:r:kernel:s0 tcontext=u:r:kernel:s0 tclass=capability permissive=0
12-14 03:23:32.058 2339 4223 I OpenGLRenderer: Davey! duration=9223371956269ms; Flags=0, FrameTimelineVsyncId=2945, IntendedVsync=80585136296, Vsync=80585136296, InputEventId=0, HandleInputStart=80585780905, AnimationStart=80585785071, PerformTraversalsStart=80585788040, DrawStart=80611904446, FrameDeadline=80618469628, FrameInterval=80585771790, FrameStartTime=16666666, SyncQueued=80613159707, SyncStart=80613262832, IssueDrawCommandsStart=80614147780, SwapBuffers=80617234186, FrameCompleted=9223372036854775807, DequeueBufferDuration=47500, QueueBufferDuration=1089427, GpuCompleted=9223372036854775807, SwapBuffersCompleted=80618955644, DisplayPresentTime=64,
01-01 09:21:36.671 0 0 D : mv2112_read_status
01-01 09:21:36.671 0 0 D mv2112_update_link: 3.0x901(1G): 0x80
01-01 09:21:36.671 0 0 D mv2112_update_link: 3.0x8109(100M): 0x8
01-01 09:21:36.671 0 0 D mv2112_update_link: link 0x0
01-01 09:21:36.671 0 0 D mv2112_read_status: autoneg is disabled
12-14 03:23:32.476 640 655 I mpu_uart: [MSG-P:RECV]:No message received in 1000 ms
12-14 03:23:32.568 2716 2716 I hpplay-java: [main]:ServerTaskManager:task run out of time
12-14 03:23:32.568 2716 2716 I hpplay-java: [main]:ServerTaskManager:cancelTimeOutCheck
12-14 03:23:32.568 2716 2716 I hpplay-java: [main]:ServerTaskManager:exeTask ignore, reason: TaskList is clear
12-14 03:23:32.571 0 0 W swapper/2: type=1400 audit(0.0:304): avc: denied { kill } for capability=5 scontext=u:r:kernel:s0 tcontext=u:r:kernel:s0 tclass=capability permissive=0
12-14 03:23:32.804 2716 4205 D hpplay-base: [LelinkMDNS:766] devicePermissionPublic leboPermissionCheck:-2
12-14 03:23:32.804 2716 4205 D hpplay-base: [jniBridge:1125] com_hpplay_sdk_sink_protocol_Bridge_WHAT_SERVER_ERROR
12-14 03:23:32.804 2716 4205 D hpplay-base: [jniBridge:1726] notifyJava, what:204, castType:0, mimeType:0 baseStatus:2
12-14 03:23:32.804 2716 4205 D hpplay-base: [jniBridge:1727] notifyJava sessionID:(null)
12-14 03:23:32.805 2716 4205 I hpplay-java: [Thread-12]:Bridge:notify: what: 204
12-14 03:23:32.807 2716 4205 I hpplay-java: [Thread-12]:Bridge:notify: out: OutParameters:{audioSessionId=-1, audiotrackIndex=0, castHandleType=-1, castType=0, deviceName='', dlnaName='', dramaID='', extra=-2002, frameHandleType=-1, handleInside=true, headduration=0, header='', headers=null, isAD=false, isMultiMirror=false, lelinkVer='', limitTime=0, , mediaAlbum='null', mediaAlbumArtURI='', mediaArtist='null', mediaAssets='', mediaTitle='null', mimeType=0, multiSession=null, period=0, pinCode='', playSpeed=0.0, playerChoice=0, plugin=0, port=0, position=0.0, positionUnit=2, protocol=0, realSessionID='', regType='', , sinkIp='', sourceAPPVersion='', sourceChannel='', sourceClientInfo='', sourceDeviceInfo='', sourceDeviceModel='', sourceDeviceName='', sourceDeviceType=0, sourceHID='', , sourceInfo='', , , sourceOSVersion='', sourceSDKVersion='', sourceUid='', stopDetail=0, stopReason=0, tailduration=0, url='', urlID='', urls=null, userAgent='', videoDecoder=0, volume=0, what=204}com.hpplay.sdk.sink.protocol.OutParameters@5043185
12-14 03:23:32.807 2716 4205 I hpplay-java: [Thread-12]:Bridge:notify: address:196987866
12-14 03:23:32.808 2716 4205 I hpplay-base: [mDNSEmbeded:79] embedded_mDNSLoop stopmDNSNow:0 nPublish:-2 nExitFlag:6 tid is 4205
12-14 03:23:32.808 2716 2716 I hpplay-java: [main]:Bridge:findServiceID start out: 196987866
12-14 03:23:32.808 2716 2716 I hpplay-java: [main]:Bridge:findServiceID end
12-14 03:23:32.808 2716 2716 E hpplay-java: [main]:ServerTaskManager:onError 204/-2002 com.hht.lebocast.LelinkHelper$e@22899d
12-14 03:23:32.808 2716 2716 I hpplay-java: [main]:ServerTaskManager:cancelTimeOutCheck
12-14 03:23:32.810 2716 2716 W hpplay-java: [main]:ServerTaskManager:onErrorDispatcher errorCode:-2002
12-14 03:23:32.810 2716 2716 I hpplay-java: [main]:ServerTaskManager:onError retry later
01-01 09:21:37.695 0 0 D : mv2112_read_status
01-01 09:21:37.695 0 0 D mv2112_update_link: 3.0x901(1G): 0x80
01-01 09:21:37.695 0 0 D mv2112_update_link: 3.0x8109(100M): 0x8
01-01 09:21:37.695 0 0 D mv2112_update_link: link 0x0
01-01 09:21:37.695 0 0 D mv2112_read_status: autoneg is disabled
12-14 03:23:33.477 640 655 I mpu_uart: [MSG-P:RECV]:No message received in 1000 ms
12-14 03:23:33.509 640 654 I mpu_uart: [MSG-P:R]:recv sync frame timeout
12-14 03:23:33.571 0 0 W swapper/2: type=1400 audit(0.0:305): avc: denied { kill } for capability=5 scontext=u:r:kernel:s0 tcontext=u:r:kernel:s0 tclass=capability permissive=0
12-14 03:23:33.958 2716 3888 W hpplay-java: [AsyncTask #15]:HttpRequest:
12-14 03:23:33.960 2087 3933 D NetworkMonitor/100: isDataStall: result=3, tcp packets received=0, latest tcp fail rate=100, consecutive dns timeout count=8
12-14 03:23:33.960 2087 3933 D NetworkMonitor/100: Suspecting data stall, reevaluate
12-14 03:23:33.961 2716 3900 W hpplay-java: [AsyncTask #20]:HttpRequest:
12-14 03:23:33.961 2716 3888 W hpplay-java: [AsyncTask #15]:HttpRequest:
12-14 03:23:33.963 2087 4236 D NetworkMonitor/100: Validation disabled.
12-14 03:23:33.963 1500 2037 D ConnectivityService: Data stall detected with methods: 3
12-14 03:23:33.963 2716 3900 W hpplay-java: [AsyncTask #20]:HttpRequest:
12-14 03:23:33.964 2716 3888 W hpplay-java: [AsyncTask #15]:HttpRequest:
12-14 03:23:33.964 2716 3900 W hpplay-java: [AsyncTask #20]:HttpRequest:
12-14 03:23:33.969 1500 1896 D ConnectivityService: [100 WIFI] validation passed
12-14 03:23:34.061 2339 4223 I OpenGLRenderer: Davey! duration=9223371954264ms; Flags=0, FrameTimelineVsyncId=2957, IntendedVsync=82590007630, Vsync=82590007630, InputEventId=0, HandleInputStart=82591395227, AnimationStart=82591400279, PerformTraversalsStart=82591403039, DrawStart=82617100331, FrameDeadline=82606674296, FrameInterval=82591382519, FrameStartTime=16666666, SyncQueued=82618417050, SyncStart=82618576321, IssueDrawCommandsStart=82619584810, SwapBuffers=82622547935, FrameCompleted=9223372036854775807, DequeueBufferDuration=59844, QueueBufferDuration=1070677, GpuCompleted=9223372036854775807, SwapBuffersCompleted=82624245383, DisplayPresentTime=64,
01-01 09:21:38.719 0 0 D : mv2112_read_status
01-01 09:21:38.719 0 0 D mv2112_update_link: 3.0x901(1G): 0x80
01-01 09:21:38.719 0 0 D mv2112_update_link: 3.0x8109(100M): 0x8
01-01 09:21:38.719 0 0 D mv2112_update_link: link 0x0
01-01 09:21:38.719 0 0 D mv2112_read_status: autoneg is disabled
12-14 03:23:34.477 640 655 I mpu_uart: [MSG-P:RECV]:No message received in 1000 ms
12-14 03:23:34.571 0 0 W swapper/2: type=1400 audit(0.0:306): avc: denied { kill } for capability=5 scontext=u:r:kernel:s0 tcontext=u:r:kernel:s0 tclass=capability permissive=0
12-14 03:23:35.062 826 3426 I WifiHAL : send gennl msg of len : 156 to apps
12-14 03:23:35.063 826 3426 I WifiHAL : send gennl msg of len : 156 to apps
01-01 09:21:39.601 0 0 I [schedu][0x62410ef6][03:23:35.061426] wlan: [3400:I:PE] RX: [802.11 BCN_RPT] seq:394 SSID:TP-LINK_Figure_6d0405 BSSID:6c:b1:58:0f:7d:3b Token:73 op_class:125 ch:157 meas_mode:1 meas_duration:50 max_dur: 1 sign: 0 max_meas_dur: 100
12-14 03:23:35.064 1283 3928 D LOWI-9.0.0.87.a: [LOWI-Scan] wait_event:Wait done with Cmd 59
12-14 03:23:35.064 1283 3928 D LOWI-9.0.0.87.a: [LOWI-Scan] parse_action_frame - wlanFrameStore.numFrames: 0
12-14 03:23:35.064 1283 3928 D LOWI-9.0.0.87.a: [LOWI-Scan] parse_action_frame: Frame received - frame length 77, Total Frames received: 1
12-14 03:23:35.064 1283 3928 D LOWI-9.0.0.87.a: [LOWI-Scan] do_listen_events: Rcvd valid netlink Cmd 59 Err 0 on monitor socket
12-14 03:23:35.064 1283 3928 D LOWI-9.0.0.87.a: [LOWI-Scan] do_listen_events - NL80211_CMD_FRAME received.Stop waiting on Netlink socket - cmd: 59
12-14 03:23:35.064 2339 4223 I OpenGLRenderer: Davey! duration=9223371953262ms; Flags=0, FrameTimelineVsyncId=2963, IntendedVsync=83592376630, Vsync=83592376630, InputEventId=0, HandleInputStart=83592887466, AnimationStart=83592892049, PerformTraversalsStart=83592895174, DrawStart=83619552258, FrameDeadline=83625709962, FrameInterval=83592875539, FrameStartTime=16666666, SyncQueued=83620912362, SyncStart=83621004810, IssueDrawCommandsStart=83621858143, SwapBuffers=83624667154, FrameCompleted=9223372036854775807, DequeueBufferDuration=51146, QueueBufferDuration=1130521, GpuCompleted=9223372036854775807, SwapBuffersCompleted=83626391216, DisplayPresentTime=64,
12-14 03:23:35.064 1283 3929 I LOWI-9.0.0.87.a: [LOWI-ROME-RTT] event_handler: invalid data
12-14 03:23:35.064 1283 3929 D LOWI-9.0.0.87.a: [LOWI-ROME-RTT] recv_cld80211_wifihal_msg:No message
12-14 03:23:35.064 1283 3929 D LOWI-9.0.0.87.a: [LOWI-ROME-RTT] recv_nl_msg:No message
12-14 03:23:35.064 1283 3929 D LOWI-9.0.0.87.a: [LOWI-HELIUM-RTT] RomeNLRecvMessage: The Received RomeMsgType: ROME_NL_ERROR_MSG
