01-01 09:20:23.648 0 0 E msm-dai-fe soc: qcom,msm-dai-fe: ASoC: Failed to add route AUXPCM_UL_HL -> direct -> AUXPCM_HOSTLESS Capture
01-01 09:20:23.651 0 0 E msm-auxpcm-dev soc: qcom,msm-pri-auxpcm: ASoC: no source widget found for AUX_PCM_RX
01-01 09:20:23.651 0 0 E msm-auxpcm-dev soc: qcom,msm-pri-auxpcm: ASoC: Failed to add route AUX_PCM_RX -> direct -> AUX PCM Playback
01-01 09:20:23.651 0 0 E msm-auxpcm-dev soc: qcom,msm-pri-auxpcm: ASoC: no sink widget found for AUX_PCM_TX
01-01 09:20:23.651 0 0 E msm-auxpcm-dev soc: qcom,msm-pri-auxpcm: ASoC: Failed to add route AUX PCM Capture -> direct -> AUX_PCM_TX
01-01 09:20:23.651 0 0 E msm-auxpcm-dev soc: qcom,msm-sec-auxpcm: ASoC: no source widget found for SEC_AUX_PCM_RX
01-01 09:20:23.651 0 0 E msm-auxpcm-dev soc: qcom,msm-sec-auxpcm: ASoC: Failed to add route SEC_AUX_PCM_RX -> direct -> Sec AUX PCM Playback
01-01 09:20:23.651 0 0 E msm-auxpcm-dev soc: qcom,msm-sec-auxpcm: ASoC: no sink widget found for SEC_AUX_PCM_TX
01-01 09:20:23.651 0 0 E msm-auxpcm-dev soc: qcom,msm-sec-auxpcm: ASoC: Failed to add route Sec AUX PCM Capture -> direct -> SEC_AUX_PCM_TX
01-01 09:20:23.651 0 0 E msm-auxpcm-dev soc: qcom,msm-tert-auxpcm: ASoC: no source widget found for TERT_AUX_PCM_RX
01-01 09:20:23.651 0 0 E msm-auxpcm-dev soc: qcom,msm-tert-auxpcm: ASoC: Failed to add route TERT_AUX_PCM_RX -> direct -> Tert AUX PCM Playback
01-01 09:20:23.651 0 0 E msm-auxpcm-dev soc: qcom,msm-tert-auxpcm: ASoC: no sink widget found for TERT_AUX_PCM_TX
01-01 09:20:23.651 0 0 E msm-auxpcm-dev soc: qcom,msm-tert-auxpcm: ASoC: Failed to add route Tert AUX PCM Capture -> direct -> TERT_AUX_PCM_TX
01-01 09:20:23.651 0 0 E msm-auxpcm-dev soc: qcom,msm-quat-auxpcm: ASoC: no source widget found for QUAT_AUX_PCM_RX
01-01 09:20:23.651 0 0 E msm-auxpcm-dev soc: qcom,msm-quat-auxpcm: ASoC: Failed to add route QUAT_AUX_PCM_RX -> direct -> Quat AUX PCM Playback
01-01 09:20:23.651 0 0 E msm-auxpcm-dev soc: qcom,msm-quat-auxpcm: ASoC: no sink widget found for QUAT_AUX_PCM_TX
01-01 09:20:23.651 0 0 E msm-auxpcm-dev soc: qcom,msm-quat-auxpcm: ASoC: Failed to add route Quat AUX PCM Capture -> direct -> QUAT_AUX_PCM_TX
01-01 09:20:23.651 0 0 E msm-auxpcm-dev soc: qcom,msm-quin-auxpcm: ASoC: no source widget found for QUIN_AUX_PCM_RX
01-01 09:20:23.651 0 0 E msm-auxpcm-dev soc: qcom,msm-quin-auxpcm: ASoC: Failed to add route QUIN_AUX_PCM_RX -> direct -> Quin AUX PCM Playback
01-01 09:20:23.652 0 0 E msm-auxpcm-dev soc: qcom,msm-quin-auxpcm: ASoC: no sink widget found for QUIN_AUX_PCM_TX
01-01 09:20:23.652 0 0 E msm-auxpcm-dev soc: qcom,msm-quin-auxpcm: ASoC: Failed to add route Quin AUX PCM Capture -> direct -> QUIN_AUX_PCM_TX
01-01 09:20:23.652 0 0 E msm-auxpcm-dev soc: qcom,msm-sen-auxpcm: ASoC: no source widget found for SEN_AUX_PCM_RX
01-01 09:20:23.652 0 0 E msm-auxpcm-dev soc: qcom,msm-sen-auxpcm: ASoC: Failed to add route SEN_AUX_PCM_RX -> direct -> Sen AUX PCM Playback
01-01 09:20:23.652 0 0 E msm-auxpcm-dev soc: qcom,msm-sen-auxpcm: ASoC: no sink widget found for SEN_AUX_PCM_TX
01-01 09:20:23.652 0 0 E msm-auxpcm-dev soc: qcom,msm-sen-auxpcm: ASoC: Failed to add route Sen AUX PCM Capture -> direct -> SEN_AUX_PCM_TX
01-01 09:20:23.652 0 0 W msm-dai-q6-hdmi soc: qcom,msm-dai-q6-dp: DAI driver id is not set
01-01 09:20:23.707 0 0 I binder : 1096:1096 ioctl 40046210 7fd45c6e54 returned -22
01-01 09:20:23.731 0 0 E bolero-codec soc: qcom,msm-audio-apr:qcom,q6core-audio:bolero-cdc: ASoC: unknown pin WSA AIF VI
01-01 09:20:23.733 0 0 E kona-asoc-snd soc: qcom,msm-audio-apr:qcom,q6core-audio:sound: ASoC: no source widget found for MIC BIAS1
01-01 09:20:23.733 0 0 E kona-asoc-snd soc: qcom,msm-audio-apr:qcom,q6core-audio:sound: ASoC: Failed to add route MIC BIAS1 -> direct -> AMIC1
01-01 09:20:23.733 0 0 E kona-asoc-snd soc: qcom,msm-audio-apr:qcom,q6core-audio:sound: ASoC: no sink widget found for MIC BIAS1
01-01 09:20:23.733 0 0 E kona-asoc-snd soc: qcom,msm-audio-apr:qcom,q6core-audio:sound: ASoC: Failed to add route Analog Mic1 -> direct -> MIC BIAS1
01-01 09:20:23.733 0 0 E kona-asoc-snd soc: qcom,msm-audio-apr:qcom,q6core-audio:sound: ASoC: no source widget found for MIC BIAS2
01-01 09:20:23.733 0 0 E kona-asoc-snd soc: qcom,msm-audio-apr:qcom,q6core-audio:sound: ASoC: Failed to add route MIC BIAS2 -> direct -> AMIC2
01-01 09:20:23.733 0 0 E kona-asoc-snd soc: qcom,msm-audio-apr:qcom,q6core-audio:sound: ASoC: no sink widget found for MIC BIAS2
01-01 09:20:23.733 0 0 E kona-asoc-snd soc: qcom,msm-audio-apr:qcom,q6core-audio:sound: ASoC: Failed to add route Analog Mic2 -> direct -> MIC BIAS2
01-01 09:20:23.733 0 0 E kona-asoc-snd soc: qcom,msm-audio-apr:qcom,q6core-audio:sound: ASoC: no source widget found for MIC BIAS3
01-01 09:20:23.733 0 0 E kona-asoc-snd soc: qcom,msm-audio-apr:qcom,q6core-audio:sound: ASoC: Failed to add route MIC BIAS3 -> direct -> AMIC3
01-01 09:20:23.733 0 0 E kona-asoc-snd soc: qcom,msm-audio-apr:qcom,q6core-audio:sound: ASoC: no sink widget found for MIC BIAS3
01-01 09:20:23.733 0 0 E kona-asoc-snd soc: qcom,msm-audio-apr:qcom,q6core-audio:sound: ASoC: Failed to add route Analog Mic3 -> direct -> MIC BIAS3
01-01 09:20:23.733 0 0 E kona-asoc-snd soc: qcom,msm-audio-apr:qcom,q6core-audio:sound: ASoC: no source widget found for MIC BIAS3
01-01 09:20:23.733 0 0 E kona-asoc-snd soc: qcom,msm-audio-apr:qcom,q6core-audio:sound: ASoC: Failed to add route MIC BIAS3 -> direct -> AMIC4
01-01 09:20:23.733 0 0 E kona-asoc-snd soc: qcom,msm-audio-apr:qcom,q6core-audio:sound: ASoC: no sink widget found for MIC BIAS3
01-01 09:20:23.733 0 0 E kona-asoc-snd soc: qcom,msm-audio-apr:qcom,q6core-audio:sound: ASoC: Failed to add route Analog Mic4 -> direct -> MIC BIAS3
01-01 09:20:23.733 0 0 E kona-asoc-snd soc: qcom,msm-audio-apr:qcom,q6core-audio:sound: ASoC: no source widget found for MIC BIAS4
01-01 09:20:23.733 0 0 E kona-asoc-snd soc: qcom,msm-audio-apr:qcom,q6core-audio:sound: ASoC: Failed to add route MIC BIAS4 -> direct -> AMIC5
01-01 09:20:23.733 0 0 E kona-asoc-snd soc: qcom,msm-audio-apr:qcom,q6core-audio:sound: ASoC: no sink widget found for MIC BIAS4
01-01 09:20:23.733 0 0 E kona-asoc-snd soc: qcom,msm-audio-apr:qcom,q6core-audio:sound: ASoC: Failed to add route Analog Mic5 -> direct -> MIC BIAS4
01-01 09:20:23.733 0 0 E kona-asoc-snd soc: qcom,msm-audio-apr:qcom,q6core-audio:sound: ASoC: no source widget found for MIC BIAS3
01-01 09:20:23.733 0 0 E kona-asoc-snd soc: qcom,msm-audio-apr:qcom,q6core-audio:sound: ASoC: Failed to add route MIC BIAS3 -> direct -> TX DMIC0
01-01 09:20:23.733 0 0 E kona-asoc-snd soc: qcom,msm-audio-apr:qcom,q6core-audio:sound: ASoC: no sink widget found for MIC BIAS3
01-01 09:20:23.733 0 0 E kona-asoc-snd soc: qcom,msm-audio-apr:qcom,q6core-audio:sound: ASoC: Failed to add route Digital Mic0 -> direct -> MIC BIAS3
01-01 09:20:23.733 0 0 E kona-asoc-snd soc: qcom,msm-audio-apr:qcom,q6core-audio:sound: ASoC: no source widget found for MIC BIAS3
01-01 09:20:23.733 0 0 E kona-asoc-snd soc: qcom,msm-audio-apr:qcom,q6core-audio:sound: ASoC: Failed to add route MIC BIAS3 -> direct -> TX DMIC1
01-01 09:20:23.733 0 0 E kona-asoc-snd soc: qcom,msm-audio-apr:qcom,q6core-audio:sound: ASoC: no sink widget found for MIC BIAS3
01-01 09:20:23.733 0 0 E kona-asoc-snd soc: qcom,msm-audio-apr:qcom,q6core-audio:sound: ASoC: Failed to add route Digital Mic1 -> direct -> MIC BIAS3
01-01 09:20:23.733 0 0 E kona-asoc-snd soc: qcom,msm-audio-apr:qcom,q6core-audio:sound: ASoC: no source widget found for MIC BIAS1
01-01 09:20:23.733 0 0 E kona-asoc-snd soc: qcom,msm-audio-apr:qcom,q6core-audio:sound: ASoC: Failed to add route MIC BIAS1 -> direct -> TX DMIC2
01-01 09:20:23.733 0 0 E kona-asoc-snd soc: qcom,msm-audio-apr:qcom,q6core-audio:sound: ASoC: no sink widget found for MIC BIAS1
01-01 09:20:23.733 0 0 E kona-asoc-snd soc: qcom,msm-audio-apr:qcom,q6core-audio:sound: ASoC: Failed to add route Digital Mic2 -> direct -> MIC BIAS1
01-01 09:20:23.734 0 0 E kona-asoc-snd soc: qcom,msm-audio-apr:qcom,q6core-audio:sound: ASoC: no source widget found for MIC BIAS1
01-01 09:20:23.734 0 0 E kona-asoc-snd soc: qcom,msm-audio-apr:qcom,q6core-audio:sound: ASoC: Failed to add route MIC BIAS1 -> direct -> TX DMIC3
01-01 09:20:23.734 0 0 E kona-asoc-snd soc: qcom,msm-audio-apr:qcom,q6core-audio:sound: ASoC: no sink widget found for MIC BIAS1
01-01 09:20:23.734 0 0 E kona-asoc-snd soc: qcom,msm-audio-apr:qcom,q6core-audio:sound: ASoC: Failed to add route Digital Mic3 -> direct -> MIC BIAS1
01-01 09:20:23.734 0 0 E kona-asoc-snd soc: qcom,msm-audio-apr:qcom,q6core-audio:sound: ASoC: no source widget found for MIC BIAS4
01-01 09:20:23.734 0 0 E kona-asoc-snd soc: qcom,msm-audio-apr:qcom,q6core-audio:sound: ASoC: Failed to add route MIC BIAS4 -> direct -> TX DMIC4
01-01 09:20:23.734 0 0 E kona-asoc-snd soc: qcom,msm-audio-apr:qcom,q6core-audio:sound: ASoC: no sink widget found for MIC BIAS4
01-01 09:20:23.734 0 0 E kona-asoc-snd soc: qcom,msm-audio-apr:qcom,q6core-audio:sound: ASoC: Failed to add route Digital Mic4 -> direct -> MIC BIAS4
01-01 09:20:23.734 0 0 E kona-asoc-snd soc: qcom,msm-audio-apr:qcom,q6core-audio:sound: ASoC: no source widget found for MIC BIAS4
01-01 09:20:23.734 0 0 E kona-asoc-snd soc: qcom,msm-audio-apr:qcom,q6core-audio:sound: ASoC: Failed to add route MIC BIAS4 -> direct -> TX DMIC5
01-01 09:20:23.734 0 0 E kona-asoc-snd soc: qcom,msm-audio-apr:qcom,q6core-audio:sound: ASoC: no sink widget found for MIC BIAS4
01-01 09:20:23.734 0 0 E kona-asoc-snd soc: qcom,msm-audio-apr:qcom,q6core-audio:sound: ASoC: Failed to add route Digital Mic5 -> direct -> MIC BIAS4
01-01 09:20:23.734 0 0 E kona-asoc-snd soc: qcom,msm-audio-apr:qcom,q6core-audio:sound: ASoC: no sink widget found for IN1_HPHL
01-01 09:20:23.734 0 0 E kona-asoc-snd soc: qcom,msm-audio-apr:qcom,q6core-audio:sound: ASoC: Failed to add route HPHL_OUT -> direct -> IN1_HPHL
01-01 09:20:23.734 0 0 E kona-asoc-snd soc: qcom,msm-audio-apr:qcom,q6core-audio:sound: ASoC: no sink widget found for IN2_HPHR
01-01 09:20:23.734 0 0 E kona-asoc-snd soc: qcom,msm-audio-apr:qcom,q6core-audio:sound: ASoC: Failed to add route HPHR_OUT -> direct -> IN2_HPHR
01-01 09:20:23.734 0 0 E kona-asoc-snd soc: qcom,msm-audio-apr:qcom,q6core-audio:sound: ASoC: no sink widget found for IN3_AUX
01-01 09:20:23.734 0 0 E kona-asoc-snd soc: qcom,msm-audio-apr:qcom,q6core-audio:sound: ASoC: Failed to add route AUX_OUT -> direct -> IN3_AUX
01-01 09:20:23.734 0 0 E kona-asoc-snd soc: qcom,msm-audio-apr:qcom,q6core-audio:sound: ASoC: no source widget found for ADC1_OUTPUT
01-01 09:20:23.734 0 0 E kona-asoc-snd soc: qcom,msm-audio-apr:qcom,q6core-audio:sound: ASoC: Failed to add route ADC1_OUTPUT -> direct -> TX SWR_ADC0
01-01 09:20:23.734 0 0 E kona-asoc-snd soc: qcom,msm-audio-apr:qcom,q6core-audio:sound: ASoC: no source widget found for ADC2_OUTPUT
01-01 09:20:23.734 0 0 E kona-asoc-snd soc: qcom,msm-audio-apr:qcom,q6core-audio:sound: ASoC: Failed to add route ADC2_OUTPUT -> direct -> TX SWR_ADC1
01-01 09:20:23.734 0 0 E kona-asoc-snd soc: qcom,msm-audio-apr:qcom,q6core-audio:sound: ASoC: no source widget found for ADC3_OUTPUT
01-01 09:20:23.734 0 0 E kona-asoc-snd soc: qcom,msm-audio-apr:qcom,q6core-audio:sound: ASoC: Failed to add route ADC3_OUTPUT -> direct -> TX SWR_ADC2
01-01 09:20:23.734 0 0 E kona-asoc-snd soc: qcom,msm-audio-apr:qcom,q6core-audio:sound: ASoC: no source widget found for ADC4_OUTPUT
01-01 09:20:23.734 0 0 E kona-asoc-snd soc: qcom,msm-audio-apr:qcom,q6core-audio:sound: ASoC: Failed to add route ADC4_OUTPUT -> direct -> TX SWR_ADC3
01-01 09:20:23.734 0 0 E kona-asoc-snd soc: qcom,msm-audio-apr:qcom,q6core-audio:sound: ASoC: no source widget found for DMIC1_OUTPUT
01-01 09:20:23.734 0 0 E kona-asoc-snd soc: qcom,msm-audio-apr:qcom,q6core-audio:sound: ASoC: Failed to add route DMIC1_OUTPUT -> direct -> TX SWR_DMIC0
01-01 09:20:23.734 0 0 E kona-asoc-snd soc: qcom,msm-audio-apr:qcom,q6core-audio:sound: ASoC: no source widget found for DMIC2_OUTPUT
01-01 09:20:23.734 0 0 E kona-asoc-snd soc: qcom,msm-audio-apr:qcom,q6core-audio:sound: ASoC: Failed to add route DMIC2_OUTPUT -> direct -> TX SWR_DMIC1
01-01 09:20:23.734 0 0 E kona-asoc-snd soc: qcom,msm-audio-apr:qcom,q6core-audio:sound: ASoC: no source widget found for DMIC3_OUTPUT
01-01 09:20:23.734 0 0 E kona-asoc-snd soc: qcom,msm-audio-apr:qcom,q6core-audio:sound: ASoC: Failed to add route DMIC3_OUTPUT -> direct -> TX SWR_DMIC2
01-01 09:20:23.734 0 0 E kona-asoc-snd soc: qcom,msm-audio-apr:qcom,q6core-audio:sound: ASoC: no source widget found for DMIC4_OUTPUT
01-01 09:20:23.734 0 0 E kona-asoc-snd soc: qcom,msm-audio-apr:qcom,q6core-audio:sound: ASoC: Failed to add route DMIC4_OUTPUT -> direct -> TX SWR_DMIC3
01-01 09:20:23.734 0 0 E kona-asoc-snd soc: qcom,msm-audio-apr:qcom,q6core-audio:sound: ASoC: no source widget found for DMIC5_OUTPUT
01-01 09:20:23.734 0 0 E kona-asoc-snd soc: qcom,msm-audio-apr:qcom,q6core-audio:sound: ASoC: Failed to add route DMIC5_OUTPUT -> direct -> TX SWR_DMIC4
01-01 09:20:23.734 0 0 E kona-asoc-snd soc: qcom,msm-audio-apr:qcom,q6core-audio:sound: ASoC: no source widget found for DMIC6_OUTPUT
01-01 09:20:23.734 0 0 E kona-asoc-snd soc: qcom,msm-audio-apr:qcom,q6core-audio:sound: ASoC: Failed to add route DMIC6_OUTPUT -> direct -> TX SWR_DMIC5
01-01 09:20:23.734 0 0 E kona-asoc-snd soc: qcom,msm-audio-apr:qcom,q6core-audio:sound: ASoC: no source widget found for DMIC7_OUTPUT
01-01 09:20:23.734 0 0 E kona-asoc-snd soc: qcom,msm-audio-apr:qcom,q6core-audio:sound: ASoC: Failed to add route DMIC7_OUTPUT -> direct -> TX SWR_DMIC6
01-01 09:20:23.734 0 0 E kona-asoc-snd soc: qcom,msm-audio-apr:qcom,q6core-audio:sound: ASoC: no source widget found for DMIC8_OUTPUT
01-01 09:20:23.734 0 0 E kona-asoc-snd soc: qcom,msm-audio-apr:qcom,q6core-audio:sound: ASoC: Failed to add route DMIC8_OUTPUT -> direct -> TX SWR_DMIC7
01-01 09:20:23.734 0 0 E kona-asoc-snd soc: qcom,msm-audio-apr:qcom,q6core-audio:sound: ASoC: no sink widget found for SpkrLeft IN
01-01 09:20:23.734 0 0 E kona-asoc-snd soc: qcom,msm-audio-apr:qcom,q6core-audio:sound: ASoC: Failed to add route WSA_SPK1 OUT -> direct -> SpkrLeft IN
01-01 09:20:23.734 0 0 E kona-asoc-snd soc: qcom,msm-audio-apr:qcom,q6core-audio:sound: ASoC: no sink widget found for SpkrRight IN
01-01 09:20:23.734 0 0 E kona-asoc-snd soc: qcom,msm-audio-apr:qcom,q6core-audio:sound: ASoC: Failed to add route WSA_SPK2 OUT -> direct -> SpkrRight IN
01-01 09:20:23.734 0 0 E kona-asoc-snd soc: qcom,msm-audio-apr:qcom,q6core-audio:sound: ASoC: no sink widget found for VA MIC BIAS3
01-01 09:20:23.734 0 0 E kona-asoc-snd soc: qcom,msm-audio-apr:qcom,q6core-audio:sound: ASoC: Failed to add route Digital Mic0 -> direct -> VA MIC BIAS3
01-01 09:20:23.734 0 0 E kona-asoc-snd soc: qcom,msm-audio-apr:qcom,q6core-audio:sound: ASoC: no sink widget found for VA MIC BIAS3
01-01 09:20:23.734 0 0 E kona-asoc-snd soc: qcom,msm-audio-apr:qcom,q6core-audio:sound: ASoC: Failed to add route Digital Mic1 -> direct -> VA MIC BIAS3
01-01 09:20:23.734 0 0 E kona-asoc-snd soc: qcom,msm-audio-apr:qcom,q6core-audio:sound: ASoC: no sink widget found for VA MIC BIAS4
01-01 09:20:23.734 0 0 E kona-asoc-snd soc: qcom,msm-audio-apr:qcom,q6core-audio:sound: ASoC: Failed to add route Digital Mic4 -> direct -> VA MIC BIAS4
01-01 09:20:23.734 0 0 E kona-asoc-snd soc: qcom,msm-audio-apr:qcom,q6core-audio:sound: ASoC: no sink widget found for VA MIC BIAS4
01-01 09:20:23.734 0 0 E kona-asoc-snd soc: qcom,msm-audio-apr:qcom,q6core-audio:sound: ASoC: Failed to add route Digital Mic5 -> direct -> VA MIC BIAS4
01-01 09:20:23.734 0 0 E kona-asoc-snd soc: qcom,msm-audio-apr:qcom,q6core-audio:sound: ASoC: no source widget found for VA MIC BIAS3
01-01 09:20:23.734 0 0 E kona-asoc-snd soc: qcom,msm-audio-apr:qcom,q6core-audio:sound: ASoC: Failed to add route VA MIC BIAS3 -> direct -> VA DMIC0
01-01 09:20:23.734 0 0 E kona-asoc-snd soc: qcom,msm-audio-apr:qcom,q6core-audio:sound: ASoC: no source widget found for VA MIC BIAS3
01-01 09:20:23.734 0 0 E kona-asoc-snd soc: qcom,msm-audio-apr:qcom,q6core-audio:sound: ASoC: Failed to add route VA MIC BIAS3 -> direct -> VA DMIC1
01-01 09:20:23.734 0 0 E kona-asoc-snd soc: qcom,msm-audio-apr:qcom,q6core-audio:sound: ASoC: no source widget found for VA MIC BIAS4
01-01 09:20:23.734 0 0 E kona-asoc-snd soc: qcom,msm-audio-apr:qcom,q6core-audio:sound: ASoC: Failed to add route VA MIC BIAS4 -> direct -> VA DMIC4
01-01 09:20:23.734 0 0 E kona-asoc-snd soc: qcom,msm-audio-apr:qcom,q6core-audio:sound: ASoC: no source widget found for VA MIC BIAS4
01-01 09:20:23.734 0 0 E kona-asoc-snd soc: qcom,msm-audio-apr:qcom,q6core-audio:sound: ASoC: Failed to add route VA MIC BIAS4 -> direct -> VA DMIC5
01-01 09:20:23.734 0 0 E kona-asoc-snd soc: qcom,msm-audio-apr:qcom,q6core-audio:sound: ASoC: no source widget found for ADC1_OUTPUT
01-01 09:20:23.734 0 0 E kona-asoc-snd soc: qcom,msm-audio-apr:qcom,q6core-audio:sound: ASoC: Failed to add route ADC1_OUTPUT -> direct -> VA SWR_ADC0
01-01 09:20:23.734 0 0 E kona-asoc-snd soc: qcom,msm-audio-apr:qcom,q6core-audio:sound: ASoC: no source widget found for ADC2_OUTPUT
01-01 09:20:23.734 0 0 E kona-asoc-snd soc: qcom,msm-audio-apr:qcom,q6core-audio:sound: ASoC: Failed to add route ADC2_OUTPUT -> direct -> VA SWR_ADC1
01-01 09:20:23.734 0 0 E kona-asoc-snd soc: qcom,msm-audio-apr:qcom,q6core-audio:sound: ASoC: no source widget found for ADC3_OUTPUT
01-01 09:20:23.734 0 0 E kona-asoc-snd soc: qcom,msm-audio-apr:qcom,q6core-audio:sound: ASoC: Failed to add route ADC3_OUTPUT -> direct -> VA SWR_ADC2
01-01 09:20:23.734 0 0 E kona-asoc-snd soc: qcom,msm-audio-apr:qcom,q6core-audio:sound: ASoC: no source widget found for ADC4_OUTPUT
01-01 09:20:23.734 0 0 E kona-asoc-snd soc: qcom,msm-audio-apr:qcom,q6core-audio:sound: ASoC: Failed to add route ADC4_OUTPUT -> direct -> VA SWR_ADC3
01-01 09:20:23.734 0 0 E kona-asoc-snd soc: qcom,msm-audio-apr:qcom,q6core-audio:sound: ASoC: no source widget found for DMIC1_OUTPUT
01-01 09:20:23.734 0 0 E kona-asoc-snd soc: qcom,msm-audio-apr:qcom,q6core-audio:sound: ASoC: Failed to add route DMIC1_OUTPUT -> direct -> VA SWR_MIC0
01-01 09:20:23.734 0 0 E kona-asoc-snd soc: qcom,msm-audio-apr:qcom,q6core-audio:sound: ASoC: no source widget found for DMIC2_OUTPUT
01-01 09:20:23.734 0 0 E kona-asoc-snd soc: qcom,msm-audio-apr:qcom,q6core-audio:sound: ASoC: Failed to add route DMIC2_OUTPUT -> direct -> VA SWR_MIC1
01-01 09:20:23.734 0 0 E kona-asoc-snd soc: qcom,msm-audio-apr:qcom,q6core-audio:sound: ASoC: no source widget found for DMIC3_OUTPUT
01-01 09:20:23.734 0 0 E kona-asoc-snd soc: qcom,msm-audio-apr:qcom,q6core-audio:sound: ASoC: Failed to add route DMIC3_OUTPUT -> direct -> VA SWR_MIC2
01-01 09:20:23.734 0 0 E kona-asoc-snd soc: qcom,msm-audio-apr:qcom,q6core-audio:sound: ASoC: no source widget found for DMIC4_OUTPUT
01-01 09:20:23.734 0 0 E kona-asoc-snd soc: qcom,msm-audio-apr:qcom,q6core-audio:sound: ASoC: Failed to add route DMIC4_OUTPUT -> direct -> VA SWR_MIC3
01-01 09:20:23.734 0 0 E kona-asoc-snd soc: qcom,msm-audio-apr:qcom,q6core-audio:sound: ASoC: no source widget found for DMIC5_OUTPUT
01-01 09:20:23.734 0 0 E kona-asoc-snd soc: qcom,msm-audio-apr:qcom,q6core-audio:sound: ASoC: Failed to add route DMIC5_OUTPUT -> direct -> VA SWR_MIC4
01-01 09:20:23.734 0 0 E kona-asoc-snd soc: qcom,msm-audio-apr:qcom,q6core-audio:sound: ASoC: no source widget found for DMIC6_OUTPUT
01-01 09:20:23.734 0 0 E kona-asoc-snd soc: qcom,msm-audio-apr:qcom,q6core-audio:sound: ASoC: Failed to add route DMIC6_OUTPUT -> direct -> VA SWR_MIC5
01-01 09:20:23.734 0 0 E kona-asoc-snd soc: qcom,msm-audio-apr:qcom,q6core-audio:sound: ASoC: no source widget found for DMIC7_OUTPUT
01-01 09:20:23.734 0 0 E kona-asoc-snd soc: qcom,msm-audio-apr:qcom,q6core-audio:sound: ASoC: Failed to add route DMIC7_OUTPUT -> direct -> VA SWR_MIC6
01-01 09:20:23.734 0 0 E kona-asoc-snd soc: qcom,msm-audio-apr:qcom,q6core-audio:sound: ASoC: no source widget found for DMIC8_OUTPUT
01-01 09:20:23.734 0 0 E kona-asoc-snd soc: qcom,msm-audio-apr:qcom,q6core-audio:sound: ASoC: Failed to add route DMIC8_OUTPUT -> direct -> VA SWR_MIC7
01-01 09:20:23.749 0 0 I kona-asoc-snd soc: qcom,msm-audio-apr:qcom,q6core-audio:sound: msm_asoc_machine_probe: Sound card kona-mtp-snd-card registered
01-01 09:20:23.749 0 0 E register_client_adhoc: find path.src 1 dest 589
01-01 09:20:23.749 0 0 E register_client_adhoc: Failed to find path.src 1 dest 589
01-01 09:20:23.780 0 0 E : [drm:dp_display_init_aux_switch][msm-dp-err][70 ]failed to register notifier (-22)
01-01 09:20:23.798 0 0 E swr-wcd rx_swr_ctrl: swrm_get_logical_dev_num: device 0xd01170224 is not ready
01-01 09:20:23.798 0 0 E swr_get_logical_dev_num: Error -22 to get logical addr for device d01170224
01-01 09:20:23.798 0 0 E swr-wcd rx_swr_ctrl: swrm_get_logical_dev_num: device 0xd01170224 is not ready
01-01 09:20:23.798 0 0 E swr_get_logical_dev_num: Error -22 to get logical addr for device d01170224
01-01 09:20:23.798 0 0 E swr-wcd rx_swr_ctrl: swrm_get_logical_dev_num: device 0xd01170224 is not ready
01-01 09:20:23.798 0 0 E swr_get_logical_dev_num: Error -22 to get logical addr for device d01170224
01-01 09:20:23.798 0 0 E swr-wcd rx_swr_ctrl: swrm_get_logical_dev_num: device 0xd01170224 is not ready
01-01 09:20:23.798 0 0 E swr_get_logical_dev_num: Error -22 to get logical addr for device d01170224
01-01 09:20:23.798 0 0 E swr-wcd rx_swr_ctrl: swrm_get_logical_dev_num: device 0xd01170224 is not ready
01-01 09:20:23.798 0 0 E swr_get_logical_dev_num: Error -22 to get logical addr for device d01170224
01-01 09:20:23.798 0 0 E wcd938x_codec wcd938x-codec: wcd938x_bind: Slave bind failed, ret = -517
01-01 09:20:23.836 0 0 W subsys-pil-tz soc: qcom,kgsl-hyp: Falling back to syfs fallback for: a650_zap.mdt
01-01 09:20:24.203 1136 1136 I gsid : no DSU: No such file or directory
01-01 09:20:23.875 0 0 I subsys-pil-tz soc: qcom,kgsl-hyp: a650_zap: loading from 0x00000000fcd00000 to 0x00000000fcd01000
01-01 09:20:23.877 0 0 W subsys-pil-tz soc: qcom,kgsl-hyp: Falling back to syfs fallback for: a650_zap.b02
01-01 09:20:23.882 0 0 I subsys-pil-tz soc: qcom,kgsl-hyp: a650_zap: Brought out of reset
01-01 09:20:23.894 0 0 I binder : 1096:1118 ioctl 40046210 719d959144 returned -22
01-01 09:20:23.985 0 0 I : read descriptors
01-01 09:20:23.985 0 0 I : read strings
01-01 09:20:24.006 0 0 I binder : 1159:1159 ioctl 40046210 ffb5e648 returned -22
01-01 09:20:24.330 1161 1161 I iorapd : iorapd (the prefetchening) firing up
01-01 09:20:24.347 1161 1161 I iorapd : Opened existing database at '/data/misc/iorapd/sqlite.db'
01-01 09:20:24.348 1161 1161 W iorapd : Reconnect to package manager service: 1 times
01-01 09:20:24.017 0 0 I binder : 1161:1161 ioctl 40046210 7fee42d204 returned -22
01-01 09:20:24.033 0 0 I binder : 1185:1185 ioctl 40046210 7ff791ce74 returned -22
01-01 09:20:24.036 0 0 W QSEECOM : qseecom_load_app: App (featenabler) does'nt exist, loading apps for first time
01-01 09:20:24.044 0 0 I binder : 1184:1184 ioctl 40046210 7fca7fbfc4 returned -22
01-01 09:20:24.047 0 0 I binder : 1183:1183 ioctl 40046210 7fea4ce524 returned -22
01-01 09:20:24.389 1186 1186 I installd: installd firing up
01-01 09:20:24.066 0 0 W QSEECOM : qseecom_load_app: App with id 5 (featenabler) now loaded
01-01 09:20:24.067 0 0 I binder : 1186:1186 ioctl 40046210 7feb6bb294 returned -22
01-01 09:20:24.092 0 0 I binder : 1195:1195 ioctl 40046210 7fe7fd5244 returned -22
01-01 09:20:24.106 0 0 E wlan : Loading driver v5.2.022.10G; 2022-12-14T05:10:59Z; cld:; cmn:;
01-01 09:20:24.111 0 0 E ipa3_uc_reg_rdyCB: 2973 bad parm. inout=0000000000000000
01-01 09:20:24.112 0 0 I : wlan_hdd_state wlan major(476) initialized
01-01 09:20:24.112 0 0 D cnss : Start to wait for calibration to complete
01-01 09:20:24.145 0 0 W healthd : No battery devices found
01-01 09:20:24.482 0 0 W healthd : battery none chg=
01-01 09:20:24.484 0 0 I cnss-daemon: interop issues ap: read_iot_ap_file: No such file /data/vendor/wifi/iotap_ps.bin
01-01 09:20:24.492 1234 1234 I imsrcsd : Uce Service HAL is starting up...
01-01 09:20:24.496 1234 1234 I imsrcsd : Uce Service HAL loading imsrcsbaseimpl
01-01 09:20:24.501 1206 1206 I wificond: wificond is starting up...
01-01 09:20:24.484 0 0 I cnss-daemon: interop issues ap: read_iot_ap_ps_from_file, read file error
01-01 09:20:24.497 0 0 I cnss-daemon: NL group_id 10, cnss_nl.family_id 28
01-01 09:20:24.497 0 0 I cnss-daemon: wlfw_start: Starting
01-01 09:20:24.500 0 0 I cnss-daemon: ro.baseband : [apq]
01-01 09:20:24.500 0 0 I cnss-daemon: Hardware supports external modem
01-01 09:20:24.503 0 0 I binder : 1206:1206 ioctl 40046210 7fc23c4da4 returned -22
01-01 09:20:24.511 0 0 I binder : 1208:1208 ioctl 40046210 7fececb2a4 returned -22
01-01 09:20:24.517 0 0 I binder : 1206:1206 ioctl 40046210 7fc23c4d24 returned -22
01-01 09:20:24.522 1206 1206 I HidlServiceManagement: Registered android.system.wifi.keystore@1.0::IKeystore/default
01-01 09:20:24.529 0 0 I binder : 1205:1205 ioctl 40046210 7fc81335b4 returned -22
01-01 09:20:24.529 0 0 I lan743x 0001: 01:00.0 eth0: using MSIX interrupts, number of vectors = 6
01-01 09:20:24.530 0 0 I cnss-daemon: no interop issues ap currently
01-01 09:20:24.530 0 0 I cnss-daemon: wlfw_service_request: Start the pthread: 0x0K
01-01 09:20:24.530 0 0 I cnss-daemon: pm_release_vote: pm_handle is NULL
01-01 09:20:24.530 0 0 I cnss-daemon: pm_release_vote: pm_handle is NULL
01-01 09:20:24.531 0 0 I binder : 1190:1190 ioctl 40046210 7ffab4d414 returned -22
01-01 09:20:24.547 0 0 D cnss : Received QMI WLFW request memory indication
01-01 09:20:24.547 0 0 D cnss : FW requests for memory, size: 0x5e0000, type: 1
01-01 09:20:24.547 0 0 D cnss : FW requests for memory, size: 0xd8000, type: 4
01-01 09:20:24.547 0 0 D cnss : Posting event: REQUEST_MEM(2), state: 0x9 flags: 0x0
01-01 09:20:24.547 0 0 I mv2112_config_aneg: autoneg 1
01-01 09:20:24.547 0 0 I : mv2112_restart_aneg
01-01 09:20:24.547 0 0 D cnss : PM stay awake, state: 0x9, count: 1
01-01 09:20:24.547 0 0 D cnss : PM relax, state: 0x9, count: 0
01-01 09:20:24.547 0 0 D cnss : PM stay awake, state: 0x9, count: 1
01-01 09:20:24.547 0 0 D cnss : Processing driver event: REQUEST_MEM(2), state: 0x9
01-01 09:20:24.547 0 0 D : mv2112_read_status
01-01 09:20:24.548 0 0 D mv2112_update_link: 3.0x901(1G): 0x80
01-01 09:20:24.548 0 0 D mv2112_update_link: 3.0x8109(100M): 0x0
01-01 09:20:24.548 0 0 D mv2112_update_link: link 0x0
01-01 09:20:24.549 0 0 I lan743x 0001: 01:00.0 eth0: successfully registered ptp clock
01-01 09:20:24.554 0 0 D cnss : Sending respond memory message, state: 0x9
01-01 09:20:24.554 0 0 D cnss : Memory for FW, va: 0x0000000000000000, pa: 0x00000000a1000000, size: 0x5e0000, type: 1
01-01 09:20:24.554 0 0 D cnss : Memory for FW, va: 0x0000000000000000, pa: 0x00000000a1600000, size: 0xd8000, type: 4
01-01 09:20:24.555 0 0 I IPv6 : ADDRCONF(NETDEV_UP): eth0: link is not ready
01-01 09:20:24.560 0 0 D cnss : PM relax, state: 0x9, count: 0
01-01 09:20:24.562 0 0 D cnss : Received QMI WLFW FW memory ready indication
01-01 09:20:24.562 0 0 D cnss : Posting event: FW_MEM_READY(3), state: 0x9 flags: 0x0
01-01 09:20:24.562 0 0 D cnss : PM stay awake, state: 0x9, count: 1
01-01 09:20:24.562 0 0 D cnss : PM stay awake, state: 0x9, count: 1
01-01 09:20:24.562 0 0 D cnss : Processing driver event: FW_MEM_READY(3), state: 0x9
01-01 09:20:24.562 0 0 D cnss : Sending target capability message, state: 0xb
01-01 09:20:24.562 0 0 D cnss : PM relax, state: 0x9, count: 0
01-01 09:20:24.563 0 0 I binder : 1205:1205 ioctl 40046210 7fc81334e4 returned -22
01-01 09:20:24.568 0 0 I binder : 1247:1247 ioctl 40046210 7fcaf686f4 returned -22
01-01 09:20:24.571 0 0 I binder : 1198:1198 ioctl 40046210 ffdf4a68 returned -22
01-01 09:20:24.573 0 0 D cnss : Voltage for CPR: 948mV
01-01 09:20:24.573 0 0 D cnss : Got voltage 800mV from i: 0, j: 0
01-01 09:20:24.573 0 0 D cnss : Got voltage 1012mV from i: 4, j: 1
01-01 09:20:24.573 0 0 D cnss : Update TCS CMD data address 0x000000000b2e5844 with voltage 950mV
01-01 09:20:24.573 0 0 D cnss : Device frequency is 24000000 HZ
01-01 09:20:24.573 0 0 D cnss : Target capability: chip_id: 0x0, chip_family: 0xb, board_id: 0xff, soc_id: 0xffffffff, fw_version: 0x101a0521, fw_build_timestamp: 2021-12-20 07:54, fw_build_id: QC_IMAGE_VERSION_STRING=WLAN.HST.1.0.1.r1-01313-QCAHSTSWPL_SILICONZ-1, otp_version: 0x0
01-01 09:20:24.573 0 0 D cnss : Sending BDF download message, state: 0xb, type: 4
01-01 09:20:24.573 0 0 D cnss : FW name added with prefix: qca6390/regdb.bin
01-01 09:20:24.573 0 0 W cnss2 b0000000.qcom,cnss-qca6390: Falling back to syfs fallback for: qca6390/regdb.bin
01-01 09:20:24.577 0 0 I binder : 1198:1198 ioctl 40046210 ffdf4a50 returned -22
01-01 09:20:24.578 0 0 E cnss : Failed to load BDF: qca6390/regdb.bin
01-01 09:20:24.578 0 0 D cnss : Sending BDF download message, state: 0xb, type: 1
01-01 09:20:24.578 0 0 D cnss : FW name added with prefix: qca6390/bdwlan.elf
01-01 09:20:24.578 0 0 W cnss2 b0000000.qcom,cnss-qca6390: Falling back to syfs fallback for: qca6390/bdwlan.elf
01-01 09:20:24.563 1205 1205 W storaged: health: invalid battery status
01-01 09:20:24.571 1289 1289 I TLOC : [main ]"TLOC DAEMON main thread"
01-01 09:20:24.586 1289 1289 D TLOC : [TLOCDaemon ]"---------- TLOC Daemon Starts ----------"
01-01 09:20:24.592 0 0 I binder : 1268:1268 ioctl 40046210 7fc917ff84 returned -22
01-01 09:20:24.602 0 0 I binder : 1256:1256 ioctl 40046210 7fe59ddc24 returned -22
01-01 09:20:24.602 0 0 D cnss : Downloading BDF: qca6390/bdwlan.elf, size: 57908
01-01 09:20:24.607 0 0 I binder : 1256:1256 ioctl 40046210 7fe59dda54 returned -22
01-01 09:20:24.599 1289 1289 D TLOC : [TLOCChannel]"The channel was initialized successfully for TLOCD"
01-01 09:20:24.599 1289 1289 D TLOC : [TLOCChannel]"The channel was initialized successfully for TLOCL"
01-01 09:20:24.603 1289 1289 D TLOC : [TLOCChannel]"The channel was initialized successfully for MODEM"
01-01 09:20:24.603 1289 1289 D TLOC : [TLOCChannel]"TLOCChannel was initialized successfully"
01-01 09:20:24.603 1289 1289 D TLOC : [TLOCChannel] "TLOCChannel is already initialized"
01-01 09:20:24.613 0 0 I android_work: did not send uevent (0 0 0000000000000000)
01-01 09:20:24.623 1234 1234 I imsrcsd : Starting Service for First Time imsbaseimpl
01-01 09:20:24.631 1234 1234 I imsrcsd : Interface com.qualcomm.qti.uceservice@2.3::IUceService com.qualcomm.qti.uceservice is found in manifest
01-01 09:20:24.634 1234 1234 I HidlServiceManagement: Registered com.qualcomm.qti.uceservice@2.3::IUceService/com.qualcomm.qti.uceservice (start delay of 216ms)
01-01 09:20:24.642 1234 1234 I imsrcsd : Interface com.qualcomm.qti.imscmservice@2.2::IImsCmService qti.ims.connectionmanagerservice is found in manifest
01-01 09:20:24.634 0 0 D cnss : FW name added with prefix: qca6390/m3.bin
01-01 09:20:24.634 0 0 W cnss_pci 0000: 01:00.0: Falling back to syfs fallback for: qca6390/m3.bin
01-01 09:20:24.646 1234 1234 I HidlServiceManagement: Registered com.qualcomm.qti.imscmservice@2.2::IImsCmService/qti.ims.connectionmanagerservice (start delay of 229ms)
01-01 09:20:24.648 1234 1234 I imsrcsd : Interface vendor.qti.ims.factory@1.1::IImsFactory default is not found in manifest
01-01 09:20:24.651 1234 1234 I imsrcsd : Interface vendor.qti.ims.factory@1.0::IImsFactory default is found in manifest
01-01 09:20:24.654 0 0 D cnss : Sending M3 information message, state: 0xb
01-01 09:20:24.654 0 0 D cnss : M3 memory, va: 0x0000000000000000, pa: 0x00000000a1800000, size: 0x411bc
01-01 09:20:24.655 1234 1234 I HidlServiceManagement: Registered vendor.qti.ims.factory@1.0::IImsFactory/default (start delay of 238ms)
01-01 09:20:24.659 0 0 D cnss : PM relax, state: 0xb, count: 0
01-01 09:20:24.659 0 0 D cnss : Received QMI WLFW FW initialization done indication
01-01 09:20:24.659 0 0 D cnss : Posting event: FW_READY(4), state: 0xb flags: 0x0
01-01 09:20:24.659 0 0 D cnss : PM stay awake, state: 0xb, count: 1
01-01 09:20:24.659 0 0 D cnss : PM relax, state: 0xb, count: 0
01-01 09:20:24.659 0 0 D cnss : PM stay awake, state: 0xb, count: 1
01-01 09:20:24.659 0 0 D cnss : Processing driver event: FW_READY(4), state: 0xb
01-01 09:20:24.659 0 0 D cnss : PCIE Gen speed not setup
01-01 09:20:24.659 0 0 D cnss : Sending antenna switch sync request, state: 0xf
01-01 09:20:24.661 0 0 E cnss : Antenna switch request failed, result: 1, err: 94
01-01 09:20:24.661 0 0 D cnss : Sending mode message, mode: CALIBRATION(7), state: 0xf
01-01 09:20:24.671 1234 1234 I imsrcsd : Interface vendor.qti.ims.callinfo@1.0::IService default is found in manifest
01-01 09:20:24.678 0 0 D qbt : qbt_open: entry minor_no=0 fd_available=1
01-01 09:20:24.678 0 0 D qbt : qbt_open: exit : 0 fd_available=0
01-01 09:20:24.678 0 0 D qbt : qbt_open: entry minor_no=1 fd_available=0
01-01 09:20:24.678 0 0 D qbt : qbt_open: exit : 0 fd_available=0
01-01 09:20:24.678 0 0 D qbt : qbt_ioctl: cmd received 102
01-01 09:20:24.678 0 0 D qbt : qbt_ioctl: qbt_ioctl: QBT_ENABLE_IPC
01-01 09:20:24.685 0 0 D qbt : qbt_ioctl: cmd received 107
01-01 09:20:24.685 0 0 D qbt : qbt_ioctl: Acquiring wakelock
01-01 09:20:24.673 1234 1234 I HidlServiceManagement: Registered vendor.qti.ims.callinfo@1.0::IService/default (start delay of 256ms)
01-01 09:20:24.673 1234 1234 I imsrcsd : ImsRcsBaseImpl ImsCallInfo After Registering Service
01-01 09:20:24.690 0 0 I binder : 1261:1261 ioctl 40046210 7fd1eb2144 returned -22
01-01 09:20:24.692 0 0 I binder : 1261:1261 ioctl 40046210 7fd1eb1d44 returned -22
01-01 09:20:24.713 0 0 I capability: warning: `msm_irqbalance' uses 32-bit capabilities (legacy support in use)
01-01 09:20:24.726 0 0 E msm-dwc3 a600000.ssusb: Could not get usb psy
01-01 09:20:24.735 0 0 W QSEECOM : qseecom_load_app: App (fingerpr) does'nt exist, loading apps for first time
01-01 09:20:24.791 0 0 I binder : 1180:1180 ioctl 40046210 7fcdef7c14 returned -22
01-01 09:20:24.792 0 0 I binder : 1180:1180 ioctl 40046210 7fcdef7c34 returned -22
01-01 09:20:24.819 0 0 E swr-wcd wsa_swr_ctrl: swrm_runtime_suspend: clk stop mode not supported or SSR entry
01-01 09:20:24.820 0 0 E msm-dwc3 a600000.ssusb: Could not get usb psy
01-01 09:20:24.827 0 0 D cnss : Received QMI WLFW pin connect result indication
01-01 09:20:24.827 0 0 D cnss : Pin connect Result: pwr_pin: 0x1 phy_io_pin: 0x0 rf_io_pin: 0x0
01-01 09:20:24.827 0 0 D cnss : Removing vote for Regulator vdd-wlan-rfa2
01-01 09:20:24.827 0 0 D cnss : Removing vote for Regulator vdd-wlan-rfa1
01-01 09:20:24.827 0 0 D cnss : Removing vote for Regulator vdd-wlan-dig
01-01 09:20:24.827 0 0 D cnss : Removing vote for Regulator vdd-wlan-aon
01-01 09:20:24.827 0 0 D cnss : Removing vote for Regulator vdd-wlan-io
01-01 09:20:24.827 0 0 D cnss : PM relax, state: 0xf, count: 0
01-01 09:20:24.842 0 0 I IPv6 : ADDRCONF(NETDEV_UP): vlan0: link is not ready
01-01 09:20:24.855 0 0 W QSEECOM : qseecom_load_app: App with id 6 (fingerpr) now loaded
01-01 09:20:24.912 0 0 I android_work: sent uevent USB_STATE=CONNECTED
01-01 09:20:24.928 0 0 E msm-dwc3 a600000.ssusb: Could not get usb psy
01-01 09:20:25.003 0 0 W : ------------[ cut here ]------------
01-01 09:20:25.003 0 0 W : Unbalanced enable for IRQ 395
01-01 09:20:25.003 0 0 W : WARNING: CPU: 7 PID: 70 at kernel/irq/manage.c:621 enable_irq+0x90/0xe8
01-01 09:20:25.003 0 0 W : Modules linked in: wlan(O+) tsnv(O) machine_dlkm(O) wcd938x_slave_dlkm(O) wcd938x_dlkm(O) wcd9xxx_dlkm(O) mbhc_dlkm(O) tx_macro_dlkm(O) rx_macro_dlkm(O) va_macro_dlkm(O) wsa_macro_dlkm(O) swr_ctrl_dlkm(O) bolero_cdc_dlkm(O) wsa881x_dlkm(O) wcd_core_dlkm(O) stub_dlkm(O) hdmi_dlkm(O) swr_dlkm(O) pinctrl_lpi_dlkm(O) pinctrl_wcd_dlkm(O) usf_dlkm(O) native_dlkm(O) platform_dlkm(O) q6_dlkm(O) adsp_loader_dlkm(O) apr_dlkm(O) snd_event_dlkm(O) q6_notifier_dlkm(O) q6_pdr_dlkm(O) msm_11ad_proxy
01-01 09:20:25.003 0 0 W : CPU: 7 PID: 70 Comm: kworker/7:0 Tainted: G S O 4.19.157-perf+ #1
01-01 09:20:25.003 0 0 W Hardware name: Qualcomm Technologies, Inc. kona MTP-RmPM8150b. VX1(MCE) EVT2 (DT)
01-01 09:20:25.003 0 0 W Workqueue: pm pm_runtime_work
01-01 09:20:25.003 0 0 W pstate : 60c00085 (nZCv daIf +PAN +UAO)
01-01 09:20:25.003 0 0 W pc : enable_irq+0x90/0xe8
01-01 09:20:25.003 0 0 W lr : enable_irq+0x90/0xe8
01-01 09:20:25.003 0 0 W sp : ffffff8008403bb0
01-01 09:20:25.003 0 0 W : x29: ffffff8008403bc0 x28: 0000000000000002
01-01 09:20:25.003 0 0 W : x27: 00000000000000fb x26: 0000000000000000
01-01 09:20:25.003 0 0 W : x25: 0000000000000000 x24: ffffffe16ecb337d
01-01 09:20:25.003 0 0 W : x23: ffffffe16ecb1ca1 x22: ffffffe16ecb3248
01-01 09:20:25.003 0 0 W : x21: ffffffe16ec6d410 x20: 000000000000018b
01-01 09:20:25.003 0 0 W : x19: ffffffe16cbd1a00 x18: 0000000000000030
01-01 09:20:25.003 0 0 W : x17: ffffffa012020000 x16: 00000000fffc3918
01-01 09:20:25.003 0 0 W : x15: 00000000000c3918 x14: 0000000000000086
01-01 09:20:25.003 0 0 W : x13: 0000000000000030 x12: 0000000000000000
01-01 09:20:25.003 0 0 W : x11: 0000000000000000 x10: 0000000000000007
01-01 09:20:25.003 0 0 W : x9 : 2b4ed6d6b83a8f00 x8 : 2b4ed6d6b83a8f00
01-01 09:20:25.003 0 0 W : x7 : 0000000000000000 x6 : ffffffe1b987c715
01-01 09:20:25.003 0 0 W : x5 : 0000000000000000 x4 : 0000000000000006
01-01 09:20:25.003 0 0 W : x3 : 0000000000000035 x2 : 0000000000000007
01-01 09:20:25.003 0 0 W : x1 : 0000000000000007 x0 : 000000000000001d
01-01 09:20:25.003 0 0 W Call trace:
01-01 09:20:25.003 0 0 W : enable_irq+0x90/0xe8
01-01 09:20:25.003 0 0 W : swrm_runtime_suspend+0x428/0x4d8 [swr_ctrl_dlkm]
01-01 09:20:25.003 0 0 W : pm_generic_runtime_suspend+0x24/0x38
01-01 09:20:25.003 0 0 W : __rpm_callback+0x124/0x228
01-01 09:20:25.003 0 0 W : rpm_suspend+0x464/0x818
01-01 09:20:25.003 0 0 W : pm_runtime_work+0x90/0xa0
01-01 09:20:25.003 0 0 W : process_one_work+0x278/0x440
01-01 09:20:25.003 0 0 W : worker_thread+0x260/0x4a8
01-01 09:20:25.003 0 0 W : kthread+0x140/0x150
01-01 09:20:25.003 0 0 W : ret_from_fork+0x10/0x18
01-01 09:20:25.003 0 0 W : ---[ end trace b9477060d09efc15 ]---
01-01 09:20:25.007 0 0 I configfs-gadget gadget: high-speed config #1: b
01-01 09:20:25.007 0 0 E msm-dwc3 a600000.ssusb: Could not get usb psy
01-01 09:20:25.008 0 0 I android_work: sent uevent USB_STATE=CONFIGURED
01-01 09:20:25.044 0 0 E : msm_qti_pp_get_rms_value_control, back not active to query rms be_idx:3
01-01 09:20:25.054 0 0 I core_get_license_status: cmdrsp_license_result.result = 0x15 for module 0x131ff
01-01 09:20:25.054 0 0 E msm_ext_disp_update_audio_ops: Display not found (EXT_DISPLAY_TYPE_DP) ctld (0) stream (0)
01-01 09:20:25.054 0 0 E msm_ext_disp_update_audio_ops: Display not found (EXT_DISPLAY_TYPE_HDMI) ctld (0) stream (0)
01-01 09:20:25.054 0 0 E msm_ext_disp_update_audio_ops: Display not found (EXT_DISPLAY_TYPE_DP) ctld (0) stream (0)
01-01 09:20:25.054 0 0 E msm_ext_disp_update_audio_ops: Display not found (EXT_DISPLAY_TYPE_DP) ctld (0) stream (0)
01-01 09:20:25.054 0 0 E msm_ext_disp_update_audio_ops: Display not found (EXT_DISPLAY_TYPE_DP) ctld (0) stream (0)
01-01 09:20:25.054 0 0 E msm-ext-disp-audio-codec-rx soc: qcom,msm-ext-disp:qcom,msm-ext-disp-audio-codec-rx: msm_ext_disp_audio_type_get: get_audio_edid_blk() or get_intf_id is NULL
01-01 09:20:25.054 0 0 E msm_ext_disp_update_audio_ops: Display not found (EXT_DISPLAY_TYPE_DP) ctld (0) stream (0)
01-01 09:20:25.054 0 0 E msm-ext-disp-audio-codec-rx soc: qcom,msm-ext-disp:qcom,msm-ext-disp-audio-codec-rx: msm_ext_disp_audio_type_get: get_audio_edid_blk() or get_intf_id is NULL
01-01 09:20:25.055 0 0 E msm_ext_disp_update_audio_ops: Display not found (EXT_DISPLAY_TYPE_DP) ctld (0) stream (0)
01-01 09:20:25.055 0 0 E msm-ext-disp-audio-codec-rx soc: qcom,msm-ext-disp:qcom,msm-ext-disp-audio-codec-rx: msm_ext_disp_audio_type_get: get_audio_edid_blk() or get_intf_id is NULL
01-01 09:20:25.056 0 0 E msm-ext-disp-audio-codec-rx soc: qcom,msm-ext-disp:qcom,msm-ext-disp-audio-codec-rx: msm_ext_disp_audio_device_get: invalid dai id: 4
01-01 09:20:25.069 0 0 W QSEECOM : __qseecom_unload_app: App (6) is unloaded
01-01 09:20:25.070 0 0 D qbt : qbt_release: entry minor_no=0 fd_available=0
01-01 09:20:25.070 0 0 D qbt : qbt_release: Releasing wakelock
01-01 09:20:25.070 0 0 D qbt : qbt_release: exit : fd_available=1
01-01 09:20:25.070 0 0 D qbt : qbt_release: entry minor_no=1 fd_available=1
01-01 09:20:25.070 0 0 D qbt : qbt_release: exit : fd_available=1
01-01 09:20:25.093 0 0 I IPv6 : ADDRCONF(NETDEV_UP): vlan1: link is not ready
01-01 09:20:25.128 0 0 E : msm_pcm_volume_ctl_get substream not found
01-01 09:20:25.140 0 0 I binder : 1500:1500 ioctl 40046210 7fcb2c8ce4 returned -22
01-01 09:20:25.181 1500 1500 I SystemServerTiming: InitBeforeStartServices
01-01 09:20:25.182 1500 1500 I SystemServer: Entered the Android system server!
01-01 09:20:25.240 0 0 E : msm_qti_pp_get_rms_value_control, back not active to query rms be_idx:3
01-01 09:20:25.249 0 0 I core_get_license_status: cmdrsp_license_result.result = 0x15 for module 0x131ff
01-01 09:20:25.249 0 0 E msm_ext_disp_update_audio_ops: Display not found (EXT_DISPLAY_TYPE_DP) ctld (0) stream (0)
01-01 09:20:25.249 0 0 E msm_ext_disp_update_audio_ops: Display not found (EXT_DISPLAY_TYPE_HDMI) ctld (0) stream (0)
01-01 09:20:25.249 0 0 E msm_ext_disp_update_audio_ops: Display not found (EXT_DISPLAY_TYPE_DP) ctld (0) stream (0)
01-01 09:20:25.249 0 0 E msm_ext_disp_update_audio_ops: Display not found (EXT_DISPLAY_TYPE_DP) ctld (0) stream (0)
01-01 09:20:25.249 0 0 E msm_ext_disp_update_audio_ops: Display not found (EXT_DISPLAY_TYPE_DP) ctld (0) stream (0)
01-01 09:20:25.249 0 0 E msm-ext-disp-audio-codec-rx soc: qcom,msm-ext-disp:qcom,msm-ext-disp-audio-codec-rx: msm_ext_disp_audio_type_get: get_audio_edid_blk() or get_intf_id is NULL
01-01 09:20:25.249 0 0 E msm_ext_disp_update_audio_ops: Display not found (EXT_DISPLAY_TYPE_DP) ctld (0) stream (0)
01-01 09:20:25.249 0 0 E msm-ext-disp-audio-codec-rx soc: qcom,msm-ext-disp:qcom,msm-ext-disp-audio-codec-rx: msm_ext_disp_audio_type_get: get_audio_edid_blk() or get_intf_id is NULL
01-01 09:20:25.250 0 0 E msm_ext_disp_update_audio_ops: Display not found (EXT_DISPLAY_TYPE_DP) ctld (0) stream (0)
01-01 09:20:25.250 0 0 E msm-ext-disp-audio-codec-rx soc: qcom,msm-ext-disp:qcom,msm-ext-disp-audio-codec-rx: msm_ext_disp_audio_type_get: get_audio_edid_blk() or get_intf_id is NULL
01-01 09:20:25.251 0 0 E msm-ext-disp-audio-codec-rx soc: qcom,msm-ext-disp:qcom,msm-ext-disp-audio-codec-rx: msm_ext_disp_audio_device_get: invalid dai id: 4
01-01 09:20:25.267 0 0 I IPv6 : ADDRCONF(NETDEV_UP): vlan2: link is not ready
01-01 09:20:25.284 0 0 E : msm_pcm_volume_ctl_get substream not found
01-01 09:20:25.294 1500 1500 I SystemServerInitThreadPool: Creating instance with 8 threads
01-01 09:20:25.439 0 0 I IPv6 : ADDRCONF(NETDEV_UP): vlan4: link is not ready
01-01 09:20:25.559 0 0 I IPv6 : ADDRCONF(NETDEV_UP): vlan8: link is not ready
01-01 09:20:25.569 1500 1500 I SystemServerTiming: StartServices
01-01 09:20:25.569 1500 1500 I SystemServerTiming: startBootstrapServices
01-01 09:20:25.569 1500 1500 I SystemServerTiming: StartWatchdog
01-01 09:20:25.575 1500 1500 I SystemServer: Reading configuration...
01-01 09:20:25.575 1500 1500 I SystemServerTiming: ReadingSystemConfig
01-01 09:20:25.575 1500 1500 I SystemServerTiming: PlatformCompat
01-01 09:20:25.576 1500 1600 I SystemServerTimingAsync: InitThreadPoolExec:ReadingSystemConfig
01-01 09:20:25.578 1500 1600 I SystemConfig: Reading permissions from /system/etc/sysconfig/framework-sysconfig.xml
01-01 09:20:25.578 1500 1500 D CompatConfig: Found a config file: /system/etc/compatconfig/framework-platform-compat-config.xml
01-01 09:20:25.579 1500 1600 I SystemConfig: Reading permissions from /system/etc/sysconfig/preinstalled-packages-platform.xml
01-01 09:20:25.579 1500 1500 D CompatConfig: Adding: com.android.server.compat.config.Change@d8d7ead
01-01 09:20:25.580 1500 1500 D CompatConfig: Adding: com.android.server.compat.config.Change@8a5d5e2
01-01 09:20:25.581 1500 1500 D CompatConfig: Adding: com.android.server.compat.config.Change@4931d73
01-01 09:20:25.581 1500 1500 D CompatConfig: Adding: com.android.server.compat.config.Change@f8ec430
01-01 09:20:25.581 1500 1500 D CompatConfig: Adding: com.android.server.compat.config.Change@cb058a9
01-01 09:20:25.582 1500 1500 D CompatConfig: Adding: com.android.server.compat.config.Change@dcf6e2e
01-01 09:20:25.582 1500 1500 D CompatConfig: Adding: com.android.server.compat.config.Change@a781dcf
01-01 09:20:25.583 1500 1500 D CompatConfig: Adding: com.android.server.compat.config.Change@b53f35c
01-01 09:20:25.583 1500 1600 I SystemConfig: Reading permissions from /system/etc/sysconfig/preinstalled-packages-com.android.providers.media.module.xml
01-01 09:20:25.584 1500 1500 D CompatConfig: Adding: com.android.server.compat.config.Change@1e83f3a
01-01 09:20:25.585 1500 1600 I SystemConfig: Reading permissions from /system/etc/sysconfig/hiddenapi-package-whitelist.xml
01-01 09:20:25.585 1500 1500 D CompatConfig: Adding: com.android.server.compat.config.Change@8dae948
01-01 09:20:25.585 1500 1500 D CompatConfig: Adding: com.android.server.compat.config.Change@df973e1
01-01 09:20:25.585 1500 1600 I SystemConfig: Reading permissions from /system/etc/sysconfig/qti_whitelist.xml
01-01 09:20:25.586 1500 1500 D CompatConfig: Adding: com.android.server.compat.config.Change@543f7c7
01-01 09:20:25.586 1500 1500 D CompatConfig: Adding: com.android.server.compat.config.Change@e5951f4
01-01 09:20:25.586 1500 1500 D CompatConfig: Adding: com.android.server.compat.config.Change@6337b92
01-01 09:20:25.586 1500 1600 I SystemConfig: Reading permissions from /system/etc/sysconfig/preinstalled-packages-platform-full-base.xml
01-01 09:20:25.586 1500 1500 D CompatConfig: Adding: com.android.server.compat.config.Change@87e4963
01-01 09:20:25.587 1500 1500 D CompatConfig: Adding: com.android.server.compat.config.Change@db39960
01-01 09:20:25.587 1500 1500 D CompatConfig: Adding: com.android.server.compat.config.Change@e73be19
01-01 09:20:25.587 1500 1500 D CompatConfig: Adding: com.android.server.compat.config.Change@b89bede
01-01 09:20:25.587 1500 1600 I SystemConfig: Reading permissions from /system/etc/permissions/com.android.networkstack.xml
01-01 09:20:25.588 1500 1500 D CompatConfig: Adding: com.android.server.compat.config.Change@a8eb8c
01-01 09:20:25.588 1500 1500 D CompatConfig: Adding: com.android.server.compat.config.Change@9f922d5
01-01 09:20:25.588 1500 1500 D CompatConfig: Adding: com.android.server.compat.config.Change@d6eeaea
01-01 09:20:25.588 1500 1500 D CompatConfig: Adding: com.android.server.compat.config.Change@ec981db
01-01 09:20:25.588 1500 1500 D CompatConfig: Adding: com.android.server.compat.config.Change@bbf3478
01-01 09:20:25.589 1500 1500 D CompatConfig: Adding: com.android.server.compat.config.Change@ec8cbb6
01-01 09:20:25.589 1500 1600 I SystemConfig: Reading permissions from /system/etc/permissions/com.baidu.input.xml
01-01 09:20:25.589 1500 1500 D CompatConfig: Adding: com.android.server.compat.config.Change@e5460b7
01-01 09:20:25.589 1500 1500 D CompatConfig: Adding: com.android.server.compat.config.Change@3ef2024
01-01 09:20:25.589 1500 1500 D CompatConfig: Adding: com.android.server.compat.config.Change@873d78d
01-01 09:20:25.590 1500 1600 I SystemConfig: Reading permissions from /system/etc/permissions/com.android.media.remotedisplay.xml
01-01 09:20:25.590 1500 1600 I SystemConfig: Reading permissions from /system/etc/permissions/javax.obex.xml
01-01 09:20:25.590 1500 1600 I SystemConfig: Reading permissions from /system/etc/permissions/org.apache.http.legacy.xml
01-01 09:20:25.591 1500 1600 I SystemConfig: Reading permissions from /system/etc/permissions/android.test.runner.xml
01-01 09:20:25.591 1500 1500 D CompatConfig: Adding: com.android.server.compat.config.Change@4919b8e
01-01 09:20:25.591 1500 1600 I SystemConfig: Reading permissions from /system/etc/permissions/com.android.nfc_extras.xml
01-01 09:20:25.591 1500 1500 D CompatConfig: Adding: com.android.server.compat.config.Change@7044fbc
01-01 09:20:25.591 1500 1500 D CompatConfig: Adding: com.android.server.compat.config.Change@4896b45
01-01 09:20:25.591 1500 1600 I SystemConfig: Reading permissions from /system/etc/permissions/android.test.mock.xml
01-01 09:20:25.591 1500 1500 D CompatConfig: Adding: com.android.server.compat.config.Change@66a97cb
01-01 09:20:25.592 1500 1500 D CompatConfig: Adding: com.android.server.compat.config.Change@7a4aba8
01-01 09:20:25.592 1500 1600 I SystemConfig: Reading permissions from /system/etc/permissions/com.android.future.usb.accessory.xml
01-01 09:20:25.592 1500 1500 D CompatConfig: Adding: com.android.server.compat.config.Change@5f98e66
01-01 09:20:25.592 1500 1500 D CompatConfig: Adding: com.android.server.compat.config.Change@d88e5a7
01-01 09:20:25.592 1500 1600 I SystemConfig: Reading permissions from /system/etc/permissions/android.software.live_wallpaper.xml
01-01 09:20:25.592 1500 1500 D CompatConfig: Adding: com.android.server.compat.config.Change@cd6bdfd
01-01 09:20:25.593 1500 1600 I SystemConfig: Reading permissions from /system/etc/permissions/com.android.location.provider.xml
01-01 09:20:25.593 1500 1500 D CompatConfig: Adding: com.android.server.compat.config.Change@a543543
01-01 09:20:25.593 1500 1500 D CompatConfig: Adding: com.android.server.compat.config.Change@2d63cf9
01-01 09:20:25.593 1500 1600 I SystemConfig: Reading permissions from /system/etc/permissions/com.thundercomm.tcservice.xml
01-01 09:20:25.593 1500 1500 D CompatConfig: Adding: com.android.server.compat.config.Change@d62043e
01-01 09:20:25.593 1500 1500 D CompatConfig: Adding: com.android.server.compat.config.Change@5fae29f
01-01 09:20:25.594 1500 1500 D CompatConfig: Adding: com.android.server.compat.config.Change@2d91fec
01-01 09:20:25.594 1500 1600 I SystemConfig: Reading permissions from /system/etc/permissions/android.software.webview.xml
01-01 09:20:25.594 1500 1500 D CompatConfig: Adding: com.android.server.compat.config.Change@776264a
