01-01 09:22:05.343 0 0 D mv2112_update_link: link 0x0
01-01 09:22:05.343 0 0 D mv2112_read_status: autoneg is disabled
12-14 03:24:01.127 2339 2422 I OpenGLRenderer: Davey! duration=9223371927199ms; Flags=0, FrameTimelineVsyncId=3130, IntendedVsync=109655032314, Vsync=109655032314, InputEventId=0, HandleInputStart=109655634227, AnimationStart=109655639227, PerformTraversalsStart=109655641935, DrawStart=109677599592, FrameDeadline=109688365646, FrameInterval=109655618810, FrameStartTime=16666666, SyncQueued=109678915581, SyncStart=109679036050, IssueDrawCommandsStart=109680189956, SwapBuffers=109683007717, FrameCompleted=9223372036854775807, DequeueBufferDuration=61823, QueueBufferDuration=978490, GpuCompleted=9223372036854775807, SwapBuffersCompleted=109684605581, DisplayPresentTime=282935265591360,
12-14 03:24:01.162 1201 4329 I selfinstaller: current action is ePrepare !
12-14 03:24:01.163 1201 4329 I selfinstaller: TC GetUpdateState 0 0
12-14 03:24:01.420 2716 2716 I hpplay-java: [main]:ServiceUpdater:upLoadServiceInfo invalid deviceCode:, port:53388
12-14 03:24:01.484 640 655 I mpu_uart: [MSG-P:RECV]:No message received in 1000 ms
12-14 03:24:01.571 0 0 W swapper/0: type=1400 audit(0.0:332): avc: denied { kill } for capability=5 scontext=u:r:kernel:s0 tcontext=u:r:kernel:s0 tclass=capability permissive=0
01-01 09:22:06.367 0 0 D : mv2112_read_status
01-01 09:22:06.367 0 0 D mv2112_update_link: 3.0x901(1G): 0x80
01-01 09:22:06.367 0 0 D mv2112_update_link: 3.0x8109(100M): 0x8
01-01 09:22:06.367 0 0 D mv2112_update_link: link 0x0
01-01 09:22:06.367 0 0 D mv2112_read_status: autoneg is disabled
12-14 03:24:02.131 2339 2422 I OpenGLRenderer: Davey! duration=9223371926197ms; Flags=0, FrameTimelineVsyncId=3136, IntendedVsync=110657433630, Vsync=110657433630, InputEventId=0, HandleInputStart=110658228393, AnimationStart=110658233497, PerformTraversalsStart=110658236206, DrawStart=110679003393, FrameDeadline=110690766962, FrameInterval=110658215581, FrameStartTime=16666666, SyncQueued=110680380737, SyncStart=110680470060, IssueDrawCommandsStart=110681346779, SwapBuffers=110684097456, FrameCompleted=9223372036854775807, DequeueBufferDuration=52292, QueueBufferDuration=1021927, GpuCompleted=9223372036854775807, SwapBuffersCompleted=110685706466, DisplayPresentTime=1972150198075456,
12-14 03:24:02.484 640 655 I mpu_uart: [MSG-P:RECV]:No message received in 1000 ms
12-14 03:24:02.571 0 0 W swapper/0: type=1400 audit(0.0:333): avc: denied { kill } for capability=5 scontext=u:r:kernel:s0 tcontext=u:r:kernel:s0 tclass=capability permissive=0
01-01 09:22:07.391 0 0 D : mv2112_read_status
01-01 09:22:07.391 0 0 D mv2112_update_link: 3.0x901(1G): 0x80
01-01 09:22:07.392 0 0 D mv2112_update_link: 3.0x8109(100M): 0x8
01-01 09:22:07.392 0 0 D mv2112_update_link: link 0x0
01-01 09:22:07.392 0 0 D mv2112_read_status: autoneg is disabled
12-14 03:24:03.164 1201 4329 I selfinstaller: TC GetUpdateState 0 1
12-14 03:24:03.485 640 655 I mpu_uart: [MSG-P:RECV]:No message received in 1000 ms
12-14 03:24:03.543 640 654 I mpu_uart: [MSG-P:R]:recv sync frame timeout
12-14 03:24:03.571 0 0 W swapper/0: type=1400 audit(0.0:334): avc: denied { kill } for capability=5 scontext=u:r:kernel:s0 tcontext=u:r:kernel:s0 tclass=capability permissive=0
01-01 09:22:08.415 0 0 D : mv2112_read_status
01-01 09:22:08.415 0 0 D mv2112_update_link: 3.0x901(1G): 0x80
01-01 09:22:08.415 0 0 D mv2112_update_link: 3.0x8109(100M): 0x8
01-01 09:22:08.415 0 0 D mv2112_update_link: link 0x0
01-01 09:22:08.415 0 0 D mv2112_read_status: autoneg is disabled
12-14 03:24:04.138 2339 2422 I OpenGLRenderer: Davey! duration=9223371924192ms; Flags=0, FrameTimelineVsyncId=3148, IntendedVsync=112662252630, Vsync=112662252630, InputEventId=0, HandleInputStart=112662883601, AnimationStart=112662887872, PerformTraversalsStart=112662890476, DrawStart=112683245736, FrameDeadline=112678919296, FrameInterval=112662873132, FrameStartTime=16666666, SyncQueued=112684562507, SyncStart=112684815788, IssueDrawCommandsStart=112685793809, SwapBuffers=112689027403, FrameCompleted=9223372036854775807, DequeueBufferDuration=52917, QueueBufferDuration=1146198, GpuCompleted=9223372036854775807, SwapBuffersCompleted=112690819226, DisplayPresentTime=45037327713566784,
12-14 03:24:04.325 1201 1428 I selfinstaller: TC Upgrade()
12-14 03:24:04.326 1201 1428 I selfinstaller: UpdateHandler calling !
12-14 03:24:04.326 1201 1428 I selfinstaller: path:/data/ota/update.zip, accessable!
12-14 03:24:04.326 1201 1428 I selfinstaller: path:/data/ota/update.zip, accessable!
12-14 03:24:04.326 1201 1428 I selfinstaller: ExecShellCmd running:unzip /data/ota/update.zip payload_properties.txt -d /data/ota/!
12-14 03:24:04.359 1201 1428 I selfinstaller: ExecShellCmd get:Archive: /data/ota/update.zip
12-14 03:24:04.359 1201 1428 I selfinstaller: inflating: /data/ota/payload_properties.txt!
12-14 03:24:04.359 1201 1428 I selfinstaller: ExecShellCmd running:unzip /data/ota/update.zip META-INF/com/android/metadata -d /data/ota/!
12-14 03:24:04.376 1201 1428 I selfinstaller: ExecShellCmd get:Archive: /data/ota/update.zip
12-14 03:24:04.376 1201 1428 I selfinstaller: inflating: /data/ota/META-INF/com/android/metadata!
12-14 03:24:04.376 1201 1428 I selfinstaller: opening header file:/data/ota/payload_properties.txt!
12-14 03:24:04.376 1201 1428 I selfinstaller: get headers(155):FILE_HASH=j0AkNbOSp1cGXCr9oc/UH89qXLC2oxofrEwDLR/Nh90=
12-14 03:24:04.376 1201 1428 I selfinstaller: FILE_SIZE=1071720775
12-14 03:24:04.376 1201 1428 I selfinstaller: METADATA_HASH=eW0wNszXmdh9UGgNRWvtR/F/vzHi6aFVWDuMbbPLBn4=
12-14 03:24:04.376 1201 1428 I selfinstaller: METADATA_SIZE=90394
12-14 03:24:04.376 1201 1428 I selfinstaller: !
12-14 03:24:04.376 1201 1428 I selfinstaller: path:/data/ota/META-INF/com/android/metadata, accessable!
12-14 03:24:04.376 1201 1428 I selfinstaller: ota-property-files=payload_metadata.bin:2261:90661,payload.bin:2261:1071720775,payload_properties.txt:1071723094:155,care_map.pb:1704:510,metadata:69:596,metadata.pb:733:876
12-14 03:24:04.376 1201 1428 I selfinstaller: token: 2261!
12-14 03:24:04.376 1201 1428 I selfinstaller: get payload_offset:2261!
12-14 03:24:04.376 1201 1428 I selfinstaller: token: 1071720775,payload_properties.txt!
12-14 03:24:04.376 1201 1428 I selfinstaller: get payload_size:1071720775!
12-14 03:24:04.376 1201 1428 I selfinstaller: --offset=2261!
12-14 03:24:04.376 1201 1428 I selfinstaller: --size=1071720775!
12-14 03:24:04.376 1201 1428 I selfinstaller: --headers=FILE_HASH=j0AkNbOSp1cGXCr9oc/UH89qXLC2oxofrEwDLR/Nh90=
12-14 03:24:04.376 1201 1428 I selfinstaller: FILE_SIZE=1071720775
12-14 03:24:04.376 1201 1428 I selfinstaller: METADATA_HASH=eW0wNszXmdh9UGgNRWvtR/F/vzHi6aFVWDuMbbPLBn4=
12-14 03:24:04.376 1201 1428 I selfinstaller: METADATA_SIZE=90394
12-14 03:24:04.376 1201 1428 I selfinstaller: !
12-14 03:24:04.376 1201 1428 I selfinstaller: get final cmd(276):update_engine_client --update --follow --payload=file:///data/ota/update.zip --offset=2261 --size=1071720775 --headers="FILE_HASH=j0AkNbOSp1cGXCr9oc/UH89qXLC2oxofrEwDLR/Nh90=
12-14 03:24:04.376 1201 1428 I selfinstaller: FILE_SIZE=1071720775
12-14 03:24:04.376 1201 1428 I selfinstaller: METADATA_HASH=eW0wNszXmdh9UGgNRWvtR/F/vzHi6aFVWDuMbbPLBn4=
12-14 03:24:04.376 1201 1428 I selfinstaller: METADATA_SIZE=90394
12-14 03:24:04.376 1201 1428 I selfinstaller: "!
12-14 03:24:04.376 1201 1428 I selfinstaller: running:update_engine_client --update --follow --payload=file:///data/ota/update.zip --offset=2261 --size=1071720775 --headers="FILE_HASH=j0AkNbOSp1cGXCr9oc/UH89qXLC2oxofrEwDLR/Nh90=
12-14 03:24:04.376 1201 1428 I selfinstaller: FILE_SIZE=1071720775
12-14 03:24:04.376 1201 1428 I selfinstaller: METADATA_HASH=eW0wNszXmdh9UGgNRWvtR/F/vzHi6aFVWDuMbbPLBn4=
12-14 03:24:04.376 1201 1428 I selfinstaller: METADATA_SIZE=90394
12-14 03:24:04.376 1201 1428 I selfinstaller: "!
12-14 03:24:04.406 4333 4333 D ProcessState: Binder ioctl to enable oneway spam detection failed: Invalid argument
01-01 09:22:08.946 0 0 I binder : 4333:4333 ioctl 40046210 7fdb525bc4 returned -22
12-14 03:24:04.414 1261 1261 I update_engine: [INFO:update_attempter_android.cc(282)] Using this install plan:
12-14 03:24:04.417 1261 1261 I update_engine: [INFO:install_plan.cc(79)] InstallPlan:
12-14 03:24:04.417 1261 1261 I update_engine: type: resume
12-14 03:24:04.417 1261 1261 I update_engine: version:
12-14 03:24:04.417 1261 1261 I update_engine: source_slot: A
12-14 03:24:04.417 1261 1261 I update_engine: target_slot: B
12-14 03:24:04.417 1261 1261 I update_engine: initial url: file:///data/ota/update.zip
12-14 03:24:04.417 1261 1261 I update_engine: hash_checks_mandatory: true
12-14 03:24:04.417 1261 1261 I update_engine: powerwash_required: false
12-14 03:24:04.417 1261 1261 I update_engine: switch_slot_on_reboot: true
12-14 03:24:04.417 1261 1261 I update_engine: run_post_install: true
12-14 03:24:04.417 1261 1261 I update_engine: is_rollback: false
12-14 03:24:04.417 1261 1261 I update_engine: rollback_data_save_requested: false
12-14 03:24:04.417 1261 1261 I update_engine: write_verity: true
12-14 03:24:04.417 1261 1261 I update_engine: Payload: 0
12-14 03:24:04.417 1261 1261 I update_engine: urls: ()
12-14 03:24:04.417 1261 1261 I update_engine: size: 1071720775
12-14 03:24:04.417 1261 1261 I update_engine: metadata_size: 90394
12-14 03:24:04.417 1261 1261 I update_engine: metadata_signature:
12-14 03:24:04.417 1261 1261 I update_engine: hash: 8F402435B392A757065C2AFDA1CFD41FCF6A5CB0B6A31A1FAC4C032D1FCD87DD
12-14 03:24:04.417 1261 1261 I update_engine: type: unknown
12-14 03:24:04.417 1261 1261 I update_engine: fingerprint:
12-14 03:24:04.417 1261 1261 I update_engine: app_id:
12-14 03:24:04.417 1261 1261 I update_engine: already_applied: false
12-14 03:24:04.419 1261 1261 I update_engine: [INFO:postinstall_runner_action.cc(67)] postinstall mount point: /postinstall
12-14 03:24:04.421 1261 1261 I update_engine: [INFO:metrics_utils.cc(326)] Payload Attempt Number = 2
12-14 03:24:04.424 1261 1261 I update_engine: [INFO:metrics_utils.cc(343)] Update Monotonic Timestamp Start = 1/1/1970 0:01:52 GMT
12-14 03:24:04.427 1261 1261 I update_engine: [INFO:metrics_utils.cc(352)] Update Boot Timestamp Start = 1/1/1970 0:01:52 GMT
12-14 03:24:04.428 1261 1261 I update_engine: [INFO:update_attempter_android.cc(680)] Scheduling an action processor start.
12-14 03:24:04.430 1261 1261 I update_engine: [INFO:action_processor.cc(51)] ActionProcessor: starting UpdateBootFlagsAction
12-14 03:24:04.431 4333 4333 I update_engine_client: [INFO:update_engine_client_android.cc(92)] onStatusUpdate(UPDATE_STATUS_IDLE (0), 0)
12-14 03:24:04.431 4333 4333 I update_engine_client: [INFO:update_engine_client_android.cc(92)] onStatusUpdate(UPDATE_STATUS_UPDATE_AVAILABLE (2), 0)
12-14 03:24:04.432 1261 1261 I update_engine: [INFO:update_boot_flags_action.cc(45)] Marking booted slot as good.
12-14 03:24:04.485 640 655 I mpu_uart: [MSG-P:RECV]:No message received in 1000 ms
12-14 03:24:04.499 1261 1261 I update_engine: [INFO:action_processor.cc(116)] ActionProcessor: finished UpdateBootFlagsAction with code ErrorCode::kSuccess
12-14 03:24:04.499 4333 4333 I update_engine_client: [INFO:update_engine_client_android.cc(92)] onStatusUpdate(UPDATE_STATUS_CLEANUP_PREVIOUS_UPDATE (11), 0)
12-14 03:24:04.500 1261 1261 I update_engine: [INFO:action_processor.cc(143)] ActionProcessor: starting CleanupPreviousUpdateAction
12-14 03:24:04.501 1261 1261 I update_engine: [INFO:cleanup_previous_update_action.cc(149)] Starting/resuming CleanupPreviousUpdateAction
12-14 03:24:04.502 1261 1261 I update_engine: [INFO:cleanup_previous_update_action.cc(189)] Boot completed, waiting on markBootSuccessful()
12-14 03:24:04.504 1261 1261 I update_engine: EnsureMetadataMounted does nothing in Android mode.
12-14 03:24:04.505 1261 1261 I update_engine: Read merge statistics file failed: No such file or directory
12-14 03:24:04.507 1261 1261 I update_engine: [INFO:cleanup_previous_update_action.cc(261)] Waiting for any previous merge request to complete. This can take up to several minutes.
12-14 03:24:04.508 1261 1261 I update_engine: CheckMergeState for snapshots returned: 1
12-14 03:24:04.509 1261 1261 I update_engine: ProcessUpdateState handling state: 1
12-14 03:24:04.511 1261 1261 E update_engine: [ERROR:cleanup_previous_update_action.cc(298)] Previous update has not been completed, not cleaning up
12-14 03:24:04.512 1261 1261 I update_engine: [INFO:cleanup_previous_update_action.cc(130)] Stopping/suspending/completing CleanupPreviousUpdateAction
12-14 03:24:04.513 1261 1261 I update_engine: [INFO:cleanup_previous_update_action.cc(469)] Not reporting merge stats because state is Initiated
12-14 03:24:04.514 1261 1261 I update_engine: [INFO:cleanup_previous_update_action.cc(130)] Stopping/suspending/completing CleanupPreviousUpdateAction
12-14 03:24:04.515 1261 1261 I update_engine: [INFO:action_processor.cc(116)] ActionProcessor: finished CleanupPreviousUpdateAction with code ErrorCode::kSuccess
12-14 03:24:04.517 1261 1261 I update_engine: [INFO:action_processor.cc(143)] ActionProcessor: starting InstallPlanAction
12-14 03:24:04.518 1261 1261 I update_engine: [INFO:action_processor.cc(116)] ActionProcessor: finished InstallPlanAction with code ErrorCode::kSuccess
12-14 03:24:04.519 1261 1261 I update_engine: [INFO:action_processor.cc(143)] ActionProcessor: starting DownloadAction
12-14 03:24:04.520 1261 1261 I update_engine: [INFO:install_plan.cc(79)] InstallPlan:
12-14 03:24:04.520 1261 1261 I update_engine: type: resume
12-14 03:24:04.520 1261 1261 I update_engine: version:
12-14 03:24:04.520 1261 1261 I update_engine: source_slot: A
12-14 03:24:04.520 1261 1261 I update_engine: target_slot: B
12-14 03:24:04.520 1261 1261 I update_engine: initial url: file:///data/ota/update.zip
12-14 03:24:04.520 1261 1261 I update_engine: hash_checks_mandatory: true
12-14 03:24:04.520 1261 1261 I update_engine: powerwash_required: false
12-14 03:24:04.520 1261 1261 I update_engine: switch_slot_on_reboot: true
12-14 03:24:04.520 1261 1261 I update_engine: run_post_install: true
12-14 03:24:04.520 1261 1261 I update_engine: is_rollback: false
12-14 03:24:04.520 1261 1261 I update_engine: rollback_data_save_requested: false
12-14 03:24:04.520 1261 1261 I update_engine: write_verity: true
12-14 03:24:04.520 1261 1261 I update_engine: Payload: 0
12-14 03:24:04.520 1261 1261 I update_engine: urls: ()
12-14 03:24:04.520 1261 1261 I update_engine: size: 1071720775
12-14 03:24:04.520 1261 1261 I update_engine: metadata_size: 90394
12-14 03:24:04.520 1261 1261 I update_engine: metadata_signature:
12-14 03:24:04.520 1261 1261 I update_engine: hash: 8F402435B392A757065C2AFDA1CFD41FCF6A5CB0B6A31A1FAC4C032D1FCD87DD
12-14 03:24:04.520 1261 1261 I update_engine: type: unknown
12-14 03:24:04.520 1261 1261 I update_engine: fingerprint:
12-14 03:24:04.520 1261 1261 I update_engine: app_id:
12-14 03:24:04.520 1261 1261 I update_engine: already_applied: false
12-14 03:24:04.521 1261 1261 I update_engine: [INFO:download_action.cc(84)] Marking new slot as unbootable
12-14 03:24:04.574 1261 1261 I update_engine: [INFO:delta_performer.cc(115)] Completed 0/? operations, 90661/1071720775 bytes downloaded (0%), overall progress 0%
12-14 03:24:04.571 0 0 W swapper/0: type=1400 audit(0.0:335): avc: denied { kill } for capability=5 scontext=u:r:kernel:s0 tcontext=u:r:kernel:s0 tclass=capability permissive=0
12-14 03:24:04.575 1261 1261 I update_engine: [INFO:delta_performer.cc(346)] Manifest size in payload matches expected value from Omaha
12-14 03:24:04.576 1261 1261 I update_engine: [INFO:delta_performer.cc(1009)] Verifying using certificates: /system/etc/security/otacerts.zip
12-14 03:24:04.579 1261 1261 I update_engine: [INFO:payload_verifier.cc(102)] signature blob size = 267
12-14 03:24:04.580 1261 1261 I update_engine: [INFO:payload_verifier.cc(118)] Truncating the signature to its unpadded size: 256.
12-14 03:24:04.582 1261 1261 I update_engine: [INFO:payload_verifier.cc(129)] Verified correct signature 1 out of 1 signatures.
12-14 03:24:04.583 1261 1261 I update_engine: [INFO:payload_metadata.cc(221)] Metadata hash signature matches value in Omaha response.
12-14 03:24:04.587 1261 1261 I update_engine: [INFO:delta_performer.cc(1046)] Detected a 'full' payload.
12-14 03:24:04.589 1261 1261 I update_engine: [INFO:delta_performer.cc(1117)] abl does't have version, skipping downgrade check.
12-14 03:24:04.590 1261 1261 I update_engine: [INFO:delta_performer.cc(1117)] aop does't have version, skipping downgrade check.
12-14 03:24:04.591 1261 1261 I update_engine: [INFO:delta_performer.cc(1117)] bluetooth does't have version, skipping downgrade check.
12-14 03:24:04.592 1261 1261 I update_engine: [INFO:delta_performer.cc(1117)] cmnlib does't have version, skipping downgrade check.
12-14 03:24:04.593 1261 1261 I update_engine: [INFO:delta_performer.cc(1117)] cmnlib64 does't have version, skipping downgrade check.
12-14 03:24:04.594 1261 1261 I update_engine: [INFO:delta_performer.cc(1117)] devcfg does't have version, skipping downgrade check.
12-14 03:24:04.595 1261 1261 I update_engine: [INFO:delta_performer.cc(1117)] dsp does't have version, skipping downgrade check.
12-14 03:24:04.596 1261 1261 I update_engine: [INFO:delta_performer.cc(1117)] dtbo does't have version, skipping downgrade check.
12-14 03:24:04.597 1261 1261 I update_engine: [INFO:delta_performer.cc(1117)] featenabler does't have version, skipping downgrade check.
12-14 03:24:04.598 1261 1261 I update_engine: [INFO:delta_performer.cc(1117)] hyp does't have version, skipping downgrade check.
12-14 03:24:04.599 1261 1261 I update_engine: [INFO:delta_performer.cc(1117)] imagefv does't have version, skipping downgrade check.
12-14 03:24:04.600 1261 1261 I update_engine: [INFO:delta_performer.cc(1117)] keymaster does't have version, skipping downgrade check.
12-14 03:24:04.601 1261 1261 I update_engine: [INFO:delta_performer.cc(1117)] modem does't have version, skipping downgrade check.
12-14 03:24:04.602 1261 1261 I update_engine: [INFO:delta_performer.cc(1117)] multiimgoem does't have version, skipping downgrade check.
12-14 03:24:04.603 1261 1261 I update_engine: [INFO:delta_performer.cc(1117)] qupfw does't have version, skipping downgrade check.
12-14 03:24:04.604 1261 1261 I update_engine: [INFO:delta_performer.cc(1117)] recovery does't have version, skipping downgrade check.
12-14 03:24:04.605 1261 1261 I update_engine: [INFO:delta_performer.cc(1117)] tz does't have version, skipping downgrade check.
12-14 03:24:04.606 1261 1261 I update_engine: [INFO:delta_performer.cc(1117)] uefisecapp does't have version, skipping downgrade check.
12-14 03:24:04.608 1261 1261 I update_engine: [INFO:delta_performer.cc(1117)] vbmeta does't have version, skipping downgrade check.
12-14 03:24:04.609 1261 1261 I update_engine: [INFO:delta_performer.cc(1117)] vbmeta_system does't have version, skipping downgrade check.
12-14 03:24:04.610 1261 1261 I update_engine: [INFO:delta_performer.cc(1117)] xbl does't have version, skipping downgrade check.
12-14 03:24:04.611 1261 1261 I update_engine: [INFO:delta_performer.cc(1117)] xbl_config does't have version, skipping downgrade check.
12-14 03:24:04.616 1261 1261 I update_engine: [INFO:delta_performer.cc(805)] Using previously prepared partitions for update. hash = j0AkNbOSp1cGXCr9oc/UH89qXLC2oxofrEwDLR/Nh90=eW0wNszXmdh9UGgNRWvtR/F/vzHi6aFVWDuMbbPLBn4=
12-14 03:24:04.617 1261 1261 I update_engine: EnsureMetadataMounted does nothing in Android mode.
12-14 03:24:04.618 1261 1261 I update_engine: [INFO:delta_performer.cc(826)] PreparePartitionsForUpdate done.
12-14 03:24:04.620 1261 1261 I update_engine: [libfs_mgr]dt_fstab: Skip disabled entry for partition vendor
12-14 03:24:04.622 1261 1261 I update_engine: [libfs_mgr]GetFstabPath()fstab_path:/odm/etc/fstab.default
12-14 03:24:04.623 1261 1261 I update_engine: [libfs_mgr]GetFstabPath()fstab_path:/vendor/etc/fstab.default
12-14 03:24:04.624 1261 1261 I update_engine: [libfs_mgr]GetFstabPath()fstab_path:/system/etc/fstab.default
12-14 03:24:04.625 1261 1261 I update_engine: [libfs_mgr]GetFstabPath()fstab_path:/first_stage_ramdisk/system/etc/fstab.default
12-14 03:24:04.626 1261 1261 I update_engine: [libfs_mgr]GetFstabPath()fstab_path:/fstab.default
12-14 03:24:04.627 1261 1261 I update_engine: [libfs_mgr]GetFstabPath()fstab_path:/first_stage_ramdisk/fstab.default
12-14 03:24:04.628 1261 1261 I update_engine: [libfs_mgr]GetFstabPath()fstab_path:/odm/etc/fstab.qcom
12-14 03:24:04.629 1261 1261 I update_engine: [libfs_mgr]GetFstabPath()fstab_path:/vendor/etc/fstab.qcom
12-14 03:24:04.630 1261 1261 I update_engine: [libfs_mgr]GetFstabPath()fstab_path.c_str():/vendor/etc/fstab.qcom
12-14 03:24:04.633 1261 1261 I update_engine: [INFO:dynamic_partition_control_android.cc(331)] Loaded metadata from slot B in /dev/block/bootdevice/by-name/super
12-14 03:24:04.634 1261 1261 I update_engine: [INFO:dynamic_partition_control_android.cc(1190)] abl_b is not in super partition metadata.
12-14 03:24:04.636 1261 1261 I update_engine: [INFO:dynamic_partition_control_android.cc(331)] Loaded metadata from slot A in /dev/block/bootdevice/by-name/super
12-14 03:24:04.637 1261 1261 I update_engine: [libfs_mgr]dt_fstab: Skip disabled entry for partition vendor
12-14 03:24:04.638 1261 1261 I update_engine: [libfs_mgr]GetFstabPath()fstab_path:/odm/etc/fstab.default
12-14 03:24:04.639 1261 1261 I update_engine: [libfs_mgr]GetFstabPath()fstab_path:/vendor/etc/fstab.default
12-14 03:24:04.640 1261 1261 I update_engine: [libfs_mgr]GetFstabPath()fstab_path:/system/etc/fstab.default
12-14 03:24:04.641 1261 1261 I update_engine: [libfs_mgr]GetFstabPath()fstab_path:/first_stage_ramdisk/system/etc/fstab.default
12-14 03:24:04.642 1261 1261 I update_engine: [libfs_mgr]GetFstabPath()fstab_path:/fstab.default
12-14 03:24:04.643 1261 1261 I update_engine: [libfs_mgr]GetFstabPath()fstab_path:/first_stage_ramdisk/fstab.default
12-14 03:24:04.644 1261 1261 I update_engine: [libfs_mgr]GetFstabPath()fstab_path:/odm/etc/fstab.qcom
12-14 03:24:04.645 1261 1261 I update_engine: [libfs_mgr]GetFstabPath()fstab_path:/vendor/etc/fstab.qcom
12-14 03:24:04.646 1261 1261 I update_engine: [libfs_mgr]GetFstabPath()fstab_path.c_str():/vendor/etc/fstab.qcom
12-14 03:24:04.648 1261 1261 I update_engine: [INFO:dynamic_partition_control_android.cc(331)] Loaded metadata from slot B in /dev/block/bootdevice/by-name/super
12-14 03:24:04.649 1261 1261 I update_engine: [INFO:dynamic_partition_control_android.cc(1190)] aop_b is not in super partition metadata.
12-14 03:24:04.651 1261 1261 I update_engine: [INFO:dynamic_partition_control_android.cc(331)] Loaded metadata from slot A in /dev/block/bootdevice/by-name/super
12-14 03:24:04.652 1261 1261 I update_engine: [libfs_mgr]dt_fstab: Skip disabled entry for partition vendor
12-14 03:24:04.653 1261 1261 I update_engine: [libfs_mgr]GetFstabPath()fstab_path:/odm/etc/fstab.default
12-14 03:24:04.654 1261 1261 I update_engine: [libfs_mgr]GetFstabPath()fstab_path:/vendor/etc/fstab.default
12-14 03:24:04.655 1261 1261 I update_engine: [libfs_mgr]GetFstabPath()fstab_path:/system/etc/fstab.default
12-14 03:24:04.656 1261 1261 I update_engine: [libfs_mgr]GetFstabPath()fstab_path:/first_stage_ramdisk/system/etc/fstab.default
12-14 03:24:04.657 1261 1261 I update_engine: [libfs_mgr]GetFstabPath()fstab_path:/fstab.default
12-14 03:24:04.658 1261 1261 I update_engine: [libfs_mgr]GetFstabPath()fstab_path:/first_stage_ramdisk/fstab.default
12-14 03:24:04.659 1261 1261 I update_engine: [libfs_mgr]GetFstabPath()fstab_path:/odm/etc/fstab.qcom
12-14 03:24:04.660 1261 1261 I update_engine: [libfs_mgr]GetFstabPath()fstab_path:/vendor/etc/fstab.qcom
12-14 03:24:04.661 1261 1261 I update_engine: [libfs_mgr]GetFstabPath()fstab_path.c_str():/vendor/etc/fstab.qcom
12-14 03:24:04.663 1261 1261 I update_engine: [INFO:dynamic_partition_control_android.cc(331)] Loaded metadata from slot B in /dev/block/bootdevice/by-name/super
12-14 03:24:04.664 1261 1261 I update_engine: [INFO:dynamic_partition_control_android.cc(1190)] bluetooth_b is not in super partition metadata.
12-14 03:24:04.665 1261 1261 I update_engine: [INFO:dynamic_partition_control_android.cc(331)] Loaded metadata from slot A in /dev/block/bootdevice/by-name/super
12-14 03:24:04.666 1261 1261 I update_engine: [libfs_mgr]dt_fstab: Skip disabled entry for partition vendor
12-14 03:24:04.667 1261 1261 I update_engine: [libfs_mgr]GetFstabPath()fstab_path:/odm/etc/fstab.default
12-14 03:24:04.668 1261 1261 I update_engine: [libfs_mgr]GetFstabPath()fstab_path:/vendor/etc/fstab.default
12-14 03:24:04.670 1261 1261 I update_engine: [libfs_mgr]GetFstabPath()fstab_path:/system/etc/fstab.default
12-14 03:24:04.671 1261 1261 I update_engine: [libfs_mgr]GetFstabPath()fstab_path:/first_stage_ramdisk/system/etc/fstab.default
12-14 03:24:04.672 1261 1261 I update_engine: [libfs_mgr]GetFstabPath()fstab_path:/fstab.default
12-14 03:24:04.673 1261 1261 I update_engine: [libfs_mgr]GetFstabPath()fstab_path:/first_stage_ramdisk/fstab.default
12-14 03:24:04.674 1261 1261 I update_engine: [libfs_mgr]GetFstabPath()fstab_path:/odm/etc/fstab.qcom
12-14 03:24:04.675 1261 1261 I update_engine: [libfs_mgr]GetFstabPath()fstab_path:/vendor/etc/fstab.qcom
12-14 03:24:04.676 1261 1261 I update_engine: [libfs_mgr]GetFstabPath()fstab_path.c_str():/vendor/etc/fstab.qcom
12-14 03:24:04.678 1261 1261 I update_engine: [INFO:dynamic_partition_control_android.cc(331)] Loaded metadata from slot B in /dev/block/bootdevice/by-name/super
12-14 03:24:04.679 1261 1261 I update_engine: [INFO:dynamic_partition_control_android.cc(1190)] boot_b is not in super partition metadata.
12-14 03:24:04.680 1261 1261 I update_engine: [INFO:dynamic_partition_control_android.cc(331)] Loaded metadata from slot A in /dev/block/bootdevice/by-name/super
12-14 03:24:04.681 1261 1261 I update_engine: [libfs_mgr]dt_fstab: Skip disabled entry for partition vendor
12-14 03:24:04.682 1261 1261 I update_engine: [libfs_mgr]GetFstabPath()fstab_path:/odm/etc/fstab.default
12-14 03:24:04.684 1261 1261 I update_engine: [libfs_mgr]GetFstabPath()fstab_path:/vendor/etc/fstab.default
12-14 03:24:04.685 1261 1261 I update_engine: [libfs_mgr]GetFstabPath()fstab_path:/system/etc/fstab.default
12-14 03:24:04.686 1261 1261 I update_engine: [libfs_mgr]GetFstabPath()fstab_path:/first_stage_ramdisk/system/etc/fstab.default
12-14 03:24:04.687 1261 1261 I update_engine: [libfs_mgr]GetFstabPath()fstab_path:/fstab.default
12-14 03:24:04.688 1261 1261 I update_engine: [libfs_mgr]GetFstabPath()fstab_path:/first_stage_ramdisk/fstab.default
12-14 03:24:04.689 1261 1261 I update_engine: [libfs_mgr]GetFstabPath()fstab_path:/odm/etc/fstab.qcom
12-14 03:24:04.691 1261 1261 I update_engine: [libfs_mgr]GetFstabPath()fstab_path:/vendor/etc/fstab.qcom
12-14 03:24:04.692 1261 1261 I update_engine: [libfs_mgr]GetFstabPath()fstab_path.c_str():/vendor/etc/fstab.qcom
12-14 03:24:04.694 1261 1261 I update_engine: [INFO:dynamic_partition_control_android.cc(331)] Loaded metadata from slot B in /dev/block/bootdevice/by-name/super
12-14 03:24:04.695 1261 1261 I update_engine: [INFO:dynamic_partition_control_android.cc(1190)] cmnlib_b is not in super partition metadata.
12-14 03:24:04.696 1261 1261 I update_engine: [INFO:dynamic_partition_control_android.cc(331)] Loaded metadata from slot A in /dev/block/bootdevice/by-name/super
12-14 03:24:04.698 1261 1261 I update_engine: [libfs_mgr]dt_fstab: Skip disabled entry for partition vendor
12-14 03:24:04.699 1261 1261 I update_engine: [libfs_mgr]GetFstabPath()fstab_path:/odm/etc/fstab.default
12-14 03:24:04.700 1261 1261 I update_engine: [libfs_mgr]GetFstabPath()fstab_path:/vendor/etc/fstab.default
12-14 03:24:04.701 1261 1261 I update_engine: [libfs_mgr]GetFstabPath()fstab_path:/system/etc/fstab.default
12-14 03:24:04.702 1261 1261 I update_engine: [libfs_mgr]GetFstabPath()fstab_path:/first_stage_ramdisk/system/etc/fstab.default
12-14 03:24:04.704 1261 1261 I update_engine: [libfs_mgr]GetFstabPath()fstab_path:/fstab.default
12-14 03:24:04.705 1261 1261 I update_engine: [libfs_mgr]GetFstabPath()fstab_path:/first_stage_ramdisk/fstab.default
12-14 03:24:04.706 1261 1261 I update_engine: [libfs_mgr]GetFstabPath()fstab_path:/odm/etc/fstab.qcom
12-14 03:24:04.707 1261 1261 I update_engine: [libfs_mgr]GetFstabPath()fstab_path:/vendor/etc/fstab.qcom
12-14 03:24:04.708 1261 1261 I update_engine: [libfs_mgr]GetFstabPath()fstab_path.c_str():/vendor/etc/fstab.qcom
12-14 03:24:04.710 1261 1261 I update_engine: [INFO:dynamic_partition_control_android.cc(331)] Loaded metadata from slot B in /dev/block/bootdevice/by-name/super
12-14 03:24:04.711 1261 1261 I update_engine: [INFO:dynamic_partition_control_android.cc(1190)] cmnlib64_b is not in super partition metadata.
12-14 03:24:04.712 1261 1261 I update_engine: [INFO:dynamic_partition_control_android.cc(331)] Loaded metadata from slot A in /dev/block/bootdevice/by-name/super
12-14 03:24:04.713 1261 1261 I update_engine: [libfs_mgr]dt_fstab: Skip disabled entry for partition vendor
12-14 03:24:04.714 1261 1261 I update_engine: [libfs_mgr]GetFstabPath()fstab_path:/odm/etc/fstab.default
12-14 03:24:04.715 1261 1261 I update_engine: [libfs_mgr]GetFstabPath()fstab_path:/vendor/etc/fstab.default
12-14 03:24:04.717 1261 1261 I update_engine: [libfs_mgr]GetFstabPath()fstab_path:/system/etc/fstab.default
12-14 03:24:04.718 1261 1261 I update_engine: [libfs_mgr]GetFstabPath()fstab_path:/first_stage_ramdisk/system/etc/fstab.default
12-14 03:24:04.719 1261 1261 I update_engine: [libfs_mgr]GetFstabPath()fstab_path:/fstab.default
12-14 03:24:04.720 1261 1261 I update_engine: [libfs_mgr]GetFstabPath()fstab_path:/first_stage_ramdisk/fstab.default
12-14 03:24:04.721 1261 1261 I update_engine: [libfs_mgr]GetFstabPath()fstab_path:/odm/etc/fstab.qcom
12-14 03:24:04.722 1261 1261 I update_engine: [libfs_mgr]GetFstabPath()fstab_path:/vendor/etc/fstab.qcom
12-14 03:24:04.723 1261 1261 I update_engine: [libfs_mgr]GetFstabPath()fstab_path.c_str():/vendor/etc/fstab.qcom
12-14 03:24:04.725 1261 1261 I update_engine: [INFO:dynamic_partition_control_android.cc(331)] Loaded metadata from slot B in /dev/block/bootdevice/by-name/super
12-14 03:24:04.726 1261 1261 I update_engine: [INFO:dynamic_partition_control_android.cc(1190)] devcfg_b is not in super partition metadata.
12-14 03:24:04.727 1261 1261 I update_engine: [INFO:dynamic_partition_control_android.cc(331)] Loaded metadata from slot A in /dev/block/bootdevice/by-name/super
12-14 03:24:04.728 1261 1261 I update_engine: [libfs_mgr]dt_fstab: Skip disabled entry for partition vendor
12-14 03:24:04.730 1261 1261 I update_engine: [libfs_mgr]GetFstabPath()fstab_path:/odm/etc/fstab.default
12-14 03:24:04.731 1261 1261 I update_engine: [libfs_mgr]GetFstabPath()fstab_path:/vendor/etc/fstab.default
12-14 03:24:04.732 1261 1261 I update_engine: [libfs_mgr]GetFstabPath()fstab_path:/system/etc/fstab.default
12-14 03:24:04.733 1261 1261 I update_engine: [libfs_mgr]GetFstabPath()fstab_path:/first_stage_ramdisk/system/etc/fstab.default
12-14 03:24:04.734 1261 1261 I update_engine: [libfs_mgr]GetFstabPath()fstab_path:/fstab.default
12-14 03:24:04.736 1261 1261 I update_engine: [libfs_mgr]GetFstabPath()fstab_path:/first_stage_ramdisk/fstab.default
12-14 03:24:04.737 1261 1261 I update_engine: [libfs_mgr]GetFstabPath()fstab_path:/odm/etc/fstab.qcom
12-14 03:24:04.738 1261 1261 I update_engine: [libfs_mgr]GetFstabPath()fstab_path:/vendor/etc/fstab.qcom
12-14 03:24:04.739 1261 1261 I update_engine: [libfs_mgr]GetFstabPath()fstab_path.c_str():/vendor/etc/fstab.qcom
12-14 03:24:04.741 1261 1261 I update_engine: [INFO:dynamic_partition_control_android.cc(331)] Loaded metadata from slot B in /dev/block/bootdevice/by-name/super
12-14 03:24:04.742 1261 1261 I update_engine: [INFO:dynamic_partition_control_android.cc(1190)] dsp_b is not in super partition metadata.
12-14 03:24:04.744 1261 1261 I update_engine: [INFO:dynamic_partition_control_android.cc(331)] Loaded metadata from slot A in /dev/block/bootdevice/by-name/super
12-14 03:24:04.745 1261 1261 I update_engine: [libfs_mgr]dt_fstab: Skip disabled entry for partition vendor
12-14 03:24:04.746 1261 1261 I update_engine: [libfs_mgr]GetFstabPath()fstab_path:/odm/etc/fstab.default
12-14 03:24:04.747 1261 1261 I update_engine: [libfs_mgr]GetFstabPath()fstab_path:/vendor/etc/fstab.default
12-14 03:24:04.748 1261 1261 I update_engine: [libfs_mgr]GetFstabPath()fstab_path:/system/etc/fstab.default
12-14 03:24:04.749 1261 1261 I update_engine: [libfs_mgr]GetFstabPath()fstab_path:/first_stage_ramdisk/system/etc/fstab.default
12-14 03:24:04.750 1261 1261 I update_engine: [libfs_mgr]GetFstabPath()fstab_path:/fstab.default
12-14 03:24:04.751 1261 1261 I update_engine: [libfs_mgr]GetFstabPath()fstab_path:/first_stage_ramdisk/fstab.default
12-14 03:24:04.753 1261 1261 I update_engine: [libfs_mgr]GetFstabPath()fstab_path:/odm/etc/fstab.qcom
12-14 03:24:04.754 1261 1261 I update_engine: [libfs_mgr]GetFstabPath()fstab_path:/vendor/etc/fstab.qcom
12-14 03:24:04.755 1261 1261 I update_engine: [libfs_mgr]GetFstabPath()fstab_path.c_str():/vendor/etc/fstab.qcom
12-14 03:24:04.756 1261 1261 I update_engine: [INFO:dynamic_partition_control_android.cc(331)] Loaded metadata from slot B in /dev/block/bootdevice/by-name/super
12-14 03:24:04.757 1261 1261 I update_engine: [INFO:dynamic_partition_control_android.cc(1190)] dtbo_b is not in super partition metadata.
12-14 03:24:04.759 1261 1261 I update_engine: [INFO:dynamic_partition_control_android.cc(331)] Loaded metadata from slot A in /dev/block/bootdevice/by-name/super
12-14 03:24:04.760 1261 1261 I update_engine: [libfs_mgr]dt_fstab: Skip disabled entry for partition vendor
12-14 03:24:04.761 1261 1261 I update_engine: [libfs_mgr]GetFstabPath()fstab_path:/odm/etc/fstab.default
12-14 03:24:04.762 1261 1261 I update_engine: [libfs_mgr]GetFstabPath()fstab_path:/vendor/etc/fstab.default
12-14 03:24:04.763 1261 1261 I update_engine: [libfs_mgr]GetFstabPath()fstab_path:/system/etc/fstab.default
12-14 03:24:04.764 1261 1261 I update_engine: [libfs_mgr]GetFstabPath()fstab_path:/first_stage_ramdisk/system/etc/fstab.default
12-14 03:24:04.765 1261 1261 I update_engine: [libfs_mgr]GetFstabPath()fstab_path:/fstab.default
12-14 03:24:04.766 1261 1261 I update_engine: [libfs_mgr]GetFstabPath()fstab_path:/first_stage_ramdisk/fstab.default
12-14 03:24:04.767 1261 1261 I update_engine: [libfs_mgr]GetFstabPath()fstab_path:/odm/etc/fstab.qcom
12-14 03:24:04.768 1261 1261 I update_engine: [libfs_mgr]GetFstabPath()fstab_path:/vendor/etc/fstab.qcom
12-14 03:24:04.769 1261 1261 I update_engine: [libfs_mgr]GetFstabPath()fstab_path.c_str():/vendor/etc/fstab.qcom
12-14 03:24:04.771 1261 1261 I update_engine: [INFO:dynamic_partition_control_android.cc(331)] Loaded metadata from slot B in /dev/block/bootdevice/by-name/super
12-14 03:24:04.772 1261 1261 I update_engine: [INFO:dynamic_partition_control_android.cc(1190)] featenabler_b is not in super partition metadata.
12-14 03:24:04.773 1261 1261 I update_engine: [INFO:dynamic_partition_control_android.cc(331)] Loaded metadata from slot A in /dev/block/bootdevice/by-name/super
12-14 03:24:04.775 1261 1261 I update_engine: [libfs_mgr]dt_fstab: Skip disabled entry for partition vendor
12-14 03:24:04.776 1261 1261 I update_engine: [libfs_mgr]GetFstabPath()fstab_path:/odm/etc/fstab.default
12-14 03:24:04.777 1261 1261 I update_engine: [libfs_mgr]GetFstabPath()fstab_path:/vendor/etc/fstab.default
12-14 03:24:04.778 1261 1261 I update_engine: [libfs_mgr]GetFstabPath()fstab_path:/system/etc/fstab.default
12-14 03:24:04.779 1261 1261 I update_engine: [libfs_mgr]GetFstabPath()fstab_path:/first_stage_ramdisk/system/etc/fstab.default
12-14 03:24:04.780 1261 1261 I update_engine: [libfs_mgr]GetFstabPath()fstab_path:/fstab.default
12-14 03:24:04.781 1261 1261 I update_engine: [libfs_mgr]GetFstabPath()fstab_path:/first_stage_ramdisk/fstab.default
12-14 03:24:04.782 1261 1261 I update_engine: [libfs_mgr]GetFstabPath()fstab_path:/odm/etc/fstab.qcom
12-14 03:24:04.783 1261 1261 I update_engine: [libfs_mgr]GetFstabPath()fstab_path:/vendor/etc/fstab.qcom
12-14 03:24:04.784 1261 1261 I update_engine: [libfs_mgr]GetFstabPath()fstab_path.c_str():/vendor/etc/fstab.qcom
12-14 03:24:04.785 1261 1261 I update_engine: [INFO:dynamic_partition_control_android.cc(331)] Loaded metadata from slot B in /dev/block/bootdevice/by-name/super
12-14 03:24:04.787 1261 1261 I update_engine: [INFO:dynamic_partition_control_android.cc(1190)] hyp_b is not in super partition metadata.
12-14 03:24:04.788 1261 1261 I update_engine: [INFO:dynamic_partition_control_android.cc(331)] Loaded metadata from slot A in /dev/block/bootdevice/by-name/super
12-14 03:24:04.789 1261 1261 I update_engine: [libfs_mgr]dt_fstab: Skip disabled entry for partition vendor
12-14 03:24:04.790 1261 1261 I update_engine: [libfs_mgr]GetFstabPath()fstab_path:/odm/etc/fstab.default
12-14 03:24:04.791 1261 1261 I update_engine: [libfs_mgr]GetFstabPath()fstab_path:/vendor/etc/fstab.default
12-14 03:24:04.792 1261 1261 I update_engine: [libfs_mgr]GetFstabPath()fstab_path:/system/etc/fstab.default
12-14 03:24:04.793 1261 1261 I update_engine: [libfs_mgr]GetFstabPath()fstab_path:/first_stage_ramdisk/system/etc/fstab.default
12-14 03:24:04.794 1261 1261 I update_engine: [libfs_mgr]GetFstabPath()fstab_path:/fstab.default
12-14 03:24:04.795 1261 1261 I update_engine: [libfs_mgr]GetFstabPath()fstab_path:/first_stage_ramdisk/fstab.default
12-14 03:24:04.796 1261 1261 I update_engine: [libfs_mgr]GetFstabPath()fstab_path:/odm/etc/fstab.qcom
12-14 03:24:04.797 1261 1261 I update_engine: [libfs_mgr]GetFstabPath()fstab_path:/vendor/etc/fstab.qcom
12-14 03:24:04.798 1261 1261 I update_engine: [libfs_mgr]GetFstabPath()fstab_path.c_str():/vendor/etc/fstab.qcom
12-14 03:24:04.800 1261 1261 I update_engine: [INFO:dynamic_partition_control_android.cc(331)] Loaded metadata from slot B in /dev/block/bootdevice/by-name/super
12-14 03:24:04.801 1261 1261 I update_engine: [INFO:dynamic_partition_control_android.cc(1190)] imagefv_b is not in super partition metadata.
12-14 03:24:04.802 1261 1261 I update_engine: [INFO:dynamic_partition_control_android.cc(331)] Loaded metadata from slot A in /dev/block/bootdevice/by-name/super
12-14 03:24:04.804 1261 1261 I update_engine: [libfs_mgr]dt_fstab: Skip disabled entry for partition vendor
12-14 03:24:04.805 1261 1261 I update_engine: [libfs_mgr]GetFstabPath()fstab_path:/odm/etc/fstab.default
12-14 03:24:04.806 1261 1261 I update_engine: [libfs_mgr]GetFstabPath()fstab_path:/vendor/etc/fstab.default
12-14 03:24:04.807 1261 1261 I update_engine: [libfs_mgr]GetFstabPath()fstab_path:/system/etc/fstab.default
12-14 03:24:04.808 1261 1261 I update_engine: [libfs_mgr]GetFstabPath()fstab_path:/first_stage_ramdisk/system/etc/fstab.default
12-14 03:24:04.809 1261 1261 I update_engine: [libfs_mgr]GetFstabPath()fstab_path:/fstab.default
12-14 03:24:04.810 1261 1261 I update_engine: [libfs_mgr]GetFstabPath()fstab_path:/first_stage_ramdisk/fstab.default
12-14 03:24:04.811 1261 1261 I update_engine: [libfs_mgr]GetFstabPath()fstab_path:/odm/etc/fstab.qcom
12-14 03:24:04.812 1261 1261 I update_engine: [libfs_mgr]GetFstabPath()fstab_path:/vendor/etc/fstab.qcom
12-14 03:24:04.813 1261 1261 I update_engine: [libfs_mgr]GetFstabPath()fstab_path.c_str():/vendor/etc/fstab.qcom
12-14 03:24:04.815 1261 1261 I update_engine: [INFO:dynamic_partition_control_android.cc(331)] Loaded metadata from slot B in /dev/block/bootdevice/by-name/super
12-14 03:24:04.816 1261 1261 I update_engine: [INFO:dynamic_partition_control_android.cc(1190)] keymaster_b is not in super partition metadata.
12-14 03:24:04.817 1261 1261 I update_engine: [INFO:dynamic_partition_control_android.cc(331)] Loaded metadata from slot A in /dev/block/bootdevice/by-name/super
12-14 03:24:04.818 1261 1261 I update_engine: [libfs_mgr]dt_fstab: Skip disabled entry for partition vendor
12-14 03:24:04.820 1261 1261 I update_engine: [libfs_mgr]GetFstabPath()fstab_path:/odm/etc/fstab.default
12-14 03:24:04.821 1261 1261 I update_engine: [libfs_mgr]GetFstabPath()fstab_path:/vendor/etc/fstab.default
12-14 03:24:04.822 1261 1261 I update_engine: [libfs_mgr]GetFstabPath()fstab_path:/system/etc/fstab.default
12-14 03:24:04.823 1261 1261 I update_engine: [libfs_mgr]GetFstabPath()fstab_path:/first_stage_ramdisk/system/etc/fstab.default
12-14 03:24:04.824 1261 1261 I update_engine: [libfs_mgr]GetFstabPath()fstab_path:/fstab.default
12-14 03:24:04.825 1261 1261 I update_engine: [libfs_mgr]GetFstabPath()fstab_path:/first_stage_ramdisk/fstab.default
12-14 03:24:04.826 1261 1261 I update_engine: [libfs_mgr]GetFstabPath()fstab_path:/odm/etc/fstab.qcom
12-14 03:24:04.827 1261 1261 I update_engine: [libfs_mgr]GetFstabPath()fstab_path:/vendor/etc/fstab.qcom
12-14 03:24:04.828 1261 1261 I update_engine: [libfs_mgr]GetFstabPath()fstab_path.c_str():/vendor/etc/fstab.qcom
12-14 03:24:04.829 1261 1261 I update_engine: [INFO:dynamic_partition_control_android.cc(331)] Loaded metadata from slot B in /dev/block/bootdevice/by-name/super
12-14 03:24:04.830 1261 1261 I update_engine: [INFO:dynamic_partition_control_android.cc(1190)] modem_b is not in super partition metadata.
12-14 03:24:04.832 1261 1261 I update_engine: [INFO:dynamic_partition_control_android.cc(331)] Loaded metadata from slot A in /dev/block/bootdevice/by-name/super
12-14 03:24:04.833 1261 1261 I update_engine: [libfs_mgr]dt_fstab: Skip disabled entry for partition vendor
12-14 03:24:04.834 1261 1261 I update_engine: [libfs_mgr]GetFstabPath()fstab_path:/odm/etc/fstab.default
12-14 03:24:04.835 1261 1261 I update_engine: [libfs_mgr]GetFstabPath()fstab_path:/vendor/etc/fstab.default
12-14 03:24:04.836 1261 1261 I update_engine: [libfs_mgr]GetFstabPath()fstab_path:/system/etc/fstab.default
12-14 03:24:04.837 1261 1261 I update_engine: [libfs_mgr]GetFstabPath()fstab_path:/first_stage_ramdisk/system/etc/fstab.default
12-14 03:24:04.838 1261 1261 I update_engine: [libfs_mgr]GetFstabPath()fstab_path:/fstab.default
12-14 03:24:04.839 1261 1261 I update_engine: [libfs_mgr]GetFstabPath()fstab_path:/first_stage_ramdisk/fstab.default
12-14 03:24:04.840 1261 1261 I update_engine: [libfs_mgr]GetFstabPath()fstab_path:/odm/etc/fstab.qcom
12-14 03:24:04.841 1261 1261 I update_engine: [libfs_mgr]GetFstabPath()fstab_path:/vendor/etc/fstab.qcom
12-14 03:24:04.842 1261 1261 I update_engine: [libfs_mgr]GetFstabPath()fstab_path.c_str():/vendor/etc/fstab.qcom
12-14 03:24:04.844 1261 1261 I update_engine: [INFO:dynamic_partition_control_android.cc(331)] Loaded metadata from slot B in /dev/block/bootdevice/by-name/super
12-14 03:24:04.845 1261 1261 I update_engine: [INFO:dynamic_partition_control_android.cc(1190)] multiimgoem_b is not in super partition metadata.
12-14 03:24:04.846 1261 1261 I update_engine: [INFO:dynamic_partition_control_android.cc(331)] Loaded metadata from slot A in /dev/block/bootdevice/by-name/super
12-14 03:24:04.848 1261 1261 I update_engine: [libfs_mgr]dt_fstab: Skip disabled entry for partition vendor
12-14 03:24:04.849 1261 1261 I update_engine: [libfs_mgr]GetFstabPath()fstab_path:/odm/etc/fstab.default
12-14 03:24:04.850 1261 1261 I update_engine: [libfs_mgr]GetFstabPath()fstab_path:/vendor/etc/fstab.default
12-14 03:24:04.851 1261 1261 I update_engine: [libfs_mgr]GetFstabPath()fstab_path:/system/etc/fstab.default
12-14 03:24:04.852 1261 1261 I update_engine: [libfs_mgr]GetFstabPath()fstab_path:/first_stage_ramdisk/system/etc/fstab.default
12-14 03:24:04.853 1261 1261 I update_engine: [libfs_mgr]GetFstabPath()fstab_path:/fstab.default
12-14 03:24:04.854 1261 1261 I update_engine: [libfs_mgr]GetFstabPath()fstab_path:/first_stage_ramdisk/fstab.default
12-14 03:24:04.855 1261 1261 I update_engine: [libfs_mgr]GetFstabPath()fstab_path:/odm/etc/fstab.qcom
12-14 03:24:04.856 1261 1261 I update_engine: [libfs_mgr]GetFstabPath()fstab_path:/vendor/etc/fstab.qcom
12-14 03:24:04.857 1261 1261 I update_engine: [libfs_mgr]GetFstabPath()fstab_path.c_str():/vendor/etc/fstab.qcom
12-14 03:24:04.859 1261 1261 I update_engine: [INFO:dynamic_partition_control_android.cc(331)] Loaded metadata from slot B in /dev/block/bootdevice/by-name/super
12-14 03:24:04.860 499 499 I servicemanager: Since 'gsiservice' could not be found, trying to start it as a lazy AIDL service
01-01 09:22:09.402 0 0 I init : starting service 'gsid'...
01-01 09:22:09.407 0 0 I init : Control message: Processed ctl.interface_start for 'aidl/gsiservice' from pid: 499 (/system/bin/servicemanager)
12-14 03:24:04.884 4335 4335 D ProcessState: Binder ioctl to enable oneway spam detection failed: Invalid argument
12-14 03:24:04.885 4335 4335 I AidlLazyServiceRegistrar: Registering service gsiservice
01-01 09:22:09.425 0 0 I binder : 4335:4335 ioctl 40046210 7fc3ea8aa4 returned -22
01-01 09:22:09.439 0 0 D : mv2112_read_status
01-01 09:22:09.439 0 0 D mv2112_update_link: 3.0x901(1G): 0x80
01-01 09:22:09.439 0 0 D mv2112_update_link: 3.0x8109(100M): 0x8
01-01 09:22:09.439 0 0 D mv2112_update_link: link 0x0
01-01 09:22:09.439 0 0 D mv2112_read_status: autoneg is disabled
12-14 03:24:05.139 2339 2422 I OpenGLRenderer: Davey! duration=9223371923189ms; Flags=0, FrameTimelineVsyncId=3154, IntendedVsync=113664670630, Vsync=113664670630, InputEventId=0, HandleInputStart=113665638861, AnimationStart=113665644486, PerformTraversalsStart=113665647246, DrawStart=113685491934, FrameDeadline=113698003962, FrameInterval=113665623236, FrameStartTime=16666666, SyncQueued=113686685319, SyncStart=113686793809, IssueDrawCommandsStart=113687756934, SwapBuffers=113691088913, FrameCompleted=9223372036854775807, DequeueBufferDuration=56927, QueueBufferDuration=1603541, GpuCompleted=9223372036854775807, SwapBuffersCompleted=113693526882, DisplayPresentTime=45037327713566784,
12-14 03:24:05.485 640 655 I mpu_uart: [MSG-P:RECV]:No message received in 1000 ms
12-14 03:24:05.571 0 0 W swapper/0: type=1400 audit(0.0:336): avc: denied { kill } for capability=5 scontext=u:r:kernel:s0 tcontext=u:r:kernel:s0 tclass=capability permissive=0
12-14 03:24:05.861 1261 1261 W ServiceManager: Waited one second for gsiservice (is service started? are binder threads started and available?)
12-14 03:24:05.867 499 499 I BpBinder: onLastStrongRef automatically unlinking death recipients:
12-14 03:24:05.870 1261 1261 I update_engine: Successfully unmapped snapshot odm_b
12-14 03:24:05.884 514 551 D vold : Disk at 252:11 changed
12-14 03:24:05.905 1261 1261 I update_engine: [libfs_mgr]Created logical partition odm_b-base on device /dev/block/dm-11
12-14 03:24:05.912 514 551 D vold : Disk at 252:12 changed
01-01 09:22:10.463 0 0 D : mv2112_read_status
01-01 09:22:10.463 0 0 D mv2112_update_link: 3.0x901(1G): 0x80
01-01 09:22:10.463 0 0 D mv2112_update_link: 3.0x8109(100M): 0x8
01-01 09:22:10.463 0 0 D mv2112_update_link: link 0x0
01-01 09:22:10.463 0 0 D mv2112_read_status: autoneg is disabled
12-14 03:24:05.932 1261 1261 I update_engine: Mapped COW device for odm_b at /dev/block/dm-12
12-14 03:24:05.942 514 551 D vold : Disk at 252:13 changed
12-14 03:24:05.963 1261 1261 I update_engine: Mapped odm_b as snapshot device at /dev/block/dm-13
12-14 03:24:05.966 1261 1261 I update_engine: [INFO:dynamic_partition_control_android.cc(205)] Succesfully mapped odm_b to device mapper (force_writable = 1); device path at /dev/block/dm-13
12-14 03:24:05.968 1261 1261 I update_engine: [libfs_mgr]dt_fstab: Skip disabled entry for partition vendor
12-14 03:24:05.971 1261 1261 I update_engine: [libfs_mgr]GetFstabPath()fstab_path:/odm/etc/fstab.default
12-14 03:24:05.973 1261 1261 I update_engine: [libfs_mgr]GetFstabPath()fstab_path:/vendor/etc/fstab.default
12-14 03:24:05.975 1261 1261 I update_engine: [libfs_mgr]GetFstabPath()fstab_path:/system/etc/fstab.default
12-14 03:24:05.977 1261 1261 I update_engine: [libfs_mgr]GetFstabPath()fstab_path:/first_stage_ramdisk/system/etc/fstab.default
12-14 03:24:05.978 1261 1261 I update_engine: [libfs_mgr]GetFstabPath()fstab_path:/fstab.default
12-14 03:24:05.980 1261 1261 I update_engine: [libfs_mgr]GetFstabPath()fstab_path:/first_stage_ramdisk/fstab.default
12-14 03:24:05.982 1261 1261 I update_engine: [libfs_mgr]GetFstabPath()fstab_path:/odm/etc/fstab.qcom
12-14 03:24:05.984 1261 1261 I update_engine: [libfs_mgr]GetFstabPath()fstab_path:/vendor/etc/fstab.qcom
12-14 03:24:05.986 1261 1261 I update_engine: [libfs_mgr]GetFstabPath()fstab_path.c_str():/vendor/etc/fstab.qcom
12-14 03:24:05.989 1261 1261 I update_engine: [INFO:dynamic_partition_control_android.cc(331)] Loaded metadata from slot B in /dev/block/bootdevice/by-name/super
12-14 03:24:05.991 1261 1261 I update_engine: Successfully unmapped snapshot product_b
12-14 03:24:05.996 514 551 D vold : Disk at 252:14 changed
12-14 03:24:06.016 1261 1261 I update_engine: [libfs_mgr]Created logical partition product_b-base on device /dev/block/dm-14
12-14 03:24:06.023 514 551 D vold : Disk at 252:15 changed
12-14 03:24:06.044 1261 1261 I update_engine: Mapped COW device for product_b at /dev/block/dm-15
12-14 03:24:06.091 514 551 D vold : Disk at 252:16 changed
12-14 03:24:06.091 1261 1261 I update_engine: Mapped product_b as snapshot device at /dev/block/dm-16
12-14 03:24:06.093 1261 1261 I update_engine: [INFO:dynamic_partition_control_android.cc(205)] Succesfully mapped product_b to device mapper (force_writable = 1); device path at /dev/block/dm-16
12-14 03:24:06.095 1261 1261 I update_engine: [libfs_mgr]dt_fstab: Skip disabled entry for partition vendor
12-14 03:24:06.096 1261 1261 I update_engine: [libfs_mgr]GetFstabPath()fstab_path:/odm/etc/fstab.default
12-14 03:24:06.097 1261 1261 I update_engine: [libfs_mgr]GetFstabPath()fstab_path:/vendor/etc/fstab.default
12-14 03:24:06.098 1261 1261 I update_engine: [libfs_mgr]GetFstabPath()fstab_path:/system/etc/fstab.default
