12-14 03:25:13.932 2716 2716 D hpplay-base: [mdns:813] mdns start bind port:5353
12-14 03:25:13.932 2716 2716 D hpplay-base: [mdns:813] mdns start bind port:5353
12-14 03:25:13.933 2716 2716 D hpplay-base: [mdns:813] mdns start bind port:5353
12-14 03:25:13.933 2716 2716 D hpplay-base: [mdns:813] mdns start bind port:5353
12-14 03:25:13.933 2716 2716 I hpplay-base: [mDNSEmbeded:57] embedded_mDNSInit stopmDNSNow:0 status:0
12-14 03:25:13.933 2716 2716 D hpplay-base: [mDNSEmbeded:436] startmDNSServer end nRet=0
12-14 03:25:13.933 2716 2716 D hpplay-base: [LelinkBase:555] lelink broadcast_on_off:1 log2java_on_off:1
12-14 03:25:13.933 2716 2716 D hpplay-base: [AEventUtils:595] request to start event handle service!!
12-14 03:25:13.933 2716 2716 D hpplay-base: [AEventUtils:603] start_event_handle_service,begin to run!!
12-14 03:25:13.933 2716 4584 I hpplay-base: [mDNSEmbeded:268] start lelink publish server, tid is 4584
12-14 03:25:13.933 2716 2716 D hpplay-base: [REventUtils:210] start_event_handle_service,begin to run!!
12-14 03:25:13.933 2716 4585 D hpplay-base: [mDNSEmbeded:197] http_port bind check 197 http_port_check
12-14 03:25:13.933 2716 2716 D hpplay-base: [LelinkBase:576] startAllServer success .
12-14 03:25:13.933 2716 2716 D hpplay-base: [jniBridge:894] startDlna_link:http://192.168.0.18:49152/description.xml
12-14 03:25:13.934 2716 4586 D hpplay-base: [AEventUtils:171] create handle AEvent thread ok!!,tid is 4586
12-14 03:25:13.934 2716 4587 D hpplay-base: [REventUtils:59] create handleREventThread thread ok!!,tid is 4587
12-14 03:25:13.934 2716 4585 D hpplay-base: [mDNSEmbeded:217] http_port bind check 217 http_port_check
12-14 03:25:13.934 2716 4585 D hpplay-base: [mDNSEmbeded:222] http_port bind check 222 http_port_check
12-14 03:25:13.934 2716 4588 D hpplay-base: [jniBridge:1081] notifyJavaDlnalink:http://192.168.0.18:49152/description.xml
12-14 03:25:13.934 2716 4588 D hpplay-base: [jniBridge:1726] notifyJava, what:207, castType:0, mimeType:0 baseStatus:2
12-14 03:25:13.934 2716 4588 D hpplay-base: [jniBridge:1727] notifyJava sessionID:(null)
12-14 03:25:13.935 2716 4588 I hpplay-java: [Thread-35]:Bridge:notify: what: 207
12-14 03:25:13.936 2716 4585 D hpplay-base: [mDNSEmbeded:234] http_port bind check 234 http_port_check port:52266
12-14 03:25:13.936 2716 4585 D hpplay-base: [mDNSEmbeded:237] http_port bind check 237 http_port_check
12-14 03:25:13.936 2716 4588 I hpplay-java: [Thread-35]:Bridge:notify: out: OutParameters:{audioSessionId=-1, audiotrackIndex=0, castHandleType=-1, castType=0, deviceName='http://192.168.0.18:49152/description.xml', dlnaName='', dramaID='', extra=0, frameHandleType=-1, handleInside=true, headduration=0, header='', headers=null, isAD=false, isMultiMirror=false, lelinkVer='', limitTime=0, , mediaAlbum='null', mediaAlbumArtURI='', mediaArtist='null', mediaAssets='', mediaTitle='null', mimeType=0, multiSession=null, period=0, pinCode='', playSpeed=0.0, playerChoice=0, plugin=0, port=0, position=0.0, positionUnit=2, protocol=0, realSessionID='', regType='', , sinkIp='', sourceAPPVersion='', sourceChannel='', sourceClientInfo='', sourceDeviceInfo='', sourceDeviceModel='', sourceDeviceName='', sourceDeviceType=0, sourceHID='', , sourceInfo='', , , sourceOSVersion='', sourceSDKVersion='', sourceUid='', stopDetail=0, stopReason=0, tailduration=0, url='', urlID='', urls=null, userAgent='', videoDecoder=0, volume=0, what=207}com.hpplay.sdk.sink.protocol.OutParameters@493ac02
12-14 03:25:13.936 2716 4588 I hpplay-java: [Thread-35]:Bridge:notify: address:215288083
12-14 03:25:13.936 2716 4590 D hpplay-base: [lelinkSinkServer:93] new client connection from 127.0.0.1 4795, fd=110
12-14 03:25:13.936 2716 4590 D hpplay-base: [SinkContext:137] addSinkContextSession,begin to run!!
12-14 03:25:13.936 2716 4590 D hpplay-base: [SinkContext:142] addSinkContextSession,begin to get lock!!
12-14 03:25:13.936 2716 4590 D hpplay-base: [SinkContext:144] addSinkContextSession,get lock ok!!
12-14 03:25:13.936 2716 4590 D hpplay-base: [SinkContext:149] addSinkContextSession,session list is null,begin to malloc!!
12-14 03:25:13.936 2716 4590 D hpplay-base: [SinkContext:156] addSinkContextSession,begin to update!!
12-14 03:25:13.936 2716 4590 D hpplay-base: [SinkContext:160] addSinkContextSession,begin to update header!!
12-14 03:25:13.936 2716 4590 D hpplay-base: [SinkContext:172] addSinkContextSession,begin to unlock!!
12-14 03:25:13.936 2716 4590 D hpplay-base: [SinkContext:174] addSinkContextSession,unlock ok!!
12-14 03:25:13.936 2716 4590 D hpplay-base: [LelinkReceiver:4908] get ping !!!
12-14 03:25:13.937 2716 4583 D hpplay-base: [LelinkMDNS:729] leboAuthorizationCheck strUuid=4a:41:02:02:dc:4f000000000000000
12-14 03:25:13.937 2716 4583 D hpplay-base: [LelinkMDNS:730] leboAuthorizationCheck mPermissionDid=4a:41:02:02:dc:4f000000000000000
12-14 03:25:13.937 2716 4583 D hpplay-base: [LelinkMDNS:755] leboAuthorizationCheck mPermissionMac=4a:41:02:02:dc:4f000000000000000
12-14 03:25:13.937 2716 4585 D hpplay-base: [mDNSEmbeded:240] http_port bind check 240 http_port_check recieved:64
12-14 03:25:13.937 2716 4585 D hpplay-base: [mDNSEmbeded:243] http_port bind check 243 http_port_check
12-14 03:25:13.937 2716 4585 D hpplay-base: [mDNSEmbeded:244] http_port bind check ok!
12-14 03:25:14.013 4333 4333 I update_engine_client: [INFO:update_engine_client_android.cc(92)] onStatusUpdate(UPDATE_STATUS_DOWNLOADING (3), 0.923698)
12-14 03:25:14.137 2716 4590 I hpplay-base: [LelinkReceiver:14605] _connectionFinalize (110)
12-14 03:25:14.137 2716 4590 D hpplay-base: [LelinkReceiver:14752] ###connectionFinalize,release ok!!###
12-14 03:25:14.352 2716 4512 W hpplay-java: [AsyncTask #65]:HttpRequest:
12-14 03:25:14.353 2087 3933 D NetworkMonitor/100: isDataStall: result=1, tcp packets received=0, latest tcp fail rate=-1, consecutive dns timeout count=24
12-14 03:25:14.353 2087 3933 D NetworkMonitor/100: Suspecting data stall, reevaluate
12-14 03:25:14.353 2716 4512 W hpplay-java: [AsyncTask #65]:HttpRequest:
12-14 03:25:14.354 2716 4512 W hpplay-java: [AsyncTask #65]:HttpRequest:
12-14 03:25:14.354 1500 2079 D ConnectivityService: Data stall detected with methods: 1
12-14 03:25:14.354 2087 4591 D NetworkMonitor/100: Validation disabled.
12-14 03:25:14.360 1500 1896 D ConnectivityService: [100 WIFI] validation passed
12-14 03:25:14.506 640 655 I mpu_uart: [MSG-P:RECV]:No message received in 1000 ms
01-01 09:23:19.071 0 0 D : mv2112_read_status
01-01 09:23:19.071 0 0 D mv2112_update_link: 3.0x901(1G): 0x80
01-01 09:23:19.071 0 0 D mv2112_update_link: 3.0x8109(100M): 0x8
01-01 09:23:19.071 0 0 D mv2112_update_link: link 0x0
01-01 09:23:19.071 0 0 D mv2112_read_status: autoneg is disabled
12-14 03:25:14.571 1261 1261 W update_engine: type=1400 audit(0.0:404): avc: denied { kill } for capability=5 scontext=u:r:update_engine:s0 tcontext=u:r:update_engine:s0 tclass=capability permissive=0
12-14 03:25:15.506 640 655 I mpu_uart: [MSG-P:RECV]:No message received in 1000 ms
01-01 09:23:20.095 0 0 D : mv2112_read_status
01-01 09:23:20.095 0 0 D mv2112_update_link: 3.0x901(1G): 0x80
01-01 09:23:20.095 0 0 D mv2112_update_link: 3.0x8109(100M): 0x8
01-01 09:23:20.095 0 0 D mv2112_update_link: link 0x0
01-01 09:23:20.095 0 0 D mv2112_read_status: autoneg is disabled
12-14 03:25:15.571 0 0 W swapper/3: type=1400 audit(0.0:405): avc: denied { kill } for capability=5 scontext=u:r:kernel:s0 tcontext=u:r:kernel:s0 tclass=capability permissive=0
12-14 03:25:15.610 640 654 I mpu_uart: [MSG-P:R]:recv sync frame timeout
12-14 03:25:16.507 640 655 I mpu_uart: [MSG-P:RECV]:No message received in 1000 ms
12-14 03:25:16.571 0 0 W swapper/3: type=1400 audit(0.0:406): avc: denied { kill } for capability=5 scontext=u:r:kernel:s0 tcontext=u:r:kernel:s0 tclass=capability permissive=0
01-01 09:23:21.119 0 0 D : mv2112_read_status
01-01 09:23:21.119 0 0 D mv2112_update_link: 3.0x901(1G): 0x80
01-01 09:23:21.119 0 0 D mv2112_update_link: 3.0x8109(100M): 0x8
01-01 09:23:21.119 0 0 D mv2112_update_link: link 0x0
01-01 09:23:21.119 0 0 D mv2112_read_status: autoneg is disabled
12-14 03:25:16.601 4333 4333 I update_engine_client: [INFO:update_engine_client_android.cc(92)] onStatusUpdate(UPDATE_STATUS_DOWNLOADING (3), 0.933712)
12-14 03:25:16.955 2000 2759 I OpenGLRenderer: Davey! duration=9223371851348ms; Flags=0, FrameTimelineVsyncId=4332, IntendedVsync=185506384222, Vsync=185506384222, InputEventId=0, HandleInputStart=185506823052, AnimationStart=185506826073, PerformTraversalsStart=185506829198, DrawStart=185517275709, FrameDeadline=185539717554, FrameInterval=185506812531, FrameStartTime=16666666, SyncQueued=185517633990, SyncStart=185517734771, IssueDrawCommandsStart=185517821802, SwapBuffers=185518675604, FrameCompleted=9223372036854775807, DequeueBufferDuration=38437, QueueBufferDuration=775781, GpuCompleted=9223372036854775807, SwapBuffersCompleted=185519882063, DisplayPresentTime=0,
12-14 03:25:17.507 640 655 I mpu_uart: [MSG-P:RECV]:No message received in 1000 ms
12-14 03:25:17.571 0 0 W swapper/1: type=1400 audit(0.0:407): avc: denied { kill } for capability=5 scontext=u:r:kernel:s0 tcontext=u:r:kernel:s0 tclass=capability permissive=0
01-01 09:23:22.143 0 0 D : mv2112_read_status
01-01 09:23:22.143 0 0 D mv2112_update_link: 3.0x901(1G): 0x80
01-01 09:23:22.143 0 0 D mv2112_update_link: 3.0x8109(100M): 0x8
01-01 09:23:22.143 0 0 D mv2112_update_link: link 0x0
01-01 09:23:22.143 0 0 D mv2112_read_status: autoneg is disabled
12-14 03:25:18.507 640 655 I mpu_uart: [MSG-P:RECV]:No message received in 1000 ms
12-14 03:25:18.571 0 0 W swapper/1: type=1400 audit(0.0:408): avc: denied { kill } for capability=5 scontext=u:r:kernel:s0 tcontext=u:r:kernel:s0 tclass=capability permissive=0
12-14 03:25:18.610 640 654 I mpu_uart: [MSG-P:R]:recv sync frame timeout
01-01 09:23:23.167 0 0 D : mv2112_read_status
01-01 09:23:23.167 0 0 D mv2112_update_link: 3.0x901(1G): 0x80
01-01 09:23:23.167 0 0 D mv2112_update_link: 3.0x8109(100M): 0x8
01-01 09:23:23.167 0 0 D mv2112_update_link: link 0x0
01-01 09:23:23.167 0 0 D mv2112_read_status: autoneg is disabled
12-14 03:25:18.866 2716 2716 I hpplay-java: [main]:ServiceUpdater:upLoadServiceInfo invalid deviceCode:, port:53388
12-14 03:25:19.168 4333 4333 I update_engine_client: [INFO:update_engine_client_android.cc(92)] onStatusUpdate(UPDATE_STATUS_DOWNLOADING (3), 0.943725)
12-14 03:25:19.508 640 655 I mpu_uart: [MSG-P:RECV]:No message received in 1000 ms
12-14 03:25:19.571 1261 1261 W update_engine: type=1400 audit(0.0:409): avc: denied { kill } for capability=5 scontext=u:r:update_engine:s0 tcontext=u:r:update_engine:s0 tclass=capability permissive=0
01-01 09:23:24.191 0 0 D : mv2112_read_status
01-01 09:23:24.191 0 0 D mv2112_update_link: 3.0x901(1G): 0x80
01-01 09:23:24.191 0 0 D mv2112_update_link: 3.0x8109(100M): 0x8
01-01 09:23:24.191 0 0 D mv2112_update_link: link 0x0
01-01 09:23:24.191 0 0 D mv2112_read_status: autoneg is disabled
12-14 03:25:20.508 640 655 I mpu_uart: [MSG-P:RECV]:No message received in 1000 ms
12-14 03:25:20.571 1261 1261 W update_engine: type=1400 audit(0.0:410): avc: denied { kill } for capability=5 scontext=u:r:update_engine:s0 tcontext=u:r:update_engine:s0 tclass=capability permissive=0
01-01 09:23:25.215 0 0 D : mv2112_read_status
01-01 09:23:25.215 0 0 D mv2112_update_link: 3.0x901(1G): 0x80
01-01 09:23:25.215 0 0 D mv2112_update_link: 3.0x8109(100M): 0x8
01-01 09:23:25.215 0 0 D mv2112_update_link: link 0x0
01-01 09:23:25.215 0 0 D mv2112_read_status: autoneg is disabled
12-14 03:25:21.508 640 655 I mpu_uart: [MSG-P:RECV]:No message received in 1000 ms
12-14 03:25:21.571 0 0 W swapper/1: type=1400 audit(0.0:411): avc: denied { kill } for capability=5 scontext=u:r:kernel:s0 tcontext=u:r:kernel:s0 tclass=capability permissive=0
12-14 03:25:21.599 4333 4333 I update_engine_client: [INFO:update_engine_client_android.cc(92)] onStatusUpdate(UPDATE_STATUS_DOWNLOADING (3), 0.953738)
12-14 03:25:21.614 640 654 I mpu_uart: [MSG-P:R]:recv sync frame timeout
01-01 09:23:26.239 0 0 D : mv2112_read_status
01-01 09:23:26.239 0 0 D mv2112_update_link: 3.0x901(1G): 0x80
01-01 09:23:26.239 0 0 D mv2112_update_link: 3.0x8109(100M): 0x8
01-01 09:23:26.239 0 0 D mv2112_update_link: link 0x0
01-01 09:23:26.239 0 0 D mv2112_read_status: autoneg is disabled
01-01 09:23:27.009 0 0 I logd : logdr: UID=2000 GID=2000 PID=4596 b tail=0 logMask=99 pid=0 start=0ns deadline=0ns
12-14 03:25:22.509 640 655 I mpu_uart: [MSG-P:RECV]:No message received in 1000 ms
12-14 03:25:22.571 0 0 W swapper/1: type=1400 audit(0.0:412): avc: denied { kill } for capability=5 scontext=u:r:kernel:s0 tcontext=u:r:kernel:s0 tclass=capability permissive=0
01-01 09:23:27.263 0 0 D : mv2112_read_status
01-01 09:23:27.263 0 0 D mv2112_update_link: 3.0x901(1G): 0x80
01-01 09:23:27.263 0 0 D mv2112_update_link: 3.0x8109(100M): 0x8
01-01 09:23:27.263 0 0 D mv2112_update_link: link 0x0
01-01 09:23:27.263 0 0 D mv2112_read_status: autoneg is disabled
12-14 03:25:23.509 640 655 I mpu_uart: [MSG-P:RECV]:No message received in 1000 ms
12-14 03:25:23.571 0 0 W swapper/1: type=1400 audit(0.0:413): avc: denied { kill } for capability=5 scontext=u:r:kernel:s0 tcontext=u:r:kernel:s0 tclass=capability permissive=0
01-01 09:23:28.287 0 0 D : mv2112_read_status
01-01 09:23:28.287 0 0 D mv2112_update_link: 3.0x901(1G): 0x80
01-01 09:23:28.287 0 0 D mv2112_update_link: 3.0x8109(100M): 0x8
01-01 09:23:28.287 0 0 D mv2112_update_link: link 0x0
01-01 09:23:28.287 0 0 D mv2112_read_status: autoneg is disabled
12-14 03:25:23.853 2716 2716 I hpplay-java: [main]:Upgrade:upgrade not be allowed
12-14 03:25:23.873 2716 2716 I hpplay-java: [main]:ServerBusiness:get deviceCode:
12-14 03:25:23.873 2716 2716 W hpplay-java: [main]:ServerBusiness:startDeviceService ignore,invalid deviceCode
12-14 03:25:24.059 4333 4333 I update_engine_client: [INFO:update_engine_client_android.cc(92)] onStatusUpdate(UPDATE_STATUS_DOWNLOADING (3), 0.963752)
12-14 03:25:24.509 640 655 I mpu_uart: [MSG-P:RECV]:No message received in 1000 ms
12-14 03:25:24.571 0 0 W swapper/1: type=1400 audit(0.0:414): avc: denied { kill } for capability=5 scontext=u:r:kernel:s0 tcontext=u:r:kernel:s0 tclass=capability permissive=0
12-14 03:25:24.617 640 654 I mpu_uart: [MSG-P:R]:recv sync frame timeout
01-01 09:23:29.311 0 0 D : mv2112_read_status
01-01 09:23:29.311 0 0 D mv2112_update_link: 3.0x901(1G): 0x80
01-01 09:23:29.311 0 0 D mv2112_update_link: 3.0x8109(100M): 0x8
01-01 09:23:29.311 0 0 D mv2112_update_link: link 0x0
01-01 09:23:29.311 0 0 D mv2112_read_status: autoneg is disabled
12-14 03:25:25.509 640 655 I mpu_uart: [MSG-P:RECV]:No message received in 1000 ms
12-14 03:25:25.571 0 0 W swapper/1: type=1400 audit(0.0:415): avc: denied { kill } for capability=5 scontext=u:r:kernel:s0 tcontext=u:r:kernel:s0 tclass=capability permissive=0
01-01 09:23:30.335 0 0 D : mv2112_read_status
01-01 09:23:30.335 0 0 D mv2112_update_link: 3.0x901(1G): 0x80
01-01 09:23:30.335 0 0 D mv2112_update_link: 3.0x8109(100M): 0x8
01-01 09:23:30.335 0 0 D mv2112_update_link: link 0x0
01-01 09:23:30.335 0 0 D mv2112_read_status: autoneg is disabled
12-14 03:25:26.510 640 655 I mpu_uart: [MSG-P:RECV]:No message received in 1000 ms
12-14 03:25:26.529 4333 4333 I update_engine_client: [INFO:update_engine_client_android.cc(92)] onStatusUpdate(UPDATE_STATUS_DOWNLOADING (3), 0.973765)
12-14 03:25:26.571 0 0 W swapper/1: type=1400 audit(0.0:416): avc: denied { kill } for capability=5 scontext=u:r:kernel:s0 tcontext=u:r:kernel:s0 tclass=capability permissive=0
01-01 09:23:31.359 0 0 D : mv2112_read_status
01-01 09:23:31.359 0 0 D mv2112_update_link: 3.0x901(1G): 0x80
01-01 09:23:31.359 0 0 D mv2112_update_link: 3.0x8109(100M): 0x8
01-01 09:23:31.359 0 0 D mv2112_update_link: link 0x0
01-01 09:23:31.359 0 0 D mv2112_read_status: autoneg is disabled
12-14 03:25:26.872 1201 1430 I selfinstaller: TC GetPartNumber() mock-part-111
12-14 03:25:27.510 640 655 I mpu_uart: [MSG-P:RECV]:No message received in 1000 ms
12-14 03:25:27.571 1261 1261 W update_engine: type=1400 audit(0.0:417): avc: denied { kill } for capability=5 scontext=u:r:update_engine:s0 tcontext=u:r:update_engine:s0 tclass=capability permissive=0
12-14 03:25:27.620 640 654 I mpu_uart: [MSG-P:R]:recv sync frame timeout
01-01 09:23:32.383 0 0 D : mv2112_read_status
01-01 09:23:32.383 0 0 D mv2112_update_link: 3.0x901(1G): 0x80
01-01 09:23:32.383 0 0 D mv2112_update_link: 3.0x8109(100M): 0x8
01-01 09:23:32.383 0 0 D mv2112_update_link: link 0x0
01-01 09:23:32.383 0 0 D mv2112_read_status: autoneg is disabled
12-14 03:25:28.510 640 655 I mpu_uart: [MSG-P:RECV]:No message received in 1000 ms
12-14 03:25:28.571 1261 1261 W update_engine: type=1400 audit(0.0:418): avc: denied { kill } for capability=5 scontext=u:r:update_engine:s0 tcontext=u:r:update_engine:s0 tclass=capability permissive=0
12-14 03:25:28.852 2716 2716 I hpplay-java: [main]:ServerTaskManager:task run out of time
12-14 03:25:28.852 2716 2716 I hpplay-java: [main]:ServerTaskManager:cancelTimeOutCheck
12-14 03:25:28.852 2716 2716 I hpplay-java: [main]:ServerTaskManager:exeTask ignore, reason: TaskList is clear
01-01 09:23:33.407 0 0 D : mv2112_read_status
01-01 09:23:33.407 0 0 D mv2112_update_link: 3.0x901(1G): 0x80
01-01 09:23:33.407 0 0 D mv2112_update_link: 3.0x8109(100M): 0x8
01-01 09:23:33.407 0 0 D mv2112_update_link: link 0x0
01-01 09:23:33.407 0 0 D mv2112_read_status: autoneg is disabled
12-14 03:25:29.027 2716 4583 D hpplay-base: [LelinkMDNS:766] devicePermissionPublic leboPermissionCheck:-2
12-14 03:25:29.027 2716 4583 D hpplay-base: [jniBridge:1125] com_hpplay_sdk_sink_protocol_Bridge_WHAT_SERVER_ERROR
12-14 03:25:29.027 2716 4583 D hpplay-base: [jniBridge:1726] notifyJava, what:204, castType:0, mimeType:0 baseStatus:2
12-14 03:25:29.027 2716 4583 D hpplay-base: [jniBridge:1727] notifyJava sessionID:(null)
12-14 03:25:29.028 2716 4583 I hpplay-java: [Thread-36]:Bridge:notify: what: 204
12-14 03:25:29.029 2716 4583 I hpplay-java: [Thread-36]:Bridge:notify: out: OutParameters:{audioSessionId=-1, audiotrackIndex=0, castHandleType=-1, castType=0, deviceName='', dlnaName='', dramaID='', extra=-2002, frameHandleType=-1, handleInside=true, headduration=0, header='', headers=null, isAD=false, isMultiMirror=false, lelinkVer='', limitTime=0, , mediaAlbum='null', mediaAlbumArtURI='', mediaArtist='null', mediaAssets='', mediaTitle='null', mimeType=0, multiSession=null, period=0, pinCode='', playSpeed=0.0, playerChoice=0, plugin=0, port=0, position=0.0, positionUnit=2, protocol=0, realSessionID='', regType='', , sinkIp='', sourceAPPVersion='', sourceChannel='', sourceClientInfo='', sourceDeviceInfo='', sourceDeviceModel='', sourceDeviceName='', sourceDeviceType=0, sourceHID='', , sourceInfo='', , , sourceOSVersion='', sourceSDKVersion='', sourceUid='', stopDetail=0, stopReason=0, tailduration=0, url='', urlID='', urls=null, userAgent='', videoDecoder=0, volume=0, what=204}com.hpplay.sdk.sink.protocol.OutParameters@a94864e
12-14 03:25:29.029 2716 4583 I hpplay-java: [Thread-36]:Bridge:notify: address:8201071
12-14 03:25:29.029 2716 4583 I hpplay-base: [mDNSEmbeded:79] embedded_mDNSLoop stopmDNSNow:0 nPublish:-2 nExitFlag:6 tid is 4583
12-14 03:25:29.029 2716 2716 I hpplay-java: [main]:Bridge:findServiceID start out: 8201071
12-14 03:25:29.029 2716 2716 I hpplay-java: [main]:Bridge:findServiceID end
12-14 03:25:29.029 2716 2716 E hpplay-java: [main]:ServerTaskManager:onError 204/-2002 com.hht.lebocast.LelinkHelper$e@22899d
12-14 03:25:29.030 2716 2716 I hpplay-java: [main]:ServerTaskManager:cancelTimeOutCheck
12-14 03:25:29.030 2716 2716 W hpplay-java: [main]:ServerTaskManager:onErrorDispatcher errorCode:-2002
12-14 03:25:29.030 2716 2716 I hpplay-java: [main]:ServerTaskManager:onError retry later
12-14 03:25:29.129 4333 4333 I update_engine_client: [INFO:update_engine_client_android.cc(92)] onStatusUpdate(UPDATE_STATUS_DOWNLOADING (3), 0.983778)
12-14 03:25:29.510 640 655 I mpu_uart: [MSG-P:RECV]:No message received in 1000 ms
12-14 03:25:29.571 0 0 W swapper/2: type=1400 audit(0.0:419): avc: denied { kill } for capability=5 scontext=u:r:kernel:s0 tcontext=u:r:kernel:s0 tclass=capability permissive=0
12-14 03:25:29.601 2716 4551 W hpplay-java: [AsyncTask #70]:HttpRequest:
12-14 03:25:29.602 2716 4551 W hpplay-java: [AsyncTask #70]:HttpRequest:
12-14 03:25:29.603 2087 3933 D NetworkMonitor/100: isDataStall: result=1, tcp packets received=0, latest tcp fail rate=-1, consecutive dns timeout count=25
12-14 03:25:29.603 2087 3933 D NetworkMonitor/100: Suspecting data stall, reevaluate
12-14 03:25:29.603 2716 4551 W hpplay-java: [AsyncTask #70]:HttpRequest:
12-14 03:25:29.604 1500 2321 D ConnectivityService: Data stall detected with methods: 1
12-14 03:25:29.604 2087 4605 D NetworkMonitor/100: Validation disabled.
12-14 03:25:29.609 1500 1896 D ConnectivityService: [100 WIFI] validation passed
01-01 09:23:34.431 0 0 D : mv2112_read_status
01-01 09:23:34.431 0 0 D mv2112_update_link: 3.0x901(1G): 0x80
01-01 09:23:34.431 0 0 D mv2112_update_link: 3.0x8109(100M): 0x8
01-01 09:23:34.431 0 0 D mv2112_update_link: link 0x0
01-01 09:23:34.431 0 0 D mv2112_read_status: autoneg is disabled
12-14 03:25:30.510 640 655 I mpu_uart: [MSG-P:RECV]:No message received in 1000 ms
12-14 03:25:30.571 0 0 W swapper/2: type=1400 audit(0.0:420): avc: denied { kill } for capability=5 scontext=u:r:kernel:s0 tcontext=u:r:kernel:s0 tclass=capability permissive=0
12-14 03:25:30.623 640 654 I mpu_uart: [MSG-P:R]:recv sync frame timeout
01-01 09:23:35.455 0 0 D : mv2112_read_status
01-01 09:23:35.455 0 0 D mv2112_update_link: 3.0x901(1G): 0x80
01-01 09:23:35.455 0 0 D mv2112_update_link: 3.0x8109(100M): 0x8
01-01 09:23:35.455 0 0 D mv2112_update_link: link 0x0
01-01 09:23:35.455 0 0 D mv2112_read_status: autoneg is disabled
12-14 03:25:31.325 4333 4333 I update_engine_client: [INFO:update_engine_client_android.cc(92)] onStatusUpdate(UPDATE_STATUS_DOWNLOADING (3), 0.993792)
12-14 03:25:31.510 640 655 I mpu_uart: [MSG-P:RECV]:No message received in 1000 ms
12-14 03:25:31.571 0 0 W swapper/2: type=1400 audit(0.0:421): avc: denied { kill } for capability=5 scontext=u:r:kernel:s0 tcontext=u:r:kernel:s0 tclass=capability permissive=0
12-14 03:25:31.785 1201 1430 I selfinstaller: TC PrepareUpgrade
12-14 03:25:31.785 1201 1430 I selfinstaller: path:/data/ota/update.zip, accessable!
12-14 03:25:31.785 1201 1430 I selfinstaller: calling GetCurrentVersion !
12-14 03:25:31.785 1201 1430 I selfinstaller: calling GetPkgVersion !
12-14 03:25:31.785 1201 1430 I selfinstaller: path:/data/ota/update.zip, accessable!
12-14 03:25:31.785 1201 1430 I selfinstaller: ExecShellCmd running:unzip /data/ota/update.zip META-INF/com/android/metadata -d /data/ota/!
12-14 03:25:31.806 1201 1430 I selfinstaller: ExecShellCmd get:Archive: /data/ota/update.zip
12-14 03:25:31.806 1201 1430 I selfinstaller: inflating: /data/ota/META-INF/com/android/metadata!
12-14 03:25:31.806 1201 1430 I selfinstaller: path:/data/ota/META-INF/com/android/metadata, accessable!
12-14 03:25:31.806 1201 1430 I selfinstaller: ota-property-files=payload_metadata.bin:2261:90661,payload.bin:2261:1071720775,payload_properties.txt:1071723094:155,care_map.pb:1704:510,metadata:69:596,metadata.pb:733:876
12-14 03:25:31.806 1201 1430 I selfinstaller: ota-required-cache=0
12-14 03:25:31.806 1201 1430 I selfinstaller: ota-streaming-property-files=payload.bin:2261:1071720775,payload_properties.txt:1071723094:155,care_map.pb:1704:510,metadata:69:596,metadata.pb:733:876
12-14 03:25:31.806 1201 1430 I selfinstaller: ota-type=AB
12-14 03:25:31.806 1201 1430 I selfinstaller: post-build=TC/figure_CN/figure:12/SKQ1.220201.001/1325:user/test-keys
12-14 03:25:31.806 1201 1430 I selfinstaller: post-build-incremental=1325
12-14 03:25:31.806 1201 1430 I selfinstaller: post-sdk-level=31
12-14 03:25:31.806 1201 1430 I selfinstaller: post-security-patch-level=2022-01-05
12-14 03:25:31.806 1201 1430 I selfinstaller: post-timestamp=1671137026
12-14 03:25:31.806 1201 1430 I selfinstaller: pre-device=figure
12-14 03:25:31.806 1201 1430 E selfinstaller: pre-build-incremental not found !
12-14 03:25:31.806 1201 1430 I selfinstaller: no pre-build-incremental found, set fota type to full !
12-14 03:25:31.880 1261 1261 I update_engine: [INFO:partition_writer_factory_android.cc(44)] Virtual AB Compression disabled, using Partition Writer for `xbl`
12-14 03:25:31.883 1261 1261 I update_engine: [INFO:partition_writer.cc(295)] Opening /dev/block/bootdevice/by-name/xbl_b partition without O_DSYNC
12-14 03:25:31.885 1261 1261 I update_engine: [INFO:partition_writer.cc(100)] Caching writes.
12-14 03:25:31.886 1261 1261 I update_engine: [INFO:partition_writer.cc(307)] Applying 2 operations to partition "xbl"
01-01 09:23:36.479 0 0 D : mv2112_read_status
01-01 09:23:36.479 0 0 D mv2112_update_link: 3.0x901(1G): 0x80
01-01 09:23:36.479 0 0 D mv2112_update_link: 3.0x8109(100M): 0x8
01-01 09:23:36.479 0 0 D mv2112_update_link: link 0x0
01-01 09:23:36.479 0 0 D mv2112_read_status: autoneg is disabled
12-14 03:25:32.031 2716 2716 I hpplay-java: [main]:ServerTaskManager:restart by error
12-14 03:25:32.031 2716 2716 I hpplay-java: [main]:ServerTaskManager:startServer
12-14 03:25:32.031 2716 2716 I hpplay-java: [main]:ServerTaskManager:startServer add, reason: server is starting or running
12-14 03:25:32.031 2716 2716 I hpplay-java: [main]:ServerTaskManager:addStopTask
12-14 03:25:32.031 2716 2716 I hpplay-java: [main]:ServerTaskManager:addStartTask
12-14 03:25:32.031 2716 2716 I hpplay-java: [main]:ServerTaskManager:exeTask stopServer
12-14 03:25:32.031 2716 2716 I hpplay-java: [main]:Bridge:stopServer keepPush: false
12-14 03:25:32.031 2716 2716 D hpplay-base: [jniBridge:909] Bridge__1stopServer status:2
12-14 03:25:32.034 2716 2716 D hpplay-base: [LelinkBase:654] stopAllServer will start thread!
12-14 03:25:32.035 2716 4609 I hpplay-base: [mDNSEmbeded:65] embedded_mDNSExit call
12-14 03:25:32.035 2716 4586 D hpplay-base: [AEventUtils:588] handle AEvent thread end!!,tid is 4586
12-14 03:25:32.035 2716 4587 D hpplay-base: [REventUtils:197] handleREventThread thread end!!,tid is 4587
12-14 03:25:32.104 2716 4573 D hpplay-base: [stream_mirror_compat:1284] mirror stream begin to exit,server fd:71,thread_id:3219038656!!
12-14 03:25:32.104 2716 4573 D hpplay-base: [stream_mirror_compat:1323] ##screen stream exit successfully!!##
12-14 03:25:32.150 1261 1261 I update_engine: [INFO:partition_writer_factory_android.cc(44)] Virtual AB Compression disabled, using Partition Writer for `xbl_config`
12-14 03:25:32.152 1261 1261 I update_engine: [INFO:partition_writer.cc(295)] Opening /dev/block/bootdevice/by-name/xbl_config_b partition without O_DSYNC
12-14 03:25:32.154 1261 1261 I update_engine: [INFO:partition_writer.cc(100)] Caching writes.
12-14 03:25:32.155 1261 1261 I update_engine: [INFO:partition_writer.cc(307)] Applying 1 operations to partition "xbl_config"
12-14 03:25:32.163 2716 4572 D hpplay-base: [Server:447] startHttpServer will END srv->serverType:0
12-14 03:25:32.163 2716 4572 D hpplay-base: [Server:646] startHttpServer cond srv_shutdown:1 connectNummber:0
12-14 03:25:32.163 2716 4572 D hpplay-base: [Server:669] startHttpServer wait cond END. srv_shutdown:1 connectNummber:0
12-14 03:25:32.163 2716 4572 D hpplay-base: [Server:457] HttpServer END, tid is 4572
12-14 03:25:32.163 1261 1261 I update_engine: [INFO:delta_performer.cc(115)] Completed 1573/1573 operations (100%), 1071720775/1071720775 bytes downloaded (100%), overall progress 100%
12-14 03:25:32.167 1261 1261 I update_engine: [INFO:delta_performer.cc(981)] Extracted signature data of size 267 at 1071629847
12-14 03:25:32.169 1261 1261 I update_engine: [INFO:multi_range_http_fetcher.cc(115)] Terminating transfer.
12-14 03:25:32.170 1261 1261 I update_engine: [INFO:multi_range_http_fetcher.cc(177)] Received transfer terminated.
12-14 03:25:32.171 1261 1261 I update_engine: [INFO:multi_range_http_fetcher.cc(129)] TransferEnded w/ code 200
12-14 03:25:32.172 1261 1261 I update_engine: [INFO:multi_range_http_fetcher.cc(163)] Done w/ all transfers
12-14 03:25:32.174 1261 1261 I update_engine: [INFO:delta_performer.cc(1009)] Verifying using certificates: /system/etc/security/otacerts.zip
12-14 03:25:32.176 1261 1261 I update_engine: [INFO:payload_verifier.cc(102)] signature blob size = 267
12-14 03:25:32.177 1261 1261 I update_engine: [INFO:payload_verifier.cc(118)] Truncating the signature to its unpadded size: 256.
12-14 03:25:32.178 1261 1261 I update_engine: [INFO:payload_verifier.cc(129)] Verified correct signature 1 out of 1 signatures.
12-14 03:25:32.179 1261 1261 I update_engine: [INFO:delta_performer.cc(1307)] Payload hash matches value in payload.
12-14 03:25:32.181 1261 1261 I update_engine: [INFO:download_action.cc(258)] Collections of histograms for UpdateEngine.DownloadAction.
12-14 03:25:32.181 1261 1261 I update_engine: Histogram: UpdateEngine.DownloadAction.InstallOperation::REPLACE.Duration recorded 627 samples, mean = 109.3
12-14 03:25:32.181 1261 1261 I update_engine: 0 ------O (23 = 3.7%)
12-14 03:25:32.181 1261 1261 I update_engine: 10 -O (3 = 0.5%) {3.7%}
12-14 03:25:32.181 1261 1261 I update_engine: 18 ---O (11 = 1.8%) {4.1%}
12-14 03:25:32.181 1261 1261 I update_engine: 32 -------O (30 = 4.8%) {5.9%}
12-14 03:25:32.181 1261 1261 I update_engine: 57 ---------------------------------------------------O (213 = 34.0%) {10.7%}
12-14 03:25:32.181 1261 1261 I update_engine: 101 ------------------------------------------------------------------------O (301 = 48.0%) {44.7%}
12-14 03:25:32.181 1261 1261 I update_engine: 179 -----------O (45 = 7.2%) {92.7%}
12-14 03:25:32.181 1261 1261 I update_engine: 317 O (1 = 0.2%) {99.8%}
12-14 03:25:32.181 1261 1261 I update_engine: 561 ...
12-14 03:25:32.181 1261 1261 I update_engine:
12-14 03:25:32.182 4333 4333 I update_engine_client: [INFO:update_engine_client_android.cc(92)] onStatusUpdate(UPDATE_STATUS_VERIFYING (4), 0)
12-14 03:25:32.191 1261 1261 I update_engine: [INFO:action_processor.cc(116)] ActionProcessor: finished DownloadAction with code ErrorCode::kSuccess
12-14 03:25:32.193 1261 1261 I update_engine: [INFO:action_processor.cc(143)] ActionProcessor: starting FilesystemVerifierAction
12-14 03:25:32.194 1261 1261 I update_engine: [INFO:install_plan.cc(79)] InstallPlan:
12-14 03:25:32.194 1261 1261 I update_engine: type: resume
12-14 03:25:32.194 1261 1261 I update_engine: version:
12-14 03:25:32.194 1261 1261 I update_engine: source_slot: A
12-14 03:25:32.194 1261 1261 I update_engine: target_slot: B
12-14 03:25:32.194 1261 1261 I update_engine: initial url: file:///data/ota/update.zip
12-14 03:25:32.194 1261 1261 I update_engine: hash_checks_mandatory: true
12-14 03:25:32.194 1261 1261 I update_engine: powerwash_required: false
12-14 03:25:32.194 1261 1261 I update_engine: switch_slot_on_reboot: true
12-14 03:25:32.194 1261 1261 I update_engine: run_post_install: true
12-14 03:25:32.194 1261 1261 I update_engine: is_rollback: false
12-14 03:25:32.194 1261 1261 I update_engine: rollback_data_save_requested: false
12-14 03:25:32.194 1261 1261 I update_engine: write_verity: true
12-14 03:25:32.194 1261 1261 I update_engine: Partition: abl
12-14 03:25:32.194 1261 1261 I update_engine: source_size: 0
12-14 03:25:32.194 1261 1261 I update_engine: source_path:
12-14 03:25:32.194 1261 1261 I update_engine: source_hash:
12-14 03:25:32.194 1261 1261 I update_engine: target_size: 274432
12-14 03:25:32.194 1261 1261 I update_engine: target_path: /dev/block/bootdevice/by-name/abl_b
12-14 03:25:32.194 1261 1261 I update_engine: target_hash: 6B9B624A57D8FD452F386A860FE5D09830FFA378F9297E9F4759B4339741B91E
12-14 03:25:32.194 1261 1261 I update_engine: run_postinstall: false
12-14 03:25:32.194 1261 1261 I update_engine: postinstall_path:
12-14 03:25:32.194 1261 1261 I update_engine: readonly_target_path: /dev/block/bootdevice/by-name/abl_b
12-14 03:25:32.194 1261 1261 I update_engine: filesystem_type:
12-14 03:25:32.194 1261 1261 I update_engine: Partition: aop
12-14 03:25:32.194 1261 1261 I update_engine: source_size: 0
12-14 03:25:32.194 1261 1261 I update_engine: source_path:
12-14 03:25:32.194 1261 1261 I update_engine: source_hash:
12-14 03:25:32.194 1261 1261 I update_engine: target_size: 204800
12-14 03:25:32.194 1261 1261 I update_engine: target_path: /dev/block/bootdevice/by-name/aop_b
12-14 03:25:32.194 1261 1261 I update_engine: target_hash: E723D6E3506DA347B3762F5C9618A96595C840DA99A3EA479ABE7787A1F27BB8
12-14 03:25:32.194 1261 1261 I update_engine: run_postinstall: false
12-14 03:25:32.194 1261 1261 I update_engine: postinstall_path:
12-14 03:25:32.194 1261 1261 I update_engine: readonly_target_path: /dev/block/bootdevice/by-name/aop_b
12-14 03:25:32.194 1261 1261 I update_engine: filesystem_type:
12-14 03:25:32.194 1261 1261 I update_engine: Partition: bluetooth
12-14 03:25:32.194 1261 1261 I update_engine: source_size: 0
12-14 03:25:32.194 1261 1261 I update_engine: source_path:
12-14 03:25:32.194 1261 1261 I update_engine: source_hash:
12-14 03:25:32.194 1261 1261 I update_engine: target_size: 765952
12-14 03:25:32.194 1261 1261 I update_engine: target_path: /dev/block/bootdevice/by-name/bluetooth_b
12-14 03:25:32.194 1261 1261 I update_engine: target_hash: 4CE9B29C0E170A75C3703F68A3C3F178C2E136329A3E7F7181A567F0552E9F86
12-14 03:25:32.194 1261 1261 I update_engine: run_postinstall: false
12-14 03:25:32.194 1261 1261 I update_engine: postinstall_path:
12-14 03:25:32.194 1261 1261 I update_engine: readonly_target_path: /dev/block/bootdevice/by-name/bluetooth_b
12-14 03:25:32.194 1261 1261 I update_engine: filesystem_type:
12-14 03:25:32.194 1261 1261 I update_engine: Partition: boot
12-14 03:25:32.194 1261 1261 I update_engine: source_size: 0
12-14 03:25:32.194 1261 1261 I update_engine: source_path:
12-14 03:25:32.194 1261 1261 I update_engine: source_hash:
12-14 03:25:32.194 1261 1261 I update_engine: target_size: 100663296
12-14 03:25:32.194 1261 1261 I update_engine: target_path: /dev/block/bootdevice/by-name/boot_b
12-14 03:25:32.194 1261 1261 I update_engine: target_hash: CABAE4FCC5DC23A24440FF667740C85E8464FB409A7C2B9E8A83A88696824699
12-14 03:25:32.194 1261 1261 I update_engine: run_postinstall: false
12-14 03:25:32.194 1261 1261 I update_engine: postinstall_path:
12-14 03:25:32.194 1261 1261 I update_engine: readonly_target_path: /dev/block/bootdevice/by-name/boot_b
12-14 03:25:32.194 1261 1261 I update_engine: filesystem_type:
12-14 03:25:32.194 1261 1261 I update_engine: Partition: cmnlib
12-14 03:25:32.194 1261 1261 I update_engine: source_size: 0
12-14 03:25:32.194 1261 1261 I update_engine: source_path:
12-14 03:25:32.194 1261 1261 I update_engine: source_hash:
12-14 03:25:32.194 1261 1261 I update_engine: target_size: 401408
12-14 03:25:32.194 1261 1261 I update_engine: target_path: /dev/block/bootdevice/by-name/cmnlib_b
12-14 03:25:32.194 1261 1261 I update_engine: target_hash: 9302A39123093AD34587F32467AEB65B61ED35554DAE9E9DBEC89FDC4E64B86D
12-14 03:25:32.194 1261 1261 I update_engine: run_postinstall: false
12-14 03:25:32.194 1261 1261 I update_engine: postinstall_path:
12-14 03:25:32.194 1261 1261 I update_engine: readonly_target_path: /dev/block/bootdevice/by-name/cmnlib_b
12-14 03:25:32.194 1261 1261 I update_engine: filesystem_type:
12-14 03:25:32.194 1261 1261 I update_engine: Partition: cmnlib64
12-14 03:25:32.194 1261 1261 I update_engine: source_size: 0
12-14 03:25:32.194 1261 1261 I update_engine: source_path:
12-14 03:25:32.194 1261 1261 I update_engine: source_hash:
12-14 03:25:32.194 1261 1261 I update_engine: target_size: 520192
12-14 03:25:32.194 1261 1261 I update_engine: target_path: /dev/block/bootdevice/by-name/cmnlib64_b
12-14 03:25:32.194 1261 1261 I update_engine: target_hash: 10794161DDE11603859C78C5D756D1ED7C2FE32F6580D0072FC90D9D60B5477C
12-14 03:25:32.194 1261 1261 I update_engine: run_postinstall: false
12-14 03:25:32.194 1261 1261 I update_engine: postinstall_path:
12-14 03:25:32.194 1261 1261 I update_engine: readonly_target_path: /dev/block/bootdevice/by-name/cmnlib64_b
12-14 03:25:32.194 1261 1261 I update_engine: filesystem_type:
12-14 03:25:32.194 1261 1261 I update_engine: Partition: devcfg
12-14 03:25:32.194 1261 1261 I update_engine: source_size: 0
12-14 03:25:32.194 1261 1261 I update_engine: source_path:
12-14 03:25:32.194 1261 1261 I update_engine: source_hash:
12-14 03:25:32.194 1261 1261 I update_engine: target_size: 57344
12-14 03:25:32.194 1261 1261 I update_engine: target_path: /dev/block/bootdevice/by-name/devcfg_b
12-14 03:25:32.194 1261 1261 I update_engine: target_hash: 92B270841C34A3D497D3B50388B5389F560AB76409986E42D8B9435592B7FD60
12-14 03:25:32.194 1261 1261 I update_engine: run_postinstall: false
12-14 03:25:32.194 1261 1261 I update_engine: postinstall_path:
12-14 03:25:32.194 1261 1261 I update_engine: readonly_target_path: /dev/block/bootdevice/by-name/devcfg_b
12-14 03:25:32.194 1261 1261 I update_engine: filesystem_type:
12-14 03:25:32.194 1261 1261 I update_engine: Partition: dsp
12-14 03:25:32.194 1261 1261 I update_engine: source_size: 0
12-14 03:25:32.194 1261 1261 I update_engine: source_path:
12-14 03:25:32.194 1261 1261 I update_engine: source_hash:
12-14 03:25:32.194 1261 1261 I update_engine: target_size: 67108864
12-14 03:25:32.194 1261 1261 I update_engine: target_path: /dev/block/bootdevice/by-name/dsp_b
12-14 03:25:32.194 1261 1261 I update_engine: target_hash: 41F0BE6E9AD5791C201A3904B4F493BCC1785FEA0C71EDB4DD13A2D77D28B9BF
12-14 03:25:32.194 1261 1261 I update_engine: run_postinstall: false
12-14 03:25:32.194 1261 1261 I update_engine: postinstall_path:
12-14 03:25:32.194 1261 1261 I update_engine: readonly_target_path: /dev/block/bootdevice/by-name/dsp_b
12-14 03:25:32.194 1261 1261 I update_engine: filesystem_type:
12-14 03:25:32.194 1261 1261 I update_engine: Partition: dtbo
12-14 03:25:32.194 1261 1261 I update_engine: source_size: 0
12-14 03:25:32.194 1261 1261 I update_engine: source_path:
12-14 03:25:32.194 1261 1261 I update_engine: source_hash:
12-14 03:25:32.194 1261 1261 I update_engine: target_size: 8388608
12-14 03:25:32.194 1261 1261 I update_engine: target_path: /dev/block/bootdevice/by-name/dtbo_b
12-14 03:25:32.194 1261 1261 I update_engine: target_hash: 0F44582FE22915E63AEE182145D6369B940031429077CA7D4E0B13A8F09738E2
12-14 03:25:32.194 1261 1261 I update_engine: run_postinstall: false
12-14 03:25:32.194 1261 1261 I update_engine: postinstall_path:
12-14 03:25:32.194 1261 1261 I update_engine: readonly_target_path: /dev/block/bootdevice/by-name/dtbo_b
12-14 03:25:32.194 1261 1261 I update_engine: filesystem_type:
12-14 03:25:32.194 1261 1261 I update_engine: Partition: featenabler
12-14 03:25:32.194 1261 1261 I update_engine: source_size: 0
12-14 03:25:32.194 1261 1261 I update_engine: source_path:
12-14 03:25:32.194 1261 1261 I update_engine: source_hash:
12-14 03:25:32.194 1261 1261 I update_engine: target_size: 90112
12-14 03:25:32.194 1261 1261 I update_engine: target_path: /dev/block/bootdevice/by-name/featenabler_b
12-14 03:25:32.194 1261 1261 I update_engine: target_hash: A0AC1D7FFBC7463D1A0CD14AD6CD714FB71464A89840548C6860D98CEB75ADBD
12-14 03:25:32.194 1261 1261 I update_engine: run_postinstall: false
12-14 03:25:32.194 1261 1261 I update_engine: postinstall_path:
12-14 03:25:32.194 1261 1261 I update_engine: readonly_target_path: /dev/block/bootdevice/by-name/featenabler_b
12-14 03:25:32.194 1261 1261 I update_engine: filesystem_type:
12-14 03:25:32.194 1261 1261 I update_engine: Partition: hyp
12-14 03:25:32.194 1261 1261 I update_engine: source_size: 0
12-14 03:25:32.194 1261 1261 I update_engine: source_path:
12-14 03:25:32.194 1261 1261 I update_engine: source_hash:
12-14 03:25:32.194 1261 1261 I update_engine: target_size: 450560
12-14 03:25:32.194 1261 1261 I update_engine: target_path: /dev/block/bootdevice/by-name/hyp_b
12-14 03:25:32.194 1261 1261 I update_engine: target_hash: 56F65D1EFF20435DA7298CF9B73E0786EA1E8F1783D79157944F7F5549129422
12-14 03:25:32.194 1261 1261 I update_engine: run_
12-14 03:25:32.196 1261 1261 I update_engine: [INFO:filesystem_verifier_action.cc(330)] Hashing partition 0 (abl) on device /dev/block/bootdevice/by-name/abl_b
12-14 03:25:32.197 1261 1261 I update_engine: [INFO:filesystem_verifier_action.cc(380)] Verity writes disabled on partition abl
12-14 03:25:32.200 4333 4333 I update_engine_client: [INFO:update_engine_client_android.cc(92)] onStatusUpdate(UPDATE_STATUS_VERIFYING (4), 0.0282516)
12-14 03:25:32.203 1261 1261 I update_engine: [INFO:filesystem_verifier_action.cc(436)] Hash of abl: a5tiSlfY/UUvOGqGD+XQmDD/o3j5KX6fR1m0M5dBuR4=
12-14 03:25:32.207 1261 1261 I update_engine: [INFO:filesystem_verifier_action.cc(330)] Hashing partition 1 (aop) on device /dev/block/bootdevice/by-name/aop_b
12-14 03:25:32.208 1261 1261 I update_engine: [INFO:filesystem_verifier_action.cc(380)] Verity writes disabled on partition aop
12-14 03:25:32.212 4333 4333 I update_engine_client: [INFO:update_engine_client_android.cc(92)] onStatusUpdate(UPDATE_STATUS_VERIFYING (4), 0.0662857)
12-14 03:25:32.212 1261 1261 I update_engine: [INFO:filesystem_verifier_action.cc(436)] Hash of aop: 5yPW41Bto0ezdi9clhipZZXIQNqZo+pHmr53h6Hye7g=
12-14 03:25:32.216 1261 1261 I update_engine: [INFO:filesystem_verifier_action.cc(330)] Hashing partition 2 (bluetooth) on device /dev/block/bootdevice/by-name/bluetooth_b
12-14 03:25:32.218 1261 1261 I update_engine: [INFO:filesystem_verifier_action.cc(380)] Verity writes disabled on partition bluetooth
12-14 03:25:32.221 4333 4333 I update_engine_client: [INFO:update_engine_client_android.cc(92)] onStatusUpdate(UPDATE_STATUS_VERIFYING (4), 0.0953018)
12-14 03:25:32.225 4333 4333 I update_engine_client: [INFO:update_engine_client_android.cc(92)] onStatusUpdate(UPDATE_STATUS_VERIFYING (4), 0.107143)
12-14 03:25:32.225 1261 1261 I update_engine: [INFO:filesystem_verifier_action.cc(436)] Hash of bluetooth: TOmynA4XCnXDcD9oo8PxeMLhNjKaPn9xgaVn8FUun4Y=
12-14 03:25:32.228 1261 1261 I update_engine: [INFO:filesystem_verifier_action.cc(330)] Hashing partition 3 (boot) on device /dev/block/bootdevice/by-name/boot_b
12-14 03:25:32.230 1261 1261 I update_engine: [INFO:filesystem_verifier_action.cc(380)] Verity writes disabled on partition boot
12-14 03:25:32.233 4333 4333 I update_engine_client: [INFO:update_engine_client_android.cc(92)] onStatusUpdate(UPDATE_STATUS_VERIFYING (4), 0.12859)
12-14 03:25:32.357 2716 4583 I hpplay-base: [mDNSEmbeded:140] embedded_mDNSLoop Exiting end,tid is 4583
12-14 03:25:32.357 2716 4609 D hpplay-base: [mDNSEmbeded:452] stopmDNSServer end stopmDNSNow=2, nRet=0
12-14 03:25:32.410 4333 4333 I update_engine_client: [INFO:update_engine_client_android.cc(92)] onStatusUpdate(UPDATE_STATUS_VERIFYING (4), 0.138597)
12-14 03:25:32.474 1261 1261 I update_engine: [INFO:filesystem_verifier_action.cc(436)] Hash of boot: yrrk/MXcI6JEQP9md0DIXoRk+0CafCueioOohpaCRpk=
12-14 03:25:32.502 1261 1261 I update_engine: [INFO:filesystem_verifier_action.cc(330)] Hashing partition 4 (cmnlib) on device /dev/block/bootdevice/by-name/cmnlib_b
12-14 03:25:32.504 1261 1261 I update_engine: [INFO:filesystem_verifier_action.cc(380)] Verity writes disabled on partition cmnlib
12-14 03:25:32.506 4333 4333 I update_engine_client: [INFO:update_engine_client_android.cc(92)] onStatusUpdate(UPDATE_STATUS_VERIFYING (4), 0.16895)
12-14 03:25:32.506 1261 1261 I update_engine: [INFO:filesystem_verifier_action.cc(436)] Hash of cmnlib: kwKjkSMJOtNFh/MkZ662W2HtNVVNrp6dvsif3E5kuG0=
12-14 03:25:32.508 1261 1261 I update_engine: [INFO:filesystem_verifier_action.cc(330)] Hashing partition 5 (cmnlib64) on device /dev/block/bootdevice/by-name/cmnlib64_b
12-14 03:25:32.509 1261 1261 I update_engine: [INFO:filesystem_verifier_action.cc(380)] Verity writes disabled on partition cmnlib64
12-14 03:25:32.510 4333 4333 I update_engine_client: [INFO:update_engine_client_android.cc(92)] onStatusUpdate(UPDATE_STATUS_VERIFYING (4), 0.2036)
12-14 03:25:32.511 640 655 I mpu_uart: [MSG-P:RECV]:No message received in 1000 ms
12-14 03:25:32.511 1261 1261 I update_engine: [INFO:filesystem_verifier_action.cc(436)] Hash of cmnlib64: EHlBYd3hFgOFnHjF11bR7Xwv4y9lgNAHL8kNnWC1R3w=
12-14 03:25:32.511 4333 4333 I update_engine_client: [INFO:update_engine_client_android.cc(92)] onStatusUpdate(UPDATE_STATUS_VERIFYING (4), 0.214286)
12-14 03:25:32.512 1261 1261 I update_engine: [INFO:filesystem_verifier_action.cc(330)] Hashing partition 6 (devcfg) on device /dev/block/bootdevice/by-name/devcfg_b
12-14 03:25:32.513 1261 1261 I update_engine: [INFO:filesystem_verifier_action.cc(380)] Verity writes disabled on partition devcfg
12-14 03:25:32.515 1261 1261 I update_engine: [INFO:filesystem_verifier_action.cc(436)] Hash of devcfg: krJwhBw0o9SX07UDiLU4n1YKt2QJmG5C2LlDVZK3/WA=
12-14 03:25:32.515 4333 4333 I update_engine_client: [INFO:update_engine_client_android.cc(92)] onStatusUpdate(UPDATE_STATUS_VERIFYING (4), 0.25)
12-14 03:25:32.516 1261 1261 I update_engine: [INFO:filesystem_verifier_action.cc(330)] Hashing partition 7 (dsp) on device /dev/block/bootdevice/by-name/dsp_b
12-14 03:25:32.517 1261 1261 I update_engine: [INFO:filesystem_verifier_action.cc(380)] Verity writes disabled on partition dsp
12-14 03:25:32.519 4333 4333 I update_engine_client: [INFO:update_engine_client_android.cc(92)] onStatusUpdate(UPDATE_STATUS_VERIFYING (4), 0.271456)
12-14 03:25:32.571 0 0 W swapper/2: type=1400 audit(0.0:422): avc: denied { kill } for capability=5 scontext=u:r:kernel:s0 tcontext=u:r:kernel:s0 tclass=capability permissive=0
12-14 03:25:32.628 4333 4333 I update_engine_client: [INFO:update_engine_client_android.cc(92)] onStatusUpdate(UPDATE_STATUS_VERIFYING (4), 0.281473)
12-14 03:25:32.643 2716 4584 I hpplay-base: [mDNSEmbeded:376] end lelink publish server, tid is 4584
12-14 03:25:32.643 2716 4609 D hpplay-base: [mDNSEmbeded:420] stopmLelinkServer end nRet=0
12-14 03:25:32.643 2716 4609 D hpplay-base: [LelinkBase:615] lebodlna stopServerThreadFunc dlnaEnable:1
12-14 03:25:32.643 2716 4609 D hpplay-base-dlna: [lebodlna_api:49] stop DMR
12-14 03:25:32.643 2716 4609 D hpplay-base-dlna: [lebodlna_api:344] m_pRender Release
12-14 03:25:32.671 1261 1261 I update_engine: [INFO:filesystem_verifier_action.cc(436)] Hash of dsp: QfC+bprVeRwgGjkEtPSTvMF4X+oMce203ROi130oub8=
12-14 03:25:32.691 1261 1261 I update_engine: [INFO:filesystem_verifier_action.cc(330)] Hashing partition 8 (dtbo) on device /dev/block/bootdevice/by-name/dtbo_b
12-14 03:25:32.693 1261 1261 I update_engine: [INFO:filesystem_verifier_action.cc(380)] Verity writes disabled on partition dtbo
12-14 03:25:32.695 4333 4333 I update_engine_client: [INFO:update_engine_client_android.cc(92)] onStatusUpdate(UPDATE_STATUS_VERIFYING (4), 0.307366)
12-14 03:25:32.696 2716 4609 D hpplay-base-dlna: [UpnpDefine:867] DMRender release success
12-14 03:25:32.696 2716 4609 D hpplay-base-dlna: [lebodlna_api:352] m_pAVT Release
12-14 03:25:32.696 2716 4609 D hpplay-base-dlna: [lebodlna_api:360] m_pRCS Release
12-14 03:25:32.696 2716 4609 D hpplay-base-dlna: [lebodlna_api:365] dmrender destroydmr
12-14 03:25:32.710 4333 4333 I update_engine_client: [INFO:update_engine_client_android.cc(92)] onStatusUpdate(UPDATE_STATUS_VERIFYING (4), 0.317411)
12-14 03:25:32.716 1261 1261 I update_engine: [INFO:filesystem_verifier_action.cc(436)] Hash of dtbo: D0RYL+IpFeY67hghRdY2m5QAMUKQd8p9TgsTqPCXOOI=
12-14 03:25:32.720 1261 1261 I update_engine: [INFO:filesystem_verifier_action.cc(330)] Hashing partition 9 (featenabler) on device /dev/block/bootdevice/by-name/featenabler_b
12-14 03:25:32.721 1261 1261 I update_engine: [INFO:filesystem_verifier_action.cc(380)] Verity writes disabled on partition featenabler
12-14 03:25:32.723 1261 1261 I update_engine: [INFO:filesystem_verifier_action.cc(436)] Hash of featenabler: oKwdf/vHRj0aDNFK1s1xT7cUZKiYQFSMaGDZjOt1rb0=
12-14 03:25:32.723 4333 4333 I update_engine_client: [INFO:update_engine_client_android.cc(92)] onStatusUpdate(UPDATE_STATUS_VERIFYING (4), 0.357143)
12-14 03:25:32.724 1261 1261 I update_engine: [INFO:filesystem_verifier_action.cc(330)] Hashing partition 10 (hyp) on device /dev/block/bootdevice/by-name/hyp_b
12-14 03:25:32.725 1261 1261 I update_engine: [INFO:filesystem_verifier_action.cc(380)] Verity writes disabled on partition hyp
12-14 03:25:32.727 4333 4333 I update_engine_client: [INFO:update_engine_client_android.cc(92)] onStatusUpdate(UPDATE_STATUS_VERIFYING (4), 0.382727)
12-14 03:25:32.728 1261 1261 I update_engine: [INFO:filesystem_verifier_action.cc(436)] Hash of hyp: VvZdHv8gQ12nKYz5tz4HhuoejxeD15FXlE9/VUkSlCI=
12-14 03:25:32.728 4333 4333 I update_engine_client: [INFO:update_engine_client_android.cc(92)] onStatusUpdate(UPDATE_STATUS_VERIFYING (4), 0.392857)
12-14 03:25:32.730 1261 1261 I update_engine: [INFO:filesystem_verifier_action.cc(330)] Hashing partition 11 (imagefv) on device /dev/block/bootdevice/by-name/imagefv_b
12-14 03:25:32.731 1261 1261 I update_engine: [INFO:filesystem_verifier_action.cc(380)] Verity writes disabled on partition imagefv
12-14 03:25:32.732 1261 1261 I update_engine: [INFO:filesystem_verifier_action.cc(436)] Hash of imagefv: Se5Bh/3tdOenrgOXW17dwBrfQ89LLVbz0fdBNBJTT88=
12-14 03:25:32.732 4333 4333 I update_engine_client: [INFO:update_engine_client_android.cc(92)] onStatusUpdate(UPDATE_STATUS_VERIFYING (4), 0.428571)
12-14 03:25:32.733 1261 1261 I update_engine: [INFO:filesystem_verifier_action.cc(330)] Hashing partition 12 (keymaster) on device /dev/block/bootdevice/by-name/keymaster_b
12-14 03:25:32.734 1261 1261 I update_engine: [INFO:filesystem_verifier_action.cc(380)] Verity writes disabled on partition keymaster
12-14 03:25:32.736 4333 4333 I update_engine_client: [INFO:update_engine_client_android.cc(92)] onStatusUpdate(UPDATE_STATUS_VERIFYING (4), 0.456625)
12-14 03:25:32.737 1261 1261 I update_engine: [INFO:filesystem_verifier_action.cc(436)] Hash of keymaster: rq0EE3Q1A4sa9LEn++hN6o5tRI7IaAIFkgcqpSZIiL8=
