12-14 03:22:24.478 1500 1622 W ActivityManager: Slow operation: 53ms so far, now at startProcess: asking zygote to start proc
12-14 03:22:24.478 1500 1622 D CompatibilityChangeReporter: Compat change id reported: 143937733; UID 10053; state: ENABLED
12-14 03:22:24.484 1500 1694 D CompatibilityChangeReporter: Compat change id reported: 168419799; UID 10090; state: DISABLED
12-14 03:22:24.485 1500 1622 W ActivityManager: Slow operation: 60ms so far, now at startProcess: returned from zygote!
12-14 03:22:24.488 1500 1803 D CompatibilityChangeReporter: Compat change id reported: 135634846; UID 10095; state: DISABLED
12-14 03:22:24.488 1500 1803 D CompatibilityChangeReporter: Compat change id reported: 177438394; UID 10095; state: DISABLED
12-14 03:22:24.488 1500 1803 D CompatibilityChangeReporter: Compat change id reported: 135772972; UID 10095; state: DISABLED
12-14 03:22:24.488 1500 1803 D CompatibilityChangeReporter: Compat change id reported: 135754954; UID 10095; state: ENABLED
12-14 03:22:24.489 1500 1803 I StorageUserConnection: Bound to the ExternalStorageService for user 0
01-01 09:20:29.029 0 0 I devfreq-qcom-fw 18590000.qcom,devfreq-l3: qcom,cdsp-cdsp-l3-lat: Successfully started CDSP L3 governor
12-14 03:22:24.489 1500 1622 W ActivityManager: Slow operation: 65ms so far, now at startProcess: done updating battery stats
12-14 03:22:24.490 1500 1622 W ActivityManager: Slow operation: 65ms so far, now at startProcess: building log message
12-14 03:22:24.490 1500 1622 I ActivityManager: Start proc 2757:.pasr/u0a53 for added application .pasr
12-14 03:22:24.490 1500 1622 W ActivityManager: Slow operation: 65ms so far, now at startProcess: starting to update pids map
12-14 03:22:24.491 1500 1622 W ActivityManager: Slow operation: 67ms so far, now at startProcess: done updating pids map
12-14 03:22:24.492 1500 1622 W ActivityManager: Slow operation: 66ms so far, now at startProcess: asking zygote to start proc
12-14 03:22:24.492 1500 1622 D CompatibilityChangeReporter: Compat change id reported: 143937733; UID 10074; state: DISABLED
12-14 03:22:24.498 1500 2752 D CompatibilityChangeReporter: Compat change id reported: 168419799; UID 10059; state: DISABLED
12-14 03:22:24.499 1500 1622 W ActivityManager: Slow operation: 73ms so far, now at startProcess: returned from zygote!
12-14 03:22:24.509 1500 1622 W ActivityManager: Slow operation: 83ms so far, now at startProcess: done updating battery stats
12-14 03:22:24.509 1500 1622 W ActivityManager: Slow operation: 83ms so far, now at startProcess: building log message
12-14 03:22:24.509 1500 1622 I ActivityManager: Start proc 2763:com.qualcomm.qti.services.systemhelper:systemhelper_service/u0a74 for added application com.qualcomm.qti.services.systemhelper:systemhelper_service
12-14 03:22:24.509 1500 1622 W ActivityManager: Slow operation: 83ms so far, now at startProcess: starting to update pids map
12-14 03:22:24.509 1500 1622 W ActivityManager: Slow operation: 83ms so far, now at startProcess: done updating pids map
12-14 03:22:24.509 1500 1622 W ActivityManager: Slow operation: 82ms so far, now at startProcess: asking zygote to start proc
12-14 03:22:24.509 1500 1622 D CompatibilityChangeReporter: Compat change id reported: 143937733; UID 10087; state: ENABLED
12-14 03:22:24.512 1500 1927 I BackupManagerService: isBackupEnabled() => false due to absent settings file
12-14 03:22:24.512 1500 1927 D BackupManagerService: user:0 readBackupEnableState enabled:false
12-14 03:22:24.512 1500 1927 I BackupManagerService: [UserID:0] Backup enabled => false
01-01 09:20:29.054 0 0 I binder : 2757:2757 ioctl 40046210 7fcb2c89a4 returned -22
12-14 03:22:24.516 1500 1622 W ActivityManager: Slow operation: 89ms so far, now at startProcess: returned from zygote!
12-14 03:22:24.517 1500 2752 D CompatibilityChangeReporter: Compat change id reported: 168419799; UID 10053; state: DISABLED
12-14 03:22:24.523 1500 1622 W ActivityManager: Slow operation: 96ms so far, now at startProcess: done updating battery stats
12-14 03:22:24.523 1500 1622 W ActivityManager: Slow operation: 96ms so far, now at startProcess: building log message
12-14 03:22:24.523 1500 1622 I ActivityManager: Start proc 2778:com.qualcomm.qti.qccnetstat/u0a87 for added application com.qualcomm.qti.qccnetstat
12-14 03:22:24.523 1500 1622 W ActivityManager: Slow operation: 96ms so far, now at startProcess: starting to update pids map
12-14 03:22:24.523 1500 1622 W ActivityManager: Slow operation: 97ms so far, now at startProcess: done updating pids map
12-14 03:22:24.523 1500 1622 W ActivityManager: Slow operation: 96ms so far, now at startProcess: asking zygote to start proc
12-14 03:22:24.523 1500 1622 D CompatibilityChangeReporter: Compat change id reported: 143937733; UID 10085; state: ENABLED
12-14 03:22:24.526 1500 1614 D CompatibilityChangeReporter: Compat change id reported: 135634846; UID 1000; state: DISABLED
12-14 03:22:24.526 1500 1614 D CompatibilityChangeReporter: Compat change id reported: 177438394; UID 1000; state: DISABLED
12-14 03:22:24.527 1500 1614 D CompatibilityChangeReporter: Compat change id reported: 135772972; UID 1000; state: DISABLED
12-14 03:22:24.527 1500 1614 D CompatibilityChangeReporter: Compat change id reported: 135754954; UID 1000; state: ENABLED
01-01 09:20:29.073 0 0 I binder : 2778:2778 ioctl 40046210 7fcb2c89a4 returned -22
12-14 03:22:24.533 1500 1622 W ActivityManager: Slow operation: 105ms so far, now at startProcess: returned from zygote!
12-14 03:22:24.533 1500 1622 W ActivityManager: Slow operation: 105ms so far, now at startProcess: done updating battery stats
12-14 03:22:24.533 1500 1622 W ActivityManager: Slow operation: 105ms so far, now at startProcess: building log message
12-14 03:22:24.533 1500 1622 I ActivityManager: Start proc 2804:com.qualcomm.qti.workloadclassifier/u0a85 for added application com.qualcomm.qti.workloadclassifier
12-14 03:22:24.533 1500 1622 W ActivityManager: Slow operation: 105ms so far, now at startProcess: starting to update pids map
12-14 03:22:24.533 1500 1622 W ActivityManager: Slow operation: 105ms so far, now at startProcess: done updating pids map
12-14 03:22:24.533 1500 1622 W ActivityManager: Slow operation: 105ms so far, now at startProcess: asking zygote to start proc
12-14 03:22:24.533 1500 1622 D CompatibilityChangeReporter: Compat change id reported: 143937733; UID 10079; state: ENABLED
12-14 03:22:24.541 1500 1622 W ActivityManager: Slow operation: 114ms so far, now at startProcess: returned from zygote!
12-14 03:22:24.542 1500 1622 W ActivityManager: Slow operation: 114ms so far, now at startProcess: done updating battery stats
12-14 03:22:24.542 1500 1622 W ActivityManager: Slow operation: 114ms so far, now at startProcess: building log message
12-14 03:22:24.542 1500 1622 I ActivityManager: Start proc 2814:com.qualcomm.location/u0a79 for added application com.qualcomm.location
12-14 03:22:24.542 1500 1622 W ActivityManager: Slow operation: 114ms so far, now at startProcess: starting to update pids map
12-14 03:22:24.542 1500 1622 W ActivityManager: Slow operation: 114ms so far, now at startProcess: done updating pids map
12-14 03:22:24.542 1500 1622 W ActivityManager: Slow operation: 54ms so far, now at startProcess: asking zygote to start proc
12-14 03:22:24.542 1500 1622 D CompatibilityChangeReporter: Compat change id reported: 143937733; UID 10095; state: ENABLED
01-01 09:20:29.079 0 0 I binder : 2763:2763 ioctl 40046210 7fcb2c89a4 returned -22
01-01 09:20:29.085 0 0 I binder : 2719:2719 ioctl 40046210 7fcb2c7894 returned -22
01-01 09:20:29.087 0 0 D : mv2112_read_status
01-01 09:20:29.087 0 0 D mv2112_update_link: 3.0x901(1G): 0x80
01-01 09:20:29.087 0 0 D mv2112_update_link: 3.0x8109(100M): 0x8
01-01 09:20:29.087 0 0 D mv2112_update_link: link 0x0
01-01 09:20:29.087 0 0 D mv2112_read_status: autoneg is disabled
01-01 09:20:29.094 0 0 E msm-dwc3 a600000.ssusb: Could not get usb psy
12-14 03:22:24.544 1500 1694 D CompatibilityChangeReporter: Compat change id reported: 168419799; UID 10087; state: DISABLED
12-14 03:22:24.548 1500 2321 D CompatibilityChangeReporter: Compat change id reported: 168419799; UID 10074; state: DISABLED
12-14 03:22:24.550 1500 1622 W ActivityManager: Slow operation: 62ms so far, now at startProcess: returned from zygote!
12-14 03:22:24.554 1500 1622 W ActivityManager: Slow operation: 66ms so far, now at startProcess: done updating battery stats
12-14 03:22:24.554 1500 1622 I Watchdog: Interesting Java process com.android.providers.media.module started. Pid 2829
12-14 03:22:24.554 1500 1622 W ActivityManager: Slow operation: 66ms so far, now at startProcess: building log message
12-14 03:22:24.554 1500 1622 I ActivityManager: Start proc 2829:com.android.providers.media.module/u0a95 for service {com.android.providers.media.module/com.android.providers.media.fuse.ExternalStorageServiceImpl}
12-14 03:22:24.554 1500 1622 W ActivityManager: Slow operation: 66ms so far, now at startProcess: starting to update pids map
12-14 03:22:24.554 1500 1622 W ActivityManager: Slow operation: 66ms so far, now at startProcess: done updating pids map
12-14 03:22:24.563 1500 1622 I ActivityManager: Start proc 2840:com.android.keychain/1000 for service {com.android.keychain/com.android.keychain.KeyChainService}
01-01 09:20:29.096 0 0 I binder : 2804:2804 ioctl 40046210 7fcb2c89a4 returned -22
12-14 03:22:24.571 1500 2361 D CompatibilityChangeReporter: Compat change id reported: 168419799; UID 10085; state: DISABLED
01-01 09:20:29.111 0 0 I binder : 2814:2814 ioctl 40046210 7fcb2c89a4 returned -22
01-01 09:20:29.123 0 0 I binder : 2829:2829 ioctl 40046210 7fcb2c89a4 returned -22
01-01 09:20:29.133 0 0 I binder : 2840:2840 ioctl 40046210 7fcb2c89a4 returned -22
12-14 03:22:24.580 1500 1694 D CompatibilityChangeReporter: Compat change id reported: 168419799; UID 10079; state: DISABLED
01-01 09:20:29.143 0 0 W QSEECOM : __qseecom_unload_app: App (7) is unloaded
01-01 09:20:29.144 0 0 D qbt : qbt_release: entry minor_no=0 fd_available=0
01-01 09:20:29.144 0 0 D qbt : qbt_release: Releasing wakelock
01-01 09:20:29.144 0 0 D qbt : qbt_release: exit : fd_available=1
01-01 09:20:29.144 0 0 D qbt : qbt_release: entry minor_no=1 fd_available=1
01-01 09:20:29.144 0 0 D qbt : qbt_release: exit : fd_available=1
01-01 09:20:29.144 0 0 I zram0 : detected capacity change from 0 to 4294967296
12-14 03:22:24.595 1500 1535 D CompatibilityChangeReporter: Compat change id reported: 168419799; UID 10095; state: DISABLED
12-14 03:22:24.604 1500 1500 W Looper : Slow dispatch took 351ms main h=android.os.Handler c=com.android.server.biometrics.sensors.fingerprint.hidl.Fingerprint21$$ExternalSyntheticLambda2@c31ecd5 m=0
12-14 03:22:24.604 1500 1500 D BiometricScheduler/Fingerprint21: [Added] {[1] FingerprintUpdateActiveUserClient, proto=1, owner=android, cookie=0, requestId=-1, userId=0}, new queue size: 1
12-14 03:22:24.604 1500 1500 V BiometricScheduler/Fingerprint21: Not idle, current operation: {[0] FingerprintUpdateActiveUserClient, proto=1, owner=android, cookie=0, requestId=-1, userId=0}, State: 2
12-14 03:22:24.604 1500 1500 D BiometricScheduler/Fingerprint21: [Added] {[2] FingerprintInternalCleanupClient, proto=7, owner=android, cookie=0, requestId=-1, userId=0}, new queue size: 2
12-14 03:22:24.604 1500 1500 V BiometricScheduler/Fingerprint21: Not idle, current operation: {[0] FingerprintUpdateActiveUserClient, proto=1, owner=android, cookie=0, requestId=-1, userId=0}, State: 2
12-14 03:22:24.604 1500 1500 W Looper : Slow delivery took 351ms main h=android.os.Handler c=com.android.server.biometrics.sensors.fingerprint.hidl.Fingerprint21$$ExternalSyntheticLambda12@5985bdb m=0
12-14 03:22:24.610 1500 2752 D CompatibilityChangeReporter: Compat change id reported: 168419799; UID 1000; state: DISABLED
01-01 09:20:29.151 0 0 I binder : 2529:2816 ioctl 40046210 78dadba254 returned -22
12-14 03:22:24.637 1500 1500 I GameModeConfig: isGameModeOn = false
12-14 03:22:24.640 1500 1500 W NotificationHistory: Attempted to add notif for locked/gone/disabled user 0
12-14 03:22:24.640 1500 1500 I NotificationHistory: Attempted to unlock gone/disabled user 0
01-01 09:20:29.182 0 0 E bt_ioctl: BT_CMD_PWR_CTRL pwr_cntrl:2
01-01 09:20:29.182 0 0 E bt_vreg_unvote: vreg_unvote successful for : qca,bt-vdd-rfa2
01-01 09:20:29.182 0 0 E bt_vreg_unvote: vreg_unvote successful for : qca,bt-vdd-rfa1
01-01 09:20:29.182 0 0 E bt_vreg_unvote: vreg_unvote successful for : qca,bt-vdd-dig
01-01 09:20:29.182 0 0 E bt_vreg_unvote: vreg_unvote successful for : qca,bt-vdd-aon
01-01 09:20:29.182 0 0 I : Adding 4194300k swap on /dev/block/zram0. Priority:32758 extents:1 across:4194300k SS
12-14 03:22:24.644 1500 1500 V NotificationAssistants: disabling notification assistant for user 0: ComponentInfo{android.ext.services/android.ext.services.notification.Assistant}
12-14 03:22:24.644 1500 1500 D NotificationListeners: Removing active service ComponentInfo{android.ext.services/android.ext.services.notification.Assistant}
12-14 03:22:24.647 1500 1500 V NotificationAssistants: enabling notification assistant for 0: ComponentInfo{android.ext.services/android.ext.services.notification.Assistant}
12-14 03:22:24.647 1500 1500 V NotificationAssistants: binding: Intent { act=android.service.notification.NotificationAssistantService cmp=android.ext.services/.notification.Assistant (has extras) }
01-01 09:20:29.188 0 0 E msm-dwc3 a600000.ssusb: Could not get usb psy
01-01 09:20:29.188 0 0 I android_work: did not send uevent (0 0 0000000000000000)
12-14 03:22:24.648 1500 1500 D CompatibilityChangeReporter: Compat change id reported: 168419799; UID 10096; state: DISABLED
12-14 03:22:24.681 1500 1983 I SyncManager: Loaded persisted syncs: 0 periodic syncs, 0 oneshot syncs, 15 total system server jobs, JobStats: FirstLoad: 5/4/0 LastSave: -1/-1/-1
12-14 03:22:24.684 1500 1500 D BiometricScheduler/Fingerprint21: [Finishing] {[0] FingerprintUpdateActiveUserClient, proto=1, owner=android, cookie=0, requestId=-1, userId=0}, success: true
12-14 03:22:24.684 1500 1500 D BiometricScheduler/Fingerprint21: [Polled] {[1] FingerprintUpdateActiveUserClient, proto=1, owner=android, cookie=0, requestId=-1, userId=0}, State: 0
12-14 03:22:24.684 1500 1500 D BiometricScheduler/Fingerprint21: [Starting] {[1] FingerprintUpdateActiveUserClient, proto=1, owner=android, cookie=0, requestId=-1, userId=0}, State: 0
12-14 03:22:24.684 1500 1500 D BiometricScheduler/Fingerprint21: [Started] {[1] FingerprintUpdateActiveUserClient, proto=1, owner=android, cookie=0, requestId=-1, userId=0}
01-01 09:20:29.225 0 0 D qbt : qbt_open: entry minor_no=0 fd_available=1
12-14 03:22:24.687 1500 1910 I GameModeConfig: isGameModeOn = true
12-14 03:22:24.687 1500 1910 I GameModeConfig: isGaming = false
01-01 09:20:29.225 0 0 D qbt : qbt_open: exit : 0 fd_available=0
01-01 09:20:29.225 0 0 D qbt : qbt_open: entry minor_no=1 fd_available=0
12-14 03:22:24.687 1500 1910 I GameModeConfig: isGameModeOn = true
01-01 09:20:29.225 0 0 D qbt : qbt_open: exit : 0 fd_available=0
12-14 03:22:24.687 1500 1910 I GameModeConfig: isGaming = false
01-01 09:20:29.225 0 0 D qbt : qbt_ioctl: cmd received 107
01-01 09:20:29.225 0 0 D qbt : qbt_ioctl: Acquiring wakelock
12-14 03:22:24.687 1500 1910 I GameModeConfig: isGameModeOn = true
12-14 03:22:24.687 1500 1910 I GameModeConfig: isGaming = false
12-14 03:22:24.687 1500 1910 I GameModeConfig: isGameModeOn = true
12-14 03:22:24.687 1500 1910 I GameModeConfig: isGaming = false
12-14 03:22:24.687 1500 1910 I GameModeConfig: isGameModeOn = true
12-14 03:22:24.687 1500 1910 I GameModeConfig: isGaming = false
12-14 03:22:24.687 1500 1910 I GameModeConfig: isGameModeOn = true
12-14 03:22:24.687 1500 1910 I GameModeConfig: isGaming = false
12-14 03:22:24.699 1500 2321 D CompatibilityChangeReporter: Compat change id reported: 168419799; UID 10083; state: DISABLED
12-14 03:22:24.699 1500 1694 D CompatibilityChangeReporter: Compat change id reported: 73144566; UID 1000; state: ENABLED
12-14 03:22:24.700 1500 1694 D CompatibilityChangeReporter: Compat change id reported: 73144566; UID 1000; state: DISABLED
12-14 03:22:24.702 1500 2321 D CompatibilityChangeReporter: Compat change id reported: 168419799; UID 1000; state: DISABLED
01-01 09:20:29.245 0 0 I binder : 2814:2934 ioctl 40046210 7941716934 returned -22
01-01 09:20:29.249 0 0 W QSEECOM : qseecom_load_app: App (fingerpr) does'nt exist, loading apps for first time
12-14 03:22:24.713 1500 2755 I StorageUserConnection: Service: [ComponentInfo{com.android.providers.media.module/com.android.providers.media.fuse.ExternalStorageServiceImpl}] connected. User [0]
12-14 03:22:24.724 1500 1594 D BluetoothManagerService: MESSAGE_BLUETOOTH_STATE_CHANGE: BLE_TURNING_ON > BLE_ON
12-14 03:22:24.724 1500 1594 D BluetoothManagerService: Bluetooth is in LE only mode
12-14 03:22:24.724 1500 1594 D BluetoothManagerService: Binding Bluetooth GATT service
12-14 03:22:24.726 1500 1594 D BluetoothManagerService: Sending BLE State Change: BLE_TURNING_ON > BLE_ON
12-14 03:22:24.737 2326 2326 W ContextImpl: Calling a method in the system process without a qualified user: android.app.ContextImpl.startService:1816 android.content.ContextWrapper.startService:774 android.content.ContextWrapper.startService:774 com.qualcomm.qti.qdma.app.BootReceiver.onBootReceived:115 com.qualcomm.qti.innodme.InnoBootReceiver.onReceive:22
01-01 09:20:29.276 0 0 I android_work: sent uevent USB_STATE=CONNECTED
12-14 03:22:24.738 1500 1621 D CompatibilityChangeReporter: Compat change id reported: 135634846; UID 10019; state: DISABLED
12-14 03:22:24.738 1500 1621 D CompatibilityChangeReporter: Compat change id reported: 177438394; UID 10019; state: DISABLED
12-14 03:22:24.738 1500 1621 D CompatibilityChangeReporter: Compat change id reported: 135772972; UID 10019; state: DISABLED
12-14 03:22:24.738 1500 1621 D CompatibilityChangeReporter: Compat change id reported: 135754954; UID 10019; state: ENABLED
12-14 03:22:24.739 1500 1622 D CompatibilityChangeReporter: Compat change id reported: 143937733; UID 10019; state: ENABLED
12-14 03:22:24.747 1500 1535 D CompatibilityChangeReporter: Compat change id reported: 135634846; UID 10073; state: DISABLED
12-14 03:22:24.748 1500 1535 D CompatibilityChangeReporter: Compat change id reported: 177438394; UID 10073; state: DISABLED
12-14 03:22:24.748 1500 1535 D CompatibilityChangeReporter: Compat change id reported: 135772972; UID 10073; state: DISABLED
12-14 03:22:24.748 1500 1535 D CompatibilityChangeReporter: Compat change id reported: 135754954; UID 10073; state: ENABLED
12-14 03:22:24.751 1500 1622 I ActivityManager: Start proc 2962:android.process.media/u0a19 for broadcast {com.android.mtp/com.android.mtp.MtpReceiver}
12-14 03:22:24.751 1500 1622 D CompatibilityChangeReporter: Compat change id reported: 143937733; UID 10073; state: ENABLED
01-01 09:20:29.296 0 0 E msm-dwc3 a600000.ssusb: Could not get usb psy
12-14 03:22:24.758 1500 1622 I ActivityManager: Start proc 2972:com.qualcomm.location.XT/u0a73 for service {com.qualcomm.location.XT/com.qualcomm.location.XT.XTSrv}
12-14 03:22:24.758 1500 2361 D CompatibilityChangeReporter: Compat change id reported: 135634846; UID 10086; state: DISABLED
12-14 03:22:24.758 1500 2361 D CompatibilityChangeReporter: Compat change id reported: 177438394; UID 10086; state: DISABLED
12-14 03:22:24.758 1500 2361 D CompatibilityChangeReporter: Compat change id reported: 135772972; UID 10086; state: DISABLED
12-14 03:22:24.758 1500 2361 D CompatibilityChangeReporter: Compat change id reported: 135754954; UID 10086; state: ENABLED
12-14 03:22:24.758 1500 1622 D CompatibilityChangeReporter: Compat change id reported: 143937733; UID 10086; state: ENABLED
01-01 09:20:29.300 0 0 I binder : 2962:2962 ioctl 40046210 7fcb2c89a4 returned -22
01-01 09:20:29.304 0 0 I configfs-gadget gadget: high-speed config #1: b
01-01 09:20:29.304 0 0 E msm-dwc3 a600000.ssusb: Could not get usb psy
01-01 09:20:29.304 0 0 I android_work: sent uevent USB_STATE=CONFIGURED
12-14 03:22:24.764 1500 2361 D CompatibilityChangeReporter: Compat change id reported: 182478738; UID 1001; state: DISABLED
12-14 03:22:24.768 1500 2361 D CompatibilityChangeReporter: Compat change id reported: 168419799; UID 10019; state: DISABLED
12-14 03:22:24.773 1500 1622 I ActivityManager: Start proc 2993:com.qualcomm.qtil.aptxui/u0a86 for broadcast {com.qualcomm.qtil.aptxui/com.qualcomm.qtil.aptxui.aptxuiBootReceiver}
01-01 09:20:29.318 0 0 I binder : 2972:2972 ioctl 40046210 7fcb2c89a4 returned -22
12-14 03:22:24.782 1500 1694 D CompatibilityChangeReporter: Compat change id reported: 168419799; UID 10073; state: DISABLED
12-14 03:22:24.785 1500 2037 W FreeFormWindowHelper: getCurrentDisplayedFreeFormTask is null
01-01 09:20:29.326 0 0 I binder : 2993:2993 ioctl 40046210 7fcb2c89a4 returned -22
12-14 03:22:24.795 1500 1535 D CompatibilityChangeReporter: Compat change id reported: 168419799; UID 10086; state: DISABLED
12-14 03:22:24.819 1500 1694 D CompatibilityChangeReporter: Compat change id reported: 157233955; UID 10079; state: DISABLED
12-14 03:22:24.824 1500 1910 I GameModeConfig: isGameModeOn = true
12-14 03:22:24.824 1500 1910 I GameModeConfig: isGaming = false
12-14 03:22:24.824 1500 1910 I GameModeConfig: isGameModeOn = true
12-14 03:22:24.824 1500 1910 I GameModeConfig: isGaming = false
12-14 03:22:24.824 1500 1910 I GameModeConfig: isGameModeOn = true
12-14 03:22:24.824 1500 1910 I GameModeConfig: isGaming = false
12-14 03:22:24.826 1500 2321 D CompatibilityChangeReporter: Compat change id reported: 174042980; UID 1000; state: DISABLED
12-14 03:22:24.830 1500 1694 D CompatibilityChangeReporter: Compat change id reported: 168419799; UID 10080; state: DISABLED
01-01 09:20:29.370 0 0 I binder : 2972:3022 ioctl 40046210 79469e1944 returned -22
01-01 09:20:29.381 0 0 W QSEECOM : qseecom_load_app: App with id 8 (fingerpr) now loaded
12-14 03:22:24.849 1500 1694 W FreeFormWindowHelper: getCurrentDisplayedFreeFormTask is null
12-14 03:22:24.854 1500 1535 D CompatibilityChangeReporter: Compat change id reported: 168419799; UID 10055; state: DISABLED
01-01 09:20:29.405 0 0 I binder : 2133:2133 ioctl 40046210 7fcb2c8334 returned -22
12-14 03:22:24.866 1500 2820 W FreeFormWindowHelper: getCurrentDisplayedFreeFormTask is null
12-14 03:22:24.868 2169 2169 W ContextImpl: Calling a method in the system process without a qualified user: android.app.ContextImpl.startService:1816 android.content.ContextWrapper.startService:774 android.content.ContextWrapper.startService:774 vendor.qti.qesdk.sysservice.QesdkSysReceiver.onReceive:42 android.app.ActivityThread.handleReceiver:4309
12-14 03:22:24.878 1500 2037 D CompatibilityChangeReporter: Compat change id reported: 168419799; UID 10064; state: DISABLED
12-14 03:22:24.896 1500 1596 I ActivityRecord: real home.....com.android.launcher3/.uioverrides.QuickstepLauncher
12-14 03:22:24.899 1500 1596 I WindowManager: ******* TELLING SURFACE FLINGER WE ARE BOOTED!
12-14 03:22:24.936 1500 1694 D CompatibilityChangeReporter: Compat change id reported: 135634846; UID 10034; state: DISABLED
12-14 03:22:24.936 1500 1694 D CompatibilityChangeReporter: Compat change id reported: 177438394; UID 10034; state: DISABLED
12-14 03:22:24.936 1500 1694 D CompatibilityChangeReporter: Compat change id reported: 135772972; UID 10034; state: DISABLED
12-14 03:22:24.936 1500 1694 D CompatibilityChangeReporter: Compat change id reported: 135754954; UID 10034; state: ENABLED
12-14 03:22:24.938 1500 1622 D CompatibilityChangeReporter: Compat change id reported: 143937733; UID 10034; state: ENABLED
12-14 03:22:24.945 1500 1622 I ActivityManager: Start proc 3098:com.android.traceur/u0a34 for broadcast {com.android.traceur/com.android.traceur.Receiver}
12-14 03:22:24.949 1500 1694 D CompatibilityChangeReporter: Compat change id reported: 135634846; UID 10033; state: DISABLED
12-14 03:22:24.949 1500 1694 D CompatibilityChangeReporter: Compat change id reported: 177438394; UID 10033; state: DISABLED
12-14 03:22:24.949 1500 1694 D CompatibilityChangeReporter: Compat change id reported: 135772972; UID 10033; state: DISABLED
12-14 03:22:24.949 1500 1694 D CompatibilityChangeReporter: Compat change id reported: 135754954; UID 10033; state: DISABLED
12-14 03:22:24.950 1500 1622 D CompatibilityChangeReporter: Compat change id reported: 143937733; UID 10033; state: DISABLED
01-01 09:20:29.497 0 0 I binder : 3098:3098 ioctl 40046210 7fcb2c89a4 returned -22
12-14 03:22:24.963 1500 1622 I ActivityManager: Start proc 3136:com.baidu.input/u0a33 for service {com.baidu.input/com.baidu.input.ImeService}
12-14 03:22:24.966 1500 1694 D CompatibilityChangeReporter: Compat change id reported: 168419799; UID 10034; state: DISABLED
01-01 09:20:29.518 0 0 I binder : 3136:3136 ioctl 40046210 7fcb2c89a4 returned -22
12-14 03:22:24.982 1500 1694 D CompatibilityChangeReporter: Compat change id reported: 168419799; UID 10033; state: DISABLED
01-01 09:20:29.546 0 0 W QSEECOM : __qseecom_unload_app: App (8) is unloaded
01-01 09:20:29.546 0 0 D qbt : qbt_release: entry minor_no=0 fd_available=0
01-01 09:20:29.546 0 0 D qbt : qbt_release: Releasing wakelock
01-01 09:20:29.546 0 0 D qbt : qbt_release: exit : fd_available=1
01-01 09:20:29.546 0 0 D qbt : qbt_release: entry minor_no=1 fd_available=1
01-01 09:20:29.546 0 0 D qbt : qbt_release: exit : fd_available=1
12-14 03:22:25.006 1500 1500 W Looper : Slow dispatch took 322ms main h=android.os.Handler c=com.android.server.biometrics.sensors.BiometricScheduler$InternalCallback$$ExternalSyntheticLambda0@3daad1a m=0
12-14 03:22:25.007 1500 1500 V NotificationAssistants: 0 notification assistant service connected: ComponentInfo{android.ext.services/android.ext.services.notification.Assistant}
12-14 03:22:25.008 1500 1500 D BluetoothManagerService: Bluetooth Adapter address changed to F0:74:E4:3A:18:78
12-14 03:22:25.008 1500 1500 D BluetoothManagerService: Stored Bluetoothaddress: F0:74:E4:3A:18:78
12-14 03:22:25.008 1500 1500 D BluetoothManagerService: Bluetooth Adapter name changed to QLY by android
12-14 03:22:25.008 1500 1500 D BluetoothManagerService: Stored Bluetooth name: QLY
12-14 03:22:25.008 1500 1500 D BluetoothManagerService: Bluetooth Adapter address changed to F0:74:E4:3A:18:78
12-14 03:22:25.008 1500 1500 D BluetoothManagerService: Stored Bluetoothaddress: F0:74:E4:3A:18:78
12-14 03:22:25.008 1500 1500 D BluetoothManagerService: BluetoothServiceConnection: com.android.bluetooth.gatt.GattService
12-14 03:22:25.008 1500 1500 D CompanionDeviceManagerService: Received BT state transition broadcast: BLE_TURNING_ON -> BLE_ON
01-01 09:20:29.553 0 0 D qbt : qbt_open: entry minor_no=0 fd_available=1
01-01 09:20:29.553 0 0 D qbt : qbt_open: exit : 0 fd_available=0
01-01 09:20:29.553 0 0 D qbt : qbt_open: entry minor_no=1 fd_available=0
01-01 09:20:29.553 0 0 D qbt : qbt_open: exit : 0 fd_available=0
01-01 09:20:29.553 0 0 D qbt : qbt_ioctl: cmd received 107
01-01 09:20:29.553 0 0 D qbt : qbt_ioctl: Acquiring wakelock
12-14 03:22:25.009 1500 1594 D BluetoothManagerService: MESSAGE_BLUETOOTH_SERVICE_CONNECTED: 2
12-14 03:22:25.009 1500 1594 D BluetoothManagerService: continueFromBleOnState()
12-14 03:22:25.011 1500 1500 I CompanionDeviceManagerService: startBleScan()
12-14 03:22:25.012 1500 1500 D BiometricScheduler/Fingerprint21: [Finishing] {[1] FingerprintUpdateActiveUserClient, proto=1, owner=android, cookie=0, requestId=-1, userId=0}, success: true
12-14 03:22:25.012 1500 1500 D BiometricScheduler/Fingerprint21: [Polled] {[2] FingerprintInternalCleanupClient, proto=7, owner=android, cookie=0, requestId=-1, userId=0}, State: 0
12-14 03:22:25.012 1500 1500 D BiometricScheduler/Fingerprint21: [Starting] {[2] FingerprintInternalCleanupClient, proto=7, owner=android, cookie=0, requestId=-1, userId=0}, State: 0
12-14 03:22:25.012 1500 1500 D BiometricScheduler/Fingerprint21: [Started] {[2] FingerprintInternalCleanupClient, proto=7, owner=android, cookie=0, requestId=-1, userId=0}
12-14 03:22:25.012 1500 1500 D Biometrics/InternalCleanupClient: Starting enumerate: {[3] FingerprintInternalEnumerateClient, proto=6, owner=android, cookie=0, requestId=-1, userId=0}
12-14 03:22:25.012 1500 1500 W Looper : Drained
12-14 03:22:25.013 1500 1594 D BluetoothManagerService: Persisting Bluetooth Setting: 1
12-14 03:22:25.017 1500 1594 D BluetoothManagerService: MESSAGE_BLUETOOTH_STATE_CHANGE: BLE_ON > TURNING_ON
12-14 03:22:25.017 1500 1594 D BluetoothManagerService: Sending BLE State Change: BLE_ON > TURNING_ON
12-14 03:22:25.022 1500 1594 D BluetoothManagerService: Sending State Change: OFF > TURNING_ON
12-14 03:22:25.025 1500 1500 D CompanionDeviceManagerService: Received BT state transition broadcast: BLE_ON -> TURNING_ON
01-01 09:20:29.570 0 0 W QSEECOM : qseecom_load_app: App (fingerpr) does'nt exist, loading apps for first time
12-14 03:22:25.060 1500 1910 I GameModeConfig: isGameModeOn = true
12-14 03:22:25.060 1500 1910 I GameModeConfig: isGaming = false
12-14 03:22:25.060 1500 1910 I GameModeConfig: isGameModeOn = true
12-14 03:22:25.060 1500 1910 I GameModeConfig: isGaming = false
12-14 03:22:25.061 1500 1910 I GameModeConfig: isGameModeOn = true
12-14 03:22:25.061 1500 1910 I GameModeConfig: isGaming = false
12-14 03:22:25.063 1500 1694 D CompatibilityChangeReporter: Compat change id reported: 168419799; UID 10070; state: DISABLED
12-14 03:22:25.066 2320 2320 E AndroidRuntime: FATAL EXCEPTION: main
12-14 03:22:25.066 2320 2320 E AndroidRuntime: Process: com.qualcomm.qti.devicestatisticsservice, PID: 2320
12-14 03:22:25.066 2320 2320 E AndroidRuntime: java.lang.NoClassDefFoundError: Failed resolution of: Landroid/hidl/manager/V1_0/IServiceNotification$Stub;
12-14 03:22:25.066 2320 2320 E AndroidRuntime: at com.qualcomm.qti.devicestatisticsservice.DeviceStatisticsService.onStartCommand(DeviceStatisticsService.java:83)
12-14 03:22:25.066 2320 2320 E AndroidRuntime: at android.app.ActivityThread.handleServiceArgs(ActivityThread.java:4640)
12-14 03:22:25.066 2320 2320 E AndroidRuntime: at android.app.ActivityThread.access$2000(ActivityThread.java:248)
12-14 03:22:25.066 2320 2320 E AndroidRuntime: at android.app.ActivityThread$H.handleMessage(ActivityThread.java:2092)
12-14 03:22:25.066 2320 2320 E AndroidRuntime: at android.os.Handler.dispatchMessage(Handler.java:106)
12-14 03:22:25.066 2320 2320 E AndroidRuntime: at android.os.Looper.loopOnce(Looper.java:201)
12-14 03:22:25.066 2320 2320 E AndroidRuntime: at android.os.Looper.loop(Looper.java:288)
12-14 03:22:25.066 2320 2320 E AndroidRuntime: at android.app.ActivityThread.main(ActivityThread.java:7880)
12-14 03:22:25.066 2320 2320 E AndroidRuntime: at java.lang.reflect.Method.invoke(Native Method)
12-14 03:22:25.066 2320 2320 E AndroidRuntime: at com.android.internal.os.RuntimeInit$MethodAndArgsCaller.run(RuntimeInit.java:548)
12-14 03:22:25.066 2320 2320 E AndroidRuntime: at com.android.internal.os.ZygoteInit.main(ZygoteInit.java:1009)
12-14 03:22:25.066 2320 2320 E AndroidRuntime: Caused by: java.lang.ClassNotFoundException: android.hidl.manager.V1_0.IServiceNotification$Stub
12-14 03:22:25.066 2320 2320 E AndroidRuntime: ... 11 more
12-14 03:22:25.067 1500 3189 I DropBoxManagerService: add tag=system_app_crash isTagEnabled=true flags=0x2
12-14 03:22:25.073 1500 1500 E BootReceiver: Could not open /sys/kernel/tracing/instances/bootreceiver/trace_pipe
12-14 03:22:25.073 1500 1500 E BootReceiver: android.system.ErrnoException: open failed: ENOENT (No such file or directory)
12-14 03:22:25.073 1500 1500 E BootReceiver: at libcore.io.Linux.open(Native Method)
12-14 03:22:25.073 1500 1500 E BootReceiver: at libcore.io.ForwardingOs.open(ForwardingOs.java:567)
12-14 03:22:25.073 1500 1500 E BootReceiver: at libcore.io.BlockGuardOs.open(BlockGuardOs.java:273)
12-14 03:22:25.073 1500 1500 E BootReceiver: at android.system.Os.open(Os.java:501)
12-14 03:22:25.073 1500 1500 E BootReceiver: at com.android.server.BootReceiver.onReceive(BootReceiver.java:167)
12-14 03:22:25.073 1500 1500 E BootReceiver: at android.app.ActivityThread.handleReceiver(ActivityThread.java:4309)
12-14 03:22:25.073 1500 1500 E BootReceiver: at android.app.ActivityThread.access$1600(ActivityThread.java:248)
12-14 03:22:25.073 1500 1500 E BootReceiver: at android.app.ActivityThread$H.handleMessage(ActivityThread.java:2065)
12-14 03:22:25.073 1500 1500 E BootReceiver: at android.os.Handler.dispatchMessage(Handler.java:106)
12-14 03:22:25.073 1500 1500 E BootReceiver: at android.os.Looper.loopOnce(Looper.java:201)
12-14 03:22:25.073 1500 1500 E BootReceiver: at android.os.Looper.loop(Looper.java:288)
12-14 03:22:25.073 1500 1500 E BootReceiver: at com.android.server.SystemServer.run(SystemServer.java:908)
12-14 03:22:25.073 1500 1500 E BootReceiver: at com.android.server.SystemServer.main(SystemServer.java:615)
12-14 03:22:25.073 1500 1500 E BootReceiver: at java.lang.reflect.Method.invoke(Native Method)
12-14 03:22:25.073 1500 1500 E BootReceiver: at com.android.internal.os.RuntimeInit$MethodAndArgsCaller.run(RuntimeInit.java:548)
12-14 03:22:25.073 1500 1500 E BootReceiver: at com.android.internal.os.ZygoteInit.main(ZygoteInit.java:987)
12-14 03:22:25.074 1500 1621 I DropBoxManagerService: add tag=system_server_wtf isTagEnabled=true flags=0x2
12-14 03:22:25.080 1500 3193 I DropBoxManagerService: add tag=SYSTEM_BOOT isTagEnabled=true flags=0x2
12-14 03:22:25.081 1500 3193 I BootReceiver: Copying audit failures to DropBox
12-14 03:22:25.081 1500 3193 I BootReceiver: Checking for fsck errors
12-14 03:22:25.081 1500 3193 I BootReceiver: fs_stat, partition:persist stat:0x3
12-14 03:22:25.081 1500 3193 I BootReceiver: fs_stat, partition:dsp_a stat:0x3
12-14 03:22:25.084 1500 2321 I ActivityManager: Process com.qualcomm.qti.devicestatisticsservice (pid 2320) has died: pers PER
12-14 03:22:25.084 1500 2321 W ActivityManager: Scheduling restart of crashed service com.qualcomm.qti.devicestatisticsservice/.DeviceStatisticsService in 0ms for persistent
12-14 03:22:25.084 1500 2321 W ActivityManager: Re-adding persistent process ProcessRecord{bd6fb8e 2320:com.qualcomm.qti.devicestatisticsservice/u0a70}
12-14 03:22:25.085 1500 2321 D CompatibilityChangeReporter: Compat change id reported: 135634846; UID 10070; state: DISABLED
12-14 03:22:25.085 1500 2321 D CompatibilityChangeReporter: Compat change id reported: 177438394; UID 10070; state: DISABLED
12-14 03:22:25.085 1500 2321 D CompatibilityChangeReporter: Compat change id reported: 135772972; UID 10070; state: DISABLED
12-14 03:22:25.085 1500 2321 D CompatibilityChangeReporter: Compat change id reported: 135754954; UID 10070; state: ENABLED
12-14 03:22:25.085 1500 1622 D CompatibilityChangeReporter: Compat change id reported: 143937733; UID 10070; state: ENABLED
12-14 03:22:25.093 1500 1622 I ActivityManager: Start proc 3197:com.qualcomm.qti.devicestatisticsservice/u0a70 for restart com.qualcomm.qti.devicestatisticsservice
12-14 03:22:25.104 1500 1535 D CompatibilityChangeReporter: Compat change id reported: 168419799; UID 10074; state: DISABLED
12-14 03:22:25.104 1500 1910 I GameModeConfig: isGameModeOn = true
12-14 03:22:25.104 1500 1910 I GameModeConfig: isGaming = false
12-14 03:22:25.104 1500 1910 I GameModeConfig: isGameModeOn = true
12-14 03:22:25.104 1500 1910 I GameModeConfig: isGaming = false
12-14 03:22:25.104 1500 1910 I GameModeConfig: isGameModeOn = true
12-14 03:22:25.104 1500 1910 I GameModeConfig: isGaming = false
01-01 09:20:29.654 0 0 I binder : 3197:3197 ioctl 40046210 7fcb2c89a4 returned -22
01-01 09:20:29.662 0 0 I binder : 2763:3216 ioctl 40046210 7941717604 returned -22
12-14 03:22:25.124 1500 2037 D CompatibilityChangeReporter: Compat change id reported: 135634846; UID 1000; state: DISABLED
12-14 03:22:25.124 1500 2037 D CompatibilityChangeReporter: Compat change id reported: 177438394; UID 1000; state: DISABLED
12-14 03:22:25.124 1500 2037 D CompatibilityChangeReporter: Compat change id reported: 135772972; UID 1000; state: DISABLED
12-14 03:22:25.124 1500 2037 D CompatibilityChangeReporter: Compat change id reported: 135754954; UID 1000; state: ENABLED
12-14 03:22:25.125 1500 1500 I Telecom : BluetoothDeviceManager: Got BluetoothHearingAid: android.bluetooth.BluetoothHearingAid@b30098f: BMSL.oSC@AAs
12-14 03:22:25.131 1500 1622 I ActivityManager: Start proc 3225:com.qti.diagservices/1000 for broadcast {com.qti.diagservices/com.qti.diagservices.Diag_OnBoot}
12-14 03:22:25.136 1500 1910 I GameModeConfig: isGameModeOn = true
12-14 03:22:25.137 1500 1910 I GameModeConfig: isGaming = false
12-14 03:22:25.137 1500 1910 I GameModeConfig: isGameModeOn = true
12-14 03:22:25.137 1500 1910 I GameModeConfig: isGaming = false
12-14 03:22:25.137 1500 1910 I GameModeConfig: isGameModeOn = true
12-14 03:22:25.137 1500 1910 I GameModeConfig: isGaming = false
12-14 03:22:25.139 1500 1594 D BluetoothManagerService: MESSAGE_BLUETOOTH_STATE_CHANGE: TURNING_ON > ON
12-14 03:22:25.139 1500 1594 D BluetoothManagerService: Broadcasting onBluetoothStateChange(true) to 10 receivers.
12-14 03:22:25.139 1500 1594 D BluetoothManagerService: Creating new ProfileServiceConnections object for profile: 1
12-14 03:22:25.140 1500 1594 W BluetoothManagerService: psc is not null in bindBluetoothProfileService
12-14 03:22:25.140 1500 1594 D BluetoothManagerService: Sending BLE State Change: TURNING_ON > ON
12-14 03:22:25.140 1500 1594 D BluetoothManagerService: Sending State Change: TURNING_ON > ON
12-14 03:22:25.141 1500 1500 D CompanionDeviceManagerService: Received BT state transition broadcast: TURNING_ON -> ON
12-14 03:22:25.141 1500 1500 I CompanionDeviceManagerService: startBleScan()
01-01 09:20:29.689 0 0 W QSEECOM : qseecom_load_app: App with id 9 (fingerpr) now loaded
12-14 03:22:25.149 1500 2037 D CompatibilityChangeReporter: Compat change id reported: 135634846; UID 10021; state: DISABLED
12-14 03:22:25.149 1500 2037 D CompatibilityChangeReporter: Compat change id reported: 177438394; UID 10021; state: DISABLED
12-14 03:22:25.149 1500 2037 D CompatibilityChangeReporter: Compat change id reported: 135772972; UID 10021; state: DISABLED
12-14 03:22:25.149 1500 2037 D CompatibilityChangeReporter: Compat change id reported: 135754954; UID 10021; state: ENABLED
12-14 03:22:25.150 1500 1622 D CompatibilityChangeReporter: Compat change id reported: 143937733; UID 10021; state: ENABLED
01-01 09:20:29.691 0 0 I binder : 3225:3225 ioctl 40046210 7fcb2c89a4 returned -22
12-14 03:22:25.159 1500 1622 I ActivityManager: Start proc 3256:android.process.acore/u0a21 for content provider {com.android.providers.contacts/com.android.providers.contacts.ContactsProvider2}
01-01 09:20:29.707 0 0 I binder : 3256:3256 ioctl 40046210 7fcb2c89a4 returned -22
12-14 03:22:25.170 1500 2037 D CompatibilityChangeReporter: Compat change id reported: 168419799; UID 10021; state: DISABLED
12-14 03:22:25.208 3225 3225 W ContextImpl: Calling a method in the system process without a qualified user: android.app.ContextImpl.startService:1816 android.content.ContextWrapper.startService:774 android.content.ContextWrapper.startService:774 com.qti.diagservices.Diag_OnBoot.onReceive:40 android.app.ActivityThread.handleReceiver:4309
12-14 03:22:25.229 1500 2037 D CountryDetector: The first listener is added
12-14 03:22:25.292 1500 1500 D Fingerprint21: handleError, client: FingerprintInternalCleanupClient, error: 2, vendorCode: 0
12-14 03:22:25.292 1500 1500 E Fingerprint21: onError for non-error consumer: FingerprintInternalCleanupClient
01-01 09:20:29.832 0 0 W QSEECOM : __qseecom_unload_app: App (9) is unloaded
01-01 09:20:29.832 0 0 D qbt : qbt_release: entry minor_no=0 fd_available=0
01-01 09:20:29.832 0 0 D qbt : qbt_release: Releasing wakelock
01-01 09:20:29.832 0 0 D qbt : qbt_release: exit : fd_available=1
01-01 09:20:29.832 0 0 D qbt : qbt_release: entry minor_no=1 fd_available=1
01-01 09:20:29.832 0 0 D qbt : qbt_release: exit : fd_available=1
01-01 09:20:29.947 0 0 I IRQ 5 : no longer affine to CPU7
01-01 09:20:30.012 0 0 W audit : audit_lost=1 audit_rate_limit=5 audit_backlog_limit=64
01-01 09:20:30.012 0 0 E audit : rate limit exceeded
01-01 09:20:30.111 0 0 D : mv2112_read_status
01-01 09:20:30.111 0 0 D mv2112_update_link: 3.0x901(1G): 0x80
01-01 09:20:30.111 0 0 D mv2112_update_link: 3.0x8109(100M): 0x8
01-01 09:20:30.111 0 0 D mv2112_update_link: link 0x0
01-01 09:20:30.111 0 0 D mv2112_read_status: autoneg is disabled
12-14 03:22:25.716 514 514 I vold : Bind mounting /mnt/runtime/default/emulated/0/Android/data on /mnt/user/0/emulated/0/Android/data
12-14 03:22:25.718 514 514 I vold : Bind mounted /mnt/runtime/default/emulated/0/Android/data on /mnt/user/0/emulated/0/Android/data
12-14 03:22:25.718 514 514 I vold : Bind mounting /mnt/runtime/default/emulated/0/Android/obb on /mnt/user/0/emulated/0/Android/obb
12-14 03:22:25.719 514 514 I vold : Bind mounted /mnt/runtime/default/emulated/0/Android/obb on /mnt/user/0/emulated/0/Android/obb
12-14 03:22:25.719 514 514 I vold : Bind mounting /mnt/runtime/write/emulated/0/Android/obb on /mnt/installer/0/emulated/0/Android/obb
12-14 03:22:25.720 514 514 I vold : Bind mounted /mnt/runtime/write/emulated/0/Android/obb on /mnt/installer/0/emulated/0/Android/obb
12-14 03:22:25.720 514 514 I vold : Configuring read_ahead of /mnt/user/0/emulated fuse filesystem to 256kb
12-14 03:22:25.720 514 514 I vold : Writing 256 to /sys/class/bdi/0:84/read_ahead_kb
12-14 03:22:25.720 514 514 I vold : Configuring max_ratio of /mnt/user/0/emulated fuse filesystem to 40
12-14 03:22:25.721 514 514 I vold : Writing 40 to /sys/class/bdi/0:84/max_ratio
12-14 03:22:25.722 1500 1803 I StorageManagerService: Mounted volume VolumeInfo{emulated;0}:
12-14 03:22:25.722 1500 1803 I StorageManagerService: type=EMULATED diskId=null partGuid= mountFlags=PRIMARY|VISIBLE
12-14 03:22:25.722 1500 1803 I StorageManagerService: mountUserId=0 state=MOUNTED
12-14 03:22:25.722 1500 1803 I StorageManagerService: fsType=null fsUuid=null fsLabel=null
12-14 03:22:25.722 1500 1803 I StorageManagerService: path=/storage/emulated internalPath=/data/media
12-14 03:22:25.722 1500 1803 I StorageSessionController: Notifying volume state changed for session with id: emulated;0
12-14 03:22:25.731 1500 1803 I StorageSessionController: Notifying volume state changed for session with id: emulated;0
12-14 03:22:25.734 1500 1803 I StorageSessionController: Notifying volume state changed for session with id: emulated;0
12-14 03:22:25.742 1500 2037 D CompatibilityChangeReporter: Compat change id reported: 168419799; UID 10095; state: DISABLED
12-14 03:22:25.755 1500 1803 D StorageManagerService: Volume emulated;0 broadcasting checking to UserHandle{0}
12-14 03:22:25.756 1500 1803 D StorageManagerService: Volume emulated;0 broadcasting mounted to UserHandle{0}
12-14 03:22:25.799 1500 1535 D CompatibilityChangeReporter: Compat change id reported: 149924527; UID 10095; state: ENABLED
12-14 03:22:25.800 1500 1535 D CompatibilityChangeReporter: Compat change id reported: 132649864; UID 10095; state: DISABLED
12-14 03:22:25.801 1500 1535 D CompatibilityChangeReporter: Compat change id reported: 182734110; UID 10095; state: DISABLED
12-14 03:22:25.880 1500 2037 D CompatibilityChangeReporter: Compat change id reported: 172100307; UID 10095; state: DISABLED
01-01 09:20:30.507 0 0 W cnss-daemon: DMS thread joined succesfully
01-01 09:20:30.507 0 0 W cnss-daemon: wlfw_stop: Stop done: 0
01-01 09:20:30.507 0 0 W cnss-daemon: wlfw_start: Starting
01-01 09:20:30.508 0 0 W cnss-daemon: wlfw_service_request: Start the pthread: 0x0K
01-01 09:20:30.510 0 0 W cnss-daemon: ro.baseband : [apq]
12-14 03:22:25.971 1500 1500 D CompanionDeviceManagerService: onDeviceConnected(address = 9C:19:C2:27:BA:EF)
12-14 03:22:25.971 1500 1500 I CompanionDeviceManagerService: onDeviceNearby(justAppeared, address = 9C:19:C2:27:BA:EF)
01-01 09:20:30.510 0 0 W cnss-daemon: Hardware supports external modem
01-01 09:20:30.515 0 0 W cnss-daemon: pm_release_vote: pm_handle is NULL
01-01 09:20:30.515 0 0 W cnss-daemon: pm_release_vote: pm_handle is NULL
01-01 09:20:30.515 0 0 W cnss-daemon: wlfw_build_cal_table: not read /data/vendor/wifi/wlfw_cal_00.bin
01-01 09:20:30.517 0 0 W cnss-daemon: wlfw_build_cal_table: not read /data/vendor/wifi/wlfw_cal_02.bin
01-01 09:20:30.522 0 0 D cnss : Received QMI WLFW request memory indication
01-01 09:20:30.522 0 0 D cnss : FW requests for memory, size: 0x5e0000, type: 1
01-01 09:20:30.522 0 0 D cnss : FW requests for memory, size: 0xd8000, type: 4
01-01 09:20:30.522 0 0 D cnss : Posting event: REQUEST_MEM(2), state: 0x11 flags: 0x0
01-01 09:20:30.522 0 0 D cnss : PM stay awake, state: 0x11, count: 1
01-01 09:20:30.522 0 0 D cnss : PM relax, state: 0x11, count: 0
01-01 09:20:30.522 0 0 D cnss : PM stay awake, state: 0x11, count: 1
01-01 09:20:30.522 0 0 D cnss : Processing driver event: REQUEST_MEM(2), state: 0x11
01-01 09:20:30.522 0 0 D cnss : Sending respond memory message, state: 0x11
01-01 09:20:30.522 0 0 D cnss : Memory for FW, va: 0x0000000000000000, pa: 0x00000000a1000000, size: 0x5e0000, type: 1
01-01 09:20:30.522 0 0 D cnss : Memory for FW, va: 0x0000000000000000, pa: 0x00000000a1600000, size: 0xd8000, type: 4
01-01 09:20:30.526 0 0 D cnss : PM relax, state: 0x11, count: 0
01-01 09:20:30.527 0 0 D cnss : Received QMI WLFW FW memory ready indication
01-01 09:20:30.527 0 0 D cnss : Posting event: FW_MEM_READY(3), state: 0x11 flags: 0x0
01-01 09:20:30.527 0 0 D cnss : PM stay awake, state: 0x11, count: 1
01-01 09:20:30.527 0 0 D cnss : PM relax, state: 0x11, count: 0
01-01 09:20:30.527 0 0 D cnss : PM stay awake, state: 0x11, count: 1
01-01 09:20:30.527 0 0 D cnss : Processing driver event: FW_MEM_READY(3), state: 0x11
01-01 09:20:30.527 0 0 D cnss : Sending target capability message, state: 0x13
01-01 09:20:30.537 0 0 D cnss : Voltage for CPR: 948mV
01-01 09:20:30.537 0 0 D cnss : Update TCS CMD data address 0x000000000b2e5844 with voltage 950mV
01-01 09:20:30.537 0 0 D cnss : Device frequency is 24000000 HZ
01-01 09:20:30.537 0 0 D cnss : Target capability: chip_id: 0x0, chip_family: 0xb, board_id: 0xff, soc_id: 0xffffffff, fw_version: 0x101a0521, fw_build_timestamp: 2021-12-20 07:54, fw_build_id: QC_IMAGE_VERSION_STRING=WLAN.HST.1.0.1.r1-01313-QCAHSTSWPL_SILICONZ-1, otp_version: 0x480020
01-01 09:20:30.537 0 0 D cnss : Sending BDF download message, state: 0x13, type: 4
01-01 09:20:30.537 0 0 D cnss : FW name added with prefix: qca6390/regdb.bin
01-01 09:20:30.537 0 0 W cnss2 b0000000.qcom,cnss-qca6390: Falling back to syfs fallback for: qca6390/regdb.bin
01-01 09:20:30.546 0 0 I ueventd : firmware: loading 'qca6390/regdb.bin' for '/devices/platform/soc/b0000000.qcom,cnss-qca6390/firmware/qca6390!regdb.bin'
01-01 09:20:30.548 0 0 E ueventd : firmware: could not find firmware for qca6390/regdb.bin
01-01 09:20:30.548 0 0 E ueventd : firmware: attempted /etc/firmware/qca6390/regdb.bin, open failed: No such file or directory
01-01 09:20:30.548 0 0 E ueventd : firmware: attempted /odm/firmware/qca6390/regdb.bin, open failed: No such file or directory
01-01 09:20:30.548 0 0 E ueventd : firmware: attempted /vendor/firmware/qca6390/regdb.bin, open failed: No such file or directory
01-01 09:20:30.548 0 0 E ueventd : firmware: attempted /firmware/image/qca6390/regdb.bin, open failed: No such file or directory
01-01 09:20:30.548 0 0 E ueventd : firmware: attempted /vendor/firmware_mnt/image/qca6390/regdb.bin, open failed: No such file or directory
01-01 09:20:30.548 0 0 E cnss : Failed to load BDF: qca6390/regdb.bin
01-01 09:20:30.548 0 0 D cnss : Sending BDF download message, state: 0x13, type: 1
01-01 09:20:30.548 0 0 D cnss : FW name added with prefix: qca6390/bdwlan.elf
01-01 09:20:30.548 0 0 W cnss2 b0000000.qcom,cnss-qca6390: Falling back to syfs fallback for: qca6390/bdwlan.elf
01-01 09:20:30.548 0 0 I ueventd : loading /devices/platform/soc/b0000000.qcom,cnss-qca6390/firmware/qca6390!regdb.bin took 2ms
01-01 09:20:30.557 0 0 D cnss : Downloading BDF: qca6390/bdwlan.elf, size: 57908
12-14 03:22:26.022 1500 1910 I GameModeConfig: isGameModeOn = true
12-14 03:22:26.022 1500 1910 I GameModeConfig: isGaming = false
12-14 03:22:26.022 1500 1910 I GameModeConfig: isGameModeOn = true
12-14 03:22:26.022 1500 1910 I GameModeConfig: isGaming = false
12-14 03:22:26.022 1500 1910 I GameModeConfig: isGameModeOn = true
12-14 03:22:26.022 1500 1910 I GameModeConfig: isGaming = false
12-14 03:22:26.022 1500 1910 I GameModeConfig: isGameModeOn = true
12-14 03:22:26.022 1500 1910 I GameModeConfig: isGaming = false
12-14 03:22:26.022 1500 1910 I GameModeConfig: isGameModeOn = true
12-14 03:22:26.022 1500 1910 I GameModeConfig: isGaming = false
12-14 03:22:26.022 1500 1910 I GameModeConfig: isGameModeOn = true
12-14 03:22:26.022 1500 1910 I GameModeConfig: isGaming = false
01-01 09:20:30.595 0 0 D cnss : Sending M3 information message, state: 0x13
01-01 09:20:30.595 0 0 D cnss : M3 memory, va: 0x0000000000000000, pa: 0x00000000a1800000, size: 0x411bc
01-01 09:20:30.600 0 0 D cnss : Received QMI WLFW FW initialization done indication
01-01 09:20:30.600 0 0 D cnss : Posting event: FW_READY(4), state: 0x13 flags: 0x0
01-01 09:20:30.600 0 0 D cnss : Processing driver event: FW_READY(4), state: 0x13
01-01 09:20:30.600 0 0 D cnss : PCIE Gen speed not setup
01-01 09:20:30.609 0 0 W : (NULL device *): Falling back to syfs fallback for: wlan/qca_cld/qca6390/WCNSS_qcom_cfg.ini
01-01 09:20:30.622 0 0 I [kworke][0x13506110][03:22:26.082468] wlan: [334:I:HDD] hdd_pm_qos_add_request: 9360: Set cpu_mask 0f for affine_cores
01-01 09:20:30.622 0 0 I [kworke][0x1350620d][03:22:26.082481] wlan: [334:I:HDD] hdd_pm_qos_add_request: 9362: Set cpu_mask 0f for affine_cores
01-01 09:20:30.622 0 0 D cnss : Sending ini sync request, state: 0x17, fw_log_mode: 1
01-01 09:20:30.627 0 0 I [kworke][0x1351d1e2][03:22:26.087386] wlan: [334:I:HIF] Initializing Runtime PM wakelock &sc->prevent_linkdown_lock
