01-01 09:23:45.695 0 0 D mv2112_update_link: 3.0x901(1G): 0x80
01-01 09:23:45.695 0 0 D mv2112_update_link: 3.0x8109(100M): 0x8
01-01 09:23:45.695 0 0 D mv2112_update_link: link 0x0
01-01 09:23:45.695 0 0 D mv2112_read_status: autoneg is disabled
12-14 03:25:41.177 4333 4333 I update_engine_client: [INFO:update_engine_client_android.cc(92)] onStatusUpdate(UPDATE_STATUS_VERIFYING (4), 0.745721)
12-14 03:25:41.512 640 655 I mpu_uart: [MSG-P:RECV]:No message received in 1000 ms
12-14 03:25:41.571 0 0 W swapper/2: type=1400 audit(0.0:431): avc: denied { kill } for capability=5 scontext=u:r:kernel:s0 tcontext=u:r:kernel:s0 tclass=capability permissive=0
12-14 03:25:41.751 1261 1261 I update_engine: [INFO:filesystem_verifier_action.cc(436)] Hash of system_ext: b+C3PZL0sKkzGjTIb4HFv85RcDdYffO+vKVrPkAyK80=
12-14 03:25:41.880 1261 1261 I update_engine: [INFO:filesystem_verifier_action.cc(330)] Hashing partition 21 (tz) on device /dev/block/bootdevice/by-name/tz_b
12-14 03:25:41.884 1261 1261 I update_engine: [INFO:filesystem_verifier_action.cc(380)] Verity writes disabled on partition tz
12-14 03:25:41.887 4333 4333 I update_engine_client: [INFO:update_engine_client_android.cc(92)] onStatusUpdate(UPDATE_STATUS_VERIFYING (4), 0.772015)
12-14 03:25:41.894 4333 4333 I update_engine_client: [INFO:update_engine_client_android.cc(92)] onStatusUpdate(UPDATE_STATUS_VERIFYING (4), 0.782564)
12-14 03:25:41.896 1261 1261 I update_engine: [INFO:filesystem_verifier_action.cc(436)] Hash of tz: gLE11WkCVJdOXxdnggd2KQNLari7iOn3plJINutwRbE=
12-14 03:25:41.898 1261 1261 I update_engine: [INFO:filesystem_verifier_action.cc(330)] Hashing partition 22 (uefisecapp) on device /dev/block/bootdevice/by-name/uefisecapp_b
12-14 03:25:41.900 1261 1261 I update_engine: [INFO:filesystem_verifier_action.cc(380)] Verity writes disabled on partition uefisecapp
12-14 03:25:41.902 1261 1261 I update_engine: [INFO:filesystem_verifier_action.cc(436)] Hash of uefisecapp: uwQIh16jt9U5vKa2u4+nFBaUS78F5b7rvI8JLNnx+Uo=
12-14 03:25:41.902 4333 4333 I update_engine_client: [INFO:update_engine_client_android.cc(92)] onStatusUpdate(UPDATE_STATUS_VERIFYING (4), 0.821429)
12-14 03:25:41.903 1261 1261 I update_engine: [INFO:filesystem_verifier_action.cc(330)] Hashing partition 23 (vbmeta) on device /dev/block/bootdevice/by-name/vbmeta_b
12-14 03:25:41.904 1261 1261 I update_engine: [INFO:filesystem_verifier_action.cc(380)] Verity writes disabled on partition vbmeta
12-14 03:25:41.905 1261 1261 I update_engine: [INFO:filesystem_verifier_action.cc(436)] Hash of vbmeta: hsz+AUDeSNur01hiMTbgshG8qSmuklXSfEWZD0lHgVk=
12-14 03:25:41.905 4333 4333 I update_engine_client: [INFO:update_engine_client_android.cc(92)] onStatusUpdate(UPDATE_STATUS_VERIFYING (4), 0.857143)
12-14 03:25:41.906 1261 1261 I update_engine: [INFO:filesystem_verifier_action.cc(330)] Hashing partition 24 (vbmeta_system) on device /dev/block/bootdevice/by-name/vbmeta_system_b
12-14 03:25:41.908 1261 1261 I update_engine: [INFO:filesystem_verifier_action.cc(380)] Verity writes disabled on partition vbmeta_system
12-14 03:25:41.909 1261 1261 I update_engine: [INFO:filesystem_verifier_action.cc(436)] Hash of vbmeta_system: foqYL/7qLtUJHqiF7MeH29rsQQQtWyF2TL9NlEdKKQk=
12-14 03:25:41.909 4333 4333 I update_engine_client: [INFO:update_engine_client_android.cc(92)] onStatusUpdate(UPDATE_STATUS_VERIFYING (4), 0.892857)
12-14 03:25:41.910 1261 1261 I update_engine: [INFO:filesystem_verifier_action.cc(330)] Hashing partition 25 (vendor) on device /dev/block/dm-25
12-14 03:25:41.911 1261 1261 I update_engine: [INFO:filesystem_verifier_action.cc(380)] Verity writes disabled on partition vendor
12-14 03:25:41.914 4333 4333 I update_engine_client: [INFO:update_engine_client_android.cc(92)] onStatusUpdate(UPDATE_STATUS_VERIFYING (4), 0.914288)
01-01 09:23:46.719 0 0 D : mv2112_read_status
01-01 09:23:46.719 0 0 D mv2112_update_link: 3.0x901(1G): 0x80
01-01 09:23:46.719 0 0 D mv2112_update_link: 3.0x8109(100M): 0x8
01-01 09:23:46.719 0 0 D mv2112_update_link: link 0x0
01-01 09:23:46.719 0 0 D mv2112_read_status: autoneg is disabled
12-14 03:25:42.513 640 655 I mpu_uart: [MSG-P:RECV]:No message received in 1000 ms
12-14 03:25:42.571 1261 1261 W update_engine: type=1400 audit(0.0:432): avc: denied { kill } for capability=5 scontext=u:r:update_engine:s0 tcontext=u:r:update_engine:s0 tclass=capability permissive=0
12-14 03:25:42.636 640 654 I mpu_uart: [MSG-P:R]:recv sync frame timeout
01-01 09:23:47.743 0 0 D : mv2112_read_status
01-01 09:23:47.743 0 0 D mv2112_update_link: 3.0x901(1G): 0x80
01-01 09:23:47.743 0 0 D mv2112_update_link: 3.0x8109(100M): 0x8
01-01 09:23:47.743 0 0 D mv2112_update_link: link 0x0
01-01 09:23:47.743 0 0 D mv2112_read_status: autoneg is disabled
12-14 03:25:43.313 2716 2716 I hpplay-java: [main]:Upgrade:upgrade not be allowed
12-14 03:25:43.331 2716 2716 I hpplay-java: [main]:ServerBusiness:get deviceCode:
12-14 03:25:43.332 2716 2716 W hpplay-java: [main]:ServerBusiness:startDeviceService ignore,invalid deviceCode
12-14 03:25:43.513 640 655 I mpu_uart: [MSG-P:RECV]:No message received in 1000 ms
12-14 03:25:43.571 1261 1261 W update_engine: type=1400 audit(0.0:433): avc: denied { kill } for capability=5 scontext=u:r:update_engine:s0 tcontext=u:r:update_engine:s0 tclass=capability permissive=0
12-14 03:25:43.835 4333 4333 I update_engine_client: [INFO:update_engine_client_android.cc(92)] onStatusUpdate(UPDATE_STATUS_VERIFYING (4), 0.92429)
01-01 09:23:48.767 0 0 D : mv2112_read_status
01-01 09:23:48.767 0 0 D mv2112_update_link: 3.0x901(1G): 0x80
01-01 09:23:48.767 0 0 D mv2112_update_link: 3.0x8109(100M): 0x8
01-01 09:23:48.767 0 0 D mv2112_update_link: link 0x0
01-01 09:23:48.767 0 0 D mv2112_read_status: autoneg is disabled
12-14 03:25:44.513 640 655 I mpu_uart: [MSG-P:RECV]:No message received in 1000 ms
12-14 03:25:44.571 1261 1261 W update_engine: type=1400 audit(0.0:434): avc: denied { kill } for capability=5 scontext=u:r:update_engine:s0 tcontext=u:r:update_engine:s0 tclass=capability permissive=0
12-14 03:25:44.661 1261 1261 I update_engine: [INFO:filesystem_verifier_action.cc(436)] Hash of vendor: oNgModr2HoeAUU/DENVq9TfrrsfJFvS2JOpuHMmwHCw=
12-14 03:25:44.850 1261 1261 I update_engine: [INFO:filesystem_verifier_action.cc(330)] Hashing partition 26 (xbl) on device /dev/block/bootdevice/by-name/xbl_b
12-14 03:25:44.856 1261 1261 I update_engine: [INFO:filesystem_verifier_action.cc(380)] Verity writes disabled on partition xbl
12-14 03:25:44.858 4333 4333 I update_engine_client: [INFO:update_engine_client_android.cc(92)] onStatusUpdate(UPDATE_STATUS_VERIFYING (4), 0.950537)
12-14 03:25:44.864 4333 4333 I update_engine_client: [INFO:update_engine_client_android.cc(92)] onStatusUpdate(UPDATE_STATUS_VERIFYING (4), 0.960744)
12-14 03:25:44.866 1261 1261 I update_engine: [INFO:filesystem_verifier_action.cc(436)] Hash of xbl: rPYaqim1FoL5A7jGaNP+VXb2DRxkWkztJVsJsgAE/y8=
12-14 03:25:44.868 1261 1261 I update_engine: [INFO:filesystem_verifier_action.cc(330)] Hashing partition 27 (xbl_config) on device /dev/block/bootdevice/by-name/xbl_config_b
12-14 03:25:44.870 1261 1261 I update_engine: [INFO:filesystem_verifier_action.cc(380)] Verity writes disabled on partition xbl_config
12-14 03:25:44.871 1261 1261 I update_engine: [INFO:filesystem_verifier_action.cc(436)] Hash of xbl_config: ItR8ZsNqNEjGJk2sZfdy7ou1jvPxNzLXRU6cDRGut6A=
12-14 03:25:44.871 4333 4333 I update_engine_client: [INFO:update_engine_client_android.cc(92)] onStatusUpdate(UPDATE_STATUS_VERIFYING (4), 1)
12-14 03:25:44.872 4333 4333 I update_engine_client: [INFO:update_engine_client_android.cc(92)] onStatusUpdate(UPDATE_STATUS_VERIFYING (4), 1)
12-14 03:25:44.873 4333 4333 I update_engine_client: [INFO:update_engine_client_android.cc(92)] onStatusUpdate(UPDATE_STATUS_FINALIZING (5), 0)
12-14 03:25:44.873 1261 1261 I update_engine: [INFO:action_processor.cc(116)] ActionProcessor: finished FilesystemVerifierAction with code ErrorCode::kSuccess
12-14 03:25:44.874 1261 1261 I update_engine: [INFO:action_processor.cc(143)] ActionProcessor: starting PostinstallRunnerAction
12-14 03:25:44.874 4333 4333 I update_engine_client: [INFO:update_engine_client_android.cc(92)] onStatusUpdate(UPDATE_STATUS_FINALIZING (5), 1)
12-14 03:25:44.875 1261 1261 I update_engine: [INFO:dynamic_partition_control_android.cc(1053)] Snapshot writes are done.
12-14 03:25:44.876 1261 1261 I update_engine: Wipe is not scheduled. Deleting forward merge indicator.
12-14 03:25:44.879 564 564 I android.hardware.boot@1.1-service: [libfs_mgr]dt_fstab: Skip disabled entry for partition vendor
12-14 03:25:44.880 564 564 W android.hardware.boot@1.1-service: [libfs_mgr]Warning: unknown flag: resize
12-14 03:25:44.881 564 564 I android.hardware.boot@1.1-service: [libfs_mgr]dt_fstab: Skip disabled entry for partition vendor
12-14 03:25:44.881 564 564 W android.hardware.boot@1.1-service: [libfs_mgr]Warning: unknown flag: resize
12-14 03:25:44.882 564 564 I bootcontrolhal: set_snapshot_merge_status: MergeStatus = 2, current_slot = 0, returning: true
12-14 03:25:44.943 1261 1261 I update_engine: Successfully unmapped snapshot system_ext_b
12-14 03:25:44.999 1261 1261 I update_engine: Successfully unmapped snapshot system_b
12-14 03:25:45.043 1261 1261 I update_engine: Successfully unmapped snapshot vendor_b
12-14 03:25:45.091 1261 1261 I update_engine: Successfully unmapped snapshot product_b
12-14 03:25:45.139 1261 1261 I update_engine: Successfully unmapped snapshot odm_b
12-14 03:25:45.142 1261 1261 I update_engine: [INFO:dynamic_partition_control_android.cc(296)] Destroying [odm_b, product_b, system_b, system_ext_b, vendor_b] from device mapper
12-14 03:25:45.145 1261 1261 I update_engine: [INFO:postinstall_runner_action.cc(389)] Unmapped all partitions.
12-14 03:25:45.147 1261 1261 I update_engine: [INFO:postinstall_runner_action.cc(405)] All post-install commands succeeded
12-14 03:25:45.151 1261 1261 I update_engine: [INFO:action_processor.cc(116)] ActionProcessor: finished last action PostinstallRunnerAction with code ErrorCode::kSuccess
12-14 03:25:45.153 1261 1261 I update_engine: [INFO:update_attempter_android.cc(546)] Processing Done.
12-14 03:25:45.158 1261 1261 I update_engine: [INFO:update_attempter_android.cc(559)] Update successfully applied, waiting to reboot.
12-14 03:25:45.160 1261 1261 I update_engine: Successfully unmapped snapshot system_ext_b
12-14 03:25:45.162 1261 1261 I update_engine: Successfully unmapped snapshot system_b
12-14 03:25:45.164 1261 1261 I update_engine: Successfully unmapped snapshot vendor_b
12-14 03:25:45.167 1261 1261 I update_engine: Successfully unmapped snapshot product_b
12-14 03:25:45.170 1261 1261 I update_engine: Successfully unmapped snapshot odm_b
12-14 03:25:45.173 4333 4333 I update_engine_client: [INFO:update_engine_client_android.cc(92)] onStatusUpdate(UPDATE_STATUS_UPDATED_NEED_REBOOT (6), 0)
12-14 03:25:45.174 4333 4333 I update_engine_client: [INFO:update_engine_client_android.cc(100)] onPayloadApplicationComplete(ErrorCode::kSuccess (0))
12-14 03:25:45.176 1261 1261 I update_engine: [INFO:metrics_reporter_android.cc(159)] Current update attempt downloads 1027 bytes data
12-14 03:25:45.180 1201 1428 I selfinstaller: result:!
12-14 03:25:45.181 1261 1261 I update_engine: [INFO:metrics_utils.cc(335)] Updated Marker = 1/1/1970 0:03:33 GMT
12-14 03:25:45.183 1201 1428 I selfinstaller: UpdateHandler done !
01-01 09:23:49.791 0 0 D : mv2112_read_status
01-01 09:23:49.791 0 0 D mv2112_update_link: 3.0x901(1G): 0x80
01-01 09:23:49.791 0 0 D mv2112_update_link: 3.0x8109(100M): 0x8
01-01 09:23:49.791 0 0 D mv2112_update_link: link 0x0
01-01 09:23:49.791 0 0 D mv2112_read_status: autoneg is disabled
12-14 03:25:45.513 640 655 I mpu_uart: [MSG-P:RECV]:No message received in 1000 ms
12-14 03:25:45.571 0 0 W swapper/2: type=1400 audit(0.0:435): avc: denied { kill } for capability=5 scontext=u:r:kernel:s0 tcontext=u:r:kernel:s0 tclass=capability permissive=0
12-14 03:25:45.639 640 654 I mpu_uart: [MSG-P:R]:recv sync frame timeout
12-14 03:25:46.184 1201 4651 I selfinstaller: current action is eUpgrade !
12-14 03:25:46.184 1201 4651 I selfinstaller: TC GetUpdateState 1 0
01-01 09:23:50.815 0 0 D : mv2112_read_status
01-01 09:23:50.815 0 0 D mv2112_update_link: 3.0x901(1G): 0x80
01-01 09:23:50.815 0 0 D mv2112_update_link: 3.0x8109(100M): 0x8
01-01 09:23:50.815 0 0 D mv2112_update_link: link 0x0
01-01 09:23:50.815 0 0 D mv2112_read_status: autoneg is disabled
12-14 03:25:46.514 640 655 I mpu_uart: [MSG-P:RECV]:No message received in 1000 ms
12-14 03:25:46.571 0 0 W swapper/1: type=1400 audit(0.0:436): avc: denied { kill } for capability=5 scontext=u:r:kernel:s0 tcontext=u:r:kernel:s0 tclass=capability permissive=0
01-01 09:23:51.839 0 0 D : mv2112_read_status
01-01 09:23:51.839 0 0 D mv2112_update_link: 3.0x901(1G): 0x80
01-01 09:23:51.839 0 0 D mv2112_update_link: 3.0x8109(100M): 0x8
01-01 09:23:51.839 0 0 D mv2112_update_link: link 0x0
01-01 09:23:51.839 0 0 D mv2112_read_status: autoneg is disabled
12-14 03:25:47.514 640 655 I mpu_uart: [MSG-P:RECV]:No message received in 1000 ms
12-14 03:25:47.571 0 0 W swapper/1: type=1400 audit(0.0:437): avc: denied { kill } for capability=5 scontext=u:r:kernel:s0 tcontext=u:r:kernel:s0 tclass=capability permissive=0
12-14 03:25:48.185 1201 4651 I selfinstaller: TC GetUpdateState 1 1
12-14 03:25:48.311 2716 2716 I hpplay-java: [main]:ServerTaskManager:task run out of time
12-14 03:25:48.311 2716 2716 I hpplay-java: [main]:ServerTaskManager:cancelTimeOutCheck
12-14 03:25:48.311 2716 2716 I hpplay-java: [main]:ServerTaskManager:exeTask ignore, reason: TaskList is clear
01-01 09:23:52.863 0 0 D : mv2112_read_status
01-01 09:23:52.863 0 0 D mv2112_update_link: 3.0x901(1G): 0x80
01-01 09:23:52.863 0 0 D mv2112_update_link: 3.0x8109(100M): 0x8
01-01 09:23:52.863 0 0 D mv2112_update_link: link 0x0
01-01 09:23:52.863 0 0 D mv2112_read_status: autoneg is disabled
12-14 03:25:48.484 2716 4633 D hpplay-base: [LelinkMDNS:766] devicePermissionPublic leboPermissionCheck:-2
12-14 03:25:48.484 2716 4633 D hpplay-base: [jniBridge:1125] com_hpplay_sdk_sink_protocol_Bridge_WHAT_SERVER_ERROR
12-14 03:25:48.484 2716 4633 D hpplay-base: [jniBridge:1726] notifyJava, what:204, castType:0, mimeType:0 baseStatus:2
12-14 03:25:48.484 2716 4633 D hpplay-base: [jniBridge:1727] notifyJava sessionID:(null)
12-14 03:25:48.485 2716 4633 I hpplay-java: [Thread-40]:Bridge:notify: what: 204
12-14 03:25:48.487 2716 4633 I hpplay-java: [Thread-40]:Bridge:notify: out: OutParameters:{audioSessionId=-1, audiotrackIndex=0, castHandleType=-1, castType=0, deviceName='', dlnaName='', dramaID='', extra=-2002, frameHandleType=-1, handleInside=true, headduration=0, header='', headers=null, isAD=false, isMultiMirror=false, lelinkVer='', limitTime=0, , mediaAlbum='null', mediaAlbumArtURI='', mediaArtist='null', mediaAssets='', mediaTitle='null', mimeType=0, multiSession=null, period=0, pinCode='', playSpeed=0.0, playerChoice=0, plugin=0, port=0, position=0.0, positionUnit=2, protocol=0, realSessionID='', regType='', , sinkIp='', sourceAPPVersion='', sourceChannel='', sourceClientInfo='', sourceDeviceInfo='', sourceDeviceModel='', sourceDeviceName='', sourceDeviceType=0, sourceHID='', , sourceInfo='', , , sourceOSVersion='', sourceSDKVersion='', sourceUid='', stopDetail=0, stopReason=0, tailduration=0, url='', urlID='', urls=null, userAgent='', videoDecoder=0, volume=0, what=204}com.hpplay.sdk.sink.protocol.OutParameters@2602d0a
12-14 03:25:48.487 2716 4633 I hpplay-java: [Thread-40]:Bridge:notify: address:6842747
12-14 03:25:48.488 2716 4633 I hpplay-base: [mDNSEmbeded:79] embedded_mDNSLoop stopmDNSNow:0 nPublish:-2 nExitFlag:6 tid is 4633
12-14 03:25:48.488 2716 2716 I hpplay-java: [main]:Bridge:findServiceID start out: 6842747
12-14 03:25:48.488 2716 2716 I hpplay-java: [main]:Bridge:findServiceID end
12-14 03:25:48.488 2716 2716 E hpplay-java: [main]:ServerTaskManager:onError 204/-2002 com.hht.lebocast.LelinkHelper$e@22899d
12-14 03:25:48.488 2716 2716 I hpplay-java: [main]:ServerTaskManager:cancelTimeOutCheck
12-14 03:25:48.490 2716 2716 W hpplay-java: [main]:ServerTaskManager:onErrorDispatcher errorCode:-2002
12-14 03:25:48.490 2716 2716 I hpplay-java: [main]:ServerTaskManager:onError retry later
12-14 03:25:48.514 640 655 I mpu_uart: [MSG-P:RECV]:No message received in 1000 ms
12-14 03:25:48.571 0 0 W swapper/1: type=1400 audit(0.0:438): avc: denied { kill } for capability=5 scontext=u:r:kernel:s0 tcontext=u:r:kernel:s0 tclass=capability permissive=0
12-14 03:25:48.643 640 654 I mpu_uart: [MSG-P:R]:recv sync frame timeout
12-14 03:25:49.060 2716 4602 W hpplay-java: [AsyncTask #78]:HttpRequest:
12-14 03:25:49.064 2716 4602 W hpplay-java: [AsyncTask #78]:HttpRequest:
12-14 03:25:49.065 2716 4602 W hpplay-java: [AsyncTask #78]:HttpRequest:
12-14 03:25:49.285 1201 1430 I selfinstaller: TC Finalize()
01-01 09:23:53.887 0 0 D : mv2112_read_status
01-01 09:23:53.887 0 0 D mv2112_update_link: 3.0x901(1G): 0x80
01-01 09:23:53.887 0 0 D mv2112_update_link: 3.0x8109(100M): 0x8
01-01 09:23:53.887 0 0 D mv2112_update_link: link 0x0
01-01 09:23:53.887 0 0 D mv2112_read_status: autoneg is disabled
12-14 03:25:49.514 640 655 I mpu_uart: [MSG-P:RECV]:No message received in 1000 ms
12-14 03:25:49.571 0 0 W swapper/1: type=1400 audit(0.0:439): avc: denied { kill } for capability=5 scontext=u:r:kernel:s0 tcontext=u:r:kernel:s0 tclass=capability permissive=0
12-14 03:25:50.286 1201 4660 I selfinstaller: current action is eFinialize !
12-14 03:25:50.286 1201 4660 I selfinstaller: TC GetUpdateState 2 0
01-01 09:23:54.911 0 0 D : mv2112_read_status
01-01 09:23:54.911 0 0 D mv2112_update_link: 3.0x901(1G): 0x80
01-01 09:23:54.912 0 0 D mv2112_update_link: 3.0x8109(100M): 0x8
01-01 09:23:54.912 0 0 D mv2112_update_link: link 0x0
01-01 09:23:54.912 0 0 D mv2112_read_status: autoneg is disabled
12-14 03:25:50.515 640 655 I mpu_uart: [MSG-P:RECV]:No message received in 1000 ms
12-14 03:25:50.571 0 0 W swapper/1: type=1400 audit(0.0:440): avc: denied { kill } for capability=5 scontext=u:r:kernel:s0 tcontext=u:r:kernel:s0 tclass=capability permissive=0
01-01 09:23:55.935 0 0 D : mv2112_read_status
01-01 09:23:55.935 0 0 D mv2112_update_link: 3.0x901(1G): 0x80
01-01 09:23:55.935 0 0 D mv2112_update_link: 3.0x8109(100M): 0x8
01-01 09:23:55.935 0 0 D mv2112_update_link: link 0x0
01-01 09:23:55.935 0 0 D mv2112_read_status: autoneg is disabled
12-14 03:25:51.491 2716 2716 I hpplay-java: [main]:ServerTaskManager:restart by error
12-14 03:25:51.492 2716 2716 I hpplay-java: [main]:ServerTaskManager:startServer
12-14 03:25:51.492 2716 2716 I hpplay-java: [main]:ServerTaskManager:startServer add, reason: server is starting or running
12-14 03:25:51.492 2716 2716 I hpplay-java: [main]:ServerTaskManager:addStopTask
12-14 03:25:51.492 2716 2716 I hpplay-java: [main]:ServerTaskManager:addStartTask
12-14 03:25:51.492 2716 2716 I hpplay-java: [main]:ServerTaskManager:exeTask stopServer
12-14 03:25:51.492 2716 2716 I hpplay-java: [main]:Bridge:stopServer keepPush: false
12-14 03:25:51.493 2716 2716 D hpplay-base: [jniBridge:909] Bridge__1stopServer status:2
12-14 03:25:51.493 2716 2716 D hpplay-base: [LelinkBase:654] stopAllServer will start thread!
12-14 03:25:51.494 2716 4661 I hpplay-base: [mDNSEmbeded:65] embedded_mDNSExit call
12-14 03:25:51.494 2716 4637 D hpplay-base: [REventUtils:197] handleREventThread thread end!!,tid is 4637
12-14 03:25:51.494 2716 4636 D hpplay-base: [AEventUtils:588] handle AEvent thread end!!,tid is 4636
12-14 03:25:51.500 2716 4633 I hpplay-base: [mDNSEmbeded:140] embedded_mDNSLoop Exiting end,tid is 4633
12-14 03:25:51.500 2716 4661 D hpplay-base: [mDNSEmbeded:452] stopmDNSServer end stopmDNSNow=2, nRet=0
12-14 03:25:51.515 640 655 I mpu_uart: [MSG-P:RECV]:No message received in 1000 ms
12-14 03:25:51.565 2716 4623 D hpplay-base: [stream_mirror_compat:1284] mirror stream begin to exit,server fd:71,thread_id:3224531392!!
12-14 03:25:51.565 2716 4623 D hpplay-base: [stream_mirror_compat:1323] ##screen stream exit successfully!!##
12-14 03:25:51.571 0 0 W swapper/1: type=1400 audit(0.0:441): avc: denied { kill } for capability=5 scontext=u:r:kernel:s0 tcontext=u:r:kernel:s0 tclass=capability permissive=0
12-14 03:25:51.595 2716 4634 I hpplay-base: [mDNSEmbeded:376] end lelink publish server, tid is 4634
12-14 03:25:51.596 2716 4661 D hpplay-base: [mDNSEmbeded:420] stopmLelinkServer end nRet=0
12-14 03:25:51.596 2716 4661 D hpplay-base: [LelinkBase:615] lebodlna stopServerThreadFunc dlnaEnable:1
12-14 03:25:51.596 2716 4661 D hpplay-base-dlna: [lebodlna_api:49] stop DMR
12-14 03:25:51.596 2716 4661 D hpplay-base-dlna: [lebodlna_api:344] m_pRender Release
12-14 03:25:51.620 2716 4622 D hpplay-base: [Server:447] startHttpServer will END srv->serverType:0
12-14 03:25:51.621 2716 4622 D hpplay-base: [Server:646] startHttpServer cond srv_shutdown:1 connectNummber:0
12-14 03:25:51.621 2716 4622 D hpplay-base: [Server:669] startHttpServer wait cond END. srv_shutdown:1 connectNummber:0
12-14 03:25:51.621 2716 4622 D hpplay-base: [Server:457] HttpServer END, tid is 4622
12-14 03:25:51.646 640 654 I mpu_uart: [MSG-P:R]:recv sync frame timeout
12-14 03:25:51.654 2716 4661 D hpplay-base-dlna: [UpnpDefine:867] DMRender release success
12-14 03:25:51.655 2716 4661 D hpplay-base-dlna: [lebodlna_api:352] m_pAVT Release
12-14 03:25:51.655 2716 4661 D hpplay-base-dlna: [lebodlna_api:360] m_pRCS Release
12-14 03:25:51.655 2716 4661 D hpplay-base-dlna: [lebodlna_api:365] dmrender destroydmr
12-14 03:25:51.955 2716 4661 D hpplay-base-dlna: [lebodlna-dlna_android:186] stopDLNA
12-14 03:25:51.955 2716 4661 D hpplay-base-dlna: [lebodlna-dlna_android:189] dlnaservice destroy
12-14 03:25:51.955 2716 4661 D hpplay-base-dlna: [lebodlna-dlna_android:49] dlnaservice Destroy 49 int CDlnaService::Destroy()
12-14 03:25:51.955 2716 4661 D hpplay-base-dlna: [lebodlna-dlnaframe:245] dlnaservice Destroy 245 static ERROR_TYPE IDlnaFrame::DestroyDlnaFrame(IDlnaFrame *)
12-14 03:25:51.955 2716 4661 D hpplay-base-dlna: [lebodlna-dlnaframe:179] dlnaservice Destroy 179 virtual void CDlnaFrame::Release()
12-14 03:25:51.955 2716 4661 D hpplay-base-dlna: [lebodlna-dlnaframe:190] dlnaservice Destroy 190 virtual void CDlnaFrame::Release()
12-14 03:25:51.955 2716 4661 D hpplay-base-dlna: [lebodlna-dlnaframe:192] dlnaservice Destroy 192 virtual void CDlnaFrame::Release()
12-14 03:25:51.955 2716 4661 D hpplay-base-dlna: [lebodlna-dlnaframe:247] dlnaservice Destroy 247 static ERROR_TYPE IDlnaFrame::DestroyDlnaFrame(IDlnaFrame *)
12-14 03:25:51.955 2716 4661 D hpplay-base-dlna: [lebodlna-dlnaframe:251] dlnaservice Destroy 251 static ERROR_TYPE IDlnaFrame::DestroyDlnaFrame(IDlnaFrame *)
12-14 03:25:51.960 2716 4661 E hpplay-base-dlna: upnpapi.c:655::before gminiserver ThreadPoolShutdown
12-14 03:25:51.960 2716 4661 E hpplay-base-dlna: ThreadPool.c:1047::on ThreadPoolShutdown tp->totalThreads:2
12-14 03:25:51.961 2716 4661 E hpplay-base-dlna: ThreadPool.c:1056::after ThreadPoolShutdown
12-14 03:25:51.961 2716 4661 E hpplay-base-dlna: ThreadPool.c:1057::ThreadPoolShutdown tp->totalThreads:0
12-14 03:25:51.961 2716 4661 E hpplay-base-dlna: upnpapi.c:657::after gminiserver ThreadPoolShutdown
12-14 03:25:51.961 2716 4661 E hpplay-base-dlna: upnpapi.c:659::before grecv ThreadPoolShutdown
12-14 03:25:51.961 2716 4661 E hpplay-base-dlna: ThreadPool.c:1047::on ThreadPoolShutdown tp->totalThreads:12
12-14 03:25:51.962 2716 4661 E hpplay-base-dlna: ThreadPool.c:1047::on ThreadPoolShutdown tp->totalThreads:8
12-14 03:25:51.962 2716 4661 E hpplay-base-dlna: ThreadPool.c:1047::on ThreadPoolShutdown tp->totalThreads:7
12-14 03:25:51.963 2716 4661 E hpplay-base-dlna: ThreadPool.c:1047::on ThreadPoolShutdown tp->totalThreads:6
12-14 03:25:51.963 2716 4661 E hpplay-base-dlna: ThreadPool.c:1047::on ThreadPoolShutdown tp->totalThreads:5
12-14 03:25:51.963 2716 4661 E hpplay-base-dlna: ThreadPool.c:1047::on ThreadPoolShutdown tp->totalThreads:4
12-14 03:25:51.964 2716 4661 E hpplay-base-dlna: ThreadPool.c:1047::on ThreadPoolShutdown tp->totalThreads:3
12-14 03:25:51.964 2716 4661 E hpplay-base-dlna: ThreadPool.c:1047::on ThreadPoolShutdown tp->totalThreads:2
12-14 03:25:51.964 2716 4661 E hpplay-base-dlna: ThreadPool.c:1056::after ThreadPoolShutdown
12-14 03:25:51.964 2716 4661 E hpplay-base-dlna: ThreadPool.c:1057::ThreadPoolShutdown tp->totalThreads:0
12-14 03:25:51.964 2716 4661 E hpplay-base-dlna: upnpapi.c:661::after grecv ThreadPoolShutdown
12-14 03:25:51.964 2716 4661 E hpplay-base-dlna: upnpapi.c:663::before gsend ThreadPoolShutdown
12-14 03:25:51.965 2716 4661 E hpplay-base-dlna: ThreadPool.c:1047::on ThreadPoolShutdown tp->totalThreads:2
12-14 03:25:51.970 2716 4661 E hpplay-base-dlna: ThreadPool.c:1056::after ThreadPoolShutdown
12-14 03:25:51.971 2716 4661 E hpplay-base-dlna: ThreadPool.c:1057::ThreadPoolShutdown tp->totalThreads:0
12-14 03:25:51.971 2716 4661 E hpplay-base-dlna: upnpapi.c:665::after gsend ThreadPoolShutdown
12-14 03:25:51.971 2716 4661 D hpplay-base-dlna: [lebodlna-dlnaframe:253] dlnaservice Destroy 253 static ERROR_TYPE IDlnaFrame::DestroyDlnaFrame(IDlnaFrame *)
12-14 03:25:51.971 2716 4661 D hpplay-base-dlna: [lebodlna-dlna_android:51] dlnaservice Destroy 51 int CDlnaService::Destroy()
12-14 03:25:51.971 2716 4661 D hpplay-base-dlna: [lebodlna-dlna_android:194] stopDLNA end
12-14 03:25:52.271 2716 4661 D hpplay-base: [stream_mirror_compat:1489] request to stop screen stream session!!
12-14 03:25:52.271 2716 4661 D hpplay-base: [AEventUtils:625] begin to stop event handle service!!
12-14 03:25:52.271 2716 4661 D hpplay-base: [AEventUtils:628] stop event handle service ok!!
12-14 03:25:52.271 2716 4661 D hpplay-base: [REventUtils:231] begin to stop report handle service!!
12-14 03:25:52.271 2716 4661 D hpplay-base: [REventUtils:234] stop report handle service ok!!
12-14 03:25:52.272 2716 4661 D hpplay-base: [lelinkSinkServer:711] HTTP Server stopSinkServer End .
12-14 03:25:52.272 2716 4661 D hpplay-base: [jniBridge:1135] notifyJavaServerStoped
12-14 03:25:52.272 2716 4661 D hpplay-base: [jniBridge:1726] notifyJava, what:202, castType:0, mimeType:0 baseStatus:4
12-14 03:25:52.272 2716 4661 D hpplay-base: [jniBridge:1727] notifyJava sessionID:(null)
12-14 03:25:52.273 2716 4661 I hpplay-java: [Thread-41]:Bridge:notify: what: 202
12-14 03:25:52.275 2716 4661 I hpplay-java: [Thread-41]:Bridge:notify: out: OutParameters:{audioSessionId=-1, audiotrackIndex=0, castHandleType=-1, castType=0, deviceName='', dlnaName='', dramaID='', extra=0, frameHandleType=-1, handleInside=true, headduration=0, header='', headers=null, isAD=false, isMultiMirror=false, lelinkVer='', limitTime=0, , mediaAlbum='null', mediaAlbumArtURI='', mediaArtist='null', mediaAssets='', mediaTitle='null', mimeType=0, multiSession=null, period=0, pinCode='', playSpeed=0.0, playerChoice=0, plugin=0, port=0, position=0.0, positionUnit=2, protocol=0, realSessionID='', regType='', , sinkIp='', sourceAPPVersion='', sourceChannel='', sourceClientInfo='', sourceDeviceInfo='', sourceDeviceModel='', sourceDeviceName='', sourceDeviceType=0, sourceHID='', , sourceInfo='', , , sourceOSVersion='', sourceSDKVersion='', sourceUid='', stopDetail=0, stopReason=0, tailduration=0, url='', urlID='', urls=null, userAgent='', videoDecoder=0, volume=0, what=202}com.hpplay.sdk.sink.protocol.OutParameters@f5c0fd6
12-14 03:25:52.275 2716 4661 I hpplay-java: [Thread-41]:Bridge:notify: address:210379351
12-14 03:25:52.276 2716 4661 D hpplay-base: [LelinkBase:645] stopServerThreadFunc notifyJavaServerStoped!
12-14 03:25:52.276 2716 2716 I hpplay-java: [main]:ServerTaskManager:startTimeOutCheck
12-14 03:25:52.276 2716 2716 I hpplay-java: [main]:ServerBusiness:stopDaemonBusiness
12-14 03:25:52.276 2716 2716 I hpplay-java: [main]:SinkDataReport:logout
12-14 03:25:52.278 2716 2716 I hpplay-java: [main]:EPControl:release
12-14 03:25:52.280 2716 4664 I hpplay-java: [AsyncTask #88]:GlideCreator:clearCache clearDiskCache
12-14 03:25:52.282 2716 2716 I hpplay-java: [main]:Dispatcher:notifyAllReverseControlsStop
12-14 03:25:52.282 2716 2716 I hpplay-java: [main]:Preference:checkFeature none
12-14 03:25:52.282 2716 2716 I hpplay-java: [main]:Dispatcher:notifyAllUIControlsStop set: []
12-14 03:25:52.282 2716 2716 I hpplay-java: [main]:Bridge:findServiceID start out: 210379351
12-14 03:25:52.282 2716 2716 I hpplay-java: [main]:Bridge:findServiceID end
12-14 03:25:52.282 2716 2716 I hpplay-java: [main]:ServerTaskManager:onStop retry:true
12-14 03:25:52.282 2716 4617 W hpplay-java: NanoHTTPDServerRunnable:Communication with the client broken
12-14 03:25:52.282 2716 4617 W hpplay-java: java.net.SocketException: Socket closed
12-14 03:25:52.282 2716 4617 W hpplay-java: at java.net.PlainSocketImpl.socketAccept(PlainSocketImpl.java:213)
12-14 03:25:52.282 2716 4617 W hpplay-java: at java.net.AbstractPlainSocketImpl.accept(AbstractPlainSocketImpl.java:451)
12-14 03:25:52.282 2716 4617 W hpplay-java: at java.net.ServerSocket.implAccept(ServerSocket.java:547)
12-14 03:25:52.282 2716 4617 W hpplay-java: at java.net.ServerSocket.accept(ServerSocket.java:515)
12-14 03:25:52.282 2716 4617 W hpplay-java: at com.hpplay.nanohttpd.protocols.http.ServerRunnable.run(SourceFile:118)
12-14 03:25:52.282 2716 4617 W hpplay-java: at java.lang.Thread.run(Thread.java:920)
12-14 03:25:52.283 2716 2716 I hpplay-java: [main]:ServerTaskManager:cancelTimeOutCheck
12-14 03:25:52.283 2716 4617 I hpplay-java: NanoHTTPDNanoHTTPD:server is stoped
12-14 03:25:52.283 2716 4617 I hpplay-java: NanoHTTPDNanoHTTPD:clear obj
12-14 03:25:52.284 2716 2716 I hpplay-java: [main]:IPManager:getActiveNets type: WIFI
12-14 03:25:52.284 2716 2716 I hpplay-java: [main]:IPManager:getActiveNets eth0:false wifi:true mobile:false ap:false
12-14 03:25:52.284 2716 2716 I hpplay-java: [main]:IPManager:getIPAddress IP_WLAN0
12-14 03:25:52.287 1201 4660 I selfinstaller: TC GetUpdateState 2 1
12-14 03:25:52.289 2716 2716 I hpplay-java: [main]:IPManager:updateIPAddress getIPAddress: 192.168.4.16 name:vlan4
12-14 03:25:52.289 2716 2716 I hpplay-java: [main]:IPManager:updateIPAddress getIPAddress: 192.168.0.18 name:wlan0
12-14 03:25:52.289 2716 2716 I hpplay-java: [main]:IPManager:updateIPAddress getIPAddress: 192.168.8.16 name:vlan8
12-14 03:25:52.289 2716 2716 I hpplay-java: [main]:IPManager:updateIPAddress getIPAddress: 192.168.11.16 name:vlan11
12-14 03:25:52.289 2716 2716 I hpplay-java: [main]:IPManager:updateIPAddress getIPAddress: 192.168.0.16 name:vlan0
12-14 03:25:52.289 2716 2716 I hpplay-java: [main]:IPManager:updateIPAddress getIPAddress: 192.168.2.16 name:vlan2
12-14 03:25:52.289 2716 2716 I hpplay-java: [main]:IPManager:updateIPAddress getIPAddress: 192.168.1.16 name:vlan1
12-14 03:25:52.290 2716 2716 I hpplay-java: [main]:ServerTaskManager:exeTask startServer
12-14 03:25:52.291 2716 2716 I hpplay-java: [main]:ServerTaskManager:startTimeOutCheck
12-14 03:25:52.291 2716 4667 I hpplay-java: [AsyncTask #89]:ServerBusiness:startDaemonBusiness
12-14 03:25:52.291 2716 4668 I hpplay-java: [AsyncTask #90]:Bridge:assembleInParameters
12-14 03:25:52.291 2716 4667 I hpplay-java: [AsyncTask #89]:TimeOutCheckUtil:addTask id:upgrade
12-14 03:25:52.291 2716 4667 I hpplay-java: [AsyncTask #89]:TimeOutCheckUtil:addTask id:ijkupgrade
12-14 03:25:52.293 2716 4668 I hpplay-java: [AsyncTask #90]:Bridge:createDeviceId deviceId:YTM6NDk6ZTY6MWM6YmE6MDY=
12-14 03:25:52.293 2716 4669 I hpplay-java: NanoHTTPDNanoHTTPD:server is started
12-14 03:25:52.293 2716 4668 I hpplay-java: [AsyncTask #90]:IPManager:getActiveNets type: WIFI
12-14 03:25:52.294 2716 4668 I hpplay-java: [AsyncTask #90]:IPManager:getActiveNets eth0:false wifi:true mobile:false ap:false
12-14 03:25:52.294 2716 4668 I hpplay-java: [AsyncTask #90]:IPManager:getIPAddress IP_WLAN0
12-14 03:25:52.294 2716 4668 I hpplay-java: [AsyncTask #90]:Preference:checkFeature none
12-14 03:25:52.294 2716 4668 I hpplay-java: [AsyncTask #90]:SWI:dlna tip
12-14 03:25:52.294 2716 4668 I hpplay-java: [AsyncTask #90]:SWI:lefp tip
12-14 03:25:52.294 2716 4668 I hpplay-java: [AsyncTask #90]:Bridge:assembleInParameters none alias name use device name: 高合娱乐副屏
12-14 03:25:52.295 2716 4668 I hpplay-java: [AsyncTask #90]:Feature:isSendAdvertisement
12-14 03:25:52.295 2716 4668 I hpplay-java: [AsyncTask #90]:Preference:checkFeature none
12-14 03:25:52.295 2716 4668 I hpplay-java: [AsyncTask #90]:Preference:checkFeature none
12-14 03:25:52.295 2716 4668 I hpplay-java: [AsyncTask #90]:Bridge:backupHpplayDat bakPath:
12-14 03:25:52.296 2716 4668 I hpplay-java: [AsyncTask #90]:Bridge:path:/data/user/0/com.hht.lebocast/files/hpplay/file/happyplay.dat
12-14 03:25:52.296 2716 4668 I hpplay-java: [AsyncTask #90]:Bridge:mAppId:21409
12-14 03:25:52.296 2716 4668 I hpplay-java: [AsyncTask #90]:Bridge:mode:3
12-14 03:25:52.296 2716 4668 I hpplay-java: [AsyncTask #90]:Bridge:type:1
12-14 03:25:52.296 2716 4668 I hpplay-java: [AsyncTask #90]:Bridge:SN:
12-14 03:25:52.296 2716 4668 I hpplay-java: [AsyncTask #90]:Preference:checkFeature none
12-14 03:25:52.296 2716 4668 I hpplay-java: [AsyncTask #90]:Bridge:backPath:
12-14 03:25:52.296 2716 4668 I hpplay-java: [AsyncTask #90]:DeviceUtil:getPermissionDid: 1
12-14 03:25:52.296 2716 4668 I hpplay-java: [AsyncTask #90]:DeviceUtil:getPermissionDid: 1
12-14 03:25:52.296 2716 4668 I hpplay-java: [AsyncTask #90]:Preference:checkFeature none
12-14 03:25:52.296 2716 4668 I hpplay-java: [AsyncTask #90]:Preference:checkFeature none
12-14 03:25:52.297 2716 4668 I hpplay-java: [AsyncTask #90]:Preference:checkFeature none
12-14 03:25:52.297 2716 4668 I hpplay-java: [AsyncTask #90]:Preference:checkFeature none
12-14 03:25:52.297 2716 4668 I hpplay-java: [AsyncTask #90]:Preference:checkFeature none
12-14 03:25:52.297 2716 4668 I hpplay-java: [AsyncTask #90]:Preference:checkFeature none
12-14 03:25:52.303 2716 4667 W hpplay-java: [AsyncTask #89]:ServerBusiness:startDaemonBusiness start LelinkHTTPD sucess 52288
12-14 03:25:52.321 2716 4668 W hpplay-java: [AsyncTask #90]:DeviceUtils:getDomain create lb domain
12-14 03:25:52.321 2716 4668 I hpplay-java: [AsyncTask #90]:Feature:getMirrorAudioVideoSync DISABLE
12-14 03:25:52.321 2716 4668 I hpplay-java: [AsyncTask #90]:Feature:checkSupportRedirectOtherApp,no set redirect api
12-14 03:25:52.321 2716 4668 I hpplay-java: [AsyncTask #90]:Feature:getRedirectSearchFlag,value: 0
12-14 03:25:52.323 2716 4668 I hpplay-java: [AsyncTask #90]:Bridge:mIn: InParameters{appInfo='0', appKey='21409', authMode=0, authPwd='null', broadcastDirection=0, broadcastState=1, broadcastTimeout=3, buildType='release', cacheAVPath='/data/user/0/com.hht.lebocast/cache/hpplay/av', cachePhotoPath='/data/user/0/com.hht.lebocast/cache/hpplay/image', channel='LEBO-APK--60146-25915', desPath='', , deviceName='高合娱乐副屏', dlna=1, dlnaCompany='null', dlnaCompanyURL='null', dlnaDeviceDescribe='null', dlnaDeviceName='null', dlnaDeviceURL='null', dlnaLelinkSwitch=1, dlnaManufacturer=0, dlnaName='高合娱乐副屏', dlnaUPC='', dlnaUUID='676e3c0e-188d-2881-eece-0e46b24b4e35', domain='Lebo-figure-4a410202dc4f', drainage=0, feature='6655', fps=60, height=1080, host='null', , keyPath='/data/user/0/com.hht.lebocast/files/hpplay/file', lelinkfp=1, lelinkfp2=0, logBaseState=1, logPath='/storage/emulated/0/com.hht.lebocast/sink/sdk/common', , mdnsEnable=1, mirrorSyncType=0, netCastVer='2.0', packageName='com.hht.lebocast', packagePath='/data/user/0/com.hht.lebocast', permissionDid='4a:41:02:02:dc:4f', permissionMode=3, permissionPreSN='', port=0, preemptMode=0, regType='_leboremote._tcp.', serverPorts=null, sockWaitTimeOut=45, teleControlPort=53388, tunnels=3, txtKeys=null, txtValues=null, uid='-1960410123998045105', videoFrameType=1001, width=1920}com.hpplay.sdk.sink.protocol.InParameters@b70ae40
12-14 03:25:52.323 2716 2716 I hpplay-java: [main]:Bridge:startServer state: 0
12-14 03:25:52.323 2716 2716 D hpplay-base: [jniBridge:185] not conference version
12-14 03:25:52.323 2716 2716 I hpplay-base: [jniBridge:241] 1initServer nSettingWidth=1920 nSettingHeight=1080 nSettingMaxFPS=60 dlnaEnable=1 lelinkFpEnable=1
12-14 03:25:52.324 2716 2716 D hpplay-base: [jniBridge:283] 1initServer cfg.leLinkIp=192.168.0.18
12-14 03:25:52.324 2716 2716 D hpplay-base: [jniBridge:286] 1initServer cfg.mPermissionMode=3
12-14 03:25:52.324 2716 2716 D hpplay-base: [jniBridge:304] 1initServer cfg.permissionDid=4a:41:02:02:dc:4f000000000000000
12-14 03:25:52.324 2716 2716 D hpplay-base: [jniBridge:313] 1initServer cfg.mPermissionPreSN=00000000000000000000000000000000
12-14 03:25:52.324 2716 2716 D hpplay-base: [jniBridge:317] Bridge___1initServer status:0
12-14 03:25:52.324 2716 2716 I hpplay-base: [jniBridge:325] 1initServer cfg.feature=6655
12-14 03:25:52.324 2716 2716 D hpplay-base: [jniBridge:377] 1initServer isSendBroadCast=3
12-14 03:25:52.324 2716 2716 D hpplay-base: [jniBridge:380] 1initServer broadcastDirection=0
12-14 03:25:52.324 2716 2716 D hpplay-base: [jniBridge:382] 1initServer ipBroadcast direction=0
12-14 03:25:52.324 2716 2716 D hpplay-base: [jniBridge:387] 1initServer tunnel=3
12-14 03:25:52.324 2716 2716 D hpplay-base: [jniBridge:390] 1initServer drainage=0
12-14 03:25:52.324 2716 2716 D hpplay-base: [jniBridge:401] 1initServer mDNSEnable=1
12-14 03:25:52.324 2716 2716 D hpplay-base: [jniBridge:406] 1initServer nSockWaitTimeOut=45
12-14 03:25:52.324 2716 2716 D hpplay-base: [jniBridge:410] 1initServer nMirrorAudioVideoSync=0
12-14 03:25:52.324 2716 2716 I hpplay-base: [sign_check:168] checkSign strPackageName:com.hht.lebocast
12-14 03:25:52.324 2716 2716 I hpplay-base: [sign_check:169] checkSign buildType:release
12-14 03:25:52.324 2716 2716 I hpplay-base: [sign_check:170] checkSign appKey:21409
12-14 03:25:52.324 2716 2716 D hpplay-base: [LelinkBase:405] bridgeInit port: 0, lelinkfp: 0
12-14 03:25:52.324 2716 2716 D hpplay-base: [LelinkBase:462] bridgeInit mPackagePath =/data/user/0/com.hht.lebocast
12-14 03:25:52.324 2716 2716 D hpplay-base: [LelinkBase:463] bridgeInit mKeyPath =/data/user/0/com.hht.lebocast/files/hpplay/file
12-14 03:25:52.324 2716 2716 D hpplay-base: [SinkContext:97] initSinkContext mPackagePath =/data/user/0/com.hht.lebocast
12-14 03:25:52.324 2716 2716 D hpplay-base: [SinkContext:98] initSinkContext mKeyPath =/data/user/0/com.hht.lebocast/files/hpplay/file
12-14 03:25:52.324 2716 2716 D hpplay-base: [jniBridge:478] Java_com_hpplay_sdk_sink_protocol_Bridge__1initServer end
12-14 03:25:52.324 2716 2716 D hpplay-base: [jniBridge:869] Bridge__1startServer status:1
12-14 03:25:52.325 2716 2716 D hpplay-base: [LelinkBase:492] startAllServer at base
12-14 03:25:52.325 2716 2716 D hpplay-base: [lelinkSinkServer:152] httpPlugins_SetServerPort TYPE_SERVER_LELINK:52266
12-14 03:25:52.325 2716 2716 D hpplay-base: [network.c:362] protocol bind host :192.168.0.18 port:52266 curent bind port:52266
12-14 03:25:52.325 2716 2716 D hpplay-base: [lelinkSinkServer:681] HTTP Server real at:52266
12-14 03:25:52.325 2716 2716 D hpplay-base: [ScreenStream:1285] current bind port:7100
12-14 03:25:52.326 2716 2716 D hpplay-base: [LelinkBase:515] startAllServer pBaseContext->config.dlnaEnable:1
12-14 03:25:52.326 2716 2716 D hpplay-base: [lelinkDlna:324] addDMRCallback end
12-14 03:25:52.326 2716 4674 D hpplay-base: [lelinkSinkServer:644] Connected Service Type:0
12-14 03:25:52.326 2716 4674 I hpplay-base: : (server.c.315) startServer listen_ing....:
12-14 03:25:52.326 2716 4674 D hpplay-base: [Server:371] startHttpServer srv_sockets.used:1 nCurrentFd:70, tid is 4674
12-14 03:25:52.327 2716 4675 D hpplay-base: [stream_mirror_compat:759] compat mirror stream begin to run,server fd:71,thread_id:3225616832!!
12-14 03:25:52.328 2716 2716 E hpplay-base-dlna: miniserver.c:788::dlna_port(ipv4: 49152 ipv6:0)
12-14 03:25:52.329 2716 2716 D hpplay-base-dlna: [lebodlna-dlnaframe:166] succeed to load lebodlnaplugin
12-14 03:25:52.329 2716 2716 D hpplay-base-dlna: [lebodlna-dlnaframe:232] Succeed to load specified plugin:lebodlna_plugin
12-14 03:25:52.329 2716 2716 D hpplay-base: [lelinkDlna:328] startDLNAServer ret=0
12-14 03:25:52.329 2716 2716 D hpplay-base: [LelinkBase:531] startDLNAServer ret= 0
12-14 03:25:52.329 2716 2716 D hpplay-base: [lelinkDlna:342] setDMRFriendlyName 高合娱乐副屏
12-14 03:25:52.329 2716 2716 D hpplay-base-dlna: [lebodlna-dlna_android:136] setBroadcastTimeout mBroadcastTimeOut=66 status=3!
12-14 03:25:52.329 2716 2716 D hpplay-base-dlna: [lebodlna_api:32] start DMR
12-14 03:25:52.329 2716 2716 D hpplay-base-dlna: [UpnpDefine:434] RegisterDMRender invalid lelink info
12-14 03:25:52.329 2716 2716 D hpplay-base-dlna: [UpnpDefine:467] DLNA DEFAULT_DESCRIPTION
12-14 03:25:52.330 2716 2716 E hpplay-base-dlna: upnpapi.c:1078::Exiting RegisterRootDevice2 *Hnd =1, return value == 0
12-14 03:25:52.330 2716 2716 D hpplay-base-dlna: [CUpnpDevice:41] Register Root Device 2:0
12-14 03:25:52.331 2716 2716 D hpplay-base-dlna: [UpnpDefine:794] ESDMRender:Register success
12-14 03:25:52.331 2716 2716 D hpplay-base-dlna: [lebodlna_api:41] sendBroadcast mBroadcastTimeOut=3
12-14 03:25:52.331 2716 2716 D hpplay-base-dlna: [lebodlna_api:44] sendBroadcast timeout=66
12-14 03:25:52.387 2716 2716 D hpplay-base: [lelinkDlna:361] startDLNADevice dlnaManufacturer:0 ret=0
12-14 03:25:52.388 2716 2716 D hpplay-base: [LelinkBase:535] lelinkSetDlnaInfo ret= 0
12-14 03:25:52.388 2716 2716 D hpplay-base: [LelinkBase:547] startAllServer pBaseContext->config.mDNSEnable:1
12-14 03:25:52.389 2716 2716 D hpplay-base: [base_mdns:509] mdns net.hostname:
12-14 03:25:52.389 2716 2716 D hpplay-base: [base_mdns:529] mdns namelabel:-00-80-0F-74-31-00
12-14 03:25:52.389 2716 2716 D hpplay-base: [base_mdns:509] mdns net.hostname:
12-14 03:25:52.390 2716 2716 D hpplay-base: [base_mdns:529] mdns namelabel:-00-80-0F-74-31-00
12-14 03:25:52.390 2716 2716 D hpplay-base: [mdns:813] mdns start bind port:0
12-14 03:25:52.393 2716 2716 D hpplay-base: [mdns:813] mdns start bind port:5353
12-14 03:25:52.393 2716 2716 D hpplay-base: [mdns:813] mdns start bind port:5353
12-14 03:25:52.393 2716 2716 D hpplay-base: [mdns:813] mdns start bind port:5353
12-14 03:25:52.393 2716 2716 D hpplay-base: [mdns:813] mdns start bind port:5353
12-14 03:25:52.394 2716 2716 D hpplay-base: [mdns:813] mdns start bind port:5353
12-14 03:25:52.394 2716 2716 D hpplay-base: [mdns:813] mdns start bind port:5353
12-14 03:25:52.394 2716 2716 D hpplay-base: [mdns:813] mdns start bind port:5353
12-14 03:25:52.394 2716 2716 I hpplay-base: [mDNSEmbeded:57] embedded_mDNSInit stopmDNSNow:0 status:0
12-14 03:25:52.394 2716 2716 D hpplay-base: [mDNSEmbeded:436] startmDNSServer end nRet=0
12-14 03:25:52.395 2716 2716 D hpplay-base: [LelinkBase:555] lelink broadcast_on_off:1 log2java_on_off:1
12-14 03:25:52.395 2716 4694 D hpplay-base: [LelinkMDNS:729] leboAuthorizationCheck strUuid=4a:41:02:02:dc:4f000000000000000
12-14 03:25:52.395 2716 4694 D hpplay-base: [LelinkMDNS:730] leboAuthorizationCheck mPermissionDid=4a:41:02:02:dc:4f000000000000000
12-14 03:25:52.395 2716 4694 D hpplay-base: [LelinkMDNS:755] leboAuthorizationCheck mPermissionMac=4a:41:02:02:dc:4f000000000000000
12-14 03:25:52.395 2716 4695 I hpplay-base: [mDNSEmbeded:268] start lelink publish server, tid is 4695
12-14 03:25:52.395 2716 4696 D hpplay-base: [mDNSEmbeded:197] http_port bind check 197 http_port_check
12-14 03:25:52.395 2716 2716 D hpplay-base: [AEventUtils:595] request to start event handle service!!
12-14 03:25:52.396 2716 2716 D hpplay-base: [AEventUtils:603] start_event_handle_service,begin to run!!
12-14 03:25:52.396 2716 2716 D hpplay-base: [REventUtils:210] start_event_handle_service,begin to run!!
12-14 03:25:52.396 2716 2716 D hpplay-base: [LelinkBase:576] startAllServer success .
12-14 03:25:52.396 2716 2716 D hpplay-base: [jniBridge:894] startDlna_link:http://192.168.0.18:49152/description.xml
12-14 03:25:52.397 2716 4700 D hpplay-base: [jniBridge:1081] notifyJavaDlnalink:http://192.168.0.18:49152/description.xml
12-14 03:25:52.397 2716 4697 D hpplay-base: [AEventUtils:171] create handle AEvent thread ok!!,tid is 4697
12-14 03:25:52.397 2716 4700 D hpplay-base: [jniBridge:1726] notifyJava, what:207, castType:0, mimeType:0 baseStatus:2
12-14 03:25:52.398 2716 4700 D hpplay-base: [jniBridge:1727] notifyJava sessionID:(null)
12-14 03:25:52.398 2716 4696 D hpplay-base: [mDNSEmbeded:217] http_port bind check 217 http_port_check
12-14 03:25:52.398 2716 4699 D hpplay-base: [REventUtils:59] create handleREventThread thread ok!!,tid is 4699
12-14 03:25:52.398 2716 4696 D hpplay-base: [mDNSEmbeded:222] http_port bind check 222 http_port_check
12-14 03:25:52.399 2716 4700 I hpplay-java: [Thread-43]:Bridge:notify: what: 207
12-14 03:25:52.401 2716 4696 D hpplay-base: [mDNSEmbeded:234] http_port bind check 234 http_port_check port:52266
12-14 03:25:52.401 2716 4696 D hpplay-base: [mDNSEmbeded:237] http_port bind check 237 http_port_check
12-14 03:25:52.401 2716 4700 I hpplay-java: [Thread-43]:Bridge:notify: out: OutParameters:{audioSessionId=-1, audiotrackIndex=0, castHandleType=-1, castType=0, deviceName='http://192.168.0.18:49152/description.xml', dlnaName='', dramaID='', extra=0, frameHandleType=-1, handleInside=true, headduration=0, header='', headers=null, isAD=false, isMultiMirror=false, lelinkVer='', limitTime=0, , mediaAlbum='null', mediaAlbumArtURI='', mediaArtist='null', mediaAssets='', mediaTitle='null', mimeType=0, multiSession=null, period=0, pinCode='', playSpeed=0.0, playerChoice=0, plugin=0, port=0, position=0.0, positionUnit=2, protocol=0, realSessionID='', regType='', , sinkIp='', sourceAPPVersion='', sourceChannel='', sourceClientInfo='', sourceDeviceInfo='', sourceDeviceModel='', sourceDeviceName='', sourceDeviceType=0, sourceHID='', , sourceInfo='', , , sourceOSVersion='', sourceSDKVersion='', sourceUid='', stopDetail=0, stopReason=0, tailduration=0, url='', urlID='', urls=null, userAgent='', videoDecoder=0, volume=0, what=207}com.hpplay.sdk.sink.protocol.OutParameters@84612c8
12-14 03:25:52.401 2716 4700 I hpplay-java: [Thread-43]:Bridge:notify: address:239017825
12-14 03:25:52.402 2716 4701 D hpplay-base: [lelinkSinkServer:93] new client connection from 127.0.0.1 7355, fd=116
12-14 03:25:52.402 2716 4701 D hpplay-base: [SinkContext:137] addSinkContextSession,begin to run!!
12-14 03:25:52.402 2716 4701 D hpplay-base: [SinkContext:142] addSinkContextSession,begin to get lock!!
12-14 03:25:52.402 2716 4701 D hpplay-base: [SinkContext:144] addSinkContextSession,get lock ok!!
12-14 03:25:52.402 2716 4701 D hpplay-base: [SinkContext:149] addSinkContextSession,session list is null,begin to malloc!!
12-14 03:25:52.402 2716 4701 D hpplay-base: [SinkContext:156] addSinkContextSession,begin to update!!
12-14 03:25:52.402 2716 4701 D hpplay-base: [SinkContext:160] addSinkContextSession,begin to update header!!
12-14 03:25:52.402 2716 4701 D hpplay-base: [SinkContext:172] addSinkContextSession,begin to unlock!!
12-14 03:25:52.402 2716 4701 D hpplay-base: [SinkContext:174] addSinkContextSession,unlock ok!!
12-14 03:25:52.402 2716 4701 D hpplay-base: [LelinkReceiver:4908] get ping !!!
12-14 03:25:52.402 2716 4696 D hpplay-base: [mDNSEmbeded:240] http_port bind check 240 http_port_check recieved:64
12-14 03:25:52.402 2716 4696 D hpplay-base: [mDNSEmbeded:243] http_port bind check 243 http_port_check
12-14 03:25:52.402 2716 4696 D hpplay-base: [mDNSEmbeded:244] http_port bind check ok!
01-01 09:23:56.959 0 0 D : mv2112_read_status
01-01 09:23:56.959 0 0 D mv2112_update_link: 3.0x901(1G): 0x80
01-01 09:23:56.959 0 0 D mv2112_update_link: 3.0x8109(100M): 0x8
01-01 09:23:56.959 0 0 D mv2112_update_link: link 0x0
01-01 09:23:56.959 0 0 D mv2112_read_status: autoneg is disabled
12-14 03:25:52.516 640 655 I mpu_uart: [MSG-P:RECV]:No message received in 1000 ms
12-14 03:25:52.536 1201 1430 I selfinstaller: TC GetPartNumber() mock-part-111
12-14 03:25:52.571 0 0 W swapper/1: type=1400 audit(0.0:442): avc: denied { kill } for capability=5 scontext=u:r:kernel:s0 tcontext=u:r:kernel:s0 tclass=capability permissive=0
12-14 03:25:52.603 2716 4701 I hpplay-base: [LelinkReceiver:14605] _connectionFinalize (116)
12-14 03:25:52.604 2716 4701 D hpplay-base: [LelinkReceiver:14752] ###connectionFinalize,release ok!!###
12-14 03:25:53.335 2716 4612 W hpplay-java: [AsyncTask #81]:HttpRequest:
12-14 03:25:53.337 2716 4612 W hpplay-java: [AsyncTask #81]:HttpRequest:
12-14 03:25:53.339 2716 4612 W hpplay-java: [AsyncTask #81]:HttpRequest:
01-01 09:23:57.983 0 0 D : mv2112_read_status
01-01 09:23:57.983 0 0 D mv2112_update_link: 3.0x901(1G): 0x80
01-01 09:23:57.984 0 0 D mv2112_update_link: 3.0x8109(100M): 0x8
01-01 09:23:57.984 0 0 D mv2112_update_link: link 0x0
01-01 09:23:57.984 0 0 D mv2112_read_status: autoneg is disabled
12-14 03:25:53.516 640 655 I mpu_uart: [MSG-P:RECV]:No message received in 1000 ms
12-14 03:25:53.571 0 0 W swapper/1: type=1400 audit(0.0:443): avc: denied { kill } for capability=5 scontext=u:r:kernel:s0 tcontext=u:r:kernel:s0 tclass=capability permissive=0
01-01 09:23:59.007 0 0 D : mv2112_read_status
01-01 09:23:59.007 0 0 D mv2112_update_link: 3.0x901(1G): 0x80
01-01 09:23:59.007 0 0 D mv2112_update_link: 3.0x8109(100M): 0x8
01-01 09:23:59.007 0 0 D mv2112_update_link: link 0x0
01-01 09:23:59.007 0 0 D mv2112_read_status: autoneg is disabled
12-14 03:25:54.516 640 655 I mpu_uart: [MSG-P:RECV]:No message received in 1000 ms
12-14 03:25:54.571 0 0 W swapper/1: type=1400 audit(0.0:444): avc: denied { kill } for capability=5 scontext=u:r:kernel:s0 tcontext=u:r:kernel:s0 tclass=capability permissive=0
12-14 03:25:54.650 640 654 I mpu_uart: [MSG-P:R]:recv sync frame timeout
01-01 09:24:00.031 0 0 D : mv2112_read_status
01-01 09:24:00.031 0 0 D mv2112_update_link: 3.0x901(1G): 0x80
01-01 09:24:00.031 0 0 D mv2112_update_link: 3.0x8109(100M): 0x8
01-01 09:24:00.031 0 0 D mv2112_update_link: link 0x0
01-01 09:24:00.031 0 0 D mv2112_read_status: autoneg is disabled
12-14 03:25:55.516 640 655 I mpu_uart: [MSG-P:RECV]:No message received in 1000 ms
