12-14 03:24:34.966 2716 4496 D hpplay-base: [SinkContext:172] addSinkContextSession,begin to unlock!!
12-14 03:24:34.966 2716 4496 D hpplay-base: [SinkContext:174] addSinkContextSession,unlock ok!!
12-14 03:24:34.966 2716 4496 D hpplay-base: [LelinkReceiver:4908] get ping !!!
12-14 03:24:34.966 2716 4491 D hpplay-base: [mDNSEmbeded:240] http_port bind check 240 http_port_check recieved:64
12-14 03:24:34.966 2716 4491 D hpplay-base: [mDNSEmbeded:243] http_port bind check 243 http_port_check
12-14 03:24:34.966 2716 4491 D hpplay-base: [mDNSEmbeded:244] http_port bind check ok!
12-14 03:24:35.168 2716 4496 I hpplay-base: [LelinkReceiver:14605] _connectionFinalize (107)
12-14 03:24:35.168 2716 4496 D hpplay-base: [LelinkReceiver:14752] ###connectionFinalize,release ok!!###
12-14 03:24:35.492 640 655 I mpu_uart: [MSG-P:RECV]:No message received in 1000 ms
12-14 03:24:35.571 0 0 W swapper/3: type=1400 audit(0.0:365): avc: denied { kill } for capability=5 scontext=u:r:kernel:s0 tcontext=u:r:kernel:s0 tclass=capability permissive=0
01-01 09:22:40.159 0 0 D : mv2112_read_status
01-01 09:22:40.159 0 0 D mv2112_update_link: 3.0x901(1G): 0x80
01-01 09:22:40.159 0 0 D mv2112_update_link: 3.0x8109(100M): 0x8
01-01 09:22:40.159 0 0 D mv2112_update_link: link 0x0
01-01 09:22:40.159 0 0 D mv2112_read_status: autoneg is disabled
12-14 03:24:35.945 2716 4417 W hpplay-java: [AsyncTask #50]:HttpRequest:
12-14 03:24:35.948 2716 4417 W hpplay-java: [AsyncTask #50]:HttpRequest:
12-14 03:24:35.948 2087 3933 D NetworkMonitor/100: isDataStall: result=1, tcp packets received=0, latest tcp fail rate=-1, consecutive dns timeout count=19
12-14 03:24:35.949 2087 3933 D NetworkMonitor/100: Suspecting data stall, reevaluate
12-14 03:24:35.949 2716 4417 W hpplay-java: [AsyncTask #50]:HttpRequest:
12-14 03:24:35.951 2087 4497 D NetworkMonitor/100: Validation disabled.
12-14 03:24:35.951 1500 2321 D ConnectivityService: Data stall detected with methods: 1
12-14 03:24:35.957 1500 1896 D ConnectivityService: [100 WIFI] validation passed
12-14 03:24:35.996 826 3426 I WifiHAL : send gennl msg of len : 156 to apps
12-14 03:24:35.996 826 3426 I WifiHAL : send gennl msg of len : 156 to apps
12-14 03:24:35.996 1283 3928 D LOWI-9.0.0.87.a: [LOWI-Scan] wait_event:Wait done with Cmd 59
12-14 03:24:35.996 1283 3928 D LOWI-9.0.0.87.a: [LOWI-Scan] parse_action_frame - wlanFrameStore.numFrames: 0
12-14 03:24:35.996 1283 3928 D LOWI-9.0.0.87.a: [LOWI-Scan] parse_action_frame: Frame received - frame length 77, Total Frames received: 1
12-14 03:24:35.996 1283 3928 D LOWI-9.0.0.87.a: [LOWI-Scan] do_listen_events: Rcvd valid netlink Cmd 59 Err 0 on monitor socket
12-14 03:24:35.996 1283 3928 D LOWI-9.0.0.87.a: [LOWI-Scan] do_listen_events - NL80211_CMD_FRAME received.Stop waiting on Netlink socket - cmd: 59
12-14 03:24:35.997 1283 3928 D LOWI-9.0.0.87.a: [LOWI-Scan] -- associated
12-14 03:24:35.997 1283 3928 D LOWI-9.0.0.87.a: [LOWI-Scan]
12-14 03:24:35.997 1283 3928 D LOWI-9.0.0.87.a: [LOWI-Scan] print_bss_handler: Report beacon TSF 125366680 as it greater than probe TSF 90097063
12-14 03:24:35.997 1283 3928 D LOWI-9.0.0.87.a: [LOWI-Scan] decode_rsn_wpa_ie: LOWI_ENCRYPTION_TYPE_WPA_PSK
12-14 03:24:35.997 1283 3928 D LOWI-9.0.0.87.a: [LOWI-Scan] is_qcom_ie, bss_age: 0
12-14 03:24:35.997 1283 3928 D LOWI-9.0.0.87.a: [LOWI-Scan] BSS 6c:b1:58:0f:7d:39 LOWI_PHY_MODE_11NG_HT40(7), Beacon Interval: 100, LOWI_ENCRYPTION_TYPE_WPA_PSK 11mcRanging: No, ANQP: No, LCI: No, Civic: No, capability(0x1411): ESS Privacy ShortSlotTime
12-14 03:24:35.997 1283 3928 D LOWI-9.0.0.87.a: [LOWI-Scan] BSS 6c:b1:58:0f:7d:39 FREQ: 2462, cFreq1[40:80:160] = [2452:0:0] cFreq2 = 0 Country Code = CN
12-14 03:24:35.997 1283 3928 D LOWI-9.0.0.87.a: [LOWI-Scan] BSS 6c:b1:58:0f:7d:39 (wlan0) ASSO: YES AddInfo: 0x1, TSF 0, 00:02:05.366, RSSI: -2, CPL: 127, AGE: 0, SSID TP-LINK_Figure_6d0405, TSFDelta: 0x2b896408, TXRate: 0
12-14 03:24:35.997 1283 3928 D LOWI-9.0.0.87.a: [LOWIDiagLog] Log: lowiMeasResult->request: invalid null argument
12-14 03:24:35.997 1283 3928 I LOWI-9.0.0.87.a: [LOWI-Scan] lowi_close_record:Scan done in 129629ms, 1 APs in scan results
12-14 03:24:35.997 1283 3928 D LOWI-9.0.0.87.a: [LOWI-Scan] WipsScanUsingNL: passive scan cached 0, took 60922 ms, err 59
12-14 03:24:35.997 1283 3928 D LOWI-9.0.0.87.a: [LOWI-Scan] lowi_proc_req_passive_scan_with_live_meas - WLAN Frames to be parsed
12-14 03:24:35.997 1283 3928 D LOWI-9.0.0.87.a: [LOWIROMEWifiDriver] processWlanFrame: Radio Measurement Req Frame received: Action-Cat(5) Action Type(0) dialogTok(124) numRep(0)
12-14 03:24:35.997 1283 3928 D LOWI-9.0.0.87.a: [LOWIROMEWifiDriver] parseMeasReqElem: Unknown element! - aborting
12-14 03:24:35.997 1283 3928 D LOWI-9.0.0.87.a: [LOWIWifiDriverInterface] setMeasScanStatus:No measurements found Err = 59
12-14 03:24:35.997 1283 3928 D LOWI-9.0.0.87.a: [LOWIScanResultReceiver] Send scan meas to listener
12-14 03:24:35.997 1283 3928 D LOWI-9.0.0.87.a: [LOWIScanResultReceiver] Enter passive listening mode
12-14 03:24:35.997 1283 3928 D LOWI-9.0.0.87.a: [LOWIWifiDriverInterface] getMeasurements - Passive listening mode
12-14 03:24:35.997 1283 1408 D LOWI-9.0.0.87.a: [LOWIEventReceiver] handleEvent:FROM:NA, TO:NA, REQ:NA, IREQ:NA, REQ_ID:0, RESP:NA, INFO:NA
12-14 03:24:35.997 1283 1408 D LOWI-9.0.0.87.a: [LOWIBackgroundScanMgr] isRspForBgScanMgr: evt(LOWI_NO_EVT) - not handled
12-14 03:24:35.997 1283 1408 D LOWI-9.0.0.87.a: [LOWIScheduler] manageMsg: NULL results or NULL request in results
12-14 03:24:35.997 1283 1408 D LOWI-9.0.0.87.a: [LOWIController] Measurements received
12-14 03:24:35.997 1283 1408 D LOWI-9.0.0.87.a: [LOWICacheManager] putInCache:Num of Meas to add: 1
12-14 03:24:35.997 1283 3929 I LOWI-9.0.0.87.a: [LOWI-ROME-RTT] event_handler: invalid data
12-14 03:24:35.997 1283 3929 D LOWI-9.0.0.87.a: [LOWI-ROME-RTT] recv_cld80211_wifihal_msg:No message
12-14 03:24:35.997 1283 3929 D LOWI-9.0.0.87.a: [LOWI-ROME-RTT] recv_nl_msg:No message
12-14 03:24:35.997 1283 3929 D LOWI-9.0.0.87.a: [LOWI-HELIUM-RTT] RomeNLRecvMessage: The Received RomeMsgType: ROME_NL_ERROR_MSG
12-14 03:24:35.997 1283 3929 D LOWI-9.0.0.87.a: [LOWIRangingFSM] FSM: Received Event EVENT_INVALID_NL_MESSAGE, Current state: STATE_READY_AND_IDLE
12-14 03:24:35.997 1283 3929 D LOWI-9.0.0.87.a: [LOWIRangingFSM] DoNothing: FSM Recieved Event: EVENT_INVALID_NL_MESSAGE while in State: STATE_READY_AND_IDLE
12-14 03:24:35.997 1283 3929 D LOWI-9.0.0.87.a: [LOWIRangingFSM] FSM: New FSM state: STATE_READY_AND_IDLE
12-14 03:24:35.997 1283 3929 D LOWI-9.0.0.87.a: [LOWI-ROME-RTT] RomeWaitOnActivityOnSocketOrPipe: issue blocking select
12-14 03:24:35.998 1283 1408 D LOWI-9.0.0.87.a: [LOWIController] processMeasurementResults: No current Request. Cache measurements
12-14 03:24:35.998 1283 1408 D LOWI-9.0.0.87.a: [LOWIController] sendAsyncScanResponse: Request FreeWifiScanObserver_0 is from a different client.
12-14 03:24:35.998 1283 1408 D LOWI-9.0.0.87.a: [LOWIController] generateResponse: Type (ASYNC_DISCOVERY_SCAN_RESULTS) ScanStatus (3) request FreeWifiScanObserver_0
12-14 03:24:35.998 1283 1408 D LOWI-9.0.0.87.a: [LOWIEventDispatcher] sendResponse - originator = FreeWifiScanObserver
12-14 03:24:35.998 1283 3928 D LOWI-9.0.0.87.a: [LOWI-Scan] WipsScanUsingNL:wait -1 sec for netlink message
12-14 03:24:35.998 1283 1408 D LOWI-9.0.0.87.a: [LOWIUtils] injectScanMeasurements - num of APs = 1
12-14 03:24:35.998 1283 1408 I LOWI-9.0.0.87.a: [LOWIUtils] responseToOutPostcard - TO: FreeWifiScanObserver, FROM: LOWI-SERVER, RESP: LOWI_ASYNC_DISCOVERY_SCAN_RESULTS
12-14 03:24:35.998 1283 1408 D LOWI-9.0.0.87.a: [LOWIControllerExtn] sendLOWILpDiscoveryScanResponse: Not a discovery scan response
01-01 09:22:40.535 0 0 I [schedu][0xa7fcded3][03:24:35.995611] wlan: [3400:I:PE] RX: [802.11 BCN_RPT] seq:1039 SSID:TP-LINK_Figure_6d0405 BSSID:6c:b1:58:0f:7d:3b Token:124 op_class:125 ch:157 meas_mode:1 meas_duration:50 max_dur: 1 sign: 0 max_meas_dur: 100
01-01 09:22:40.635 0 0 I [schedu][0xa81a259d][03:24:36.095541] wlan: [3400:I:PE] TX: [802.11 BCN_RPT] seq_no:2058 dialog_token:124 no. of APs:1 is_last_rpt:1 num_report: 1 peer:6c:b1:58:0f:7d:39
01-01 09:22:40.792 0 0 I [schedu][0xa8482b4b][03:24:36.252631] wlan: [3400:I:WMA] [03:24:36.172000] [ROAM_TRIGGER]: VDEV[0] Reason: "BTM TRIGGER" Req_mode: 1 Disassoc_timer: 0validity_interval: 25500 candidate_list_cnt: 1 resp_status: 0, bss_termination_timeout: 0, mbo_assoc_retry_timeout: 0
01-01 09:22:40.792 0 0 I [schedu][0xa8482d2f][03:24:36.252656] wlan: [3400:I:WMA] [03:24:36.172000] [ROAM_SCAN]: VDEV[0] Scan_type: PARTIAL {2462 5785 }
01-01 09:22:40.792 0 0 I [schedu][0xa8482db3][03:24:36.252663] wlan: [3400:I:WMA] ============================================================================================================================
01-01 09:22:40.792 0 0 I [schedu][0xa8482e7f][03:24:36.252673] wlan: [3400:I:WMA] AP BSSID TSTAMP CH TY ETP RSSI/SCR CU%/SCR TOT_SCR BL_RSN BL_SRC BL_TSTAMP BL_TIMEOUT(ms)
01-01 09:22:40.792 0 0 I [schedu][0xa8482f0f][03:24:36.252681] wlan: [3400:I:WMA] ============================================================================================================================
01-01 09:22:40.792 0 0 I [schedu][0xa8482ff2][03:24:36.252693] wlan: [3400:I:WMA] 6c:b1:58:0f:7d:39 [03:24:36.172000] 2462 P_AP 0 2/0 0/0 5292 0 0 [00:00:00.000000] 0
01-01 09:22:40.792 0 0 I [schedu][0xa8483227][03:24:36.252722] wlan: [3400:I:WMA] [03:24:36.243000] [ROAM_RESULT]: VDEV[0] FAILED Reason: NO AP FOUND
12-14 03:24:36.493 640 655 I mpu_uart: [MSG-P:RECV]:No message received in 1000 ms
12-14 03:24:36.573 640 654 I mpu_uart: [MSG-P:R]:recv sync frame timeout
12-14 03:24:36.571 282 282 W kworker/u16:7: type=1400 audit(0.0:366): avc: denied { kill } for capability=5 scontext=u:r:kernel:s0 tcontext=u:r:kernel:s0 tclass=capability permissive=0
01-01 09:22:41.183 0 0 D : mv2112_read_status
01-01 09:22:41.183 0 0 D mv2112_update_link: 3.0x901(1G): 0x80
01-01 09:22:41.183 0 0 D mv2112_update_link: 3.0x8109(100M): 0x8
01-01 09:22:41.183 0 0 D mv2112_update_link: link 0x0
01-01 09:22:41.183 0 0 D mv2112_read_status: autoneg is disabled
12-14 03:24:37.206 4333 4333 I update_engine_client: [INFO:update_engine_client_android.cc(92)] onStatusUpdate(UPDATE_STATUS_DOWNLOADING (3), 0.763484)
12-14 03:24:37.493 640 655 I mpu_uart: [MSG-P:RECV]:No message received in 1000 ms
12-14 03:24:37.571 1261 1261 W update_engine: type=1400 audit(0.0:367): avc: denied { kill } for capability=5 scontext=u:r:update_engine:s0 tcontext=u:r:update_engine:s0 tclass=capability permissive=0
01-01 09:22:42.207 0 0 D : mv2112_read_status
01-01 09:22:42.207 0 0 D mv2112_update_link: 3.0x901(1G): 0x80
01-01 09:22:42.207 0 0 D mv2112_update_link: 3.0x8109(100M): 0x8
01-01 09:22:42.207 0 0 D mv2112_update_link: link 0x0
01-01 09:22:42.207 0 0 D mv2112_read_status: autoneg is disabled
01-01 09:22:42.711 0 0 I [schedu][0xaa7a677f][03:24:38.171727] wlan: [3400:I:WMA] [03:24:36.252000] [ROAM_TRIGGER]: VDEV[0] Reason: "BTM TRIGGER" Sub-Reason: FULL SCANReq_mode: 1 Disassoc_timer: 0validity_interval: 25500 candidate_list_cnt: 1 resp_status: 0, bss_termination_timeout: 0, mbo_assoc_retry_timeout: 0
01-01 09:22:42.712 0 0 I [schedu][0xaa7a6bd9][03:24:38.171785] wlan: [3400:I:WMA] [03:24:36.252000] [ROAM_SCAN]: VDEV[0] Scan_type: FULL
01-01 09:22:42.712 0 0 I [schedu][0xaa7a6c5c][03:24:38.171791] wlan: [3400:I:WMA] ============================================================================================================================
01-01 09:22:42.712 0 0 I [schedu][0xaa7a6d0f][03:24:38.171801] wlan: [3400:I:WMA] AP BSSID TSTAMP CH TY ETP RSSI/SCR CU%/SCR TOT_SCR BL_RSN BL_SRC BL_TSTAMP BL_TIMEOUT(ms)
01-01 09:22:42.712 0 0 I [schedu][0xaa7a6d92][03:24:38.171808] wlan: [3400:I:WMA] ============================================================================================================================
01-01 09:22:42.712 0 0 I [schedu][0xaa7a6e80][03:24:38.171820] wlan: [3400:I:WMA] 6c:b1:58:0f:7d:39 [03:24:36.252000] 2462 P_AP 0 2/0 0/0 5292 0 0 [00:00:00.000000] 0
01-01 09:22:42.712 0 0 I [schedu][0xaa7a6f45][03:24:38.171830] wlan: [3400:I:WMA] [03:24:38.162000] [ROAM_RESULT]: VDEV[0] FAILED Reason: NO AP FOUND
12-14 03:24:38.493 640 655 I mpu_uart: [MSG-P:RECV]:No message received in 1000 ms
12-14 03:24:38.571 0 0 W swapper/2: type=1400 audit(0.0:368): avc: denied { kill } for capability=5 scontext=u:r:kernel:s0 tcontext=u:r:kernel:s0 tclass=capability permissive=0
01-01 09:22:43.231 0 0 D : mv2112_read_status
01-01 09:22:43.231 0 0 D mv2112_update_link: 3.0x901(1G): 0x80
01-01 09:22:43.231 0 0 D mv2112_update_link: 3.0x8109(100M): 0x8
01-01 09:22:43.231 0 0 D mv2112_update_link: link 0x0
01-01 09:22:43.231 0 0 D mv2112_read_status: autoneg is disabled
12-14 03:24:39.441 4333 4333 I update_engine_client: [INFO:update_engine_client_android.cc(92)] onStatusUpdate(UPDATE_STATUS_DOWNLOADING (3), 0.773498)
12-14 03:24:39.493 640 655 I mpu_uart: [MSG-P:RECV]:No message received in 1000 ms
12-14 03:24:39.571 1261 1261 W update_engine: type=1400 audit(0.0:369): avc: denied { kill } for capability=5 scontext=u:r:update_engine:s0 tcontext=u:r:update_engine:s0 tclass=capability permissive=0
12-14 03:24:39.577 640 654 I mpu_uart: [MSG-P:R]:recv sync frame timeout
01-01 09:22:44.255 0 0 D : mv2112_read_status
01-01 09:22:44.255 0 0 D mv2112_update_link: 3.0x901(1G): 0x80
01-01 09:22:44.255 0 0 D mv2112_update_link: 3.0x8109(100M): 0x8
01-01 09:22:44.255 0 0 D mv2112_update_link: link 0x0
01-01 09:22:44.255 0 0 D mv2112_read_status: autoneg is disabled
12-14 03:24:39.900 2716 2716 I hpplay-java: [main]:ServiceUpdater:upLoadServiceInfo invalid deviceCode:, port:53388
12-14 03:24:40.494 640 655 I mpu_uart: [MSG-P:RECV]:No message received in 1000 ms
12-14 03:24:40.571 0 0 W swapper/2: type=1400 audit(0.0:370): avc: denied { kill } for capability=5 scontext=u:r:kernel:s0 tcontext=u:r:kernel:s0 tclass=capability permissive=0
01-01 09:22:45.283 0 0 D : mv2112_read_status
01-01 09:22:45.283 0 0 D mv2112_update_link: 3.0x901(1G): 0x80
01-01 09:22:45.283 0 0 D mv2112_update_link: 3.0x8109(100M): 0x8
01-01 09:22:45.283 0 0 D mv2112_update_link: link 0x0
01-01 09:22:45.283 0 0 D mv2112_read_status: autoneg is disabled
12-14 03:24:41.494 640 655 I mpu_uart: [MSG-P:RECV]:No message received in 1000 ms
12-14 03:24:41.573 4333 4333 I update_engine_client: [INFO:update_engine_client_android.cc(92)] onStatusUpdate(UPDATE_STATUS_DOWNLOADING (3), 0.783511)
12-14 03:24:41.571 0 0 W swapper/2: type=1400 audit(0.0:371): avc: denied { kill } for capability=5 scontext=u:r:kernel:s0 tcontext=u:r:kernel:s0 tclass=capability permissive=0
01-01 09:22:46.307 0 0 D : mv2112_read_status
01-01 09:22:46.307 0 0 D mv2112_update_link: 3.0x901(1G): 0x80
01-01 09:22:46.307 0 0 D mv2112_update_link: 3.0x8109(100M): 0x8
01-01 09:22:46.307 0 0 D mv2112_update_link: link 0x0
01-01 09:22:46.307 0 0 D mv2112_read_status: autoneg is disabled
12-14 03:24:42.002 1261 1261 I update_engine: [INFO:partition_writer_factory_android.cc(44)] Virtual AB Compression disabled, using Partition Writer for `tz`
12-14 03:24:42.006 1261 1261 I update_engine: [INFO:partition_writer.cc(295)] Opening /dev/block/bootdevice/by-name/tz_b partition without O_DSYNC
12-14 03:24:42.008 1261 1261 I update_engine: [INFO:partition_writer.cc(100)] Caching writes.
12-14 03:24:42.010 1261 1261 I update_engine: [INFO:partition_writer.cc(307)] Applying 2 operations to partition "tz"
12-14 03:24:42.219 1261 1261 I update_engine: [INFO:partition_writer_factory_android.cc(44)] Virtual AB Compression disabled, using Partition Writer for `uefisecapp`
12-14 03:24:42.221 1261 1261 I update_engine: [INFO:partition_writer.cc(295)] Opening /dev/block/bootdevice/by-name/uefisecapp_b partition without O_DSYNC
12-14 03:24:42.223 1261 1261 I update_engine: [INFO:partition_writer.cc(100)] Caching writes.
12-14 03:24:42.225 1261 1261 I update_engine: [INFO:partition_writer.cc(307)] Applying 1 operations to partition "uefisecapp"
12-14 03:24:42.242 1261 1261 I update_engine: [INFO:partition_writer_factory_android.cc(44)] Virtual AB Compression disabled, using Partition Writer for `vbmeta`
12-14 03:24:42.243 1261 1261 I update_engine: [INFO:partition_writer.cc(295)] Opening /dev/block/bootdevice/by-name/vbmeta_b partition without O_DSYNC
12-14 03:24:42.244 1261 1261 I update_engine: [INFO:partition_writer.cc(100)] Caching writes.
12-14 03:24:42.245 1261 1261 I update_engine: [INFO:partition_writer.cc(307)] Applying 1 operations to partition "vbmeta"
12-14 03:24:42.250 1261 1261 I update_engine: [INFO:partition_writer_factory_android.cc(44)] Virtual AB Compression disabled, using Partition Writer for `vbmeta_system`
12-14 03:24:42.251 1261 1261 I update_engine: [INFO:partition_writer.cc(295)] Opening /dev/block/bootdevice/by-name/vbmeta_system_b partition without O_DSYNC
12-14 03:24:42.253 1261 1261 I update_engine: [INFO:partition_writer.cc(100)] Caching writes.
12-14 03:24:42.254 1261 1261 I update_engine: [INFO:partition_writer.cc(307)] Applying 1 operations to partition "vbmeta_system"
12-14 03:24:42.258 1261 1261 I update_engine: [INFO:partition_writer_factory_android.cc(44)] Virtual AB Compression disabled, using Partition Writer for `vendor`
12-14 03:24:42.259 1261 1261 I update_engine: [INFO:partition_writer.cc(295)] Opening /dev/block/dm-25 partition without O_DSYNC
12-14 03:24:42.261 1261 1261 I update_engine: [INFO:partition_writer.cc(100)] Caching writes.
12-14 03:24:42.262 1261 1261 I update_engine: [INFO:partition_writer.cc(307)] Applying 355 operations to partition "vendor"
12-14 03:24:42.494 640 655 I mpu_uart: [MSG-P:RECV]:No message received in 1000 ms
12-14 03:24:42.571 0 0 W swapper/2: type=1400 audit(0.0:372): avc: denied { kill } for capability=5 scontext=u:r:kernel:s0 tcontext=u:r:kernel:s0 tclass=capability permissive=0
12-14 03:24:42.580 640 654 I mpu_uart: [MSG-P:R]:recv sync frame timeout
01-01 09:22:47.327 0 0 D : mv2112_read_status
01-01 09:22:47.327 0 0 D mv2112_update_link: 3.0x901(1G): 0x80
01-01 09:22:47.327 0 0 D mv2112_update_link: 3.0x8109(100M): 0x8
01-01 09:22:47.327 0 0 D mv2112_update_link: link 0x0
01-01 09:22:47.327 0 0 D mv2112_read_status: autoneg is disabled
12-14 03:24:43.238 4333 4333 I update_engine_client: [INFO:update_engine_client_android.cc(92)] onStatusUpdate(UPDATE_STATUS_DOWNLOADING (3), 0.793525)
12-14 03:24:43.494 640 655 I mpu_uart: [MSG-P:RECV]:No message received in 1000 ms
12-14 03:24:43.571 1261 1261 W update_engine: type=1400 audit(0.0:373): avc: denied { kill } for capability=5 scontext=u:r:update_engine:s0 tcontext=u:r:update_engine:s0 tclass=capability permissive=0
01-01 09:22:48.351 0 0 D : mv2112_read_status
01-01 09:22:48.351 0 0 D mv2112_update_link: 3.0x901(1G): 0x80
01-01 09:22:48.351 0 0 D mv2112_update_link: 3.0x8109(100M): 0x8
01-01 09:22:48.351 0 0 D mv2112_update_link: link 0x0
01-01 09:22:48.351 0 0 D mv2112_read_status: autoneg is disabled
12-14 03:24:44.495 640 655 I mpu_uart: [MSG-P:RECV]:No message received in 1000 ms
12-14 03:24:44.571 0 0 W swapper/2: type=1400 audit(0.0:374): avc: denied { kill } for capability=5 scontext=u:r:kernel:s0 tcontext=u:r:kernel:s0 tclass=capability permissive=0
01-01 09:22:49.375 0 0 D : mv2112_read_status
01-01 09:22:49.375 0 0 D mv2112_update_link: 3.0x901(1G): 0x80
01-01 09:22:49.375 0 0 D mv2112_update_link: 3.0x8109(100M): 0x8
01-01 09:22:49.375 0 0 D mv2112_update_link: link 0x0
01-01 09:22:49.375 0 0 D mv2112_read_status: autoneg is disabled
12-14 03:24:44.888 2716 2716 I hpplay-java: [main]:Upgrade:upgrade not be allowed
12-14 03:24:44.908 2716 2716 I hpplay-java: [main]:ServerBusiness:get deviceCode:
12-14 03:24:44.908 2716 2716 W hpplay-java: [main]:ServerBusiness:startDeviceService ignore,invalid deviceCode
12-14 03:24:45.495 640 655 I mpu_uart: [MSG-P:RECV]:No message received in 1000 ms
12-14 03:24:45.571 0 0 W swapper/2: type=1400 audit(0.0:375): avc: denied { kill } for capability=5 scontext=u:r:kernel:s0 tcontext=u:r:kernel:s0 tclass=capability permissive=0
12-14 03:24:45.582 640 654 I mpu_uart: [MSG-P:R]:recv sync frame timeout
12-14 03:24:45.749 4333 4333 I update_engine_client: [INFO:update_engine_client_android.cc(92)] onStatusUpdate(UPDATE_STATUS_DOWNLOADING (3), 0.803538)
01-01 09:22:50.399 0 0 D : mv2112_read_status
01-01 09:22:50.399 0 0 D mv2112_update_link: 3.0x901(1G): 0x80
01-01 09:22:50.399 0 0 D mv2112_update_link: 3.0x8109(100M): 0x8
01-01 09:22:50.399 0 0 D mv2112_update_link: link 0x0
01-01 09:22:50.399 0 0 D mv2112_read_status: autoneg is disabled
12-14 03:24:46.495 640 655 I mpu_uart: [MSG-P:RECV]:No message received in 1000 ms
12-14 03:24:46.571 0 0 W swapper/1: type=1400 audit(0.0:376): avc: denied { kill } for capability=5 scontext=u:r:kernel:s0 tcontext=u:r:kernel:s0 tclass=capability permissive=0
01-01 09:22:51.423 0 0 D : mv2112_read_status
01-01 09:22:51.423 0 0 D mv2112_update_link: 3.0x901(1G): 0x80
01-01 09:22:51.423 0 0 D mv2112_update_link: 3.0x8109(100M): 0x8
01-01 09:22:51.423 0 0 D mv2112_update_link: link 0x0
01-01 09:22:51.423 0 0 D mv2112_read_status: autoneg is disabled
12-14 03:24:47.496 640 655 I mpu_uart: [MSG-P:RECV]:No message received in 1000 ms
12-14 03:24:47.571 0 0 W swapper/1: type=1400 audit(0.0:377): avc: denied { kill } for capability=5 scontext=u:r:kernel:s0 tcontext=u:r:kernel:s0 tclass=capability permissive=0
01-01 09:22:52.447 0 0 D : mv2112_read_status
01-01 09:22:52.447 0 0 D mv2112_update_link: 3.0x901(1G): 0x80
01-01 09:22:52.447 0 0 D mv2112_update_link: 3.0x8109(100M): 0x8
01-01 09:22:52.447 0 0 D mv2112_update_link: link 0x0
01-01 09:22:52.447 0 0 D mv2112_read_status: autoneg is disabled
12-14 03:24:48.416 4333 4333 I update_engine_client: [INFO:update_engine_client_android.cc(92)] onStatusUpdate(UPDATE_STATUS_DOWNLOADING (3), 0.813551)
12-14 03:24:48.496 640 655 I mpu_uart: [MSG-P:RECV]:No message received in 1000 ms
12-14 03:24:48.571 1261 1261 W update_engine: type=1400 audit(0.0:378): avc: denied { kill } for capability=5 scontext=u:r:update_engine:s0 tcontext=u:r:update_engine:s0 tclass=capability permissive=0
12-14 03:24:48.586 640 654 I mpu_uart: [MSG-P:R]:recv sync frame timeout
01-01 09:22:53.471 0 0 D : mv2112_read_status
01-01 09:22:53.471 0 0 D mv2112_update_link: 3.0x901(1G): 0x80
01-01 09:22:53.471 0 0 D mv2112_update_link: 3.0x8109(100M): 0x8
01-01 09:22:53.471 0 0 D mv2112_update_link: link 0x0
01-01 09:22:53.471 0 0 D mv2112_read_status: autoneg is disabled
12-14 03:24:49.496 640 655 I mpu_uart: [MSG-P:RECV]:No message received in 1000 ms
12-14 03:24:49.571 0 0 W swapper/1: type=1400 audit(0.0:379): avc: denied { kill } for capability=5 scontext=u:r:kernel:s0 tcontext=u:r:kernel:s0 tclass=capability permissive=0
12-14 03:24:49.813 2716 2716 I hpplay-java: [main]:IMTask:getIMRoot
12-14 03:24:49.888 2716 2716 I hpplay-java: [main]:ServerTaskManager:task run out of time
12-14 03:24:49.888 2716 2716 I hpplay-java: [main]:ServerTaskManager:cancelTimeOutCheck
12-14 03:24:49.888 2716 2716 I hpplay-java: [main]:ServerTaskManager:exeTask ignore, reason: TaskList is clear
12-14 03:24:49.898 1261 1261 I update_engine: [INFO:delta_performer.cc(115)] Completed 1256/1573 operations (79%), 878811571/1071720775 bytes downloaded (82%), overall progress 80%
01-01 09:22:54.495 0 0 D : mv2112_read_status
01-01 09:22:54.495 0 0 D mv2112_update_link: 3.0x901(1G): 0x80
01-01 09:22:54.495 0 0 D mv2112_update_link: 3.0x8109(100M): 0x8
01-01 09:22:54.495 0 0 D mv2112_update_link: link 0x0
01-01 09:22:54.495 0 0 D mv2112_read_status: autoneg is disabled
12-14 03:24:50.031 4333 4333 I update_engine_client: [INFO:update_engine_client_android.cc(92)] onStatusUpdate(UPDATE_STATUS_DOWNLOADING (3), 0.823565)
12-14 03:24:50.115 2716 4489 D hpplay-base: [LelinkMDNS:766] devicePermissionPublic leboPermissionCheck:-2
12-14 03:24:50.115 2716 4489 D hpplay-base: [jniBridge:1125] com_hpplay_sdk_sink_protocol_Bridge_WHAT_SERVER_ERROR
12-14 03:24:50.115 2716 4489 D hpplay-base: [jniBridge:1726] notifyJava, what:204, castType:0, mimeType:0 baseStatus:2
12-14 03:24:50.115 2716 4489 D hpplay-base: [jniBridge:1727] notifyJava sessionID:(null)
12-14 03:24:50.116 2716 4489 I hpplay-java: [Thread-28]:Bridge:notify: what: 204
12-14 03:24:50.117 2716 4489 I hpplay-java: [Thread-28]:Bridge:notify: out: OutParameters:{audioSessionId=-1, audiotrackIndex=0, castHandleType=-1, castType=0, deviceName='', dlnaName='', dramaID='', extra=-2002, frameHandleType=-1, handleInside=true, headduration=0, header='', headers=null, isAD=false, isMultiMirror=false, lelinkVer='', limitTime=0, , mediaAlbum='null', mediaAlbumArtURI='', mediaArtist='null', mediaAssets='', mediaTitle='null', mimeType=0, multiSession=null, period=0, pinCode='', playSpeed=0.0, playerChoice=0, plugin=0, port=0, position=0.0, positionUnit=2, protocol=0, realSessionID='', regType='', , sinkIp='', sourceAPPVersion='', sourceChannel='', sourceClientInfo='', sourceDeviceInfo='', sourceDeviceModel='', sourceDeviceName='', sourceDeviceType=0, sourceHID='', , sourceInfo='', , , sourceOSVersion='', sourceSDKVersion='', sourceUid='', stopDetail=0, stopReason=0, tailduration=0, url='', urlID='', urls=null, userAgent='', videoDecoder=0, volume=0, what=204}com.hpplay.sdk.sink.protocol.OutParameters@52e4ed8
12-14 03:24:50.117 2716 4489 I hpplay-java: [Thread-28]:Bridge:notify: address:63803953
12-14 03:24:50.117 2716 4489 I hpplay-base: [mDNSEmbeded:79] embedded_mDNSLoop stopmDNSNow:0 nPublish:-2 nExitFlag:6 tid is 4489
12-14 03:24:50.117 2716 2716 I hpplay-java: [main]:Bridge:findServiceID start out: 63803953
12-14 03:24:50.117 2716 2716 I hpplay-java: [main]:Bridge:findServiceID end
12-14 03:24:50.117 2716 2716 E hpplay-java: [main]:ServerTaskManager:onError 204/-2002 com.hht.lebocast.LelinkHelper$e@22899d
12-14 03:24:50.117 2716 2716 I hpplay-java: [main]:ServerTaskManager:cancelTimeOutCheck
12-14 03:24:50.118 2716 2716 W hpplay-java: [main]:ServerTaskManager:onErrorDispatcher errorCode:-2002
12-14 03:24:50.118 2716 2716 I hpplay-java: [main]:ServerTaskManager:onError retry later
12-14 03:24:50.497 640 655 I mpu_uart: [MSG-P:RECV]:No message received in 1000 ms
12-14 03:24:50.571 0 0 W swapper/1: type=1400 audit(0.0:380): avc: denied { kill } for capability=5 scontext=u:r:kernel:s0 tcontext=u:r:kernel:s0 tclass=capability permissive=0
01-01 09:22:55.519 0 0 D : mv2112_read_status
01-01 09:22:55.519 0 0 D mv2112_update_link: 3.0x901(1G): 0x80
01-01 09:22:55.519 0 0 D mv2112_update_link: 3.0x8109(100M): 0x8
01-01 09:22:55.519 0 0 D mv2112_update_link: link 0x0
01-01 09:22:55.519 0 0 D mv2112_read_status: autoneg is disabled
12-14 03:24:51.208 2716 4454 W hpplay-java: [AsyncTask #55]:HttpRequest:
12-14 03:24:51.209 2716 4454 W hpplay-java: [AsyncTask #55]:HttpRequest:
12-14 03:24:51.209 2087 3933 D NetworkMonitor/100: isDataStall: result=1, tcp packets received=0, latest tcp fail rate=-1, consecutive dns timeout count=20
12-14 03:24:51.209 2087 3933 D NetworkMonitor/100: Suspecting data stall, reevaluate
12-14 03:24:51.210 2716 4454 W hpplay-java: [AsyncTask #55]:HttpRequest:
12-14 03:24:51.211 1500 2079 D ConnectivityService: Data stall detected with methods: 1
12-14 03:24:51.211 2087 4508 D NetworkMonitor/100: Validation disabled.
12-14 03:24:51.217 1500 1896 D ConnectivityService: [100 WIFI] validation passed
12-14 03:24:51.497 640 655 I mpu_uart: [MSG-P:RECV]:No message received in 1000 ms
12-14 03:24:51.571 282 282 W kworker/u16:7: type=1400 audit(0.0:381): avc: denied { kill } for capability=5 scontext=u:r:kernel:s0 tcontext=u:r:kernel:s0 tclass=capability permissive=0
12-14 03:24:51.587 640 654 I mpu_uart: [MSG-P:R]:recv sync frame timeout
12-14 03:24:51.810 4333 4333 I update_engine_client: [INFO:update_engine_client_android.cc(92)] onStatusUpdate(UPDATE_STATUS_DOWNLOADING (3), 0.833578)
01-01 09:22:56.543 0 0 D : mv2112_read_status
01-01 09:22:56.543 0 0 D mv2112_update_link: 3.0x901(1G): 0x80
01-01 09:22:56.543 0 0 D mv2112_update_link: 3.0x8109(100M): 0x8
01-01 09:22:56.543 0 0 D mv2112_update_link: link 0x0
01-01 09:22:56.543 0 0 D mv2112_read_status: autoneg is disabled
12-14 03:24:52.497 640 655 I mpu_uart: [MSG-P:RECV]:No message received in 1000 ms
12-14 03:24:52.571 0 0 W swapper/1: type=1400 audit(0.0:382): avc: denied { kill } for capability=5 scontext=u:r:kernel:s0 tcontext=u:r:kernel:s0 tclass=capability permissive=0
01-01 09:22:57.567 0 0 D : mv2112_read_status
01-01 09:22:57.567 0 0 D mv2112_update_link: 3.0x901(1G): 0x80
01-01 09:22:57.567 0 0 D mv2112_update_link: 3.0x8109(100M): 0x8
01-01 09:22:57.567 0 0 D mv2112_update_link: link 0x0
01-01 09:22:57.567 0 0 D mv2112_read_status: autoneg is disabled
12-14 03:24:53.122 2716 2716 I hpplay-java: [main]:ServerTaskManager:restart by error
12-14 03:24:53.123 2716 2716 I hpplay-java: [main]:ServerTaskManager:startServer
12-14 03:24:53.123 2716 2716 I hpplay-java: [main]:ServerTaskManager:startServer add, reason: server is starting or running
12-14 03:24:53.123 2716 2716 I hpplay-java: [main]:ServerTaskManager:addStopTask
12-14 03:24:53.123 2716 2716 I hpplay-java: [main]:ServerTaskManager:addStartTask
12-14 03:24:53.123 2716 2716 I hpplay-java: [main]:ServerTaskManager:exeTask stopServer
12-14 03:24:53.123 2716 2716 I hpplay-java: [main]:Bridge:stopServer keepPush: false
12-14 03:24:53.124 2716 2716 D hpplay-base: [jniBridge:909] Bridge__1stopServer status:2
12-14 03:24:53.124 2716 2716 D hpplay-base: [LelinkBase:654] stopAllServer will start thread!
12-14 03:24:53.125 2716 4493 D hpplay-base: [AEventUtils:588] handle AEvent thread end!!,tid is 4493
12-14 03:24:53.125 2716 4509 I hpplay-base: [mDNSEmbeded:65] embedded_mDNSExit call
12-14 03:24:53.125 2716 4494 D hpplay-base: [REventUtils:197] handleREventThread thread end!!,tid is 4494
12-14 03:24:53.142 2716 4474 D hpplay-base: [stream_mirror_compat:1284] mirror stream begin to exit,server fd:71,thread_id:3216933312!!
12-14 03:24:53.142 2716 4474 D hpplay-base: [stream_mirror_compat:1323] ##screen stream exit successfully!!##
12-14 03:24:53.193 2716 4473 D hpplay-base: [Server:447] startHttpServer will END srv->serverType:0
12-14 03:24:53.193 2716 4473 D hpplay-base: [Server:646] startHttpServer cond srv_shutdown:1 connectNummber:0
12-14 03:24:53.193 2716 4473 D hpplay-base: [Server:669] startHttpServer wait cond END. srv_shutdown:1 connectNummber:0
12-14 03:24:53.193 2716 4473 D hpplay-base: [Server:457] HttpServer END, tid is 4473
12-14 03:24:53.445 2716 4489 I hpplay-base: [mDNSEmbeded:140] embedded_mDNSLoop Exiting end,tid is 4489
12-14 03:24:53.445 2716 4509 D hpplay-base: [mDNSEmbeded:452] stopmDNSServer end stopmDNSNow=2, nRet=0
12-14 03:24:53.497 640 655 I mpu_uart: [MSG-P:RECV]:No message received in 1000 ms
12-14 03:24:53.571 0 0 W swapper/1: type=1400 audit(0.0:383): avc: denied { kill } for capability=5 scontext=u:r:kernel:s0 tcontext=u:r:kernel:s0 tclass=capability permissive=0
12-14 03:24:53.671 2716 4490 I hpplay-base: [mDNSEmbeded:376] end lelink publish server, tid is 4490
12-14 03:24:53.671 2716 4509 D hpplay-base: [mDNSEmbeded:420] stopmLelinkServer end nRet=0
12-14 03:24:53.671 2716 4509 D hpplay-base: [LelinkBase:615] lebodlna stopServerThreadFunc dlnaEnable:1
12-14 03:24:53.671 2716 4509 D hpplay-base-dlna: [lebodlna_api:49] stop DMR
12-14 03:24:53.671 2716 4509 D hpplay-base-dlna: [lebodlna_api:344] m_pRender Release
12-14 03:24:53.727 2716 4509 D hpplay-base-dlna: [UpnpDefine:867] DMRender release success
12-14 03:24:53.728 2716 4509 D hpplay-base-dlna: [lebodlna_api:352] m_pAVT Release
12-14 03:24:53.728 2716 4509 D hpplay-base-dlna: [lebodlna_api:360] m_pRCS Release
12-14 03:24:53.728 2716 4509 D hpplay-base-dlna: [lebodlna_api:365] dmrender destroydmr
12-14 03:24:54.028 2716 4509 D hpplay-base-dlna: [lebodlna-dlna_android:186] stopDLNA
12-14 03:24:54.028 2716 4509 D hpplay-base-dlna: [lebodlna-dlna_android:189] dlnaservice destroy
12-14 03:24:54.028 2716 4509 D hpplay-base-dlna: [lebodlna-dlna_android:49] dlnaservice Destroy 49 int CDlnaService::Destroy()
12-14 03:24:54.028 2716 4509 D hpplay-base-dlna: [lebodlna-dlnaframe:245] dlnaservice Destroy 245 static ERROR_TYPE IDlnaFrame::DestroyDlnaFrame(IDlnaFrame *)
12-14 03:24:54.028 2716 4509 D hpplay-base-dlna: [lebodlna-dlnaframe:179] dlnaservice Destroy 179 virtual void CDlnaFrame::Release()
12-14 03:24:54.028 2716 4509 D hpplay-base-dlna: [lebodlna-dlnaframe:190] dlnaservice Destroy 190 virtual void CDlnaFrame::Release()
12-14 03:24:54.028 2716 4509 D hpplay-base-dlna: [lebodlna-dlnaframe:192] dlnaservice Destroy 192 virtual void CDlnaFrame::Release()
12-14 03:24:54.028 2716 4509 D hpplay-base-dlna: [lebodlna-dlnaframe:247] dlnaservice Destroy 247 static ERROR_TYPE IDlnaFrame::DestroyDlnaFrame(IDlnaFrame *)
12-14 03:24:54.028 2716 4509 D hpplay-base-dlna: [lebodlna-dlnaframe:251] dlnaservice Destroy 251 static ERROR_TYPE IDlnaFrame::DestroyDlnaFrame(IDlnaFrame *)
12-14 03:24:54.030 2716 4509 E hpplay-base-dlna: upnpapi.c:655::before gminiserver ThreadPoolShutdown
12-14 03:24:54.030 2716 4509 E hpplay-base-dlna: ThreadPool.c:1047::on ThreadPoolShutdown tp->totalThreads:2
12-14 03:24:54.031 2716 4509 E hpplay-base-dlna: ThreadPool.c:1056::after ThreadPoolShutdown
12-14 03:24:54.031 2716 4509 E hpplay-base-dlna: ThreadPool.c:1057::ThreadPoolShutdown tp->totalThreads:0
12-14 03:24:54.031 2716 4509 E hpplay-base-dlna: upnpapi.c:657::after gminiserver ThreadPoolShutdown
12-14 03:24:54.031 2716 4509 E hpplay-base-dlna: upnpapi.c:659::before grecv ThreadPoolShutdown
12-14 03:24:54.031 2716 4509 E hpplay-base-dlna: ThreadPool.c:1047::on ThreadPoolShutdown tp->totalThreads:12
12-14 03:24:54.031 2716 4509 E hpplay-base-dlna: ThreadPool.c:1047::on ThreadPoolShutdown tp->totalThreads:11
12-14 03:24:54.032 2716 4509 E hpplay-base-dlna: ThreadPool.c:1056::after ThreadPoolShutdown
12-14 03:24:54.032 2716 4509 E hpplay-base-dlna: ThreadPool.c:1057::ThreadPoolShutdown tp->totalThreads:0
12-14 03:24:54.032 2716 4509 E hpplay-base-dlna: upnpapi.c:661::after grecv ThreadPoolShutdown
12-14 03:24:54.032 2716 4509 E hpplay-base-dlna: upnpapi.c:663::before gsend ThreadPoolShutdown
12-14 03:24:54.032 2716 4509 E hpplay-base-dlna: ThreadPool.c:1047::on ThreadPoolShutdown tp->totalThreads:2
12-14 03:24:54.032 2716 4509 E hpplay-base-dlna: ThreadPool.c:1047::on ThreadPoolShutdown tp->totalThreads:1
12-14 03:24:54.033 2716 4509 E hpplay-base-dlna: ThreadPool.c:1056::after ThreadPoolShutdown
12-14 03:24:54.033 2716 4509 E hpplay-base-dlna: ThreadPool.c:1057::ThreadPoolShutdown tp->totalThreads:0
12-14 03:24:54.033 2716 4509 E hpplay-base-dlna: upnpapi.c:665::after gsend ThreadPoolShutdown
12-14 03:24:54.033 2716 4509 D hpplay-base-dlna: [lebodlna-dlnaframe:253] dlnaservice Destroy 253 static ERROR_TYPE IDlnaFrame::DestroyDlnaFrame(IDlnaFrame *)
12-14 03:24:54.033 2716 4509 D hpplay-base-dlna: [lebodlna-dlna_android:51] dlnaservice Destroy 51 int CDlnaService::Destroy()
12-14 03:24:54.033 2716 4509 D hpplay-base-dlna: [lebodlna-dlna_android:194] stopDLNA end
01-01 09:22:58.591 0 0 D : mv2112_read_status
01-01 09:22:58.591 0 0 D mv2112_update_link: 3.0x901(1G): 0x80
01-01 09:22:58.591 0 0 D mv2112_update_link: 3.0x8109(100M): 0x8
01-01 09:22:58.591 0 0 D mv2112_update_link: link 0x0
01-01 09:22:58.591 0 0 D mv2112_read_status: autoneg is disabled
12-14 03:24:54.333 2716 4509 D hpplay-base: [stream_mirror_compat:1489] request to stop screen stream session!!
12-14 03:24:54.333 2716 4509 D hpplay-base: [AEventUtils:625] begin to stop event handle service!!
12-14 03:24:54.333 2716 4509 D hpplay-base: [AEventUtils:628] stop event handle service ok!!
12-14 03:24:54.333 2716 4509 D hpplay-base: [REventUtils:231] begin to stop report handle service!!
12-14 03:24:54.333 2716 4509 D hpplay-base: [REventUtils:234] stop report handle service ok!!
12-14 03:24:54.333 2716 4509 D hpplay-base: [lelinkSinkServer:711] HTTP Server stopSinkServer End .
12-14 03:24:54.333 2716 4509 D hpplay-base: [jniBridge:1135] notifyJavaServerStoped
12-14 03:24:54.333 2716 4509 D hpplay-base: [jniBridge:1726] notifyJava, what:202, castType:0, mimeType:0 baseStatus:4
12-14 03:24:54.333 2716 4509 D hpplay-base: [jniBridge:1727] notifyJava sessionID:(null)
12-14 03:24:54.334 2716 4509 I hpplay-java: [Thread-29]:Bridge:notify: what: 202
12-14 03:24:54.335 2716 4509 I hpplay-java: [Thread-29]:Bridge:notify: out: OutParameters:{audioSessionId=-1, audiotrackIndex=0, castHandleType=-1, castType=0, deviceName='', dlnaName='', dramaID='', extra=0, frameHandleType=-1, handleInside=true, headduration=0, header='', headers=null, isAD=false, isMultiMirror=false, lelinkVer='', limitTime=0, , mediaAlbum='null', mediaAlbumArtURI='', mediaArtist='null', mediaAssets='', mediaTitle='null', mimeType=0, multiSession=null, period=0, pinCode='', playSpeed=0.0, playerChoice=0, plugin=0, port=0, position=0.0, positionUnit=2, protocol=0, realSessionID='', regType='', , sinkIp='', sourceAPPVersion='', sourceChannel='', sourceClientInfo='', sourceDeviceInfo='', sourceDeviceModel='', sourceDeviceName='', sourceDeviceType=0, sourceHID='', , sourceInfo='', , , sourceOSVersion='', sourceSDKVersion='', sourceUid='', stopDetail=0, stopReason=0, tailduration=0, url='', urlID='', urls=null, userAgent='', videoDecoder=0, volume=0, what=202}com.hpplay.sdk.sink.protocol.OutParameters@a58084
12-14 03:24:54.335 2716 4509 I hpplay-java: [Thread-29]:Bridge:notify: address:230170733
12-14 03:24:54.335 2716 4509 D hpplay-base: [LelinkBase:645] stopServerThreadFunc notifyJavaServerStoped!
12-14 03:24:54.336 2716 2716 I hpplay-java: [main]:ServerTaskManager:startTimeOutCheck
12-14 03:24:54.336 2716 2716 I hpplay-java: [main]:ServerBusiness:stopDaemonBusiness
12-14 03:24:54.336 2716 2716 I hpplay-java: [main]:SinkDataReport:logout
12-14 03:24:54.336 2716 2716 I hpplay-java: [main]:EPControl:release
12-14 03:24:54.337 4333 4333 I update_engine_client: [INFO:update_engine_client_android.cc(92)] onStatusUpdate(UPDATE_STATUS_DOWNLOADING (3), 0.843591)
12-14 03:24:54.339 2716 2716 I hpplay-java: [main]:Dispatcher:notifyAllReverseControlsStop
12-14 03:24:54.339 2716 2716 I hpplay-java: [main]:Preference:checkFeature none
12-14 03:24:54.339 2716 2716 I hpplay-java: [main]:Dispatcher:notifyAllUIControlsStop set: []
12-14 03:24:54.339 2716 2716 I hpplay-java: [main]:Bridge:findServiceID start out: 230170733
12-14 03:24:54.339 2716 2716 I hpplay-java: [main]:Bridge:findServiceID end
12-14 03:24:54.339 2716 4468 W hpplay-java: NanoHTTPDServerRunnable:Communication with the client broken
12-14 03:24:54.339 2716 4468 W hpplay-java: java.net.SocketException: Socket closed
12-14 03:24:54.339 2716 4468 W hpplay-java: at java.net.PlainSocketImpl.socketAccept(PlainSocketImpl.java:213)
12-14 03:24:54.339 2716 4468 W hpplay-java: at java.net.AbstractPlainSocketImpl.accept(AbstractPlainSocketImpl.java:451)
12-14 03:24:54.339 2716 4468 W hpplay-java: at java.net.ServerSocket.implAccept(ServerSocket.java:547)
12-14 03:24:54.339 2716 4468 W hpplay-java: at java.net.ServerSocket.accept(ServerSocket.java:515)
12-14 03:24:54.339 2716 4468 W hpplay-java: at com.hpplay.nanohttpd.protocols.http.ServerRunnable.run(SourceFile:118)
12-14 03:24:54.339 2716 4468 W hpplay-java: at java.lang.Thread.run(Thread.java:920)
12-14 03:24:54.339 2716 2716 I hpplay-java: [main]:ServerTaskManager:onStop retry:true
12-14 03:24:54.339 2716 2716 I hpplay-java: [main]:ServerTaskManager:cancelTimeOutCheck
12-14 03:24:54.340 2716 4468 I hpplay-java: NanoHTTPDNanoHTTPD:server is stoped
12-14 03:24:54.340 2716 4468 I hpplay-java: NanoHTTPDNanoHTTPD:clear obj
12-14 03:24:54.340 2716 4513 I hpplay-java: [AsyncTask #66]:GlideCreator:clearCache clearDiskCache
12-14 03:24:54.340 2716 2716 I hpplay-java: [main]:IPManager:getActiveNets type: WIFI
12-14 03:24:54.340 2716 2716 I hpplay-java: [main]:IPManager:getActiveNets eth0:false wifi:true mobile:false ap:false
12-14 03:24:54.340 2716 2716 I hpplay-java: [main]:IPManager:getIPAddress IP_WLAN0
12-14 03:24:54.342 2716 2716 I hpplay-java: [main]:IPManager:updateIPAddress getIPAddress: 192.168.4.16 name:vlan4
12-14 03:24:54.342 2716 2716 I hpplay-java: [main]:IPManager:updateIPAddress getIPAddress: 192.168.0.18 name:wlan0
12-14 03:24:54.342 2716 2716 I hpplay-java: [main]:IPManager:updateIPAddress getIPAddress: 192.168.8.16 name:vlan8
12-14 03:24:54.342 2716 2716 I hpplay-java: [main]:IPManager:updateIPAddress getIPAddress: 192.168.11.16 name:vlan11
12-14 03:24:54.342 2716 2716 I hpplay-java: [main]:IPManager:updateIPAddress getIPAddress: 192.168.0.16 name:vlan0
12-14 03:24:54.342 2716 2716 I hpplay-java: [main]:IPManager:updateIPAddress getIPAddress: 192.168.2.16 name:vlan2
12-14 03:24:54.342 2716 2716 I hpplay-java: [main]:IPManager:updateIPAddress getIPAddress: 192.168.1.16 name:vlan1
12-14 03:24:54.343 2716 2716 I hpplay-java: [main]:ServerTaskManager:exeTask startServer
12-14 03:24:54.343 2716 2716 I hpplay-java: [main]:ServerTaskManager:startTimeOutCheck
12-14 03:24:54.343 2716 4517 I hpplay-java: [AsyncTask #68]:Bridge:assembleInParameters
12-14 03:24:54.344 2716 4517 I hpplay-java: [AsyncTask #68]:Bridge:createDeviceId deviceId:YTM6NDk6ZTY6MWM6YmE6MDY=
12-14 03:24:54.344 2716 4517 I hpplay-java: [AsyncTask #68]:IPManager:getActiveNets type: WIFI
12-14 03:24:54.344 2716 4517 I hpplay-java: [AsyncTask #68]:IPManager:getActiveNets eth0:false wifi:true mobile:false ap:false
12-14 03:24:54.344 2716 4517 I hpplay-java: [AsyncTask #68]:IPManager:getIPAddress IP_WLAN0
12-14 03:24:54.344 2716 4517 I hpplay-java: [AsyncTask #68]:Preference:checkFeature none
12-14 03:24:54.344 2716 4517 I hpplay-java: [AsyncTask #68]:SWI:dlna tip
12-14 03:24:54.344 2716 4517 I hpplay-java: [AsyncTask #68]:SWI:lefp tip
12-14 03:24:54.344 2716 4517 I hpplay-java: [AsyncTask #68]:Bridge:assembleInParameters none alias name use device name: 高合娱乐副屏
12-14 03:24:54.345 2716 4517 I hpplay-java: [AsyncTask #68]:Feature:isSendAdvertisement
12-14 03:24:54.345 2716 4517 I hpplay-java: [AsyncTask #68]:Preference:checkFeature none
12-14 03:24:54.345 2716 4517 I hpplay-java: [AsyncTask #68]:Preference:checkFeature none
12-14 03:24:54.345 2716 4517 I hpplay-java: [AsyncTask #68]:Bridge:backupHpplayDat bakPath:
12-14 03:24:54.345 2716 4517 I hpplay-java: [AsyncTask #68]:Bridge:path:/data/user/0/com.hht.lebocast/files/hpplay/file/happyplay.dat
12-14 03:24:54.345 2716 4517 I hpplay-java: [AsyncTask #68]:Bridge:mAppId:21409
12-14 03:24:54.345 2716 4517 I hpplay-java: [AsyncTask #68]:Bridge:mode:3
12-14 03:24:54.345 2716 4517 I hpplay-java: [AsyncTask #68]:Bridge:type:1
12-14 03:24:54.345 2716 4517 I hpplay-java: [AsyncTask #68]:Bridge:SN:
12-14 03:24:54.345 2716 4517 I hpplay-java: [AsyncTask #68]:Preference:checkFeature none
12-14 03:24:54.345 2716 4517 I hpplay-java: [AsyncTask #68]:Bridge:backPath:
12-14 03:24:54.345 2716 4517 I hpplay-java: [AsyncTask #68]:DeviceUtil:getPermissionDid: 1
12-14 03:24:54.345 2716 4517 I hpplay-java: [AsyncTask #68]:DeviceUtil:getPermissionDid: 1
12-14 03:24:54.345 2716 4517 I hpplay-java: [AsyncTask #68]:Preference:checkFeature none
12-14 03:24:54.346 2716 4517 I hpplay-java: [AsyncTask #68]:Preference:checkFeature none
12-14 03:24:54.346 2716 4517 I hpplay-java: [AsyncTask #68]:Preference:checkFeature none
12-14 03:24:54.346 2716 4517 I hpplay-java: [AsyncTask #68]:Preference:checkFeature none
12-14 03:24:54.346 2716 4517 I hpplay-java: [AsyncTask #68]:Preference:checkFeature none
12-14 03:24:54.346 2716 4517 I hpplay-java: [AsyncTask #68]:Preference:checkFeature none
12-14 03:24:54.346 2716 4516 I hpplay-java: [AsyncTask #67]:ServerBusiness:startDaemonBusiness
12-14 03:24:54.346 2716 4516 I hpplay-java: [AsyncTask #67]:TimeOutCheckUtil:addTask id:upgrade
12-14 03:24:54.346 2716 4516 I hpplay-java: [AsyncTask #67]:TimeOutCheckUtil:addTask id:ijkupgrade
12-14 03:24:54.347 2716 4519 I hpplay-java: NanoHTTPDNanoHTTPD:server is started
12-14 03:24:54.358 2716 4516 W hpplay-java: [AsyncTask #67]:ServerBusiness:startDaemonBusiness start LelinkHTTPD sucess 52288
12-14 03:24:54.358 2716 4517 W hpplay-java: [AsyncTask #68]:DeviceUtils:getDomain create lb domain
12-14 03:24:54.358 2716 4517 I hpplay-java: [AsyncTask #68]:Feature:getMirrorAudioVideoSync DISABLE
12-14 03:24:54.359 2716 4517 I hpplay-java: [AsyncTask #68]:Feature:checkSupportRedirectOtherApp,no set redirect api
12-14 03:24:54.359 2716 4517 I hpplay-java: [AsyncTask #68]:Feature:getRedirectSearchFlag,value: 0
12-14 03:24:54.359 2716 4517 I hpplay-java: [AsyncTask #68]:Bridge:mIn: InParameters{appInfo='0', appKey='21409', authMode=0, authPwd='null', broadcastDirection=0, broadcastState=1, broadcastTimeout=3, buildType='release', cacheAVPath='/data/user/0/com.hht.lebocast/cache/hpplay/av', cachePhotoPath='/data/user/0/com.hht.lebocast/cache/hpplay/image', channel='LEBO-APK--60146-25915', desPath='', , deviceName='高合娱乐副屏', dlna=1, dlnaCompany='null', dlnaCompanyURL='null', dlnaDeviceDescribe='null', dlnaDeviceName='null', dlnaDeviceURL='null', dlnaLelinkSwitch=1, dlnaManufacturer=0, dlnaName='高合娱乐副屏', dlnaUPC='', dlnaUUID='676e3c0e-188d-2881-eece-0e46b24b4e35', domain='Lebo-figure-4a410202dc4f', drainage=0, feature='6655', fps=60, height=1080, host='null', , keyPath='/data/user/0/com.hht.lebocast/files/hpplay/file', lelinkfp=1, lelinkfp2=0, logBaseState=1, logPath='/storage/emulated/0/com.hht.lebocast/sink/sdk/common', , mdnsEnable=1, mirrorSyncType=0, netCastVer='2.0', packageName='com.hht.lebocast', packagePath='/data/user/0/com.hht.lebocast', permissionDid='4a:41:02:02:dc:4f', permissionMode=3, permissionPreSN='', port=0, preemptMode=0, regType='_leboremote._tcp.', serverPorts=null, sockWaitTimeOut=45, teleControlPort=53388, tunnels=3, txtKeys=null, txtValues=null, uid='-1960410123998045105', videoFrameType=1001, width=1920}com.hpplay.sdk.sink.protocol.InParameters@b70ae40
12-14 03:24:54.359 2716 2716 I hpplay-java: [main]:Bridge:startServer state: 0
12-14 03:24:54.359 2716 2716 D hpplay-base: [jniBridge:185] not conference version
12-14 03:24:54.359 2716 2716 I hpplay-base: [jniBridge:241] 1initServer nSettingWidth=1920 nSettingHeight=1080 nSettingMaxFPS=60 dlnaEnable=1 lelinkFpEnable=1
12-14 03:24:54.360 2716 2716 D hpplay-base: [jniBridge:283] 1initServer cfg.leLinkIp=192.168.0.18
12-14 03:24:54.360 2716 2716 D hpplay-base: [jniBridge:286] 1initServer cfg.mPermissionMode=3
12-14 03:24:54.360 2716 2716 D hpplay-base: [jniBridge:304] 1initServer cfg.permissionDid=4a:41:02:02:dc:4f000000000000000
12-14 03:24:54.360 2716 2716 D hpplay-base: [jniBridge:313] 1initServer cfg.mPermissionPreSN=00000000000000000000000000000000
12-14 03:24:54.360 2716 2716 D hpplay-base: [jniBridge:317] Bridge___1initServer status:0
12-14 03:24:54.360 2716 2716 I hpplay-base: [jniBridge:325] 1initServer cfg.feature=6655
12-14 03:24:54.360 2716 2716 D hpplay-base: [jniBridge:377] 1initServer isSendBroadCast=3
12-14 03:24:54.360 2716 2716 D hpplay-base: [jniBridge:380] 1initServer broadcastDirection=0
12-14 03:24:54.360 2716 2716 D hpplay-base: [jniBridge:382] 1initServer ipBroadcast direction=0
12-14 03:24:54.360 2716 2716 D hpplay-base: [jniBridge:387] 1initServer tunnel=3
12-14 03:24:54.360 2716 2716 D hpplay-base: [jniBridge:390] 1initServer drainage=0
12-14 03:24:54.360 2716 2716 D hpplay-base: [jniBridge:401] 1initServer mDNSEnable=1
12-14 03:24:54.360 2716 2716 D hpplay-base: [jniBridge:406] 1initServer nSockWaitTimeOut=45
12-14 03:24:54.360 2716 2716 D hpplay-base: [jniBridge:410] 1initServer nMirrorAudioVideoSync=0
12-14 03:24:54.360 2716 2716 I hpplay-base: [sign_check:168] checkSign strPackageName:com.hht.lebocast
12-14 03:24:54.360 2716 2716 I hpplay-base: [sign_check:169] checkSign buildType:release
12-14 03:24:54.360 2716 2716 I hpplay-base: [sign_check:170] checkSign appKey:21409
12-14 03:24:54.360 2716 2716 D hpplay-base: [LelinkBase:405] bridgeInit port: 0, lelinkfp: 0
12-14 03:24:54.360 2716 2716 D hpplay-base: [LelinkBase:462] bridgeInit mPackagePath =/data/user/0/com.hht.lebocast
12-14 03:24:54.360 2716 2716 D hpplay-base: [LelinkBase:463] bridgeInit mKeyPath =/data/user/0/com.hht.lebocast/files/hpplay/file
12-14 03:24:54.360 2716 2716 D hpplay-base: [SinkContext:97] initSinkContext mPackagePath =/data/user/0/com.hht.lebocast
12-14 03:24:54.360 2716 2716 D hpplay-base: [SinkContext:98] initSinkContext mKeyPath =/data/user/0/com.hht.lebocast/files/hpplay/file
12-14 03:24:54.360 2716 2716 D hpplay-base: [jniBridge:478] Java_com_hpplay_sdk_sink_protocol_Bridge__1initServer end
12-14 03:24:54.360 2716 2716 D hpplay-base: [jniBridge:869] Bridge__1startServer status:1
12-14 03:24:54.360 2716 2716 D hpplay-base: [LelinkBase:492] startAllServer at base
12-14 03:24:54.360 2716 2716 D hpplay-base: [lelinkSinkServer:152] httpPlugins_SetServerPort TYPE_SERVER_LELINK:52266
12-14 03:24:54.360 2716 2716 D hpplay-base: [network.c:362] protocol bind host :192.168.0.18 port:52266 curent bind port:52266
12-14 03:24:54.360 2716 2716 D hpplay-base: [lelinkSinkServer:681] HTTP Server real at:52266
12-14 03:24:54.360 2716 2716 D hpplay-base: [ScreenStream:1285] current bind port:7100
12-14 03:24:54.361 2716 2716 D hpplay-base: [LelinkBase:515] startAllServer pBaseContext->config.dlnaEnable:1
12-14 03:24:54.361 2716 2716 D hpplay-base: [lelinkDlna:324] addDMRCallback end
12-14 03:24:54.361 2716 4524 D hpplay-base: [stream_mirror_compat:759] compat mirror stream begin to run,server fd:70,thread_id:3211637184!!
12-14 03:24:54.361 2716 4523 D hpplay-base: [lelinkSinkServer:644] Connected Service Type:0
12-14 03:24:54.361 2716 4523 I hpplay-base: : (server.c.315) startServer listen_ing....:
12-14 03:24:54.361 2716 4523 D hpplay-base: [Server:371] startHttpServer srv_sockets.used:1 nCurrentFd:69, tid is 4523
12-14 03:24:54.362 2716 2716 E hpplay-base-dlna: miniserver.c:788::dlna_port(ipv4: 49152 ipv6:0)
12-14 03:24:54.413 2716 2716 D hpplay-base-dlna: [lebodlna-dlnaframe:166] succeed to load lebodlnaplugin
12-14 03:24:54.413 2716 2716 D hpplay-base-dlna: [lebodlna-dlnaframe:232] Succeed to load specified plugin:lebodlna_plugin
