12-14 03:22:31.983 1283 3925 D LOWI-9.0.0.87.a: [LOWI-Scan] BSS a4:1a:3a:00:9f:35 LOWI_PHY_MODE_11NG_HT40(7), Beacon Interval: 100, LOWI_ENCRYPTION_TYPE_WPA_PSK 11mcRanging: No, ANQP: No, LCI: No, Civic: No, capability(0x1411): ESS Privacy ShortSlotTime
12-14 03:22:31.983 1283 3925 D LOWI-9.0.0.87.a: [LOWI-Scan] BSS a4:1a:3a:00:9f:35 FREQ: 2462, cFreq1[40:80:160] = [2452:0:0] cFreq2 = 0 Country Code = CN
12-14 03:22:31.983 1283 3925 D LOWI-9.0.0.87.a: [LOWI-Scan] BSS a4:1a:3a:00:9f:35 (wlan0) ASSO: NO AddInfo: 0x1, TSF 0, 00:00:19.161, RSSI: -152, CPL: 127, AGE: 1388, SSID TP-LINK_9F35, TSFDelta: 0xbbe26cf1, TXRate: 0
12-14 03:22:31.983 1283 3925 D LOWI-9.0.0.87.a: [LOWI-Scan]
12-14 03:22:31.983 1283 3925 D LOWI-9.0.0.87.a: [LOWI-Scan] print_bss_handler: Report beacon TSF 19966728 as it greater than probe TSF 19966728
12-14 03:22:31.983 1283 3925 D LOWI-9.0.0.87.a: [LOWI-Scan] decode_rsn_wpa_ie: LOWI_ENCRYPTION_TYPE_WPA_PSK
12-14 03:22:31.983 1283 3925 D LOWI-9.0.0.87.a: [LOWI-Scan] is_qcom_ie, bss_age: 0
12-14 03:22:31.983 1283 3925 D LOWI-9.0.0.87.a: [LOWI-Scan] BSS 1a:51:7e:52:1a:23 LOWI_PHY_MODE_11AC_VHT20_2G(11), Beacon Interval: 100, LOWI_ENCRYPTION_TYPE_WPA_PSK 11mcRanging: No, ANQP: Yes, LCI: No, Civic: No, capability(0x1c31): ESS Privacy ShortPreamble ShortSlotTime APSD
12-14 03:22:31.983 1283 3925 D LOWI-9.0.0.87.a: [LOWI-Scan] BSS 1a:51:7e:52:1a:23 FREQ: 2437, cFreq1[40:80:160] = [0:0:0] cFreq2 = 0 Country Code = CN
12-14 03:22:31.983 1283 3925 D LOWI-9.0.0.87.a: [LOWI-Scan] BSS 1a:51:7e:52:1a:23 (wlan0) ASSO: NO AddInfo: 0x1, TSF 0, 00:00:19.966, RSSI: -152, CPL: 127, AGE: 584, SSID H3C_EPOCH, TSFDelta: 0xa91b6e72, TXRate: 0
12-14 03:22:31.983 1283 3925 D LOWI-9.0.0.87.a: [LOWI-Scan]
12-14 03:22:31.983 1283 3925 D LOWI-9.0.0.87.a: [LOWI-Scan] print_bss_handler: Report beacon TSF 20172635 as it greater than probe TSF 20172635
12-14 03:22:31.983 1283 3925 D LOWI-9.0.0.87.a: [LOWI-Scan] decode_rsn_wpa_ie: LOWI_ENCRYPTION_TYPE_WPA_PSK
12-14 03:22:31.983 1283 3925 D LOWI-9.0.0.87.a: [LOWI-Scan] is_qcom_ie, bss_age: 0
12-14 03:22:31.983 1283 3925 D LOWI-9.0.0.87.a: [LOWI-Scan] BSS d4:ee:07:50:44:8a LOWI_PHY_MODE_11NG_HT20(5), Beacon Interval: 100, LOWI_ENCRYPTION_TYPE_WPA_PSK 11mcRanging: No, ANQP: No, LCI: No, Civic: No, capability(0x0411): ESS Privacy ShortSlotTime
12-14 03:22:31.983 1283 3925 D LOWI-9.0.0.87.a: [LOWI-Scan] BSS d4:ee:07:50:44:8a FREQ: 2452, cFreq1[40:80:160] = [0:0:0] cFreq2 = 0 Country Code = CN
12-14 03:22:31.983 1283 3925 D LOWI-9.0.0.87.a: [LOWI-Scan] BSS d4:ee:07:50:44:8a (wlan0) ASSO: NO AddInfo: 0x1, TSF 0, 00:00:20.172, RSSI: -164, CPL: 127, AGE: 376, SSID HiWiFi_50448A, TSFDelta: 0x74617e2e, TXRate: 0
12-14 03:22:31.983 1283 3925 D LOWI-9.0.0.87.a: [LOWI-Scan]
12-14 03:22:31.983 1283 3925 D LOWI-9.0.0.87.a: [LOWI-Scan] print_bss_handler: Report beacon TSF 20233618 as it greater than probe TSF 20233618
12-14 03:22:31.983 1283 3925 D LOWI-9.0.0.87.a: [LOWI-Scan] decode_rsn_wpa_ie: LOWI_ENCRYPTION_TYPE_WPA_PSK
12-14 03:22:31.983 1283 3925 D LOWI-9.0.0.87.a: [LOWI-Scan] is_qcom_ie, bss_age: 0
12-14 03:22:31.983 1283 3925 D LOWI-9.0.0.87.a: [LOWI-Scan] BSS 36:80:9b:cb:a2:73 LOWI_PHY_MODE_11NG_HT20(5), Beacon Interval: 100, LOWI_ENCRYPTION_TYPE_WPA_PSK 11mcRanging: No, ANQP: No, LCI: No, Civic: No, capability(0x0411): ESS Privacy ShortSlotTime
12-14 03:22:31.983 1283 3925 D LOWI-9.0.0.87.a: [LOWI-Scan] BSS 36:80:9b:cb:a2:73 FREQ: 2457, cFreq1[40:80:160] = [2457:0:0] cFreq2 = 0 Country Code =
12-14 03:22:31.983 1283 3925 D LOWI-9.0.0.87.a: [LOWI-Scan] BSS 36:80:9b:cb:a2:73 (wlan0) ASSO: NO AddInfo: 0x1, TSF 0, 00:00:20.233, RSSI: -158, CPL: 127, AGE: 316, SSID FW, TSFDelta: 0x2bed4837, TXRate: 0
12-14 03:22:31.983 1283 3925 D LOWI-9.0.0.87.a: [LOWIDiagLog] Log: lowiMeasResult->request: invalid null argument
12-14 03:22:31.983 1283 3925 I LOWI-9.0.0.87.a: [LOWI-Scan] lowi_close_record:Scan done in 5615ms, 75 APs in scan results
12-14 03:22:31.983 1283 3925 D LOWI-9.0.0.87.a: [LOWI-Scan] WipsScanUsingNL: passive scan cached 0, took 1203 ms, err 0
12-14 03:22:31.983 1283 3925 D LOWI-9.0.0.87.a: [LOWI-Scan] lowi_proc_req_passive_scan_with_live_meas - No WLAN Frames to be parsed
12-14 03:22:31.983 1283 3925 D LOWI-9.0.0.87.a: [LOWIScanResultReceiver] Send scan meas to listener
12-14 03:22:31.983 1283 3925 D LOWI-9.0.0.87.a: [LOWIScanResultReceiver] Enter passive listening mode
12-14 03:22:31.983 1283 3925 D LOWI-9.0.0.87.a: [LOWIWifiDriverInterface] getMeasurements - Passive listening mode
12-14 03:22:31.983 1283 1408 D LOWI-9.0.0.87.a: [LOWIEventReceiver] handleEvent:FROM:NA, TO:NA, REQ:NA, IREQ:NA, REQ_ID:0, RESP:NA, INFO:NA
12-14 03:22:31.983 1283 1408 D LOWI-9.0.0.87.a: [LOWIBackgroundScanMgr] isRspForBgScanMgr: evt(LOWI_NO_EVT) - not handled
12-14 03:22:31.983 1283 1408 D LOWI-9.0.0.87.a: [LOWIScheduler] manageMsg: NULL results or NULL request in results
12-14 03:22:31.983 1283 1408 D LOWI-9.0.0.87.a: [LOWIController] Measurements received
12-14 03:22:31.983 1283 1408 D LOWI-9.0.0.87.a: [LOWICacheManager] putInCache:Num of Meas to add: 75
12-14 03:22:31.983 1283 3925 D LOWI-9.0.0.87.a: [LOWI-Scan] WipsScanUsingNL:wait -1 sec for netlink message
12-14 03:22:31.986 1283 1408 D LOWI-9.0.0.87.a: [LOWIController] processMeasurementResults: No current Request. Cache measurements
12-14 03:22:31.986 1283 1408 D LOWI-9.0.0.87.a: [LOWIController] sendAsyncScanResponse: Request FreeWifiScanObserver_0 is from a different client.
12-14 03:22:31.987 1283 1408 D LOWI-9.0.0.87.a: [LOWIController] generateResponse: Type (ASYNC_DISCOVERY_SCAN_RESULTS) ScanStatus (1) request FreeWifiScanObserver_0
12-14 03:22:31.987 1283 1408 D LOWI-9.0.0.87.a: [LOWIEventDispatcher] sendResponse - originator = FreeWifiScanObserver
12-14 03:22:31.987 1283 1408 D LOWI-9.0.0.87.a: [LOWIUtils] injectScanMeasurements - num of APs = 75
12-14 03:22:31.988 1283 1408 I LOWI-9.0.0.87.a: [LOWIUtils] responseToOutPostcard - TO: FreeWifiScanObserver, FROM: LOWI-SERVER, RESP: LOWI_ASYNC_DISCOVERY_SCAN_RESULTS
12-14 03:22:31.989 1283 1408 D LOWI-9.0.0.87.a: [LOWIControllerExtn] sendLOWILpDiscoveryScanResponse: Not a discovery scan response
12-14 03:22:31.994 1500 1881 D WificondScannerImpl: Filtering out 38 scan results.
12-14 03:22:32.008 1500 1860 D PasspointManager: ANQP entry not found for: 62:e6:f0:dd:03:c7:
12-14 03:22:32.008 2271 2271 D WifiDebugService: onScanResultsAvailable
12-14 03:22:32.009 1500 1860 D PasspointManager: ANQP entry not found for: 96:0b:e4:6f:e0:30:
12-14 03:22:32.054 1500 1860 D WifiScoreReport: setShouldReduceNetworkScore=false mNetworkAgent is null? true
12-14 03:22:32.054 1500 1860 D WifiClientModeImpl[wlan0]: CMD_START_CONNECT my state DisconnectedState nid=0 roam=false
12-14 03:22:32.054 2271 2271 D WifiDebugService: connect wifi SSID is :
01-01 09:20:36.643 0 0 I [schedu][0x1a344fe6][03:22:32.103359] wlan: [3400:I:HIF] Deinitializing Runtime PM wakelock &vdev->vdev_set_key_runtime_wakelock
01-01 09:20:36.644 0 0 I [schedu][0x1a34773e][03:22:32.103883] wlan: [3400:I:HIF] Initializing Runtime PM wakelock &vdev->vdev_set_key_runtime_wakelock
12-14 03:22:32.110 1283 1406 D LOWI-9.0.0.87.a: [LOWINetlinkSocketReceiver] unpackRTMLinkMessage: RTM_NEWLINK - ifname wlan0, flags 0x1002 ()
12-14 03:22:32.110 1283 1406 D LOWI-9.0.0.87.a: [LOWINetlinkSocketReceiver] processNetlinkPacket: ifname(wlan0) status(0)
12-14 03:22:32.110 1283 1406 D LOWI-9.0.0.87.a: [LOWIController] intfStateReceived: ifname(wlan0) state(0)
12-14 03:22:32.110 1283 1408 D LOWI-9.0.0.87.a: [LOWIEventReceiver] handleEvent:FROM:NA, TO:NA, REQ:NA, IREQ:NA, REQ_ID:0, RESP:NA, INFO:INTF-STATUS-UPDATE
12-14 03:22:32.110 1283 1408 D LOWI-9.0.0.87.a: [LOWIEventReceiver] Info to [INTF-STATUS-UPDATE]
12-14 03:22:32.110 1283 1408 D LOWI-9.0.0.87.a: [LOWIController] updateIntfState: WIFI enabled 0 mNlWifiStatus 1 mWifiStateEnabled 1
12-14 03:22:32.110 1283 1408 D LOWI-9.0.0.87.a: [LOWIController] isWifiEnabled: mNlWifiStatus 0 mWifiStateEnabled 1
12-14 03:22:32.110 1283 1408 I LOWI-9.0.0.87.a: [LOWIController] isWifiEnabled: Wifi is now disabled
12-14 03:22:32.110 1283 1408 D LOWI-9.0.0.87.a: [LOWIController] terminateScanResultReceiver
12-14 03:22:32.110 1283 3925 D LOWI-9.0.0.87.a: [LOWI-Scan] wips_wait_on_nl_socket: read returned 6, Received string: Close
12-14 03:22:32.110 1283 3925 D LOWI-9.0.0.87.a: [LOWI-Scan] do_listen_events: Select Error return - -301
12-14 03:22:32.110 1283 3925 D LOWI-9.0.0.87.a: [LOWI-Scan] No dump done. Error -301
12-14 03:22:32.110 1283 3925 D LOWI-9.0.0.87.a: [LOWI-Scan] WipsScanUsingNL: passive scan cached 0, took 127 ms, err -301
12-14 03:22:32.110 1283 3925 D LOWI-9.0.0.87.a: [LOWI-Scan] lowi_proc_req_passive_scan_with_live_meas - No WLAN Frames to be parsed
12-14 03:22:32.110 1283 3925 D LOWI-9.0.0.87.a: [LOWIWifiDriverInterface] Scan terminated for passive listening request
12-14 03:22:32.110 1283 3925 I LOWI-9.0.0.87.a: [LOWIScanResultReceiver] Thread terminate was requested
12-14 03:22:32.111 1283 3925 D LOWI-9.0.0.87.a: [LOWI-Scan] Closing the pipe
12-14 03:22:32.111 1283 1408 D LOWI-9.0.0.87.a: [LOWIScanResultReceiver] After join complete
12-14 03:22:32.111 1500 1592 I EthernetTracker: interfaceLinkStateChanged, iface: wlan0, up: false
12-14 03:22:32.111 1283 1408 D LOWI-9.0.0.87.a: [LOWI-ROME-RTT] RomeUnblockRangingThread
12-14 03:22:32.111 1283 3926 D LOWI-9.0.0.87.a: [LOWI-ROME-RTT] RomeWaitOnActivityOnSocketOrPipe: Ranging thread Received string: Close, request socket shutdown
12-14 03:22:32.111 1283 3926 D LOWI-9.0.0.87.a: [LOWIRangingFSM] FSM: Received Terminate Thread request from Controller
12-14 03:22:32.111 1283 3926 I LOWI-9.0.0.87.a: [LOWIScanResultReceiver] Thread terminate was requested
12-14 03:22:32.111 1283 3926 D LOWI-9.0.0.87.a: [LOWI-ROME-RTT] Closing the Ranging pipe
12-14 03:22:32.111 1283 1408 D LOWI-9.0.0.87.a: [LOWIScanResultReceiver] After join complete
12-14 03:22:32.111 1283 1408 D LOWI-9.0.0.87.a: [LOWIController] terminateWifiDriver
12-14 03:22:32.112 1283 1408 I CLD80211: lowi-server: Sent msg on exit sock to unblock poll()
12-14 03:22:32.116 1283 1406 D LOWI-9.0.0.87.a: [LOWINetlinkSocketReceiver] unpackRTMLinkMessage: RTM_NEWLINK - ifname wlan0, flags 0x1002 ()
12-14 03:22:32.116 1283 1406 D LOWI-9.0.0.87.a: [LOWINetlinkSocketReceiver] processNetlinkPacket: ifname(wlan0) status(0)
12-14 03:22:32.116 1283 1406 D LOWI-9.0.0.87.a: [LOWIController] intfStateReceived: ifname(wlan0) state(0)
12-14 03:22:32.116 1283 1408 D LOWI-9.0.0.87.a: [LOWIEventReceiver] handleEvent:FROM:NA, TO:NA, REQ:NA, IREQ:NA, REQ_ID:0, RESP:NA, INFO:INTF-STATUS-UPDATE
12-14 03:22:32.116 1283 1408 D LOWI-9.0.0.87.a: [LOWIEventReceiver] Info to [INTF-STATUS-UPDATE]
12-14 03:22:32.116 1283 1408 D LOWI-9.0.0.87.a: [LOWIController] updateIntfState: WIFI enabled 0 mNlWifiStatus 0 mWifiStateEnabled 0
12-14 03:22:32.116 1283 1408 D LOWI-9.0.0.87.a: [LOWIController] isWifiEnabled: mNlWifiStatus 0 mWifiStateEnabled 0
12-14 03:22:32.116 1500 1592 I EthernetTracker: interfaceLinkStateChanged, iface: wlan0, up: false
12-14 03:22:32.117 826 826 D android.hardware.wifi@1.0-service: Successfully SetMacAddress.
01-01 09:20:36.657 0 0 I [wifi@1][0x1a38747a][03:22:32.117500] wlan: [826:I:DP] dp_vdev_attach_wifi3: wlan_cfg_ap_bridge_enabled 0
12-14 03:22:32.123 1283 1406 D LOWI-9.0.0.87.a: [LOWINetlinkSocketReceiver] unpackRTMLinkMessage: RTM_NEWLINK - ifname wlan0, flags 0x1003 ([UP])
12-14 03:22:32.123 1283 1406 D LOWI-9.0.0.87.a: [LOWINetlinkSocketReceiver] processNetlinkPacket: ifname(wlan0) status(1)
12-14 03:22:32.123 1283 1406 D LOWI-9.0.0.87.a: [LOWIController] intfStateReceived: ifname(wlan0) state(1)
12-14 03:22:32.124 1283 1408 D LOWI-9.0.0.87.a: [LOWIEventReceiver] handleEvent:FROM:NA, TO:NA, REQ:NA, IREQ:NA, REQ_ID:0, RESP:NA, INFO:INTF-STATUS-UPDATE
12-14 03:22:32.124 1283 1408 D LOWI-9.0.0.87.a: [LOWIEventReceiver] Info to [INTF-STATUS-UPDATE]
12-14 03:22:32.124 1283 1408 D LOWI-9.0.0.87.a: [LOWIController] updateIntfState: WIFI enabled 1 mNlWifiStatus 0 mWifiStateEnabled 0
12-14 03:22:32.124 1283 1408 D LOWI-9.0.0.87.a: [LOWIController] isWifiEnabled: mNlWifiStatus 1 mWifiStateEnabled 0
12-14 03:22:32.124 1283 1408 I LOWI-9.0.0.87.a: [LOWIController] isWifiEnabled: Wifi is now enabled
12-14 03:22:32.124 1283 1408 D LOWI-9.0.0.87.a: [LOWIController] terminateScanResultReceiver
12-14 03:22:32.126 1500 1860 D WifiClientModeImpl[wlan0]: ConnectedMacRandomization SSID(TP-LINK_Figure_6d0405). setMacAddress(a2:e9:b7:9b:b8:a6) from 1a:71:e6:4f:fc:02 = true
12-14 03:22:32.126 1500 1592 I EthernetTracker: interfaceLinkStateChanged, iface: wlan0, up: false
12-14 03:22:32.127 1283 1408 D LOWI-9.0.0.87.a: [LOWIWpaInterface] OpenCtrl]61 Success for mCtrl
12-14 03:22:32.127 1283 1408 D LOWI-9.0.0.87.a: [LOWI-Scan] nl80211_init:SUCCESS
12-14 03:22:32.127 1500 1860 W LastMileLogger: Failed to open free_buffer pseudo-file: /sys/kernel/debug/tracing/instances/wifi/free_buffer: open failed: ENOENT (No such file or directory)
12-14 03:22:32.127 1500 1860 W LastMileLogger: Failed to arm fail-safe.
12-14 03:22:32.127 1283 1408 D LOWI-9.0.0.87.a: [LOWI-Scan] nl_get_wiphy_info, done err = 0
12-14 03:22:32.127 1283 1408 I LOWI-9.0.0.87.a: [LOWI-Scan] WipsGetSupportedChannels: return err = 0 num_2g_ch = 13 num_5g_ch = 13 num_6g_ch = 0
12-14 03:22:32.127 1283 1408 I LOWI-9.0.0.87.a: [LOWIWifiDriverUtils] set the band mask from wiphy 3
12-14 03:22:32.127 1283 1408 D LOWI-9.0.0.87.a: [LOWIWifiDriverUtils] getWiFiIdentityFromIoctl: ioctl(GET_MAC_ADDR) return: 0, Mac = a2:e9:b7:9b:b8:a6
12-14 03:22:32.128 1283 1408 I LOWI-9.0.0.87.a: [LOWI-ROME-RTT] RomeWipsOpen: libCld80211 found, load the symbols..
12-14 03:22:32.128 1283 1408 I CLD80211: lowi-server: initialized exit socket pair
12-14 03:22:32.128 1283 1408 D LOWI-9.0.0.87.a: [LOWI-ROME-RTT] cld80211InitAndRegister: Init and Registration done
12-14 03:22:32.131 1500 1860 I WifiClientModeImpl[wlan0]: Connecting with a2:e9:b7:9b:b8:a6 as the mac address
12-14 03:22:32.131 1283 1408 D LOWI-9.0.0.87.a: [LOWIController] createWifiDriver: wifi driver created.
12-14 03:22:32.131 1283 1408 D LOWI-9.0.0.87.a: [LOWIController] getWifiCapabilities
12-14 03:22:32.131 1283 1408 D LOWI-9.0.0.87.a: [LOWIController] passContConfig
12-14 03:22:32.131 1283 1408 I LOWI-9.0.0.87.a: [LOWIWifiDriverUtils] return band_mask based on wiphy 3
12-14 03:22:32.131 1283 1408 D LOWI-9.0.0.87.a: [LOWIControllerExtn] createScanResultReceiver: scanbitmask(0x26)
12-14 03:22:32.131 1283 1408 D LOWI-9.0.0.87.a: [LOWIController] createScanResultReceiver: Capabilities: discovery(1), ranging(1), bgscan(0), scanbitmask(0x26)
12-14 03:22:32.131 1206 1206 W wificond: Scan is not started. Ignore abort request
12-14 03:22:32.132 1283 1408 D LOWI-9.0.0.87.a: [LOWIController] created scanReceiver successfully
12-14 03:22:32.132 1283 1408 D LOWI-9.0.0.87.a: [LOWIController] created scanReceiver successfully
12-14 03:22:32.132 1500 1860 D SupplicantStaIfaceHal: connectToNetwork "TP-LINK_Figure_6d0405"WPA_PSK isMixedGbkUtf=false
12-14 03:22:32.132 1283 3929 D LOWI-9.0.0.87.a: [LOWI-ROME-RTT] Creating pipe to Ranging Thread
12-14 03:22:32.132 1283 3929 D LOWI-9.0.0.87.a: [LOWIScanResultReceiver] Enter passive listening mode
12-14 03:22:32.132 1283 3929 D LOWI-9.0.0.87.a: [LOWIRangingFSM] FSM: Received Event EVENT_START_THREAD, Current state: STATE_IDLE_START
01-01 09:20:36.672 0 0 E [wifi@1][0x1a3cce61][03:22:32.132352] wlan: [3426:E:wifipos] wifi_pos_process_app_reg_req: 608: Received App Req Req pid(377488186), len(16)
01-01 09:20:36.673 0 0 I [wifi@1][0x1a3cf3c1][03:22:32.132850] wlan: [3426:I:wifipos] wifi_pos_get_ch_info: 461: num channels: 26
01-01 09:20:36.673 0 0 I [wifi@1][0x1a3d0b6d][03:22:32.133166] wlan: [3426:I:wifipos] wifi_pos_get_ch_info: 461: num channels: 26
12-14 03:22:32.132 1500 1860 D SupplicantStaIfaceHal: Network is already saved, will not trigger remove and add operation.
12-14 03:22:32.132 826 3426 I WifiHAL : send_nl_data: sent cld80211 msg of len: 48 to driver
12-14 03:22:32.132 826 3426 I WifiHAL : send oem msg of len : 40 to apps
12-14 03:22:32.132 1283 3929 D LOWI-9.0.0.87.a: [LOWI-ROME-RTT] send_cld80211_nlmsg: sent cld80211 message for pid 1283
12-14 03:22:32.132 1283 3929 D LOWI-9.0.0.87.a: [LOWIRangingFSM] FSM: New FSM state: STATE_IDLE_START
12-14 03:22:32.132 1283 3929 D LOWI-9.0.0.87.a: [LOWI-ROME-RTT] RomeWaitOnActivityOnSocketOrPipe: issue timed select: TO: 5
12-14 03:22:32.132 1283 3929 D LOWI-9.0.0.87.a: [LOWI-ROME-RTT] RomeWaitOnActivityOnSocketOrPipe: timed select over: TO: 5 retVal: 1
12-14 03:22:32.132 1283 3929 D LOWI-9.0.0.87.a: [LOWI-ROME-RTT] event_handler: Valid data with length 11
12-14 03:22:32.132 1283 3929 D LOWI-9.0.0.87.a: [LOWI-HELIUM-RTT] RomeNLRecvMessage: The Received RomeMsgType: ROME_REG_RSP_MSG
12-14 03:22:32.132 1283 3929 D LOWI-9.0.0.87.a: [LOWIRangingFSM] FSM: Received Event EVENT_REGISTRATION_SUCCESS, Current state: STATE_IDLE_START
12-14 03:22:32.132 1283 3929 D LOWI-9.0.0.87.a: [LOWI-ROME-RTT] RomeExtractRegRsp: driver support nl packing for oem data
12-14 03:22:32.132 1283 3929 I LOWI-9.0.0.87.a: [LOWI-ROME-RTT] RomeExtractRegRsp: nl format oem data enabled
12-14 03:22:32.132 1283 3929 D LOWI-9.0.0.87.a: [LOWI-ROME-RTT] RomeExtractRegRsp: Registered with CLD, 1 vDevs. Using 0 for STA
12-14 03:22:32.132 1283 3928 D LOWI-9.0.0.87.a: [LOWI-Scan] Creating the pipe
12-14 03:22:32.132 1283 3928 D LOWI-9.0.0.87.a: [LOWIScanResultReceiver] Enter passive listening mode
12-14 03:22:32.132 1283 3928 D LOWI-9.0.0.87.a: [LOWIWifiDriverInterface] getMeasurements - Passive listening mode
12-14 03:22:32.132 1283 3928 D LOWI-9.0.0.87.a: [LOWI-Scan] WipsScanUsingNL:wait -1 sec for netlink message
12-14 03:22:32.132 826 3426 I WifiHAL : send_nl_data: sent cld80211 msg of len: 32 to driver
12-14 03:22:32.132 826 3426 I WifiHAL : send oem msg of len : 148 to apps
12-14 03:22:32.132 1283 3929 D LOWI-9.0.0.87.a: [LOWI-ROME-RTT] send_oem_nl_msg: sent cld80211 message with subcmd: 3
12-14 03:22:32.133 1283 3929 D LOWI-9.0.0.87.a: [LOWIRangingFSM] FSM: New FSM state: STATE_WAITING_OEM_CAP
12-14 03:22:32.133 1283 3929 D LOWI-9.0.0.87.a: [LOWI-ROME-RTT] RomeWaitOnActivityOnSocketOrPipe: issue timed select: TO: 5
12-14 03:22:32.133 1283 3929 D LOWI-9.0.0.87.a: [LOWI-ROME-RTT] RomeWaitOnActivityOnSocketOrPipe: timed select over: TO: 5 retVal: 1
12-14 03:22:32.133 1283 3929 D LOWI-9.0.0.87.a: [LOWI-ROME-RTT] event_handler: Valid data with length 116
12-14 03:22:32.133 1283 3929 D LOWI-9.0.0.87.a: [LOWI-HELIUM-RTT] RomeNLRecvMessage: The Received RomeMsgType: ROME_OEM_CAP_MSG
12-14 03:22:32.133 1283 3929 D LOWI-9.0.0.87.a: [LOWIRangingFSM] FSM: Received Event EVENT_OEM_CAP_INFO, Current state: STATE_WAITING_OEM_CAP
12-14 03:22:32.133 1283 3929 D LOWI-9.0.0.87.a: [LOWI-ROME-RTT] RomeExtractOemCapabilities: oem_target_signature(QUALCOMM) oem_target_type(23)oem_fw_version(270140705) driver_version(0xa120205)
12-14 03:22:32.133 1283 3929 D LOWI-9.0.0.87.a: [LOWI-ROME-RTT] allowed_dwell_time_min(20) allowed_dwell_time_max(40)curr_dwell_time_min(0) curr_dwell_time_max(0)supported_bands(3) num_channels(0)
12-14 03:22:32.133 826 3426 I WifiHAL : send_nl_data: sent cld80211 msg of len: 32 to driver
12-14 03:22:32.133 826 3426 I WifiHAL : send oem msg of len : 1608 to apps
12-14 03:22:32.133 1283 3929 D LOWI-9.0.0.87.a: [LOWI-ROME-RTT] send_oem_nl_msg: sent cld80211 message with subcmd: 4
12-14 03:22:32.133 1283 3929 D LOWI-9.0.0.87.a: [LOWIRangingFSM] FSM: New FSM state: STATE_WAITING_FOR_WIPHY_INFO
12-14 03:22:32.133 1283 3929 D LOWI-9.0.0.87.a: [LOWI-ROME-RTT] RomeWaitOnActivityOnSocketOrPipe: issue timed select: TO: 5
12-14 03:22:32.133 1283 3929 D LOWI-9.0.0.87.a: [LOWI-ROME-RTT] RomeWaitOnActivityOnSocketOrPipe: timed select over: TO: 5 retVal: 1
12-14 03:22:32.133 1283 3929 D LOWI-9.0.0.87.a: [LOWI-ROME-RTT] event_handler: Valid data with length 1576
12-14 03:22:32.133 1283 3929 D LOWI-9.0.0.87.a: [LOWI-HELIUM-RTT] RomeNLRecvMessage: The Received RomeMsgType: ROME_CHANNEL_INFO_MSG
12-14 03:22:32.133 1283 3929 D LOWI-9.0.0.87.a: [LOWIRangingFSM] FSM: Received Event EVENT_CHANNEL_INFO, Current state: STATE_WAITING_FOR_WIPHY_INFO
12-14 03:22:32.133 1283 3929 I LOWI-9.0.0.87.a: [LOWI-ROME-RTT] ExtractNLChannelInfo: NumChan = 26
12-14 03:22:32.134 826 3426 I WifiHAL : send_nl_data: sent cld80211 msg of len: 64 to driver
12-14 03:22:32.134 1283 3929 D LOWI-9.0.0.87.a: [LOWI-ROME-RTT] send_oem_nl_msg: sent cld80211 message with subcmd: 5
12-14 03:22:32.134 1283 3929 D LOWI-9.0.0.87.a: [LOWIRangingFSM] FSM: New FSM state: STATE_WAITING_FOR_RANGING_CAP
12-14 03:22:32.134 1283 3929 D LOWI-9.0.0.87.a: [LOWI-ROME-RTT] RomeWaitOnActivityOnSocketOrPipe: issue timed select: TO: 5
12-14 03:22:32.135 3441 3441 I wpa_supplicant: wlan0: Trying to associate with SSID 'TP-LINK_Figure_6d0405'
12-14 03:22:32.139 1500 1860 D WifiCountryCode: evaluateAllCmmStateAndApplyIfAllReady: {ConcreteClientModeManager{id=11220 iface=wlan0 role=ROLE_CLIENT_PRIMARY}=false}
12-14 03:22:32.139 1500 1860 D WifiClientModeImpl[wlan0]: Start Connecting Watchdog 3
12-14 03:22:32.143 1986 1986 D BluetoothAdapterService: android.net.wifi.STATE_CHANGE
12-14 03:22:32.143 2119 2119 D MicroSettings: SettingMicroservices: WifiReceiver:
12-14 03:22:32.143 2119 2119 D MicroSettings: SettingMicroservices: WifiReceiver NetworkInfo.State.DISCONNECTED.
12-14 03:22:32.143 2119 2119 D MicroSettings: SettingMicroservices: doNetworkSync: mIDCMNetworkState: -1 mIsFSEMNetworkWiFi: false
12-14 03:22:32.143 2119 2119 D MicroSettings: SettingMicroservices: Change Network Preference to TYPE_ETHERNET.
12-14 03:22:32.144 2814 2932 D OsAgent : [wifi_supplicant_status_update][3202] [HC] =>> [HS]
12-14 03:22:32.144 808 808 V LocSvc_HIDL_IzatSubscription: [wifiSupplicantStatusUpdate][682] [HS] <<<<= [HC]
12-14 03:22:32.144 2119 2119 D MicroSettings: SettingMicroservices: WifiReceiver:
12-14 03:22:32.144 2119 2119 D MicroSettings: SettingMicroservices: doNetworkSync: mIDCMNetworkState: -1 mIsFSEMNetworkWiFi: false
12-14 03:22:32.144 2119 2119 D MicroSettings: SettingMicroservices: Change Network Preference to TYPE_ETHERNET.
12-14 03:22:32.145 2814 2932 D OsAgent : [wifi_supplicant_status_update][3202] [HC] =>> [HS]
12-14 03:22:32.145 808 808 V LocSvc_HIDL_IzatSubscription: [wifiSupplicantStatusUpdate][682] [HS] <<<<= [HC]
12-14 03:22:32.146 2814 2932 D OsAgent : [wifi_supplicant_status_update][3202] [HC] =>> [HS]
12-14 03:22:32.146 808 808 V LocSvc_HIDL_IzatSubscription: [wifiSupplicantStatusUpdate][682] [HS] <<<<= [HC]
12-14 03:22:32.150 2271 2271 W WifiDebugService: find wifi : Fanya
12-14 03:22:32.150 2271 2271 W WifiDebugService: find wifi : Testing
12-14 03:22:32.150 2271 2271 W WifiDebugService: find wifi : Guest
12-14 03:22:32.150 2271 2271 W WifiDebugService: find wifi : ZXHY
12-14 03:22:32.150 2271 2271 W WifiDebugService: find wifi : Fanya
12-14 03:22:32.150 2271 2271 W WifiDebugService: find wifi : ThunderSoft
12-14 03:22:32.151 2271 2271 W WifiDebugService: find wifi : GM
12-14 03:22:32.151 2271 2271 W WifiDebugService: find wifi : Testing
12-14 03:22:32.151 2271 2271 W WifiDebugService: find wifi : ThunderSoft_2.4G
12-14 03:22:32.151 2271 2271 W WifiDebugService: find wifi : 123
12-14 03:22:32.151 2271 2271 W WifiDebugService: find wifi : Testing
12-14 03:22:32.151 2271 2271 W WifiDebugService: find wifi : Guest
12-14 03:22:32.151 2271 2271 W WifiDebugService: find wifi : ThunderSoft_2.4G
12-14 03:22:32.151 2271 2271 W WifiDebugService: find wifi : ZXHY
12-14 03:22:32.151 2271 2271 W WifiDebugService: find wifi : Fanya
12-14 03:22:32.151 2271 2271 W WifiDebugService: can not find target wifi ap : hht_test_wifi_fc4318c9
12-14 03:22:32.265 1198 3297 D BufferPoolAccessor2.0: bufferpool2 0xea801e88 : 0(0 size) total buffers - 0(0 size) used buffers - 94/102 (recycle/alloc) - 8/198 (fetch/transfer)
12-14 03:22:32.266 1198 3297 D BufferPoolAccessor2.0: evictor expired: 1, evicted: 1
12-14 03:22:32.302 826 3426 I WifiHAL : send oem msg of len : 112 to apps
12-14 03:22:32.302 1283 3929 D LOWI-9.0.0.87.a: [LOWI-ROME-RTT] RomeWaitOnActivityOnSocketOrPipe: timed select over: TO: 5 retVal: 1
12-14 03:22:32.302 1283 3929 D LOWI-9.0.0.87.a: [LOWI-ROME-RTT] event_handler: Valid data with length 80
12-14 03:22:32.302 1283 3929 D LOWI-9.0.0.87.a: [LOWI-HELIUM-RTT] storeNLFragment: new fragment group, tokenid(2), adding 72 chars @position 0
12-14 03:22:32.302 1283 3929 D LOWI-9.0.0.87.a: [LOWI-HELIUM-RTT] RomeNLRecvMessage: The Received OEMSubType: RTT_MSG_SUBTYPE_CAPABILITY_RSP
12-14 03:22:32.302 1283 3929 D LOWI-9.0.0.87.a: [LOWI-HELIUM-RTT] RomeNLRecvMessage: The Received RomeMsgType: ROME_RANGING_CAP_MSG
12-14 03:22:32.302 1283 3929 D LOWI-9.0.0.87.a: [LOWIRangingFSM] FSM: Received Event EVENT_RANGING_CAP_INFO, Current state: STATE_WAITING_FOR_RANGING_CAP
12-14 03:22:32.302 1283 3929 D LOWI-9.0.0.87.a: [LOWIWifiTlvHandler] processRspHeadTlv: reqId(1) measDone(1) rttStatus(RTT_STATUS_SUCCESS) subtype(RTT_MSG_SUBTYPE_CAPABILITY_RSP) isFrag(0) fragIdx(0) fragLen(0) tknId(0)
12-14 03:22:32.302 1283 3929 D LOWI-9.0.0.87.a: [LOWIWifiTlvHandler] checkTlvTag: Processing idx(0) received TLV: wmi_rtt_oem_rsp_head
12-14 03:22:32.302 1283 3929 D LOWI-9.0.0.87.a: [LOWIWifiTlvHandler] processIfPeerEvtHdrTag: Invalid Tag(33), not added to vector mPeerIdx(0)
12-14 03:22:32.302 1283 3929 D LOWI-9.0.0.87.a: [LOWIWifiTlvHandler] processIfPerFrmInfoTag: Invalid Tag(33) measurement not added for peer(0)
12-14 03:22:32.302 1283 3929 D LOWI-9.0.0.87.a: [LOWIWifiTlvHandler] checkTlvTag: Processing idx(1) received TLV: wmi_rtt_oem_cap_rsp_head
12-14 03:22:32.302 1283 3929 D LOWI-9.0.0.87.a: [LOWIWifiTlvHandler] processIfPeerEvtHdrTag: Invalid Tag(35), not added to vector mPeerIdx(0)
12-14 03:22:32.302 1283 3929 D LOWI-9.0.0.87.a: [LOWIWifiTlvHandler] processIfPerFrmInfoTag: Invalid Tag(35) measurement not added for peer(0)
12-14 03:22:32.302 1283 3929 D LOWI-9.0.0.87.a: [LOWIWifiTlvHandler] checkTlvTag: Processing idx(2) received TLV: wmi_rtt_oem_cap_rsp_event
12-14 03:22:32.302 1283 3929 D LOWI-9.0.0.87.a: [LOWIWifiTlvHandler] processIfPeerEvtHdrTag: Invalid Tag(36), not added to vector mPeerIdx(0)
12-14 03:22:32.302 1283 3929 D LOWI-9.0.0.87.a: [LOWIWifiTlvHandler] processIfPerFrmInfoTag: Invalid Tag(36) measurement not added for peer(0)
12-14 03:22:32.302 1283 3929 D LOWI-9.0.0.87.a: [LOWIWifiTlvHandler] printBssidInfo: No peer info from processing TLVs
12-14 03:22:32.302 1283 3929 D LOWI-9.0.0.87.a: [LOWI-HELIUM-RTT] parseRttCapabilitiesMsg: Skipping wmi_rtt_oem_rsp_head
12-14 03:22:32.302 1283 3929 D LOWI-9.0.0.87.a: [LOWI-HELIUM-RTT] parseRttCapabilitiesMsg: parsing wmi_rtt_oem_cap_rsp_head TLVversion(0x3) major(0x0) minor(0x10001) serviceBitMask[0](0x0) serviceBitMask[1](0x0) serviceBitMask[2](0x0) serviceBitMask[3](0x0)
12-14 03:22:32.302 1283 3929 D LOWI-9.0.0.87.a: [LOWI-HELIUM-RTT] parseRttCapabilitiesMsg: parsing wmi_rtt_oem_cap_rsp_event TLVrangingTypeMask(5) supportedFramesMask(11) maxDestPerReq(10) maxMeasPerDest(31) maxChannelsAllowed(1) maxBwAllowed(2) preambleSupportedMask(7) reportTypeSupportedMask(15) maxRfChains(3) facTypeMask(2) numPhys(1) fwMultiBurstSupport(1)
12-14 03:22:32.302 1283 3929 D LOWI-9.0.0.87.a: [LOWIRangingFSM] FSM: New FSM state: STATE_READY_AND_IDLE
12-14 03:22:32.302 1283 3929 D LOWI-9.0.0.87.a: [LOWI-ROME-RTT] RomeWaitOnActivityOnSocketOrPipe: issue blocking select
01-01 09:20:36.877 0 0 I [wpa_su][0x1a78c4f1][03:22:32.337026] wlan: [3441:I:SME] vdev-0: Connecting to TP-LINK_Figure_6d0405 6c:b1:58:0f:7d:39 rssi: -3 freq: 2462 akm 9 cipher: uc 6 mc 6, CC:
01-01 09:20:36.877 0 0 E [wpa_su][0x1a78cd8a][03:22:32.337141] wlan: [3441:E:QDF] Cannot malloc 0 bytes @ csr_get_cfg_max_tx_power:14199
01-01 09:20:36.878 0 0 I [schedu][0x1a7910df][03:22:32.338038] wlan: [3400:I:WMI] send_vdev_start_cmd_tlv: 1062: send_vdev_start_cmd_tlv: vdev_id 0 freq 2462 chanmode 7 ch_info: 0x7 is_dfs 0 beacon interval 100 dtim 0 center_chan 2452 center_freq2 0 reg_info_1: 0x140000 reg_info_2: 0x1400, req->max_txpow: 0x14 Tx SS 1, Rx SS 1, ldpc_rx: 0, cac 0, regd 4, HE ops: 0req->dis_hw_ack: 0
12-14 03:22:32.343 1986 1986 W BluetoothAdapterService: fetchWifiState - isWifiConnected =false
12-14 03:22:32.343 1986 1986 D BluetoothVendorService: setWifiState to: false
12-14 03:22:32.343 1986 1986 I BluetoothVendorJni: setWifiStateNative
12-14 03:22:32.343 1986 1986 I bt_btif_vendor: setWifiState :0
12-14 03:22:32.343 1986 1986 D BluetoothAdapterService: android.net.wifi.STATE_CHANGE
12-14 03:22:32.344 1986 1986 W BluetoothAdapterService: fetchWifiState - isWifiConnected =false
12-14 03:22:32.344 1986 1986 D BluetoothVendorService: setWifiState to: false
12-14 03:22:32.344 1986 1986 I BluetoothVendorJni: setWifiStateNative
12-14 03:22:32.344 1986 1986 I bt_btif_vendor: setWifiState :0
01-01 09:20:36.903 0 0 I [soft_i][0x1a8069f5][03:22:32.363120] wlan: [0:I:TXRX] HTT_T2H_MSG_TYPE_PEER_MAP msg for peer id 2 vdev id 0 n
01-01 09:20:36.903 0 0 E [soft_i][0x1a806cfa][03:22:32.363160] wlan: [0:E:DP] dp_peer_find_add_id: peer 0000000000000000 ID 2 vid 0 mac 6c:b1:58:0f:7d:39
01-01 09:20:36.903 0 0 I [soft_i][0x1a8070af][03:22:32.363209] wlan: [0:I:DP] dp_peer_find_add_id: ref_cnt: 2
01-01 09:20:36.903 0 0 E [soft_i][0x1a807232][03:22:32.363229] wlan: [0:E:DP] dp_peer_map_ast: peer 0000000000000000 ID 112 vid 0 mac 6c:b1:58:0f:7d:39
12-14 03:22:32.411 640 654 I mpu_uart: [MSG-P:R]:recv sync frame timeout
12-14 03:22:32.480 640 655 I mpu_uart: [MSG-P:RECV]:No message received in 1000 ms
01-01 09:20:37.036 0 0 I [schedu][0x1aa777de][03:22:32.496425] wlan: [3400:I:PE] Auth TX: seq 1 seq num 2053 status 0 WEP 0 to 6c:b1:58:0f:7d:39
01-01 09:20:37.039 0 0 I [schedu][0x1aa86d20][03:22:32.499695] wlan: [3400:I:PE] Auth TX: success
01-01 09:20:37.084 0 0 I [schedu][0x1ab58236][03:22:32.544350] wlan: [3400:I:PE] Auth RX: vdev 0 sys role 3 lim_state 5 from 6c:b1:58:0f:7d:39 rssi -2 auth_alg 0 seq 3691
01-01 09:20:37.084 0 0 I [schedu][0x1ab59a5b][03:22:32.544672] wlan: [3400:I:PE] Assoc req TX: vdev 0 to 6c:b1:58:0f:7d:39 seq num 2054
01-01 09:20:37.092 0 0 I [schedu][0x1ab7bf99][03:22:32.551995] wlan: [3400:I:PE] Assoc req TX: success
01-01 09:20:37.140 0 0 I [schedu][0x1ac607c0][03:22:32.600743] wlan: [3400:I:PE] Assoc rsp RX: subtype 0 vdev 0 sys role 3 lim state 10 rssi -3 from 6c:b1:58:0f:7d:39
12-14 03:22:32.619 826 3426 I WifiHAL : send oem msg of len : 140 to apps
12-14 03:22:32.620 1283 3929 D LOWI-9.0.0.87.a: [LOWI-ROME-RTT] event_handler: Valid data with length 108
12-14 03:22:32.620 1283 3929 D LOWI-9.0.0.87.a: [LOWI-HELIUM-RTT] RomeNLRecvMessage: The Received RomeMsgType: ROME_P2P_PEER_EVENT_MSG
12-14 03:22:32.620 1283 3929 D LOWI-9.0.0.87.a: [LOWIRangingFSM] FSM: Received Event EVENT_P2P_STATUS_UPDATE, Current state: STATE_READY_AND_IDLE
12-14 03:22:32.620 1283 3929 D LOWI-9.0.0.87.a: [LOWI-ROME-RTT] RomeExtractP2PInfo - P2P EVENT Received!
12-14 03:22:32.620 1500 1592 I EthernetTracker: interfaceLinkStateChanged, iface: wlan0, up: false
12-14 03:22:32.621 1283 3929 D LOWI-9.0.0.87.a: [LOWI-ROME-RTT] ExtractNLP2PInfo: Entered
12-14 03:22:32.621 1283 3929 D LOWI-9.0.0.87.a: [LOWI-P2P-RTT] p2pStoreStatusInfo: Peer status = PEER_STATUS_CONNECTED Mac:6c:b1:58:0f:7d:39
12-14 03:22:32.621 1283 3929 D LOWI-9.0.0.87.a: [LOWIRangingFSM] FSM: New FSM state: STATE_READY_AND_IDLE
12-14 03:22:32.621 1283 3929 D LOWI-9.0.0.87.a: [LOWI-ROME-RTT] RomeWaitOnActivityOnSocketOrPipe: issue blocking select
12-14 03:22:32.621 1500 1592 I EthernetTracker: interfaceLinkStateChanged, iface: wlan0, up: false
12-14 03:22:32.621 1283 1406 D LOWI-9.0.0.87.a: [LOWINetlinkSocketReceiver] unpackRTMLinkMessage: RTM_NEWLINK - ifname wlan0, flags 0x1003 ([UP])
12-14 03:22:32.621 1500 1592 I EthernetTracker: interfaceLinkStateChanged, iface: wlan0, up: true
12-14 03:22:32.621 1283 1406 D LOWI-9.0.0.87.a: [LOWINetlinkSocketReceiver] processNetlinkPacket: ifname(wlan0) status(1)
12-14 03:22:32.621 1283 1406 D LOWI-9.0.0.87.a: [LOWIController] intfStateReceived: ifname(wlan0) state(1)
12-14 03:22:32.622 1283 1406 D LOWI-9.0.0.87.a: [LOWINetlinkSocketReceiver] unpackRTMLinkMessage: RTM_NEWLINK - ifname wlan0, flags 0x1003 ([UP])
12-14 03:22:32.622 1283 1406 D LOWI-9.0.0.87.a: [LOWINetlinkSocketReceiver] processNetlinkPacket: ifname(wlan0) status(1)
12-14 03:22:32.622 1283 1406 D LOWI-9.0.0.87.a: [LOWIController] intfStateReceived: ifname(wlan0) state(1)
12-14 03:22:32.622 1283 1408 D LOWI-9.0.0.87.a: [LOWIEventReceiver] handleEvent:FROM:NA, TO:NA, REQ:NA, IREQ:NA, REQ_ID:0, RESP:NA, INFO:INTF-STATUS-UPDATE
12-14 03:22:32.622 1283 1408 D LOWI-9.0.0.87.a: [LOWIEventReceiver] Info to [INTF-STATUS-UPDATE]
12-14 03:22:32.622 1283 1408 D LOWI-9.0.0.87.a: [LOWIController] updateIntfState: WIFI enabled 1 mNlWifiStatus 1 mWifiStateEnabled 1
12-14 03:22:32.622 1283 1408 D LOWI-9.0.0.87.a: [LOWIController] isWifiEnabled: mNlWifiStatus 1 mWifiStateEnabled 1
12-14 03:22:32.622 1283 1408 D LOWI-9.0.0.87.a: [LOWIEventReceiver] handleEvent:FROM:NA, TO:NA, REQ:NA, IREQ:NA, REQ_ID:0, RESP:NA, INFO:INTF-STATUS-UPDATE
12-14 03:22:32.622 1283 1408 D LOWI-9.0.0.87.a: [LOWIEventReceiver] Info to [INTF-STATUS-UPDATE]
12-14 03:22:32.622 1283 1408 D LOWI-9.0.0.87.a: [LOWIController] updateIntfState: WIFI enabled 1 mNlWifiStatus 1 mWifiStateEnabled 1
12-14 03:22:32.622 1283 1408 D LOWI-9.0.0.87.a: [LOWIController] isWifiEnabled: mNlWifiStatus 1 mWifiStateEnabled 1
12-14 03:22:32.626 1283 1406 D LOWI-9.0.0.87.a: [LOWINetlinkSocketReceiver] unpackRTMLinkMessage: RTM_NEWLINK - ifname wlan0, flags 0x11003 ([UP])
12-14 03:22:32.626 1283 1406 D LOWI-9.0.0.87.a: [LOWINetlinkSocketReceiver] processNetlinkPacket: ifname(wlan0) status(1)
12-14 03:22:32.626 1283 1406 D LOWI-9.0.0.87.a: [LOWIController] intfStateReceived: ifname(wlan0) state(1)
12-14 03:22:32.628 1283 1408 D LOWI-9.0.0.87.a: [LOWIEventReceiver] handleEvent:FROM:NA, TO:NA, REQ:NA, IREQ:NA, REQ_ID:0, RESP:NA, INFO:INTF-STATUS-UPDATE
12-14 03:22:32.628 1283 1408 D LOWI-9.0.0.87.a: [LOWIEventReceiver] Info to [INTF-STATUS-UPDATE]
12-14 03:22:32.628 1283 1408 D LOWI-9.0.0.87.a: [LOWIController] updateIntfState: WIFI enabled 1 mNlWifiStatus 1 mWifiStateEnabled 1
12-14 03:22:32.628 1283 1408 D LOWI-9.0.0.87.a: [LOWIController] isWifiEnabled: mNlWifiStatus 1 mWifiStateEnabled 1
12-14 03:22:32.630 3441 3441 I wpa_supplicant: wlan0: Associated with 6c:b1:58:0f:7d:39
12-14 03:22:32.630 3441 3441 I wpa_supplicant: wlan0: CTRL-EVENT-SUBNET-STATUS-UPDATE status=0
01-01 09:20:37.155 0 0 E [schedu][0x1aca670f][03:22:32.615668] wlan: [3400:E:QDF] Cannot malloc 0 bytes @ csr_get_cfg_max_tx_power:14199
01-01 09:20:37.155 0 0 E [schedu][0x1aca69b3][03:22:32.615703] wlan: [3400:E:QDF] Cannot malloc 0 bytes @ csr_get_cfg_max_tx_power:14199
01-01 09:20:37.157 0 0 E [soft_i][0x1acadf9b][03:22:32.617275] wlan: [0:E:DP] dp_tx_initialize_threshold: tx flow control threshold is set, pool size is 4096
01-01 09:20:37.157 0 0 I [schedu][0x1acaeca7][03:22:32.617449] wlan: [3400:I:HDD] wlan0(vdevid-0): a2:e9:b7:9b:b8:a6 connected to 6c:b1:58:0f:7d:39
12-14 03:22:32.633 500 500 I hwservicemanager: getTransport: Cannot find entry android.hardware.wifi.supplicant@1.4::ISupplicant/default in either framework or device VINTF manifest.
12-14 03:22:32.642 2814 2932 D OsAgent : [wifi_supplicant_status_update][3202] [HC] =>> [HS]
12-14 03:22:32.642 808 808 V LocSvc_HIDL_IzatSubscription: [wifiSupplicantStatusUpdate][682] [HS] <<<<= [HC]
12-14 03:22:32.643 1500 1621 D CompatibilityChangeReporter: Compat change id reported: 168419799; UID 10018; state: DISABLED
12-14 03:22:32.643 1500 1621 D CompatibilityInfo: mCompatibilityFlags - 4
12-14 03:22:32.643 1500 1621 D CompatibilityInfo: applicationDensity - 240
12-14 03:22:32.643 1500 1621 D CompatibilityInfo: applicationScale - 1.0
12-14 03:22:32.651 1500 3425 D CompatibilityInfo: mCompatibilityFlags - 4
12-14 03:22:32.651 1500 3425 D CompatibilityInfo: applicationDensity - 240
12-14 03:22:32.651 1500 3425 D CompatibilityInfo: applicationScale - 1.0
12-14 03:22:32.720 1249 1249 I cnss-daemon: wlan_has_npt : has_npt is 0
01-01 09:20:37.279 0 0 D : mv2112_read_status
01-01 09:20:37.279 0 0 D mv2112_update_link: 3.0x901(1G): 0x80
01-01 09:20:37.279 0 0 D mv2112_update_link: 3.0x8109(100M): 0x8
01-01 09:20:37.279 0 0 D mv2112_update_link: link 0x0
01-01 09:20:37.279 0 0 D mv2112_read_status: autoneg is disabled
12-14 03:22:32.773 2716 2716 W hpplay-java: [main]:IPManager:getActiveNets invalid networkInfo:null
12-14 03:22:32.774 2716 2716 I hpplay-java: [main]:IPManager:getActiveNets eth0:false wifi:false mobile:false ap:false
12-14 03:22:32.774 2716 2716 I hpplay-java: [main]:ServerTaskManager:get local ip:null
12-14 03:22:32.851 2529 2529 E Launcher: Check mcu protect state
01-01 09:20:37.502 0 0 I [dp_rx_][0x1b2ffdaa][03:22:32.962423] wlan: [3408:I:QDF] EAPOL-1 RX: SA:6c:b1:58:0f:7d:39 DA:a2:e9:b7:9b:b8:a6
12-14 03:22:32.964 3441 3441 I wpa_supplicant: wlan0: WPA: RX message 1 of 4-Way Handshake from 6c:b1:58:0f:7d:39 (ver=2)
12-14 03:22:32.964 3441 3441 I wpa_supplicant: wlan0: WPA: Sending EAPOL-Key 2/4
12-14 03:22:32.970 2119 2119 D MicroSettings: SettingMicroservices: WifiReceiver:
12-14 03:22:32.970 2119 2119 D MicroSettings: SettingMicroservices: doNetworkSync: mIDCMNetworkState: -1 mIsFSEMNetworkWiFi: false
12-14 03:22:32.970 2119 2119 D MicroSettings: SettingMicroservices: Change Network Preference to TYPE_ETHERNET.
12-14 03:22:32.971 1986 1986 D BluetoothAdapterService: android.net.wifi.STATE_CHANGE
12-14 03:22:32.973 2814 2932 D OsAgent : [wifi_supplicant_status_update][3202] [HC] =>> [HS]
12-14 03:22:32.973 808 808 V LocSvc_HIDL_IzatSubscription: [wifiSupplicantStatusUpdate][682] [HS] <<<<= [HC]
12-14 03:22:32.978 1986 1986 W BluetoothAdapterService: fetchWifiState - isWifiConnected =false
12-14 03:22:32.978 1986 1986 D BluetoothVendorService: setWifiState to: false
12-14 03:22:32.978 1986 1986 I BluetoothVendorJni: setWifiStateNative
12-14 03:22:32.978 1986 1986 I bt_btif_vendor: setWifiState :0
01-01 09:20:37.537 0 0 I [soft_i][0x1b3a34f2][03:22:32.997294] wlan: [0:I:QDF] EAPOL-2 TX: SA:a2:e9:b7:9b:b8:a6 DA:6c:b1:58:0f:7d:39 msdu_id:0 status: succ
01-01 09:20:37.538 0 0 I [soft_i][0x1b3a7c16][03:22:32.998241] wlan: [0:I:DP] dp_addba_requestprocess_wifi3 restore BA win 64 based on addba req
12-14 03:22:33.033 2000 2000 W TouchableRegionManager: onHeadsUpPinnedModeChanged
12-14 03:22:33.088 3441 3441 I wpa_supplicant: wlan0: WPA: RX message 3 of 4-Way Handshake from 6c:b1:58:0f:7d:39 (ver=2)
12-14 03:22:33.088 3441 3441 I wpa_supplicant: wlan0: WPA: Sending EAPOL-Key 4/4
01-01 09:20:37.628 0 0 I [dp_rx_][0x1b54e891][03:22:33.088435] wlan: [3408:I:QDF] EAPOL-3 RX: SA:6c:b1:58:0f:7d:39 DA:a2:e9:b7:9b:b8:a6
01-01 09:20:37.631 0 0 I [soft_i][0x1b55d32a][03:22:33.091562] wlan: [0:I:QDF] EAPOL-4 TX: SA:a2:e9:b7:9b:b8:a6 DA:6c:b1:58:0f:7d:39 msdu_id:0 status: succ
12-14 03:22:33.100 826 3426 I WifiHAL : event received NL80211_CMD_VENDOR, vendor_id = 0x1374, subcmd = 0xa5
12-14 03:22:33.101 1249 1249 I cnss-daemon: nl80211 response handler invoked
12-14 03:22:33.101 1249 1249 I cnss-daemon: nl80211_response_handler: cmd 103, vendorID 4980, subcmd 165 received
01-01 09:20:37.641 0 0 E [schedu][0x1b589136][03:22:33.100923] wlan: [3400:E:QDF] Cannot malloc 0 bytes @ csr_get_cfg_max_tx_power:14199
12-14 03:22:33.105 1283 3928 D LOWI-9.0.0.87.a: [LOWI-Scan] wait_event:Wait done with Cmd 103
12-14 03:22:33.105 1283 3928 D LOWI-9.0.0.87.a: [LOWI-Scan] do_listen_events: Rcvd valid Netlink Cmd 0 Err 0
12-14 03:22:33.112 2814 2932 D OsAgent : [wifi_supplicant_status_update][3202] [HC] =>> [HS]
12-14 03:22:33.114 808 808 V LocSvc_HIDL_IzatSubscription: [wifiSupplicantStatusUpdate][682] [HS] <<<<= [HC]
01-01 09:20:37.652 0 0 I [schedu][0x1b5bdd85][03:22:33.112180] wlan: [3400:I:WMI] LFR3:OKC enabled
01-01 09:20:37.652 0 0 I [schedu][0x1b5bdea8][03:22:33.112195] wlan: [3400:I:WMI] LFR3:PMKSA caching enabled
12-14 03:22:33.119 3441 3441 I wpa_supplicant: wlan0: WPA: Key negotiation completed with 6c:b1:58:0f:7d:39 [PTK=CCMP GTK=CCMP]
12-14 03:22:33.119 3441 3441 I wpa_supplicant: wlan0: CTRL-EVENT-CONNECTED - Connection to 6c:b1:58:0f:7d:39 completed [id=0 id_str=%7B%22configKey%22%3A%22%5C%22TP-LINK_Figure_6d0405%5C%22WPA_PSK%22%2C%22creatorUid%22%3A%221000%22%7D]
12-14 03:22:33.122 1283 1406 D LOWI-9.0.0.87.a: [LOWINetlinkSocketReceiver] unpackRTMLinkMessage: RTM_NEWLINK - ifname wlan0, flags 0x11043 ([UP][RUNNING])
12-14 03:22:33.122 1283 1406 D LOWI-9.0.0.87.a: [LOWINetlinkSocketReceiver] processNetlinkPacket: ifname(wlan0) status(2)
12-14 03:22:33.122 1283 1406 D LOWI-9.0.0.87.a: [LOWIController] intfStateReceived: ifname(wlan0) state(2)
12-14 03:22:33.122 1283 1408 D LOWI-9.0.0.87.a: [LOWIEventReceiver] handleEvent:FROM:NA, TO:NA, REQ:NA, IREQ:NA, REQ_ID:0, RESP:NA, INFO:INTF-STATUS-UPDATE
12-14 03:22:33.122 1283 1408 D LOWI-9.0.0.87.a: [LOWIEventReceiver] Info to [INTF-STATUS-UPDATE]
12-14 03:22:33.122 1283 1408 D LOWI-9.0.0.87.a: [LOWIController] updateIntfState: WIFI enabled 2 mNlWifiStatus 1 mWifiStateEnabled 1
12-14 03:22:33.122 1283 1408 D LOWI-9.0.0.87.a: [LOWIController] isWifiEnabled: mNlWifiStatus 2 mWifiStateEnabled 1
12-14 03:22:33.122 1283 1408 D LOWI-9.0.0.87.a: [LOWIController] notifyWlanInterfaceStatusChange: Send Interface state request LOWIController_2
12-14 03:22:33.122 1283 1408 D LOWI-9.0.0.87.a: [LOWIController] isWifiEnabled: mNlWifiStatus 2 mWifiStateEnabled 1
12-14 03:22:33.122 1283 1408 D LOWI-9.0.0.87.a: [LOWIController] requestMeasurements: Internal Message 2 sent to driver
12-14 03:22:33.122 1283 1408 D LOWI-9.0.0.87.a: [LOWIController] issueRequest: LOWIController_2 sent to driver request - SUCCESS
12-14 03:22:33.122 1283 3928 D LOWI-9.0.0.87.a: [LOWI-Scan] wips_wait_on_nl_socket: read returned 6, Received string: Close
12-14 03:22:33.122 1283 3928 D LOWI-9.0.0.87.a: [LOWI-Scan] do_listen_events: Select Error return - -301
12-14 03:22:33.122 1283 3928 D LOWI-9.0.0.87.a: [LOWI-Scan] No dump done. Error -301
12-14 03:22:33.122 1283 3928 D LOWI-9.0.0.87.a: [LOWI-Scan] WipsScanUsingNL: passive scan cached 0, took 990 ms, err -301
12-14 03:22:33.122 1283 3928 D LOWI-9.0.0.87.a: [LOWI-Scan] lowi_proc_req_passive_scan_with_live_meas - No WLAN Frames to be parsed
12-14 03:22:33.122 1283 3928 D LOWI-9.0.0.87.a: [LOWIWifiDriverInterface] Scan terminated for passive listening request
12-14 03:22:33.122 1283 3928 D LOWI-9.0.0.87.a: [LOWIScanResultReceiver] run:Execute new request LOWIController_2
12-14 03:22:33.126 1500 1592 I EthernetTracker: interfaceLinkStateChanged, iface: wlan0, up: true
12-14 03:22:33.136 791 1742 D audio_hw_primary: copl(0xe8488650):out of compress_wait
01-01 09:20:37.671 0 0 E [schedu][0x1b6178fb][03:22:33.131320] wlan: [3400:E:PE] OBSS Scan Indication bssid 6c:b1:58:0f:7d:39
01-01 09:20:37.671 0 0 E [schedu][0x1b617dab][03:22:33.131382] wlan: [3400:E:WMA] cmdlen 140 vdev_id 0 channel count 13 iefield_len 0
01-01 09:20:37.671 0 0 E [schedu][0x1b617e68][03:22:33.131392] wlan: [3400:E:WMA] scantype 1 active_time 10 passive 20 Obss interval 300
12-14 03:22:33.137 791 1968 I btaudio_offload_qti: audio_get_a2dp_sink_latency_qti: Sink Latency = 200
12-14 03:22:33.138 791 1968 I btaudio_offload_qti: audio_get_a2dp_sink_latency_qti: Sink Latency = 200
12-14 03:22:33.138 1283 3928 I LOWI-9.0.0.87.a: [LOWI-Scan] get_intf_mode: WLAN interface type 2, err 0
12-14 03:22:33.138 826 3426 E WifiHAL : register_monitor_sock :Action frame already registered for this client
12-14 03:22:33.138 1283 3928 D LOWI-9.0.0.87.a: [LOWIScanResultReceiver] Send scan meas to listener
12-14 03:22:33.139 1283 3928 D LOWI-9.0.0.87.a: [LOWIScanResultReceiver] Enter passive listening mode
12-14 03:22:33.139 1283 3928 D LOWI-9.0.0.87.a: [LOWIWifiDriverInterface] getMeasurements - Passive listening mode
12-14 03:22:33.139 1283 3928 D LOWI-9.0.0.87.a: [LOWI-Scan] WipsScanUsingNL:wait -1 sec for netlink message
12-14 03:22:33.139 1283 1408 D LOWI-9.0.0.87.a: [LOWIEventReceiver] handleEvent:FROM:NA, TO:NA, REQ:NA, IREQ:NA, REQ_ID:0, RESP:NA, INFO:NA
12-14 03:22:33.139 1283 1408 D LOWI-9.0.0.87.a: [LOWIBackgroundScanMgr] isRspForBgScanMgr: req(LOWI_INTERNAL_MESSAGE) -- not handled
12-14 03:22:33.139 1283 1408 D LOWI-9.0.0.87.a: [LOWIController] Measurements received
12-14 03:22:33.139 791 3463 I btaudio_offload_qti: audio_get_a2dp_sink_latency_qti: Sink Latency = 200
12-14 03:22:33.140 791 1968 D audio_hw_primary: No space available in compress driver, post msg to cb thread
12-14 03:22:33.140 791 1742 D audio_hw_primary: copl(0xe8488650):calling compress_wait
12-14 03:22:33.143 1986 1986 D BluetoothAdapterService: android.net.wifi.STATE_CHANGE
12-14 03:22:33.144 2119 2119 D MicroSettings: SettingMicroservices: WifiReceiver:
12-14 03:22:33.144 2119 2119 D MicroSettings: SettingMicroservices: doNetworkSync: mIDCMNetworkState: -1 mIsFSEMNetworkWiFi: false
12-14 03:22:33.144 2119 2119 D MicroSettings: SettingMicroservices: Change Network Preference to TYPE_ETHERNET.
12-14 03:22:33.145 791 1968 I btaudio_offload_qti: audio_get_a2dp_sink_latency_qti: Sink Latency = 200
12-14 03:22:33.151 1500 1860 D ConnectivityService: registerNetworkAgent NetworkAgentInfo{network{100} handle{432902426637} ni{WIFI CONNECTING extra: } Score(60 ; KeepConnected : 0 ; Policies : IS_UNMETERED) lp{{LinkAddresses: [ ] DnsAddresses: [ ] Domains: null MTU: 0 Routes: [ ]}} nc{[ Transports: WIFI Capabilities: NOT_METERED&INTERNET&NOT_RESTRICTED&TRUSTED&NOT_VPN&NOT_ROAMING&FOREGROUND&NOT_CONGESTED&NOT_SUSPENDED&NOT_VCN_MANAGED LinkUpBandwidth>=150000Kbps LinkDnBandwidth>=150000Kbps Specifier: TransportInfo: OwnerUid: 1000 AdminUids: [1000] SSID: "TP-LINK_Figure_6d0405"]}}
12-14 03:22:33.156 2119 2119 D MicroSettings: SettingMicroservices: WifiReceiver:
12-14 03:22:33.156 2119 2119 D MicroSettings: SettingMicroservices: doNetworkSync: mIDCMNetworkState: -1 mIsFSEMNetworkWiFi: false
12-14 03:22:33.156 2119 2119 D MicroSettings: SettingMicroservices: Change Network Preference to TYPE_ETHERNET.
12-14 03:22:33.179 1500 1896 D ConnectivityService: [100 WIFI] EVENT_NETWORK_INFO_CHANGED, going from CONNECTING to CONNECTING
12-14 03:22:33.188 1500 3425 D CompatibilityChangeReporter: Compat change id reported: 171306433; UID 1073; state: ENABLED
12-14 03:22:33.236 1500 1896 D ConnectivityService: NetReassign [no changes]
01-01 09:20:37.778 0 0 E [wifi@1][0x1b80e2ea][03:22:33.238546] wlan: [826:E:HDD] hdd_enable_ns_offload: 484: Failed to cache ns request; status:4
12-14 03:22:33.243 2814 2932 D OsAgent : [wifi_supplicant_status_update][3202] [HC] =>> [HS]
12-14 03:22:33.243 808 808 V LocSvc_HIDL_IzatSubscription: [wifiSupplicantStatusUpdate][682] [HS] <<<<= [HC]
12-14 03:22:33.245 1986 1986 W BluetoothAdapterService: fetchWifiState - isWifiConnected =true
12-14 03:22:33.245 1986 1986 D BluetoothVendorService: setWifiState to: true
12-14 03:22:33.245 1986 1986 I BluetoothVendorJni: setWifiStateNative
12-14 03:22:33.245 1986 1986 I bt_btif_vendor: setWifiState :1
12-14 03:22:33.245 1986 2913 W bt_btm : btm_cb.is_wifi_connected = 1
12-14 03:22:33.245 1986 2913 W bt_l2cap: L2CA_SetDesireRole() new:x0, disallow_switch:0
12-14 03:22:33.245 1986 1986 D BluetoothAdapterService: android.net.wifi.STATE_CHANGE
12-14 03:22:33.245 1986 2913 V bt_stack: [VERBOSE1:btm_acl.cc(654)] BTM_SwitchRole BDA: 9c:19:c2:27:ba:ef
12-14 03:22:33.247 1500 1896 D ConnectivityService: NetReassign [no changes]
12-14 03:22:33.252 1986 1986 W BluetoothAdapterService: fetchWifiState - isWifiConnected =true
12-14 03:22:33.252 1986 1986 D BluetoothVendorService: setWifiState to: true
12-14 03:22:33.252 1986 1986 I BluetoothVendorJni: setWifiStateNative
12-14 03:22:33.252 1986 1986 I bt_btif_vendor: setWifiState :1
12-14 03:22:33.252 1986 1986 I BluetoothPhonePolicy: processConnectOtherProfiles, device=9C:19:C2:27:BA:EF
12-14 03:22:33.252 1986 1986 D HeadsetService: getHeadsetService(): returning com.android.bluetooth.hfp.HeadsetService@c9935ac
12-14 03:22:33.252 1986 1986 E HeadsetStateMachine: returning mCurrentState as Connected
12-14 03:22:33.253 1986 1986 D HeadsetService: getHeadsetService(): returning com.android.bluetooth.hfp.HeadsetService@c9935ac
12-14 03:22:33.253 1986 1986 E HeadsetStateMachine: returning mCurrentState as Connected
12-14 03:22:33.253 1986 1986 I BluetoothPhonePolicy: HF connected for device : 9C:19:C2:27:BA:EF true
12-14 03:22:33.253 1986 1986 I BluetoothPhonePolicy: A2DP connected for device : 9C:19:C2:27:BA:EF true
12-14 03:22:33.253 1986 1986 I BluetoothPhonePolicy: A2DPSink connected for device : 9C:19:C2:27:BA:EF false
12-14 03:22:33.253 1986 1986 V BluetoothDatabase: getProfileConnectionPolicy: 9C:19:C2:27:BA:EF, profile=5, connectionPolicy = -1
12-14 03:22:33.253 1986 1986 V BluetoothDatabase: deviceSupportsBCprofile: false
12-14 03:22:33.268 2087 3935 D ApfFilter: (wlan0): begin monitoring
12-14 03:22:33.278 1500 1896 D ConnectivityService: Adding iface wlan0 to network 100
12-14 03:22:33.278 660 660 E Netd : no such netId 100
12-14 03:22:33.279 1500 1896 W ConnectivityService: Exception adding interface: android.os.ServiceSpecificException: Machine is not on the network (code 64)
12-14 03:22:33.280 660 660 E Netd : no such netId 100
12-14 03:22:33.285 1500 1896 W BestClock: java.time.DateTimeException: Missing NTP fix
12-14 03:22:33.290 1500 1621 D CompatibilityChangeReporter: Compat change id reported: 135634846; UID 10078; state: DISABLED
12-14 03:22:33.290 1500 1621 D CompatibilityChangeReporter: Compat change id reported: 177438394; UID 10078; state: DISABLED
12-14 03:22:33.290 1500 1621 D CompatibilityChangeReporter: Compat change id reported: 135772972; UID 10078; state: DISABLED
12-14 03:22:33.290 1500 1621 D CompatibilityChangeReporter: Compat change id reported: 135754954; UID 10078; state: ENABLED
12-14 03:22:33.291 1500 1622 D CompatibilityChangeReporter: Compat change id reported: 143937733; UID 10078; state: ENABLED
12-14 03:22:33.292 1500 1896 W BestClock: java.time.DateTimeException: Missing NTP fix
