01-01 09:20:28.804 0 0 E swr_get_logical_dev_num: Error -22 to get logical addr for device d01170224
01-01 09:20:28.805 0 0 E swr-wcd rx_swr_ctrl: swrm_get_logical_dev_num: device 0xd01170224 is not ready
01-01 09:20:28.805 0 0 E swr_get_logical_dev_num: Error -22 to get logical addr for device d01170224
01-01 09:20:28.805 0 0 E swr-wcd rx_swr_ctrl: swrm_get_logical_dev_num: device 0xd01170224 is not ready
01-01 09:20:28.805 0 0 E swr_get_logical_dev_num: Error -22 to get logical addr for device d01170224
01-01 09:20:28.805 0 0 E swr-wcd rx_swr_ctrl: swrm_get_logical_dev_num: device 0xd01170224 is not ready
01-01 09:20:28.805 0 0 E swr_get_logical_dev_num: Error -22 to get logical addr for device d01170224
01-01 09:20:28.805 0 0 E swr-wcd rx_swr_ctrl: swrm_get_logical_dev_num: device 0xd01170224 is not ready
01-01 09:20:28.805 0 0 E swr_get_logical_dev_num: Error -22 to get logical addr for device d01170224
01-01 09:20:28.805 0 0 E wcd938x_codec wcd938x-codec: wcd938x_bind: Slave bind failed, ret = -517
01-01 09:20:28.809 0 0 I binder : 2637:2637 ioctl 40046210 7fcb2c89a4 returned -22
01-01 09:20:28.811 0 0 W QSEECOM : qseecom_load_app: App (fingerpr) does'nt exist, loading apps for first time
12-14 03:22:24.276 1500 2037 D CompatibilityChangeReporter: Compat change id reported: 168419799; UID 10064; state: DISABLED
12-14 03:22:24.281 2635 2635 F libc : crash_dump helper failed to exec, or was killed
12-14 03:22:24.299 1500 2629 W AdbDebuggingManager: Read failed with count -1
12-14 03:22:24.299 1500 2629 E AdbDebuggingManager: Caught an exception opening the socket: java.io.IOException: Connection refused
01-01 09:20:28.841 0 0 D cnss : WLFW server arriving: node 7 port 1
01-01 09:20:28.841 0 0 D cnss : Posting event: SERVER_ARRIVE(0), state: 0x10 flags: 0x0
01-01 09:20:28.841 0 0 D cnss : PM stay awake, state: 0x10, count: 1
01-01 09:20:28.841 0 0 D cnss : PM relax, state: 0x10, count: 0
01-01 09:20:28.841 0 0 D cnss : PM stay awake, state: 0x10, count: 1
01-01 09:20:28.841 0 0 D cnss : Processing driver event: SERVER_ARRIVE(0), state: 0x10
01-01 09:20:28.841 0 0 I cnss : QMI WLFW service connected, state: 0x11
01-01 09:20:28.841 0 0 D cnss : Sending indication register message, state: 0x11
12-14 03:22:24.300 1500 1592 V UserDataPreparer: Found /data/user/0 with serial number 0
12-14 03:22:24.300 1500 1592 V UserDataPreparer: Found /data/system_ce/0 with serial number 0
12-14 03:22:24.301 1500 1592 D UserDataPreparer: Setting property: sys.user.0.ce_available=true
12-14 03:22:24.302 1500 1592 V PackageManager: reconcileAppsData for null u0 0x2 migrateAppData=false
01-01 09:20:28.844 0 0 D cnss : Sending host capability message, state: 0x11
01-01 09:20:28.844 0 0 D cnss : Number of clients is 2
01-01 09:20:28.844 0 0 D cnss : Assign MSI to user: WAKE, num_vectors: 1, user_base_data: 813, base_vector: 13
01-01 09:20:28.844 0 0 D cnss : WAKE MSI base data is 813
01-01 09:20:28.844 0 0 D cnss : Calibration done is 1
01-01 09:20:28.844 0 0 D cnss : Sending iova starting 0xa0000000 with size 0x10010000
01-01 09:20:28.847 0 0 D cnss : PM relax, state: 0x11, count: 0
01-01 09:20:28.861 0 0 I : read descriptors
01-01 09:20:28.861 0 0 I : read strings
01-01 09:20:28.929 0 0 W QSEECOM : qseecom_load_app: App with id 7 (fingerpr) now loaded
01-01 09:20:28.931 0 0 I binder : 2690:2690 ioctl 40046210 7fc09f1fd4 returned -22
12-14 03:22:24.393 1500 1592 V PackageManager: reconcileAppsData finished 142 packages
12-14 03:22:24.393 1500 1592 I ActivityManager: User 0 state changed from RUNNING_LOCKED to RUNNING_UNLOCKING
12-14 03:22:24.394 1500 1592 D ActivityManager: Unlocking user 0 progress 20
12-14 03:22:24.394 1500 1592 W Looper : Slow dispatch took 171ms android.fg h=android.os.Handler c=com.android.server.am.UserController$$ExternalSyntheticLambda3@149236d m=0
12-14 03:22:24.394 1500 1621 I SystemServerTimingAsync: ssm.UnlockingUser-0
12-14 03:22:24.394 1500 1621 I SystemServiceManager: Calling onUnlockingUser 0
12-14 03:22:24.394 1500 1621 I SystemServerTimingAsync: ssm.onUnlockingUser-0_com.android.server.security.FileIntegrityService
12-14 03:22:24.394 1500 1621 I SystemServerTimingAsync: ssm.onUnlockingUser-0_com.android.server.pm.Installer
12-14 03:22:24.394 1500 1621 I SystemServerTimingAsync: ssm.onUnlockingUser-0_com.android.server.os.DeviceIdentifiersPolicyService
12-14 03:22:24.394 1500 1621 I SystemServerTimingAsync: ssm.onUnlockingUser-0_com.android.server.uri.UriGrantsManagerService$Lifecycle
12-14 03:22:24.394 1500 1621 I SystemServerTimingAsync: ssm.onUnlockingUser-0_com.android.server.powerstats.PowerStatsService
12-14 03:22:24.394 1500 1621 I SystemServerTimingAsync: ssm.onUnlockingUser-0_com.android.server.wm.ActivityTaskManagerService$Lifecycle
12-14 03:22:24.394 1500 1621 I SystemServerTimingAsync: ssm.onUnlockingUser-0_com.android.server.am.ActivityManagerService$Lifecycle
12-14 03:22:24.394 1500 1621 I SystemServerTimingAsync: ssm.onUnlockingUser-0_com.android.server.pm.DataLoaderManagerService
12-14 03:22:24.394 1500 1621 I SystemServerTimingAsync: ssm.onUnlockingUser-0_com.android.server.power.PowerManagerService
12-14 03:22:24.394 1500 1621 I SystemServerTimingAsync: ssm.onUnlockingUser-0_com.android.server.power.ThermalManagerService
12-14 03:22:24.394 1500 1621 I SystemServerTimingAsync: ssm.onUnlockingUser-0_com.android.server.power.hint.HintManagerService
12-14 03:22:24.394 1500 1621 I SystemServerTimingAsync: ssm.onUnlockingUser-0_com.android.server.recoverysystem.RecoverySystemService$Lifecycle
12-14 03:22:24.394 1500 1621 I SystemServerTimingAsync: ssm.onUnlockingUser-0_com.android.server.lights.LightsService
12-14 03:22:24.394 1500 1621 I SystemServerTimingAsync: ssm.onUnlockingUser-0_com.android.server.display.DisplayManagerService
12-14 03:22:24.394 1500 1621 I SystemServerTimingAsync: ssm.onUnlockingUser-0_com.android.server.pm.verify.domain.DomainVerificationService
12-14 03:22:24.394 1500 1621 I SystemServerTimingAsync: ssm.onUnlockingUser-0_com.android.server.pm.PackageInstallerService$Lifecycle
12-14 03:22:24.394 1500 1621 I SystemServerTimingAsync: ssm.onUnlockingUser-0_com.android.server.pm.UserManagerService$LifeCycle
12-14 03:22:24.394 1500 1621 I SystemServerTimingAsync: ssm.onUnlockingUser-0_com.android.server.om.OverlayManagerService
12-14 03:22:24.394 1500 1621 I SystemServerTimingAsync: ssm.onUnlockingUser-0_com.android.server.SensorPrivacyService
12-14 03:22:24.394 1500 1621 I SystemServerTimingAsync: ssm.onUnlockingUser-0_com.android.server.sensors.SensorService
12-14 03:22:24.394 1500 1621 I SystemServerTimingAsync: ssm.onUnlockingUser-0_com.android.server.SystemConfigService
12-14 03:22:24.395 1500 1621 I SystemServerTimingAsync: ssm.onUnlockingUser-0_com.android.server.BatteryService
12-14 03:22:24.395 1500 1621 I SystemServerTimingAsync: ssm.onUnlockingUser-0_com.android.server.usage.UsageStatsService
12-14 03:22:24.395 1500 1621 I SystemServerTimingAsync: ssm.onUnlockingUser-0_com.android.server.webkit.WebViewUpdateService
12-14 03:22:24.395 1500 1621 I SystemServerTimingAsync: ssm.onUnlockingUser-0_com.android.server.CachedDeviceStateService
12-14 03:22:24.395 1500 1621 I SystemServerTimingAsync: ssm.onUnlockingUser-0_com.android.server.BinderCallsStatsService$LifeCycle
12-14 03:22:24.395 1500 1621 I SystemServerTimingAsync: ssm.onUnlockingUser-0_com.android.server.LooperStatsService$Lifecycle
12-14 03:22:24.395 1500 1621 I SystemServerTimingAsync: ssm.onUnlockingUser-0_com.android.server.rollback.RollbackManagerService
12-14 03:22:24.395 1500 1621 I SystemServerTimingAsync: ssm.onUnlockingUser-0_com.android.server.os.NativeTombstoneManagerService
12-14 03:22:24.395 1500 1621 I SystemServerTimingAsync: ssm.onUnlockingUser-0_com.android.server.os.BugreportManagerService
12-14 03:22:24.395 1500 1621 I SystemServerTimingAsync: ssm.onUnlockingUser-0_com.android.server.gpu.GpuService
12-14 03:22:24.395 1500 1621 I SystemServerTimingAsync: ssm.onUnlockingUser-0_com.android.server.security.KeyChainSystemService
12-14 03:22:24.395 1500 1621 I SystemServerTimingAsync: ssm.onUnlockingUser-0_com.android.server.telecom.TelecomLoaderService
12-14 03:22:24.395 1500 1621 I SystemServerTimingAsync: ssm.onUnlockingUser-0_com.android.server.accounts.AccountManagerService$Lifecycle
12-14 03:22:24.395 1500 1621 I SystemServerTimingAsync: ssm.onUnlockingUser-0_com.android.server.content.ContentService$Lifecycle
12-14 03:22:24.395 1500 1621 I SystemServerTimingAsync: ssm.onUnlockingUser-0_com.android.server.DropBoxManagerService
12-14 03:22:24.395 1500 1621 I SystemServerTimingAsync: ssm.onUnlockingUser-0_com.android.role.RoleService
12-14 03:22:24.395 1500 1621 I SystemServerTimingAsync: ssm.onUnlockingUser-0_com.android.server.vibrator.VibratorManagerService$Lifecycle
12-14 03:22:24.395 1500 1621 I SystemServerTimingAsync: ssm.onUnlockingUser-0_com.android.server.alarm.AlarmManagerService
12-14 03:22:24.395 1500 1621 I SystemServerTimingAsync: ssm.onUnlockingUser-0_com.android.server.devicestate.DeviceStateManagerService
12-14 03:22:24.395 1500 1621 I SystemServerTimingAsync: ssm.onUnlockingUser-0_com.android.server.camera.CameraServiceProxy
12-14 03:22:24.395 1500 1621 I SystemServerTimingAsync: ssm.onUnlockingUser-0_com.android.server.BluetoothService
12-14 03:22:24.395 1500 1621 D BluetoothManagerService: User 0 unlocked
12-14 03:22:24.396 1500 1621 I SystemServerTimingAsync: ssm.onUnlockingUser-0_com.android.server.connectivity.IpConnectivityMetrics
12-14 03:22:24.396 1500 1621 I SystemServerTimingAsync: ssm.onUnlockingUser-0_com.android.server.net.watchlist.NetworkWatchlistService$Lifecycle
12-14 03:22:24.396 1500 1594 D BluetoothManagerService: MESSAGE_USER_UNLOCKED
12-14 03:22:24.396 1500 1621 I SystemServerTimingAsync: ssm.onUnlockingUser-0_com.android.server.PinnerService
12-14 03:22:24.396 1500 1621 I SystemServerTimingAsync: ssm.onUnlockingUser-0_com.google.android.startop.iorap.IorapForwardingService
12-14 03:22:24.396 1500 1621 I SystemServerTimingAsync: ssm.onUnlockingUser-0_com.android.server.ActivityTriggerService
12-14 03:22:24.396 1500 1621 I SystemServerTimingAsync: ssm.onUnlockingUser-0_com.android.server.integrity.AppIntegrityManagerService
12-14 03:22:24.396 1500 1621 I SystemServerTimingAsync: ssm.onUnlockingUser-0_com.android.server.inputmethod.InputMethodManagerService$Lifecycle
12-14 03:22:24.396 1500 1621 I SystemServerTimingAsync: ssm.onUnlockingUser-0_com.android.server.accessibility.AccessibilityManagerService$Lifecycle
12-14 03:22:24.396 1500 1621 I SystemServerTimingAsync: ssm.onUnlockingUser-0_com.android.server.StorageManagerService$Lifecycle
12-14 03:22:24.396 1500 1621 D StorageManagerService: onUnlockUser 0
12-14 03:22:24.396 1500 1621 I StorageSessionController: On user unlock 0
12-14 03:22:24.396 1500 1621 I StorageSessionController: Initialialising...
12-14 03:22:24.397 514 514 I vold : onUserStarted: 0
12-14 03:22:24.398 1500 1621 I SystemServerTimingAsync: ssm.onUnlockingUser-0_com.android.server.usage.StorageStatsService$Lifecycle
12-14 03:22:24.398 1500 1621 I SystemServerTimingAsync: ssm.onUnlockingUser-0_com.android.server.UiModeManagerService
12-14 03:22:24.398 1500 1621 I SystemServerTimingAsync: ssm.onUnlockingUser-0_com.android.server.locksettings.LockSettingsService$Lifecycle
12-14 03:22:24.398 1500 1621 I SystemServerTimingAsync: ssm.onUnlockingUser-0_com.android.server.PersistentDataBlockService
12-14 03:22:24.398 1500 1621 I SystemServerTimingAsync: ssm.onUnlockingUser-0_com.android.server.testharness.TestHarnessModeService
12-14 03:22:24.398 1500 1621 I SystemServerTimingAsync: ssm.onUnlockingUser-0_com.android.server.oemlock.OemLockService
12-14 03:22:24.398 1500 1621 I SystemServerTimingAsync: ssm.onUnlockingUser-0_com.android.server.DeviceIdleController
12-14 03:22:24.398 1500 1621 I SystemServerTimingAsync: ssm.onUnlockingUser-0_com.android.server.devicepolicy.DevicePolicyManagerService$Lifecycle
12-14 03:22:24.399 1500 1621 I SystemServerTimingAsync: ssm.onUnlockingUser-0_com.android.server.texttospeech.TextToSpeechManagerService
01-01 09:20:28.946 0 0 I : sdcardfs version 2.0
01-01 09:20:28.946 0 0 I sdcardfs: dev_name -> /data/media
01-01 09:20:28.946 0 0 I sdcardfs: options -> fsuid=1023,fsgid=1023,multiuser,derive_gid,default_normal,unshared_obb,mask=6,userid=0,gid=1015
01-01 09:20:28.946 0 0 I sdcardfs: mnt -> 00000000db9a7c2f
01-01 09:20:28.946 0 0 I sdcardfs: mounted on top of /data/media type f2fs
01-01 09:20:28.946 0 0 I : Remount options were mask=23,gid=9997 for vfsmnt 00000000f4c4a25b.
01-01 09:20:28.946 0 0 I sdcardfs: options - debug:1
01-01 09:20:28.946 0 0 I sdcardfs: options - gid:9997
01-01 09:20:28.946 0 0 I sdcardfs: options - mask:23
01-01 09:20:28.946 0 0 I : Remount options were mask=7,gid=9997 for vfsmnt 00000000a46fb608.
01-01 09:20:28.946 0 0 I sdcardfs: options - debug:1
01-01 09:20:28.946 0 0 I sdcardfs: options - gid:9997
01-01 09:20:28.946 0 0 I sdcardfs: options - mask:7
01-01 09:20:28.946 0 0 I : Remount options were mask=7,gid=9997 for vfsmnt 0000000088a21f3d.
01-01 09:20:28.946 0 0 I sdcardfs: options - debug:1
01-01 09:20:28.946 0 0 I sdcardfs: options - gid:9997
01-01 09:20:28.946 0 0 I sdcardfs: options - mask:7
12-14 03:22:24.399 1500 1621 I SystemServerTimingAsync: ssm.onUnlockingUser-0_com.android.server.speech.SpeechRecognitionManagerService
12-14 03:22:24.399 1500 1621 I SystemServerTimingAsync: ssm.onUnlockingUser-0_com.android.server.searchui.SearchUiManagerService
12-14 03:22:24.399 1500 2037 V StorageManagerService: Found primary storage at VolumeInfo{emulated;0}:
12-14 03:22:24.399 1500 2037 V StorageManagerService: type=EMULATED diskId=null partGuid= mountFlags=0 mountUserId=0
12-14 03:22:24.399 1500 2037 V StorageManagerService: state=UNMOUNTED
12-14 03:22:24.399 1500 2037 V StorageManagerService: fsType=null fsUuid=null fsLabel=null
12-14 03:22:24.399 1500 2037 V StorageManagerService: path=null internalPath=null
12-14 03:22:24.399 1500 1621 I SystemServerTimingAsync: ssm.onUnlockingUser-0_com.android.server.smartspace.SmartspaceManagerService
12-14 03:22:24.399 1500 1621 I SystemServerTimingAsync: ssm.onUnlockingUser-0_com.android.server.graphics.fonts.FontManagerService$Lifecycle
12-14 03:22:24.399 1500 1621 I SystemServerTimingAsync: ssm.onUnlockingUser-0_com.android.server.textservices.TextServicesManagerService$Lifecycle
12-14 03:22:24.399 1500 1803 I StorageManagerService: Mounting volume VolumeInfo{emulated;0}:
12-14 03:22:24.399 1500 1803 I StorageManagerService: type=EMULATED diskId=null partGuid= mountFlags=PRIMARY|VISIBLE
12-14 03:22:24.399 1500 1803 I StorageManagerService: mountUserId=0 state=UNMOUNTED
12-14 03:22:24.399 1500 1803 I StorageManagerService: fsType=null fsUuid=null fsLabel=null
12-14 03:22:24.399 1500 1803 I StorageManagerService: path=null internalPath=null
12-14 03:22:24.399 514 514 I vold : Executing sdcardfs
12-14 03:22:24.400 514 514 D vold : Waiting for sdcardfs to spin up...
12-14 03:22:24.402 1500 1621 I SystemServerTimingAsync: ssm.onUnlockingUser-0_com.android.server.textclassifier.TextClassificationManagerService$Lifecycle
12-14 03:22:24.403 1500 1621 I SystemServerTimingAsync: ssm.onUnlockingUser-0_com.android.server.NetworkScoreService$Lifecycle
12-14 03:22:24.403 1500 1621 I SystemServerTimingAsync: ssm.onUnlockingUser-0_com.android.server.wifi.WifiService
12-14 03:22:24.403 1500 1621 I SystemServerTimingAsync: ssm.onUnlockingUser-0_com.android.server.wifi.scanner.WifiScanningService
12-14 03:22:24.403 1500 1621 I SystemServerTimingAsync: ssm.onUnlockingUser-0_com.android.server.wifi.rtt.RttService
12-14 03:22:24.403 1500 1621 I SystemServerTimingAsync: ssm.onUnlockingUser-0_com.android.server.wifi.aware.WifiAwareService
12-14 03:22:24.403 1500 1621 I SystemServerTimingAsync: ssm.onUnlockingUser-0_com.android.server.wifi.p2p.WifiP2pService
12-14 03:22:24.403 1500 1621 I SystemServerTimingAsync: ssm.onUnlockingUser-0_com.android.server.ethernet.EthernetService
12-14 03:22:24.403 1500 1621 I SystemServerTimingAsync: ssm.onUnlockingUser-0_com.android.server.ConnectivityServiceInitializer
12-14 03:22:24.403 1500 1621 I SystemServerTimingAsync: ssm.onUnlockingUser-0_com.android.server.notification.NotificationManagerService
12-14 03:22:24.403 1500 1621 I SystemServerTimingAsync: ssm.onUnlockingUser-0_com.android.server.storage.DeviceStorageMonitorService
12-14 03:22:24.403 1500 1621 I SystemServerTimingAsync: ssm.onUnlockingUser-0_com.android.server.location.LocationManagerService$Lifecycle
12-14 03:22:24.403 1500 1621 I SystemServerTimingAsync: ssm.onUnlockingUser-0_com.android.server.timedetector.TimeDetectorService$Lifecycle
12-14 03:22:24.403 1500 1621 I SystemServerTimingAsync: ssm.onUnlockingUser-0_com.android.server.timezonedetector.TimeZoneDetectorService$Lifecycle
12-14 03:22:24.403 1500 1621 I SystemServerTimingAsync: ssm.onUnlockingUser-0_com.android.server.timezonedetector.location.LocationTimeZoneManagerService$Lifecycle
12-14 03:22:24.403 1500 1621 I SystemServerTimingAsync: ssm.onUnlockingUser-0_com.android.server.search.SearchManagerService$Lifecycle
12-14 03:22:24.404 1500 1621 I SystemServerTimingAsync: ssm.onUnlockingUser-0_com.android.server.wallpaper.WallpaperManagerService$Lifecycle
12-14 03:22:24.404 1500 1621 I WallpaperManagerService: on-unlock-user-0
12-14 03:22:24.404 1500 1621 I SystemServerTimingAsync: ssm.onUnlockingUser-0_com.android.server.audio.AudioService$Lifecycle
12-14 03:22:24.404 1500 1621 I SystemServerTimingAsync: ssm.onUnlockingUser-0_com.android.server.soundtrigger_middleware.SoundTriggerMiddlewareService$Lifecycle
12-14 03:22:24.404 1500 1621 I SystemServerTimingAsync: ssm.onUnlockingUser-0_com.android.server.DockObserver
12-14 03:22:24.404 1500 1621 I SystemServerTimingAsync: ssm.onUnlockingUser-0_com.android.server.midi.MidiService$Lifecycle
12-14 03:22:24.404 1500 1621 I SystemServerTimingAsync: ssm.onUnlockingUser-0_com.android.server.adb.AdbService$Lifecycle
12-14 03:22:24.404 1500 1621 I SystemServerTimingAsync: ssm.onUnlockingUser-0_com.android.server.usb.UsbService$Lifecycle
12-14 03:22:24.404 1500 1621 I SystemServerTimingAsync: ssm.onUnlockingUser-0_com.android.server.twilight.TwilightService
12-14 03:22:24.404 1500 1621 I SystemServerTimingAsync: ssm.onUnlockingUser-0_com.android.server.display.color.ColorDisplayService
12-14 03:22:24.404 1500 1621 I SystemServerTimingAsync: ssm.onUnlockingUser-0_com.android.server.job.JobSchedulerService
12-14 03:22:24.404 1500 1621 I SystemServerTimingAsync: ssm.onUnlockingUser-0_com.android.server.soundtrigger.SoundTriggerService
12-14 03:22:24.404 1500 1621 I SystemServerTimingAsync: ssm.onUnlockingUser-0_com.android.server.trust.TrustManagerService
12-14 03:22:24.404 1500 1621 I SystemServerTimingAsync: ssm.onUnlockingUser-0_com.android.server.backup.BackupManagerService$Lifecycle
12-14 03:22:24.405 1500 1621 I SystemServerTimingAsync: ssm.onUnlockingUser-0_com.android.server.appwidget.AppWidgetService
12-14 03:22:24.405 1500 1621 I SystemServerTimingAsync: ssm.onUnlockingUser-0_com.android.server.voiceinteraction.VoiceInteractionManagerService
12-14 03:22:24.405 1500 1927 I BackupManagerService: Starting service for user: 0
12-14 03:22:24.405 1500 1621 W VoiceInteractionManager: no available voice recognition services found for user 0
12-14 03:22:24.405 1500 1927 V BackupManagerService: [UserID:0] Starting with transport com.android.localtransport/.LocalTransport
12-14 03:22:24.405 2704 2704 W sdcard : Device explicitly enabled sdcardfs
12-14 03:22:24.406 1500 1927 D BackupManagerService: [UserID:0] Started thread backup-0
12-14 03:22:24.408 1500 1621 I SystemServerTimingAsync: ssm.onUnlockingUser-0_com.android.server.apphibernation.AppHibernationService
12-14 03:22:24.408 1500 1621 I SystemServerTimingAsync: ssm.onUnlockingUser-0_com.android.server.GestureLauncherService
12-14 03:22:24.408 1500 1621 I SystemServerTimingAsync: ssm.onUnlockingUser-0_com.android.server.SensorNotificationService
12-14 03:22:24.408 1500 1621 I SystemServerTimingAsync: ssm.onUnlockingUser-0_com.android.server.emergency.EmergencyAffordanceService
12-14 03:22:24.408 1500 1621 I SystemServerTimingAsync: ssm.onUnlockingUser-0_com.android.server.blob.BlobStoreManagerService
12-14 03:22:24.408 1500 1621 I SystemServerTimingAsync: ssm.onUnlockingUser-0_com.android.server.dreams.DreamManagerService
12-14 03:22:24.408 1500 1621 I SystemServerTimingAsync: ssm.onUnlockingUser-0_com.android.server.companion.CompanionDeviceManagerService
12-14 03:22:24.408 1500 2628 I HibernationStateDiskStore: No hibernation file on disk for file /data/system_ce/0/hibernation/states
12-14 03:22:24.408 1500 1621 I CompanionDeviceManagerService: Read associations from disk: {0=[]}
12-14 03:22:24.408 1500 1621 I SystemServerTimingAsync: ssm.onUnlockingUser-0_com.android.server.restrictions.RestrictionsManagerService
12-14 03:22:24.408 1500 1621 I SystemServerTimingAsync: ssm.onUnlockingUser-0_com.android.server.media.MediaSessionService
12-14 03:22:24.408 1500 1621 I SystemServerTimingAsync: ssm.onUnlockingUser-0_com.android.server.media.MediaResourceMonitorService
12-14 03:22:24.408 1500 1621 I SystemServerTimingAsync: ssm.onUnlockingUser-0_com.android.server.biometrics.sensors.fingerprint.FingerprintService
12-14 03:22:24.408 1500 1621 I SystemServerTimingAsync: ssm.onUnlockingUser-0_com.android.server.biometrics.BiometricService
12-14 03:22:24.408 1500 1621 I SystemServerTimingAsync: ssm.onUnlockingUser-0_com.android.server.biometrics.AuthService
12-14 03:22:24.408 1500 1621 I SystemServerTimingAsync: ssm.onUnlockingUser-0_com.android.server.pm.ShortcutService$Lifecycle
12-14 03:22:24.409 1500 1621 I SystemServerTimingAsync: ssm.onUnlockingUser-0_com.android.server.pm.LauncherAppsService
12-14 03:22:24.409 1500 1621 I SystemServerTimingAsync: ssm.onUnlockingUser-0_com.android.server.pm.CrossProfileAppsService
12-14 03:22:24.409 1500 1621 I SystemServerTimingAsync: ssm.onUnlockingUser-0_com.android.server.people.PeopleService
12-14 03:22:24.409 1500 1621 I SystemServerTimingAsync: ssm.onUnlockingUser-0_com.android.server.media.metrics.MediaMetricsManagerService
12-14 03:22:24.409 1500 1621 I SystemServerTimingAsync: ssm.onUnlockingUser-0_com.android.server.media.projection.MediaProjectionManagerService
12-14 03:22:24.409 1500 1621 I SystemServerTimingAsync: ssm.onUnlockingUser-0_com.android.server.slice.SliceManagerService$Lifecycle
12-14 03:22:24.409 1500 1621 I SystemServerTimingAsync: ssm.onUnlockingUser-0_com.android.server.stats.StatsCompanion$Lifecycle
12-14 03:22:24.409 1500 1621 I SystemServerTimingAsync: ssm.onUnlockingUser-0_com.android.server.scheduling.RebootReadinessManagerService$Lifecycle
12-14 03:22:24.409 1500 1621 I SystemServerTimingAsync: ssm.onUnlockingUser-0_com.android.server.stats.pull.StatsPullAtomService
12-14 03:22:24.409 1500 1621 I SystemServerTimingAsync: ssm.onUnlockingUser-0_com.android.server.incident.IncidentCompanionService
12-14 03:22:24.409 1500 1621 I SystemServerTimingAsync: ssm.onUnlockingUser-0_com.android.server.MmsServiceBroker
12-14 03:22:24.409 1500 1621 I SystemServerTimingAsync: ssm.onUnlockingUser-0_com.android.server.autofill.AutofillManagerService
12-14 03:22:24.409 1500 1621 I SystemServerTimingAsync: ssm.onUnlockingUser-0_com.android.server.clipboard.ClipboardService
12-14 03:22:24.409 1500 1621 I SystemServerTimingAsync: ssm.onUnlockingUser-0_com.android.server.appbinding.AppBindingService$Lifecycle
12-14 03:22:24.409 1500 1621 W AppBindingService: [Default SMS app] u0 Target package not found
12-14 03:22:24.409 1500 1621 I SystemServerTimingAsync: ssm.onUnlockingUser-0_com.android.server.tracing.TracingServiceProxy
12-14 03:22:24.409 1500 1621 I SystemServerTimingAsync: ssm.onUnlockingUser-0_com.android.server.policy.PermissionPolicyService
12-14 03:22:24.409 1500 1621 I SystemServerTimingAsync: ssm.onUnlockingUser-0_com.android.server.pm.StagingManager$Lifecycle
12-14 03:22:24.410 1500 1621 I SystemServerTimingAsync: ssm.onUnlockingUser-0_com.android.server.app.GameManagerService$Lifecycle
12-14 03:22:24.410 1500 1621 I SystemServerTimingAsync: ssm.onUnlockingUser-0_com.android.server.appsearch.AppSearchManagerService
12-14 03:22:24.410 1500 1621 I SystemServerTimingAsync: ssm.onUnlockingUser-0_com.android.server.media.MediaCommunicationService
12-14 03:22:24.410 1500 1621 W ActivityManager: UserLifecycleEvent 5 received without an active userJourneySession.
12-14 03:22:24.410 1500 1621 W ActivityManager: UserLifecycleEvent 6 received without an active userJourneySession.
12-14 03:22:24.410 1500 1621 I ActivityManager: User 0 state changed from RUNNING_UNLOCKING to RUNNING_UNLOCKED
12-14 03:22:24.410 1500 1592 I ActivityTaskManager: Loading recents for user 0 into memory.
12-14 03:22:24.411 1500 1621 D SystemServerTiming: SystemUserUnlock took to complete: 188ms
12-14 03:22:24.422 1500 1592 V PackageConfigPersister: loadPackages: empty list files from /data/system_ce/0/package_configs
12-14 03:22:24.423 1500 1621 D CompatibilityChangeReporter: Compat change id reported: 135634846; UID 10090; state: DISABLED
12-14 03:22:24.424 1500 1622 D CompatibilityChangeReporter: Compat change id reported: 143937733; UID 10090; state: ENABLED
12-14 03:22:24.424 1500 1621 D CompatibilityChangeReporter: Compat change id reported: 135634846; UID 10059; state: DISABLED
12-14 03:22:24.424 1500 1621 D CompatibilityChangeReporter: Compat change id reported: 177438394; UID 10059; state: DISABLED
12-14 03:22:24.424 1500 1621 D CompatibilityChangeReporter: Compat change id reported: 135772972; UID 10059; state: DISABLED
12-14 03:22:24.424 1500 1621 D CompatibilityChangeReporter: Compat change id reported: 135754954; UID 10059; state: ENABLED
12-14 03:22:24.425 1500 1621 D CompatibilityChangeReporter: Compat change id reported: 135634846; UID 10053; state: DISABLED
12-14 03:22:24.425 1500 1621 D CompatibilityChangeReporter: Compat change id reported: 177438394; UID 10053; state: DISABLED
12-14 03:22:24.425 1500 1621 D CompatibilityChangeReporter: Compat change id reported: 135772972; UID 10053; state: DISABLED
12-14 03:22:24.425 1500 1621 D CompatibilityChangeReporter: Compat change id reported: 135754954; UID 10053; state: ENABLED
12-14 03:22:24.426 1500 1621 D CompatibilityChangeReporter: Compat change id reported: 135634846; UID 10074; state: DISABLED
12-14 03:22:24.426 1500 1621 D CompatibilityChangeReporter: Compat change id reported: 177438394; UID 10074; state: DISABLED
12-14 03:22:24.426 1500 1927 E BackupPasswordManager: Unable to read backup pw version
12-14 03:22:24.426 1500 1621 D CompatibilityChangeReporter: Compat change id reported: 135772972; UID 10074; state: DISABLED
12-14 03:22:24.426 1500 1927 E BackupPasswordManager: Unable to read saved backup pw hash
12-14 03:22:24.426 1500 1621 D CompatibilityChangeReporter: Compat change id reported: 135754954; UID 10074; state: DISABLED
12-14 03:22:24.427 1500 1621 D CompatibilityChangeReporter: Compat change id reported: 135634846; UID 10087; state: DISABLED
12-14 03:22:24.427 1500 1621 D CompatibilityChangeReporter: Compat change id reported: 177438394; UID 10087; state: DISABLED
12-14 03:22:24.427 1500 1621 D CompatibilityChangeReporter: Compat change id reported: 135772972; UID 10087; state: DISABLED
12-14 03:22:24.427 1500 1621 D CompatibilityChangeReporter: Compat change id reported: 135754954; UID 10087; state: ENABLED
12-14 03:22:24.428 1500 1621 D CompatibilityChangeReporter: Compat change id reported: 135634846; UID 10085; state: DISABLED
12-14 03:22:24.428 1500 1621 D CompatibilityChangeReporter: Compat change id reported: 177438394; UID 10085; state: DISABLED
12-14 03:22:24.428 1500 1621 D CompatibilityChangeReporter: Compat change id reported: 135772972; UID 10085; state: DISABLED
12-14 03:22:24.428 1500 1621 D CompatibilityChangeReporter: Compat change id reported: 135754954; UID 10085; state: ENABLED
12-14 03:22:24.429 1500 1621 D CompatibilityChangeReporter: Compat change id reported: 135634846; UID 10079; state: DISABLED
12-14 03:22:24.429 1500 1621 D CompatibilityChangeReporter: Compat change id reported: 177438394; UID 10079; state: DISABLED
12-14 03:22:24.429 1500 1621 D CompatibilityChangeReporter: Compat change id reported: 135772972; UID 10079; state: DISABLED
12-14 03:22:24.429 1500 1621 D CompatibilityChangeReporter: Compat change id reported: 135754954; UID 10079; state: ENABLED
12-14 03:22:24.430 1500 1622 I ActivityManager: Start proc 2716:com.hht.lebocast/u0a90 for added application com.hht.lebocast
12-14 03:22:24.431 1500 1622 D CompatibilityChangeReporter: Compat change id reported: 143937733; UID 10059; state: ENABLED
12-14 03:22:24.431 1500 1621 I ActivityManager: Posting BOOT_COMPLETED user #0
12-14 03:22:24.433 1500 1621 I SystemServerTimingAsync: ssm.UnlockedUser-0
12-14 03:22:24.433 1500 1621 I SystemServiceManager: Calling onUnlockedUser 0
12-14 03:22:24.433 1500 1621 I SystemServerTimingAsync: ssm.onUnlockedUser-0_com.android.server.security.FileIntegrityService
12-14 03:22:24.433 1500 1621 I SystemServerTimingAsync: ssm.onUnlockedUser-0_com.android.server.pm.Installer
12-14 03:22:24.433 1500 1621 I SystemServerTimingAsync: ssm.onUnlockedUser-0_com.android.server.os.DeviceIdentifiersPolicyService
12-14 03:22:24.433 1500 1621 I SystemServerTimingAsync: ssm.onUnlockedUser-0_com.android.server.uri.UriGrantsManagerService$Lifecycle
12-14 03:22:24.433 1500 1621 I SystemServerTimingAsync: ssm.onUnlockedUser-0_com.android.server.powerstats.PowerStatsService
12-14 03:22:24.433 1500 1621 I SystemServerTimingAsync: ssm.onUnlockedUser-0_com.android.server.wm.ActivityTaskManagerService$Lifecycle
12-14 03:22:24.434 1500 1621 I LaunchParamsPersister: Didn't find launch param folder for user 0
12-14 03:22:24.434 1500 1621 I SystemServerTimingAsync: ssm.onUnlockedUser-0_com.android.server.am.ActivityManagerService$Lifecycle
12-14 03:22:24.434 1500 1621 I SystemServerTimingAsync: ssm.onUnlockedUser-0_com.android.server.pm.DataLoaderManagerService
12-14 03:22:24.434 1500 1621 I SystemServerTimingAsync: ssm.onUnlockedUser-0_com.android.server.power.PowerManagerService
12-14 03:22:24.434 1500 1621 I SystemServerTimingAsync: ssm.onUnlockedUser-0_com.android.server.power.ThermalManagerService
12-14 03:22:24.434 1500 1621 I SystemServerTimingAsync: ssm.onUnlockedUser-0_com.android.server.power.hint.HintManagerService
12-14 03:22:24.434 1500 1621 I SystemServerTimingAsync: ssm.onUnlockedUser-0_com.android.server.recoverysystem.RecoverySystemService$Lifecycle
12-14 03:22:24.434 1500 1621 I SystemServerTimingAsync: ssm.onUnlockedUser-0_com.android.server.lights.LightsService
12-14 03:22:24.434 1500 1621 I SystemServerTimingAsync: ssm.onUnlockedUser-0_com.android.server.display.DisplayManagerService
12-14 03:22:24.434 1500 1621 I SystemServerTimingAsync: ssm.onUnlockedUser-0_com.android.server.pm.verify.domain.DomainVerificationService
12-14 03:22:24.434 1500 1621 I SystemServerTimingAsync: ssm.onUnlockedUser-0_com.android.server.pm.PackageInstallerService$Lifecycle
12-14 03:22:24.434 1500 1621 I SystemServerTimingAsync: ssm.onUnlockedUser-0_com.android.server.pm.UserManagerService$LifeCycle
12-14 03:22:24.434 1500 1621 I SystemServerTimingAsync: ssm.onUnlockedUser-0_com.android.server.om.OverlayManagerService
12-14 03:22:24.435 1500 1621 I SystemServerTimingAsync: ssm.onUnlockedUser-0_com.android.server.SensorPrivacyService
12-14 03:22:24.435 1500 1621 I SystemServerTimingAsync: ssm.onUnlockedUser-0_com.android.server.sensors.SensorService
12-14 03:22:24.435 1500 1621 I SystemServerTimingAsync: ssm.onUnlockedUser-0_com.android.server.SystemConfigService
12-14 03:22:24.435 1500 1621 I SystemServerTimingAsync: ssm.onUnlockedUser-0_com.android.server.BatteryService
12-14 03:22:24.435 1500 1621 I SystemServerTimingAsync: ssm.onUnlockedUser-0_com.android.server.usage.UsageStatsService
12-14 03:22:24.435 1500 1621 I SystemServerTimingAsync: ssm.onUnlockedUser-0_com.android.server.webkit.WebViewUpdateService
12-14 03:22:24.435 1500 1621 I SystemServerTimingAsync: ssm.onUnlockedUser-0_com.android.server.CachedDeviceStateService
12-14 03:22:24.435 1500 1621 I SystemServerTimingAsync: ssm.onUnlockedUser-0_com.android.server.BinderCallsStatsService$LifeCycle
12-14 03:22:24.435 1500 1621 I SystemServerTimingAsync: ssm.onUnlockedUser-0_com.android.server.LooperStatsService$Lifecycle
12-14 03:22:24.435 1500 1621 I SystemServerTimingAsync: ssm.onUnlockedUser-0_com.android.server.rollback.RollbackManagerService
12-14 03:22:24.435 1500 1621 I SystemServerTimingAsync: ssm.onUnlockedUser-0_com.android.server.os.NativeTombstoneManagerService
12-14 03:22:24.435 1500 1621 I SystemServerTimingAsync: ssm.onUnlockedUser-0_com.android.server.os.BugreportManagerService
12-14 03:22:24.435 1500 1621 I SystemServerTimingAsync: ssm.onUnlockedUser-0_com.android.server.gpu.GpuService
12-14 03:22:24.435 1500 1621 I SystemServerTimingAsync: ssm.onUnlockedUser-0_com.android.server.security.KeyChainSystemService
12-14 03:22:24.435 1500 1621 I SystemServerTimingAsync: ssm.onUnlockedUser-0_com.android.server.telecom.TelecomLoaderService
12-14 03:22:24.435 1500 1621 I SystemServerTimingAsync: ssm.onUnlockedUser-0_com.android.server.accounts.AccountManagerService$Lifecycle
12-14 03:22:24.435 1500 1621 I SystemServerTimingAsync: ssm.onUnlockedUser-0_com.android.server.content.ContentService$Lifecycle
12-14 03:22:24.435 1500 1621 I SystemServerTimingAsync: ssm.onUnlockedUser-0_com.android.server.DropBoxManagerService
12-14 03:22:24.435 1500 1621 I SystemServerTimingAsync: ssm.onUnlockedUser-0_com.android.role.RoleService
12-14 03:22:24.435 1500 1621 I SystemServerTimingAsync: ssm.onUnlockedUser-0_com.android.server.vibrator.VibratorManagerService$Lifecycle
12-14 03:22:24.435 1500 1621 I SystemServerTimingAsync: ssm.onUnlockedUser-0_com.android.server.alarm.AlarmManagerService
12-14 03:22:24.435 1500 1621 I SystemServerTimingAsync: ssm.onUnlockedUser-0_com.android.server.devicestate.DeviceStateManagerService
12-14 03:22:24.435 1500 1621 I SystemServerTimingAsync: ssm.onUnlockedUser-0_com.android.server.camera.CameraServiceProxy
12-14 03:22:24.435 1500 1621 I SystemServerTimingAsync: ssm.onUnlockedUser-0_com.android.server.BluetoothService
12-14 03:22:24.435 1500 1621 I SystemServerTimingAsync: ssm.onUnlockedUser-0_com.android.server.connectivity.IpConnectivityMetrics
12-14 03:22:24.435 1500 1621 I SystemServerTimingAsync: ssm.onUnlockedUser-0_com.android.server.net.watchlist.NetworkWatchlistService$Lifecycle
12-14 03:22:24.435 1500 1621 I SystemServerTimingAsync: ssm.onUnlockedUser-0_com.android.server.PinnerService
12-14 03:22:24.435 1500 1621 I SystemServerTimingAsync: ssm.onUnlockedUser-0_com.google.android.startop.iorap.IorapForwardingService
12-14 03:22:24.435 1500 1621 I SystemServerTimingAsync: ssm.onUnlockedUser-0_com.android.server.ActivityTriggerService
12-14 03:22:24.435 1500 1621 I SystemServerTimingAsync: ssm.onUnlockedUser-0_com.android.server.integrity.AppIntegrityManagerService
12-14 03:22:24.435 1500 1621 I SystemServerTimingAsync: ssm.onUnlockedUser-0_com.android.server.inputmethod.InputMethodManagerService$Lifecycle
12-14 03:22:24.435 1500 1621 I SystemServerTimingAsync: ssm.onUnlockedUser-0_com.android.server.accessibility.AccessibilityManagerService$Lifecycle
12-14 03:22:24.435 1500 1621 I SystemServerTimingAsync: ssm.onUnlockedUser-0_com.android.server.StorageManagerService$Lifecycle
12-14 03:22:24.435 1500 1621 I SystemServerTimingAsync: ssm.onUnlockedUser-0_com.android.server.usage.StorageStatsService$Lifecycle
12-14 03:22:24.435 1500 1621 I SystemServerTimingAsync: ssm.onUnlockedUser-0_com.android.server.UiModeManagerService
12-14 03:22:24.435 1500 1621 I SystemServerTimingAsync: ssm.onUnlockedUser-0_com.android.server.locksettings.LockSettingsService$Lifecycle
12-14 03:22:24.435 1500 1621 I SystemServerTimingAsync: ssm.onUnlockedUser-0_com.android.server.PersistentDataBlockService
12-14 03:22:24.435 1500 1621 I SystemServerTimingAsync: ssm.onUnlockedUser-0_com.android.server.testharness.TestHarnessModeService
12-14 03:22:24.435 1500 1621 I SystemServerTimingAsync: ssm.onUnlockedUser-0_com.android.server.oemlock.OemLockService
12-14 03:22:24.435 1500 1621 I SystemServerTimingAsync: ssm.onUnlockedUser-0_com.android.server.DeviceIdleController
12-14 03:22:24.435 1500 1621 I SystemServerTimingAsync: ssm.onUnlockedUser-0_com.android.server.devicepolicy.DevicePolicyManagerService$Lifecycle
12-14 03:22:24.435 1500 1621 I SystemServerTimingAsync: ssm.onUnlockedUser-0_com.android.server.texttospeech.TextToSpeechManagerService
12-14 03:22:24.435 1500 1621 I SystemServerTimingAsync: ssm.onUnlockedUser-0_com.android.server.speech.SpeechRecognitionManagerService
12-14 03:22:24.435 1500 1621 I SystemServerTimingAsync: ssm.onUnlockedUser-0_com.android.server.searchui.SearchUiManagerService
12-14 03:22:24.435 1500 1621 I SystemServerTimingAsync: ssm.onUnlockedUser-0_com.android.server.smartspace.SmartspaceManagerService
12-14 03:22:24.435 1500 1621 I SystemServerTimingAsync: ssm.onUnlockedUser-0_com.android.server.graphics.fonts.FontManagerService$Lifecycle
12-14 03:22:24.435 1500 1621 I SystemServerTimingAsync: ssm.onUnlockedUser-0_com.android.server.textservices.TextServicesManagerService$Lifecycle
12-14 03:22:24.435 1500 1621 I SystemServerTimingAsync: ssm.onUnlockedUser-0_com.android.server.textclassifier.TextClassificationManagerService$Lifecycle
12-14 03:22:24.435 1500 1621 I SystemServerTimingAsync: ssm.onUnlockedUser-0_com.android.server.NetworkScoreService$Lifecycle
12-14 03:22:24.435 1500 1621 I SystemServerTimingAsync: ssm.onUnlockedUser-0_com.android.server.wifi.WifiService
12-14 03:22:24.435 1500 1621 I SystemServerTimingAsync: ssm.onUnlockedUser-0_com.android.server.wifi.scanner.WifiScanningService
12-14 03:22:24.435 1500 1621 I SystemServerTimingAsync: ssm.onUnlockedUser-0_com.android.server.wifi.rtt.RttService
12-14 03:22:24.435 1500 1621 I SystemServerTimingAsync: ssm.onUnlockedUser-0_com.android.server.wifi.aware.WifiAwareService
12-14 03:22:24.435 1500 1621 I SystemServerTimingAsync: ssm.onUnlockedUser-0_com.android.server.wifi.p2p.WifiP2pService
12-14 03:22:24.435 1500 1621 I SystemServerTimingAsync: ssm.onUnlockedUser-0_com.android.server.ethernet.EthernetService
12-14 03:22:24.435 1500 1621 I SystemServerTimingAsync: ssm.onUnlockedUser-0_com.android.server.ConnectivityServiceInitializer
12-14 03:22:24.435 1500 1621 I SystemServerTimingAsync: ssm.onUnlockedUser-0_com.android.server.notification.NotificationManagerService
12-14 03:22:24.436 1500 1621 I SystemServerTimingAsync: ssm.onUnlockedUser-0_com.android.server.storage.DeviceStorageMonitorService
12-14 03:22:24.436 1500 1621 I SystemServerTimingAsync: ssm.onUnlockedUser-0_com.android.server.location.LocationManagerService$Lifecycle
12-14 03:22:24.436 1500 1621 I SystemServerTimingAsync: ssm.onUnlockedUser-0_com.android.server.timedetector.TimeDetectorService$Lifecycle
12-14 03:22:24.436 1500 1621 I SystemServerTimingAsync: ssm.onUnlockedUser-0_com.android.server.timezonedetector.TimeZoneDetectorService$Lifecycle
12-14 03:22:24.436 1500 1621 I SystemServerTimingAsync: ssm.onUnlockedUser-0_com.android.server.timezonedetector.location.LocationTimeZoneManagerService$Lifecycle
12-14 03:22:24.436 1500 1621 I SystemServerTimingAsync: ssm.onUnlockedUser-0_com.android.server.search.SearchManagerService$Lifecycle
12-14 03:22:24.436 1500 1621 I SystemServerTimingAsync: ssm.onUnlockedUser-0_com.android.server.wallpaper.WallpaperManagerService$Lifecycle
12-14 03:22:24.436 1500 1621 I SystemServerTimingAsync: ssm.onUnlockedUser-0_com.android.server.audio.AudioService$Lifecycle
12-14 03:22:24.436 1500 1621 I SystemServerTimingAsync: ssm.onUnlockedUser-0_com.android.server.soundtrigger_middleware.SoundTriggerMiddlewareService$Lifecycle
12-14 03:22:24.436 1500 1621 I SystemServerTimingAsync: ssm.onUnlockedUser-0_com.android.server.DockObserver
12-14 03:22:24.436 1500 1621 I SystemServerTimingAsync: ssm.onUnlockedUser-0_com.android.server.midi.MidiService$Lifecycle
12-14 03:22:24.436 1500 1621 I SystemServerTimingAsync: ssm.onUnlockedUser-0_com.android.server.adb.AdbService$Lifecycle
12-14 03:22:24.436 1500 1621 I SystemServerTimingAsync: ssm.onUnlockedUser-0_com.android.server.usb.UsbService$Lifecycle
12-14 03:22:24.436 1500 1621 I SystemServerTimingAsync: ssm.onUnlockedUser-0_com.android.server.twilight.TwilightService
12-14 03:22:24.436 1500 1621 I SystemServerTimingAsync: ssm.onUnlockedUser-0_com.android.server.display.color.ColorDisplayService
12-14 03:22:24.436 1500 1621 I SystemServerTimingAsync: ssm.onUnlockedUser-0_com.android.server.job.JobSchedulerService
12-14 03:22:24.436 1500 1621 I SystemServerTimingAsync: ssm.onUnlockedUser-0_com.android.server.soundtrigger.SoundTriggerService
12-14 03:22:24.436 1500 1621 I SystemServerTimingAsync: ssm.onUnlockedUser-0_com.android.server.trust.TrustManagerService
12-14 03:22:24.436 1500 1621 I SystemServerTimingAsync: ssm.onUnlockedUser-0_com.android.server.backup.BackupManagerService$Lifecycle
12-14 03:22:24.436 1500 1621 I SystemServerTimingAsync: ssm.onUnlockedUser-0_com.android.server.appwidget.AppWidgetService
12-14 03:22:24.436 1500 1621 I SystemServerTimingAsync: ssm.onUnlockedUser-0_com.android.server.voiceinteraction.VoiceInteractionManagerService
12-14 03:22:24.436 1500 1621 I SystemServerTimingAsync: ssm.onUnlockedUser-0_com.android.server.apphibernation.AppHibernationService
12-14 03:22:24.436 1500 1621 I SystemServerTimingAsync: ssm.onUnlockedUser-0_com.android.server.GestureLauncherService
12-14 03:22:24.436 1500 1621 I SystemServerTimingAsync: ssm.onUnlockedUser-0_com.android.server.SensorNotificationService
12-14 03:22:24.436 1500 1621 I SystemServerTimingAsync: ssm.onUnlockedUser-0_com.android.server.emergency.EmergencyAffordanceService
12-14 03:22:24.436 1500 1621 I SystemServerTimingAsync: ssm.onUnlockedUser-0_com.android.server.blob.BlobStoreManagerService
12-14 03:22:24.436 1500 1621 I SystemServerTimingAsync: ssm.onUnlockedUser-0_com.android.server.dreams.DreamManagerService
12-14 03:22:24.436 1500 1621 I SystemServerTimingAsync: ssm.onUnlockedUser-0_com.android.server.companion.CompanionDeviceManagerService
12-14 03:22:24.436 1500 1621 I SystemServerTimingAsync: ssm.onUnlockedUser-0_com.android.server.restrictions.RestrictionsManagerService
12-14 03:22:24.436 1500 1621 I SystemServerTimingAsync: ssm.onUnlockedUser-0_com.android.server.media.MediaSessionService
12-14 03:22:24.436 1500 1621 I SystemServerTimingAsync: ssm.onUnlockedUser-0_com.android.server.media.MediaResourceMonitorService
12-14 03:22:24.436 1500 1621 I SystemServerTimingAsync: ssm.onUnlockedUser-0_com.android.server.biometrics.sensors.fingerprint.FingerprintService
12-14 03:22:24.436 1500 1621 I SystemServerTimingAsync: ssm.onUnlockedUser-0_com.android.server.biometrics.BiometricService
12-14 03:22:24.436 1500 1621 I SystemServerTimingAsync: ssm.onUnlockedUser-0_com.android.server.biometrics.AuthService
12-14 03:22:24.436 1500 1621 I SystemServerTimingAsync: ssm.onUnlockedUser-0_com.android.server.pm.ShortcutService$Lifecycle
12-14 03:22:24.436 1500 1621 I SystemServerTimingAsync: ssm.onUnlockedUser-0_com.android.server.pm.LauncherAppsService
12-14 03:22:24.436 1500 1621 I SystemServerTimingAsync: ssm.onUnlockedUser-0_com.android.server.pm.CrossProfileAppsService
12-14 03:22:24.436 1500 1621 I SystemServerTimingAsync: ssm.onUnlockedUser-0_com.android.server.people.PeopleService
12-14 03:22:24.439 1500 2037 D CompatibilityChangeReporter: Compat change id reported: 168419799; UID 10084; state: DISABLED
01-01 09:20:28.986 0 0 I android_work: sent uevent USB_STATE=DISCONNECTED
12-14 03:22:24.444 1500 2052 I ActivityTaskManager: START u0 {act=android.intent.action.MAIN cat=[android.intent.category.HOME] flg=0x10000100 cmp=com.android.launcher3/.uioverrides.QuickstepLauncher (has extras)} from uid 0
12-14 03:22:24.445 1500 1621 I SystemServerTimingAsync: ssm.onUnlockedUser-0_com.android.server.media.metrics.MediaMetricsManagerService
12-14 03:22:24.445 1500 1621 I SystemServerTimingAsync: ssm.onUnlockedUser-0_com.android.server.media.projection.MediaProjectionManagerService
12-14 03:22:24.445 1500 1621 I SystemServerTimingAsync: ssm.onUnlockedUser-0_com.android.server.slice.SliceManagerService$Lifecycle
12-14 03:22:24.445 1500 1621 I SystemServerTimingAsync: ssm.onUnlockedUser-0_com.android.server.stats.StatsCompanion$Lifecycle
12-14 03:22:24.445 1500 1621 I SystemServerTimingAsync: ssm.onUnlockedUser-0_com.android.server.scheduling.RebootReadinessManagerService$Lifecycle
12-14 03:22:24.445 1500 1621 I SystemServerTimingAsync: ssm.onUnlockedUser-0_com.android.server.stats.pull.StatsPullAtomService
12-14 03:22:24.445 1500 1621 I SystemServerTimingAsync: ssm.onUnlockedUser-0_com.android.server.incident.IncidentCompanionService
12-14 03:22:24.445 1500 1621 I SystemServerTimingAsync: ssm.onUnlockedUser-0_com.android.server.MmsServiceBroker
12-14 03:22:24.445 1500 1621 I SystemServerTimingAsync: ssm.onUnlockedUser-0_com.android.server.autofill.AutofillManagerService
12-14 03:22:24.445 1500 1621 I SystemServerTimingAsync: ssm.onUnlockedUser-0_com.android.server.clipboard.ClipboardService
12-14 03:22:24.445 1500 1621 I SystemServerTimingAsync: ssm.onUnlockedUser-0_com.android.server.appbinding.AppBindingService$Lifecycle
12-14 03:22:24.445 1500 1621 I SystemServerTimingAsync: ssm.onUnlockedUser-0_com.android.server.tracing.TracingServiceProxy
12-14 03:22:24.445 1500 1621 I SystemServerTimingAsync: ssm.onUnlockedUser-0_com.android.server.policy.PermissionPolicyService
12-14 03:22:24.445 1500 1621 I SystemServerTimingAsync: ssm.onUnlockedUser-0_com.android.server.pm.StagingManager$Lifecycle
12-14 03:22:24.445 1500 1621 I SystemServerTimingAsync: ssm.onUnlockedUser-0_com.android.server.app.GameManagerService$Lifecycle
12-14 03:22:24.445 1500 1621 I SystemServerTimingAsync: ssm.onUnlockedUser-0_com.android.server.appsearch.AppSearchManagerService
12-14 03:22:24.445 1500 1621 I SystemServerTimingAsync: ssm.onUnlockedUser-0_com.android.server.media.MediaCommunicationService
12-14 03:22:24.445 1500 1621 W ActivityManager: UserLifecycleEvent 6 received without an active userJourneySession.
12-14 03:22:24.447 1500 2706 V BackupManagerConstants: getKeyValueBackupIntervalMilliseconds(...) returns 14400000
12-14 03:22:24.448 1500 2706 V BackupManagerConstants: getKeyValueBackupFuzzMilliseconds(...) returns 600000
12-14 03:22:24.448 1500 2706 V BackupManagerConstants: getKeyValueBackupRequiredNetworkType(...) returns 1
12-14 03:22:24.448 1500 2706 V BackupManagerConstants: getKeyValueBackupRequireCharging(...) returns true
12-14 03:22:24.448 1500 2706 V KeyValueBackupJob: Scheduling k/v pass in 240 minutes
12-14 03:22:24.449 1500 1927 V BackupManagerService: [UserID:0] No ancestral data
12-14 03:22:24.449 1500 2052 D CompatibilityChangeReporter: Compat change id reported: 184838306; UID 10080; state: DISABLED
12-14 03:22:24.450 1500 2052 D CompatibilityChangeReporter: Compat change id reported: 185004937; UID 10080; state: DISABLED
12-14 03:22:24.451 1500 1614 I UsageStatsService: User[0] Rollover scheduled @ 2022-12-15 03:22:24(1671045744423)
12-14 03:22:24.451 1500 2052 D CompatibilityChangeReporter: Compat change id reported: 181136395; UID 10080; state: DISABLED
12-14 03:22:24.452 1500 1614 I UsageStatsService: Time changed in by 1670954515 seconds
12-14 03:22:24.453 514 514 I vold : Mounting emulated fuse volume
12-14 03:22:24.453 1500 2052 D CompatibilityChangeReporter: Compat change id reported: 174042936; UID 10080; state: DISABLED
12-14 03:22:24.454 1500 2052 D CompatibilityChangeReporter: Compat change id reported: 174042980; UID 10080; state: DISABLED
01-01 09:20:28.994 0 0 I binder : 2716:2716 ioctl 40046210 ffe658d8 returned -22
01-01 09:20:28.998 0 0 I binder : 2719:2719 ioctl 40046210 7fcb2c89a4 returned -22
12-14 03:22:24.462 1500 2052 I ActivityTaskManager: FOREGROUND_APPLICATION_CHANGED to com.android.launcher3.uioverrides.QuickstepLauncher
12-14 03:22:24.462 1500 2052 I ActivityTaskManager: The Process com.android.launcher3 Already Exists in BG. So sending its PID: 2529
12-14 03:22:24.468 1500 1614 I UsageStatsService: User[0] Flushing usage stats to disk
12-14 03:22:24.470 514 514 I vold : Bind mounting /mnt/runtime/full/emulated to /mnt/pass_through/0/emulated
12-14 03:22:24.471 1500 1803 I StorageSessionController: On volume mount VolumeInfo{emulated;0}:
12-14 03:22:24.471 1500 1803 I StorageSessionController: type=EMULATED diskId=null partGuid= mountFlags=PRIMARY|VISIBLE
12-14 03:22:24.471 1500 1803 I StorageSessionController: mountUserId=0 state=CHECKING
12-14 03:22:24.471 1500 1803 I StorageSessionController: fsType=null fsUuid=null fsLabel=null
12-14 03:22:24.471 1500 1803 I StorageSessionController: path=/storage/emulated internalPath=/data/media
12-14 03:22:24.471 1500 1803 I StorageSessionController: Creating connection for user: 0
12-14 03:22:24.472 1500 1803 I StorageSessionController: Creating and starting session with id: emulated;0
12-14 03:22:24.472 1500 1803 I StorageUserConnection: Binding to the ExternalStorageService for user 0
12-14 03:22:24.474 1500 2717 E TaskPersister: File error accessing recents directory (directory doesn't exist?).
12-14 03:22:24.477 1500 1592 I AppWidgetServiceImpl: Processing of handleUserUnlocked u0 took 42 ms
12-14 03:22:24.477 1500 1622 W ActivityManager: Slow operation: 53ms so far, now at startProcess: done updating battery stats
12-14 03:22:24.478 1500 1622 W ActivityManager: Slow operation: 54ms so far, now at startProcess: building log message
12-14 03:22:24.478 1500 1622 I ActivityManager: Start proc 2719:ts.car.uart/u0a59 for added application ts.car.uart
12-14 03:22:24.478 1500 1622 W ActivityManager: Slow operation: 54ms so far, now at startProcess: starting to update pids map
12-14 03:22:24.478 1500 1622 W ActivityManager: Slow operation: 54ms so far, now at startProcess: done updating pids map
