12-14 03:24:07.598 3816 3816 D GameMode_GameSettingsObserver: Game Data change!!!! uri = content://com.thundercomm.gamemode.api/gamemode_settings/gamemode_isgaming
12-14 03:24:07.598 3816 3816 D GameModeIF_GameModeSettings: getUriFor setting_content_uri_root = content://com.thundercomm.gamemode.api/gamemode_settings , name = gamemode_isgaming
12-14 03:24:07.600 1500 1977 E DisplayDeviceConfig: requesting nits when no mapping exists.
12-14 03:24:07.600 1500 1977 E DisplayDeviceConfig: requesting nits when no mapping exists.
12-14 03:24:07.601 1500 1500 I GameModeConfig: isGameModeOn = true
12-14 03:24:07.601 1500 1500 I GameModeConfig: isGaming = false
12-14 03:24:07.601 1500 1500 I GameModeConfig: isGameModeOn = true
12-14 03:24:07.601 1500 1500 I GameModeConfig: isGaming = false
12-14 03:24:07.601 1500 1500 I GameModeConfig: isDisableVoice = true
12-14 03:24:07.609 3816 3816 D GameMode_GameModeService: updateGlobalSettings = gamemode_isgaming
12-14 03:24:07.617 1500 1977 E DisplayDeviceConfig: requesting nits when no mapping exists.
12-14 03:24:07.617 1500 1977 E DisplayDeviceConfig: requesting nits when no mapping exists.
12-14 03:24:07.634 1500 1977 E DisplayDeviceConfig: requesting nits when no mapping exists.
12-14 03:24:07.634 1500 1977 E DisplayDeviceConfig: requesting nits when no mapping exists.
12-14 03:24:07.650 1500 1977 E DisplayDeviceConfig: requesting nits when no mapping exists.
12-14 03:24:07.650 1500 1977 E DisplayDeviceConfig: requesting nits when no mapping exists.
12-14 03:24:07.668 1500 1977 E DisplayDeviceConfig: requesting nits when no mapping exists.
12-14 03:24:07.668 1500 1977 E DisplayDeviceConfig: requesting nits when no mapping exists.
12-14 03:24:07.685 1500 1977 E DisplayDeviceConfig: requesting nits when no mapping exists.
12-14 03:24:07.685 1500 1977 E DisplayDeviceConfig: requesting nits when no mapping exists.
12-14 03:24:07.701 1500 1977 E DisplayDeviceConfig: requesting nits when no mapping exists.
12-14 03:24:07.701 1500 1977 E DisplayDeviceConfig: requesting nits when no mapping exists.
12-14 03:24:07.718 1500 1977 E DisplayDeviceConfig: requesting nits when no mapping exists.
12-14 03:24:07.719 1500 1977 E DisplayDeviceConfig: requesting nits when no mapping exists.
12-14 03:24:07.733 1500 1977 E DisplayDeviceConfig: requesting nits when no mapping exists.
12-14 03:24:07.734 1500 1977 E DisplayDeviceConfig: requesting nits when no mapping exists.
12-14 03:24:07.745 1500 1500 I GameModeConfig: isGameModeOn = true
12-14 03:24:07.745 1500 1500 I GameModeConfig: isGaming = false
12-14 03:24:07.748 3816 3816 V GameMode_GameTypeUtils: judge isGame:com.thundercomm.screensaver
12-14 03:24:07.748 3816 3816 E GameMode_GameModeNotificationListenerService: title :content :,PackageName:com.android.systemui,isGameModeOn:true,isBulletScreenOn:false,isBulletScreenPackage:false
12-14 03:24:07.756 1500 1977 E DisplayDeviceConfig: requesting nits when no mapping exists.
12-14 03:24:07.757 1500 1977 E DisplayDeviceConfig: requesting nits when no mapping exists.
12-14 03:24:07.762 2000 2000 D InterruptionStateProvider: No bubble up: not allowed to bubble: 0|com.android.systemui|2048|null|10082
12-14 03:24:07.764 2000 2000 D InterruptionStateProvider: No heads up: unimportant notification: 0|com.android.systemui|2048|null|10082
12-14 03:24:07.768 1500 1977 E DisplayDeviceConfig: requesting nits when no mapping exists.
12-14 03:24:07.769 1500 1977 E DisplayDeviceConfig: requesting nits when no mapping exists.
12-14 03:24:07.781 2000 2436 D PeopleSpaceWidgetMgr: Sbn doesn't contain valid PeopleTileKey: null/0/com.android.systemui
12-14 03:24:07.785 1500 1977 E DisplayDeviceConfig: requesting nits when no mapping exists.
12-14 03:24:07.785 1500 1977 E DisplayDeviceConfig: requesting nits when no mapping exists.
12-14 03:24:07.801 1500 1977 E DisplayDeviceConfig: requesting nits when no mapping exists.
12-14 03:24:07.802 1500 1977 E DisplayDeviceConfig: requesting nits when no mapping exists.
12-14 03:24:07.817 1500 1977 E DisplayDeviceConfig: requesting nits when no mapping exists.
12-14 03:24:07.817 1500 1977 E DisplayDeviceConfig: requesting nits when no mapping exists.
12-14 03:24:07.834 1500 1977 E DisplayDeviceConfig: requesting nits when no mapping exists.
12-14 03:24:07.834 1500 1977 E DisplayDeviceConfig: requesting nits when no mapping exists.
12-14 03:24:07.851 1500 1977 E DisplayDeviceConfig: requesting nits when no mapping exists.
12-14 03:24:07.851 1500 1977 E DisplayDeviceConfig: requesting nits when no mapping exists.
12-14 03:24:07.868 1500 1977 E DisplayDeviceConfig: requesting nits when no mapping exists.
12-14 03:24:07.869 1500 1977 E DisplayDeviceConfig: requesting nits when no mapping exists.
12-14 03:24:07.885 1500 1977 E DisplayDeviceConfig: requesting nits when no mapping exists.
12-14 03:24:07.885 1500 1977 E DisplayDeviceConfig: requesting nits when no mapping exists.
12-14 03:24:07.903 1500 1977 E DisplayDeviceConfig: requesting nits when no mapping exists.
12-14 03:24:07.904 1500 1977 E DisplayDeviceConfig: requesting nits when no mapping exists.
12-14 03:24:07.918 1500 1977 E DisplayDeviceConfig: requesting nits when no mapping exists.
12-14 03:24:07.919 1500 1977 E DisplayDeviceConfig: requesting nits when no mapping exists.
12-14 03:24:07.936 1500 1977 E DisplayDeviceConfig: requesting nits when no mapping exists.
12-14 03:24:07.937 1500 1977 E DisplayDeviceConfig: requesting nits when no mapping exists.
12-14 03:24:07.952 1500 1977 E DisplayDeviceConfig: requesting nits when no mapping exists.
12-14 03:24:07.953 1500 1977 E DisplayDeviceConfig: requesting nits when no mapping exists.
12-14 03:24:07.970 1500 1977 E DisplayDeviceConfig: requesting nits when no mapping exists.
12-14 03:24:07.970 1500 1977 E DisplayDeviceConfig: requesting nits when no mapping exists.
01-01 09:22:12.513 0 0 D : mv2112_read_status
01-01 09:22:12.513 0 0 D mv2112_update_link: 3.0x901(1G): 0x80
01-01 09:22:12.513 0 0 D mv2112_update_link: 3.0x8109(100M): 0x8
01-01 09:22:12.513 0 0 D mv2112_update_link: link 0x0
01-01 09:22:12.513 0 0 D mv2112_read_status: autoneg is disabled
12-14 03:24:07.986 1500 1977 E DisplayDeviceConfig: requesting nits when no mapping exists.
12-14 03:24:07.988 1500 1977 E DisplayDeviceConfig: requesting nits when no mapping exists.
12-14 03:24:08.003 1500 1977 E DisplayDeviceConfig: requesting nits when no mapping exists.
12-14 03:24:08.005 1500 1977 E DisplayDeviceConfig: requesting nits when no mapping exists.
12-14 03:24:08.019 1500 1977 E DisplayDeviceConfig: requesting nits when no mapping exists.
12-14 03:24:08.019 1500 1977 E DisplayDeviceConfig: requesting nits when no mapping exists.
12-14 03:24:08.039 1500 1977 E DisplayDeviceConfig: requesting nits when no mapping exists.
12-14 03:24:08.040 1500 1977 E DisplayDeviceConfig: requesting nits when no mapping exists.
12-14 03:24:08.052 1500 1977 E DisplayDeviceConfig: requesting nits when no mapping exists.
12-14 03:24:08.053 1500 1977 E DisplayDeviceConfig: requesting nits when no mapping exists.
12-14 03:24:08.067 1500 1977 E DisplayDeviceConfig: requesting nits when no mapping exists.
12-14 03:24:08.068 1500 1977 E DisplayDeviceConfig: requesting nits when no mapping exists.
12-14 03:24:08.086 1500 1977 E DisplayDeviceConfig: requesting nits when no mapping exists.
12-14 03:24:08.087 1500 1977 E DisplayDeviceConfig: requesting nits when no mapping exists.
12-14 03:24:08.101 1500 1977 E DisplayDeviceConfig: requesting nits when no mapping exists.
12-14 03:24:08.101 1500 1977 E DisplayDeviceConfig: requesting nits when no mapping exists.
12-14 03:24:08.121 1500 1977 E DisplayDeviceConfig: requesting nits when no mapping exists.
12-14 03:24:08.123 1500 1977 E DisplayDeviceConfig: requesting nits when no mapping exists.
12-14 03:24:08.126 1500 4406 I AdrenoGLES-0: QUALCOMM build : 47421dbee6, I139f36ad46
12-14 03:24:08.126 1500 4406 I AdrenoGLES-0: Build Date : 02/18/22
12-14 03:24:08.126 1500 4406 I AdrenoGLES-0: OpenGL ES Shader Compiler Version: EV031.32.02.17
12-14 03:24:08.126 1500 4406 I AdrenoGLES-0: Local Branch :
12-14 03:24:08.126 1500 4406 I AdrenoGLES-0: Remote Branch :
12-14 03:24:08.126 1500 4406 I AdrenoGLES-0: Remote Branch :
12-14 03:24:08.126 1500 4406 I AdrenoGLES-0: Reconstruct Branch :
12-14 03:24:08.126 1500 4406 I AdrenoGLES-0: Build Config : S P 10.0.7 AArch64
12-14 03:24:08.126 1500 4406 I AdrenoGLES-0: Driver Path : /vendor/lib64/egl/libGLESv2_adreno.so
12-14 03:24:08.129 500 500 I hwservicemanager: getTransport: Cannot find entry android.hardware.graphics.mapper@4.0::IMapper/default in either framework or device VINTF manifest.
12-14 03:24:08.132 1500 4406 I AdrenoGLES-0: PFP: 0x016dd093, ME: 0x00000000
12-14 03:24:08.134 1500 1977 E DisplayDeviceConfig: requesting nits when no mapping exists.
12-14 03:24:08.135 1500 1977 E DisplayDeviceConfig: requesting nits when no mapping exists.
12-14 03:24:08.147 1500 4406 D libEGL : MSAA-->msaa:4 gamemode:0 4x_msaa:0
12-14 03:24:08.147 1500 4406 D libEGL : MSAA-->msaa:4 gamemode:0 4x_msaa:0
12-14 03:24:08.147 1500 4406 D libEGL : MSAA-->msaa:4 gamemode:0 4x_msaa:0
12-14 03:24:08.151 4368 4368 W Choreographer: Frame time is 0.041718 ms in the future! Check that graphics HAL is generating vsync timestamps using the correct timebase.
12-14 03:24:08.153 1500 1977 E DisplayDeviceConfig: requesting nits when no mapping exists.
12-14 03:24:08.154 1500 1531 W System : A resource failed to call release.
12-14 03:24:08.154 1500 1531 W System : A resource failed to call close.
12-14 03:24:08.155 1500 1977 E DisplayDeviceConfig: requesting nits when no mapping exists.
12-14 03:24:08.155 1500 1531 W System : A resource failed to call close.
12-14 03:24:08.155 1500 1531 W System : A resource failed to call release.
12-14 03:24:08.155 1500 1531 W System : A resource failed to call close.
12-14 03:24:08.155 1500 1531 W System : A resource failed to call close.
12-14 03:24:08.156 3816 3829 I GameMode_ActivityMonitoringService: onForegroundActivitiesChanged uid 1000 pid 2339 fg false
12-14 03:24:08.160 3816 3834 I GameMode_ActivityMonitoringService: Updating top task to: TaskInfoContainer [topActivity=ComponentInfo{com.thundercomm.screensaver/android.service.dreams.DreamActivity}, taskId=28, stackId=28, userId=0, displayId=0, position=7
12-14 03:24:08.160 3816 3834 I GameMode_ActivityMonitoringService: Notifying about top task: TaskInfoContainer [topActivity=ComponentInfo{com.thundercomm.screensaver/android.service.dreams.DreamActivity}, taskId=28, stackId=28, userId=0, displayId=0, position=7
12-14 03:24:08.160 3816 3834 E GameMode_ActivityMonitoringService: onActivityLaunch:com.thundercomm.screensaver
12-14 03:24:08.160 3816 3834 V GameMode_GameTypeUtils: judge isGame:com.thundercomm.screensaver
12-14 03:24:08.160 3816 3834 V GameMode_GpuUtils: fps:60
12-14 03:24:08.162 3816 3834 D GameMode_GameModeActionUtils: Show GameMode entry by service!
12-14 03:24:08.162 3816 3834 W ContextImpl: Calling a method in the system process without a qualified user: android.app.ContextImpl.startService:1816 android.content.ContextWrapper.startService:774 com.thundercomm.gamemode.ingame.services.GameModeActionUtils.startGameModeService:99 com.thundercomm.gamemode.ingame.services.GameModeActionUtils.startGameModeEntry:22 com.thundercomm.gamemode.ingame.services.ActivityMonitoringService$1.onActivityLaunch:127
12-14 03:24:08.164 3816 3816 D GameMode_GameModeService: type=hide_entry
12-14 03:24:08.167 3816 3834 D GameModeIF_GameModeSettings: getUriFor setting_content_uri_root = content://com.thundercomm.gamemode.api/gamemode_settings , name = gamemode_isgaming
12-14 03:24:08.169 3816 3834 D GameModeIF_GameModeSettings: gamemode_isgaming set to 0
12-14 03:24:08.170 1500 1500 I GameModeConfig: Current uri is uri = content://com.thundercomm.gamemode.api/gamemode_settings/gamemode_isgaming
12-14 03:24:08.170 1500 1500 D GameModeIF_GameModeSettings: getUriFor setting_content_uri_root = content://com.thundercomm.gamemode.api/gamemode_settings , name = gamemode_isgaming
12-14 03:24:08.170 1500 1977 E DisplayDeviceConfig: requesting nits when no mapping exists.
12-14 03:24:08.170 1500 1977 E DisplayDeviceConfig: requesting nits when no mapping exists.
12-14 03:24:08.172 1500 1500 I GameModeConfig: isGameModeOn = true
12-14 03:24:08.172 1500 1500 I GameModeConfig: isGaming = false
12-14 03:24:08.172 1500 1500 I GameModeConfig: isGameModeOn = true
12-14 03:24:08.173 1500 1500 I GameModeConfig: isGaming = false
12-14 03:24:08.173 1500 1500 I GameModeConfig: isDisableVoice = true
12-14 03:24:08.173 3816 3816 D GameMode_GameSettingsObserver: Game Data change!!!! uri = content://com.thundercomm.gamemode.api/gamemode_settings/gamemode_isgaming
12-14 03:24:08.173 3816 3816 D GameModeIF_GameModeSettings: getUriFor setting_content_uri_root = content://com.thundercomm.gamemode.api/gamemode_settings , name = gamemode_isgaming
12-14 03:24:08.174 3816 3816 D GameMode_GameModeService: updateGlobalSettings = gamemode_isgaming
12-14 03:24:08.185 1500 1977 E DisplayDeviceConfig: requesting nits when no mapping exists.
12-14 03:24:08.186 1500 1977 E DisplayDeviceConfig: requesting nits when no mapping exists.
12-14 03:24:08.205 1500 1977 E DisplayDeviceConfig: requesting nits when no mapping exists.
12-14 03:24:08.205 1500 1977 E DisplayDeviceConfig: requesting nits when no mapping exists.
12-14 03:24:08.219 1500 1977 E DisplayDeviceConfig: requesting nits when no mapping exists.
12-14 03:24:08.220 1500 1977 E DisplayDeviceConfig: requesting nits when no mapping exists.
12-14 03:24:08.235 1500 1977 E DisplayDeviceConfig: requesting nits when no mapping exists.
12-14 03:24:08.236 1500 1977 E DisplayDeviceConfig: requesting nits when no mapping exists.
12-14 03:24:08.252 1500 1977 E DisplayDeviceConfig: requesting nits when no mapping exists.
12-14 03:24:08.253 1500 1977 E DisplayDeviceConfig: requesting nits when no mapping exists.
12-14 03:24:08.268 1500 1977 E DisplayDeviceConfig: requesting nits when no mapping exists.
12-14 03:24:08.269 1500 1977 E DisplayDeviceConfig: requesting nits when no mapping exists.
12-14 03:24:08.286 1500 1977 E DisplayDeviceConfig: requesting nits when no mapping exists.
12-14 03:24:08.286 1500 1977 E DisplayDeviceConfig: requesting nits when no mapping exists.
12-14 03:24:08.304 1500 1977 E DisplayDeviceConfig: requesting nits when no mapping exists.
12-14 03:24:08.305 1500 1977 E DisplayDeviceConfig: requesting nits when no mapping exists.
12-14 03:24:08.321 1500 1977 E DisplayDeviceConfig: requesting nits when no mapping exists.
12-14 03:24:08.322 1500 1977 E DisplayDeviceConfig: requesting nits when no mapping exists.
12-14 03:24:08.339 1500 1977 E DisplayDeviceConfig: requesting nits when no mapping exists.
12-14 03:24:08.340 1500 1977 E DisplayDeviceConfig: requesting nits when no mapping exists.
12-14 03:24:08.352 1500 1977 E DisplayDeviceConfig: requesting nits when no mapping exists.
12-14 03:24:08.353 1500 1977 E DisplayDeviceConfig: requesting nits when no mapping exists.
12-14 03:24:08.369 1500 1977 E DisplayDeviceConfig: requesting nits when no mapping exists.
12-14 03:24:08.373 1500 1977 E DisplayDeviceConfig: requesting nits when no mapping exists.
12-14 03:24:08.388 1500 1977 E DisplayDeviceConfig: requesting nits when no mapping exists.
12-14 03:24:08.388 1500 1977 E DisplayDeviceConfig: requesting nits when no mapping exists.
12-14 03:24:08.402 1500 1977 E DisplayDeviceConfig: requesting nits when no mapping exists.
12-14 03:24:08.403 1500 1977 E DisplayDeviceConfig: requesting nits when no mapping exists.
12-14 03:24:08.419 1500 1977 E DisplayDeviceConfig: requesting nits when no mapping exists.
12-14 03:24:08.421 1500 1977 E DisplayDeviceConfig: requesting nits when no mapping exists.
12-14 03:24:08.437 1500 1977 E DisplayDeviceConfig: requesting nits when no mapping exists.
12-14 03:24:08.438 1500 1977 E DisplayDeviceConfig: requesting nits when no mapping exists.
12-14 03:24:08.453 1500 1977 E DisplayDeviceConfig: requesting nits when no mapping exists.
12-14 03:24:08.453 1500 1977 E DisplayDeviceConfig: requesting nits when no mapping exists.
12-14 03:24:08.471 1500 1977 E DisplayDeviceConfig: requesting nits when no mapping exists.
12-14 03:24:08.472 1500 1977 E DisplayDeviceConfig: requesting nits when no mapping exists.
12-14 03:24:08.486 640 655 I mpu_uart: [MSG-P:RECV]:No message received in 1000 ms
12-14 03:24:08.488 1500 1977 E DisplayDeviceConfig: requesting nits when no mapping exists.
12-14 03:24:08.489 1500 1977 E DisplayDeviceConfig: requesting nits when no mapping exists.
12-14 03:24:08.505 1500 1977 E DisplayDeviceConfig: requesting nits when no mapping exists.
12-14 03:24:08.506 1500 1977 E DisplayDeviceConfig: requesting nits when no mapping exists.
12-14 03:24:08.520 1500 1977 E DisplayDeviceConfig: requesting nits when no mapping exists.
12-14 03:24:08.521 1500 1977 E DisplayDeviceConfig: requesting nits when no mapping exists.
12-14 03:24:08.537 1500 1977 E DisplayDeviceConfig: requesting nits when no mapping exists.
12-14 03:24:08.537 1500 1977 E DisplayDeviceConfig: requesting nits when no mapping exists.
12-14 03:24:08.571 1261 1261 W update_engine: type=1400 audit(0.0:338): avc: denied { kill } for capability=5 scontext=u:r:update_engine:s0 tcontext=u:r:update_engine:s0 tclass=capability permissive=0
12-14 03:24:08.800 4333 4333 I update_engine_client: [INFO:update_engine_client_android.cc(92)] onStatusUpdate(UPDATE_STATUS_DOWNLOADING (3), 0.623298)
01-01 09:22:13.535 0 0 D : mv2112_read_status
01-01 09:22:13.535 0 0 D mv2112_update_link: 3.0x901(1G): 0x80
01-01 09:22:13.535 0 0 D mv2112_update_link: 3.0x8109(100M): 0x8
01-01 09:22:13.535 0 0 D mv2112_update_link: link 0x0
01-01 09:22:13.535 0 0 D mv2112_read_status: autoneg is disabled
12-14 03:24:09.041 4333 4333 I update_engine_client: [INFO:update_engine_client_android.cc(92)] onStatusUpdate(UPDATE_STATUS_DOWNLOADING (3), 0.633311)
12-14 03:24:09.486 640 655 I mpu_uart: [MSG-P:RECV]:No message received in 1000 ms
12-14 03:24:09.491 1261 1261 I update_engine: [INFO:partition_writer_factory_android.cc(44)] Virtual AB Compression disabled, using Partition Writer for `system_ext`
12-14 03:24:09.494 1261 1261 I update_engine: [INFO:partition_writer.cc(295)] Opening /dev/block/dm-22 partition without O_DSYNC
12-14 03:24:09.495 1261 1261 I update_engine: [INFO:partition_writer.cc(100)] Caching writes.
12-14 03:24:09.496 1261 1261 I update_engine: [INFO:partition_writer.cc(307)] Applying 239 operations to partition "system_ext"
12-14 03:24:09.546 640 654 I mpu_uart: [MSG-P:R]:recv sync frame timeout
12-14 03:24:09.571 0 0 W swapper/0: type=1400 audit(0.0:339): avc: denied { kill } for capability=5 scontext=u:r:kernel:s0 tcontext=u:r:kernel:s0 tclass=capability permissive=0
12-14 03:24:09.587 4333 4333 I update_engine_client: [INFO:update_engine_client_android.cc(92)] onStatusUpdate(UPDATE_STATUS_DOWNLOADING (3), 0.643324)
01-01 09:22:14.563 0 0 D : mv2112_read_status
01-01 09:22:14.563 0 0 D mv2112_update_link: 3.0x901(1G): 0x80
01-01 09:22:14.563 0 0 D mv2112_update_link: 3.0x8109(100M): 0x8
01-01 09:22:14.563 0 0 D mv2112_update_link: link 0x0
01-01 09:22:14.563 0 0 D mv2112_read_status: autoneg is disabled
12-14 03:24:10.486 640 655 I mpu_uart: [MSG-P:RECV]:No message received in 1000 ms
12-14 03:24:10.571 0 0 W swapper/0: type=1400 audit(0.0:340): avc: denied { kill } for capability=5 scontext=u:r:kernel:s0 tcontext=u:r:kernel:s0 tclass=capability permissive=0
01-01 09:22:15.583 0 0 D : mv2112_read_status
01-01 09:22:15.583 0 0 D mv2112_update_link: 3.0x901(1G): 0x80
01-01 09:22:15.583 0 0 D mv2112_update_link: 3.0x8109(100M): 0x8
01-01 09:22:15.583 0 0 D mv2112_update_link: link 0x0
01-01 09:22:15.583 0 0 D mv2112_read_status: autoneg is disabled
12-14 03:24:11.405 2716 2716 I hpplay-java: [main]:ServerTaskManager:task run out of time
12-14 03:24:11.406 2716 2716 I hpplay-java: [main]:ServerTaskManager:cancelTimeOutCheck
12-14 03:24:11.406 2716 2716 I hpplay-java: [main]:ServerTaskManager:exeTask ignore, reason: TaskList is clear
12-14 03:24:11.486 640 655 I mpu_uart: [MSG-P:RECV]:No message received in 1000 ms
12-14 03:24:11.571 0 0 W swapper/0: type=1400 audit(0.0:341): avc: denied { kill } for capability=5 scontext=u:r:kernel:s0 tcontext=u:r:kernel:s0 tclass=capability permissive=0
12-14 03:24:11.716 2716 4320 D hpplay-base: [LelinkMDNS:766] devicePermissionPublic leboPermissionCheck:-2
12-14 03:24:11.716 2716 4320 D hpplay-base: [jniBridge:1125] com_hpplay_sdk_sink_protocol_Bridge_WHAT_SERVER_ERROR
12-14 03:24:11.716 2716 4320 D hpplay-base: [jniBridge:1726] notifyJava, what:204, castType:0, mimeType:0 baseStatus:2
12-14 03:24:11.716 2716 4320 D hpplay-base: [jniBridge:1727] notifyJava sessionID:(null)
12-14 03:24:11.717 2716 4320 I hpplay-java: [Thread-20]:Bridge:notify: what: 204
12-14 03:24:11.719 2716 4320 I hpplay-java: [Thread-20]:Bridge:notify: out: OutParameters:{audioSessionId=-1, audiotrackIndex=0, castHandleType=-1, castType=0, deviceName='', dlnaName='', dramaID='', extra=-2002, frameHandleType=-1, handleInside=true, headduration=0, header='', headers=null, isAD=false, isMultiMirror=false, lelinkVer='', limitTime=0, , mediaAlbum='null', mediaAlbumArtURI='', mediaArtist='null', mediaAssets='', mediaTitle='null', mimeType=0, multiSession=null, period=0, pinCode='', playSpeed=0.0, playerChoice=0, plugin=0, port=0, position=0.0, positionUnit=2, protocol=0, realSessionID='', regType='', , sinkIp='', sourceAPPVersion='', sourceChannel='', sourceClientInfo='', sourceDeviceInfo='', sourceDeviceModel='', sourceDeviceName='', sourceDeviceType=0, sourceHID='', , sourceInfo='', , , sourceOSVersion='', sourceSDKVersion='', sourceUid='', stopDetail=0, stopReason=0, tailduration=0, url='', urlID='', urls=null, userAgent='', videoDecoder=0, volume=0, what=204}com.hpplay.sdk.sink.protocol.OutParameters@9b86d1d
12-14 03:24:11.719 2716 4320 I hpplay-java: [Thread-20]:Bridge:notify: address:104037266
12-14 03:24:11.719 2716 4320 I hpplay-base: [mDNSEmbeded:79] embedded_mDNSLoop stopmDNSNow:0 nPublish:-2 nExitFlag:6 tid is 4320
12-14 03:24:11.719 2716 2716 I hpplay-java: [main]:Bridge:findServiceID start out: 104037266
12-14 03:24:11.719 2716 2716 I hpplay-java: [main]:Bridge:findServiceID end
12-14 03:24:11.719 2716 2716 E hpplay-java: [main]:ServerTaskManager:onError 204/-2002 com.hht.lebocast.LelinkHelper$e@22899d
12-14 03:24:11.719 2716 2716 I hpplay-java: [main]:ServerTaskManager:cancelTimeOutCheck
12-14 03:24:11.720 2716 2716 W hpplay-java: [main]:ServerTaskManager:onErrorDispatcher errorCode:-2002
12-14 03:24:11.720 2716 2716 I hpplay-java: [main]:ServerTaskManager:onError retry later
01-01 09:22:16.607 0 0 D : mv2112_read_status
01-01 09:22:16.607 0 0 D mv2112_update_link: 3.0x901(1G): 0x80
01-01 09:22:16.607 0 0 D mv2112_update_link: 3.0x8109(100M): 0x8
01-01 09:22:16.607 0 0 D mv2112_update_link: link 0x0
01-01 09:22:16.607 0 0 D mv2112_read_status: autoneg is disabled
12-14 03:24:12.085 4333 4333 I update_engine_client: [INFO:update_engine_client_android.cc(92)] onStatusUpdate(UPDATE_STATUS_DOWNLOADING (3), 0.653338)
12-14 03:24:12.297 2716 4284 W hpplay-java: [AsyncTask #40]:HttpRequest:
12-14 03:24:12.299 2716 4284 W hpplay-java: [AsyncTask #40]:HttpRequest:
12-14 03:24:12.299 2716 4284 W hpplay-java: [AsyncTask #40]:HttpRequest:
12-14 03:24:12.487 640 655 I mpu_uart: [MSG-P:RECV]:No message received in 1000 ms
12-14 03:24:12.550 640 654 I mpu_uart: [MSG-P:R]:recv sync frame timeout
12-14 03:24:12.571 0 0 W swapper/0: type=1400 audit(0.0:342): avc: denied { kill } for capability=5 scontext=u:r:kernel:s0 tcontext=u:r:kernel:s0 tclass=capability permissive=0
01-01 09:22:17.631 0 0 D : mv2112_read_status
01-01 09:22:17.631 0 0 D mv2112_update_link: 3.0x901(1G): 0x80
01-01 09:22:17.631 0 0 D mv2112_update_link: 3.0x8109(100M): 0x8
01-01 09:22:17.631 0 0 D mv2112_update_link: link 0x0
01-01 09:22:17.631 0 0 D mv2112_read_status: autoneg is disabled
12-14 03:24:13.487 640 655 I mpu_uart: [MSG-P:RECV]:No message received in 1000 ms
12-14 03:24:13.571 0 0 W swapper/0: type=1400 audit(0.0:343): avc: denied { kill } for capability=5 scontext=u:r:kernel:s0 tcontext=u:r:kernel:s0 tclass=capability permissive=0
01-01 09:22:18.655 0 0 D : mv2112_read_status
01-01 09:22:18.655 0 0 D mv2112_update_link: 3.0x901(1G): 0x80
01-01 09:22:18.655 0 0 D mv2112_update_link: 3.0x8109(100M): 0x8
01-01 09:22:18.655 0 0 D mv2112_update_link: link 0x0
01-01 09:22:18.655 0 0 D mv2112_read_status: autoneg is disabled
12-14 03:24:14.487 640 655 I mpu_uart: [MSG-P:RECV]:No message received in 1000 ms
12-14 03:24:14.571 0 0 W swapper/0: type=1400 audit(0.0:344): avc: denied { kill } for capability=5 scontext=u:r:kernel:s0 tcontext=u:r:kernel:s0 tclass=capability permissive=0
12-14 03:24:14.721 2716 2716 I hpplay-java: [main]:ServerTaskManager:restart by error
12-14 03:24:14.721 2716 2716 I hpplay-java: [main]:ServerTaskManager:startServer
12-14 03:24:14.721 2716 2716 I hpplay-java: [main]:ServerTaskManager:startServer add, reason: server is starting or running
12-14 03:24:14.721 2716 2716 I hpplay-java: [main]:ServerTaskManager:addStopTask
12-14 03:24:14.721 2716 2716 I hpplay-java: [main]:ServerTaskManager:addStartTask
12-14 03:24:14.721 2716 2716 I hpplay-java: [main]:ServerTaskManager:exeTask stopServer
12-14 03:24:14.721 2716 2716 I hpplay-java: [main]:Bridge:stopServer keepPush: false
12-14 03:24:14.722 2716 2716 D hpplay-base: [jniBridge:909] Bridge__1stopServer status:2
12-14 03:24:14.726 2716 2716 D hpplay-base: [LelinkBase:654] stopAllServer will start thread!
12-14 03:24:14.726 2716 4414 I hpplay-base: [mDNSEmbeded:65] embedded_mDNSExit call
12-14 03:24:14.726 2716 4324 D hpplay-base: [REventUtils:197] handleREventThread thread end!!,tid is 4324
12-14 03:24:14.726 2716 4323 D hpplay-base: [AEventUtils:588] handle AEvent thread end!!,tid is 4323
12-14 03:24:14.770 2716 4301 D hpplay-base: [stream_mirror_compat:1284] mirror stream begin to exit,server fd:71,thread_id:3215880640!!
12-14 03:24:14.771 2716 4301 D hpplay-base: [stream_mirror_compat:1323] ##screen stream exit successfully!!##
12-14 03:24:14.792 2716 4300 D hpplay-base: [Server:447] startHttpServer will END srv->serverType:0
12-14 03:24:14.792 2716 4300 D hpplay-base: [Server:646] startHttpServer cond srv_shutdown:1 connectNummber:0
12-14 03:24:14.792 2716 4300 D hpplay-base: [Server:669] startHttpServer wait cond END. srv_shutdown:1 connectNummber:0
12-14 03:24:14.792 2716 4300 D hpplay-base: [Server:457] HttpServer END, tid is 4300
12-14 03:24:14.893 4333 4333 I update_engine_client: [INFO:update_engine_client_android.cc(92)] onStatusUpdate(UPDATE_STATUS_DOWNLOADING (3), 0.663351)
12-14 03:24:15.049 2716 4320 I hpplay-base: [mDNSEmbeded:140] embedded_mDNSLoop Exiting end,tid is 4320
12-14 03:24:15.049 2716 4414 D hpplay-base: [mDNSEmbeded:452] stopmDNSServer end stopmDNSNow=2, nRet=0
01-01 09:22:19.679 0 0 D : mv2112_read_status
01-01 09:22:19.679 0 0 D mv2112_update_link: 3.0x901(1G): 0x80
01-01 09:22:19.679 0 0 D mv2112_update_link: 3.0x8109(100M): 0x8
01-01 09:22:19.679 0 0 D mv2112_update_link: link 0x0
01-01 09:22:19.679 0 0 D mv2112_read_status: autoneg is disabled
12-14 03:24:15.251 2716 4321 I hpplay-base: [mDNSEmbeded:376] end lelink publish server, tid is 4321
12-14 03:24:15.252 2716 4414 D hpplay-base: [mDNSEmbeded:420] stopmLelinkServer end nRet=0
12-14 03:24:15.252 2716 4414 D hpplay-base: [LelinkBase:615] lebodlna stopServerThreadFunc dlnaEnable:1
12-14 03:24:15.252 2716 4414 D hpplay-base-dlna: [lebodlna_api:49] stop DMR
12-14 03:24:15.252 2716 4414 D hpplay-base-dlna: [lebodlna_api:344] m_pRender Release
12-14 03:24:15.306 2716 4414 D hpplay-base-dlna: [UpnpDefine:867] DMRender release success
12-14 03:24:15.306 2716 4414 D hpplay-base-dlna: [lebodlna_api:352] m_pAVT Release
12-14 03:24:15.306 2716 4414 D hpplay-base-dlna: [lebodlna_api:360] m_pRCS Release
12-14 03:24:15.307 2716 4414 D hpplay-base-dlna: [lebodlna_api:365] dmrender destroydmr
12-14 03:24:15.487 640 655 I mpu_uart: [MSG-P:RECV]:No message received in 1000 ms
12-14 03:24:15.550 640 654 I mpu_uart: [MSG-P:R]:recv sync frame timeout
12-14 03:24:15.571 1261 1261 W update_engine: type=1400 audit(0.0:345): avc: denied { kill } for capability=5 scontext=u:r:update_engine:s0 tcontext=u:r:update_engine:s0 tclass=capability permissive=0
12-14 03:24:15.607 2716 4414 D hpplay-base-dlna: [lebodlna-dlna_android:186] stopDLNA
12-14 03:24:15.607 2716 4414 D hpplay-base-dlna: [lebodlna-dlna_android:189] dlnaservice destroy
12-14 03:24:15.607 2716 4414 D hpplay-base-dlna: [lebodlna-dlna_android:49] dlnaservice Destroy 49 int CDlnaService::Destroy()
12-14 03:24:15.607 2716 4414 D hpplay-base-dlna: [lebodlna-dlnaframe:245] dlnaservice Destroy 245 static ERROR_TYPE IDlnaFrame::DestroyDlnaFrame(IDlnaFrame *)
12-14 03:24:15.607 2716 4414 D hpplay-base-dlna: [lebodlna-dlnaframe:179] dlnaservice Destroy 179 virtual void CDlnaFrame::Release()
12-14 03:24:15.607 2716 4414 D hpplay-base-dlna: [lebodlna-dlnaframe:190] dlnaservice Destroy 190 virtual void CDlnaFrame::Release()
12-14 03:24:15.607 2716 4414 D hpplay-base-dlna: [lebodlna-dlnaframe:192] dlnaservice Destroy 192 virtual void CDlnaFrame::Release()
12-14 03:24:15.607 2716 4414 D hpplay-base-dlna: [lebodlna-dlnaframe:247] dlnaservice Destroy 247 static ERROR_TYPE IDlnaFrame::DestroyDlnaFrame(IDlnaFrame *)
12-14 03:24:15.607 2716 4414 D hpplay-base-dlna: [lebodlna-dlnaframe:251] dlnaservice Destroy 251 static ERROR_TYPE IDlnaFrame::DestroyDlnaFrame(IDlnaFrame *)
12-14 03:24:15.609 2716 4414 E hpplay-base-dlna: upnpapi.c:655::before gminiserver ThreadPoolShutdown
12-14 03:24:15.609 2716 4414 E hpplay-base-dlna: ThreadPool.c:1047::on ThreadPoolShutdown tp->totalThreads:2
12-14 03:24:15.609 2716 4414 E hpplay-base-dlna: ThreadPool.c:1047::on ThreadPoolShutdown tp->totalThreads:1
12-14 03:24:15.610 2716 4414 E hpplay-base-dlna: ThreadPool.c:1056::after ThreadPoolShutdown
12-14 03:24:15.610 2716 4414 E hpplay-base-dlna: ThreadPool.c:1057::ThreadPoolShutdown tp->totalThreads:0
12-14 03:24:15.610 2716 4414 E hpplay-base-dlna: upnpapi.c:657::after gminiserver ThreadPoolShutdown
12-14 03:24:15.610 2716 4414 E hpplay-base-dlna: upnpapi.c:659::before grecv ThreadPoolShutdown
12-14 03:24:15.610 2716 4414 E hpplay-base-dlna: ThreadPool.c:1047::on ThreadPoolShutdown tp->totalThreads:12
12-14 03:24:15.612 2716 4414 E hpplay-base-dlna: ThreadPool.c:1056::after ThreadPoolShutdown
12-14 03:24:15.612 2716 4414 E hpplay-base-dlna: ThreadPool.c:1057::ThreadPoolShutdown tp->totalThreads:0
12-14 03:24:15.612 2716 4414 E hpplay-base-dlna: upnpapi.c:661::after grecv ThreadPoolShutdown
12-14 03:24:15.612 2716 4414 E hpplay-base-dlna: upnpapi.c:663::before gsend ThreadPoolShutdown
12-14 03:24:15.612 2716 4414 E hpplay-base-dlna: ThreadPool.c:1047::on ThreadPoolShutdown tp->totalThreads:2
12-14 03:24:15.612 2716 4414 E hpplay-base-dlna: ThreadPool.c:1056::after ThreadPoolShutdown
12-14 03:24:15.612 2716 4414 E hpplay-base-dlna: ThreadPool.c:1057::ThreadPoolShutdown tp->totalThreads:0
12-14 03:24:15.612 2716 4414 E hpplay-base-dlna: upnpapi.c:665::after gsend ThreadPoolShutdown
12-14 03:24:15.612 2716 4414 D hpplay-base-dlna: [lebodlna-dlnaframe:253] dlnaservice Destroy 253 static ERROR_TYPE IDlnaFrame::DestroyDlnaFrame(IDlnaFrame *)
12-14 03:24:15.612 2716 4414 D hpplay-base-dlna: [lebodlna-dlna_android:51] dlnaservice Destroy 51 int CDlnaService::Destroy()
12-14 03:24:15.612 2716 4414 D hpplay-base-dlna: [lebodlna-dlna_android:194] stopDLNA end
12-14 03:24:15.912 2716 4414 D hpplay-base: [stream_mirror_compat:1489] request to stop screen stream session!!
12-14 03:24:15.913 2716 4414 D hpplay-base: [AEventUtils:625] begin to stop event handle service!!
12-14 03:24:15.913 2716 4414 D hpplay-base: [AEventUtils:628] stop event handle service ok!!
12-14 03:24:15.913 2716 4414 D hpplay-base: [REventUtils:231] begin to stop report handle service!!
12-14 03:24:15.913 2716 4414 D hpplay-base: [REventUtils:234] stop report handle service ok!!
12-14 03:24:15.913 2716 4414 D hpplay-base: [lelinkSinkServer:711] HTTP Server stopSinkServer End .
12-14 03:24:15.913 2716 4414 D hpplay-base: [jniBridge:1135] notifyJavaServerStoped
12-14 03:24:15.913 2716 4414 D hpplay-base: [jniBridge:1726] notifyJava, what:202, castType:0, mimeType:0 baseStatus:4
12-14 03:24:15.913 2716 4414 D hpplay-base: [jniBridge:1727] notifyJava sessionID:(null)
12-14 03:24:15.914 2716 4414 I hpplay-java: [Thread-21]:Bridge:notify: what: 202
12-14 03:24:15.916 2716 4414 I hpplay-java: [Thread-21]:Bridge:notify: out: OutParameters:{audioSessionId=-1, audiotrackIndex=0, castHandleType=-1, castType=0, deviceName='', dlnaName='', dramaID='', extra=0, frameHandleType=-1, handleInside=true, headduration=0, header='', headers=null, isAD=false, isMultiMirror=false, lelinkVer='', limitTime=0, , mediaAlbum='null', mediaAlbumArtURI='', mediaArtist='null', mediaAssets='', mediaTitle='null', mimeType=0, multiSession=null, period=0, pinCode='', playSpeed=0.0, playerChoice=0, plugin=0, port=0, position=0.0, positionUnit=2, protocol=0, realSessionID='', regType='', , sinkIp='', sourceAPPVersion='', sourceChannel='', sourceClientInfo='', sourceDeviceInfo='', sourceDeviceModel='', sourceDeviceName='', sourceDeviceType=0, sourceHID='', , sourceInfo='', , , sourceOSVersion='', sourceSDKVersion='', sourceUid='', stopDetail=0, stopReason=0, tailduration=0, url='', urlID='', urls=null, userAgent='', videoDecoder=0, volume=0, what=202}com.hpplay.sdk.sink.protocol.OutParameters@e73be19
12-14 03:24:15.916 2716 4414 I hpplay-java: [Thread-21]:Bridge:notify: address:193576670
12-14 03:24:15.916 2716 4414 D hpplay-base: [LelinkBase:645] stopServerThreadFunc notifyJavaServerStoped!
12-14 03:24:15.916 2716 2716 I hpplay-java: [main]:ServerTaskManager:startTimeOutCheck
12-14 03:24:15.917 2716 2716 I hpplay-java: [main]:ServerBusiness:stopDaemonBusiness
12-14 03:24:15.917 2716 2716 I hpplay-java: [main]:SinkDataReport:logout
12-14 03:24:15.918 2716 2716 I hpplay-java: [main]:EPControl:release
12-14 03:24:15.921 2716 2716 I hpplay-java: [main]:Dispatcher:notifyAllReverseControlsStop
12-14 03:24:15.921 2716 2716 I hpplay-java: [main]:Preference:checkFeature none
12-14 03:24:15.921 2716 2716 I hpplay-java: [main]:Dispatcher:notifyAllUIControlsStop set: []
12-14 03:24:15.921 2716 2716 I hpplay-java: [main]:Bridge:findServiceID start out: 193576670
12-14 03:24:15.921 2716 2716 I hpplay-java: [main]:Bridge:findServiceID end
12-14 03:24:15.921 2716 2716 I hpplay-java: [main]:ServerTaskManager:onStop retry:true
12-14 03:24:15.921 2716 2716 I hpplay-java: [main]:ServerTaskManager:cancelTimeOutCheck
12-14 03:24:15.921 2716 4295 W hpplay-java: NanoHTTPDServerRunnable:Communication with the client broken
12-14 03:24:15.921 2716 4295 W hpplay-java: java.net.SocketException: Socket closed
12-14 03:24:15.921 2716 4295 W hpplay-java: at java.net.PlainSocketImpl.socketAccept(PlainSocketImpl.java:213)
12-14 03:24:15.921 2716 4295 W hpplay-java: at java.net.AbstractPlainSocketImpl.accept(AbstractPlainSocketImpl.java:451)
12-14 03:24:15.921 2716 4295 W hpplay-java: at java.net.ServerSocket.implAccept(ServerSocket.java:547)
12-14 03:24:15.921 2716 4295 W hpplay-java: at java.net.ServerSocket.accept(ServerSocket.java:515)
12-14 03:24:15.921 2716 4295 W hpplay-java: at com.hpplay.nanohttpd.protocols.http.ServerRunnable.run(SourceFile:118)
12-14 03:24:15.921 2716 4295 W hpplay-java: at java.lang.Thread.run(Thread.java:920)
12-14 03:24:15.921 2716 4295 I hpplay-java: NanoHTTPDNanoHTTPD:server is stoped
12-14 03:24:15.921 2716 4295 I hpplay-java: NanoHTTPDNanoHTTPD:clear obj
12-14 03:24:15.922 2716 2716 I hpplay-java: [main]:IPManager:getActiveNets type: WIFI
12-14 03:24:15.922 2716 2716 I hpplay-java: [main]:IPManager:getActiveNets eth0:false wifi:true mobile:false ap:false
12-14 03:24:15.922 2716 2716 I hpplay-java: [main]:IPManager:getIPAddress IP_WLAN0
12-14 03:24:15.924 2716 2716 I hpplay-java: [main]:IPManager:updateIPAddress getIPAddress: 192.168.4.16 name:vlan4
12-14 03:24:15.924 2716 2716 I hpplay-java: [main]:IPManager:updateIPAddress getIPAddress: 192.168.0.18 name:wlan0
12-14 03:24:15.924 2716 2716 I hpplay-java: [main]:IPManager:updateIPAddress getIPAddress: 192.168.8.16 name:vlan8
12-14 03:24:15.924 2716 2716 I hpplay-java: [main]:IPManager:updateIPAddress getIPAddress: 192.168.11.16 name:vlan11
12-14 03:24:15.924 2716 2716 I hpplay-java: [main]:IPManager:updateIPAddress getIPAddress: 192.168.0.16 name:vlan0
12-14 03:24:15.924 2716 2716 I hpplay-java: [main]:IPManager:updateIPAddress getIPAddress: 192.168.2.16 name:vlan2
12-14 03:24:15.924 2716 2716 I hpplay-java: [main]:IPManager:updateIPAddress getIPAddress: 192.168.1.16 name:vlan1
12-14 03:24:15.925 2716 2716 I hpplay-java: [main]:ServerTaskManager:exeTask startServer
12-14 03:24:15.925 2716 4416 I hpplay-java: [AsyncTask #49]:GlideCreator:clearCache clearDiskCache
12-14 03:24:15.925 2716 2716 I hpplay-java: [main]:ServerTaskManager:startTimeOutCheck
12-14 03:24:15.926 2716 4420 I hpplay-java: [AsyncTask #51]:ServerBusiness:startDaemonBusiness
12-14 03:24:15.926 2716 4420 I hpplay-java: [AsyncTask #51]:TimeOutCheckUtil:addTask id:upgrade
12-14 03:24:15.926 2716 4420 I hpplay-java: [AsyncTask #51]:TimeOutCheckUtil:addTask id:ijkupgrade
12-14 03:24:15.927 2716 4421 I hpplay-java: [AsyncTask #52]:Bridge:assembleInParameters
12-14 03:24:15.927 2716 4422 I hpplay-java: NanoHTTPDNanoHTTPD:server is started
12-14 03:24:15.927 2716 4421 I hpplay-java: [AsyncTask #52]:Bridge:createDeviceId deviceId:YTM6NDk6ZTY6MWM6YmE6MDY=
12-14 03:24:15.928 2716 4421 I hpplay-java: [AsyncTask #52]:IPManager:getActiveNets type: WIFI
12-14 03:24:15.928 2716 4421 I hpplay-java: [AsyncTask #52]:IPManager:getActiveNets eth0:false wifi:true mobile:false ap:false
12-14 03:24:15.928 2716 4421 I hpplay-java: [AsyncTask #52]:IPManager:getIPAddress IP_WLAN0
12-14 03:24:15.928 2716 4421 I hpplay-java: [AsyncTask #52]:Preference:checkFeature none
12-14 03:24:15.928 2716 4421 I hpplay-java: [AsyncTask #52]:SWI:dlna tip
12-14 03:24:15.928 2716 4421 I hpplay-java: [AsyncTask #52]:SWI:lefp tip
12-14 03:24:15.928 2716 4421 I hpplay-java: [AsyncTask #52]:Bridge:assembleInParameters none alias name use device name: 高合娱乐副屏
12-14 03:24:15.928 2716 4421 I hpplay-java: [AsyncTask #52]:Feature:isSendAdvertisement
12-14 03:24:15.928 2716 4421 I hpplay-java: [AsyncTask #52]:Preference:checkFeature none
12-14 03:24:15.929 2716 4421 I hpplay-java: [AsyncTask #52]:Preference:checkFeature none
12-14 03:24:15.929 2716 4421 I hpplay-java: [AsyncTask #52]:Bridge:backupHpplayDat bakPath:
12-14 03:24:15.929 2716 4421 I hpplay-java: [AsyncTask #52]:Bridge:path:/data/user/0/com.hht.lebocast/files/hpplay/file/happyplay.dat
12-14 03:24:15.929 2716 4421 I hpplay-java: [AsyncTask #52]:Bridge:mAppId:21409
12-14 03:24:15.929 2716 4421 I hpplay-java: [AsyncTask #52]:Bridge:mode:3
12-14 03:24:15.929 2716 4421 I hpplay-java: [AsyncTask #52]:Bridge:type:1
12-14 03:24:15.929 2716 4421 I hpplay-java: [AsyncTask #52]:Bridge:SN:
12-14 03:24:15.929 2716 4421 I hpplay-java: [AsyncTask #52]:Preference:checkFeature none
12-14 03:24:15.929 2716 4421 I hpplay-java: [AsyncTask #52]:Bridge:backPath:
12-14 03:24:15.929 2716 4421 I hpplay-java: [AsyncTask #52]:DeviceUtil:getPermissionDid: 1
12-14 03:24:15.929 2716 4421 I hpplay-java: [AsyncTask #52]:DeviceUtil:getPermissionDid: 1
12-14 03:24:15.929 2716 4421 I hpplay-java: [AsyncTask #52]:Preference:checkFeature none
12-14 03:24:15.929 2716 4421 I hpplay-java: [AsyncTask #52]:Preference:checkFeature none
12-14 03:24:15.929 2716 4421 I hpplay-java: [AsyncTask #52]:Preference:checkFeature none
12-14 03:24:15.929 2716 4421 I hpplay-java: [AsyncTask #52]:Preference:checkFeature none
12-14 03:24:15.929 2716 4421 I hpplay-java: [AsyncTask #52]:Preference:checkFeature none
12-14 03:24:15.929 2716 4421 I hpplay-java: [AsyncTask #52]:Preference:checkFeature none
12-14 03:24:15.937 2716 4420 W hpplay-java: [AsyncTask #51]:ServerBusiness:startDaemonBusiness start LelinkHTTPD sucess 52288
12-14 03:24:15.947 2716 4421 W hpplay-java: [AsyncTask #52]:DeviceUtils:getDomain create lb domain
12-14 03:24:15.947 2716 4421 I hpplay-java: [AsyncTask #52]:Feature:getMirrorAudioVideoSync DISABLE
12-14 03:24:15.947 2716 4421 I hpplay-java: [AsyncTask #52]:Feature:checkSupportRedirectOtherApp,no set redirect api
12-14 03:24:15.947 2716 4421 I hpplay-java: [AsyncTask #52]:Feature:getRedirectSearchFlag,value: 0
12-14 03:24:15.948 2716 4421 I hpplay-java: [AsyncTask #52]:Bridge:mIn: InParameters{appInfo='0', appKey='21409', authMode=0, authPwd='null', broadcastDirection=0, broadcastState=1, broadcastTimeout=3, buildType='release', cacheAVPath='/data/user/0/com.hht.lebocast/cache/hpplay/av', cachePhotoPath='/data/user/0/com.hht.lebocast/cache/hpplay/image', channel='LEBO-APK--60146-25915', desPath='', , deviceName='高合娱乐副屏', dlna=1, dlnaCompany='null', dlnaCompanyURL='null', dlnaDeviceDescribe='null', dlnaDeviceName='null', dlnaDeviceURL='null', dlnaLelinkSwitch=1, dlnaManufacturer=0, dlnaName='高合娱乐副屏', dlnaUPC='', dlnaUUID='676e3c0e-188d-2881-eece-0e46b24b4e35', domain='Lebo-figure-4a410202dc4f', drainage=0, feature='6655', fps=60, height=1080, host='null', , keyPath='/data/user/0/com.hht.lebocast/files/hpplay/file', lelinkfp=1, lelinkfp2=0, logBaseState=1, logPath='/storage/emulated/0/com.hht.lebocast/sink/sdk/common', , mdnsEnable=1, mirrorSyncType=0, netCastVer='2.0', packageName='com.hht.lebocast', packagePath='/data/user/0/com.hht.lebocast', permissionDid='4a:41:02:02:dc:4f', permissionMode=3, permissionPreSN='', port=0, preemptMode=0, regType='_leboremote._tcp.', serverPorts=null, sockWaitTimeOut=45, teleControlPort=53388, tunnels=3, txtKeys=null, txtValues=null, uid='-1960410123998045105', videoFrameType=1001, width=1920}com.hpplay.sdk.sink.protocol.InParameters@b70ae40
12-14 03:24:15.949 2716 2716 I hpplay-java: [main]:Bridge:startServer state: 0
12-14 03:24:15.949 2716 2716 D hpplay-base: [jniBridge:185] not conference version
12-14 03:24:15.949 2716 2716 I hpplay-base: [jniBridge:241] 1initServer nSettingWidth=1920 nSettingHeight=1080 nSettingMaxFPS=60 dlnaEnable=1 lelinkFpEnable=1
12-14 03:24:15.949 2716 2716 D hpplay-base: [jniBridge:283] 1initServer cfg.leLinkIp=192.168.0.18
12-14 03:24:15.949 2716 2716 D hpplay-base: [jniBridge:286] 1initServer cfg.mPermissionMode=3
12-14 03:24:15.949 2716 2716 D hpplay-base: [jniBridge:304] 1initServer cfg.permissionDid=4a:41:02:02:dc:4f000000000000000
12-14 03:24:15.949 2716 2716 D hpplay-base: [jniBridge:313] 1initServer cfg.mPermissionPreSN=00000000000000000000000000000000
12-14 03:24:15.949 2716 2716 D hpplay-base: [jniBridge:317] Bridge___1initServer status:0
12-14 03:24:15.949 2716 2716 I hpplay-base: [jniBridge:325] 1initServer cfg.feature=6655
12-14 03:24:15.949 2716 2716 D hpplay-base: [jniBridge:377] 1initServer isSendBroadCast=3
12-14 03:24:15.949 2716 2716 D hpplay-base: [jniBridge:380] 1initServer broadcastDirection=0
12-14 03:24:15.949 2716 2716 D hpplay-base: [jniBridge:382] 1initServer ipBroadcast direction=0
12-14 03:24:15.949 2716 2716 D hpplay-base: [jniBridge:387] 1initServer tunnel=3
12-14 03:24:15.949 2716 2716 D hpplay-base: [jniBridge:390] 1initServer drainage=0
12-14 03:24:15.949 2716 2716 D hpplay-base: [jniBridge:401] 1initServer mDNSEnable=1
12-14 03:24:15.949 2716 2716 D hpplay-base: [jniBridge:406] 1initServer nSockWaitTimeOut=45
12-14 03:24:15.949 2716 2716 D hpplay-base: [jniBridge:410] 1initServer nMirrorAudioVideoSync=0
12-14 03:24:15.949 2716 2716 I hpplay-base: [sign_check:168] checkSign strPackageName:com.hht.lebocast
12-14 03:24:15.949 2716 2716 I hpplay-base: [sign_check:169] checkSign buildType:release
12-14 03:24:15.949 2716 2716 I hpplay-base: [sign_check:170] checkSign appKey:21409
12-14 03:24:15.949 2716 2716 D hpplay-base: [LelinkBase:405] bridgeInit port: 0, lelinkfp: 0
12-14 03:24:15.949 2716 2716 D hpplay-base: [LelinkBase:462] bridgeInit mPackagePath =/data/user/0/com.hht.lebocast
12-14 03:24:15.949 2716 2716 D hpplay-base: [LelinkBase:463] bridgeInit mKeyPath =/data/user/0/com.hht.lebocast/files/hpplay/file
12-14 03:24:15.949 2716 2716 D hpplay-base: [SinkContext:97] initSinkContext mPackagePath =/data/user/0/com.hht.lebocast
12-14 03:24:15.949 2716 2716 D hpplay-base: [SinkContext:98] initSinkContext mKeyPath =/data/user/0/com.hht.lebocast/files/hpplay/file
12-14 03:24:15.949 2716 2716 D hpplay-base: [jniBridge:478] Java_com_hpplay_sdk_sink_protocol_Bridge__1initServer end
12-14 03:24:15.949 2716 2716 D hpplay-base: [jniBridge:869] Bridge__1startServer status:1
12-14 03:24:15.949 2716 2716 D hpplay-base: [LelinkBase:492] startAllServer at base
12-14 03:24:15.950 2716 2716 D hpplay-base: [lelinkSinkServer:152] httpPlugins_SetServerPort TYPE_SERVER_LELINK:52266
12-14 03:24:15.950 2716 2716 D hpplay-base: [network.c:362] protocol bind host :192.168.0.18 port:52266 curent bind port:52266
12-14 03:24:15.950 2716 2716 D hpplay-base: [lelinkSinkServer:681] HTTP Server real at:52266
12-14 03:24:15.950 2716 4427 D hpplay-base: [lelinkSinkServer:644] Connected Service Type:0
12-14 03:24:15.950 2716 2716 D hpplay-base: [ScreenStream:1285] current bind port:7100
12-14 03:24:15.950 2716 4427 I hpplay-base: : (server.c.315) startServer listen_ing....:
12-14 03:24:15.950 2716 4427 D hpplay-base: [Server:371] startHttpServer srv_sockets.used:1 nCurrentFd:68, tid is 4427
12-14 03:24:15.950 2716 2716 D hpplay-base: [LelinkBase:515] startAllServer pBaseContext->config.dlnaEnable:1
12-14 03:24:15.950 2716 2716 D hpplay-base: [lelinkDlna:324] addDMRCallback end
12-14 03:24:15.950 2716 4428 D hpplay-base: [stream_mirror_compat:759] compat mirror stream begin to run,server fd:71,thread_id:3209531840!!
12-14 03:24:15.952 2716 2716 E hpplay-base-dlna: miniserver.c:788::dlna_port(ipv4: 49152 ipv6:0)
12-14 03:24:15.952 2716 2716 D hpplay-base-dlna: [lebodlna-dlnaframe:166] succeed to load lebodlnaplugin
12-14 03:24:15.952 2716 2716 D hpplay-base-dlna: [lebodlna-dlnaframe:232] Succeed to load specified plugin:lebodlna_plugin
12-14 03:24:15.952 2716 2716 D hpplay-base: [lelinkDlna:328] startDLNAServer ret=0
12-14 03:24:15.952 2716 2716 D hpplay-base: [LelinkBase:531] startDLNAServer ret= 0
12-14 03:24:15.952 2716 2716 D hpplay-base: [lelinkDlna:342] setDMRFriendlyName 高合娱乐副屏
12-14 03:24:15.952 2716 2716 D hpplay-base-dlna: [lebodlna-dlna_android:136] setBroadcastTimeout mBroadcastTimeOut=66 status=3!
12-14 03:24:15.952 2716 2716 D hpplay-base-dlna: [lebodlna_api:32] start DMR
12-14 03:24:15.952 2716 2716 D hpplay-base-dlna: [UpnpDefine:434] RegisterDMRender invalid lelink info
12-14 03:24:15.952 2716 2716 D hpplay-base-dlna: [UpnpDefine:467] DLNA DEFAULT_DESCRIPTION
12-14 03:24:15.954 2716 2716 E hpplay-base-dlna: upnpapi.c:1078::Exiting RegisterRootDevice2 *Hnd =1, return value == 0
12-14 03:24:15.954 2716 2716 D hpplay-base-dlna: [CUpnpDevice:41] Register Root Device 2:0
12-14 03:24:15.954 2716 2716 D hpplay-base-dlna: [UpnpDefine:794] ESDMRender:Register success
12-14 03:24:15.954 2716 2716 D hpplay-base-dlna: [lebodlna_api:41] sendBroadcast mBroadcastTimeOut=3
12-14 03:24:15.954 2716 2716 D hpplay-base-dlna: [lebodlna_api:44] sendBroadcast timeout=66
12-14 03:24:16.007 2716 2716 D hpplay-base: [lelinkDlna:361] startDLNADevice dlnaManufacturer:0 ret=0
12-14 03:24:16.007 2716 2716 D hpplay-base: [LelinkBase:535] lelinkSetDlnaInfo ret= 0
12-14 03:24:16.007 2716 2716 D hpplay-base: [LelinkBase:547] startAllServer pBaseContext->config.mDNSEnable:1
12-14 03:24:16.007 2716 2716 D hpplay-base: [base_mdns:509] mdns net.hostname:
12-14 03:24:16.007 2716 2716 D hpplay-base: [base_mdns:529] mdns namelabel:-00-80-0F-74-31-00
12-14 03:24:16.007 2716 2716 D hpplay-base: [base_mdns:509] mdns net.hostname:
12-14 03:24:16.007 2716 2716 D hpplay-base: [base_mdns:529] mdns namelabel:-00-80-0F-74-31-00
12-14 03:24:16.007 2716 2716 D hpplay-base: [mdns:813] mdns start bind port:0
12-14 03:24:16.008 2716 2716 D hpplay-base: [mdns:813] mdns start bind port:5353
12-14 03:24:16.008 2716 2716 D hpplay-base: [mdns:813] mdns start bind port:5353
12-14 03:24:16.008 2716 2716 D hpplay-base: [mdns:813] mdns start bind port:5353
12-14 03:24:16.008 2716 2716 D hpplay-base: [mdns:813] mdns start bind port:5353
12-14 03:24:16.008 2716 2716 D hpplay-base: [mdns:813] mdns start bind port:5353
12-14 03:24:16.008 2716 2716 D hpplay-base: [mdns:813] mdns start bind port:5353
12-14 03:24:16.008 2716 2716 D hpplay-base: [mdns:813] mdns start bind port:5353
12-14 03:24:16.008 2716 2716 I hpplay-base: [mDNSEmbeded:57] embedded_mDNSInit stopmDNSNow:0 status:0
12-14 03:24:16.009 2716 2716 D hpplay-base: [mDNSEmbeded:436] startmDNSServer end nRet=0
12-14 03:24:16.009 2716 2716 D hpplay-base: [LelinkBase:555] lelink broadcast_on_off:1 log2java_on_off:1
12-14 03:24:16.009 2716 4438 D hpplay-base: [LelinkMDNS:729] leboAuthorizationCheck strUuid=4a:41:02:02:dc:4f000000000000000
12-14 03:24:16.009 2716 4438 D hpplay-base: [LelinkMDNS:730] leboAuthorizationCheck mPermissionDid=4a:41:02:02:dc:4f000000000000000
12-14 03:24:16.009 2716 4438 D hpplay-base: [LelinkMDNS:755] leboAuthorizationCheck mPermissionMac=4a:41:02:02:dc:4f000000000000000
12-14 03:24:16.009 2716 2716 D hpplay-base: [AEventUtils:595] request to start event handle service!!
12-14 03:24:16.009 2716 2716 D hpplay-base: [AEventUtils:603] start_event_handle_service,begin to run!!
12-14 03:24:16.009 2716 4439 I hpplay-base: [mDNSEmbeded:268] start lelink publish server, tid is 4439
12-14 03:24:16.009 2716 2716 D hpplay-base: [REventUtils:210] start_event_handle_service,begin to run!!
12-14 03:24:16.009 2716 2716 D hpplay-base: [LelinkBase:576] startAllServer success .
12-14 03:24:16.009 2716 2716 D hpplay-base: [jniBridge:894] startDlna_link:http://192.168.0.18:49152/description.xml
12-14 03:24:16.009 2716 4441 D hpplay-base: [AEventUtils:171] create handle AEvent thread ok!!,tid is 4441
