01-01 09:20:25.887 1500 1500 W android.permission.PermissionManager: Missing ActivityManager; assuming 1000 holds android.permission.SET_PREFERRED_APPLICATIONS
01-01 09:20:25.887 1500 1500 W android.permission.PermissionManager: Missing ActivityManager; assuming 1000 holds android.permission.SET_PREFERRED_APPLICATIONS
01-01 09:20:25.887 1500 1500 W android.permission.PermissionManager: Missing ActivityManager; assuming 1000 holds android.permission.SET_PREFERRED_APPLICATIONS
01-01 09:20:25.887 1500 1500 W android.permission.PermissionManager: Missing ActivityManager; assuming 1000 holds android.permission.SET_PREFERRED_APPLICATIONS
01-01 09:20:25.887 1500 1500 W android.permission.PermissionManager: Missing ActivityManager; assuming 1000 holds android.permission.SET_PREFERRED_APPLICATIONS
01-01 09:20:25.887 1500 1500 W android.permission.PermissionManager: Missing ActivityManager; assuming 1000 holds android.permission.SET_PREFERRED_APPLICATIONS
01-01 09:20:25.887 1500 1500 W android.permission.PermissionManager: Missing ActivityManager; assuming 1000 holds android.permission.SET_PREFERRED_APPLICATIONS
01-01 09:20:25.887 1500 1500 W android.permission.PermissionManager: Missing ActivityManager; assuming 1000 holds android.permission.SET_PREFERRED_APPLICATIONS
01-01 09:20:25.887 1500 1500 W android.permission.PermissionManager: Missing ActivityManager; assuming 1000 holds android.permission.SET_PREFERRED_APPLICATIONS
01-01 09:20:25.887 1500 1500 W android.permission.PermissionManager: Missing ActivityManager; assuming 1000 holds android.permission.SET_PREFERRED_APPLICATIONS
01-01 09:20:25.887 1500 1500 W android.permission.PermissionManager: Missing ActivityManager; assuming 1000 holds android.permission.SET_PREFERRED_APPLICATIONS
01-01 09:20:25.888 1500 1500 W android.permission.PermissionManager: Missing ActivityManager; assuming 1000 holds android.permission.SET_PREFERRED_APPLICATIONS
01-01 09:20:25.888 1500 1500 W android.permission.PermissionManager: Missing ActivityManager; assuming 1000 holds android.permission.SET_PREFERRED_APPLICATIONS
01-01 09:20:25.888 1500 1500 W android.permission.PermissionManager: Missing ActivityManager; assuming 1000 holds android.permission.SET_PREFERRED_APPLICATIONS
01-01 09:20:25.888 1500 1500 W android.permission.PermissionManager: Missing ActivityManager; assuming 1000 holds android.permission.SET_PREFERRED_APPLICATIONS
01-01 09:20:25.888 1500 1500 W android.permission.PermissionManager: Missing ActivityManager; assuming 1000 holds android.permission.SET_PREFERRED_APPLICATIONS
01-01 09:20:25.888 1500 1500 W android.permission.PermissionManager: Missing ActivityManager; assuming 1000 holds android.permission.SET_PREFERRED_APPLICATIONS
01-01 09:20:25.888 1500 1500 W android.permission.PermissionManager: Missing ActivityManager; assuming 1000 holds android.permission.SET_PREFERRED_APPLICATIONS
01-01 09:20:25.888 1500 1500 W android.permission.PermissionManager: Missing ActivityManager; assuming 1000 holds android.permission.SET_PREFERRED_APPLICATIONS
01-01 09:20:25.888 1500 1500 W android.permission.PermissionManager: Missing ActivityManager; assuming 1000 holds android.permission.SET_PREFERRED_APPLICATIONS
01-01 09:20:25.888 1500 1500 W android.permission.PermissionManager: Missing ActivityManager; assuming 1000 holds android.permission.SET_PREFERRED_APPLICATIONS
01-01 09:20:25.888 1500 1500 W android.permission.PermissionManager: Missing ActivityManager; assuming 1000 holds android.permission.SET_PREFERRED_APPLICATIONS
01-01 09:20:25.888 1500 1500 W android.permission.PermissionManager: Missing ActivityManager; assuming 1000 holds android.permission.SET_PREFERRED_APPLICATIONS
01-01 09:20:25.889 1500 1500 W android.permission.PermissionManager: Missing ActivityManager; assuming 1000 holds android.permission.SET_PREFERRED_APPLICATIONS
01-01 09:20:25.889 1500 1500 W android.permission.PermissionManager: Missing ActivityManager; assuming 1000 holds android.permission.SET_PREFERRED_APPLICATIONS
01-01 09:20:25.889 1500 1500 W android.permission.PermissionManager: Missing ActivityManager; assuming 1000 holds android.permission.SET_PREFERRED_APPLICATIONS
01-01 09:20:25.889 1500 1500 W android.permission.PermissionManager: Missing ActivityManager; assuming 1000 holds android.permission.SET_PREFERRED_APPLICATIONS
01-01 09:20:25.889 1500 1500 W android.permission.PermissionManager: Missing ActivityManager; assuming 1000 holds android.permission.SET_PREFERRED_APPLICATIONS
01-01 09:20:25.889 1500 1500 W android.permission.PermissionManager: Missing ActivityManager; assuming 1000 holds android.permission.SET_PREFERRED_APPLICATIONS
01-01 09:20:25.889 1500 1500 W android.permission.PermissionManager: Missing ActivityManager; assuming 1000 holds android.permission.SET_PREFERRED_APPLICATIONS
01-01 09:20:25.889 1500 1500 W android.permission.PermissionManager: Missing ActivityManager; assuming 1000 holds android.permission.SET_PREFERRED_APPLICATIONS
01-01 09:20:25.889 1500 1500 W android.permission.PermissionManager: Missing ActivityManager; assuming 1000 holds android.permission.SET_PREFERRED_APPLICATIONS
01-01 09:20:25.889 1500 1500 W android.permission.PermissionManager: Missing ActivityManager; assuming 1000 holds android.permission.SET_PREFERRED_APPLICATIONS
01-01 09:20:25.889 1500 1500 W android.permission.PermissionManager: Missing ActivityManager; assuming 1000 holds android.permission.SET_PREFERRED_APPLICATIONS
01-01 09:20:25.889 1500 1500 W android.permission.PermissionManager: Missing ActivityManager; assuming 1000 holds android.permission.SET_PREFERRED_APPLICATIONS
01-01 09:20:25.889 1500 1500 W android.permission.PermissionManager: Missing ActivityManager; assuming 1000 holds android.permission.SET_PREFERRED_APPLICATIONS
01-01 09:20:25.890 1500 1500 W android.permission.PermissionManager: Missing ActivityManager; assuming 1000 holds android.permission.SET_PREFERRED_APPLICATIONS
01-01 09:20:25.890 1500 1500 W android.permission.PermissionManager: Missing ActivityManager; assuming 1000 holds android.permission.SET_PREFERRED_APPLICATIONS
01-01 09:20:25.890 1500 1500 W android.permission.PermissionManager: Missing ActivityManager; assuming 1000 holds android.permission.SET_PREFERRED_APPLICATIONS
01-01 09:20:25.890 1500 1500 W android.permission.PermissionManager: Missing ActivityManager; assuming 1000 holds android.permission.SET_PREFERRED_APPLICATIONS
01-01 09:20:25.890 1500 1500 W android.permission.PermissionManager: Missing ActivityManager; assuming 1000 holds android.permission.SET_PREFERRED_APPLICATIONS
01-01 09:20:25.890 1500 1500 W android.permission.PermissionManager: Missing ActivityManager; assuming 1000 holds android.permission.SET_PREFERRED_APPLICATIONS
01-01 09:20:25.890 1500 1500 W android.permission.PermissionManager: Missing ActivityManager; assuming 1000 holds android.permission.SET_PREFERRED_APPLICATIONS
01-01 09:20:25.890 1500 1500 W android.permission.PermissionManager: Missing ActivityManager; assuming 1000 holds android.permission.SET_PREFERRED_APPLICATIONS
01-01 09:20:25.890 1500 1500 W android.permission.PermissionManager: Missing ActivityManager; assuming 1000 holds android.permission.SET_PREFERRED_APPLICATIONS
01-01 09:20:25.890 1500 1500 W android.permission.PermissionManager: Missing ActivityManager; assuming 1000 holds android.permission.SET_PREFERRED_APPLICATIONS
01-01 09:20:25.891 1500 1500 W android.permission.PermissionManager: Missing ActivityManager; assuming 1000 holds android.permission.SET_PREFERRED_APPLICATIONS
01-01 09:20:25.891 1500 1500 W android.permission.PermissionManager: Missing ActivityManager; assuming 1000 holds android.permission.SET_PREFERRED_APPLICATIONS
01-01 09:20:25.891 1500 1500 W android.permission.PermissionManager: Missing ActivityManager; assuming 1000 holds android.permission.SET_PREFERRED_APPLICATIONS
01-01 09:20:25.898 1500 1500 W PackageSettings: Missing permission state for package: android.frameworkres.overlay
01-01 09:20:25.898 1500 1500 W PackageSettings: Missing permission state for package: com.android.cts.priv.ctsshim
01-01 09:20:25.898 1500 1500 W PackageSettings: Missing permission state for package: com.thundercomm.gamemode.provider
01-01 09:20:25.898 1500 1500 W PackageSettings: Missing permission state for package: com.android.internal.systemui.navbar.gestural_wide_back
01-01 09:20:25.898 1500 1500 W PackageSettings: Missing permission state for package: com.qualcomm.qti.gpudrivers.kona.api30
01-01 09:20:25.898 1500 1500 W PackageSettings: Missing permission state for package: com.android.htmlviewer
01-01 09:20:25.898 1500 1500 W PackageSettings: Missing permission state for package: com.android.internal.systemui.onehanded.gestural
01-01 09:20:25.898 1500 1500 W PackageSettings: Missing permission state for package: android.qvaoverlay.common
01-01 09:20:25.898 1500 1500 W PackageSettings: Missing permission state for package: android.overlay.common
01-01 09:20:25.898 1500 1500 W PackageSettings: Missing permission state for package: com.android.connectivity.resources
01-01 09:20:25.898 1500 1500 W PackageSettings: Missing permission state for package: com.android.modulemetadata
01-01 09:20:25.898 1500 1500 W PackageSettings: Missing permission state for package: android.overlay.target
01-01 09:20:25.898 1500 1500 W PackageSettings: Missing permission state for package: com.android.internal.systemui.navbar.gestural_extra_wide_back
01-01 09:20:25.898 1500 1500 W PackageSettings: Missing permission state for package: com.android.wifi.resources.overlay.common
01-01 09:20:25.898 1500 1500 W PackageSettings: Missing permission state for package: com.android.dreams.basic
01-01 09:20:25.898 1500 1500 W PackageSettings: Missing permission state for package: com.android.settings.overlay.common
01-01 09:20:25.898 1500 1500 W PackageSettings: Missing permission state for package: android.ext.shared
01-01 09:20:25.898 1500 1500 W PackageSettings: Missing permission state for package: com.android.wifi.resources.overlay.target
01-01 09:20:25.899 1500 1500 W PackageSettings: Missing permission state for package: com.android.wifi.resources
01-01 09:20:25.899 1500 1500 W PackageSettings: Missing permission state for package: com.android.systemui.overlay.common
01-01 09:20:25.899 1500 1500 W PackageSettings: Missing permission state for package: com.android.cameraextensions
01-01 09:20:25.899 1500 1500 W PackageSettings: Missing permission state for package: com.android.theme.font.notoserifsource
01-01 09:20:25.899 1500 1500 W PackageSettings: Missing permission state for package: com.android.internal.display.cutout.emulation.waterfall
01-01 09:20:25.899 1500 1500 W PackageSettings: Missing permission state for package: com.android.providers.settings.overlay
01-01 09:20:25.899 1500 1500 W PackageSettings: Missing permission state for package: com.android.bookmarkprovider
01-01 09:20:25.899 1500 1500 W PackageSettings: Missing permission state for package: com.android.cts.ctsshim
01-01 09:20:25.899 1500 1500 W PackageSettings: Missing permission state for package: com.qualcomm.qti.xrcb
01-01 09:20:25.899 1500 1500 W PackageSettings: Missing permission state for package: com.android.internal.systemui.navbar.gestural
01-01 09:20:25.899 1500 1500 W PackageSettings: Missing permission state for package: com.android.internal.systemui.navbar.gestural_narrow_back
01-01 09:20:25.899 1500 1500 W PackageSettings: Missing permission state for package: com.android.cellbroadcastreceiver.overlay.common
01-01 09:20:25.899 1500 1500 W PackageSettings: Missing permission state for shared user: android.uid.log
01-01 09:20:25.899 1500 1500 W PackageSettings: Missing permission state for shared user: android.uid.uwb
01-01 09:20:25.915 1500 1500 D PackageManager: Keeping known cache e987cbdcb2344483b4dbbc393b2da64584793e32
01-01 09:20:25.916 1500 1500 W android.permission.PermissionManager: Missing ActivityManager; assuming 1000 holds android.permission.WATCH_APPOPS
01-01 09:20:25.916 1500 1500 W android.permission.PermissionManager: Missing ActivityManager; assuming 1000 holds android.permission.WATCH_APPOPS
01-01 09:20:25.921 1500 1500 D CompatibilityChangeReporter: Compat change id reported: 143539591; UID -1; state: ENABLED
01-01 09:20:25.930 1500 1500 D CompatibilityChangeReporter: Compat change id reported: 143539591; UID -1; state: DISABLED
01-01 09:20:25.930 1500 1500 D CompatibilityChangeReporter: Compat change id reported: 168782947; UID -1; state: ENABLED
01-01 09:20:25.931 1500 1500 W PackageManager: Failed to parse /system/framework/oat: Missing base APK in /system/framework/oat
01-01 09:20:25.931 1500 1500 W PackageManager: Failed to parse /system/framework/arm64: Missing base APK in /system/framework/arm64
01-01 09:20:25.931 1500 1500 W PackageManager: Failed to parse /system/framework/arm: Missing base APK in /system/framework/arm
01-01 09:20:25.976 1500 1500 D CompatibilityChangeReporter: Compat change id reported: 168782947; UID -1; state: DISABLED
01-01 09:20:26.000 1500 1685 D CompatibilityChangeReporter: Compat change id reported: 150232615; UID -1; state: DISABLED
01-01 09:20:26.004 1500 1687 W PackageParsing: No actions in intent-filter at /system/priv-app/baidu_ime-mainLine-release/baidu_ime-mainLine-release.apk Binary XML file line #388
01-01 09:20:26.021 1500 1685 W PackageParsing: No actions in intent-filter at /system/priv-app/BuiltInPrintService/BuiltInPrintService.apk Binary XML file line #53
01-01 09:20:26.021 1500 1686 W PackageParsing: Ignoring duplicate uses-permissions/uses-permissions-sdk-m: android.permission.ACCESS_WIFI_STATE in package: com.microsoft.emmx at: Binary XML file line #105
01-01 09:20:26.043 1500 1686 W PackageParsing: No actions in intent-filter at /system/app/Bluetooth/Bluetooth.apk Binary XML file line #186
01-01 09:20:26.043 1500 1686 W PackageParsing: No actions in intent-filter at /system/app/Bluetooth/Bluetooth.apk Binary XML file line #210
01-01 09:20:26.043 1500 1686 W PackageParsing: No actions in intent-filter at /system/app/Bluetooth/Bluetooth.apk Binary XML file line #284
01-01 09:20:26.056 1500 1686 W PackageParsing: Ignoring duplicate uses-permissions/uses-permissions-sdk-m: android.permission.READ_EXTERNAL_STORAGE in package: com.thundercomm.screensaver at: Binary XML file line #19
01-01 09:20:26.063 1500 1500 W PackageManager: Failed to parse /vendor/app/CneApp: Missing base APK in /vendor/app/CneApp/lib/arm64
01-01 09:20:26.147 1500 1688 W PackageParsing: Ignoring duplicate uses-permissions/uses-permissions-sdk-m: android.permission.CONFIGURE_WIFI_DISPLAY in package: com.android.systemui at: Binary XML file line #160
01-01 09:20:26.262 1500 1686 W PackageParsing: Ignoring duplicate uses-permissions/uses-permissions-sdk-m: android.permission.INTERACT_ACROSS_USERS in package: com.thundercomm.microsettings at: Binary XML file line #13
01-01 09:20:26.262 1500 1686 W PackageParsing: Ignoring duplicate uses-permissions/uses-permissions-sdk-m: android.permission.SET_TIME_ZONE in package: com.thundercomm.microsettings at: Binary XML file line #31
01-01 09:20:26.262 1500 1686 W PackageParsing: Ignoring duplicate uses-permissions/uses-permissions-sdk-m: android.permission.WRITE_EXTERNAL_STORAGE in package: com.thundercomm.microsettings at: Binary XML file line #37
01-01 09:20:26.263 1500 1687 W PackageParsing: No actions in intent-filter at /system_ext/app/SnapdragonMusic/SnapdragonMusic.apk Binary XML file line #82
01-01 09:20:26.263 1500 1687 W PackageParsing: No actions in intent-filter at /system_ext/app/SnapdragonMusic/SnapdragonMusic.apk Binary XML file line #205
01-01 09:20:26.308 1500 1500 I PackageManager: Finished scanning system apps. Time: 394 ms, packageCount: 139 , timePerPackage: 2 , cached: 0
01-01 09:20:26.320 1500 1500 D CompatibilityChangeReporter: Compat change id reported: 133396946; UID -1; state: ENABLED
01-01 09:20:26.323 1500 1687 W PackageParsing: Ignoring duplicate uses-permissions/uses-permissions-sdk-m: android.permission.ACCESS_COARSE_LOCATION in package: com.duowan.kiwi at: Binary XML file line #36
01-01 09:20:26.323 1500 1687 W PackageParsing: Unknown element under : meta-data at /data/app/~~GWORq8D7hSTnvQQVocddRA==/com.duowan.kiwi-7F4XpebXkOZgbTl95Qm5rA==/base.apk Binary XML file line #73
01-01 09:20:26.332 1500 1500 W PackageManager: Skipping provider name com.duowan.kiwi.fileprovider (in package com.duowan.kiwi): name already used by com.duowan.kiwi
01-01 09:20:26.332 1500 1500 W PackageManager: Skipping provider name com.duowan.kiwi.fileprovider (in package com.duowan.kiwi): name already used by com.duowan.kiwi
01-01 09:20:26.332 1500 1500 W PackageManager: Skipping provider name com.duowan.kiwi.fileprovider (in package com.duowan.kiwi): name already used by com.duowan.kiwi
01-01 09:20:26.333 1500 1685 W PackageParsing: Ignoring duplicate uses-permissions/uses-permissions-sdk-m: com.android.launcher2.permission.READ_SETTINGS in package: com.tencent.mobileqq at: Binary XML file line #55
01-01 09:20:26.333 1500 1685 W PackageParsing: Ignoring duplicate uses-permissions/uses-permissions-sdk-m: android.permission.WRITE_CONTACTS in package: com.tencent.mobileqq at: Binary XML file line #79
01-01 09:20:26.336 1500 1685 W PackageParsing: Ignoring duplicate uses-permissions/uses-permissions-sdk-m: com.tencent.msf.permission.account.sync in package: com.tencent.mobileqq at: Binary XML file line #109
01-01 09:20:26.336 1500 1685 W PackageParsing: Ignoring duplicate uses-permissions/uses-permissions-sdk-m: android.permission.CHANGE_WIFI_STATE in package: com.tencent.mobileqq at: Binary XML file line #112
01-01 09:20:26.336 1500 1685 W PackageParsing: Ignoring duplicate uses-permissions/uses-permissions-sdk-m: android.permission.INTERNET in package: com.tencent.mobileqq at: Binary XML file line #113
01-01 09:20:26.336 1500 1685 W PackageParsing: Ignoring duplicate uses-permissions/uses-permissions-sdk-m: android.permission.ACCESS_WIFI_STATE in package: com.tencent.mobileqq at: Binary XML file line #114
01-01 09:20:26.336 1500 1685 W PackageParsing: Ignoring duplicate uses-permissions/uses-permissions-sdk-m: android.permission.ACCESS_NETWORK_STATE in package: com.tencent.mobileqq at: Binary XML file line #115
01-01 09:20:26.336 1500 1685 W PackageParsing: Ignoring duplicate uses-permissions/uses-permissions-sdk-m: android.permission.CAMERA in package: com.tencent.mobileqq at: Binary XML file line #119
01-01 09:20:26.336 1500 1685 W PackageParsing: Ignoring duplicate uses-permissions/uses-permissions-sdk-m: android.permission.WAKE_LOCK in package: com.tencent.mobileqq at: Binary XML file line #120
01-01 09:20:26.336 1500 1685 W PackageParsing: Ignoring duplicate uses-permissions/uses-permissions-sdk-m: com.android.launcher.permission.INSTALL_SHORTCUT in package: com.tencent.mobileqq at: Binary XML file line #121
01-01 09:20:26.336 1500 1685 W PackageParsing: Ignoring duplicate uses-permissions/uses-permissions-sdk-m: android.permission.RECEIVE_BOOT_COMPLETED in package: com.tencent.mobileqq at: Binary XML file line #122
01-01 09:20:26.336 1500 1685 W PackageParsing: Ignoring duplicate uses-permissions/uses-permissions-sdk-m: com.tencent.msf.permission.account.sync in package: com.tencent.mobileqq at: Binary XML file line #124
01-01 09:20:26.336 1500 1685 W PackageParsing: Ignoring duplicate uses-permissions/uses-permissions-sdk-m: android.permission.BROADCAST_STICKY in package: com.tencent.mobileqq at: Binary XML file line #145
01-01 09:20:26.340 1500 1685 W PackageParsing: No actions in intent-filter at /data/app/~~hQ4WOx6YUmowBJzOCedYKA==/com.tencent.mobileqq-KGDcvwZtyIY0p-g7XuYu_Q==/base.apk Binary XML file line #685
01-01 09:20:26.351 1500 1500 D CompatibilityChangeReporter: Compat change id reported: 133396946; UID -1; state: DISABLED
01-01 09:20:26.354 1500 1500 W PackageManager: Skipping provider name com.tencent.mobileqq.fileprovider (in package com.tencent.mobileqq): name already used by com.tencent.mobileqq
01-01 09:20:26.354 1500 1500 W PackageManager: Skipping provider name com.tencent.mobileqq.external.fileprovider (in package com.tencent.mobileqq): name already used by com.tencent.mobileqq
01-01 09:20:26.354 1500 1500 I PackageManager: Finished scanning non-system apps. Time: 46 ms, packageCount: 3 , timePerPackage: 15 , cached: 0
01-01 09:20:26.355 1500 1500 E PackageManager: updateAllSharedLibrariesLPw failed: Package com.qualcomm.embms requires unavailable shared library com.qualcomm.qcrilhook; failing!
01-01 09:20:26.355 1500 1500 E PackageManager: updateAllSharedLibrariesLPw failed: Package com.android.systemui requires unavailable shared library com.qti.extphone.extphonelib; failing!
01-01 09:20:26.355 1500 1500 E PackageManager: updateAllSharedLibrariesLPw failed: Package com.android.settings requires unavailable shared library com.qti.extphone.extphonelib; failing!
01-01 09:20:26.355 1500 1500 E PackageManager: updateAllSharedLibrariesLPw failed: Package com.qualcomm.qti.devicestatisticsservice requires unavailable shared library qti-telephony-hidl-wrapper-prd; failing!
01-01 09:20:26.355 1500 1500 E PackageManager: updateAllSharedLibrariesLPw failed: Package com.qti.snapdragon.qdcm_ff requires unavailable shared library vendor.display.color.V1_0.IDisplayColor; failing!
01-01 09:20:26.355 1500 1500 E PackageManager: updateAllSharedLibrariesLPw failed: Package com.qti.pasrservice requires unavailable shared library vendor.qti.power.pasrmanager.V1_0.IPasrManager; failing!
01-01 09:20:26.355 1500 1500 E PackageManager: updateAllSharedLibrariesLPw failed: Package com.qualcomm.wfd.service requires unavailable shared library .WfdService; failing!
01-01 09:20:26.356 1500 1500 I PackageManager: Time to scan packages: 0.442 seconds
01-01 09:20:26.356 1500 1500 I PackageManager: Permission ownership changed. Updating all permissions.
01-01 09:20:26.365 1500 1500 V PackageManager: reconcileAppsData for null u0 0x1 migrateAppData=true
01-01 09:20:26.394 1500 1500 V PackageManager: reconcileAppsData finished 27 packages
01-01 09:20:26.394 1500 1500 I PackageManagerTiming: write settings
01-01 09:20:26.394 1500 1690 I SystemServerTimingAsync: InitThreadPoolExec:prepareAppData
01-01 09:20:26.412 1500 1500 W PackageManager: Intent filter verifier not found
01-01 09:20:26.412 1500 1500 W PackageManager: Domain verification agent not found
01-01 09:20:26.414 1500 1500 I PackageManagerTiming: GC
01-01 09:20:26.414 1500 1500 I PackageManager: Fix for b/169414761 is applied
01-01 09:20:26.414 1500 1500 V UserManagerService: Checking that all system packages are whitelisted.
01-01 09:20:26.415 1500 1500 W UserManagerService: checkWhitelistedSystemPackages(mode=ENFORCE|IMPLICIT_WHITELIST|IMPLICIT_WHITELIST_SYSTEM) has 68 warnings:
01-01 09:20:26.415 1500 1500 W UserManagerService: com.android.internal.display.cutout.emulation.corner is allowlisted but not present.
01-01 09:20:26.415 1500 1500 W UserManagerService: com.android.internal.display.cutout.emulation.double is allowlisted but not present.
01-01 09:20:26.415 1500 1500 W UserManagerService: com.android.theme.color.amethyst is allowlisted but not present.
01-01 09:20:26.415 1500 1500 W UserManagerService: com.android.theme.icon.pebble is allowlisted but not present.
01-01 09:20:26.415 1500 1500 W UserManagerService: com.android.theme.color.sand is allowlisted but not present.
01-01 09:20:26.415 1500 1500 W UserManagerService: com.android.theme.icon.vessel is allowlisted but not present.
01-01 09:20:26.415 1500 1500 W UserManagerService: com.android.theme.color.cinnamon is allowlisted but not present.
01-01 09:20:26.415 1500 1500 W UserManagerService: com.android.theme.icon_pack.victor.settings is allowlisted but not present.
01-01 09:20:26.415 1500 1500 W UserManagerService: com.android.theme.icon_pack.rounded.systemui is allowlisted but not present.
01-01 09:20:26.415 1500 1500 W UserManagerService: com.android.theme.icon.taperedrect is allowlisted but not present.
01-01 09:20:26.415 1500 1500 W UserManagerService: com.android.theme.icon_pack.rounded.android is allowlisted but not present.
01-01 09:20:26.415 1500 1500 W UserManagerService: com.qualcomm.qti.euiccresource is allowlisted but not present.
01-01 09:20:26.415 1500 1500 W UserManagerService: com.qualcomm.qti.telephonyservice is allowlisted but not present.
01-01 09:20:26.415 1500 1500 W UserManagerService: com.android.theme.icon_pack.victor.systemui is allowlisted but not present.
01-01 09:20:26.415 1500 1500 W UserManagerService: com.android.theme.icon_pack.circular.themepicker is allowlisted but not present.
01-01 09:20:26.415 1500 1500 W UserManagerService: com.android.theme.color.tangerine is allowlisted but not present.
01-01 09:20:26.416 1500 1500 W UserManagerService: com.android.theme.color.aquamarine is allowlisted but not present.
01-01 09:20:26.416 1500 1500 W UserManagerService: com.android.internal.display.cutout.emulation.hole is allowlisted but not present.
01-01 09:20:26.416 1500 1500 W UserManagerService: com.android.internal.display.cutout.emulation.tall is allowlisted but not present.
01-01 09:20:26.416 1500 1500 W UserManagerService: com.android.theme.color.black is allowlisted but not present.
01-01 09:20:26.416 1500 1500 W UserManagerService: com.android.theme.color.green is allowlisted but not present.
01-01 09:20:26.416 1500 1500 W UserManagerService: com.android.theme.color.ocean is allowlisted but not present.
01-01 09:20:26.416 1500 1500 W UserManagerService: com.android.theme.color.space is allowlisted but not present.
01-01 09:20:26.416 1500 1500 W UserManagerService: com.android.internal.systemui.navbar.threebutton is allowlisted but not present.
01-01 09:20:26.416 1500 1500 W UserManagerService: com.qti.qualcomm.datastatusnotification is allowlisted but not present.
01-01 09:20:26.416 1500 1500 W UserManagerService: com.qualcomm.qti.callfeaturessetting is allowlisted but not present.
01-01 09:20:26.416 1500 1500 W UserManagerService: com.android.theme.icon_pack.rounded.launcher is allowlisted but not present.
01-01 09:20:26.416 1500 1500 W UserManagerService: com.qti.qualcomm.deviceinfo is allowlisted but not present.
01-01 09:20:26.416 1500 1500 W UserManagerService: com.android.theme.icon_pack.kai.settings is allowlisted but not present.
01-01 09:20:26.416 1500 1500 W UserManagerService: com.android.internal.systemui.navbar.twobutton is allowlisted but not present.
01-01 09:20:26.416 1500 1500 W UserManagerService: org.codeaurora.ims is allowlisted but not present.
01-01 09:20:26.416 1500 1500 W UserManagerService: com.android.theme.icon_pack.sam.settings is allowlisted but not present.
01-01 09:20:26.416 1500 1500 W UserManagerService: com.android.theme.icon_pack.kai.themepicker is allowlisted but not present.
01-01 09:20:26.416 1500 1500 W UserManagerService: com.qualcomm.qcrilmsgtunnel is allowlisted but not present.
01-01 09:20:26.416 1500 1500 W UserManagerService: com.android.theme.icon_pack.victor.launcher is allowlisted but not present.
01-01 09:20:26.416 1500 1500 W UserManagerService: com.android.theme.icon_pack.filled.settings is allowlisted but not present.
01-01 09:20:26.416 1500 1500 W UserManagerService: com.android.theme.icon_pack.kai.systemui is allowlisted but not present.
01-01 09:20:26.416 1500 1500 W UserManagerService: com.android.theme.icon_pack.circular.settings is allowlisted but not present.
01-01 09:20:26.416 1500 1500 W UserManagerService: com.qti.xdivert is allowlisted but not present.
01-01 09:20:26.416 1500 1500 W UserManagerService: com.android.theme.icon_pack.sam.systemui is allowlisted but not present.
01-01 09:20:26.416 1500 1500 W UserManagerService: com.android.theme.icon.teardrop is allowlisted but not present.
01-01 09:20:26.416 1500 1500 W UserManagerService: com.android.theme.icon_pack.rounded.themepicker is allowlisted but not present.
01-01 09:20:26.416 1500 1500 W UserManagerService: com.android.theme.icon_pack.filled.systemui is allowlisted but not present.
01-01 09:20:26.416 1500 1500 W UserManagerService: com.qualcomm.qti.imsiprivacy.tests is allowlisted but not present.
01-01 09:20:26.416 1500 1500 W UserManagerService: com.android.theme.icon_pack.sam.android is allowlisted but not present.
01-01 09:20:26.416 1500 1500 W UserManagerService: com.android.theme.icon_pack.filled.android is allowlisted but not present.
01-01 09:20:26.416 1500 1500 W UserManagerService: com.android.theme.icon_pack.circular.systemui is allowlisted but not present.
01-01 09:20:26.416 1500 1500 W UserManagerService: com.android.theme.icon_pack.kai.android is allowlisted but not present.
01-01 09:20:26.416 1500 1500 W UserManagerService: com.android.theme.icon_pack.kai.launcher is allowlisted but not present.
01-01 09:20:26.416 1500 1500 W UserManagerService: com.qualcomm.qti.sam.service is allowlisted but not present.
01-01 09:20:26.416 1500 1500 W UserManagerService: com.android.theme.icon_pack.sam.launcher is allowlisted but not present.
01-01 09:20:26.416 1500 1500 W UserManagerService: com.android.theme.icon.squircle is allowlisted but not present.
01-01 09:20:26.416 1500 1500 W UserManagerService: com.android.theme.icon_pack.victor.android is allowlisted but not present.
01-01 09:20:26.416 1500 1500 W UserManagerService: com.android.theme.color.palette is allowlisted but not present.
01-01 09:20:26.416 1500 1500 W UserManagerService: com.android.theme.icon_pack.filled.launcher is allowlisted but not present.
01-01 09:20:26.416 1500 1500 W UserManagerService: com.android.theme.color.carbon is allowlisted but not present.
01-01 09:20:26.416 1500 1500 W UserManagerService: com.android.theme.icon_pack.circular.launcher is allowlisted but not present.
01-01 09:20:26.416 1500 1500 W UserManagerService: com.android.theme.icon_pack.filled.themepicker is allowlisted but not present.
01-01 09:20:26.416 1500 1500 W UserManagerService: com.android.theme.icon_pack.victor.themepicker is allowlisted but not present.
01-01 09:20:26.416 1500 1500 W UserManagerService: com.android.theme.color.orchid is allowlisted but not present.
01-01 09:20:26.416 1500 1500 W UserManagerService: com.android.theme.color.purple is allowlisted but not present.
01-01 09:20:26.416 1500 1500 W UserManagerService: com.qualcomm.qti.confdialer is allowlisted but not present.
01-01 09:20:26.416 1500 1500 W UserManagerService: com.android.theme.icon_pack.sam.themepicker is allowlisted but not present.
01-01 09:20:26.416 1500 1500 W UserManagerService: com.qualcomm.atfwd is allowlisted but not present.
01-01 09:20:26.416 1500 1500 W UserManagerService: com.android.theme.icon.roundedrect is allowlisted but not present.
01-01 09:20:26.416 1500 1500 W UserManagerService: com.android.theme.icon_pack.rounded.settings is allowlisted but not present.
01-01 09:20:26.416 1500 1500 W UserManagerService: org.codeaurora.qti.nrNetworkSettingApp is allowlisted but not present.
01-01 09:20:26.416 1500 1500 W UserManagerService: com.android.theme.icon_pack.circular.android is allowlisted but not present.
01-01 09:20:26.416 1500 1500 I Watchdog: Resuming HandlerChecker: main thread for reason: packagemanagermain. Pause count: 0
01-01 09:20:26.416 1500 1500 I SystemServerDexLoadReporter: Configuring system server dex reporter
01-01 09:20:26.419 1500 1500 I SystemServerTiming: StartOtaDexOptService
01-01 09:20:26.419 1500 1500 I Watchdog: Pausing HandlerChecker: main thread for reason: moveab. Pause count: 1
01-01 09:20:26.419 1500 1500 D OTADexopt: No upgrade, skipping A/B artifacts check.
01-01 09:20:26.419 1500 1500 I Watchdog: Resuming HandlerChecker: main thread for reason: moveab. Pause count: 0
01-01 09:20:26.419 1500 1500 I SystemServerTiming: StartUserManagerService
01-01 09:20:26.419 1500 1500 I SystemServiceManager: Starting com.android.server.pm.UserManagerService$LifeCycle
01-01 09:20:26.419 1500 1500 I SystemServerTiming: InitAttributerCache
01-01 09:20:26.419 1500 1500 I SystemServerTiming: SetSystemProcess
01-01 09:20:26.422 1500 1534 V HistoricalRegistry: Interaction before persistence initialized
01-01 09:20:26.422 1500 1535 V HistoricalRegistry: Interaction before persistence initialized
01-01 09:20:26.424 1500 1630 I ActivityManager: Connection with lmkd established
01-01 09:20:26.424 1500 1500 I SystemServerTiming: InitWatchdog
01-01 09:20:26.425 1500 1500 I SystemServerTiming: StartOverlayManagerService
01-01 09:20:26.428 0 0 I init : Control message: Processed ctl.start for 'idmap2d' from pid: 1500 (system_server)
01-01 09:20:26.448 1500 1592 W ActivityTaskManager: Skip updateConfiguration because mWindowManager isn't set
01-01 09:20:26.452 1500 1500 I SystemServerTiming: StartSensorPrivacyService
01-01 09:20:26.454 1500 1500 I SystemServerTiming: StartSensorService
01-01 09:20:26.454 1500 1500 I SystemServiceManager: Starting com.android.server.sensors.SensorService
01-01 09:20:26.454 1500 1500 I SystemServerTiming: startCoreServices
01-01 09:20:26.454 1500 1500 I SystemServerTiming: StartSystemConfigService
01-01 09:20:26.454 1500 1500 I SystemServiceManager: Starting com.android.server.SystemConfigService
01-01 09:20:26.454 1500 1697 I SystemServerTimingAsync: InitThreadPoolExec:StartNativeSensorService
01-01 09:20:26.454 1500 1697 I SystemServerTimingAsync: StartNativeSensorService
01-01 09:20:26.455 1500 1500 I SystemServerTiming: StartBatteryService
01-01 09:20:26.455 1500 1500 I SystemServiceManager: Starting com.android.server.BatteryService
01-01 09:20:26.457 0 0 W healthd : battery none chg=
01-01 09:20:26.460 1500 1500 I HealthServiceWrapper: health: HealthServiceWrapper listening to instance default
01-01 09:20:26.461 1500 1500 I BatteryService: health: Waited 0ms and received the update.
01-01 09:20:26.461 1500 1500 I SystemServerTiming: StartUsageService
01-01 09:20:26.461 1500 1500 I SystemServiceManager: Starting com.android.server.usage.UsageStatsService
01-01 09:20:26.464 1500 1500 I SystemServerTiming: StartWebViewUpdateService
01-01 09:20:26.464 1500 1500 I SystemServiceManager: Starting com.android.server.webkit.WebViewUpdateService
01-01 09:20:26.464 1500 1500 I SystemServerTiming: StartCachedDeviceStateService
01-01 09:20:26.464 1500 1500 I SystemServiceManager: Starting com.android.server.CachedDeviceStateService
01-01 09:20:26.464 1500 1500 I SystemServerTiming: StartBinderCallsStatsService
01-01 09:20:26.464 1500 1500 I SystemServiceManager: Starting com.android.server.BinderCallsStatsService$LifeCycle
01-01 09:20:26.465 1500 1500 I SystemServerTiming: StartLooperStatsService
01-01 09:20:26.465 1500 1500 I SystemServiceManager: Starting com.android.server.LooperStatsService$Lifecycle
01-01 09:20:26.465 1500 1500 I SystemServerTiming: StartRollbackManagerService
01-01 09:20:26.465 1500 1500 I SystemServiceManager: Starting com.android.server.rollback.RollbackManagerService
01-01 09:20:26.467 1500 1500 I PackageWatchdog: Syncing state, reason: added new observer
01-01 09:20:26.467 1500 1500 I PackageWatchdog: Not pruning observers, elapsed time: 0ms
01-01 09:20:26.467 1500 1500 I PackageWatchdog: Cancelling state sync, nothing to sync
01-01 09:20:26.467 1500 1614 I PackageWatchdog: Saving observer state to file
01-01 09:20:26.468 1500 1500 I SystemServerTiming: StartNativeTombstoneManagerService
01-01 09:20:26.468 1500 1500 I SystemServiceManager: Starting com.android.server.os.NativeTombstoneManagerService
01-01 09:20:26.469 1500 1500 I SystemServerTiming: StartBugreportManagerService
01-01 09:20:26.469 1500 1500 I SystemServiceManager: Starting com.android.server.os.BugreportManagerService
01-01 09:20:26.469 1500 1500 I SystemServerTiming: GpuService
01-01 09:20:26.469 1500 1500 I SystemServiceManager: Starting com.android.server.gpu.GpuService
01-01 09:20:26.469 1500 1500 I SystemServerTiming: startOtherServices
01-01 09:20:26.469 1500 1500 I SystemServerTiming: StartKeyAttestationApplicationIdProviderService
01-01 09:20:26.470 1500 1705 I SystemServerTimingAsync: InitThreadPoolExec:SecondaryZygotePreload
01-01 09:20:26.470 1500 1705 I SystemServer: SecondaryZygotePreload
01-01 09:20:26.470 1500 1705 I SystemServerTimingAsync: SecondaryZygotePreload
01-01 09:20:26.470 1500 1500 I SystemServerTiming: StartKeyChainSystemService
01-01 09:20:26.470 1500 1500 I SystemServiceManager: Starting com.android.server.security.KeyChainSystemService
01-01 09:20:26.470 1500 1500 I SystemServerTiming: StartSchedulingPolicyService
01-01 09:20:26.470 1500 1706 I SystemServerTimingAsync: InitThreadPoolExec:SchedulingPolicyService.
01-01 09:20:26.470 1500 1500 I SystemServerTiming: StartTelecomLoaderService
01-01 09:20:26.470 1500 1500 I SystemServiceManager: Starting com.android.server.telecom.TelecomLoaderService
01-01 09:20:26.470 1500 1500 I SystemServerTiming: StartTelephonyRegistry
01-01 09:20:26.471 1500 1500 I SystemServerTiming: StartEntropyMixer
01-01 09:20:26.472 1500 1500 I EntropyMixer: Writing entropy...
01-01 09:20:26.472 1500 1500 I SystemServerTiming: StartAccountManagerService
01-01 09:20:26.472 1500 1500 I SystemServiceManager: Starting com.android.server.accounts.AccountManagerService$Lifecycle
01-01 09:20:26.478 1500 1500 I SystemServerTiming: StartContentService
01-01 09:20:26.478 1500 1500 I SystemServiceManager: Starting com.android.server.content.ContentService$Lifecycle
01-01 09:20:26.479 1500 1500 I SystemServerTiming: InstallSystemProviders
01-01 09:20:26.493 1205 1720 I storaged: storaged: Start
01-01 09:20:26.526 1500 1621 D ActivityManager: Freezer enabled
01-01 09:20:26.526 1500 1621 D ActivityManager: freezer override set to false
01-01 09:20:26.529 1500 1500 I SystemServerTiming: StartDropBoxManager
01-01 09:20:26.529 1500 1500 I SystemServiceManager: Starting com.android.server.DropBoxManagerService
01-01 09:20:26.529 1500 1500 I SystemServerTiming: StartRoleManagerService
01-01 09:20:26.529 1500 1500 I SystemServiceManager: Starting com.android.role.RoleService
01-01 09:20:26.531 1500 1500 I SystemServerTiming: StartVibratorManagerService
01-01 09:20:26.531 1500 1500 I SystemServiceManager: Starting com.android.server.vibrator.VibratorManagerService$Lifecycle
01-01 09:20:26.535 1500 1500 I SystemServerTiming: StartDynamicSystemService
01-01 09:20:26.535 1500 1500 I SystemServerTiming: StartConsumerIrService
01-01 09:20:26.536 1500 1500 I SystemServerTiming: StartAlarmManagerService
01-01 09:20:26.536 1500 1500 I SystemServiceManager: Starting com.android.server.alarm.AlarmManagerService
01-01 09:20:26.540 1500 1500 I AlarmManager: Current time only 4826540, advancing to build time 1670959342000
12-14 03:22:22.002 1500 1500 I SystemServerTiming: StartInputManagerService
12-14 03:22:22.002 1500 1500 I InputManager: Initializing input manager, mUseDevInputEventForAudioJack=true
12-14 03:22:22.005 1500 1500 I SystemServerTiming: DeviceStateManagerService
12-14 03:22:22.005 1500 1500 I SystemServiceManager: Starting com.android.server.devicestate.DeviceStateManagerService
12-14 03:22:22.007 1500 1500 I SystemServerTiming: StartCameraServiceProxy
12-14 03:22:22.008 1500 1500 I SystemServiceManager: Starting com.android.server.camera.CameraServiceProxy
12-14 03:22:22.009 1500 1500 I SystemServerTiming: StartWindowManagerService
12-14 03:22:22.009 1500 1500 I SystemServiceManager: Starting phase 200
12-14 03:22:22.009 1500 1500 I SystemServerTiming: OnBootPhase_200
12-14 03:22:22.009 1500 1500 I SystemServerTiming: OnBootPhase_200_com.android.server.security.FileIntegrityService
12-14 03:22:22.009 1500 1500 I SystemServerTiming: OnBootPhase_200_com.android.server.pm.Installer
12-14 03:22:22.009 1500 1500 I SystemServerTiming: OnBootPhase_200_com.android.server.os.DeviceIdentifiersPolicyService
12-14 03:22:22.009 1500 1500 I SystemServerTiming: OnBootPhase_200_com.android.server.uri.UriGrantsManagerService$Lifecycle
12-14 03:22:22.009 1500 1500 I SystemServerTiming: OnBootPhase_200_com.android.server.powerstats.PowerStatsService
12-14 03:22:22.009 1500 1500 I SystemServerTiming: OnBootPhase_200_com.android.server.wm.ActivityTaskManagerService$Lifecycle
12-14 03:22:22.009 1500 1500 I SystemServerTiming: OnBootPhase_200_com.android.server.am.ActivityManagerService$Lifecycle
12-14 03:22:22.009 1500 1500 I SystemServerTiming: OnBootPhase_200_com.android.server.pm.DataLoaderManagerService
12-14 03:22:22.009 1500 1500 I SystemServerTiming: OnBootPhase_200_com.android.server.power.PowerManagerService
12-14 03:22:22.009 1500 1500 I SystemServerTiming: OnBootPhase_200_com.android.server.power.ThermalManagerService
12-14 03:22:22.009 1500 1500 I SystemServerTiming: OnBootPhase_200_com.android.server.power.hint.HintManagerService
12-14 03:22:22.009 1500 1500 I SystemServerTiming: OnBootPhase_200_com.android.server.recoverysystem.RecoverySystemService$Lifecycle
12-14 03:22:22.009 1500 1500 I SystemServerTiming: OnBootPhase_200_com.android.server.lights.LightsService
12-14 03:22:22.009 1500 1500 I SystemServerTiming: OnBootPhase_200_com.android.server.display.DisplayManagerService
12-14 03:22:22.009 1500 1500 I SystemServerTiming: OnBootPhase_200_com.android.server.pm.verify.domain.DomainVerificationService
12-14 03:22:22.009 1500 1500 I SystemServerTiming: OnBootPhase_200_com.android.server.pm.PackageInstallerService$Lifecycle
12-14 03:22:22.009 1500 1500 I SystemServerTiming: OnBootPhase_200_com.android.server.pm.UserManagerService$LifeCycle
12-14 03:22:22.009 1500 1500 I SystemServerTiming: OnBootPhase_200_com.android.server.om.OverlayManagerService
12-14 03:22:22.009 1500 1500 I SystemServerTiming: OnBootPhase_200_com.android.server.SensorPrivacyService
12-14 03:22:22.009 1500 1500 I SystemServerTiming: OnBootPhase_200_com.android.server.sensors.SensorService
12-14 03:22:22.009 1500 1500 I SystemServerTiming: OnBootPhase_200_com.android.server.SystemConfigService
12-14 03:22:22.009 1500 1500 I SystemServerTiming: OnBootPhase_200_com.android.server.BatteryService
12-14 03:22:22.009 1500 1500 I SystemServerTiming: OnBootPhase_200_com.android.server.usage.UsageStatsService
12-14 03:22:22.009 1500 1500 I SystemServerTiming: OnBootPhase_200_com.android.server.webkit.WebViewUpdateService
12-14 03:22:22.009 1500 1500 I SystemServerTiming: OnBootPhase_200_com.android.server.CachedDeviceStateService
12-14 03:22:22.009 1500 1500 I SystemServerTiming: OnBootPhase_200_com.android.server.BinderCallsStatsService$LifeCycle
12-14 03:22:22.009 1500 1500 I SystemServerTiming: OnBootPhase_200_com.android.server.LooperStatsService$Lifecycle
12-14 03:22:22.009 1500 1500 I SystemServerTiming: OnBootPhase_200_com.android.server.rollback.RollbackManagerService
12-14 03:22:22.009 1500 1500 I SystemServerTiming: OnBootPhase_200_com.android.server.os.NativeTombstoneManagerService
12-14 03:22:22.009 1500 1500 I SystemServerTiming: OnBootPhase_200_com.android.server.os.BugreportManagerService
12-14 03:22:22.009 1500 1500 I SystemServerTiming: OnBootPhase_200_com.android.server.gpu.GpuService
12-14 03:22:22.009 1500 1500 I SystemServerTiming: OnBootPhase_200_com.android.server.security.KeyChainSystemService
12-14 03:22:22.009 1500 1500 I SystemServerTiming: OnBootPhase_200_com.android.server.telecom.TelecomLoaderService
12-14 03:22:22.009 1500 1500 I SystemServerTiming: OnBootPhase_200_com.android.server.accounts.AccountManagerService$Lifecycle
12-14 03:22:22.009 1500 1500 I SystemServerTiming: OnBootPhase_200_com.android.server.content.ContentService$Lifecycle
12-14 03:22:22.009 1500 1500 I SystemServerTiming: OnBootPhase_200_com.android.server.DropBoxManagerService
12-14 03:22:22.009 1500 1500 I SystemServerTiming: OnBootPhase_200_com.android.role.RoleService
12-14 03:22:22.009 1500 1500 I SystemServerTiming: OnBootPhase_200_com.android.server.vibrator.VibratorManagerService$Lifecycle
12-14 03:22:22.009 1500 1500 I SystemServerTiming: OnBootPhase_200_com.android.server.alarm.AlarmManagerService
12-14 03:22:22.009 1500 1500 I SystemServerTiming: OnBootPhase_200_com.android.server.devicestate.DeviceStateManagerService
12-14 03:22:22.009 1500 1500 I SystemServerTiming: OnBootPhase_200_com.android.server.camera.CameraServiceProxy
12-14 03:22:22.009 1500 1500 I WindowManager: No existing display settings, starting empty
12-14 03:22:22.010 1500 1500 I WindowManager: No existing display settings, starting empty
12-14 03:22:22.020 1500 1500 I SystemServerTiming: SetWindowManagerService
12-14 03:22:22.041 1500 1500 I ActivityTaskManager: Loaded persisted task ids for user 0
12-14 03:22:22.042 1500 1500 I SystemServerTiming: WindowManagerServiceOnInitReady
01-01 09:20:26.589 0 0 I msm_cvp : warn: DBLP Set: status 0 0
12-14 03:22:22.050 1500 1690 I PackageManager: Deferred reconcileAppsData finished 115 packages
12-14 03:22:22.051 1500 1695 E PowerManagerService: Tried to acquire wake lock for invalid display: 0
12-14 03:22:22.052 1500 1621 I DropBoxManagerService: add tag=system_server_wtf isTagEnabled=true flags=0x2
12-14 03:22:22.057 1500 1500 I SystemServerTiming: StartInputManager
12-14 03:22:22.057 1500 1500 I InputManager: Starting input manager
12-14 03:22:22.057 1500 1780 I SystemServerTimingAsync: InitThreadPoolExec:StartHidlServices
12-14 03:22:22.057 1500 1780 I SystemServerTimingAsync: StartHidlServices
12-14 03:22:22.058 1500 1500 I SystemServerTiming: DisplayManagerWindowManagerAndInputReady
12-14 03:22:22.059 1500 1500 I SystemServerTiming: StartBluetoothService
12-14 03:22:22.059 1500 1500 I SystemServiceManager: Starting com.android.server.BluetoothService
12-14 03:22:22.059 1500 1595 I LogicalDisplayMapper: Requesting Transition to state: 0
12-14 03:22:22.059 1500 1595 I LogicalDisplayMapper: Applying layout: [{addr: {port=129, model=0x40446d3026322d}, dispId: 0(ON)}], Previous layout: [{addr: {port=129, model=0x40446d3026322d}, dispId: 0(ON)}]
12-14 03:22:22.059 1500 1500 D BluetoothManagerService: Loading stored name and address
12-14 03:22:22.059 1500 1500 D BluetoothManagerService: Stored bluetooth Name=QLY,Address=F0:74:E4:3A:18:78
12-14 03:22:22.059 1500 1500 D BluetoothManagerService: Bluetooth persisted state: 1
12-14 03:22:22.059 1500 1500 D BluetoothManagerService: Startup: Bluetooth persisted state is ON.
12-14 03:22:22.060 1500 1500 D BluetoothManagerService: Detected SystemUiUid: 10082
12-14 03:22:22.060 1500 1500 I SystemServerTiming: IpConnectivityMetrics
12-14 03:22:22.060 1500 1500 I SystemServiceManager: Starting com.android.server.connectivity.IpConnectivityMetrics
12-14 03:22:22.060 1500 1500 I SystemServerTiming: NetworkWatchlistService
12-14 03:22:22.060 1500 1500 I SystemServiceManager: Starting com.android.server.net.watchlist.NetworkWatchlistService$Lifecycle
12-14 03:22:22.064 1500 1500 I WatchlistSettings: Reload watchlist settings done
12-14 03:22:22.064 1500 1789 I WatchlistLoggingHandler: No need to aggregate record yet.
12-14 03:22:22.064 1500 1789 I WatchlistLoggingHandler: Milliseconds spent on tryAggregateRecords(): 0
12-14 03:22:22.065 1500 1500 I SystemServerTiming: PinnerService
12-14 03:22:22.065 1500 1500 I SystemServiceManager: Starting com.android.server.PinnerService
12-14 03:22:22.066 1500 1500 V HistoricalRegistry: Interaction before persistence initialized
12-14 03:22:22.066 1500 1500 I SystemServerTiming: IorapForwardingService
12-14 03:22:22.066 1500 1500 I SystemServiceManager: Starting com.google.android.startop.iorap.IorapForwardingService
12-14 03:22:22.066 1500 1614 D PinnerService: pinRangeStream: null
12-14 03:22:22.067 1500 1500 I SystemServiceManager: Starting com.android.server.ActivityTriggerService
12-14 03:22:22.067 1500 1614 D PinnerService: pinRangeStream: null
12-14 03:22:22.067 1500 1500 I ActivityTriggerService: Starting ActivityTriggerService
12-14 03:22:22.068 1500 1614 D PinnerService: pinRangeStream: null
12-14 03:22:22.068 1500 1614 D PinnerService: pinRangeStream: null
12-14 03:22:22.068 1500 1500 I SystemServerTiming: SignedConfigService
12-14 03:22:22.069 1500 1500 I SystemServerTiming: AppIntegrityService
12-14 03:22:22.069 1500 1500 I SystemServiceManager: Starting com.android.server.integrity.AppIntegrityManagerService
12-14 03:22:22.069 1500 1500 E IntegrityFileManager: Error creating staging and rules directory
12-14 03:22:22.078 1500 1500 I WindowManager: SAFE MODE not enabled
12-14 03:22:22.078 1500 1500 I SystemServerTiming: StartInputMethodManagerLifecycle
12-14 03:22:22.078 1500 1500 I SystemServiceManager: Starting com.android.server.inputmethod.InputMethodManagerService$Lifecycle
12-14 03:22:22.080 1500 1500 I SystemServerTiming: StartAccessibilityManagerService
12-14 03:22:22.080 1500 1500 I SystemServiceManager: Starting com.android.server.accessibility.AccessibilityManagerService$Lifecycle
12-14 03:22:22.083 1500 1500 I SystemServerTiming: MakeDisplayReady
12-14 03:22:22.084 1500 1500 I ActivityTaskManager: Config changes=20005df8 {1.0 ?mcc?mnc [zh_CN] ldltr sw680dp w1586dp h584dp 240dpi lrg long land ?uimode ?night -touch -keyb/v/h -nav/h winConfig={ mBounds=Rect(0, 0 - 2380, 1020) mAppBounds=Rect(0, 0 - 2380, 948) mMaxBounds=Rect(0, 0 - 2380, 1020) mWindowingMode=fullscreen mDisplayWindowingMode=fullscreen mActivityType=undefined mAlwaysOnTop=undefined mRotation=ROTATION_0} s.2 ?fontWeightAdjustment}
12-14 03:22:22.084 1500 1500 I WindowManager: Override config changes=60007dfc {1.0 ?mcc?mnc [zh_CN] ldltr sw680dp w1586dp h584dp 240dpi lrg long land ?uimode ?night -touch -keyb/v/h -nav/h winConfig={ mBounds=Rect(0, 0 - 2380, 1020) mAppBounds=Rect(0, 0 - 2380, 948) mMaxBounds=Rect(0, 0 - 2380, 1020) mWindowingMode=fullscreen mDisplayWindowingMode=fullscreen mActivityType=undefined mAlwaysOnTop=undefined mRotation=ROTATION_0} s.2 ?fontWeightAdjustment} for displayId=0
12-14 03:22:22.089 1500 1500 I ActivityTaskManager: Config changes=8 {1.0 ?mcc?mnc [zh_CN] ldltr sw680dp w1586dp h584dp 240dpi lrg long land ?uimode ?night finger -keyb/v/h -nav/h winConfig={ mBounds=Rect(0, 0 - 2380, 1020) mAppBounds=Rect(0, 0 - 2380, 948) mMaxBounds=Rect(0, 0 - 2380, 1020) mWindowingMode=fullscreen mDisplayWindowingMode=fullscreen mActivityType=undefined mAlwaysOnTop=undefined mRotation=ROTATION_0} s.4 ?fontWeightAdjustment}
