12-14 03:24:06.099 1261 1261 I update_engine: [libfs_mgr]GetFstabPath()fstab_path:/first_stage_ramdisk/system/etc/fstab.default
12-14 03:24:06.100 1261 1261 I update_engine: [libfs_mgr]GetFstabPath()fstab_path:/fstab.default
12-14 03:24:06.101 1261 1261 I update_engine: [libfs_mgr]GetFstabPath()fstab_path:/first_stage_ramdisk/fstab.default
12-14 03:24:06.102 1261 1261 I update_engine: [libfs_mgr]GetFstabPath()fstab_path:/odm/etc/fstab.qcom
12-14 03:24:06.103 1261 1261 I update_engine: [libfs_mgr]GetFstabPath()fstab_path:/vendor/etc/fstab.qcom
12-14 03:24:06.104 1261 1261 I update_engine: [libfs_mgr]GetFstabPath()fstab_path.c_str():/vendor/etc/fstab.qcom
12-14 03:24:06.106 1500 1745 D CompatibilityChangeReporter: Compat change id reported: 168419799; UID 10033; state: DISABLED
12-14 03:24:06.106 1500 1745 D CompatibilityInfo: mCompatibilityFlags - 4
12-14 03:24:06.106 1500 1745 D CompatibilityInfo: applicationDensity - 240
12-14 03:24:06.107 1500 1745 D CompatibilityInfo: applicationScale - 1.0
12-14 03:24:06.111 1261 1261 I update_engine: [INFO:dynamic_partition_control_android.cc(331)] Loaded metadata from slot B in /dev/block/bootdevice/by-name/super
12-14 03:24:06.117 2339 2422 I OpenGLRenderer: Davey! duration=9223371922187ms; Flags=0, FrameTimelineVsyncId=3160, IntendedVsync=114667073630, Vsync=114667073630, InputEventId=0, HandleInputStart=114667590840, AnimationStart=114667594017, PerformTraversalsStart=114667595527, DrawStart=114677969694, FrameDeadline=114700406962, FrameInterval=114667581204, FrameStartTime=16666666, SyncQueued=114678759850, SyncStart=114678821673, IssueDrawCommandsStart=114679472454, SwapBuffers=114681561204, FrameCompleted=9223372036854775807, DequeueBufferDuration=38594, QueueBufferDuration=1097604, GpuCompleted=9223372036854775807, SwapBuffersCompleted=114683096361, DisplayPresentTime=45037327713566784,
12-14 03:24:06.124 1261 1261 I update_engine: [INFO:dynamic_partition_control_android.cc(1190)] qupfw_b is not in super partition metadata.
12-14 03:24:06.125 1261 1261 I update_engine: [INFO:dynamic_partition_control_android.cc(331)] Loaded metadata from slot A in /dev/block/bootdevice/by-name/super
12-14 03:24:06.126 1261 1261 I update_engine: [libfs_mgr]dt_fstab: Skip disabled entry for partition vendor
12-14 03:24:06.128 1261 1261 I update_engine: [libfs_mgr]GetFstabPath()fstab_path:/odm/etc/fstab.default
12-14 03:24:06.129 1261 1261 I update_engine: [libfs_mgr]GetFstabPath()fstab_path:/vendor/etc/fstab.default
12-14 03:24:06.130 1261 1261 I update_engine: [libfs_mgr]GetFstabPath()fstab_path:/system/etc/fstab.default
12-14 03:24:06.135 1261 1261 I update_engine: [libfs_mgr]GetFstabPath()fstab_path:/first_stage_ramdisk/system/etc/fstab.default
12-14 03:24:06.136 1261 1261 I update_engine: [libfs_mgr]GetFstabPath()fstab_path:/fstab.default
12-14 03:24:06.137 1261 1261 I update_engine: [libfs_mgr]GetFstabPath()fstab_path:/first_stage_ramdisk/fstab.default
12-14 03:24:06.138 1261 1261 I update_engine: [libfs_mgr]GetFstabPath()fstab_path:/odm/etc/fstab.qcom
12-14 03:24:06.139 1261 1261 I update_engine: [libfs_mgr]GetFstabPath()fstab_path:/vendor/etc/fstab.qcom
12-14 03:24:06.140 1261 1261 I update_engine: [libfs_mgr]GetFstabPath()fstab_path.c_str():/vendor/etc/fstab.qcom
12-14 03:24:06.142 1261 1261 I update_engine: [INFO:dynamic_partition_control_android.cc(331)] Loaded metadata from slot B in /dev/block/bootdevice/by-name/super
12-14 03:24:06.144 1261 1261 I update_engine: [INFO:dynamic_partition_control_android.cc(1190)] recovery_b is not in super partition metadata.
12-14 03:24:06.145 1261 1261 I update_engine: [INFO:dynamic_partition_control_android.cc(331)] Loaded metadata from slot A in /dev/block/bootdevice/by-name/super
12-14 03:24:06.146 1261 1261 I update_engine: [libfs_mgr]dt_fstab: Skip disabled entry for partition vendor
12-14 03:24:06.147 1261 1261 I update_engine: [libfs_mgr]GetFstabPath()fstab_path:/odm/etc/fstab.default
12-14 03:24:06.148 1261 1261 I update_engine: [libfs_mgr]GetFstabPath()fstab_path:/vendor/etc/fstab.default
12-14 03:24:06.149 1261 1261 I update_engine: [libfs_mgr]GetFstabPath()fstab_path:/system/etc/fstab.default
12-14 03:24:06.150 1261 1261 I update_engine: [libfs_mgr]GetFstabPath()fstab_path:/first_stage_ramdisk/system/etc/fstab.default
12-14 03:24:06.151 1261 1261 I update_engine: [libfs_mgr]GetFstabPath()fstab_path:/fstab.default
12-14 03:24:06.152 1261 1261 I update_engine: [libfs_mgr]GetFstabPath()fstab_path:/first_stage_ramdisk/fstab.default
12-14 03:24:06.153 1261 1261 I update_engine: [libfs_mgr]GetFstabPath()fstab_path:/odm/etc/fstab.qcom
12-14 03:24:06.154 1261 1261 I update_engine: [libfs_mgr]GetFstabPath()fstab_path:/vendor/etc/fstab.qcom
12-14 03:24:06.155 1261 1261 I update_engine: [libfs_mgr]GetFstabPath()fstab_path.c_str():/vendor/etc/fstab.qcom
12-14 03:24:06.157 1261 1261 I update_engine: [INFO:dynamic_partition_control_android.cc(331)] Loaded metadata from slot B in /dev/block/bootdevice/by-name/super
12-14 03:24:06.158 1261 1261 I update_engine: Successfully unmapped snapshot system_b
12-14 03:24:06.168 514 551 D vold : Disk at 252:17 changed
12-14 03:24:06.188 1261 1261 I update_engine: [libfs_mgr]Created logical partition system_b-base on device /dev/block/dm-17
12-14 03:24:06.200 514 551 D vold : Disk at 252:18 changed
12-14 03:24:06.221 1261 1261 I update_engine: Mapped COW device for system_b at /dev/block/dm-18
12-14 03:24:06.349 514 551 D vold : Disk at 252:19 changed
12-14 03:24:06.349 1261 1261 I update_engine: Mapped system_b as snapshot device at /dev/block/dm-19
12-14 03:24:06.350 1261 1261 I update_engine: [INFO:dynamic_partition_control_android.cc(205)] Succesfully mapped system_b to device mapper (force_writable = 1); device path at /dev/block/dm-19
12-14 03:24:06.351 1261 1261 I update_engine: [libfs_mgr]dt_fstab: Skip disabled entry for partition vendor
12-14 03:24:06.352 1261 1261 I update_engine: [libfs_mgr]GetFstabPath()fstab_path:/odm/etc/fstab.default
12-14 03:24:06.352 1261 1261 I update_engine: [libfs_mgr]GetFstabPath()fstab_path:/vendor/etc/fstab.default
12-14 03:24:06.353 1261 1261 I update_engine: [libfs_mgr]GetFstabPath()fstab_path:/system/etc/fstab.default
12-14 03:24:06.354 1261 1261 I update_engine: [libfs_mgr]GetFstabPath()fstab_path:/first_stage_ramdisk/system/etc/fstab.default
12-14 03:24:06.355 1261 1261 I update_engine: [libfs_mgr]GetFstabPath()fstab_path:/fstab.default
12-14 03:24:06.355 1261 1261 I update_engine: [libfs_mgr]GetFstabPath()fstab_path:/first_stage_ramdisk/fstab.default
12-14 03:24:06.356 1261 1261 I update_engine: [libfs_mgr]GetFstabPath()fstab_path:/odm/etc/fstab.qcom
12-14 03:24:06.357 1261 1261 I update_engine: [libfs_mgr]GetFstabPath()fstab_path:/vendor/etc/fstab.qcom
12-14 03:24:06.358 1261 1261 I update_engine: [libfs_mgr]GetFstabPath()fstab_path.c_str():/vendor/etc/fstab.qcom
12-14 03:24:06.359 1261 1261 I update_engine: [INFO:dynamic_partition_control_android.cc(331)] Loaded metadata from slot B in /dev/block/bootdevice/by-name/super
12-14 03:24:06.360 1261 1261 I update_engine: Successfully unmapped snapshot system_ext_b
12-14 03:24:06.364 514 551 D vold : Disk at 252:20 changed
12-14 03:24:06.384 1261 1261 I update_engine: [libfs_mgr]Created logical partition system_ext_b-base on device /dev/block/dm-20
12-14 03:24:06.388 514 551 D vold : Disk at 252:21 changed
12-14 03:24:06.406 2716 2716 I hpplay-java: [main]:Upgrade:upgrade not be allowed
12-14 03:24:06.409 1261 1261 I update_engine: Mapped COW device for system_ext_b at /dev/block/dm-21
12-14 03:24:06.418 514 551 D vold : Disk at 252:22 changed
12-14 03:24:06.431 2716 2716 I hpplay-java: [main]:ServerBusiness:get deviceCode:
12-14 03:24:06.431 2716 2716 W hpplay-java: [main]:ServerBusiness:startDeviceService ignore,invalid deviceCode
12-14 03:24:06.438 1261 1261 I update_engine: Mapped system_ext_b as snapshot device at /dev/block/dm-22
12-14 03:24:06.441 1261 1261 I update_engine: [INFO:dynamic_partition_control_android.cc(205)] Succesfully mapped system_ext_b to device mapper (force_writable = 1); device path at /dev/block/dm-22
12-14 03:24:06.443 1261 1261 I update_engine: [libfs_mgr]dt_fstab: Skip disabled entry for partition vendor
12-14 03:24:06.444 1261 1261 I update_engine: [libfs_mgr]GetFstabPath()fstab_path:/odm/etc/fstab.default
12-14 03:24:06.446 1261 1261 I update_engine: [libfs_mgr]GetFstabPath()fstab_path:/vendor/etc/fstab.default
12-14 03:24:06.448 1261 1261 I update_engine: [libfs_mgr]GetFstabPath()fstab_path:/system/etc/fstab.default
12-14 03:24:06.449 1261 1261 I update_engine: [libfs_mgr]GetFstabPath()fstab_path:/first_stage_ramdisk/system/etc/fstab.default
12-14 03:24:06.450 1261 1261 I update_engine: [libfs_mgr]GetFstabPath()fstab_path:/fstab.default
12-14 03:24:06.452 1261 1261 I update_engine: [libfs_mgr]GetFstabPath()fstab_path:/first_stage_ramdisk/fstab.default
12-14 03:24:06.453 1261 1261 I update_engine: [libfs_mgr]GetFstabPath()fstab_path:/odm/etc/fstab.qcom
12-14 03:24:06.455 1261 1261 I update_engine: [libfs_mgr]GetFstabPath()fstab_path:/vendor/etc/fstab.qcom
12-14 03:24:06.456 1261 1261 I update_engine: [libfs_mgr]GetFstabPath()fstab_path.c_str():/vendor/etc/fstab.qcom
12-14 03:24:06.459 1261 1261 I update_engine: [INFO:dynamic_partition_control_android.cc(331)] Loaded metadata from slot B in /dev/block/bootdevice/by-name/super
12-14 03:24:06.462 1261 1261 I update_engine: [INFO:dynamic_partition_control_android.cc(1190)] tz_b is not in super partition metadata.
12-14 03:24:06.464 1261 1261 I update_engine: [INFO:dynamic_partition_control_android.cc(331)] Loaded metadata from slot A in /dev/block/bootdevice/by-name/super
12-14 03:24:06.466 1261 1261 I update_engine: [libfs_mgr]dt_fstab: Skip disabled entry for partition vendor
12-14 03:24:06.468 1261 1261 I update_engine: [libfs_mgr]GetFstabPath()fstab_path:/odm/etc/fstab.default
12-14 03:24:06.469 1261 1261 I update_engine: [libfs_mgr]GetFstabPath()fstab_path:/vendor/etc/fstab.default
12-14 03:24:06.471 1261 1261 I update_engine: [libfs_mgr]GetFstabPath()fstab_path:/system/etc/fstab.default
12-14 03:24:06.472 1261 1261 I update_engine: [libfs_mgr]GetFstabPath()fstab_path:/first_stage_ramdisk/system/etc/fstab.default
12-14 03:24:06.473 1261 1261 I update_engine: [libfs_mgr]GetFstabPath()fstab_path:/fstab.default
12-14 03:24:06.475 1261 1261 I update_engine: [libfs_mgr]GetFstabPath()fstab_path:/first_stage_ramdisk/fstab.default
12-14 03:24:06.476 1261 1261 I update_engine: [libfs_mgr]GetFstabPath()fstab_path:/odm/etc/fstab.qcom
12-14 03:24:06.478 1261 1261 I update_engine: [libfs_mgr]GetFstabPath()fstab_path:/vendor/etc/fstab.qcom
12-14 03:24:06.479 1261 1261 I update_engine: [libfs_mgr]GetFstabPath()fstab_path.c_str():/vendor/etc/fstab.qcom
12-14 03:24:06.482 1261 1261 I update_engine: [INFO:dynamic_partition_control_android.cc(331)] Loaded metadata from slot B in /dev/block/bootdevice/by-name/super
12-14 03:24:06.483 1261 1261 I update_engine: [INFO:dynamic_partition_control_android.cc(1190)] uefisecapp_b is not in super partition metadata.
12-14 03:24:06.485 640 655 I mpu_uart: [MSG-P:RECV]:No message received in 1000 ms
12-14 03:24:06.485 1261 1261 I update_engine: [INFO:dynamic_partition_control_android.cc(331)] Loaded metadata from slot A in /dev/block/bootdevice/by-name/super
12-14 03:24:06.487 1261 1261 I update_engine: [libfs_mgr]dt_fstab: Skip disabled entry for partition vendor
12-14 03:24:06.488 1261 1261 I update_engine: [libfs_mgr]GetFstabPath()fstab_path:/odm/etc/fstab.default
12-14 03:24:06.489 1261 1261 I update_engine: [libfs_mgr]GetFstabPath()fstab_path:/vendor/etc/fstab.default
12-14 03:24:06.490 1261 1261 I update_engine: [libfs_mgr]GetFstabPath()fstab_path:/system/etc/fstab.default
12-14 03:24:06.491 1261 1261 I update_engine: [libfs_mgr]GetFstabPath()fstab_path:/first_stage_ramdisk/system/etc/fstab.default
12-14 03:24:06.492 1261 1261 I update_engine: [libfs_mgr]GetFstabPath()fstab_path:/fstab.default
12-14 03:24:06.493 1261 1261 I update_engine: [libfs_mgr]GetFstabPath()fstab_path:/first_stage_ramdisk/fstab.default
12-14 03:24:06.495 1261 1261 I update_engine: [libfs_mgr]GetFstabPath()fstab_path:/odm/etc/fstab.qcom
12-14 03:24:06.496 1261 1261 I update_engine: [libfs_mgr]GetFstabPath()fstab_path:/vendor/etc/fstab.qcom
12-14 03:24:06.497 1261 1261 I update_engine: [libfs_mgr]GetFstabPath()fstab_path.c_str():/vendor/etc/fstab.qcom
12-14 03:24:06.498 1261 1261 I update_engine: [INFO:dynamic_partition_control_android.cc(331)] Loaded metadata from slot B in /dev/block/bootdevice/by-name/super
12-14 03:24:06.500 1261 1261 I update_engine: [INFO:dynamic_partition_control_android.cc(1190)] vbmeta_b is not in super partition metadata.
12-14 03:24:06.501 1261 1261 I update_engine: [INFO:dynamic_partition_control_android.cc(331)] Loaded metadata from slot A in /dev/block/bootdevice/by-name/super
12-14 03:24:06.502 1261 1261 I update_engine: [libfs_mgr]dt_fstab: Skip disabled entry for partition vendor
12-14 03:24:06.503 1261 1261 I update_engine: [libfs_mgr]GetFstabPath()fstab_path:/odm/etc/fstab.default
12-14 03:24:06.504 1261 1261 I update_engine: [libfs_mgr]GetFstabPath()fstab_path:/vendor/etc/fstab.default
12-14 03:24:06.505 1261 1261 I update_engine: [libfs_mgr]GetFstabPath()fstab_path:/system/etc/fstab.default
12-14 03:24:06.506 1261 1261 I update_engine: [libfs_mgr]GetFstabPath()fstab_path:/first_stage_ramdisk/system/etc/fstab.default
12-14 03:24:06.507 1261 1261 I update_engine: [libfs_mgr]GetFstabPath()fstab_path:/fstab.default
12-14 03:24:06.508 1261 1261 I update_engine: [libfs_mgr]GetFstabPath()fstab_path:/first_stage_ramdisk/fstab.default
12-14 03:24:06.509 1261 1261 I update_engine: [libfs_mgr]GetFstabPath()fstab_path:/odm/etc/fstab.qcom
12-14 03:24:06.510 1261 1261 I update_engine: [libfs_mgr]GetFstabPath()fstab_path:/vendor/etc/fstab.qcom
12-14 03:24:06.511 1261 1261 I update_engine: [libfs_mgr]GetFstabPath()fstab_path.c_str():/vendor/etc/fstab.qcom
12-14 03:24:06.513 1261 1261 I update_engine: [INFO:dynamic_partition_control_android.cc(331)] Loaded metadata from slot B in /dev/block/bootdevice/by-name/super
12-14 03:24:06.513 1261 1261 I update_engine: [INFO:dynamic_partition_control_android.cc(1190)] vbmeta_system_b is not in super partition metadata.
12-14 03:24:06.515 1261 1261 I update_engine: [INFO:dynamic_partition_control_android.cc(331)] Loaded metadata from slot A in /dev/block/bootdevice/by-name/super
12-14 03:24:06.516 1261 1261 I update_engine: [libfs_mgr]dt_fstab: Skip disabled entry for partition vendor
12-14 03:24:06.517 1261 1261 I update_engine: [libfs_mgr]GetFstabPath()fstab_path:/odm/etc/fstab.default
12-14 03:24:06.518 1261 1261 I update_engine: [libfs_mgr]GetFstabPath()fstab_path:/vendor/etc/fstab.default
12-14 03:24:06.519 1261 1261 I update_engine: [libfs_mgr]GetFstabPath()fstab_path:/system/etc/fstab.default
12-14 03:24:06.520 1261 1261 I update_engine: [libfs_mgr]GetFstabPath()fstab_path:/first_stage_ramdisk/system/etc/fstab.default
12-14 03:24:06.521 1261 1261 I update_engine: [libfs_mgr]GetFstabPath()fstab_path:/fstab.default
12-14 03:24:06.522 1261 1261 I update_engine: [libfs_mgr]GetFstabPath()fstab_path:/first_stage_ramdisk/fstab.default
12-14 03:24:06.523 1261 1261 I update_engine: [libfs_mgr]GetFstabPath()fstab_path:/odm/etc/fstab.qcom
12-14 03:24:06.524 1261 1261 I update_engine: [libfs_mgr]GetFstabPath()fstab_path:/vendor/etc/fstab.qcom
12-14 03:24:06.525 1261 1261 I update_engine: [libfs_mgr]GetFstabPath()fstab_path.c_str():/vendor/etc/fstab.qcom
12-14 03:24:06.526 1261 1261 I update_engine: [INFO:dynamic_partition_control_android.cc(331)] Loaded metadata from slot B in /dev/block/bootdevice/by-name/super
12-14 03:24:06.528 1261 1261 I update_engine: Successfully unmapped snapshot vendor_b
12-14 03:24:06.534 514 551 D vold : Disk at 252:23 changed
12-14 03:24:06.545 640 654 I mpu_uart: [MSG-P:R]:recv sync frame timeout
12-14 03:24:06.554 1261 1261 I update_engine: [libfs_mgr]Created logical partition vendor_b-base on device /dev/block/dm-23
12-14 03:24:06.561 514 551 D vold : Disk at 252:24 changed
12-14 03:24:06.571 0 0 W swapper/0: type=1400 audit(0.0:337): avc: denied { kill } for capability=5 scontext=u:r:kernel:s0 tcontext=u:r:kernel:s0 tclass=capability permissive=0
12-14 03:24:06.581 1261 1261 I update_engine: Mapped COW device for vendor_b at /dev/block/dm-24
12-14 03:24:06.595 514 551 D vold : Disk at 252:25 changed
12-14 03:24:06.615 1261 1261 I update_engine: Mapped vendor_b as snapshot device at /dev/block/dm-25
12-14 03:24:06.618 1261 1261 I update_engine: [INFO:dynamic_partition_control_android.cc(205)] Succesfully mapped vendor_b to device mapper (force_writable = 1); device path at /dev/block/dm-25
12-14 03:24:06.619 1261 1261 I update_engine: [libfs_mgr]dt_fstab: Skip disabled entry for partition vendor
12-14 03:24:06.621 1261 1261 I update_engine: [libfs_mgr]GetFstabPath()fstab_path:/odm/etc/fstab.default
12-14 03:24:06.623 1261 1261 I update_engine: [libfs_mgr]GetFstabPath()fstab_path:/vendor/etc/fstab.default
12-14 03:24:06.624 1261 1261 I update_engine: [libfs_mgr]GetFstabPath()fstab_path:/system/etc/fstab.default
12-14 03:24:06.625 1261 1261 I update_engine: [libfs_mgr]GetFstabPath()fstab_path:/first_stage_ramdisk/system/etc/fstab.default
12-14 03:24:06.626 1261 1261 I update_engine: [libfs_mgr]GetFstabPath()fstab_path:/fstab.default
12-14 03:24:06.628 1261 1261 I update_engine: [libfs_mgr]GetFstabPath()fstab_path:/first_stage_ramdisk/fstab.default
12-14 03:24:06.629 1261 1261 I update_engine: [libfs_mgr]GetFstabPath()fstab_path:/odm/etc/fstab.qcom
12-14 03:24:06.631 1261 1261 I update_engine: [libfs_mgr]GetFstabPath()fstab_path:/vendor/etc/fstab.qcom
12-14 03:24:06.632 1261 1261 I update_engine: [libfs_mgr]GetFstabPath()fstab_path.c_str():/vendor/etc/fstab.qcom
12-14 03:24:06.635 1261 1261 I update_engine: [INFO:dynamic_partition_control_android.cc(331)] Loaded metadata from slot B in /dev/block/bootdevice/by-name/super
12-14 03:24:06.637 1261 1261 I update_engine: [INFO:dynamic_partition_control_android.cc(1190)] xbl_b is not in super partition metadata.
12-14 03:24:06.639 1261 1261 I update_engine: [INFO:dynamic_partition_control_android.cc(331)] Loaded metadata from slot A in /dev/block/bootdevice/by-name/super
12-14 03:24:06.642 1261 1261 I update_engine: [libfs_mgr]dt_fstab: Skip disabled entry for partition vendor
12-14 03:24:06.644 1261 1261 I update_engine: [libfs_mgr]GetFstabPath()fstab_path:/odm/etc/fstab.default
12-14 03:24:06.646 1261 1261 I update_engine: [libfs_mgr]GetFstabPath()fstab_path:/vendor/etc/fstab.default
12-14 03:24:06.648 1261 1261 I update_engine: [libfs_mgr]GetFstabPath()fstab_path:/system/etc/fstab.default
12-14 03:24:06.649 1261 1261 I update_engine: [libfs_mgr]GetFstabPath()fstab_path:/first_stage_ramdisk/system/etc/fstab.default
12-14 03:24:06.650 1261 1261 I update_engine: [libfs_mgr]GetFstabPath()fstab_path:/fstab.default
12-14 03:24:06.651 1261 1261 I update_engine: [libfs_mgr]GetFstabPath()fstab_path:/first_stage_ramdisk/fstab.default
12-14 03:24:06.652 1261 1261 I update_engine: [libfs_mgr]GetFstabPath()fstab_path:/odm/etc/fstab.qcom
12-14 03:24:06.653 1261 1261 I update_engine: [libfs_mgr]GetFstabPath()fstab_path:/vendor/etc/fstab.qcom
12-14 03:24:06.654 1261 1261 I update_engine: [libfs_mgr]GetFstabPath()fstab_path.c_str():/vendor/etc/fstab.qcom
12-14 03:24:06.656 1261 1261 I update_engine: [INFO:dynamic_partition_control_android.cc(331)] Loaded metadata from slot B in /dev/block/bootdevice/by-name/super
12-14 03:24:06.658 1261 1261 I update_engine: [INFO:dynamic_partition_control_android.cc(1190)] xbl_config_b is not in super partition metadata.
12-14 03:24:06.659 1261 1261 I update_engine: [INFO:dynamic_partition_control_android.cc(331)] Loaded metadata from slot A in /dev/block/bootdevice/by-name/super
12-14 03:24:06.660 1261 1261 I update_engine: [INFO:delta_performer.cc(271)] PartitionInfo new abl sha256: a5tiSlfY/UUvOGqGD+XQmDD/o3j5KX6fR1m0M5dBuR4= size: 274432
12-14 03:24:06.661 1261 1261 I update_engine: [INFO:delta_performer.cc(271)] PartitionInfo new aop sha256: 5yPW41Bto0ezdi9clhipZZXIQNqZo+pHmr53h6Hye7g= size: 204800
12-14 03:24:06.662 1261 1261 I update_engine: [INFO:delta_performer.cc(271)] PartitionInfo new bluetooth sha256: TOmynA4XCnXDcD9oo8PxeMLhNjKaPn9xgaVn8FUun4Y= size: 765952
12-14 03:24:06.663 1261 1261 I update_engine: [INFO:delta_performer.cc(271)] PartitionInfo new boot sha256: yrrk/MXcI6JEQP9md0DIXoRk+0CafCueioOohpaCRpk= size: 100663296
12-14 03:24:06.664 1261 1261 I update_engine: [INFO:delta_performer.cc(271)] PartitionInfo new cmnlib sha256: kwKjkSMJOtNFh/MkZ662W2HtNVVNrp6dvsif3E5kuG0= size: 401408
12-14 03:24:06.665 1261 1261 I update_engine: [INFO:delta_performer.cc(271)] PartitionInfo new cmnlib64 sha256: EHlBYd3hFgOFnHjF11bR7Xwv4y9lgNAHL8kNnWC1R3w= size: 520192
12-14 03:24:06.666 1261 1261 I update_engine: [INFO:delta_performer.cc(271)] PartitionInfo new devcfg sha256: krJwhBw0o9SX07UDiLU4n1YKt2QJmG5C2LlDVZK3/WA= size: 57344
12-14 03:24:06.667 1261 1261 I update_engine: [INFO:delta_performer.cc(271)] PartitionInfo new dsp sha256: QfC+bprVeRwgGjkEtPSTvMF4X+oMce203ROi130oub8= size: 67108864
12-14 03:24:06.667 1261 1261 I update_engine: [INFO:delta_performer.cc(271)] PartitionInfo new dtbo sha256: D0RYL+IpFeY67hghRdY2m5QAMUKQd8p9TgsTqPCXOOI= size: 8388608
12-14 03:24:06.668 1261 1261 I update_engine: [INFO:delta_performer.cc(271)] PartitionInfo new featenabler sha256: oKwdf/vHRj0aDNFK1s1xT7cUZKiYQFSMaGDZjOt1rb0= size: 90112
12-14 03:24:06.669 1261 1261 I update_engine: [INFO:delta_performer.cc(271)] PartitionInfo new hyp sha256: VvZdHv8gQ12nKYz5tz4HhuoejxeD15FXlE9/VUkSlCI= size: 450560
12-14 03:24:06.670 1261 1261 I update_engine: [INFO:delta_performer.cc(271)] PartitionInfo new imagefv sha256: Se5Bh/3tdOenrgOXW17dwBrfQ89LLVbz0fdBNBJTT88= size: 20480
12-14 03:24:06.671 1261 1261 I update_engine: [INFO:delta_performer.cc(271)] PartitionInfo new keymaster sha256: rq0EE3Q1A4sa9LEn++hN6o5tRI7IaAIFkgcqpSZIiL8= size: 282624
12-14 03:24:06.672 1261 1261 I update_engine: [INFO:delta_performer.cc(271)] PartitionInfo new modem sha256: /xaY/mAjBw9Faou/4KhMVhvqqoJkXcm1TH1/LZUoNBw= size: 75264000
12-14 03:24:06.673 1261 1261 I update_engine: [INFO:delta_performer.cc(271)] PartitionInfo new multiimgoem sha256: gSw4i5y2Xk/hg6iRTR1WlrrkrJOaL9Ft8iIT8K3GvR8= size: 16384
12-14 03:24:06.674 1261 1261 I update_engine: [INFO:delta_performer.cc(271)] PartitionInfo new odm sha256: is4y1zifkAUxdRCfvgDfhV1GZguOPl0Un+TgFbFZs0Q= size: 1101824
12-14 03:24:06.675 1261 1261 I update_engine: [INFO:delta_performer.cc(271)] PartitionInfo new product sha256: yd2hGG90SPSXBmGEJHtAwCJ/LpsDj+j07REhk2o1Qkc= size: 221921280
12-14 03:24:06.675 1261 1261 I update_engine: [INFO:delta_performer.cc(271)] PartitionInfo new qupfw sha256: JN4eVxokCJLOeG2bQam3cIXBe1ldqgLOFygWJ6GlUbo= size: 57344
12-14 03:24:06.676 1261 1261 I update_engine: [INFO:delta_performer.cc(271)] PartitionInfo new recovery sha256: vTG1wUVo/soQK3TE+u6j1FFNIjlHI10sATPxq5L730Q= size: 104857600
12-14 03:24:06.677 1261 1261 I update_engine: [INFO:delta_performer.cc(271)] PartitionInfo new system sha256: VaqUEjqpvvqVDRESCdTIsU6Xvn6hG8g4iM8MSSOYh18= size: 1429295104
12-14 03:24:06.678 1261 1261 I update_engine: [INFO:delta_performer.cc(271)] PartitionInfo new system_ext sha256: b+C3PZL0sKkzGjTIb4HFv85RcDdYffO+vKVrPkAyK80= size: 500355072
12-14 03:24:06.679 1261 1261 I update_engine: [INFO:delta_performer.cc(271)] PartitionInfo new tz sha256: gLE11WkCVJdOXxdnggd2KQNLari7iOn3plJINutwRbE= size: 3194880
12-14 03:24:06.680 1261 1261 I update_engine: [INFO:delta_performer.cc(271)] PartitionInfo new uefisecapp sha256: uwQIh16jt9U5vKa2u4+nFBaUS78F5b7rvI8JLNnx+Uo= size: 126976
12-14 03:24:06.681 1261 1261 I update_engine: [INFO:delta_performer.cc(271)] PartitionInfo new vbmeta sha256: hsz+AUDeSNur01hiMTbgshG8qSmuklXSfEWZD0lHgVk= size: 8192
12-14 03:24:06.681 1261 1261 I update_engine: [INFO:delta_performer.cc(271)] PartitionInfo new vbmeta_system sha256: foqYL/7qLtUJHqiF7MeH29rsQQQtWyF2TL9NlEdKKQk= size: 4096
12-14 03:24:06.682 1261 1261 I update_engine: [INFO:delta_performer.cc(271)] PartitionInfo new vendor sha256: oNgModr2HoeAUU/DENVq9TfrrsfJFvS2JOpuHMmwHCw= size: 743239680
12-14 03:24:06.683 1261 1261 I update_engine: [INFO:delta_performer.cc(271)] PartitionInfo new xbl sha256: rPYaqim1FoL5A7jGaNP+VXb2DRxkWkztJVsJsgAE/y8= size: 3485696
12-14 03:24:06.684 1261 1261 I update_engine: [INFO:delta_performer.cc(271)] PartitionInfo new xbl_config sha256: ItR8ZsNqNEjGJk2sZfdy7ou1jvPxNzLXRU6cDRGut6A= size: 94208
12-14 03:24:06.686 1261 1261 I update_engine: [INFO:delta_performer.cc(115)] Resuming after 946/1573 operations (60%), 657250739/1071720775 bytes downloaded (61%), overall progress 60%
12-14 03:24:06.687 1261 1261 I update_engine: [INFO:delta_performer.cc(488)] Starting to apply update payload operations
12-14 03:24:06.688 1261 1261 I update_engine: [libfs_mgr]dt_fstab: Skip disabled entry for partition vendor
12-14 03:24:06.688 1261 1261 I update_engine: [libfs_mgr]GetFstabPath()fstab_path:/odm/etc/fstab.default
12-14 03:24:06.689 1261 1261 I update_engine: [libfs_mgr]GetFstabPath()fstab_path:/vendor/etc/fstab.default
12-14 03:24:06.690 1261 1261 I update_engine: [libfs_mgr]GetFstabPath()fstab_path:/system/etc/fstab.default
12-14 03:24:06.691 1261 1261 I update_engine: [libfs_mgr]GetFstabPath()fstab_path:/first_stage_ramdisk/system/etc/fstab.default
12-14 03:24:06.692 1261 1261 I update_engine: [libfs_mgr]GetFstabPath()fstab_path:/fstab.default
12-14 03:24:06.693 1261 1261 I update_engine: [libfs_mgr]GetFstabPath()fstab_path:/first_stage_ramdisk/fstab.default
12-14 03:24:06.693 1261 1261 I update_engine: [libfs_mgr]GetFstabPath()fstab_path:/odm/etc/fstab.qcom
12-14 03:24:06.694 1261 1261 I update_engine: [libfs_mgr]GetFstabPath()fstab_path:/vendor/etc/fstab.qcom
12-14 03:24:06.695 1261 1261 I update_engine: [libfs_mgr]GetFstabPath()fstab_path.c_str():/vendor/etc/fstab.qcom
12-14 03:24:06.696 1261 1261 I update_engine: [INFO:dynamic_partition_control_android.cc(331)] Loaded metadata from slot B in /dev/block/bootdevice/by-name/super
12-14 03:24:06.697 1261 1261 I update_engine: [INFO:partition_writer_factory_android.cc(44)] Virtual AB Compression disabled, using Partition Writer for `system`
12-14 03:24:06.698 1261 1261 I update_engine: [INFO:partition_writer.cc(295)] Opening /dev/block/dm-19 partition without O_DSYNC
12-14 03:24:06.700 1261 1261 I update_engine: [INFO:partition_writer.cc(100)] Caching writes.
12-14 03:24:06.701 1261 1261 I update_engine: [INFO:partition_writer.cc(307)] Applying 682 operations to partition "system"
12-14 03:24:06.703 1261 1261 I update_engine: [INFO:download_action.cc(113)] Successfully parsed cached manifest
12-14 03:24:06.704 1261 1261 I update_engine: [INFO:multi_range_http_fetcher.cc(45)] starting first transfer
12-14 03:24:06.705 1261 1261 I update_engine: [INFO:multi_range_http_fetcher.cc(74)] starting transfer of range 657253000+414470036
12-14 03:24:06.706 4333 4333 I update_engine_client: [INFO:update_engine_client_android.cc(92)] onStatusUpdate(UPDATE_STATUS_DOWNLOADING (3), 0.613284)
01-01 09:22:11.487 0 0 D : mv2112_read_status
01-01 09:22:11.487 0 0 D mv2112_update_link: 3.0x901(1G): 0x80
01-01 09:22:11.487 0 0 D mv2112_update_link: 3.0x8109(100M): 0x8
01-01 09:22:11.487 0 0 D mv2112_update_link: link 0x0
01-01 09:22:11.487 0 0 D mv2112_read_status: autoneg is disabled
12-14 03:24:07.068 499 499 I servicemanager: Notifying gsiservice they have clients: 1
12-14 03:24:07.069 4335 4336 I AidlLazyServiceRegistrar: Process has 1 (of 1 available) client(s) in use after notification gsiservice has clients: 1
12-14 03:24:07.120 2339 2422 I OpenGLRenderer: Davey! duration=9223371921185ms; Flags=0, FrameTimelineVsyncId=3166, IntendedVsync=115669490630, Vsync=115669490630, InputEventId=0, HandleInputStart=115669908756, AnimationStart=115669912610, PerformTraversalsStart=115669914016, DrawStart=115681058183, FrameDeadline=115702823962, FrameInterval=115669897558, FrameStartTime=16666666, SyncQueued=115681905943, SyncStart=115681982246, IssueDrawCommandsStart=115682737246, SwapBuffers=115685046516, FrameCompleted=9223372036854775807, DequeueBufferDuration=44011, QueueBufferDuration=1722135, GpuCompleted=9223372036854775807, SwapBuffersCompleted=115687331360, DisplayPresentTime=45037327713566784,
12-14 03:24:07.327 1500 1668 I PowerManagerService: Napping display group (groupId=0, uid=1000)...
12-14 03:24:07.327 1500 1668 I PowerManagerService: Nap time (uid 1000)...
12-14 03:24:07.330 1500 1668 I DreamManagerService: Entering dreamland.
12-14 03:24:07.332 1500 1668 I PowerManagerService: Dreaming...
12-14 03:24:07.336 1500 1592 I DreamController: Starting dream: name=ComponentInfo{com.thundercomm.screensaver/com.thundercomm.saverclock.service.ClockScreensaver}, isTest=false, canDoze=false, userId=0
12-14 03:24:07.339 1500 1592 D CompatibilityChangeReporter: Compat change id reported: 135634846; UID 10052; state: DISABLED
12-14 03:24:07.340 1500 1592 D CompatibilityChangeReporter: Compat change id reported: 177438394; UID 10052; state: DISABLED
12-14 03:24:07.340 1500 1592 D CompatibilityChangeReporter: Compat change id reported: 135772972; UID 10052; state: DISABLED
12-14 03:24:07.340 1500 1592 D CompatibilityChangeReporter: Compat change id reported: 135754954; UID 10052; state: ENABLED
12-14 03:24:07.341 1500 1622 D CompatibilityChangeReporter: Compat change id reported: 143937733; UID 10052; state: ENABLED
12-14 03:24:07.347 2000 2000 V ShadeControllerImpl: NotificationShadeWindow: com.android.systemui.statusbar.phone.NotificationShadeWindowView{5a4b56 I.E...... ......ID 0,0-2380,1020} canPanelBeCollapsed(): false
12-14 03:24:07.356 661 661 D Zygote : Forked child process 4368
12-14 03:24:07.357 1500 1622 I ActivityManager: Start proc 4368:com.thundercomm.screensaver/u0a52 for service {com.thundercomm.screensaver/com.thundercomm.saverclock.service.ClockScreensaver}
12-14 03:24:07.376 4368 4368 E omm.screensave: Not starting debugger since process cannot load the jdwp agent.
12-14 03:24:07.378 4368 4368 D ProcessState: Binder ioctl to enable oneway spam detection failed: Invalid argument
01-01 09:22:11.919 0 0 I binder : 4368:4368 ioctl 40046210 7fcb2c89a4 returned -22
12-14 03:24:07.386 1500 2079 D CompatibilityChangeReporter: Compat change id reported: 168419799; UID 10052; state: DISABLED
12-14 03:24:07.387 1500 2079 D CompatibilityInfo: mCompatibilityFlags - 4
12-14 03:24:07.387 1500 2079 D CompatibilityInfo: applicationDensity - 240
12-14 03:24:07.387 1500 2079 D CompatibilityInfo: applicationScale - 1.0
12-14 03:24:07.391 1500 2079 D CompatibilityInfo: mCompatibilityFlags - 4
12-14 03:24:07.391 1500 2079 D CompatibilityInfo: applicationDensity - 240
12-14 03:24:07.391 1500 2079 D CompatibilityInfo: applicationScale - 1.0
12-14 03:24:07.392 4368 4368 D CompatibilityChangeReporter: Compat change id reported: 171979766; UID 10052; state: ENABLED
12-14 03:24:07.417 4368 4368 I Perf : Connecting to perf service.
12-14 03:24:07.419 4368 4368 V GraphicsEnvironment: ANGLE Developer option for 'com.thundercomm.screensaver' set to: 'default'
12-14 03:24:07.420 4368 4368 V GraphicsEnvironment: ANGLE GameManagerService for com.thundercomm.screensaver: false
12-14 03:24:07.420 4368 4368 D NetworkSecurityConfig: Using Network Security Config from resource network_security_config debugBuild: false
12-14 03:24:07.421 4368 4368 D NetworkSecurityConfig: Using Network Security Config from resource network_security_config debugBuild: false
12-14 03:24:07.422 4368 4368 I ScreenSaver_12: [ScreenSaverApplication] onCreate
12-14 03:24:07.427 4368 4368 D ScreenSaver_12: [ScreensaverManager] connect:108 start connect screensaver service...
12-14 03:24:07.427 4368 4368 D ScreenSaver_12: [ScreensaverManager] bindService:113 start bindService
12-14 03:24:07.427 1500 2079 D CompatibilityInfo: mCompatibilityFlags - 4
12-14 03:24:07.427 1500 2079 D CompatibilityInfo: applicationDensity - 240
12-14 03:24:07.427 1500 2079 D CompatibilityInfo: applicationScale - 1.0
12-14 03:24:07.428 4368 4368 D ScreenSaver_12: [ScreensaverManager] bindService:120 bindService mIsBind: true
12-14 03:24:07.431 4368 4368 I ScreenSaver_12: [AlbumSettings] readSubscribedThemesLocked readSubscribedThemesLocked.size: 1
12-14 03:24:07.432 4368 4368 I ScreenSaver_12: [AlbumSettings] readMoreThemesLocked mMoreThemes.size: 3
12-14 03:24:07.442 4368 4368 I ScreenSaver_12: [ScreensaverService] started
12-14 03:24:07.443 4368 4368 D ScreenSaver_12: [ScreensaverMicroService] getInstance:38 getInstance
12-14 03:24:07.443 4368 4368 I ScreenSaver_12: [ScreensaverMicroService] ScreensaverMicroService
12-14 03:24:07.443 4368 4368 I ScreenSaver_12: [ScreensaverMicroService] initMicroService
12-14 03:24:07.445 4368 4368 D MicroServiceManager: add linkToDeath
12-14 03:24:07.445 4368 4368 D MicroServiceManager: bindMicroService: called already get service
12-14 03:24:07.445 4368 4368 I MicroServiceManager: addCommonCallbackListener add listener
12-14 03:24:07.445 4368 4368 I MicroServiceManager: addConnectChangedListener add listener
12-14 03:24:07.445 4368 4368 D ScreenSaver_12: [ScreensaverMicroService] onBindStatus:159 connect micro service ok!!!
12-14 03:24:07.445 4368 4368 I ScreenSaver_12: [ScreensaverService] onBind
12-14 03:24:07.445 4368 4368 D ScreenSaver_12: [ScreensaverService] getBinder:39 getBinder
12-14 03:24:07.445 4368 4368 D ScreenSaver_12: [ScreensaverService] getBinder:43 action: com.thundercomm.serviceserver.microservice.IBinderScreensaverService
12-14 03:24:07.445 2088 2164 I MicroService: registerCommonListener: 2
12-14 03:24:07.446 2088 2164 I MicroService: registerConnectListener: 2
12-14 03:24:07.446 2088 2164 I MicroService: onConnectStateChanged: -1
12-14 03:24:07.446 2088 2164 I MicroService: onConnectStateChanged count = 2
12-14 03:24:07.446 2119 2453 D SettingMicroservices: onNettyConnectState: -1mLastNettyState: 0
12-14 03:24:07.446 2119 2453 D SettingMicroservices: onNetty disconnect:
12-14 03:24:07.446 2119 2453 D MicroSettings: ScreenCleanManager: onScreenCleanModeChanged: false
12-14 03:24:07.447 2119 2453 D MicroSettings: ScreenCleanManager: stopCountDown
12-14 03:24:07.447 2119 2119 D MicroSettings: ScreenCleanManager: exitScreenCleanMode
12-14 03:24:07.447 2119 2119 E MicroSettings: ScreenCleanManager: exitScreenCleanMode isAdd is false and exit func.
12-14 03:24:07.447 4368 4382 D ScreenSaver_12: [ScreensaverMicroService] onConnectStateChange:133 onConnectStateChange: -1, mLastNettyState: 0
12-14 03:24:07.447 1500 2079 I ActivityTaskManager: START u0 {flg=0x10000000 pkg=com.thundercomm.screensaver cmp=com.thundercomm.screensaver/android.service.dreams.DreamActivity (has extras)} from uid 10052
12-14 03:24:07.447 4368 4382 D ScreenSaver_12: [ScreensaverMicroService] onConnectStateChange:142 disconnect
12-14 03:24:07.447 1500 1595 I EventSequenceValidator: inc AccIntentStartedEvents to 2
12-14 03:24:07.449 1500 2079 D CompatibilityChangeReporter: Compat change id reported: 184838306; UID 10052; state: DISABLED
12-14 03:24:07.450 1500 2079 D CompatibilityChangeReporter: Compat change id reported: 185004937; UID 10052; state: DISABLED
12-14 03:24:07.451 1500 2079 D CompatibilityChangeReporter: Compat change id reported: 181136395; UID 10052; state: DISABLED
12-14 03:24:07.451 1500 2079 D CompatibilityChangeReporter: Compat change id reported: 174042936; UID 10052; state: DISABLED
12-14 03:24:07.451 1500 2079 D CompatibilityChangeReporter: Compat change id reported: 174042980; UID 10052; state: DISABLED
12-14 03:24:07.452 1500 2079 W ActivityTaskManager: Can't find TaskDisplayArea to determine support for multi window. Task id=28 attached=false
12-14 03:24:07.457 1500 2079 D CompatibilityInfo: mCompatibilityFlags - 4
12-14 03:24:07.457 1500 2079 D CompatibilityInfo: applicationDensity - 240
12-14 03:24:07.457 1500 2079 D CompatibilityInfo: applicationScale - 1.0
12-14 03:24:07.457 1500 2079 D ActivityTrigger: ActivityTrigger activityPauseTrigger
12-14 03:24:07.461 4368 4368 D ScreenSaver_12: [ScreensaverManager] onServiceConnected:129 ScreensaverManager onServiceConnected
12-14 03:24:07.461 4368 4368 D ScreenSaver_12: [ScreensaverManager] onServiceConnected:134 onServiceConnected: iBinder is success!
12-14 03:24:07.461 4368 4368 D ScreenSaver_12: [ScreensaverServiceBinder] registerScreensaverCallback:140 registerScreensaverCallback:
12-14 03:24:07.461 4368 4368 I ScreenSaver_12: [ScreensaverManager] subscribe screensaverService and mode Callback ok!
12-14 03:24:07.461 4368 4368 D ScreenSaver_12: [ScreensaverManager] getActivityThemeScreensaverList:272 getActivityThemeScreensaverList
12-14 03:24:07.461 4368 4368 D ScreenSaver_12: [ScreensaverServiceBinder] getActivityThemeScreensaverList:40 getActivityThemeResources
12-14 03:24:07.462 4368 4368 D ScreenSaver_12: [ScreensaverManager] onActivityThemeScreensaverData:61 onActivityThemeScreensaverData: 3
12-14 03:24:07.462 4368 4368 D ScreenSaver_12: [ScreensaverServiceBinder] getActivityThemeScreensaverList:55 getActivityThemeResources
12-14 03:24:07.462 4368 4368 D ScreenSaver_12: [ScreensaverManager] getCustomScreensaverList:286 getCustomScreensaverList
12-14 03:24:07.462 4368 4368 D ScreenSaver_12: [ScreensaverServiceBinder] getCustomScreensaverList:67 getCustomThemeResources
12-14 03:24:07.462 4368 4368 D ScreenSaver_12: [ScreensaverManager] onCustomScreensaverData:70 onCustomScreensaverData: 0
12-14 03:24:07.464 1500 2037 I ActivityTaskManager: FOREGROUND_APPLICATION_CHANGED to android.service.dreams.DreamActivity
12-14 03:24:07.464 1500 2037 I ActivityTaskManager: The Process com.thundercomm.screensaver Already Exists in BG. So sending its PID: 4368
12-14 03:24:07.465 1500 2037 D CompatibilityInfo: mCompatibilityFlags - 4
12-14 03:24:07.465 1500 2037 D CompatibilityInfo: applicationDensity - 240
12-14 03:24:07.465 1500 2037 D CompatibilityInfo: applicationScale - 1.0
12-14 03:24:07.469 3816 3828 I GameMode_ActivityMonitoringService: onForegroundActivitiesChanged uid 10052 pid 4368 fg true
12-14 03:24:07.476 3816 3834 I GameMode_ActivityMonitoringService: Updating top task to: TaskInfoContainer [topActivity=ComponentInfo{com.thundercomm.screensaver/android.service.dreams.DreamActivity}, taskId=28, stackId=28, userId=0, displayId=0, position=7
12-14 03:24:07.476 3816 3834 I GameMode_ActivityMonitoringService: Notifying about top task: TaskInfoContainer [topActivity=ComponentInfo{com.thundercomm.screensaver/android.service.dreams.DreamActivity}, taskId=28, stackId=28, userId=0, displayId=0, position=7
12-14 03:24:07.476 3816 3834 E GameMode_ActivityMonitoringService: onActivityLaunch:com.thundercomm.screensaver
12-14 03:24:07.476 3816 3834 V GameMode_GameTypeUtils: judge isGame:com.thundercomm.screensaver
12-14 03:24:07.477 3816 3834 V GameMode_GpuUtils: fps:60
12-14 03:24:07.479 3816 3834 D GameMode_GameModeActionUtils: Show GameMode entry by service!
12-14 03:24:07.479 3816 3834 W ContextImpl: Calling a method in the system process without a qualified user: android.app.ContextImpl.startService:1816 android.content.ContextWrapper.startService:774 com.thundercomm.gamemode.ingame.services.GameModeActionUtils.startGameModeService:99 com.thundercomm.gamemode.ingame.services.GameModeActionUtils.startGameModeEntry:22 com.thundercomm.gamemode.ingame.services.ActivityMonitoringService$1.onActivityLaunch:127
12-14 03:24:07.480 3816 3816 D GameMode_GameModeService: type=hide_entry
12-14 03:24:07.480 3816 3834 D GameModeIF_GameModeSettings: getUriFor setting_content_uri_root = content://com.thundercomm.gamemode.api/gamemode_settings , name = gamemode_isgaming
12-14 03:24:07.482 986 986 I BpBinder: onLastStrongRef automatically unlinking death recipients:
12-14 03:24:07.485 3816 3834 D GameModeIF_GameModeSettings: gamemode_isgaming set to 0
12-14 03:24:07.485 640 655 I mpu_uart: [MSG-P:RECV]:No message received in 1000 ms
12-14 03:24:07.487 3816 3816 D GameMode_GameSettingsObserver: Game Data change!!!! uri = content://com.thundercomm.gamemode.api/gamemode_settings/gamemode_isgaming
12-14 03:24:07.487 3816 3816 D GameModeIF_GameModeSettings: getUriFor setting_content_uri_root = content://com.thundercomm.gamemode.api/gamemode_settings , name = gamemode_isgaming
12-14 03:24:07.488 1500 1500 I GameModeConfig: Current uri is uri = content://com.thundercomm.gamemode.api/gamemode_settings/gamemode_isgaming
12-14 03:24:07.488 1500 1500 D GameModeIF_GameModeSettings: getUriFor setting_content_uri_root = content://com.thundercomm.gamemode.api/gamemode_settings , name = gamemode_isgaming
12-14 03:24:07.490 3816 3816 D GameMode_GameModeService: updateGlobalSettings = gamemode_isgaming
12-14 03:24:07.491 1500 1500 I GameModeConfig: isGameModeOn = true
12-14 03:24:07.491 1500 1500 I GameModeConfig: isGaming = false
12-14 03:24:07.491 1500 1500 I GameModeConfig: isGameModeOn = true
12-14 03:24:07.491 1500 1500 I GameModeConfig: isGaming = false
12-14 03:24:07.491 1500 1500 I GameModeConfig: isDisableVoice = true
12-14 03:24:07.494 1500 2752 W WindowManager: Failed looking up window session=Session{b4b9cb4 4368:u0a10052} callers=com.android.server.wm.WindowManagerService.windowForClientLocked:5628 com.android.server.wm.Session.insetsModified:629 android.view.IWindowSession$Stub.onTransact:1151
12-14 03:24:07.496 2000 2015 D KeyguardViewMediator: setOccluded true
12-14 03:24:07.498 2000 2000 V KeyguardUpdateMonitor: startListeningForFingerprint()
12-14 03:24:07.505 4368 4368 E ThemeUtils: View class androidx.appcompat.widget.AppCompatImageView is an AppCompat widget that can only be used with a Theme.AppCompat theme (or descendant).
12-14 03:24:07.506 2000 2000 D KeyguardViewMediator: adjustStatusBarLocked: mShowing=false mOccluded=true isSecure=false force=false --> flags=0x0
12-14 03:24:07.510 4368 4368 E ThemeUtils: View class androidx.appcompat.widget.AppCompatImageView is an AppCompat widget that can only be used with a Theme.AppCompat theme (or descendant).
12-14 03:24:07.510 4368 4368 E ThemeUtils: View class androidx.appcompat.widget.AppCompatImageView is an AppCompat widget that can only be used with a Theme.AppCompat theme (or descendant).
12-14 03:24:07.511 4368 4368 E ThemeUtils: View class androidx.appcompat.widget.AppCompatImageView is an AppCompat widget that can only be used with a Theme.AppCompat theme (or descendant).
12-14 03:24:07.518 4368 4368 D CompatibilityChangeReporter: Compat change id reported: 170233598; UID 10052; state: DISABLED
12-14 03:24:07.539 986 1676 W ServiceManager: Permission failure: android.permission.ACCESS_SURFACE_FLINGER from uid=10052 pid=4368
12-14 03:24:07.539 986 1676 D PermissionCache: checking android.permission.ACCESS_SURFACE_FLINGER for uid=10052 => denied (326 us)
12-14 03:24:07.539 986 1676 W ServiceManager: Permission failure: android.permission.ROTATE_SURFACE_FLINGER from uid=10052 pid=4368
12-14 03:24:07.539 986 1676 D PermissionCache: checking android.permission.ROTATE_SURFACE_FLINGER for uid=10052 => denied (170 us)
12-14 03:24:07.540 4368 4389 I AdrenoGLES-0: QUALCOMM build : 47421dbee6, I139f36ad46
12-14 03:24:07.540 4368 4389 I AdrenoGLES-0: Build Date : 02/18/22
12-14 03:24:07.540 4368 4389 I AdrenoGLES-0: OpenGL ES Shader Compiler Version: EV031.32.02.17
12-14 03:24:07.540 4368 4389 I AdrenoGLES-0: Local Branch :
12-14 03:24:07.540 4368 4389 I AdrenoGLES-0: Remote Branch :
12-14 03:24:07.540 4368 4389 I AdrenoGLES-0: Remote Branch :
12-14 03:24:07.540 4368 4389 I AdrenoGLES-0: Reconstruct Branch :
12-14 03:24:07.540 4368 4389 I AdrenoGLES-0: Build Config : S P 10.0.7 AArch64
12-14 03:24:07.540 4368 4389 I AdrenoGLES-0: Driver Path : /vendor/lib64/egl/libGLESv2_adreno.so
12-14 03:24:07.540 500 500 I hwservicemanager: getTransport: Cannot find entry android.hardware.graphics.mapper@4.0::IMapper/default in either framework or device VINTF manifest.
12-14 03:24:07.541 1500 1910 I GameModeConfig: isGameModeOn = true
12-14 03:24:07.541 1500 1910 I GameModeConfig: isGaming = false
12-14 03:24:07.541 1500 1910 I GameModeConfig: isGameModeOn = true
12-14 03:24:07.541 1500 1910 I GameModeConfig: isGaming = false
12-14 03:24:07.541 1500 1910 I GameModeConfig: isGameModeOn = true
12-14 03:24:07.541 1500 1910 I GameModeConfig: isGaming = false
12-14 03:24:07.541 1500 1910 I GameModeConfig: isGameModeOn = true
12-14 03:24:07.541 1500 1910 I GameModeConfig: isGaming = false
12-14 03:24:07.543 4368 4389 I AdrenoGLES-0: PFP: 0x016dd093, ME: 0x00000000
12-14 03:24:07.548 4368 4389 D libEGL : MSAA-->msaa:4 gamemode:0 4x_msaa:0
12-14 03:24:07.548 4368 4389 D libEGL : MSAA-->msaa:4 gamemode:0 4x_msaa:0
12-14 03:24:07.549 4368 4389 D libEGL : MSAA-->msaa:4 gamemode:0 4x_msaa:0
12-14 03:24:07.556 835 835 I SDM : HWCDisplay::GetColorModeCount: Supported color mode count = 1
12-14 03:24:07.556 835 835 I SDM : HWCDisplay::GetColorModes: Color mode = 0 is supported
12-14 03:24:07.556 986 3162 E HWComposer: getSupportedContentTypes: getSupportedContentTypes failed for display 4630946370410392961: Unsupported (8)
12-14 03:24:07.557 4368 4389 D hw-ProcessState: Binder ioctl to enable oneway spam detection failed: Invalid argument
12-14 03:24:07.558 500 500 I hwservicemanager: getTransport: Cannot find entry android.hardware.graphics.mapper@4.0::IMapper/default in either framework or device VINTF manifest.
12-14 03:24:07.558 4368 4398 I Gralloc4: mapper 4.x is not supported
01-01 09:22:12.097 0 0 I binder : 4368:4389 ioctl 40046210 79417171f4 returned -22
12-14 03:24:07.559 2000 2000 E KeyguardBouncer: onFullyShown when view was null
12-14 03:24:07.559 500 500 I hwservicemanager: getTransport: Cannot find entry android.hardware.graphics.allocator@4.0::IAllocator/default in either framework or device VINTF manifest.
12-14 03:24:07.559 4368 4398 W Gralloc4: allocator 4.x is not supported
12-14 03:24:07.562 2000 2000 D StatusBar: disable disable2
12-14 03:24:07.563 1500 4401 I DropBoxManagerService: add tag=system_app_wtf isTagEnabled=true flags=0x2
12-14 03:24:07.564 2000 2000 D KeyguardUpdateMonitor: onKeyguardVisibilityChanged(false)
12-14 03:24:07.567 2000 2000 V KeyguardUpdateMonitor: startListeningForFingerprint()
12-14 03:24:07.567 2000 2000 D KeyguardUpdateMonitor: sendKeyguardBouncerChanged(false)
12-14 03:24:07.568 3816 3829 I GameMode_ActivityMonitoringService: onTaskStackChanged
12-14 03:24:07.568 986 1676 I BpBinder: onLastStrongRef automatically unlinking death recipients:
12-14 03:24:07.574 986 3162 D PermissionCache: checking android.permission.READ_FRAME_BUFFER for uid=1000 => granted (438 us)
12-14 03:24:07.580 2000 2000 W View : requestLayout() improperly called by com.android.systemui.util.animation.UniqueObjectHostView{99c37ec V.E...... ......ID 0,0-636,344} during layout: running second layout pass
12-14 03:24:07.581 1500 1595 I EventSequenceValidator: dec AccIntentStartedEvents to 1
12-14 03:24:07.581 1500 1668 V DisplayPowerController[0]: Brightness [1.0] reason changing to: 'manual', previous reason: 'manual [ dim ]'.
12-14 03:24:07.582 500 500 I hwservicemanager: getTransport: Cannot find entry android.hardware.graphics.mapper@4.0::IMapper/default in either framework or device VINTF manifest.
12-14 03:24:07.584 1500 1977 E DisplayDeviceConfig: requesting nits when no mapping exists.
12-14 03:24:07.585 1500 1977 E DisplayDeviceConfig: requesting nits when no mapping exists.
12-14 03:24:07.585 3816 3829 I Gralloc4: mapper 4.x is not supported
12-14 03:24:07.587 3816 3834 I GameMode_ActivityMonitoringService: Updating top task to: TaskInfoContainer [topActivity=ComponentInfo{com.thundercomm.screensaver/android.service.dreams.DreamActivity}, taskId=28, stackId=28, userId=0, displayId=0, position=7
12-14 03:24:07.587 3816 3834 I GameMode_ActivityMonitoringService: Notifying about top task: TaskInfoContainer [topActivity=ComponentInfo{com.thundercomm.screensaver/android.service.dreams.DreamActivity}, taskId=28, stackId=28, userId=0, displayId=0, position=7
12-14 03:24:07.587 3816 3834 E GameMode_ActivityMonitoringService: onActivityLaunch:com.thundercomm.screensaver
12-14 03:24:07.587 3816 3834 V GameMode_GameTypeUtils: judge isGame:com.thundercomm.screensaver
12-14 03:24:07.587 3816 3834 V GameMode_GpuUtils: fps:60
12-14 03:24:07.590 3816 3834 D GameMode_GameModeActionUtils: Show GameMode entry by service!
12-14 03:24:07.590 3816 3834 W ContextImpl: Calling a method in the system process without a qualified user: android.app.ContextImpl.startService:1816 android.content.ContextWrapper.startService:774 com.thundercomm.gamemode.ingame.services.GameModeActionUtils.startGameModeService:99 com.thundercomm.gamemode.ingame.services.GameModeActionUtils.startGameModeEntry:22 com.thundercomm.gamemode.ingame.services.ActivityMonitoringService$1.onActivityLaunch:127
12-14 03:24:07.590 1500 1621 I DropBoxManagerService: add tag=system_server_wtf isTagEnabled=true flags=0x2
12-14 03:24:07.592 2000 2000 D KeyguardUpdateMonitor: handleKeyguardBouncerChanged(0)
12-14 03:24:07.592 1500 1621 I DropBoxManagerService: add tag=system_server_wtf isTagEnabled=true flags=0x2
12-14 03:24:07.593 2000 2000 V KeyguardUpdateMonitor: startListeningForFingerprint()
12-14 03:24:07.596 3816 3834 D GameModeIF_GameModeSettings: getUriFor setting_content_uri_root = content://com.thundercomm.gamemode.api/gamemode_settings , name = gamemode_isgaming
12-14 03:24:07.596 3816 3816 D GameMode_GameModeService: type=hide_entry
12-14 03:24:07.597 1500 1592 I ActivityTaskManager: Displayed com.thundercomm.screensaver/android.service.dreams.DreamActivity: +125ms
12-14 03:24:07.597 2000 2000 D StatusBar: disable disable2
12-14 03:24:07.597 1500 1500 I GameModeConfig: Current uri is uri = content://com.thundercomm.gamemode.api/gamemode_settings/gamemode_isgaming
12-14 03:24:07.597 1500 1500 D GameModeIF_GameModeSettings: getUriFor setting_content_uri_root = content://com.thundercomm.gamemode.api/gamemode_settings , name = gamemode_isgaming
12-14 03:24:07.598 3816 3834 D GameModeIF_GameModeSettings: gamemode_isgaming set to 0
