12-14 03:22:34.044 1283 3928 D LOWI-9.0.0.87.a: [LOWI-Scan] BSS 18:6f:2d:81:16:e3 LOWI_PHY_MODE_11NG_HT20(5), Beacon Interval: 100, LOWI_ENCRYPTION_TYPE_WPA_PSK 11mcRanging: No, ANQP: No, LCI: No, Civic: No, capability(0x0531): ESS Privacy ShortPreamble SpectrumMgmt ShortSlotTime
12-14 03:22:34.044 1283 3928 D LOWI-9.0.0.87.a: [LOWI-Scan] BSS 18:6f:2d:81:16:e3 FREQ: 2412, cFreq1[40:80:160] = [2412:0:0] cFreq2 = 0 Country Code = CN
12-14 03:22:34.044 1283 3928 D LOWI-9.0.0.87.a: [LOWI-Scan] BSS 18:6f:2d:81:16:e3 (wlan0) ASSO: NO AddInfo: 0x1, TSF 0, 00:00:21.001, RSSI: -164, CPL: 127, AGE: 1608, SSID ZXHY, TSFDelta: 0x1bfecf95, TXRate: 0
12-14 03:22:34.044 1283 3928 D LOWI-9.0.0.87.a: [LOWI-Scan]
12-14 03:22:34.044 1283 3928 D LOWI-9.0.0.87.a: [LOWI-Scan] print_bss_handler: Report beacon TSF 21089047 as it greater than probe TSF 21089047
12-14 03:22:34.044 1283 3928 D LOWI-9.0.0.87.a: [LOWI-Scan] decode_rsn_wpa_ie: LOWI_ENCRYPTION_TYPE_WPA_PSK
12-14 03:22:34.044 1283 3928 D LOWI-9.0.0.87.a: [LOWI-Scan] is_qcom_ie, bss_age: 0
12-14 03:22:34.044 1283 3928 D LOWI-9.0.0.87.a: [LOWI-Scan] BSS 84:db:ac:2d:18:a8 LOWI_PHY_MODE_11NG_HT20(5), Beacon Interval: 100, LOWI_ENCRYPTION_TYPE_WPA_PSK 11mcRanging: No, ANQP: No, LCI: No, Civic: No, capability(0x0411): ESS Privacy ShortSlotTime
12-14 03:22:34.044 1283 3928 D LOWI-9.0.0.87.a: [LOWI-Scan] BSS 84:db:ac:2d:18:a8 FREQ: 2462, cFreq1[40:80:160] = [0:0:0] cFreq2 = 0 Country Code =
12-14 03:22:34.044 1283 3928 D LOWI-9.0.0.87.a: [LOWI-Scan] BSS 84:db:ac:2d:18:a8 (wlan0) ASSO: NO AddInfo: 0x1, TSF 0, 00:00:21.089, RSSI: -150, CPL: 127, AGE: 1520, SSID HUAWEI-XJ2FLJ, TSFDelta: 0x5564e7f8, TXRate: 0
12-14 03:22:34.044 1283 3928 D LOWI-9.0.0.87.a: [LOWI-Scan]
12-14 03:22:34.044 1283 3928 D LOWI-9.0.0.87.a: [LOWI-Scan] print_bss_handler: Report beacon TSF 21136725 as it greater than probe TSF 21136725
12-14 03:22:34.044 1283 3928 D LOWI-9.0.0.87.a: [LOWI-Scan] decode_rsn_wpa_ie: LOWI_ENCRYPTION_TYPE_WPA_PSK
12-14 03:22:34.044 1283 3928 D LOWI-9.0.0.87.a: [LOWI-Scan] is_qcom_ie, bss_age: 0
12-14 03:22:34.044 1283 3928 D LOWI-9.0.0.87.a: [LOWI-Scan] BSS f8:af:05:82:ca:58 LOWI_PHY_MODE_11AC_VHT40_2G(12), Beacon Interval: 100, LOWI_ENCRYPTION_TYPE_WPA_PSK 11mcRanging: No, ANQP: No, LCI: No, Civic: No, capability(0x1431): ESS Privacy ShortPreamble ShortSlotTime
12-14 03:22:34.044 1283 3928 D LOWI-9.0.0.87.a: [LOWI-Scan] BSS f8:af:05:82:ca:58 FREQ: 2462, cFreq1[40:80:160] = [2452:0:0] cFreq2 = 0 Country Code =
12-14 03:22:34.044 1283 3928 D LOWI-9.0.0.87.a: [LOWI-Scan] BSS f8:af:05:82:ca:58 (wlan0) ASSO: NO AddInfo: 0x1, TSF 0, 00:00:21.136, RSSI: -150, CPL: 127, AGE: 1472, SSID RIO-WIFI-2.4G, TSFDelta: 0x90d46200, TXRate: 0
12-14 03:22:34.044 1283 3928 D LOWI-9.0.0.87.a: [LOWI-Scan]
12-14 03:22:34.044 1283 3928 D LOWI-9.0.0.87.a: [LOWI-Scan] print_bss_handler: Report beacon TSF 21199148 as it greater than probe TSF 21199148
12-14 03:22:34.044 1283 3928 D LOWI-9.0.0.87.a: [LOWI-Scan] decode_rsn_wpa_ie: LOWI_ENCRYPTION_TYPE_WPA_PSK
12-14 03:22:34.044 1283 3928 D LOWI-9.0.0.87.a: [LOWI-Scan] is_qcom_ie, bss_age: 0
12-14 03:22:34.044 1283 3928 D LOWI-9.0.0.87.a: [LOWI-Scan] BSS 64:6e:97:5a:7e:e0 LOWI_PHY_MODE_11AC_VHT40_2G(12), Beacon Interval: 100, LOWI_ENCRYPTION_TYPE_WPA_PSK 11mcRanging: No, ANQP: No, LCI: No, Civic: No, capability(0x1411): ESS Privacy ShortSlotTime
12-14 03:22:34.044 1283 3928 D LOWI-9.0.0.87.a: [LOWI-Scan] BSS 64:6e:97:5a:7e:e0 FREQ: 2462, cFreq1[40:80:160] = [2452:0:0] cFreq2 = 0 Country Code = CN
12-14 03:22:34.044 1283 3928 D LOWI-9.0.0.87.a: [LOWI-Scan] BSS 64:6e:97:5a:7e:e0 (wlan0) ASSO: NO AddInfo: 0x1, TSF 0, 00:00:21.199, RSSI: -146, CPL: 127, AGE: 1412, SSID DMC, TSFDelta: 0x4d22b0be, TXRate: 0
12-14 03:22:34.044 1283 3928 D LOWI-9.0.0.87.a: [LOWIDiagLog] Log: lowiMeasResult->request: invalid null argument
12-14 03:22:34.044 1283 3928 I LOWI-9.0.0.87.a: [LOWI-Scan] lowi_close_record:Scan done in 7676ms, 75 APs in scan results
12-14 03:22:34.044 1283 3928 D LOWI-9.0.0.87.a: [LOWI-Scan] WipsScanUsingNL: passive scan cached 0, took 906 ms, err 59
12-14 03:22:34.044 1283 3928 D LOWI-9.0.0.87.a: [LOWI-Scan] lowi_proc_req_passive_scan_with_live_meas - WLAN Frames to be parsed
12-14 03:22:34.044 1283 3928 D LOWI-9.0.0.87.a: [LOWIROMEWifiDriver] processWlanFrame: Radio Measurement Req Frame received: Action-Cat(5) Action Type(0) dialogTok(47) numRep(0)
12-14 03:22:34.044 1283 3928 D LOWI-9.0.0.87.a: [LOWIROMEWifiDriver] parseMeasReqElem: Unknown element! - aborting
12-14 03:22:34.044 1283 3928 D LOWI-9.0.0.87.a: [LOWIWifiDriverInterface] setMeasScanStatus:No measurements found Err = 59
12-14 03:22:34.044 1283 3928 D LOWI-9.0.0.87.a: [LOWIScanResultReceiver] Send scan meas to listener
12-14 03:22:34.044 1283 3928 D LOWI-9.0.0.87.a: [LOWIScanResultReceiver] Enter passive listening mode
12-14 03:22:34.044 1283 3928 D LOWI-9.0.0.87.a: [LOWIWifiDriverInterface] getMeasurements - Passive listening mode
12-14 03:22:34.044 1283 3928 D LOWI-9.0.0.87.a: [LOWI-Scan] WipsScanUsingNL:wait -1 sec for netlink message
12-14 03:22:34.045 1283 1408 D LOWI-9.0.0.87.a: [LOWIEventReceiver] handleEvent:FROM:NA, TO:NA, REQ:NA, IREQ:NA, REQ_ID:0, RESP:NA, INFO:NA
12-14 03:22:34.045 1283 1408 D LOWI-9.0.0.87.a: [LOWIBackgroundScanMgr] isRspForBgScanMgr: evt(LOWI_NO_EVT) - not handled
12-14 03:22:34.045 1283 1408 D LOWI-9.0.0.87.a: [LOWIScheduler] manageMsg: NULL results or NULL request in results
12-14 03:22:34.045 1283 1408 D LOWI-9.0.0.87.a: [LOWIController] Measurements received
12-14 03:22:34.045 1283 1408 D LOWI-9.0.0.87.a: [LOWICacheManager] putInCache:Num of Meas to add: 75
12-14 03:22:34.048 1283 1408 D LOWI-9.0.0.87.a: [LOWIController] processMeasurementResults: No current Request. Cache measurements
12-14 03:22:34.048 1283 1408 D LOWI-9.0.0.87.a: [LOWIController] sendAsyncScanResponse: Request FreeWifiScanObserver_0 is from a different client.
12-14 03:22:34.048 1283 1408 D LOWI-9.0.0.87.a: [LOWIController] generateResponse: Type (ASYNC_DISCOVERY_SCAN_RESULTS) ScanStatus (3) request FreeWifiScanObserver_0
12-14 03:22:34.048 1283 1408 D LOWI-9.0.0.87.a: [LOWIEventDispatcher] sendResponse - originator = FreeWifiScanObserver
12-14 03:22:34.048 1283 1408 D LOWI-9.0.0.87.a: [LOWIUtils] injectScanMeasurements - num of APs = 75
12-14 03:22:34.049 1283 1408 I LOWI-9.0.0.87.a: [LOWIUtils] responseToOutPostcard - TO: FreeWifiScanObserver, FROM: LOWI-SERVER, RESP: LOWI_ASYNC_DISCOVERY_SCAN_RESULTS
12-14 03:22:34.050 1283 1408 D LOWI-9.0.0.87.a: [LOWIControllerExtn] sendLOWILpDiscoveryScanResponse: Not a discovery scan response
12-14 03:22:34.147 3816 3880 D BufferPoolAccessor2.0: bufferpool2 0xb400007a42357c58 : 0(0 size) total buffers - 0(0 size) used buffers - 1/7 (recycle/alloc) - 6/74 (fetch/transfer)
12-14 03:22:34.147 3816 3880 D BufferPoolAccessor2.0: evictor expired: 1, evicted: 1
01-01 09:20:38.874 0 0 I [soft_i][0x1cc1ed80][03:22:34.334367] wlan: [0:I:QDF] ARP-RQ TX: SA:a2:e9:b7:9b:b8:a6 DA:ff:ff:ff:ff:ff:ff msdu_id:2 status: nack
12-14 03:22:34.481 640 655 I mpu_uart: [MSG-P:RECV]:No message received in 1000 ms
12-14 03:22:34.521 2000 2527 D BufferPoolAccessor2.0: evictor expired: 3, evicted: 0
12-14 03:22:34.642 1500 1910 I GameModeConfig: isGameModeOn = true
12-14 03:22:34.643 1500 1910 I GameModeConfig: isGaming = false
12-14 03:22:34.687 1500 1910 I GameModeConfig: isGameModeOn = true
12-14 03:22:34.688 1500 1910 I GameModeConfig: isGaming = false
12-14 03:22:34.688 1500 1910 I GameModeConfig: isGameModeOn = true
12-14 03:22:34.688 1500 1910 I GameModeConfig: isGaming = false
12-14 03:22:34.688 1500 1910 I GameModeConfig: isGameModeOn = true
12-14 03:22:34.688 1500 1910 I GameModeConfig: isGaming = false
12-14 03:22:34.688 1500 1910 I GameModeConfig: isGameModeOn = true
12-14 03:22:34.688 1500 1910 I GameModeConfig: isGaming = false
01-01 09:20:39.241 0 0 I init : Untracked pid 4024 exited with status 0
01-01 09:20:39.327 0 0 D : mv2112_read_status
01-01 09:20:39.327 0 0 D mv2112_update_link: 3.0x901(1G): 0x80
01-01 09:20:39.327 0 0 D mv2112_update_link: 3.0x8109(100M): 0x8
01-01 09:20:39.327 0 0 D mv2112_update_link: link 0x0
01-01 09:20:39.327 0 0 D mv2112_read_status: autoneg is disabled
12-14 03:22:34.825 1500 1910 I GameModeConfig: isGameModeOn = true
12-14 03:22:34.825 1500 1910 I GameModeConfig: isGaming = false
12-14 03:22:34.825 1500 1910 I GameModeConfig: isGameModeOn = true
12-14 03:22:34.825 1500 1910 I GameModeConfig: isGaming = false
12-14 03:22:34.934 1247 1723 D BufferPoolAccessor2.0: bufferpool2 0xb4000077be3cd538 : 0(0 size) total buffers - 0(0 size) used buffers - 31/35 (recycle/alloc) - 4/34 (fetch/transfer)
12-14 03:22:34.935 1500 2029 D BufferPoolAccessor2.0: evictor expired: 6, evicted: 0
12-14 03:22:34.935 1247 1723 D BufferPoolAccessor2.0: evictor expired: 1, evicted: 1
12-14 03:22:35.062 1500 1910 I GameModeConfig: isGameModeOn = true
12-14 03:22:35.062 1500 1910 I GameModeConfig: isGaming = false
12-14 03:22:35.062 1500 1910 I GameModeConfig: isGameModeOn = true
12-14 03:22:35.062 1500 1910 I GameModeConfig: isGaming = false
12-14 03:22:35.105 1500 1910 I GameModeConfig: isGameModeOn = true
12-14 03:22:35.105 1500 1910 I GameModeConfig: isGaming = false
12-14 03:22:35.105 1500 1910 I GameModeConfig: isGameModeOn = true
12-14 03:22:35.105 1500 1910 I GameModeConfig: isGaming = false
12-14 03:22:35.138 1500 1910 I GameModeConfig: isGameModeOn = true
12-14 03:22:35.138 1500 1910 I GameModeConfig: isGaming = false
12-14 03:22:35.138 1500 1910 I GameModeConfig: isGameModeOn = true
12-14 03:22:35.138 1500 1910 I GameModeConfig: isGaming = false
12-14 03:22:35.201 791 1742 D audio_hw_primary: copl(0xe8488650):out of compress_wait
12-14 03:22:35.202 791 1968 I btaudio_offload_qti: audio_get_a2dp_sink_latency_qti: Sink Latency = 200
12-14 03:22:35.204 791 1968 I btaudio_offload_qti: audio_get_a2dp_sink_latency_qti: Sink Latency = 200
12-14 03:22:35.204 791 1968 D audio_hw_primary: No space available in compress driver, post msg to cb thread
12-14 03:22:35.205 791 1742 D audio_hw_primary: copl(0xe8488650):calling compress_wait
12-14 03:22:35.205 791 3463 I btaudio_offload_qti: audio_get_a2dp_sink_latency_qti: Sink Latency = 200
12-14 03:22:35.206 791 1968 I btaudio_offload_qti: audio_get_a2dp_sink_latency_qti: Sink Latency = 200
12-14 03:22:35.411 640 654 I mpu_uart: [MSG-P:R]:recv sync frame timeout
01-01 09:20:39.989 0 0 I [schedu][0x1e08ac08][03:22:35.449654] wlan: [3400:I:PE] TX: [802.11 BCN_RPT] seq_no:2056 dialog_token:47 no. of APs:1 is_last_rpt:1 num_report: 1 peer:6c:b1:58:0f:7d:39
12-14 03:22:35.482 640 655 I mpu_uart: [MSG-P:RECV]:No message received in 1000 ms
01-01 09:20:40.351 0 0 D : mv2112_read_status
01-01 09:20:40.351 0 0 D mv2112_update_link: 3.0x901(1G): 0x80
01-01 09:20:40.351 0 0 D mv2112_update_link: 3.0x8109(100M): 0x8
01-01 09:20:40.351 0 0 D mv2112_update_link: link 0x0
01-01 09:20:40.351 0 0 D mv2112_read_status: autoneg is disabled
12-14 03:22:35.875 4036 4036 W ls : type=1400 audit(0.0:258): avc: denied { read } for name="/" dev="dm-5" ino=2 scontext=u:r:system_app:s0 tcontext=u:object_r:rootfs:s0 tclass=dir permissive=0
12-14 03:22:35.927 4040 4040 W ls : type=1400 audit(0.0:259): avc: denied { read } for name="/" dev="dm-5" ino=2 scontext=u:r:system_app:s0 tcontext=u:object_r:rootfs:s0 tclass=dir permissive=0
12-14 03:22:35.972 1500 1500 D CompanionDeviceManagerService: TriggerDeviceDisappearedRunnable.run(address = 9C:19:C2:27:BA:EF)
12-14 03:22:35.995 2152 3951 D TlogClient_LogCollectService: === FINISH to package logs ===
12-14 03:22:36.027 1500 1910 I GameModeConfig: isGameModeOn = true
12-14 03:22:36.027 1500 1910 I GameModeConfig: isGaming = false
12-14 03:22:36.027 1500 1910 I GameModeConfig: isGameModeOn = true
12-14 03:22:36.027 1500 1910 I GameModeConfig: isGaming = false
12-14 03:22:36.028 1500 1910 I GameModeConfig: isGameModeOn = true
12-14 03:22:36.028 1500 1910 I GameModeConfig: isGaming = false
12-14 03:22:36.028 1500 1910 I GameModeConfig: isGameModeOn = true
12-14 03:22:36.028 1500 1910 I GameModeConfig: isGaming = false
12-14 03:22:36.416 2271 2452 D MCUUpdate: find 2 mcu version:figureAPP_V0.0.5_a.bin figureAPP_V0.0.5_b.bin
12-14 03:22:36.417 640 640 I mpu_uart: [TIME-:1]:create
12-14 03:22:36.419 640 653 V mpu_uart: send data buf:[0x3c, 0x7, 0x0, 0x11, 0xff, 0x82, 0x57, ], send_res=7
12-14 03:22:36.422 640 654 V mpu_uart: [MSG-P:SYNC]:sync resp:62
12-14 03:22:36.422 640 640 I mpu_uart: [TIME-:1]:delete
12-14 03:22:36.422 2271 2452 D MCUUpdate: Check MCU current version :res = 0
12-14 03:22:36.453 640 654 D mpu_uart: [MSG-P:R-M]:recved H:15, L:0
12-14 03:22:36.453 640 654 V mpu_uart: recv data buf:[0x3c, 0xf, 0x0, 0x0, 0xff, 0x82, 0x56, 0x30, 0x2e, 0x30, 0x2e, 0x35, 0x0, 0x0, 0x2d, ]
12-14 03:22:36.453 640 655 D mpu_uart: [SESSION-Distribute]:Message en queue:ff
12-14 03:22:36.455 2271 2448 D MCUUpdate: MCU version: 86 length: 9
12-14 03:22:36.455 2271 2448 D MCUUpdate: Current version: V0.0.5, Find version: V0.0.5
12-14 03:22:36.455 2271 2448 D MCUUpdate: no need to update!
12-14 03:22:36.515 2716 2716 I hpplay-java: [main]:NetworkReceiver:onReceive
12-14 03:22:36.518 2716 2716 I hpplay-java: [main]:NetworkReceiver:onReceive restart in infos1
12-14 03:22:36.519 2716 3770 I hpplay-java: [AsyncTask #9]:NetworkReceiver:restartServerIfNecessary mFirstComing:true, netInitialStickyBroadcast:false
12-14 03:22:36.521 2716 3769 I hpplay-java: [AsyncTask #8]:IPManager:updateIPAddress getIPAddress: 192.168.4.16 name:vlan4
12-14 03:22:36.521 2716 3770 I hpplay-java: [AsyncTask #9]:IPManager:getActiveNets type: WIFI
12-14 03:22:36.521 2716 3769 I hpplay-java: [AsyncTask #8]:IPManager:updateIPAddress getIPAddress: 192.168.0.18 name:wlan0
12-14 03:22:36.521 2716 3769 I hpplay-java: [AsyncTask #8]:IPManager:updateIPAddress getIPAddress: 192.168.8.16 name:vlan8
12-14 03:22:36.521 2716 3769 I hpplay-java: [AsyncTask #8]:IPManager:updateIPAddress getIPAddress: 192.168.11.16 name:vlan11
12-14 03:22:36.521 2716 3769 I hpplay-java: [AsyncTask #8]:IPManager:updateIPAddress getIPAddress: 192.168.0.16 name:vlan0
12-14 03:22:36.521 2716 3769 I hpplay-java: [AsyncTask #8]:IPManager:updateIPAddress getIPAddress: 192.168.2.16 name:vlan2
12-14 03:22:36.522 2716 3769 I hpplay-java: [AsyncTask #8]:IPManager:updateIPAddress getIPAddress: 192.168.1.16 name:vlan1
12-14 03:22:36.522 2716 3770 I hpplay-java: [AsyncTask #9]:IPManager:getActiveNets eth0:false wifi:true mobile:false ap:false
12-14 03:22:36.522 2716 3770 I hpplay-java: [AsyncTask #9]:IPManager:getIPAddress IP_WLAN0
12-14 03:22:36.526 2716 3770 I hpplay-java: [AsyncTask #9]:IPManager:updateIPAddress getIPAddress: 192.168.4.16 name:vlan4
12-14 03:22:36.526 2716 3770 I hpplay-java: [AsyncTask #9]:IPManager:updateIPAddress getIPAddress: 192.168.0.18 name:wlan0
12-14 03:22:36.526 2716 3770 I hpplay-java: [AsyncTask #9]:IPManager:updateIPAddress getIPAddress: 192.168.8.16 name:vlan8
12-14 03:22:36.526 2716 3770 I hpplay-java: [AsyncTask #9]:IPManager:updateIPAddress getIPAddress: 192.168.11.16 name:vlan11
12-14 03:22:36.526 2716 3770 I hpplay-java: [AsyncTask #9]:IPManager:updateIPAddress getIPAddress: 192.168.0.16 name:vlan0
12-14 03:22:36.527 2716 3770 I hpplay-java: [AsyncTask #9]:IPManager:updateIPAddress getIPAddress: 192.168.2.16 name:vlan2
12-14 03:22:36.527 2716 3770 I hpplay-java: [AsyncTask #9]:IPManager:updateIPAddress getIPAddress: 192.168.1.16 name:vlan1
12-14 03:22:36.528 2716 3770 I hpplay-java: [AsyncTask #9]:NetworkReceiver:restartServerIfNecessary mStartIp:null, currentIp:192.168.0.18 ap:false
12-14 03:22:36.528 2716 2716 I hpplay-java: [main]:NetworkReceiver:WHAT_RESTART_SERVER
12-14 03:22:36.528 2716 2716 I hpplay-java: [main]:ServerTaskManager:stopServer,keepPush true
12-14 03:22:36.528 2716 2716 I hpplay-java: [main]:ServerTaskManager:stopServer ignore, reason: server was stopped or not lunched
12-14 03:22:36.528 2716 2716 I hpplay-java: [main]:ServerTaskManager:exeTask ignore, reason: TaskList is clear
01-01 09:20:41.375 0 0 D : mv2112_read_status
01-01 09:20:41.375 0 0 D mv2112_update_link: 3.0x901(1G): 0x80
01-01 09:20:41.375 0 0 D mv2112_update_link: 3.0x8109(100M): 0x8
01-01 09:20:41.375 0 0 D mv2112_update_link: link 0x0
01-01 09:20:41.375 0 0 D mv2112_read_status: autoneg is disabled
01-01 09:20:41.452 0 0 I [schedu][0x1fb545c1][03:22:36.912610] wlan: [3400:I:WMA] [03:22:36.815000] [ROAM_TRIGGER]: VDEV[0] Reason: "BTM TRIGGER" Req_mode: 1 Disassoc_timer: 0validity_interval: 25500 candidate_list_cnt: 1 resp_status: 0, bss_termination_timeout: 0, mbo_assoc_retry_timeout: 0
01-01 09:20:41.452 0 0 I [schedu][0x1fb54897][03:22:36.912648] wlan: [3400:I:WMA] [03:22:36.815000] [ROAM_SCAN]: VDEV[0] Scan_type: PARTIAL {2462 5785 }
01-01 09:20:41.452 0 0 I [schedu][0x1fb549ca][03:22:36.912664] wlan: [3400:I:WMA] ============================================================================================================================
01-01 09:20:41.452 0 0 I [schedu][0x1fb54b66][03:22:36.912685] wlan: [3400:I:WMA] AP BSSID TSTAMP CH TY ETP RSSI/SCR CU%/SCR TOT_SCR BL_RSN BL_SRC BL_TSTAMP BL_TIMEOUT(ms)
01-01 09:20:41.452 0 0 I [schedu][0x1fb54c9a][03:22:36.912701] wlan: [3400:I:WMA] ============================================================================================================================
01-01 09:20:41.452 0 0 I [schedu][0x1fb54ea3][03:22:36.912729] wlan: [3400:I:WMA] 6c:b1:58:0f:7d:39 [03:22:36.815000] 2462 P_AP 0 1/0 0/0 4042 0 0 [00:00:00.000000] 0
01-01 09:20:41.452 0 0 I [schedu][0x1fb55059][03:22:36.912751] wlan: [3400:I:WMA] [03:22:36.894000] [ROAM_RESULT]: VDEV[0] FAILED Reason: NO AP FOUND
12-14 03:22:36.935 1500 1910 I GameModeConfig: isGameModeOn = true
12-14 03:22:36.935 1500 1910 I GameModeConfig: isGaming = false
12-14 03:22:36.936 1500 1910 I GameModeConfig: isGameModeOn = true
12-14 03:22:36.936 1500 1910 I GameModeConfig: isGaming = false
12-14 03:22:37.227 791 1742 D audio_hw_primary: copl(0xe8488650):out of compress_wait
12-14 03:22:37.228 791 1968 I btaudio_offload_qti: audio_get_a2dp_sink_latency_qti: Sink Latency = 200
12-14 03:22:37.229 791 1968 I btaudio_offload_qti: audio_get_a2dp_sink_latency_qti: Sink Latency = 200
12-14 03:22:37.230 791 1968 D audio_hw_primary: No space available in compress driver, post msg to cb thread
12-14 03:22:37.230 791 1742 D audio_hw_primary: copl(0xe8488650):calling compress_wait
12-14 03:22:37.231 791 1968 I btaudio_offload_qti: audio_get_a2dp_sink_latency_qti: Sink Latency = 200
12-14 03:22:37.232 791 3463 I btaudio_offload_qti: audio_get_a2dp_sink_latency_qti: Sink Latency = 200
12-14 03:22:37.454 640 655 I mpu_uart: [MSG-P:RECV]:No message received in 1000 ms
01-01 09:20:42.400 0 0 D : mv2112_read_status
01-01 09:20:42.400 0 0 D mv2112_update_link: 3.0x901(1G): 0x80
01-01 09:20:42.400 0 0 D mv2112_update_link: 3.0x8109(100M): 0x8
01-01 09:20:42.400 0 0 D mv2112_update_link: link 0x0
01-01 09:20:42.400 0 0 D mv2112_read_status: autoneg is disabled
12-14 03:22:38.454 640 655 I mpu_uart: [MSG-P:RECV]:No message received in 1000 ms
12-14 03:22:38.531 2716 2716 I hpplay-java: [main]:ServerTaskManager:startServer
12-14 03:22:38.531 2716 2716 I hpplay-java: [main]:ServerTaskManager:startServer add, reason: server start first or server was stopped
12-14 03:22:38.531 2716 2716 I hpplay-java: [main]:ServerTaskManager:addStartTask
12-14 03:22:38.533 2716 2716 I hpplay-java: [main]:IPManager:getActiveNets type: WIFI
12-14 03:22:38.533 2716 2716 I hpplay-java: [main]:IPManager:getActiveNets eth0:false wifi:true mobile:false ap:false
12-14 03:22:38.534 2716 2716 I hpplay-java: [main]:IPManager:getIPAddress IP_WLAN0
12-14 03:22:38.538 2716 2716 I hpplay-java: [main]:IPManager:updateIPAddress getIPAddress: 192.168.4.16 name:vlan4
12-14 03:22:38.539 2716 2716 I hpplay-java: [main]:IPManager:updateIPAddress getIPAddress: 192.168.0.18 name:wlan0
12-14 03:22:38.539 2716 2716 I hpplay-java: [main]:IPManager:updateIPAddress getIPAddress: 192.168.8.16 name:vlan8
12-14 03:22:38.539 2716 2716 I hpplay-java: [main]:IPManager:updateIPAddress getIPAddress: 192.168.11.16 name:vlan11
12-14 03:22:38.539 2716 2716 I hpplay-java: [main]:IPManager:updateIPAddress getIPAddress: 192.168.0.16 name:vlan0
12-14 03:22:38.539 2716 2716 I hpplay-java: [main]:IPManager:updateIPAddress getIPAddress: 192.168.2.16 name:vlan2
12-14 03:22:38.539 2716 2716 I hpplay-java: [main]:IPManager:updateIPAddress getIPAddress: 192.168.1.16 name:vlan1
12-14 03:22:38.540 2716 2716 I hpplay-java: [main]:ServerTaskManager:exeTask startServer
12-14 03:22:38.541 2716 3766 I hpplay-java: [AsyncTask #5]:ServerBusiness:startDaemonBusiness
12-14 03:22:38.541 2716 2716 I hpplay-java: [main]:ServerTaskManager:startTimeOutCheck
12-14 03:22:38.542 2716 3771 I hpplay-java: [AsyncTask #10]:Bridge:assembleInParameters
12-14 03:22:38.542 2716 3766 I hpplay-java: [AsyncTask #5]:TimeOutCheckUtil:addTask id:upgrade
12-14 03:22:38.543 2716 3766 I hpplay-java: [AsyncTask #5]:TimeOutCheckUtil:addTask id:ijkupgrade
12-14 03:22:38.543 2716 3771 I hpplay-java: [AsyncTask #10]:Bridge:createDeviceId deviceId:YTM6NDk6ZTY6MWM6YmE6MDY=
12-14 03:22:38.544 2716 2716 I hpplay-java: [main]:IM_PublicCastClient:cs 1
12-14 03:22:38.544 2716 2716 W hpplay-java: [main]:IM_PublicCastClient:value is invalid
12-14 03:22:38.545 2716 3771 I hpplay-java: [AsyncTask #10]:IPManager:getActiveNets type: WIFI
12-14 03:22:38.545 2716 3771 I hpplay-java: [AsyncTask #10]:IPManager:getActiveNets eth0:false wifi:true mobile:false ap:false
12-14 03:22:38.545 2716 3771 I hpplay-java: [AsyncTask #10]:IPManager:getIPAddress IP_WLAN0
12-14 03:22:38.546 2716 3771 I hpplay-java: [AsyncTask #10]:Preference:checkFeature none
12-14 03:22:38.546 2716 3771 I hpplay-java: [AsyncTask #10]:SWI:dlna tip
12-14 03:22:38.546 2716 3771 I hpplay-java: [AsyncTask #10]:SWI:lefp tip
12-14 03:22:38.547 2716 3771 I hpplay-java: [AsyncTask #10]:Bridge:assembleInParameters none alias name use device name: 高合娱乐副屏
12-14 03:22:38.547 2716 3771 I hpplay-java: [AsyncTask #10]:Feature:isSendAdvertisement
12-14 03:22:38.547 2716 3771 I hpplay-java: [AsyncTask #10]:Preference:checkFeature none
12-14 03:22:38.547 2716 3771 I hpplay-java: [AsyncTask #10]:Preference:checkFeature none
12-14 03:22:38.548 2716 3771 I hpplay-java: [AsyncTask #10]:Bridge:backupHpplayDat bakPath:
12-14 03:22:38.548 2716 3771 I hpplay-java: [AsyncTask #10]:Bridge:path:/data/user/0/com.hht.lebocast/files/hpplay/file/happyplay.dat
12-14 03:22:38.548 2716 3771 I hpplay-java: [AsyncTask #10]:Bridge:mAppId:21409
12-14 03:22:38.548 2716 3771 I hpplay-java: [AsyncTask #10]:Bridge:mode:3
12-14 03:22:38.548 2716 3771 I hpplay-java: [AsyncTask #10]:Bridge:type:1
12-14 03:22:38.548 2716 3771 I hpplay-java: [AsyncTask #10]:Bridge:SN:
12-14 03:22:38.548 2716 3771 I hpplay-java: [AsyncTask #10]:Preference:checkFeature none
12-14 03:22:38.548 2716 3771 I hpplay-java: [AsyncTask #10]:Bridge:backPath:
12-14 03:22:38.548 2716 3771 I hpplay-java: [AsyncTask #10]:DeviceUtil:getPermissionDid: 1
12-14 03:22:38.548 2716 3771 I hpplay-java: [AsyncTask #10]:DeviceUtil:getPermissionDid: 1
12-14 03:22:38.549 2716 3771 I hpplay-java: [AsyncTask #10]:Preference:checkFeature none
12-14 03:22:38.549 2716 3771 I hpplay-java: [AsyncTask #10]:Preference:checkFeature none
12-14 03:22:38.549 2716 3771 I hpplay-java: [AsyncTask #10]:Preference:checkFeature none
12-14 03:22:38.549 2716 3771 I hpplay-java: [AsyncTask #10]:Preference:checkFeature none
12-14 03:22:38.549 2716 3771 I hpplay-java: [AsyncTask #10]:Preference:checkFeature none
12-14 03:22:38.549 2716 3771 I hpplay-java: [AsyncTask #10]:Preference:checkFeature none
12-14 03:22:38.550 2716 4052 I hpplay-java: NanoHTTPDNanoHTTPD:server is started
12-14 03:22:38.559 2716 3766 W hpplay-java: [AsyncTask #5]:ServerBusiness:startDaemonBusiness start LelinkHTTPD sucess 52288
12-14 03:22:38.569 2716 3766 I hpplay-java: [AsyncTask #5]:Support_Config:youme support version: 105
12-14 03:22:38.570 2716 3771 W hpplay-java: [AsyncTask #10]:DeviceUtils:getDomain create lb domain
12-14 03:22:38.570 2716 3776 I hpplay-java: [AsyncTask #13]:PluginLoader:autoLoadPlugin ignore,YOUMI/2
12-14 03:22:38.571 2716 3771 I hpplay-java: [AsyncTask #10]:BuildConfigSupport:getBuildType BUILD_TYPE:release
12-14 03:22:38.571 2716 3771 I hpplay-java: [AsyncTask #10]:Feature:getMirrorAudioVideoSync DISABLE
12-14 03:22:38.571 2716 3771 I hpplay-java: [AsyncTask #10]:Feature:checkSupportRedirectOtherApp,no set redirect api
12-14 03:22:38.571 2716 3771 I hpplay-java: [AsyncTask #10]:Feature:getRedirectSearchFlag,value: 0
12-14 03:22:38.573 2716 3771 I hpplay-java: [AsyncTask #10]:Bridge:mIn: InParameters{appInfo='0', appKey='21409', authMode=0, authPwd='null', broadcastDirection=0, broadcastState=1, broadcastTimeout=3, buildType='release', cacheAVPath='/data/user/0/com.hht.lebocast/cache/hpplay/av', cachePhotoPath='/data/user/0/com.hht.lebocast/cache/hpplay/image', channel='LEBO-APK--60146-25915', desPath='', , deviceName='高合娱乐副屏', dlna=1, dlnaCompany='null', dlnaCompanyURL='null', dlnaDeviceDescribe='null', dlnaDeviceName='null', dlnaDeviceURL='null', dlnaLelinkSwitch=1, dlnaManufacturer=0, dlnaName='高合娱乐副屏', dlnaUPC='', dlnaUUID='676e3c0e-188d-2881-eece-0e46b24b4e35', domain='Lebo-figure-4a410202dc4f', drainage=0, feature='6655', fps=60, height=1080, host='null', , keyPath='/data/user/0/com.hht.lebocast/files/hpplay/file', lelinkfp=1, lelinkfp2=0, logBaseState=1, logPath='/storage/emulated/0/com.hht.lebocast/sink/sdk/common', , mdnsEnable=1, mirrorSyncType=0, netCastVer='2.0', packageName='com.hht.lebocast', packagePath='/data/user/0/com.hht.lebocast', permissionDid='4a:41:02:02:dc:4f', permissionMode=3, permissionPreSN='', port=0, preemptMode=0, regType='_leboremote._tcp.', serverPorts=null, sockWaitTimeOut=45, teleControlPort=53388, tunnels=3, txtKeys=null, txtValues=null, uid='-1960410123998045105', videoFrameType=1001, width=1920}com.hpplay.sdk.sink.protocol.InParameters@b70ae40
12-14 03:22:38.573 2716 2716 I hpplay-java: [main]:Bridge:startServer state: 0
12-14 03:22:38.573 2716 2716 D hpplay-base: [jniBridge:185] not conference version
12-14 03:22:38.573 2716 2716 I hpplay-base: [jniBridge:241] 1initServer nSettingWidth=1920 nSettingHeight=1080 nSettingMaxFPS=60 dlnaEnable=1 lelinkFpEnable=1
12-14 03:22:38.573 2716 2716 D hpplay-base: [jniBridge:283] 1initServer cfg.leLinkIp=192.168.0.18
12-14 03:22:38.573 2716 2716 D hpplay-base: [jniBridge:286] 1initServer cfg.mPermissionMode=3
12-14 03:22:38.573 2716 2716 D hpplay-base: [jniBridge:304] 1initServer cfg.permissionDid=4a:41:02:02:dc:4f000000000000000
12-14 03:22:38.573 2716 2716 D hpplay-base: [jniBridge:313] 1initServer cfg.mPermissionPreSN=00000000000000000000000000000000
12-14 03:22:38.573 2716 2716 D hpplay-base: [jniBridge:317] Bridge___1initServer status:0
12-14 03:22:38.573 2716 2716 I hpplay-base: [jniBridge:325] 1initServer cfg.feature=6655
12-14 03:22:38.573 2716 2716 D hpplay-base: [jniBridge:377] 1initServer isSendBroadCast=3
12-14 03:22:38.573 2716 2716 D hpplay-base: [jniBridge:380] 1initServer broadcastDirection=0
12-14 03:22:38.573 2716 2716 D hpplay-base: [jniBridge:382] 1initServer ipBroadcast direction=0
12-14 03:22:38.573 2716 2716 D hpplay-base: [jniBridge:387] 1initServer tunnel=3
12-14 03:22:38.573 2716 2716 D hpplay-base: [jniBridge:390] 1initServer drainage=0
12-14 03:22:38.573 2716 2716 D hpplay-base: [jniBridge:401] 1initServer mDNSEnable=1
12-14 03:22:38.573 2716 2716 D hpplay-base: [jniBridge:406] 1initServer nSockWaitTimeOut=45
12-14 03:22:38.573 2716 2716 D hpplay-base: [jniBridge:410] 1initServer nMirrorAudioVideoSync=0
12-14 03:22:38.574 2716 2716 I hpplay-base: [sign_check:168] checkSign strPackageName:com.hht.lebocast
12-14 03:22:38.574 2716 2716 I hpplay-base: [sign_check:169] checkSign buildType:release
12-14 03:22:38.574 2716 2716 I hpplay-base: [sign_check:170] checkSign appKey:21409
12-14 03:22:38.574 2716 2716 D hpplay-base: [LelinkBase:405] bridgeInit port: 0, lelinkfp: 0
12-14 03:22:38.574 2716 2716 D hpplay-base: [LelinkBase:462] bridgeInit mPackagePath =/data/user/0/com.hht.lebocast
12-14 03:22:38.574 2716 2716 D hpplay-base: [LelinkBase:463] bridgeInit mKeyPath =/data/user/0/com.hht.lebocast/files/hpplay/file
12-14 03:22:38.574 2716 2716 D hpplay-base: [SinkContext:97] initSinkContext mPackagePath =/data/user/0/com.hht.lebocast
12-14 03:22:38.574 2716 2716 D hpplay-base: [SinkContext:98] initSinkContext mKeyPath =/data/user/0/com.hht.lebocast/files/hpplay/file
12-14 03:22:38.574 2716 2716 D hpplay-base: [jniBridge:478] Java_com_hpplay_sdk_sink_protocol_Bridge__1initServer end
12-14 03:22:38.574 2716 2716 D hpplay-base: [jniBridge:869] Bridge__1startServer status:1
12-14 03:22:38.574 2716 2716 D hpplay-base: [LelinkBase:492] startAllServer at base
12-14 03:22:38.575 2716 2716 D hpplay-base: [lelinkSinkServer:152] httpPlugins_SetServerPort TYPE_SERVER_LELINK:52266
12-14 03:22:38.575 2716 2716 D hpplay-base: [network.c:362] protocol bind host :192.168.0.18 port:52266 curent bind port:52266
12-14 03:22:38.575 2716 2716 D hpplay-base: [lelinkSinkServer:681] HTTP Server real at:52266
12-14 03:22:38.575 2716 4058 D hpplay-base: [lelinkSinkServer:644] Connected Service Type:0
12-14 03:22:38.575 2716 4058 I hpplay-base: : (server.c.315) startServer listen_ing....:
12-14 03:22:38.575 2716 2716 D hpplay-base: [ScreenStream:1285] current bind port:7100
12-14 03:22:38.575 2716 4058 D hpplay-base: [Server:371] startHttpServer srv_sockets.used:1 nCurrentFd:66, tid is 4058
12-14 03:22:38.575 2716 2716 D hpplay-base: [LelinkBase:515] startAllServer pBaseContext->config.dlnaEnable:1
12-14 03:22:38.575 2716 2716 D hpplay-base: [lelinkDlna:324] addDMRCallback end
12-14 03:22:38.575 2716 4059 D hpplay-base: [stream_mirror_compat:759] compat mirror stream begin to run,server fd:68,thread_id:3214795200!!
12-14 03:22:38.576 2716 2716 E hpplay-base-dlna: miniserver.c:788::dlna_port(ipv4: 49152 ipv6:0)
12-14 03:22:38.592 1500 1910 I GameModeConfig: isGameModeOn = true
12-14 03:22:38.592 1500 1910 I GameModeConfig: isGaming = false
12-14 03:22:38.593 1500 1910 I GameModeConfig: isGameModeOn = true
12-14 03:22:38.593 1500 1910 I GameModeConfig: isGaming = false
12-14 03:22:38.618 2000 2000 D InterruptionStateProvider: No bubble up: not allowed to bubble: -1|android|26|null|1000
12-14 03:22:38.618 2000 2000 D InterruptionStateProvider: No bubble up: not allowed to bubble: 0|com.android.systemui|2048|null|10082
12-14 03:22:38.619 2000 2000 D InterruptionStateProvider: No alerting: filtered notification: 0|com.android.systemui|1|empty_media|10082
12-14 03:22:38.619 2000 2000 D InterruptionStateProvider: No bubble up: not allowed to bubble: -1|android|32|null|1000
12-14 03:22:38.627 2716 2716 D hpplay-base-dlna: [lebodlna-dlnaframe:166] succeed to load lebodlnaplugin
12-14 03:22:38.627 2716 2716 D hpplay-base-dlna: [lebodlna-dlnaframe:232] Succeed to load specified plugin:lebodlna_plugin
12-14 03:22:38.627 2716 2716 D hpplay-base: [lelinkDlna:328] startDLNAServer ret=0
12-14 03:22:38.627 2716 2716 D hpplay-base: [LelinkBase:531] startDLNAServer ret= 0
12-14 03:22:38.627 2716 2716 D hpplay-base: [lelinkDlna:342] setDMRFriendlyName 高合娱乐副屏
12-14 03:22:38.627 2716 2716 D hpplay-base-dlna: [lebodlna-dlna_android:136] setBroadcastTimeout mBroadcastTimeOut=66 status=3!
12-14 03:22:38.627 2716 2716 D hpplay-base-dlna: [lebodlna_api:32] start DMR
12-14 03:22:38.627 2716 2716 D hpplay-base-dlna: [UpnpDefine:434] RegisterDMRender invalid lelink info
12-14 03:22:38.627 2716 2716 D hpplay-base-dlna: [UpnpDefine:467] DLNA DEFAULT_DESCRIPTION
12-14 03:22:38.629 2716 2716 E hpplay-base-dlna: upnpapi.c:1078::Exiting RegisterRootDevice2 *Hnd =1, return value == 0
12-14 03:22:38.629 2716 2716 D hpplay-base-dlna: [CUpnpDevice:41] Register Root Device 2:0
12-14 03:22:38.629 2716 2716 D hpplay-base-dlna: [UpnpDefine:794] ESDMRender:Register success
12-14 03:22:38.629 2716 2716 D hpplay-base-dlna: [lebodlna_api:41] sendBroadcast mBroadcastTimeOut=3
12-14 03:22:38.629 2716 2716 D hpplay-base-dlna: [lebodlna_api:44] sendBroadcast timeout=66
12-14 03:22:38.688 2716 2716 D hpplay-base: [lelinkDlna:361] startDLNADevice dlnaManufacturer:0 ret=0
12-14 03:22:38.688 2716 2716 D hpplay-base: [LelinkBase:535] lelinkSetDlnaInfo ret= 0
12-14 03:22:38.688 2716 2716 D hpplay-base: [LelinkBase:547] startAllServer pBaseContext->config.mDNSEnable:1
12-14 03:22:38.689 2716 2716 D hpplay-base: [base_mdns:509] mdns net.hostname:
12-14 03:22:38.690 2716 2716 D hpplay-base: [base_mdns:529] mdns namelabel:-00-80-0F-74-31-00
12-14 03:22:38.690 2716 2716 D hpplay-base: [base_mdns:509] mdns net.hostname:
12-14 03:22:38.690 2716 2716 D hpplay-base: [base_mdns:529] mdns namelabel:-00-80-0F-74-31-00
12-14 03:22:38.690 2716 2716 D hpplay-base: [mdns:813] mdns start bind port:0
12-14 03:22:38.693 2716 2716 D hpplay-base: [mdns:813] mdns start bind port:5353
12-14 03:22:38.694 2716 2716 D hpplay-base: [mdns:813] mdns start bind port:5353
12-14 03:22:38.694 2716 2716 D hpplay-base: [mdns:813] mdns start bind port:5353
12-14 03:22:38.694 2716 2716 D hpplay-base: [mdns:813] mdns start bind port:5353
12-14 03:22:38.695 2716 2716 D hpplay-base: [mdns:813] mdns start bind port:5353
12-14 03:22:38.696 2716 2716 D hpplay-base: [mdns:813] mdns start bind port:5353
12-14 03:22:38.696 2716 2716 D hpplay-base: [mdns:813] mdns start bind port:5353
12-14 03:22:38.696 2716 2716 I hpplay-base: [mDNSEmbeded:57] embedded_mDNSInit stopmDNSNow:0 status:0
12-14 03:22:38.696 2716 2716 D hpplay-base: [mDNSEmbeded:436] startmDNSServer end nRet=0
12-14 03:22:38.696 2716 2716 D hpplay-base: [LelinkBase:555] lelink broadcast_on_off:1 log2java_on_off:1
12-14 03:22:38.697 2716 4078 D hpplay-base: [LelinkMDNS:729] leboAuthorizationCheck strUuid=4a:41:02:02:dc:4f000000000000000
12-14 03:22:38.697 2716 4078 D hpplay-base: [LelinkMDNS:730] leboAuthorizationCheck mPermissionDid=4a:41:02:02:dc:4f000000000000000
12-14 03:22:38.697 2716 4078 D hpplay-base: [LelinkMDNS:755] leboAuthorizationCheck mPermissionMac=4a:41:02:02:dc:4f000000000000000
12-14 03:22:38.697 2716 2716 D hpplay-base: [AEventUtils:595] request to start event handle service!!
12-14 03:22:38.697 2716 2716 D hpplay-base: [AEventUtils:603] start_event_handle_service,begin to run!!
12-14 03:22:38.697 2716 4079 I hpplay-base: [mDNSEmbeded:268] start lelink publish server, tid is 4079
12-14 03:22:38.698 2716 2716 D hpplay-base: [REventUtils:210] start_event_handle_service,begin to run!!
12-14 03:22:38.698 2716 4080 D hpplay-base: [mDNSEmbeded:197] http_port bind check 197 http_port_check
12-14 03:22:38.698 2716 4081 D hpplay-base: [AEventUtils:171] create handle AEvent thread ok!!,tid is 4081
12-14 03:22:38.698 2716 2716 D hpplay-base: [LelinkBase:576] startAllServer success .
12-14 03:22:38.698 2716 2716 D hpplay-base: [jniBridge:894] startDlna_link:http://192.168.0.18:49152/description.xml
12-14 03:22:38.698 2716 4083 D hpplay-base: [jniBridge:1081] notifyJavaDlnalink:http://192.168.0.18:49152/description.xml
12-14 03:22:38.698 2716 4083 D hpplay-base: [jniBridge:1726] notifyJava, what:207, castType:0, mimeType:0 baseStatus:2
12-14 03:22:38.698 2716 4082 D hpplay-base: [REventUtils:59] create handleREventThread thread ok!!,tid is 4082
12-14 03:22:38.698 2716 4083 D hpplay-base: [jniBridge:1727] notifyJava sessionID:(null)
12-14 03:22:38.699 2716 4080 D hpplay-base: [mDNSEmbeded:217] http_port bind check 217 http_port_check
12-14 03:22:38.699 2716 4080 D hpplay-base: [mDNSEmbeded:222] http_port bind check 222 http_port_check
12-14 03:22:38.701 2716 4083 I hpplay-java: [Thread-3]:Bridge:notify: what: 207
12-14 03:22:38.702 2716 4080 D hpplay-base: [mDNSEmbeded:234] http_port bind check 234 http_port_check port:52266
12-14 03:22:38.702 2716 4080 D hpplay-base: [mDNSEmbeded:237] http_port bind check 237 http_port_check
12-14 03:22:38.703 2716 4085 D hpplay-base: [lelinkSinkServer:93] new client connection from 127.0.0.1 50874, fd=89
12-14 03:22:38.703 2716 4085 D hpplay-base: [SinkContext:137] addSinkContextSession,begin to run!!
12-14 03:22:38.703 2716 4085 D hpplay-base: [SinkContext:142] addSinkContextSession,begin to get lock!!
12-14 03:22:38.703 2716 4085 D hpplay-base: [SinkContext:144] addSinkContextSession,get lock ok!!
12-14 03:22:38.703 2716 4085 D hpplay-base: [SinkContext:149] addSinkContextSession,session list is null,begin to malloc!!
12-14 03:22:38.703 2716 4085 D hpplay-base: [SinkContext:156] addSinkContextSession,begin to update!!
12-14 03:22:38.703 2716 4085 D hpplay-base: [SinkContext:160] addSinkContextSession,begin to update header!!
12-14 03:22:38.703 2716 4085 D hpplay-base: [SinkContext:172] addSinkContextSession,begin to unlock!!
12-14 03:22:38.703 2716 4085 D hpplay-base: [SinkContext:174] addSinkContextSession,unlock ok!!
12-14 03:22:38.703 2716 4085 D hpplay-base: [LelinkReceiver:4908] get ping !!!
12-14 03:22:38.705 2716 4080 D hpplay-base: [mDNSEmbeded:240] http_port bind check 240 http_port_check recieved:64
12-14 03:22:38.705 2716 4080 D hpplay-base: [mDNSEmbeded:243] http_port bind check 243 http_port_check
12-14 03:22:38.705 2716 4080 D hpplay-base: [mDNSEmbeded:244] http_port bind check ok!
12-14 03:22:38.706 2716 4083 I hpplay-java: [Thread-3]:Bridge:notify: out: OutParameters:{audioSessionId=-1, audiotrackIndex=0, castHandleType=-1, castType=0, deviceName='http://192.168.0.18:49152/description.xml', dlnaName='', dramaID='', extra=0, frameHandleType=-1, handleInside=true, headduration=0, header='', headers=null, isAD=false, isMultiMirror=false, lelinkVer='', limitTime=0, , mediaAlbum='null', mediaAlbumArtURI='', mediaArtist='null', mediaAssets='', mediaTitle='null', mimeType=0, multiSession=null, period=0, pinCode='', playSpeed=0.0, playerChoice=0, plugin=0, port=0, position=0.0, positionUnit=2, protocol=0, realSessionID='', regType='', , sinkIp='', sourceAPPVersion='', sourceChannel='', sourceClientInfo='', sourceDeviceInfo='', sourceDeviceModel='', sourceDeviceName='', sourceDeviceType=0, sourceHID='', , sourceInfo='', , , sourceOSVersion='', sourceSDKVersion='', sourceUid='', stopDetail=0, stopReason=0, tailduration=0, url='', urlID='', urls=null, userAgent='', videoDecoder=0, volume=0, what=207}com.hpplay.sdk.sink.protocol.OutParameters@991e179
12-14 03:22:38.706 2716 4083 I hpplay-java: [Thread-3]:Bridge:notify: address:40242878
01-01 09:20:43.423 0 0 D : mv2112_read_status
01-01 09:20:43.423 0 0 D mv2112_update_link: 3.0x901(1G): 0x80
01-01 09:20:43.423 0 0 D mv2112_update_link: 3.0x8109(100M): 0x8
01-01 09:20:43.423 0 0 D mv2112_update_link: link 0x0
01-01 09:20:43.423 0 0 D mv2112_read_status: autoneg is disabled
12-14 03:22:38.906 2716 4085 I hpplay-base: [LelinkReceiver:14605] _connectionFinalize (89)
12-14 03:22:38.906 2716 4085 D hpplay-base: [LelinkReceiver:14752] ###connectionFinalize,release ok!!###
12-14 03:22:39.312 791 1742 D audio_hw_primary: copl(0xe8488650):out of compress_wait
12-14 03:22:39.313 791 1968 I btaudio_offload_qti: audio_get_a2dp_sink_latency_qti: Sink Latency = 200
12-14 03:22:39.314 791 1968 I btaudio_offload_qti: audio_get_a2dp_sink_latency_qti: Sink Latency = 200
12-14 03:22:39.315 791 1968 D audio_hw_primary: No space available in compress driver, post msg to cb thread
12-14 03:22:39.315 791 1742 D audio_hw_primary: copl(0xe8488650):calling compress_wait
12-14 03:22:39.316 791 3463 I btaudio_offload_qti: audio_get_a2dp_sink_latency_qti: Sink Latency = 200
12-14 03:22:39.317 791 1968 I btaudio_offload_qti: audio_get_a2dp_sink_latency_qti: Sink Latency = 200
12-14 03:22:39.454 640 655 I mpu_uart: [MSG-P:RECV]:No message received in 1000 ms
12-14 03:22:39.456 640 654 I mpu_uart: [MSG-P:R]:recv sync frame timeout
12-14 03:22:39.571 0 0 W swapper/0: type=1400 audit(0.0:260): avc: denied { kill } for capability=5 scontext=u:r:kernel:s0 tcontext=u:r:kernel:s0 tclass=capability permissive=0
01-01 09:20:44.365 0 0 I [schedu][0x230ab0e6][03:22:39.825612] wlan: [3400:I:WMA] [03:22:36.902000] [ROAM_TRIGGER]: VDEV[0] Reason: "BTM TRIGGER" Sub-Reason: FULL SCANReq_mode: 1 Disassoc_timer: 0validity_interval: 25500 candidate_list_cnt: 1 resp_status: 0, bss_termination_timeout: 0, mbo_assoc_retry_timeout: 0
01-01 09:20:44.365 0 0 I [schedu][0x230ab425][03:22:39.825655] wlan: [3400:I:WMA] [03:22:36.902000] [ROAM_SCAN]: VDEV[0] Scan_type: FULL
01-01 09:20:44.365 0 0 I [schedu][0x230ab55c][03:22:39.825672] wlan: [3400:I:WMA] ============================================================================================================================
01-01 09:20:44.365 0 0 I [schedu][0x230ab6f9][03:22:39.825693] wlan: [3400:I:WMA] AP BSSID TSTAMP CH TY ETP RSSI/SCR CU%/SCR TOT_SCR BL_RSN BL_SRC BL_TSTAMP BL_TIMEOUT(ms)
01-01 09:20:44.365 0 0 I [schedu][0x230ab82c][03:22:39.825709] wlan: [3400:I:WMA] ============================================================================================================================
01-01 09:20:44.365 0 0 I [schedu][0x230abc2c][03:22:39.825762] wlan: [3400:I:WMA] 6c:b1:58:0f:7d:39 [03:22:36.902000] 2462 P_AP 0 2/0 0/0 4042 0 0 [00:00:00.000000] 0
01-01 09:20:44.366 0 0 I [schedu][0x230abe34][03:22:39.825789] wlan: [3400:I:WMA] 6c:b1:58:0f:7d:3b [03:22:37.233000] 5785 C_AP 189 2/0 50/0 4642 0 0 [00:00:00.000000] 0
01-01 09:20:44.366 0 0 I [schedu][0x230ac006][03:22:39.825814] wlan: [3400:I:WMA] [03:22:39.807000] [ROAM_RESULT]: VDEV[0] FAILED Reason: No ACK for Re-assoc req
01-01 09:20:44.366 0 0 I [schedu][0x230ac19c][03:22:39.825835] wlan: [3400:I:WMA] [03:22:39.129000] [NEIGH_RPT_REQ] VDEV[0]
01-01 09:20:44.366 0 0 I [schedu][0x230ac2ac][03:22:39.825849] wlan: [3400:I:WMA] NEIGH_RPT No response received from AP
01-01 09:20:44.453 0 0 D : mv2112_read_status
01-01 09:20:44.453 0 0 D mv2112_update_link: 3.0x901(1G): 0x80
01-01 09:20:44.453 0 0 D mv2112_update_link: 3.0x8109(100M): 0x8
01-01 09:20:44.453 0 0 D mv2112_update_link: link 0x0
01-01 09:20:44.453 0 0 D mv2112_read_status: autoneg is disabled
01-01 09:20:44.501 0 0 I [schedu][0x23328ea3][03:22:39.961689] wlan: [3400:I:WMA] [03:22:39.871000] [ROAM_TRIGGER]: VDEV[0] Reason: "BTM TRIGGER" Req_mode: 1 Disassoc_timer: 0validity_interval: 25500 candidate_list_cnt: 1 resp_status: 0, bss_termination_timeout: 0, mbo_assoc_retry_timeout: 0
01-01 09:20:44.501 0 0 I [schedu][0x23329147][03:22:39.961724] wlan: [3400:I:WMA] [03:22:39.871000] [ROAM_SCAN]: VDEV[0] Scan_type: PARTIAL {2462 5785 }
01-01 09:20:44.501 0 0 I [schedu][0x2332926d][03:22:39.961739] wlan: [3400:I:WMA] ============================================================================================================================
01-01 09:20:44.501 0 0 I [schedu][0x233293f9][03:22:39.961760] wlan: [3400:I:WMA] AP BSSID TSTAMP CH TY ETP RSSI/SCR CU%/SCR TOT_SCR BL_RSN BL_SRC BL_TSTAMP BL_TIMEOUT(ms)
01-01 09:20:44.501 0 0 I [schedu][0x23329527][03:22:39.961775] wlan: [3400:I:WMA] ============================================================================================================================
01-01 09:20:44.502 0 0 I [schedu][0x2332972b][03:22:39.961802] wlan: [3400:I:WMA] 6c:b1:58:0f:7d:39 [03:22:39.871000] 2462 P_AP 0 11/0 0/0 4042 0 0 [00:00:00.000000] 0
01-01 09:20:44.502 0 0 I [schedu][0x233298e4][03:22:39.961825] wlan: [3400:I:WMA] [03:22:39.943000] [ROAM_RESULT]: VDEV[0] FAILED Reason: NO AP FOUND
12-14 03:22:40.216 1500 1621 I ActivityManager: Waited long enough for: ServiceRecord{867c7d6 u0 com.qti.diagservices/.QTIDiagServices}
12-14 03:22:40.455 640 655 I mpu_uart: [MSG-P:RECV]:No message received in 1000 ms
01-01 09:20:45.475 0 0 D : mv2112_read_status
01-01 09:20:45.475 0 0 D mv2112_update_link: 3.0x901(1G): 0x80
01-01 09:20:45.475 0 0 D mv2112_update_link: 3.0x8109(100M): 0x8
01-01 09:20:45.475 0 0 D mv2112_update_link: link 0x0
01-01 09:20:45.475 0 0 D mv2112_read_status: autoneg is disabled
12-14 03:22:41.455 640 655 I mpu_uart: [MSG-P:RECV]:No message received in 1000 ms
12-14 03:22:41.567 791 1742 D audio_hw_primary: copl(0xe8488650):out of compress_wait
12-14 03:22:41.568 791 1968 I btaudio_offload_qti: audio_get_a2dp_sink_latency_qti: Sink Latency = 200
12-14 03:22:41.569 791 1968 I btaudio_offload_qti: audio_get_a2dp_sink_latency_qti: Sink Latency = 200
12-14 03:22:41.571 791 3463 I btaudio_offload_qti: audio_get_a2dp_sink_latency_qti: Sink Latency = 200
12-14 03:22:41.572 791 1968 D audio_hw_primary: No space available in compress driver, post msg to cb thread
12-14 03:22:41.572 791 1742 D audio_hw_primary: copl(0xe8488650):calling compress_wait
12-14 03:22:41.573 791 1760 I btaudio_offload_qti: audio_get_a2dp_sink_latency_qti: Sink Latency = 200
12-14 03:22:41.573 791 1968 I btaudio_offload_qti: audio_get_a2dp_sink_latency_qti: Sink Latency = 200
12-14 03:22:41.574 791 1968 I btaudio_offload_qti: audio_get_a2dp_sink_latency_qti: Sink Latency = 200
12-14 03:22:41.574 791 1968 I btaudio_offload_qti: audio_get_a2dp_sink_latency_qti: Sink Latency = 200
12-14 03:22:41.571 0 0 W swapper/1: type=1400 audit(0.0:261): avc: denied { kill } for capability=5 scontext=u:r:kernel:s0 tcontext=u:r:kernel:s0 tclass=capability permissive=0
01-01 09:20:46.495 0 0 D : mv2112_read_status
01-01 09:20:46.495 0 0 D mv2112_update_link: 3.0x901(1G): 0x80
01-01 09:20:46.495 0 0 D mv2112_update_link: 3.0x8109(100M): 0x8
01-01 09:20:46.495 0 0 D mv2112_update_link: link 0x0
01-01 09:20:46.495 0 0 D mv2112_read_status: autoneg is disabled
12-14 03:22:42.068 562 583 I keystore2: keystore2::watchdog: Watchdog thread idle -> terminating. Have a great day.
12-14 03:22:42.455 640 655 I mpu_uart: [MSG-P:RECV]:No message received in 1000 ms
12-14 03:22:42.460 640 654 I mpu_uart: [MSG-P:R]:recv sync frame timeout
01-01 09:20:47.050 0 0 I [schedu][0x261d245f][03:22:42.510032] wlan: [3400:I:WMA] [03:22:39.950000] [ROAM_TRIGGER]: VDEV[0] Reason: "BTM TRIGGER" Sub-Reason: FULL SCANReq_mode: 1 Disassoc_timer: 0validity_interval: 25500 candidate_list_cnt: 1 resp_status: 0, bss_termination_timeout: 0, mbo_assoc_retry_timeout: 0
01-01 09:20:47.050 0 0 I [schedu][0x261d27bc][03:22:42.510077] wlan: [3400:I:WMA] [03:22:39.950000] [ROAM_SCAN]: VDEV[0] Scan_type: FULL
01-01 09:20:47.050 0 0 I [schedu][0x261d28fd][03:22:42.510093] wlan: [3400:I:WMA] ============================================================================================================================
01-01 09:20:47.050 0 0 I [schedu][0x261d2a9c][03:22:42.510115] wlan: [3400:I:WMA] AP BSSID TSTAMP CH TY ETP RSSI/SCR CU%/SCR TOT_SCR BL_RSN BL_SRC BL_TSTAMP BL_TIMEOUT(ms)
01-01 09:20:47.050 0 0 I [schedu][0x261d2bd7][03:22:42.510131] wlan: [3400:I:WMA] ============================================================================================================================
01-01 09:20:47.050 0 0 I [schedu][0x261d2e44][03:22:42.510164] wlan: [3400:I:WMA] 6c:b1:58:0f:7d:39 [03:22:39.950000] 2462 P_AP 0 11/0 0/0 4042 0 0 [00:00:00.000000] 0
01-01 09:20:47.050 0 0 I [schedu][0x261d3019][03:22:42.510188] wlan: [3400:I:WMA] [03:22:42.491000] [ROAM_RESULT]: VDEV[0] FAILED Reason: NO AP FOUND
01-01 09:20:47.050 0 0 I [schedu][0x261d375c][03:22:42.510285] wlan: [3400:I:WMA] [03:22:41.894000] [NEIGH_RPT_REQ] VDEV[0]
01-01 09:20:47.050 0 0 I [schedu][0x261d3877][03:22:42.510300] wlan: [3400:I:WMA] NEIGH_RPT No response received from AP
12-14 03:22:42.571 0 0 W swapper/1: type=1400 audit(0.0:262): avc: denied { kill } for capability=5 scontext=u:r:kernel:s0 tcontext=u:r:kernel:s0 tclass=capability permissive=0
01-01 09:20:47.519 0 0 D : mv2112_read_status
01-01 09:20:47.519 0 0 D mv2112_update_link: 3.0x901(1G): 0x80
01-01 09:20:47.519 0 0 D mv2112_update_link: 3.0x8109(100M): 0x8
01-01 09:20:47.519 0 0 D mv2112_update_link: link 0x0
01-01 09:20:47.519 0 0 D mv2112_read_status: autoneg is disabled
12-14 03:22:43.455 640 655 I mpu_uart: [MSG-P:RECV]:No message received in 1000 ms
12-14 03:22:43.526 1500 1910 I GameModeConfig: isGameModeOn = true
12-14 03:22:43.526 1500 1910 I GameModeConfig: isGaming = false
12-14 03:22:43.526 1500 1910 I GameModeConfig: isGameModeOn = true
12-14 03:22:43.526 1500 1910 I GameModeConfig: isGaming = false
12-14 03:22:43.556 1500 1621 I ActivityManager: Waited long enough for: ServiceRecord{a9caf2d u0 com.thundercomm.gamemode/.ingame.services.ActivityMonitoringService}
12-14 03:22:43.556 2000 2000 D InterruptionStateProvider: No bubble up: not allowed to bubble: 0|com.android.systemui|2048|null|10082
12-14 03:22:43.556 2000 2000 D InterruptionStateProvider: No bubble up: not allowed to bubble: -1|android|26|null|1000
12-14 03:22:43.556 2000 2000 D InterruptionStateProvider: No alerting: filtered notification: 0|com.android.systemui|1|empty_media|10082
12-14 03:22:43.557 2000 2000 D InterruptionStateProvider: No bubble up: not allowed to bubble: -1|android|32|null|1000
12-14 03:22:43.571 2716 2716 I hpplay-java: [main]:ServiceUpdater:upLoadServiceInfo invalid deviceCode:, port:53388
12-14 03:22:43.581 1500 1621 I ActivityManager: Waited long enough for: ServiceRecord{3d965dc u0 com.thundercomm.gamemode/.ingame.services.GameModeService}
12-14 03:22:43.709 1500 1910 I GameModeConfig: isGameModeOn = true
12-14 03:22:43.709 1500 1910 I GameModeConfig: isGaming = false
12-14 03:22:43.739 2000 2000 D InterruptionStateProvider: No bubble up: not allowed to bubble: -1|android|26|null|1000
12-14 03:22:43.739 2000 2000 D InterruptionStateProvider: No alerting: filtered notification: 0|com.android.systemui|1|empty_media|10082
12-14 03:22:43.739 2000 2000 D InterruptionStateProvider: No bubble up: not allowed to bubble: 0|com.android.systemui|2048|null|10082
12-14 03:22:43.739 2000 2000 D InterruptionStateProvider: No bubble up: not allowed to bubble: -1|android|32|null|1000
12-14 03:22:43.841 791 1742 D audio_hw_primary: copl(0xe8488650):out of compress_wait
12-14 03:22:43.843 791 1968 I btaudio_offload_qti: audio_get_a2dp_sink_latency_qti: Sink Latency = 200
12-14 03:22:43.845 791 1968 I btaudio_offload_qti: audio_get_a2dp_sink_latency_qti: Sink Latency = 200
12-14 03:22:43.845 791 1968 D audio_hw_primary: No space available in compress driver, post msg to cb thread
