12-14 03:22:33.294 1500 1846 W BestClock: java.time.DateTimeException: Missing NTP fix
12-14 03:22:33.294 1500 1846 W BestClock: java.time.DateTimeException: Missing NTP fix
12-14 03:22:33.299 661 661 D Zygote : Forked child process 3936
12-14 03:22:33.300 1500 1622 I ActivityManager: Start proc 3936:com.qti.ltebc/u0a78 for broadcast {com.qti.ltebc/com.qualcomm.ltebc.LTEBroadcastAlarmReceiver}
12-14 03:22:33.309 3936 3936 E com.qti.ltebc: Not starting debugger since process cannot load the jdwp agent.
12-14 03:22:33.310 2087 3514 D DhcpClient: l2key: We84ee41c71529f01 lease address: /192.168.0.18 lease expiry: 9223372036854775807 current time: 1670959353310
01-01 09:20:37.852 0 0 I binder : 3936:3936 ioctl 40046210 7fcb2c89a4 returned -22
12-14 03:22:33.312 3936 3936 D ProcessState: Binder ioctl to enable oneway spam detection failed: Invalid argument
12-14 03:22:33.316 2087 3514 D DhcpClient: Broadcasting DHCPREQUEST ciaddr=0.0.0.0 request=192.168.0.18 serverid=null
12-14 03:22:33.320 1500 3425 D CompatibilityChangeReporter: Compat change id reported: 168419799; UID 10078; state: DISABLED
12-14 03:22:33.320 1500 3425 D CompatibilityInfo: mCompatibilityFlags - 4
12-14 03:22:33.320 1500 3425 D CompatibilityInfo: applicationDensity - 240
12-14 03:22:33.320 1500 3425 D CompatibilityInfo: applicationScale - 1.0
12-14 03:22:33.326 1500 3425 D CompatibilityInfo: mCompatibilityFlags - 4
12-14 03:22:33.327 1500 3425 D CompatibilityInfo: applicationDensity - 240
12-14 03:22:33.327 1500 3425 D CompatibilityInfo: applicationScale - 1.0
12-14 03:22:33.328 3936 3936 D CompatibilityChangeReporter: Compat change id reported: 171979766; UID 10078; state: ENABLED
12-14 03:22:33.347 3936 3936 I Perf : Connecting to perf service.
12-14 03:22:33.352 3936 3936 V GraphicsEnvironment: ANGLE Developer option for 'com.qti.ltebc' set to: 'default'
12-14 03:22:33.352 3936 3936 V GraphicsEnvironment: ANGLE GameManagerService for com.qti.ltebc: false
12-14 03:22:33.353 3936 3936 D NetworkSecurityConfig: Using Network Security Config from resource network_security_config debugBuild: false
12-14 03:22:33.355 3936 3936 D NetworkSecurityConfig: Using Network Security Config from resource network_security_config debugBuild: false
12-14 03:22:33.356 3936 3936 D LTE Application: getLibraryName = msp
01-01 09:20:37.945 0 0 I [soft_i][0x1bb1a08e][03:22:33.404915] wlan: [0:I:QDF] DHCP-R TX: SA:a2:e9:b7:9b:b8:a6 DA:ff:ff:ff:ff:ff:ff msdu_id:2 status: succ
12-14 03:22:33.413 2087 3514 D DhcpClient: Received packet: a2:e9:b7:9b:b8:a6 ACK: your new IP /192.168.0.18, netmask /255.255.255.0, gateways [/192.168.0.1] DNS servers: /1.1.1.1 /192.168.0.1 , lease time -1
01-01 09:20:37.951 0 0 I [dp_rx_][0x1bb37308][03:22:33.411135] wlan: [3408:I:QDF] DHCP-A RX: SA:6c:b1:58:0f:7d:39 DA:a2:e9:b7:9b:b8:a6
12-14 03:22:33.418 2087 3514 D DhcpClient: Confirmed lease: android.net.networkstack.DhcpResults@9a0c8e6 DHCP server /192.168.0.1 Vendor info null lease -1 seconds Servername
12-14 03:22:33.433 2087 3514 D DhcpClient: Infinite lease, no timer scheduling needed
12-14 03:22:33.434 1986 1986 D BluetoothAdapterService: android.net.wifi.STATE_CHANGE
12-14 03:22:33.434 2119 2119 D MicroSettings: SettingMicroservices: WifiReceiver:
12-14 03:22:33.435 2119 2119 D MicroSettings: SettingMicroservices: doNetworkSync: mIDCMNetworkState: -1 mIsFSEMNetworkWiFi: false
12-14 03:22:33.435 2119 2119 D MicroSettings: SettingMicroservices: Change Network Preference to TYPE_ETHERNET.
12-14 03:22:33.438 660 660 E Netd : no such netId 100
12-14 03:22:33.439 1500 1896 E ConnectivityService: Exception in networkAddRouteParcel for non-gateway: android.os.ServiceSpecificException: Machine is not on the network (code 64)
12-14 03:22:33.439 660 660 E Netd : no such netId 100
12-14 03:22:33.440 1500 1896 E ConnectivityService: Exception in networkAddRouteParcel for gateway: android.os.ServiceSpecificException: Machine is not on the network (code 64)
12-14 03:22:33.442 2152 3951 D TlogClient_LogCollectService: === START to package logs ===
12-14 03:22:33.443 2152 3951 D hw-ProcessState: Binder ioctl to enable oneway spam detection failed: Invalid argument
12-14 03:22:33.444 1986 1986 W BluetoothAdapterService: fetchWifiState - isWifiConnected =true
12-14 03:22:33.444 1986 1986 D BluetoothVendorService: setWifiState to: true
12-14 03:22:33.444 1986 1986 I BluetoothVendorJni: setWifiStateNative
12-14 03:22:33.444 1986 1986 I bt_btif_vendor: setWifiState :1
01-01 09:20:37.983 0 0 I binder : 2152:3951 ioctl 40046210 79481b3f04 returned -22
12-14 03:22:33.448 1500 1896 W BestClock: java.time.DateTimeException: Missing NTP fix
12-14 03:22:33.449 1986 1986 D BluetoothAdapterService: android.net.wifi.STATE_CHANGE
12-14 03:22:33.449 2119 2119 D MicroSettings: SettingMicroservices: WifiReceiver:
12-14 03:22:33.449 2119 2119 D MicroSettings: SettingMicroservices: WifiReceiver NetworkInfo.State.CONNECTED
12-14 03:22:33.449 2119 2119 D MicroSettings: SettingMicroservices: doNetworkSync: mIDCMNetworkState: -1 mIsFSEMNetworkWiFi: true
12-14 03:22:33.449 2119 2119 D MicroSettings: SettingMicroservices: Change Network Preference to TYPE_ETHERNET.
12-14 03:22:33.453 1500 1896 W BestClock: java.time.DateTimeException: Missing NTP fix
12-14 03:22:33.454 1500 1896 D ConnectivityService: Setting DNS servers for network 100 to [/1.1.1.1, /192.168.0.1]
12-14 03:22:33.456 1500 1846 W BestClock: java.time.DateTimeException: Missing NTP fix
12-14 03:22:33.460 1500 1846 W BestClock: java.time.DateTimeException: Missing NTP fix
12-14 03:22:33.460 2152 3951 I tsnv.hidl.wrapper: TsnvWrapper: tsnv_get:Link to death notification successful!
12-14 03:22:33.461 1500 1896 W BestClock: java.time.DateTimeException: Missing NTP fix
12-14 03:22:33.462 1500 1860 W WifiScoreReport: Cannot start external scoring netId=100 currentNetId=100 currentNetCapabilities=[ Transports: WIFI Capabilities: NOT_METERED&INTERNET&NOT_RESTRICTED&TRUSTED&NOT_VPN&NOT_ROAMING&NOT_CONGESTED&NOT_SUSPENDED&NOT_VCN_MANAGED LinkUpBandwidth>=12000Kbps LinkDnBandwidth>=30000Kbps Specifier: TransportInfo: SignalStrength: -2 OwnerUid: 1000 AdminUids: [1000] SSID: "TP-LINK_Figure_6d0405"] sessionId=1008
12-14 03:22:33.466 1500 1896 W BestClock: java.time.DateTimeException: Missing NTP fix
12-14 03:22:33.467 2152 3951 D TlogClient_LogCollectService: mCommand: [/system/bin/sh, /data/user_de/0/com.tc.logclient/files/package_log.sh, 095, 0002]
12-14 03:22:33.468 1500 1846 W BestClock: java.time.DateTimeException: Missing NTP fix
12-14 03:22:33.468 1500 1846 W BestClock: java.time.DateTimeException: Missing NTP fix
12-14 03:22:33.468 1500 1896 D ConnectivityService: [100 WIFI] EVENT_NETWORK_INFO_CHANGED, going from CONNECTING to CONNECTED
12-14 03:22:33.470 1500 1896 D DnsManager: sendDnsConfigurationForNetwork(100, [1.1.1.1, 192.168.0.1], [], 1800, 25, 8, 64, 0, 0, , [])
12-14 03:22:33.473 1500 1896 W DnsManager: updatePrivateDns(100, PrivateDnsConfig{true:/[]})
12-14 03:22:33.473 1500 1896 D ConnectivityService: Setting DNS servers for network 100 to [/1.1.1.1, /192.168.0.1]
12-14 03:22:33.473 1986 1986 W BluetoothAdapterService: fetchWifiState - isWifiConnected =true
12-14 03:22:33.473 1986 1986 D BluetoothVendorService: setWifiState to: true
12-14 03:22:33.473 1986 1986 I BluetoothVendorJni: setWifiStateNative
12-14 03:22:33.473 1986 1986 I bt_btif_vendor: setWifiState :1
12-14 03:22:33.473 1500 1896 D DnsManager: sendDnsConfigurationForNetwork(100, [1.1.1.1, 192.168.0.1], [], 1800, 25, 8, 64, 0, 0, , [1.1.1.1, 192.168.0.1])
12-14 03:22:33.474 660 3955 W resolv : Validating DnsTlsServer 1.1.1.1 with mark 0xf0064
12-14 03:22:33.474 1500 2361 D WifiMemoryStoreImpl: Set cluster Gc5cf1d562d6104f3 for We84ee41c71529f01: SUCCESS
12-14 03:22:33.474 1500 1896 D ConnectivityService: Adding iface wlan0 to network 100
12-14 03:22:33.474 660 3955 W resolv : Socket failed to connect: Network is unreachable
12-14 03:22:33.475 660 3955 W resolv : TCP Handshake failed: 101
12-14 03:22:33.475 660 3955 W resolv : query failed
12-14 03:22:33.475 660 3955 W resolv : validateDnsTlsServer returned 0 for 1.1.1.1
12-14 03:22:33.475 660 3955 W resolv : Validation failed
12-14 03:22:33.475 660 3956 W resolv : Validating DnsTlsServer 192.168.0.1 with mark 0xf0064
12-14 03:22:33.475 660 3956 W resolv : Socket failed to connect: Network is unreachable
12-14 03:22:33.475 660 3956 W resolv : TCP Handshake failed: 101
12-14 03:22:33.475 660 3956 W resolv : query failed
12-14 03:22:33.475 660 3956 W resolv : validateDnsTlsServer returned 0 for 192.168.0.1
12-14 03:22:33.475 660 3956 W resolv : Validation failed
12-14 03:22:33.480 640 655 I mpu_uart: [MSG-P:RECV]:No message received in 1000 ms
12-14 03:22:33.482 1500 2752 D WifiMemoryStoreImpl: Set cluster Gc5cf1d562d6104f3 for Wc5cf1d562d6104f3: SUCCESS
12-14 03:22:33.485 1500 1896 D ConnectivityService: Setting DNS servers for network 100 to [/1.1.1.1, /192.168.0.1]
12-14 03:22:33.486 1500 1896 D DnsManager: sendDnsConfigurationForNetwork(100, [1.1.1.1, 192.168.0.1], [], 1800, 25, 8, 64, 0, 0, , [1.1.1.1, 192.168.0.1])
12-14 03:22:33.486 660 3957 W resolv : Validating DnsTlsServer 1.1.1.1 with mark 0xf0064
12-14 03:22:33.488 660 3958 W resolv : Validating DnsTlsServer 192.168.0.1 with mark 0xf0064
12-14 03:22:33.490 1500 1896 W BestClock: java.time.DateTimeException: Missing NTP fix
12-14 03:22:33.493 1500 1896 W BestClock: java.time.DateTimeException: Missing NTP fix
12-14 03:22:33.493 1500 1860 D WifiClientModeImpl[wlan0]: Received signal strength thresholds: []
12-14 03:22:33.494 1500 1896 D ConnectivityService: NetReassign [1 : null → 100, 29 : null → 100, 17 : null → 100, 19 : null → 100, 27 : null → 100, 22 : null → 100, 14 : null → 100, 7 : null → 100, 31 : null → 100, 24 : null → 100]
12-14 03:22:33.494 1500 1860 E WifiVendorHal: stopRssiMonitoring(l.2617) failed {.code = ERROR_NOT_AVAILABLE, .description = }
12-14 03:22:33.494 1500 1896 D ConnectivityService: Switching to new default network for: uid/pid:1000/1500 activeRequest: 1 callbackRequest: 1 [NetworkRequest [ REQUEST id=1, [ Capabilities: INTERNET&NOT_RESTRICTED&TRUSTED&NOT_VPN&NOT_VCN_MANAGED RequestorUid: 1000 RequestorPkg: android] ]] callback flags: 1 priority: 2147483647 using NetworkAgentInfo{network{100} handle{432902426637} ni{WIFI CONNECTED extra: } Score(60 ; KeepConnected : 1 ; Policies : TRANSPORT_PRIMARY&IS_UNMETERED) lp{{InterfaceName: wlan0 LinkAddresses: [ fe80::a0e9:b7ff:fe9b:b8a6/64,192.168.0.18/24 ] DnsAddresses: [ /1.1.1.1,/192.168.0.1 ] Domains: null MTU: 0 ServerAddress: /192.168.0.1 TcpBufferSizes: 524288,1048576,2097152,262144,524288,1048576 Routes: [ fe80::/64 -> :: wlan0 mtu 0,192.168.0.0/24 -> 0.0.0.0 wlan0 mtu 0,0.0.0.0/0 -> 192.168.0.1 wlan0 mtu 0 ]}} nc{[ Transports: WIFI Capabilities: NOT_METERED&INTERNET&NOT_RESTRICTED&TRUSTED&NOT_VPN&NOT_ROAMING&FOREGROUND&NOT_CONGESTED&NOT_SUSPENDED&NOT_VCN_MANAGED LinkUpBandwidth>=12000Kbps LinkDnBandwidth>=30000Kbps Specifier: TransportInfo: SignalStrength: -2 OwnerUid: 1000 AdminUids: [1000] SSID: "TP-LINK_Figure_6d0405"]}}
12-14 03:22:33.495 660 722 E NetlinkEvent: NetlinkEvent::FindParam(): Parameter 'INTERFACE' not found
12-14 03:22:33.495 660 722 E NetlinkEvent: NetlinkEvent::FindParam(): Parameter 'STATE' not found
12-14 03:22:33.495 660 722 E NetlinkEvent: NetlinkEvent::FindParam(): Parameter 'TIME_NS' not found
12-14 03:22:33.495 660 722 E NetlinkEvent: NetlinkEvent::FindParam(): Parameter 'UID' not found
12-14 03:22:33.499 1500 1846 W BestClock: java.time.DateTimeException: Missing NTP fix
12-14 03:22:33.500 1500 1896 W BestClock: java.time.DateTimeException: Missing NTP fix
12-14 03:22:33.500 2260 3960 D RemoteControlService: start reader thread, mServerIp = 192.168.0.18, mServerPort = 12600
12-14 03:22:33.502 2000 2000 D StatusBar: disable disable2
12-14 03:22:33.502 2260 3962 D RemoteControlService: run: called
12-14 03:22:33.502 2260 3962 D RemoteControlService: getEvent: start waiting...
12-14 03:22:33.504 1500 1846 W BestClock: java.time.DateTimeException: Missing NTP fix
12-14 03:22:33.499 511 511 W auditd : type=1401 audit(0.0:257): op=security_compute_sid invalid_context=u:r:np_thundercomm_tlog_pstore:s0 scontext=u:r:init:s0 tcontext=u:object_r:np_thundercomm_tlog_pstore_exec:s0 tclass=process
12-14 03:22:33.506 1500 1896 W BestClock: java.time.DateTimeException: Missing NTP fix
12-14 03:22:33.506 1500 1910 I GameModeConfig: isGameModeOn = true
12-14 03:22:33.506 1500 1910 I GameModeConfig: isGaming = false
12-14 03:22:33.506 1500 1910 I GameModeConfig: isGameModeOn = true
12-14 03:22:33.506 1500 1910 I GameModeConfig: isGaming = false
01-01 09:20:38.006 0 0 I : tsnv nv_initialize successfully!
12-14 03:22:33.506 1500 1910 I GameModeConfig: isGameModeOn = true
12-14 03:22:33.506 1500 1910 I GameModeConfig: isGaming = false
01-01 09:20:38.043 0 0 I init : processing action (sys.tlog.pstore.active=1) from (/system/etc/init/tlogd.rc:122)
01-01 09:20:38.045 0 0 I init : Command 'start pstore_save' action=sys.tlog.pstore.active=1 (/system/etc/init/tlogd.rc:124) took 1ms and failed: Could not start service: Could not get process context
12-14 03:22:33.508 1500 2038 D NetworkTimeUpdateService: New default network 100; checking time.
12-14 03:22:33.508 2087 2332 D UpstreamNetworkMonitor: New default Internet network: 100
12-14 03:22:33.509 1500 1896 D ConnectivityService: Sending CONNECTED broadcast for type 1 [100 WIFI] isDefaultNetwork=true
12-14 03:22:33.509 1500 1846 W BestClock: java.time.DateTimeException: Missing NTP fix
12-14 03:22:33.509 1500 1896 W ContextImpl: Calling a method in the system process without a qualified user: android.app.ContextImpl.sendStickyBroadcast:1559 com.android.server.ConnectivityService.sendStickyBroadcast:2811 com.android.server.ConnectivityService.sendGeneralBroadcast:2786 com.android.server.ConnectivityService.sendConnectedBroadcast:2759 com.android.server.ConnectivityService.sendLegacyNetworkBroadcast:8704
12-14 03:22:33.509 1500 1846 W BestClock: java.time.DateTimeException: Missing NTP fix
12-14 03:22:33.510 1500 1846 W BestClock: java.time.DateTimeException: Missing NTP fix
12-14 03:22:33.511 1986 3395 D HeadsetStateMachine: The current Network: 100 is avialable: true
12-14 03:22:33.512 2716 3765 I hpplay-java: [AsyncTask #4]:NetworkReceiver:onReceive action: android.net.conn.CONNECTIVITY_CHANGE
12-14 03:22:33.513 2087 3963 D NetworkMonitor/100: Validation disabled.
12-14 03:22:33.516 2000 2000 D StatusBar: disable disable2
12-14 03:22:33.516 1500 1896 D ConnectivityService: [100 WIFI] validation passed
12-14 03:22:33.517 1500 1896 D ConnectivityService: NetReassign [no changes]
12-14 03:22:33.517 2087 3933 W UnsafeUtil: platform method missing - proto runtime falling back to safer methods: java.lang.NoSuchMethodException: sun.misc.Unsafe.copyMemory [class java.lang.Object, long, class java.lang.Object, long, long]
12-14 03:22:33.517 3136 3384 I FileUtil: load json file length : 0
12-14 03:22:33.520 1500 1846 W BestClock: java.time.DateTimeException: Missing NTP fix
12-14 03:22:33.522 1500 1846 W BestClock: java.time.DateTimeException: Missing NTP fix
12-14 03:22:33.523 1500 3970 E NtpTimeHelper: requestTime failed
12-14 03:22:33.523 1500 1592 E TelephonyManager: Error calling #isDataEnabled, returning default (false).
12-14 03:22:33.523 1500 1592 E TelephonyManager: java.lang.IllegalStateException: telephony service is null.
12-14 03:22:33.523 1500 1592 E TelephonyManager: at android.telephony.TelephonyManager.isDataEnabledForReason(TelephonyManager.java:12461)
12-14 03:22:33.523 1500 1592 E TelephonyManager: at android.telephony.TelephonyManager.isDataEnabledForReason(TelephonyManager.java:12452)
12-14 03:22:33.523 1500 1592 E TelephonyManager: at android.telephony.TelephonyManager.isDataEnabled(TelephonyManager.java:10019)
12-14 03:22:33.523 1500 1592 E TelephonyManager: at android.telephony.TelephonyManager.getDataEnabled(TelephonyManager.java:9993)
12-14 03:22:33.523 1500 1592 E TelephonyManager: at com.android.server.location.gnss.GnssNetworkConnectivityHandler.handleUpdateNetworkState(GnssNetworkConnectivityHandler.java:436)
12-14 03:22:33.523 1500 1592 E TelephonyManager: at com.android.server.location.gnss.GnssNetworkConnectivityHandler.access$700(GnssNetworkConnectivityHandler.java:54)
12-14 03:22:33.523 1500 1592 E TelephonyManager: at com.android.server.location.gnss.GnssNetworkConnectivityHandler$2.onCapabilitiesChanged(GnssNetworkConnectivityHandler.java:369)
12-14 03:22:33.523 1500 1592 E TelephonyManager: at android.net.ConnectivityManager$NetworkCallback.onAvailable(ConnectivityManager.java:3565)
12-14 03:22:33.523 1500 1592 E TelephonyManager: at android.net.ConnectivityManager$NetworkCallback.onAvailable(ConnectivityManager.java:3542)
12-14 03:22:33.523 1500 1592 E TelephonyManager: at android.net.ConnectivityManager$CallbackHandler.handleMessage(ConnectivityManager.java:3866)
12-14 03:22:33.523 1500 1592 E TelephonyManager: at android.os.Handler.dispatchMessage(Handler.java:106)
12-14 03:22:33.523 1500 1592 E TelephonyManager: at android.os.Looper.loopOnce(Looper.java:201)
12-14 03:22:33.523 1500 1592 E TelephonyManager: at android.os.Looper.loop(Looper.java:288)
12-14 03:22:33.523 1500 1592 E TelephonyManager: at android.os.HandlerThread.run(HandlerThread.java:67)
12-14 03:22:33.523 1500 1592 E TelephonyManager: at com.android.server.ServiceThread.run(ServiceThread.java:44)
12-14 03:22:33.524 1500 1896 D ConnectivityService: Setting DNS servers for network 100 to [/1.1.1.1, /192.168.0.1]
12-14 03:22:33.524 1500 1896 D DnsManager: sendDnsConfigurationForNetwork(100, [1.1.1.1, 192.168.0.1], [], 1800, 25, 8, 64, 0, 0, , [1.1.1.1, 192.168.0.1])
12-14 03:22:33.525 1500 1896 W ContextImpl: Calling a method in the system process without a qualified user: android.app.ContextImpl.sendStickyBroadcast:1559 com.android.server.ConnectivityService.sendStickyBroadcast:2811 com.android.server.ConnectivityService.sendGeneralBroadcast:2786 com.android.server.ConnectivityService.sendInetConditionBroadcast:2763 com.android.server.ConnectivityService.updateInetCondition:8451
12-14 03:22:33.525 1500 1592 I GnssNetworkConnectivityHandler: updateNetworkState, state=CLOSED, connected=true, network=100, capabilities=[ Transports: WIFI Capabilities: NOT_METERED&INTERNET&NOT_RESTRICTED&TRUSTED&NOT_VPN&VALIDATED&NOT_ROAMING&FOREGROUND&NOT_CONGESTED&NOT_SUSPENDED&NOT_VCN_MANAGED LinkUpBandwidth>=12000Kbps LinkDnBandwidth>=30000Kbps TransportInfo: , BSSID: 02:00:00:00:00:00, MAC: 02:00:00:00:00:00, Security type: 2, Supplicant state: COMPLETED, HE Eight Max VHT Spatial Streams Supported AP: false, Eight Max VHT Spatial streams support: false, Wi-Fi standard: 4, RSSI: -2, Link speed: 150Mbps, Tx Link speed: 150Mbps, Max Supported Tx Link speed: 150Mbps, Rx Link speed: 150Mbps, Max Supported Rx Link speed: 150Mbps, Frequency: 2462MHz, Net ID: -1, Metered hint: false, score: 60, CarrierMerged: false, SubscriptionId: -1, IsPrimary: 1> SignalStrength: -2 SSID: "TP-LINK_Figure_6d0405"], availableNetworkCount: 1
12-14 03:22:33.526 1500 1860 W LastMileLogger: Failed to stop event tracing: /sys/kernel/debug/tracing/instances/wifi/tracing_on: open failed: ENOENT (No such file or directory)
12-14 03:22:33.534 1500 3425 D WifiMemoryStoreImpl: Set cluster Gc5cf1d562d6104f3 for We84ee41c71529f01: SUCCESS
12-14 03:22:33.537 1500 1860 I WifiClientModeImpl: Default Gateway MAC address of 6c:b1:58:0f:7d:39 from routes is : 00:00:00:00:00:00
12-14 03:22:33.537 2000 2000 W View : requestLayout() improperly called by com.android.systemui.util.animation.UniqueObjectHostView{99c37ec V.E...... ......ID 0,0-636,344} during layout: running second layout pass
12-14 03:22:33.538 3136 3968 I DpmTcmClient: RegisterTcmMonitor from: $Proxy2
01-01 09:20:38.084 0 0 E [wifi@1][0x1bda9386][03:22:33.544687] wlan: [826:E:QDF] Cannot malloc 0 bytes @ csr_get_cfg_max_tx_power:14199
01-01 09:20:38.085 0 0 E [wifi@1][0x1bda9ec6][03:22:33.544837] wlan: [826:E:QDF] Cannot malloc 0 bytes @ csr_get_cfg_max_tx_power:14199
01-01 09:20:38.085 0 0 I [schedu][0x1bdadf3a][03:22:33.545696] wlan: [3400:I:WMI] LFR3:OKC enabled
01-01 09:20:38.085 0 0 I [schedu][0x1bdadfec][03:22:33.545706] wlan: [3400:I:WMI] LFR3:PMKSA caching enabled
12-14 03:22:33.543 1500 1860 D WifiConfigStore: Writing to stores completed in 3 ms.
12-14 03:22:33.543 1500 1860 I SupplicantStaIfaceHal: cleared linked networks
01-01 09:20:38.087 0 0 I [schedu][0x1bdb34a0][03:22:33.546835] wlan: [3400:I:WMI] LFR3:OKC enabled
01-01 09:20:38.087 0 0 I [schedu][0x1bdb3584][03:22:33.546847] wlan: [3400:I:WMI] LFR3:PMKSA caching enabled
12-14 03:22:33.562 2142 2142 D TlogServer_CoreService: Server onStarted: 192.168.0.18
12-14 03:22:33.640 1500 1910 I GameModeConfig: isGameModeOn = true
12-14 03:22:33.641 1500 1910 I GameModeConfig: isGaming = false
12-14 03:22:33.658 3936 3936 I MSP-JNI : JNI_OnLoad called
12-14 03:22:33.659 3936 3936 E MSP-JNI : Failed to get class in Jload
12-14 03:22:33.659 3936 3936 I MSP-JNI : FindClass - com/qualcomm/ltebc/LTEBroadcastService JNI EXCEPTION CLEARED
12-14 03:22:33.659 3936 3936 I MSP-JNI : JNI_OnLoad: Initializing File Delivery references
12-14 03:22:33.659 3936 3936 I MSP-JNI : FindClass CARRIER_SPECIFIC_CLASS_DEFINITION JNI EXCEPTION CLEARED
12-14 03:22:33.659 3936 3936 I MSP-JNI : JNI_OnLoad: Completed File Delivery initialization
12-14 03:22:33.661 3936 3936 I LTE Application: LTEApplicationCreate
12-14 03:22:33.661 3936 3936 I LTE Application: applicationContext : com.qualcomm.ltebc.LTEQTIApplication@fb7d754
12-14 03:22:33.664 3936 3936 I LTE QMI Link: Creating QMI Link
12-14 03:22:33.665 3936 3936 D LTE Application: packageName = com.qti.ltebc versionCode = 5401010 versionName = MSDC_LA_5.4.01.01.0
12-14 03:22:33.665 3936 3936 I LTE Application: LTE Broadcast Library Release Version = MSDC_LA_5.4.01.01.0
12-14 03:22:33.665 3936 3936 D LTE Application: IntentSender : Last intent Status NOT_SENT forcedBroadcast flag = true
12-14 03:22:33.665 3936 3936 D LTE Application: sendBroadcastIntent IntentAction : Sending com.qualcomm.intent.EMBMS_STATUS ACTIVE = false
12-14 03:22:33.666 3936 3936 W SOCKET : ConnectionManager constructor has been initialised
12-14 03:22:33.666 3936 3936 E System : Ignoring attempt to set property "java.net.preferIPv6Addresses" to value "false".
12-14 03:22:33.668 3936 3936 D LTE Application: Android API Version 31
12-14 03:22:33.668 3936 3936 I LTE Application: Package Name : com.qti.ltebc
12-14 03:22:33.669 3936 3936 I LTE Application: app is not whitelisted
01-01 09:20:38.207 0 0 I IRQ 5 : no longer affine to CPU7
12-14 03:22:33.670 3936 3936 I LTEBroadcastAlarmReceiver: onReceive
12-14 03:22:33.670 3936 3936 I LTEBroadcastAlarmReceiver: ACTION_ALARM_WAKEUP_BOOT
12-14 03:22:33.671 3936 3936 I LTE Application: setStartupReason - set to STARTUP_REASON_BOOT
12-14 03:22:33.671 3936 3936 I LTE Application: startRootServiceASync false
12-14 03:22:33.671 3936 3936 I LTEBroadcastAlarmReceiver: onReceive exit
12-14 03:22:33.672 3936 3982 I LTE Application: startRootServiceSync false
12-14 03:22:33.672 3936 3982 I LTE Application: startRootServiceSync initState LTEBC_MSP_NOT_INITIALIZED
12-14 03:22:33.672 3936 3982 I LTE Application: setWakeupMode - mode :WAKEUP_MODE_BG
12-14 03:22:33.672 3936 3982 I LTE Application: startRootServiceSync(): Started from Alarm WAKEUP_MODE_BG
12-14 03:22:33.672 3936 3982 I LTE Application: Starting LTEBC Root Service : launcherIntent = Intent { cmp=com.qti.ltebc/com.qualcomm.ltebc.LTERootService }
12-14 03:22:33.675 1500 3425 D CompatibilityInfo: mCompatibilityFlags - 4
12-14 03:22:33.675 1500 3425 D CompatibilityInfo: applicationDensity - 240
12-14 03:22:33.675 1500 3425 D CompatibilityInfo: applicationScale - 1.0
12-14 03:22:33.675 3936 3936 I LTE Root Service: onCreate()
12-14 03:22:33.676 3936 3982 I LTE Application: shutdownLockOn() Current sKeepAlive: 0, After Incrementing : 1
12-14 03:22:33.676 3936 3982 I LTE Application: cancelShutDownTimer mspShutDownTimer is NULL
12-14 03:22:33.676 3936 3982 V LTE Application: initStateChanged - LTEBC_PERMISSIONS_PENDING
12-14 03:22:33.676 3936 3981 I LTEBC Init Manager: handleStartInitialization
12-14 03:22:33.676 3936 3981 I LTE Root Service: [EVENT] row getManifestDeniedPermissionsList invoked
12-14 03:22:33.676 3936 3981 I LTEBC Init Manager: Handled state : 1
12-14 03:22:33.676 3936 3981 I LTEBC Init Manager: handlePermissionResult
12-14 03:22:33.676 3936 3981 V LTE Application: initStateChanged - LTEBC_MSP_INIT_PENDING
12-14 03:22:33.676 3936 3981 I LTE Application: handleInitConfigandConnectEmbmsServiceTask : doInBackground
12-14 03:22:33.678 3936 3936 I LTE Root Service: onStartCommand()
12-14 03:22:33.680 3936 3981 I Ltebc : ConfigurationManager () : LTEApplication.internalDataPath /data/user/0/com.qti.ltebc/files
12-14 03:22:33.682 3936 3981 D LTE_CONFIG: getVendorPath /vendor
12-14 03:22:33.683 3936 3981 I Ltebc : Provisioning directories:[/vendor/embms/qcom, /vendor/embms/oem, /vendor/embms/qti, /vendor/embms/qcom/global, /vendor/embms/oem/global, /vendor/embms/qti/global, /system/embms/qcom, /system/embms/oem, /system/embms/qti, /system/embms/qcom/global, /system/embms/oem/global, /system/embms/qti/global, /vendor/app/embms/oem, /vendor/app/embms/oem/global, /storage/emulated/0/Android/data/com.qti.ltebc/files/embms/qcom, /storage/emulated/0/Android/data/com.qti.ltebc/files/embms/qcom/global]
12-14 03:22:33.683 3936 3981 I Ltebc : Provisioning directories Assets:[/carrierConfig/embms]
12-14 03:22:33.683 3936 3981 D LTE_CONFIG: configurable provisioningLocation: [/vendor/embms/qcom, /vendor/embms/oem, /vendor/embms/qti, /vendor/embms/qcom/global, /vendor/embms/oem/global, /vendor/embms/qti/global, /system/embms/qcom, /system/embms/oem, /system/embms/qti, /system/embms/qcom/global, /system/embms/oem/global, /system/embms/qti/global, /vendor/app/embms/oem, /vendor/app/embms/oem/global, /storage/emulated/0/Android/data/com.qti.ltebc/files/embms/qcom, /storage/emulated/0/Android/data/com.qti.ltebc/files/embms/qcom/global]
12-14 03:22:33.683 3936 3981 D LTE_CONFIG: copyFilesFromAssets
12-14 03:22:33.683 3936 3981 D LTE_CONFIG: copyFilesFromAssets : location = carrierConfig/embms
12-14 03:22:33.686 3936 3981 D LTE_CONFIG: copyFilesFromAssets : list of files in carrierConfig/embms = []
12-14 03:22:33.686 3936 3981 D LTE_CONFIG: copyFilesFromAssets : list of files in carrierConfig/embms is empty
12-14 03:22:33.686 3936 3981 D LTE_CONFIG: files copy operation from Assets folder failed
12-14 03:22:33.686 3936 3981 D LTE_CONFIG: oemProvisioningDirs : [/vendor/embms/qcom, /vendor/embms/oem, /vendor/embms/qti, /vendor/embms/qcom/global, /vendor/embms/oem/global, /vendor/embms/qti/global, /system/embms/qcom, /system/embms/oem, /system/embms/qti, /system/embms/qcom/global, /system/embms/oem/global, /system/embms/qti/global, /vendor/app/embms/oem, /vendor/app/embms/oem/global, /storage/emulated/0/Android/data/com.qti.ltebc/files/embms/qcom, /storage/emulated/0/Android/data/com.qti.ltebc/files/embms/qcom/global]
12-14 03:22:33.686 3936 3981 D LTE_CONFIG: Checking dir: /vendor/embms/qcom
12-14 03:22:33.687 3936 3981 D LTE_CONFIG: provisioning_params.xml not found, copy all other files from dir : /vendor/embms/qcom
12-14 03:22:33.688 3936 3981 D LTE_CONFIG: filesCount = 0
12-14 03:22:33.688 3936 3981 D LTE_CONFIG: Checking dir: /vendor/embms/oem
12-14 03:22:33.688 3936 3981 D LTE_CONFIG: provisioning_params.xml not found, copy all other files from dir : /vendor/embms/oem
12-14 03:22:33.688 3936 3981 D LTE_CONFIG: filesCount = 0
12-14 03:22:33.688 3936 3981 D LTE_CONFIG: Checking dir: /vendor/embms/qti
12-14 03:22:33.688 3936 3981 D LTE_CONFIG: provisioning_params.xml not found, copy all other files from dir : /vendor/embms/qti
12-14 03:22:33.688 3936 3981 D LTE_CONFIG: filesCount = 0
12-14 03:22:33.688 3936 3981 D LTE_CONFIG: Checking dir: /vendor/embms/qcom/global
12-14 03:22:33.688 3936 3981 D LTE_CONFIG: provisioning_params.xml not found, copy all other files from dir : /vendor/embms/qcom/global
12-14 03:22:33.688 3936 3981 D LTE_CONFIG: filesCount = 0
12-14 03:22:33.688 3936 3981 D LTE_CONFIG: Checking dir: /vendor/embms/oem/global
12-14 03:22:33.688 3936 3981 D LTE_CONFIG: provisioning_params.xml not found, copy all other files from dir : /vendor/embms/oem/global
12-14 03:22:33.688 3936 3981 D LTE_CONFIG: filesCount = 0
12-14 03:22:33.688 3936 3981 D LTE_CONFIG: Checking dir: /vendor/embms/qti/global
12-14 03:22:33.688 3936 3981 D LTE_CONFIG: provisioning_params.xml not found, copy all other files from dir : /vendor/embms/qti/global
12-14 03:22:33.688 3936 3981 D LTE_CONFIG: filesCount = 0
12-14 03:22:33.688 3936 3981 D LTE_CONFIG: Checking dir: /system/embms/qcom
12-14 03:22:33.688 3936 3981 D LTE_CONFIG: provisioning_params.xml not found, copy all other files from dir : /system/embms/qcom
12-14 03:22:33.688 3936 3981 D LTE_CONFIG: filesCount = 0
12-14 03:22:33.688 3936 3981 D LTE_CONFIG: Checking dir: /system/embms/oem
12-14 03:22:33.688 3936 3981 D LTE_CONFIG: provisioning_params.xml not found, copy all other files from dir : /system/embms/oem
12-14 03:22:33.688 3936 3981 D LTE_CONFIG: filesCount = 0
12-14 03:22:33.689 3936 3981 D LTE_CONFIG: Checking dir: /system/embms/qti
12-14 03:22:33.689 3936 3981 D LTE_CONFIG: provisioning_params.xml not found, copy all other files from dir : /system/embms/qti
12-14 03:22:33.689 3936 3981 D LTE_CONFIG: filesCount = 0
12-14 03:22:33.689 3936 3981 D LTE_CONFIG: Checking dir: /system/embms/qcom/global
12-14 03:22:33.689 3936 3981 D LTE_CONFIG: provisioning_params.xml not found, copy all other files from dir : /system/embms/qcom/global
12-14 03:22:33.689 3936 3981 D LTE_CONFIG: filesCount = 0
12-14 03:22:33.689 3936 3981 D LTE_CONFIG: Checking dir: /system/embms/oem/global
12-14 03:22:33.689 3936 3981 D LTE_CONFIG: provisioning_params.xml not found, copy all other files from dir : /system/embms/oem/global
12-14 03:22:33.689 3936 3981 D LTE_CONFIG: filesCount = 0
12-14 03:22:33.689 3936 3981 D LTE_CONFIG: Checking dir: /system/embms/qti/global
12-14 03:22:33.689 3936 3981 D LTE_CONFIG: provisioning_params.xml not found, copy all other files from dir : /system/embms/qti/global
12-14 03:22:33.689 3936 3981 D LTE_CONFIG: filesCount = 0
12-14 03:22:33.689 3936 3981 D LTE_CONFIG: Checking dir: /vendor/app/embms/oem
12-14 03:22:33.689 3936 3981 D LTE_CONFIG: provisioning_params.xml not found, copy all other files from dir : /vendor/app/embms/oem
12-14 03:22:33.689 3936 3981 D LTE_CONFIG: filesCount = 0
12-14 03:22:33.689 3936 3981 D LTE_CONFIG: Checking dir: /vendor/app/embms/oem/global
12-14 03:22:33.689 3936 3981 D LTE_CONFIG: provisioning_params.xml not found, copy all other files from dir : /vendor/app/embms/oem/global
12-14 03:22:33.689 3936 3981 D LTE_CONFIG: filesCount = 0
12-14 03:22:33.689 3936 3981 D LTE_CONFIG: Checking dir: /storage/emulated/0/Android/data/com.qti.ltebc/files/embms/qcom
12-14 03:22:33.689 3936 3981 D LTE_CONFIG: provisioning_params.xml not found, copy all other files from dir : /storage/emulated/0/Android/data/com.qti.ltebc/files/embms/qcom
12-14 03:22:33.690 3936 3981 D LTE_CONFIG: filesCount = 0
12-14 03:22:33.690 3936 3981 D LTE_CONFIG: Checking dir: /storage/emulated/0/Android/data/com.qti.ltebc/files/embms/qcom/global
12-14 03:22:33.690 3936 3981 D LTE_CONFIG: provisioning_params.xml not found, copy all other files from dir : /storage/emulated/0/Android/data/com.qti.ltebc/files/embms/qcom/global
12-14 03:22:33.690 3936 3981 D LTE_CONFIG: filesCount = 0
12-14 03:22:33.690 3936 3981 D LTE_CONFIG: copyLogLevelFile: emulatedPath = /storage/emulated/0/Android/data/com.qti.ltebc/files/embms/qcom/global
12-14 03:22:33.690 3936 3981 D LTE_CONFIG: copyLogLevelFile: logLevelFilePath = /storage/emulated/0/Android/data/com.qti.ltebc/files/embms/qcom/global/debug/loglevels.xml
12-14 03:22:33.690 3936 3981 D LTE_CONFIG: copyLogLevelFile: logLevels file copy failed: srcLogLevelFile = /storage/emulated/0/Android/data/com.qti.ltebc/files/embms/qcom/global/debug/loglevels.xml does not exist
12-14 03:22:33.690 3936 3981 I Ltebc : ConfigurationManager () load file from internal directory failed
12-14 03:22:33.691 3936 3981 I LTE Application: Ltebc : loadConfigData()
12-14 03:22:33.691 3936 3981 I Ltebc : ConfigurationManager : getProperties()
12-14 03:22:33.691 3936 3981 E LTE Application: Ltebc : preemption_priority is available in config file () : 5
12-14 03:22:33.691 3936 3981 I LTE Application: Ltebc : loadConfigData() sPreemptionPriority :5
12-14 03:22:33.691 3936 3981 I LTE Application: Ltebc : loadConfigData() sEarFcnList :5230
12-14 03:22:33.691 3936 3981 E LTE Application: Ltebc : enable_embms_sim is available in config file () : false
12-14 03:22:33.691 3936 3981 E LTE Application: Ltebc : loadConfigData() enableEmbmsSim :false
12-14 03:22:33.691 3936 3981 E LTE Application: Ltebc : shutdowntimer is available in config file () : 0
12-14 03:22:33.691 3936 3981 E LTE Application: shutDownTimer : 0.0
12-14 03:22:33.691 3936 3981 E LTE Application: Ltebc : provisioning_timeout_ms is available in config file () : 2592000000
12-14 03:22:33.691 3936 3981 I LTE Application: mProvisioningTMO : 2592000000
12-14 03:22:33.692 3936 3981 E LTE Application: Ltebc : enable_unicast_in_roaming is available in config file ()
12-14 03:22:33.692 3936 3981 I LTE Application: Ltebc : loadConfigData() enableUnicastInRoaming :false
12-14 03:22:33.692 3936 3981 E LTE Application: Ltebc : default_plmn is not available in config file ()
12-14 03:22:33.692 3936 3981 E LTE Application: Ltebc : roaming_check_periodicity_ms is available in config file ()
12-14 03:22:33.692 3936 3981 I LTE Application: Ltebc : loadConfigData() roaming_check_periodicity_ms :5000
12-14 03:22:33.692 3936 3981 E LTE Application: Ltebc : embms_get_e911_state_retry_attempts is available in config file ()
12-14 03:22:33.692 3936 3981 I LTE Application: Ltebc : loadConfigData() EMBMS_GET_E911_STATE_RETRY_ATTEMPTS :600
12-14 03:22:33.692 3936 3981 E LTE Application: provisioningTimerTask: mProvisioningTMO = 2592000000
12-14 03:22:33.692 3936 3981 I LTE Application: getStartupReason - startup_reason: STARTUP_REASON_BOOT
12-14 03:22:33.692 3936 3981 I LTEBC Init Manager: handlePermissionResult STARTUP_REASON_BOOT
12-14 03:22:33.693 3936 3981 I LTELicenseManager: startLicenseCheck requestCode: 3 cb: com.qualcomm.ltebc.LTEBCInitManager@878d39f
12-14 03:22:33.693 3936 3981 I LTELicenseManager: processLicenseCheck in progress false
12-14 03:22:33.703 1500 2752 D CompatibilityChangeReporter: Compat change id reported: 135634846; UID 10056; state: DISABLED
12-14 03:22:33.703 1500 2752 D CompatibilityChangeReporter: Compat change id reported: 177438394; UID 10056; state: DISABLED
12-14 03:22:33.703 1500 2752 D CompatibilityChangeReporter: Compat change id reported: 135772972; UID 10056; state: DISABLED
12-14 03:22:33.703 1500 2752 D CompatibilityChangeReporter: Compat change id reported: 135754954; UID 10056; state: DISABLED
12-14 03:22:33.704 1500 1622 D CompatibilityChangeReporter: Compat change id reported: 143937733; UID 10056; state: DISABLED
12-14 03:22:33.705 3936 3981 I LTELicenseManager: MinkSocketFd connect true
12-14 03:22:33.705 3936 3981 I LTELicenseManager: Scheduling mink socket timeout 1000
12-14 03:22:33.705 3936 3981 I LTEBC Init Manager: Handled state : 7
12-14 03:22:33.707 1500 1500 I GameModeConfig: isGameModeOn = true
12-14 03:22:33.707 1500 1500 I GameModeConfig: isGaming = false
12-14 03:22:33.710 1500 1500 W NotificationHistory: Attempted to add notif for locked/gone/disabled user 0
12-14 03:22:33.712 3816 3816 V GameMode_GameTypeUtils: judge isGame:com.android.launcher3
12-14 03:22:33.713 3816 3816 E GameMode_GameModeNotificationListenerService: title :content :,PackageName:com.android.systemui,isGameModeOn:true,isBulletScreenOn:false,isBulletScreenPackage:false
12-14 03:22:33.714 661 661 D Zygote : Forked child process 3986
12-14 03:22:33.714 1500 1622 I ActivityManager: Start proc 3986:com.qualcomm.qti.qms.service.trustzoneaccess/u0a56 for service {com.qualcomm.qti.qms.service.trustzoneaccess/com.qualcomm.qti.qms.service.trustzoneaccess.TZAccessService}
12-14 03:22:33.720 3986 3986 I libc : SetHeapTaggingLevel: tag level set to 0
12-14 03:22:33.729 2000 2000 D InterruptionStateProvider: No bubble up: not allowed to bubble: 0|com.android.systemui|2048|null|10082
12-14 03:22:33.730 3986 3986 E trustzoneacces: Not starting debugger since process cannot load the jdwp agent.
12-14 03:22:33.730 2000 2000 D InterruptionStateProvider: No heads up: unimportant notification: 0|com.android.systemui|2048|null|10082
12-14 03:22:33.731 2000 2436 D PeopleSpaceWidgetMgr: Sbn doesn't contain valid PeopleTileKey: null/0/com.android.systemui
01-01 09:20:38.272 0 0 I binder : 3986:3986 ioctl 40046210 7fcb2c89a4 returned -22
12-14 03:22:33.732 3986 3986 D ProcessState: Binder ioctl to enable oneway spam detection failed: Invalid argument
12-14 03:22:33.738 1500 2752 D CompatibilityChangeReporter: Compat change id reported: 168419799; UID 10056; state: DISABLED
12-14 03:22:33.738 1500 2752 D CompatibilityInfo: mCompatibilityFlags - 4
12-14 03:22:33.738 1500 2752 D CompatibilityInfo: applicationDensity - 240
12-14 03:22:33.738 1500 2752 D CompatibilityInfo: applicationScale - 1.0
12-14 03:22:33.741 1500 2752 D CompatibilityInfo: mCompatibilityFlags - 4
12-14 03:22:33.741 1500 2752 D CompatibilityInfo: applicationDensity - 240
12-14 03:22:33.741 1500 2752 D CompatibilityInfo: applicationScale - 1.0
12-14 03:22:33.742 3986 3986 D CompatibilityChangeReporter: Compat change id reported: 171979766; UID 10056; state: DISABLED
12-14 03:22:33.747 3986 3986 D ApplicationLoaders: Returning zygote-cached class loader: /system/framework/android.test.base.jar
12-14 03:22:33.753 3986 3986 D nativeloader: classloader namespace configured for unbundled vendor apk. library_path=/vendor/app/TrustZoneAccessService/lib/arm64:/vendor/lib64
12-14 03:22:33.762 3986 3986 I Perf : Connecting to perf service.
01-01 09:20:38.303 0 0 D : mv2112_read_status
01-01 09:20:38.303 0 0 D mv2112_update_link: 3.0x901(1G): 0x80
01-01 09:20:38.303 0 0 D mv2112_update_link: 3.0x8109(100M): 0x8
01-01 09:20:38.303 0 0 D mv2112_update_link: link 0x0
01-01 09:20:38.303 0 0 D mv2112_read_status: autoneg is disabled
12-14 03:22:33.768 3986 3986 V GraphicsEnvironment: ANGLE Developer option for 'com.qualcomm.qti.qms.service.trustzoneaccess' set to: 'default'
12-14 03:22:33.769 3986 3986 V GraphicsEnvironment: ANGLE GameManagerService for com.qualcomm.qti.qms.service.trustzoneaccess: false
12-14 03:22:33.770 3986 3986 D NetworkSecurityConfig: No Network Security Config specified, using platform default
12-14 03:22:33.770 3986 3986 D NetworkSecurityConfig: No Network Security Config specified, using platform default
12-14 03:22:33.775 2716 2716 I hpplay-java: [main]:IPManager:getActiveNets type: WIFI
12-14 03:22:33.775 2716 2716 I hpplay-java: [main]:IPManager:getActiveNets eth0:false wifi:true mobile:false ap:false
12-14 03:22:33.776 2716 2716 I hpplay-java: [main]:IPManager:getIPAddress IP_WLAN0
12-14 03:22:33.777 2716 2716 I hpplay-java: [main]:IPManager:updateIPAddress getIPAddress: 192.168.4.16 name:vlan4
12-14 03:22:33.777 2716 2716 I hpplay-java: [main]:IPManager:updateIPAddress getIPAddress: 192.168.0.18 name:wlan0
12-14 03:22:33.777 2716 2716 I hpplay-java: [main]:IPManager:updateIPAddress getIPAddress: 192.168.8.16 name:vlan8
12-14 03:22:33.777 2716 2716 I hpplay-java: [main]:IPManager:updateIPAddress getIPAddress: 192.168.11.16 name:vlan11
12-14 03:22:33.777 2716 2716 I hpplay-java: [main]:IPManager:updateIPAddress getIPAddress: 192.168.0.16 name:vlan0
12-14 03:22:33.777 2716 2716 I hpplay-java: [main]:IPManager:updateIPAddress getIPAddress: 192.168.2.16 name:vlan2
12-14 03:22:33.777 2716 2716 I hpplay-java: [main]:IPManager:updateIPAddress getIPAddress: 192.168.1.16 name:vlan1
12-14 03:22:33.778 2716 2716 I hpplay-java: [main]:ServerTaskManager:get local ip:192.168.0.18
12-14 03:22:33.778 2716 2716 I hpplay-java: [main]:ServerTaskManager:exeTask ignore, reason: TaskList is clear
12-14 03:22:33.778 3936 3936 I MinkSocketFd: connected
12-14 03:22:33.779 3986 4000 V CredentialHelper: Processing credentials for uid = 10078
12-14 03:22:33.788 788 4002 I minksocket: MinkSocket_recvInvocationRequest: SMCINVOKE_IOCTL_LOG peer gid=10056 uid=10056 invoke=1, o.invoke=0x62e51280d0, o.context=0xb400007a89bd0710
12-14 03:22:33.789 788 4002 I ssgtzd : served new env
12-14 03:22:33.790 3936 3936 I LTELicenseManager: onConnect called
12-14 03:22:33.791 788 4004 I minksocket: MinkSocket_recvInvocationRequest: SMCINVOKE_IOCTL_LOG peer gid=10056 uid=10056 invoke=1, o.invoke=0x62e512baa0, o.context=0xb400007a49bd6460
12-14 03:22:33.791 788 4004 E minksocket: MinkSocket_recvInvocationRequest: err=-98, SMCINVOKE_IOCTL_LOG, peer gid=10056 uid=10056 invoke=1
12-14 03:22:33.794 3936 3936 I LTELicenseManager: Before calling CheckInstalledLicense
12-14 03:22:33.802 3936 3936 E LTELicenseManager: Error code 29
12-14 03:22:33.802 3936 3936 E LTELicenseManager: Exception InvokeException, err=29
12-14 03:22:33.802 3936 3936 W System.err: com.qualcomm.qti.qms.api.mink.IMinkObject$InvokeException: InvokeException, err=29
12-14 03:22:33.802 3936 3936 W System.err: at com.qualcomm.qti.qms.api.mink.CMinkObject.nativeInvoke(Native Method)
12-14 03:22:33.802 3936 3936 W System.err: at com.qualcomm.qti.qms.api.mink.CMinkObject.invoke(CMinkObject.java:55)
12-14 03:22:33.802 3936 3936 W System.err: at com.qualcomm.qti.mink.IPFM$Proxy.CheckInstalledLicense(IPFM.java:164)
12-14 03:22:33.803 3936 3936 W System.err: at com.qualcomm.ltebc.LTELicenseManager$1.onConnect(LTELicenseManager.java:137)
12-14 03:22:33.803 3936 3936 W System.err: at com.qualcomm.qti.qms.api.minksocket.MinkSocketFdInternals$1.onServiceConnected(MinkSocketFdInternals.java:53)
12-14 03:22:33.803 3936 3936 W System.err: at android.app.LoadedApk$ServiceDispatcher.doConnected(LoadedApk.java:2077)
12-14 03:22:33.803 3936 3936 W System.err: at android.app.LoadedApk$ServiceDispatcher$RunConnection.run(LoadedApk.java:2110)
12-14 03:22:33.803 3936 3936 W System.err: at android.os.Handler.handleCallback(Handler.java:938)
12-14 03:22:33.803 3936 3936 W System.err: at android.os.Handler.dispatchMessage(Handler.java:99)
12-14 03:22:33.803 3936 3936 W System.err: at android.os.Looper.loopOnce(Looper.java:201)
12-14 03:22:33.803 3936 3936 W System.err: at android.os.Looper.loop(Looper.java:288)
12-14 03:22:33.803 3936 3936 W System.err: at android.app.ActivityThread.main(ActivityThread.java:7880)
12-14 03:22:33.803 3936 3936 W System.err: at java.lang.reflect.Method.invoke(Native Method)
12-14 03:22:33.803 3936 3936 W System.err: at com.android.internal.os.RuntimeInit$MethodAndArgsCaller.run(RuntimeInit.java:548)
12-14 03:22:33.803 3936 3936 W System.err: at com.android.internal.os.ZygoteInit.main(ZygoteInit.java:1009)
12-14 03:22:33.805 3936 3936 I LTELicenseManager: onDisconnect called
12-14 03:22:33.805 3936 3936 I LTELicenseManager: saveLicenseInSharedPreferences false
12-14 03:22:33.810 3936 3936 D LTELicenseManager: processLicenseCheck notify caller license validity false
12-14 03:22:33.810 3936 3936 I LTEBC Init Manager: onLicenseCheckComplete 3 isValid false
12-14 03:22:33.810 3936 3936 V LTE Application: initStateChanged - LTEBC_INIT_LICENSE_ERROR
12-14 03:22:33.810 3936 3936 I LTE Application: Error during ltebc initialization
12-14 03:22:33.814 3936 3936 I LTE-FD Service:: LTEFileDeliveryServiceHelper get connection manager : Thread[Thread-2,5,main]
12-14 03:22:33.814 3936 3936 I LTE Application: isAnyAppBindedWithMW : No Application is binded with MW
12-14 03:22:33.814 3936 3936 I LTEBC Init Manager: onLicenseCheckComplete failed, hence calling explicit stop
12-14 03:22:33.814 3936 3936 I LTE Application: explicitStop initState LTEBC_INIT_LICENSE_ERROR
12-14 03:22:33.815 3936 3936 I LTE Root Service: onDestroy
12-14 03:22:33.816 3936 3981 I LTEBC Init Manager: handleStartDeInitialization()
12-14 03:22:33.816 3936 3981 I LTE Application: isAnyAppBindedWithMW : No Application is binded with MW
12-14 03:22:33.816 3936 3981 I LTEBC Init Manager: forceExit() Force Killing MSP as sKeepAlive is not ZERO, sKeepAlive:1
12-14 03:22:33.816 3936 3981 I LTE Application: shutdownApp
12-14 03:22:33.816 3936 3981 I LTE Application: shutdownApp : after jshutdown()
12-14 03:22:33.816 3936 3981 I LTE Application: shutdownApp : calling Disconnect from Ebmbs
12-14 03:22:33.816 3936 3981 D LTE Application: IntentSender : Last intent Status INACTIVE_SENT forcedBroadcast flag = false
12-14 03:22:33.816 3936 3981 I LTE Application: shutdownApp : calling Connection Mgr shutdown()
12-14 03:22:33.816 3936 3981 W SOCEKT : Connection Thread shutdown
12-14 03:22:33.816 3936 3981 W SOCEKT : Recieve thread Pool shutdown
12-14 03:22:33.816 3936 3981 I LTE Application: shutdownApp : calling Ltebc exit
12-14 03:22:33.817 3936 3981 I com.qti.ltebc: System.exit called, status: 0
12-14 03:22:33.817 3936 3981 I AndroidRuntime: VM exiting with result code 0, cleanup skipped.
12-14 03:22:33.844 1500 2752 I ActivityManager: Process com.qti.ltebc (pid 3936) has died: cch+5 CEM
12-14 03:22:33.844 1500 1630 I libprocessgroup: Successfully killed process cgroup uid 10078 pid 3936 in 0ms
12-14 03:22:33.845 661 661 I Zygote : Process 3936 exited cleanly (0)
01-01 09:20:38.545 0 0 I [schedu][0x1c616bd1][03:22:34.004958] wlan: [3400:I:PE] RX: [802.11 BCN_RPT] seq:3699 SSID:TP-LINK_Figure_6d0405 BSSID:6c:b1:58:0f:7d:3b Token:47 op_class:125 ch:157 meas_mode:1 meas_duration:50 max_dur: 1 sign: 0 max_meas_dur: 100
12-14 03:22:34.005 826 3426 I WifiHAL : send gennl msg of len : 156 to apps
12-14 03:22:34.005 826 3426 I WifiHAL : send gennl msg of len : 156 to apps
12-14 03:22:34.006 1249 1249 I cnss-daemon: Ready to update GW parameters
12-14 03:22:34.006 1283 3928 D LOWI-9.0.0.87.a: [LOWI-Scan] wait_event:Wait done with Cmd 59
12-14 03:22:34.006 1283 3928 D LOWI-9.0.0.87.a: [LOWI-Scan] parse_action_frame - wlanFrameStore.numFrames: 0
12-14 03:22:34.006 1283 3928 D LOWI-9.0.0.87.a: [LOWI-Scan] parse_action_frame: Frame received - frame length 77, Total Frames received: 1
12-14 03:22:34.006 1283 3928 D LOWI-9.0.0.87.a: [LOWI-Scan] do_listen_events: Rcvd valid netlink Cmd 59 Err 0 on monitor socket
12-14 03:22:34.006 1283 3928 D LOWI-9.0.0.87.a: [LOWI-Scan] do_listen_events - NL80211_CMD_FRAME received.Stop waiting on Netlink socket - cmd: 59
12-14 03:22:34.007 1283 3928 D LOWI-9.0.0.87.a: [LOWI-Scan]
12-14 03:22:34.007 1283 3928 D LOWI-9.0.0.87.a: [LOWI-Scan] print_bss_handler: Report Probe TSF 19617926 as it greater than Beacon TSF 0
12-14 03:22:34.007 1283 3928 D LOWI-9.0.0.87.a: [LOWI-Scan] decode_rsn_wpa_ie: LOWI_ENCRYPTION_TYPE_WPA_PSK
12-14 03:22:34.007 1283 3928 D LOWI-9.0.0.87.a: [LOWI-Scan] is_qcom_ie, bss_age: 0
12-14 03:22:34.007 1283 3928 D LOWI-9.0.0.87.a: [LOWI-Scan] BSS 62:ae:8f:61:d1:2e LOWI_PHY_MODE_11AC_VHT80(10), Beacon Interval: 100, LOWI_ENCRYPTION_TYPE_WPA_PSK 11mcRanging: No, ANQP: No, LCI: No, Civic: No, capability(0x1031): ESS Privacy ShortPreamble
12-14 03:22:34.007 1283 3928 D LOWI-9.0.0.87.a: [LOWI-Scan] BSS 62:ae:8f:61:d1:2e FREQ: 5180, cFreq1[40:80:160] = [5190:5210:0] cFreq2 = 0 Country Code =
12-14 03:22:34.007 1283 3928 D LOWI-9.0.0.87.a: [LOWI-Scan] BSS 62:ae:8f:61:d1:2e (wlan0) ASSO: NO AddInfo: 0x0, TSF 0, 00:00:19.617, RSSI: -124, CPL: 127, AGE: 2960, SSID GM_VCU_MM_5G, TSFDelta: 0x5aacee86, TXRate: 0
12-14 03:22:34.007 1283 3928 D LOWI-9.0.0.87.a: [LOWI-Scan]
12-14 03:22:34.007 1283 3928 D LOWI-9.0.0.87.a: [LOWI-Scan] print_bss_handler: Report beacon TSF 19623186 as it greater than probe TSF 19619359
12-14 03:22:34.007 1283 3928 D LOWI-9.0.0.87.a: [LOWI-Scan] decode_rsn_wpa_ie: LOWI_ENCRYPTION_TYPE_WPA_PSK
12-14 03:22:34.007 1283 3928 D LOWI-9.0.0.87.a: [LOWI-Scan] is_qcom_ie, bss_age: 0
12-14 03:22:34.007 1283 3928 D LOWI-9.0.0.87.a: [LOWI-Scan] BSS 18:6f:2d:81:18:90 LOWI_PHY_MODE_11AC_VHT20(8), Beacon Interval: 100, LOWI_ENCRYPTION_TYPE_WPA_PSK 11mcRanging: No, ANQP: No, LCI: No, Civic: No, capability(0x0111): ESS Privacy SpectrumMgmt
12-14 03:22:34.008 1283 3928 D LOWI-9.0.0.87.a: [LOWI-Scan] BSS 18:6f:2d:81:18:90 FREQ: 5180, cFreq1[40:80:160] = [5180:0:0] cFreq2 = 0 Country Code = CN
12-14 03:22:34.008 1283 3928 D LOWI-9.0.0.87.a: [LOWI-Scan] BSS 18:6f:2d:81:18:90 (wlan0) ASSO: NO AddInfo: 0x1, TSF 0, 00:00:19.623, RSSI: -148, CPL: 127, AGE: 2956, SSID Testing , TSFDelta: 0xa239a937, TXRate: 0
12-14 03:22:34.008 1283 3928 D LOWI-9.0.0.87.a: [LOWI-Scan]
12-14 03:22:34.008 1283 3928 D LOWI-9.0.0.87.a: [LOWI-Scan] print_bss_handler: Report beacon TSF 19623474 as it greater than probe TSF 19620329
12-14 03:22:34.008 1283 3928 D LOWI-9.0.0.87.a: [LOWI-Scan] is_qcom_ie, bss_age: 0
12-14 03:22:34.008 1283 3928 D LOWI-9.0.0.87.a: [LOWI-Scan] BSS 18:6f:2d:81:18:91 LOWI_PHY_MODE_11AC_VHT20(8), Beacon Interval: 100, LOWI_ENCRYPTION_TYPE_OPEN 11mcRanging: No, ANQP: No, LCI: No, Civic: No, capability(0x0101): ESS SpectrumMgmt
12-14 03:22:34.008 1283 3928 D LOWI-9.0.0.87.a: [LOWI-Scan] BSS 18:6f:2d:81:18:91 FREQ: 5180, cFreq1[40:80:160] = [5180:0:0] cFreq2 = 0 Country Code = CN
12-14 03:22:34.008 1283 3928 D LOWI-9.0.0.87.a: [LOWI-Scan] BSS 18:6f:2d:81:18:91 (wlan0) ASSO: NO AddInfo: 0x1, TSF 0, 00:00:19.623, RSSI: -148, CPL: 127, AGE: 2956, SSID Guest, TSFDelta: 0xa23c7c55, TXRate: 0
12-14 03:22:34.008 1283 3928 D LOWI-9.0.0.87.a: [LOWI-Scan]
12-14 03:22:34.008 1283 3928 D LOWI-9.0.0.87.a: [LOWI-Scan] print_bss_handler: Report beacon TSF 19623812 as it greater than probe TSF 19620361
12-14 03:22:34.008 1283 3928 D LOWI-9.0.0.87.a: [LOWI-Scan] decode_rsn_wpa_ie: LOWI_ENCRYPTION_TYPE_WPA_PSK
12-14 03:22:34.008 1283 3928 D LOWI-9.0.0.87.a: [LOWI-Scan] is_qcom_ie, bss_age: 0
