01-01 09:20:30.627 0 0 I [kworke][0x1351d37b][03:22:26.087406] wlan: [334:I:HIF] hif_pci_enable_bus: con_mode = 0x0, WLAN_SOC_device_id = 0x1101
01-01 09:20:30.627 0 0 I [kworke][0x1351d44a][03:22:26.087417] wlan: [334:I:HIF] hif_pci_enable_bus: hif_enable_pci done
01-01 09:20:30.627 0 0 I [kworke][0x1351d8a2][03:22:26.087475] wlan: [334:I:HIF] *********** QCA6390 *************
01-01 09:20:30.627 0 0 I [kworke][0x1351da7a][03:22:26.087500] wlan: [334:I:HIF] hif_pci_enable_bus: hif_type = 0x12, target_type = 0x17
01-01 09:20:30.627 0 0 I [kworke][0x1351daf6][03:22:26.087506] wlan: [334:I:HIF] hif_register_tbl_attach: HIF_TYPE_QCA6390
01-01 09:20:30.627 0 0 I [kworke][0x1351db6a][03:22:26.087512] wlan: [334:I:HIF] hif_target_register_tbl_attach: TARGET_TYPE_QCA6390
01-01 09:20:30.627 0 0 I [kworke][0x1351dbd6][03:22:26.087518] wlan: [334:I:HIF] hif_pci_enable_bus:Skip tgt_wake up for srng devices
01-01 09:20:30.627 0 0 E [kworke][0x1351eebc][03:22:26.087770] wlan: [334:E:TXRX] hif_print_hal_shadow_register_cfg: num_config 28
01-01 09:20:30.627 0 0 I [kworke][0x1351ef54][03:22:26.087778] wlan: [334:I:TXRX] hif_print_hal_shadow_register_cfg: i 0, val a3b034
01-01 09:20:30.627 0 0 I [kworke][0x1351ef73][03:22:26.087779] wlan: [334:I:TXRX] hif_print_hal_shadow_register_cfg: i 1, val a3b03c
01-01 09:20:30.627 0 0 I [kworke][0x1351efe7][03:22:26.087785] wlan: [334:I:TXRX] hif_print_hal_shadow_register_cfg: i 2, val a3b044
01-01 09:20:30.628 0 0 I [kworke][0x1351f004][03:22:26.087787] wlan: [334:I:TXRX] hif_print_hal_shadow_register_cfg: i 3, val a3b04c
01-01 09:20:30.628 0 0 I [kworke][0x1351f020][03:22:26.087788] wlan: [334:I:TXRX] hif_print_hal_shadow_register_cfg: i 4, val a3b054
01-01 09:20:30.628 0 0 I [kworke][0x1351f03a][03:22:26.087790] wlan: [334:I:TXRX] hif_print_hal_shadow_register_cfg: i 5, val a3b028
01-01 09:20:30.628 0 0 I [kworke][0x1351f054][03:22:26.087791] wlan: [334:I:TXRX] hif_print_hal_shadow_register_cfg: i 6, val a3b020
01-01 09:20:30.628 0 0 I [kworke][0x1351f06e][03:22:26.087792] wlan: [334:I:TXRX] hif_print_hal_shadow_register_cfg: i 7, val a3b06c
01-01 09:20:30.628 0 0 I [kworke][0x1351f088][03:22:26.087794] wlan: [334:I:TXRX] hif_print_hal_shadow_register_cfg: i 8, val a46000
01-01 09:20:30.628 0 0 I [kworke][0x1351f0a2][03:22:26.087795] wlan: [334:I:TXRX] hif_print_hal_shadow_register_cfg: i 9, val a46008
01-01 09:20:30.628 0 0 I [kworke][0x1351f0bc][03:22:26.087796] wlan: [334:I:TXRX] hif_print_hal_shadow_register_cfg: i 10, val a46010
01-01 09:20:30.628 0 0 I [kworke][0x1351f0d8][03:22:26.087798] wlan: [334:I:TXRX] hif_print_hal_shadow_register_cfg: i 11, val a46018
01-01 09:20:30.628 0 0 I [kworke][0x1351f0f3][03:22:26.087799] wlan: [334:I:TXRX] hif_print_hal_shadow_register_cfg: i 12, val a46034
01-01 09:20:30.628 0 0 I [kworke][0x1351f10e][03:22:26.087801] wlan: [334:I:TXRX] hif_print_hal_shadow_register_cfg: i 13, val a370b0
01-01 09:20:30.628 0 0 I [kworke][0x1351f129][03:22:26.087802] wlan: [334:I:TXRX] hif_print_hal_shadow_register_cfg: i 14, val a37018
01-01 09:20:30.628 0 0 I [kworke][0x1351f145][03:22:26.087804] wlan: [334:I:TXRX] hif_print_hal_shadow_register_cfg: i 15, val a370c4
01-01 09:20:30.628 0 0 I [kworke][0x1351f161][03:22:26.087805] wlan: [334:I:TXRX] hif_print_hal_shadow_register_cfg: i 16, val a370cc
01-01 09:20:30.628 0 0 I [kworke][0x1351f17d][03:22:26.087807] wlan: [334:I:TXRX] hif_print_hal_shadow_register_cfg: i 17, val a370d4
01-01 09:20:30.628 0 0 I [kworke][0x1351f199][03:22:26.087808] wlan: [334:I:TXRX] hif_print_hal_shadow_register_cfg: i 18, val a370dc
01-01 09:20:30.628 0 0 I [kworke][0x1351f1b6][03:22:26.087809] wlan: [334:I:TXRX] hif_print_hal_shadow_register_cfg: i 19, val a00400
01-01 09:20:30.628 0 0 I [kworke][0x1351f1d7][03:22:26.087811] wlan: [334:I:TXRX] hif_print_hal_shadow_register_cfg: i 20, val a03400
01-01 09:20:30.628 0 0 I [kworke][0x1351f1f4][03:22:26.087813] wlan: [334:I:TXRX] hif_print_hal_shadow_register_cfg: i 21, val a0340c
01-01 09:20:30.628 0 0 I [kworke][0x1351f212][03:22:26.087814] wlan: [334:I:TXRX] hif_print_hal_shadow_register_cfg: i 22, val a05400
01-01 09:20:30.628 0 0 I [kworke][0x1351f232][03:22:26.087816] wlan: [334:I:TXRX] hif_print_hal_shadow_register_cfg: i 23, val a0540c
01-01 09:20:30.628 0 0 I [kworke][0x1351f251][03:22:26.087818] wlan: [334:I:TXRX] hif_print_hal_shadow_register_cfg: i 24, val a06400
01-01 09:20:30.628 0 0 I [kworke][0x1351f26f][03:22:26.087819] wlan: [334:I:TXRX] hif_print_hal_shadow_register_cfg: i 25, val a08400
01-01 09:20:30.628 0 0 I [kworke][0x1351f28d][03:22:26.087821] wlan: [334:I:TXRX] hif_print_hal_shadow_register_cfg: i 26, val a0b400
01-01 09:20:30.628 0 0 I [kworke][0x1351f2ab][03:22:26.087822] wlan: [334:I:TXRX] hif_print_hal_shadow_register_cfg: i 27, val a0b40c
01-01 09:20:30.628 0 0 D cnss : Mode: 0, config: 0000000000000000, host_version: 5.2.022.10G
01-01 09:20:30.628 0 0 D cnss : Sending WLAN config message, state: 0x17
01-01 09:20:30.629 0 0 D cnss : Sending mode message, mode: MISSION(0), state: 0x17
12-14 03:22:26.094 1500 1500 I Telecom : BluetoothStateReceiver: Device 9C:19:C2:27:BA:EF changed state to 1: BSR.oR@ABA
12-14 03:22:26.110 1500 2361 D CompatibilityChangeReporter: Compat change id reported: 171306433; UID 10033; state: DISABLED
01-01 09:20:30.652 0 0 D cnss : Received QMI WLFW pin connect result indication
01-01 09:20:30.652 0 0 D cnss : Pin connect Result: pwr_pin: 0x1 phy_io_pin: 0x0 rf_io_pin: 0x0
01-01 09:20:30.652 0 0 D cnss : Assign MSI to user: CE, num_vectors: 10, user_base_data: 803, base_vector: 3
01-01 09:20:30.652 0 0 I [kworke][0x13592034][03:22:26.112323] wlan: [334:I:HIF] ce_srng_dest_ring_setup: ce_id 1
01-01 09:20:30.652 0 0 D cnss : Assign MSI to user: CE, num_vectors: 10, user_base_data: 803, base_vector: 3
01-01 09:20:30.652 0 0 I [kworke][0x135928ee][03:22:26.112439] wlan: [334:I:HIF] ce_srng_status_ring_setup: ce_id 1
01-01 09:20:30.652 0 0 D cnss : Assign MSI to user: CE, num_vectors: 10, user_base_data: 803, base_vector: 3
01-01 09:20:30.652 0 0 I [kworke][0x13592f6f][03:22:26.112526] wlan: [334:I:HIF] ce_srng_dest_ring_setup: ce_id 2
01-01 09:20:30.652 0 0 D cnss : Assign MSI to user: CE, num_vectors: 10, user_base_data: 803, base_vector: 3
01-01 09:20:30.652 0 0 I [kworke][0x13593a44][03:22:26.112670] wlan: [334:I:HIF] ce_srng_status_ring_setup: ce_id 2
01-01 09:20:30.652 0 0 D cnss : Assign MSI to user: CE, num_vectors: 10, user_base_data: 803, base_vector: 3
01-01 09:20:30.653 0 0 D cnss : Assign MSI to user: CE, num_vectors: 10, user_base_data: 803, base_vector: 3
01-01 09:20:30.653 0 0 I [kworke][0x13594ee5][03:22:26.112945] wlan: [334:I:HIF] ce_srng_dest_ring_setup: ce_id 5
01-01 09:20:30.653 0 0 D cnss : Assign MSI to user: CE, num_vectors: 10, user_base_data: 803, base_vector: 3
01-01 09:20:30.653 0 0 I [kworke][0x13596595][03:22:26.113248] wlan: [334:I:HIF] ce_srng_status_ring_setup: ce_id 5
01-01 09:20:30.653 0 0 D cnss : Assign MSI to user: CE, num_vectors: 10, user_base_data: 803, base_vector: 3
01-01 09:20:30.653 0 0 I [kworke][0x13597f0a][03:22:26.113587] wlan: [334:I:HIF] hif_configure_irq: E
01-01 09:20:30.653 0 0 D cnss : Assign MSI to user: WAKE, num_vectors: 1, user_base_data: 813, base_vector: 13
01-01 09:20:30.653 0 0 D cnss : Get IRQ number 363 for vector index 13
01-01 09:20:30.653 0 0 D cnss : Assign MSI to user: CE, num_vectors: 10, user_base_data: 803, base_vector: 3
01-01 09:20:30.653 0 0 D cnss : Get IRQ number 353 for vector index 3
01-01 09:20:30.653 0 0 D cnss : Get IRQ number 354 for vector index 4
01-01 09:20:30.653 0 0 D cnss : Get IRQ number 355 for vector index 5
01-01 09:20:30.653 0 0 D cnss : Get IRQ number 356 for vector index 6
01-01 09:20:30.653 0 0 D cnss : Get IRQ number 358 for vector index 8
01-01 09:20:30.654 0 0 D cnss : Get IRQ number 359 for vector index 9
01-01 09:20:30.654 0 0 D cnss : Get IRQ number 361 for vector index 11
01-01 09:20:30.654 0 0 E [kworke][0x13599c90][03:22:26.113981] wlan: [334:E:mlme] mlme_init_reg_cfg: 2374: null pdev
01-01 09:20:30.654 0 0 E [kworke][0x1359a1fb][03:22:26.114053] wlan: [334:E:WMI] WMI handle is NULL
01-01 09:20:30.654 0 0 I [kworke][0x1359a4dd][03:22:26.114092] wlan: [334:I:HIF] Initializing Runtime PM wakelock &p2p_soc_obj->roc_runtime_lock
01-01 09:20:30.654 0 0 D cnss : Platform cap_flag is 0x4
01-01 09:20:30.654 0 0 E [kworke][0x1359a6d7][03:22:26.114118] wlan: [334:E:QDF] cds_get_context: 1486: Module ID 66 context is Null
01-01 09:20:30.657 0 0 E [kworke][0x135a7249][03:22:26.116830] wlan: [334:E:QDF] cds_get_context: 1486: Module ID 66 context is Null
01-01 09:20:30.660 0 0 I [kworke][0x135b7b30][03:22:26.120363] wlan: [334:I:HIF] Initializing Runtime PM wakelock &psoc_wakelock->wmi_cmd_rsp_runtime_lock
01-01 09:20:30.660 0 0 F [kworke][0x135b8708][03:22:26.120521] wlan: [334:F:WMA] WMA --> wmi_unified_attach - success
01-01 09:20:30.661 0 0 I [kworke][0x135baa75][03:22:26.120993] wlan: [334:I:HIF] Initializing Runtime PM wakelock &vdev->vdev_set_key_runtime_wakelock
01-01 09:20:30.661 0 0 I [kworke][0x135bbbe9][03:22:26.121226] wlan: [334:I:HIF] Initializing Runtime PM wakelock &vdev->vdev_set_key_runtime_wakelock
01-01 09:20:30.661 0 0 I [kworke][0x135bcc14][03:22:26.121441] wlan: [334:I:HIF] Initializing Runtime PM wakelock &vdev->vdev_set_key_runtime_wakelock
01-01 09:20:30.661 0 0 I [kworke][0x135be0a3][03:22:26.121715] wlan: [334:I:HIF] Initializing Runtime PM wakelock &vdev->vdev_set_key_runtime_wakelock
01-01 09:20:30.662 0 0 I [kworke][0x135bf20e][03:22:26.121947] wlan: [334:I:HIF] Initializing Runtime PM wakelock &vdev->vdev_set_key_runtime_wakelock
01-01 09:20:30.662 0 0 I [kworke][0x135c01bc][03:22:26.122157] wlan: [334:I:HIF] Initializing Runtime PM wakelock &vdev->vdev_set_key_runtime_wakelock
01-01 09:20:30.662 0 0 I [kworke][0x135c1da0][03:22:26.122528] wlan: [334:I:HIF] Initializing Runtime PM wakelock &wma_handle->wmi_cmd_rsp_runtime_lock
01-01 09:20:30.662 0 0 I [kworke][0x135c1f2b][03:22:26.122549] wlan: [334:I:HIF] Initializing Runtime PM wakelock &wma_handle->sap_prevent_runtime_pm_lock
12-14 03:22:26.126 3136 3396 E ActivityThread: Failed to find provider info for telephony
01-01 09:20:30.670 0 0 E [kworke][0x135e4574][03:22:26.129887] wlan: [334:E:QDF] htc_wait_target: 684: Target Ready! TX resource : 1 size:2176, MaxMsgsPerHTCBundle = 1
01-01 09:20:30.670 0 0 E [kworke][0x135e4793][03:22:26.129914] wlan: [334:E:QDF] htc_setup_target_buffer_assignments: 576: SVS Index : 1 TX : 0x100 : alloc:1
01-01 09:20:30.670 0 0 D cnss : Assign MSI to user: DP, num_vectors: 18, user_base_data: 814, base_vector: 14
01-01 09:20:30.670 0 0 I [kworke][0x135e5f2d][03:22:26.130229] wlan: [334:I:HIF] +hif_update_pipe_callback pipeid 5
01-01 09:20:30.670 0 0 I [kworke][0x135e5fcf][03:22:26.130237] wlan: [334:I:HIF] -hif_update_pipe_callback
01-01 09:20:30.670 0 0 D cnss : Assign MSI to user: DP, num_vectors: 18, user_base_data: 814, base_vector: 14
01-01 09:20:30.671 0 0 E [kworke][0x135ebaf8][03:22:26.131453] wlan: [334:E:DP] dp_srng_get_str_from_hal_ring_type: 7726: Invalid ring type
01-01 09:20:30.671 0 0 D cnss : Assign MSI to user: DP, num_vectors: 18, user_base_data: 814, base_vector: 14
01-01 09:20:30.672 0 0 D cnss : Assign MSI to user: DP, num_vectors: 18, user_base_data: 814, base_vector: 14
01-01 09:20:30.672 0 0 D cnss : Assign MSI to user: DP, num_vectors: 18, user_base_data: 814, base_vector: 14
01-01 09:20:30.672 0 0 D cnss : Assign MSI to user: DP, num_vectors: 18, user_base_data: 814, base_vector: 14
01-01 09:20:30.672 0 0 D cnss : Assign MSI to user: DP, num_vectors: 18, user_base_data: 814, base_vector: 14
01-01 09:20:30.672 0 0 D cnss : Assign MSI to user: DP, num_vectors: 18, user_base_data: 814, base_vector: 14
01-01 09:20:30.672 0 0 D cnss : Assign MSI to user: DP, num_vectors: 18, user_base_data: 814, base_vector: 14
01-01 09:20:30.676 0 0 D cnss : Assign MSI to user: DP, num_vectors: 18, user_base_data: 814, base_vector: 14
01-01 09:20:30.676 0 0 I [kworke][0x1360069e][03:22:26.135875] wlan: [334:I:DP] dp_tx_soc_attach Tx Desc Alloc num_pool = 4, descs = 4096
01-01 09:20:30.676 0 0 I [kworke][0x1360146e][03:22:26.136059] wlan: [334:I:DP] dp_tx_soc_attach MSDU Ext Desc Alloc 4, descs = 4096
01-01 09:20:30.676 0 0 I [kworke][0x13602b8d][03:22:26.136367] wlan: [334:I:DP] dp_tx_soc_attach HAL Tx init Success
01-01 09:20:30.676 0 0 D cnss : Assign MSI to user: DP, num_vectors: 18, user_base_data: 814, base_vector: 14
01-01 09:20:30.676 0 0 D cnss : Assign MSI to user: DP, num_vectors: 18, user_base_data: 814, base_vector: 14
01-01 09:20:30.676 0 0 I [kworke][0x13603470][03:22:26.136486] wlan: [334:I:DP] dp_soc_cmn_setup: 3274: num_reo_dest_rings 4
01-01 09:20:30.676 0 0 D cnss : Assign MSI to user: DP, num_vectors: 18, user_base_data: 814, base_vector: 14
01-01 09:20:30.676 0 0 D cnss : Assign MSI to user: DP, num_vectors: 18, user_base_data: 814, base_vector: 14
01-01 09:20:30.676 0 0 D cnss : Assign MSI to user: DP, num_vectors: 18, user_base_data: 814, base_vector: 14
01-01 09:20:30.676 0 0 D cnss : Assign MSI to user: DP, num_vectors: 18, user_base_data: 814, base_vector: 14
01-01 09:20:30.676 0 0 D cnss : Assign MSI to user: DP, num_vectors: 18, user_base_data: 814, base_vector: 14
01-01 09:20:30.676 0 0 D cnss : Assign MSI to user: DP, num_vectors: 18, user_base_data: 814, base_vector: 14
01-01 09:20:30.676 0 0 D cnss : Assign MSI to user: DP, num_vectors: 18, user_base_data: 814, base_vector: 14
01-01 09:20:30.677 0 0 D cnss : Assign MSI to user: DP, num_vectors: 18, user_base_data: 814, base_vector: 14
01-01 09:20:30.677 0 0 D cnss : Assign MSI to user: DP, num_vectors: 18, user_base_data: 814, base_vector: 14
01-01 09:20:30.677 0 0 D cnss : Assign MSI to user: DP, num_vectors: 18, user_base_data: 814, base_vector: 14
01-01 09:20:30.677 0 0 D cnss : Assign MSI to user: DP, num_vectors: 18, user_base_data: 814, base_vector: 14
01-01 09:20:30.677 0 0 I [kworke][0x136062db][03:22:26.137105] wlan: [334:I:HAL] hal_reo_set_err_dst_remap_6390: 1024: HWIO_REO_R0_ERROR_DESTINATION_MAPPING_IX_0 0x28005b6d
01-01 09:20:30.677 0 0 D cnss : Assign MSI to user: DP, num_vectors: 18, user_base_data: 814, base_vector: 14
01-01 09:20:30.677 0 0 D cnss : Assign MSI to user: DP, num_vectors: 18, user_base_data: 814, base_vector: 14
01-01 09:20:30.677 0 0 D cnss : Assign MSI to user: DP, num_vectors: 18, user_base_data: 814, base_vector: 14
01-01 09:20:30.677 0 0 D cnss : Assign MSI to user: DP, num_vectors: 18, user_base_data: 814, base_vector: 14
01-01 09:20:30.677 0 0 D cnss : Assign MSI to user: DP, num_vectors: 18, user_base_data: 814, base_vector: 14
01-01 09:20:30.677 0 0 D cnss : Assign MSI to user: DP, num_vectors: 18, user_base_data: 814, base_vector: 14
01-01 09:20:30.679 0 0 I [kworke][0x13612b57][03:22:26.139778] wlan: [334:I:DP] Peer pool init
01-01 09:20:30.680 0 0 W [kworke][0x1361329f][03:22:26.139875] wlan: [334:W:DP] dp_rx_pdev_mon_attach: pdev attach id=0
01-01 09:20:30.681 0 0 D cnss : Assign MSI to user: DP, num_vectors: 18, user_base_data: 814, base_vector: 14
01-01 09:20:30.681 0 0 D cnss : Get IRQ number 364 for vector index 14
01-01 09:20:30.681 0 0 D cnss : Assign MSI to user: DP, num_vectors: 18, user_base_data: 814, base_vector: 14
01-01 09:20:30.681 0 0 D cnss : Get IRQ number 365 for vector index 15
01-01 09:20:30.681 0 0 D cnss : Assign MSI to user: DP, num_vectors: 18, user_base_data: 814, base_vector: 14
01-01 09:20:30.681 0 0 D cnss : Get IRQ number 366 for vector index 16
01-01 09:20:30.681 0 0 D cnss : Assign MSI to user: DP, num_vectors: 18, user_base_data: 814, base_vector: 14
01-01 09:20:30.681 0 0 D cnss : Get IRQ number 367 for vector index 17
01-01 09:20:30.681 0 0 D cnss : Assign MSI to user: DP, num_vectors: 18, user_base_data: 814, base_vector: 14
01-01 09:20:30.681 0 0 D cnss : Assign MSI to user: DP, num_vectors: 18, user_base_data: 814, base_vector: 14
01-01 09:20:30.681 0 0 D cnss : Get IRQ number 369 for vector index 19
01-01 09:20:30.681 0 0 D cnss : Assign MSI to user: DP, num_vectors: 18, user_base_data: 814, base_vector: 14
01-01 09:20:30.681 0 0 D cnss : Get IRQ number 370 for vector index 20
01-01 09:20:30.685 0 0 I [kworke][0x1362a64c][03:22:26.144831] wlan: [450:I:WMA] wma_rx_service_ready_event: Firmware build version : 101a0521
01-01 09:20:30.685 0 0 I [kworke][0x1362a774][03:22:26.144846] wlan: [450:I:WMA] wma_rx_service_ready_event: Board id: 0, Board version: 8 0 0 0 6
01-01 09:20:30.689 0 0 I [kworke][0x1363f1f8][03:22:26.149253] wlan: [450:I:WMA] wma_is_dbs_mandatory: 5417: MAC0 does not support both bands 2 DBS is mandatory
01-01 09:20:30.689 0 0 E [kworke][0x1363f787][03:22:26.149327] wlan: [450:E:QDF] copy_fw_abi_version_tlv: 6979: copy_fw_abi_version_tlv: INIT_CMD version: 1, 0, 0x5f414351, 0x4c4d, 0x0, 0x0
01-01 09:20:30.747 0 0 I IRQ 5 : no longer affine to CPU5
12-14 03:22:26.301 1500 2629 D AdbDebuggingManager: Received connected key message: QAAAAOOUWvE1rygT0Ixj09RTp24JWgkxZV3u3V5jhSubR6C/WZQYa7ffTQdyuAiwoA8CIjxxaldaBT3yckdDduN8UKRA/N2VB7S4noZ+Y2n2yO5bbprEDw0ABkd2gtmQVJvQGkF/SsLYyleswkYJRYYK5EKrXFOuH92bfdfLj/KtLnr7T3v2AUdb23LBgCGP5DCECooEicIv/2hGURcyXHqsS/py+4zD4EXKEY1h3uIZKnWvNRVIilPspAK6sFwLMo/T5qcXjVgUuxq5YbmOEaHRe6TH2I+MJ3kzhy5lerS49XPfdThPy/of5E+0LSS2a/thu/nljtqM02hxPEbPUa2JcuCj0KWNIZZsDMV2SPBNxBiA7v+JNPojfE5gP0Jy7cMfO2SbC708x7p3HqU6ENqF5koA7sjcpK68qYfG0Fi6FDh+1XTnPGDk5AIo5eXy2hTc7hNdbURist5VKYTnYpEs4pz4Zj92FBpIiNj99gBzobpk75owQxis11c7bJZq1pCJiSmFEPTcDrv02X3oDIzj7Cs73UA0PD14oMkdQYK7uW+MASmqxEHa0+XnLi5mNXsp3dkaFdEMcDK6wSwC+0yOssdlETEpC4cZts9SQ37E7eMDKfF9m5Gju22KKv3T64iPrmBwhvngKOwxWqahWIHg3ajbUKAe0QY3sLgcEscEi0eFLWD+QgEAAQA= @unknown
12-14 03:22:26.301 1500 1592 D AdbDebuggingManager: Logging key QAAAAOOUWvE1rygT0Ixj09RTp24JWgkxZV3u3V5jhSubR6C/WZQYa7ffTQdyuAiwoA8CIjxxaldaBT3yckdDduN8UKRA/N2VB7S4noZ+Y2n2yO5bbprEDw0ABkd2gtmQVJvQGkF/SsLYyleswkYJRYYK5EKrXFOuH92bfdfLj/KtLnr7T3v2AUdb23LBgCGP5DCECooEicIv/2hGURcyXHqsS/py+4zD4EXKEY1h3uIZKnWvNRVIilPspAK6sFwLMo/T5qcXjVgUuxq5YbmOEaHRe6TH2I+MJ3kzhy5lerS49XPfdThPy/of5E+0LSS2a/thu/nljtqM02hxPEbPUa2JcuCj0KWNIZZsDMV2SPBNxBiA7v+JNPojfE5gP0Jy7cMfO2SbC708x7p3HqU6ENqF5koA7sjcpK68qYfG0Fi6FDh+1XTnPGDk5AIo5eXy2hTc7hNdbURist5VKYTnYpEs4pz4Zj92FBpIiNj99gBzobpk75owQxis11c7bJZq1pCJiSmFEPTcDrv02X3oDIzj7Cs73UA0PD14oMkdQYK7uW+MASmqxEHa0+XnLi5mNXsp3dkaFdEMcDK6wSwC+0yOssdlETEpC4cZts9SQ37E7eMDKfF9m5Gju22KKv3T64iPrmBwhvngKOwxWqahWIHg3ajbUKAe0QY3sLgcEscEi0eFLWD+QgEAAQA= @unknown, state = 4, alwaysAllow = true, lastConnectionTime = 1670959346301, authWindow = 604800000
01-01 09:20:30.876 0 0 E [kworke][0x139aa57d][03:22:26.335967] wlan: [282:E:QDF] ready_extract_init_status_tlv: 8884: ready_extract_init_status_tlv:0
01-01 09:20:30.876 0 0 E [kworke][0x139aab46][03:22:26.336044] wlan: [282:E:QDF] cds_get_context: 1486: Module ID 65 context is Null
01-01 09:20:30.876 0 0 F [kworke][0x139aac04][03:22:26.336054] wlan: [282:F:DP] cdp_ipa_set_uc_tx_partition_base invalid instance
01-01 09:20:30.876 0 0 I [kworke][0x139aad01][03:22:26.336067] wlan: [282:I:WMA] wma_he_update_tgt_services: 996: 11ax is enabled
01-01 09:20:30.877 0 0 I [kworke][0x139af641][03:22:26.337044] wlan: [282:I:HIF] Initializing Runtime PM wakelock &mgmt_txrx_pdev_ctx->wakelock_tx_runtime_cmp
01-01 09:20:30.877 0 0 I [kworke][0x139b0032][03:22:26.337176] wlan: [282:I:dfs] WLAN_DEBUG_DFS_ALWAYS : wlan_dfs_pdev_obj_create_notification: 421: dfs_offload 1
01-01 09:20:30.877 0 0 I [kworke][0x139b013b][03:22:26.337190] wlan: [282:I:SPECTRAL] null_get_capability: 1715: SPECTRAL : get_capability not registered
01-01 09:20:30.877 0 0 I [kworke][0x139b01ba][03:22:26.337196] wlan: [282:I:SPECTRAL] target_if_pdev_spectral_init: 2249: HAL_CAP_PHYDIAG : Capable
01-01 09:20:30.877 0 0 I [kworke][0x139b0232][03:22:26.337203] wlan: [282:I:SPECTRAL] null_get_capability: 1715: SPECTRAL : get_capability not registered
01-01 09:20:30.877 0 0 I [kworke][0x139b02a5][03:22:26.337209] wlan: [282:I:SPECTRAL] target_if_pdev_spectral_init: 2253: HAL_CAP_RADAR : Capable
01-01 09:20:30.877 0 0 I [kworke][0x139b0312][03:22:26.337316] wlan: [282:I:SPECTRAL] null_get_capability: 1715: SPECTRAL : get_capability not registered
01-01 09:20:30.877 0 0 I [kworke][0x139b0b48][03:22:26.337324] wlan: [282:I:SPECTRAL] target_if_pdev_spectral_init: 2258: HAL_CAP_SPECTRAL_SCAN : Capable
01-01 09:20:30.877 0 0 I [kworke][0x139b0bc2][03:22:26.337330] wlan: [282:I:SPECTRAL] null_get_tsf64: 1703: SPECTRAL : get_tsf64 not registered
01-01 09:20:30.877 0 0 I [kworke][0x139b0cc6][03:22:26.337344] wlan: [282:I:GREEN_AP] wlan_green_ap_pdev_obj_create_notification: 106: Green AP creation successful, green ap ctx: 0000000000000000, pdev: 0000000000000000
01-01 09:20:30.877 0 0 I [kworke][0x139b0eb5][03:22:26.337369] wlan: [282:I:IPA] wlan_ipa_wdi_init: 540: ipa_over_gsi: 1, is_smmu_enabled: 1
01-01 09:20:30.877 0 0 I [kworke][0x139b248e][03:22:26.337661] wlan: [282:I:REGULATORY] reg_set_band: 483: set band bitmap: 3
01-01 09:20:30.878 0 0 I [kworke][0x139b38bf][03:22:26.337930] wlan: [282:I:HIF] Initializing Runtime PM wakelock &ctx->dfs
01-01 09:20:30.878 0 0 I [kworke][0x139b3939][03:22:26.337936] wlan: [282:I:HIF] Initializing Runtime PM wakelock &ctx->connect
01-01 09:20:30.878 0 0 I [kworke][0x139b39b2][03:22:26.337943] wlan: [282:I:HIF] Initializing Runtime PM wakelock &ctx->user
01-01 09:20:30.878 0 0 I [kworke][0x139b3a26][03:22:26.337949] wlan: [282:I:HIF] Initializing Runtime PM wakelock &scan_priv->runtime_pm_lock
01-01 09:20:30.878 0 0 I [kworke][0x139b3be3][03:22:26.337972] wlan: [282:I:GREEN_AP] target_if_green_ap_register_egap_event_handler: 131: Set the Enhance Green AP event handler
01-01 09:20:30.878 0 0 E [kworke][0x139b3ccc][03:22:26.337984] wlan: [282:E:QDF] dp_peer_map_attach_wifi3: 10048: dp_peer_map_attach_wifi3 max_peers 55, max_ast_index: 144
01-01 09:20:30.878 0 0 I [kworke][0x139b3db6][03:22:26.337996] wlan: [282:I:DP]
01-01 09:20:30.878 0 0 I : <=== cfg max peer id 55 ====>
01-01 09:20:30.878 0 0 I [kworke][0x139b3e4b][03:22:26.338004] wlan: [282:I:DP]
01-01 09:20:30.878 0 0 I : <=== cfg max ast idx 144 ====>
01-01 09:20:30.878 0 0 I [kworke][0x139b3ec0][03:22:26.338010] wlan: [282:I:DP] ast hash_elems: 512, max_ast_idx: 144
01-01 09:20:30.878 0 0 I [kworke][0x139b4207][03:22:26.338054] wlan: [334:I:WMA] wma_wait_for_ready_event: 6926: FW ready event received
01-01 09:20:30.879 0 0 E [kworke][0x139b7e2e][03:22:26.338856] wlan: [334:E:WMI] send_action_oui_cmd_tlv: 220: Invalid action id
01-01 09:20:30.879 0 0 E [kworke][0x139b7efb][03:22:26.338866] wlan: [334:E:action_oui] ucfg_action_oui_send: 160: Failed to send: 7
01-01 09:20:30.879 0 0 E [kworke][0x139b7f82][03:22:26.338894] wlan: [334:E:WMI] send_action_oui_cmd_tlv: 220: Invalid action id
01-01 09:20:30.879 0 0 E [kworke][0x139b8195][03:22:26.338901] wlan: [334:E:action_oui] ucfg_action_oui_send: 160: Failed to send: 9
01-01 09:20:30.879 0 0 E [kworke][0x139b81e9][03:22:26.338905] wlan: [334:E:HDD] hdd_action_oui_send: 13281: Failed to send one or all action_ouis
01-01 09:20:30.880 0 0 D cnss : dma-coherent is enabled
01-01 09:20:30.880 0 0 D cnss : IOMMU map: iova b0000000, len 4096
01-01 09:20:30.880 0 0 D cnss : IOMMU map: iova_addr b0000040
01-01 09:20:30.880 0 0 D cnss : dma-coherent is enabled
01-01 09:20:30.880 0 0 D cnss : IOMMU map: iova b0001000, len 4096
01-01 09:20:30.880 0 0 D cnss : IOMMU map: iova_addr b0001018
01-01 09:20:30.880 0 0 I [kworke][0x139be41c][03:22:26.340215] wlan: [334:I:SYS] Creating periodic timer for OLBC UPDATE CACHE TIMEOUT
01-01 09:20:30.880 0 0 E [kworke][0x139bea83][03:22:26.340300] wlan: [334:E:TXRX] dp_rxdma_ring_config: 5022: DBS enabled max_mac_rings 2
01-01 09:20:30.880 0 0 E [kworke][0x139beaee][03:22:26.340306] wlan: [334:E:TXRX] dp_rxdma_ring_config: 5033: pdev_id 0 max_mac_rings 2
01-01 09:20:30.880 0 0 E [kworke][0x139beb3b][03:22:26.340310] wlan: [334:E:TXRX] dp_rxdma_ring_config: 5050: mac_id 0
01-01 09:20:30.880 0 0 E [kworke][0x139bed7b][03:22:26.340340] wlan: [334:E:TXRX] dp_rxdma_ring_config: 5050: mac_id 1
01-01 09:20:30.880 0 0 I [kworke][0x139bf68f][03:22:26.340461] wlan: [334:I:POLICY_MGR] policy_mgr_update_5g_scc_prefer: 398: overwrite pm_second_connection_pcl_dbs_2x2_table, index 2 mode 3 system prefer 0 new pcl 6
01-01 09:20:30.880 0 0 I [kworke][0x139bf6cb][03:22:26.340464] wlan: [334:I:POLICY_MGR] policy_mgr_update_5g_scc_prefer: 404: overwrite pm_second_connection_pcl_dbs_2x2_table, index 3 mode 3 system prefer 0 new pcl 6
01-01 09:20:30.880 0 0 E [kworke][0x139bff42][03:22:26.340577] wlan: [334:E:REGULATORY] reg_freq_width_to_chan_op_class: 512: no op class for frequency 5745
01-01 09:20:30.880 0 0 I [kworke][0x139c09d8][03:22:26.340718] wlan: [334:I:HIF] hif_pm_runtime_start: Enabling RUNTIME PM, Delay: 500 ms
01-01 09:20:30.881 0 0 E cnss_utils: WLAN MAC address is not set, type 0
01-01 09:20:30.881 0 0 W cnss_pci 0000: 01:00.0: Falling back to syfs fallback for: wlan/qca_cld/qca6390/wlan_mac.bin
12-14 03:22:26.356 826 826 I android.hardware.wifi@1.0-service: Wifi HAL started
12-14 03:22:26.363 826 826 I android.hardware.wifi@1.0-service: Adding interface handle for wifi-aware0
12-14 03:22:26.363 826 826 I android.hardware.wifi@1.0-service: Adding interface handle for wlan0
12-14 03:22:26.363 826 826 I android.hardware.wifi@1.0-service: Adding interface handle for p2p0
12-14 03:22:26.363 826 826 W android.hardware.wifi@1.0-service: No active wlan interfaces in use! Using default
12-14 03:22:26.363 826 826 W android.hardware.wifi@1.0-service: No active wlan interfaces in use! Using default
01-01 09:20:30.894 0 0 I [kworke][0x13a0133c][03:22:26.354496] wlan: [334:I:HDD] hdd_initialize_mac_address: 12589: using default MAC address
01-01 09:20:30.896 0 0 D cnss : Host time = 17150150 us, device time = 2527000 us, offset = 14623150 us
01-01 09:20:30.896 0 0 D cnss : Updated time sync regs [0x984] = 0xdf21ae, [0x988] = 0x0
01-01 09:20:30.896 0 0 D cnss : Removing vote for Regulator vdd-wlan-rfa2
01-01 09:20:30.896 0 0 D cnss : Removing vote for Regulator vdd-wlan-rfa1
01-01 09:20:30.896 0 0 D cnss : Removing vote for Regulator vdd-wlan-dig
01-01 09:20:30.896 0 0 D cnss : Removing vote for Regulator vdd-wlan-aon
01-01 09:20:30.896 0 0 D cnss : Removing vote for Regulator vdd-wlan-io
01-01 09:20:30.896 0 0 D cnss : PM relax, state: 0x107, count: 0
01-01 09:20:30.896 0 0 D cnss : PM stay awake, state: 0x107, count: 1
01-01 09:20:30.896 0 0 D cnss : PM relax, state: 0x107, count: 0
01-01 09:20:30.901 0 0 I : Wifi Turning On from UI
01-01 09:20:30.901 0 0 I [wifi@1][0x13a21408][03:22:26.361334] wlan: [826:I:DP] dp_vdev_attach_wifi3: wlan_cfg_ap_bridge_enabled 0
01-01 09:20:30.901 0 0 I [wifi@1][0x13a21597][03:22:26.361355] wlan: [826:I:DP] 00000000: 64 22 79 c2 e5 4a 9c ea 22 e8 a6 ae b5 6e fa 0f
01-01 09:20:30.901 0 0 I [wifi@1][0x13a215b8][03:22:26.361356] wlan: [826:I:DP] 00000010: cc 14 33 83
01-01 09:20:30.901 0 0 I [wifi@1][0x13a215ea][03:22:26.361359] wlan: [826:I:DP] 00000000: 9a b1 3c 18 d8 8e b9 e4 92 66 cb d0 40 d4 2e 6b
01-01 09:20:30.901 0 0 I [wifi@1][0x13a21608][03:22:26.361360] wlan: [826:I:DP] 00000010: eb c4 1f b8 64 ad 21 b7 4f 66 a9 b7 8e e7 f7 a6
01-01 09:20:30.901 0 0 I [wifi@1][0x13a21625][03:22:26.361362] wlan: [826:I:DP] 00000020: 35 39 8a 5d c6 c1 16 1c 51 ee 26 aa
01-01 09:20:30.902 0 0 I IPv6 : ADDRCONF(NETDEV_UP): wlan0: link is not ready
01-01 09:20:30.908 0 0 I [lowi-s][0x13a413ad][03:22:26.368156] wlan: [1408:I:wifipos] wifi_pos_get_ch_info: 461: num channels: 26
12-14 03:22:26.367 826 826 I android.hardware.wifi@1.0-service: Configured chip in mode 3
12-14 03:22:26.367 826 826 W android.hardware.wifi@1.0-service: No active wlan interfaces in use! Using default
01-01 09:20:30.917 0 0 E [wifi@1][0x13a6d737][03:22:26.377590] wlan: [3426:E:wifipos] wifi_pos_process_app_reg_req: 608: Received App Req Req pid(377488186), len(16)
01-01 09:20:30.917 0 0 I [wifi@1][0x13a6e582][03:22:26.377780] wlan: [3426:I:wifipos] wifi_pos_get_ch_info: 461: num channels: 26
01-01 09:20:30.918 0 0 I [wifi@1][0x13a70147][03:22:26.378150] wlan: [3426:I:wifipos] wifi_pos_get_ch_info: 461: num channels: 26
01-01 09:20:30.922 0 0 I [wifi@1][0x13a84d47][03:22:26.382577] wlan: [826:I:DP] dp_vdev_attach_wifi3: wlan_cfg_ap_bridge_enabled 1
01-01 09:20:30.922 0 0 E [wifi@1][0x13a85512][03:22:26.382681] wlan: [826:E:PMO] pmo_register_wow_wakeup_events: 88: Skipping wake event configuration for vdev_opmode 16
01-01 09:20:30.922 0 0 E [wifi@1][0x13a859fd][03:22:26.382747] wlan: [826:E:SME] sme_get_nss_chain_shift: 4045: Device mode 16 invalid
01-01 09:20:30.922 0 0 E [wifi@1][0x13a85a40][03:22:26.382750] wlan: [826:E:SME] sme_get_nss_chain_shift: 4045: Device mode 16 invalid
01-01 09:20:30.923 0 0 I IPv6 : ADDRCONF(NETDEV_UP): wifi-aware0: link is not ready
12-14 03:22:26.380 1206 1206 I wificond: createClientInterface: wiphy_index 0 iface_name wlan0
12-14 03:22:26.380 1206 1206 I wificond: create scanner for interface with index: 17
12-14 03:22:26.380 1206 1206 I wificond: subscribe scan result for interface with index: 17
12-14 03:22:26.381 1206 1206 I wificond: add channel type 0 support at wiphy index: 0
12-14 03:22:26.381 1206 1206 I wificond: add channel type 1 support at wiphy index: 0
12-14 03:22:26.388 1500 1965 D CompatibilityChangeReporter: Compat change id reported: 171306433; UID 1000; state: ENABLED
12-14 03:22:26.392 2119 2119 I MicroServiceManager: addCommonCallbackListener add listener
12-14 03:22:26.392 2119 2119 I MicroServiceManager: addConnectChangedListener add listener
12-14 03:22:26.396 1500 2706 V BackupManagerConstants: getKeyValueBackupIntervalMilliseconds(...) returns 14400000
12-14 03:22:26.396 1500 2706 V BackupManagerConstants: getKeyValueBackupFuzzMilliseconds(...) returns 600000
12-14 03:22:26.396 1500 2706 V BackupManagerConstants: getKeyValueBackupRequiredNetworkType(...) returns 1
12-14 03:22:26.396 1500 2706 V BackupManagerConstants: getKeyValueBackupRequireCharging(...) returns true
12-14 03:22:26.396 1500 2706 V KeyValueBackupJob: Scheduling k/v pass in 249 minutes
12-14 03:22:26.404 1500 1500 I Telecom : DefaultDialerCache: Refreshing default dialer for user 0: now null: DDC.oR@ABE
12-14 03:22:26.405 1500 1500 I Telecom : MissedCallNotifierImpl: reloadAfterBootComplete: user=0: TSBCR.oR@ABI
12-14 03:22:26.406 2119 2119 W ContextImpl: Calling a method in the system process without a qualified user: android.app.ContextImpl.sendBroadcast:1173 android.content.ContextWrapper.sendBroadcast:479 com.thundercomm.microsettings.service.SettingsService.sendSystemUI:59 com.thundercomm.microsettings.service.SettingsService.onCreate:50 android.app.ActivityThread.handleCreateService:4488
12-14 03:22:26.412 2119 2119 W ContextImpl: Calling a method in the system process without a qualified user: android.app.ContextImpl.bindService:1895 android.content.ContextWrapper.bindService:810 com.thundercomm.microsettings.manager.SoundManager.bindService:206 com.thundercomm.microsettings.manager.SoundManager.connect:197 com.thundercomm.microsettings.service.SettingsService.onStartCommand:80
12-14 03:22:26.415 1500 1500 I Telecom : MissedCallNotifierImpl: reloadAfterBootComplete: user=0: TSBCR.oR@ABI
12-14 03:22:26.415 1500 1500 D CompatibilityChangeReporter: Compat change id reported: 135634846; UID 10032; state: DISABLED
12-14 03:22:26.416 1500 1500 D CompatibilityChangeReporter: Compat change id reported: 177438394; UID 10032; state: DISABLED
12-14 03:22:26.416 1500 1500 D CompatibilityChangeReporter: Compat change id reported: 135772972; UID 10032; state: DISABLED
12-14 03:22:26.416 1500 1500 D CompatibilityChangeReporter: Compat change id reported: 135754954; UID 10032; state: ENABLED
12-14 03:22:26.416 1500 1622 D CompatibilityChangeReporter: Compat change id reported: 143937733; UID 10032; state: ENABLED
12-14 03:22:26.416 2119 2119 W ContextImpl: Calling a method in the system process without a qualified user: android.app.ContextImpl.bindService:1895 android.content.ContextWrapper.bindService:810 com.thundercomm.microsettings.manager.DisplayManager.bindService:188 com.thundercomm.microsettings.manager.DisplayManager.connect:179 com.thundercomm.microsettings.service.SettingsService.onStartCommand:81
12-14 03:22:26.435 1500 1622 I ActivityManager: Start proc 3435:com.hryt.hiphishowfsecontrol/u0a32 for broadcast {com.hryt.hiphishowfsecontrol/com.hryt.hiphishowfsecontrol.receivers.HiPhiShowReceiver}
01-01 09:20:30.998 0 0 I binder : 3435:3435 ioctl 40046210 7fcb2c82c4 returned -22
12-14 03:22:26.462 1500 1535 D CompatibilityChangeReporter: Compat change id reported: 168419799; UID 10032; state: DISABLED
01-01 09:20:31.135 0 0 D : mv2112_read_status
01-01 09:20:31.135 0 0 D mv2112_update_link: 3.0x901(1G): 0x80
01-01 09:20:31.135 0 0 D mv2112_update_link: 3.0x8109(100M): 0x8
01-01 09:20:31.135 0 0 D mv2112_update_link: link 0x0
01-01 09:20:31.135 0 0 D mv2112_read_status: autoneg is disabled
12-14 03:22:26.651 1500 1534 D CompatibilityChangeReporter: Compat change id reported: 135634846; UID 10068; state: DISABLED
12-14 03:22:26.651 1500 1534 D CompatibilityChangeReporter: Compat change id reported: 177438394; UID 10068; state: DISABLED
12-14 03:22:26.651 1500 1534 D CompatibilityChangeReporter: Compat change id reported: 135772972; UID 10068; state: DISABLED
12-14 03:22:26.651 1500 1534 D CompatibilityChangeReporter: Compat change id reported: 135754954; UID 10068; state: DISABLED
12-14 03:22:26.652 1500 1622 D CompatibilityChangeReporter: Compat change id reported: 143937733; UID 10068; state: DISABLED
12-14 03:22:26.660 1500 1622 I ActivityManager: Start proc 3473:com.android.calendar/u0a68 for broadcast {com.android.calendar/com.android.calendar.alerts.AlertReceiver}
01-01 09:20:31.217 0 0 I binder : 3473:3473 ioctl 40046210 7fcb2c89a4 returned -22
12-14 03:22:26.681 1500 1534 D CompatibilityChangeReporter: Compat change id reported: 168419799; UID 10068; state: DISABLED
12-14 03:22:26.749 1500 2052 W ShortcutService: Clock rewound
12-14 03:22:26.764 1500 1500 W Looper : Slow dispatch took 213ms main h=android.app.ActivityThread$H c=android.app.LoadedApk$ReceiverDispatcher$Args$$ExternalSyntheticLambda0@1349659 m=0
12-14 03:22:26.764 1500 1500 I Telecom : BluetoothStateReceiver: Device 9C:19:C2:27:BA:EF is now the preferred BT device for HFP: BSR.oR@ABc
12-14 03:22:26.765 1500 1500 W Looper : Slow delivery took 212ms main h=android.app.ActivityThread$H c=android.app.LoadedApk$ReceiverDispatcher$Args$$ExternalSyntheticLambda0@b314aff m=0
12-14 03:22:26.765 1500 1500 I Telecom : BluetoothStateReceiver: Device 9C:19:C2:27:BA:EF changed state to 2: BSR.oR@ABg
12-14 03:22:26.765 1500 2471 I Telecom : CallAudioRouteStateMachine: Message received: BT_ACTIVE_DEVICE_PRESENT=8, arg1=0: BSR.oR->CARSM.pM_BT_ACTIVE_DEVICE_PRESENT@ABc
12-14 03:22:26.765 1500 1500 W Telecom : BluetoothDeviceManager: Headset service null when receiving device added broadcast: BSR.oR@ABg
12-14 03:22:26.765 1500 2471 I Telecom : QuiescentEarpieceRoute: Processing message BT_ACTIVE_DEVICE_PRESENT: BSR.oR->CARSM.pM_BT_ACTIVE_DEVICE_PRESENT@ABc
12-14 03:22:26.765 1500 2471 I Telecom : Logging.Events: Non-call EVENT: AUDIO_ROUTE, Bluetooth active device present: BSR.oR->CARSM.pM_BT_ACTIVE_DEVICE_PRESENT@ABc
12-14 03:22:26.765 1500 2471 I Telecom : CallAudioRouteStateMachine: Message received: SWITCH_BLUETOOTH=1002, arg1=0: BSR.oR->CARSM.pM_BT_ACTIVE_DEVICE_PRESENT->CARSM.pM_SWITCH_BLUETOOTH@ABc
12-14 03:22:26.765 1500 2471 I Telecom : QuiescentEarpieceRoute: Processing message SWITCH_BLUETOOTH: BSR.oR->CARSM.pM_BT_ACTIVE_DEVICE_PRESENT->CARSM.pM_SWITCH_BLUETOOTH@ABc
12-14 03:22:26.765 1500 2471 W Telecom : QuiescentEarpieceRoute: Ignoring switch to bluetooth command. Not available.: BSR.oR->CARSM.pM_BT_ACTIVE_DEVICE_PRESENT->CARSM.pM_SWITCH_BLUETOOTH@ABc
12-14 03:22:26.778 1500 1694 D CompatibilityChangeReporter: Compat change id reported: 135634846; UID 1000; state: DISABLED
12-14 03:22:26.778 1500 1694 D CompatibilityChangeReporter: Compat change id reported: 177438394; UID 1000; state: DISABLED
12-14 03:22:26.778 1500 1694 D CompatibilityChangeReporter: Compat change id reported: 135772972; UID 1000; state: DISABLED
12-14 03:22:26.778 1500 1694 D CompatibilityChangeReporter: Compat change id reported: 135754954; UID 1000; state: ENABLED
12-14 03:22:26.784 1500 1622 I ActivityManager: Start proc 3500:com.android.dynsystem/1000 for broadcast {com.android.dynsystem/com.android.dynsystem.BootCompletedReceiver}
01-01 09:20:31.320 0 0 I [schedu][0x141ce23d][03:22:26.780510] wlan: [3400:I:HIF] Deinitializing Runtime PM wakelock &vdev->vdev_set_key_runtime_wakelock
01-01 09:20:31.321 0 0 I [schedu][0x141d10ef][03:22:26.781133] wlan: [3400:I:HIF] Initializing Runtime PM wakelock &vdev->vdev_set_key_runtime_wakelock
01-01 09:20:31.341 0 0 I binder : 3500:3500 ioctl 40046210 7fcb2c89a4 returned -22
12-14 03:22:26.809 1500 1534 D CompatibilityChangeReporter: Compat change id reported: 168419799; UID 1000; state: DISABLED
12-14 03:22:26.851 1500 1534 D CompatibilityChangeReporter: Compat change id reported: 135634846; UID 1000; state: DISABLED
12-14 03:22:26.851 1500 1534 D CompatibilityChangeReporter: Compat change id reported: 177438394; UID 1000; state: DISABLED
12-14 03:22:26.851 1500 1534 D CompatibilityChangeReporter: Compat change id reported: 135772972; UID 1000; state: DISABLED
12-14 03:22:26.851 1500 1534 D CompatibilityChangeReporter: Compat change id reported: 135754954; UID 1000; state: ENABLED
12-14 03:22:26.852 1500 1534 D CompatibilityChangeReporter: Compat change id reported: 135634846; UID 10069; state: DISABLED
12-14 03:22:26.853 1500 1534 D CompatibilityChangeReporter: Compat change id reported: 177438394; UID 10069; state: DISABLED
12-14 03:22:26.853 1500 1534 D CompatibilityChangeReporter: Compat change id reported: 135772972; UID 10069; state: DISABLED
12-14 03:22:26.853 1500 1534 D CompatibilityChangeReporter: Compat change id reported: 135754954; UID 10069; state: ENABLED
12-14 03:22:26.861 1500 1622 I ActivityManager: Start proc 3517:com.android.dynsystem:dynsystem/1000 for service {com.android.dynsystem/com.android.dynsystem.DynamicSystemInstallationService}
12-14 03:22:26.862 1500 1622 D CompatibilityChangeReporter: Compat change id reported: 143937733; UID 10069; state: ENABLED
01-01 09:20:31.400 0 0 I [schedu][0x1434261c][03:22:26.859921] wlan: [3400:I:HIF] Deinitializing Runtime PM wakelock &vdev->vdev_set_key_runtime_wakelock
01-01 09:20:31.400 0 0 I [schedu][0x143449c8][03:22:26.860397] wlan: [3400:I:HIF] Initializing Runtime PM wakelock &vdev->vdev_set_key_runtime_wakelock
12-14 03:22:26.870 1500 1622 I ActivityManager: Start proc 3518:com.android.inputmethod.latin/u0a69 for broadcast {com.android.inputmethod.latin/com.android.inputmethod.latin.SystemBroadcastReceiver}
01-01 09:20:31.412 0 0 I [wifi@1][0x1437d0c0][03:22:26.872437] wlan: [826:I:DP] dp_vdev_attach_wifi3: wlan_cfg_ap_bridge_enabled 0
01-01 09:20:31.429 0 0 E [wifi@1][0x143ce138][03:22:26.889723] wlan: [3426:E:wifipos] wifi_pos_process_app_reg_req: 608: Received App Req Req pid(377488186), len(16)
01-01 09:20:31.430 0 0 I binder : 3517:3517 ioctl 40046210 7fcb2c89a4 returned -22
01-01 09:20:31.430 0 0 I [wifi@1][0x143d11cc][03:22:26.890371] wlan: [3426:I:wifipos] wifi_pos_get_ch_info: 461: num channels: 26
01-01 09:20:31.430 0 0 I [wifi@1][0x143d2952][03:22:26.890684] wlan: [3426:I:wifipos] wifi_pos_get_ch_info: 461: num channels: 26
01-01 09:20:31.433 0 0 I binder : 3518:3518 ioctl 40046210 7fcb2c89a4 returned -22
12-14 03:22:26.902 1500 1534 D CompatibilityChangeReporter: Compat change id reported: 168419799; UID 10069; state: DISABLED
12-14 03:22:26.931 1500 1910 I GameModeConfig: isGameModeOn = true
12-14 03:22:26.931 1500 1910 I GameModeConfig: isGaming = false
12-14 03:22:26.931 1500 1910 I GameModeConfig: isGameModeOn = true
12-14 03:22:26.931 1500 1910 I GameModeConfig: isGaming = false
12-14 03:22:26.932 1500 1910 I GameModeConfig: isGameModeOn = true
12-14 03:22:26.932 1500 1910 I GameModeConfig: isGaming = false
12-14 03:22:26.934 1500 1534 I DynamicSystemService: isInstalled(): false
12-14 03:22:26.996 1500 1534 I ActivityManager: Process com.android.inputmethod.latin (pid 3518) has died: fg RCVR
12-14 03:22:27.003 1500 1621 I ActivityManager: com.android.managedprovisioning is exempt from freezer
12-14 03:22:27.003 1500 1621 D CompatibilityChangeReporter: Compat change id reported: 135634846; UID 10024; state: DISABLED
12-14 03:22:27.003 1500 1621 D CompatibilityChangeReporter: Compat change id reported: 177438394; UID 10024; state: DISABLED
12-14 03:22:27.003 1500 1621 D CompatibilityChangeReporter: Compat change id reported: 135772972; UID 10024; state: DISABLED
12-14 03:22:27.003 1500 1621 D CompatibilityChangeReporter: Compat change id reported: 135754954; UID 10024; state: ENABLED
12-14 03:22:27.004 1500 1622 D CompatibilityChangeReporter: Compat change id reported: 143937733; UID 10024; state: ENABLED
12-14 03:22:27.012 1500 1622 I ActivityManager: Start proc 3553:com.android.managedprovisioning/u0a24 for broadcast {com.android.managedprovisioning/com.android.managedprovisioning.BootReminder}
01-01 09:20:31.576 0 0 I binder : 3553:3553 ioctl 40046210 7fcb2c89a4 returned -22
12-14 03:22:27.045 1500 1534 D CompatibilityChangeReporter: Compat change id reported: 168419799; UID 10024; state: DISABLED
01-01 09:20:31.604 0 0 I [schedu][0x147002e5][03:22:27.064252] wlan: [3400:I:OSIF] scan start scan id 40961
12-14 03:22:27.105 1500 1639 W BatteryExternalStatsWorker: error reading modem stats:ERROR_PHONE_NOT_AVAILABLE
12-14 03:22:27.123 1500 1535 D CompatibilityChangeReporter: Compat change id reported: 168419799; UID 10019; state: DISABLED
12-14 03:22:27.127 1500 1500 W Looper : Slow dispatch took 361ms main h=android.app.ActivityThread$H c=android.app.LoadedApk$ReceiverDispatcher$Args$$ExternalSyntheticLambda0@214c419 m=0
12-14 03:22:27.127 1500 1500 I Telecom : WiredHeadsetManager: ACTION_HEADSET_PLUG event, plugged in: false, : WHC.oADA@ABk
12-14 03:22:27.128 1500 1500 W Looper : Drained
12-14 03:22:27.132 1500 1535 D CompatibilityChangeReporter: Compat change id reported: 135634846; UID 10089; state: DISABLED
12-14 03:22:27.132 1500 1535 D CompatibilityChangeReporter: Compat change id reported: 177438394; UID 10089; state: DISABLED
12-14 03:22:27.132 1500 1535 D CompatibilityChangeReporter: Compat change id reported: 135772972; UID 10089; state: DISABLED
12-14 03:22:27.132 1500 1535 D CompatibilityChangeReporter: Compat change id reported: 135754954; UID 10089; state: ENABLED
12-14 03:22:27.133 1500 1622 D CompatibilityChangeReporter: Compat change id reported: 143937733; UID 10089; state: ENABLED
12-14 03:22:27.140 1500 1500 I Telecom : BluetoothDeviceManager: Got BluetoothHeadset: com.android.server.telecom.BluetoothHeadsetProxy@65a1e24: BMSL.oSC@ABo
12-14 03:22:27.142 1500 1622 I ActivityManager: Start proc 3571:com.android.music/u0a89 for broadcast {com.android.music/com.android.music.MediaPlaybackReceiver}
12-14 03:22:27.156 1500 1639 E KernelCpuSpeedReader: Failed to read cpu-freq: /sys/devices/system/cpu/cpu4/cpufreq/stats/time_in_state: open failed: ENOENT (No such file or directory)
12-14 03:22:27.156 1500 1639 E KernelCpuSpeedReader: Failed to read cpu-freq: /sys/devices/system/cpu/cpu0/cpufreq/stats/time_in_state: open failed: ENOENT (No such file or directory)
12-14 03:22:27.157 1500 1639 W BatteryStatsImpl: Attempted to remove untracked isolated uid (1037)
01-01 09:20:31.704 0 0 I binder : 3571:3571 ioctl 40046210 7fcb2c89a4 returned -22
12-14 03:22:27.172 1500 1535 D CompatibilityChangeReporter: Compat change id reported: 168419799; UID 10089; state: DISABLED
12-14 03:22:27.186 1500 1535 W BluetoothManagerService: psc is not null in bindBluetoothProfileService
12-14 03:22:27.252 1500 1535 D CompatibilityChangeReporter: Compat change id reported: 135634846; UID 10060; state: DISABLED
12-14 03:22:27.252 1500 1535 D CompatibilityChangeReporter: Compat change id reported: 177438394; UID 10060; state: DISABLED
12-14 03:22:27.252 1500 1535 D CompatibilityChangeReporter: Compat change id reported: 135772972; UID 10060; state: DISABLED
12-14 03:22:27.252 1500 1535 D CompatibilityChangeReporter: Compat change id reported: 135754954; UID 10060; state: ENABLED
12-14 03:22:27.252 1500 1622 D CompatibilityChangeReporter: Compat change id reported: 143937733; UID 10060; state: ENABLED
12-14 03:22:27.260 1500 1622 I ActivityManager: Start proc 3606:com.android.onetimeinitializer/u0a60 for broadcast {com.android.onetimeinitializer/com.android.onetimeinitializer.OneTimeInitializerReceiver}
12-14 03:22:27.269 1500 1595 D ColorDisplayService: NightDisplayTintController Animation cancelled: false to matrix:
12-14 03:22:27.269 1500 1595 D ColorDisplayService: 1.000000 0.000000 0.000000 0.000000 0.000000 1.000000 0.000000 0.000000 0.000000 0.000000 1.000000 0.000000 0.000000 0.000000 0.000000 1.000000 min matrix coefficients:
12-14 03:22:27.269 1500 1595 D ColorDisplayService: 1.000000 0.000000 0.000000 0.000000 0.000000 1.000000 0.000000 0.000000 0.000000 0.000000 1.000000 0.000000 0.000000 0.000000 0.000000 1.000000 max matrix coefficients:
12-14 03:22:27.269 1500 1595 D ColorDisplayService: 1.000000 0.000000 0.000000 0.000000 0.000000 1.000000 0.000000 0.000000 0.000000 0.000000 1.000000 0.000000 0.000000 0.000000 0.000000 1.000000
01-01 09:20:31.811 0 0 I binder : 3606:3606 ioctl 40046210 7fcb2c89a4 returned -22
12-14 03:22:27.275 1500 1535 D CompatibilityChangeReporter: Compat change id reported: 168419799; UID 10060; state: DISABLED
12-14 03:22:27.318 1500 2079 I ActivityManager: com.android.packageinstaller is exempt from freezer
12-14 03:22:27.318 1500 2079 D CompatibilityChangeReporter: Compat change id reported: 135634846; UID 10025; state: DISABLED
12-14 03:22:27.318 1500 2079 D CompatibilityChangeReporter: Compat change id reported: 177438394; UID 10025; state: DISABLED
12-14 03:22:27.318 1500 2079 D CompatibilityChangeReporter: Compat change id reported: 135772972; UID 10025; state: DISABLED
12-14 03:22:27.318 1500 2079 D CompatibilityChangeReporter: Compat change id reported: 135754954; UID 10025; state: ENABLED
12-14 03:22:27.319 1500 1622 D CompatibilityChangeReporter: Compat change id reported: 143937733; UID 10025; state: ENABLED
12-14 03:22:27.329 1500 1622 I ActivityManager: Start proc 3627:com.android.packageinstaller/u0a25 for broadcast {com.android.packageinstaller/com.android.packageinstaller.TemporaryFileManager}
01-01 09:20:31.884 0 0 I binder : 3627:3627 ioctl 40046210 7fcb2c89a4 returned -22
12-14 03:22:27.349 1500 2079 D CompatibilityChangeReporter: Compat change id reported: 168419799; UID 10025; state: DISABLED
12-14 03:22:27.405 1500 2079 D CompatibilityChangeReporter: Compat change id reported: 135634846; UID 10094; state: DISABLED
12-14 03:22:27.405 1500 2079 D CompatibilityChangeReporter: Compat change id reported: 177438394; UID 10094; state: DISABLED
12-14 03:22:27.405 1500 2079 D CompatibilityChangeReporter: Compat change id reported: 135772972; UID 10094; state: DISABLED
12-14 03:22:27.405 1500 2079 D CompatibilityChangeReporter: Compat change id reported: 135754954; UID 10094; state: DISABLED
12-14 03:22:27.405 1500 1622 D CompatibilityChangeReporter: Compat change id reported: 143937733; UID 10094; state: DISABLED
12-14 03:22:27.413 1500 1622 I ActivityManager: Start proc 3644:com.android.permissioncontroller/u0a94 for broadcast {com.android.permissioncontroller/com.android.permissioncontroller.permission.service.LocationAccessCheck$SetupPeriodicBackgroundLocationAccessCheck}
01-01 09:20:31.960 0 0 I afe_close: port_id = 0x9000
01-01 09:20:31.968 0 0 I binder : 3644:3644 ioctl 40046210 7fcb2c89a4 returned -22
12-14 03:22:27.433 1500 2752 D CompatibilityChangeReporter: Compat change id reported: 168419799; UID 10094; state: DISABLED
01-01 09:20:31.984 0 0 I afe_find_cal_topo_id_by_port: port id: 0x9000, dev_acdb_id: 0
01-01 09:20:31.984 0 0 I afe_find_cal_topo_id_by_port: top_id:112fc acdb_id:15 afe_port:0x9000
01-01 09:20:31.984 0 0 I afe_get_cal_topology_id: port_id = 0x9000 acdb_id = 15 topology_id = 0x112fc cal_type_index=8 ret=0
01-01 09:20:31.984 0 0 I afe_send_port_topology_id: AFE set topology id 0x112fc enable for port 0x9000 ret 0
01-01 09:20:31.984 0 0 I send_afe_cal_type: cal_index is 0
01-01 09:20:31.984 0 0 I send_afe_cal_type: dev_acdb_id[55] is 0
01-01 09:20:31.984 0 0 I send_afe_cal_type: Sending cal_index cal 0
01-01 09:20:31.984 0 0 E send_afe_cal_type: No cal sent for cal_index 0, port_id = 0x9000! ret -22
12-14 03:22:27.447 1500 2706 D CompatibilityChangeReporter: Compat change id reported: 135634846; UID 1000; state: DISABLED
12-14 03:22:27.447 1500 2706 D CompatibilityChangeReporter: Compat change id reported: 177438394; UID 1000; state: DISABLED
12-14 03:22:27.448 1500 2706 D CompatibilityChangeReporter: Compat change id reported: 135772972; UID 1000; state: DISABLED
01-01 09:20:31.988 0 0 I afe_send_hw_delay: port_id 0x9000 rate 48000 delay_usec 474 status 0
12-14 03:22:27.448 1500 2706 D CompatibilityChangeReporter: Compat change id reported: 135754954; UID 1000; state: ENABLED
12-14 03:22:27.454 1500 1622 I ActivityManager: Start proc 3663:com.android.localtransport/1000 for service {com.android.localtransport/com.android.localtransport.LocalTransportService}
01-01 09:20:32.008 0 0 I binder : 3663:3663 ioctl 40046210 7fcb2c89a4 returned -22
12-14 03:22:27.470 1500 2079 D CompatibilityChangeReporter: Compat change id reported: 168419799; UID 1000; state: DISABLED
12-14 03:22:27.494 1500 1500 I TransportClient: LocalTransportService#0: Notifying [TransportManager.registerTransport()] transport = IBackupTransport
12-14 03:22:27.498 1500 2706 D BackupTransportManager: Transport com.android.localtransport/.LocalTransportService registered
12-14 03:22:27.498 1500 2706 D BackupManagerService: [UserID:0] Transport com.android.localtransport/.LocalTransport registered 3064ms after first request (delay = 3000ms)
