12-14 03:22:43.846 791 1742 D audio_hw_primary: copl(0xe8488650):calling compress_wait
12-14 03:22:43.846 791 1968 I btaudio_offload_qti: audio_get_a2dp_sink_latency_qti: Sink Latency = 200
01-01 09:20:48.543 0 0 D : mv2112_read_status
01-01 09:20:48.543 0 0 D mv2112_update_link: 3.0x901(1G): 0x80
01-01 09:20:48.543 0 0 D mv2112_update_link: 3.0x8109(100M): 0x8
01-01 09:20:48.543 0 0 D mv2112_update_link: link 0x0
01-01 09:20:48.543 0 0 D mv2112_read_status: autoneg is disabled
12-14 03:22:44.456 640 655 I mpu_uart: [MSG-P:RECV]:No message received in 1000 ms
12-14 03:22:44.571 332 332 W kworker/u16:11: type=1400 audit(0.0:263): avc: denied { kill } for capability=5 scontext=u:r:kernel:s0 tcontext=u:r:kernel:s0 tclass=capability permissive=0
01-01 09:20:49.567 0 0 D : mv2112_read_status
01-01 09:20:49.567 0 0 D mv2112_update_link: 3.0x901(1G): 0x80
01-01 09:20:49.567 0 0 D mv2112_update_link: 3.0x8109(100M): 0x8
01-01 09:20:49.567 0 0 D mv2112_update_link: link 0x0
01-01 09:20:49.567 0 0 D mv2112_read_status: autoneg is disabled
01-01 09:20:49.727 0 0 I display_panel_avdd: disabling
01-01 09:20:49.728 0 0 I vdd_tof : disabling
12-14 03:22:45.456 640 655 I mpu_uart: [MSG-P:RECV]:No message received in 1000 ms
12-14 03:22:45.463 640 654 I mpu_uart: [MSG-P:R]:recv sync frame timeout
12-14 03:22:46.027 791 1742 D audio_hw_primary: copl(0xe8488650):out of compress_wait
12-14 03:22:46.028 791 1968 I btaudio_offload_qti: audio_get_a2dp_sink_latency_qti: Sink Latency = 200
12-14 03:22:46.030 791 1968 I btaudio_offload_qti: audio_get_a2dp_sink_latency_qti: Sink Latency = 200
12-14 03:22:46.031 791 1742 D audio_hw_primary: copl(0xe8488650):calling compress_partial_drain
12-14 03:22:46.031 791 1968 I btaudio_offload_qti: audio_get_a2dp_sink_latency_qti: Sink Latency = 200
01-01 09:20:50.591 0 0 D : mv2112_read_status
01-01 09:20:50.591 0 0 D mv2112_update_link: 3.0x901(1G): 0x80
01-01 09:20:50.591 0 0 D mv2112_update_link: 3.0x8109(100M): 0x8
01-01 09:20:50.591 0 0 D mv2112_update_link: link 0x0
01-01 09:20:50.591 0 0 D mv2112_read_status: autoneg is disabled
12-14 03:22:46.456 640 655 I mpu_uart: [MSG-P:RECV]:No message received in 1000 ms
01-01 09:20:51.615 0 0 D : mv2112_read_status
01-01 09:20:51.615 0 0 D mv2112_update_link: 3.0x901(1G): 0x80
01-01 09:20:51.615 0 0 D mv2112_update_link: 3.0x8109(100M): 0x8
01-01 09:20:51.615 0 0 D mv2112_update_link: link 0x0
01-01 09:20:51.615 0 0 D mv2112_read_status: autoneg is disabled
12-14 03:22:47.456 640 655 I mpu_uart: [MSG-P:RECV]:No message received in 1000 ms
01-01 09:20:52.639 0 0 D : mv2112_read_status
01-01 09:20:52.639 0 0 D mv2112_update_link: 3.0x901(1G): 0x80
01-01 09:20:52.639 0 0 D mv2112_update_link: 3.0x8109(100M): 0x8
01-01 09:20:52.639 0 0 D mv2112_update_link: link 0x0
01-01 09:20:52.639 0 0 D mv2112_read_status: autoneg is disabled
12-14 03:22:48.335 803 2908 I vendor.qti.bluetooth@1.0-ibs_handler: ProcessIbsCmd: Received IBS_WAKE_IND: 0xFD
12-14 03:22:48.335 803 2908 D vendor.qti.bluetooth@1.0-ibs_handler: SerialClockVote: vote for UART CLK ON
12-14 03:22:48.336 803 2908 D vendor.qti.bluetooth@1.0-wake_lock: Acquire wakelock is acquired
12-14 03:22:48.336 803 2908 I vendor.qti.bluetooth@1.0-ibs_handler: ProcessIbsCmd: Writing IBS_WAKE_ACK
12-14 03:22:48.416 803 2908 I vendor.qti.bluetooth@1.0-ibs_handler: ProcessIbsCmd: Received IBS_SLEEP_IND: 0xFE
12-14 03:22:48.416 803 2908 D vendor.qti.bluetooth@1.0-ibs_handler: SerialClockVote: vote for UART CLK OFF
12-14 03:22:48.457 640 655 I mpu_uart: [MSG-P:RECV]:No message received in 1000 ms
12-14 03:22:48.466 640 654 I mpu_uart: [MSG-P:R]:recv sync frame timeout
12-14 03:22:48.545 2716 2716 I hpplay-java: [main]:Upgrade:upgrade not be allowed
12-14 03:22:48.567 803 2497 D vendor.qti.bluetooth@1.0-wake_lock: Release wakelock is released
12-14 03:22:48.571 333 333 W kworker/u16:12: type=1400 audit(0.0:264): avc: denied { kill } for capability=5 scontext=u:r:kernel:s0 tcontext=u:r:kernel:s0 tclass=capability permissive=0
12-14 03:22:48.580 2716 2716 I hpplay-java: [main]:ServerBusiness:get deviceCode:
12-14 03:22:48.580 2716 2716 W hpplay-java: [main]:ServerBusiness:startDeviceService ignore,invalid deviceCode
01-01 09:20:53.667 0 0 D : mv2112_read_status
01-01 09:20:53.667 0 0 D mv2112_update_link: 3.0x901(1G): 0x80
01-01 09:20:53.668 0 0 D mv2112_update_link: 3.0x8109(100M): 0x8
01-01 09:20:53.668 0 0 D mv2112_update_link: link 0x0
01-01 09:20:53.668 0 0 D mv2112_read_status: autoneg is disabled
12-14 03:22:49.167 956 1027 E GpuMem : Failed to attach bpf program to gpu_mem/gpu_mem_total tracepoint [2(No such file or directory)]
12-14 03:22:49.168 956 1027 E GpuMemTracer: Cannot initialize GpuMemTracer before GpuMem
12-14 03:22:49.457 640 655 I mpu_uart: [MSG-P:RECV]:No message received in 1000 ms
12-14 03:22:49.571 0 0 W swapper/3: type=1400 audit(0.0:265): avc: denied { kill } for capability=5 scontext=u:r:kernel:s0 tcontext=u:r:kernel:s0 tclass=capability permissive=0
01-01 09:20:54.687 0 0 D : mv2112_read_status
01-01 09:20:54.687 0 0 D mv2112_update_link: 3.0x901(1G): 0x80
01-01 09:20:54.687 0 0 D mv2112_update_link: 3.0x8109(100M): 0x8
01-01 09:20:54.687 0 0 D mv2112_update_link: link 0x0
01-01 09:20:54.687 0 0 D mv2112_read_status: autoneg is disabled
12-14 03:22:50.457 640 655 I mpu_uart: [MSG-P:RECV]:No message received in 1000 ms
12-14 03:22:50.571 0 0 W swapper/3: type=1400 audit(0.0:266): avc: denied { kill } for capability=5 scontext=u:r:kernel:s0 tcontext=u:r:kernel:s0 tclass=capability permissive=0
01-01 09:20:55.711 0 0 D : mv2112_read_status
01-01 09:20:55.711 0 0 D mv2112_update_link: 3.0x901(1G): 0x80
01-01 09:20:55.711 0 0 D mv2112_update_link: 3.0x8109(100M): 0x8
01-01 09:20:55.711 0 0 D mv2112_update_link: link 0x0
01-01 09:20:55.711 0 0 D mv2112_read_status: autoneg is disabled
12-14 03:22:51.458 640 655 I mpu_uart: [MSG-P:RECV]:No message received in 1000 ms
12-14 03:22:51.467 640 654 I mpu_uart: [MSG-P:R]:recv sync frame timeout
12-14 03:22:51.571 0 0 W swapper/3: type=1400 audit(0.0:267): avc: denied { kill } for capability=5 scontext=u:r:kernel:s0 tcontext=u:r:kernel:s0 tclass=capability permissive=0
12-14 03:22:52.132 1500 1594 D CompatibilityInfo: mCompatibilityFlags - 4
12-14 03:22:52.132 1500 1594 D CompatibilityInfo: applicationDensity - 240
12-14 03:22:52.132 1500 1594 D CompatibilityInfo: applicationScale - 1.0
01-01 09:20:56.735 0 0 D : mv2112_read_status
01-01 09:20:56.735 0 0 D mv2112_update_link: 3.0x901(1G): 0x80
01-01 09:20:56.736 0 0 D mv2112_update_link: 3.0x8109(100M): 0x8
01-01 09:20:56.736 0 0 D mv2112_update_link: link 0x0
01-01 09:20:56.736 0 0 D mv2112_read_status: autoneg is disabled
01-01 09:20:56.914 0 0 I [schedu][0x316727a1][03:22:52.374609] wlan: [3400:I:WMA] [03:22:51.382000] [ROAM_TRIGGER]: VDEV[0] Reason: "HIGH RSSI"
01-01 09:20:56.914 0 0 I [schedu][0x316731ac][03:22:52.374742] wlan: [3400:I:WMA] [03:22:51.382000] [ROAM_SCAN]: VDEV[0] Scan_type: PARTIAL {5180 5200 5220 5240 5260 5280 5300 5320 5745 5765 5785 5805 5825 }
01-01 09:20:56.914 0 0 I [schedu][0x3167330a][03:22:52.374761] wlan: [3400:I:WMA] ============================================================================================================================
01-01 09:20:56.915 0 0 I [schedu][0x316734b0][03:22:52.374783] wlan: [3400:I:WMA] AP BSSID TSTAMP CH TY ETP RSSI/SCR CU%/SCR TOT_SCR BL_RSN BL_SRC BL_TSTAMP BL_TIMEOUT(ms)
01-01 09:20:56.915 0 0 I [schedu][0x31673a87][03:22:52.374861] wlan: [3400:I:WMA] ============================================================================================================================
01-01 09:20:56.915 0 0 I [schedu][0x316743d2][03:22:52.374984] wlan: [3400:I:WMA] 6c:b1:58:0f:7d:39 [03:22:51.382000] 2462 P_AP 0 1/0 0/0 5292 0 0 [00:00:00.000000] 0
01-01 09:20:56.915 0 0 I [schedu][0x316745c3][03:22:52.375010] wlan: [3400:I:WMA] [03:22:52.354000] [ROAM_RESULT]: VDEV[0] FAILED Reason: NO AP FOUND
12-14 03:22:52.432 1201 1412 I selfinstaller: create socket failed: Connection refused 111
12-14 03:22:52.460 640 655 I mpu_uart: [MSG-P:RECV]:No message received in 1000 ms
12-14 03:22:52.571 0 0 W swapper/3: type=1400 audit(0.0:268): avc: denied { kill } for capability=5 scontext=u:r:kernel:s0 tcontext=u:r:kernel:s0 tclass=capability permissive=0
01-01 09:20:57.763 0 0 D : mv2112_read_status
01-01 09:20:57.763 0 0 D mv2112_update_link: 3.0x901(1G): 0x80
01-01 09:20:57.763 0 0 D mv2112_update_link: 3.0x8109(100M): 0x8
01-01 09:20:57.763 0 0 D mv2112_update_link: link 0x0
01-01 09:20:57.763 0 0 D mv2112_read_status: autoneg is disabled
12-14 03:22:53.460 640 655 I mpu_uart: [MSG-P:RECV]:No message received in 1000 ms
12-14 03:22:53.539 2087 3933 D NetworkMonitor/100: isDataStall: result=2, tcp packets received=0, latest tcp fail rate=116, consecutive dns timeout count=0
12-14 03:22:53.540 2087 3933 D NetworkMonitor/100: Suspecting data stall, reevaluate
12-14 03:22:53.540 1500 3425 D ConnectivityService: Data stall detected with methods: 2
12-14 03:22:53.543 2716 2716 I hpplay-java: [main]:ServerTaskManager:task run out of time
12-14 03:22:53.543 2716 2716 I hpplay-java: [main]:ServerTaskManager:cancelTimeOutCheck
12-14 03:22:53.543 2716 2716 I hpplay-java: [main]:ServerTaskManager:exeTask ignore, reason: TaskList is clear
12-14 03:22:53.544 1500 2038 W SntpClient: Unknown host: time.android.com
12-14 03:22:53.544 2087 4087 D NetworkMonitor/100: Validation disabled.
12-14 03:22:53.544 1500 2038 D SntpClient: request time failed
12-14 03:22:53.551 1500 1896 D ConnectivityService: [100 WIFI] validation passed
12-14 03:22:53.892 2716 4078 D hpplay-base: [LelinkMDNS:766] devicePermissionPublic leboPermissionCheck:-2
12-14 03:22:53.892 2716 4078 D hpplay-base: [jniBridge:1125] com_hpplay_sdk_sink_protocol_Bridge_WHAT_SERVER_ERROR
12-14 03:22:53.892 2716 4078 D hpplay-base: [jniBridge:1726] notifyJava, what:204, castType:0, mimeType:0 baseStatus:2
12-14 03:22:53.892 2716 4078 D hpplay-base: [jniBridge:1727] notifyJava sessionID:(null)
12-14 03:22:53.893 2716 4078 I hpplay-java: [Thread-4]:Bridge:notify: what: 204
12-14 03:22:53.896 2716 4078 I hpplay-java: [Thread-4]:Bridge:notify: out: OutParameters:{audioSessionId=-1, audiotrackIndex=0, castHandleType=-1, castType=0, deviceName='', dlnaName='', dramaID='', extra=-2002, frameHandleType=-1, handleInside=true, headduration=0, header='', headers=null, isAD=false, isMultiMirror=false, lelinkVer='', limitTime=0, , mediaAlbum='null', mediaAlbumArtURI='', mediaArtist='null', mediaAssets='', mediaTitle='null', mimeType=0, multiSession=null, period=0, pinCode='', playSpeed=0.0, playerChoice=0, plugin=0, port=0, position=0.0, positionUnit=2, protocol=0, realSessionID='', regType='', , sinkIp='', sourceAPPVersion='', sourceChannel='', sourceClientInfo='', sourceDeviceInfo='', sourceDeviceModel='', sourceDeviceName='', sourceDeviceType=0, sourceHID='', , sourceInfo='', , , sourceOSVersion='', sourceSDKVersion='', sourceUid='', stopDetail=0, stopReason=0, tailduration=0, url='', urlID='', urls=null, userAgent='', videoDecoder=0, volume=0, what=204}com.hpplay.sdk.sink.protocol.OutParameters@2e65b1f
12-14 03:22:53.896 2716 4078 I hpplay-java: [Thread-4]:Bridge:notify: address:80899692
12-14 03:22:53.896 2716 4078 I hpplay-base: [mDNSEmbeded:79] embedded_mDNSLoop stopmDNSNow:0 nPublish:-2 nExitFlag:6 tid is 4078
12-14 03:22:53.896 2716 2716 I hpplay-java: [main]:Bridge:findServiceID start out: 80899692
12-14 03:22:53.898 2716 2716 I hpplay-java: [main]:Bridge:in key: 0 value: InParameters{appInfo='0', appKey='21409', authMode=0, authPwd='null', broadcastDirection=0, broadcastState=1, broadcastTimeout=3, buildType='release', cacheAVPath='/data/user/0/com.hht.lebocast/cache/hpplay/av', cachePhotoPath='/data/user/0/com.hht.lebocast/cache/hpplay/image', channel='LEBO-APK--60146-25915', desPath='', , deviceName='高合娱乐副屏', dlna=1, dlnaCompany='null', dlnaCompanyURL='null', dlnaDeviceDescribe='null', dlnaDeviceName='null', dlnaDeviceURL='null', dlnaLelinkSwitch=1, dlnaManufacturer=0, dlnaName='高合娱乐副屏', dlnaUPC='', dlnaUUID='676e3c0e-188d-2881-eece-0e46b24b4e35', domain='Lebo-figure-4a410202dc4f', drainage=0, feature='6655', fps=60, height=1080, host='null', , keyPath='/data/user/0/com.hht.lebocast/files/hpplay/file', lelinkfp=1, lelinkfp2=0, logBaseState=1, logPath='/storage/emulated/0/com.hht.lebocast/sink/sdk/common', , mdnsEnable=1, mirrorSyncType=0, netCastVer='2.0', packageName='com.hht.lebocast', packagePath='/data/user/0/com.hht.lebocast', permissionDid='4a:41:02:02:dc:4f', permissionMode=3, permissionPreSN='', port=0, preemptMode=0, regType='_leboremote._tcp.', serverPorts=null, sockWaitTimeOut=45, teleControlPort=53388, tunnels=3, txtKeys=null, txtValues=null, uid='-1960410123998045105', videoFrameType=1001, width=1920}com.hpplay.sdk.sink.protocol.InParameters@b70ae40
12-14 03:22:53.899 2716 2716 I hpplay-java: [main]:Bridge:findServiceID end
12-14 03:22:53.899 2716 2716 E hpplay-java: [main]:ServerTaskManager:onError 204/-2002 com.hht.lebocast.LelinkHelper$e@22899d
12-14 03:22:53.899 2716 2716 I hpplay-java: [main]:ServerTaskManager:cancelTimeOutCheck
12-14 03:22:53.904 2716 2716 W hpplay-java: [main]:ServerTaskManager:onErrorDispatcher errorCode:-2002
12-14 03:22:53.904 2716 2716 I hpplay-java: [main]:ServerTaskManager:onError retry later
12-14 03:22:53.908 2716 3774 I DpmTcmClient: RegisterTcmMonitor from: $Proxy2
12-14 03:22:54.163 791 1742 D audio_hw_primary: copl(0xe8488650):out of compress_partial_drain
12-14 03:22:54.164 791 1968 I btaudio_offload_qti: audio_get_a2dp_sink_latency_qti: Sink Latency = 200
12-14 03:22:54.164 791 1968 D audio_hw_utils: audio_extn_utils_compress_get_dsp_latency:: Using Fix DSP delay
12-14 03:22:54.164 791 1968 D audio_hw_utils: audio_extn_utils_compress_get_dsp_latency:: delay in ms is 50
12-14 03:22:54.164 791 1968 I btaudio_offload_qti: audio_get_a2dp_sink_latency_qti: Sink Latency = 200
12-14 03:22:54.166 948 1744 E AudioFlinger: no wake lock to update, but system ready!
12-14 03:22:54.170 791 1968 I btaudio_offload_qti: audio_get_a2dp_sink_latency_qti: Sink Latency = 200
12-14 03:22:54.178 948 1313 W AudioFlinger: moveEffectChain_l() effect chain for session 0 not on source thread 0xb4000075339e8840
12-14 03:22:54.180 791 1968 I btaudio_offload_qti: audio_get_a2dp_sink_latency_qti: Sink Latency = 200
12-14 03:22:54.191 791 1968 I btaudio_offload_qti: audio_get_a2dp_sink_latency_qti: Sink Latency = 200
12-14 03:22:54.193 1096 1117 D BootAnimation: type:2 0 0 1
12-14 03:22:54.201 791 1968 I btaudio_offload_qti: audio_get_a2dp_sink_latency_qti: Sink Latency = 200
12-14 03:22:54.203 1198 3516 D NuPlayerDriver: stop(0xeab814b0)
12-14 03:22:54.204 1198 1307 D NuPlayerDriver: reset(0xeab814b0) at state 8
12-14 03:22:54.205 791 1968 I btaudio_offload_qti: audio_get_a2dp_sink_latency_qti: Sink Latency = 200
12-14 03:22:54.215 791 1968 I btaudio_offload_qti: audio_get_a2dp_sink_latency_qti: Sink Latency = 200
12-14 03:22:54.226 791 1968 I btaudio_offload_qti: audio_get_a2dp_sink_latency_qti: Sink Latency = 200
12-14 03:22:54.230 1211 1417 I OMX-VDEC-1080P: omx_vdec::component_deinit() complete
12-14 03:22:54.232 1211 1417 I OMX-VDEC-1080P: Exit OMX vdec Destructor: fd=7
12-14 03:22:54.233 1198 1740 D SurfaceUtils: disconnecting from surface 0xe9f04ba8, reason disconnectFromSurface
01-01 09:20:58.772 0 0 I msm_vidc: high: 00000001: h264d: Closed video instance: 0000000000000000
12-14 03:22:54.236 791 1968 I btaudio_offload_qti: audio_get_a2dp_sink_latency_qti: Sink Latency = 200
12-14 03:22:54.238 1198 1739 D SurfaceUtils: connecting to surface 0xe9f04ba8, reason onShutdown
12-14 03:22:54.239 791 1968 I btaudio_offload_qti: audio_get_a2dp_sink_latency_qti: Sink Latency = 200
12-14 03:22:54.240 1198 1712 D AudioTrack: Creating Dummy track for A2DP offload session
12-14 03:22:54.241 948 3759 W ServiceUtilities: doIsAllowed: Playback capture for uid 1013 is denied as no package name could be retrieved from the package manager.
01-01 09:20:58.783 0 0 D : mv2112_read_status
01-01 09:20:58.783 0 0 D mv2112_update_link: 3.0x901(1G): 0x80
01-01 09:20:58.783 0 0 D mv2112_update_link: 3.0x8109(100M): 0x8
01-01 09:20:58.783 0 0 D mv2112_update_link: link 0x0
01-01 09:20:58.783 0 0 D mv2112_read_status: autoneg is disabled
12-14 03:22:54.242 791 1760 D audio_hw_primary: adev_get_parameters:vr_audio_mode_on
12-14 03:22:54.242 791 1760 I audio_hw_primary: getting vr mode to 0
12-14 03:22:54.242 791 1760 D audio_hw_primary: adev_get_parameters: exit: returns - vr_audio_mode_on=false
12-14 03:22:54.242 948 3759 I hash_map_utils: system/bt/osi/src/hash_map_utils.cc:81 hash_map_utils_dump_string_keys_string_values: key: 'vr_audio_mode_on' value: ''
12-14 03:22:54.244 948 3759 D AF::TrackHandle: OpPlayAudio: not muting track:57 usage:1 for service UID 1013
12-14 03:22:54.245 1198 1712 I AudioTrack: createTrack_l(0): AUDIO_OUTPUT_FLAG_FAST successful; frameCount 0 -> 6000
12-14 03:22:54.245 1198 1712 D AudioTrack: split_a2dp dummy track start success
12-14 03:22:54.248 791 1760 I EffectsFactory: EffectCreate() create_effect
12-14 03:22:54.249 791 791 D msm8974_platform: platform_split_snd_device: snd_device(45) num devices(1) new_snd_devices(0)
12-14 03:22:54.249 791 791 D ACDB-LOADER: ACDB -> send_audvoltable
12-14 03:22:54.249 791 791 D ACDB-LOADER: ACDB -> ACDB_CMD_GET_AUDPROC_INSTANCE_GAIN_DEP_STEP_TABLE_SIZE
12-14 03:22:54.249 791 791 D ACDB-LOADER: ACDB -> ACDB_CMD_GET_AUDPROC_INSTANCE_GAIN_DEP_STEP_TABLE, vol index 0
12-14 03:22:54.249 791 791 D ACDB-LOADER: ACDB -> AUDIO_SET_VOL_CAL cal type = 40
12-14 03:22:54.250 791 1968 I btaudio_offload_qti: audio_get_a2dp_sink_latency_qti: Sink Latency = 200
12-14 03:22:54.260 791 1968 I btaudio_offload_qti: audio_get_a2dp_sink_latency_qti: Sink Latency = 200
12-14 03:22:54.270 791 1968 I btaudio_offload_qti: audio_get_a2dp_sink_latency_qti: Sink Latency = 200
12-14 03:22:54.281 791 1968 I btaudio_offload_qti: audio_get_a2dp_sink_latency_qti: Sink Latency = 200
12-14 03:22:54.292 791 1968 I btaudio_offload_qti: audio_get_a2dp_sink_latency_qti: Sink Latency = 200
12-14 03:22:54.302 791 1968 I btaudio_offload_qti: audio_get_a2dp_sink_latency_qti: Sink Latency = 200
12-14 03:22:54.312 791 1968 I btaudio_offload_qti: audio_get_a2dp_sink_latency_qti: Sink Latency = 200
12-14 03:22:54.323 791 1968 I btaudio_offload_qti: audio_get_a2dp_sink_latency_qti: Sink Latency = 200
12-14 03:22:54.333 791 1968 I btaudio_offload_qti: audio_get_a2dp_sink_latency_qti: Sink Latency = 200
12-14 03:22:54.344 791 1968 I btaudio_offload_qti: audio_get_a2dp_sink_latency_qti: Sink Latency = 200
12-14 03:22:54.351 791 3463 D audio_hw_primary: adev_create_audio_patch: enter: num sources 1, num_sinks 1, handle 1
12-14 03:22:54.351 791 3463 D audio_hw_primary: adev_create_audio_patch: Playback patch from mix handle 13 to device 80
12-14 03:22:54.351 791 3463 D audio_hw_primary: update_patch: enter
12-14 03:22:54.351 791 3463 D audio_hw_primary: route_output_stream: enter: usecase(1: low-latency-playback) devices 80
12-14 03:22:54.351 791 3463 I btaudio_offload_qti: audio_check_a2dp_ready_qti: state = AUDIO_A2DP_STATE_STARTED
12-14 03:22:54.351 791 3463 I btaudio_offload_qti: audio_check_a2dp_ready_qti: session ready = 1
12-14 03:22:54.351 791 3463 W btaudio_offload_qti: audio_check_a2dp_ready_qti: return
12-14 03:22:54.355 791 1968 I btaudio_offload_qti: audio_get_a2dp_sink_latency_qti: Sink Latency = 200
12-14 03:22:54.366 791 1968 I btaudio_offload_qti: audio_get_a2dp_sink_latency_qti: Sink Latency = 200
12-14 03:22:54.367 791 3306 D audio_hw_primary: start_output_stream: enter: stream(0xe84821a0)usecase(1: low-latency-playback) devices(0x80) is_haptic_usecase(0)
12-14 03:22:54.367 791 3306 I btaudio_offload_qti: audio_check_a2dp_ready_qti: state = AUDIO_A2DP_STATE_STARTED
12-14 03:22:54.367 791 3306 I btaudio_offload_qti: audio_check_a2dp_ready_qti: session ready = 1
12-14 03:22:54.367 791 3306 W btaudio_offload_qti: audio_check_a2dp_ready_qti: return
12-14 03:22:54.368 855 855 E ANDR-PERF-TARGET: Error: Invalid logical cluster id 0
12-14 03:22:54.368 855 855 E ANDR-PERF-REQUEST: invalid request
12-14 03:22:54.368 855 855 E ANDR-PERF-MPCTL: invalid request, no optimizations performed
12-14 03:22:54.368 791 3306 E audio_hw_extn: audio_extn_perf_lock_acquire: Failed to acquire perf lock, err: -1
12-14 03:22:54.368 791 3306 I btaudio_offload_qti: audio_check_a2dp_ready_qti: state = AUDIO_A2DP_STATE_STARTED
12-14 03:22:54.368 791 3306 I btaudio_offload_qti: audio_check_a2dp_ready_qti: session ready = 1
12-14 03:22:54.368 791 3306 W btaudio_offload_qti: audio_check_a2dp_ready_qti: return
12-14 03:22:54.368 791 3306 D audio_hw_primary: select_devices for use case (low-latency-playback)
12-14 03:22:54.368 791 3306 I btaudio_offload_qti: audio_check_a2dp_ready_qti: state = AUDIO_A2DP_STATE_STARTED
12-14 03:22:54.368 791 3306 I btaudio_offload_qti: audio_check_a2dp_ready_qti: session ready = 1
12-14 03:22:54.368 791 3306 W btaudio_offload_qti: audio_check_a2dp_ready_qti: return
12-14 03:22:54.368 791 3306 D audio_hw_primary: select_devices: changing use case low-latency-playback output device from(2: speaker, acdb 15) to (45: bt-a2dp, acdb 20)
12-14 03:22:54.368 791 3306 I msm8974_platform: platform_check_and_set_codec_backend_cfg:becf: afe: bitwidth 16, samplerate 48000 channels 2, backend_idx 0 usecase = 1 device (bt-a2dp)
12-14 03:22:54.368 791 3306 D msm8974_platform: platform_split_snd_device: snd_device(45) num devices(1) new_snd_devices(0)
12-14 03:22:54.368 791 3306 I msm8974_platform: platform_check_and_set_codec_backend_cfg: new_snd_devices[0] is 45
12-14 03:22:54.368 791 3306 D audio_hw_primary: check_usecases_codec_backend:becf: force routing 0
12-14 03:22:54.368 791 3306 D audio_hw_primary: check_usecases_codec_backend:becf: (78) check_usecases curr device: bt-a2dp, usecase device:bt-a2dp backends match 1
12-14 03:22:54.368 791 3306 E msm8974_platform: platform_check_backends_match: Invalid snd_device =
12-14 03:22:54.368 791 3306 D audio_hw_primary: check_usecases_codec_backend:becf: (78) check_usecases curr device: bt-a2dp, usecase device: backends match 0
12-14 03:22:54.368 791 3306 D audio_hw_primary: check_usecases_codec_backend:becf: check_usecases num.of Usecases to switch 0
12-14 03:22:54.368 791 3306 D hardware_info: hw_info_append_hw_type : device_name = bt-a2dp
12-14 03:22:54.368 791 3306 D msm8974_platform: platform_split_snd_device: snd_device(45) num devices(0) new_snd_devices(0)
12-14 03:22:54.368 791 3306 D a2dp_offload: a2dp_set_backend_cfg: set source backend sample rate =KHZ_44P1
12-14 03:22:54.370 791 3306 D a2dp_offload: a2dp_set_backend_cfg: set afe enc channels =Two
12-14 03:22:54.371 791 3306 E soundtrigger: audio_extn_sound_trigger_update_stream_status: invalid input device 0x0, for event 3
12-14 03:22:54.371 791 3306 D soundtrigger: audio_extn_sound_trigger_update_stream_status: uc_info->id 1 of type 0 for Event 3, with Raise=0
12-14 03:22:54.371 791 3306 D audio_hw_utils: audio_extn_utils_send_app_type_cfg: usecase->out_snd_device bt-a2dp
12-14 03:22:54.371 791 3306 D msm8974_platform: platform_split_snd_device: snd_device(45) num devices(0) new_snd_devices(0)
12-14 03:22:54.371 791 3306 I audio_hw_utils: audio_extn_utils_get_app_sample_rate_for_device using 44100 sample rate rate for A2DP CoPP
12-14 03:22:54.371 791 3306 D audio_hw_utils: audio_extn_btsco_get_sample_rate:Not a BT SCO device, need not update sampling rate
12-14 03:22:54.371 791 3306 I audio_hw_utils: send_app_type_cfg_for_device PLAYBACK app_type 69937, acdb_dev_id 20, sample_rate 44100, snd_device_be_idx 32
12-14 03:22:54.372 791 3306 D msm8974_platform: platform_split_snd_device: snd_device(45) num devices(1) new_snd_devices(0)
12-14 03:22:54.372 791 3306 I audio_hw_utils: audio_extn_utils_get_app_sample_rate_for_device using 44100 sample rate rate for A2DP CoPP
12-14 03:22:54.372 791 3306 D audio_hw_utils: audio_extn_btsco_get_sample_rate:Not a BT SCO device, need not update sampling rate
12-14 03:22:54.372 791 3306 D ACDB-LOADER: ACDB -> send_audio_cal, acdb_id = 20, path = 0, app id = 0x11131, sample rate = 44100, afe_sample_rate = 48000
12-14 03:22:54.372 791 3306 D ACDB-LOADER: ACDB -> send_asm_topology
12-14 03:22:54.372 791 3306 D ACDB-LOADER: ACDB -> ACDB_CMD_GET_AUDPROC_STREAM_TOPOLOGY_ID
12-14 03:22:54.372 791 3306 D ACDB-LOADER: ACDB -> send_adm_topology
12-14 03:22:54.372 791 3306 D ACDB-LOADER: ACDB -> ACDB_CMD_GET_AUDPROC_COMMON_TOPOLOGY_ID
12-14 03:22:54.372 791 3306 D ACDB-LOADER: ACDB -> send_audtable
12-14 03:22:54.372 791 3306 D ACDB-LOADER: ACDB -> ACDB_CMD_GET_AUDPROC_INSTANCE_COMMON_TABLE_SIZE
12-14 03:22:54.372 791 3306 D ACDB-LOADER: ACDB -> ACDB_CMD_GET_AUDPROC_INSTANCE_COMMON_TABLE
12-14 03:22:54.372 791 3306 D ACDB-LOADER: ACDB -> AUDIO_SET_AUDPROC_CAL cal_type[11] acdb_id[20] app_type[69937]
12-14 03:22:54.372 791 3306 D ACDB-LOADER: ACDB -> send_audvoltable
12-14 03:22:54.372 791 3306 D ACDB-LOADER: ACDB -> ACDB_CMD_GET_AUDPROC_INSTANCE_GAIN_DEP_STEP_TABLE_SIZE
12-14 03:22:54.372 791 3306 D ACDB-LOADER: ACDB -> ACDB_CMD_GET_AUDPROC_INSTANCE_GAIN_DEP_STEP_TABLE, vol index 0
12-14 03:22:54.372 791 3306 D ACDB-LOADER: ACDB -> AUDIO_SET_VOL_CAL cal type = 12
12-14 03:22:54.372 791 3306 D ACDB-LOADER: ACDB -> ACDB_CMD_GET_AUDPROC_INSTANCE_STREAM_TABLE_SIZE
12-14 03:22:54.372 791 3306 D ACDB-LOADER: ACDB -> send_audstrmtable
12-14 03:22:54.372 791 3306 D ACDB-LOADER: ACDB -> ACDB_CMD_GET_AUDPROC_INSTANCE_STREAM_TABLE
12-14 03:22:54.372 791 3306 D ACDB-LOADER: ACDB -> audstrm_cal->cal_type.cal_data.cal_size = 20
12-14 03:22:54.372 791 3306 D ACDB-LOADER: ACDB -> send_afe_topology
12-14 03:22:54.372 791 3306 D ACDB-LOADER: ACDB -> ACDB_CMD_GET_AFE_TOPOLOGY_ID
12-14 03:22:54.372 791 3306 D ACDB-LOADER: ACDB -> GET_AFE_TOPOLOGY_ID for adcd_id 20, Topology Id 112fc
12-14 03:22:54.372 791 3306 D ACDB-LOADER: ACDB -> send_afe_cal
12-14 03:22:54.372 791 3306 D ACDB-LOADER: ACDB -> ACDB_CMD_GET_AFE_INSTANCE_COMMON_TABLE_SIZE
12-14 03:22:54.372 791 3306 D android.hardware.audio.service: Failed to fetch the lookup information of the device 00000014
12-14 03:22:54.372 791 3306 D ACDB-LOADER: Error: ACDB_CMD_GET_AFE_INSTANCE_COMMON_TABLE_SIZE Returned = -19
12-14 03:22:54.372 791 3306 D ACDB-LOADER: ACDB -> ACDB_CMD_GET_AFE_INSTANCE_COMMON_TABLE
12-14 03:22:54.373 791 3306 D android.hardware.audio.service: Failed to fetch the lookup information of the device 00000014
12-14 03:22:54.373 791 3306 D ACDB-LOADER: Error: ACDB AFE returned = -19
12-14 03:22:54.373 791 3306 D ACDB-LOADER: ACDB -> AUDIO_SET_AFE_CAL cal_type[16] acdb_id[20]
12-14 03:22:54.373 791 3306 D ACDB-LOADER: ACDB -> send_hw_delay : acdb_id = 20 path = 0
12-14 03:22:54.373 791 3306 D ACDB-LOADER: ACDB -> ACDB_AVSYNC_INFO: ACDB_CMD_GET_DEVICE_PROPERTY
12-14 03:22:54.373 791 3306 D msm8974_platform: platform_split_snd_device: snd_device(45) num devices(0) new_snd_devices(0)
12-14 03:22:54.373 791 3306 I msm8974_platform: platform_get_custom_mtmx_params: no matching param with id 0 ip_ch 2 op_ch 2 uc_id 1 snd_dev 45
12-14 03:22:54.373 791 3306 D audio_hw_primary: enable_audio_route: apply mixer and update path: low-latency-playback bt-a2dp
12-14 03:22:54.373 791 3306 D audio_route: Apply path: low-latency-playback bt-a2dp
12-14 03:22:54.375 791 3306 D audio_hw_primary: select_devices: done
12-14 03:22:54.376 791 1968 I btaudio_offload_qti: audio_get_a2dp_sink_latency_qti: Sink Latency = 200
12-14 03:22:54.378 1198 1712 D AudioTrack: split_a2dp dummy track stop completed
12-14 03:22:54.380 791 3464 D audio_hw_primary: adev_release_audio_patch: Remove patch with handle 6
12-14 03:22:54.382 1198 1712 D NuPlayerDriver: notifyResetComplete(0xeab814b0)
12-14 03:22:54.383 1198 1307 D SurfaceUtils: disconnecting from surface 0xe9f03278, reason disconnectNativeWindow
12-14 03:22:54.384 1198 1307 W AMessage: failed to post message as target looper for handler 0 is gone.
12-14 03:22:54.391 791 3306 D msm8974_platform: platform_set_channel_map mixer_ctl_name:Playback Channel Map9
12-14 03:22:54.391 791 3306 D msm8974_platform: platform_set_channel_map: set mapping(1 2 0 0 0 0 0 0) for channel:2
12-14 03:22:54.392 791 3306 E audio_hw_extn: audio_extn_perf_lock_release: Perf lock release error
12-14 03:22:54.392 791 3306 D audio_hw_primary: start_output_stream: exit
12-14 03:22:54.392 791 3306 D audio_hw_primary: out_write: retry previous failed cal level set
12-14 03:22:54.392 791 3306 D msm8974_platform: platform_split_snd_device: snd_device(45) num devices(1) new_snd_devices(0)
12-14 03:22:54.392 791 3306 D msm8974_platform: platform_split_snd_device: snd_device(45) num devices(1) new_snd_devices(0)
12-14 03:22:54.392 791 3306 D ACDB-LOADER: ACDB -> send_audvoltable
12-14 03:22:54.392 791 3306 D ACDB-LOADER: ACDB -> ACDB_CMD_GET_AUDPROC_INSTANCE_GAIN_DEP_STEP_TABLE_SIZE
12-14 03:22:54.392 791 3306 D ACDB-LOADER: ACDB -> ACDB_CMD_GET_AUDPROC_INSTANCE_GAIN_DEP_STEP_TABLE, vol index 0
12-14 03:22:54.392 791 3306 D ACDB-LOADER: ACDB -> AUDIO_SET_VOL_CAL cal type = 40
12-14 03:22:54.393 791 3464 D audio_hw_primary: route_output_stream: enter: usecase(3: compress-offload-playback) devices 0
12-14 03:22:54.393 791 3464 I btaudio_offload_qti: audio_check_a2dp_ready_qti: state = AUDIO_A2DP_STATE_STARTED
12-14 03:22:54.393 791 3464 I btaudio_offload_qti: audio_check_a2dp_ready_qti: session ready = 1
12-14 03:22:54.393 791 3464 W btaudio_offload_qti: audio_check_a2dp_ready_qti: return
12-14 03:22:54.393 791 1968 I btaudio_offload_qti: audio_get_a2dp_sink_latency_qti: Sink Latency = 200
12-14 03:22:54.394 791 3464 D audio_hw_primary: out_set_parameters: enter: usecase(3: compress-offload-playback) kvpairs: closing=true
12-14 03:22:54.395 791 1968 I btaudio_offload_qti: audio_get_a2dp_sink_latency_qti: Sink Latency = 200
12-14 03:22:54.396 1096 1118 E libEGL : eglDestroySurfaceImpl:853 error 300d (EGL_BAD_SURFACE)
01-01 09:20:58.941 0 0 E q6asm_callback: cmd = 0x10bce returned error = 0xa
01-01 09:20:58.941 0 0 E __q6asm_cmd: DSP returned error[ADSP_ENOTREADY] opcode 68558
12-14 03:22:54.400 791 3463 D audio_hw_primary: out_set_parameters: enter: usecase(3: compress-offload-playback) kvpairs: exiting=1
12-14 03:22:54.400 1096 1096 D BootAnimation: BootAnimationStopTiming start time: 42973ms
12-14 03:22:54.400 791 1742 D audio_hw_primary: copl(0xe8488650):calling compress_drain
12-14 03:22:54.400 791 791 D audio_hw_primary: out_standby: enter: stream (0xe8488650) usecase(3: compress-offload-playback)
12-14 03:22:54.401 791 1742 D audio_hw_primary: copl(0xe8488650):out of compress_drain
12-14 03:22:54.401 791 791 D audio_hw_primary: copl(0xe8488650):standby
12-14 03:22:54.411 1096 1096 I BpBinder: onLastStrongRef automatically unlinking death recipients:
12-14 03:22:54.415 791 1975 D offload_visualizer: thread exit
12-14 03:22:54.415 791 791 D audio_hw_primary: disable_audio_route: reset and update mixer path: compress-offload-playback bt-a2dp
12-14 03:22:54.416 791 791 E soundtrigger: audio_extn_sound_trigger_update_stream_status: invalid input device 0x0, for event 2
12-14 03:22:54.416 791 791 D soundtrigger: audio_extn_sound_trigger_update_stream_status: uc_info->id 3 of type 0 for Event 2, with Raise=1
12-14 03:22:54.416 791 791 I sound_trigger_platform: platform_stdev_check_and_update_concurrency: Received STREAM event, event type 2, usecase type 0
12-14 03:22:54.416 791 791 D sound_trigger_platform: platform_stdev_get_capture_device: Device = 0x80000004
12-14 03:22:54.416 791 791 D sound_trigger_platform: platform_stdev_get_capture_device: Available device = 0x80000004
12-14 03:22:54.416 791 791 D sound_trigger_platform: platform_stdev_check_and_update_concurrency: dedicated path 1, reset backend 1, tx 0, rx 0, concurrency session allowed
12-14 03:22:54.416 791 791 D msm8974_platform: platform_split_snd_device: snd_device(45) num devices(0) new_snd_devices(0)
12-14 03:22:54.416 791 791 I msm8974_platform: platform_get_custom_mtmx_params: no matching param with id 0 ip_ch 2 op_ch 2 uc_id 3 snd_dev 45
12-14 03:22:54.416 791 791 D hardware_info: hw_info_append_hw_type : device_name = bt-a2dp
12-14 03:22:54.416 791 791 D msm8974_platform: platform_split_snd_device: snd_device(45) num devices(0) new_snd_devices(0)
12-14 03:22:54.416 791 791 D audio_hw_primary: audio_enable_asm_bit_width_enforce_mode: DSP bitwidth feature is disabled.
12-14 03:22:54.416 791 791 D audio_hw_primary: out_standby: exit
12-14 03:22:54.416 791 3463 D audio_hw_primary: adev_close_output_stream: enter:stream_handle(compress-offload-playback)
12-14 03:22:54.416 791 3463 D audio_hw_primary: io_streams_map_remove: Removed stream with handle 85
12-14 03:22:54.416 791 3463 D audio_hw_primary: out_standby: enter: stream (0xe8488650) usecase(3: compress-offload-playback)
12-14 03:22:54.416 791 3463 D audio_hw_primary: out_standby: exit
12-14 03:22:54.417 791 3306 I btaudio_offload_qti: audio_get_a2dp_sink_latency_qti: Sink Latency = 200
12-14 03:22:54.421 791 3306 I btaudio_offload_qti: audio_get_a2dp_sink_latency_qti: Sink Latency = 200
12-14 03:22:54.425 791 3306 I btaudio_offload_qti: audio_get_a2dp_sink_latency_qti: Sink Latency = 200
12-14 03:22:54.427 791 3463 I btaudio_offload_qti: audio_get_a2dp_sink_latency_qti: Sink Latency = 200
12-14 03:22:54.429 791 3306 I btaudio_offload_qti: audio_get_a2dp_sink_latency_qti: Sink Latency = 200
12-14 03:22:54.433 791 3306 I btaudio_offload_qti: audio_get_a2dp_sink_latency_qti: Sink Latency = 200
01-01 09:20:58.973 0 0 I binder : undelivered transaction 115222, process died.
01-01 09:20:58.974 0 0 I init : Service 'bootanim' (pid 1096) exited with status 0 oneshot service took 35.054001 seconds in background
01-01 09:20:58.974 0 0 I init : Sending signal 9 to service 'bootanim' (pid 1096) process group...
01-01 09:20:58.974 0 0 I libprocessgroup: Successfully killed process cgroup uid 1003 pid 1096 in 0ms
12-14 03:22:54.437 791 3306 I btaudio_offload_qti: audio_get_a2dp_sink_latency_qti: Sink Latency = 200
12-14 03:22:54.441 791 3306 I btaudio_offload_qti: audio_get_a2dp_sink_latency_qti: Sink Latency = 200
12-14 03:22:54.445 791 3306 I btaudio_offload_qti: audio_get_a2dp_sink_latency_qti: Sink Latency = 200
12-14 03:22:54.447 791 3463 I btaudio_offload_qti: audio_get_a2dp_sink_latency_qti: Sink Latency = 200
12-14 03:22:54.449 791 3306 I btaudio_offload_qti: audio_get_a2dp_sink_latency_qti: Sink Latency = 200
12-14 03:22:54.453 791 3306 I btaudio_offload_qti: audio_get_a2dp_sink_latency_qti: Sink Latency = 200
12-14 03:22:54.457 791 3306 I btaudio_offload_qti: audio_get_a2dp_sink_latency_qti: Sink Latency = 200
12-14 03:22:54.461 791 3306 I btaudio_offload_qti: audio_get_a2dp_sink_latency_qti: Sink Latency = 200
12-14 03:22:54.461 640 655 I mpu_uart: [MSG-P:RECV]:No message received in 1000 ms
12-14 03:22:54.465 791 3306 I btaudio_offload_qti: audio_get_a2dp_sink_latency_qti: Sink Latency = 200
12-14 03:22:54.467 791 3463 I btaudio_offload_qti: audio_get_a2dp_sink_latency_qti: Sink Latency = 200
12-14 03:22:54.469 791 3306 I btaudio_offload_qti: audio_get_a2dp_sink_latency_qti: Sink Latency = 200
12-14 03:22:54.470 640 654 I mpu_uart: [MSG-P:R]:recv sync frame timeout
12-14 03:22:54.473 791 3306 I btaudio_offload_qti: audio_get_a2dp_sink_latency_qti: Sink Latency = 200
12-14 03:22:54.477 791 3306 I btaudio_offload_qti: audio_get_a2dp_sink_latency_qti: Sink Latency = 200
12-14 03:22:54.481 791 3306 I btaudio_offload_qti: audio_get_a2dp_sink_latency_qti: Sink Latency = 200
12-14 03:22:54.485 791 3306 I btaudio_offload_qti: audio_get_a2dp_sink_latency_qti: Sink Latency = 200
12-14 03:22:54.487 791 3463 I btaudio_offload_qti: audio_get_a2dp_sink_latency_qti: Sink Latency = 200
12-14 03:22:54.489 791 3306 I btaudio_offload_qti: audio_get_a2dp_sink_latency_qti: Sink Latency = 200
12-14 03:22:54.493 791 3306 I btaudio_offload_qti: audio_get_a2dp_sink_latency_qti: Sink Latency = 200
12-14 03:22:54.497 791 3306 I btaudio_offload_qti: audio_get_a2dp_sink_latency_qti: Sink Latency = 200
12-14 03:22:54.501 791 3306 I btaudio_offload_qti: audio_get_a2dp_sink_latency_qti: Sink Latency = 200
12-14 03:22:54.505 791 3306 I btaudio_offload_qti: audio_get_a2dp_sink_latency_qti: Sink Latency = 200
12-14 03:22:54.507 791 3463 I btaudio_offload_qti: audio_get_a2dp_sink_latency_qti: Sink Latency = 200
12-14 03:22:54.509 791 3306 I btaudio_offload_qti: audio_get_a2dp_sink_latency_qti: Sink Latency = 200
12-14 03:22:54.513 791 3306 I btaudio_offload_qti: audio_get_a2dp_sink_latency_qti: Sink Latency = 200
12-14 03:22:54.517 791 3306 I btaudio_offload_qti: audio_get_a2dp_sink_latency_qti: Sink Latency = 200
12-14 03:22:54.521 791 3306 I btaudio_offload_qti: audio_get_a2dp_sink_latency_qti: Sink Latency = 200
12-14 03:22:54.525 791 3306 I btaudio_offload_qti: audio_get_a2dp_sink_latency_qti: Sink Latency = 200
12-14 03:22:54.527 791 3463 I btaudio_offload_qti: audio_get_a2dp_sink_latency_qti: Sink Latency = 200
12-14 03:22:54.529 791 3306 I btaudio_offload_qti: audio_get_a2dp_sink_latency_qti: Sink Latency = 200
12-14 03:22:54.533 791 3306 I btaudio_offload_qti: audio_get_a2dp_sink_latency_qti: Sink Latency = 200
12-14 03:22:54.537 791 3306 I btaudio_offload_qti: audio_get_a2dp_sink_latency_qti: Sink Latency = 200
12-14 03:22:54.540 791 3306 I btaudio_offload_qti: audio_get_a2dp_sink_latency_qti: Sink Latency = 200
12-14 03:22:54.544 791 3306 I btaudio_offload_qti: audio_get_a2dp_sink_latency_qti: Sink Latency = 200
12-14 03:22:54.547 791 3463 I btaudio_offload_qti: audio_get_a2dp_sink_latency_qti: Sink Latency = 200
12-14 03:22:54.549 791 3306 I btaudio_offload_qti: audio_get_a2dp_sink_latency_qti: Sink Latency = 200
12-14 03:22:54.552 791 3306 I btaudio_offload_qti: audio_get_a2dp_sink_latency_qti: Sink Latency = 200
12-14 03:22:54.556 791 3306 I btaudio_offload_qti: audio_get_a2dp_sink_latency_qti: Sink Latency = 200
12-14 03:22:54.561 791 3306 I btaudio_offload_qti: audio_get_a2dp_sink_latency_qti: Sink Latency = 200
12-14 03:22:54.564 791 3306 I btaudio_offload_qti: audio_get_a2dp_sink_latency_qti: Sink Latency = 200
12-14 03:22:54.567 791 3463 I btaudio_offload_qti: audio_get_a2dp_sink_latency_qti: Sink Latency = 200
12-14 03:22:54.569 791 3306 I btaudio_offload_qti: audio_get_a2dp_sink_latency_qti: Sink Latency = 200
12-14 03:22:54.573 791 3306 I btaudio_offload_qti: audio_get_a2dp_sink_latency_qti: Sink Latency = 200
12-14 03:22:54.571 0 0 W swapper/3: type=1400 audit(0.0:269): avc: denied { kill } for capability=5 scontext=u:r:kernel:s0 tcontext=u:r:kernel:s0 tclass=capability permissive=0
12-14 03:22:54.576 791 3306 I btaudio_offload_qti: audio_get_a2dp_sink_latency_qti: Sink Latency = 200
12-14 03:22:54.581 791 3306 I btaudio_offload_qti: audio_get_a2dp_sink_latency_qti: Sink Latency = 200
12-14 03:22:54.585 791 3306 I btaudio_offload_qti: audio_get_a2dp_sink_latency_qti: Sink Latency = 200
12-14 03:22:54.587 791 3463 I btaudio_offload_qti: audio_get_a2dp_sink_latency_qti: Sink Latency = 200
12-14 03:22:54.588 791 3306 I btaudio_offload_qti: audio_get_a2dp_sink_latency_qti: Sink Latency = 200
12-14 03:22:54.592 791 3306 I btaudio_offload_qti: audio_get_a2dp_sink_latency_qti: Sink Latency = 200
12-14 03:22:54.596 791 3306 I btaudio_offload_qti: audio_get_a2dp_sink_latency_qti: Sink Latency = 200
12-14 03:22:54.600 791 3306 I btaudio_offload_qti: audio_get_a2dp_sink_latency_qti: Sink Latency = 200
12-14 03:22:54.604 791 3306 I btaudio_offload_qti: audio_get_a2dp_sink_latency_qti: Sink Latency = 200
12-14 03:22:54.607 791 3463 I btaudio_offload_qti: audio_get_a2dp_sink_latency_qti: Sink Latency = 200
12-14 03:22:54.608 791 3306 I btaudio_offload_qti: audio_get_a2dp_sink_latency_qti: Sink Latency = 200
12-14 03:22:54.613 791 3306 I btaudio_offload_qti: audio_get_a2dp_sink_latency_qti: Sink Latency = 200
12-14 03:22:54.617 791 3306 I btaudio_offload_qti: audio_get_a2dp_sink_latency_qti: Sink Latency = 200
12-14 03:22:54.620 791 3306 I btaudio_offload_qti: audio_get_a2dp_sink_latency_qti: Sink Latency = 200
12-14 03:22:54.624 791 3306 I btaudio_offload_qti: audio_get_a2dp_sink_latency_qti: Sink Latency = 200
12-14 03:22:54.627 791 3463 I btaudio_offload_qti: audio_get_a2dp_sink_latency_qti: Sink Latency = 200
12-14 03:22:54.628 791 3306 I btaudio_offload_qti: audio_get_a2dp_sink_latency_qti: Sink Latency = 200
12-14 03:22:54.632 791 3306 I btaudio_offload_qti: audio_get_a2dp_sink_latency_qti: Sink Latency = 200
12-14 03:22:54.636 791 3306 I btaudio_offload_qti: audio_get_a2dp_sink_latency_qti: Sink Latency = 200
12-14 03:22:54.640 791 3306 I btaudio_offload_qti: audio_get_a2dp_sink_latency_qti: Sink Latency = 200
12-14 03:22:54.644 791 3306 I btaudio_offload_qti: audio_get_a2dp_sink_latency_qti: Sink Latency = 200
12-14 03:22:54.647 791 3463 I btaudio_offload_qti: audio_get_a2dp_sink_latency_qti: Sink Latency = 200
12-14 03:22:54.648 791 3306 I btaudio_offload_qti: audio_get_a2dp_sink_latency_qti: Sink Latency = 200
12-14 03:22:54.652 791 3306 I btaudio_offload_qti: audio_get_a2dp_sink_latency_qti: Sink Latency = 200
12-14 03:22:54.656 791 3306 I btaudio_offload_qti: audio_get_a2dp_sink_latency_qti: Sink Latency = 200
12-14 03:22:54.660 791 3306 I btaudio_offload_qti: audio_get_a2dp_sink_latency_qti: Sink Latency = 200
12-14 03:22:54.664 791 3306 I btaudio_offload_qti: audio_get_a2dp_sink_latency_qti: Sink Latency = 200
12-14 03:22:54.668 791 3306 I btaudio_offload_qti: audio_get_a2dp_sink_latency_qti: Sink Latency = 200
12-14 03:22:54.672 791 3306 I btaudio_offload_qti: audio_get_a2dp_sink_latency_qti: Sink Latency = 200
12-14 03:22:54.676 791 3306 I btaudio_offload_qti: audio_get_a2dp_sink_latency_qti: Sink Latency = 200
12-14 03:22:54.680 791 3306 I btaudio_offload_qti: audio_get_a2dp_sink_latency_qti: Sink Latency = 200
12-14 03:22:54.683 791 3463 D audio_hw_primary: out_set_parameters: enter: usecase(1: low-latency-playback) kvpairs: suspend_playback=true
12-14 03:22:54.683 791 3463 D audio_hw_extn: audio_extn_fm_set_parameters: Enter
01-01 09:20:59.807 0 0 D : mv2112_read_status
01-01 09:20:59.807 0 0 D mv2112_update_link: 3.0x901(1G): 0x80
01-01 09:20:59.807 0 0 D mv2112_update_link: 3.0x8109(100M): 0x8
01-01 09:20:59.807 0 0 D mv2112_update_link: link 0x0
01-01 09:20:59.807 0 0 D mv2112_read_status: autoneg is disabled
12-14 03:22:55.461 640 655 I mpu_uart: [MSG-P:RECV]:No message received in 1000 ms
12-14 03:22:55.571 0 0 W swapper/3: type=1400 audit(0.0:270): avc: denied { kill } for capability=5 scontext=u:r:kernel:s0 tcontext=u:r:kernel:s0 tclass=capability permissive=0
12-14 03:22:55.684 791 791 D audio_hw_primary: out_set_parameters: enter: usecase(1: low-latency-playback) kvpairs: suspend_playback=false
12-14 03:22:55.684 791 791 D audio_hw_extn: audio_extn_fm_set_parameters: Enter
12-14 03:22:55.685 791 3306 W audio_hw_primary: out_write: underrun(3) frames_by_time(48256) > out->last_fifo_frames_remaining(384)
12-14 03:22:55.700 791 3306 I btaudio_offload_qti: audio_get_a2dp_sink_latency_qti: Sink Latency = 200
12-14 03:22:55.704 791 3306 I btaudio_offload_qti: audio_get_a2dp_sink_latency_qti: Sink Latency = 200
12-14 03:22:55.708 791 3306 I btaudio_offload_qti: audio_get_a2dp_sink_latency_qti: Sink Latency = 200
12-14 03:22:55.712 791 3306 I btaudio_offload_qti: audio_get_a2dp_sink_latency_qti: Sink Latency = 200
12-14 03:22:55.716 791 3306 I btaudio_offload_qti: audio_get_a2dp_sink_latency_qti: Sink Latency = 200
12-14 03:22:55.720 791 3306 I btaudio_offload_qti: audio_get_a2dp_sink_latency_qti: Sink Latency = 200
12-14 03:22:55.723 791 791 D audio_hw_primary: out_set_parameters: enter: usecase(1: low-latency-playback) kvpairs: suspend_playback=true
12-14 03:22:55.723 791 791 D audio_hw_extn: audio_extn_fm_set_parameters: Enter
01-01 09:21:00.289 0 0 I msm_vidc: err : ffffffff: .....: DBLP Set: status 0
01-01 09:21:00.831 0 0 D : mv2112_read_status
01-01 09:21:00.831 0 0 D mv2112_update_link: 3.0x901(1G): 0x80
01-01 09:21:00.831 0 0 D mv2112_update_link: 3.0x8109(100M): 0x8
01-01 09:21:00.831 0 0 D mv2112_update_link: link 0x0
01-01 09:21:00.831 0 0 D mv2112_read_status: autoneg is disabled
12-14 03:22:56.461 640 655 I mpu_uart: [MSG-P:RECV]:No message received in 1000 ms
12-14 03:22:56.571 0 0 W swapper/3: type=1400 audit(0.0:271): avc: denied { kill } for capability=5 scontext=u:r:kernel:s0 tcontext=u:r:kernel:s0 tclass=capability permissive=0
12-14 03:22:56.724 791 791 D audio_hw_primary: out_set_parameters: enter: usecase(1: low-latency-playback) kvpairs: suspend_playback=false
12-14 03:22:56.724 791 791 D audio_hw_extn: audio_extn_fm_set_parameters: Enter
12-14 03:22:56.725 791 3306 W audio_hw_primary: out_write: underrun(4) frames_by_time(48250) > out->last_fifo_frames_remaining(384)
12-14 03:22:56.740 791 3306 I btaudio_offload_qti: audio_get_a2dp_sink_latency_qti: Sink Latency = 200
12-14 03:22:56.744 791 3306 I btaudio_offload_qti: audio_get_a2dp_sink_latency_qti: Sink Latency = 200
12-14 03:22:56.748 791 3306 I btaudio_offload_qti: audio_get_a2dp_sink_latency_qti: Sink Latency = 200
12-14 03:22:56.752 791 3306 I btaudio_offload_qti: audio_get_a2dp_sink_latency_qti: Sink Latency = 200
12-14 03:22:56.756 791 3306 I btaudio_offload_qti: audio_get_a2dp_sink_latency_qti: Sink Latency = 200
12-14 03:22:56.759 791 3306 I btaudio_offload_qti: audio_get_a2dp_sink_latency_qti: Sink Latency = 200
12-14 03:22:56.763 791 791 D audio_hw_primary: out_set_parameters: enter: usecase(1: low-latency-playback) kvpairs: suspend_playback=true
12-14 03:22:56.763 791 791 D audio_hw_extn: audio_extn_fm_set_parameters: Enter
12-14 03:22:56.906 2716 2716 I hpplay-java: [main]:ServerTaskManager:restart by error
12-14 03:22:56.906 2716 2716 I hpplay-java: [main]:ServerTaskManager:startServer
12-14 03:22:56.907 2716 2716 I hpplay-java: [main]:ServerTaskManager:startServer add, reason: server is starting or running
12-14 03:22:56.907 2716 2716 I hpplay-java: [main]:ServerTaskManager:addStopTask
12-14 03:22:56.907 2716 2716 I hpplay-java: [main]:ServerTaskManager:addStartTask
12-14 03:22:56.907 2716 2716 I hpplay-java: [main]:ServerTaskManager:exeTask stopServer
12-14 03:22:56.907 2716 2716 I hpplay-java: [main]:Bridge:stopServer keepPush: false
12-14 03:22:56.908 2716 2716 D hpplay-base: [jniBridge:909] Bridge__1stopServer status:2
12-14 03:22:56.908 2716 2716 D hpplay-base: [LelinkBase:654] stopAllServer will start thread!
12-14 03:22:56.909 2716 4081 D hpplay-base: [AEventUtils:588] handle AEvent thread end!!,tid is 4081
12-14 03:22:56.909 2716 4082 D hpplay-base: [REventUtils:197] handleREventThread thread end!!,tid is 4082
12-14 03:22:56.909 2716 4095 I hpplay-base: [mDNSEmbeded:65] embedded_mDNSExit call
12-14 03:22:56.923 2716 4059 D hpplay-base: [stream_mirror_compat:1284] mirror stream begin to exit,server fd:68,thread_id:3214795200!!
12-14 03:22:56.923 2716 4059 D hpplay-base: [stream_mirror_compat:1323] ##screen stream exit successfully!!##
12-14 03:22:56.933 2716 4058 D hpplay-base: [Server:447] startHttpServer will END srv->serverType:0
12-14 03:22:56.934 2716 4058 D hpplay-base: [Server:646] startHttpServer cond srv_shutdown:1 connectNummber:0
12-14 03:22:56.934 2716 4058 D hpplay-base: [Server:669] startHttpServer wait cond END. srv_shutdown:1 connectNummber:0
12-14 03:22:56.934 2716 4058 D hpplay-base: [Server:457] HttpServer END, tid is 4058
01-01 09:21:01.855 0 0 D : mv2112_read_status
01-01 09:21:01.855 0 0 D mv2112_update_link: 3.0x901(1G): 0x80
01-01 09:21:01.855 0 0 D mv2112_update_link: 3.0x8109(100M): 0x8
01-01 09:21:01.855 0 0 D mv2112_update_link: link 0x0
01-01 09:21:01.855 0 0 D mv2112_read_status: autoneg is disabled
12-14 03:22:57.378 2716 4078 I hpplay-base: [mDNSEmbeded:140] embedded_mDNSLoop Exiting end,tid is 4078
12-14 03:22:57.378 2716 4095 D hpplay-base: [mDNSEmbeded:452] stopmDNSServer end stopmDNSNow=2, nRet=0
12-14 03:22:57.462 640 655 I mpu_uart: [MSG-P:RECV]:No message received in 1000 ms
12-14 03:22:57.473 640 654 I mpu_uart: [MSG-P:R]:recv sync frame timeout
12-14 03:22:57.571 0 0 W swapper/3: type=1400 audit(0.0:272): avc: denied { kill } for capability=5 scontext=u:r:kernel:s0 tcontext=u:r:kernel:s0 tclass=capability permissive=0
12-14 03:22:57.603 2716 4079 I hpplay-base: [mDNSEmbeded:376] end lelink publish server, tid is 4079
12-14 03:22:57.603 2716 4095 D hpplay-base: [mDNSEmbeded:420] stopmLelinkServer end nRet=0
12-14 03:22:57.603 2716 4095 D hpplay-base: [LelinkBase:615] lebodlna stopServerThreadFunc dlnaEnable:1
12-14 03:22:57.603 2716 4095 D hpplay-base-dlna: [lebodlna_api:49] stop DMR
12-14 03:22:57.603 2716 4095 D hpplay-base-dlna: [lebodlna_api:344] m_pRender Release
12-14 03:22:57.660 2716 4095 D hpplay-base-dlna: [UpnpDefine:867] DMRender release success
12-14 03:22:57.660 2716 4095 D hpplay-base-dlna: [lebodlna_api:352] m_pAVT Release
12-14 03:22:57.661 2716 4095 D hpplay-base-dlna: [lebodlna_api:360] m_pRCS Release
12-14 03:22:57.661 2716 4095 D hpplay-base-dlna: [lebodlna_api:365] dmrender destroydmr
12-14 03:22:57.764 791 791 D audio_hw_primary: out_set_parameters: enter: usecase(1: low-latency-playback) kvpairs: suspend_playback=false
12-14 03:22:57.764 791 791 D audio_hw_extn: audio_extn_fm_set_parameters: Enter
12-14 03:22:57.764 791 3463 D audio_hw_primary: out_standby: enter: stream (0xe84821a0) usecase(1: low-latency-playback)
01-01 09:21:02.321 0 0 I afe_close: port_id = 0x400e
01-01 09:21:02.329 0 0 I btfm_slim_disable_ch: port:16, grp: 0, ch->grph:0x0, ch->ch_hdl:0x1d
12-14 03:22:57.794 791 3463 D audio_hw_primary: disable_audio_route: reset and update mixer path: low-latency-playback bt-a2dp
12-14 03:22:57.795 791 3463 E soundtrigger: audio_extn_sound_trigger_update_stream_status: invalid input device 0x0, for event 2
12-14 03:22:57.795 791 3463 D soundtrigger: audio_extn_sound_trigger_update_stream_status: uc_info->id 1 of type 0 for Event 2, with Raise=0
12-14 03:22:57.795 791 3463 D msm8974_platform: platform_split_snd_device: snd_device(45) num devices(0) new_snd_devices(0)
