12-14 03:22:57.796 791 3463 I msm8974_platform: platform_get_custom_mtmx_params: no matching param with id 0 ip_ch 2 op_ch 2 uc_id 1 snd_dev 45
12-14 03:22:57.796 791 3463 D hardware_info: hw_info_append_hw_type : device_name = bt-a2dp
12-14 03:22:57.796 791 3463 D audio_hw_primary: disable_snd_device: snd_device(45: bt-a2dp)
12-14 03:22:57.796 791 3463 D msm8974_platform: platform_split_snd_device: snd_device(45) num devices(0) new_snd_devices(0)
12-14 03:22:57.798 791 3463 I btaudio_offload_qti: audio_stream_stop_qti
12-14 03:22:57.798 791 3463 W btaudio_offload_qti: handle_hidl_request: suspending audio stream
12-14 03:22:57.799 1986 2496 D bt_btif : btif_dispatch_sm_event: event: 50, len: 4
12-14 03:22:57.799 1986 2496 D bt_btif : btif_dispatch_sm_event: event 50 sent
12-14 03:22:57.799 791 3463 W btaudio_offload_qti: wait_for_stack_response: conditional wait: ack_recvd = 0
12-14 03:22:57.799 1986 2145 I bt_btif_vendor: btif_ba_is_active: 0
12-14 03:22:57.799 1986 2145 D bt_btif : btif_dispatch_sm_event: event: 34, len: 0
12-14 03:22:57.799 1986 2145 D bt_btif : btif_dispatch_sm_event: event 34 sent
12-14 03:22:57.800 1986 2145 I bt_stack: [INFO:a2dp_encoding.cc(2688)] ack_stream_suspended: result=PENDING
12-14 03:22:57.800 791 791 I BTAudioProviderStub: streamSuspended - SessionType=A2DP_HARDWARE_OFFLOAD_DATAPATH, status=SINK_NOT_READY
12-14 03:22:57.800 791 791 I BTAudioProviderSession: ReportControlStatus - status=SINK_NOT_READY for SessionType=A2DP_HARDWARE_OFFLOAD_DATAPATH, bluetooth_audio=0x0200 suspended
12-14 03:22:57.800 791 791 I btaudio_offload_qti: stack_resp_cb: status = 3
12-14 03:22:57.800 791 3463 I btaudio_offload_qti: wait_for_stack_response:ret = 0(Success)
12-14 03:22:57.800 791 3463 W btaudio_offload_qti: wait_for_stack_response: conditional wait done : ack_recvd = 1
12-14 03:22:57.800 791 3463 I btaudio_offload_qti: handle_hidl_request: ack status = A2DP_CTRL_ACK_PENDING
12-14 03:22:57.800 791 3463 W btaudio_offload_qti: wait_for_stack_response: conditional wait: ack_recvd = 0
12-14 03:22:57.800 1986 2145 D bt_btif : btif_av_state_started_handler: event: UNKNOWN_EVENT flags: 0 index = 0, reconfig_event: 0, codec_cfg_change: 0
12-14 03:22:57.800 1986 2145 W bt_btif : btif_av_state_started_handler: unhandled event=UNKNOWN_EVENT
12-14 03:22:57.800 1986 2145 E bt_btif : Latest playing device index is 0
12-14 03:22:57.800 1986 2145 D bt_btif : btif_av_state_started_handler: event: BTIF_AV_SUSPEND_STREAM_REQ_EVT flags: 0 index = 0, reconfig_event: 0, codec_cfg_change: 0
12-14 03:22:57.801 1986 2145 W bt_btif : btif_av_state_started_handler: Stop the AV Data channel
12-14 03:22:57.801 1986 2913 D bt_btif : bta_av_ssm_execute(): AV Sevent(0x41)=0x120c(AP_STOP) state=3(OPEN)
12-14 03:22:57.801 1986 2913 E bt_btif : bta_av_str_stopped: audio_open_cnt=1, p_data 0xb400007972379230
12-14 03:22:57.801 1986 2913 W bt_btif : bta_dm_rm_cback:2, status:6
12-14 03:22:57.801 1986 2913 I btif_av : isBATEnabled: 0
12-14 03:22:57.802 1986 2913 E bt_btif : bta_av_co_get_active_peer: active peer index: 0
12-14 03:22:57.802 1986 2913 E bt_btif : bta_av_co_get_active_peer: active peer index: 0
12-14 03:22:57.802 803 803 D vendor.qti.bluetooth@1.0-ibs_handler: SerialClockVote: vote for UART CLK ON
12-14 03:22:57.802 803 803 D vendor.qti.bluetooth@1.0-wake_lock: Acquire wakelock is acquired
12-14 03:22:57.802 803 803 I vendor.qti.bluetooth@1.0-ibs_handler: DeviceWakeUp: Writing IBS_WAKE_IND
12-14 03:22:57.803 803 2908 I vendor.qti.bluetooth@1.0-ibs_handler: ProcessIbsCmd: Received IBS_WAKE_ACK: 0xFC
12-14 03:22:57.803 803 2908 I vendor.qti.bluetooth@1.0-ibs_handler: ProcessIbsCmd: Signal wack_cond_
12-14 03:22:57.803 803 803 D vendor.qti.bluetooth@1.0-ibs_handler: DeviceWakeUp: Unblocked from waiting for FC, pthread_cond_timedwait ret = 0
12-14 03:22:57.804 803 2908 I vendor.qti.bluetooth@1.0-ibs_handler: ProcessIbsCmd: Received IBS_WAKE_IND: 0xFD
12-14 03:22:57.804 803 2908 I vendor.qti.bluetooth@1.0-ibs_handler: ProcessIbsCmd: Writing IBS_WAKE_ACK
12-14 03:22:57.814 1986 2145 E bt_btif : btif_media_send_reset_vendor_state:
12-14 03:22:57.814 1986 2145 D bt_btif : btif_av_state_started_handler: event: BTA_AV_OFFLOAD_STOP_RSP_EVT flags: 1 index = 0, reconfig_event: 0, codec_cfg_change: 0
12-14 03:22:57.814 1986 2145 W bt_btif : btif_av_state_started_handler: unhandled event=BTA_AV_OFFLOAD_STOP_RSP_EVT
12-14 03:22:57.814 1986 3192 D bt_btif_a2dp_source: btif_a2dp_source_command_ready: event: 7 BTIF_MEDIA_RESET_VS_STATE
12-14 03:22:57.822 1986 2913 E bt_avp : avdt_ad_tc_data_ind: type: x0, tcid: 0, ccb_idx: 0
12-14 03:22:57.822 1986 2913 D bt_btif : bta_av_ssm_execute(): AV Sevent(0x41)=0x1223(STR_SUSPEND_CFM) state=3(OPEN)
12-14 03:22:57.822 1986 2913 W bt_btif : bta_dm_rm_cback:2, status:6
12-14 03:22:57.823 1986 2145 D bt_btif : btif_av_state_started_handler: event: BTA_AV_SUSPEND_EVT flags: 1 index = 0, reconfig_event: 0, codec_cfg_change: 0
12-14 03:22:57.823 1986 2145 I btif_av : isBATEnabled: 0
12-14 03:22:57.823 1986 2145 E bt_btif : bta_av_co_get_active_peer: active peer index: 0
12-14 03:22:57.823 1986 2145 E bt_btif : bta_av_co_get_active_peer: active peer index: 0
12-14 03:22:57.823 1986 2145 I bt_stack: [INFO:a2dp_encoding.cc(2688)] ack_stream_suspended: result=SUCCESS_FINISHED
12-14 03:22:57.823 791 791 I BTAudioProviderStub: streamSuspended - SessionType=A2DP_HARDWARE_OFFLOAD_DATAPATH, status=SUCCESS
12-14 03:22:57.824 791 791 I BTAudioProviderSession: ReportControlStatus - status=SUCCESS for SessionType=A2DP_HARDWARE_OFFLOAD_DATAPATH, bluetooth_audio=0x0200 suspended
12-14 03:22:57.824 791 791 I btaudio_offload_qti: stack_resp_cb: status = 0
12-14 03:22:57.824 791 3463 I btaudio_offload_qti: wait_for_stack_response:ret = 0(Success)
12-14 03:22:57.824 791 3463 W btaudio_offload_qti: wait_for_stack_response: conditional wait done : ack_recvd = 1
12-14 03:22:57.824 791 3463 D btaudio_offload_qti: audio_stream_stop_qti: success
12-14 03:22:57.824 1986 2145 W bt_stack: [WARNING:a2dp_encoding.cc(189)] ResetPendingCmd 5
12-14 03:22:57.824 1986 2145 I BluetoothA2dpServiceJni: bta2dp_audio_state_callback
12-14 03:22:57.825 1986 2145 D A2dpNativeInterface: onAudioStateChanged: A2dpStackEvent {type:EVENT_TYPE_AUDIO_STATE_CHANGED, device:9C:19:C2:27:BA:EF, value1:STOPPED}
12-14 03:22:57.825 1986 2145 D A2dpService: messageFromNative: Going to acquire mVariableLock.
12-14 03:22:57.825 1986 2145 D A2dpService: messageFromNative: Acquired mVariableLock
12-14 03:22:57.825 1986 2145 D A2dpService: messageFromNative: Released mVariableLock
12-14 03:22:57.825 791 3463 D a2dp_offload: a2dp_set_bit_format: set AFE input bit format = 16
12-14 03:22:57.825 1986 2145 D A2dpService: messageFromNative: Sending STACK_EVENT: A2dpStackEvent {type:EVENT_TYPE_AUDIO_STATE_CHANGED, device:9C:19:C2:27:BA:EF, value1:STOPPED} to sm.
12-14 03:22:57.825 1986 2145 D bt_btif : btif_av_state_started_handler: event: BTIF_SM_EXIT_EVT flags: 1 index = 0, reconfig_event: 0, codec_cfg_change: 0
12-14 03:22:57.825 1986 2145 D bt_btif : btif_av_state_opened_handler: event: BTIF_SM_ENTER_EVT, flags: 1, peer_sep: 1, index: 0 reconfig_event: 0, codec_cfg_change: 0, reconfig_pending: 0, reconfig_a2dp: 0, is_retry_reconfig: 0
12-14 03:22:57.825 1986 3191 D A2dpStateMachine: handleMessage: E msg.what=101
12-14 03:22:57.825 1986 3191 D A2dpStateMachine: processMsg: Connected
12-14 03:22:57.826 1986 3191 D A2dpStateMachine: Connected process message(9C:19:C2:27:BA:EF): STACK_EVENT
12-14 03:22:57.826 1986 3191 D A2dpStateMachine: Connected: stack event: A2dpStackEvent {type:EVENT_TYPE_AUDIO_STATE_CHANGED, device:9C:19:C2:27:BA:EF, value1:STOPPED}
12-14 03:22:57.826 1986 3191 I A2dpStateMachine: Connected: processAudioStateEvent: state: 1mIsPlaying: true
12-14 03:22:57.826 1986 3191 I A2dpStateMachine: Connected: stopped playing: 9C:19:C2:27:BA:EF
12-14 03:22:57.826 1986 3178 V Avrcp_ext: AvrcpMessageHandler: received message=18
12-14 03:22:57.826 1986 3178 V Avrcp_ext: MSG_SET_A2DP_AUDIO_STATE:11
12-14 03:22:57.827 1986 3178 V Avrcp_ext: event for device address 9C:19:C2:27:BA:EF
12-14 03:22:57.827 1986 3191 D A2dpService: Enable BLE scanning
12-14 03:22:57.827 1986 3178 I Avrcp_ext: device found at index 0
12-14 03:22:57.827 1986 3178 D BATService: getBATService(): service is NULL
12-14 03:22:57.827 1986 3191 D BtGatt.ScanManager: setAptXLowLatencyMode: mIsAptXLowLatencyModeEnabled: falseenabled: false
12-14 03:22:57.827 1986 3191 D A2dpStateMachine: A2DP Playing state : device: 9C:19:C2:27:BA:EF State:PLAYING->NOT_PLAYING
12-14 03:22:57.828 791 3463 D a2dp_offload: a2dp_reset_backend_cfg: reset source backend sample rate =KHZ_8
12-14 03:22:57.828 1986 2488 I BtGatt.ScanManager: msg.what = 5
12-14 03:22:57.829 1986 3178 V Avrcp_ext: updateCurrentMediaState: mMediaController: MediaController (com.android.systemui@8c946b1) null
12-14 03:22:57.829 1986 3178 W Avrcp_ext: isMusicActive: false getBluetoothPlayState: 2 A2dp State: 11 mAudioPlaybackIsActive: false
12-14 03:22:57.830 791 3463 D a2dp_offload: a2dp_reset_backend_cfg: reset afe source channels =Zero
12-14 03:22:57.830 1986 3178 W Avrcp_ext: updateCurrentMediaState: isPlaying = false
12-14 03:22:57.831 791 3463 D a2dp_offload: Stop A2DP playback, total active sessions :0
12-14 03:22:57.831 791 3463 I soundtrigger: audio_extn_sound_trigger_update_device_status: device 0x2d of type 0 for Event 0, with Raise=0
12-14 03:22:57.831 791 3463 D audio_hw_primary: out_standby: exit
12-14 03:22:57.831 1986 3178 I Avrcp_ext: device found at index 0
12-14 03:22:57.831 1986 3178 V Avrcp_ext: Media update: id -1➡-1? [MediaAttributes: none] : [MediaAttributes: none]
12-14 03:22:57.831 1986 3178 D Avrcp_ext: isPackageNameValid: browsedPackage = com.android.systemuiisValid = true
12-14 03:22:57.831 1986 3178 V Avrcp_ext: isBrowseSupported for com.android.systemui: false
12-14 03:22:57.831 1986 3178 V Avrcp_ext: Exit handleMessage
12-14 03:22:57.832 1986 3191 D A2dpStateMachine: handleMessage: X
12-14 03:22:57.838 1986 1986 D HeadsetService: Received BluetoothA2dp Play State changed
12-14 03:22:57.838 1986 1986 D HeadsetA2dpSync: updateA2DPPlayingState device: 9C:19:C2:27:BA:EF transition 10->11
12-14 03:22:57.838 1986 1986 D HeadsetA2dpSync: isA2dpPlaying returns = 2
12-14 03:22:57.838 1986 1986 D HeadsetService: sendA2dpStateChange newState = 2
12-14 03:22:57.838 1986 1986 E HeadsetStateMachine: returning mCurrentState as Connected
12-14 03:22:57.839 1986 1986 D HeadsetA2dpSync: device: 9C:19:C2:27:BA:EF state = 2
12-14 03:22:57.839 1986 1986 D BtOppService: action : android.bluetooth.a2dp.profile.action.PLAYING_STATE_CHANGED
12-14 03:22:57.839 1986 1986 D BtOppUtils: device: 9C:19:C2:27:BA:EF newState: 11
12-14 03:22:57.839 1986 1986 D BtOppUtils: isA2DPPlaying :false
12-14 03:22:57.839 1986 3173 D HeadsetStateMachine: handleMessage: E msg.what=24
12-14 03:22:57.839 1986 3173 D HeadsetStateMachine: processMsg: Connected
12-14 03:22:57.839 1986 3173 D HeadsetStateMachine: Connected: currentDevice=9C:19:C2:27:BA:EF, msg=A2DP_STATE_CHANGED event
12-14 03:22:57.839 1986 3173 D HeadsetStateMachine: Enter processIntentA2dpPlayStateChanged(): a2dp state 2
12-14 03:22:57.839 1986 3173 D HeadsetStateMachine: A2DP suspended when there is no CS/VOIP calls or VR, resuming A2DP
12-14 03:22:57.839 1986 3173 D HeadsetA2dpSync: releaseA2DP mA2dpSuspendTriggered 0 by device 9C:19:C2:27:BA:EF
12-14 03:22:57.839 1986 3173 D HeadsetStateMachine: Exit processIntentA2dpPlayStateChanged()
12-14 03:22:57.840 1986 3173 D HeadsetStateMachine: handleMessage: X
12-14 03:22:57.904 803 2908 I vendor.qti.bluetooth@1.0-ibs_handler: ProcessIbsCmd: Received IBS_SLEEP_IND: 0xFE
12-14 03:22:57.961 2716 4095 D hpplay-base-dlna: [lebodlna-dlna_android:186] stopDLNA
12-14 03:22:57.961 2716 4095 D hpplay-base-dlna: [lebodlna-dlna_android:189] dlnaservice destroy
12-14 03:22:57.961 2716 4095 D hpplay-base-dlna: [lebodlna-dlna_android:49] dlnaservice Destroy 49 int CDlnaService::Destroy()
12-14 03:22:57.961 2716 4095 D hpplay-base-dlna: [lebodlna-dlnaframe:245] dlnaservice Destroy 245 static ERROR_TYPE IDlnaFrame::DestroyDlnaFrame(IDlnaFrame *)
12-14 03:22:57.961 2716 4095 D hpplay-base-dlna: [lebodlna-dlnaframe:179] dlnaservice Destroy 179 virtual void CDlnaFrame::Release()
12-14 03:22:57.961 2716 4095 D hpplay-base-dlna: [lebodlna-dlnaframe:190] dlnaservice Destroy 190 virtual void CDlnaFrame::Release()
12-14 03:22:57.961 2716 4095 D hpplay-base-dlna: [lebodlna-dlnaframe:192] dlnaservice Destroy 192 virtual void CDlnaFrame::Release()
12-14 03:22:57.961 2716 4095 D hpplay-base-dlna: [lebodlna-dlnaframe:247] dlnaservice Destroy 247 static ERROR_TYPE IDlnaFrame::DestroyDlnaFrame(IDlnaFrame *)
12-14 03:22:57.961 2716 4095 D hpplay-base-dlna: [lebodlna-dlnaframe:251] dlnaservice Destroy 251 static ERROR_TYPE IDlnaFrame::DestroyDlnaFrame(IDlnaFrame *)
12-14 03:22:57.963 2716 4095 E hpplay-base-dlna: upnpapi.c:655::before gminiserver ThreadPoolShutdown
12-14 03:22:57.963 2716 4095 E hpplay-base-dlna: ThreadPool.c:1047::on ThreadPoolShutdown tp->totalThreads:2
12-14 03:22:57.963 2716 4095 E hpplay-base-dlna: ThreadPool.c:1056::after ThreadPoolShutdown
12-14 03:22:57.963 2716 4095 E hpplay-base-dlna: ThreadPool.c:1057::ThreadPoolShutdown tp->totalThreads:0
12-14 03:22:57.963 2716 4095 E hpplay-base-dlna: upnpapi.c:657::after gminiserver ThreadPoolShutdown
12-14 03:22:57.963 2716 4095 E hpplay-base-dlna: upnpapi.c:659::before grecv ThreadPoolShutdown
12-14 03:22:57.963 2716 4095 E hpplay-base-dlna: ThreadPool.c:1047::on ThreadPoolShutdown tp->totalThreads:12
12-14 03:22:57.963 2716 4095 E hpplay-base-dlna: ThreadPool.c:1047::on ThreadPoolShutdown tp->totalThreads:11
12-14 03:22:57.964 2716 4095 E hpplay-base-dlna: ThreadPool.c:1047::on ThreadPoolShutdown tp->totalThreads:10
12-14 03:22:57.964 2716 4095 E hpplay-base-dlna: ThreadPool.c:1047::on ThreadPoolShutdown tp->totalThreads:9
12-14 03:22:57.964 2716 4095 E hpplay-base-dlna: ThreadPool.c:1047::on ThreadPoolShutdown tp->totalThreads:8
12-14 03:22:57.964 2716 4095 E hpplay-base-dlna: ThreadPool.c:1047::on ThreadPoolShutdown tp->totalThreads:7
12-14 03:22:57.964 2716 4095 E hpplay-base-dlna: ThreadPool.c:1047::on ThreadPoolShutdown tp->totalThreads:6
12-14 03:22:57.964 2716 4095 E hpplay-base-dlna: ThreadPool.c:1047::on ThreadPoolShutdown tp->totalThreads:5
12-14 03:22:57.964 2716 4095 E hpplay-base-dlna: ThreadPool.c:1047::on ThreadPoolShutdown tp->totalThreads:2
12-14 03:22:57.964 2716 4095 E hpplay-base-dlna: ThreadPool.c:1056::after ThreadPoolShutdown
12-14 03:22:57.964 2716 4095 E hpplay-base-dlna: ThreadPool.c:1057::ThreadPoolShutdown tp->totalThreads:0
12-14 03:22:57.964 2716 4095 E hpplay-base-dlna: upnpapi.c:661::after grecv ThreadPoolShutdown
12-14 03:22:57.964 2716 4095 E hpplay-base-dlna: upnpapi.c:663::before gsend ThreadPoolShutdown
12-14 03:22:57.965 2716 4095 E hpplay-base-dlna: ThreadPool.c:1047::on ThreadPoolShutdown tp->totalThreads:2
12-14 03:22:57.965 2716 4095 E hpplay-base-dlna: ThreadPool.c:1047::on ThreadPoolShutdown tp->totalThreads:1
12-14 03:22:57.965 2716 4095 E hpplay-base-dlna: ThreadPool.c:1056::after ThreadPoolShutdown
12-14 03:22:57.965 2716 4095 E hpplay-base-dlna: ThreadPool.c:1057::ThreadPoolShutdown tp->totalThreads:0
12-14 03:22:57.965 2716 4095 E hpplay-base-dlna: upnpapi.c:665::after gsend ThreadPoolShutdown
12-14 03:22:57.965 2716 4095 D hpplay-base-dlna: [lebodlna-dlnaframe:253] dlnaservice Destroy 253 static ERROR_TYPE IDlnaFrame::DestroyDlnaFrame(IDlnaFrame *)
12-14 03:22:57.965 2716 4095 D hpplay-base-dlna: [lebodlna-dlna_android:51] dlnaservice Destroy 51 int CDlnaService::Destroy()
12-14 03:22:57.965 2716 4095 D hpplay-base-dlna: [lebodlna-dlna_android:194] stopDLNA end
12-14 03:22:58.265 2716 4095 D hpplay-base: [stream_mirror_compat:1489] request to stop screen stream session!!
12-14 03:22:58.265 2716 4095 D hpplay-base: [AEventUtils:625] begin to stop event handle service!!
12-14 03:22:58.265 2716 4095 D hpplay-base: [AEventUtils:628] stop event handle service ok!!
12-14 03:22:58.265 2716 4095 D hpplay-base: [REventUtils:231] begin to stop report handle service!!
12-14 03:22:58.266 2716 4095 D hpplay-base: [REventUtils:234] stop report handle service ok!!
12-14 03:22:58.266 2716 4095 D hpplay-base: [lelinkSinkServer:711] HTTP Server stopSinkServer End .
12-14 03:22:58.266 2716 4095 D hpplay-base: [jniBridge:1135] notifyJavaServerStoped
12-14 03:22:58.266 2716 4095 D hpplay-base: [jniBridge:1726] notifyJava, what:202, castType:0, mimeType:0 baseStatus:4
12-14 03:22:58.266 2716 4095 D hpplay-base: [jniBridge:1727] notifyJava sessionID:(null)
12-14 03:22:58.267 2716 4095 I hpplay-java: [Thread-5]:Bridge:notify: what: 202
12-14 03:22:58.270 2716 4095 I hpplay-java: [Thread-5]:Bridge:notify: out: OutParameters:{audioSessionId=-1, audiotrackIndex=0, castHandleType=-1, castType=0, deviceName='', dlnaName='', dramaID='', extra=0, frameHandleType=-1, handleInside=true, headduration=0, header='', headers=null, isAD=false, isMultiMirror=false, lelinkVer='', limitTime=0, , mediaAlbum='null', mediaAlbumArtURI='', mediaArtist='null', mediaAssets='', mediaTitle='null', mimeType=0, multiSession=null, period=0, pinCode='', playSpeed=0.0, playerChoice=0, plugin=0, port=0, position=0.0, positionUnit=2, protocol=0, realSessionID='', regType='', , sinkIp='', sourceAPPVersion='', sourceChannel='', sourceClientInfo='', sourceDeviceInfo='', sourceDeviceModel='', sourceDeviceName='', sourceDeviceType=0, sourceHID='', , sourceInfo='', , , sourceOSVersion='', sourceSDKVersion='', sourceUid='', stopDetail=0, stopReason=0, tailduration=0, url='', urlID='', urls=null, userAgent='', videoDecoder=0, volume=0, what=202}com.hpplay.sdk.sink.protocol.OutParameters@ec61c35
12-14 03:22:58.270 2716 4095 I hpplay-java: [Thread-5]:Bridge:notify: address:217077962
12-14 03:22:58.270 2716 4095 D hpplay-base: [LelinkBase:645] stopServerThreadFunc notifyJavaServerStoped!
12-14 03:22:58.271 2716 2716 I hpplay-java: [main]:ServerTaskManager:startTimeOutCheck
12-14 03:22:58.271 2716 2716 I hpplay-java: [main]:ServerBusiness:stopDaemonBusiness
12-14 03:22:58.271 2716 2716 I hpplay-java: [main]:SinkDataReport:logout
12-14 03:22:58.273 2716 2716 I hpplay-java: [main]:EPControl:release
12-14 03:22:58.275 2716 2716 I hpplay-java: [main]:ImageProxy:static check img framework, isGlide=true
12-14 03:22:58.287 2716 3892 I hpplay-java: [AsyncTask #17]:GlideCreator:clearCache clearDiskCache
12-14 03:22:58.289 2716 2716 I hpplay-java: [main]:Dispatcher:notifyAllReverseControlsStop
12-14 03:22:58.289 2716 2716 I hpplay-java: [main]:Preference:checkFeature none
12-14 03:22:58.289 2716 4052 W hpplay-java: NanoHTTPDServerRunnable:Communication with the client broken
12-14 03:22:58.289 2716 4052 W hpplay-java: java.net.SocketException: Socket closed
12-14 03:22:58.289 2716 4052 W hpplay-java: at java.net.PlainSocketImpl.socketAccept(PlainSocketImpl.java:213)
12-14 03:22:58.289 2716 4052 W hpplay-java: at java.net.AbstractPlainSocketImpl.accept(AbstractPlainSocketImpl.java:451)
12-14 03:22:58.289 2716 4052 W hpplay-java: at java.net.ServerSocket.implAccept(ServerSocket.java:547)
12-14 03:22:58.289 2716 4052 W hpplay-java: at java.net.ServerSocket.accept(ServerSocket.java:515)
12-14 03:22:58.289 2716 4052 W hpplay-java: at com.hpplay.nanohttpd.protocols.http.ServerRunnable.run(SourceFile:118)
12-14 03:22:58.289 2716 4052 W hpplay-java: at java.lang.Thread.run(Thread.java:920)
12-14 03:22:58.289 2716 2716 I hpplay-java: [main]:Dispatcher:notifyAllUIControlsStop set: []
12-14 03:22:58.289 2716 4052 I hpplay-java: NanoHTTPDNanoHTTPD:server is stoped
12-14 03:22:58.290 2716 4052 I hpplay-java: NanoHTTPDNanoHTTPD:clear obj
12-14 03:22:58.290 2716 2716 I hpplay-java: [main]:Bridge:findServiceID start out: 217077962
12-14 03:22:58.290 2716 2716 I hpplay-java: [main]:Bridge:findServiceID end
12-14 03:22:58.290 2716 2716 I hpplay-java: [main]:ServerTaskManager:onStop retry:true
12-14 03:22:58.290 2716 2716 I hpplay-java: [main]:ServerTaskManager:cancelTimeOutCheck
12-14 03:22:58.291 2716 2716 I hpplay-java: [main]:IPManager:getActiveNets type: WIFI
12-14 03:22:58.291 2716 2716 I hpplay-java: [main]:IPManager:getActiveNets eth0:false wifi:true mobile:false ap:false
12-14 03:22:58.291 2716 2716 I hpplay-java: [main]:IPManager:getIPAddress IP_WLAN0
12-14 03:22:58.293 2716 2716 I hpplay-java: [main]:IPManager:updateIPAddress getIPAddress: 192.168.4.16 name:vlan4
12-14 03:22:58.293 2716 2716 I hpplay-java: [main]:IPManager:updateIPAddress getIPAddress: 192.168.0.18 name:wlan0
12-14 03:22:58.293 2716 2716 I hpplay-java: [main]:IPManager:updateIPAddress getIPAddress: 192.168.8.16 name:vlan8
12-14 03:22:58.293 2716 2716 I hpplay-java: [main]:IPManager:updateIPAddress getIPAddress: 192.168.11.16 name:vlan11
12-14 03:22:58.293 2716 2716 I hpplay-java: [main]:IPManager:updateIPAddress getIPAddress: 192.168.0.16 name:vlan0
12-14 03:22:58.293 2716 2716 I hpplay-java: [main]:IPManager:updateIPAddress getIPAddress: 192.168.2.16 name:vlan2
12-14 03:22:58.293 2716 2716 I hpplay-java: [main]:IPManager:updateIPAddress getIPAddress: 192.168.1.16 name:vlan1
12-14 03:22:58.293 2716 2716 I hpplay-java: [main]:ServerTaskManager:exeTask startServer
12-14 03:22:58.294 2716 3893 I hpplay-java: [AsyncTask #18]:ServerBusiness:startDaemonBusiness
12-14 03:22:58.294 2716 2716 I hpplay-java: [main]:ServerTaskManager:startTimeOutCheck
12-14 03:22:58.294 2716 3897 I hpplay-java: [AsyncTask #19]:Bridge:assembleInParameters
12-14 03:22:58.294 2716 3893 I hpplay-java: [AsyncTask #18]:TimeOutCheckUtil:addTask id:upgrade
12-14 03:22:58.294 2716 3893 I hpplay-java: [AsyncTask #18]:TimeOutCheckUtil:addTask id:ijkupgrade
12-14 03:22:58.295 2716 3897 I hpplay-java: [AsyncTask #19]:Bridge:createDeviceId deviceId:YTM6NDk6ZTY6MWM6YmE6MDY=
12-14 03:22:58.295 2716 3897 I hpplay-java: [AsyncTask #19]:IPManager:getActiveNets type: WIFI
12-14 03:22:58.295 2716 3897 I hpplay-java: [AsyncTask #19]:IPManager:getActiveNets eth0:false wifi:true mobile:false ap:false
12-14 03:22:58.295 2716 3897 I hpplay-java: [AsyncTask #19]:IPManager:getIPAddress IP_WLAN0
12-14 03:22:58.295 2716 4099 I hpplay-java: NanoHTTPDNanoHTTPD:server is started
12-14 03:22:58.295 2716 3897 I hpplay-java: [AsyncTask #19]:Preference:checkFeature none
12-14 03:22:58.295 2716 3897 I hpplay-java: [AsyncTask #19]:SWI:dlna tip
12-14 03:22:58.295 2716 3897 I hpplay-java: [AsyncTask #19]:SWI:lefp tip
12-14 03:22:58.296 2716 3897 I hpplay-java: [AsyncTask #19]:Bridge:assembleInParameters none alias name use device name: 高合娱乐副屏
12-14 03:22:58.296 2716 3897 I hpplay-java: [AsyncTask #19]:Feature:isSendAdvertisement
12-14 03:22:58.296 2716 3897 I hpplay-java: [AsyncTask #19]:Preference:checkFeature none
12-14 03:22:58.296 2716 3897 I hpplay-java: [AsyncTask #19]:Preference:checkFeature none
12-14 03:22:58.296 2716 3897 I hpplay-java: [AsyncTask #19]:Bridge:backupHpplayDat bakPath:
12-14 03:22:58.296 2716 3897 I hpplay-java: [AsyncTask #19]:Bridge:path:/data/user/0/com.hht.lebocast/files/hpplay/file/happyplay.dat
12-14 03:22:58.296 2716 3897 I hpplay-java: [AsyncTask #19]:Bridge:mAppId:21409
12-14 03:22:58.296 2716 3897 I hpplay-java: [AsyncTask #19]:Bridge:mode:3
12-14 03:22:58.296 2716 3897 I hpplay-java: [AsyncTask #19]:Bridge:type:1
12-14 03:22:58.296 2716 3897 I hpplay-java: [AsyncTask #19]:Bridge:SN:
12-14 03:22:58.296 2716 3897 I hpplay-java: [AsyncTask #19]:Preference:checkFeature none
12-14 03:22:58.296 2716 3897 I hpplay-java: [AsyncTask #19]:Bridge:backPath:
12-14 03:22:58.297 2716 3897 I hpplay-java: [AsyncTask #19]:DeviceUtil:getPermissionDid: 1
12-14 03:22:58.297 2716 3897 I hpplay-java: [AsyncTask #19]:DeviceUtil:getPermissionDid: 1
12-14 03:22:58.297 2716 3897 I hpplay-java: [AsyncTask #19]:Preference:checkFeature none
12-14 03:22:58.297 2716 3897 I hpplay-java: [AsyncTask #19]:Preference:checkFeature none
12-14 03:22:58.297 2716 3897 I hpplay-java: [AsyncTask #19]:Preference:checkFeature none
12-14 03:22:58.297 2716 3897 I hpplay-java: [AsyncTask #19]:Preference:checkFeature none
12-14 03:22:58.297 2716 3897 I hpplay-java: [AsyncTask #19]:Preference:checkFeature none
12-14 03:22:58.297 2716 3897 I hpplay-java: [AsyncTask #19]:Preference:checkFeature none
12-14 03:22:58.305 2716 3893 W hpplay-java: [AsyncTask #18]:ServerBusiness:startDaemonBusiness start LelinkHTTPD sucess 52288
12-14 03:22:58.309 2716 3897 W hpplay-java: [AsyncTask #19]:DeviceUtils:getDomain create lb domain
12-14 03:22:58.314 2716 3897 I hpplay-java: [AsyncTask #19]:Feature:getMirrorAudioVideoSync DISABLE
12-14 03:22:58.314 2716 3897 I hpplay-java: [AsyncTask #19]:Feature:checkSupportRedirectOtherApp,no set redirect api
12-14 03:22:58.314 2716 3897 I hpplay-java: [AsyncTask #19]:Feature:getRedirectSearchFlag,value: 0
12-14 03:22:58.315 2716 3897 I hpplay-java: [AsyncTask #19]:Bridge:mIn: InParameters{appInfo='0', appKey='21409', authMode=0, authPwd='null', broadcastDirection=0, broadcastState=1, broadcastTimeout=3, buildType='release', cacheAVPath='/data/user/0/com.hht.lebocast/cache/hpplay/av', cachePhotoPath='/data/user/0/com.hht.lebocast/cache/hpplay/image', channel='LEBO-APK--60146-25915', desPath='', , deviceName='高合娱乐副屏', dlna=1, dlnaCompany='null', dlnaCompanyURL='null', dlnaDeviceDescribe='null', dlnaDeviceName='null', dlnaDeviceURL='null', dlnaLelinkSwitch=1, dlnaManufacturer=0, dlnaName='高合娱乐副屏', dlnaUPC='', dlnaUUID='676e3c0e-188d-2881-eece-0e46b24b4e35', domain='Lebo-figure-4a410202dc4f', drainage=0, feature='6655', fps=60, height=1080, host='null', , keyPath='/data/user/0/com.hht.lebocast/files/hpplay/file', lelinkfp=1, lelinkfp2=0, logBaseState=1, logPath='/storage/emulated/0/com.hht.lebocast/sink/sdk/common', , mdnsEnable=1, mirrorSyncType=0, netCastVer='2.0', packageName='com.hht.lebocast', packagePath='/data/user/0/com.hht.lebocast', permissionDid='4a:41:02:02:dc:4f', permissionMode=3, permissionPreSN='', port=0, preemptMode=0, regType='_leboremote._tcp.', serverPorts=null, sockWaitTimeOut=45, teleControlPort=53388, tunnels=3, txtKeys=null, txtValues=null, uid='-1960410123998045105', videoFrameType=1001, width=1920}com.hpplay.sdk.sink.protocol.InParameters@b70ae40
12-14 03:22:58.315 2716 2716 I hpplay-java: [main]:Bridge:startServer state: 0
12-14 03:22:58.315 2716 2716 D hpplay-base: [jniBridge:185] not conference version
12-14 03:22:58.315 2716 2716 I hpplay-base: [jniBridge:241] 1initServer nSettingWidth=1920 nSettingHeight=1080 nSettingMaxFPS=60 dlnaEnable=1 lelinkFpEnable=1
12-14 03:22:58.316 2716 2716 D hpplay-base: [jniBridge:283] 1initServer cfg.leLinkIp=192.168.0.18
12-14 03:22:58.316 2716 2716 D hpplay-base: [jniBridge:286] 1initServer cfg.mPermissionMode=3
12-14 03:22:58.316 2716 2716 D hpplay-base: [jniBridge:304] 1initServer cfg.permissionDid=4a:41:02:02:dc:4f000000000000000
12-14 03:22:58.316 2716 2716 D hpplay-base: [jniBridge:313] 1initServer cfg.mPermissionPreSN=00000000000000000000000000000000
12-14 03:22:58.316 2716 2716 D hpplay-base: [jniBridge:317] Bridge___1initServer status:0
12-14 03:22:58.316 2716 2716 I hpplay-base: [jniBridge:325] 1initServer cfg.feature=6655
12-14 03:22:58.316 2716 2716 D hpplay-base: [jniBridge:377] 1initServer isSendBroadCast=3
12-14 03:22:58.316 2716 2716 D hpplay-base: [jniBridge:380] 1initServer broadcastDirection=0
12-14 03:22:58.316 2716 2716 D hpplay-base: [jniBridge:382] 1initServer ipBroadcast direction=0
12-14 03:22:58.316 2716 2716 D hpplay-base: [jniBridge:387] 1initServer tunnel=3
12-14 03:22:58.316 2716 2716 D hpplay-base: [jniBridge:390] 1initServer drainage=0
12-14 03:22:58.316 2716 2716 D hpplay-base: [jniBridge:401] 1initServer mDNSEnable=1
12-14 03:22:58.316 2716 2716 D hpplay-base: [jniBridge:406] 1initServer nSockWaitTimeOut=45
12-14 03:22:58.316 2716 2716 D hpplay-base: [jniBridge:410] 1initServer nMirrorAudioVideoSync=0
12-14 03:22:58.316 2716 2716 I hpplay-base: [sign_check:168] checkSign strPackageName:com.hht.lebocast
12-14 03:22:58.316 2716 2716 I hpplay-base: [sign_check:169] checkSign buildType:release
12-14 03:22:58.316 2716 2716 I hpplay-base: [sign_check:170] checkSign appKey:21409
12-14 03:22:58.316 2716 2716 D hpplay-base: [LelinkBase:405] bridgeInit port: 0, lelinkfp: 0
12-14 03:22:58.316 2716 2716 D hpplay-base: [LelinkBase:462] bridgeInit mPackagePath =/data/user/0/com.hht.lebocast
12-14 03:22:58.316 2716 2716 D hpplay-base: [LelinkBase:463] bridgeInit mKeyPath =/data/user/0/com.hht.lebocast/files/hpplay/file
12-14 03:22:58.316 2716 2716 D hpplay-base: [SinkContext:97] initSinkContext mPackagePath =/data/user/0/com.hht.lebocast
12-14 03:22:58.316 2716 2716 D hpplay-base: [SinkContext:98] initSinkContext mKeyPath =/data/user/0/com.hht.lebocast/files/hpplay/file
12-14 03:22:58.316 2716 2716 D hpplay-base: [jniBridge:478] Java_com_hpplay_sdk_sink_protocol_Bridge__1initServer end
12-14 03:22:58.316 2716 2716 D hpplay-base: [jniBridge:869] Bridge__1startServer status:1
12-14 03:22:58.316 2716 2716 D hpplay-base: [LelinkBase:492] startAllServer at base
12-14 03:22:58.316 2716 2716 D hpplay-base: [lelinkSinkServer:152] httpPlugins_SetServerPort TYPE_SERVER_LELINK:52266
12-14 03:22:58.316 2716 2716 D hpplay-base: [network.c:362] protocol bind host :192.168.0.18 port:52266 curent bind port:52266
12-14 03:22:58.316 2716 2716 D hpplay-base: [lelinkSinkServer:681] HTTP Server real at:52266
12-14 03:22:58.316 2716 4104 D hpplay-base: [lelinkSinkServer:644] Connected Service Type:0
12-14 03:22:58.317 2716 4104 I hpplay-base: : (server.c.315) startServer listen_ing....:
12-14 03:22:58.317 2716 2716 D hpplay-base: [ScreenStream:1285] current bind port:7100
12-14 03:22:58.317 2716 4104 D hpplay-base: [Server:371] startHttpServer srv_sockets.used:1 nCurrentFd:68, tid is 4104
12-14 03:22:58.317 2716 2716 D hpplay-base: [LelinkBase:515] startAllServer pBaseContext->config.dlnaEnable:1
12-14 03:22:58.317 2716 2716 D hpplay-base: [lelinkDlna:324] addDMRCallback end
12-14 03:22:58.317 2716 4105 D hpplay-base: [stream_mirror_compat:759] compat mirror stream begin to run,server fd:69,thread_id:3213742528!!
12-14 03:22:58.318 2716 2716 E hpplay-base-dlna: miniserver.c:788::dlna_port(ipv4: 49152 ipv6:0)
12-14 03:22:58.318 2716 2716 D hpplay-base-dlna: [lebodlna-dlnaframe:166] succeed to load lebodlnaplugin
12-14 03:22:58.318 2716 2716 D hpplay-base-dlna: [lebodlna-dlnaframe:232] Succeed to load specified plugin:lebodlna_plugin
12-14 03:22:58.318 2716 2716 D hpplay-base: [lelinkDlna:328] startDLNAServer ret=0
12-14 03:22:58.318 2716 2716 D hpplay-base: [LelinkBase:531] startDLNAServer ret= 0
12-14 03:22:58.318 2716 2716 D hpplay-base: [lelinkDlna:342] setDMRFriendlyName 高合娱乐副屏
12-14 03:22:58.318 2716 2716 D hpplay-base-dlna: [lebodlna-dlna_android:136] setBroadcastTimeout mBroadcastTimeOut=66 status=3!
12-14 03:22:58.319 2716 2716 D hpplay-base-dlna: [lebodlna_api:32] start DMR
12-14 03:22:58.319 2716 2716 D hpplay-base-dlna: [UpnpDefine:434] RegisterDMRender invalid lelink info
12-14 03:22:58.319 2716 2716 D hpplay-base-dlna: [UpnpDefine:467] DLNA DEFAULT_DESCRIPTION
12-14 03:22:58.320 2716 2716 E hpplay-base-dlna: upnpapi.c:1078::Exiting RegisterRootDevice2 *Hnd =1, return value == 0
12-14 03:22:58.320 2716 2716 D hpplay-base-dlna: [CUpnpDevice:41] Register Root Device 2:0
12-14 03:22:58.320 2716 2716 D hpplay-base-dlna: [UpnpDefine:794] ESDMRender:Register success
12-14 03:22:58.320 2716 2716 D hpplay-base-dlna: [lebodlna_api:41] sendBroadcast mBroadcastTimeOut=3
12-14 03:22:58.320 2716 2716 D hpplay-base-dlna: [lebodlna_api:44] sendBroadcast timeout=66
01-01 09:21:02.879 0 0 D : mv2112_read_status
01-01 09:21:02.879 0 0 D mv2112_update_link: 3.0x901(1G): 0x80
01-01 09:21:02.879 0 0 D mv2112_update_link: 3.0x8109(100M): 0x8
01-01 09:21:02.879 0 0 D mv2112_update_link: link 0x0
01-01 09:21:02.879 0 0 D mv2112_read_status: autoneg is disabled
12-14 03:22:58.374 2716 2716 D hpplay-base: [lelinkDlna:361] startDLNADevice dlnaManufacturer:0 ret=0
12-14 03:22:58.374 2716 2716 D hpplay-base: [LelinkBase:535] lelinkSetDlnaInfo ret= 0
12-14 03:22:58.374 2716 2716 D hpplay-base: [LelinkBase:547] startAllServer pBaseContext->config.mDNSEnable:1
12-14 03:22:58.375 2716 2716 D hpplay-base: [base_mdns:509] mdns net.hostname:
12-14 03:22:58.375 2716 2716 D hpplay-base: [base_mdns:529] mdns namelabel:-00-80-0F-74-31-00
12-14 03:22:58.375 2716 2716 D hpplay-base: [base_mdns:509] mdns net.hostname:
12-14 03:22:58.375 2716 2716 D hpplay-base: [base_mdns:529] mdns namelabel:-00-80-0F-74-31-00
12-14 03:22:58.375 2716 2716 D hpplay-base: [mdns:813] mdns start bind port:0
12-14 03:22:58.376 2716 2716 D hpplay-base: [mdns:813] mdns start bind port:5353
12-14 03:22:58.376 2716 2716 D hpplay-base: [mdns:813] mdns start bind port:5353
12-14 03:22:58.376 2716 2716 D hpplay-base: [mdns:813] mdns start bind port:5353
12-14 03:22:58.376 2716 2716 D hpplay-base: [mdns:813] mdns start bind port:5353
12-14 03:22:58.376 2716 2716 D hpplay-base: [mdns:813] mdns start bind port:5353
12-14 03:22:58.376 2716 2716 D hpplay-base: [mdns:813] mdns start bind port:5353
12-14 03:22:58.377 2716 2716 D hpplay-base: [mdns:813] mdns start bind port:5353
12-14 03:22:58.377 2716 2716 I hpplay-base: [mDNSEmbeded:57] embedded_mDNSInit stopmDNSNow:0 status:0
12-14 03:22:58.377 2716 2716 D hpplay-base: [mDNSEmbeded:436] startmDNSServer end nRet=0
12-14 03:22:58.377 2716 2716 D hpplay-base: [LelinkBase:555] lelink broadcast_on_off:1 log2java_on_off:1
12-14 03:22:58.377 2716 4120 I hpplay-base: [mDNSEmbeded:268] start lelink publish server, tid is 4120
12-14 03:22:58.377 2716 2716 D hpplay-base: [AEventUtils:595] request to start event handle service!!
12-14 03:22:58.378 2716 2716 D hpplay-base: [AEventUtils:603] start_event_handle_service,begin to run!!
12-14 03:22:58.378 2716 4121 D hpplay-base: [mDNSEmbeded:197] http_port bind check 197 http_port_check
12-14 03:22:58.378 2716 2716 D hpplay-base: [REventUtils:210] start_event_handle_service,begin to run!!
12-14 03:22:58.378 2716 2716 D hpplay-base: [LelinkBase:576] startAllServer success .
12-14 03:22:58.378 2716 2716 D hpplay-base: [jniBridge:894] startDlna_link:http://192.168.0.18:49152/description.xml
12-14 03:22:58.379 2716 4122 D hpplay-base: [AEventUtils:171] create handle AEvent thread ok!!,tid is 4122
12-14 03:22:58.379 2716 4119 D hpplay-base: [LelinkMDNS:729] leboAuthorizationCheck strUuid=4a:41:02:02:dc:4f000000000000000
12-14 03:22:58.379 2716 4119 D hpplay-base: [LelinkMDNS:730] leboAuthorizationCheck mPermissionDid=4a:41:02:02:dc:4f000000000000000
12-14 03:22:58.379 2716 4119 D hpplay-base: [LelinkMDNS:755] leboAuthorizationCheck mPermissionMac=4a:41:02:02:dc:4f000000000000000
12-14 03:22:58.379 2716 4123 D hpplay-base: [REventUtils:59] create handleREventThread thread ok!!,tid is 4123
12-14 03:22:58.379 2716 4124 D hpplay-base: [jniBridge:1081] notifyJavaDlnalink:http://192.168.0.18:49152/description.xml
12-14 03:22:58.379 2716 4124 D hpplay-base: [jniBridge:1726] notifyJava, what:207, castType:0, mimeType:0 baseStatus:2
12-14 03:22:58.379 2716 4124 D hpplay-base: [jniBridge:1727] notifyJava sessionID:(null)
12-14 03:22:58.379 2716 4121 D hpplay-base: [mDNSEmbeded:217] http_port bind check 217 http_port_check
12-14 03:22:58.379 2716 4121 D hpplay-base: [mDNSEmbeded:222] http_port bind check 222 http_port_check
12-14 03:22:58.380 2716 4124 I hpplay-java: [Thread-7]:Bridge:notify: what: 207
12-14 03:22:58.381 2716 4124 I hpplay-java: [Thread-7]:Bridge:notify: out: OutParameters:{audioSessionId=-1, audiotrackIndex=0, castHandleType=-1, castType=0, deviceName='http://192.168.0.18:49152/description.xml', dlnaName='', dramaID='', extra=0, frameHandleType=-1, handleInside=true, headduration=0, header='', headers=null, isAD=false, isMultiMirror=false, lelinkVer='', limitTime=0, , mediaAlbum='null', mediaAlbumArtURI='', mediaArtist='null', mediaAssets='', mediaTitle='null', mimeType=0, multiSession=null, period=0, pinCode='', playSpeed=0.0, playerChoice=0, plugin=0, port=0, position=0.0, positionUnit=2, protocol=0, realSessionID='', regType='', , sinkIp='', sourceAPPVersion='', sourceChannel='', sourceClientInfo='', sourceDeviceInfo='', sourceDeviceModel='', sourceDeviceName='', sourceDeviceType=0, sourceHID='', , sourceInfo='', , , sourceOSVersion='', sourceSDKVersion='', sourceUid='', stopDetail=0, stopReason=0, tailduration=0, url='', urlID='', urls=null, userAgent='', videoDecoder=0, volume=0, what=207}com.hpplay.sdk.sink.protocol.OutParameters@e3d92cc
12-14 03:22:58.381 2716 4124 I hpplay-java: [Thread-7]:Bridge:notify: address:146397461
12-14 03:22:58.381 2716 4121 D hpplay-base: [mDNSEmbeded:234] http_port bind check 234 http_port_check port:52266
12-14 03:22:58.381 2716 4121 D hpplay-base: [mDNSEmbeded:237] http_port bind check 237 http_port_check
12-14 03:22:58.382 2716 4126 D hpplay-base: [lelinkSinkServer:93] new client connection from 127.0.0.1 53946, fd=97
12-14 03:22:58.382 2716 4126 D hpplay-base: [SinkContext:137] addSinkContextSession,begin to run!!
12-14 03:22:58.382 2716 4126 D hpplay-base: [SinkContext:142] addSinkContextSession,begin to get lock!!
12-14 03:22:58.382 2716 4126 D hpplay-base: [SinkContext:144] addSinkContextSession,get lock ok!!
12-14 03:22:58.382 2716 4126 D hpplay-base: [SinkContext:149] addSinkContextSession,session list is null,begin to malloc!!
12-14 03:22:58.382 2716 4126 D hpplay-base: [SinkContext:156] addSinkContextSession,begin to update!!
12-14 03:22:58.382 2716 4126 D hpplay-base: [SinkContext:160] addSinkContextSession,begin to update header!!
12-14 03:22:58.382 2716 4126 D hpplay-base: [SinkContext:172] addSinkContextSession,begin to unlock!!
12-14 03:22:58.382 2716 4126 D hpplay-base: [SinkContext:174] addSinkContextSession,unlock ok!!
12-14 03:22:58.382 2716 4126 D hpplay-base: [LelinkReceiver:4908] get ping !!!
12-14 03:22:58.383 2716 4121 D hpplay-base: [mDNSEmbeded:240] http_port bind check 240 http_port_check recieved:64
12-14 03:22:58.383 2716 4121 D hpplay-base: [mDNSEmbeded:243] http_port bind check 243 http_port_check
12-14 03:22:58.383 2716 4121 D hpplay-base: [mDNSEmbeded:244] http_port bind check ok!
12-14 03:22:58.462 640 655 I mpu_uart: [MSG-P:RECV]:No message received in 1000 ms
12-14 03:22:58.571 0 0 W swapper/3: type=1400 audit(0.0:273): avc: denied { kill } for capability=5 scontext=u:r:kernel:s0 tcontext=u:r:kernel:s0 tclass=capability permissive=0
12-14 03:22:58.583 2716 4126 I hpplay-base: [LelinkReceiver:14605] _connectionFinalize (97)
12-14 03:22:58.583 2716 4126 D hpplay-base: [LelinkReceiver:14752] ###connectionFinalize,release ok!!###
12-14 03:22:58.823 803 2917 I vendor.qti.bluetooth@1.0-ibs_handler: DeviceSleep: TX Awake, Sending SLEEP_IND
12-14 03:22:58.823 803 2917 D vendor.qti.bluetooth@1.0-ibs_handler: SerialClockVote: vote for UART CLK OFF
12-14 03:22:58.974 803 2497 D vendor.qti.bluetooth@1.0-wake_lock: Release wakelock is released
01-01 09:21:03.903 0 0 D : mv2112_read_status
01-01 09:21:03.903 0 0 D mv2112_update_link: 3.0x901(1G): 0x80
01-01 09:21:03.903 0 0 D mv2112_update_link: 3.0x8109(100M): 0x8
01-01 09:21:03.903 0 0 D mv2112_update_link: link 0x0
01-01 09:21:03.903 0 0 D mv2112_read_status: autoneg is disabled
12-14 03:22:59.462 640 655 I mpu_uart: [MSG-P:RECV]:No message received in 1000 ms
12-14 03:22:59.571 333 333 W kworker/u16:12: type=1400 audit(0.0:274): avc: denied { kill } for capability=5 scontext=u:r:kernel:s0 tcontext=u:r:kernel:s0 tclass=capability permissive=0
12-14 03:23:00.004 2326 2326 W QCC:PeriodicCI: [ERROR] Current time is wrong, status=3
12-14 03:23:00.006 2000 2000 D KeyguardUpdateMonitor: received broadcast android.intent.action.TIME_TICK
12-14 03:23:00.014 2000 2000 D KeyguardUpdateMonitor: handleTimeUpdate
01-01 09:21:04.927 0 0 D : mv2112_read_status
01-01 09:21:04.928 0 0 D mv2112_update_link: 3.0x901(1G): 0x80
01-01 09:21:04.928 0 0 D mv2112_update_link: 3.0x8109(100M): 0x8
01-01 09:21:04.928 0 0 D mv2112_update_link: link 0x0
01-01 09:21:04.928 0 0 D mv2112_read_status: autoneg is disabled
12-14 03:23:00.463 640 655 I mpu_uart: [MSG-P:RECV]:No message received in 1000 ms
12-14 03:23:00.476 640 654 I mpu_uart: [MSG-P:R]:recv sync frame timeout
12-14 03:23:00.571 0 0 W swapper/3: type=1400 audit(0.0:275): avc: denied { kill } for capability=5 scontext=u:r:kernel:s0 tcontext=u:r:kernel:s0 tclass=capability permissive=0
01-01 09:21:05.951 0 0 D : mv2112_read_status
01-01 09:21:05.951 0 0 D mv2112_update_link: 3.0x901(1G): 0x80
01-01 09:21:05.951 0 0 D mv2112_update_link: 3.0x8109(100M): 0x8
01-01 09:21:05.951 0 0 D mv2112_update_link: link 0x0
01-01 09:21:05.951 0 0 D mv2112_read_status: autoneg is disabled
12-14 03:23:01.463 640 655 I mpu_uart: [MSG-P:RECV]:No message received in 1000 ms
12-14 03:23:02.055 1500 2079 I ActivityTaskManager: START u0 {act=android.intent.action.MAIN cat=[android.intent.category.LAUNCHER] flg=0x10200000 cmp=com.android.settings/.Settings bnds=[2128,710][2314,910]} from uid 10080
12-14 03:23:02.058 1500 1595 I EventSequenceValidator: inc AccIntentStartedEvents to 2
12-14 03:23:02.059 1500 2079 E ANDR-PERF-JNI: com_qualcomm_qtiperformance_native_perf_io_prefetch_start
12-14 03:23:02.063 1500 2079 W ActivityTaskManager: Can't find TaskDisplayArea to determine support for multi window. Task id=27 attached=false
12-14 03:23:02.066 837 3183 E ANDR-IOP: io prefetch is disabled
12-14 03:23:02.067 1500 2079 D CompatibilityChangeReporter: Compat change id reported: 174042980; UID 1000; state: DISABLED
12-14 03:23:02.069 1500 2079 D CompatibilityInfo: mCompatibilityFlags - 4
12-14 03:23:02.069 1500 2079 D CompatibilityInfo: applicationDensity - 240
12-14 03:23:02.069 1500 2079 D CompatibilityInfo: applicationScale - 1.0
12-14 03:23:02.070 1500 2079 D ActivityTrigger: ActivityTrigger activityPauseTrigger
12-14 03:23:02.079 2000 2129 W StartingSurfaceDrawer: Window background is transparent, fill background with black color
12-14 03:23:02.085 1500 2752 I ActivityTaskManager: FOREGROUND_APPLICATION_CHANGED to com.android.settings.homepage.SettingsHomepageActivity
12-14 03:23:02.086 1500 2752 I ActivityTaskManager: The Process com.android.settings Already Exists in BG. So sending its PID: 2339
12-14 03:23:02.086 1500 2752 W ActivityTaskManager: Tried to set launchTime (0) < mLastActivityLaunchTime (11880)
12-14 03:23:02.088 1500 2752 D CompatibilityChangeReporter: Compat change id reported: 181136395; UID 1000; state: DISABLED
12-14 03:23:02.088 1500 2752 D CompatibilityChangeReporter: Compat change id reported: 174042936; UID 1000; state: DISABLED
12-14 03:23:02.088 1500 2752 D CompatibilityInfo: mCompatibilityFlags - 4
12-14 03:23:02.088 1500 2752 D CompatibilityInfo: applicationDensity - 240
12-14 03:23:02.089 1500 2752 D CompatibilityInfo: applicationScale - 1.0
12-14 03:23:02.099 3816 3830 I GameMode_ActivityMonitoringService: onForegroundActivitiesChanged uid 1000 pid 2339 fg true
12-14 03:23:02.103 3816 3834 I GameMode_ActivityMonitoringService: Updating top task to: TaskInfoContainer [topActivity=ComponentInfo{com.android.settings/com.android.settings.Settings}, taskId=27, stackId=27, userId=0, displayId=0, position=6
12-14 03:23:02.104 3816 3834 I GameMode_ActivityMonitoringService: Notifying about top task: TaskInfoContainer [topActivity=ComponentInfo{com.android.settings/com.android.settings.Settings}, taskId=27, stackId=27, userId=0, displayId=0, position=6
12-14 03:23:02.104 3816 3834 E GameMode_ActivityMonitoringService: onActivityLaunch:com.android.settings
12-14 03:23:02.104 3816 3834 V GameMode_GameTypeUtils: judge isGame:com.android.settings
12-14 03:23:02.104 3816 3834 V GameMode_GpuUtils: fps:60
12-14 03:23:02.107 3816 3834 D GameMode_GameModeActionUtils: Show GameMode entry by service!
12-14 03:23:02.108 3816 3834 W ContextImpl: Calling a method in the system process without a qualified user: android.app.ContextImpl.startService:1816 android.content.ContextWrapper.startService:774 com.thundercomm.gamemode.ingame.services.GameModeActionUtils.startGameModeService:99 com.thundercomm.gamemode.ingame.services.GameModeActionUtils.startGameModeEntry:22 com.thundercomm.gamemode.ingame.services.ActivityMonitoringService$1.onActivityLaunch:127
12-14 03:23:02.109 986 986 I BpBinder: onLastStrongRef automatically unlinking death recipients:
12-14 03:23:02.113 2339 2339 I SettingsHomepageActivity: SettingsHomepageActivity: onCreate
12-14 03:23:02.117 3816 3834 D GameModeIF_GameModeSettings: getUriFor setting_content_uri_root = content://com.thundercomm.gamemode.api/gamemode_settings , name = gamemode_isgaming
12-14 03:23:02.118 3816 3816 D GameMode_GameModeService: type=hide_entry
12-14 03:23:02.122 1500 1500 I GameModeConfig: Current uri is uri = content://com.thundercomm.gamemode.api/gamemode_settings/gamemode_isgaming
12-14 03:23:02.122 1500 1500 D GameModeIF_GameModeSettings: getUriFor setting_content_uri_root = content://com.thundercomm.gamemode.api/gamemode_settings , name = gamemode_isgaming
12-14 03:23:02.122 3816 3834 D GameModeIF_GameModeSettings: gamemode_isgaming set to 0
12-14 03:23:02.123 3816 3816 D CompatibilityChangeReporter: Compat change id reported: 150939131; UID 1000; state: ENABLED
12-14 03:23:02.123 3816 3816 D GameMode_GameSettingsObserver: Game Data change!!!! uri = content://com.thundercomm.gamemode.api/gamemode_settings/gamemode_isgaming
12-14 03:23:02.123 3816 3816 D GameModeIF_GameModeSettings: getUriFor setting_content_uri_root = content://com.thundercomm.gamemode.api/gamemode_settings , name = gamemode_isgaming
12-14 03:23:02.127 3816 3816 D GameMode_GameModeService: updateGlobalSettings = gamemode_isgaming
12-14 03:23:02.129 1500 1500 I GameModeConfig: isGameModeOn = true
12-14 03:23:02.129 1500 1500 I GameModeConfig: isGaming = false
12-14 03:23:02.129 1500 1500 I GameModeConfig: isGameModeOn = true
12-14 03:23:02.129 1500 1500 I GameModeConfig: isGaming = false
12-14 03:23:02.129 1500 1500 I GameModeConfig: isDisableVoice = true
12-14 03:23:02.191 3816 3830 I GameMode_ActivityMonitoringService: onTaskStackChanged
12-14 03:23:02.197 3816 3834 I GameMode_ActivityMonitoringService: Updating top task to: TaskInfoContainer [topActivity=ComponentInfo{com.android.settings/com.android.settings.Settings}, taskId=27, stackId=27, userId=0, displayId=0, position=6
12-14 03:23:02.198 3816 3834 I GameMode_ActivityMonitoringService: Notifying about top task: TaskInfoContainer [topActivity=ComponentInfo{com.android.settings/com.android.settings.Settings}, taskId=27, stackId=27, userId=0, displayId=0, position=6
12-14 03:23:02.198 3816 3834 E GameMode_ActivityMonitoringService: onActivityLaunch:com.android.settings
12-14 03:23:02.198 3816 3834 V GameMode_GameTypeUtils: judge isGame:com.android.settings
12-14 03:23:02.198 3816 3834 V GameMode_GpuUtils: fps:60
12-14 03:23:02.200 3816 3834 D GameMode_GameModeActionUtils: Show GameMode entry by service!
12-14 03:23:02.200 3816 3834 W ContextImpl: Calling a method in the system process without a qualified user: android.app.ContextImpl.startService:1816 android.content.ContextWrapper.startService:774 com.thundercomm.gamemode.ingame.services.GameModeActionUtils.startGameModeService:99 com.thundercomm.gamemode.ingame.services.GameModeActionUtils.startGameModeEntry:22 com.thundercomm.gamemode.ingame.services.ActivityMonitoringService$1.onActivityLaunch:127
12-14 03:23:02.202 3816 3816 D GameMode_GameModeService: type=hide_entry
12-14 03:23:02.202 3816 3834 D GameModeIF_GameModeSettings: getUriFor setting_content_uri_root = content://com.thundercomm.gamemode.api/gamemode_settings , name = gamemode_isgaming
12-14 03:23:02.204 1500 1500 I GameModeConfig: Current uri is uri = content://com.thundercomm.gamemode.api/gamemode_settings/gamemode_isgaming
12-14 03:23:02.204 1500 1500 D GameModeIF_GameModeSettings: getUriFor setting_content_uri_root = content://com.thundercomm.gamemode.api/gamemode_settings , name = gamemode_isgaming
12-14 03:23:02.204 3816 3834 D GameModeIF_GameModeSettings: gamemode_isgaming set to 0
12-14 03:23:02.205 1500 1500 I GameModeConfig: isGameModeOn = true
12-14 03:23:02.205 1500 1500 I GameModeConfig: isGaming = false
12-14 03:23:02.205 3816 3816 D GameMode_GameSettingsObserver: Game Data change!!!! uri = content://com.thundercomm.gamemode.api/gamemode_settings/gamemode_isgaming
12-14 03:23:02.205 3816 3816 D GameModeIF_GameModeSettings: getUriFor setting_content_uri_root = content://com.thundercomm.gamemode.api/gamemode_settings , name = gamemode_isgaming
12-14 03:23:02.205 1500 1500 I GameModeConfig: isGameModeOn = true
12-14 03:23:02.205 1500 1500 I GameModeConfig: isGaming = false
12-14 03:23:02.205 1500 1500 I GameModeConfig: isDisableVoice = true
12-14 03:23:02.207 3816 3816 D GameMode_GameModeService: updateGlobalSettings = gamemode_isgaming
12-14 03:23:02.207 500 500 I hwservicemanager: getTransport: Cannot find entry android.hardware.graphics.mapper@4.0::IMapper/default in either framework or device VINTF manifest.
12-14 03:23:02.208 1500 2079 I Gralloc4: mapper 4.x is not supported
12-14 03:23:02.211 500 500 I hwservicemanager: getTransport: Cannot find entry android.hardware.graphics.allocator@4.0::IAllocator/default in either framework or device VINTF manifest.
12-14 03:23:02.211 1500 2079 W Gralloc4: allocator 4.x is not supported
12-14 03:23:02.214 1500 4136 I AdrenoGLES-0: QUALCOMM build : 47421dbee6, I139f36ad46
12-14 03:23:02.214 1500 4136 I AdrenoGLES-0: Build Date : 02/18/22
12-14 03:23:02.214 1500 4136 I AdrenoGLES-0: OpenGL ES Shader Compiler Version: EV031.32.02.17
12-14 03:23:02.214 1500 4136 I AdrenoGLES-0: Local Branch :
12-14 03:23:02.214 1500 4136 I AdrenoGLES-0: Remote Branch :
12-14 03:23:02.214 1500 4136 I AdrenoGLES-0: Remote Branch :
12-14 03:23:02.214 1500 4136 I AdrenoGLES-0: Reconstruct Branch :
12-14 03:23:02.214 1500 4136 I AdrenoGLES-0: Build Config : S P 10.0.7 AArch64
12-14 03:23:02.214 1500 4136 I AdrenoGLES-0: Driver Path : /vendor/lib64/egl/libGLESv2_adreno.so
