12-14 03:25:15.950 639 653 I mpu_uart: [MSG-P:R]:recv sync frame timeout
12-14 03:25:16.107 0 0 W swapper/1: type=1400 audit(0.0:626): avc: denied { kill } for capability=5 scontext=u:r:kernel:s0 tcontext=u:r:kernel:s0 tclass=capability permissive=0
01-01 09:59:43.521 0 0 D : mv2112_read_status
01-01 09:59:43.522 0 0 D mv2112_update_link: 3.0x901(1G): 0x80
01-01 09:59:43.522 0 0 D mv2112_update_link: 3.0x8109(100M): 0x8
01-01 09:59:43.522 0 0 D mv2112_update_link: link 0x0
01-01 09:59:43.522 0 0 D mv2112_read_status: autoneg is disabled
12-14 03:25:16.845 639 654 I mpu_uart: [MSG-P:RECV]:No message received in 1000 ms
12-14 03:25:17.107 0 0 W swapper/1: type=1400 audit(0.0:627): avc: denied { kill } for capability=5 scontext=u:r:kernel:s0 tcontext=u:r:kernel:s0 tclass=capability permissive=0
01-01 09:59:44.545 0 0 D : mv2112_read_status
01-01 09:59:44.546 0 0 D mv2112_update_link: 3.0x901(1G): 0x80
01-01 09:59:44.546 0 0 D mv2112_update_link: 3.0x8109(100M): 0x8
01-01 09:59:44.546 0 0 D mv2112_update_link: link 0x0
01-01 09:59:44.546 0 0 D mv2112_read_status: autoneg is disabled
12-14 03:25:17.846 639 654 I mpu_uart: [MSG-P:RECV]:No message received in 1000 ms
12-14 03:25:18.107 0 0 W swapper/1: type=1400 audit(0.0:628): avc: denied { kill } for capability=5 scontext=u:r:kernel:s0 tcontext=u:r:kernel:s0 tclass=capability permissive=0
01-01 09:59:45.569 0 0 D : mv2112_read_status
01-01 09:59:45.570 0 0 D mv2112_update_link: 3.0x901(1G): 0x80
01-01 09:59:45.570 0 0 D mv2112_update_link: 3.0x8109(100M): 0x8
01-01 09:59:45.570 0 0 D mv2112_update_link: link 0x0
01-01 09:59:45.570 0 0 D mv2112_read_status: autoneg is disabled
12-14 03:25:18.624 2732 2732 I hpplay-java: [main]:ServerTaskManager:task run out of time
12-14 03:25:18.624 2732 2732 I hpplay-java: [main]:ServerTaskManager:cancelTimeOutCheck
12-14 03:25:18.625 2732 2732 I hpplay-java: [main]:ServerTaskManager:exeTask ignore, reason: TaskList is clear
12-14 03:25:18.846 639 654 I mpu_uart: [MSG-P:RECV]:No message received in 1000 ms
12-14 03:25:18.881 2732 4481 D hpplay-base: [LelinkMDNS:766] devicePermissionPublic leboPermissionCheck:-2
12-14 03:25:18.881 2732 4481 D hpplay-base: [jniBridge:1125] com_hpplay_sdk_sink_protocol_Bridge_WHAT_SERVER_ERROR
12-14 03:25:18.881 2732 4481 D hpplay-base: [jniBridge:1726] notifyJava, what:204, castType:0, mimeType:0 baseStatus:2
12-14 03:25:18.881 2732 4481 D hpplay-base: [jniBridge:1727] notifyJava sessionID:(null)
12-14 03:25:18.883 2732 4481 I hpplay-java: [Thread-36]:Bridge:notify: what: 204
12-14 03:25:18.885 2732 4481 I hpplay-java: [Thread-36]:Bridge:notify: out: OutParameters:{audioSessionId=-1, audiotrackIndex=0, castHandleType=-1, castType=0, deviceName='', dlnaName='', dramaID='', extra=-2002, frameHandleType=-1, handleInside=true, headduration=0, header='', headers=null, isAD=false, isMultiMirror=false, lelinkVer='', limitTime=0, , mediaAlbum='null', mediaAlbumArtURI='', mediaArtist='null', mediaAssets='', mediaTitle='null', mimeType=0, multiSession=null, period=0, pinCode='', playSpeed=0.0, playerChoice=0, plugin=0, port=0, position=0.0, positionUnit=2, protocol=0, realSessionID='', regType='', , sinkIp='', sourceAPPVersion='', sourceChannel='', sourceClientInfo='', sourceDeviceInfo='', sourceDeviceModel='', sourceDeviceName='', sourceDeviceType=0, sourceHID='', , sourceInfo='', , , sourceOSVersion='', sourceSDKVersion='', sourceUid='', stopDetail=0, stopReason=0, tailduration=0, url='', urlID='', urls=null, userAgent='', videoDecoder=0, volume=0, what=204}com.hpplay.sdk.sink.protocol.OutParameters@bcde908
12-14 03:25:18.885 2732 4481 I hpplay-java: [Thread-36]:Bridge:notify: address:131913889
12-14 03:25:18.885 2732 4481 I hpplay-base: [mDNSEmbeded:79] embedded_mDNSLoop stopmDNSNow:0 nPublish:-2 nExitFlag:6 tid is 4481
12-14 03:25:18.885 2732 2732 I hpplay-java: [main]:Bridge:findServiceID start out: 131913889
12-14 03:25:18.885 2732 2732 I hpplay-java: [main]:Bridge:findServiceID end
12-14 03:25:18.886 2732 2732 E hpplay-java: [main]:ServerTaskManager:onError 204/-2002 com.hht.lebocast.LelinkHelper$e@b408ac8
12-14 03:25:18.886 2732 2732 I hpplay-java: [main]:ServerTaskManager:cancelTimeOutCheck
12-14 03:25:18.887 2732 2732 W hpplay-java: [main]:ServerTaskManager:onErrorDispatcher errorCode:-2002
12-14 03:25:18.887 2732 2732 I hpplay-java: [main]:ServerTaskManager:onError retry later
12-14 03:25:18.953 639 653 I mpu_uart: [MSG-P:R]:recv sync frame timeout
12-14 03:25:19.107 0 0 W swapper/1: type=1400 audit(0.0:629): avc: denied { kill } for capability=5 scontext=u:r:kernel:s0 tcontext=u:r:kernel:s0 tclass=capability permissive=0
01-01 09:59:46.593 0 0 D : mv2112_read_status
01-01 09:59:46.594 0 0 D mv2112_update_link: 3.0x901(1G): 0x80
01-01 09:59:46.594 0 0 D mv2112_update_link: 3.0x8109(100M): 0x8
01-01 09:59:46.594 0 0 D mv2112_update_link: link 0x0
01-01 09:59:46.594 0 0 D mv2112_read_status: autoneg is disabled
12-14 03:25:19.466 2732 4442 W hpplay-java: [AsyncTask #51]:HttpRequest:
12-14 03:25:19.469 2732 4442 W hpplay-java: [AsyncTask #51]:HttpRequest:
12-14 03:25:19.470 2732 4442 W hpplay-java: [AsyncTask #51]:HttpRequest:
12-14 03:25:19.847 639 654 I mpu_uart: [MSG-P:RECV]:No message received in 1000 ms
12-14 03:25:20.111 0 0 W swapper/1: type=1400 audit(0.0:630): avc: denied { kill } for capability=5 scontext=u:r:kernel:s0 tcontext=u:r:kernel:s0 tclass=capability permissive=0
01-01 09:59:47.617 0 0 D : mv2112_read_status
01-01 09:59:47.618 0 0 D mv2112_update_link: 3.0x901(1G): 0x80
01-01 09:59:47.618 0 0 D mv2112_update_link: 3.0x8109(100M): 0x8
01-01 09:59:47.618 0 0 D mv2112_update_link: link 0x0
01-01 09:59:47.618 0 0 D mv2112_read_status: autoneg is disabled
12-14 03:25:20.847 639 654 I mpu_uart: [MSG-P:RECV]:No message received in 1000 ms
12-14 03:25:21.111 0 0 W swapper/1: type=1400 audit(0.0:631): avc: denied { kill } for capability=5 scontext=u:r:kernel:s0 tcontext=u:r:kernel:s0 tclass=capability permissive=0
01-01 09:59:48.641 0 0 D : mv2112_read_status
01-01 09:59:48.642 0 0 D mv2112_update_link: 3.0x901(1G): 0x80
01-01 09:59:48.642 0 0 D mv2112_update_link: 3.0x8109(100M): 0x8
01-01 09:59:48.642 0 0 D mv2112_update_link: link 0x0
01-01 09:59:48.642 0 0 D mv2112_read_status: autoneg is disabled
12-14 03:25:21.848 639 654 I mpu_uart: [MSG-P:RECV]:No message received in 1000 ms
12-14 03:25:21.889 2732 2732 I hpplay-java: [main]:ServerTaskManager:restart by error
12-14 03:25:21.889 2732 2732 I hpplay-java: [main]:ServerTaskManager:startServer
12-14 03:25:21.890 2732 2732 I hpplay-java: [main]:ServerTaskManager:startServer add, reason: server is starting or running
12-14 03:25:21.890 2732 2732 I hpplay-java: [main]:ServerTaskManager:addStopTask
12-14 03:25:21.890 2732 2732 I hpplay-java: [main]:ServerTaskManager:addStartTask
12-14 03:25:21.890 2732 2732 I hpplay-java: [main]:ServerTaskManager:exeTask stopServer
12-14 03:25:21.890 2732 2732 I hpplay-java: [main]:Bridge:stopServer keepPush: false
12-14 03:25:21.890 2732 2732 D hpplay-base: [jniBridge:909] Bridge__1stopServer status:2
12-14 03:25:21.891 2732 2732 D hpplay-base: [LelinkBase:654] stopAllServer will start thread!
12-14 03:25:21.892 2732 4484 D hpplay-base: [AEventUtils:588] handle AEvent thread end!!,tid is 4484
12-14 03:25:21.892 2732 4485 D hpplay-base: [REventUtils:197] handleREventThread thread end!!,tid is 4485
12-14 03:25:21.892 2732 4627 I hpplay-base: [mDNSEmbeded:65] embedded_mDNSExit call
12-14 03:25:21.894 2732 4464 D hpplay-base: [stream_mirror_compat:1284] mirror stream begin to exit,server fd:68,thread_id:3159658944!!
12-14 03:25:21.894 2732 4464 D hpplay-base: [stream_mirror_compat:1323] ##screen stream exit successfully!!##
12-14 03:25:21.896 2732 4481 I hpplay-base: [mDNSEmbeded:140] embedded_mDNSLoop Exiting end,tid is 4481
12-14 03:25:21.896 2732 4627 D hpplay-base: [mDNSEmbeded:452] stopmDNSServer end stopmDNSNow=2, nRet=0
12-14 03:25:21.956 639 653 I mpu_uart: [MSG-P:R]:recv sync frame timeout
12-14 03:25:21.976 2732 4482 I hpplay-base: [mDNSEmbeded:376] end lelink publish server, tid is 4482
12-14 03:25:21.976 2732 4627 D hpplay-base: [mDNSEmbeded:420] stopmLelinkServer end nRet=0
12-14 03:25:21.976 2732 4627 D hpplay-base: [LelinkBase:615] lebodlna stopServerThreadFunc dlnaEnable:1
12-14 03:25:21.976 2732 4627 D hpplay-base-dlna: [lebodlna_api:49] stop DMR
12-14 03:25:21.976 2732 4627 D hpplay-base-dlna: [lebodlna_api:344] m_pRender Release
12-14 03:25:22.006 2732 4463 D hpplay-base: [Server:447] startHttpServer will END srv->serverType:0
12-14 03:25:22.006 2732 4463 D hpplay-base: [Server:646] startHttpServer cond srv_shutdown:1 connectNummber:0
12-14 03:25:22.006 2732 4463 D hpplay-base: [Server:669] startHttpServer wait cond END. srv_shutdown:1 connectNummber:0
12-14 03:25:22.006 2732 4463 D hpplay-base: [Server:457] HttpServer END, tid is 4463
12-14 03:25:22.035 2732 4627 D hpplay-base-dlna: [UpnpDefine:867] DMRender release success
12-14 03:25:22.036 2732 4627 D hpplay-base-dlna: [lebodlna_api:352] m_pAVT Release
12-14 03:25:22.036 2732 4627 D hpplay-base-dlna: [lebodlna_api:360] m_pRCS Release
12-14 03:25:22.036 2732 4627 D hpplay-base-dlna: [lebodlna_api:365] dmrender destroydmr
12-14 03:25:22.111 0 0 W swapper/1: type=1400 audit(0.0:632): avc: denied { kill } for capability=5 scontext=u:r:kernel:s0 tcontext=u:r:kernel:s0 tclass=capability permissive=0
12-14 03:25:22.336 2732 4627 D hpplay-base-dlna: [lebodlna-dlna_android:186] stopDLNA
12-14 03:25:22.336 2732 4627 D hpplay-base-dlna: [lebodlna-dlna_android:189] dlnaservice destroy
12-14 03:25:22.336 2732 4627 D hpplay-base-dlna: [lebodlna-dlna_android:49] dlnaservice Destroy 49 int CDlnaService::Destroy()
12-14 03:25:22.336 2732 4627 D hpplay-base-dlna: [lebodlna-dlnaframe:245] dlnaservice Destroy 245 static ERROR_TYPE IDlnaFrame::DestroyDlnaFrame(IDlnaFrame *)
12-14 03:25:22.336 2732 4627 D hpplay-base-dlna: [lebodlna-dlnaframe:179] dlnaservice Destroy 179 virtual void CDlnaFrame::Release()
12-14 03:25:22.336 2732 4627 D hpplay-base-dlna: [lebodlna-dlnaframe:190] dlnaservice Destroy 190 virtual void CDlnaFrame::Release()
12-14 03:25:22.336 2732 4627 D hpplay-base-dlna: [lebodlna-dlnaframe:192] dlnaservice Destroy 192 virtual void CDlnaFrame::Release()
12-14 03:25:22.336 2732 4627 D hpplay-base-dlna: [lebodlna-dlnaframe:247] dlnaservice Destroy 247 static ERROR_TYPE IDlnaFrame::DestroyDlnaFrame(IDlnaFrame *)
12-14 03:25:22.336 2732 4627 D hpplay-base-dlna: [lebodlna-dlnaframe:251] dlnaservice Destroy 251 static ERROR_TYPE IDlnaFrame::DestroyDlnaFrame(IDlnaFrame *)
12-14 03:25:22.339 2732 4627 E hpplay-base-dlna: upnpapi.c:655::before gminiserver ThreadPoolShutdown
12-14 03:25:22.339 2732 4627 E hpplay-base-dlna: ThreadPool.c:1047::on ThreadPoolShutdown tp->totalThreads:2
12-14 03:25:22.340 2732 4627 E hpplay-base-dlna: ThreadPool.c:1056::after ThreadPoolShutdown
12-14 03:25:22.340 2732 4627 E hpplay-base-dlna: ThreadPool.c:1057::ThreadPoolShutdown tp->totalThreads:0
12-14 03:25:22.340 2732 4627 E hpplay-base-dlna: upnpapi.c:657::after gminiserver ThreadPoolShutdown
12-14 03:25:22.340 2732 4627 E hpplay-base-dlna: upnpapi.c:659::before grecv ThreadPoolShutdown
12-14 03:25:22.340 2732 4627 E hpplay-base-dlna: ThreadPool.c:1047::on ThreadPoolShutdown tp->totalThreads:12
12-14 03:25:22.340 2732 4627 E hpplay-base-dlna: ThreadPool.c:1047::on ThreadPoolShutdown tp->totalThreads:11
12-14 03:25:22.341 2732 4627 E hpplay-base-dlna: ThreadPool.c:1047::on ThreadPoolShutdown tp->totalThreads:3
12-14 03:25:22.342 2732 4627 E hpplay-base-dlna: ThreadPool.c:1047::on ThreadPoolShutdown tp->totalThreads:2
12-14 03:25:22.342 2732 4627 E hpplay-base-dlna: ThreadPool.c:1047::on ThreadPoolShutdown tp->totalThreads:1
12-14 03:25:22.342 2732 4627 E hpplay-base-dlna: ThreadPool.c:1056::after ThreadPoolShutdown
12-14 03:25:22.342 2732 4627 E hpplay-base-dlna: ThreadPool.c:1057::ThreadPoolShutdown tp->totalThreads:0
12-14 03:25:22.342 2732 4627 E hpplay-base-dlna: upnpapi.c:661::after grecv ThreadPoolShutdown
12-14 03:25:22.342 2732 4627 E hpplay-base-dlna: upnpapi.c:663::before gsend ThreadPoolShutdown
12-14 03:25:22.342 2732 4627 E hpplay-base-dlna: ThreadPool.c:1047::on ThreadPoolShutdown tp->totalThreads:2
12-14 03:25:22.343 2732 4627 E hpplay-base-dlna: ThreadPool.c:1047::on ThreadPoolShutdown tp->totalThreads:1
12-14 03:25:22.343 2732 4627 E hpplay-base-dlna: ThreadPool.c:1056::after ThreadPoolShutdown
12-14 03:25:22.343 2732 4627 E hpplay-base-dlna: ThreadPool.c:1057::ThreadPoolShutdown tp->totalThreads:0
12-14 03:25:22.343 2732 4627 E hpplay-base-dlna: upnpapi.c:665::after gsend ThreadPoolShutdown
12-14 03:25:22.344 2732 4627 D hpplay-base-dlna: [lebodlna-dlnaframe:253] dlnaservice Destroy 253 static ERROR_TYPE IDlnaFrame::DestroyDlnaFrame(IDlnaFrame *)
12-14 03:25:22.344 2732 4627 D hpplay-base-dlna: [lebodlna-dlna_android:51] dlnaservice Destroy 51 int CDlnaService::Destroy()
12-14 03:25:22.344 2732 4627 D hpplay-base-dlna: [lebodlna-dlna_android:194] stopDLNA end
01-01 09:59:49.665 0 0 D : mv2112_read_status
01-01 09:59:49.666 0 0 D mv2112_update_link: 3.0x901(1G): 0x80
01-01 09:59:49.666 0 0 D mv2112_update_link: 3.0x8109(100M): 0x8
01-01 09:59:49.666 0 0 D mv2112_update_link: link 0x0
01-01 09:59:49.666 0 0 D mv2112_read_status: autoneg is disabled
12-14 03:25:22.644 2732 4627 D hpplay-base: [stream_mirror_compat:1489] request to stop screen stream session!!
12-14 03:25:22.645 2732 4627 D hpplay-base: [AEventUtils:625] begin to stop event handle service!!
12-14 03:25:22.645 2732 4627 D hpplay-base: [AEventUtils:628] stop event handle service ok!!
12-14 03:25:22.645 2732 4627 D hpplay-base: [REventUtils:231] begin to stop report handle service!!
12-14 03:25:22.645 2732 4627 D hpplay-base: [REventUtils:234] stop report handle service ok!!
12-14 03:25:22.645 2732 4627 D hpplay-base: [lelinkSinkServer:711] HTTP Server stopSinkServer End .
12-14 03:25:22.645 2732 4627 D hpplay-base: [jniBridge:1135] notifyJavaServerStoped
12-14 03:25:22.645 2732 4627 D hpplay-base: [jniBridge:1726] notifyJava, what:202, castType:0, mimeType:0 baseStatus:4
12-14 03:25:22.645 2732 4627 D hpplay-base: [jniBridge:1727] notifyJava sessionID:(null)
12-14 03:25:22.646 2732 4627 I hpplay-java: [Thread-37]:Bridge:notify: what: 202
12-14 03:25:22.649 2732 4627 I hpplay-java: [Thread-37]:Bridge:notify: out: OutParameters:{audioSessionId=-1, audiotrackIndex=0, castHandleType=-1, castType=0, deviceName='', dlnaName='', dramaID='', extra=0, frameHandleType=-1, handleInside=true, headduration=0, header='', headers=null, isAD=false, isMultiMirror=false, lelinkVer='', limitTime=0, , mediaAlbum='null', mediaAlbumArtURI='', mediaArtist='null', mediaAssets='', mediaTitle='null', mimeType=0, multiSession=null, period=0, pinCode='', playSpeed=0.0, playerChoice=0, plugin=0, port=0, position=0.0, positionUnit=2, protocol=0, realSessionID='', regType='', , sinkIp='', sourceAPPVersion='', sourceChannel='', sourceClientInfo='', sourceDeviceInfo='', sourceDeviceModel='', sourceDeviceName='', sourceDeviceType=0, sourceHID='', , sourceInfo='', , , sourceOSVersion='', sourceSDKVersion='', sourceUid='', stopDetail=0, stopReason=0, tailduration=0, url='', urlID='', urls=null, userAgent='', videoDecoder=0, volume=0, what=202}com.hpplay.sdk.sink.protocol.OutParameters@bdc8db4
12-14 03:25:22.649 2732 4627 I hpplay-java: [Thread-37]:Bridge:notify: address:223174109
12-14 03:25:22.649 2732 4627 D hpplay-base: [LelinkBase:645] stopServerThreadFunc notifyJavaServerStoped!
12-14 03:25:22.649 2732 2732 I hpplay-java: [main]:ServerTaskManager:startTimeOutCheck
12-14 03:25:22.650 2732 2732 I hpplay-java: [main]:ServerBusiness:stopDaemonBusiness
12-14 03:25:22.650 2732 2732 I hpplay-java: [main]:SinkDataReport:logout
12-14 03:25:22.651 2732 2732 I hpplay-java: [main]:EPControl:release
12-14 03:25:22.654 2732 4630 I hpplay-java: [AsyncTask #61]:GlideCreator:clearCache clearDiskCache
12-14 03:25:22.656 2732 2732 I hpplay-java: [main]:Dispatcher:notifyAllReverseControlsStop
12-14 03:25:22.656 2732 2732 I hpplay-java: [main]:Preference:checkFeature none
12-14 03:25:22.657 2732 4458 W hpplay-java: NanoHTTPDServerRunnable:Communication with the client broken
12-14 03:25:22.657 2732 4458 W hpplay-java: java.net.SocketException: Socket closed
12-14 03:25:22.657 2732 4458 W hpplay-java: at java.net.PlainSocketImpl.socketAccept(PlainSocketImpl.java:213)
12-14 03:25:22.657 2732 4458 W hpplay-java: at java.net.AbstractPlainSocketImpl.accept(AbstractPlainSocketImpl.java:451)
12-14 03:25:22.657 2732 4458 W hpplay-java: at java.net.ServerSocket.implAccept(ServerSocket.java:547)
12-14 03:25:22.657 2732 4458 W hpplay-java: at java.net.ServerSocket.accept(ServerSocket.java:515)
12-14 03:25:22.657 2732 4458 W hpplay-java: at com.hpplay.nanohttpd.protocols.http.ServerRunnable.run(SourceFile:118)
12-14 03:25:22.657 2732 4458 W hpplay-java: at java.lang.Thread.run(Thread.java:920)
12-14 03:25:22.657 2732 2732 I hpplay-java: [main]:Dispatcher:notifyAllUIControlsStop set: []
12-14 03:25:22.657 2732 4458 I hpplay-java: NanoHTTPDNanoHTTPD:server is stoped
12-14 03:25:22.657 2732 4458 I hpplay-java: NanoHTTPDNanoHTTPD:clear obj
12-14 03:25:22.657 2732 2732 I hpplay-java: [main]:Bridge:findServiceID start out: 223174109
12-14 03:25:22.657 2732 2732 I hpplay-java: [main]:Bridge:findServiceID end
12-14 03:25:22.657 2732 2732 I hpplay-java: [main]:ServerTaskManager:onStop retry:true
12-14 03:25:22.658 2732 2732 I hpplay-java: [main]:ServerTaskManager:cancelTimeOutCheck
12-14 03:25:22.659 2732 2732 I hpplay-java: [main]:IPManager:getActiveNets type: WIFI
12-14 03:25:22.659 2732 2732 I hpplay-java: [main]:IPManager:getActiveNets eth0:false wifi:true mobile:false ap:false
12-14 03:25:22.659 2732 2732 I hpplay-java: [main]:IPManager:getIPAddress IP_WLAN0
12-14 03:25:22.663 2732 2732 I hpplay-java: [main]:IPManager:updateIPAddress getIPAddress: 192.168.4.16 name:vlan4
12-14 03:25:22.663 2732 2732 I hpplay-java: [main]:IPManager:updateIPAddress getIPAddress: 192.168.0.18 name:wlan0
12-14 03:25:22.663 2732 2732 I hpplay-java: [main]:IPManager:updateIPAddress getIPAddress: 192.168.8.16 name:vlan8
12-14 03:25:22.663 2732 2732 I hpplay-java: [main]:IPManager:updateIPAddress getIPAddress: 192.168.11.16 name:vlan11
12-14 03:25:22.663 2732 2732 I hpplay-java: [main]:IPManager:updateIPAddress getIPAddress: 192.168.0.16 name:vlan0
12-14 03:25:22.663 2732 2732 I hpplay-java: [main]:IPManager:updateIPAddress getIPAddress: 192.168.2.16 name:vlan2
12-14 03:25:22.663 2732 2732 I hpplay-java: [main]:IPManager:updateIPAddress getIPAddress: 192.168.1.16 name:vlan1
12-14 03:25:22.664 2732 2732 I hpplay-java: [main]:ServerTaskManager:exeTask startServer
12-14 03:25:22.665 2732 4633 I hpplay-java: [AsyncTask #62]:ServerBusiness:startDaemonBusiness
12-14 03:25:22.665 2732 2732 I hpplay-java: [main]:ServerTaskManager:startTimeOutCheck
12-14 03:25:22.665 2732 4633 I hpplay-java: [AsyncTask #62]:TimeOutCheckUtil:addTask id:upgrade
12-14 03:25:22.665 2732 4634 I hpplay-java: [AsyncTask #63]:Bridge:assembleInParameters
12-14 03:25:22.665 2732 4633 I hpplay-java: [AsyncTask #62]:TimeOutCheckUtil:addTask id:ijkupgrade
12-14 03:25:22.666 2732 4634 I hpplay-java: [AsyncTask #63]:Bridge:createDeviceId deviceId:Nzg6OWI6Nzg6ODA6ZGI6ZjY=
12-14 03:25:22.667 2732 4635 I hpplay-java: NanoHTTPDNanoHTTPD:server is started
12-14 03:25:22.667 2732 4634 I hpplay-java: [AsyncTask #63]:IPManager:getActiveNets type: WIFI
12-14 03:25:22.667 2732 4634 I hpplay-java: [AsyncTask #63]:IPManager:getActiveNets eth0:false wifi:true mobile:false ap:false
12-14 03:25:22.667 2732 4634 I hpplay-java: [AsyncTask #63]:IPManager:getIPAddress IP_WLAN0
12-14 03:25:22.667 2732 4634 I hpplay-java: [AsyncTask #63]:Preference:checkFeature none
12-14 03:25:22.668 2732 4634 I hpplay-java: [AsyncTask #63]:SWI:dlna tip
12-14 03:25:22.668 2732 4634 I hpplay-java: [AsyncTask #63]:SWI:lefp tip
12-14 03:25:22.668 2732 4634 I hpplay-java: [AsyncTask #63]:Bridge:assembleInParameters none alias name use device name: 高合娱乐副屏
12-14 03:25:22.668 2732 4634 I hpplay-java: [AsyncTask #63]:Feature:isSendAdvertisement
12-14 03:25:22.668 2732 4634 I hpplay-java: [AsyncTask #63]:Preference:checkFeature none
12-14 03:25:22.669 2732 4634 I hpplay-java: [AsyncTask #63]:Preference:checkFeature none
12-14 03:25:22.669 2732 4634 I hpplay-java: [AsyncTask #63]:Bridge:backupHpplayDat bakPath:
12-14 03:25:22.669 2732 4634 I hpplay-java: [AsyncTask #63]:Bridge:path:/data/user/0/com.hht.lebocast/files/hpplay/file/happyplay.dat
12-14 03:25:22.669 2732 4634 I hpplay-java: [AsyncTask #63]:Bridge:mAppId:21409
12-14 03:25:22.669 2732 4634 I hpplay-java: [AsyncTask #63]:Bridge:mode:3
12-14 03:25:22.669 2732 4634 I hpplay-java: [AsyncTask #63]:Bridge:type:1
12-14 03:25:22.669 2732 4634 I hpplay-java: [AsyncTask #63]:Bridge:SN:
12-14 03:25:22.670 2732 4634 I hpplay-java: [AsyncTask #63]:Preference:checkFeature none
12-14 03:25:22.670 2732 4634 I hpplay-java: [AsyncTask #63]:Bridge:backPath:
12-14 03:25:22.670 2732 4634 I hpplay-java: [AsyncTask #63]:DeviceUtil:getPermissionDid: 1
12-14 03:25:22.670 2732 4634 I hpplay-java: [AsyncTask #63]:DeviceUtil:getPermissionDid: 1
12-14 03:25:22.670 2732 4634 I hpplay-java: [AsyncTask #63]:Preference:checkFeature none
12-14 03:25:22.670 2732 4634 I hpplay-java: [AsyncTask #63]:Preference:checkFeature none
12-14 03:25:22.670 2732 4634 I hpplay-java: [AsyncTask #63]:Preference:checkFeature none
12-14 03:25:22.670 2732 4634 I hpplay-java: [AsyncTask #63]:Preference:checkFeature none
12-14 03:25:22.670 2732 4634 I hpplay-java: [AsyncTask #63]:Preference:checkFeature none
12-14 03:25:22.670 2732 4634 I hpplay-java: [AsyncTask #63]:Preference:checkFeature none
12-14 03:25:22.677 2732 4633 W hpplay-java: [AsyncTask #62]:ServerBusiness:startDaemonBusiness start LelinkHTTPD sucess 52288
12-14 03:25:22.689 2732 4634 W hpplay-java: [AsyncTask #63]:DeviceUtils:getDomain create lb domain
12-14 03:25:22.689 2732 4634 I hpplay-java: [AsyncTask #63]:Feature:getMirrorAudioVideoSync DISABLE
12-14 03:25:22.690 2732 4634 I hpplay-java: [AsyncTask #63]:Feature:checkSupportRedirectOtherApp,no set redirect api
12-14 03:25:22.690 2732 4634 I hpplay-java: [AsyncTask #63]:Feature:getRedirectSearchFlag,value: 0
12-14 03:25:22.691 2732 4634 I hpplay-java: [AsyncTask #63]:Bridge:mIn: InParameters{appInfo='0', appKey='21409', authMode=0, authPwd='null', broadcastDirection=0, broadcastState=1, broadcastTimeout=3, buildType='release', cacheAVPath='/data/user/0/com.hht.lebocast/cache/hpplay/av', cachePhotoPath='/data/user/0/com.hht.lebocast/cache/hpplay/image', channel='LEBO-APK--60146-25915', desPath='', , deviceName='高合娱乐副屏', dlna=1, dlnaCompany='null', dlnaCompanyURL='null', dlnaDeviceDescribe='null', dlnaDeviceName='null', dlnaDeviceURL='null', dlnaLelinkSwitch=1, dlnaManufacturer=0, dlnaName='高合娱乐副屏', dlnaUPC='', dlnaUUID='e1dc06f8-0e14-26c5-5cd2-8ed68158c037', domain='Lebo-figure-a69c947ffd36', drainage=0, feature='6655', fps=60, height=1080, host='null', , keyPath='/data/user/0/com.hht.lebocast/files/hpplay/file', lelinkfp=1, lelinkfp2=0, logBaseState=1, logPath='/storage/emulated/0/com.hht.lebocast/sink/sdk/common', , mdnsEnable=1, mirrorSyncType=0, netCastVer='2.0', packageName='com.hht.lebocast', packagePath='/data/user/0/com.hht.lebocast', permissionDid='a6:9c:94:7f:fd:36', permissionMode=3, permissionPreSN='', port=0, preemptMode=0, regType='_leboremote._tcp.', serverPorts=null, sockWaitTimeOut=45, teleControlPort=53388, tunnels=3, txtKeys=null, txtValues=null, uid='8270434926410121175', videoFrameType=1001, width=1920}com.hpplay.sdk.sink.protocol.InParameters@a8bad1
12-14 03:25:22.691 2732 2732 I hpplay-java: [main]:Bridge:startServer state: 0
12-14 03:25:22.691 2732 2732 D hpplay-base: [jniBridge:185] not conference version
12-14 03:25:22.691 2732 2732 I hpplay-base: [jniBridge:241] 1initServer nSettingWidth=1920 nSettingHeight=1080 nSettingMaxFPS=60 dlnaEnable=1 lelinkFpEnable=1
12-14 03:25:22.691 2732 2732 D hpplay-base: [jniBridge:283] 1initServer cfg.leLinkIp=192.168.0.18
12-14 03:25:22.691 2732 2732 D hpplay-base: [jniBridge:286] 1initServer cfg.mPermissionMode=3
12-14 03:25:22.691 2732 2732 D hpplay-base: [jniBridge:304] 1initServer cfg.permissionDid=a6:9c:94:7f:fd:36000000000000000
12-14 03:25:22.691 2732 2732 D hpplay-base: [jniBridge:313] 1initServer cfg.mPermissionPreSN=00000000000000000000000000000000
12-14 03:25:22.691 2732 2732 D hpplay-base: [jniBridge:317] Bridge___1initServer status:0
12-14 03:25:22.691 2732 2732 I hpplay-base: [jniBridge:325] 1initServer cfg.feature=6655
12-14 03:25:22.691 2732 2732 D hpplay-base: [jniBridge:377] 1initServer isSendBroadCast=3
12-14 03:25:22.691 2732 2732 D hpplay-base: [jniBridge:380] 1initServer broadcastDirection=0
12-14 03:25:22.691 2732 2732 D hpplay-base: [jniBridge:382] 1initServer ipBroadcast direction=0
12-14 03:25:22.691 2732 2732 D hpplay-base: [jniBridge:387] 1initServer tunnel=3
12-14 03:25:22.691 2732 2732 D hpplay-base: [jniBridge:390] 1initServer drainage=0
12-14 03:25:22.691 2732 2732 D hpplay-base: [jniBridge:401] 1initServer mDNSEnable=1
12-14 03:25:22.691 2732 2732 D hpplay-base: [jniBridge:406] 1initServer nSockWaitTimeOut=45
12-14 03:25:22.691 2732 2732 D hpplay-base: [jniBridge:410] 1initServer nMirrorAudioVideoSync=0
12-14 03:25:22.691 2732 2732 I hpplay-base: [sign_check:168] checkSign strPackageName:com.hht.lebocast
12-14 03:25:22.691 2732 2732 I hpplay-base: [sign_check:169] checkSign buildType:release
12-14 03:25:22.691 2732 2732 I hpplay-base: [sign_check:170] checkSign appKey:21409
12-14 03:25:22.691 2732 2732 D hpplay-base: [LelinkBase:405] bridgeInit port: 0, lelinkfp: 0
12-14 03:25:22.691 2732 2732 D hpplay-base: [LelinkBase:462] bridgeInit mPackagePath =/data/user/0/com.hht.lebocast
12-14 03:25:22.691 2732 2732 D hpplay-base: [LelinkBase:463] bridgeInit mKeyPath =/data/user/0/com.hht.lebocast/files/hpplay/file
12-14 03:25:22.691 2732 2732 D hpplay-base: [SinkContext:97] initSinkContext mPackagePath =/data/user/0/com.hht.lebocast
12-14 03:25:22.691 2732 2732 D hpplay-base: [SinkContext:98] initSinkContext mKeyPath =/data/user/0/com.hht.lebocast/files/hpplay/file
12-14 03:25:22.691 2732 2732 D hpplay-base: [jniBridge:478] Java_com_hpplay_sdk_sink_protocol_Bridge__1initServer end
12-14 03:25:22.691 2732 2732 D hpplay-base: [jniBridge:869] Bridge__1startServer status:1
12-14 03:25:22.692 2732 2732 D hpplay-base: [LelinkBase:492] startAllServer at base
12-14 03:25:22.692 2732 2732 D hpplay-base: [lelinkSinkServer:152] httpPlugins_SetServerPort TYPE_SERVER_LELINK:52266
12-14 03:25:22.692 2732 2732 D hpplay-base: [network.c:362] protocol bind host :192.168.0.18 port:52266 curent bind port:52266
12-14 03:25:22.692 2732 2732 D hpplay-base: [lelinkSinkServer:681] HTTP Server real at:52266
12-14 03:25:22.692 2732 4640 D hpplay-base: [lelinkSinkServer:644] Connected Service Type:0
12-14 03:25:22.692 2732 4640 I hpplay-base: : (server.c.315) startServer listen_ing....:
12-14 03:25:22.692 2732 4640 D hpplay-base: [Server:371] startHttpServer srv_sockets.used:1 nCurrentFd:66, tid is 4640
12-14 03:25:22.692 2732 2732 D hpplay-base: [ScreenStream:1285] current bind port:7100
12-14 03:25:22.693 2732 2732 D hpplay-base: [LelinkBase:515] startAllServer pBaseContext->config.dlnaEnable:1
12-14 03:25:22.693 2732 2732 D hpplay-base: [lelinkDlna:324] addDMRCallback end
12-14 03:25:22.693 2732 4641 D hpplay-base: [stream_mirror_compat:759] compat mirror stream begin to run,server fd:68,thread_id:3156500928!!
12-14 03:25:22.694 2732 2732 E hpplay-base-dlna: miniserver.c:788::dlna_port(ipv4: 49152 ipv6:0)
12-14 03:25:22.695 2732 2732 D hpplay-base-dlna: [lebodlna-dlnaframe:166] succeed to load lebodlnaplugin
12-14 03:25:22.695 2732 2732 D hpplay-base-dlna: [lebodlna-dlnaframe:232] Succeed to load specified plugin:lebodlna_plugin
12-14 03:25:22.695 2732 2732 D hpplay-base: [lelinkDlna:328] startDLNAServer ret=0
12-14 03:25:22.695 2732 2732 D hpplay-base: [LelinkBase:531] startDLNAServer ret= 0
12-14 03:25:22.695 2732 2732 D hpplay-base: [lelinkDlna:342] setDMRFriendlyName 高合娱乐副屏
12-14 03:25:22.695 2732 2732 D hpplay-base-dlna: [lebodlna-dlna_android:136] setBroadcastTimeout mBroadcastTimeOut=66 status=3!
12-14 03:25:22.695 2732 2732 D hpplay-base-dlna: [lebodlna_api:32] start DMR
12-14 03:25:22.695 2732 2732 D hpplay-base-dlna: [UpnpDefine:434] RegisterDMRender invalid lelink info
12-14 03:25:22.695 2732 2732 D hpplay-base-dlna: [UpnpDefine:467] DLNA DEFAULT_DESCRIPTION
12-14 03:25:22.697 2732 2732 E hpplay-base-dlna: upnpapi.c:1078::Exiting RegisterRootDevice2 *Hnd =1, return value == 0
12-14 03:25:22.697 2732 2732 D hpplay-base-dlna: [CUpnpDevice:41] Register Root Device 2:0
12-14 03:25:22.697 2732 2732 D hpplay-base-dlna: [UpnpDefine:794] ESDMRender:Register success
12-14 03:25:22.697 2732 2732 D hpplay-base-dlna: [lebodlna_api:41] sendBroadcast mBroadcastTimeOut=3
12-14 03:25:22.697 2732 2732 D hpplay-base-dlna: [lebodlna_api:44] sendBroadcast timeout=66
12-14 03:25:22.758 2732 2732 D hpplay-base: [lelinkDlna:361] startDLNADevice dlnaManufacturer:0 ret=0
12-14 03:25:22.758 2732 2732 D hpplay-base: [LelinkBase:535] lelinkSetDlnaInfo ret= 0
12-14 03:25:22.758 2732 2732 D hpplay-base: [LelinkBase:547] startAllServer pBaseContext->config.mDNSEnable:1
12-14 03:25:22.759 2732 2732 D hpplay-base: [base_mdns:509] mdns net.hostname:
12-14 03:25:22.760 2732 2732 D hpplay-base: [base_mdns:529] mdns namelabel:-00-80-0F-74-31-00
12-14 03:25:22.760 2732 2732 D hpplay-base: [base_mdns:509] mdns net.hostname:
12-14 03:25:22.760 2732 2732 D hpplay-base: [base_mdns:529] mdns namelabel:-00-80-0F-74-31-00
12-14 03:25:22.760 2732 2732 D hpplay-base: [mdns:813] mdns start bind port:0
12-14 03:25:22.763 2732 2732 D hpplay-base: [mdns:813] mdns start bind port:5353
12-14 03:25:22.763 2732 2732 D hpplay-base: [mdns:813] mdns start bind port:5353
12-14 03:25:22.764 2732 2732 D hpplay-base: [mdns:813] mdns start bind port:5353
12-14 03:25:22.764 2732 2732 D hpplay-base: [mdns:813] mdns start bind port:5353
12-14 03:25:22.764 2732 2732 D hpplay-base: [mdns:813] mdns start bind port:5353
12-14 03:25:22.764 2732 2732 D hpplay-base: [mdns:813] mdns start bind port:5353
12-14 03:25:22.764 2732 2732 D hpplay-base: [mdns:813] mdns start bind port:5353
12-14 03:25:22.765 2732 2732 I hpplay-base: [mDNSEmbeded:57] embedded_mDNSInit stopmDNSNow:0 status:0
12-14 03:25:22.765 2732 2732 D hpplay-base: [mDNSEmbeded:436] startmDNSServer end nRet=0
12-14 03:25:22.765 2732 2732 D hpplay-base: [LelinkBase:555] lelink broadcast_on_off:1 log2java_on_off:1
12-14 03:25:22.765 2732 4660 D hpplay-base: [LelinkMDNS:729] leboAuthorizationCheck strUuid=a6:9c:94:7f:fd:36000000000000000
12-14 03:25:22.765 2732 4660 D hpplay-base: [LelinkMDNS:730] leboAuthorizationCheck mPermissionDid=a6:9c:94:7f:fd:36000000000000000
12-14 03:25:22.765 2732 4660 D hpplay-base: [LelinkMDNS:755] leboAuthorizationCheck mPermissionMac=a6:9c:94:7f:fd:36000000000000000
12-14 03:25:22.765 2732 2732 D hpplay-base: [AEventUtils:595] request to start event handle service!!
12-14 03:25:22.765 2732 2732 D hpplay-base: [AEventUtils:603] start_event_handle_service,begin to run!!
12-14 03:25:22.765 2732 4662 D hpplay-base: [mDNSEmbeded:197] http_port bind check 197 http_port_check
12-14 03:25:22.765 2732 4661 I hpplay-base: [mDNSEmbeded:268] start lelink publish server, tid is 4661
12-14 03:25:22.766 2732 4663 D hpplay-base: [AEventUtils:171] create handle AEvent thread ok!!,tid is 4663
12-14 03:25:22.766 2732 2732 D hpplay-base: [REventUtils:210] start_event_handle_service,begin to run!!
12-14 03:25:22.766 2732 2732 D hpplay-base: [LelinkBase:576] startAllServer success .
12-14 03:25:22.766 2732 4665 D hpplay-base: [REventUtils:59] create handleREventThread thread ok!!,tid is 4665
12-14 03:25:22.767 2732 2732 D hpplay-base: [jniBridge:894] startDlna_link:http://192.168.0.18:49152/description.xml
12-14 03:25:22.767 2732 4666 D hpplay-base: [jniBridge:1081] notifyJavaDlnalink:http://192.168.0.18:49152/description.xml
12-14 03:25:22.767 2732 4666 D hpplay-base: [jniBridge:1726] notifyJava, what:207, castType:0, mimeType:0 baseStatus:2
12-14 03:25:22.767 2732 4666 D hpplay-base: [jniBridge:1727] notifyJava sessionID:(null)
12-14 03:25:22.767 2732 4662 D hpplay-base: [mDNSEmbeded:217] http_port bind check 217 http_port_check
12-14 03:25:22.768 2732 4662 D hpplay-base: [mDNSEmbeded:222] http_port bind check 222 http_port_check
12-14 03:25:22.768 2732 4666 I hpplay-java: [Thread-39]:Bridge:notify: what: 207
12-14 03:25:22.770 2732 4666 I hpplay-java: [Thread-39]:Bridge:notify: out: OutParameters:{audioSessionId=-1, audiotrackIndex=0, castHandleType=-1, castType=0, deviceName='http://192.168.0.18:49152/description.xml', dlnaName='', dramaID='', extra=0, frameHandleType=-1, handleInside=true, headduration=0, header='', headers=null, isAD=false, isMultiMirror=false, lelinkVer='', limitTime=0, , mediaAlbum='null', mediaAlbumArtURI='', mediaArtist='null', mediaAssets='', mediaTitle='null', mimeType=0, multiSession=null, period=0, pinCode='', playSpeed=0.0, playerChoice=0, plugin=0, port=0, position=0.0, positionUnit=2, protocol=0, realSessionID='', regType='', , sinkIp='', sourceAPPVersion='', sourceChannel='', sourceClientInfo='', sourceDeviceInfo='', sourceDeviceModel='', sourceDeviceName='', sourceDeviceType=0, sourceHID='', , sourceInfo='', , , sourceOSVersion='', sourceSDKVersion='', sourceUid='', stopDetail=0, stopReason=0, tailduration=0, url='', urlID='', urls=null, userAgent='', videoDecoder=0, volume=0, what=207}com.hpplay.sdk.sink.protocol.OutParameters@1922176
12-14 03:25:22.770 2732 4666 I hpplay-java: [Thread-39]:Bridge:notify: address:145646455
12-14 03:25:22.770 2732 4662 D hpplay-base: [mDNSEmbeded:234] http_port bind check 234 http_port_check port:52266
12-14 03:25:22.771 2732 4662 D hpplay-base: [mDNSEmbeded:237] http_port bind check 237 http_port_check
12-14 03:25:22.771 2732 4667 D hpplay-base: [lelinkSinkServer:93] new client connection from 127.0.0.1 55996, fd=113
12-14 03:25:22.772 2732 4667 D hpplay-base: [SinkContext:137] addSinkContextSession,begin to run!!
12-14 03:25:22.772 2732 4667 D hpplay-base: [SinkContext:142] addSinkContextSession,begin to get lock!!
12-14 03:25:22.772 2732 4667 D hpplay-base: [SinkContext:144] addSinkContextSession,get lock ok!!
12-14 03:25:22.772 2732 4667 D hpplay-base: [SinkContext:149] addSinkContextSession,session list is null,begin to malloc!!
12-14 03:25:22.772 2732 4667 D hpplay-base: [SinkContext:156] addSinkContextSession,begin to update!!
12-14 03:25:22.772 2732 4667 D hpplay-base: [SinkContext:160] addSinkContextSession,begin to update header!!
12-14 03:25:22.772 2732 4667 D hpplay-base: [SinkContext:172] addSinkContextSession,begin to unlock!!
12-14 03:25:22.772 2732 4667 D hpplay-base: [SinkContext:174] addSinkContextSession,unlock ok!!
12-14 03:25:22.772 2732 4667 D hpplay-base: [LelinkReceiver:4908] get ping !!!
12-14 03:25:22.772 2732 4662 D hpplay-base: [mDNSEmbeded:240] http_port bind check 240 http_port_check recieved:64
12-14 03:25:22.772 2732 4662 D hpplay-base: [mDNSEmbeded:243] http_port bind check 243 http_port_check
12-14 03:25:22.772 2732 4662 D hpplay-base: [mDNSEmbeded:244] http_port bind check ok!
12-14 03:25:22.848 639 654 I mpu_uart: [MSG-P:RECV]:No message received in 1000 ms
12-14 03:25:22.973 2732 4667 I hpplay-base: [LelinkReceiver:14605] _connectionFinalize (113)
12-14 03:25:22.973 2732 4667 D hpplay-base: [LelinkReceiver:14752] ###connectionFinalize,release ok!!###
12-14 03:25:23.107 0 0 W swapper/1: type=1400 audit(0.0:633): avc: denied { kill } for capability=5 scontext=u:r:kernel:s0 tcontext=u:r:kernel:s0 tclass=capability permissive=0
01-01 09:59:50.689 0 0 D : mv2112_read_status
01-01 09:59:50.690 0 0 D mv2112_update_link: 3.0x901(1G): 0x80
01-01 09:59:50.690 0 0 D mv2112_update_link: 3.0x8109(100M): 0x8
01-01 09:59:50.690 0 0 D mv2112_update_link: link 0x0
01-01 09:59:50.690 0 0 D mv2112_read_status: autoneg is disabled
12-14 03:25:23.640 2732 4453 W hpplay-java: [AsyncTask #54]:HttpRequest:
12-14 03:25:23.642 2732 4453 W hpplay-java: [AsyncTask #54]:HttpRequest:
12-14 03:25:23.643 2732 4453 W hpplay-java: [AsyncTask #54]:HttpRequest:
12-14 03:25:23.849 639 654 I mpu_uart: [MSG-P:RECV]:No message received in 1000 ms
12-14 03:25:24.111 0 0 W swapper/3: type=1400 audit(0.0:634): avc: denied { kill } for capability=5 scontext=u:r:kernel:s0 tcontext=u:r:kernel:s0 tclass=capability permissive=0
01-01 09:59:51.713 0 0 D : mv2112_read_status
01-01 09:59:51.714 0 0 D mv2112_update_link: 3.0x901(1G): 0x80
01-01 09:59:51.714 0 0 D mv2112_update_link: 3.0x8109(100M): 0x8
01-01 09:59:51.714 0 0 D mv2112_update_link: link 0x0
01-01 09:59:51.714 0 0 D mv2112_read_status: autoneg is disabled
12-14 03:25:24.849 639 654 I mpu_uart: [MSG-P:RECV]:No message received in 1000 ms
12-14 03:25:24.960 639 653 I mpu_uart: [MSG-P:R]:recv sync frame timeout
12-14 03:25:25.111 0 0 W swapper/3: type=1400 audit(0.0:635): avc: denied { kill } for capability=5 scontext=u:r:kernel:s0 tcontext=u:r:kernel:s0 tclass=capability permissive=0
01-01 09:59:52.737 0 0 D : mv2112_read_status
01-01 09:59:52.738 0 0 D mv2112_update_link: 3.0x901(1G): 0x80
01-01 09:59:52.738 0 0 D mv2112_update_link: 3.0x8109(100M): 0x8
01-01 09:59:52.738 0 0 D mv2112_update_link: link 0x0
01-01 09:59:52.738 0 0 D mv2112_read_status: autoneg is disabled
12-14 03:25:25.850 639 654 I mpu_uart: [MSG-P:RECV]:No message received in 1000 ms
12-14 03:25:26.111 0 0 W swapper/3: type=1400 audit(0.0:636): avc: denied { kill } for capability=5 scontext=u:r:kernel:s0 tcontext=u:r:kernel:s0 tclass=capability permissive=0
01-01 09:59:53.761 0 0 D : mv2112_read_status
01-01 09:59:53.762 0 0 D mv2112_update_link: 3.0x901(1G): 0x80
01-01 09:59:53.762 0 0 D mv2112_update_link: 3.0x8109(100M): 0x8
01-01 09:59:53.762 0 0 D mv2112_update_link: link 0x0
01-01 09:59:53.762 0 0 D mv2112_read_status: autoneg is disabled
12-14 03:25:26.850 639 654 I mpu_uart: [MSG-P:RECV]:No message received in 1000 ms
12-14 03:25:27.111 0 0 W swapper/3: type=1400 audit(0.0:637): avc: denied { kill } for capability=5 scontext=u:r:kernel:s0 tcontext=u:r:kernel:s0 tclass=capability permissive=0
01-01 09:59:54.785 0 0 D : mv2112_read_status
01-01 09:59:54.786 0 0 D mv2112_update_link: 3.0x901(1G): 0x80
01-01 09:59:54.786 0 0 D mv2112_update_link: 3.0x8109(100M): 0x8
01-01 09:59:54.786 0 0 D mv2112_update_link: link 0x0
01-01 09:59:54.786 0 0 D mv2112_read_status: autoneg is disabled
12-14 03:25:27.680 2732 2732 I hpplay-java: [main]:ServiceUpdater:upLoadServiceInfo invalid deviceCode:, port:53388
12-14 03:25:27.851 639 654 I mpu_uart: [MSG-P:RECV]:No message received in 1000 ms
12-14 03:25:27.963 639 653 I mpu_uart: [MSG-P:R]:recv sync frame timeout
12-14 03:25:28.111 0 0 W swapper/3: type=1400 audit(0.0:638): avc: denied { kill } for capability=5 scontext=u:r:kernel:s0 tcontext=u:r:kernel:s0 tclass=capability permissive=0
01-01 09:59:55.809 0 0 D : mv2112_read_status
01-01 09:59:55.810 0 0 D mv2112_update_link: 3.0x901(1G): 0x80
01-01 09:59:55.810 0 0 D mv2112_update_link: 3.0x8109(100M): 0x8
01-01 09:59:55.810 0 0 D mv2112_update_link: link 0x0
01-01 09:59:55.810 0 0 D mv2112_read_status: autoneg is disabled
12-14 03:25:28.851 639 654 I mpu_uart: [MSG-P:RECV]:No message received in 1000 ms
12-14 03:25:29.111 0 0 W swapper/3: type=1400 audit(0.0:639): avc: denied { kill } for capability=5 scontext=u:r:kernel:s0 tcontext=u:r:kernel:s0 tclass=capability permissive=0
01-01 09:59:56.833 0 0 D : mv2112_read_status
01-01 09:59:56.834 0 0 D mv2112_update_link: 3.0x901(1G): 0x80
01-01 09:59:56.834 0 0 D mv2112_update_link: 3.0x8109(100M): 0x8
01-01 09:59:56.834 0 0 D mv2112_update_link: link 0x0
01-01 09:59:56.834 0 0 D mv2112_read_status: autoneg is disabled
12-14 03:25:29.851 639 654 I mpu_uart: [MSG-P:RECV]:No message received in 1000 ms
12-14 03:25:30.111 0 0 W swapper/3: type=1400 audit(0.0:640): avc: denied { kill } for capability=5 scontext=u:r:kernel:s0 tcontext=u:r:kernel:s0 tclass=capability permissive=0
12-14 03:25:30.220 2732 2732 I hpplay-java: [main]:IMTask:getIMRoot
01-01 09:59:57.857 0 0 D : mv2112_read_status
01-01 09:59:57.858 0 0 D mv2112_update_link: 3.0x901(1G): 0x80
01-01 09:59:57.858 0 0 D mv2112_update_link: 3.0x8109(100M): 0x8
01-01 09:59:57.858 0 0 D mv2112_update_link: link 0x0
01-01 09:59:57.858 0 0 D mv2112_read_status: autoneg is disabled
12-14 03:25:30.852 639 654 I mpu_uart: [MSG-P:RECV]:No message received in 1000 ms
12-14 03:25:30.966 639 653 I mpu_uart: [MSG-P:R]:recv sync frame timeout
12-14 03:25:31.111 0 0 W swapper/3: type=1400 audit(0.0:641): avc: denied { kill } for capability=5 scontext=u:r:kernel:s0 tcontext=u:r:kernel:s0 tclass=capability permissive=0
01-01 09:59:58.881 0 0 D : mv2112_read_status
01-01 09:59:58.882 0 0 D mv2112_update_link: 3.0x901(1G): 0x80
01-01 09:59:58.882 0 0 D mv2112_update_link: 3.0x8109(100M): 0x8
01-01 09:59:58.882 0 0 D mv2112_update_link: link 0x0
01-01 09:59:58.882 0 0 D mv2112_read_status: autoneg is disabled
12-14 03:25:31.852 639 654 I mpu_uart: [MSG-P:RECV]:No message received in 1000 ms
12-14 03:25:32.107 0 0 W swapper/3: type=1400 audit(0.0:642): avc: denied { kill } for capability=5 scontext=u:r:kernel:s0 tcontext=u:r:kernel:s0 tclass=capability permissive=0
12-14 03:25:32.667 2732 2732 I hpplay-java: [main]:Upgrade:upgrade not be allowed
12-14 03:25:32.686 2732 2732 I hpplay-java: [main]:ServerBusiness:get deviceCode:
12-14 03:25:32.686 2732 2732 W hpplay-java: [main]:ServerBusiness:startDeviceService ignore,invalid deviceCode
01-01 09:59:59.905 0 0 D : mv2112_read_status
01-01 09:59:59.906 0 0 D mv2112_update_link: 3.0x901(1G): 0x80
01-01 09:59:59.906 0 0 D mv2112_update_link: 3.0x8109(100M): 0x8
01-01 09:59:59.906 0 0 D mv2112_update_link: link 0x0
01-01 09:59:59.906 0 0 D mv2112_read_status: autoneg is disabled
12-14 03:25:32.852 639 654 I mpu_uart: [MSG-P:RECV]:No message received in 1000 ms
12-14 03:25:33.111 0 0 W swapper/3: type=1400 audit(0.0:643): avc: denied { kill } for capability=5 scontext=u:r:kernel:s0 tcontext=u:r:kernel:s0 tclass=capability permissive=0
01-01 10:00:00.929 0 0 D : mv2112_read_status
01-01 10:00:00.930 0 0 D mv2112_update_link: 3.0x901(1G): 0x80
01-01 10:00:00.930 0 0 D mv2112_update_link: 3.0x8109(100M): 0x8
01-01 10:00:00.930 0 0 D mv2112_update_link: link 0x0
01-01 10:00:00.930 0 0 D mv2112_read_status: autoneg is disabled
12-14 03:25:33.853 639 654 I mpu_uart: [MSG-P:RECV]:No message received in 1000 ms
12-14 03:25:33.970 639 653 I mpu_uart: [MSG-P:R]:recv sync frame timeout
12-14 03:25:34.107 0 0 W swapper/3: type=1400 audit(0.0:644): avc: denied { kill } for capability=5 scontext=u:r:kernel:s0 tcontext=u:r:kernel:s0 tclass=capability permissive=0
01-01 10:00:01.953 0 0 D : mv2112_read_status
01-01 10:00:01.954 0 0 D mv2112_update_link: 3.0x901(1G): 0x80
01-01 10:00:01.954 0 0 D mv2112_update_link: 3.0x8109(100M): 0x8
01-01 10:00:01.954 0 0 D mv2112_update_link: link 0x0
01-01 10:00:01.954 0 0 D mv2112_read_status: autoneg is disabled
12-14 03:25:34.853 639 654 I mpu_uart: [MSG-P:RECV]:No message received in 1000 ms
12-14 03:25:35.111 0 0 W swapper/3: type=1400 audit(0.0:645): avc: denied { kill } for capability=5 scontext=u:r:kernel:s0 tcontext=u:r:kernel:s0 tclass=capability permissive=0
01-01 10:00:02.977 0 0 D : mv2112_read_status
01-01 10:00:02.978 0 0 D mv2112_update_link: 3.0x901(1G): 0x80
01-01 10:00:02.978 0 0 D mv2112_update_link: 3.0x8109(100M): 0x8
01-01 10:00:02.978 0 0 D mv2112_update_link: link 0x0
01-01 10:00:02.978 0 0 D mv2112_read_status: autoneg is disabled
12-14 03:25:35.854 639 654 I mpu_uart: [MSG-P:RECV]:No message received in 1000 ms
12-14 03:25:36.107 0 0 W swapper/3: type=1400 audit(0.0:646): avc: denied { kill } for capability=5 scontext=u:r:kernel:s0 tcontext=u:r:kernel:s0 tclass=capability permissive=0
12-14 03:25:36.854 639 654 I mpu_uart: [MSG-P:RECV]:No message received in 1000 ms
01-01 10:00:04.001 0 0 D : mv2112_read_status
01-01 10:00:04.002 0 0 D mv2112_update_link: 3.0x901(1G): 0x80
01-01 10:00:04.002 0 0 D mv2112_update_link: 3.0x8109(100M): 0x8
01-01 10:00:04.002 0 0 D mv2112_update_link: link 0x0
01-01 10:00:04.002 0 0 D mv2112_read_status: autoneg is disabled
12-14 03:25:36.973 639 653 I mpu_uart: [MSG-P:R]:recv sync frame timeout
12-14 03:25:37.111 0 0 W swapper/3: type=1400 audit(0.0:647): avc: denied { kill } for capability=5 scontext=u:r:kernel:s0 tcontext=u:r:kernel:s0 tclass=capability permissive=0
12-14 03:25:37.666 2732 2732 I hpplay-java: [main]:ServerTaskManager:task run out of time
12-14 03:25:37.666 2732 2732 I hpplay-java: [main]:ServerTaskManager:cancelTimeOutCheck
12-14 03:25:37.667 2732 2732 I hpplay-java: [main]:ServerTaskManager:exeTask ignore, reason: TaskList is clear
12-14 03:25:37.824 2732 4660 D hpplay-base: [LelinkMDNS:766] devicePermissionPublic leboPermissionCheck:-2
12-14 03:25:37.824 2732 4660 D hpplay-base: [jniBridge:1125] com_hpplay_sdk_sink_protocol_Bridge_WHAT_SERVER_ERROR
12-14 03:25:37.824 2732 4660 D hpplay-base: [jniBridge:1726] notifyJava, what:204, castType:0, mimeType:0 baseStatus:2
12-14 03:25:37.824 2732 4660 D hpplay-base: [jniBridge:1727] notifyJava sessionID:(null)
12-14 03:25:37.826 2732 4660 I hpplay-java: [Thread-40]:Bridge:notify: what: 204
12-14 03:25:37.828 2732 4660 I hpplay-java: [Thread-40]:Bridge:notify: out: OutParameters:{audioSessionId=-1, audiotrackIndex=0, castHandleType=-1, castType=0, deviceName='', dlnaName='', dramaID='', extra=-2002, frameHandleType=-1, handleInside=true, headduration=0, header='', headers=null, isAD=false, isMultiMirror=false, lelinkVer='', limitTime=0, , mediaAlbum='null', mediaAlbumArtURI='', mediaArtist='null', mediaAssets='', mediaTitle='null', mimeType=0, multiSession=null, period=0, pinCode='', playSpeed=0.0, playerChoice=0, plugin=0, port=0, position=0.0, positionUnit=2, protocol=0, realSessionID='', regType='', , sinkIp='', sourceAPPVersion='', sourceChannel='', sourceClientInfo='', sourceDeviceInfo='', sourceDeviceModel='', sourceDeviceName='', sourceDeviceType=0, sourceHID='', , sourceInfo='', , , sourceOSVersion='', sourceSDKVersion='', sourceUid='', stopDetail=0, stopReason=0, tailduration=0, url='', urlID='', urls=null, userAgent='', videoDecoder=0, volume=0, what=204}com.hpplay.sdk.sink.protocol.OutParameters@41bc013
12-14 03:25:37.829 2732 4660 I hpplay-java: [Thread-40]:Bridge:notify: address:101237328
12-14 03:25:37.829 2732 4660 I hpplay-base: [mDNSEmbeded:79] embedded_mDNSLoop stopmDNSNow:0 nPublish:-2 nExitFlag:6 tid is 4660
12-14 03:25:37.829 2732 2732 I hpplay-java: [main]:Bridge:findServiceID start out: 101237328
12-14 03:25:37.829 2732 2732 I hpplay-java: [main]:Bridge:findServiceID end
12-14 03:25:37.829 2732 2732 E hpplay-java: [main]:ServerTaskManager:onError 204/-2002 com.hht.lebocast.LelinkHelper$e@b408ac8
12-14 03:25:37.829 2732 2732 I hpplay-java: [main]:ServerTaskManager:cancelTimeOutCheck
12-14 03:25:37.831 2732 2732 W hpplay-java: [main]:ServerTaskManager:onErrorDispatcher errorCode:-2002
12-14 03:25:37.831 2732 2732 I hpplay-java: [main]:ServerTaskManager:onError retry later
12-14 03:25:37.855 639 654 I mpu_uart: [MSG-P:RECV]:No message received in 1000 ms
01-01 10:00:05.025 0 0 D : mv2112_read_status
01-01 10:00:05.026 0 0 D mv2112_update_link: 3.0x901(1G): 0x80
01-01 10:00:05.026 0 0 D mv2112_update_link: 3.0x8109(100M): 0x8
01-01 10:00:05.026 0 0 D mv2112_update_link: link 0x0
01-01 10:00:05.026 0 0 D mv2112_read_status: autoneg is disabled
12-14 03:25:38.107 0 0 W swapper/3: type=1400 audit(0.0:648): avc: denied { kill } for capability=5 scontext=u:r:kernel:s0 tcontext=u:r:kernel:s0 tclass=capability permissive=0
12-14 03:25:38.855 639 654 I mpu_uart: [MSG-P:RECV]:No message received in 1000 ms
01-01 10:00:06.049 0 0 D : mv2112_read_status
01-01 10:00:06.050 0 0 D mv2112_update_link: 3.0x901(1G): 0x80
01-01 10:00:06.050 0 0 D mv2112_update_link: 3.0x8109(100M): 0x8
01-01 10:00:06.050 0 0 D mv2112_update_link: link 0x0
01-01 10:00:06.050 0 0 D mv2112_read_status: autoneg is disabled
12-14 03:25:39.107 0 0 W swapper/3: type=1400 audit(0.0:649): avc: denied { kill } for capability=5 scontext=u:r:kernel:s0 tcontext=u:r:kernel:s0 tclass=capability permissive=0
12-14 03:25:39.492 2732 4623 W hpplay-java: [AsyncTask #58]:HttpRequest:
12-14 03:25:39.494 2732 4623 W hpplay-java: [AsyncTask #58]:HttpRequest:
12-14 03:25:39.496 2732 4623 W hpplay-java: [AsyncTask #58]:HttpRequest:
12-14 03:25:39.856 639 654 I mpu_uart: [MSG-P:RECV]:No message received in 1000 ms
01-01 10:00:07.073 0 0 D : mv2112_read_status
01-01 10:00:07.074 0 0 D mv2112_update_link: 3.0x901(1G): 0x80
01-01 10:00:07.074 0 0 D mv2112_update_link: 3.0x8109(100M): 0x8
01-01 10:00:07.074 0 0 D mv2112_update_link: link 0x0
01-01 10:00:07.074 0 0 D mv2112_read_status: autoneg is disabled
12-14 03:25:39.976 639 653 I mpu_uart: [MSG-P:R]:recv sync frame timeout
12-14 03:25:40.107 0 0 W swapper/3: type=1400 audit(0.0:650): avc: denied { kill } for capability=5 scontext=u:r:kernel:s0 tcontext=u:r:kernel:s0 tclass=capability permissive=0
12-14 03:25:40.833 2732 2732 I hpplay-java: [main]:ServerTaskManager:restart by error
12-14 03:25:40.833 2732 2732 I hpplay-java: [main]:ServerTaskManager:startServer
12-14 03:25:40.834 2732 2732 I hpplay-java: [main]:ServerTaskManager:startServer add, reason: server is starting or running
12-14 03:25:40.834 2732 2732 I hpplay-java: [main]:ServerTaskManager:addStopTask
12-14 03:25:40.834 2732 2732 I hpplay-java: [main]:ServerTaskManager:addStartTask
12-14 03:25:40.834 2732 2732 I hpplay-java: [main]:ServerTaskManager:exeTask stopServer
12-14 03:25:40.834 2732 2732 I hpplay-java: [main]:Bridge:stopServer keepPush: false
12-14 03:25:40.834 2732 2732 D hpplay-base: [jniBridge:909] Bridge__1stopServer status:2
12-14 03:25:40.835 2732 2732 D hpplay-base: [LelinkBase:654] stopAllServer will start thread!
12-14 03:25:40.836 2732 4663 D hpplay-base: [AEventUtils:588] handle AEvent thread end!!,tid is 4663
