12-14 03:25:06.513 1490 1522 W InputManager-JNI: Input channel object '64cf012 Splash Screen com.android.settings (client)' was disposed without first being removed with the input manager!
12-14 03:25:06.842 639 654 I mpu_uart: [MSG-P:RECV]:No message received in 1000 ms
12-14 03:25:06.938 639 653 I mpu_uart: [MSG-P:R]:recv sync frame timeout
12-14 03:25:07.107 0 0 W swapper/3: type=1400 audit(0.0:407): avc: denied { kill } for capability=5 scontext=u:r:kernel:s0 tcontext=u:r:kernel:s0 tclass=capability permissive=0
01-01 09:59:34.305 0 0 D : mv2112_read_status
01-01 09:59:34.306 0 0 D mv2112_update_link: 3.0x901(1G): 0x80
01-01 09:59:34.306 0 0 D mv2112_update_link: 3.0x8109(100M): 0x8
01-01 09:59:34.306 0 0 D mv2112_update_link: link 0x0
01-01 09:59:34.306 0 0 D mv2112_read_status: autoneg is disabled
12-14 03:25:07.843 639 654 I mpu_uart: [MSG-P:RECV]:No message received in 1000 ms
12-14 03:25:07.887 1490 1522 I ActivityTaskManager: START u0 {act=android.settings.APP_SEARCH_SETTINGS pkg=com.android.settings.intelligence cmp=com.android.settings.intelligence/.search.SearchActivity (has extras)} from uid 1000
12-14 03:25:07.887 1490 1596 I EventSequenceValidator: inc AccIntentStartedEvents to 2
12-14 03:25:07.895 1490 1522 D CompatibilityChangeReporter: Compat change id reported: 174042980; UID 10062; state: DISABLED
12-14 03:25:07.896 1490 1522 D CompatibilityChangeReporter: Compat change id reported: 184838306; UID 10062; state: DISABLED
12-14 03:25:07.896 1490 1522 D CompatibilityChangeReporter: Compat change id reported: 185004937; UID 10062; state: DISABLED
12-14 03:25:07.897 1490 1522 D CompatibilityChangeReporter: Compat change id reported: 181136395; UID 10062; state: DISABLED
12-14 03:25:07.897 1490 1522 D CompatibilityChangeReporter: Compat change id reported: 174042936; UID 10062; state: DISABLED
12-14 03:25:07.898 2392 4498 D SlicesDatabaseHelper: Created databases
12-14 03:25:07.901 1490 1522 D ActivityTrigger: ActivityTrigger activityPauseTrigger
12-14 03:25:07.903 2392 4498 D SlicesDatabaseHelper: Created databases
12-14 03:25:07.912 1490 1596 D CompatibilityChangeReporter: Compat change id reported: 135634846; UID 10062; state: DISABLED
12-14 03:25:07.912 1490 1596 D CompatibilityChangeReporter: Compat change id reported: 177438394; UID 10062; state: DISABLED
12-14 03:25:07.912 1490 1596 D CompatibilityChangeReporter: Compat change id reported: 135772972; UID 10062; state: DISABLED
12-14 03:25:07.912 1490 1596 D CompatibilityChangeReporter: Compat change id reported: 135754954; UID 10062; state: DISABLED
12-14 03:25:07.913 1490 1606 D CompatibilityChangeReporter: Compat change id reported: 143937733; UID 10062; state: DISABLED
12-14 03:25:07.920 2392 2392 D BluetoothPan: Unbinding service...
12-14 03:25:07.920 1159 1159 I perfetto: ing_service_impl.cc:912 Configured tracing session 1, #sources:1, duration:5000 ms, #buffers:1, total buffer size:4096 KB, total sessions:1, uid:1071 session name: ""
12-14 03:25:07.922 1490 1522 I ActivityTaskManager: FOREGROUND_APPLICATION_CHANGED to com.android.settings.intelligence.search.SearchActivity
12-14 03:25:07.919 1158 1158 W traced_probes: type=1400 audit(0.0:408): avc: denied { read } for name="format" dev="tracefs" ino=6416 scontext=u:r:traced_probes:s0 tcontext=u:object_r:debugfs_tracing_debug:s0 tclass=file permissive=0
12-14 03:25:07.919 1158 1158 W traced_probes: type=1400 audit(0.0:409): avc: denied { read } for name="format" dev="tracefs" ino=6404 scontext=u:r:traced_probes:s0 tcontext=u:object_r:debugfs_tracing_debug:s0 tclass=file permissive=0
12-14 03:25:07.919 1158 1158 W traced_probes: type=1400 audit(0.0:410): avc: denied { read } for name="format" dev="tracefs" ino=6410 scontext=u:r:traced_probes:s0 tcontext=u:object_r:debugfs_tracing_debug:s0 tclass=file permissive=0
12-14 03:25:07.919 1158 1158 W traced_probes: type=1400 audit(0.0:411): avc: denied { read } for name="format" dev="tracefs" ino=6422 scontext=u:r:traced_probes:s0 tcontext=u:object_r:debugfs_tracing_debug:s0 tclass=file permissive=0
12-14 03:25:07.919 1158 1158 W traced_probes: type=1400 audit(0.0:412): avc: denied { read } for name="format" dev="tracefs" ino=6428 scontext=u:r:traced_probes:s0 tcontext=u:object_r:debugfs_tracing_debug:s0 tclass=file permissive=0
12-14 03:25:07.919 1158 1158 W traced_probes: type=1400 audit(0.0:413): avc: denied { read } for name="format" dev="tracefs" ino=6464 scontext=u:r:traced_probes:s0 tcontext=u:object_r:debugfs_tracing_debug:s0 tclass=file permissive=0
01-01 09:59:35.064 0 0 W audit : audit_lost=24 audit_rate_limit=5 audit_backlog_limit=64
01-01 09:59:35.064 0 0 E audit : rate limit exceeded
12-14 03:25:07.927 660 660 D Zygote : Forked child process 4538
12-14 03:25:07.930 1490 1606 I ActivityManager: Start proc 4538:com.android.settings.intelligence/u0a62 for pre-top-activity {com.android.settings.intelligence/com.android.settings.intelligence.search.SearchActivity}
12-14 03:25:07.930 1490 4539 W ContextImpl: Calling a method in the system process without a qualified user: android.app.ContextImpl.sendBroadcast:1173 com.qualcomm.qti.Performance$SendGameLaunchBroadcast.run:217 java.lang.Thread.run:920
12-14 03:25:07.937 4538 4538 I libc : SetHeapTaggingLevel: tag level set to 0
12-14 03:25:07.941 4538 4538 E gs.intelligenc: Not starting debugger since process cannot load the jdwp agent.
12-14 03:25:07.942 4538 4538 D ProcessState: Binder ioctl to enable oneway spam detection failed: Invalid argument
01-01 09:59:35.081 0 0 I binder : 4538:4538 ioctl 40046210 7fe9b90604 returned -22
12-14 03:25:07.946 1490 1522 D CompatibilityChangeReporter: Compat change id reported: 168419799; UID 10062; state: DISABLED
12-14 03:25:07.946 1490 1522 D CompatibilityInfo: mCompatibilityFlags - 4
12-14 03:25:07.946 1490 1522 D CompatibilityInfo: applicationDensity - 240
12-14 03:25:07.946 1490 1522 D CompatibilityInfo: applicationScale - 1.0
12-14 03:25:07.947 2834 3804 W SQLiteLog: (28) double-quoted string literal: "com.android.settings.intelligence"
12-14 03:25:07.950 1490 1522 D CompatibilityInfo: mCompatibilityFlags - 4
12-14 03:25:07.950 1490 1522 D CompatibilityInfo: applicationDensity - 240
12-14 03:25:07.950 1490 1522 D CompatibilityInfo: applicationScale - 1.0
12-14 03:25:07.950 941 941 I BpBinder: onLastStrongRef automatically unlinking death recipients:
12-14 03:25:07.951 2392 4498 W SliceDataConverter: Get slice data from XML failed
12-14 03:25:07.951 2392 4498 W SliceDataConverter: java.lang.IllegalStateException: Invalid preference controller: com.android.settings.development.Prefer5GNetworkSummaryController
12-14 03:25:07.951 2392 4498 W SliceDataConverter: at com.android.settings.core.BasePreferenceController.createInstance(BasePreferenceController.java:144)
12-14 03:25:07.951 2392 4498 W SliceDataConverter: at com.android.settings.slices.SliceBuilderUtils.getPreferenceController(SliceBuilderUtils.java:365)
12-14 03:25:07.951 2392 4498 W SliceDataConverter: at com.android.settings.slices.SliceDataConverter.getSliceDataFromXML(SliceDataConverter.java:203)
12-14 03:25:07.951 2392 4498 W SliceDataConverter: at com.android.settings.slices.SliceDataConverter.getSliceDataFromProvider(SliceDataConverter.java:148)
12-14 03:25:07.951 2392 4498 W SliceDataConverter: at com.android.settings.slices.SliceDataConverter.getSliceData(SliceDataConverter.java:118)
12-14 03:25:07.951 2392 4498 W SliceDataConverter: at com.android.settings.slices.SlicesIndexer.getSliceData(SlicesIndexer.java:94)
12-14 03:25:07.951 2392 4498 W SliceDataConverter: at com.android.settings.slices.SlicesIndexer.indexSliceData(SlicesIndexer.java:75)
12-14 03:25:07.951 2392 4498 W SliceDataConverter: at com.android.settings.slices.SlicesIndexer.run(SlicesIndexer.java:56)
12-14 03:25:07.951 2392 4498 W SliceDataConverter: at java.util.concurrent.Executors$RunnableAdapter.call(Executors.java:462)
12-14 03:25:07.951 2392 4498 W SliceDataConverter: at java.util.concurrent.FutureTask.run(FutureTask.java:266)
12-14 03:25:07.951 2392 4498 W SliceDataConverter: at java.util.concurrent.ThreadPoolExecutor.runWorker(ThreadPoolExecutor.java:1167)
12-14 03:25:07.951 2392 4498 W SliceDataConverter: at java.util.concurrent.ThreadPoolExecutor$Worker.run(ThreadPoolExecutor.java:641)
12-14 03:25:07.951 2392 4498 W SliceDataConverter: at java.lang.Thread.run(Thread.java:920)
12-14 03:25:07.951 2392 4498 W SliceDataConverter: Caused by: java.lang.NoSuchMethodException: com.android.settings.development.Prefer5GNetworkSummaryController. [class android.content.Context, class java.lang.String]
12-14 03:25:07.951 2392 4498 W SliceDataConverter: at java.lang.Class.getConstructor0(Class.java:2363)
12-14 03:25:07.951 2392 4498 W SliceDataConverter: at java.lang.Class.getConstructor(Class.java:1759)
12-14 03:25:07.951 2392 4498 W SliceDataConverter: at com.android.settings.core.BasePreferenceController.createInstance(BasePreferenceController.java:139)
12-14 03:25:07.951 2392 4498 W SliceDataConverter: ... 12 more
12-14 03:25:07.955 4538 4538 D CompatibilityChangeReporter: Compat change id reported: 171979766; UID 10062; state: DISABLED
12-14 03:25:07.957 4538 4538 D ApplicationLoaders: Returning zygote-cached class loader: /system/framework/android.test.base.jar
12-14 03:25:07.958 3806 3819 I GameMode_ActivityMonitoringService: onForegroundActivitiesChanged uid 10062 pid 4538 fg true
12-14 03:25:07.958 2392 4498 D BluetoothEventManager: adding SourceInfo Handler
12-14 03:25:07.959 2392 4498 D LocalBluetoothProfileManager: LocalBluetoothProfileManager construction complete
12-14 03:25:07.959 2392 4498 D LocalBluetoothProfileManager: Adding local A2DP profile
12-14 03:25:07.959 2392 4498 D BluetoothA2dp: Binding service...
12-14 03:25:07.960 4538 4538 D nativeloader: classloader namespace configured for unbundled product apk. library_path=/product/priv-app/SettingsIntelligence/lib/arm64:/product/lib64:/system/product/lib64
12-14 03:25:07.961 2392 4498 D LocalBluetoothProfileManager: Adding local HEADSET profile
12-14 03:25:07.961 2392 4498 D BluetoothHeadset: Binding service...
12-14 03:25:07.962 1490 1522 W BluetoothManagerService: psc is not null in bindBluetoothProfileService
12-14 03:25:07.962 2392 4498 D LocalBluetoothProfileManager: Adding local MAP profile
12-14 03:25:07.962 2392 4498 D BluetoothMap: Create BluetoothMap proxy object
12-14 03:25:07.962 2392 4498 D BluetoothMap: Binding service...
12-14 03:25:07.963 2392 4498 D LocalBluetoothProfileManager: Adding local OPP profile
12-14 03:25:07.963 2392 4498 D LocalBluetoothProfileManager: Adding local Hearing Aid profile
12-14 03:25:07.963 2392 4498 D BluetoothHearingAid: Binding service...
12-14 03:25:07.964 2392 4498 D LocalBluetoothProfileManager: Adding local HID_HOST profile
12-14 03:25:07.964 2392 4498 D BluetoothHidHost: Binding service...
12-14 03:25:07.965 2392 4498 D LocalBluetoothProfileManager: Adding local PAN profile
12-14 03:25:07.965 2392 4498 D BluetoothPan: Binding service...
12-14 03:25:07.965 2392 4498 D LocalBluetoothProfileManager: Adding local PBAP profile
12-14 03:25:07.966 1158 1158 D hw-ProcessState: Binder ioctl to enable oneway spam detection failed: Invalid argument
12-14 03:25:07.966 2392 4498 D LocalBluetoothProfileManager: Adding local SAP profile
12-14 03:25:07.966 2392 4498 D BluetoothSap: Create BluetoothSap proxy object
01-01 09:59:35.104 0 0 I binder : 1158:1158 ioctl 40046210 7fe86ed594 returned -22
12-14 03:25:07.967 2392 4498 D BluetoothSap: Binding service...
12-14 03:25:07.968 563 563 E android.hardware.atrace@1.0-service: Failed to enable tracing on: /sys/kernel/debug/tracing/events/mdss/enable
12-14 03:25:07.968 563 563 E android.hardware.atrace@1.0-service: Failed to enable tracing on: /sys/kernel/debug/tracing/events/sde/enable
12-14 03:25:07.968 563 563 E android.hardware.atrace@1.0-service: Failed to enable tracing on: /sys/kernel/debug/tracing/events/mali_systrace/enable
12-14 03:25:07.968 563 563 E android.hardware.atrace@1.0-service: Failed to disable tracing on: /sys/kernel/debug/tracing/events/mdss/enable
12-14 03:25:07.968 563 563 E android.hardware.atrace@1.0-service: Failed to disable tracing on: /sys/kernel/debug/tracing/events/sde/enable
12-14 03:25:07.968 563 563 E android.hardware.atrace@1.0-service: Failed to disable tracing on: /sys/kernel/debug/tracing/events/mali_systrace/enable
12-14 03:25:07.968 563 563 E android.hardware.atrace@1.0-service: Failed to disable tracing on: /sys/kernel/debug/tracing/events/kmem/ion_alloc_buffer_start/enable
12-14 03:25:07.968 563 563 E android.hardware.atrace@1.0-service: Failed to enable tracing on: /sys/kernel/debug/tracing/events/kmem/ion_alloc_buffer_start/enable
12-14 03:25:07.968 563 563 E android.hardware.atrace@1.0-service: Failed to disable tracing on: /sys/kernel/debug/tracing/events/mdss/enable
12-14 03:25:07.968 563 563 E android.hardware.atrace@1.0-service: Failed to disable tracing on: /sys/kernel/debug/tracing/events/sde/enable
12-14 03:25:07.968 563 563 E android.hardware.atrace@1.0-service: Failed to disable tracing on: /sys/kernel/debug/tracing/events/mali_systrace/enable
12-14 03:25:07.968 563 563 E android.hardware.atrace@1.0-service: Failed to disable tracing on: /sys/kernel/debug/tracing/events/kmem/ion_alloc_buffer_start/enable
12-14 03:25:07.970 3806 3821 I GameMode_ActivityMonitoringService: Updating top task to: TaskInfoContainer [topActivity=ComponentInfo{com.android.settings.intelligence/com.android.settings.intelligence.search.SearchActivity}, taskId=18, stackId=18, userId=0, displayId=0, position=6
12-14 03:25:07.970 3806 3821 I GameMode_ActivityMonitoringService: Notifying about top task: TaskInfoContainer [topActivity=ComponentInfo{com.android.settings.intelligence/com.android.settings.intelligence.search.SearchActivity}, taskId=18, stackId=18, userId=0, displayId=0, position=6
12-14 03:25:07.970 3806 3821 E GameMode_ActivityMonitoringService: onActivityLaunch:com.android.settings.intelligence
12-14 03:25:07.970 3806 3821 V GameMode_GameTypeUtils: judge isGame:com.android.settings.intelligence
12-14 03:25:07.971 2392 4498 D AssistGesture: mAssistOnly:false, isSupported:false, isSensorAvailable:false
12-14 03:25:07.971 2392 4498 D AssistGesture: mAssistOnly:false, isSupported:false, isSensorAvailable:false
12-14 03:25:07.971 2392 4498 D AssistGesture: mAssistOnly:false, isSupported:false, isSensorAvailable:false
12-14 03:25:07.971 2392 4498 D AssistGesture: mAssistOnly:false, isSupported:false, isSensorAvailable:false
12-14 03:25:07.972 3806 3821 V GameMode_GpuUtils: fps:60
12-14 03:25:07.976 2392 2392 D BluetoothA2dp: Proxy object connected
12-14 03:25:07.977 2392 2392 D BluetoothMap: Proxy object connected
12-14 03:25:07.977 2392 2392 D BluetoothMap: getConnectedDevices()
12-14 03:25:07.978 2392 2392 D BluetoothHearingAid: Proxy object connected
12-14 03:25:07.978 1158 1158 I perfetto: probes_producer.cc:241 Ftrace setup (target_buf=1)
12-14 03:25:07.979 3806 3821 D GameMode_GameModeActionUtils: Show GameMode entry by service!
12-14 03:25:07.980 3806 3821 W ContextImpl: Calling a method in the system process without a qualified user: android.app.ContextImpl.startService:1816 android.content.ContextWrapper.startService:774 com.thundercomm.gamemode.ingame.services.GameModeActionUtils.startGameModeService:99 com.thundercomm.gamemode.ingame.services.GameModeActionUtils.startGameModeEntry:22 com.thundercomm.gamemode.ingame.services.ActivityMonitoringService$1.onActivityLaunch:127
12-14 03:25:07.980 2392 2392 D BluetoothHidHost: Proxy object connected
12-14 03:25:07.980 4538 4538 I Perf : Connecting to perf service.
12-14 03:25:07.981 1998 3435 D BluetoothHidHostService: getDevicesMatchingConnectionStates()
12-14 03:25:07.982 3806 3806 D GameMode_GameModeService: type=hide_entry
12-14 03:25:07.982 2392 2392 D BluetoothPan: Proxy object connected
12-14 03:25:07.982 3806 3821 D GameModeIF_GameModeSettings: getUriFor setting_content_uri_root = content://com.thundercomm.gamemode.api/gamemode_settings , name = gamemode_isgaming
12-14 03:25:07.982 2392 2392 D BluetoothSap: Proxy object connected
12-14 03:25:07.982 2392 2392 D BluetoothSap: getConnectedDevices()
12-14 03:25:07.982 1998 3435 V SapService: getConnectedDevices()
12-14 03:25:07.983 4538 4538 V GraphicsEnvironment: ANGLE Developer option for 'com.android.settings.intelligence' set to: 'default'
12-14 03:25:07.983 4538 4538 V GraphicsEnvironment: ANGLE GameManagerService for com.android.settings.intelligence: false
12-14 03:25:07.983 4538 4538 D NetworkSecurityConfig: No Network Security Config specified, using platform default
12-14 03:25:07.983 4538 4538 D NetworkSecurityConfig: No Network Security Config specified, using platform default
12-14 03:25:07.985 3806 3806 D GameMode_GameSettingsObserver: Game Data change!!!! uri = content://com.thundercomm.gamemode.api/gamemode_settings/gamemode_isgaming
12-14 03:25:07.985 1490 1490 I GameModeConfig: Current uri is uri = content://com.thundercomm.gamemode.api/gamemode_settings/gamemode_isgaming
12-14 03:25:07.985 3806 3806 D GameModeIF_GameModeSettings: getUriFor setting_content_uri_root = content://com.thundercomm.gamemode.api/gamemode_settings , name = gamemode_isgaming
12-14 03:25:07.985 1490 1490 D GameModeIF_GameModeSettings: getUriFor setting_content_uri_root = content://com.thundercomm.gamemode.api/gamemode_settings , name = gamemode_isgaming
12-14 03:25:07.987 1490 1490 I GameModeConfig: isGameModeOn = false
12-14 03:25:07.987 3806 3821 D GameModeIF_GameModeSettings: gamemode_isgaming set to 0
12-14 03:25:07.987 1490 1490 I GameModeConfig: isGameModeOn = false
12-14 03:25:07.987 1490 1490 I GameModeConfig: isDisableVoice = true
12-14 03:25:07.987 3806 3806 D GameMode_GameModeService: updateGlobalSettings = gamemode_isgaming
12-14 03:25:07.990 1158 1158 I perfetto: ftrace_procfs.cc:206 enabled ftrace in /sys/kernel/tracing/
01-01 09:59:35.128 0 0 W perfetto: enabled ftrace
12-14 03:25:07.996 2392 4498 V MediaRouter: Selecting route: RouteInfo{ name=平板电脑, description=null, status=null, category=RouteCategory{ name=系统 types=ROUTE_TYPE_LIVE_AUDIO ROUTE_TYPE_LIVE_VIDEO groupable=false }, supportedTypes=ROUTE_TYPE_LIVE_AUDIO ROUTE_TYPE_LIVE_VIDEO , presentationDisplay=null }
12-14 03:25:07.996 2392 4498 I MediaRouter: Skip setBluetoothA2dpOn(): types=8388615, isPlaybackActive()=false, BT route=null
12-14 03:25:08.001 2392 4498 D RTTSettingsCtr: init controller
12-14 03:25:08.009 1490 1522 D CompatibilityChangeReporter: Compat change id reported: 157233955; UID 1000; state: ENABLED
12-14 03:25:08.009 1998 3435 D BluetoothDatabase: getBondedDevicesOrdered: Invalid address for device LocalStorage
12-14 03:25:08.011 4538 4558 I IndexDatabaseHelper: Bootstrapped database
12-14 03:25:08.012 4538 4558 I IndexDatabaseHelper: Using schema version: 120
12-14 03:25:08.013 4538 4558 I IndexDatabaseHelper: Index is fine
12-14 03:25:08.017 2392 4498 D RefreshRatePrefCtr: DEFAULT_REFRESH_RATE : 60.0 mPeakRefreshRate : 60.0
12-14 03:25:08.020 2392 4498 D AssistGesture: mAssistOnly:false, isSupported:false, isSensorAvailable:false
12-14 03:25:08.020 2392 4498 D AssistGesture: mAssistOnly:false, isSupported:false, isSensorAvailable:false
12-14 03:25:08.021 2392 4498 W SliceDataConverter: Get slice data from XML failed
12-14 03:25:08.021 2392 4498 W SliceDataConverter: java.lang.IllegalStateException: Invalid preference controller: com.android.settings.network.TopLevelNetworkEntryPreferenceController
12-14 03:25:08.021 2392 4498 W SliceDataConverter: at com.android.settings.core.BasePreferenceController.createInstance(BasePreferenceController.java:144)
12-14 03:25:08.021 2392 4498 W SliceDataConverter: at com.android.settings.slices.SliceBuilderUtils.getPreferenceController(SliceBuilderUtils.java:365)
12-14 03:25:08.021 2392 4498 W SliceDataConverter: at com.android.settings.slices.SliceDataConverter.getSliceDataFromXML(SliceDataConverter.java:203)
12-14 03:25:08.021 2392 4498 W SliceDataConverter: at com.android.settings.slices.SliceDataConverter.getSliceDataFromProvider(SliceDataConverter.java:148)
12-14 03:25:08.021 2392 4498 W SliceDataConverter: at com.android.settings.slices.SliceDataConverter.getSliceData(SliceDataConverter.java:118)
12-14 03:25:08.021 2392 4498 W SliceDataConverter: at com.android.settings.slices.SlicesIndexer.getSliceData(SlicesIndexer.java:94)
12-14 03:25:08.021 2392 4498 W SliceDataConverter: at com.android.settings.slices.SlicesIndexer.indexSliceData(SlicesIndexer.java:75)
12-14 03:25:08.021 2392 4498 W SliceDataConverter: at com.android.settings.slices.SlicesIndexer.run(SlicesIndexer.java:56)
12-14 03:25:08.021 2392 4498 W SliceDataConverter: at java.util.concurrent.Executors$RunnableAdapter.call(Executors.java:462)
12-14 03:25:08.021 2392 4498 W SliceDataConverter: at java.util.concurrent.FutureTask.run(FutureTask.java:266)
12-14 03:25:08.021 2392 4498 W SliceDataConverter: at java.util.concurrent.ThreadPoolExecutor.runWorker(ThreadPoolExecutor.java:1167)
12-14 03:25:08.021 2392 4498 W SliceDataConverter: at java.util.concurrent.ThreadPoolExecutor$Worker.run(ThreadPoolExecutor.java:641)
12-14 03:25:08.021 2392 4498 W SliceDataConverter: at java.lang.Thread.run(Thread.java:920)
12-14 03:25:08.021 2392 4498 W SliceDataConverter: Caused by: java.lang.reflect.InvocationTargetException
12-14 03:25:08.021 2392 4498 W SliceDataConverter: at java.lang.reflect.Constructor.newInstance0(Native Method)
12-14 03:25:08.021 2392 4498 W SliceDataConverter: at java.lang.reflect.Constructor.newInstance(Constructor.java:343)
12-14 03:25:08.021 2392 4498 W SliceDataConverter: at com.android.settings.core.BasePreferenceController.createInstance(BasePreferenceController.java:141)
12-14 03:25:08.021 2392 4498 W SliceDataConverter: ... 12 more
12-14 03:25:08.021 2392 4498 W SliceDataConverter: Caused by: java.lang.RuntimeException: Can't create handler inside thread Thread[pool-2-thread-1,5,main] that has not called Looper.prepare()
12-14 03:25:08.021 2392 4498 W SliceDataConverter: at android.os.Handler.(Handler.java:227)
12-14 03:25:08.021 2392 4498 W SliceDataConverter: at android.os.Handler.(Handler.java:129)
12-14 03:25:08.021 2392 4498 W SliceDataConverter: at android.telephony.SubscriptionManager$OnSubscriptionsChangedListener$OnSubscriptionsChangedListenerHandler.(SubscriptionManager.java:1143)
12-14 03:25:08.021 2392 4498 W SliceDataConverter: at android.telephony.SubscriptionManager$OnSubscriptionsChangedListener.(SubscriptionManager.java:1166)
12-14 03:25:08.021 2392 4498 W SliceDataConverter: at com.android.settings.network.MobileNetworkPreferenceController$2.(MobileNetworkPreferenceController.java:169)
12-14 03:25:08.021 2392 4498 W SliceDataConverter: at com.android.settings.network.MobileNetworkPreferenceController.(MobileNetworkPreferenceController.java:168)
12-14 03:25:08.021 2392 4498 W SliceDataConverter: at com.android.settings.network.TopLevelNetworkEntryPreferenceController.(TopLevelNetworkEntryPreferenceController.java:32)
12-14 03:25:08.021 2392 4498 W SliceDataConverter: ... 15 more
12-14 03:25:08.023 3806 3819 I GameMode_ActivityMonitoringService: onTaskStackChanged
12-14 03:25:08.027 2392 4498 I TetheringManager: registerTetheringEventCallback:com.android.settings
12-14 03:25:08.028 3806 3821 I GameMode_ActivityMonitoringService: Updating top task to: TaskInfoContainer [topActivity=ComponentInfo{com.android.settings.intelligence/com.android.settings.intelligence.search.SearchActivity}, taskId=18, stackId=18, userId=0, displayId=0, position=6
12-14 03:25:08.028 3806 3821 I GameMode_ActivityMonitoringService: Notifying about top task: TaskInfoContainer [topActivity=ComponentInfo{com.android.settings.intelligence/com.android.settings.intelligence.search.SearchActivity}, taskId=18, stackId=18, userId=0, displayId=0, position=6
12-14 03:25:08.028 3806 3821 E GameMode_ActivityMonitoringService: onActivityLaunch:com.android.settings.intelligence
12-14 03:25:08.028 3806 3821 V GameMode_GameTypeUtils: judge isGame:com.android.settings.intelligence
12-14 03:25:08.028 3806 3821 V GameMode_GpuUtils: fps:60
12-14 03:25:08.030 3806 3821 D GameMode_GameModeActionUtils: Show GameMode entry by service!
12-14 03:25:08.030 3806 3821 W ContextImpl: Calling a method in the system process without a qualified user: android.app.ContextImpl.startService:1816 android.content.ContextWrapper.startService:774 com.thundercomm.gamemode.ingame.services.GameModeActionUtils.startGameModeService:99 com.thundercomm.gamemode.ingame.services.GameModeActionUtils.startGameModeEntry:22 com.thundercomm.gamemode.ingame.services.ActivityMonitoringService$1.onActivityLaunch:127
12-14 03:25:08.032 4538 4558 I IndexDatabaseHelper: Bootstrapped database
12-14 03:25:08.032 3806 3821 D GameModeIF_GameModeSettings: getUriFor setting_content_uri_root = content://com.thundercomm.gamemode.api/gamemode_settings , name = gamemode_isgaming
12-14 03:25:08.032 3806 3806 D GameMode_GameModeService: type=hide_entry
12-14 03:25:08.034 1490 1490 I GameModeConfig: Current uri is uri = content://com.thundercomm.gamemode.api/gamemode_settings/gamemode_isgaming
12-14 03:25:08.034 1490 1490 D GameModeIF_GameModeSettings: getUriFor setting_content_uri_root = content://com.thundercomm.gamemode.api/gamemode_settings , name = gamemode_isgaming
12-14 03:25:08.035 1490 1522 D CompatibilityChangeReporter: Compat change id reported: 135634846; UID 10081; state: DISABLED
12-14 03:25:08.035 1490 1522 D CompatibilityChangeReporter: Compat change id reported: 177438394; UID 10081; state: DISABLED
12-14 03:25:08.035 1490 1522 D CompatibilityChangeReporter: Compat change id reported: 135772972; UID 10081; state: DISABLED
12-14 03:25:08.035 3806 3821 D GameModeIF_GameModeSettings: gamemode_isgaming set to 0
12-14 03:25:08.036 1490 1522 D CompatibilityChangeReporter: Compat change id reported: 135754954; UID 10081; state: ENABLED
12-14 03:25:08.036 1490 1606 D CompatibilityChangeReporter: Compat change id reported: 143937733; UID 10081; state: ENABLED
12-14 03:25:08.038 3806 3806 D GameMode_GameSettingsObserver: Game Data change!!!! uri = content://com.thundercomm.gamemode.api/gamemode_settings/gamemode_isgaming
12-14 03:25:08.038 3806 3806 D GameModeIF_GameModeSettings: getUriFor setting_content_uri_root = content://com.thundercomm.gamemode.api/gamemode_settings , name = gamemode_isgaming
12-14 03:25:08.040 1490 1490 I GameModeConfig: isGameModeOn = false
12-14 03:25:08.041 1490 1490 I GameModeConfig: isGameModeOn = false
12-14 03:25:08.041 1490 1490 I GameModeConfig: isDisableVoice = true
12-14 03:25:08.045 941 2605 W ServiceManager: Permission failure: android.permission.ACCESS_SURFACE_FLINGER from uid=10062 pid=4538
12-14 03:25:08.045 941 2605 D PermissionCache: checking android.permission.ACCESS_SURFACE_FLINGER for uid=10062 => denied (346 us)
12-14 03:25:08.045 941 2605 W ServiceManager: Permission failure: android.permission.ROTATE_SURFACE_FLINGER from uid=10062 pid=4538
12-14 03:25:08.045 941 2605 D PermissionCache: checking android.permission.ROTATE_SURFACE_FLINGER for uid=10062 => denied (219 us)
12-14 03:25:08.046 3806 3806 D GameMode_GameModeService: updateGlobalSettings = gamemode_isgaming
12-14 03:25:08.047 4538 4554 I AdrenoGLES-0: QUALCOMM build : 47421dbee6, I139f36ad46
12-14 03:25:08.047 4538 4554 I AdrenoGLES-0: Build Date : 02/18/22
12-14 03:25:08.047 4538 4554 I AdrenoGLES-0: OpenGL ES Shader Compiler Version: EV031.32.02.17
12-14 03:25:08.047 4538 4554 I AdrenoGLES-0: Local Branch :
12-14 03:25:08.047 4538 4554 I AdrenoGLES-0: Remote Branch :
12-14 03:25:08.047 4538 4554 I AdrenoGLES-0: Remote Branch :
12-14 03:25:08.047 4538 4554 I AdrenoGLES-0: Reconstruct Branch :
12-14 03:25:08.047 4538 4554 I AdrenoGLES-0: Build Config : S P 10.0.7 AArch64
12-14 03:25:08.047 4538 4554 I AdrenoGLES-0: Driver Path : /vendor/lib64/egl/libGLESv2_adreno.so
12-14 03:25:08.047 500 500 I hwservicemanager: getTransport: Cannot find entry android.hardware.graphics.mapper@4.0::IMapper/default in either framework or device VINTF manifest.
12-14 03:25:08.048 660 660 D Zygote : Forked child process 4566
12-14 03:25:08.050 4538 4554 I AdrenoGLES-0: PFP: 0x016dd093, ME: 0x00000000
12-14 03:25:08.050 1490 1606 I ActivityManager: Start proc 4566:com.android.emergency/u0a81 for content provider {com.android.emergency/com.android.emergency.EmergencySearchIndexablesProvider}
12-14 03:25:08.050 1490 1522 D CompatibilityChangeReporter: Compat change id reported: 158482162; UID 1000; state: ENABLED
12-14 03:25:08.050 1490 1522 D CompatibilityChangeReporter: Compat change id reported: 158482162; UID 1000; state: DISABLED
12-14 03:25:08.058 4538 4554 D libEGL : MSAA-->msaa:0 gamemode:0 4x_msaa:0
12-14 03:25:08.058 4538 4554 D libEGL : MSAA-->msaa:0 gamemode:0 4x_msaa:0
12-14 03:25:08.059 4538 4554 D libEGL : MSAA-->msaa:0 gamemode:0 4x_msaa:0
12-14 03:25:08.061 4566 4566 E droid.emergenc: Not starting debugger since process cannot load the jdwp agent.
12-14 03:25:08.061 832 1063 I SDM : HWCDisplay::GetColorModeCount: Supported color mode count = 1
12-14 03:25:08.061 832 1063 I SDM : HWCDisplay::GetColorModes: Color mode = 0 is supported
01-01 09:59:35.200 0 0 I binder : 4566:4566 ioctl 40046210 7fe9b90604 returned -22
01-01 09:59:35.200 0 0 I binder : 4538:4554 ioctl 40046210 6d5594c1f4 returned -22
12-14 03:25:08.062 941 3090 E HWComposer: getSupportedContentTypes: getSupportedContentTypes failed for display 4630946370410392961: Unsupported (8)
12-14 03:25:08.062 4566 4566 D ProcessState: Binder ioctl to enable oneway spam detection failed: Invalid argument
12-14 03:25:08.062 2392 2470 D BluetoothHeadset: Proxy object connected
12-14 03:25:08.062 4538 4554 D hw-ProcessState: Binder ioctl to enable oneway spam detection failed: Invalid argument
12-14 03:25:08.063 500 500 I hwservicemanager: getTransport: Cannot find entry android.hardware.graphics.mapper@4.0::IMapper/default in either framework or device VINTF manifest.
12-14 03:25:08.063 4538 4582 I Gralloc4: mapper 4.x is not supported
12-14 03:25:08.065 500 500 I hwservicemanager: getTransport: Cannot find entry android.hardware.graphics.allocator@4.0::IAllocator/default in either framework or device VINTF manifest.
12-14 03:25:08.065 4538 4582 W Gralloc4: allocator 4.x is not supported
12-14 03:25:08.066 1490 1522 D CompatibilityChangeReporter: Compat change id reported: 168419799; UID 10081; state: DISABLED
12-14 03:25:08.066 1490 1522 D CompatibilityInfo: mCompatibilityFlags - 4
12-14 03:25:08.066 1490 1522 D CompatibilityInfo: applicationDensity - 240
12-14 03:25:08.066 1490 1522 D CompatibilityInfo: applicationScale - 1.0
12-14 03:25:08.066 2392 4498 W ndroid.setting: Lcom/thundercomm/microservice/MicroServiceManager$MicroServiceMangerHandle; failed initialization: java.lang.NullPointerException: Attempt to read from field 'android.os.MessageQueue android.os.Looper.mQueue' on a null object reference
12-14 03:25:08.066 2392 4498 W ndroid.setting: at void android.os.Handler.(android.os.Looper, android.os.Handler$Callback, boolean) (Handler.java:257)
12-14 03:25:08.066 2392 4498 W ndroid.setting: at void android.os.Handler.(android.os.Looper) (Handler.java:162)
12-14 03:25:08.066 2392 4498 W ndroid.setting: at void com.thundercomm.microservice.MicroServiceManager$1.(com.thundercomm.microservice.MicroServiceManager, android.os.Looper) (MicroServiceManager.java:51)
12-14 03:25:08.066 2392 4498 W ndroid.setting: at void com.thundercomm.microservice.MicroServiceManager.() (MicroServiceManager.java:51)
12-14 03:25:08.066 2392 4498 W ndroid.setting: at void com.thundercomm.microservice.MicroServiceManager.(com.thundercomm.microservice.MicroServiceManager$1) (MicroServiceManager.java:20)
12-14 03:25:08.066 2392 4498 W ndroid.setting: at void com.thundercomm.microservice.MicroServiceManager$MicroServiceMangerHandle.() (MicroServiceManager.java:40)
12-14 03:25:08.066 2392 4498 W ndroid.setting: at com.thundercomm.microservice.MicroServiceManager com.thundercomm.microservice.MicroServiceManager$MicroServiceMangerHandle.access$300() (MicroServiceManager.java:39)
12-14 03:25:08.066 2392 4498 W ndroid.setting: at com.thundercomm.microservice.MicroServiceManager com.thundercomm.microservice.MicroServiceManager.getInstance() (MicroServiceManager.java:48)
12-14 03:25:08.066 2392 4498 W ndroid.setting: at void com.android.settings.display.SyncDarkUIPreferenceController.(android.content.Context, java.lang.String) (SyncDarkUIPreferenceController.java:21)
12-14 03:25:08.066 2392 4498 W ndroid.setting: at java.lang.Object java.lang.reflect.Constructor.newInstance0(java.lang.Object[]) (Constructor.java:-2)
12-14 03:25:08.066 2392 4498 W ndroid.setting: at java.lang.Object java.lang.reflect.Constructor.newInstance(java.lang.Object[]) (Constructor.java:343)
12-14 03:25:08.066 2392 4498 W ndroid.setting: at com.android.settings.core.BasePreferenceController com.android.settings.core.BasePreferenceController.createInstance(android.content.Context, java.lang.String, java.lang.String) (BasePreferenceController.java:141)
12-14 03:25:08.066 2392 4498 W ndroid.setting: at com.android.settings.core.BasePreferenceController com.android.settings.slices.SliceBuilderUtils.getPreferenceController(android.content.Context, java.lang.String, java.lang.String) (SliceBuilderUtils.java:365)
12-14 03:25:08.066 2392 4498 W ndroid.setting: at java.util.List com.android.settings.slices.SliceDataConverter.getSliceDataFromXML(int, java.lang.String) (SliceDataConverter.java:203)
12-14 03:25:08.066 2392 4498 W ndroid.setting: at java.util.List com.android.settings.slices.SliceDataConverter.getSliceDataFromProvider(com.android.settingslib.search.Indexable$SearchIndexProvider, java.lang.String) (SliceDataConverter.java:148)
12-14 03:25:08.066 2392 4498 W ndroid.setting: at java.util.List com.android.settings.slices.SliceDataConverter.getSliceData() (SliceDataConverter.java:118)
12-14 03:25:08.066 2392 4498 W ndroid.setting: at java.util.List com.android.settings.slices.SlicesIndexer.getSliceData() (SlicesIndexer.java:94)
12-14 03:25:08.066 2392 4498 W ndroid.setting: at void com.android.settings.slices.SlicesIndexer.indexSliceData() (SlicesIndexer.java:75)
12-14 03:25:08.066 2392 4498 W ndroid.setting: at void com.android.settings.slices.SlicesIndexer.run() (SlicesIndexer.java:56)
12-14 03:25:08.066 2392 4498 W ndroid.setting: at java.lang.Object java.util.concurrent.Executors$RunnableAdapter.call() (Executors.java:462)
12-14 03:25:08.066 2392 4498 W ndroid.setting: at void java.util.concurrent.FutureTask.run() (FutureTask.java:266)
12-14 03:25:08.066 2392 4498 W ndroid.setting: at void java.util.concurrent.ThreadPoolExecutor.runWorker(java.util.concurrent.ThreadPoolExecutor$Worker) (ThreadPoolExecutor.java:1167)
12-14 03:25:08.066 2392 4498 W ndroid.setting: at void java.util.concurrent.ThreadPoolExecutor$Worker.run() (ThreadPoolExecutor.java:641)
12-14 03:25:08.066 2392 4498 W ndroid.setting: at void java.lang.Thread.run() (Thread.java:920)
12-14 03:25:08.066 2392 4498 W SliceDataConverter: Get slice data from XML failed
12-14 03:25:08.066 2392 4498 W SliceDataConverter: java.lang.IllegalStateException: Invalid preference controller: com.android.settings.display.SyncDarkUIPreferenceController
12-14 03:25:08.066 2392 4498 W SliceDataConverter: at com.android.settings.core.BasePreferenceController.createInstance(BasePreferenceController.java:144)
12-14 03:25:08.066 2392 4498 W SliceDataConverter: at com.android.settings.slices.SliceBuilderUtils.getPreferenceController(SliceBuilderUtils.java:365)
12-14 03:25:08.066 2392 4498 W SliceDataConverter: at com.android.settings.slices.SliceDataConverter.getSliceDataFromXML(SliceDataConverter.java:203)
12-14 03:25:08.066 2392 4498 W SliceDataConverter: at com.android.settings.slices.SliceDataConverter.getSliceDataFromProvider(SliceDataConverter.java:148)
12-14 03:25:08.066 2392 4498 W SliceDataConverter: at com.android.settings.slices.SliceDataConverter.getSliceData(SliceDataConverter.java:118)
12-14 03:25:08.066 2392 4498 W SliceDataConverter: at com.android.settings.slices.SlicesIndexer.getSliceData(SlicesIndexer.java:94)
12-14 03:25:08.066 2392 4498 W SliceDataConverter: at com.android.settings.slices.SlicesIndexer.indexSliceData(SlicesIndexer.java:75)
12-14 03:25:08.066 2392 4498 W SliceDataConverter: at com.android.settings.slices.SlicesIndexer.run(SlicesIndexer.java:56)
12-14 03:25:08.066 2392 4498 W SliceDataConverter: at java.util.concurrent.Executors$RunnableAdapter.call(Executors.java:462)
12-14 03:25:08.066 2392 4498 W SliceDataConverter: at java.util.concurrent.FutureTask.run(FutureTask.java:266)
12-14 03:25:08.066 2392 4498 W SliceDataConverter: at java.util.concurrent.ThreadPoolExecutor.runWorker(ThreadPoolExecutor.java:1167)
12-14 03:25:08.066 2392 4498 W SliceDataConverter: at java.util.concurrent.ThreadPoolExecutor$Worker.run(ThreadPoolExecutor.java:641)
12-14 03:25:08.066 2392 4498 W SliceDataConverter: at java.lang.Thread.run(Thread.java:920)
12-14 03:25:08.066 2392 4498 W SliceDataConverter: Caused by: java.lang.reflect.InvocationTargetException
12-14 03:25:08.066 2392 4498 W SliceDataConverter: at java.lang.reflect.Constructor.newInstance0(Native Method)
12-14 03:25:08.066 2392 4498 W SliceDataConverter: at java.lang.reflect.Constructor.newInstance(Constructor.java:343)
12-14 03:25:08.066 2392 4498 W SliceDataConverter: at com.android.settings.core.BasePreferenceController.createInstance(BasePreferenceController.java:141)
12-14 03:25:08.066 2392 4498 W SliceDataConverter: ... 12 more
12-14 03:25:08.066 2392 4498 W SliceDataConverter: Caused by: java.lang.ExceptionInInitializerError
12-14 03:25:08.066 2392 4498 W SliceDataConverter: at com.thundercomm.microservice.MicroServiceManager$MicroServiceMangerHandle.access$300(MicroServiceManager.java:39)
12-14 03:25:08.066 2392 4498 W SliceDataConverter: at com.thundercomm.microservice.MicroServiceManager.getInstance(MicroServiceManager.java:48)
12-14 03:25:08.066 2392 4498 W SliceDataConverter: at com.android.settings.display.SyncDarkUIPreferenceController.(SyncDarkUIPreferenceController.java:21)
12-14 03:25:08.066 2392 4498 W SliceDataConverter: ... 15 more
12-14 03:25:08.066 2392 4498 W SliceDataConverter: Caused by: java.lang.NullPointerException: Attempt to read from field 'android.os.MessageQueue android.os.Looper.mQueue' on a null object reference
12-14 03:25:08.066 2392 4498 W SliceDataConverter: at android.os.Handler.(Handler.java:257)
12-14 03:25:08.066 2392 4498 W SliceDataConverter: at android.os.Handler.(Handler.java:162)
12-14 03:25:08.066 2392 4498 W SliceDataConverter: at com.thundercomm.microservice.MicroServiceManager$1.(MicroServiceManager.java:51)
12-14 03:25:08.066 2392 4498 W SliceDataConverter: at com.thundercomm.microservice.MicroServiceManager.(MicroServiceManager.java:51)
12-14 03:25:08.066 2392 4498 W SliceDataConverter: at com.thundercomm.microservice.MicroServiceManager.(MicroServiceManager.java:20)
12-14 03:25:08.066 2392 4498 W SliceDataConverter: at com.thundercomm.microservice.MicroServiceManager$MicroServiceMangerHandle.(MicroServiceManager.java:40)
12-14 03:25:08.066 2392 4498 W SliceDataConverter: ... 18 more
12-14 03:25:08.077 4566 4566 D CompatibilityChangeReporter: Compat change id reported: 171979766; UID 10081; state: ENABLED
12-14 03:25:08.081 2392 4498 D CompatibilityChangeReporter: Compat change id reported: 170233598; UID 1000; state: DISABLED
12-14 03:25:08.101 2392 4498 D SlicesIndexer: Indexing slices database took: 201
12-14 03:25:08.110 1490 1596 I EventSequenceValidator: dec AccIntentStartedEvents to 1
12-14 03:25:08.116 1490 1593 I ActivityTaskManager: Displayed com.android.settings.intelligence/.search.SearchActivity: +221ms
12-14 03:25:08.122 4566 4566 I Perf : Connecting to perf service.
12-14 03:25:08.132 4566 4566 V GraphicsEnvironment: ANGLE Developer option for 'com.android.emergency' set to: 'default'
12-14 03:25:08.132 4566 4566 V GraphicsEnvironment: ANGLE GameManagerService for com.android.emergency: false
12-14 03:25:08.133 4566 4566 D NetworkSecurityConfig: No Network Security Config specified, using platform default
12-14 03:25:08.133 4566 4566 D NetworkSecurityConfig: No Network Security Config specified, using platform default
12-14 03:25:08.135 4538 4538 D InputMethodManager: showSoftInput() view=android.widget.SearchView$SearchAutoComplete{52d330d VFED..CL. .F...... 0,9-2164,63 #1020463 android:id/search_src_text aid=1073741824} flags=0 reason=SHOW_SOFT_INPUT
12-14 03:25:08.145 3132 3132 D DynamicPackageReader: Dynamic comment = null
12-14 03:25:08.145 4538 4558 W IndexableDataCollector: Cannot add index data for Uri: content://com.android.emergency/settings/indexables_raw
12-14 03:25:08.145 4538 4558 D IndexableDataCollector: No site map information from com.android.emergency
12-14 03:25:08.146 4538 4558 W IndexableDataCollector: Cannot add index data for Uri: content://com.android.emergency/settings/non_indexables_key
12-14 03:25:08.158 4538 4558 D IndexableDataCollector: No site map information from com.android.launcher3
12-14 03:25:08.168 4538 4538 W Choreographer: Frame time is 0.067299 ms in the future! Check that graphics HAL is generating vsync timestamps using the correct timebase.
12-14 03:25:08.168 2010 2010 W Choreographer: Frame time is 0.011049 ms in the future! Check that graphics HAL is generating vsync timestamps using the correct timebase.
12-14 03:25:08.176 4538 4558 D IndexableDataCollector: No site map information from com.android.permissioncontroller
12-14 03:25:08.179 4538 4558 D IndexableDataCollector: No site map information from com.android.permissioncontroller
01-01 09:59:35.330 0 0 D : mv2112_read_status
01-01 09:59:35.330 0 0 D mv2112_update_link: 3.0x901(1G): 0x80
01-01 09:59:35.330 0 0 D mv2112_update_link: 3.0x8109(100M): 0x8
01-01 09:59:35.330 0 0 D mv2112_update_link: link 0x0
01-01 09:59:35.330 0 0 D mv2112_read_status: autoneg is disabled
12-14 03:25:08.209 2010 4599 D libEGL : MSAA-->msaa:0 gamemode:0 4x_msaa:0
12-14 03:25:08.209 2010 4599 D libEGL : MSAA-->msaa:0 gamemode:0 4x_msaa:0
12-14 03:25:08.210 2010 4599 D libEGL : MSAA-->msaa:0 gamemode:0 4x_msaa:0
12-14 03:25:08.211 941 1625 W ServiceManager: Permission failure: android.permission.ACCESS_SURFACE_FLINGER from uid=10032 pid=3132
12-14 03:25:08.211 941 1625 D PermissionCache: checking android.permission.ACCESS_SURFACE_FLINGER for uid=10032 => denied (313 us)
12-14 03:25:08.212 941 1625 W ServiceManager: Permission failure: android.permission.ROTATE_SURFACE_FLINGER from uid=10032 pid=3132
12-14 03:25:08.212 941 1625 D PermissionCache: checking android.permission.ROTATE_SURFACE_FLINGER for uid=10032 => denied (384 us)
12-14 03:25:08.213 3132 3444 I AdrenoGLES-0: QUALCOMM build : 47421dbee6, I139f36ad46
12-14 03:25:08.213 3132 3444 I AdrenoGLES-0: Build Date : 02/18/22
12-14 03:25:08.213 3132 3444 I AdrenoGLES-0: OpenGL ES Shader Compiler Version: EV031.32.02.17
12-14 03:25:08.213 3132 3444 I AdrenoGLES-0: Local Branch :
12-14 03:25:08.213 3132 3444 I AdrenoGLES-0: Remote Branch :
12-14 03:25:08.213 3132 3444 I AdrenoGLES-0: Remote Branch :
12-14 03:25:08.213 3132 3444 I AdrenoGLES-0: Reconstruct Branch :
12-14 03:25:08.213 3132 3444 I AdrenoGLES-0: Build Config : S P 10.0.7 AArch64
12-14 03:25:08.213 3132 3444 I AdrenoGLES-0: Driver Path : /vendor/lib64/egl/libGLESv2_adreno.so
12-14 03:25:08.213 500 500 I hwservicemanager: getTransport: Cannot find entry android.hardware.graphics.mapper@4.0::IMapper/default in either framework or device VINTF manifest.
12-14 03:25:08.215 3132 3444 I AdrenoGLES-0: PFP: 0x016dd093, ME: 0x00000000
12-14 03:25:08.220 2392 2470 V SettingsSearchProvider: com.android.settings.datausage.BillingCycleSettings$1@d8d2304 tried to add an empty non-indexable key
12-14 03:25:08.221 2392 2470 D PrefCtrlListHelper: Could not find Context-only controller for pref: com.android.settings.network.EraseEuiccDataController
12-14 03:25:08.222 3132 3170 W System : A resource failed to call close.
12-14 03:25:08.225 2392 2470 D PrefCtrlListHelper: Could not find Context-only controller for pref: com.android.settings.applications.specialaccess.vrlistener.VrListenerScreenPreferenceController
12-14 03:25:08.225 2392 2470 D PrefCtrlListHelper: Could not find Context-only controller for pref: com.android.settings.widget.VideoPreferenceController
12-14 03:25:08.225 2392 2470 D PrefCtrlListHelper: Could not find Context-only controller for pref: com.android.settings.gestures.DoubleTapScreenPreferenceController
12-14 03:25:08.226 3132 3444 D libEGL : MSAA-->msaa:0 gamemode:0 4x_msaa:0
12-14 03:25:08.227 3132 3444 D libEGL : MSAA-->msaa:0 gamemode:0 4x_msaa:0
12-14 03:25:08.227 3132 3444 D libEGL : MSAA-->msaa:0 gamemode:0 4x_msaa:0
12-14 03:25:08.232 832 1063 I SDM : HWCDisplay::GetColorModeCount: Supported color mode count = 1
12-14 03:25:08.232 832 1063 I SDM : HWCDisplay::GetColorModes: Color mode = 0 is supported
12-14 03:25:08.232 941 1625 E HWComposer: getSupportedContentTypes: getSupportedContentTypes failed for display 4630946370410392961: Unsupported (8)
12-14 03:25:08.232 3132 3444 D hw-ProcessState: Binder ioctl to enable oneway spam detection failed: Invalid argument
12-14 03:25:08.233 500 500 I hwservicemanager: getTransport: Cannot find entry android.hardware.graphics.mapper@4.0::IMapper/default in either framework or device VINTF manifest.
12-14 03:25:08.233 3132 4600 I Gralloc4: mapper 4.x is not supported
12-14 03:25:08.234 500 500 I hwservicemanager: getTransport: Cannot find entry android.hardware.graphics.allocator@4.0::IAllocator/default in either framework or device VINTF manifest.
12-14 03:25:08.234 3132 4600 W Gralloc4: allocator 4.x is not supported
01-01 09:59:35.370 0 0 I binder : 3132:3444 ioctl 40046210 6ced3f51f4 returned -22
12-14 03:25:08.236 2392 2470 D ForcePeakRefreshRateCtr: DEFAULT_REFRESH_RATE : 60.0 mPeakRefreshRate : 60.0
12-14 03:25:08.247 2392 2470 D PrefCtrlListHelper: Could not find Context-only controller for pref: com.android.settings.development.Prefer5GNetworkSummaryController
12-14 03:25:08.247 2392 2470 W PrefCtrlListHelper: Cannot instantiate controller from reflection: com.android.settings.development.Prefer5GNetworkSummaryController
12-14 03:25:08.248 2392 2470 D PrefCtrlListHelper: Could not find Context-only controller for pref: com.android.settings.notification.ImportanceResetPreferenceController
12-14 03:25:08.248 2392 2470 D PrefCtrlListHelper: Could not find Context-only controller for pref: com.android.settings.location.LocationIndicatorsPreferenceController
12-14 03:25:08.248 2392 2470 E BaseSearchIndex: com.android.settings.development.PreferVonrController must implement com.android.settings.core.PreferenceControllerMixin treating the key non-indexable
12-14 03:25:08.249 2392 2470 E BaseSearchIndex: com.android.settings.development.AdbAuthorizationTimeoutPreferenceController must implement com.android.settings.core.PreferenceControllerMixin treating the key non-indexable
12-14 03:25:08.250 500 500 I hwservicemanager: getTransport: Cannot find entry android.hardware.dumpstate@1.1::IDumpstateDevice/default in either framework or device VINTF manifest.
12-14 03:25:08.250 500 500 I hwservicemanager: getTransport: Cannot find entry android.hardware.dumpstate@1.0::IDumpstateDevice/default in either framework or device VINTF manifest.
12-14 03:25:08.251 2392 2470 E BaseSearchIndex: com.android.settings.development.DefaultUsbConfigurationPreferenceController must implement com.android.settings.core.PreferenceControllerMixin treating the key non-indexable
12-14 03:25:08.251 2392 2470 E SettingsSearchProvider: Error trying to get non-indexable keys from: com.android.settings.development.DevelopmentSettingsDashboardFragment
12-14 03:25:08.251 2392 2470 E SettingsSearchProvider: java.lang.SecurityException: Permission denial: reading from settings requires:android.permission.READ_DEVICE_CONFIG
12-14 03:25:08.251 2392 2470 E SettingsSearchProvider: at android.provider.DeviceConfig.enforceReadPermission(DeviceConfig.java:1046)
12-14 03:25:08.251 2392 2470 E SettingsSearchProvider: at android.provider.Settings$NameValueCache.getStringsForPrefix(Settings.java:3095)
12-14 03:25:08.251 2392 2470 E SettingsSearchProvider: at android.provider.Settings$Config.getStrings(Settings.java:16319)
12-14 03:25:08.251 2392 2470 E SettingsSearchProvider: at android.provider.DeviceConfig.getProperties(DeviceConfig.java:661)
12-14 03:25:08.251 2392 2470 E SettingsSearchProvider: at android.provider.DeviceConfig.getProperty(DeviceConfig.java:633)
12-14 03:25:08.251 2392 2470 E SettingsSearchProvider: at android.provider.DeviceConfig.getBoolean(DeviceConfig.java:696)
12-14 03:25:08.251 2392 2470 E SettingsSearchProvider: at com.android.settings.location.LocationIndicatorsPreferenceController.getAvailabilityStatus(LocationIndicatorsPreferenceController.java:48)
12-14 03:25:08.251 2392 2470 E SettingsSearchProvider: at com.android.settings.core.BasePreferenceController.isAvailable(BasePreferenceController.java:257)
12-14 03:25:08.251 2392 2470 E SettingsSearchProvider: at com.android.settings.core.BasePreferenceController.updateNonIndexableKeys(BasePreferenceController.java:303)
12-14 03:25:08.251 2392 2470 E SettingsSearchProvider: at com.android.settings.search.BaseSearchIndexProvider.getNonIndexableKeys(BaseSearchIndexProvider.java:121)
12-14 03:25:08.251 2392 2470 E SettingsSearchProvider: at com.android.settings.search.SettingsSearchIndexablesProvider.getNonIndexableKeysFromProvider(SettingsSearchIndexablesProvider.java:284)
12-14 03:25:08.251 2392 2470 E SettingsSearchProvider: at com.android.settings.search.SettingsSearchIndexablesProvider.queryNonIndexableKeys(SettingsSearchIndexablesProvider.java:157)
12-14 03:25:08.251 2392 2470 E SettingsSearchProvider: at android.provider.SearchIndexablesProvider.query(SearchIndexablesProvider.java:127)
12-14 03:25:08.251 2392 2470 E SettingsSearchProvider: at android.content.ContentProvider.query(ContentProvider.java:1408)
