12-14 03:26:40.374 1346 3802 D LOWI-9.0.0.87.a: [LOWI-Scan] BSS 18:6f:2d:25:4a:62 FREQ: 2437, cFreq1[40:80:160] = [2437:0:0] cFreq2 = 0 Country Code = CN
12-14 03:26:40.374 1346 3802 D LOWI-9.0.0.87.a: [LOWI-Scan] BSS 18:6f:2d:25:4a:62 (wlan0) ASSO: NO AddInfo: 0x0, TSF 0, 00:04:27.383, RSSI: -148, CPL: 127, AGE: 1204, SSID ThunderSoft_2.4G, TSFDelta: 0xc052de7c, TXRate: 0
12-14 03:26:40.374 1346 3802 D LOWI-9.0.0.87.a: [LOWI-Scan]
12-14 03:26:40.374 1346 3802 D LOWI-9.0.0.87.a: [LOWI-Scan] print_bss_handler: Report Probe TSF 267384071 as it greater than Beacon TSF 0
12-14 03:26:40.374 1346 3802 D LOWI-9.0.0.87.a: [LOWI-Scan] decode_rsn_wpa_ie: LOWI_ENCRYPTION_TYPE_WPA_PSK
12-14 03:26:40.374 1346 3802 D LOWI-9.0.0.87.a: [LOWI-Scan] is_qcom_ie, bss_age: 0
12-14 03:26:40.374 1346 3802 D LOWI-9.0.0.87.a: [LOWI-Scan] BSS 18:6f:2d:25:4a:63 LOWI_PHY_MODE_11NG_HT20(5), Beacon Interval: 100, LOWI_ENCRYPTION_TYPE_WPA_PSK 11mcRanging: No, ANQP: No, LCI: No, Civic: No, capability(0x0531): ESS Privacy ShortPreamble SpectrumMgmt ShortSlotTime
12-14 03:26:40.374 1346 3802 D LOWI-9.0.0.87.a: [LOWI-Scan] BSS 18:6f:2d:25:4a:63 FREQ: 2437, cFreq1[40:80:160] = [2437:0:0] cFreq2 = 0 Country Code = CN
12-14 03:26:40.374 1346 3802 D LOWI-9.0.0.87.a: [LOWI-Scan] BSS 18:6f:2d:25:4a:63 (wlan0) ASSO: NO AddInfo: 0x0, TSF 0, 00:04:27.384, RSSI: -152, CPL: 127, AGE: 1200, SSID ZXHY, TSFDelta: 0xc065bdc0, TXRate: 0
12-14 03:26:40.374 1346 3802 D LOWI-9.0.0.87.a: [LOWI-Scan]
12-14 03:26:40.374 1346 3802 D LOWI-9.0.0.87.a: [LOWI-Scan] print_bss_handler: Report Probe TSF 267384392 as it greater than Beacon TSF 0
12-14 03:26:40.374 1346 3802 D LOWI-9.0.0.87.a: [LOWI-Scan] decode_rsn_wpa_ie: LOWI_ENCRYPTION_TYPE_WPA_PSK
12-14 03:26:40.374 1346 3802 D LOWI-9.0.0.87.a: [LOWI-Scan] is_qcom_ie, bss_age: 0
12-14 03:26:40.374 1346 3802 D LOWI-9.0.0.87.a: [LOWI-Scan] BSS 18:6f:2d:25:4a:64 LOWI_PHY_MODE_11NG_HT20(5), Beacon Interval: 100, LOWI_ENCRYPTION_TYPE_WPA_PSK 11mcRanging: No, ANQP: No, LCI: No, Civic: No, capability(0x0531): ESS Privacy ShortPreamble SpectrumMgmt ShortSlotTime
12-14 03:26:40.374 1346 3802 D LOWI-9.0.0.87.a: [LOWI-Scan] BSS 18:6f:2d:25:4a:64 FREQ: 2437, cFreq1[40:80:160] = [2437:0:0] cFreq2 = 0 Country Code = CN
12-14 03:26:40.374 1346 3802 D LOWI-9.0.0.87.a: [LOWI-Scan] BSS 18:6f:2d:25:4a:64 (wlan0) ASSO: NO AddInfo: 0x0, TSF 0, 00:04:27.384, RSSI: -148, CPL: 127, AGE: 1200, SSID Fanya, TSFDelta: 0xc06ad873, TXRate: 0
12-14 03:26:40.374 1346 3802 D LOWI-9.0.0.87.a: [LOWI-Scan]
12-14 03:26:40.374 1346 3802 D LOWI-9.0.0.87.a: [LOWI-Scan] print_bss_handler: Report beacon TSF 267455499 as it greater than probe TSF 267455499
12-14 03:26:40.374 1346 3802 D LOWI-9.0.0.87.a: [LOWI-Scan] decode_rsn_wpa_ie: LOWI_ENCRYPTION_TYPE_WPA_PSK
12-14 03:26:40.374 1346 3802 D LOWI-9.0.0.87.a: [LOWI-Scan] is_qcom_ie, bss_age: 0
12-14 03:26:40.374 1346 3802 D LOWI-9.0.0.87.a: [LOWI-Scan] BSS 18:6f:2d:81:16:40 LOWI_PHY_MODE_11NG_HT20(5), Beacon Interval: 100, LOWI_ENCRYPTION_TYPE_WPA_PSK 11mcRanging: No, ANQP: No, LCI: No, Civic: No, capability(0x0531): ESS Privacy ShortPreamble SpectrumMgmt ShortSlotTime
12-14 03:26:40.374 1346 3802 D LOWI-9.0.0.87.a: [LOWI-Scan] BSS 18:6f:2d:81:16:40 FREQ: 2442, cFreq1[40:80:160] = [2442:0:0] cFreq2 = 0 Country Code = CN
12-14 03:26:40.374 1346 3802 D LOWI-9.0.0.87.a: [LOWI-Scan] BSS 18:6f:2d:81:16:40 (wlan0) ASSO: NO AddInfo: 0x1, TSF 0, 00:04:27.455, RSSI: -158, CPL: 127, AGE: 1136, SSID Testing , TSFDelta: 0xbe5d3468, TXRate: 0
12-14 03:26:40.375 1346 3802 D LOWI-9.0.0.87.a: [LOWI-Scan]
12-14 03:26:40.375 1346 3802 D LOWI-9.0.0.87.a: [LOWI-Scan] print_bss_handler: Report beacon TSF 267456919 as it greater than probe TSF 267456919
12-14 03:26:40.375 1346 3802 D LOWI-9.0.0.87.a: [LOWI-Scan] is_qcom_ie, bss_age: 0
12-14 03:26:40.375 1346 3802 D LOWI-9.0.0.87.a: [LOWI-Scan] BSS 18:6f:2d:81:16:41 LOWI_PHY_MODE_11NG_HT20(5), Beacon Interval: 100, LOWI_ENCRYPTION_TYPE_OPEN 11mcRanging: No, ANQP: No, LCI: No, Civic: No, capability(0x0521): ESS ShortPreamble SpectrumMgmt ShortSlotTime
12-14 03:26:40.375 1346 3802 D LOWI-9.0.0.87.a: [LOWI-Scan] BSS 18:6f:2d:81:16:41 FREQ: 2442, cFreq1[40:80:160] = [2442:0:0] cFreq2 = 0 Country Code = CN
12-14 03:26:40.375 1346 3802 D LOWI-9.0.0.87.a: [LOWI-Scan] BSS 18:6f:2d:81:16:41 (wlan0) ASSO: NO AddInfo: 0x1, TSF 0, 00:04:27.456, RSSI: -154, CPL: 127, AGE: 1132, SSID Guest, TSFDelta: 0xbe696efb, TXRate: 0
12-14 03:26:40.375 1346 3802 D LOWI-9.0.0.87.a: [LOWI-Scan]
12-14 03:26:40.375 1346 3802 D LOWI-9.0.0.87.a: [LOWI-Scan] print_bss_handler: Report beacon TSF 267528983 as it greater than probe TSF 267528983
12-14 03:26:40.375 1346 3802 D LOWI-9.0.0.87.a: [LOWI-Scan] decode_rsn_wpa_ie: LOWI_ENCRYPTION_TYPE_WPA_PSK
12-14 03:26:40.375 1346 3802 D LOWI-9.0.0.87.a: [LOWI-Scan] is_qcom_ie, bss_age: 0
12-14 03:26:40.375 1346 3802 D LOWI-9.0.0.87.a: [LOWI-Scan] BSS d4:5d:64:95:80:70 LOWI_PHY_MODE_11AC_VHT40_2G(12), Beacon Interval: 100, LOWI_ENCRYPTION_TYPE_WPA_PSK 11mcRanging: No, ANQP: Yes, LCI: No, Civic: No, capability(0x1411): ESS Privacy ShortSlotTime
12-14 03:26:40.375 1346 3802 D LOWI-9.0.0.87.a: [LOWI-Scan] BSS d4:5d:64:95:80:70 FREQ: 2447, cFreq1[40:80:160] = [2457:0:0] cFreq2 = 0 Country Code = CN
12-14 03:26:40.375 1346 3802 D LOWI-9.0.0.87.a: [LOWI-Scan] BSS d4:5d:64:95:80:70 (wlan0) ASSO: NO AddInfo: 0x1, TSF 0, 00:04:27.528, RSSI: -150, CPL: 127, AGE: 1060, SSID ASUS, TSFDelta: 0x28675889, TXRate: 0
12-14 03:26:40.375 1346 3802 D LOWI-9.0.0.87.a: [LOWI-Scan]
12-14 03:26:40.375 1346 3802 D LOWI-9.0.0.87.a: [LOWI-Scan] print_bss_handler: Report beacon TSF 267604207 as it greater than probe TSF 267604207
12-14 03:26:40.375 1346 3802 D LOWI-9.0.0.87.a: [LOWI-Scan] decode_rsn_wpa_ie: LOWI_ENCRYPTION_TYPE_WPA_PSK
12-14 03:26:40.375 1346 3802 D LOWI-9.0.0.87.a: [LOWI-Scan] is_qcom_ie, bss_age: 0
12-14 03:26:40.375 1346 3802 D LOWI-9.0.0.87.a: [LOWI-Scan] BSS 44:94:fc:3d:da:95 LOWI_PHY_MODE_11NG_HT20(5), Beacon Interval: 100, LOWI_ENCRYPTION_TYPE_WPA_PSK 11mcRanging: No, ANQP: No, LCI: No, Civic: No, capability(0x1411): ESS Privacy ShortSlotTime
12-14 03:26:40.375 1346 3802 D LOWI-9.0.0.87.a: [LOWI-Scan] BSS 44:94:fc:3d:da:95 FREQ: 2452, cFreq1[40:80:160] = [0:0:0] cFreq2 = 0 Country Code =
12-14 03:26:40.375 1346 3802 D LOWI-9.0.0.87.a: [LOWI-Scan] BSS 44:94:fc:3d:da:95 (wlan0) ASSO: NO AddInfo: 0x1, TSF 0, 00:04:27.604, RSSI: -122, CPL: 127, AGE: 984, SSID WIFI_debug_cjw, TSFDelta: 0xad524ca5, TXRate: 0
12-14 03:26:40.375 1346 3802 D LOWI-9.0.0.87.a: [LOWI-Scan]
12-14 03:26:40.375 1346 3802 D LOWI-9.0.0.87.a: [LOWI-Scan] print_bss_handler: Report beacon TSF 267765400 as it greater than probe TSF 267765400
12-14 03:26:40.375 1346 3802 D LOWI-9.0.0.87.a: [LOWI-Scan] is_qcom_ie, bss_age: 0
12-14 03:26:40.375 1346 3802 D LOWI-9.0.0.87.a: [LOWI-Scan] BSS 38:80:9b:cb:a2:73 LOWI_PHY_MODE_11NG_HT20(5), Beacon Interval: 100, LOWI_ENCRYPTION_TYPE_OPEN 11mcRanging: No, ANQP: No, LCI: No, Civic: No, capability(0x0401): ESS ShortSlotTime
12-14 03:26:40.375 1346 3802 D LOWI-9.0.0.87.a: [LOWI-Scan] BSS 38:80:9b:cb:a2:73 FREQ: 2457, cFreq1[40:80:160] = [2457:0:0] cFreq2 = 0 Country Code =
12-14 03:26:40.375 1346 3802 D LOWI-9.0.0.87.a: [LOWI-Scan] BSS 38:80:9b:cb:a2:73 (wlan0) ASSO: NO AddInfo: 0x1, TSF 0, 00:04:27.765, RSSI: -170, CPL: 127, AGE: 824, SSID Lenovo12, TSFDelta: 0xdc7b3b64, TXRate: 0
12-14 03:26:40.375 1346 3802 D LOWI-9.0.0.87.a: [LOWI-Scan]
12-14 03:26:40.375 1346 3802 D LOWI-9.0.0.87.a: [LOWI-Scan] print_bss_handler: Report Probe TSF 267858324 as it greater than Beacon TSF 0
12-14 03:26:40.375 1346 3802 D LOWI-9.0.0.87.a: [LOWI-Scan] decode_rsn_wpa_ie: LOWI_ENCRYPTION_TYPE_WPA_PSK
12-14 03:26:40.376 1346 3802 D LOWI-9.0.0.87.a: [LOWI-Scan] is_qcom_ie, bss_age: 0
12-14 03:26:40.376 1346 3802 D LOWI-9.0.0.87.a: [LOWI-Scan] BSS 8c:de:f9:3f:0d:aa LOWI_PHY_MODE_11NG_HT20(5), Beacon Interval: 100, LOWI_ENCRYPTION_TYPE_WPA_PSK 11mcRanging: No, ANQP: No, LCI: No, Civic: No, capability(0x0c11): ESS Privacy ShortSlotTime APSD
12-14 03:26:40.376 1346 3802 D LOWI-9.0.0.87.a: [LOWI-Scan] BSS 8c:de:f9:3f:0d:aa FREQ: 2462, cFreq1[40:80:160] = [0:0:0] cFreq2 = 0 Country Code = CN
12-14 03:26:40.376 1346 3802 D LOWI-9.0.0.87.a: [LOWI-Scan] BSS 8c:de:f9:3f:0d:aa (wlan0) ASSO: NO AddInfo: 0x0, TSF 0, 00:04:27.858, RSSI: -138, CPL: 127, AGE: 732, SSID Xiaomi_0DA9, TSFDelta: 0x40724593, TXRate: 0
12-14 03:26:40.376 1346 3802 D LOWI-9.0.0.87.a: [LOWI-Scan]
12-14 03:26:40.376 1346 3802 D LOWI-9.0.0.87.a: [LOWI-Scan] print_bss_handler: Report Probe TSF 267793997 as it greater than Beacon TSF 0
12-14 03:26:40.376 1346 3802 D LOWI-9.0.0.87.a: [LOWI-Scan] decode_rsn_wpa_ie: LOWI_ENCRYPTION_TYPE_WPA_PSK
12-14 03:26:40.376 1346 3802 D LOWI-9.0.0.87.a: [LOWI-Scan] is_qcom_ie, bss_age: 0
12-14 03:26:40.376 1346 3802 D LOWI-9.0.0.87.a: [LOWI-Scan] BSS 84:db:ac:2d:18:a8 LOWI_PHY_MODE_11NG_HT20(5), Beacon Interval: 100, LOWI_ENCRYPTION_TYPE_WPA_PSK 11mcRanging: No, ANQP: No, LCI: No, Civic: No, capability(0x0411): ESS Privacy ShortSlotTime
12-14 03:26:40.376 1346 3802 D LOWI-9.0.0.87.a: [LOWI-Scan] BSS 84:db:ac:2d:18:a8 FREQ: 2462, cFreq1[40:80:160] = [0:0:0] cFreq2 = 0 Country Code =
12-14 03:26:40.376 1346 3802 D LOWI-9.0.0.87.a: [LOWI-Scan] BSS 84:db:ac:2d:18:a8 (wlan0) ASSO: NO AddInfo: 0x0, TSF 0, 00:04:27.793, RSSI: -172, CPL: 127, AGE: 796, SSID HUAWEI-XJ2FLJ, TSFDelta: 0x1784a409, TXRate: 0
12-14 03:26:40.376 1346 3802 D LOWI-9.0.0.87.a: [LOWI-Scan]
12-14 03:26:40.376 1346 3802 D LOWI-9.0.0.87.a: [LOWI-Scan] print_bss_handler: Report beacon TSF 267806905 as it greater than probe TSF 267806905
12-14 03:26:40.376 1346 3802 D LOWI-9.0.0.87.a: [LOWI-Scan] decode_rsn_wpa_ie: LOWI_ENCRYPTION_TYPE_WPA_PSK
12-14 03:26:40.376 1346 3802 D LOWI-9.0.0.87.a: [LOWI-Scan] is_qcom_ie, bss_age: 0
12-14 03:26:40.376 1346 3802 D LOWI-9.0.0.87.a: [LOWI-Scan] BSS 6c:b1:58:0f:7d:39 LOWI_PHY_MODE_11NG_HT40(7), Beacon Interval: 100, LOWI_ENCRYPTION_TYPE_WPA_PSK 11mcRanging: No, ANQP: No, LCI: No, Civic: No, capability(0x1411): ESS Privacy ShortSlotTime
12-14 03:26:40.376 1346 3802 D LOWI-9.0.0.87.a: [LOWI-Scan] BSS 6c:b1:58:0f:7d:39 FREQ: 2462, cFreq1[40:80:160] = [2452:0:0] cFreq2 = 0 Country Code = CN
12-14 03:26:40.376 1346 3802 D LOWI-9.0.0.87.a: [LOWI-Scan] BSS 6c:b1:58:0f:7d:39 (wlan0) ASSO: NO AddInfo: 0x1, TSF 0, 00:04:27.806, RSSI: -22, CPL: 127, AGE: 784, SSID TP-LINK_Figure_6d0405, TSFDelta: 0x31e431, TXRate: 0
12-14 03:26:40.376 1346 3802 D LOWI-9.0.0.87.a: [LOWI-Scan]
12-14 03:26:40.376 1346 3802 D LOWI-9.0.0.87.a: [LOWI-Scan] print_bss_handler: Report beacon TSF 267807274 as it greater than probe TSF 267807274
12-14 03:26:40.376 1346 3802 D LOWI-9.0.0.87.a: [LOWI-Scan] decode_rsn_wpa_ie: LOWI_ENCRYPTION_TYPE_WPA_PSK
12-14 03:26:40.376 1346 3802 D LOWI-9.0.0.87.a: [LOWI-Scan] is_qcom_ie, bss_age: 0
12-14 03:26:40.376 1346 3802 D LOWI-9.0.0.87.a: [LOWI-Scan] BSS 6e:b1:58:0d:7d:39 LOWI_PHY_MODE_11NG_HT40(7), Beacon Interval: 100, LOWI_ENCRYPTION_TYPE_WPA_PSK 11mcRanging: No, ANQP: No, LCI: No, Civic: No, capability(0x0411): ESS Privacy ShortSlotTime
12-14 03:26:40.376 1346 3802 D LOWI-9.0.0.87.a: [LOWI-Scan] BSS 6e:b1:58:0d:7d:39 FREQ: 2462, cFreq1[40:80:160] = [2452:0:0] cFreq2 = 0 Country Code = CN
12-14 03:26:40.376 1346 3802 D LOWI-9.0.0.87.a: [LOWI-Scan] BSS 6e:b1:58:0d:7d:39 (wlan0) ASSO: NO AddInfo: 0x1, TSF 0, 00:04:27.807, RSSI: -24, CPL: 127, AGE: 784, SSID , TSFDelta: 0x44ee47, TXRate: 0
12-14 03:26:40.376 1346 3802 D LOWI-9.0.0.87.a: [LOWI-Scan]
12-14 03:26:40.376 1346 3802 D LOWI-9.0.0.87.a: [LOWI-Scan] print_bss_handler: Report Probe TSF 267826148 as it greater than Beacon TSF 0
12-14 03:26:40.376 1346 3802 D LOWI-9.0.0.87.a: [LOWI-Scan] decode_rsn_wpa_ie: LOWI_ENCRYPTION_TYPE_WPA_PSK
12-14 03:26:40.376 1346 3802 D LOWI-9.0.0.87.a: [LOWI-Scan] is_qcom_ie, bss_age: 0
12-14 03:26:40.376 1346 3802 D LOWI-9.0.0.87.a: [LOWI-Scan] BSS 44:f9:71:c8:27:97 LOWI_PHY_MODE_11NG_HT20(5), Beacon Interval: 100, LOWI_ENCRYPTION_TYPE_WPA_PSK 11mcRanging: No, ANQP: No, LCI: No, Civic: No, capability(0x0411): ESS Privacy ShortSlotTime
12-14 03:26:40.376 1346 3802 D LOWI-9.0.0.87.a: [LOWI-Scan] BSS 44:f9:71:c8:27:97 FREQ: 2462, cFreq1[40:80:160] = [0:0:0] cFreq2 = 0 Country Code = CN
12-14 03:26:40.376 1346 3802 D LOWI-9.0.0.87.a: [LOWI-Scan] BSS 44:f9:71:c8:27:97 (wlan0) ASSO: NO AddInfo: 0x0, TSF 0, 00:04:27.826, RSSI: -148, CPL: 127, AGE: 764, SSID zzzzzz, TSFDelta: 0x6e631937, TXRate: 0
12-14 03:26:40.377 1346 3802 D LOWI-9.0.0.87.a: [LOWI-Scan]
12-14 03:26:40.377 1346 3802 D LOWI-9.0.0.87.a: [LOWI-Scan] print_bss_handler: Report beacon TSF 267821361 as it greater than probe TSF 267821361
12-14 03:26:40.377 1346 3802 D LOWI-9.0.0.87.a: [LOWI-Scan] decode_rsn_wpa_ie: LOWI_ENCRYPTION_TYPE_WPA_PSK
12-14 03:26:40.377 1346 3802 D LOWI-9.0.0.87.a: [LOWI-Scan] is_qcom_ie, bss_age: 0
12-14 03:26:40.377 1346 3802 D LOWI-9.0.0.87.a: [LOWI-Scan] BSS a4:1a:3a:00:9f:35 LOWI_PHY_MODE_11NG_HT40(7), Beacon Interval: 100, LOWI_ENCRYPTION_TYPE_WPA_PSK 11mcRanging: No, ANQP: No, LCI: No, Civic: No, capability(0x1411): ESS Privacy ShortSlotTime
12-14 03:26:40.377 1346 3802 D LOWI-9.0.0.87.a: [LOWI-Scan] BSS a4:1a:3a:00:9f:35 FREQ: 2462, cFreq1[40:80:160] = [2452:0:0] cFreq2 = 0 Country Code = CN
12-14 03:26:40.377 1346 3802 D LOWI-9.0.0.87.a: [LOWI-Scan] BSS a4:1a:3a:00:9f:35 (wlan0) ASSO: NO AddInfo: 0x1, TSF 0, 00:04:27.821, RSSI: -146, CPL: 127, AGE: 768, SSID TP-LINK_9F35, TSFDelta: 0x7e79fb5a, TXRate: 0
12-14 03:26:40.377 1346 3802 D LOWI-9.0.0.87.a: [LOWI-Scan]
12-14 03:26:40.377 1346 3802 D LOWI-9.0.0.87.a: [LOWI-Scan] print_bss_handler: Report beacon TSF 267955280 as it greater than probe TSF 267955280
12-14 03:26:40.377 1346 3802 D LOWI-9.0.0.87.a: [LOWI-Scan] decode_rsn_wpa_ie: LOWI_ENCRYPTION_TYPE_WPA_PSK
12-14 03:26:40.377 1346 3802 D LOWI-9.0.0.87.a: [LOWI-Scan] is_qcom_ie, bss_age: 0
12-14 03:26:40.377 1346 3802 D LOWI-9.0.0.87.a: [LOWI-Scan] BSS 18:6f:2d:81:18:52 LOWI_PHY_MODE_11AC_VHT20(8), Beacon Interval: 100, LOWI_ENCRYPTION_TYPE_WPA_PSK 11mcRanging: No, ANQP: No, LCI: No, Civic: No, capability(0x0111): ESS Privacy SpectrumMgmt
12-14 03:26:40.377 1346 3802 D LOWI-9.0.0.87.a: [LOWI-Scan] BSS 18:6f:2d:81:18:52 FREQ: 5260, cFreq1[40:80:160] = [5260:0:0] cFreq2 = 0 Country Code = CN
12-14 03:26:40.377 1346 3802 D LOWI-9.0.0.87.a: [LOWI-Scan] BSS 18:6f:2d:81:18:52 (wlan0) ASSO: NO AddInfo: 0x1, TSF 0, 00:04:27.955, RSSI: -150, CPL: 127, AGE: 636, SSID ZXHY, TSFDelta: 0x61838cc8, TXRate: 0
12-14 03:26:40.377 1346 3802 D LOWI-9.0.0.87.a: [LOWI-Scan]
12-14 03:26:40.377 1346 3802 D LOWI-9.0.0.87.a: [LOWI-Scan] print_bss_handler: Report beacon TSF 267955330 as it greater than probe TSF 267955330
12-14 03:26:40.377 1346 3802 D LOWI-9.0.0.87.a: [LOWI-Scan] decode_rsn_wpa_ie: LOWI_ENCRYPTION_TYPE_WPA_PSK
12-14 03:26:40.377 1346 3802 D LOWI-9.0.0.87.a: [LOWI-Scan] is_qcom_ie, bss_age: 0
12-14 03:26:40.377 1346 3802 D LOWI-9.0.0.87.a: [LOWI-Scan] BSS 18:6f:2d:81:18:53 LOWI_PHY_MODE_11AC_VHT20(8), Beacon Interval: 100, LOWI_ENCRYPTION_TYPE_WPA_PSK 11mcRanging: No, ANQP: No, LCI: No, Civic: No, capability(0x0111): ESS Privacy SpectrumMgmt
12-14 03:26:40.377 1346 3802 D LOWI-9.0.0.87.a: [LOWI-Scan] BSS 18:6f:2d:81:18:53 FREQ: 5260, cFreq1[40:80:160] = [5260:0:0] cFreq2 = 0 Country Code = CN
12-14 03:26:40.377 1346 3802 D LOWI-9.0.0.87.a: [LOWI-Scan] BSS 18:6f:2d:81:18:53 (wlan0) ASSO: NO AddInfo: 0x1, TSF 0, 00:04:27.955, RSSI: -150, CPL: 127, AGE: 636, SSID Fanya, TSFDelta: 0x6185affc, TXRate: 0
12-14 03:26:40.377 1346 3802 D LOWI-9.0.0.87.a: [LOWI-Scan]
12-14 03:26:40.377 1346 3802 D LOWI-9.0.0.87.a: [LOWI-Scan] print_bss_handler: Report Probe TSF 268039518 as it greater than Beacon TSF 267978441
12-14 03:26:40.377 1346 3802 D LOWI-9.0.0.87.a: [LOWI-Scan] decode_rsn_wpa_ie: LOWI_ENCRYPTION_TYPE_WPA_PSK
12-14 03:26:40.377 1346 3802 D LOWI-9.0.0.87.a: [LOWI-Scan] is_qcom_ie, bss_age: 0
12-14 03:26:40.377 1346 3802 D LOWI-9.0.0.87.a: [LOWI-Scan] BSS 18:6f:2d:80:dd:62 LOWI_PHY_MODE_11NG_HT20(5), Beacon Interval: 100, LOWI_ENCRYPTION_TYPE_WPA_PSK 11mcRanging: No, ANQP: No, LCI: No, Civic: No, capability(0x0531): ESS Privacy ShortPreamble SpectrumMgmt ShortSlotTime
12-14 03:26:40.377 1346 3802 D LOWI-9.0.0.87.a: [LOWI-Scan] BSS 18:6f:2d:80:dd:62 FREQ: 2472, cFreq1[40:80:160] = [2472:0:0] cFreq2 = 0 Country Code = CN
12-14 03:26:40.377 1346 3802 D LOWI-9.0.0.87.a: [LOWI-Scan] BSS 18:6f:2d:80:dd:62 (wlan0) ASSO: NO AddInfo: 0x0, TSF 0, 00:04:28.039, RSSI: -114, CPL: 127, AGE: 552, SSID ThunderSoft_2.4G, TSFDelta: 0xcfef5f71, TXRate: 0
12-14 03:26:40.377 1346 3802 D LOWI-9.0.0.87.a: [LOWI-Scan]
12-14 03:26:40.377 1346 3802 D LOWI-9.0.0.87.a: [LOWI-Scan] print_bss_handler: Report Probe TSF 268039584 as it greater than Beacon TSF 267978567
12-14 03:26:40.377 1346 3802 D LOWI-9.0.0.87.a: [LOWI-Scan] decode_rsn_wpa_ie: LOWI_ENCRYPTION_TYPE_WPA_PSK
12-14 03:26:40.377 1346 3802 D LOWI-9.0.0.87.a: [LOWI-Scan] is_qcom_ie, bss_age: 0
12-14 03:26:40.377 1346 3802 D LOWI-9.0.0.87.a: [LOWI-Scan] BSS 18:6f:2d:80:dd:63 LOWI_PHY_MODE_11NG_HT20(5), Beacon Interval: 100, LOWI_ENCRYPTION_TYPE_WPA_PSK 11mcRanging: No, ANQP: No, LCI: No, Civic: No, capability(0x0531): ESS Privacy ShortPreamble SpectrumMgmt ShortSlotTime
12-14 03:26:40.377 1346 3802 D LOWI-9.0.0.87.a: [LOWI-Scan] BSS 18:6f:2d:80:dd:63 FREQ: 2472, cFreq1[40:80:160] = [2472:0:0] cFreq2 = 0 Country Code = CN
12-14 03:26:40.378 1346 3802 D LOWI-9.0.0.87.a: [LOWI-Scan] BSS 18:6f:2d:80:dd:63 (wlan0) ASSO: NO AddInfo: 0x0, TSF 0, 00:04:28.039, RSSI: -116, CPL: 127, AGE: 552, SSID ZXHY, TSFDelta: 0xd022b9b0, TXRate: 0
12-14 03:26:40.378 1346 3802 D LOWI-9.0.0.87.a: [LOWI-Scan]
12-14 03:26:40.378 1346 3802 D LOWI-9.0.0.87.a: [LOWI-Scan] print_bss_handler: Report Probe TSF 268039625 as it greater than Beacon TSF 267978705
12-14 03:26:40.378 1346 3802 D LOWI-9.0.0.87.a: [LOWI-Scan] decode_rsn_wpa_ie: LOWI_ENCRYPTION_TYPE_WPA_PSK
12-14 03:26:40.378 1346 3802 D LOWI-9.0.0.87.a: [LOWI-Scan] is_qcom_ie, bss_age: 0
12-14 03:26:40.378 1346 3802 D LOWI-9.0.0.87.a: [LOWI-Scan] BSS 18:6f:2d:80:dd:64 LOWI_PHY_MODE_11NG_HT20(5), Beacon Interval: 100, LOWI_ENCRYPTION_TYPE_WPA_PSK 11mcRanging: No, ANQP: No, LCI: No, Civic: No, capability(0x0531): ESS Privacy ShortPreamble SpectrumMgmt ShortSlotTime
12-14 03:26:40.378 1346 3802 D LOWI-9.0.0.87.a: [LOWI-Scan] BSS 18:6f:2d:80:dd:64 FREQ: 2472, cFreq1[40:80:160] = [2472:0:0] cFreq2 = 0 Country Code = CN
12-14 03:26:40.378 1346 3802 D LOWI-9.0.0.87.a: [LOWI-Scan] BSS 18:6f:2d:80:dd:64 (wlan0) ASSO: NO AddInfo: 0x0, TSF 0, 00:04:28.039, RSSI: -114, CPL: 127, AGE: 552, SSID Fanya, TSFDelta: 0xd03c9090, TXRate: 0
12-14 03:26:40.378 1346 3802 D LOWI-9.0.0.87.a: [LOWI-Scan]
12-14 03:26:40.378 1346 3802 D LOWI-9.0.0.87.a: [LOWI-Scan] print_bss_handler: Report Probe TSF 268010536 as it greater than Beacon TSF 0
12-14 03:26:40.378 1346 3802 D LOWI-9.0.0.87.a: [LOWI-Scan] is_qcom_ie, bss_age: 0
12-14 03:26:40.378 1346 3802 D LOWI-9.0.0.87.a: [LOWI-Scan] BSS 18:6f:2d:81:18:81 LOWI_PHY_MODE_11NG_HT20(5), Beacon Interval: 100, LOWI_ENCRYPTION_TYPE_OPEN 11mcRanging: No, ANQP: No, LCI: No, Civic: No, capability(0x0521): ESS ShortPreamble SpectrumMgmt ShortSlotTime
12-14 03:26:40.378 1346 3802 D LOWI-9.0.0.87.a: [LOWI-Scan] BSS 18:6f:2d:81:18:81 FREQ: 2472, cFreq1[40:80:160] = [2472:0:0] cFreq2 = 0 Country Code = CN
12-14 03:26:40.378 1346 3802 D LOWI-9.0.0.87.a: [LOWI-Scan] BSS 18:6f:2d:81:18:81 (wlan0) ASSO: NO AddInfo: 0x0, TSF 0, 00:04:28.010, RSSI: -152, CPL: 127, AGE: 580, SSID Guest, TSFDelta: 0xcf356a15, TXRate: 0
12-14 03:26:40.378 1346 3802 D LOWI-9.0.0.87.a: [LOWI-Scan]
12-14 03:26:40.378 1346 3802 D LOWI-9.0.0.87.a: [LOWI-Scan] print_bss_handler: Report Probe TSF 268011252 as it greater than Beacon TSF 0
12-14 03:26:40.378 1346 3802 D LOWI-9.0.0.87.a: [LOWI-Scan] decode_rsn_wpa_ie: LOWI_ENCRYPTION_TYPE_WPA_PSK
12-14 03:26:40.378 1346 3802 D LOWI-9.0.0.87.a: [LOWI-Scan] is_qcom_ie, bss_age: 0
12-14 03:26:40.378 1346 3802 D LOWI-9.0.0.87.a: [LOWI-Scan] BSS 18:6f:2d:81:18:82 LOWI_PHY_MODE_11NG_HT20(5), Beacon Interval: 100, LOWI_ENCRYPTION_TYPE_WPA_PSK 11mcRanging: No, ANQP: No, LCI: No, Civic: No, capability(0x0531): ESS Privacy ShortPreamble SpectrumMgmt ShortSlotTime
12-14 03:26:40.378 1346 3802 D LOWI-9.0.0.87.a: [LOWI-Scan] BSS 18:6f:2d:81:18:82 FREQ: 2472, cFreq1[40:80:160] = [2472:0:0] cFreq2 = 0 Country Code = CN
12-14 03:26:40.378 1346 3802 D LOWI-9.0.0.87.a: [LOWI-Scan] BSS 18:6f:2d:81:18:82 (wlan0) ASSO: NO AddInfo: 0x0, TSF 0, 00:04:28.011, RSSI: -152, CPL: 127, AGE: 580, SSID ThunderSoft_2.4G, TSFDelta: 0xcf4219c3, TXRate: 0
12-14 03:26:40.378 1346 3802 D LOWI-9.0.0.87.a: [LOWI-Scan]
12-14 03:26:40.378 1346 3802 D LOWI-9.0.0.87.a: [LOWI-Scan] print_bss_handler: Report Probe TSF 268014924 as it greater than Beacon TSF 0
12-14 03:26:40.378 1346 3802 D LOWI-9.0.0.87.a: [LOWI-Scan] decode_rsn_wpa_ie: LOWI_ENCRYPTION_TYPE_WPA_PSK
12-14 03:26:40.378 1346 3802 D LOWI-9.0.0.87.a: [LOWI-Scan] is_qcom_ie, bss_age: 0
12-14 03:26:40.378 1346 3802 D LOWI-9.0.0.87.a: [LOWI-Scan] BSS 18:6f:2d:81:18:83 LOWI_PHY_MODE_11NG_HT20(5), Beacon Interval: 100, LOWI_ENCRYPTION_TYPE_WPA_PSK 11mcRanging: No, ANQP: No, LCI: No, Civic: No, capability(0x0531): ESS Privacy ShortPreamble SpectrumMgmt ShortSlotTime
12-14 03:26:40.378 1346 3802 D LOWI-9.0.0.87.a: [LOWI-Scan] BSS 18:6f:2d:81:18:83 FREQ: 2472, cFreq1[40:80:160] = [2472:0:0] cFreq2 = 0 Country Code = CN
12-14 03:26:40.378 1346 3802 D LOWI-9.0.0.87.a: [LOWI-Scan] BSS 18:6f:2d:81:18:83 (wlan0) ASSO: NO AddInfo: 0x0, TSF 0, 00:04:28.014, RSSI: -152, CPL: 127, AGE: 576, SSID ZXHY, TSFDelta: 0xcf5f356c, TXRate: 0
12-14 03:26:40.378 1346 3802 D LOWI-9.0.0.87.a: [LOWI-Scan]
12-14 03:26:40.378 1346 3802 D LOWI-9.0.0.87.a: [LOWI-Scan] print_bss_handler: Report Probe TSF 268017085 as it greater than Beacon TSF 0
12-14 03:26:40.378 1346 3802 D LOWI-9.0.0.87.a: [LOWI-Scan] decode_rsn_wpa_ie: LOWI_ENCRYPTION_TYPE_WPA_PSK
12-14 03:26:40.378 1346 3802 D LOWI-9.0.0.87.a: [LOWI-Scan] is_qcom_ie, bss_age: 0
12-14 03:26:40.378 1346 3802 D LOWI-9.0.0.87.a: [LOWI-Scan] BSS 18:6f:2d:81:18:84 LOWI_PHY_MODE_11NG_HT20(5), Beacon Interval: 100, LOWI_ENCRYPTION_TYPE_WPA_PSK 11mcRanging: No, ANQP: No, LCI: No, Civic: No, capability(0x0531): ESS Privacy ShortPreamble SpectrumMgmt ShortSlotTime
12-14 03:26:40.378 1346 3802 D LOWI-9.0.0.87.a: [LOWI-Scan] BSS 18:6f:2d:81:18:84 FREQ: 2472, cFreq1[40:80:160] = [2472:0:0] cFreq2 = 0 Country Code = CN
12-14 03:26:40.378 1346 3802 D LOWI-9.0.0.87.a: [LOWI-Scan] BSS 18:6f:2d:81:18:84 (wlan0) ASSO: NO AddInfo: 0x0, TSF 0, 00:04:28.017, RSSI: -154, CPL: 127, AGE: 572, SSID Fanya, TSFDelta: 0xcf6d2e44, TXRate: 0
12-14 03:26:40.378 1346 3802 D LOWI-9.0.0.87.a: [LOWIDiagLog] Log: lowiMeasResult->request: invalid null argument
12-14 03:26:40.378 1346 3802 I LOWI-9.0.0.87.a: [LOWI-Scan] lowi_close_record:Scan done in 253682ms, 75 APs in scan results
12-14 03:26:40.379 1346 3802 D LOWI-9.0.0.87.a: [LOWI-Scan] WipsScanUsingNL: passive scan cached 0, took 92086 ms, err 0
12-14 03:26:40.379 1346 3802 D LOWI-9.0.0.87.a: [LOWI-Scan] lowi_proc_req_passive_scan_with_live_meas - No WLAN Frames to be parsed
12-14 03:26:40.379 1346 3802 D LOWI-9.0.0.87.a: [LOWIScanResultReceiver] Send scan meas to listener
12-14 03:26:40.379 1346 3802 D LOWI-9.0.0.87.a: [LOWIScanResultReceiver] Enter passive listening mode
12-14 03:26:40.379 1346 3802 D LOWI-9.0.0.87.a: [LOWIWifiDriverInterface] getMeasurements - Passive listening mode
12-14 03:26:40.379 1346 1398 D LOWI-9.0.0.87.a: [LOWIEventReceiver] handleEvent:FROM:NA, TO:NA, REQ:NA, IREQ:NA, REQ_ID:0, RESP:NA, INFO:NA
12-14 03:26:40.379 1346 1398 D LOWI-9.0.0.87.a: [LOWIBackgroundScanMgr] isRspForBgScanMgr: evt(LOWI_NO_EVT) - not handled
12-14 03:26:40.379 1346 1398 D LOWI-9.0.0.87.a: [LOWIScheduler] manageMsg: NULL results or NULL request in results
12-14 03:26:40.379 1346 1398 D LOWI-9.0.0.87.a: [LOWIController] Measurements received
12-14 03:26:40.379 1346 1398 D LOWI-9.0.0.87.a: [LOWICacheManager] putInCache:Num of Meas to add: 75
12-14 03:26:40.379 1346 3802 D LOWI-9.0.0.87.a: [LOWI-Scan] WipsScanUsingNL:wait -1 sec for netlink message
12-14 03:26:40.383 1346 1398 D LOWI-9.0.0.87.a: [LOWICacheManager] addToCache: Cache Full, Cache Limit: 100, Purging: 50
12-14 03:26:40.384 1346 1398 D LOWI-9.0.0.87.a: [LOWIController] processMeasurementResults: No current Request. Cache measurements
12-14 03:26:40.384 1346 1398 D LOWI-9.0.0.87.a: [LOWIController] sendAsyncScanResponse: Request FreeWifiScanObserver_0 is from a different client.
12-14 03:26:40.384 1346 1398 D LOWI-9.0.0.87.a: [LOWIController] generateResponse: Type (ASYNC_DISCOVERY_SCAN_RESULTS) ScanStatus (1) request FreeWifiScanObserver_0
12-14 03:26:40.384 1346 1398 D LOWI-9.0.0.87.a: [LOWIEventDispatcher] sendResponse - originator = FreeWifiScanObserver
12-14 03:26:40.384 1346 1398 D LOWI-9.0.0.87.a: [LOWIUtils] injectScanMeasurements - num of APs = 75
12-14 03:26:40.386 1346 1398 I LOWI-9.0.0.87.a: [LOWIUtils] responseToOutPostcard - TO: FreeWifiScanObserver, FROM: LOWI-SERVER, RESP: LOWI_ASYNC_DISCOVERY_SCAN_RESULTS
12-14 03:26:40.387 1346 1398 D LOWI-9.0.0.87.a: [LOWIControllerExtn] sendLOWILpDiscoveryScanResponse: Not a discovery scan response
12-14 03:26:40.404 2356 2356 D WifiDebugService: onScanResultsAvailable
12-14 03:26:40.405 1490 1883 D PasspointManager: ANQP entry not found for: 96:0b:e4:6f:e0:30:
12-14 03:26:40.408 1490 1883 D PasspointManager: ANQP entry not found for: d8:32:14:df:f6:03:
12-14 03:26:40.409 1490 1883 D PasspointManager: ANQP entry not found for: 76:ab:c4:54:38:4d:
12-14 03:26:40.410 1490 1883 D PasspointManager: ANQP entry not found for: ba:9f:09:60:32:1f:
12-14 03:26:40.444 2356 2356 D WifiDebugService: connect wifi SSID is : "TP-LINK_Figure_6d0405"
12-14 03:26:40.460 2356 2356 W WifiDebugService: find wifi : Guest
12-14 03:26:40.460 2356 2356 W WifiDebugService: find wifi : Fanya
12-14 03:26:40.460 2356 2356 W WifiDebugService: find wifi : Testing
12-14 03:26:40.460 2356 2356 W WifiDebugService: find wifi : ZXHY
12-14 03:26:40.460 2356 2356 W WifiDebugService: find wifi : Fanya
12-14 03:26:40.460 2356 2356 W WifiDebugService: find wifi : ThunderSoft
12-14 03:26:40.460 2356 2356 W WifiDebugService: find wifi : GM
12-14 03:26:40.460 2356 2356 W WifiDebugService: find wifi : Guest
12-14 03:26:40.460 2356 2356 W WifiDebugService: find wifi : ThunderSoft_2.4G
12-14 03:26:40.460 2356 2356 W WifiDebugService: find wifi : ZXHY
12-14 03:26:40.460 2356 2356 W WifiDebugService: find wifi : Fanya
12-14 03:26:40.460 2356 2356 W WifiDebugService: find wifi : 123
12-14 03:26:40.460 2356 2356 W WifiDebugService: find wifi : Testing
12-14 03:26:40.460 2356 2356 W WifiDebugService: find wifi : Guest
12-14 03:26:40.460 2356 2356 W WifiDebugService: find wifi : ThunderSoft_2.4G
12-14 03:26:40.460 2356 2356 W WifiDebugService: find wifi : ZXHY
12-14 03:26:40.460 2356 2356 W WifiDebugService: find wifi : Fanya
12-14 03:26:40.460 2356 2356 W WifiDebugService: find wifi : Testing
12-14 03:26:40.460 2356 2356 W WifiDebugService: find wifi : Guest
12-14 03:26:40.460 2356 2356 W WifiDebugService: find wifi : ThunderSoft_2.4G
12-14 03:26:40.460 2356 2356 W WifiDebugService: find wifi : ZXHY
12-14 03:26:40.461 2356 2356 W WifiDebugService: find wifi : Fanya
12-14 03:26:40.461 2356 2356 W WifiDebugService: can not find target wifi ap : hht_test_wifi_fc4318c9
12-14 03:26:40.529 2392 2392 I DashboardFragment: onPreferenceTreeClick: onPreferenceTreeClick::com.android.settings.deviceinfo.aboutphone.MyDeviceInfoFragment
12-14 03:26:40.531 2392 2392 I TopLevelSettings: TopLevelSettings: TopLevelSettings::com.android.settings.deviceinfo.aboutphone.MyDeviceInfoFragment
12-14 03:26:40.639 2392 2392 D BluetoothPan: Unbinding service...
12-14 03:26:40.642 2392 2392 I TetheringManager: unregisterTetheringEventCallback caller:com.android.settings
12-14 03:26:40.648 2392 2392 D BluetoothPan: Unbinding service...
12-14 03:26:40.655 2392 2392 D PrefCtrlListHelper: Could not find Context-only controller for pref: com.android.settings.deviceinfo.DeviceNamePreferenceController
12-14 03:26:40.655 2392 2392 D PrefCtrlListHelper: Could not find Context-only controller for pref: com.android.settings.deviceinfo.BrandedAccountPreferenceController
12-14 03:26:40.655 2392 2392 D PrefCtrlListHelper: Could not find Context-only controller for pref: com.android.settings.deviceinfo.PhoneNumberPreferenceController
12-14 03:26:40.655 2392 2392 D PrefCtrlListHelper: Could not find Context-only controller for pref: com.android.settings.deviceinfo.HardwareInfoPreferenceController
12-14 03:26:40.656 2392 2392 D PrefCtrlListHelper: Could not find Context-only controller for pref: com.android.settings.deviceinfo.firmwareversion.FirmwareVersionPreferenceController
12-14 03:26:40.656 2392 2392 D PrefCtrlListHelper: Could not find Context-only controller for pref: com.android.settings.deviceinfo.BuildNumberPreferenceController
12-14 03:26:40.669 1490 1883 I WifiClientModeImpl: Get factory mac address: F0:74:E4:3A:19:18
12-14 03:26:40.670 1490 1883 I WifiClientModeImpl: Factory MAC address retrieved and stored in config store: f0:74:e4:3a:19:18
12-14 03:26:40.672 2392 2392 D MyDeviceInfoFragment: NO dashboard tiles for MyDeviceInfoFragment
12-14 03:26:40.672 2392 2392 D MyDeviceInfoFragment: All preferences added, reporting fully drawn
12-14 03:26:40.680 1490 1605 W BroadcastQueue: Permission Denial: broadcasting Intent { act=android.net.conn.CONNECTIVITY_CHANGE flg=0x4200010 (has extras) } from null (pid=-1, uid=-1) requires android.permission.CHANGE_NETWORK_STATE due to registered receiver BroadcastFilter{8dc06a 1000/u0 ReceiverList{c9fde55 2392 com.android.settings/1000/u0 remote:a0f650c}}
12-14 03:26:40.681 1490 1605 W BroadcastQueue: Permission Denial: broadcasting Intent { act=android.net.wifi.STATE_CHANGE flg=0x4000010 (has extras) } from null (pid=-1, uid=-1) requires android.permission.CHANGE_NETWORK_STATE due to registered receiver BroadcastFilter{8dc06a 1000/u0 ReceiverList{c9fde55 2392 com.android.settings/1000/u0 remote:a0f650c}}
12-14 03:26:40.681 1490 1605 W BroadcastQueue: Permission Denial: broadcasting Intent { act=android.net.conn.CONNECTIVITY_CHANGE flg=0x4200010 (has extras) } from null (pid=-1, uid=-1) requires android.permission.CHANGE_NETWORK_STATE due to registered receiver BroadcastFilter{84d0ad1 1000/u0 ReceiverList{ad3c5f8 2392 com.android.settings/1000/u0 remote:8f7695b}}
12-14 03:26:40.681 1490 1605 W BroadcastQueue: Permission Denial: broadcasting Intent { act=android.net.wifi.STATE_CHANGE flg=0x4000010 (has extras) } from null (pid=-1, uid=-1) requires android.permission.CHANGE_NETWORK_STATE due to registered receiver BroadcastFilter{84d0ad1 1000/u0 ReceiverList{ad3c5f8 2392 com.android.settings/1000/u0 remote:8f7695b}}
12-14 03:26:40.718 2392 2392 E ImsConnector: unregisterListener: mImsManager is null
12-14 03:26:40.883 639 654 I mpu_uart: [MSG-P:RECV]:No message received in 1000 ms
12-14 03:26:41.107 0 0 W swapper/3: type=1400 audit(0.0:703): avc: denied { kill } for capability=5 scontext=u:r:kernel:s0 tcontext=u:r:kernel:s0 tclass=capability permissive=0
01-01 10:01:08.514 0 0 D : mv2112_read_status
01-01 10:01:08.514 0 0 D mv2112_update_link: 3.0x901(1G): 0x80
01-01 10:01:08.514 0 0 D mv2112_update_link: 3.0x8109(100M): 0x8
01-01 10:01:08.514 0 0 D mv2112_update_link: link 0x0
01-01 10:01:08.514 0 0 D mv2112_read_status: autoneg is disabled
12-14 03:26:41.883 639 654 I mpu_uart: [MSG-P:RECV]:No message received in 1000 ms
12-14 03:26:41.938 1490 2752 E TaskPersister: File error accessing recents directory (directory doesn't exist?).
12-14 03:26:42.107 0 0 W swapper/3: type=1400 audit(0.0:704): avc: denied { kill } for capability=5 scontext=u:r:kernel:s0 tcontext=u:r:kernel:s0 tclass=capability permissive=0
12-14 03:26:42.175 2392 4610 I OpenGLRenderer: Davey! duration=9223371766486ms; Flags=0, FrameTimelineVsyncId=6351, IntendedVsync=270368538145, Vsync=270368538145, InputEventId=0, HandleInputStart=270369432760, AnimationStart=270369436041, PerformTraversalsStart=270369438593, DrawStart=270369543645, FrameDeadline=270385204811, FrameInterval=270369426249, FrameStartTime=16666666, SyncQueued=270374816614, SyncStart=270374934166, IssueDrawCommandsStart=270376241197, SwapBuffers=270379797343, FrameCompleted=9223372036854775807, DequeueBufferDuration=44844, QueueBufferDuration=1153490, GpuCompleted=9223372036854775807, SwapBuffersCompleted=270381807187, DisplayPresentTime=0,
01-01 10:01:09.537 0 0 D : mv2112_read_status
01-01 10:01:09.538 0 0 D mv2112_update_link: 3.0x901(1G): 0x80
01-01 10:01:09.538 0 0 D mv2112_update_link: 3.0x8109(100M): 0x8
01-01 10:01:09.538 0 0 D mv2112_update_link: link 0x0
01-01 10:01:09.538 0 0 D mv2112_read_status: autoneg is disabled
12-14 03:26:42.884 639 654 I mpu_uart: [MSG-P:RECV]:No message received in 1000 ms
12-14 03:26:43.046 639 653 I mpu_uart: [MSG-P:R]:recv sync frame timeout
12-14 03:26:43.111 0 0 W swapper/3: type=1400 audit(0.0:705): avc: denied { kill } for capability=5 scontext=u:r:kernel:s0 tcontext=u:r:kernel:s0 tclass=capability permissive=0
01-01 10:01:10.561 0 0 D : mv2112_read_status
01-01 10:01:10.562 0 0 D mv2112_update_link: 3.0x901(1G): 0x80
01-01 10:01:10.562 0 0 D mv2112_update_link: 3.0x8109(100M): 0x8
01-01 10:01:10.562 0 0 D mv2112_update_link: link 0x0
01-01 10:01:10.562 0 0 D mv2112_read_status: autoneg is disabled
12-14 03:26:43.792 2392 2458 I OpenGLRenderer: Davey! duration=9223371764901ms; Flags=0, FrameTimelineVsyncId=6420, IntendedVsync=271953331056, Vsync=271953331056, InputEventId=0, HandleInputStart=271953944113, AnimationStart=271953948749, PerformTraversalsStart=271953951613, DrawStart=271991714582, FrameDeadline=271969997722, FrameInterval=271953931405, FrameStartTime=16666666, SyncQueued=271992856665, SyncStart=271992926978, IssueDrawCommandsStart=271993751405, SwapBuffers=271996434842, FrameCompleted=9223372036854775807, DequeueBufferDuration=48958, QueueBufferDuration=880989, GpuCompleted=9223372036854775807, SwapBuffersCompleted=271997886405, DisplayPresentTime=0,
12-14 03:26:43.884 639 654 I mpu_uart: [MSG-P:RECV]:No message received in 1000 ms
12-14 03:26:44.107 0 0 W swapper/3: type=1400 audit(0.0:706): avc: denied { kill } for capability=5 scontext=u:r:kernel:s0 tcontext=u:r:kernel:s0 tclass=capability permissive=0
01-01 10:01:11.585 0 0 D : mv2112_read_status
01-01 10:01:11.586 0 0 D mv2112_update_link: 3.0x901(1G): 0x80
01-01 10:01:11.586 0 0 D mv2112_update_link: 3.0x8109(100M): 0x8
01-01 10:01:11.586 0 0 D mv2112_update_link: link 0x0
01-01 10:01:11.586 0 0 D mv2112_read_status: autoneg is disabled
12-14 03:26:44.658 2732 2732 I hpplay-java: [main]:ServiceUpdater:upLoadServiceInfo invalid deviceCode:, port:53388
12-14 03:26:44.795 2392 2458 I OpenGLRenderer: Davey! duration=9223371763896ms; Flags=0, FrameTimelineVsyncId=6430, IntendedVsync=272958321126, Vsync=272958321126, InputEventId=0, HandleInputStart=272959045103, AnimationStart=272959049113, PerformTraversalsStart=272959051873, DrawStart=272994948488, FrameDeadline=272974987792, FrameInterval=272959032655, FrameStartTime=16666666, SyncQueued=272996333644, SyncStart=272996558436, IssueDrawCommandsStart=272997381509, SwapBuffers=273000151405, FrameCompleted=9223372036854775807, DequeueBufferDuration=65156, QueueBufferDuration=833281, GpuCompleted=9223372036854775807, SwapBuffersCompleted=273001511613, DisplayPresentTime=0,
12-14 03:26:44.884 639 654 I mpu_uart: [MSG-P:RECV]:No message received in 1000 ms
12-14 03:26:45.107 0 0 W swapper/3: type=1400 audit(0.0:707): avc: denied { kill } for capability=5 scontext=u:r:kernel:s0 tcontext=u:r:kernel:s0 tclass=capability permissive=0
01-01 10:01:12.609 0 0 D : mv2112_read_status
01-01 10:01:12.610 0 0 D mv2112_update_link: 3.0x901(1G): 0x80
01-01 10:01:12.610 0 0 D mv2112_update_link: 3.0x8109(100M): 0x8
01-01 10:01:12.610 0 0 D mv2112_update_link: link 0x0
01-01 10:01:12.610 0 0 D mv2112_read_status: autoneg is disabled
12-14 03:26:45.885 639 654 I mpu_uart: [MSG-P:RECV]:No message received in 1000 ms
12-14 03:26:46.047 639 653 I mpu_uart: [MSG-P:R]:recv sync frame timeout
12-14 03:26:46.111 0 0 W swapper/3: type=1400 audit(0.0:708): avc: denied { kill } for capability=5 scontext=u:r:kernel:s0 tcontext=u:r:kernel:s0 tclass=capability permissive=0
01-01 10:01:13.633 0 0 D : mv2112_read_status
01-01 10:01:13.634 0 0 D mv2112_update_link: 3.0x901(1G): 0x80
01-01 10:01:13.634 0 0 D mv2112_update_link: 3.0x8109(100M): 0x8
01-01 10:01:13.634 0 0 D mv2112_update_link: link 0x0
01-01 10:01:13.634 0 0 D mv2112_read_status: autoneg is disabled
12-14 03:26:46.885 639 654 I mpu_uart: [MSG-P:RECV]:No message received in 1000 ms
12-14 03:26:47.111 0 0 W swapper/3: type=1400 audit(0.0:709): avc: denied { kill } for capability=5 scontext=u:r:kernel:s0 tcontext=u:r:kernel:s0 tclass=capability permissive=0
01-01 10:01:14.657 0 0 D : mv2112_read_status
01-01 10:01:14.658 0 0 D mv2112_update_link: 3.0x901(1G): 0x80
01-01 10:01:14.658 0 0 D mv2112_update_link: 3.0x8109(100M): 0x8
01-01 10:01:14.658 0 0 D mv2112_update_link: link 0x0
01-01 10:01:14.658 0 0 D mv2112_read_status: autoneg is disabled
12-14 03:26:47.806 2392 2458 I OpenGLRenderer: Davey! duration=9223371760888ms; Flags=0, FrameTimelineVsyncId=6454, IntendedVsync=275966081784, Vsync=275966081784, InputEventId=0, HandleInputStart=275966626456, AnimationStart=275966630674, PerformTraversalsStart=275966634060, DrawStart=276006120674, FrameDeadline=275982748450, FrameInterval=275966615101, FrameStartTime=16666666, SyncQueued=276007140622, SyncStart=276007216872, IssueDrawCommandsStart=276008099008, SwapBuffers=276010575674, FrameCompleted=9223372036854775807, DequeueBufferDuration=44271, QueueBufferDuration=836354, GpuCompleted=9223372036854775807, SwapBuffersCompleted=276011930414, DisplayPresentTime=0,
12-14 03:26:47.885 639 654 I mpu_uart: [MSG-P:RECV]:No message received in 1000 ms
12-14 03:26:48.111 0 0 W swapper/3: type=1400 audit(0.0:710): avc: denied { kill } for capability=5 scontext=u:r:kernel:s0 tcontext=u:r:kernel:s0 tclass=capability permissive=0
01-01 10:01:15.681 0 0 D : mv2112_read_status
01-01 10:01:15.682 0 0 D mv2112_update_link: 3.0x901(1G): 0x80
01-01 10:01:15.682 0 0 D mv2112_update_link: 3.0x8109(100M): 0x8
01-01 10:01:15.682 0 0 D mv2112_update_link: link 0x0
01-01 10:01:15.682 0 0 D mv2112_read_status: autoneg is disabled
12-14 03:26:48.885 639 654 I mpu_uart: [MSG-P:RECV]:No message received in 1000 ms
12-14 03:26:49.051 639 653 I mpu_uart: [MSG-P:R]:recv sync frame timeout
12-14 03:26:49.111 0 0 W swapper/3: type=1400 audit(0.0:711): avc: denied { kill } for capability=5 scontext=u:r:kernel:s0 tcontext=u:r:kernel:s0 tclass=capability permissive=0
01-01 10:01:16.705 0 0 D : mv2112_read_status
01-01 10:01:16.706 0 0 D mv2112_update_link: 3.0x901(1G): 0x80
01-01 10:01:16.706 0 0 D mv2112_update_link: 3.0x8109(100M): 0x8
01-01 10:01:16.706 0 0 D mv2112_update_link: link 0x0
01-01 10:01:16.706 0 0 D mv2112_read_status: autoneg is disabled
12-14 03:26:49.645 2732 2732 I hpplay-java: [main]:Upgrade:upgrade not be allowed
12-14 03:26:49.666 2732 2732 I hpplay-java: [main]:ServerBusiness:get deviceCode:
12-14 03:26:49.666 2732 2732 W hpplay-java: [main]:ServerBusiness:startDeviceService ignore,invalid deviceCode
12-14 03:26:49.886 639 654 I mpu_uart: [MSG-P:RECV]:No message received in 1000 ms
12-14 03:26:50.107 0 0 W swapper/3: type=1400 audit(0.0:712): avc: denied { kill } for capability=5 scontext=u:r:kernel:s0 tcontext=u:r:kernel:s0 tclass=capability permissive=0
12-14 03:26:50.259 2732 2732 I hpplay-java: [main]:IMTask:getIMRoot
01-01 10:01:17.729 0 0 D : mv2112_read_status
01-01 10:01:17.730 0 0 D mv2112_update_link: 3.0x901(1G): 0x80
01-01 10:01:17.730 0 0 D mv2112_update_link: 3.0x8109(100M): 0x8
01-01 10:01:17.730 0 0 D mv2112_update_link: link 0x0
01-01 10:01:17.730 0 0 D mv2112_read_status: autoneg is disabled
12-14 03:26:50.886 639 654 I mpu_uart: [MSG-P:RECV]:No message received in 1000 ms
12-14 03:26:51.111 0 0 W swapper/1: type=1400 audit(0.0:713): avc: denied { kill } for capability=5 scontext=u:r:kernel:s0 tcontext=u:r:kernel:s0 tclass=capability permissive=0
01-01 10:01:18.753 0 0 D : mv2112_read_status
01-01 10:01:18.754 0 0 D mv2112_update_link: 3.0x901(1G): 0x80
01-01 10:01:18.754 0 0 D mv2112_update_link: 3.0x8109(100M): 0x8
01-01 10:01:18.754 0 0 D mv2112_update_link: link 0x0
01-01 10:01:18.754 0 0 D mv2112_read_status: autoneg is disabled
12-14 03:26:51.829 2392 2458 I OpenGLRenderer: Davey! duration=9223371756865ms; Flags=0, FrameTimelineVsyncId=6485, IntendedVsync=279989255687, Vsync=279989255687, InputEventId=0, HandleInputStart=279990261350, AnimationStart=279990265204, PerformTraversalsStart=279990267756, DrawStart=280027363016, FrameDeadline=280005922353, FrameInterval=279990249006, FrameStartTime=16666666, SyncQueued=280028506714, SyncStart=280028594839, IssueDrawCommandsStart=280029434266, SwapBuffers=280032174110, FrameCompleted=9223372036854775807, DequeueBufferDuration=46406, QueueBufferDuration=939115, GpuCompleted=9223372036854775807, SwapBuffersCompleted=280033701402, DisplayPresentTime=0,
12-14 03:26:51.886 639 654 I mpu_uart: [MSG-P:RECV]:No message received in 1000 ms
12-14 03:26:52.054 639 653 I mpu_uart: [MSG-P:R]:recv sync frame timeout
12-14 03:26:52.111 0 0 W swapper/1: type=1400 audit(0.0:714): avc: denied { kill } for capability=5 scontext=u:r:kernel:s0 tcontext=u:r:kernel:s0 tclass=capability permissive=0
01-01 10:01:19.777 0 0 D : mv2112_read_status
01-01 10:01:19.778 0 0 D mv2112_update_link: 3.0x901(1G): 0x80
01-01 10:01:19.778 0 0 D mv2112_update_link: 3.0x8109(100M): 0x8
01-01 10:01:19.778 0 0 D mv2112_update_link: link 0x0
01-01 10:01:19.778 0 0 D mv2112_read_status: autoneg is disabled
12-14 03:26:52.887 639 654 I mpu_uart: [MSG-P:RECV]:No message received in 1000 ms
12-14 03:26:53.111 0 0 W swapper/1: type=1400 audit(0.0:715): avc: denied { kill } for capability=5 scontext=u:r:kernel:s0 tcontext=u:r:kernel:s0 tclass=capability permissive=0
01-01 10:01:20.801 0 0 D : mv2112_read_status
01-01 10:01:20.802 0 0 D mv2112_update_link: 3.0x901(1G): 0x80
01-01 10:01:20.802 0 0 D mv2112_update_link: 3.0x8109(100M): 0x8
01-01 10:01:20.802 0 0 D mv2112_update_link: link 0x0
01-01 10:01:20.802 0 0 D mv2112_read_status: autoneg is disabled
12-14 03:26:53.887 639 654 I mpu_uart: [MSG-P:RECV]:No message received in 1000 ms
12-14 03:26:54.111 0 0 W swapper/1: type=1400 audit(0.0:716): avc: denied { kill } for capability=5 scontext=u:r:kernel:s0 tcontext=u:r:kernel:s0 tclass=capability permissive=0
12-14 03:26:54.645 2732 2732 I hpplay-java: [main]:ServerTaskManager:task run out of time
12-14 03:26:54.645 2732 2732 I hpplay-java: [main]:ServerTaskManager:cancelTimeOutCheck
12-14 03:26:54.645 2732 2732 I hpplay-java: [main]:ServerTaskManager:exeTask ignore, reason: TaskList is clear
01-01 10:01:21.825 0 0 D : mv2112_read_status
01-01 10:01:21.826 0 0 D mv2112_update_link: 3.0x901(1G): 0x80
01-01 10:01:21.826 0 0 D mv2112_update_link: 3.0x8109(100M): 0x8
01-01 10:01:21.826 0 0 D mv2112_update_link: link 0x0
01-01 10:01:21.826 0 0 D mv2112_read_status: autoneg is disabled
12-14 03:26:54.880 2732 4900 D hpplay-base: [LelinkMDNS:766] devicePermissionPublic leboPermissionCheck:-2
12-14 03:26:54.880 2732 4900 D hpplay-base: [jniBridge:1125] com_hpplay_sdk_sink_protocol_Bridge_WHAT_SERVER_ERROR
12-14 03:26:54.880 2732 4900 D hpplay-base: [jniBridge:1726] notifyJava, what:204, castType:0, mimeType:0 baseStatus:2
12-14 03:26:54.881 2732 4900 D hpplay-base: [jniBridge:1727] notifyJava sessionID:(null)
12-14 03:26:54.882 2732 4900 I hpplay-java: [Thread-56]:Bridge:notify: what: 204
12-14 03:26:54.884 2732 4900 I hpplay-java: [Thread-56]:Bridge:notify: out: OutParameters:{audioSessionId=-1, audiotrackIndex=0, castHandleType=-1, castType=0, deviceName='', dlnaName='', dramaID='', extra=-2002, frameHandleType=-1, handleInside=true, headduration=0, header='', headers=null, isAD=false, isMultiMirror=false, lelinkVer='', limitTime=0, , mediaAlbum='null', mediaAlbumArtURI='', mediaArtist='null', mediaAssets='', mediaTitle='null', mimeType=0, multiSession=null, period=0, pinCode='', playSpeed=0.0, playerChoice=0, plugin=0, port=0, position=0.0, positionUnit=2, protocol=0, realSessionID='', regType='', , sinkIp='', sourceAPPVersion='', sourceChannel='', sourceClientInfo='', sourceDeviceInfo='', sourceDeviceModel='', sourceDeviceName='', sourceDeviceType=0, sourceHID='', , sourceInfo='', , , sourceOSVersion='', sourceSDKVersion='', sourceUid='', stopDetail=0, stopReason=0, tailduration=0, url='', urlID='', urls=null, userAgent='', videoDecoder=0, volume=0, what=204}com.hpplay.sdk.sink.protocol.OutParameters@b096779
12-14 03:26:54.884 2732 4900 I hpplay-java: [Thread-56]:Bridge:notify: address:18750654
12-14 03:26:54.884 2732 4900 I hpplay-base: [mDNSEmbeded:79] embedded_mDNSLoop stopmDNSNow:0 nPublish:-2 nExitFlag:6 tid is 4900
12-14 03:26:54.884 2732 2732 I hpplay-java: [main]:Bridge:findServiceID start out: 18750654
12-14 03:26:54.884 2732 2732 I hpplay-java: [main]:Bridge:findServiceID end
12-14 03:26:54.885 2732 2732 E hpplay-java: [main]:ServerTaskManager:onError 204/-2002 com.hht.lebocast.LelinkHelper$e@b408ac8
12-14 03:26:54.885 2732 2732 I hpplay-java: [main]:ServerTaskManager:cancelTimeOutCheck
12-14 03:26:54.886 2732 2732 W hpplay-java: [main]:ServerTaskManager:onErrorDispatcher errorCode:-2002
12-14 03:26:54.886 2732 2732 I hpplay-java: [main]:ServerTaskManager:onError retry later
12-14 03:26:54.887 639 654 I mpu_uart: [MSG-P:RECV]:No message received in 1000 ms
12-14 03:26:55.056 639 653 I mpu_uart: [MSG-P:R]:recv sync frame timeout
12-14 03:26:55.111 0 0 W swapper/1: type=1400 audit(0.0:717): avc: denied { kill } for capability=5 scontext=u:r:kernel:s0 tcontext=u:r:kernel:s0 tclass=capability permissive=0
12-14 03:26:55.459 2732 4831 W hpplay-java: [AsyncTask #88]:HttpRequest:
12-14 03:26:55.460 2732 4831 W hpplay-java: [AsyncTask #88]:HttpRequest:
12-14 03:26:55.462 2732 4831 W hpplay-java: [AsyncTask #88]:HttpRequest:
12-14 03:26:55.666 1200 1357 I selfinstaller: TC GetPartNumber() mock-part-111
01-01 10:01:22.849 0 0 D : mv2112_read_status
01-01 10:01:22.850 0 0 D mv2112_update_link: 3.0x901(1G): 0x80
01-01 10:01:22.850 0 0 D mv2112_update_link: 3.0x8109(100M): 0x8
01-01 10:01:22.850 0 0 D mv2112_update_link: link 0x0
01-01 10:01:22.850 0 0 D mv2112_read_status: autoneg is disabled
12-14 03:26:55.887 639 654 I mpu_uart: [MSG-P:RECV]:No message received in 1000 ms
12-14 03:26:56.111 0 0 W swapper/1: type=1400 audit(0.0:718): avc: denied { kill } for capability=5 scontext=u:r:kernel:s0 tcontext=u:r:kernel:s0 tclass=capability permissive=0
01-01 10:01:23.873 0 0 D : mv2112_read_status
01-01 10:01:23.874 0 0 D mv2112_update_link: 3.0x901(1G): 0x80
01-01 10:01:23.874 0 0 D mv2112_update_link: 3.0x8109(100M): 0x8
01-01 10:01:23.874 0 0 D mv2112_update_link: link 0x0
01-01 10:01:23.874 0 0 D mv2112_read_status: autoneg is disabled
12-14 03:26:56.888 639 654 I mpu_uart: [MSG-P:RECV]:No message received in 1000 ms
12-14 03:26:57.111 0 0 W swapper/1: type=1400 audit(0.0:719): avc: denied { kill } for capability=5 scontext=u:r:kernel:s0 tcontext=u:r:kernel:s0 tclass=capability permissive=0
01-01 10:01:24.897 0 0 D : mv2112_read_status
01-01 10:01:24.898 0 0 D mv2112_update_link: 3.0x901(1G): 0x80
01-01 10:01:24.898 0 0 D mv2112_update_link: 3.0x8109(100M): 0x8
01-01 10:01:24.898 0 0 D mv2112_update_link: link 0x0
01-01 10:01:24.898 0 0 D mv2112_read_status: autoneg is disabled
12-14 03:26:57.888 2732 2732 I hpplay-java: [main]:ServerTaskManager:restart by error
12-14 03:26:57.888 2732 2732 I hpplay-java: [main]:ServerTaskManager:startServer
12-14 03:26:57.888 639 654 I mpu_uart: [MSG-P:RECV]:No message received in 1000 ms
12-14 03:26:57.888 2732 2732 I hpplay-java: [main]:ServerTaskManager:startServer add, reason: server is starting or running
12-14 03:26:57.889 2732 2732 I hpplay-java: [main]:ServerTaskManager:addStopTask
12-14 03:26:57.889 2732 2732 I hpplay-java: [main]:ServerTaskManager:addStartTask
12-14 03:26:57.889 2732 2732 I hpplay-java: [main]:ServerTaskManager:exeTask stopServer
12-14 03:26:57.890 2732 2732 I hpplay-java: [main]:Bridge:stopServer keepPush: false
12-14 03:26:57.890 2732 2732 D hpplay-base: [jniBridge:909] Bridge__1stopServer status:2
12-14 03:26:57.892 2732 2732 D hpplay-base: [LelinkBase:654] stopAllServer will start thread!
12-14 03:26:57.892 2732 4916 I hpplay-base: [mDNSEmbeded:65] embedded_mDNSExit call
12-14 03:26:57.892 2732 4903 D hpplay-base: [AEventUtils:588] handle AEvent thread end!!,tid is 4903
12-14 03:26:57.893 2732 4904 D hpplay-base: [REventUtils:197] handleREventThread thread end!!,tid is 4904
12-14 03:26:57.938 2732 4881 D hpplay-base: [stream_mirror_compat:1284] mirror stream begin to exit,server fd:69,thread_id:3143573952!!
12-14 03:26:57.938 2732 4881 D hpplay-base: [stream_mirror_compat:1323] ##screen stream exit successfully!!##
12-14 03:26:57.984 2732 4880 D hpplay-base: [Server:447] startHttpServer will END srv->serverType:0
12-14 03:26:57.985 2732 4880 D hpplay-base: [Server:646] startHttpServer cond srv_shutdown:1 connectNummber:0
12-14 03:26:57.985 2732 4880 D hpplay-base: [Server:669] startHttpServer wait cond END. srv_shutdown:1 connectNummber:0
12-14 03:26:57.985 2732 4880 D hpplay-base: [Server:457] HttpServer END, tid is 4880
12-14 03:26:58.059 639 653 I mpu_uart: [MSG-P:R]:recv sync frame timeout
12-14 03:26:58.111 0 0 W swapper/1: type=1400 audit(0.0:720): avc: denied { kill } for capability=5 scontext=u:r:kernel:s0 tcontext=u:r:kernel:s0 tclass=capability permissive=0
12-14 03:26:58.212 2732 4900 I hpplay-base: [mDNSEmbeded:140] embedded_mDNSLoop Exiting end,tid is 4900
12-14 03:26:58.212 2732 4916 D hpplay-base: [mDNSEmbeded:452] stopmDNSServer end stopmDNSNow=2, nRet=0
12-14 03:26:58.456 2732 4901 I hpplay-base: [mDNSEmbeded:376] end lelink publish server, tid is 4901
