12-14 03:22:23.708 1490 1606 W ActivityManager: Slow operation: 163ms so far, now at startProcess: starting to update pids map
12-14 03:22:23.708 1490 1606 W ActivityManager: Slow operation: 163ms so far, now at startProcess: done updating pids map
12-14 03:22:23.711 1490 1522 D CompatibilityChangeReporter: Compat change id reported: 168419799; UID 1000; state: DISABLED
12-14 03:22:23.728 1490 1908 D CompatibilityChangeReporter: Compat change id reported: 182478738; UID 1073; state: DISABLED
01-01 09:56:50.878 0 0 I binder : 2392:2392 ioctl 40046210 7fe9b90604 returned -22
01-01 09:56:50.881 0 0 I binder : 2428:2428 ioctl 40046210 7fe9b90604 returned -22
12-14 03:22:23.745 1490 1522 D CompatibilityChangeReporter: Compat change id reported: 168419799; UID 1000; state: DISABLED
12-14 03:22:23.748 1490 1906 D CompatibilityChangeReporter: Compat change id reported: 157233955; UID 10082; state: ENABLED
12-14 03:22:23.750 1490 1522 D CompatibilityChangeReporter: Compat change id reported: 168419799; UID 10096; state: DISABLED
12-14 03:22:23.761 1490 1490 W Looper : Slow dispatch took 118ms main h=android.app.ActivityThread$H c=android.app.LoadedApk$ReceiverDispatcher$Args$$ExternalSyntheticLambda0@30a30c9 m=0
12-14 03:22:23.763 1490 1490 D ConditionProviders.SCP: onSubscribe condition://android/schedule?days=1.2.3.4.5.6.7&start=22.0&end=7.0&exitAtAlarm=true
12-14 03:22:23.763 1490 1490 D ConditionProviders.SCP: setRegistered true
12-14 03:22:23.766 1490 1593 D UsbDeviceManager: push notification:正在通过 USB 为此设备充电
01-01 09:56:50.905 0 0 I binder : 2356:2356 ioctl 40046210 7fe9b8f174 returned -22
12-14 03:22:23.769 1490 1919 W ActivityThread: Failed to find provider info for com.android.calendar (user not unlocked)
12-14 03:22:23.769 1490 1919 W ActivityThread: Failed to find provider info for com.android.calendar (user not unlocked)
12-14 03:22:23.770 1490 1490 D ConditionProviders.SCP: evaluateSubscriptionLocked cal=ScheduleCalendar[mDays={1, 2, 3, 4, 5, 6, 7}, mSchedule=ScheduleInfo{days=[1, 2, 3, 4, 5, 6, 7], startHour=22, startMinute=0, endHour=7, endMinute=0, exitAtAlarm=true, nextAlarm=Thu Jan 01 08:00:00 GMT+08:00 1970 (0)}], now=Wed Dec 14 03:22:23 GMT+08:00 2022 (1670959343763), nextUserAlarmTime=Thu Jan 01 08:00:00 GMT+08:00 1970 (0)
12-14 03:22:23.770 1490 1490 D ConditionProviders.SCP: notifyCondition condition://android/schedule?days=1.2.3.4.5.6.7&start=22.0&end=7.0&exitAtAlarm=true STATE_TRUE reason=meetsSchedule
12-14 03:22:23.771 2356 2356 W ContextImpl: Calling a method in the system process without a qualified user: android.app.ContextImpl.startService:1816 android.content.ContextWrapper.startService:774 com.thundercomm.tcservice.TCService.init:46 com.thundercomm.tcservice.TCService.onCreate:33 android.app.ActivityThread.handleCreateService:4488
12-14 03:22:23.772 1490 1490 D ConditionProviders.SCP: Scheduling evaluate for Wed Dec 14 07:00:00 GMT+08:00 2022 (1670972400000), in +3h37m36s237ms, now=Wed Dec 14 03:22:23 GMT+08:00 2022 (1670959343763)
12-14 03:22:23.774 1490 1490 D BluetoothManagerService: Bluetooth Adapter name changed to QCOM-BTD by android
12-14 03:22:23.774 1490 1490 D BluetoothManagerService: Stored Bluetooth name: QCOM-BTD
12-14 03:22:23.782 1490 1490 W BluetoothManagerService: bindBluetoothProfileService:Trying to bind to profile: 1, while Bluetooth is disabled
12-14 03:22:23.783 1490 2490 I Telecom : BluetoothRouteManager: getBluetoothAudioConnectedDevice: no service available.
12-14 03:22:23.784 1490 1490 I Telecom : SystemStateHelper: Registering broadcast receiver: android.content.IntentFilter@57c6823: TS.init@AAA
12-14 03:22:23.784 1490 1490 I Telecom : SystemStateHelper: Registering broadcast receiver: android.content.IntentFilter@bc53120: TS.init@AAA
01-01 09:56:50.929 0 0 I binder : 2363:2363 ioctl 40046210 7fe9b8e5e4 returned -22
12-14 03:22:23.791 1490 2491 I Telecom : Logging.Events: Non-call EVENT: AUDIO_ROUTE, Entering state QuiescentEarpieceRoute
12-14 03:22:23.791 1490 2491 I Telecom : BluetoothRouteManager: getBluetoothAudioConnectedDevice: no service available.
12-14 03:22:23.795 1490 2492 I Telecom : CallAudioModeStateMachine: Message received: null.: TS.init->CAMSM.pM_1@AAA
12-14 03:22:23.796 1490 1490 I Telecom : MissedCallNotifierImpl: reloadFromDatabase: Boot not yet complete -- call log db may not be available. Deferring loading until boot complete for user 0: TS.init@AAA
12-14 03:22:23.797 1490 1490 I Telecom : MissedCallNotifierImpl: reloadFromDatabase: Boot not yet complete -- call log db may not be available. Deferring loading until boot complete for user 0: TS.init@AAA
12-14 03:22:23.799 1490 1490 I Telecom : Class: TelecomSystem.INSTANCE being set
12-14 03:22:23.800 1490 1490 I AutofillManagerService: Updating for user 0: disabled=false
12-14 03:22:23.800 1490 1490 D BluetoothManagerService: BluetoothServiceConnection: com.android.bluetooth.btservice.AdapterService
12-14 03:22:23.800 1490 1595 D BluetoothManagerService: MESSAGE_BLUETOOTH_SERVICE_CONNECTED: 1
12-14 03:22:23.801 1490 1490 I ConnectivityModuleConnector: Networking module service connected
12-14 03:22:23.802 1490 1490 I ConnectivityModuleConnector: Networking module service connected
12-14 03:22:23.803 1490 1595 D BluetoothManagerService: MESSAGE_INFORM_ADAPTER_SERVICE_UP
12-14 03:22:23.803 1490 1595 D BluetoothManagerService: Broadcasting onBluetoothServiceUp() to 3 receivers.
12-14 03:22:23.804 1490 1490 I Telecom : WiredHeadsetManager: ACTION_HEADSET_PLUG event, plugged in: false, : WHC.oADA@AAE
12-14 03:22:23.804 1490 1595 D BluetoothManagerService: MESSAGE_BLUETOOTH_STATE_CHANGE: OFF > BLE_TURNING_ON
12-14 03:22:23.804 1490 1595 D BluetoothManagerService: Sending BLE State Change: OFF > BLE_TURNING_ON
12-14 03:22:23.804 1490 1490 I ExplicitHealthCheckController: Explicit health check service is connected ComponentInfo{android.ext.services/android.ext.services.watchdog.ExplicitHealthCheckServiceImpl}
12-14 03:22:23.806 1490 1490 I ExplicitHealthCheckController: Service initialized, syncing requests
12-14 03:22:23.806 1490 1490 V NotificationAssistants: 0 notification assistant service connected: ComponentInfo{android.ext.services/android.ext.services.notification.Assistant}
12-14 03:22:23.807 1490 1490 W Looper : Drained
12-14 03:22:23.808 1490 1490 I GameModeConfig: isGameModeOn = false
12-14 03:22:23.809 1490 1490 W NotificationHistory: Attempted to add notif for locked/gone/disabled user 0
12-14 03:22:23.809 1490 1490 D CompanionDeviceManagerService: Received BT state transition broadcast: OFF -> BLE_TURNING_ON
12-14 03:22:23.809 1490 1490 I PackageWatchdog: Syncing health check requests for packages: {}
12-14 03:22:23.809 1490 1490 D ExplicitHealthCheckController: Getting health check supported packages
12-14 03:22:23.811 1490 1522 I ExplicitHealthCheckController: Explicit health check supported packages [PackageConfig{com.android.networkstack, 86400000}]
12-14 03:22:23.811 1490 1522 D PackageWatchdog: Received supported packages [PackageConfig{com.android.networkstack, 86400000}]
12-14 03:22:23.811 1490 1522 D ExplicitHealthCheckController: Getting health check requested packages
12-14 03:22:23.812 1490 2121 I ExplicitHealthCheckController: Explicit health check requested packages []
12-14 03:22:23.812 1490 2121 I ExplicitHealthCheckController: No more health check requests, unbinding...
12-14 03:22:23.813 1490 1522 D CompatibilityChangeReporter: Compat change id reported: 168419799; UID 1002; state: DISABLED
12-14 03:22:23.814 1490 2121 I ExplicitHealthCheckController: Explicit health check service is unbound
12-14 03:22:23.817 1490 1918 I GameModeConfig: isGameModeOn = false
01-01 09:56:50.966 0 0 E bt_ioctl: BT_CMD_PWR_CTRL pwr_cntrl:0
01-01 09:56:50.966 0 0 E bt_ioctl: BT state already:0 no change done
01-01 09:56:50.966 0 0 E bt_ioctl: BT_CMD_PWR_CTRL pwr_cntrl:1
01-01 09:56:50.966 0 0 I bt_power vendor: bt_qca6390: Linked as a consumer to regulator.9
01-01 09:56:50.966 0 0 E bt_vreg_enable: vreg_en successful for : qca,bt-vdd-aon
01-01 09:56:50.966 0 0 I bt_power vendor: bt_qca6390: Linked as a consumer to regulator.51
01-01 09:56:50.967 0 0 E bt_vreg_enable: vreg_en successful for : qca,bt-vdd-dig
01-01 09:56:50.967 0 0 I bt_power vendor: bt_qca6390: Linked as a consumer to regulator.8
01-01 09:56:50.967 0 0 E bt_vreg_enable: vreg_en successful for : qca,bt-vdd-rfa1
01-01 09:56:50.967 0 0 I bt_power vendor: bt_qca6390: Linked as a consumer to regulator.36
01-01 09:56:50.968 0 0 E bt_vreg_enable: vreg_en successful for : qca,bt-vdd-rfa2
01-01 09:56:50.968 0 0 I bt_power vendor: bt_qca6390: Linked as a consumer to regulator.27
01-01 09:56:50.968 0 0 E bt_vreg_enable: vreg_en successful for : qca,bt-vdd-asd
12-14 03:22:23.839 1490 2121 D CompatibilityChangeReporter: Compat change id reported: 135634846; UID 10085; state: DISABLED
12-14 03:22:23.839 1490 2121 D CompatibilityChangeReporter: Compat change id reported: 177438394; UID 10085; state: DISABLED
12-14 03:22:23.839 1490 2121 D CompatibilityChangeReporter: Compat change id reported: 135772972; UID 10085; state: DISABLED
12-14 03:22:23.839 1490 2121 D CompatibilityChangeReporter: Compat change id reported: 135754954; UID 10085; state: ENABLED
12-14 03:22:23.840 1490 1606 D CompatibilityChangeReporter: Compat change id reported: 143937733; UID 10085; state: ENABLED
12-14 03:22:23.848 1490 2502 D CompatibilityChangeReporter: Compat change id reported: 135634846; UID 10080; state: DISABLED
12-14 03:22:23.848 1490 2502 D CompatibilityChangeReporter: Compat change id reported: 177438394; UID 10080; state: DISABLED
12-14 03:22:23.848 1490 2502 D CompatibilityChangeReporter: Compat change id reported: 135772972; UID 10080; state: DISABLED
12-14 03:22:23.848 1490 2502 D CompatibilityChangeReporter: Compat change id reported: 135754954; UID 10080; state: ENABLED
12-14 03:22:23.848 1490 1606 I ActivityManager: Start proc 2531:com.qualcomm.qti.qccauthmgr/u0a85 for content provider {com.qualcomm.qti.qccauthmgr/com.qualcomm.qti.qccauthmgr.providers.SMQContentProvider}
12-14 03:22:23.848 1490 1606 D CompatibilityChangeReporter: Compat change id reported: 143937733; UID 10080; state: ENABLED
01-01 09:56:50.993 0 0 I binder : 2010:2533 ioctl 40046210 6ce42ef124 returned -22
01-01 09:56:51.000 0 0 I binder : 2531:2531 ioctl 40046210 7fe9b90604 returned -22
12-14 03:22:23.862 1490 1606 I ActivityManager: Start proc 2543:com.android.launcher3/u0a80 for service {com.android.launcher3/com.android.quickstep.TouchInteractionService}
01-01 09:56:51.001 0 0 I binder : 2392:2509 ioctl 40046210 6d559311f4 returned -22
12-14 03:22:23.870 1490 1520 D CompatibilityChangeReporter: Compat change id reported: 168419799; UID 10085; state: DISABLED
12-14 03:22:23.876 1157 1157 I iorapd : iorapd (the prefetchening) readied up
12-14 03:22:23.878 1490 1596 I ActivityManagerTiming: FinishBooting
01-01 09:56:51.021 0 0 I bt_configure_gpios: BTON:Turn Bt Off bt-reset-gpio(1121) value(0)
01-01 09:56:51.021 0 0 I bt_configure_gpios: BTON:Turn Bt Off
01-01 09:56:51.021 0 0 I bt_configure_gpios: bt-sw-ctrl-gpio(1224) value(1)
01-01 09:56:51.021 0 0 I bt_enable_bt_reset_gpios_safely: bt_enable_bt_reset_gpios_safely: BTON:Turn Bt On
01-01 09:56:51.021 0 0 I bt_enable_bt_reset_gpios_safely: bt_enable_bt_reset_gpios_safely: wl-reset-gpio(1120) value(1)
01-01 09:56:51.021 0 0 I bt_enable_bt_reset_gpios_safely: bt_enable_bt_reset_gpios_safely: BTON: Asserting BT_EN
12-14 03:22:23.881 1490 1596 W KeyguardServiceDelegate: onScreenTurningOn(): no keyguard service!
01-01 09:56:51.030 0 0 I binder : 2543:2543 ioctl 40046210 7fe9b90604 returned -22
12-14 03:22:23.903 1490 2502 D CompatibilityChangeReporter: Compat change id reported: 168419799; UID 10080; state: DISABLED
12-14 03:22:23.921 1490 2580 D CompatibilityChangeReporter: Compat change id reported: 171306433; UID 1000; state: ENABLED
01-01 09:56:51.077 0 0 I bt_configure_gpios: BTON:Turn Bt On bt-reset-gpio(1121) value(1)
01-01 09:56:51.077 0 0 I bt_configure_gpios: BTON:Turn Bt On
01-01 09:56:51.077 0 0 I bt_configure_gpios: bt-sw-ctrl-gpio(1224) value(1)
01-01 09:56:51.077 0 0 I bt_configure_gpios: bt_gpio= 1121 on: 1 is successful
01-01 09:56:51.104 0 0 E bt_ioctl: unified Current SOC Version : 400a0200
12-14 03:22:23.988 1490 2580 I StatusBarManagerService: registerStatusBar bar=com.android.internal.statusbar.IStatusBar$Stub$Proxy@ed8f5d2
12-14 03:22:24.007 1490 1490 I GameModeConfig: isGameModeOn = false
12-14 03:22:24.009 1490 1490 W NotificationHistory: Attempted to add notif for locked/gone/disabled user 0
12-14 03:22:24.188 1490 2580 D CompatibilityChangeReporter: Compat change id reported: 168419799; UID 10082; state: DISABLED
12-14 03:22:24.234 2010 2494 W ActivityThread: Failed to find provider info for com.android.contacts (user not unlocked)
01-01 09:56:51.453 0 0 D cnss : Received QMI WLFW pin connect result indication
01-01 09:56:51.453 0 0 D cnss : Pin connect Result: pwr_pin: 0x0 phy_io_pin: 0x0 rf_io_pin: 0x2b
01-01 09:56:51.453 0 0 D cnss : Received QMI WLFW calibration done indication
01-01 09:56:51.453 0 0 D cnss : Posting event: COLD_BOOT_CAL_DONE(6), state: 0xf flags: 0x0
01-01 09:56:51.453 0 0 D cnss : PM stay awake, state: 0xf, count: 1
01-01 09:56:51.453 0 0 D cnss : PM relax, state: 0xf, count: 0
01-01 09:56:51.453 0 0 D cnss : Received QMI WLFW FW ready indication
01-01 09:56:51.453 0 0 D cnss : PM stay awake, state: 0xf, count: 1
01-01 09:56:51.453 0 0 D cnss : Posting event: COLD_BOOT_CAL_DONE(6), state: 0xf flags: 0x0
01-01 09:56:51.453 0 0 D cnss : Processing driver event: COLD_BOOT_CAL_DONE(6), state: 0xf
01-01 09:56:51.453 0 0 D cnss : Calibration completed successfully
01-01 09:56:51.453 0 0 D cnss : Sending mode message, mode: OFF(4), state: 0xf
01-01 09:56:51.457 0 0 D cnss : Skip driver remove
01-01 09:56:51.457 0 0 D cnss : Read register offset 0x1f8031c, val = 0x2
01-01 09:56:51.457 0 0 D cnss : Write val 0x3 to register offset 0x1f8031c
01-01 09:56:51.457 0 0 D cnss : WLFW server exiting
01-01 09:56:51.457 0 0 D cnss : Posting event: SERVER_EXIT(1), state: 0x2000f flags: 0x0
01-01 09:56:51.459 0 0 D cnss : Setting MHI state: POWER_OFF(4)
01-01 09:56:51.473 0 0 D cnss : Suspending PCI link
12-14 03:22:24.340 2010 2529 W ActivityThread: Failed to find provider info for com.android.contacts (user not unlocked)
01-01 09:56:51.481 0 0 I msm_pcie_disable: PCIe: Assert the reset of endpoint of RC0.
01-01 09:56:51.482 0 0 D cnss : Setting MHI state: DEINIT(1)
01-01 09:56:51.482 0 0 D cnss : De-assert WLAN_EN GPIO successfully
01-01 09:56:51.482 0 0 D cnss : Regulator vdd-wlan-rfa2 is being disabled
01-01 09:56:51.482 0 0 D cnss : Regulator vdd-wlan-rfa1 is being disabled
01-01 09:56:51.482 0 0 D cnss : Regulator vdd-wlan-dig is being disabled
01-01 09:56:51.482 0 0 D cnss : Regulator vdd-wlan-aon is being disabled
01-01 09:56:51.482 0 0 D cnss : Regulator wlan-ant-switch is being disabled
01-01 09:56:51.482 0 0 D cnss : Regulator vdd-wlan-io is being disabled
01-01 09:56:51.490 0 0 W mv2112_read_status: autoneg not complete
01-01 09:56:51.490 0 0 I : mv2112_disable_aneg
01-01 09:56:51.490 0 0 I : mv2112_setup_forced
01-01 09:56:51.491 0 0 I lan743x 0001: 01:00.0 eth0: Link is Down
12-14 03:22:24.359 2010 2529 W ActivityThread: Failed to find provider info for com.android.contacts (user not unlocked)
12-14 03:22:24.366 2010 2529 W ActivityThread: Failed to find provider info for com.android.contacts (user not unlocked)
01-01 09:56:51.537 0 0 D cnss : Processing driver event: COLD_BOOT_CAL_DONE(6), state: 0x20001
01-01 09:56:51.537 0 0 D cnss : Processing driver event: SERVER_EXIT(1), state: 0x20001
01-01 09:56:51.537 0 0 I cnss : QMI WLFW service disconnected, state: 0x20000
01-01 09:56:51.537 0 0 D cnss : PM relax, state: 0x0, count: 0
01-01 09:56:51.537 0 0 D cnss : PM stay awake, state: 0x0, count: 1
01-01 09:56:51.537 0 0 D cnss : PM relax, state: 0x0, count: 0
01-01 09:56:51.537 0 0 D cnss : Posting event: REGISTER_DRIVER(7)-sync, state: 0x0 flags: 0x5
01-01 09:56:51.537 0 0 D cnss : PM stay awake, state: 0x0, count: 1
01-01 09:56:51.537 0 0 D cnss : Processing driver event: REGISTER_DRIVER-sync(7), state: 0x0
01-01 09:56:51.537 0 0 D cnss : Regulator vdd-wlan-io is being enabled
01-01 09:56:51.537 0 0 D cnss : Regulator wlan-ant-switch is being enabled
01-01 09:56:51.538 0 0 D cnss : Regulator vdd-wlan-aon is being enabled
01-01 09:56:51.538 0 0 D cnss : Regulator vdd-wlan-dig is being enabled
01-01 09:56:51.538 0 0 D cnss : Regulator vdd-wlan-rfa1 is being enabled
01-01 09:56:51.538 0 0 D cnss : Regulator vdd-wlan-rfa2 is being enabled
01-01 09:56:51.538 0 0 D cnss : BT_EN_GPIO State: On
01-01 09:56:51.539 0 0 D cnss : Assert WLAN_EN GPIO successfully
01-01 09:56:51.539 0 0 D cnss : Resuming PCI link
01-01 09:56:51.539 0 0 I msm_pcie_enable: PCIe: Assert the reset of endpoint of RC0.
01-01 09:56:51.542 0 0 I msm_pcie_enable: PCIe: RC0: PCIE20_PARF_INT_ALL_MASK: 0x7f80d202
01-01 09:56:51.544 0 0 I pcie_phy_init: PCIe RC0 PHY is ready!
01-01 09:56:51.554 0 0 I msm_pcie_enable: PCIe: Release the reset of endpoint of RC0.
01-01 09:56:51.570 0 0 I msm_pcie_link_train: PCIe RC0 link initialized
01-01 09:56:51.585 0 0 I cnss_pci 0000: 01:00.0: enabling device (0000 -> 0002)
01-01 09:56:51.586 0 0 D cnss : Config PCIe remap window register to 0x4000003f
01-01 09:56:51.586 0 0 D cnss : Read register offset 0x1f8031c, val = 0x6
01-01 09:56:51.586 0 0 D cnss : Write val 0x2 to register offset 0x1f8031c
01-01 09:56:51.586 0 0 D cnss : Setting MHI state: INIT(0)
01-01 09:56:51.586 0 0 D cnss : Setting MHI state: POWER_ON(2)
01-01 09:56:51.586 0 0 W cnss_pci 0000: 01:00.0: Falling back to syfs fallback for: qca6390/amss20.bin
01-01 09:56:51.587 0 0 I ueventd : firmware: loading 'qca6390/amss20.bin' for '/devices/platform/soc/1c00000.qcom,pcie/pci0000:00/0000:00:00.0/0000:01:00.0/firmware/qca6390!amss20.bin'
01-01 09:56:51.589 0 0 I ueventd : loading /devices/platform/soc/1c00000.qcom,pcie/pci0000:00/0000:00:00.0/0000:01:00.0/firmware/qca6390!amss20.bin took 2ms
12-14 03:22:24.452 1490 2133 D CompatibilityChangeReporter: Compat change id reported: 135634846; UID 10066; state: DISABLED
12-14 03:22:24.452 1490 2133 D CompatibilityChangeReporter: Compat change id reported: 177438394; UID 10066; state: DISABLED
12-14 03:22:24.452 1490 2133 D CompatibilityChangeReporter: Compat change id reported: 135772972; UID 10066; state: DISABLED
12-14 03:22:24.452 1490 2133 D CompatibilityChangeReporter: Compat change id reported: 135754954; UID 10066; state: ENABLED
12-14 03:22:24.452 1490 1606 D CompatibilityChangeReporter: Compat change id reported: 143937733; UID 10066; state: ENABLED
12-14 03:22:24.458 1490 1606 I ActivityManager: Start proc 2625:com.thundercomm.gamemode.provider/u0a66 for content provider {com.thundercomm.gamemode.provider/com.thundercomm.gamemode.provider.SettingsProvider}
01-01 09:56:51.605 0 0 I binder : 2625:2625 ioctl 40046210 7fe9b90604 returned -22
12-14 03:22:24.469 1490 2133 D CompatibilityChangeReporter: Compat change id reported: 168419799; UID 10066; state: DISABLED
12-14 03:22:24.628 1490 1596 I ActivityManagerTiming: FinishBooting
12-14 03:22:24.629 1490 1596 I ActivityManager: About to commit checkpoint
12-14 03:22:24.629 1490 1596 W ActivityManager: FinishBooting sync begin
12-14 03:22:24.631 1490 1596 W ActivityManager: FinishBooting sync end
12-14 03:22:24.631 1490 1596 I SystemServiceManager: Starting phase 1000
12-14 03:22:24.631 1490 1596 I ActivityManagerTiming: OnBootPhase_1000
12-14 03:22:24.631 1490 1596 I ActivityManagerTiming: OnBootPhase_1000_com.android.server.security.FileIntegrityService
12-14 03:22:24.631 1490 1596 I ActivityManagerTiming: OnBootPhase_1000_com.android.server.pm.Installer
12-14 03:22:24.631 1490 1596 I ActivityManagerTiming: OnBootPhase_1000_com.android.server.os.DeviceIdentifiersPolicyService
12-14 03:22:24.631 1490 1596 I ActivityManagerTiming: OnBootPhase_1000_com.android.server.uri.UriGrantsManagerService$Lifecycle
12-14 03:22:24.631 1490 1596 I ActivityManagerTiming: OnBootPhase_1000_com.android.server.powerstats.PowerStatsService
12-14 03:22:24.631 1490 1596 E PowerStatsService: Failed to start PowerStatsService loggers
12-14 03:22:24.631 1490 1596 I ActivityManagerTiming: OnBootPhase_1000_com.android.server.wm.ActivityTaskManagerService$Lifecycle
12-14 03:22:24.631 1490 1596 I ActivityManagerTiming: OnBootPhase_1000_com.android.server.am.ActivityManagerService$Lifecycle
12-14 03:22:24.631 1490 1596 I ActivityManagerTiming: OnBootPhase_1000_com.android.server.pm.DataLoaderManagerService
12-14 03:22:24.631 1490 1596 I ActivityManagerTiming: OnBootPhase_1000_com.android.server.power.PowerManagerService
12-14 03:22:24.631 1490 1596 I ActivityManagerTiming: OnBootPhase_1000_com.android.server.power.ThermalManagerService
12-14 03:22:24.631 1490 1596 I ActivityManagerTiming: OnBootPhase_1000_com.android.server.power.hint.HintManagerService
12-14 03:22:24.631 1490 1596 I ActivityManagerTiming: OnBootPhase_1000_com.android.server.recoverysystem.RecoverySystemService$Lifecycle
12-14 03:22:24.631 1490 1596 I ActivityManagerTiming: OnBootPhase_1000_com.android.server.lights.LightsService
12-14 03:22:24.631 1490 1596 I ActivityManagerTiming: OnBootPhase_1000_com.android.server.display.DisplayManagerService
12-14 03:22:24.631 1490 1621 V DisplayPowerController[0]: Brightness [1.0] reason changing to: 'manual', previous reason: 'override'.
12-14 03:22:24.632 1490 1596 I ActivityManagerTiming: OnBootPhase_1000_com.android.server.pm.verify.domain.DomainVerificationService
12-14 03:22:24.632 1490 1596 I ActivityManagerTiming: OnBootPhase_1000_com.android.server.pm.PackageInstallerService$Lifecycle
12-14 03:22:24.632 1490 1596 I ActivityManagerTiming: OnBootPhase_1000_com.android.server.pm.UserManagerService$LifeCycle
12-14 03:22:24.632 1490 1596 I ActivityManagerTiming: OnBootPhase_1000_com.android.server.om.OverlayManagerService
12-14 03:22:24.632 1490 1596 I ActivityManagerTiming: OnBootPhase_1000_com.android.server.SensorPrivacyService
12-14 03:22:24.632 1490 1596 I ActivityManagerTiming: OnBootPhase_1000_com.android.server.sensors.SensorService
12-14 03:22:24.632 1490 1596 I ActivityManagerTiming: OnBootPhase_1000_com.android.server.SystemConfigService
12-14 03:22:24.632 1490 1596 I ActivityManagerTiming: OnBootPhase_1000_com.android.server.BatteryService
12-14 03:22:24.632 1490 1596 I ActivityManagerTiming: OnBootPhase_1000_com.android.server.usage.UsageStatsService
12-14 03:22:24.632 1490 1596 I ActivityManagerTiming: OnBootPhase_1000_com.android.server.webkit.WebViewUpdateService
12-14 03:22:24.632 1490 1596 I ActivityManagerTiming: OnBootPhase_1000_com.android.server.CachedDeviceStateService
12-14 03:22:24.632 1490 1596 I ActivityManagerTiming: OnBootPhase_1000_com.android.server.BinderCallsStatsService$LifeCycle
12-14 03:22:24.632 1490 1596 I ActivityManagerTiming: OnBootPhase_1000_com.android.server.LooperStatsService$Lifecycle
12-14 03:22:24.632 1490 1596 I ActivityManagerTiming: OnBootPhase_1000_com.android.server.rollback.RollbackManagerService
12-14 03:22:24.632 1490 1596 I ActivityManagerTiming: OnBootPhase_1000_com.android.server.os.NativeTombstoneManagerService
12-14 03:22:24.632 1490 1596 I ActivityManagerTiming: OnBootPhase_1000_com.android.server.os.BugreportManagerService
12-14 03:22:24.632 1490 1596 I ActivityManagerTiming: OnBootPhase_1000_com.android.server.gpu.GpuService
12-14 03:22:24.632 1490 1651 D RollbackManager: mRollbackLifetimeDurationInMillis=1209600000
12-14 03:22:24.633 1490 1649 D AppStandbyController: Loading headless system app cache. appIdleEnabled=false
12-14 03:22:24.634 1490 1596 I ActivityManagerTiming: OnBootPhase_1000_com.android.server.security.KeyChainSystemService
12-14 03:22:24.634 1490 1596 I ActivityManagerTiming: OnBootPhase_1000_com.android.server.telecom.TelecomLoaderService
12-14 03:22:24.634 1490 1596 I ActivityManagerTiming: OnBootPhase_1000_com.android.server.accounts.AccountManagerService$Lifecycle
12-14 03:22:24.634 1490 1596 I ActivityManagerTiming: OnBootPhase_1000_com.android.server.content.ContentService$Lifecycle
12-14 03:22:24.634 1490 1596 I ActivityManagerTiming: OnBootPhase_1000_com.android.server.DropBoxManagerService
12-14 03:22:24.634 1490 1596 I ActivityManagerTiming: OnBootPhase_1000_com.android.role.RoleService
12-14 03:22:24.634 1490 1596 I ActivityManagerTiming: OnBootPhase_1000_com.android.server.vibrator.VibratorManagerService$Lifecycle
12-14 03:22:24.634 1490 1596 I ActivityManagerTiming: OnBootPhase_1000_com.android.server.alarm.AlarmManagerService
12-14 03:22:24.634 1490 1596 I ActivityManagerTiming: OnBootPhase_1000_com.android.server.devicestate.DeviceStateManagerService
12-14 03:22:24.634 1490 1596 I ActivityManagerTiming: OnBootPhase_1000_com.android.server.camera.CameraServiceProxy
12-14 03:22:24.639 1490 1596 I ActivityManagerTiming: OnBootPhase_1000_com.android.server.BluetoothService
12-14 03:22:24.639 1490 1596 I ActivityManagerTiming: OnBootPhase_1000_com.android.server.connectivity.IpConnectivityMetrics
12-14 03:22:24.639 1490 1596 I ActivityManagerTiming: OnBootPhase_1000_com.android.server.net.watchlist.NetworkWatchlistService$Lifecycle
12-14 03:22:24.639 1490 1596 I ActivityManagerTiming: OnBootPhase_1000_com.android.server.PinnerService
12-14 03:22:24.639 1490 1596 I ActivityManagerTiming: OnBootPhase_1000_com.google.android.startop.iorap.IorapForwardingService
12-14 03:22:24.640 1490 1596 I ActivityManagerTiming: OnBootPhase_1000_com.android.server.ActivityTriggerService
12-14 03:22:24.640 1490 1596 I ActivityManagerTiming: OnBootPhase_1000_com.android.server.integrity.AppIntegrityManagerService
12-14 03:22:24.640 1490 1596 I ActivityManagerTiming: OnBootPhase_1000_com.android.server.inputmethod.InputMethodManagerService$Lifecycle
12-14 03:22:24.640 1490 1596 I ActivityManagerTiming: OnBootPhase_1000_com.android.server.accessibility.AccessibilityManagerService$Lifecycle
12-14 03:22:24.640 1490 1596 I ActivityManagerTiming: OnBootPhase_1000_com.android.server.StorageManagerService$Lifecycle
12-14 03:22:24.640 1490 1596 I ActivityManagerTiming: OnBootPhase_1000_com.android.server.usage.StorageStatsService$Lifecycle
12-14 03:22:24.640 1490 1596 I ActivityManagerTiming: OnBootPhase_1000_com.android.server.UiModeManagerService
12-14 03:22:24.640 1490 1596 I ActivityManagerTiming: OnBootPhase_1000_com.android.server.locksettings.LockSettingsService$Lifecycle
12-14 03:22:24.640 1490 1826 D StorageManagerService: Thinking about init, mBootCompleted=true, mDaemonConnected=true
12-14 03:22:24.640 1490 1826 D StorageManagerService: Thinking about reset, mBootCompleted=true, mDaemonConnected=true
12-14 03:22:24.640 1490 1826 I StorageSessionController: Started resetting external storage service...
12-14 03:22:24.640 1490 1826 I StorageSessionController: Finished resetting external storage service
12-14 03:22:24.640 1490 1826 I StorageManagerService: Resetting vold...
12-14 03:22:24.640 1490 1826 I StorageManagerService: Reset vold
12-14 03:22:24.640 512 512 I vold : onUserAdded: 0
12-14 03:22:24.640 1490 1596 I ActivityManagerTiming: OnBootPhase_1000_com.android.server.PersistentDataBlockService
12-14 03:22:24.640 1490 1596 I ActivityManagerTiming: OnBootPhase_1000_com.android.server.testharness.TestHarnessModeService
12-14 03:22:24.640 1490 1596 D TestHarnessModeService: Completing Test Harness Mode setup.
12-14 03:22:24.647 1490 1596 I ActivityManagerTiming: OnBootPhase_1000_com.android.server.oemlock.OemLockService
12-14 03:22:24.647 1490 1596 I ActivityManagerTiming: OnBootPhase_1000_com.android.server.DeviceIdleController
12-14 03:22:24.647 1490 1596 I ActivityManagerTiming: OnBootPhase_1000_com.android.server.devicepolicy.DevicePolicyManagerService$Lifecycle
12-14 03:22:24.647 1490 1596 I ActivityManagerTiming: OnBootPhase_1000_com.android.server.texttospeech.TextToSpeechManagerService
12-14 03:22:24.647 1490 1596 I ActivityManagerTiming: OnBootPhase_1000_com.android.server.speech.SpeechRecognitionManagerService
12-14 03:22:24.647 1490 1596 I ActivityManagerTiming: OnBootPhase_1000_com.android.server.searchui.SearchUiManagerService
12-14 03:22:24.647 1490 1596 I ActivityManagerTiming: OnBootPhase_1000_com.android.server.smartspace.SmartspaceManagerService
12-14 03:22:24.647 1490 1596 I ActivityManagerTiming: OnBootPhase_1000_com.android.server.graphics.fonts.FontManagerService$Lifecycle
12-14 03:22:24.647 1490 1596 I ActivityManagerTiming: OnBootPhase_1000_com.android.server.textservices.TextServicesManagerService$Lifecycle
12-14 03:22:24.647 1490 1596 I ActivityManagerTiming: OnBootPhase_1000_com.android.server.textclassifier.TextClassificationManagerService$Lifecycle
12-14 03:22:24.647 1490 1596 I ActivityManagerTiming: OnBootPhase_1000_com.android.server.NetworkScoreService$Lifecycle
12-14 03:22:24.647 1490 1596 I ActivityManagerTiming: OnBootPhase_1000_com.android.server.wifi.WifiService
12-14 03:22:24.647 1490 1596 I ActivityManagerTiming: OnBootPhase_1000_com.android.server.wifi.scanner.WifiScanningService
12-14 03:22:24.647 1490 1596 I ActivityManagerTiming: OnBootPhase_1000_com.android.server.wifi.rtt.RttService
12-14 03:22:24.647 1490 1596 I ActivityManagerTiming: OnBootPhase_1000_com.android.server.wifi.aware.WifiAwareService
12-14 03:22:24.647 1490 1596 I ActivityManagerTiming: OnBootPhase_1000_com.android.server.wifi.p2p.WifiP2pService
12-14 03:22:24.647 1490 1596 I ActivityManagerTiming: OnBootPhase_1000_com.android.server.ethernet.EthernetService
12-14 03:22:24.647 1490 1596 I ActivityManagerTiming: OnBootPhase_1000_com.android.server.ConnectivityServiceInitializer
12-14 03:22:24.647 1490 1596 I ActivityManagerTiming: OnBootPhase_1000_com.android.server.notification.NotificationManagerService
12-14 03:22:24.647 1490 1596 I ActivityManagerTiming: OnBootPhase_1000_com.android.server.storage.DeviceStorageMonitorService
12-14 03:22:24.647 1490 1596 I ActivityManagerTiming: OnBootPhase_1000_com.android.server.location.LocationManagerService$Lifecycle
12-14 03:22:24.647 1490 1596 I ActivityManagerTiming: OnBootPhase_1000_com.android.server.timedetector.TimeDetectorService$Lifecycle
12-14 03:22:24.647 1490 1596 I ActivityManagerTiming: OnBootPhase_1000_com.android.server.timezonedetector.TimeZoneDetectorService$Lifecycle
12-14 03:22:24.647 1490 1596 I ActivityManagerTiming: OnBootPhase_1000_com.android.server.timezonedetector.location.LocationTimeZoneManagerService$Lifecycle
12-14 03:22:24.647 1490 1596 I ActivityManagerTiming: OnBootPhase_1000_com.android.server.search.SearchManagerService$Lifecycle
12-14 03:22:24.647 1490 1596 I ActivityManagerTiming: OnBootPhase_1000_com.android.server.wallpaper.WallpaperManagerService$Lifecycle
12-14 03:22:24.647 1490 1596 I ActivityManagerTiming: OnBootPhase_1000_com.android.server.audio.AudioService$Lifecycle
12-14 03:22:24.647 1490 1596 I ActivityManagerTiming: OnBootPhase_1000_com.android.server.soundtrigger_middleware.SoundTriggerMiddlewareService$Lifecycle
12-14 03:22:24.647 1490 1596 I ActivityManagerTiming: OnBootPhase_1000_com.android.server.DockObserver
12-14 03:22:24.647 1490 1596 I ActivityManagerTiming: OnBootPhase_1000_com.android.server.midi.MidiService$Lifecycle
12-14 03:22:24.647 1490 1596 I ActivityManagerTiming: OnBootPhase_1000_com.android.server.adb.AdbService$Lifecycle
12-14 03:22:24.647 1490 1596 I ActivityManagerTiming: OnBootPhase_1000_com.android.server.usb.UsbService$Lifecycle
12-14 03:22:24.647 1490 1596 I ActivityManagerTiming: OnBootPhase_1000_com.android.server.twilight.TwilightService
12-14 03:22:24.648 1490 1596 I ActivityManagerTiming: OnBootPhase_1000_com.android.server.display.color.ColorDisplayService
12-14 03:22:24.648 1490 1596 I ActivityManagerTiming: OnBootPhase_1000_com.android.server.job.JobSchedulerService
12-14 03:22:24.648 1490 1596 I ActivityManagerTiming: OnBootPhase_1000_com.android.server.soundtrigger.SoundTriggerService
12-14 03:22:24.648 1490 1596 D SoundTriggerService: onBootPhase: 1000 : false
12-14 03:22:24.648 1490 1596 I ActivityManagerTiming: OnBootPhase_1000_com.android.server.trust.TrustManagerService
12-14 03:22:24.648 1490 1596 I ActivityManagerTiming: OnBootPhase_1000_com.android.server.backup.BackupManagerService$Lifecycle
12-14 03:22:24.648 1490 1596 I ActivityManagerTiming: OnBootPhase_1000_com.android.server.appwidget.AppWidgetService
12-14 03:22:24.648 1490 1596 I ActivityManagerTiming: OnBootPhase_1000_com.android.server.voiceinteraction.VoiceInteractionManagerService
12-14 03:22:24.648 1490 1596 I ActivityManagerTiming: OnBootPhase_1000_com.android.server.apphibernation.AppHibernationService
12-14 03:22:24.648 1490 1596 I ActivityManagerTiming: OnBootPhase_1000_com.android.server.GestureLauncherService
12-14 03:22:24.648 1490 1596 I ActivityManagerTiming: OnBootPhase_1000_com.android.server.SensorNotificationService
12-14 03:22:24.649 1490 1596 D CompatibilityChangeReporter: Compat change id reported: 168936375; UID 1000; state: ENABLED
12-14 03:22:24.649 1490 1596 D CompatibilityChangeReporter: Compat change id reported: 168936375; UID 1000; state: DISABLED
12-14 03:22:24.649 1490 2653 I HibernationStateDiskStore: No hibernation file on disk for file /data/system/hibernation/states
12-14 03:22:24.649 1490 1596 D CompatibilityChangeReporter: Compat change id reported: 73144566; UID 1000; state: ENABLED
12-14 03:22:24.650 1490 1596 D CompatibilityChangeReporter: Compat change id reported: 73144566; UID 1000; state: DISABLED
12-14 03:22:24.650 1490 1596 I ActivityManagerTiming: OnBootPhase_1000_com.android.server.emergency.EmergencyAffordanceService
12-14 03:22:24.650 1490 1596 I ActivityManagerTiming: OnBootPhase_1000_com.android.server.blob.BlobStoreManagerService
12-14 03:22:24.650 1490 1596 I ActivityManagerTiming: OnBootPhase_1000_com.android.server.dreams.DreamManagerService
12-14 03:22:24.650 1490 1596 I ActivityManagerTiming: OnBootPhase_1000_com.android.server.companion.CompanionDeviceManagerService
12-14 03:22:24.650 1490 1596 I ActivityManagerTiming: OnBootPhase_1000_com.android.server.restrictions.RestrictionsManagerService
12-14 03:22:24.650 1490 1596 I ActivityManagerTiming: OnBootPhase_1000_com.android.server.media.MediaSessionService
12-14 03:22:24.650 1490 1596 I ActivityManagerTiming: OnBootPhase_1000_com.android.server.media.MediaResourceMonitorService
12-14 03:22:24.650 1490 1596 I ActivityManagerTiming: OnBootPhase_1000_com.android.server.biometrics.sensors.fingerprint.FingerprintService
12-14 03:22:24.650 1490 1596 I ActivityManagerTiming: OnBootPhase_1000_com.android.server.biometrics.BiometricService
12-14 03:22:24.650 1490 1596 I ActivityManagerTiming: OnBootPhase_1000_com.android.server.biometrics.AuthService
12-14 03:22:24.650 1490 1596 I ActivityManagerTiming: OnBootPhase_1000_com.android.server.pm.ShortcutService$Lifecycle
12-14 03:22:24.650 1490 1596 I ActivityManagerTiming: OnBootPhase_1000_com.android.server.pm.LauncherAppsService
12-14 03:22:24.651 1490 1596 I ActivityManagerTiming: OnBootPhase_1000_com.android.server.pm.CrossProfileAppsService
12-14 03:22:24.651 1490 1596 I ActivityManagerTiming: OnBootPhase_1000_com.android.server.people.PeopleService
12-14 03:22:24.651 1490 1596 I ActivityManagerTiming: OnBootPhase_1000_com.android.server.media.metrics.MediaMetricsManagerService
12-14 03:22:24.651 1490 1596 I ActivityManagerTiming: OnBootPhase_1000_com.android.server.media.projection.MediaProjectionManagerService
12-14 03:22:24.651 1490 1596 I ActivityManagerTiming: OnBootPhase_1000_com.android.server.slice.SliceManagerService$Lifecycle
12-14 03:22:24.651 1490 1596 I ActivityManagerTiming: OnBootPhase_1000_com.android.server.stats.StatsCompanion$Lifecycle
12-14 03:22:24.651 1490 1596 I ActivityManagerTiming: OnBootPhase_1000_com.android.server.scheduling.RebootReadinessManagerService$Lifecycle
12-14 03:22:24.651 1490 1596 I ActivityManagerTiming: OnBootPhase_1000_com.android.server.stats.pull.StatsPullAtomService
12-14 03:22:24.651 1490 1596 I ActivityManagerTiming: OnBootPhase_1000_com.android.server.incident.IncidentCompanionService
12-14 03:22:24.651 1490 1596 I ActivityManagerTiming: OnBootPhase_1000_com.android.server.MmsServiceBroker
12-14 03:22:24.651 1490 1596 I ActivityManagerTiming: OnBootPhase_1000_com.android.server.autofill.AutofillManagerService
12-14 03:22:24.651 1490 1596 I ActivityManagerTiming: OnBootPhase_1000_com.android.server.clipboard.ClipboardService
12-14 03:22:24.651 1490 1596 I ActivityManagerTiming: OnBootPhase_1000_com.android.server.appbinding.AppBindingService$Lifecycle
12-14 03:22:24.651 1490 1596 I ActivityManagerTiming: OnBootPhase_1000_com.android.server.tracing.TracingServiceProxy
12-14 03:22:24.651 1490 1596 I ActivityManagerTiming: OnBootPhase_1000_com.android.server.policy.PermissionPolicyService
12-14 03:22:24.651 1490 1596 I ActivityManagerTiming: OnBootPhase_1000_com.android.server.pm.StagingManager$Lifecycle
12-14 03:22:24.651 1490 1596 I ActivityManagerTiming: OnBootPhase_1000_com.android.server.app.GameManagerService$Lifecycle
12-14 03:22:24.651 1490 1596 D GameManagerService: onBootCompleted
12-14 03:22:24.651 1490 1596 I ActivityManagerTiming: OnBootPhase_1000_com.android.server.appsearch.AppSearchManagerService
12-14 03:22:24.651 1490 1596 I ActivityManagerTiming: OnBootPhase_1000_com.android.server.media.MediaCommunicationService
12-14 03:22:24.651 1490 1596 D ActivityManagerTiming: TotalBootTime took to complete: 3943ms
12-14 03:22:24.651 1490 1596 D SystemServerInitThreadPool: Shutdown requested
12-14 03:22:24.651 1490 1596 I SystemServerTiming: WaitInitThreadPoolShutdown
12-14 03:22:24.652 1490 1596 D SystemServerInitThreadPool: Shutdown successful
12-14 03:22:24.652 1490 1596 I ActivityManager: User 0 state changed from BOOTING to RUNNING_LOCKED
12-14 03:22:24.652 1490 1596 W ActivityManager: UserLifecycleEvent 4 received without an active userJourneySession.
12-14 03:22:24.654 1490 1596 D StorageManagerService: unlockUserKey: 0 isFileEncryptedNativeOrEmulated: true hasToken: false hasSecret: false
12-14 03:22:24.654 512 512 D vold : fscrypt_unlock_user_key 0 serial=0
12-14 03:22:24.654 1490 1593 E AdbDebuggingManager: Expected keyStore, but got tag=adbKey
12-14 03:22:24.654 1490 1593 E AdbDebuggingManager: Expected keyStore, but got tag=adbKey
12-14 03:22:24.654 512 512 D vold : Trying user CE key /data/misc/vold/user_keys/ce/0/current
12-14 03:22:24.655 1490 2656 D AdbDebuggingManager: Received connected key message: QAAAAOOUWvE1rygT0Ixj09RTp24JWgkxZV3u3V5jhSubR6C/WZQYa7ffTQdyuAiwoA8CIjxxaldaBT3yckdDduN8UKRA/N2VB7S4noZ+Y2n2yO5bbprEDw0ABkd2gtmQVJvQGkF/SsLYyleswkYJRYYK5EKrXFOuH92bfdfLj/KtLnr7T3v2AUdb23LBgCGP5DCECooEicIv/2hGURcyXHqsS/py+4zD4EXKEY1h3uIZKnWvNRVIilPspAK6sFwLMo/T5qcXjVgUuxq5YbmOEaHRe6TH2I+MJ3kzhy5lerS49XPfdThPy/of5E+0LSS2a/thu/nljtqM02hxPEbPUa2JcuCj0KWNIZZsDMV2SPBNxBiA7v+JNPojfE5gP0Jy7cMfO2SbC708x7p3HqU6ENqF5koA7sjcpK68qYfG0Fi6FDh+1XTnPGDk5AIo5eXy2hTc7hNdbURist5VKYTnYpEs4pz4Zj92FBpIiNj99gBzobpk75owQxis11c7bJZq1pCJiSmFEPTcDrv02X3oDIzj7Cs73UA0PD14oMkdQYK7uW+MASmqxEHa0+XnLi5mNXsp3dkaFdEMcDK6wSwC+0yOssdlETEpC4cZts9SQ37E7eMDKfF9m5Gju22KKv3T64iPrmBwhvngKOwxWqahWIHg3ajbUKAe0QY3sLgcEscEi0eFLWD+QgEAAQA= @unknown
12-14 03:22:24.657 1490 1593 D AdbDebuggingManager: Logging key QAAAAOOUWvE1rygT0Ixj09RTp24JWgkxZV3u3V5jhSubR6C/WZQYa7ffTQdyuAiwoA8CIjxxaldaBT3yckdDduN8UKRA/N2VB7S4noZ+Y2n2yO5bbprEDw0ABkd2gtmQVJvQGkF/SsLYyleswkYJRYYK5EKrXFOuH92bfdfLj/KtLnr7T3v2AUdb23LBgCGP5DCECooEicIv/2hGURcyXHqsS/py+4zD4EXKEY1h3uIZKnWvNRVIilPspAK6sFwLMo/T5qcXjVgUuxq5YbmOEaHRe6TH2I+MJ3kzhy5lerS49XPfdThPy/of5E+0LSS2a/thu/nljtqM02hxPEbPUa2JcuCj0KWNIZZsDMV2SPBNxBiA7v+JNPojfE5gP0Jy7cMfO2SbC708x7p3HqU6ENqF5koA7sjcpK68qYfG0Fi6FDh+1XTnPGDk5AIo5eXy2hTc7hNdbURist5VKYTnYpEs4pz4Zj92FBpIiNj99gBzobpk75owQxis11c7bJZq1pCJiSmFEPTcDrv02X3oDIzj7Cs73UA0PD14oMkdQYK7uW+MASmqxEHa0+XnLi5mNXsp3dkaFdEMcDK6wSwC+0yOssdlETEpC4cZts9SQ37E7eMDKfF9m5Gju22KKv3T64iPrmBwhvngKOwxWqahWIHg3ajbUKAe0QY3sLgcEscEi0eFLWD+QgEAAQA= @unknown, state = 4, alwaysAllow = true, lastConnectionTime = 1670959344657, authWindow = 604800000
12-14 03:22:24.665 512 512 D vold : Successfully retrieved key
12-14 03:22:24.668 2658 2658 F libc : Fatal signal 6 (SIGABRT), code -1 (SI_QUEUE) in tid 2658 (init), pid 2658 (init)
12-14 03:22:24.675 2658 2658 F libc : crash_dump helper failed to exec, or was killed
12-14 03:22:24.675 512 512 D vold : Installed fscrypt key with ref e4cdceca7532a632485f794d99c97633 to /data
12-14 03:22:24.676 512 512 D vold : Added fscrypt-provisioning key for e4cdceca7532a632485f794d99c97633 to session keyring
12-14 03:22:24.676 512 512 D vold : Installed ce key for user 0
12-14 03:22:24.676 1490 1596 W ActivityManager: UserLifecycleEvent 5 received without an active userJourneySession.
12-14 03:22:24.676 1490 1596 D ActivityManager: Started unlocking user 0
12-14 03:22:24.676 1490 1596 D ActivityManager: Unlocking user 0 progress 0
12-14 03:22:24.676 1490 1596 D ActivityManager: Unlocking user 0 progress 5
12-14 03:22:24.677 512 512 D vold : fscrypt_prepare_user_storage for volume null, user 0, serial 0, flags 2
12-14 03:22:24.677 512 512 D vold : Preparing: /data/system_ce/0
12-14 03:22:24.677 512 512 D vold : Preparing: /data/misc_ce/0
12-14 03:22:24.677 512 512 D vold : Preparing: /data/vendor_ce/0
12-14 03:22:24.677 512 512 D vold : Preparing: /data/media/0
12-14 03:22:24.678 1490 1596 D ColorDisplayService: setUp: currentUser=0
12-14 03:22:24.678 1490 1605 D CompatibilityChangeReporter: Compat change id reported: 135634846; UID 10064; state: DISABLED
12-14 03:22:24.678 1490 1605 D CompatibilityChangeReporter: Compat change id reported: 177438394; UID 10064; state: DISABLED
12-14 03:22:24.678 1490 1605 D CompatibilityChangeReporter: Compat change id reported: 135772972; UID 10064; state: DISABLED
12-14 03:22:24.678 1490 1605 D CompatibilityChangeReporter: Compat change id reported: 135754954; UID 10064; state: DISABLED
12-14 03:22:24.678 1490 1606 D CompatibilityChangeReporter: Compat change id reported: 143937733; UID 10064; state: DISABLED
12-14 03:22:24.680 512 512 D vold : Preparing: /data/data
12-14 03:22:24.680 512 512 I vold : Verified that /data/system_ce/0 has the encryption policy e4cdceca7532a632485f794d99c97633 v2 modes 1/4 flags 0xa
12-14 03:22:24.680 512 512 I vold : Verified that /data/misc_ce/0 has the encryption policy e4cdceca7532a632485f794d99c97633 v2 modes 1/4 flags 0xa
12-14 03:22:24.680 512 512 I vold : Verified that /data/vendor_ce/0 has the encryption policy e4cdceca7532a632485f794d99c97633 v2 modes 1/4 flags 0xa
12-14 03:22:24.680 512 512 I vold : Verified that /data/media/0 has the encryption policy e4cdceca7532a632485f794d99c97633 v2 modes 1/4 flags 0xa
12-14 03:22:24.680 512 512 I vold : Verified that /data/data has the encryption policy e4cdceca7532a632485f794d99c97633 v2 modes 1/4 flags 0xa
12-14 03:22:24.680 512 512 D vold : Starting restorecon of /data/system_ce/0
12-14 03:22:24.684 512 512 D vold : Finished restorecon of /data/system_ce/0
12-14 03:22:24.684 512 512 D vold : Starting restorecon of /data/vendor_ce/0
12-14 03:22:24.685 1490 1596 D ColorDisplayService: onNightDisplayAutoModeChanged: autoMode=0
12-14 03:22:24.685 1490 1596 I ColorDisplayService: Turning off night display
12-14 03:22:24.685 1490 1596 D ColorDisplayService: Setting bright color reduction level: 50
12-14 03:22:24.685 1490 1621 V DisplayPowerController[0]: Brightness [1.0] manual adjustment.
12-14 03:22:24.686 512 512 D vold : Finished restorecon of /data/vendor_ce/0
12-14 03:22:24.686 512 512 D vold : Starting restorecon of /data/misc_ce/0
12-14 03:22:24.686 1490 1606 I ActivityManager: Start proc 2665:com.android.deskclock/u0a64 for broadcast {com.android.deskclock/com.android.deskclock.AlarmInitReceiver}
12-14 03:22:24.688 512 512 D vold : Finished restorecon of /data/misc_ce/0
12-14 03:22:24.688 512 512 D vold : /system/bin/vold_prepare_subdirs
12-14 03:22:24.688 512 512 D vold : prepare
12-14 03:22:24.688 512 512 D vold :
12-14 03:22:24.688 512 512 D vold : 0
12-14 03:22:24.688 512 512 D vold : 2
01-01 09:56:51.803 0 0 W : Boot completed
01-01 09:56:51.836 0 0 I binder : 2665:2665 ioctl 40046210 7fe9b90604 returned -22
12-14 03:22:24.700 1490 2502 D CompatibilityChangeReporter: Compat change id reported: 168419799; UID 10064; state: DISABLED
12-14 03:22:24.700 1490 2121 D Fingerprint21: Daemon was null, reconnecting, current operation: null
12-14 03:22:24.701 1490 2121 D Fingerprint21: Fingerprint HAL ready, HAL ID: 5326416
12-14 03:22:24.703 1490 1490 D BiometricScheduler/Fingerprint21: [Added] {[0] FingerprintUpdateActiveUserClient, proto=1, owner=android, cookie=0, requestId=-1, userId=0}, new queue size: 1
12-14 03:22:24.703 1490 1490 D BiometricScheduler/Fingerprint21: [Polled] {[0] FingerprintUpdateActiveUserClient, proto=1, owner=android, cookie=0, requestId=-1, userId=0}, State: 0
12-14 03:22:24.703 1490 1490 D BiometricScheduler/Fingerprint21: [Starting] {[0] FingerprintUpdateActiveUserClient, proto=1, owner=android, cookie=0, requestId=-1, userId=0}, State: 0
12-14 03:22:24.703 1490 1490 D BiometricScheduler/Fingerprint21: [Started] {[0] FingerprintUpdateActiveUserClient, proto=1, owner=android, cookie=0, requestId=-1, userId=0}
01-01 09:56:51.842 0 0 D qbt : qbt_open: entry minor_no=0 fd_available=1
01-01 09:56:51.842 0 0 D qbt : qbt_open: exit : 0 fd_available=0
01-01 09:56:51.842 0 0 D qbt : qbt_open: entry minor_no=1 fd_available=0
01-01 09:56:51.842 0 0 D qbt : qbt_open: exit : 0 fd_available=0
01-01 09:56:51.842 0 0 D qbt : qbt_ioctl: cmd received 107
01-01 09:56:51.842 0 0 D qbt : qbt_ioctl: Acquiring wakelock
12-14 03:22:24.715 1490 1593 V UserDataPreparer: Found /data/user/0 with serial number 0
12-14 03:22:24.715 1490 1593 V UserDataPreparer: Found /data/system_ce/0 with serial number 0
12-14 03:22:24.715 1490 1593 D UserDataPreparer: Setting property: sys.user.0.ce_available=true
12-14 03:22:24.716 1490 2656 W AdbDebuggingManager: Read failed with count -1
12-14 03:22:24.716 1490 2656 E AdbDebuggingManager: Caught an exception opening the socket: java.io.IOException: Connection refused
01-01 09:56:51.856 0 0 W QSEECOM : qseecom_load_app: App (fingerpr) does'nt exist, loading apps for first time
12-14 03:22:24.717 1490 1593 V PackageManager: reconcileAppsData for null u0 0x2 migrateAppData=false
01-01 09:56:51.874 0 0 I : read descriptors
01-01 09:56:51.874 0 0 I : read strings
12-14 03:22:24.788 1490 1593 V PackageManager: reconcileAppsData finished 139 packages
12-14 03:22:24.788 1490 1593 I ActivityManager: User 0 state changed from RUNNING_LOCKED to RUNNING_UNLOCKING
12-14 03:22:24.788 1490 1593 D ActivityManager: Unlocking user 0 progress 20
12-14 03:22:24.789 1490 1593 W Looper : Slow dispatch took 112ms android.fg h=android.os.Handler c=com.android.server.am.UserController$$ExternalSyntheticLambda3@392a933 m=0
12-14 03:22:24.789 1490 1605 I SystemServerTimingAsync: ssm.UnlockingUser-0
12-14 03:22:24.789 1490 1605 I SystemServiceManager: Calling onUnlockingUser 0
12-14 03:22:24.789 1490 1605 I SystemServerTimingAsync: ssm.onUnlockingUser-0_com.android.server.security.FileIntegrityService
12-14 03:22:24.789 1490 1605 I SystemServerTimingAsync: ssm.onUnlockingUser-0_com.android.server.pm.Installer
12-14 03:22:24.789 1490 1605 I SystemServerTimingAsync: ssm.onUnlockingUser-0_com.android.server.os.DeviceIdentifiersPolicyService
12-14 03:22:24.789 1490 1605 I SystemServerTimingAsync: ssm.onUnlockingUser-0_com.android.server.uri.UriGrantsManagerService$Lifecycle
12-14 03:22:24.789 1490 1605 I SystemServerTimingAsync: ssm.onUnlockingUser-0_com.android.server.powerstats.PowerStatsService
12-14 03:22:24.789 1490 1605 I SystemServerTimingAsync: ssm.onUnlockingUser-0_com.android.server.wm.ActivityTaskManagerService$Lifecycle
12-14 03:22:24.789 1490 1605 I SystemServerTimingAsync: ssm.onUnlockingUser-0_com.android.server.am.ActivityManagerService$Lifecycle
12-14 03:22:24.789 1490 1605 I SystemServerTimingAsync: ssm.onUnlockingUser-0_com.android.server.pm.DataLoaderManagerService
12-14 03:22:24.789 1490 1605 I SystemServerTimingAsync: ssm.onUnlockingUser-0_com.android.server.power.PowerManagerService
12-14 03:22:24.789 1490 1605 I SystemServerTimingAsync: ssm.onUnlockingUser-0_com.android.server.power.ThermalManagerService
12-14 03:22:24.789 1490 1605 I SystemServerTimingAsync: ssm.onUnlockingUser-0_com.android.server.power.hint.HintManagerService
12-14 03:22:24.789 1490 1605 I SystemServerTimingAsync: ssm.onUnlockingUser-0_com.android.server.recoverysystem.RecoverySystemService$Lifecycle
12-14 03:22:24.789 1490 1605 I SystemServerTimingAsync: ssm.onUnlockingUser-0_com.android.server.lights.LightsService
12-14 03:22:24.789 1490 1605 I SystemServerTimingAsync: ssm.onUnlockingUser-0_com.android.server.display.DisplayManagerService
12-14 03:22:24.789 1490 1605 I SystemServerTimingAsync: ssm.onUnlockingUser-0_com.android.server.pm.verify.domain.DomainVerificationService
12-14 03:22:24.789 1490 1605 I SystemServerTimingAsync: ssm.onUnlockingUser-0_com.android.server.pm.PackageInstallerService$Lifecycle
12-14 03:22:24.789 1490 1605 I SystemServerTimingAsync: ssm.onUnlockingUser-0_com.android.server.pm.UserManagerService$LifeCycle
12-14 03:22:24.789 1490 1605 I SystemServerTimingAsync: ssm.onUnlockingUser-0_com.android.server.om.OverlayManagerService
12-14 03:22:24.789 1490 1605 I SystemServerTimingAsync: ssm.onUnlockingUser-0_com.android.server.SensorPrivacyService
12-14 03:22:24.789 1490 1605 I SystemServerTimingAsync: ssm.onUnlockingUser-0_com.android.server.sensors.SensorService
12-14 03:22:24.789 1490 1605 I SystemServerTimingAsync: ssm.onUnlockingUser-0_com.android.server.SystemConfigService
12-14 03:22:24.789 1490 1605 I SystemServerTimingAsync: ssm.onUnlockingUser-0_com.android.server.BatteryService
12-14 03:22:24.789 1490 1605 I SystemServerTimingAsync: ssm.onUnlockingUser-0_com.android.server.usage.UsageStatsService
12-14 03:22:24.789 1490 1605 I SystemServerTimingAsync: ssm.onUnlockingUser-0_com.android.server.webkit.WebViewUpdateService
