12-14 03:27:56.994 2732 2732 I hpplay-java: [main]:IPManager:updateIPAddress getIPAddress: 192.168.1.16 name:vlan1
12-14 03:27:56.994 2732 2732 I hpplay-java: [main]:ServerTaskManager:exeTask startServer
12-14 03:27:56.995 2732 2732 I hpplay-java: [main]:ServerTaskManager:startTimeOutCheck
12-14 03:27:56.996 2732 5083 I hpplay-java: [AsyncTask #123]:Bridge:assembleInParameters
12-14 03:27:56.996 2732 5082 I hpplay-java: [AsyncTask #122]:ServerBusiness:startDaemonBusiness
12-14 03:27:56.996 2732 5082 I hpplay-java: [AsyncTask #122]:TimeOutCheckUtil:addTask id:upgrade
12-14 03:27:56.996 2732 5082 I hpplay-java: [AsyncTask #122]:TimeOutCheckUtil:addTask id:ijkupgrade
12-14 03:27:56.997 2732 5083 I hpplay-java: [AsyncTask #123]:Bridge:createDeviceId deviceId:Nzg6OWI6Nzg6ODA6ZGI6ZjY=
12-14 03:27:56.997 2732 5083 I hpplay-java: [AsyncTask #123]:IPManager:getActiveNets type: WIFI
12-14 03:27:56.997 2732 5083 I hpplay-java: [AsyncTask #123]:IPManager:getActiveNets eth0:false wifi:true mobile:false ap:false
12-14 03:27:56.997 2732 5084 I hpplay-java: NanoHTTPDNanoHTTPD:server is started
12-14 03:27:56.998 2732 5083 I hpplay-java: [AsyncTask #123]:IPManager:getIPAddress IP_WLAN0
12-14 03:27:56.998 2732 5083 I hpplay-java: [AsyncTask #123]:Preference:checkFeature none
12-14 03:27:56.998 2732 5083 I hpplay-java: [AsyncTask #123]:SWI:dlna tip
12-14 03:27:56.998 2732 5083 I hpplay-java: [AsyncTask #123]:SWI:lefp tip
12-14 03:27:56.998 2732 5083 I hpplay-java: [AsyncTask #123]:Bridge:assembleInParameters none alias name use device name: 高合娱乐副屏
12-14 03:27:56.998 2732 5083 I hpplay-java: [AsyncTask #123]:Feature:isSendAdvertisement
12-14 03:27:56.998 2732 5083 I hpplay-java: [AsyncTask #123]:Preference:checkFeature none
12-14 03:27:56.999 2732 5083 I hpplay-java: [AsyncTask #123]:Preference:checkFeature none
12-14 03:27:56.999 2732 5083 I hpplay-java: [AsyncTask #123]:Bridge:backupHpplayDat bakPath:
12-14 03:27:56.999 2732 5083 I hpplay-java: [AsyncTask #123]:Bridge:path:/data/user/0/com.hht.lebocast/files/hpplay/file/happyplay.dat
12-14 03:27:56.999 2732 5083 I hpplay-java: [AsyncTask #123]:Bridge:mAppId:21409
12-14 03:27:56.999 2732 5083 I hpplay-java: [AsyncTask #123]:Bridge:mode:3
12-14 03:27:56.999 2732 5083 I hpplay-java: [AsyncTask #123]:Bridge:type:1
12-14 03:27:56.999 2732 5083 I hpplay-java: [AsyncTask #123]:Bridge:SN:
12-14 03:27:56.999 2732 5083 I hpplay-java: [AsyncTask #123]:Preference:checkFeature none
12-14 03:27:56.999 2732 5083 I hpplay-java: [AsyncTask #123]:Bridge:backPath:
12-14 03:27:56.999 2732 5083 I hpplay-java: [AsyncTask #123]:DeviceUtil:getPermissionDid: 1
12-14 03:27:56.999 2732 5083 I hpplay-java: [AsyncTask #123]:DeviceUtil:getPermissionDid: 1
12-14 03:27:56.999 2732 5083 I hpplay-java: [AsyncTask #123]:Preference:checkFeature none
12-14 03:27:56.999 2732 5083 I hpplay-java: [AsyncTask #123]:Preference:checkFeature none
12-14 03:27:56.999 2732 5083 I hpplay-java: [AsyncTask #123]:Preference:checkFeature none
12-14 03:27:57.000 2732 5083 I hpplay-java: [AsyncTask #123]:Preference:checkFeature none
12-14 03:27:57.000 2732 5083 I hpplay-java: [AsyncTask #123]:Preference:checkFeature none
12-14 03:27:57.000 2732 5083 I hpplay-java: [AsyncTask #123]:Preference:checkFeature none
12-14 03:27:57.008 2732 5082 W hpplay-java: [AsyncTask #122]:ServerBusiness:startDaemonBusiness start LelinkHTTPD sucess 52288
12-14 03:27:57.012 4190 4190 I ScreenSaver_12: [PeriodicCallbackModel] Executing periodic callback for MINUTE because the period ended
12-14 03:27:57.021 2732 5083 W hpplay-java: [AsyncTask #123]:DeviceUtils:getDomain create lb domain
12-14 03:27:57.022 2732 5083 I hpplay-java: [AsyncTask #123]:Feature:getMirrorAudioVideoSync DISABLE
12-14 03:27:57.022 2732 5083 I hpplay-java: [AsyncTask #123]:Feature:checkSupportRedirectOtherApp,no set redirect api
12-14 03:27:57.022 2732 5083 I hpplay-java: [AsyncTask #123]:Feature:getRedirectSearchFlag,value: 0
12-14 03:27:57.023 2732 5083 I hpplay-java: [AsyncTask #123]:Bridge:mIn: InParameters{appInfo='0', appKey='21409', authMode=0, authPwd='null', broadcastDirection=0, broadcastState=1, broadcastTimeout=3, buildType='release', cacheAVPath='/data/user/0/com.hht.lebocast/cache/hpplay/av', cachePhotoPath='/data/user/0/com.hht.lebocast/cache/hpplay/image', channel='LEBO-APK--60146-25915', desPath='', , deviceName='高合娱乐副屏', dlna=1, dlnaCompany='null', dlnaCompanyURL='null', dlnaDeviceDescribe='null', dlnaDeviceName='null', dlnaDeviceURL='null', dlnaLelinkSwitch=1, dlnaManufacturer=0, dlnaName='高合娱乐副屏', dlnaUPC='', dlnaUUID='e1dc06f8-0e14-26c5-5cd2-8ed68158c037', domain='Lebo-figure-a69c947ffd36', drainage=0, feature='6655', fps=60, height=1080, host='null', , keyPath='/data/user/0/com.hht.lebocast/files/hpplay/file', lelinkfp=1, lelinkfp2=0, logBaseState=1, logPath='/storage/emulated/0/com.hht.lebocast/sink/sdk/common', , mdnsEnable=1, mirrorSyncType=0, netCastVer='2.0', packageName='com.hht.lebocast', packagePath='/data/user/0/com.hht.lebocast', permissionDid='a6:9c:94:7f:fd:36', permissionMode=3, permissionPreSN='', port=0, preemptMode=0, regType='_leboremote._tcp.', serverPorts=null, sockWaitTimeOut=45, teleControlPort=53388, tunnels=3, txtKeys=null, txtValues=null, uid='8270434926410121175', videoFrameType=1001, width=1920}com.hpplay.sdk.sink.protocol.InParameters@a8bad1
12-14 03:27:57.023 2732 2732 I hpplay-java: [main]:Bridge:startServer state: 0
12-14 03:27:57.023 2732 2732 D hpplay-base: [jniBridge:185] not conference version
12-14 03:27:57.023 2732 2732 I hpplay-base: [jniBridge:241] 1initServer nSettingWidth=1920 nSettingHeight=1080 nSettingMaxFPS=60 dlnaEnable=1 lelinkFpEnable=1
12-14 03:27:57.023 2732 2732 D hpplay-base: [jniBridge:283] 1initServer cfg.leLinkIp=192.168.0.18
12-14 03:27:57.024 2732 2732 D hpplay-base: [jniBridge:286] 1initServer cfg.mPermissionMode=3
12-14 03:27:57.024 2732 2732 D hpplay-base: [jniBridge:304] 1initServer cfg.permissionDid=a6:9c:94:7f:fd:36000000000000000
12-14 03:27:57.024 2732 2732 D hpplay-base: [jniBridge:313] 1initServer cfg.mPermissionPreSN=00000000000000000000000000000000
12-14 03:27:57.024 2732 2732 D hpplay-base: [jniBridge:317] Bridge___1initServer status:0
12-14 03:27:57.024 2732 2732 I hpplay-base: [jniBridge:325] 1initServer cfg.feature=6655
12-14 03:27:57.024 2732 2732 D hpplay-base: [jniBridge:377] 1initServer isSendBroadCast=3
12-14 03:27:57.024 2732 2732 D hpplay-base: [jniBridge:380] 1initServer broadcastDirection=0
12-14 03:27:57.024 2732 2732 D hpplay-base: [jniBridge:382] 1initServer ipBroadcast direction=0
12-14 03:27:57.024 2732 2732 D hpplay-base: [jniBridge:387] 1initServer tunnel=3
12-14 03:27:57.024 2732 2732 D hpplay-base: [jniBridge:390] 1initServer drainage=0
12-14 03:27:57.024 2732 2732 D hpplay-base: [jniBridge:401] 1initServer mDNSEnable=1
12-14 03:27:57.024 2732 2732 D hpplay-base: [jniBridge:406] 1initServer nSockWaitTimeOut=45
12-14 03:27:57.024 2732 2732 D hpplay-base: [jniBridge:410] 1initServer nMirrorAudioVideoSync=0
12-14 03:27:57.024 2732 2732 I hpplay-base: [sign_check:168] checkSign strPackageName:com.hht.lebocast
12-14 03:27:57.024 2732 2732 I hpplay-base: [sign_check:169] checkSign buildType:release
12-14 03:27:57.024 2732 2732 I hpplay-base: [sign_check:170] checkSign appKey:21409
12-14 03:27:57.024 2732 2732 D hpplay-base: [LelinkBase:405] bridgeInit port: 0, lelinkfp: 0
12-14 03:27:57.024 2732 2732 D hpplay-base: [LelinkBase:462] bridgeInit mPackagePath =/data/user/0/com.hht.lebocast
12-14 03:27:57.024 2732 2732 D hpplay-base: [LelinkBase:463] bridgeInit mKeyPath =/data/user/0/com.hht.lebocast/files/hpplay/file
12-14 03:27:57.024 2732 2732 D hpplay-base: [SinkContext:97] initSinkContext mPackagePath =/data/user/0/com.hht.lebocast
12-14 03:27:57.024 2732 2732 D hpplay-base: [SinkContext:98] initSinkContext mKeyPath =/data/user/0/com.hht.lebocast/files/hpplay/file
12-14 03:27:57.024 2732 2732 D hpplay-base: [jniBridge:478] Java_com_hpplay_sdk_sink_protocol_Bridge__1initServer end
12-14 03:27:57.024 2732 2732 D hpplay-base: [jniBridge:869] Bridge__1startServer status:1
12-14 03:27:57.025 2732 2732 D hpplay-base: [LelinkBase:492] startAllServer at base
12-14 03:27:57.025 2732 2732 D hpplay-base: [lelinkSinkServer:152] httpPlugins_SetServerPort TYPE_SERVER_LELINK:52266
12-14 03:27:57.025 2732 2732 D hpplay-base: [network.c:362] protocol bind host :192.168.0.18 port:52266 curent bind port:52266
12-14 03:27:57.025 2732 2732 D hpplay-base: [lelinkSinkServer:681] HTTP Server real at:52266
12-14 03:27:57.025 2732 5089 D hpplay-base: [lelinkSinkServer:644] Connected Service Type:0
12-14 03:27:57.025 2732 2732 D hpplay-base: [ScreenStream:1285] current bind port:7100
12-14 03:27:57.025 2732 5089 I hpplay-base: : (server.c.315) startServer listen_ing....:
12-14 03:27:57.025 2732 5089 D hpplay-base: [Server:371] startHttpServer srv_sockets.used:1 nCurrentFd:67, tid is 5089
12-14 03:27:57.025 2732 2732 D hpplay-base: [LelinkBase:515] startAllServer pBaseContext->config.dlnaEnable:1
12-14 03:27:57.025 2732 2732 D hpplay-base: [lelinkDlna:324] addDMRCallback end
12-14 03:27:57.025 2732 5090 D hpplay-base: [stream_mirror_compat:759] compat mirror stream begin to run,server fd:69,thread_id:3130810816!!
12-14 03:27:57.027 2732 2732 E hpplay-base-dlna: miniserver.c:788::dlna_port(ipv4: 49152 ipv6:0)
12-14 03:27:57.029 2732 2732 D hpplay-base-dlna: [lebodlna-dlnaframe:166] succeed to load lebodlnaplugin
12-14 03:27:57.029 2732 2732 D hpplay-base-dlna: [lebodlna-dlnaframe:232] Succeed to load specified plugin:lebodlna_plugin
12-14 03:27:57.029 2732 2732 D hpplay-base: [lelinkDlna:328] startDLNAServer ret=0
12-14 03:27:57.029 2732 2732 D hpplay-base: [LelinkBase:531] startDLNAServer ret= 0
12-14 03:27:57.029 2732 2732 D hpplay-base: [lelinkDlna:342] setDMRFriendlyName 高合娱乐副屏
12-14 03:27:57.029 2732 2732 D hpplay-base-dlna: [lebodlna-dlna_android:136] setBroadcastTimeout mBroadcastTimeOut=66 status=3!
12-14 03:27:57.029 2732 2732 D hpplay-base-dlna: [lebodlna_api:32] start DMR
12-14 03:27:57.029 2732 2732 D hpplay-base-dlna: [UpnpDefine:434] RegisterDMRender invalid lelink info
12-14 03:27:57.029 2732 2732 D hpplay-base-dlna: [UpnpDefine:467] DLNA DEFAULT_DESCRIPTION
12-14 03:27:57.032 2732 2732 E hpplay-base-dlna: upnpapi.c:1078::Exiting RegisterRootDevice2 *Hnd =1, return value == 0
12-14 03:27:57.032 2732 2732 D hpplay-base-dlna: [CUpnpDevice:41] Register Root Device 2:0
12-14 03:27:57.032 2732 2732 D hpplay-base-dlna: [UpnpDefine:794] ESDMRender:Register success
12-14 03:27:57.032 2732 2732 D hpplay-base-dlna: [lebodlna_api:41] sendBroadcast mBroadcastTimeOut=3
12-14 03:27:57.032 2732 2732 D hpplay-base-dlna: [lebodlna_api:44] sendBroadcast timeout=66
12-14 03:27:57.088 2732 2732 D hpplay-base: [lelinkDlna:361] startDLNADevice dlnaManufacturer:0 ret=0
12-14 03:27:57.089 2732 2732 D hpplay-base: [LelinkBase:535] lelinkSetDlnaInfo ret= 0
12-14 03:27:57.089 2732 2732 D hpplay-base: [LelinkBase:547] startAllServer pBaseContext->config.mDNSEnable:1
12-14 03:27:57.089 2732 2732 D hpplay-base: [base_mdns:509] mdns net.hostname:
12-14 03:27:57.090 2732 2732 D hpplay-base: [base_mdns:529] mdns namelabel:-00-80-0F-74-31-00
12-14 03:27:57.090 2732 2732 D hpplay-base: [base_mdns:509] mdns net.hostname:
12-14 03:27:57.090 2732 2732 D hpplay-base: [base_mdns:529] mdns namelabel:-00-80-0F-74-31-00
12-14 03:27:57.090 2732 2732 D hpplay-base: [mdns:813] mdns start bind port:0
12-14 03:27:57.093 2732 2732 D hpplay-base: [mdns:813] mdns start bind port:5353
12-14 03:27:57.094 2732 2732 D hpplay-base: [mdns:813] mdns start bind port:5353
12-14 03:27:57.094 2732 2732 D hpplay-base: [mdns:813] mdns start bind port:5353
12-14 03:27:57.094 2732 2732 D hpplay-base: [mdns:813] mdns start bind port:5353
12-14 03:27:57.094 2732 2732 D hpplay-base: [mdns:813] mdns start bind port:5353
12-14 03:27:57.094 2732 2732 D hpplay-base: [mdns:813] mdns start bind port:5353
12-14 03:27:57.095 2732 2732 D hpplay-base: [mdns:813] mdns start bind port:5353
12-14 03:27:57.095 2732 2732 I hpplay-base: [mDNSEmbeded:57] embedded_mDNSInit stopmDNSNow:0 status:0
12-14 03:27:57.095 2732 2732 D hpplay-base: [mDNSEmbeded:436] startmDNSServer end nRet=0
12-14 03:27:57.095 2732 2732 D hpplay-base: [LelinkBase:555] lelink broadcast_on_off:1 log2java_on_off:1
12-14 03:27:57.096 2732 5108 D hpplay-base: [LelinkMDNS:729] leboAuthorizationCheck strUuid=a6:9c:94:7f:fd:36000000000000000
12-14 03:27:57.096 2732 5108 D hpplay-base: [LelinkMDNS:730] leboAuthorizationCheck mPermissionDid=a6:9c:94:7f:fd:36000000000000000
12-14 03:27:57.096 2732 5108 D hpplay-base: [LelinkMDNS:755] leboAuthorizationCheck mPermissionMac=a6:9c:94:7f:fd:36000000000000000
12-14 03:27:57.096 2732 2732 D hpplay-base: [AEventUtils:595] request to start event handle service!!
12-14 03:27:57.096 2732 2732 D hpplay-base: [AEventUtils:603] start_event_handle_service,begin to run!!
12-14 03:27:57.096 2732 2732 D hpplay-base: [REventUtils:210] start_event_handle_service,begin to run!!
12-14 03:27:57.096 2732 5111 D hpplay-base: [AEventUtils:171] create handle AEvent thread ok!!,tid is 5111
12-14 03:27:57.096 2732 2732 D hpplay-base: [LelinkBase:576] startAllServer success .
12-14 03:27:57.096 2732 2732 D hpplay-base: [jniBridge:894] startDlna_link:http://192.168.0.18:49152/description.xml
12-14 03:27:57.096 2732 5113 D hpplay-base: [jniBridge:1081] notifyJavaDlnalink:http://192.168.0.18:49152/description.xml
12-14 03:27:57.096 2732 5113 D hpplay-base: [jniBridge:1726] notifyJava, what:207, castType:0, mimeType:0 baseStatus:2
12-14 03:27:57.096 2732 5113 D hpplay-base: [jniBridge:1727] notifyJava sessionID:(null)
12-14 03:27:57.097 2732 5109 I hpplay-base: [mDNSEmbeded:268] start lelink publish server, tid is 5109
12-14 03:27:57.097 2732 5110 D hpplay-base: [mDNSEmbeded:197] http_port bind check 197 http_port_check
12-14 03:27:57.097 2732 5112 D hpplay-base: [REventUtils:59] create handleREventThread thread ok!!,tid is 5112
12-14 03:27:57.097 2732 5113 I hpplay-java: [Thread-71]:Bridge:notify: what: 207
12-14 03:27:57.107 2732 5110 D hpplay-base: [mDNSEmbeded:217] http_port bind check 217 http_port_check
12-14 03:27:57.107 2732 5110 D hpplay-base: [mDNSEmbeded:222] http_port bind check 222 http_port_check
12-14 03:27:57.108 2732 5113 I hpplay-java: [Thread-71]:Bridge:notify: out: OutParameters:{audioSessionId=-1, audiotrackIndex=0, castHandleType=-1, castType=0, deviceName='http://192.168.0.18:49152/description.xml', dlnaName='', dramaID='', extra=0, frameHandleType=-1, handleInside=true, headduration=0, header='', headers=null, isAD=false, isMultiMirror=false, lelinkVer='', limitTime=0, , mediaAlbum='null', mediaAlbumArtURI='', mediaArtist='null', mediaAssets='', mediaTitle='null', mimeType=0, multiSession=null, period=0, pinCode='', playSpeed=0.0, playerChoice=0, plugin=0, port=0, position=0.0, positionUnit=2, protocol=0, realSessionID='', regType='', , sinkIp='', sourceAPPVersion='', sourceChannel='', sourceClientInfo='', sourceDeviceInfo='', sourceDeviceModel='', sourceDeviceName='', sourceDeviceType=0, sourceHID='', , sourceInfo='', , , sourceOSVersion='', sourceSDKVersion='', sourceUid='', stopDetail=0, stopReason=0, tailduration=0, url='', urlID='', urls=null, userAgent='', videoDecoder=0, volume=0, what=207}com.hpplay.sdk.sink.protocol.OutParameters@58b5ea9
12-14 03:27:57.109 2732 5113 I hpplay-java: [Thread-71]:Bridge:notify: address:48561198
12-14 03:27:57.109 2732 5110 D hpplay-base: [mDNSEmbeded:234] http_port bind check 234 http_port_check port:52266
12-14 03:27:57.109 2732 5110 D hpplay-base: [mDNSEmbeded:237] http_port bind check 237 http_port_check
12-14 03:27:57.110 2732 5115 D hpplay-base: [lelinkSinkServer:93] new client connection from 127.0.0.1 64188, fd=129
12-14 03:27:57.110 2732 5115 D hpplay-base: [SinkContext:137] addSinkContextSession,begin to run!!
12-14 03:27:57.110 2732 5115 D hpplay-base: [SinkContext:142] addSinkContextSession,begin to get lock!!
12-14 03:27:57.110 2732 5115 D hpplay-base: [SinkContext:144] addSinkContextSession,get lock ok!!
12-14 03:27:57.110 2732 5115 D hpplay-base: [SinkContext:149] addSinkContextSession,session list is null,begin to malloc!!
12-14 03:27:57.110 2732 5115 D hpplay-base: [SinkContext:156] addSinkContextSession,begin to update!!
12-14 03:27:57.110 2732 5115 D hpplay-base: [SinkContext:160] addSinkContextSession,begin to update header!!
12-14 03:27:57.110 2732 5115 D hpplay-base: [SinkContext:172] addSinkContextSession,begin to unlock!!
12-14 03:27:57.110 2732 5115 D hpplay-base: [SinkContext:174] addSinkContextSession,unlock ok!!
12-14 03:27:57.110 2732 5115 D hpplay-base: [LelinkReceiver:4908] get ping !!!
12-14 03:27:57.111 2732 5110 D hpplay-base: [mDNSEmbeded:240] http_port bind check 240 http_port_check recieved:64
12-14 03:27:57.111 2732 5110 D hpplay-base: [mDNSEmbeded:243] http_port bind check 243 http_port_check
12-14 03:27:57.111 2732 5110 D hpplay-base: [mDNSEmbeded:244] http_port bind check ok!
01-01 10:02:24.289 0 0 D : mv2112_read_status
01-01 10:02:24.290 0 0 D mv2112_update_link: 3.0x901(1G): 0x80
01-01 10:02:24.290 0 0 D mv2112_update_link: 3.0x8109(100M): 0x8
01-01 10:02:24.290 0 0 D mv2112_update_link: link 0x0
01-01 10:02:24.290 0 0 D mv2112_read_status: autoneg is disabled
12-14 03:27:57.312 2732 5115 I hpplay-base: [LelinkReceiver:14605] _connectionFinalize (129)
12-14 03:27:57.312 2732 5115 D hpplay-base: [LelinkReceiver:14752] ###connectionFinalize,release ok!!###
12-14 03:27:57.660 2732 5012 W hpplay-java: [AsyncTask #114]:HttpRequest:
12-14 03:27:57.662 2732 5012 W hpplay-java: [AsyncTask #114]:HttpRequest:
12-14 03:27:57.664 2732 5012 W hpplay-java: [AsyncTask #114]:HttpRequest:
12-14 03:27:57.914 639 654 I mpu_uart: [MSG-P:RECV]:No message received in 1000 ms
12-14 03:27:58.107 0 0 W swapper/1: type=1400 audit(0.0:778): avc: denied { kill } for capability=5 scontext=u:r:kernel:s0 tcontext=u:r:kernel:s0 tclass=capability permissive=0
12-14 03:27:58.134 639 653 I mpu_uart: [MSG-P:R]:recv sync frame timeout
01-01 10:02:25.314 0 0 D : mv2112_read_status
01-01 10:02:25.314 0 0 D mv2112_update_link: 3.0x901(1G): 0x80
01-01 10:02:25.314 0 0 D mv2112_update_link: 3.0x8109(100M): 0x8
01-01 10:02:25.314 0 0 D mv2112_update_link: link 0x0
01-01 10:02:25.314 0 0 D mv2112_read_status: autoneg is disabled
12-14 03:27:58.915 639 654 I mpu_uart: [MSG-P:RECV]:No message received in 1000 ms
01-01 10:02:26.341 0 0 D : mv2112_read_status
01-01 10:02:26.342 0 0 D mv2112_update_link: 3.0x901(1G): 0x80
01-01 10:02:26.342 0 0 D mv2112_update_link: 3.0x8109(100M): 0x8
01-01 10:02:26.342 0 0 D mv2112_update_link: link 0x0
01-01 10:02:26.342 0 0 D mv2112_read_status: autoneg is disabled
12-14 03:27:59.915 639 654 I mpu_uart: [MSG-P:RECV]:No message received in 1000 ms
12-14 03:28:00.004 2363 2363 W QCC:PeriodicCI: [ERROR] Current time is wrong, status=3
12-14 03:28:00.007 2010 2010 D KeyguardUpdateMonitor: received broadcast android.intent.action.TIME_TICK
12-14 03:28:00.008 2010 2010 D KeyguardUpdateMonitor: handleTimeUpdate
12-14 03:28:00.107 0 0 W swapper/3: type=1400 audit(0.0:779): avc: denied { kill } for capability=5 scontext=u:r:kernel:s0 tcontext=u:r:kernel:s0 tclass=capability permissive=0
01-01 10:02:27.361 0 0 D : mv2112_read_status
01-01 10:02:27.362 0 0 D mv2112_update_link: 3.0x901(1G): 0x80
01-01 10:02:27.362 0 0 D mv2112_update_link: 3.0x8109(100M): 0x8
01-01 10:02:27.362 0 0 D mv2112_update_link: link 0x0
01-01 10:02:27.362 0 0 D mv2112_read_status: autoneg is disabled
12-14 03:28:00.915 639 654 I mpu_uart: [MSG-P:RECV]:No message received in 1000 ms
12-14 03:28:01.029 1490 2077 W SntpClient: Unknown host: time.android.com
12-14 03:28:01.029 1490 2077 D SntpClient: request time failed
12-14 03:28:01.107 1490 1605 W BroadcastQueue: Permission Denial: broadcasting Intent { act=android.net.conn.CONNECTIVITY_CHANGE flg=0x4200010 (has extras) } from null (pid=-1, uid=-1) requires com.baidu.input.permission.sofire.RECEIVE due to registered receiver BroadcastFilter{1c6696f 10032/u0 ReceiverList{5bf244e 3132 com.baidu.input/10032/u0 remote:7929349}}
12-14 03:28:01.107 0 0 W swapper/3: type=1400 audit(0.0:780): avc: denied { kill } for capability=5 scontext=u:r:kernel:s0 tcontext=u:r:kernel:s0 tclass=capability permissive=0
12-14 03:28:01.140 639 653 I mpu_uart: [MSG-P:R]:recv sync frame timeout
01-01 10:02:28.385 0 0 D : mv2112_read_status
01-01 10:02:28.386 0 0 D mv2112_update_link: 3.0x901(1G): 0x80
01-01 10:02:28.386 0 0 D mv2112_update_link: 3.0x8109(100M): 0x8
01-01 10:02:28.386 0 0 D mv2112_update_link: link 0x0
01-01 10:02:28.386 0 0 D mv2112_read_status: autoneg is disabled
12-14 03:28:01.916 639 654 I mpu_uart: [MSG-P:RECV]:No message received in 1000 ms
12-14 03:28:02.011 2732 2732 I hpplay-java: [main]:ServiceUpdater:upLoadServiceInfo invalid deviceCode:, port:53388
12-14 03:28:02.107 0 0 W swapper/3: type=1400 audit(0.0:781): avc: denied { kill } for capability=5 scontext=u:r:kernel:s0 tcontext=u:r:kernel:s0 tclass=capability permissive=0
01-01 10:02:29.409 0 0 D : mv2112_read_status
01-01 10:02:29.410 0 0 D mv2112_update_link: 3.0x901(1G): 0x80
01-01 10:02:29.410 0 0 D mv2112_update_link: 3.0x8109(100M): 0x8
01-01 10:02:29.410 0 0 D mv2112_update_link: link 0x0
01-01 10:02:29.410 0 0 D mv2112_read_status: autoneg is disabled
12-14 03:28:02.916 639 654 I mpu_uart: [MSG-P:RECV]:No message received in 1000 ms
12-14 03:28:03.107 0 0 W swapper/3: type=1400 audit(0.0:782): avc: denied { kill } for capability=5 scontext=u:r:kernel:s0 tcontext=u:r:kernel:s0 tclass=capability permissive=0
01-01 10:02:30.433 0 0 D : mv2112_read_status
01-01 10:02:30.434 0 0 D mv2112_update_link: 3.0x901(1G): 0x80
01-01 10:02:30.434 0 0 D mv2112_update_link: 3.0x8109(100M): 0x8
01-01 10:02:30.434 0 0 D mv2112_update_link: link 0x0
01-01 10:02:30.434 0 0 D mv2112_read_status: autoneg is disabled
12-14 03:28:03.916 639 654 I mpu_uart: [MSG-P:RECV]:No message received in 1000 ms
12-14 03:28:04.111 0 0 W swapper/3: type=1400 audit(0.0:783): avc: denied { kill } for capability=5 scontext=u:r:kernel:s0 tcontext=u:r:kernel:s0 tclass=capability permissive=0
12-14 03:28:04.144 639 653 I mpu_uart: [MSG-P:R]:recv sync frame timeout
01-01 10:02:31.457 0 0 D : mv2112_read_status
01-01 10:02:31.458 0 0 D mv2112_update_link: 3.0x901(1G): 0x80
01-01 10:02:31.458 0 0 D mv2112_update_link: 3.0x8109(100M): 0x8
01-01 10:02:31.458 0 0 D mv2112_update_link: link 0x0
01-01 10:02:31.458 0 0 D mv2112_read_status: autoneg is disabled
12-14 03:28:04.917 639 654 I mpu_uart: [MSG-P:RECV]:No message received in 1000 ms
12-14 03:28:05.111 0 0 W swapper/3: type=1400 audit(0.0:784): avc: denied { kill } for capability=5 scontext=u:r:kernel:s0 tcontext=u:r:kernel:s0 tclass=capability permissive=0
01-01 10:02:32.451 0 0 I logd : logdr: UID=2000 GID=2000 PID=5116 b tail=0 logMask=99 pid=0 start=0ns deadline=0ns
01-01 10:02:32.481 0 0 D : mv2112_read_status
01-01 10:02:32.482 0 0 D mv2112_update_link: 3.0x901(1G): 0x80
01-01 10:02:32.482 0 0 D mv2112_update_link: 3.0x8109(100M): 0x8
01-01 10:02:32.482 0 0 D mv2112_update_link: link 0x0
01-01 10:02:32.482 0 0 D mv2112_read_status: autoneg is disabled
12-14 03:28:05.918 639 654 I mpu_uart: [MSG-P:RECV]:No message received in 1000 ms
12-14 03:28:06.085 2010 2579 I OpenGLRenderer: Davey! duration=9223371682575ms; Flags=0, FrameTimelineVsyncId=8021, IntendedVsync=354279556828, Vsync=354279556828, InputEventId=0, HandleInputStart=354280700644, AnimationStart=354280706582, PerformTraversalsStart=354280710228, DrawStart=354297076842, FrameDeadline=354312890160, FrameInterval=354280687311, FrameStartTime=16666666, SyncQueued=354297311582, SyncStart=354297437415, IssueDrawCommandsStart=354297595071, SwapBuffers=354298780332, FrameCompleted=9223372036854775807, DequeueBufferDuration=58177, QueueBufferDuration=1451928, GpuCompleted=9223372036854775807, SwapBuffersCompleted=354300914811, DisplayPresentTime=0,
12-14 03:28:06.107 0 0 W swapper/3: type=1400 audit(0.0:785): avc: denied { kill } for capability=5 scontext=u:r:kernel:s0 tcontext=u:r:kernel:s0 tclass=capability permissive=0
01-01 10:02:33.505 0 0 D : mv2112_read_status
01-01 10:02:33.506 0 0 D mv2112_update_link: 3.0x901(1G): 0x80
01-01 10:02:33.506 0 0 D mv2112_update_link: 3.0x8109(100M): 0x8
01-01 10:02:33.506 0 0 D mv2112_update_link: link 0x0
01-01 10:02:33.506 0 0 D mv2112_read_status: autoneg is disabled
12-14 03:28:06.918 639 654 I mpu_uart: [MSG-P:RECV]:No message received in 1000 ms
12-14 03:28:06.997 2732 2732 I hpplay-java: [main]:Upgrade:upgrade not be allowed
12-14 03:28:07.018 2732 2732 I hpplay-java: [main]:ServerBusiness:get deviceCode:
12-14 03:28:07.018 2732 2732 W hpplay-java: [main]:ServerBusiness:startDeviceService ignore,invalid deviceCode
12-14 03:28:07.111 0 0 W swapper/3: type=1400 audit(0.0:786): avc: denied { kill } for capability=5 scontext=u:r:kernel:s0 tcontext=u:r:kernel:s0 tclass=capability permissive=0
12-14 03:28:07.147 639 653 I mpu_uart: [MSG-P:R]:recv sync frame timeout
01-01 10:02:34.529 0 0 D : mv2112_read_status
01-01 10:02:34.530 0 0 D mv2112_update_link: 3.0x901(1G): 0x80
01-01 10:02:34.530 0 0 D mv2112_update_link: 3.0x8109(100M): 0x8
01-01 10:02:34.530 0 0 D mv2112_update_link: link 0x0
01-01 10:02:34.530 0 0 D mv2112_read_status: autoneg is disabled
12-14 03:28:07.918 639 654 I mpu_uart: [MSG-P:RECV]:No message received in 1000 ms
12-14 03:28:08.111 0 0 W swapper/3: type=1400 audit(0.0:787): avc: denied { kill } for capability=5 scontext=u:r:kernel:s0 tcontext=u:r:kernel:s0 tclass=capability permissive=0
01-01 10:02:35.553 0 0 D : mv2112_read_status
01-01 10:02:35.554 0 0 D mv2112_update_link: 3.0x901(1G): 0x80
01-01 10:02:35.554 0 0 D mv2112_update_link: 3.0x8109(100M): 0x8
01-01 10:02:35.554 0 0 D mv2112_update_link: link 0x0
01-01 10:02:35.554 0 0 D mv2112_read_status: autoneg is disabled
12-14 03:28:08.918 639 654 I mpu_uart: [MSG-P:RECV]:No message received in 1000 ms
12-14 03:28:09.111 0 0 W swapper/3: type=1400 audit(0.0:788): avc: denied { kill } for capability=5 scontext=u:r:kernel:s0 tcontext=u:r:kernel:s0 tclass=capability permissive=0
01-01 10:02:36.577 0 0 D : mv2112_read_status
01-01 10:02:36.578 0 0 D mv2112_update_link: 3.0x901(1G): 0x80
01-01 10:02:36.578 0 0 D mv2112_update_link: 3.0x8109(100M): 0x8
01-01 10:02:36.578 0 0 D mv2112_update_link: link 0x0
01-01 10:02:36.578 0 0 D mv2112_read_status: autoneg is disabled
12-14 03:28:09.919 639 654 I mpu_uart: [MSG-P:RECV]:No message received in 1000 ms
12-14 03:28:10.111 0 0 W swapper/3: type=1400 audit(0.0:789): avc: denied { kill } for capability=5 scontext=u:r:kernel:s0 tcontext=u:r:kernel:s0 tclass=capability permissive=0
12-14 03:28:10.151 639 653 I mpu_uart: [MSG-P:R]:recv sync frame timeout
12-14 03:28:10.294 2732 2732 I hpplay-java: [main]:IMTask:getIMRoot
01-01 10:02:37.601 0 0 D : mv2112_read_status
01-01 10:02:37.602 0 0 D mv2112_update_link: 3.0x901(1G): 0x80
01-01 10:02:37.602 0 0 D mv2112_update_link: 3.0x8109(100M): 0x8
01-01 10:02:37.602 0 0 D mv2112_update_link: link 0x0
01-01 10:02:37.602 0 0 D mv2112_read_status: autoneg is disabled
12-14 03:28:10.919 639 654 I mpu_uart: [MSG-P:RECV]:No message received in 1000 ms
12-14 03:28:11.111 0 0 W swapper/3: type=1400 audit(0.0:790): avc: denied { kill } for capability=5 scontext=u:r:kernel:s0 tcontext=u:r:kernel:s0 tclass=capability permissive=0
01-01 10:02:38.625 0 0 D : mv2112_read_status
01-01 10:02:38.626 0 0 D mv2112_update_link: 3.0x901(1G): 0x80
01-01 10:02:38.626 0 0 D mv2112_update_link: 3.0x8109(100M): 0x8
01-01 10:02:38.626 0 0 D mv2112_update_link: link 0x0
01-01 10:02:38.626 0 0 D mv2112_read_status: autoneg is disabled
12-14 03:28:11.920 639 654 I mpu_uart: [MSG-P:RECV]:No message received in 1000 ms
12-14 03:28:11.997 2732 2732 I hpplay-java: [main]:ServerTaskManager:task run out of time
12-14 03:28:11.997 2732 2732 I hpplay-java: [main]:ServerTaskManager:cancelTimeOutCheck
12-14 03:28:11.998 2732 2732 I hpplay-java: [main]:ServerTaskManager:exeTask ignore, reason: TaskList is clear
12-14 03:28:12.111 0 0 W swapper/3: type=1400 audit(0.0:791): avc: denied { kill } for capability=5 scontext=u:r:kernel:s0 tcontext=u:r:kernel:s0 tclass=capability permissive=0
12-14 03:28:12.192 2732 5108 D hpplay-base: [LelinkMDNS:766] devicePermissionPublic leboPermissionCheck:-2
12-14 03:28:12.192 2732 5108 D hpplay-base: [jniBridge:1125] com_hpplay_sdk_sink_protocol_Bridge_WHAT_SERVER_ERROR
12-14 03:28:12.192 2732 5108 D hpplay-base: [jniBridge:1726] notifyJava, what:204, castType:0, mimeType:0 baseStatus:2
12-14 03:28:12.192 2732 5108 D hpplay-base: [jniBridge:1727] notifyJava sessionID:(null)
12-14 03:28:12.194 2732 5108 I hpplay-java: [Thread-72]:Bridge:notify: what: 204
12-14 03:28:12.195 2732 5108 I hpplay-java: [Thread-72]:Bridge:notify: out: OutParameters:{audioSessionId=-1, audiotrackIndex=0, castHandleType=-1, castType=0, deviceName='', dlnaName='', dramaID='', extra=-2002, frameHandleType=-1, handleInside=true, headduration=0, header='', headers=null, isAD=false, isMultiMirror=false, lelinkVer='', limitTime=0, , mediaAlbum='null', mediaAlbumArtURI='', mediaArtist='null', mediaAssets='', mediaTitle='null', mimeType=0, multiSession=null, period=0, pinCode='', playSpeed=0.0, playerChoice=0, plugin=0, port=0, position=0.0, positionUnit=2, protocol=0, realSessionID='', regType='', , sinkIp='', sourceAPPVersion='', sourceChannel='', sourceClientInfo='', sourceDeviceInfo='', sourceDeviceModel='', sourceDeviceName='', sourceDeviceType=0, sourceHID='', , sourceInfo='', , , sourceOSVersion='', sourceSDKVersion='', sourceUid='', stopDetail=0, stopReason=0, tailduration=0, url='', urlID='', urls=null, userAgent='', videoDecoder=0, volume=0, what=204}com.hpplay.sdk.sink.protocol.OutParameters@497315c
12-14 03:28:12.196 2732 5108 I hpplay-java: [Thread-72]:Bridge:notify: address:244464741
12-14 03:28:12.196 2732 2732 I hpplay-java: [main]:Bridge:findServiceID start out: 244464741
12-14 03:28:12.196 2732 5108 I hpplay-base: [mDNSEmbeded:79] embedded_mDNSLoop stopmDNSNow:0 nPublish:-2 nExitFlag:6 tid is 5108
12-14 03:28:12.196 2732 2732 I hpplay-java: [main]:Bridge:findServiceID end
12-14 03:28:12.196 2732 2732 E hpplay-java: [main]:ServerTaskManager:onError 204/-2002 com.hht.lebocast.LelinkHelper$e@b408ac8
12-14 03:28:12.196 2732 2732 I hpplay-java: [main]:ServerTaskManager:cancelTimeOutCheck
12-14 03:28:12.198 2732 2732 W hpplay-java: [main]:ServerTaskManager:onErrorDispatcher errorCode:-2002
12-14 03:28:12.198 2732 2732 I hpplay-java: [main]:ServerTaskManager:onError retry later
01-01 10:02:39.649 0 0 D : mv2112_read_status
01-01 10:02:39.650 0 0 D mv2112_update_link: 3.0x901(1G): 0x80
01-01 10:02:39.650 0 0 D mv2112_update_link: 3.0x8109(100M): 0x8
01-01 10:02:39.650 0 0 D mv2112_update_link: link 0x0
01-01 10:02:39.650 0 0 D mv2112_read_status: autoneg is disabled
12-14 03:28:12.920 639 654 I mpu_uart: [MSG-P:RECV]:No message received in 1000 ms
12-14 03:28:13.029 2732 5073 W hpplay-java: [AsyncTask #118]:HttpRequest:
12-14 03:28:13.030 2732 5073 W hpplay-java: [AsyncTask #118]:HttpRequest:
12-14 03:28:13.033 2732 5073 W hpplay-java: [AsyncTask #118]:HttpRequest:
12-14 03:28:13.111 0 0 W swapper/3: type=1400 audit(0.0:792): avc: denied { kill } for capability=5 scontext=u:r:kernel:s0 tcontext=u:r:kernel:s0 tclass=capability permissive=0
12-14 03:28:13.154 639 653 I mpu_uart: [MSG-P:R]:recv sync frame timeout
01-01 10:02:40.673 0 0 D : mv2112_read_status
01-01 10:02:40.674 0 0 D mv2112_update_link: 3.0x901(1G): 0x80
01-01 10:02:40.674 0 0 D mv2112_update_link: 3.0x8109(100M): 0x8
01-01 10:02:40.674 0 0 D mv2112_update_link: link 0x0
01-01 10:02:40.674 0 0 D mv2112_read_status: autoneg is disabled
12-14 03:28:13.920 639 654 I mpu_uart: [MSG-P:RECV]:No message received in 1000 ms
12-14 03:28:14.111 0 0 W swapper/3: type=1400 audit(0.0:793): avc: denied { kill } for capability=5 scontext=u:r:kernel:s0 tcontext=u:r:kernel:s0 tclass=capability permissive=0
01-01 10:02:41.697 0 0 D : mv2112_read_status
01-01 10:02:41.698 0 0 D mv2112_update_link: 3.0x901(1G): 0x80
01-01 10:02:41.698 0 0 D mv2112_update_link: 3.0x8109(100M): 0x8
01-01 10:02:41.698 0 0 D mv2112_update_link: link 0x0
01-01 10:02:41.698 0 0 D mv2112_read_status: autoneg is disabled
12-14 03:28:14.921 639 654 I mpu_uart: [MSG-P:RECV]:No message received in 1000 ms
12-14 03:28:15.111 0 0 W swapper/3: type=1400 audit(0.0:794): avc: denied { kill } for capability=5 scontext=u:r:kernel:s0 tcontext=u:r:kernel:s0 tclass=capability permissive=0
12-14 03:28:15.198 2732 2732 I hpplay-java: [main]:ServerTaskManager:restart by error
12-14 03:28:15.198 2732 2732 I hpplay-java: [main]:ServerTaskManager:startServer
12-14 03:28:15.199 2732 2732 I hpplay-java: [main]:ServerTaskManager:startServer add, reason: server is starting or running
12-14 03:28:15.199 2732 2732 I hpplay-java: [main]:ServerTaskManager:addStopTask
12-14 03:28:15.199 2732 2732 I hpplay-java: [main]:ServerTaskManager:addStartTask
12-14 03:28:15.199 2732 2732 I hpplay-java: [main]:ServerTaskManager:exeTask stopServer
12-14 03:28:15.199 2732 2732 I hpplay-java: [main]:Bridge:stopServer keepPush: false
12-14 03:28:15.199 2732 2732 D hpplay-base: [jniBridge:909] Bridge__1stopServer status:2
12-14 03:28:15.201 2732 2732 D hpplay-base: [LelinkBase:654] stopAllServer will start thread!
12-14 03:28:15.202 2732 5127 I hpplay-base: [mDNSEmbeded:65] embedded_mDNSExit call
12-14 03:28:15.202 2732 5111 D hpplay-base: [AEventUtils:588] handle AEvent thread end!!,tid is 5111
12-14 03:28:15.202 2732 5112 D hpplay-base: [REventUtils:197] handleREventThread thread end!!,tid is 5112
12-14 03:28:15.205 2732 5108 I hpplay-base: [mDNSEmbeded:140] embedded_mDNSLoop Exiting end,tid is 5108
12-14 03:28:15.205 2732 5127 D hpplay-base: [mDNSEmbeded:452] stopmDNSServer end stopmDNSNow=2, nRet=0
12-14 03:28:15.285 2732 5090 D hpplay-base: [stream_mirror_compat:1284] mirror stream begin to exit,server fd:69,thread_id:3130810816!!
12-14 03:28:15.285 2732 5090 D hpplay-base: [stream_mirror_compat:1323] ##screen stream exit successfully!!##
12-14 03:28:15.300 2732 5109 I hpplay-base: [mDNSEmbeded:376] end lelink publish server, tid is 5109
12-14 03:28:15.300 2732 5127 D hpplay-base: [mDNSEmbeded:420] stopmLelinkServer end nRet=0
12-14 03:28:15.300 2732 5127 D hpplay-base: [LelinkBase:615] lebodlna stopServerThreadFunc dlnaEnable:1
12-14 03:28:15.300 2732 5127 D hpplay-base-dlna: [lebodlna_api:49] stop DMR
12-14 03:28:15.300 2732 5127 D hpplay-base-dlna: [lebodlna_api:344] m_pRender Release
12-14 03:28:15.349 2732 5089 D hpplay-base: [Server:447] startHttpServer will END srv->serverType:0
12-14 03:28:15.349 2732 5089 D hpplay-base: [Server:646] startHttpServer cond srv_shutdown:1 connectNummber:0
12-14 03:28:15.349 2732 5089 D hpplay-base: [Server:669] startHttpServer wait cond END. srv_shutdown:1 connectNummber:0
12-14 03:28:15.349 2732 5089 D hpplay-base: [Server:457] HttpServer END, tid is 5089
12-14 03:28:15.361 2732 5127 D hpplay-base-dlna: [UpnpDefine:867] DMRender release success
12-14 03:28:15.361 2732 5127 D hpplay-base-dlna: [lebodlna_api:352] m_pAVT Release
12-14 03:28:15.361 2732 5127 D hpplay-base-dlna: [lebodlna_api:360] m_pRCS Release
12-14 03:28:15.361 2732 5127 D hpplay-base-dlna: [lebodlna_api:365] dmrender destroydmr
01-01 10:02:42.721 0 0 D : mv2112_read_status
01-01 10:02:42.722 0 0 D mv2112_update_link: 3.0x901(1G): 0x80
01-01 10:02:42.722 0 0 D mv2112_update_link: 3.0x8109(100M): 0x8
01-01 10:02:42.722 0 0 D mv2112_update_link: link 0x0
01-01 10:02:42.722 0 0 D mv2112_read_status: autoneg is disabled
12-14 03:28:15.662 2732 5127 D hpplay-base-dlna: [lebodlna-dlna_android:186] stopDLNA
12-14 03:28:15.662 2732 5127 D hpplay-base-dlna: [lebodlna-dlna_android:189] dlnaservice destroy
12-14 03:28:15.662 2732 5127 D hpplay-base-dlna: [lebodlna-dlna_android:49] dlnaservice Destroy 49 int CDlnaService::Destroy()
12-14 03:28:15.662 2732 5127 D hpplay-base-dlna: [lebodlna-dlnaframe:245] dlnaservice Destroy 245 static ERROR_TYPE IDlnaFrame::DestroyDlnaFrame(IDlnaFrame *)
12-14 03:28:15.662 2732 5127 D hpplay-base-dlna: [lebodlna-dlnaframe:179] dlnaservice Destroy 179 virtual void CDlnaFrame::Release()
12-14 03:28:15.662 2732 5127 D hpplay-base-dlna: [lebodlna-dlnaframe:190] dlnaservice Destroy 190 virtual void CDlnaFrame::Release()
12-14 03:28:15.662 2732 5127 D hpplay-base-dlna: [lebodlna-dlnaframe:192] dlnaservice Destroy 192 virtual void CDlnaFrame::Release()
12-14 03:28:15.662 2732 5127 D hpplay-base-dlna: [lebodlna-dlnaframe:247] dlnaservice Destroy 247 static ERROR_TYPE IDlnaFrame::DestroyDlnaFrame(IDlnaFrame *)
12-14 03:28:15.662 2732 5127 D hpplay-base-dlna: [lebodlna-dlnaframe:251] dlnaservice Destroy 251 static ERROR_TYPE IDlnaFrame::DestroyDlnaFrame(IDlnaFrame *)
12-14 03:28:15.666 2732 5127 E hpplay-base-dlna: upnpapi.c:655::before gminiserver ThreadPoolShutdown
12-14 03:28:15.667 2732 5127 E hpplay-base-dlna: ThreadPool.c:1047::on ThreadPoolShutdown tp->totalThreads:2
12-14 03:28:15.667 2732 5127 E hpplay-base-dlna: ThreadPool.c:1047::on ThreadPoolShutdown tp->totalThreads:1
12-14 03:28:15.668 2732 5127 E hpplay-base-dlna: ThreadPool.c:1056::after ThreadPoolShutdown
12-14 03:28:15.668 2732 5127 E hpplay-base-dlna: ThreadPool.c:1057::ThreadPoolShutdown tp->totalThreads:0
12-14 03:28:15.668 2732 5127 E hpplay-base-dlna: upnpapi.c:657::after gminiserver ThreadPoolShutdown
12-14 03:28:15.668 2732 5127 E hpplay-base-dlna: upnpapi.c:659::before grecv ThreadPoolShutdown
12-14 03:28:15.668 2732 5127 E hpplay-base-dlna: ThreadPool.c:1047::on ThreadPoolShutdown tp->totalThreads:12
12-14 03:28:15.669 2732 5127 E hpplay-base-dlna: ThreadPool.c:1047::on ThreadPoolShutdown tp->totalThreads:11
12-14 03:28:15.669 2732 5127 E hpplay-base-dlna: ThreadPool.c:1047::on ThreadPoolShutdown tp->totalThreads:10
12-14 03:28:15.671 2732 5127 E hpplay-base-dlna: ThreadPool.c:1056::after ThreadPoolShutdown
12-14 03:28:15.671 2732 5127 E hpplay-base-dlna: ThreadPool.c:1057::ThreadPoolShutdown tp->totalThreads:0
12-14 03:28:15.671 2732 5127 E hpplay-base-dlna: upnpapi.c:661::after grecv ThreadPoolShutdown
12-14 03:28:15.671 2732 5127 E hpplay-base-dlna: upnpapi.c:663::before gsend ThreadPoolShutdown
12-14 03:28:15.672 2732 5127 E hpplay-base-dlna: ThreadPool.c:1047::on ThreadPoolShutdown tp->totalThreads:2
12-14 03:28:15.672 2732 5127 E hpplay-base-dlna: ThreadPool.c:1056::after ThreadPoolShutdown
12-14 03:28:15.672 2732 5127 E hpplay-base-dlna: ThreadPool.c:1057::ThreadPoolShutdown tp->totalThreads:0
12-14 03:28:15.672 2732 5127 E hpplay-base-dlna: upnpapi.c:665::after gsend ThreadPoolShutdown
12-14 03:28:15.672 2732 5127 D hpplay-base-dlna: [lebodlna-dlnaframe:253] dlnaservice Destroy 253 static ERROR_TYPE IDlnaFrame::DestroyDlnaFrame(IDlnaFrame *)
12-14 03:28:15.672 2732 5127 D hpplay-base-dlna: [lebodlna-dlna_android:51] dlnaservice Destroy 51 int CDlnaService::Destroy()
12-14 03:28:15.672 2732 5127 D hpplay-base-dlna: [lebodlna-dlna_android:194] stopDLNA end
12-14 03:28:15.921 639 654 I mpu_uart: [MSG-P:RECV]:No message received in 1000 ms
12-14 03:28:15.973 2732 5127 D hpplay-base: [stream_mirror_compat:1489] request to stop screen stream session!!
12-14 03:28:15.973 2732 5127 D hpplay-base: [AEventUtils:625] begin to stop event handle service!!
12-14 03:28:15.973 2732 5127 D hpplay-base: [AEventUtils:628] stop event handle service ok!!
12-14 03:28:15.973 2732 5127 D hpplay-base: [REventUtils:231] begin to stop report handle service!!
12-14 03:28:15.973 2732 5127 D hpplay-base: [REventUtils:234] stop report handle service ok!!
12-14 03:28:15.973 2732 5127 D hpplay-base: [lelinkSinkServer:711] HTTP Server stopSinkServer End .
12-14 03:28:15.973 2732 5127 D hpplay-base: [jniBridge:1135] notifyJavaServerStoped
12-14 03:28:15.973 2732 5127 D hpplay-base: [jniBridge:1726] notifyJava, what:202, castType:0, mimeType:0 baseStatus:4
12-14 03:28:15.973 2732 5127 D hpplay-base: [jniBridge:1727] notifyJava sessionID:(null)
12-14 03:28:15.975 2732 5127 I hpplay-java: [Thread-73]:Bridge:notify: what: 202
12-14 03:28:15.977 2732 5127 I hpplay-java: [Thread-73]:Bridge:notify: out: OutParameters:{audioSessionId=-1, audiotrackIndex=0, castHandleType=-1, castType=0, deviceName='', dlnaName='', dramaID='', extra=0, frameHandleType=-1, handleInside=true, headduration=0, header='', headers=null, isAD=false, isMultiMirror=false, lelinkVer='', limitTime=0, , mediaAlbum='null', mediaAlbumArtURI='', mediaArtist='null', mediaAssets='', mediaTitle='null', mimeType=0, multiSession=null, period=0, pinCode='', playSpeed=0.0, playerChoice=0, plugin=0, port=0, position=0.0, positionUnit=2, protocol=0, realSessionID='', regType='', , sinkIp='', sourceAPPVersion='', sourceChannel='', sourceClientInfo='', sourceDeviceInfo='', sourceDeviceModel='', sourceDeviceName='', sourceDeviceType=0, sourceHID='', , sourceInfo='', , , sourceOSVersion='', sourceSDKVersion='', sourceUid='', stopDetail=0, stopReason=0, tailduration=0, url='', urlID='', urls=null, userAgent='', videoDecoder=0, volume=0, what=202}com.hpplay.sdk.sink.protocol.OutParameters@6140748
12-14 03:28:15.977 2732 5127 I hpplay-java: [Thread-73]:Bridge:notify: address:175061473
12-14 03:28:15.978 2732 5127 D hpplay-base: [LelinkBase:645] stopServerThreadFunc notifyJavaServerStoped!
12-14 03:28:15.978 2732 2732 I hpplay-java: [main]:ServerTaskManager:startTimeOutCheck
12-14 03:28:15.978 2732 2732 I hpplay-java: [main]:ServerBusiness:stopDaemonBusiness
12-14 03:28:15.979 2732 2732 I hpplay-java: [main]:SinkDataReport:logout
12-14 03:28:15.980 2732 2732 I hpplay-java: [main]:EPControl:release
12-14 03:28:15.984 2732 5130 I hpplay-java: [AsyncTask #129]:GlideCreator:clearCache clearDiskCache
12-14 03:28:15.985 2732 2732 I hpplay-java: [main]:Dispatcher:notifyAllReverseControlsStop
12-14 03:28:15.985 2732 2732 I hpplay-java: [main]:Preference:checkFeature none
12-14 03:28:15.985 2732 2732 I hpplay-java: [main]:Dispatcher:notifyAllUIControlsStop set: []
12-14 03:28:15.986 2732 2732 I hpplay-java: [main]:Bridge:findServiceID start out: 175061473
12-14 03:28:15.986 2732 2732 I hpplay-java: [main]:Bridge:findServiceID end
12-14 03:28:15.986 2732 5084 W hpplay-java: NanoHTTPDServerRunnable:Communication with the client broken
12-14 03:28:15.986 2732 5084 W hpplay-java: java.net.SocketException: Socket closed
12-14 03:28:15.986 2732 5084 W hpplay-java: at java.net.PlainSocketImpl.socketAccept(PlainSocketImpl.java:213)
12-14 03:28:15.986 2732 5084 W hpplay-java: at java.net.AbstractPlainSocketImpl.accept(AbstractPlainSocketImpl.java:451)
12-14 03:28:15.986 2732 5084 W hpplay-java: at java.net.ServerSocket.implAccept(ServerSocket.java:547)
12-14 03:28:15.986 2732 5084 W hpplay-java: at java.net.ServerSocket.accept(ServerSocket.java:515)
12-14 03:28:15.986 2732 5084 W hpplay-java: at com.hpplay.nanohttpd.protocols.http.ServerRunnable.run(SourceFile:118)
12-14 03:28:15.986 2732 5084 W hpplay-java: at java.lang.Thread.run(Thread.java:920)
12-14 03:28:15.986 2732 5084 I hpplay-java: NanoHTTPDNanoHTTPD:server is stoped
12-14 03:28:15.986 2732 2732 I hpplay-java: [main]:ServerTaskManager:onStop retry:true
12-14 03:28:15.986 2732 5084 I hpplay-java: NanoHTTPDNanoHTTPD:clear obj
12-14 03:28:15.986 2732 2732 I hpplay-java: [main]:ServerTaskManager:cancelTimeOutCheck
12-14 03:28:15.988 2732 2732 I hpplay-java: [main]:IPManager:getActiveNets type: WIFI
12-14 03:28:15.988 2732 2732 I hpplay-java: [main]:IPManager:getActiveNets eth0:false wifi:true mobile:false ap:false
12-14 03:28:15.988 2732 2732 I hpplay-java: [main]:IPManager:getIPAddress IP_WLAN0
12-14 03:28:15.993 2732 2732 I hpplay-java: [main]:IPManager:updateIPAddress getIPAddress: 192.168.4.16 name:vlan4
12-14 03:28:15.993 2732 2732 I hpplay-java: [main]:IPManager:updateIPAddress getIPAddress: 192.168.0.18 name:wlan0
12-14 03:28:15.993 2732 2732 I hpplay-java: [main]:IPManager:updateIPAddress getIPAddress: 192.168.8.16 name:vlan8
12-14 03:28:15.994 2732 2732 I hpplay-java: [main]:IPManager:updateIPAddress getIPAddress: 192.168.11.16 name:vlan11
12-14 03:28:15.994 2732 2732 I hpplay-java: [main]:IPManager:updateIPAddress getIPAddress: 192.168.0.16 name:vlan0
12-14 03:28:15.994 2732 2732 I hpplay-java: [main]:IPManager:updateIPAddress getIPAddress: 192.168.2.16 name:vlan2
12-14 03:28:15.994 2732 2732 I hpplay-java: [main]:IPManager:updateIPAddress getIPAddress: 192.168.1.16 name:vlan1
12-14 03:28:15.995 2732 2732 I hpplay-java: [main]:ServerTaskManager:exeTask startServer
12-14 03:28:15.996 2732 2732 I hpplay-java: [main]:ServerTaskManager:startTimeOutCheck
12-14 03:28:15.996 2732 5133 I hpplay-java: [AsyncTask #130]:ServerBusiness:startDaemonBusiness
12-14 03:28:15.996 2732 5134 I hpplay-java: [AsyncTask #131]:Bridge:assembleInParameters
12-14 03:28:15.996 2732 5133 I hpplay-java: [AsyncTask #130]:TimeOutCheckUtil:addTask id:upgrade
12-14 03:28:15.997 2732 5133 I hpplay-java: [AsyncTask #130]:TimeOutCheckUtil:addTask id:ijkupgrade
12-14 03:28:15.998 2732 5134 I hpplay-java: [AsyncTask #131]:Bridge:createDeviceId deviceId:Nzg6OWI6Nzg6ODA6ZGI6ZjY=
12-14 03:28:15.998 2732 5135 I hpplay-java: NanoHTTPDNanoHTTPD:server is started
12-14 03:28:15.998 2732 5134 I hpplay-java: [AsyncTask #131]:IPManager:getActiveNets type: WIFI
12-14 03:28:15.998 2732 5134 I hpplay-java: [AsyncTask #131]:IPManager:getActiveNets eth0:false wifi:true mobile:false ap:false
12-14 03:28:15.999 2732 5134 I hpplay-java: [AsyncTask #131]:IPManager:getIPAddress IP_WLAN0
12-14 03:28:15.999 2732 5134 I hpplay-java: [AsyncTask #131]:Preference:checkFeature none
12-14 03:28:15.999 2732 5134 I hpplay-java: [AsyncTask #131]:SWI:dlna tip
12-14 03:28:15.999 2732 5134 I hpplay-java: [AsyncTask #131]:SWI:lefp tip
12-14 03:28:15.999 2732 5134 I hpplay-java: [AsyncTask #131]:Bridge:assembleInParameters none alias name use device name: 高合娱乐副屏
12-14 03:28:15.999 2732 5134 I hpplay-java: [AsyncTask #131]:Feature:isSendAdvertisement
12-14 03:28:15.999 2732 5134 I hpplay-java: [AsyncTask #131]:Preference:checkFeature none
12-14 03:28:16.000 2732 5134 I hpplay-java: [AsyncTask #131]:Preference:checkFeature none
12-14 03:28:16.000 2732 5134 I hpplay-java: [AsyncTask #131]:Bridge:backupHpplayDat bakPath:
12-14 03:28:16.000 2732 5134 I hpplay-java: [AsyncTask #131]:Bridge:path:/data/user/0/com.hht.lebocast/files/hpplay/file/happyplay.dat
12-14 03:28:16.000 2732 5134 I hpplay-java: [AsyncTask #131]:Bridge:mAppId:21409
12-14 03:28:16.000 2732 5134 I hpplay-java: [AsyncTask #131]:Bridge:mode:3
12-14 03:28:16.000 2732 5134 I hpplay-java: [AsyncTask #131]:Bridge:type:1
12-14 03:28:16.000 2732 5134 I hpplay-java: [AsyncTask #131]:Bridge:SN:
12-14 03:28:16.000 2732 5134 I hpplay-java: [AsyncTask #131]:Preference:checkFeature none
12-14 03:28:16.000 2732 5134 I hpplay-java: [AsyncTask #131]:Bridge:backPath:
12-14 03:28:16.000 2732 5134 I hpplay-java: [AsyncTask #131]:DeviceUtil:getPermissionDid: 1
12-14 03:28:16.000 2732 5134 I hpplay-java: [AsyncTask #131]:DeviceUtil:getPermissionDid: 1
12-14 03:28:16.001 2732 5134 I hpplay-java: [AsyncTask #131]:Preference:checkFeature none
12-14 03:28:16.001 2732 5134 I hpplay-java: [AsyncTask #131]:Preference:checkFeature none
12-14 03:28:16.001 2732 5134 I hpplay-java: [AsyncTask #131]:Preference:checkFeature none
12-14 03:28:16.001 2732 5134 I hpplay-java: [AsyncTask #131]:Preference:checkFeature none
12-14 03:28:16.001 2732 5134 I hpplay-java: [AsyncTask #131]:Preference:checkFeature none
12-14 03:28:16.001 2732 5134 I hpplay-java: [AsyncTask #131]:Preference:checkFeature none
12-14 03:28:16.009 2732 5133 W hpplay-java: [AsyncTask #130]:ServerBusiness:startDaemonBusiness start LelinkHTTPD sucess 52288
12-14 03:28:16.024 2732 5134 W hpplay-java: [AsyncTask #131]:DeviceUtils:getDomain create lb domain
12-14 03:28:16.024 2732 5134 I hpplay-java: [AsyncTask #131]:Feature:getMirrorAudioVideoSync DISABLE
12-14 03:28:16.024 2732 5134 I hpplay-java: [AsyncTask #131]:Feature:checkSupportRedirectOtherApp,no set redirect api
12-14 03:28:16.025 2732 5134 I hpplay-java: [AsyncTask #131]:Feature:getRedirectSearchFlag,value: 0
12-14 03:28:16.026 2732 5134 I hpplay-java: [AsyncTask #131]:Bridge:mIn: InParameters{appInfo='0', appKey='21409', authMode=0, authPwd='null', broadcastDirection=0, broadcastState=1, broadcastTimeout=3, buildType='release', cacheAVPath='/data/user/0/com.hht.lebocast/cache/hpplay/av', cachePhotoPath='/data/user/0/com.hht.lebocast/cache/hpplay/image', channel='LEBO-APK--60146-25915', desPath='', , deviceName='高合娱乐副屏', dlna=1, dlnaCompany='null', dlnaCompanyURL='null', dlnaDeviceDescribe='null', dlnaDeviceName='null', dlnaDeviceURL='null', dlnaLelinkSwitch=1, dlnaManufacturer=0, dlnaName='高合娱乐副屏', dlnaUPC='', dlnaUUID='e1dc06f8-0e14-26c5-5cd2-8ed68158c037', domain='Lebo-figure-a69c947ffd36', drainage=0, feature='6655', fps=60, height=1080, host='null', , keyPath='/data/user/0/com.hht.lebocast/files/hpplay/file', lelinkfp=1, lelinkfp2=0, logBaseState=1, logPath='/storage/emulated/0/com.hht.lebocast/sink/sdk/common', , mdnsEnable=1, mirrorSyncType=0, netCastVer='2.0', packageName='com.hht.lebocast', packagePath='/data/user/0/com.hht.lebocast', permissionDid='a6:9c:94:7f:fd:36', permissionMode=3, permissionPreSN='', port=0, preemptMode=0, regType='_leboremote._tcp.', serverPorts=null, sockWaitTimeOut=45, teleControlPort=53388, tunnels=3, txtKeys=null, txtValues=null, uid='8270434926410121175', videoFrameType=1001, width=1920}com.hpplay.sdk.sink.protocol.InParameters@a8bad1
12-14 03:28:16.026 2732 2732 I hpplay-java: [main]:Bridge:startServer state: 0
12-14 03:28:16.026 2732 2732 D hpplay-base: [jniBridge:185] not conference version
12-14 03:28:16.026 2732 2732 I hpplay-base: [jniBridge:241] 1initServer nSettingWidth=1920 nSettingHeight=1080 nSettingMaxFPS=60 dlnaEnable=1 lelinkFpEnable=1
12-14 03:28:16.026 2732 2732 D hpplay-base: [jniBridge:283] 1initServer cfg.leLinkIp=192.168.0.18
12-14 03:28:16.026 2732 2732 D hpplay-base: [jniBridge:286] 1initServer cfg.mPermissionMode=3
12-14 03:28:16.026 2732 2732 D hpplay-base: [jniBridge:304] 1initServer cfg.permissionDid=a6:9c:94:7f:fd:36000000000000000
