01-01 09:56:48.364 1490 1490 W android.permission.PermissionManager: Missing ActivityManager; assuming 1000 holds android.permission.SET_PREFERRED_APPLICATIONS
01-01 09:56:48.364 1490 1490 W android.permission.PermissionManager: Missing ActivityManager; assuming 1000 holds android.permission.SET_PREFERRED_APPLICATIONS
01-01 09:56:48.364 1490 1490 W android.permission.PermissionManager: Missing ActivityManager; assuming 1000 holds android.permission.SET_PREFERRED_APPLICATIONS
01-01 09:56:48.365 1490 1490 W android.permission.PermissionManager: Missing ActivityManager; assuming 1000 holds android.permission.SET_PREFERRED_APPLICATIONS
01-01 09:56:48.365 1490 1490 W android.permission.PermissionManager: Missing ActivityManager; assuming 1000 holds android.permission.SET_PREFERRED_APPLICATIONS
01-01 09:56:48.365 1490 1490 W android.permission.PermissionManager: Missing ActivityManager; assuming 1000 holds android.permission.SET_PREFERRED_APPLICATIONS
01-01 09:56:48.365 1490 1490 W android.permission.PermissionManager: Missing ActivityManager; assuming 1000 holds android.permission.SET_PREFERRED_APPLICATIONS
01-01 09:56:48.365 1490 1490 W android.permission.PermissionManager: Missing ActivityManager; assuming 1000 holds android.permission.SET_PREFERRED_APPLICATIONS
01-01 09:56:48.365 1490 1490 W android.permission.PermissionManager: Missing ActivityManager; assuming 1000 holds android.permission.SET_PREFERRED_APPLICATIONS
01-01 09:56:48.365 1490 1490 W android.permission.PermissionManager: Missing ActivityManager; assuming 1000 holds android.permission.SET_PREFERRED_APPLICATIONS
01-01 09:56:48.365 1490 1490 W android.permission.PermissionManager: Missing ActivityManager; assuming 1000 holds android.permission.SET_PREFERRED_APPLICATIONS
01-01 09:56:48.365 1490 1490 W android.permission.PermissionManager: Missing ActivityManager; assuming 1000 holds android.permission.SET_PREFERRED_APPLICATIONS
01-01 09:56:48.366 1490 1490 W android.permission.PermissionManager: Missing ActivityManager; assuming 1000 holds android.permission.SET_PREFERRED_APPLICATIONS
01-01 09:56:48.366 1490 1490 W android.permission.PermissionManager: Missing ActivityManager; assuming 1000 holds android.permission.SET_PREFERRED_APPLICATIONS
01-01 09:56:48.366 1490 1490 W android.permission.PermissionManager: Missing ActivityManager; assuming 1000 holds android.permission.SET_PREFERRED_APPLICATIONS
01-01 09:56:48.366 1490 1490 W android.permission.PermissionManager: Missing ActivityManager; assuming 1000 holds android.permission.SET_PREFERRED_APPLICATIONS
01-01 09:56:48.366 1490 1490 W android.permission.PermissionManager: Missing ActivityManager; assuming 1000 holds android.permission.SET_PREFERRED_APPLICATIONS
01-01 09:56:48.366 1490 1490 W android.permission.PermissionManager: Missing ActivityManager; assuming 1000 holds android.permission.SET_PREFERRED_APPLICATIONS
01-01 09:56:48.366 1490 1490 W android.permission.PermissionManager: Missing ActivityManager; assuming 1000 holds android.permission.SET_PREFERRED_APPLICATIONS
01-01 09:56:48.366 1490 1490 W android.permission.PermissionManager: Missing ActivityManager; assuming 1000 holds android.permission.SET_PREFERRED_APPLICATIONS
01-01 09:56:48.367 1490 1490 W android.permission.PermissionManager: Missing ActivityManager; assuming 1000 holds android.permission.SET_PREFERRED_APPLICATIONS
01-01 09:56:48.367 1490 1490 W android.permission.PermissionManager: Missing ActivityManager; assuming 1000 holds android.permission.SET_PREFERRED_APPLICATIONS
01-01 09:56:48.367 1490 1490 W android.permission.PermissionManager: Missing ActivityManager; assuming 1000 holds android.permission.SET_PREFERRED_APPLICATIONS
01-01 09:56:48.367 1490 1490 W android.permission.PermissionManager: Missing ActivityManager; assuming 1000 holds android.permission.SET_PREFERRED_APPLICATIONS
01-01 09:56:48.367 1490 1490 W android.permission.PermissionManager: Missing ActivityManager; assuming 1000 holds android.permission.SET_PREFERRED_APPLICATIONS
01-01 09:56:48.367 1490 1490 W android.permission.PermissionManager: Missing ActivityManager; assuming 1000 holds android.permission.SET_PREFERRED_APPLICATIONS
01-01 09:56:48.367 1490 1490 W android.permission.PermissionManager: Missing ActivityManager; assuming 1000 holds android.permission.SET_PREFERRED_APPLICATIONS
01-01 09:56:48.367 1490 1490 W android.permission.PermissionManager: Missing ActivityManager; assuming 1000 holds android.permission.SET_PREFERRED_APPLICATIONS
01-01 09:56:48.367 1490 1490 W android.permission.PermissionManager: Missing ActivityManager; assuming 1000 holds android.permission.SET_PREFERRED_APPLICATIONS
01-01 09:56:48.368 1490 1490 W android.permission.PermissionManager: Missing ActivityManager; assuming 1000 holds android.permission.SET_PREFERRED_APPLICATIONS
01-01 09:56:48.368 1490 1490 W android.permission.PermissionManager: Missing ActivityManager; assuming 1000 holds android.permission.SET_PREFERRED_APPLICATIONS
01-01 09:56:48.368 1490 1490 W android.permission.PermissionManager: Missing ActivityManager; assuming 1000 holds android.permission.SET_PREFERRED_APPLICATIONS
01-01 09:56:48.368 1490 1490 W android.permission.PermissionManager: Missing ActivityManager; assuming 1000 holds android.permission.SET_PREFERRED_APPLICATIONS
01-01 09:56:48.368 1490 1490 W android.permission.PermissionManager: Missing ActivityManager; assuming 1000 holds android.permission.SET_PREFERRED_APPLICATIONS
01-01 09:56:48.368 1490 1490 W android.permission.PermissionManager: Missing ActivityManager; assuming 1000 holds android.permission.SET_PREFERRED_APPLICATIONS
01-01 09:56:48.368 1490 1490 W android.permission.PermissionManager: Missing ActivityManager; assuming 1000 holds android.permission.SET_PREFERRED_APPLICATIONS
01-01 09:56:48.376 1490 1490 W PackageSettings: Missing permission state for package: android.frameworkres.overlay
01-01 09:56:48.377 1490 1490 W PackageSettings: Missing permission state for package: com.android.cts.priv.ctsshim
01-01 09:56:48.377 1490 1490 W PackageSettings: Missing permission state for package: com.thundercomm.gamemode.provider
01-01 09:56:48.377 1490 1490 W PackageSettings: Missing permission state for package: com.android.internal.systemui.navbar.gestural_wide_back
01-01 09:56:48.377 1490 1490 W PackageSettings: Missing permission state for package: com.qualcomm.qti.gpudrivers.kona.api30
01-01 09:56:48.377 1490 1490 W PackageSettings: Missing permission state for package: com.android.htmlviewer
01-01 09:56:48.377 1490 1490 W PackageSettings: Missing permission state for package: com.android.internal.systemui.onehanded.gestural
01-01 09:56:48.377 1490 1490 W PackageSettings: Missing permission state for package: android.qvaoverlay.common
01-01 09:56:48.377 1490 1490 W PackageSettings: Missing permission state for package: android.overlay.common
01-01 09:56:48.377 1490 1490 W PackageSettings: Missing permission state for package: com.android.connectivity.resources
01-01 09:56:48.377 1490 1490 W PackageSettings: Missing permission state for package: com.android.modulemetadata
01-01 09:56:48.377 1490 1490 W PackageSettings: Missing permission state for package: android.overlay.target
01-01 09:56:48.377 1490 1490 W PackageSettings: Missing permission state for package: com.android.internal.systemui.navbar.gestural_extra_wide_back
01-01 09:56:48.377 1490 1490 W PackageSettings: Missing permission state for package: com.android.wifi.resources.overlay.common
01-01 09:56:48.377 1490 1490 W PackageSettings: Missing permission state for package: com.android.dreams.basic
01-01 09:56:48.377 1490 1490 W PackageSettings: Missing permission state for package: com.android.settings.overlay.common
01-01 09:56:48.377 1490 1490 W PackageSettings: Missing permission state for package: android.ext.shared
01-01 09:56:48.377 1490 1490 W PackageSettings: Missing permission state for package: com.android.wifi.resources.overlay.target
01-01 09:56:48.377 1490 1490 W PackageSettings: Missing permission state for package: com.android.wifi.resources
01-01 09:56:48.377 1490 1490 W PackageSettings: Missing permission state for package: com.android.systemui.overlay.common
01-01 09:56:48.377 1490 1490 W PackageSettings: Missing permission state for package: com.android.cameraextensions
01-01 09:56:48.377 1490 1490 W PackageSettings: Missing permission state for package: com.android.theme.font.notoserifsource
01-01 09:56:48.377 1490 1490 W PackageSettings: Missing permission state for package: com.android.internal.display.cutout.emulation.waterfall
01-01 09:56:48.377 1490 1490 W PackageSettings: Missing permission state for package: com.android.providers.settings.overlay
01-01 09:56:48.377 1490 1490 W PackageSettings: Missing permission state for package: com.android.bookmarkprovider
01-01 09:56:48.377 1490 1490 W PackageSettings: Missing permission state for package: com.android.cts.ctsshim
01-01 09:56:48.377 1490 1490 W PackageSettings: Missing permission state for package: com.qualcomm.qti.xrcb
01-01 09:56:48.377 1490 1490 W PackageSettings: Missing permission state for package: com.android.internal.systemui.navbar.gestural
01-01 09:56:48.377 1490 1490 W PackageSettings: Missing permission state for package: com.android.internal.systemui.navbar.gestural_narrow_back
01-01 09:56:48.377 1490 1490 W PackageSettings: Missing permission state for package: com.android.cellbroadcastreceiver.overlay.common
01-01 09:56:48.378 1490 1490 W PackageSettings: Missing permission state for shared user: android.uid.log
01-01 09:56:48.378 1490 1490 W PackageSettings: Missing permission state for shared user: android.uid.uwb
01-01 09:56:48.399 1490 1490 D PackageManager: Keeping known cache e987cbdcb2344483b4dbbc393b2da64584793e32
01-01 09:56:48.401 1490 1490 W android.permission.PermissionManager: Missing ActivityManager; assuming 1000 holds android.permission.WATCH_APPOPS
01-01 09:56:48.401 1490 1490 W android.permission.PermissionManager: Missing ActivityManager; assuming 1000 holds android.permission.WATCH_APPOPS
01-01 09:56:48.406 1490 1490 D CompatibilityChangeReporter: Compat change id reported: 143539591; UID -1; state: ENABLED
01-01 09:56:48.419 1490 1490 D CompatibilityChangeReporter: Compat change id reported: 143539591; UID -1; state: DISABLED
01-01 09:56:48.419 1490 1490 D CompatibilityChangeReporter: Compat change id reported: 168782947; UID -1; state: ENABLED
01-01 09:56:48.420 1490 1490 W PackageManager: Failed to parse /system/framework/oat: Missing base APK in /system/framework/oat
01-01 09:56:48.420 1490 1490 W PackageManager: Failed to parse /system/framework/arm64: Missing base APK in /system/framework/arm64
01-01 09:56:48.420 1490 1490 W PackageManager: Failed to parse /system/framework/arm: Missing base APK in /system/framework/arm
01-01 09:56:48.479 1490 1490 D CompatibilityChangeReporter: Compat change id reported: 168782947; UID -1; state: DISABLED
01-01 09:56:48.509 1490 1632 D CompatibilityChangeReporter: Compat change id reported: 150232615; UID -1; state: DISABLED
01-01 09:56:48.512 1490 1631 W PackageParsing: No actions in intent-filter at /system/priv-app/baidu_ime-mainLine-release/baidu_ime-mainLine-release.apk Binary XML file line #388
01-01 09:56:48.537 1490 1634 W PackageParsing: No actions in intent-filter at /system/priv-app/BuiltInPrintService/BuiltInPrintService.apk Binary XML file line #53
01-01 09:56:48.542 1490 1633 W PackageParsing: Ignoring duplicate uses-permissions/uses-permissions-sdk-m: android.permission.ACCESS_WIFI_STATE in package: com.microsoft.emmx at: Binary XML file line #105
01-01 09:56:48.570 1490 1632 W PackageParsing: No actions in intent-filter at /system/app/Bluetooth/Bluetooth.apk Binary XML file line #186
01-01 09:56:48.570 1490 1632 W PackageParsing: No actions in intent-filter at /system/app/Bluetooth/Bluetooth.apk Binary XML file line #210
01-01 09:56:48.570 1490 1632 W PackageParsing: No actions in intent-filter at /system/app/Bluetooth/Bluetooth.apk Binary XML file line #284
01-01 09:56:48.592 1490 1633 W PackageParsing: Ignoring duplicate uses-permissions/uses-permissions-sdk-m: android.permission.READ_EXTERNAL_STORAGE in package: com.thundercomm.screensaver at: Binary XML file line #19
01-01 09:56:48.606 1490 1490 W PackageManager: Failed to parse /vendor/app/CneApp: Missing base APK in /vendor/app/CneApp/lib/arm64
01-01 09:56:48.713 1490 1631 W PackageParsing: Ignoring duplicate uses-permissions/uses-permissions-sdk-m: android.permission.CONFIGURE_WIFI_DISPLAY in package: com.android.systemui at: Binary XML file line #160
01-01 09:56:48.850 1490 1631 W PackageParsing: Ignoring duplicate uses-permissions/uses-permissions-sdk-m: android.permission.INTERACT_ACROSS_USERS in package: com.thundercomm.microsettings at: Binary XML file line #13
01-01 09:56:48.850 1490 1631 W PackageParsing: Ignoring duplicate uses-permissions/uses-permissions-sdk-m: android.permission.SET_TIME_ZONE in package: com.thundercomm.microsettings at: Binary XML file line #31
01-01 09:56:48.850 1490 1631 W PackageParsing: Ignoring duplicate uses-permissions/uses-permissions-sdk-m: android.permission.WRITE_EXTERNAL_STORAGE in package: com.thundercomm.microsettings at: Binary XML file line #37
01-01 09:56:48.855 1490 1634 W PackageParsing: No actions in intent-filter at /system_ext/app/SnapdragonMusic/SnapdragonMusic.apk Binary XML file line #82
01-01 09:56:48.856 1490 1634 W PackageParsing: No actions in intent-filter at /system_ext/app/SnapdragonMusic/SnapdragonMusic.apk Binary XML file line #205
01-01 09:56:48.898 0 0 E : msm_qti_pp_get_rms_value_control, back not active to query rms be_idx:3
01-01 09:56:48.909 0 0 I core_get_license_status: cmdrsp_license_result.result = 0x15 for module 0x131ff
01-01 09:56:48.909 0 0 E msm_ext_disp_update_audio_ops: Display not found (EXT_DISPLAY_TYPE_DP) ctld (0) stream (0)
01-01 09:56:48.910 0 0 E msm_ext_disp_update_audio_ops: Display not found (EXT_DISPLAY_TYPE_HDMI) ctld (0) stream (0)
01-01 09:56:48.910 0 0 E msm_ext_disp_update_audio_ops: Display not found (EXT_DISPLAY_TYPE_DP) ctld (0) stream (0)
01-01 09:56:48.910 0 0 E msm_ext_disp_update_audio_ops: Display not found (EXT_DISPLAY_TYPE_DP) ctld (0) stream (0)
01-01 09:56:48.910 0 0 E msm_ext_disp_update_audio_ops: Display not found (EXT_DISPLAY_TYPE_DP) ctld (0) stream (0)
01-01 09:56:48.910 0 0 E msm-ext-disp-audio-codec-rx soc: qcom,msm-ext-disp:qcom,msm-ext-disp-audio-codec-rx: msm_ext_disp_audio_type_get: get_audio_edid_blk() or get_intf_id is NULL
01-01 09:56:48.910 0 0 E msm_ext_disp_update_audio_ops: Display not found (EXT_DISPLAY_TYPE_DP) ctld (0) stream (0)
01-01 09:56:48.910 0 0 E msm-ext-disp-audio-codec-rx soc: qcom,msm-ext-disp:qcom,msm-ext-disp-audio-codec-rx: msm_ext_disp_audio_type_get: get_audio_edid_blk() or get_intf_id is NULL
01-01 09:56:48.910 0 0 E msm_ext_disp_update_audio_ops: Display not found (EXT_DISPLAY_TYPE_DP) ctld (0) stream (0)
01-01 09:56:48.910 0 0 E msm-ext-disp-audio-codec-rx soc: qcom,msm-ext-disp:qcom,msm-ext-disp-audio-codec-rx: msm_ext_disp_audio_type_get: get_audio_edid_blk() or get_intf_id is NULL
01-01 09:56:48.911 0 0 E msm-ext-disp-audio-codec-rx soc: qcom,msm-ext-disp:qcom,msm-ext-disp-audio-codec-rx: msm_ext_disp_audio_device_get: invalid dai id: 4
01-01 09:56:48.917 1490 1490 I PackageManager: Finished scanning system apps. Time: 520 ms, packageCount: 139 , timePerPackage: 3 , cached: 0
01-01 09:56:48.918 1490 1490 I PackageManager: Finished scanning non-system apps. Time: 1 ms, packageCount: 0 , timePerPackage: 0 , cached: 0
01-01 09:56:48.919 1490 1490 E PackageManager: updateAllSharedLibrariesLPw failed: Package com.qualcomm.embms requires unavailable shared library com.qualcomm.qcrilhook; failing!
01-01 09:56:48.919 1490 1490 E PackageManager: updateAllSharedLibrariesLPw failed: Package com.android.systemui requires unavailable shared library com.qti.extphone.extphonelib; failing!
01-01 09:56:48.919 1490 1490 E PackageManager: updateAllSharedLibrariesLPw failed: Package com.android.settings requires unavailable shared library com.qti.extphone.extphonelib; failing!
01-01 09:56:48.919 1490 1490 E PackageManager: updateAllSharedLibrariesLPw failed: Package com.qualcomm.qti.devicestatisticsservice requires unavailable shared library qti-telephony-hidl-wrapper-prd; failing!
01-01 09:56:48.919 1490 1490 E PackageManager: updateAllSharedLibrariesLPw failed: Package com.qti.snapdragon.qdcm_ff requires unavailable shared library vendor.display.color.V1_0.IDisplayColor; failing!
01-01 09:56:48.919 1490 1490 E PackageManager: updateAllSharedLibrariesLPw failed: Package com.qti.pasrservice requires unavailable shared library vendor.qti.power.pasrmanager.V1_0.IPasrManager; failing!
01-01 09:56:48.919 1490 1490 E PackageManager: updateAllSharedLibrariesLPw failed: Package com.qualcomm.wfd.service requires unavailable shared library .WfdService; failing!
01-01 09:56:48.920 1490 1490 I PackageManager: Time to scan packages: 0.523 seconds
01-01 09:56:48.920 1490 1490 I PackageManager: Permission ownership changed. Updating all permissions.
01-01 09:56:48.929 1490 1490 V PackageManager: reconcileAppsData for null u0 0x1 migrateAppData=true
01-01 09:56:48.952 0 0 E : msm_pcm_volume_ctl_get substream not found
01-01 09:56:48.970 1490 1490 V PackageManager: reconcileAppsData finished 27 packages
01-01 09:56:48.971 1490 1490 I PackageManagerTiming: write settings
01-01 09:56:48.971 1490 1641 I SystemServerTimingAsync: InitThreadPoolExec:prepareAppData
01-01 09:56:48.990 1490 1490 W PackageManager: Intent filter verifier not found
01-01 09:56:48.990 1490 1490 W PackageManager: Domain verification agent not found
01-01 09:56:48.992 1490 1490 I PackageManagerTiming: GC
01-01 09:56:48.992 1490 1490 I PackageManager: Fix for b/169414761 is applied
01-01 09:56:48.992 1490 1490 V UserManagerService: Checking that all system packages are whitelisted.
01-01 09:56:48.994 1490 1490 W UserManagerService: checkWhitelistedSystemPackages(mode=ENFORCE|IMPLICIT_WHITELIST|IMPLICIT_WHITELIST_SYSTEM) has 68 warnings:
01-01 09:56:48.994 1490 1490 W UserManagerService: com.android.internal.display.cutout.emulation.corner is allowlisted but not present.
01-01 09:56:48.994 1490 1490 W UserManagerService: com.android.internal.display.cutout.emulation.double is allowlisted but not present.
01-01 09:56:48.994 1490 1490 W UserManagerService: com.android.theme.color.amethyst is allowlisted but not present.
01-01 09:56:48.994 1490 1490 W UserManagerService: com.android.theme.icon.pebble is allowlisted but not present.
01-01 09:56:48.994 1490 1490 W UserManagerService: com.android.theme.color.sand is allowlisted but not present.
01-01 09:56:48.994 1490 1490 W UserManagerService: com.android.theme.icon.vessel is allowlisted but not present.
01-01 09:56:48.994 1490 1490 W UserManagerService: com.android.theme.color.cinnamon is allowlisted but not present.
01-01 09:56:48.994 1490 1490 W UserManagerService: com.android.theme.icon_pack.victor.settings is allowlisted but not present.
01-01 09:56:48.994 1490 1490 W UserManagerService: com.android.theme.icon_pack.rounded.systemui is allowlisted but not present.
01-01 09:56:48.994 1490 1490 W UserManagerService: com.android.theme.icon.taperedrect is allowlisted but not present.
01-01 09:56:48.994 1490 1490 W UserManagerService: com.android.theme.icon_pack.rounded.android is allowlisted but not present.
01-01 09:56:48.994 1490 1490 W UserManagerService: com.qualcomm.qti.euiccresource is allowlisted but not present.
01-01 09:56:48.994 1490 1490 W UserManagerService: com.qualcomm.qti.telephonyservice is allowlisted but not present.
01-01 09:56:48.994 1490 1490 W UserManagerService: com.android.theme.icon_pack.victor.systemui is allowlisted but not present.
01-01 09:56:48.994 1490 1490 W UserManagerService: com.android.theme.icon_pack.circular.themepicker is allowlisted but not present.
01-01 09:56:48.994 1490 1490 W UserManagerService: com.android.theme.color.tangerine is allowlisted but not present.
01-01 09:56:48.994 1490 1490 W UserManagerService: com.android.theme.color.aquamarine is allowlisted but not present.
01-01 09:56:48.994 1490 1490 W UserManagerService: com.android.internal.display.cutout.emulation.hole is allowlisted but not present.
01-01 09:56:48.994 1490 1490 W UserManagerService: com.android.internal.display.cutout.emulation.tall is allowlisted but not present.
01-01 09:56:48.994 1490 1490 W UserManagerService: com.android.theme.color.black is allowlisted but not present.
01-01 09:56:48.994 1490 1490 W UserManagerService: com.android.theme.color.green is allowlisted but not present.
01-01 09:56:48.994 1490 1490 W UserManagerService: com.android.theme.color.ocean is allowlisted but not present.
01-01 09:56:48.994 1490 1490 W UserManagerService: com.android.theme.color.space is allowlisted but not present.
01-01 09:56:48.994 1490 1490 W UserManagerService: com.android.internal.systemui.navbar.threebutton is allowlisted but not present.
01-01 09:56:48.994 1490 1490 W UserManagerService: com.qti.qualcomm.datastatusnotification is allowlisted but not present.
01-01 09:56:48.994 1490 1490 W UserManagerService: com.qualcomm.qti.callfeaturessetting is allowlisted but not present.
01-01 09:56:48.994 1490 1490 W UserManagerService: com.android.theme.icon_pack.rounded.launcher is allowlisted but not present.
01-01 09:56:48.994 1490 1490 W UserManagerService: com.qti.qualcomm.deviceinfo is allowlisted but not present.
01-01 09:56:48.994 1490 1490 W UserManagerService: com.android.theme.icon_pack.kai.settings is allowlisted but not present.
01-01 09:56:48.994 1490 1490 W UserManagerService: com.android.internal.systemui.navbar.twobutton is allowlisted but not present.
01-01 09:56:48.994 1490 1490 W UserManagerService: org.codeaurora.ims is allowlisted but not present.
01-01 09:56:48.994 1490 1490 W UserManagerService: com.android.theme.icon_pack.sam.settings is allowlisted but not present.
01-01 09:56:48.994 1490 1490 W UserManagerService: com.android.theme.icon_pack.kai.themepicker is allowlisted but not present.
01-01 09:56:48.994 1490 1490 W UserManagerService: com.qualcomm.qcrilmsgtunnel is allowlisted but not present.
01-01 09:56:48.994 1490 1490 W UserManagerService: com.android.theme.icon_pack.victor.launcher is allowlisted but not present.
01-01 09:56:48.994 1490 1490 W UserManagerService: com.android.theme.icon_pack.filled.settings is allowlisted but not present.
01-01 09:56:48.994 1490 1490 W UserManagerService: com.android.theme.icon_pack.kai.systemui is allowlisted but not present.
01-01 09:56:48.994 1490 1490 W UserManagerService: com.android.theme.icon_pack.circular.settings is allowlisted but not present.
01-01 09:56:48.994 1490 1490 W UserManagerService: com.qti.xdivert is allowlisted but not present.
01-01 09:56:48.994 1490 1490 W UserManagerService: com.android.theme.icon_pack.sam.systemui is allowlisted but not present.
01-01 09:56:48.994 1490 1490 W UserManagerService: com.android.theme.icon.teardrop is allowlisted but not present.
01-01 09:56:48.994 1490 1490 W UserManagerService: com.android.theme.icon_pack.rounded.themepicker is allowlisted but not present.
01-01 09:56:48.994 1490 1490 W UserManagerService: com.android.theme.icon_pack.filled.systemui is allowlisted but not present.
01-01 09:56:48.994 1490 1490 W UserManagerService: com.qualcomm.qti.imsiprivacy.tests is allowlisted but not present.
01-01 09:56:48.994 1490 1490 W UserManagerService: com.android.theme.icon_pack.sam.android is allowlisted but not present.
01-01 09:56:48.994 1490 1490 W UserManagerService: com.android.theme.icon_pack.filled.android is allowlisted but not present.
01-01 09:56:48.994 1490 1490 W UserManagerService: com.android.theme.icon_pack.circular.systemui is allowlisted but not present.
01-01 09:56:48.994 1490 1490 W UserManagerService: com.android.theme.icon_pack.kai.android is allowlisted but not present.
01-01 09:56:48.994 1490 1490 W UserManagerService: com.android.theme.icon_pack.kai.launcher is allowlisted but not present.
01-01 09:56:48.994 1490 1490 W UserManagerService: com.qualcomm.qti.sam.service is allowlisted but not present.
01-01 09:56:48.994 1490 1490 W UserManagerService: com.android.theme.icon_pack.sam.launcher is allowlisted but not present.
01-01 09:56:48.994 1490 1490 W UserManagerService: com.android.theme.icon.squircle is allowlisted but not present.
01-01 09:56:48.994 1490 1490 W UserManagerService: com.android.theme.icon_pack.victor.android is allowlisted but not present.
01-01 09:56:48.994 1490 1490 W UserManagerService: com.android.theme.color.palette is allowlisted but not present.
01-01 09:56:48.994 1490 1490 W UserManagerService: com.android.theme.icon_pack.filled.launcher is allowlisted but not present.
01-01 09:56:48.994 1490 1490 W UserManagerService: com.android.theme.color.carbon is allowlisted but not present.
01-01 09:56:48.994 1490 1490 W UserManagerService: com.android.theme.icon_pack.circular.launcher is allowlisted but not present.
01-01 09:56:48.994 1490 1490 W UserManagerService: com.android.theme.icon_pack.filled.themepicker is allowlisted but not present.
01-01 09:56:48.994 1490 1490 W UserManagerService: com.android.theme.icon_pack.victor.themepicker is allowlisted but not present.
01-01 09:56:48.994 1490 1490 W UserManagerService: com.android.theme.color.orchid is allowlisted but not present.
01-01 09:56:48.994 1490 1490 W UserManagerService: com.android.theme.color.purple is allowlisted but not present.
01-01 09:56:48.994 1490 1490 W UserManagerService: com.qualcomm.qti.confdialer is allowlisted but not present.
01-01 09:56:48.994 1490 1490 W UserManagerService: com.android.theme.icon_pack.sam.themepicker is allowlisted but not present.
01-01 09:56:48.994 1490 1490 W UserManagerService: com.qualcomm.atfwd is allowlisted but not present.
01-01 09:56:48.994 1490 1490 W UserManagerService: com.android.theme.icon.roundedrect is allowlisted but not present.
01-01 09:56:48.994 1490 1490 W UserManagerService: com.android.theme.icon_pack.rounded.settings is allowlisted but not present.
01-01 09:56:48.994 1490 1490 W UserManagerService: org.codeaurora.qti.nrNetworkSettingApp is allowlisted but not present.
01-01 09:56:48.994 1490 1490 W UserManagerService: com.android.theme.icon_pack.circular.android is allowlisted but not present.
01-01 09:56:48.995 1490 1490 I Watchdog: Resuming HandlerChecker: main thread for reason: packagemanagermain. Pause count: 0
01-01 09:56:48.995 1490 1490 I SystemServerDexLoadReporter: Configuring system server dex reporter
01-01 09:56:48.997 1490 1490 I SystemServerTiming: StartOtaDexOptService
01-01 09:56:48.997 1490 1490 I Watchdog: Pausing HandlerChecker: main thread for reason: moveab. Pause count: 1
01-01 09:56:48.998 1490 1490 D OTADexopt: No upgrade, skipping A/B artifacts check.
01-01 09:56:48.998 1490 1490 I Watchdog: Resuming HandlerChecker: main thread for reason: moveab. Pause count: 0
01-01 09:56:48.998 1490 1490 I SystemServerTiming: StartUserManagerService
01-01 09:56:48.998 1490 1490 I SystemServiceManager: Starting com.android.server.pm.UserManagerService$LifeCycle
01-01 09:56:48.998 1490 1490 I SystemServerTiming: InitAttributerCache
01-01 09:56:48.998 1490 1490 I SystemServerTiming: SetSystemProcess
01-01 09:56:49.000 1490 1607 I ActivityManager: Connection with lmkd established
01-01 09:56:49.001 1490 1490 I SystemServerTiming: InitWatchdog
01-01 09:56:49.001 1490 1490 I SystemServerTiming: StartOverlayManagerService
01-01 09:56:49.004 0 0 I init : Control message: Processed ctl.start for 'idmap2d' from pid: 1490 (system_server)
01-01 09:56:49.016 1490 1522 V HistoricalRegistry: Interaction before persistence initialized
01-01 09:56:49.019 1490 1490 I SystemServerTiming: StartSensorPrivacyService
01-01 09:56:49.020 1490 1593 W ActivityTaskManager: Skip updateConfiguration because mWindowManager isn't set
01-01 09:56:49.024 1490 1490 I SystemServerTiming: StartSensorService
01-01 09:56:49.024 1490 1490 I SystemServiceManager: Starting com.android.server.sensors.SensorService
01-01 09:56:49.024 1490 1490 I SystemServerTiming: startCoreServices
01-01 09:56:49.024 1490 1490 I SystemServerTiming: StartSystemConfigService
01-01 09:56:49.024 1490 1490 I SystemServiceManager: Starting com.android.server.SystemConfigService
01-01 09:56:49.024 1490 1490 I SystemServerTiming: StartBatteryService
01-01 09:56:49.024 1490 1490 I SystemServiceManager: Starting com.android.server.BatteryService
01-01 09:56:49.024 1490 1645 I SystemServerTimingAsync: InitThreadPoolExec:StartNativeSensorService
01-01 09:56:49.024 1490 1645 I SystemServerTimingAsync: StartNativeSensorService
01-01 09:56:49.026 0 0 E init : Control message: Could not find 'android.hardware.sensors@2.0::ISensors/default' for ctl.interface_start from pid: 500 (/system/bin/hwservicemanager)
01-01 09:56:49.027 0 0 W healthd : battery none chg=
01-01 09:56:49.028 1490 1490 I HealthServiceWrapper: health: HealthServiceWrapper listening to instance default
01-01 09:56:49.028 1490 1490 I BatteryService: health: Waited 0ms and received the update.
01-01 09:56:49.028 0 0 E init : Control message: Could not find 'android.hardware.sensors@2.0::ISensors/default' for ctl.interface_start from pid: 500 (/system/bin/hwservicemanager)
01-01 09:56:49.029 1490 1490 I SystemServerTiming: StartUsageService
01-01 09:56:49.029 1490 1490 I SystemServiceManager: Starting com.android.server.usage.UsageStatsService
01-01 09:56:49.032 1490 1490 I SystemServerTiming: StartWebViewUpdateService
01-01 09:56:49.032 1490 1490 I SystemServiceManager: Starting com.android.server.webkit.WebViewUpdateService
01-01 09:56:49.034 1490 1490 I SystemServerTiming: StartCachedDeviceStateService
01-01 09:56:49.034 1490 1490 I SystemServiceManager: Starting com.android.server.CachedDeviceStateService
01-01 09:56:49.034 1490 1490 I SystemServerTiming: StartBinderCallsStatsService
01-01 09:56:49.034 1490 1490 I SystemServiceManager: Starting com.android.server.BinderCallsStatsService$LifeCycle
01-01 09:56:49.034 1490 1490 I SystemServerTiming: StartLooperStatsService
01-01 09:56:49.034 1490 1490 I SystemServiceManager: Starting com.android.server.LooperStatsService$Lifecycle
01-01 09:56:49.035 1490 1490 I SystemServerTiming: StartRollbackManagerService
01-01 09:56:49.035 1490 1490 I SystemServiceManager: Starting com.android.server.rollback.RollbackManagerService
01-01 09:56:49.037 1490 1490 I PackageWatchdog: Syncing state, reason: added new observer
01-01 09:56:49.037 1490 1490 I PackageWatchdog: Not pruning observers, elapsed time: 0ms
01-01 09:56:49.037 1490 1604 I PackageWatchdog: Saving observer state to file
01-01 09:56:49.037 1490 1490 I PackageWatchdog: Cancelling state sync, nothing to sync
01-01 09:56:49.039 1490 1490 I SystemServerTiming: StartNativeTombstoneManagerService
01-01 09:56:49.039 1490 1490 I SystemServiceManager: Starting com.android.server.os.NativeTombstoneManagerService
01-01 09:56:49.040 1490 1490 I SystemServerTiming: StartBugreportManagerService
01-01 09:56:49.040 1490 1490 I SystemServiceManager: Starting com.android.server.os.BugreportManagerService
01-01 09:56:49.040 1490 1490 I SystemServerTiming: GpuService
01-01 09:56:49.040 1490 1490 I SystemServiceManager: Starting com.android.server.gpu.GpuService
01-01 09:56:49.040 1490 1490 I SystemServerTiming: startOtherServices
01-01 09:56:49.041 1490 1490 I SystemServerTiming: StartKeyAttestationApplicationIdProviderService
01-01 09:56:49.041 1490 1653 I SystemServerTimingAsync: InitThreadPoolExec:SecondaryZygotePreload
01-01 09:56:49.041 1490 1653 I SystemServer: SecondaryZygotePreload
01-01 09:56:49.041 1490 1653 I SystemServerTimingAsync: SecondaryZygotePreload
01-01 09:56:49.041 1490 1490 I SystemServerTiming: StartKeyChainSystemService
01-01 09:56:49.041 1490 1490 I SystemServiceManager: Starting com.android.server.security.KeyChainSystemService
01-01 09:56:49.041 1490 1490 I SystemServerTiming: StartSchedulingPolicyService
01-01 09:56:49.041 1490 1654 I SystemServerTimingAsync: InitThreadPoolExec:SchedulingPolicyService.
01-01 09:56:49.042 1490 1490 I SystemServerTiming: StartTelecomLoaderService
01-01 09:56:49.042 1490 1490 I SystemServiceManager: Starting com.android.server.telecom.TelecomLoaderService
01-01 09:56:49.042 1490 1490 I SystemServerTiming: StartTelephonyRegistry
01-01 09:56:49.044 1490 1490 I SystemServerTiming: StartEntropyMixer
01-01 09:56:49.044 1490 1490 I EntropyMixer: Writing entropy...
01-01 09:56:49.045 1490 1490 I SystemServerTiming: StartAccountManagerService
01-01 09:56:49.045 1490 1490 I SystemServiceManager: Starting com.android.server.accounts.AccountManagerService$Lifecycle
01-01 09:56:49.049 1490 1490 I SystemServerTiming: StartContentService
01-01 09:56:49.049 1490 1490 I SystemServiceManager: Starting com.android.server.content.ContentService$Lifecycle
01-01 09:56:49.050 1490 1490 I SystemServerTiming: InstallSystemProviders
01-01 09:56:49.079 0 0 E : msm_qti_pp_get_rms_value_control, back not active to query rms be_idx:3
01-01 09:56:49.087 1201 1657 I storaged: storaged: Start
01-01 09:56:49.107 0 0 I core_get_license_status: cmdrsp_license_result.result = 0x15 for module 0x131ff
01-01 09:56:49.109 0 0 E msm_ext_disp_update_audio_ops: Display not found (EXT_DISPLAY_TYPE_DP) ctld (0) stream (0)
01-01 09:56:49.109 0 0 E msm_ext_disp_update_audio_ops: Display not found (EXT_DISPLAY_TYPE_HDMI) ctld (0) stream (0)
01-01 09:56:49.109 0 0 E msm_ext_disp_update_audio_ops: Display not found (EXT_DISPLAY_TYPE_DP) ctld (0) stream (0)
01-01 09:56:49.109 0 0 E msm_ext_disp_update_audio_ops: Display not found (EXT_DISPLAY_TYPE_DP) ctld (0) stream (0)
01-01 09:56:49.110 0 0 E msm_ext_disp_update_audio_ops: Display not found (EXT_DISPLAY_TYPE_DP) ctld (0) stream (0)
01-01 09:56:49.110 0 0 E msm-ext-disp-audio-codec-rx soc: qcom,msm-ext-disp:qcom,msm-ext-disp-audio-codec-rx: msm_ext_disp_audio_type_get: get_audio_edid_blk() or get_intf_id is NULL
01-01 09:56:49.111 0 0 E msm_ext_disp_update_audio_ops: Display not found (EXT_DISPLAY_TYPE_DP) ctld (0) stream (0)
01-01 09:56:49.111 0 0 E msm-ext-disp-audio-codec-rx soc: qcom,msm-ext-disp:qcom,msm-ext-disp-audio-codec-rx: msm_ext_disp_audio_type_get: get_audio_edid_blk() or get_intf_id is NULL
01-01 09:56:49.111 0 0 E msm_ext_disp_update_audio_ops: Display not found (EXT_DISPLAY_TYPE_DP) ctld (0) stream (0)
01-01 09:56:49.111 0 0 E msm-ext-disp-audio-codec-rx soc: qcom,msm-ext-disp:qcom,msm-ext-disp-audio-codec-rx: msm_ext_disp_audio_type_get: get_audio_edid_blk() or get_intf_id is NULL
01-01 09:56:49.115 0 0 E msm-ext-disp-audio-codec-rx soc: qcom,msm-ext-disp:qcom,msm-ext-disp-audio-codec-rx: msm_ext_disp_audio_device_get: invalid dai id: 4
01-01 09:56:49.126 1490 1605 D ActivityManager: Freezer enabled
01-01 09:56:49.128 1490 1490 I SystemServerTiming: StartDropBoxManager
01-01 09:56:49.128 1490 1490 I SystemServiceManager: Starting com.android.server.DropBoxManagerService
01-01 09:56:49.128 1490 1490 I SystemServerTiming: StartRoleManagerService
01-01 09:56:49.129 1490 1490 I SystemServiceManager: Starting com.android.role.RoleService
01-01 09:56:49.129 1490 1605 D ActivityManager: freezer override set to false
01-01 09:56:49.130 1490 1490 I SystemServerTiming: StartVibratorManagerService
01-01 09:56:49.130 1490 1490 I SystemServiceManager: Starting com.android.server.vibrator.VibratorManagerService$Lifecycle
01-01 09:56:49.134 1490 1490 I SystemServerTiming: StartDynamicSystemService
01-01 09:56:49.134 1490 1490 I SystemServerTiming: StartConsumerIrService
01-01 09:56:49.134 1490 1490 I SystemServerTiming: StartAlarmManagerService
01-01 09:56:49.134 1490 1490 I SystemServiceManager: Starting com.android.server.alarm.AlarmManagerService
01-01 09:56:49.138 1490 1490 I AlarmManager: Current time only 7009138, advancing to build time 1670959342000
12-14 03:22:22.002 1490 1490 I SystemServerTiming: StartInputManagerService
12-14 03:22:22.002 1490 1490 I InputManager: Initializing input manager, mUseDevInputEventForAudioJack=true
12-14 03:22:22.009 1490 1490 I SystemServerTiming: DeviceStateManagerService
12-14 03:22:22.009 1490 1490 I SystemServiceManager: Starting com.android.server.devicestate.DeviceStateManagerService
12-14 03:22:22.039 1490 1641 I PackageManager: Deferred reconcileAppsData finished 112 packages
01-01 09:56:49.174 0 0 E : msm_pcm_volume_ctl_get substream not found
01-01 09:56:49.484 0 0 I msm_cvp : warn: DBLP Set: status 0 0
01-01 09:56:49.504 0 0 E init : Control message: Could not find 'android.frameworks.sensorservice@1.0::ISensorManager/default' for ctl.interface_start from pid: 500 (/system/bin/hwservicemanager)
01-01 09:56:49.508 0 0 E init : Control message: Could not find 'android.frameworks.sensorservice@1.0::ISensorManager/default' for ctl.interface_start from pid: 500 (/system/bin/hwservicemanager)
12-14 03:22:22.467 1490 1522 V HistoricalRegistry: Interaction before persistence initialized
12-14 03:22:22.587 1490 1522 E PowerManagerService: Tried to acquire wake lock for invalid display: 0
12-14 03:22:22.588 1490 1605 I DropBoxManagerService: add tag=system_server_wtf isTagEnabled=true flags=0x2
01-01 09:56:49.740 0 0 I msm_vidc: high: 00000001: ....e: Opening video instance: 0000000000000000, 0
01-01 09:56:49.740 0 0 I msm_vidc: err : 00000001: ....e: Failed to create debugfs for msm_vidc
01-01 09:56:49.747 0 0 I msm_vidc: high: 00000001: h265e: Closed video instance: 0000000000000000
12-14 03:22:22.614 1490 1490 I SystemServerTiming: StartCameraServiceProxy
12-14 03:22:22.614 1490 1490 I SystemServiceManager: Starting com.android.server.camera.CameraServiceProxy
12-14 03:22:22.615 1490 1490 I SystemServerTiming: StartWindowManagerService
12-14 03:22:22.615 1490 1490 I SystemServiceManager: Starting phase 200
12-14 03:22:22.615 1490 1490 I SystemServerTiming: OnBootPhase_200
12-14 03:22:22.615 1490 1490 I SystemServerTiming: OnBootPhase_200_com.android.server.security.FileIntegrityService
12-14 03:22:22.615 1490 1490 I SystemServerTiming: OnBootPhase_200_com.android.server.pm.Installer
12-14 03:22:22.615 1490 1490 I SystemServerTiming: OnBootPhase_200_com.android.server.os.DeviceIdentifiersPolicyService
12-14 03:22:22.615 1490 1490 I SystemServerTiming: OnBootPhase_200_com.android.server.uri.UriGrantsManagerService$Lifecycle
12-14 03:22:22.615 1490 1490 I SystemServerTiming: OnBootPhase_200_com.android.server.powerstats.PowerStatsService
12-14 03:22:22.615 1490 1490 I SystemServerTiming: OnBootPhase_200_com.android.server.wm.ActivityTaskManagerService$Lifecycle
12-14 03:22:22.615 1490 1490 I SystemServerTiming: OnBootPhase_200_com.android.server.am.ActivityManagerService$Lifecycle
12-14 03:22:22.615 1490 1490 I SystemServerTiming: OnBootPhase_200_com.android.server.pm.DataLoaderManagerService
12-14 03:22:22.615 1490 1490 I SystemServerTiming: OnBootPhase_200_com.android.server.power.PowerManagerService
12-14 03:22:22.615 1490 1490 I SystemServerTiming: OnBootPhase_200_com.android.server.power.ThermalManagerService
12-14 03:22:22.615 1490 1490 I SystemServerTiming: OnBootPhase_200_com.android.server.power.hint.HintManagerService
12-14 03:22:22.615 1490 1490 I SystemServerTiming: OnBootPhase_200_com.android.server.recoverysystem.RecoverySystemService$Lifecycle
12-14 03:22:22.615 1490 1490 I SystemServerTiming: OnBootPhase_200_com.android.server.lights.LightsService
12-14 03:22:22.615 1490 1490 I SystemServerTiming: OnBootPhase_200_com.android.server.display.DisplayManagerService
12-14 03:22:22.615 1490 1490 I SystemServerTiming: OnBootPhase_200_com.android.server.pm.verify.domain.DomainVerificationService
12-14 03:22:22.615 1490 1490 I SystemServerTiming: OnBootPhase_200_com.android.server.pm.PackageInstallerService$Lifecycle
12-14 03:22:22.615 1490 1490 I SystemServerTiming: OnBootPhase_200_com.android.server.pm.UserManagerService$LifeCycle
12-14 03:22:22.615 1490 1490 I SystemServerTiming: OnBootPhase_200_com.android.server.om.OverlayManagerService
12-14 03:22:22.615 1490 1490 I SystemServerTiming: OnBootPhase_200_com.android.server.SensorPrivacyService
12-14 03:22:22.615 1490 1490 I SystemServerTiming: OnBootPhase_200_com.android.server.sensors.SensorService
12-14 03:22:22.615 1490 1490 I SystemServerTiming: OnBootPhase_200_com.android.server.SystemConfigService
12-14 03:22:22.615 1490 1490 I SystemServerTiming: OnBootPhase_200_com.android.server.BatteryService
12-14 03:22:22.615 1490 1490 I SystemServerTiming: OnBootPhase_200_com.android.server.usage.UsageStatsService
12-14 03:22:22.615 1490 1490 I SystemServerTiming: OnBootPhase_200_com.android.server.webkit.WebViewUpdateService
12-14 03:22:22.615 1490 1490 I SystemServerTiming: OnBootPhase_200_com.android.server.CachedDeviceStateService
12-14 03:22:22.615 1490 1490 I SystemServerTiming: OnBootPhase_200_com.android.server.BinderCallsStatsService$LifeCycle
12-14 03:22:22.615 1490 1490 I SystemServerTiming: OnBootPhase_200_com.android.server.LooperStatsService$Lifecycle
12-14 03:22:22.615 1490 1490 I SystemServerTiming: OnBootPhase_200_com.android.server.rollback.RollbackManagerService
12-14 03:22:22.615 1490 1490 I SystemServerTiming: OnBootPhase_200_com.android.server.os.NativeTombstoneManagerService
12-14 03:22:22.615 1490 1490 I SystemServerTiming: OnBootPhase_200_com.android.server.os.BugreportManagerService
12-14 03:22:22.615 1490 1490 I SystemServerTiming: OnBootPhase_200_com.android.server.gpu.GpuService
12-14 03:22:22.615 1490 1490 I SystemServerTiming: OnBootPhase_200_com.android.server.security.KeyChainSystemService
12-14 03:22:22.615 1490 1490 I SystemServerTiming: OnBootPhase_200_com.android.server.telecom.TelecomLoaderService
12-14 03:22:22.615 1490 1490 I SystemServerTiming: OnBootPhase_200_com.android.server.accounts.AccountManagerService$Lifecycle
12-14 03:22:22.615 1490 1490 I SystemServerTiming: OnBootPhase_200_com.android.server.content.ContentService$Lifecycle
12-14 03:22:22.615 1490 1490 I SystemServerTiming: OnBootPhase_200_com.android.server.DropBoxManagerService
12-14 03:22:22.615 1490 1490 I SystemServerTiming: OnBootPhase_200_com.android.role.RoleService
12-14 03:22:22.615 1490 1490 I SystemServerTiming: OnBootPhase_200_com.android.server.vibrator.VibratorManagerService$Lifecycle
12-14 03:22:22.615 1490 1490 I SystemServerTiming: OnBootPhase_200_com.android.server.alarm.AlarmManagerService
12-14 03:22:22.615 1490 1490 I SystemServerTiming: OnBootPhase_200_com.android.server.devicestate.DeviceStateManagerService
12-14 03:22:22.615 1490 1490 I SystemServerTiming: OnBootPhase_200_com.android.server.camera.CameraServiceProxy
12-14 03:22:22.616 1490 1490 I WindowManager: No existing display settings, starting empty
12-14 03:22:22.616 1490 1490 I WindowManager: No existing display settings, starting empty
12-14 03:22:22.625 1490 1490 I SystemServerTiming: SetWindowManagerService
01-01 09:56:49.764 0 0 I msm_vidc: high: 00000001: ....d: Opening video instance: 0000000000000000, 1
01-01 09:56:49.764 0 0 I msm_vidc: err : 00000001: ....d: Failed to create debugfs for msm_vidc
01-01 09:56:49.778 0 0 I msm_vidc: high: 00000001: h264d: Closed video instance: 0000000000000000
12-14 03:22:22.643 1490 1490 I ActivityTaskManager: Loaded persisted task ids for user 0
12-14 03:22:22.645 1490 1490 I SystemServerTiming: WindowManagerServiceOnInitReady
01-01 09:56:49.789 0 0 I msm_vidc: high: 00000001: ....d: Opening video instance: 0000000000000000, 1
01-01 09:56:49.789 0 0 I msm_vidc: err : 00000001: ....d: Failed to create debugfs for msm_vidc
12-14 03:22:22.657 1490 1490 I SystemServerTiming: StartInputManager
12-14 03:22:22.657 1490 1490 I InputManager: Starting input manager
12-14 03:22:22.658 1490 1803 I SystemServerTimingAsync: InitThreadPoolExec:StartHidlServices
12-14 03:22:22.658 1490 1803 I SystemServerTimingAsync: StartHidlServices
12-14 03:22:22.658 1490 1490 I SystemServerTiming: DisplayManagerWindowManagerAndInputReady
12-14 03:22:22.659 1490 1490 I SystemServerTiming: StartBluetoothService
12-14 03:22:22.659 1490 1490 I SystemServiceManager: Starting com.android.server.BluetoothService
12-14 03:22:22.659 1490 1596 I LogicalDisplayMapper: Requesting Transition to state: 0
12-14 03:22:22.659 1490 1596 I LogicalDisplayMapper: Applying layout: [{addr: {port=129, model=0x40446d3026322d}, dispId: 0(ON)}], Previous layout: [{addr: {port=129, model=0x40446d3026322d}, dispId: 0(ON)}]
01-01 09:56:49.794 0 0 I msm_vidc: high: 00000001: h264d: Closed video instance: 0000000000000000
12-14 03:22:22.660 1490 1490 D BluetoothManagerService: Loading stored name and address
12-14 03:22:22.660 1490 1490 D BluetoothManagerService: Stored bluetooth Name=QCOM-BTD,Address=F0:74:E4:3A:18:78
12-14 03:22:22.660 1490 1490 D BluetoothManagerService: Bluetooth persisted state: 1
12-14 03:22:22.660 1490 1490 D BluetoothManagerService: Startup: Bluetooth persisted state is ON.
12-14 03:22:22.660 1490 1490 D BluetoothManagerService: Detected SystemUiUid: 10082
12-14 03:22:22.660 1490 1490 I SystemServerTiming: IpConnectivityMetrics
12-14 03:22:22.660 1490 1490 I SystemServiceManager: Starting com.android.server.connectivity.IpConnectivityMetrics
12-14 03:22:22.661 1490 1490 I SystemServerTiming: NetworkWatchlistService
12-14 03:22:22.661 1490 1490 I SystemServiceManager: Starting com.android.server.net.watchlist.NetworkWatchlistService$Lifecycle
12-14 03:22:22.669 1490 1490 I WatchlistSettings: Reload watchlist settings done
12-14 03:22:22.670 1490 1490 I SystemServerTiming: PinnerService
12-14 03:22:22.670 1490 1490 I SystemServiceManager: Starting com.android.server.PinnerService
12-14 03:22:22.670 1490 1490 V HistoricalRegistry: Interaction before persistence initialized
12-14 03:22:22.671 1490 1490 I SystemServerTiming: IorapForwardingService
12-14 03:22:22.671 1490 1604 D PinnerService: pinRangeStream: null
12-14 03:22:22.671 1490 1490 I SystemServiceManager: Starting com.google.android.startop.iorap.IorapForwardingService
12-14 03:22:22.671 1490 1811 I WatchlistLoggingHandler: No need to aggregate record yet.
12-14 03:22:22.671 1490 1811 I WatchlistLoggingHandler: Milliseconds spent on tryAggregateRecords(): 0
12-14 03:22:22.671 1490 1490 I SystemServiceManager: Starting com.android.server.ActivityTriggerService
12-14 03:22:22.671 1490 1490 I ActivityTriggerService: Starting ActivityTriggerService
12-14 03:22:22.672 1490 1604 D PinnerService: pinRangeStream: null
12-14 03:22:22.672 1490 1604 D PinnerService: pinRangeStream: null
12-14 03:22:22.672 1490 1490 I SystemServerTiming: SignedConfigService
12-14 03:22:22.672 1490 1604 D PinnerService: pinRangeStream: null
12-14 03:22:22.672 1490 1490 I SystemServerTiming: AppIntegrityService
12-14 03:22:22.672 1490 1490 I SystemServiceManager: Starting com.android.server.integrity.AppIntegrityManagerService
12-14 03:22:22.676 1490 1490 E IntegrityFileManager: Error creating staging and rules directory
12-14 03:22:22.679 1490 1490 I WindowManager: SAFE MODE not enabled
12-14 03:22:22.679 1490 1490 I SystemServerTiming: StartInputMethodManagerLifecycle
12-14 03:22:22.679 1490 1490 I SystemServiceManager: Starting com.android.server.inputmethod.InputMethodManagerService$Lifecycle
12-14 03:22:22.681 1490 1490 I SystemServerTiming: StartAccessibilityManagerService
12-14 03:22:22.681 1490 1490 I SystemServiceManager: Starting com.android.server.accessibility.AccessibilityManagerService$Lifecycle
12-14 03:22:22.684 1490 1490 I SystemServerTiming: MakeDisplayReady
12-14 03:22:22.686 1490 1490 I ActivityTaskManager: Config changes=20005df8 {1.0 ?mcc?mnc [zh_CN] ldltr sw680dp w1586dp h584dp 240dpi lrg long land ?uimode ?night -touch -keyb/v/h -nav/h winConfig={ mBounds=Rect(0, 0 - 2380, 1020) mAppBounds=Rect(0, 0 - 2380, 948) mMaxBounds=Rect(0, 0 - 2380, 1020) mWindowingMode=fullscreen mDisplayWindowingMode=fullscreen mActivityType=undefined mAlwaysOnTop=undefined mRotation=ROTATION_0} s.2 ?fontWeightAdjustment}
12-14 03:22:22.687 1490 1490 I WindowManager: Override config changes=60007dfc {1.0 ?mcc?mnc [zh_CN] ldltr sw680dp w1586dp h584dp 240dpi lrg long land ?uimode ?night -touch -keyb/v/h -nav/h winConfig={ mBounds=Rect(0, 0 - 2380, 1020) mAppBounds=Rect(0, 0 - 2380, 948) mMaxBounds=Rect(0, 0 - 2380, 1020) mWindowingMode=fullscreen mDisplayWindowingMode=fullscreen mActivityType=undefined mAlwaysOnTop=undefined mRotation=ROTATION_0} s.2 ?fontWeightAdjustment} for displayId=0
12-14 03:22:22.689 1490 1490 I ActivityTaskManager: Config changes=8 {1.0 ?mcc?mnc [zh_CN] ldltr sw680dp w1586dp h584dp 240dpi lrg long land ?uimode ?night finger -keyb/v/h -nav/h winConfig={ mBounds=Rect(0, 0 - 2380, 1020) mAppBounds=Rect(0, 0 - 2380, 948) mMaxBounds=Rect(0, 0 - 2380, 1020) mWindowingMode=fullscreen mDisplayWindowingMode=fullscreen mActivityType=undefined mAlwaysOnTop=undefined mRotation=ROTATION_0} s.4 ?fontWeightAdjustment}
12-14 03:22:22.690 1490 1490 I WindowManager: Override config changes=8 {1.0 ?mcc?mnc [zh_CN] ldltr sw680dp w1586dp h584dp 240dpi lrg long land ?uimode ?night finger -keyb/v/h -nav/h winConfig={ mBounds=Rect(0, 0 - 2380, 1020) mAppBounds=Rect(0, 0 - 2380, 948) mMaxBounds=Rect(0, 0 - 2380, 1020) mWindowingMode=fullscreen mDisplayWindowingMode=fullscreen mActivityType=undefined mAlwaysOnTop=undefined mRotation=ROTATION_0} s.4 ?fontWeightAdjustment} for displayId=0
12-14 03:22:22.690 1490 1490 I SystemServerTiming: StartStorageManagerService
12-14 03:22:22.690 1490 1490 I SystemServiceManager: Starting com.android.server.StorageManagerService$Lifecycle
01-01 09:56:49.829 0 0 I init : processing action (sys.sysctl.extra_free_kbytes=*) from (/system/etc/init/hw/init.rc:1172)
01-01 09:56:49.831 0 0 I msm_vidc: high: 00000001: ....d: Opening video instance: 0000000000000000, 1
01-01 09:56:49.831 0 0 I msm_vidc: err : 00000001: ....d: Failed to create debugfs for msm_vidc
12-14 03:22:22.695 1490 1490 I SystemServerTiming: StartStorageStatsService
12-14 03:22:22.695 1490 1490 I SystemServiceManager: Starting com.android.server.usage.StorageStatsService$Lifecycle
12-14 03:22:22.695 1490 1826 D StorageManagerService: Thinking about init, mBootCompleted=false, mDaemonConnected=true
