01-01 09:56:53.552 0 0 I [kworke][0x134a721c][03:22:26.413939] wlan: [809:I:TXRX] hif_print_hal_shadow_register_cfg: i 19, val a00400
01-01 09:56:53.552 0 0 I [kworke][0x134a726c][03:22:26.413943] wlan: [809:I:TXRX] hif_print_hal_shadow_register_cfg: i 20, val a03400
01-01 09:56:53.552 0 0 I [kworke][0x134a728d][03:22:26.413945] wlan: [809:I:TXRX] hif_print_hal_shadow_register_cfg: i 21, val a0340c
01-01 09:56:53.552 0 0 I [kworke][0x134a72ac][03:22:26.413947] wlan: [809:I:TXRX] hif_print_hal_shadow_register_cfg: i 22, val a05400
01-01 09:56:53.552 0 0 I [kworke][0x134a72ce][03:22:26.413948] wlan: [809:I:TXRX] hif_print_hal_shadow_register_cfg: i 23, val a0540c
01-01 09:56:53.552 0 0 I [kworke][0x134a72ee][03:22:26.413950] wlan: [809:I:TXRX] hif_print_hal_shadow_register_cfg: i 24, val a06400
01-01 09:56:53.552 0 0 I [kworke][0x134a7313][03:22:26.413952] wlan: [809:I:TXRX] hif_print_hal_shadow_register_cfg: i 25, val a08400
01-01 09:56:53.552 0 0 I [kworke][0x134a7333][03:22:26.413954] wlan: [809:I:TXRX] hif_print_hal_shadow_register_cfg: i 26, val a0b400
01-01 09:56:53.552 0 0 I [kworke][0x134a7352][03:22:26.413955] wlan: [809:I:TXRX] hif_print_hal_shadow_register_cfg: i 27, val a0b40c
01-01 09:56:53.552 0 0 D cnss : Mode: 0, config: 0000000000000000, host_version: 5.2.022.10G
01-01 09:56:53.552 0 0 D cnss : Sending WLAN config message, state: 0x17
01-01 09:56:53.553 0 0 D cnss : Sending mode message, mode: MISSION(0), state: 0x17
01-01 09:56:53.576 0 0 D cnss : Received QMI WLFW pin connect result indication
01-01 09:56:53.576 0 0 D cnss : Pin connect Result: pwr_pin: 0x1 phy_io_pin: 0x0 rf_io_pin: 0x0
01-01 09:56:53.576 0 0 D cnss : Assign MSI to user: CE, num_vectors: 10, user_base_data: 803, base_vector: 3
01-01 09:56:53.576 0 0 I [kworke][0x1351ac59][03:22:26.438609] wlan: [809:I:HIF] ce_srng_dest_ring_setup: ce_id 1
01-01 09:56:53.576 0 0 D cnss : Assign MSI to user: CE, num_vectors: 10, user_base_data: 803, base_vector: 3
01-01 09:56:53.576 0 0 I [kworke][0x1351b58c][03:22:26.438732] wlan: [809:I:HIF] ce_srng_status_ring_setup: ce_id 1
01-01 09:56:53.576 0 0 D cnss : Assign MSI to user: CE, num_vectors: 10, user_base_data: 803, base_vector: 3
01-01 09:56:53.576 0 0 I [kworke][0x1351bbfd][03:22:26.438817] wlan: [809:I:HIF] ce_srng_dest_ring_setup: ce_id 2
01-01 09:56:53.577 0 0 D cnss : Assign MSI to user: CE, num_vectors: 10, user_base_data: 803, base_vector: 3
01-01 09:56:53.577 0 0 I [kworke][0x1351d10d][03:22:26.439098] wlan: [809:I:HIF] ce_srng_status_ring_setup: ce_id 2
01-01 09:56:53.577 0 0 D cnss : Assign MSI to user: CE, num_vectors: 10, user_base_data: 803, base_vector: 3
01-01 09:56:53.577 0 0 D cnss : Assign MSI to user: CE, num_vectors: 10, user_base_data: 803, base_vector: 3
01-01 09:56:53.577 0 0 I [kworke][0x1351e7ed][03:22:26.439403] wlan: [809:I:HIF] ce_srng_dest_ring_setup: ce_id 5
01-01 09:56:53.577 0 0 D cnss : Assign MSI to user: CE, num_vectors: 10, user_base_data: 803, base_vector: 3
01-01 09:56:53.577 0 0 I [kworke][0x1351ef59][03:22:26.439502] wlan: [809:I:HIF] ce_srng_status_ring_setup: ce_id 5
01-01 09:56:53.577 0 0 D cnss : Assign MSI to user: CE, num_vectors: 10, user_base_data: 803, base_vector: 3
01-01 09:56:53.577 0 0 I [kworke][0x1351f626][03:22:26.439593] wlan: [809:I:HIF] hif_configure_irq: E
01-01 09:56:53.577 0 0 D cnss : Assign MSI to user: WAKE, num_vectors: 1, user_base_data: 813, base_vector: 13
01-01 09:56:53.577 0 0 D cnss : Get IRQ number 363 for vector index 13
01-01 09:56:53.577 0 0 D cnss : Assign MSI to user: CE, num_vectors: 10, user_base_data: 803, base_vector: 3
01-01 09:56:53.577 0 0 D cnss : Get IRQ number 353 for vector index 3
01-01 09:56:53.577 0 0 D cnss : Get IRQ number 354 for vector index 4
01-01 09:56:53.578 0 0 D cnss : Get IRQ number 355 for vector index 5
01-01 09:56:53.578 0 0 D cnss : Get IRQ number 356 for vector index 6
01-01 09:56:53.578 0 0 D cnss : Get IRQ number 358 for vector index 8
01-01 09:56:53.578 0 0 D cnss : Get IRQ number 359 for vector index 9
01-01 09:56:53.578 0 0 D cnss : Get IRQ number 361 for vector index 11
01-01 09:56:53.578 0 0 E [kworke][0x13521d92][03:22:26.440119] wlan: [809:E:mlme] mlme_init_reg_cfg: 2374: null pdev
01-01 09:56:53.578 0 0 E [kworke][0x13522147][03:22:26.440168] wlan: [809:E:WMI] WMI handle is NULL
01-01 09:56:53.578 0 0 I [kworke][0x1352232c][03:22:26.440193] wlan: [809:I:HIF] Initializing Runtime PM wakelock &p2p_soc_obj->roc_runtime_lock
01-01 09:56:53.578 0 0 D cnss : Platform cap_flag is 0x4
01-01 09:56:53.578 0 0 E [kworke][0x13522519][03:22:26.440219] wlan: [809:E:QDF] cds_get_context: 1486: Module ID 66 context is Null
01-01 09:56:53.588 0 0 E [kworke][0x135505b7][03:22:26.450040] wlan: [809:E:QDF] cds_get_context: 1486: Module ID 66 context is Null
01-01 09:56:53.588 0 0 I [kworke][0x13552208][03:22:26.450418] wlan: [809:I:HIF] Initializing Runtime PM wakelock &psoc_wakelock->wmi_cmd_rsp_runtime_lock
01-01 09:56:53.588 0 0 F [kworke][0x1355258e][03:22:26.450465] wlan: [809:F:WMA] WMA --> wmi_unified_attach - success
01-01 09:56:53.588 0 0 I [kworke][0x13552921][03:22:26.450513] wlan: [809:I:HIF] Initializing Runtime PM wakelock &vdev->vdev_set_key_runtime_wakelock
01-01 09:56:53.588 0 0 I [kworke][0x13552b8f][03:22:26.450545] wlan: [809:I:HIF] Initializing Runtime PM wakelock &vdev->vdev_set_key_runtime_wakelock
01-01 09:56:53.588 0 0 I [kworke][0x13552da7][03:22:26.450573] wlan: [809:I:HIF] Initializing Runtime PM wakelock &vdev->vdev_set_key_runtime_wakelock
01-01 09:56:53.588 0 0 I [kworke][0x13552f61][03:22:26.450596] wlan: [809:I:HIF] Initializing Runtime PM wakelock &vdev->vdev_set_key_runtime_wakelock
01-01 09:56:53.588 0 0 I [kworke][0x13553460][03:22:26.450663] wlan: [809:I:HIF] Initializing Runtime PM wakelock &vdev->vdev_set_key_runtime_wakelock
01-01 09:56:53.588 0 0 I [kworke][0x135535e1][03:22:26.450683] wlan: [809:I:HIF] Initializing Runtime PM wakelock &vdev->vdev_set_key_runtime_wakelock
01-01 09:56:53.588 0 0 I [kworke][0x13553c9d][03:22:26.450772] wlan: [809:I:HIF] Initializing Runtime PM wakelock &wma_handle->wmi_cmd_rsp_runtime_lock
01-01 09:56:53.588 0 0 I [kworke][0x13553cf0][03:22:26.450777] wlan: [809:I:HIF] Initializing Runtime PM wakelock &wma_handle->sap_prevent_runtime_pm_lock
01-01 09:56:53.589 0 0 E [kworke][0x135583ed][03:22:26.451723] wlan: [809:E:QDF] htc_wait_target: 684: Target Ready! TX resource : 1 size:2176, MaxMsgsPerHTCBundle = 1
01-01 09:56:53.589 0 0 E [kworke][0x13558455][03:22:26.451729] wlan: [809:E:QDF] htc_setup_target_buffer_assignments: 576: SVS Index : 1 TX : 0x100 : alloc:1
01-01 09:56:53.589 0 0 D cnss : Assign MSI to user: DP, num_vectors: 18, user_base_data: 814, base_vector: 14
01-01 09:56:53.594 0 0 I [kworke][0x1356b853][03:22:26.455835] wlan: [809:I:HIF] +hif_update_pipe_callback pipeid 5
01-01 09:56:53.594 0 0 I [kworke][0x1356b8c6][03:22:26.455841] wlan: [809:I:HIF] -hif_update_pipe_callback
01-01 09:56:53.594 0 0 D cnss : Assign MSI to user: DP, num_vectors: 18, user_base_data: 814, base_vector: 14
01-01 09:56:53.594 0 0 E [kworke][0x1356d42a][03:22:26.456206] wlan: [809:E:DP] dp_srng_get_str_from_hal_ring_type: 7726: Invalid ring type
01-01 09:56:53.594 0 0 D cnss : Assign MSI to user: DP, num_vectors: 18, user_base_data: 814, base_vector: 14
01-01 09:56:53.594 0 0 D cnss : Assign MSI to user: DP, num_vectors: 18, user_base_data: 814, base_vector: 14
01-01 09:56:53.594 0 0 D cnss : Assign MSI to user: DP, num_vectors: 18, user_base_data: 814, base_vector: 14
01-01 09:56:53.594 0 0 D cnss : Assign MSI to user: DP, num_vectors: 18, user_base_data: 814, base_vector: 14
01-01 09:56:53.594 0 0 D cnss : Assign MSI to user: DP, num_vectors: 18, user_base_data: 814, base_vector: 14
01-01 09:56:53.594 0 0 D cnss : Assign MSI to user: DP, num_vectors: 18, user_base_data: 814, base_vector: 14
01-01 09:56:53.594 0 0 D cnss : Assign MSI to user: DP, num_vectors: 18, user_base_data: 814, base_vector: 14
01-01 09:56:53.594 0 0 D cnss : Assign MSI to user: DP, num_vectors: 18, user_base_data: 814, base_vector: 14
01-01 09:56:53.594 0 0 I [kworke][0x135701d6][03:22:26.456815] wlan: [809:I:DP] dp_tx_soc_attach Tx Desc Alloc num_pool = 4, descs = 4096
01-01 09:56:53.595 0 0 I [kworke][0x13570e1c][03:22:26.456979] wlan: [809:I:DP] dp_tx_soc_attach MSDU Ext Desc Alloc 4, descs = 4096
01-01 09:56:53.595 0 0 I [kworke][0x13572407][03:22:26.457271] wlan: [809:I:DP] dp_tx_soc_attach HAL Tx init Success
01-01 09:56:53.595 0 0 D cnss : Assign MSI to user: DP, num_vectors: 18, user_base_data: 814, base_vector: 14
01-01 09:56:53.595 0 0 D cnss : Assign MSI to user: DP, num_vectors: 18, user_base_data: 814, base_vector: 14
01-01 09:56:53.595 0 0 I [kworke][0x13572ca9][03:22:26.457386] wlan: [809:I:DP] dp_soc_cmn_setup: 3274: num_reo_dest_rings 4
01-01 09:56:53.595 0 0 D cnss : Assign MSI to user: DP, num_vectors: 18, user_base_data: 814, base_vector: 14
01-01 09:56:53.595 0 0 D cnss : Assign MSI to user: DP, num_vectors: 18, user_base_data: 814, base_vector: 14
01-01 09:56:53.595 0 0 D cnss : Assign MSI to user: DP, num_vectors: 18, user_base_data: 814, base_vector: 14
01-01 09:56:53.595 0 0 D cnss : Assign MSI to user: DP, num_vectors: 18, user_base_data: 814, base_vector: 14
01-01 09:56:53.595 0 0 D cnss : Assign MSI to user: DP, num_vectors: 18, user_base_data: 814, base_vector: 14
01-01 09:56:53.595 0 0 D cnss : Assign MSI to user: DP, num_vectors: 18, user_base_data: 814, base_vector: 14
01-01 09:56:53.595 0 0 D cnss : Assign MSI to user: DP, num_vectors: 18, user_base_data: 814, base_vector: 14
01-01 09:56:53.595 0 0 D cnss : Assign MSI to user: DP, num_vectors: 18, user_base_data: 814, base_vector: 14
01-01 09:56:53.595 0 0 D cnss : Assign MSI to user: DP, num_vectors: 18, user_base_data: 814, base_vector: 14
01-01 09:56:53.596 0 0 D cnss : Assign MSI to user: DP, num_vectors: 18, user_base_data: 814, base_vector: 14
01-01 09:56:53.596 0 0 D cnss : Assign MSI to user: DP, num_vectors: 18, user_base_data: 814, base_vector: 14
01-01 09:56:53.596 0 0 I [kworke][0x13575c28][03:22:26.458020] wlan: [809:I:HAL] hal_reo_set_err_dst_remap_6390: 1024: HWIO_REO_R0_ERROR_DESTINATION_MAPPING_IX_0 0x28005b6d
01-01 09:56:53.596 0 0 D cnss : Assign MSI to user: DP, num_vectors: 18, user_base_data: 814, base_vector: 14
01-01 09:56:53.596 0 0 D cnss : Assign MSI to user: DP, num_vectors: 18, user_base_data: 814, base_vector: 14
01-01 09:56:53.596 0 0 D cnss : Assign MSI to user: DP, num_vectors: 18, user_base_data: 814, base_vector: 14
01-01 09:56:53.596 0 0 D cnss : Assign MSI to user: DP, num_vectors: 18, user_base_data: 814, base_vector: 14
01-01 09:56:53.596 0 0 D cnss : Assign MSI to user: DP, num_vectors: 18, user_base_data: 814, base_vector: 14
01-01 09:56:53.596 0 0 D cnss : Assign MSI to user: DP, num_vectors: 18, user_base_data: 814, base_vector: 14
01-01 09:56:53.600 0 0 I [kworke][0x1358826b][03:22:26.461943] wlan: [809:I:DP] Peer pool init
01-01 09:56:53.600 0 0 W [kworke][0x1358b540][03:22:26.462621] wlan: [809:W:DP] dp_rx_pdev_mon_attach: pdev attach id=0
01-01 09:56:53.602 0 0 D cnss : Assign MSI to user: DP, num_vectors: 18, user_base_data: 814, base_vector: 14
01-01 09:56:53.602 0 0 D cnss : Get IRQ number 364 for vector index 14
01-01 09:56:53.602 0 0 D cnss : Assign MSI to user: DP, num_vectors: 18, user_base_data: 814, base_vector: 14
01-01 09:56:53.602 0 0 D cnss : Get IRQ number 365 for vector index 15
01-01 09:56:53.602 0 0 D cnss : Assign MSI to user: DP, num_vectors: 18, user_base_data: 814, base_vector: 14
01-01 09:56:53.602 0 0 D cnss : Get IRQ number 366 for vector index 16
01-01 09:56:53.602 0 0 D cnss : Assign MSI to user: DP, num_vectors: 18, user_base_data: 814, base_vector: 14
01-01 09:56:53.602 0 0 D cnss : Get IRQ number 367 for vector index 17
01-01 09:56:53.602 0 0 D cnss : Assign MSI to user: DP, num_vectors: 18, user_base_data: 814, base_vector: 14
01-01 09:56:53.602 0 0 D cnss : Assign MSI to user: DP, num_vectors: 18, user_base_data: 814, base_vector: 14
01-01 09:56:53.602 0 0 D cnss : Get IRQ number 369 for vector index 19
01-01 09:56:53.602 0 0 D cnss : Assign MSI to user: DP, num_vectors: 18, user_base_data: 814, base_vector: 14
01-01 09:56:53.602 0 0 D cnss : Get IRQ number 370 for vector index 20
01-01 09:56:53.610 0 0 I [kworke][0x135b83f9][03:22:26.472204] wlan: [277:I:WMA] wma_rx_service_ready_event: Firmware build version : 101a0521
01-01 09:56:53.610 0 0 I [kworke][0x135b8472][03:22:26.472210] wlan: [277:I:WMA] wma_rx_service_ready_event: Board id: 0, Board version: 8 0 0 0 6
01-01 09:56:53.611 0 0 I [kworke][0x135bb58c][03:22:26.472865] wlan: [277:I:WMA] wma_is_dbs_mandatory: 5417: MAC0 does not support both bands 2 DBS is mandatory
01-01 09:56:53.611 0 0 E [kworke][0x135bb725][03:22:26.472886] wlan: [277:E:QDF] copy_fw_abi_version_tlv: 6979: copy_fw_abi_version_tlv: INIT_CMD version: 1, 0, 0x5f414351, 0x4c4d, 0x0, 0x0
12-14 03:22:26.486 1490 2121 D CompatibilityChangeReporter: Compat change id reported: 171306433; UID 10032; state: DISABLED
12-14 03:22:26.522 3132 3424 E ActivityThread: Failed to find provider info for telephony
01-01 09:56:53.794 0 0 E [kworke][0x1391976e][03:22:26.656783] wlan: [465:E:QDF] ready_extract_init_status_tlv: 8884: ready_extract_init_status_tlv:0
01-01 09:56:53.795 0 0 E [kworke][0x13919d58][03:22:26.656862] wlan: [465:E:QDF] cds_get_context: 1486: Module ID 65 context is Null
01-01 09:56:53.795 0 0 F [kworke][0x13919e18][03:22:26.656872] wlan: [465:F:DP] cdp_ipa_set_uc_tx_partition_base invalid instance
01-01 09:56:53.795 0 0 I [kworke][0x13919f08][03:22:26.656885] wlan: [465:I:WMA] wma_he_update_tgt_services: 996: 11ax is enabled
01-01 09:56:53.796 0 0 I [kworke][0x1391fe6c][03:22:26.658157] wlan: [465:I:HIF] Initializing Runtime PM wakelock &mgmt_txrx_pdev_ctx->wakelock_tx_runtime_cmp
01-01 09:56:53.796 0 0 I [kworke][0x13920b30][03:22:26.658327] wlan: [465:I:dfs] WLAN_DEBUG_DFS_ALWAYS : wlan_dfs_pdev_obj_create_notification: 421: dfs_offload 1
01-01 09:56:53.796 0 0 I [kworke][0x13920c38][03:22:26.658340] wlan: [465:I:SPECTRAL] null_get_capability: 1715: SPECTRAL : get_capability not registered
01-01 09:56:53.796 0 0 I [kworke][0x13920cae][03:22:26.658347] wlan: [465:I:SPECTRAL] target_if_pdev_spectral_init: 2249: HAL_CAP_PHYDIAG : Capable
01-01 09:56:53.796 0 0 I [kworke][0x13920d20][03:22:26.658353] wlan: [465:I:SPECTRAL] null_get_capability: 1715: SPECTRAL : get_capability not registered
01-01 09:56:53.796 0 0 I [kworke][0x13920d89][03:22:26.658358] wlan: [465:I:SPECTRAL] target_if_pdev_spectral_init: 2253: HAL_CAP_RADAR : Capable
01-01 09:56:53.796 0 0 I [kworke][0x13920df2][03:22:26.658364] wlan: [465:I:SPECTRAL] null_get_capability: 1715: SPECTRAL : get_capability not registered
01-01 09:56:53.796 0 0 I [kworke][0x13920e5e][03:22:26.658369] wlan: [465:I:SPECTRAL] target_if_pdev_spectral_init: 2258: HAL_CAP_SPECTRAL_SCAN : Capable
01-01 09:56:53.796 0 0 I [kworke][0x13920ecd][03:22:26.658375] wlan: [465:I:SPECTRAL] null_get_tsf64: 1703: SPECTRAL : get_tsf64 not registered
01-01 09:56:53.796 0 0 I [kworke][0x13920fac][03:22:26.658387] wlan: [465:I:GREEN_AP] wlan_green_ap_pdev_obj_create_notification: 106: Green AP creation successful, green ap ctx: 0000000000000000, pdev: 0000000000000000
01-01 09:56:53.796 0 0 I [kworke][0x139211c4][03:22:26.658414] wlan: [465:I:IPA] wlan_ipa_wdi_init: 540: ipa_over_gsi: 1, is_smmu_enabled: 1
01-01 09:56:53.801 0 0 I [kworke][0x1393625b][03:22:26.662902] wlan: [465:I:REGULATORY] reg_set_band: 483: set band bitmap: 3
01-01 09:56:53.801 0 0 I [kworke][0x13937d95][03:22:26.663265] wlan: [465:I:HIF] Initializing Runtime PM wakelock &ctx->dfs
01-01 09:56:53.801 0 0 I [kworke][0x13937e14][03:22:26.663272] wlan: [465:I:HIF] Initializing Runtime PM wakelock &ctx->connect
01-01 09:56:53.801 0 0 I [kworke][0x13937f40][03:22:26.663288] wlan: [465:I:HIF] Initializing Runtime PM wakelock &ctx->user
01-01 09:56:53.801 0 0 I [kworke][0x13937fd3][03:22:26.663295] wlan: [465:I:HIF] Initializing Runtime PM wakelock &scan_priv->runtime_pm_lock
01-01 09:56:53.801 0 0 I [kworke][0x139381bb][03:22:26.663321] wlan: [465:I:GREEN_AP] target_if_green_ap_register_egap_event_handler: 131: Set the Enhance Green AP event handler
01-01 09:56:53.801 0 0 E [kworke][0x139382b3][03:22:26.663334] wlan: [465:E:QDF] dp_peer_map_attach_wifi3: 10048: dp_peer_map_attach_wifi3 max_peers 55, max_ast_index: 144
01-01 09:56:53.801 0 0 I [kworke][0x139383e2][03:22:26.663349] wlan: [465:I:DP]
01-01 09:56:53.801 0 0 I : <=== cfg max peer id 55 ====>
01-01 09:56:53.801 0 0 I [kworke][0x13938485][03:22:26.663358] wlan: [465:I:DP]
01-01 09:56:53.801 0 0 I : <=== cfg max ast idx 144 ====>
01-01 09:56:53.801 0 0 I [kworke][0x1393860e][03:22:26.663379] wlan: [465:I:DP] ast hash_elems: 512, max_ast_idx: 144
01-01 09:56:53.801 0 0 I [kworke][0x13938a4c][03:22:26.663435] wlan: [809:I:WMA] wma_wait_for_ready_event: 6926: FW ready event received
01-01 09:56:53.802 0 0 E [kworke][0x1393c86b][03:22:26.664263] wlan: [809:E:WMI] send_action_oui_cmd_tlv: 220: Invalid action id
01-01 09:56:53.802 0 0 E [kworke][0x1393c92e][03:22:26.664273] wlan: [809:E:action_oui] ucfg_action_oui_send: 160: Failed to send: 7
01-01 09:56:53.802 0 0 E [kworke][0x1393c9bb][03:22:26.664281] wlan: [809:E:WMI] send_action_oui_cmd_tlv: 220: Invalid action id
01-01 09:56:53.802 0 0 E [kworke][0x1393ca27][03:22:26.664286] wlan: [809:E:action_oui] ucfg_action_oui_send: 160: Failed to send: 9
01-01 09:56:53.802 0 0 E [kworke][0x1393ca7e][03:22:26.664291] wlan: [809:E:HDD] hdd_action_oui_send: 13281: Failed to send one or all action_ouis
01-01 09:56:53.804 0 0 D cnss : dma-coherent is enabled
01-01 09:56:53.804 0 0 D cnss : IOMMU map: iova b0000000, len 4096
01-01 09:56:53.804 0 0 D cnss : IOMMU map: iova_addr b0000040
01-01 09:56:53.804 0 0 D cnss : dma-coherent is enabled
01-01 09:56:53.804 0 0 D cnss : IOMMU map: iova b0001000, len 4096
01-01 09:56:53.804 0 0 D cnss : IOMMU map: iova_addr b0001018
01-01 09:56:53.804 0 0 I [kworke][0x13946f3b][03:22:26.666487] wlan: [809:I:SYS] Creating periodic timer for OLBC UPDATE CACHE TIMEOUT
01-01 09:56:53.804 0 0 E [kworke][0x13947c59][03:22:26.666662] wlan: [809:E:TXRX] dp_rxdma_ring_config: 5022: DBS enabled max_mac_rings 2
01-01 09:56:53.804 0 0 E [kworke][0x13947cde][03:22:26.666669] wlan: [809:E:TXRX] dp_rxdma_ring_config: 5033: pdev_id 0 max_mac_rings 2
01-01 09:56:53.804 0 0 E [kworke][0x13947d33][03:22:26.666674] wlan: [809:E:TXRX] dp_rxdma_ring_config: 5050: mac_id 0
01-01 09:56:53.804 0 0 E [kworke][0x13947f49][03:22:26.666701] wlan: [809:E:TXRX] dp_rxdma_ring_config: 5050: mac_id 1
01-01 09:56:53.805 0 0 I [kworke][0x13949488][03:22:26.666985] wlan: [809:I:POLICY_MGR] policy_mgr_update_5g_scc_prefer: 398: overwrite pm_second_connection_pcl_dbs_2x2_table, index 2 mode 3 system prefer 0 new pcl 6
01-01 09:56:53.805 0 0 I [kworke][0x13949507][03:22:26.666991] wlan: [809:I:POLICY_MGR] policy_mgr_update_5g_scc_prefer: 404: overwrite pm_second_connection_pcl_dbs_2x2_table, index 3 mode 3 system prefer 0 new pcl 6
01-01 09:56:53.805 0 0 E [kworke][0x1394a622][03:22:26.667219] wlan: [809:E:REGULATORY] reg_freq_width_to_chan_op_class: 512: no op class for frequency 5745
01-01 09:56:53.805 0 0 I [kworke][0x1394bd8b][03:22:26.667531] wlan: [809:I:HIF] hif_pm_runtime_start: Enabling RUNTIME PM, Delay: 500 ms
01-01 09:56:53.807 0 0 E cnss_utils: WLAN MAC address is not set, type 0
01-01 09:56:53.807 0 0 W cnss_pci 0000: 01:00.0: Falling back to syfs fallback for: wlan/qca_cld/qca6390/wlan_mac.bin
01-01 09:56:53.816 0 0 I [kworke][0x1397f95d][03:22:26.678569] wlan: [809:I:HDD] hdd_initialize_mac_address: 12589: using default MAC address
01-01 09:56:53.818 0 0 D cnss : Host time = 17123070 us, device time = 2262830 us, offset = 14860240 us
01-01 09:56:53.818 0 0 D cnss : Updated time sync regs [0x984] = 0xe2bfd0, [0x988] = 0x0
01-01 09:56:53.818 0 0 D cnss : Removing vote for Regulator vdd-wlan-rfa2
01-01 09:56:53.818 0 0 D cnss : Removing vote for Regulator vdd-wlan-rfa1
01-01 09:56:53.818 0 0 D cnss : Removing vote for Regulator vdd-wlan-dig
01-01 09:56:53.818 0 0 D cnss : Removing vote for Regulator vdd-wlan-aon
01-01 09:56:53.818 0 0 D cnss : Removing vote for Regulator vdd-wlan-io
01-01 09:56:53.818 0 0 D cnss : PM relax, state: 0x107, count: 0
12-14 03:22:26.681 826 826 I android.hardware.wifi@1.0-service: Wifi HAL started
01-01 09:56:53.825 0 0 I : Wifi Turning On from UI
01-01 09:56:53.825 0 0 I [wifi@1][0x139a99d2][03:22:26.687535] wlan: [826:I:DP] dp_vdev_attach_wifi3: wlan_cfg_ap_bridge_enabled 0
01-01 09:56:53.825 0 0 I [wifi@1][0x139a9b57][03:22:26.687555] wlan: [826:I:DP] 00000000: 94 08 86 00 84 d1 a8 06 5f 8b d2 62 89 bf b9 84
01-01 09:56:53.825 0 0 I [wifi@1][0x139a9b83][03:22:26.687558] wlan: [826:I:DP] 00000010: de db 0a 78
01-01 09:56:53.825 0 0 I [wifi@1][0x139a9bce][03:22:26.687562] wlan: [826:I:DP] 00000000: 25 8c aa 38 87 b9 96 f5 3d 96 8f 97 98 3b 8e 44
01-01 09:56:53.825 0 0 I [wifi@1][0x139a9bf7][03:22:26.687564] wlan: [826:I:DP] 00000010: a2 ae 68 ef 66 eb 24 85 88 51 b6 bf 7d f1 c7 80
01-01 09:56:53.825 0 0 I [wifi@1][0x139a9c1f][03:22:26.687566] wlan: [826:I:DP] 00000020: ae c8 d4 5e 59 0e ff 26 24 db 48 ae
01-01 09:56:53.826 0 0 I IPv6 : ADDRCONF(NETDEV_UP): wlan0: link is not ready
01-01 09:56:53.828 0 0 I [lowi-s][0x139b8e29][03:22:26.690793] wlan: [1398:I:wifipos] wifi_pos_get_ch_info: 461: num channels: 26
12-14 03:22:26.689 826 826 I android.hardware.wifi@1.0-service: Adding interface handle for wifi-aware0
12-14 03:22:26.689 826 826 I android.hardware.wifi@1.0-service: Adding interface handle for wlan0
12-14 03:22:26.689 826 826 I android.hardware.wifi@1.0-service: Adding interface handle for p2p0
12-14 03:22:26.689 826 826 W android.hardware.wifi@1.0-service: No active wlan interfaces in use! Using default
12-14 03:22:26.689 826 826 W android.hardware.wifi@1.0-service: No active wlan interfaces in use! Using default
12-14 03:22:26.695 826 826 I android.hardware.wifi@1.0-service: Configured chip in mode 3
12-14 03:22:26.695 826 826 W android.hardware.wifi@1.0-service: No active wlan interfaces in use! Using default
01-01 09:56:53.836 0 0 E [wifi@1][0x139dcb12][03:22:26.698432] wlan: [3452:E:wifipos] wifi_pos_process_app_reg_req: 608: Received App Req Req pid(377488186), len(16)
01-01 09:56:53.836 0 0 I [wifi@1][0x139de449][03:22:26.698768] wlan: [3452:I:wifipos] wifi_pos_get_ch_info: 461: num channels: 26
01-01 09:56:53.837 0 0 I [wifi@1][0x139e0cd5][03:22:26.699309] wlan: [3452:I:wifipos] wifi_pos_get_ch_info: 461: num channels: 26
01-01 09:56:53.848 0 0 I [wifi@1][0x13a13bc9][03:22:26.710175] wlan: [826:I:DP] dp_vdev_attach_wifi3: wlan_cfg_ap_bridge_enabled 1
01-01 09:56:53.848 0 0 E [wifi@1][0x13a144a2][03:22:26.710293] wlan: [826:E:PMO] pmo_register_wow_wakeup_events: 88: Skipping wake event configuration for vdev_opmode 16
01-01 09:56:53.848 0 0 E [wifi@1][0x13a14954][03:22:26.710355] wlan: [826:E:SME] sme_get_nss_chain_shift: 4045: Device mode 16 invalid
01-01 09:56:53.848 0 0 E [wifi@1][0x13a149bb][03:22:26.710361] wlan: [826:E:SME] sme_get_nss_chain_shift: 4045: Device mode 16 invalid
01-01 09:56:53.849 0 0 I IPv6 : ADDRCONF(NETDEV_UP): wifi-aware0: link is not ready
12-14 03:22:26.717 1202 1202 I wificond: createClientInterface: wiphy_index 0 iface_name wlan0
12-14 03:22:26.717 1490 1975 D CompatibilityChangeReporter: Compat change id reported: 171306433; UID 1000; state: ENABLED
12-14 03:22:26.718 1202 1202 I wificond: create scanner for interface with index: 17
12-14 03:22:26.718 1202 1202 I wificond: subscribe scan result for interface with index: 17
12-14 03:22:26.719 1490 2656 D AdbDebuggingManager: Received connected key message: QAAAAOOUWvE1rygT0Ixj09RTp24JWgkxZV3u3V5jhSubR6C/WZQYa7ffTQdyuAiwoA8CIjxxaldaBT3yckdDduN8UKRA/N2VB7S4noZ+Y2n2yO5bbprEDw0ABkd2gtmQVJvQGkF/SsLYyleswkYJRYYK5EKrXFOuH92bfdfLj/KtLnr7T3v2AUdb23LBgCGP5DCECooEicIv/2hGURcyXHqsS/py+4zD4EXKEY1h3uIZKnWvNRVIilPspAK6sFwLMo/T5qcXjVgUuxq5YbmOEaHRe6TH2I+MJ3kzhy5lerS49XPfdThPy/of5E+0LSS2a/thu/nljtqM02hxPEbPUa2JcuCj0KWNIZZsDMV2SPBNxBiA7v+JNPojfE5gP0Jy7cMfO2SbC708x7p3HqU6ENqF5koA7sjcpK68qYfG0Fi6FDh+1XTnPGDk5AIo5eXy2hTc7hNdbURist5VKYTnYpEs4pz4Zj92FBpIiNj99gBzobpk75owQxis11c7bJZq1pCJiSmFEPTcDrv02X3oDIzj7Cs73UA0PD14oMkdQYK7uW+MASmqxEHa0+XnLi5mNXsp3dkaFdEMcDK6wSwC+0yOssdlETEpC4cZts9SQ37E7eMDKfF9m5Gju22KKv3T64iPrmBwhvngKOwxWqahWIHg3ajbUKAe0QY3sLgcEscEi0eFLWD+QgEAAQA= @unknown
12-14 03:22:26.720 1490 1593 D AdbDebuggingManager: Logging key QAAAAOOUWvE1rygT0Ixj09RTp24JWgkxZV3u3V5jhSubR6C/WZQYa7ffTQdyuAiwoA8CIjxxaldaBT3yckdDduN8UKRA/N2VB7S4noZ+Y2n2yO5bbprEDw0ABkd2gtmQVJvQGkF/SsLYyleswkYJRYYK5EKrXFOuH92bfdfLj/KtLnr7T3v2AUdb23LBgCGP5DCECooEicIv/2hGURcyXHqsS/py+4zD4EXKEY1h3uIZKnWvNRVIilPspAK6sFwLMo/T5qcXjVgUuxq5YbmOEaHRe6TH2I+MJ3kzhy5lerS49XPfdThPy/of5E+0LSS2a/thu/nljtqM02hxPEbPUa2JcuCj0KWNIZZsDMV2SPBNxBiA7v+JNPojfE5gP0Jy7cMfO2SbC708x7p3HqU6ENqF5koA7sjcpK68qYfG0Fi6FDh+1XTnPGDk5AIo5eXy2hTc7hNdbURist5VKYTnYpEs4pz4Zj92FBpIiNj99gBzobpk75owQxis11c7bJZq1pCJiSmFEPTcDrv02X3oDIzj7Cs73UA0PD14oMkdQYK7uW+MASmqxEHa0+XnLi5mNXsp3dkaFdEMcDK6wSwC+0yOssdlETEpC4cZts9SQ37E7eMDKfF9m5Gju22KKv3T64iPrmBwhvngKOwxWqahWIHg3ajbUKAe0QY3sLgcEscEi0eFLWD+QgEAAQA= @unknown, state = 4, alwaysAllow = true, lastConnectionTime = 1670959346719, authWindow = 604800000
12-14 03:22:26.720 1202 1202 I wificond: add channel type 0 support at wiphy index: 0
12-14 03:22:26.720 1202 1202 I wificond: add channel type 1 support at wiphy index: 0
12-14 03:22:26.730 2149 2149 I MicroServiceManager: addCommonCallbackListener add listener
12-14 03:22:26.730 2149 2149 I MicroServiceManager: addConnectChangedListener add listener
12-14 03:22:26.735 1490 1490 I Telecom : DefaultDialerCache: Refreshing default dialer for user 0: now null: DDC.oR@ABA
12-14 03:22:26.736 1490 1490 I Telecom : MissedCallNotifierImpl: reloadAfterBootComplete: user=0: TSBCR.oR@ABE
12-14 03:22:26.738 1490 1490 I Telecom : MissedCallNotifierImpl: reloadAfterBootComplete: user=0: TSBCR.oR@ABE
12-14 03:22:26.739 1490 1490 D CompatibilityChangeReporter: Compat change id reported: 135634846; UID 10033; state: DISABLED
12-14 03:22:26.740 1490 1490 D CompatibilityChangeReporter: Compat change id reported: 177438394; UID 10033; state: DISABLED
12-14 03:22:26.740 1490 1490 D CompatibilityChangeReporter: Compat change id reported: 135772972; UID 10033; state: DISABLED
12-14 03:22:26.740 1490 1490 D CompatibilityChangeReporter: Compat change id reported: 135754954; UID 10033; state: ENABLED
12-14 03:22:26.740 1490 1606 D CompatibilityChangeReporter: Compat change id reported: 143937733; UID 10033; state: ENABLED
12-14 03:22:26.742 2149 2149 W ContextImpl: Calling a method in the system process without a qualified user: android.app.ContextImpl.sendBroadcast:1173 android.content.ContextWrapper.sendBroadcast:479 com.thundercomm.microsettings.service.SettingsService.sendSystemUI:59 com.thundercomm.microsettings.service.SettingsService.onCreate:50 android.app.ActivityThread.handleCreateService:4488
12-14 03:22:26.747 1490 1606 I ActivityManager: Start proc 3464:com.hryt.hiphishowfsecontrol/u0a33 for broadcast {com.hryt.hiphishowfsecontrol/com.hryt.hiphishowfsecontrol.receivers.HiPhiShowReceiver}
12-14 03:22:26.752 2149 2149 W ContextImpl: Calling a method in the system process without a qualified user: android.app.ContextImpl.bindService:1895 android.content.ContextWrapper.bindService:810 com.thundercomm.microsettings.manager.SoundManager.bindService:206 com.thundercomm.microsettings.manager.SoundManager.connect:197 com.thundercomm.microsettings.service.SettingsService.onStartCommand:80
12-14 03:22:26.753 2149 2149 W ContextImpl: Calling a method in the system process without a qualified user: android.app.ContextImpl.bindService:1895 android.content.ContextWrapper.bindService:810 com.thundercomm.microsettings.manager.DisplayManager.bindService:188 com.thundercomm.microsettings.manager.DisplayManager.connect:179 com.thundercomm.microsettings.service.SettingsService.onStartCommand:81
01-01 09:56:53.915 0 0 I binder : 3464:3464 ioctl 40046210 7fe9b8ff24 returned -22
12-14 03:22:26.783 1490 3119 D CompatibilityChangeReporter: Compat change id reported: 168419799; UID 10033; state: DISABLED
01-01 09:56:53.973 0 0 I IRQ 5 : no longer affine to CPU7
12-14 03:22:26.976 1490 3119 D CompatibilityChangeReporter: Compat change id reported: 135634846; UID 10068; state: DISABLED
12-14 03:22:26.976 1490 3119 D CompatibilityChangeReporter: Compat change id reported: 177438394; UID 10068; state: DISABLED
12-14 03:22:26.976 1490 3119 D CompatibilityChangeReporter: Compat change id reported: 135772972; UID 10068; state: DISABLED
12-14 03:22:26.976 1490 3119 D CompatibilityChangeReporter: Compat change id reported: 135754954; UID 10068; state: DISABLED
12-14 03:22:26.976 1490 1606 D CompatibilityChangeReporter: Compat change id reported: 143937733; UID 10068; state: DISABLED
12-14 03:22:26.983 1490 1606 I ActivityManager: Start proc 3494:com.android.calendar/u0a68 for broadcast {com.android.calendar/com.android.calendar.alerts.AlertReceiver}
01-01 09:56:54.132 0 0 I binder : 3494:3494 ioctl 40046210 7fe9b90604 returned -22
12-14 03:22:26.999 1490 3119 D CompatibilityChangeReporter: Compat change id reported: 168419799; UID 10068; state: DISABLED
12-14 03:22:27.065 1490 3326 W ShortcutService: Clock rewound
12-14 03:22:27.082 1490 3119 D CompatibilityChangeReporter: Compat change id reported: 135634846; UID 1000; state: DISABLED
12-14 03:22:27.082 1490 3119 D CompatibilityChangeReporter: Compat change id reported: 177438394; UID 1000; state: DISABLED
12-14 03:22:27.082 1490 3119 D CompatibilityChangeReporter: Compat change id reported: 135772972; UID 1000; state: DISABLED
12-14 03:22:27.082 1490 3119 D CompatibilityChangeReporter: Compat change id reported: 135754954; UID 1000; state: ENABLED
01-01 09:56:54.222 0 0 I [schedu][0x140ede85][03:22:27.084398] wlan: [3420:I:HIF] Deinitializing Runtime PM wakelock &vdev->vdev_set_key_runtime_wakelock
01-01 09:56:54.223 0 0 I [schedu][0x140f0cdd][03:22:27.085016] wlan: [3420:I:HIF] Initializing Runtime PM wakelock &vdev->vdev_set_key_runtime_wakelock
12-14 03:22:27.090 1490 1606 I ActivityManager: Start proc 3511:com.android.dynsystem/1000 for broadcast {com.android.dynsystem/com.android.dynsystem.BootCompletedReceiver}
01-01 09:56:54.245 0 0 I binder : 3511:3511 ioctl 40046210 7fe9b90604 returned -22
12-14 03:22:27.127 1490 3119 D CompatibilityChangeReporter: Compat change id reported: 168419799; UID 1000; state: DISABLED
12-14 03:22:27.163 1490 3119 D CompatibilityChangeReporter: Compat change id reported: 135634846; UID 1000; state: DISABLED
12-14 03:22:27.164 1490 3119 D CompatibilityChangeReporter: Compat change id reported: 177438394; UID 1000; state: DISABLED
12-14 03:22:27.164 1490 3119 D CompatibilityChangeReporter: Compat change id reported: 135772972; UID 1000; state: DISABLED
12-14 03:22:27.164 1490 3119 D CompatibilityChangeReporter: Compat change id reported: 135754954; UID 1000; state: ENABLED
12-14 03:22:27.166 1490 3119 D CompatibilityChangeReporter: Compat change id reported: 135634846; UID 10071; state: DISABLED
12-14 03:22:27.166 1490 3119 D CompatibilityChangeReporter: Compat change id reported: 177438394; UID 10071; state: DISABLED
12-14 03:22:27.167 1490 3119 D CompatibilityChangeReporter: Compat change id reported: 135772972; UID 10071; state: DISABLED
12-14 03:22:27.167 1490 3119 D CompatibilityChangeReporter: Compat change id reported: 135754954; UID 10071; state: ENABLED
12-14 03:22:27.172 1490 1606 I ActivityManager: Start proc 3528:com.android.dynsystem:dynsystem/1000 for service {com.android.dynsystem/com.android.dynsystem.DynamicSystemInstallationService}
12-14 03:22:27.173 1490 1606 D CompatibilityChangeReporter: Compat change id reported: 143937733; UID 10071; state: ENABLED
01-01 09:56:54.312 0 0 I [schedu][0x1429292f][03:22:27.174140] wlan: [3420:I:HIF] Deinitializing Runtime PM wakelock &vdev->vdev_set_key_runtime_wakelock
01-01 09:56:54.312 0 0 I [schedu][0x14294d77][03:22:27.174624] wlan: [3420:I:HIF] Initializing Runtime PM wakelock &vdev->vdev_set_key_runtime_wakelock
12-14 03:22:27.181 1490 1606 I ActivityManager: Start proc 3529:com.android.inputmethod.latin/u0a71 for broadcast {com.android.inputmethod.latin/com.android.inputmethod.latin.SystemBroadcastReceiver}
01-01 09:56:54.323 0 0 I [wifi@1][0x142c79a8][03:22:27.185453] wlan: [826:I:DP] dp_vdev_attach_wifi3: wlan_cfg_ap_bridge_enabled 0
01-01 09:56:54.332 0 0 E [wifi@1][0x142f2963][03:22:27.194623] wlan: [3452:E:wifipos] wifi_pos_process_app_reg_req: 608: Received App Req Req pid(377488186), len(16)
01-01 09:56:54.333 0 0 I [wifi@1][0x142f454a][03:22:27.194995] wlan: [3452:I:wifipos] wifi_pos_get_ch_info: 461: num channels: 26
01-01 09:56:54.333 0 0 I [wifi@1][0x142f5bec][03:22:27.195297] wlan: [3452:I:wifipos] wifi_pos_get_ch_info: 461: num channels: 26
01-01 09:56:54.336 0 0 I binder : 3528:3528 ioctl 40046210 7fe9b90604 returned -22
01-01 09:56:54.339 0 0 I binder : 3529:3529 ioctl 40046210 7fe9b90604 returned -22
12-14 03:22:27.208 1490 2580 D CompatibilityChangeReporter: Compat change id reported: 168419799; UID 10071; state: DISABLED
12-14 03:22:27.239 1490 1918 I GameModeConfig: isGameModeOn = false
12-14 03:22:27.239 1490 1918 I GameModeConfig: isGameModeOn = false
12-14 03:22:27.239 1490 1918 I GameModeConfig: isGameModeOn = false
12-14 03:22:27.240 1490 2580 I DynamicSystemService: isInstalled(): false
12-14 03:22:27.292 1490 2580 I ActivityManager: Process com.android.inputmethod.latin (pid 3529) has died: fg RCVR
12-14 03:22:27.298 1490 1605 I ActivityManager: com.android.managedprovisioning is exempt from freezer
12-14 03:22:27.298 1490 1605 D CompatibilityChangeReporter: Compat change id reported: 135634846; UID 10026; state: DISABLED
12-14 03:22:27.298 1490 1605 D CompatibilityChangeReporter: Compat change id reported: 177438394; UID 10026; state: DISABLED
12-14 03:22:27.298 1490 1605 D CompatibilityChangeReporter: Compat change id reported: 135772972; UID 10026; state: DISABLED
12-14 03:22:27.298 1490 1605 D CompatibilityChangeReporter: Compat change id reported: 135754954; UID 10026; state: ENABLED
12-14 03:22:27.299 1490 1606 D CompatibilityChangeReporter: Compat change id reported: 143937733; UID 10026; state: ENABLED
12-14 03:22:27.307 1490 1606 I ActivityManager: Start proc 3564:com.android.managedprovisioning/u0a26 for broadcast {com.android.managedprovisioning/com.android.managedprovisioning.BootReminder}
01-01 09:56:54.463 0 0 I binder : 3564:3564 ioctl 40046210 7fe9b90604 returned -22
12-14 03:22:27.332 1490 2580 D CompatibilityChangeReporter: Compat change id reported: 168419799; UID 10026; state: DISABLED
01-01 09:56:54.511 0 0 I [schedu][0x1463892a][03:22:27.373393] wlan: [3420:I:OSIF] scan start scan id 40961
12-14 03:22:27.403 1490 2580 D CompatibilityChangeReporter: Compat change id reported: 168419799; UID 10018; state: DISABLED
12-14 03:22:27.406 1490 1612 W BatteryExternalStatsWorker: error reading modem stats:ERROR_PHONE_NOT_AVAILABLE
12-14 03:22:27.411 1490 1909 D CompatibilityChangeReporter: Compat change id reported: 135634846; UID 10090; state: DISABLED
12-14 03:22:27.411 1490 1909 D CompatibilityChangeReporter: Compat change id reported: 177438394; UID 10090; state: DISABLED
12-14 03:22:27.411 1490 1909 D CompatibilityChangeReporter: Compat change id reported: 135772972; UID 10090; state: DISABLED
12-14 03:22:27.411 1490 1909 D CompatibilityChangeReporter: Compat change id reported: 135754954; UID 10090; state: ENABLED
12-14 03:22:27.411 1490 1606 D CompatibilityChangeReporter: Compat change id reported: 143937733; UID 10090; state: ENABLED
12-14 03:22:27.413 1490 1490 W Looper : Slow dispatch took 313ms main h=android.app.ActivityThread$H c=android.app.LoadedApk$ReceiverDispatcher$Args$$ExternalSyntheticLambda0@8f73e00 m=0
12-14 03:22:27.413 1490 1490 W Looper : Slow delivery took 314ms main h=android.app.ActivityThread$H c=android.app.LoadedApk$ReceiverDispatcher$Args$$ExternalSyntheticLambda0@a299639 m=0
12-14 03:22:27.416 1490 1490 W Looper : Drained
12-14 03:22:27.420 1490 1606 I ActivityManager: Start proc 3580:com.android.music/u0a90 for broadcast {com.android.music/com.android.music.MediaPlaybackReceiver}
01-01 09:56:54.565 0 0 D : mv2112_read_status
01-01 09:56:54.566 0 0 D mv2112_update_link: 3.0x901(1G): 0x80
01-01 09:56:54.566 0 0 D mv2112_update_link: 3.0x8109(100M): 0x8
01-01 09:56:54.566 0 0 D mv2112_update_link: link 0x0
01-01 09:56:54.566 0 0 D mv2112_read_status: autoneg is disabled
12-14 03:22:27.440 1490 1918 I GameModeConfig: isGameModeOn = false
12-14 03:22:27.440 1490 1918 I GameModeConfig: isGameModeOn = false
12-14 03:22:27.440 1490 1918 I GameModeConfig: isGameModeOn = false
12-14 03:22:27.441 1490 1490 I Telecom : BluetoothDeviceManager: Got BluetoothHeadset: com.android.server.telecom.BluetoothHeadsetProxy@deea556: BMSL.oSC@ABY
01-01 09:56:54.584 0 0 I binder : 3580:3580 ioctl 40046210 7fe9b90604 returned -22
12-14 03:22:27.454 1490 1522 D CompatibilityChangeReporter: Compat change id reported: 168419799; UID 10090; state: DISABLED
12-14 03:22:27.457 1490 1612 E KernelCpuSpeedReader: Failed to read cpu-freq: /sys/devices/system/cpu/cpu4/cpufreq/stats/time_in_state: open failed: ENOENT (No such file or directory)
12-14 03:22:27.457 1490 1612 E KernelCpuSpeedReader: Failed to read cpu-freq: /sys/devices/system/cpu/cpu0/cpufreq/stats/time_in_state: open failed: ENOENT (No such file or directory)
12-14 03:22:27.459 1490 1612 W BatteryStatsImpl: Attempted to remove untracked isolated uid (1037)
12-14 03:22:27.482 1490 1522 W BluetoothManagerService: psc is not null in bindBluetoothProfileService
12-14 03:22:27.535 1490 1909 D CompatibilityChangeReporter: Compat change id reported: 135634846; UID 10060; state: DISABLED
12-14 03:22:27.535 1490 1909 D CompatibilityChangeReporter: Compat change id reported: 177438394; UID 10060; state: DISABLED
12-14 03:22:27.535 1490 1909 D CompatibilityChangeReporter: Compat change id reported: 135772972; UID 10060; state: DISABLED
12-14 03:22:27.536 1490 1909 D CompatibilityChangeReporter: Compat change id reported: 135754954; UID 10060; state: ENABLED
12-14 03:22:27.536 1490 1606 D CompatibilityChangeReporter: Compat change id reported: 143937733; UID 10060; state: ENABLED
12-14 03:22:27.543 1490 1606 I ActivityManager: Start proc 3603:com.android.onetimeinitializer/u0a60 for broadcast {com.android.onetimeinitializer/com.android.onetimeinitializer.OneTimeInitializerReceiver}
12-14 03:22:27.547 1490 2580 D CompatibilityChangeReporter: Compat change id reported: 168419799; UID 1000; state: DISABLED
01-01 09:56:54.703 0 0 I binder : 3603:3603 ioctl 40046210 7fe9b90604 returned -22
12-14 03:22:27.577 1490 1906 D CompatibilityChangeReporter: Compat change id reported: 168419799; UID 10060; state: DISABLED
12-14 03:22:27.637 1490 1909 I ActivityManager: com.android.packageinstaller is exempt from freezer
12-14 03:22:27.640 1490 1909 D CompatibilityChangeReporter: Compat change id reported: 135634846; UID 10025; state: DISABLED
12-14 03:22:27.640 1490 1909 D CompatibilityChangeReporter: Compat change id reported: 177438394; UID 10025; state: DISABLED
12-14 03:22:27.641 1490 1909 D CompatibilityChangeReporter: Compat change id reported: 135772972; UID 10025; state: DISABLED
12-14 03:22:27.641 1490 1909 D CompatibilityChangeReporter: Compat change id reported: 135754954; UID 10025; state: ENABLED
12-14 03:22:27.641 1490 1606 D CompatibilityChangeReporter: Compat change id reported: 143937733; UID 10025; state: ENABLED
12-14 03:22:27.648 1490 1606 I ActivityManager: Start proc 3625:com.android.packageinstaller/u0a25 for broadcast {com.android.packageinstaller/com.android.packageinstaller.TemporaryFileManager}
01-01 09:56:54.799 0 0 I binder : 3625:3625 ioctl 40046210 7fe9b90604 returned -22
12-14 03:22:27.664 1490 2580 D CompatibilityChangeReporter: Compat change id reported: 168419799; UID 10025; state: DISABLED
12-14 03:22:27.703 1490 1596 D ColorDisplayService: NightDisplayTintController Animation cancelled: false to matrix:
12-14 03:22:27.703 1490 1596 D ColorDisplayService: 1.000000 0.000000 0.000000 0.000000 0.000000 1.000000 0.000000 0.000000 0.000000 0.000000 1.000000 0.000000 0.000000 0.000000 0.000000 1.000000 min matrix coefficients:
12-14 03:22:27.703 1490 1596 D ColorDisplayService: 1.000000 0.000000 0.000000 0.000000 0.000000 1.000000 0.000000 0.000000 0.000000 0.000000 1.000000 0.000000 0.000000 0.000000 0.000000 1.000000 max matrix coefficients:
12-14 03:22:27.703 1490 1596 D ColorDisplayService: 1.000000 0.000000 0.000000 0.000000 0.000000 1.000000 0.000000 0.000000 0.000000 0.000000 1.000000 0.000000 0.000000 0.000000 0.000000 1.000000
12-14 03:22:27.717 1490 2580 D CompatibilityChangeReporter: Compat change id reported: 135634846; UID 10094; state: DISABLED
12-14 03:22:27.717 1490 2580 D CompatibilityChangeReporter: Compat change id reported: 177438394; UID 10094; state: DISABLED
12-14 03:22:27.717 1490 2580 D CompatibilityChangeReporter: Compat change id reported: 135772972; UID 10094; state: DISABLED
12-14 03:22:27.718 1490 2580 D CompatibilityChangeReporter: Compat change id reported: 135754954; UID 10094; state: DISABLED
12-14 03:22:27.718 1490 1606 D CompatibilityChangeReporter: Compat change id reported: 143937733; UID 10094; state: DISABLED
12-14 03:22:27.726 1490 1606 I ActivityManager: Start proc 3642:com.android.permissioncontroller/u0a94 for broadcast {com.android.permissioncontroller/com.android.permissioncontroller.permission.service.LocationAccessCheck$SetupPeriodicBackgroundLocationAccessCheck}
01-01 09:56:54.880 0 0 I binder : 3642:3642 ioctl 40046210 7fe9b90604 returned -22
12-14 03:22:27.751 1490 1909 D CompatibilityChangeReporter: Compat change id reported: 168419799; UID 10094; state: DISABLED
12-14 03:22:27.860 1490 2730 D CompatibilityChangeReporter: Compat change id reported: 135634846; UID 1000; state: DISABLED
12-14 03:22:27.860 1490 2730 D CompatibilityChangeReporter: Compat change id reported: 177438394; UID 1000; state: DISABLED
12-14 03:22:27.860 1490 2730 D CompatibilityChangeReporter: Compat change id reported: 135772972; UID 1000; state: DISABLED
12-14 03:22:27.860 1490 2730 D CompatibilityChangeReporter: Compat change id reported: 135754954; UID 1000; state: ENABLED
12-14 03:22:27.861 1490 1909 D CompatibilityChangeReporter: Compat change id reported: 135634846; UID 10019; state: DISABLED
12-14 03:22:27.861 1490 1909 D CompatibilityChangeReporter: Compat change id reported: 177438394; UID 10019; state: DISABLED
12-14 03:22:27.862 1490 1909 D CompatibilityChangeReporter: Compat change id reported: 135772972; UID 10019; state: DISABLED
12-14 03:22:27.862 1490 1909 D CompatibilityChangeReporter: Compat change id reported: 135754954; UID 10019; state: ENABLED
12-14 03:22:27.869 1490 1606 I ActivityManager: Start proc 3663:com.android.localtransport/1000 for service {com.android.localtransport/com.android.localtransport.LocalTransportService}
12-14 03:22:27.869 1490 1606 D CompatibilityChangeReporter: Compat change id reported: 143937733; UID 10019; state: ENABLED
12-14 03:22:27.878 1490 1606 I ActivityManager: Start proc 3664:com.android.providers.calendar/u0a19 for broadcast {com.android.providers.calendar/com.android.providers.calendar.CalendarReceiver}
01-01 09:56:55.030 0 0 I binder : 3664:3664 ioctl 40046210 7fe9b90604 returned -22
01-01 09:56:55.032 0 0 I binder : 3663:3663 ioctl 40046210 7fe9b90604 returned -22
12-14 03:22:27.897 1490 1909 D CompatibilityChangeReporter: Compat change id reported: 168419799; UID 10019; state: DISABLED
12-14 03:22:27.938 1490 1490 I TransportClient: LocalTransportService#0: Notifying [TransportManager.registerTransport()] transport = IBackupTransport
12-14 03:22:27.942 1490 2730 D BackupTransportManager: Transport com.android.localtransport/.LocalTransportService registered
12-14 03:22:27.942 1490 2730 D BackupManagerService: [UserID:0] Transport com.android.localtransport/.LocalTransport registered 3091ms after first request (delay = 3000ms)
12-14 03:22:27.947 1490 2730 I BackupManagerService: [UserID:0] Found 1 stale backup journal(s), scheduling.
12-14 03:22:27.949 1490 2730 I BackupManagerService: [UserID:0] Stale backup journals: Scheduled 9 package(s) total
12-14 03:22:27.962 1490 1909 D CompatibilityChangeReporter: Compat change id reported: 171306433; UID 10019; state: ENABLED
12-14 03:22:27.965 1490 2580 D CompatibilityChangeReporter: Compat change id reported: 143231523; UID 10019; state: DISABLED
12-14 03:22:27.979 1490 1909 D CompatibilityChangeReporter: Compat change id reported: 168419799; UID 1000; state: DISABLED
12-14 03:22:27.990 1490 1909 I ActivityManager: com.android.shell is exempt from freezer
12-14 03:22:27.991 1490 1909 D CompatibilityChangeReporter: Compat change id reported: 135634846; UID 2000; state: DISABLED
12-14 03:22:27.991 1490 1909 D CompatibilityChangeReporter: Compat change id reported: 177438394; UID 2000; state: DISABLED
12-14 03:22:27.991 1490 1909 D CompatibilityChangeReporter: Compat change id reported: 135772972; UID 2000; state: DISABLED
12-14 03:22:27.991 1490 1909 D CompatibilityChangeReporter: Compat change id reported: 135754954; UID 2000; state: ENABLED
12-14 03:22:28.000 1490 1606 I ActivityManager: Start proc 3701:com.android.shell/2000 for broadcast {com.android.shell/com.android.shell.HeapDumpReceiver}
01-01 09:56:55.155 0 0 I binder : 3701:3701 ioctl 40046210 7fe9b90604 returned -22
12-14 03:22:28.025 1490 1909 D CompatibilityChangeReporter: Compat change id reported: 168419799; UID 2000; state: DISABLED
12-14 03:22:28.069 1490 1909 D CompatibilityChangeReporter: Compat change id reported: 135634846; UID 1001; state: DISABLED
12-14 03:22:28.069 1490 1909 D CompatibilityChangeReporter: Compat change id reported: 177438394; UID 1001; state: DISABLED
12-14 03:22:28.069 1490 1909 D CompatibilityChangeReporter: Compat change id reported: 135772972; UID 1001; state: DISABLED
12-14 03:22:28.069 1490 1909 D CompatibilityChangeReporter: Compat change id reported: 135754954; UID 1001; state: ENABLED
12-14 03:22:28.079 1490 1606 I Watchdog: Interesting Java process com.android.phone started. Pid 3718
12-14 03:22:28.079 1490 1606 I ActivityManager: Start proc 3718:com.android.phone/1001 for broadcast {com.android.stk/com.android.stk.BootCompletedReceiver}
01-01 09:56:55.233 0 0 I binder : 3718:3718 ioctl 40046210 7fe9b90604 returned -22
12-14 03:22:28.159 1490 2580 W BroadcastQueue: Permission Denial: receiving Intent { act=android.intent.action.BOOT_COMPLETED flg=0x89000010 (has extras) } to com.baidu.input/.directboot.DirectBootReceiver requires android.permission.RECEIVE_BOOT_COMPLETED due to sender null (uid 1000)
12-14 03:22:28.160 1490 1605 W BroadcastQueue: Permission Denial: receiving Intent { act=android.intent.action.BOOT_COMPLETED flg=0x89000010 (has extras) } to com.baidu.input/.switchguide.InputMethodChangedReceiver requires android.permission.RECEIVE_BOOT_COMPLETED due to sender null (uid 1000)
12-14 03:22:28.161 1490 1605 D CompatibilityChangeReporter: Compat change id reported: 168419799; UID 10089; state: DISABLED
12-14 03:22:28.171 1490 1522 D CompatibilityChangeReporter: Compat change id reported: 135634846; UID 10077; state: DISABLED
12-14 03:22:28.171 1490 1522 D CompatibilityChangeReporter: Compat change id reported: 177438394; UID 10077; state: DISABLED
12-14 03:22:28.171 1490 1522 D CompatibilityChangeReporter: Compat change id reported: 135772972; UID 10077; state: DISABLED
12-14 03:22:28.171 1490 1522 D CompatibilityChangeReporter: Compat change id reported: 135754954; UID 10077; state: ENABLED
12-14 03:22:28.171 1490 1606 D CompatibilityChangeReporter: Compat change id reported: 143937733; UID 10077; state: ENABLED
12-14 03:22:28.181 1490 1606 I ActivityManager: Start proc 3736:com.qti.ltebc/u0a77 for broadcast {com.qti.ltebc/com.qualcomm.ltebc.LTEBroadcastBootReceiver}
12-14 03:22:28.186 1490 1522 D CompatibilityChangeReporter: Compat change id reported: 149924527; UID 10089; state: ENABLED
12-14 03:22:28.186 1490 1522 D CompatibilityChangeReporter: Compat change id reported: 132649864; UID 10089; state: DISABLED
01-01 09:56:55.337 0 0 I binder : 3736:3736 ioctl 40046210 7fe9b90604 returned -22
12-14 03:22:28.207 1490 1909 D CompatibilityChangeReporter: Compat change id reported: 168419799; UID 10077; state: DISABLED
01-01 09:56:55.585 0 0 D : mv2112_read_status
01-01 09:56:55.586 0 0 D mv2112_update_link: 3.0x901(1G): 0x80
01-01 09:56:55.586 0 0 D mv2112_update_link: 3.0x8109(100M): 0x8
01-01 09:56:55.586 0 0 D mv2112_update_link: link 0x0
01-01 09:56:55.586 0 0 D mv2112_read_status: autoneg is disabled
12-14 03:22:28.449 2732 3758 E ActivityThread: Failed to find provider info for com.tcl.xian.StartandroidService.MyContentProvider
01-01 09:56:55.681 0 0 I logd : start watching /data/system/packages.list ...
01-01 09:56:55.683 0 0 I logd : ReadPackageList, total packages: 104
01-01 09:56:55.699 0 0 I [schedu][0x15bf9736][03:22:28.561420] wlan: [3420:I:OSIF] vdev 0, scan id 40961 type COMPLETED(1) reason COMPLETED(1) scan found 106 bss
12-14 03:22:28.597 1490 1522 D CompatibilityChangeReporter: Compat change id reported: 168419799; UID 10053; state: DISABLED
12-14 03:22:28.602 1490 2580 D CompatibilityChangeReporter: Compat change id reported: 171306433; UID 10077; state: ENABLED
12-14 03:22:28.605 1490 1522 D CompatibilityChangeReporter: Compat change id reported: 168419799; UID 10079; state: DISABLED
12-14 03:22:28.612 1490 2580 D CompatibilityChangeReporter: Compat change id reported: 168419799; UID 10073; state: DISABLED
12-14 03:22:28.629 1490 1909 D CompatibilityChangeReporter: Compat change id reported: 168419799; UID 10087; state: DISABLED
12-14 03:22:28.631 1490 1909 I ActivityManager: Process com.qti.ltebc (pid 3736) has died: cch+5 CEM
12-14 03:22:28.639 1490 2580 D CompatibilityChangeReporter: Compat change id reported: 135634846; UID 10058; state: DISABLED
