12-14 03:26:38.464 3806 3806 D GameMode_GameModeService: updateGlobalSettings = gamemode_isgaming
12-14 03:26:38.465 1490 1490 I GameModeConfig: isGameModeOn = false
12-14 03:26:38.465 1490 1490 I GameModeConfig: isGameModeOn = false
12-14 03:26:38.465 1490 1490 I GameModeConfig: isDisableVoice = true
12-14 03:26:38.466 1490 1976 D Ethernet: got request NetworkRequest [ REQUEST id=41, [ Capabilities: INTERNET&NOT_RESTRICTED&TRUSTED&NOT_VCN_MANAGED Uid: 1000 RequestorUid: 1000 RequestorPkg: com.android.settings] ]
12-14 03:26:38.466 1490 1976 D EthernetNetworkFactory: acceptRequest, request: NetworkRequest [ REQUEST id=41, [ Capabilities: INTERNET&NOT_RESTRICTED&TRUSTED&NOT_VCN_MANAGED Uid: 1000 RequestorUid: 1000 RequestorPkg: com.android.settings] ]
12-14 03:26:38.466 1490 1976 I EthernetNetworkFactory: networkForRequest, request: NetworkRequest [ REQUEST id=41, [ Capabilities: INTERNET&NOT_RESTRICTED&TRUSTED&NOT_VCN_MANAGED Uid: 1000 RequestorUid: 1000 RequestorPkg: com.android.settings] ], network: null
12-14 03:26:38.471 1490 1883 D WifiNetworkFactory: got request NetworkRequest [ REQUEST id=41, [ Capabilities: INTERNET&NOT_RESTRICTED&TRUSTED&NOT_VCN_MANAGED Uid: 1000 RequestorUid: 1000 RequestorPkg: com.android.settings] ]
12-14 03:26:38.471 1490 1883 D UntrustedWifiNetworkFactory: got request NetworkRequest [ REQUEST id=41, [ Capabilities: INTERNET&NOT_RESTRICTED&TRUSTED&NOT_VCN_MANAGED Uid: 1000 RequestorUid: 1000 RequestorPkg: com.android.settings] ]
12-14 03:26:38.472 3806 3821 D GameMode_GameModeActionUtils: Show GameMode entry by service!
12-14 03:26:38.473 3806 3821 W ContextImpl: Calling a method in the system process without a qualified user: android.app.ContextImpl.startService:1816 android.content.ContextWrapper.startService:774 com.thundercomm.gamemode.ingame.services.GameModeActionUtils.startGameModeService:99 com.thundercomm.gamemode.ingame.services.GameModeActionUtils.startGameModeEntry:22 com.thundercomm.gamemode.ingame.services.ActivityMonitoringService$1.onActivityLaunch:127
12-14 03:26:38.474 1490 1520 D ConnectivityService: requestNetwork for uid/pid:1000/2392 activeRequest: null callbackRequest: 46 [NetworkRequest [ REQUEST id=47, [ Capabilities: INTERNET&NOT_RESTRICTED&TRUSTED&NOT_VCN_MANAGED Uid: 1000 RequestorUid: 1000 RequestorPkg: com.android.settings] ]] callback flags: 1 priority: 2147483647
12-14 03:26:38.475 3806 3821 D GameModeIF_GameModeSettings: getUriFor setting_content_uri_root = content://com.thundercomm.gamemode.api/gamemode_settings , name = gamemode_isgaming
12-14 03:26:38.475 3806 3806 D GameMode_GameModeService: type=hide_entry
12-14 03:26:38.476 2392 2392 D BluetoothPan: Binding service...
12-14 03:26:38.477 1490 1883 D OemPaidWifiNetworkFactory: got request NetworkRequest [ REQUEST id=41, [ Capabilities: INTERNET&NOT_RESTRICTED&TRUSTED&NOT_VCN_MANAGED Uid: 1000 RequestorUid: 1000 RequestorPkg: com.android.settings] ]
12-14 03:26:38.477 3806 3806 D GameMode_GameSettingsObserver: Game Data change!!!! uri = content://com.thundercomm.gamemode.api/gamemode_settings/gamemode_isgaming
12-14 03:26:38.477 3806 3806 D GameModeIF_GameModeSettings: getUriFor setting_content_uri_root = content://com.thundercomm.gamemode.api/gamemode_settings , name = gamemode_isgaming
12-14 03:26:38.478 1490 1913 D ConnectivityService: NetReassign [no changes]
12-14 03:26:38.478 2392 2392 D SubscriptionsChangeListener: Start
12-14 03:26:38.478 2392 4861 D UsageGraph: No enabled state changed, skipping updateCategory call
12-14 03:26:38.479 2392 2392 D MobileNetworkSummaryStatus: network summary query
12-14 03:26:38.479 1490 1490 I GameModeConfig: Current uri is uri = content://com.thundercomm.gamemode.api/gamemode_settings/gamemode_isgaming
12-14 03:26:38.479 1490 1490 D GameModeIF_GameModeSettings: getUriFor setting_content_uri_root = content://com.thundercomm.gamemode.api/gamemode_settings , name = gamemode_isgaming
12-14 03:26:38.479 2392 4523 W MobileNetworkUtils: EuiccManager is not enabled.
12-14 03:26:38.480 2392 4524 E TelephonyManager: Error in getUiccCardsInfo: unable to connect to Telephony service.
12-14 03:26:38.480 3806 3806 D GameMode_GameModeService: updateGlobalSettings = gamemode_isgaming
12-14 03:26:38.480 2392 2392 W SelectableSubscriptions: Fail to request subIdList
12-14 03:26:38.480 2392 2392 W SelectableSubscriptions: java.lang.NullPointerException: Attempt to invoke interface method 'int java.util.List.size()' on a null object reference
12-14 03:26:38.480 2392 2392 W SelectableSubscriptions: at com.android.settings.network.helper.SelectableSubscriptions.call(SelectableSubscriptions.java:128)
12-14 03:26:38.480 2392 2392 W SelectableSubscriptions: at com.android.settings.network.MobileNetworkSummaryStatus.getSubscriptions(MobileNetworkSummaryStatus.java:158)
12-14 03:26:38.480 2392 2392 W SelectableSubscriptions: at com.android.settings.network.MobileNetworkSummaryStatus.update(MobileNetworkSummaryStatus.java:88)
12-14 03:26:38.480 2392 2392 W SelectableSubscriptions: at com.android.settings.network.MobileNetworkSummaryController.update(MobileNetworkSummaryController.java:170)
12-14 03:26:38.480 2392 2392 W SelectableSubscriptions: at com.android.settings.network.MobileNetworkSummaryController.onResume(MobileNetworkSummaryController.java:95)
12-14 03:26:38.480 2392 2392 W SelectableSubscriptions: at java.lang.reflect.Method.invoke(Native Method)
12-14 03:26:38.480 2392 2392 W SelectableSubscriptions: at androidx.lifecycle.ClassesInfoCache$MethodReference.invokeCallback(ClassesInfoCache.java:216)
12-14 03:26:38.480 2392 2392 W SelectableSubscriptions: at androidx.lifecycle.ClassesInfoCache$CallbackInfo.invokeMethodsForEvent(ClassesInfoCache.java:194)
12-14 03:26:38.480 2392 2392 W SelectableSubscriptions: at androidx.lifecycle.ClassesInfoCache$CallbackInfo.invokeCallbacks(ClassesInfoCache.java:185)
12-14 03:26:38.480 2392 2392 W SelectableSubscriptions: at androidx.lifecycle.ReflectiveGenericLifecycleObserver.onStateChanged(ReflectiveGenericLifecycleObserver.java:37)
12-14 03:26:38.480 2392 2392 W SelectableSubscriptions: at androidx.lifecycle.LifecycleRegistry$ObserverWithState.dispatchEvent(LifecycleRegistry.java:354)
12-14 03:26:38.480 2392 2392 W SelectableSubscriptions: at androidx.lifecycle.LifecycleRegistry.forwardPass(LifecycleRegistry.java:265)
12-14 03:26:38.480 2392 2392 W SelectableSubscriptions: at androidx.lifecycle.LifecycleRegistry.sync(LifecycleRegistry.java:307)
12-14 03:26:38.480 2392 2392 W SelectableSubscriptions: at androidx.lifecycle.LifecycleRegistry.moveToState(LifecycleRegistry.java:148)
12-14 03:26:38.480 2392 2392 W SelectableSubscriptions: at androidx.lifecycle.LifecycleRegistry.handleLifecycleEvent(LifecycleRegistry.java:134)
12-14 03:26:38.480 2392 2392 W SelectableSubscriptions: at com.android.settingslib.core.lifecycle.ObservablePreferenceFragment.onResume(ObservablePreferenceFragment.java:87)
12-14 03:26:38.480 2392 2392 W SelectableSubscriptions: at com.android.settings.core.InstrumentedPreferenceFragment.onResume(InstrumentedPreferenceFragment.java:77)
12-14 03:26:38.480 2392 2392 W SelectableSubscriptions: at com.android.settings.SettingsPreferenceFragment.onResume(SettingsPreferenceFragment.java:198)
12-14 03:26:38.480 2392 2392 W SelectableSubscriptions: at com.android.settings.dashboard.DashboardFragment.onResume(DashboardFragment.java:219)
12-14 03:26:38.480 2392 2392 W SelectableSubscriptions: at androidx.fragment.app.Fragment.performResume(Fragment.java:3029)
12-14 03:26:38.480 2392 2392 W SelectableSubscriptions: at androidx.fragment.app.FragmentStateManager.resume(FragmentStateManager.java:583)
12-14 03:26:38.480 2392 2392 W SelectableSubscriptions: at androidx.fragment.app.FragmentStateManager.moveToExpectedState(FragmentStateManager.java:282)
12-14 03:26:38.480 2392 2392 W SelectableSubscriptions: at androidx.fragment.app.FragmentStore.moveToExpectedState(FragmentStore.java:112)
12-14 03:26:38.480 2392 2392 W SelectableSubscriptions: at androidx.fragment.app.FragmentManager.moveToState(FragmentManager.java:1667)
12-14 03:26:38.480 2392 2392 W SelectableSubscriptions: at androidx.fragment.app.FragmentManager.dispatchStateChange(FragmentManager.java:3234)
12-14 03:26:38.480 2392 2392 W SelectableSubscriptions: at androidx.fragment.app.FragmentManager.dispatchResume(FragmentManager.java:3192)
12-14 03:26:38.480 2392 2392 W SelectableSubscriptions: at androidx.fragment.app.FragmentController.dispatchResume(FragmentController.java:273)
12-14 03:26:38.480 2392 2392 W SelectableSubscriptions: at androidx.fragment.app.FragmentActivity.onResumeFragments(FragmentActivity.java:434)
12-14 03:26:38.480 2392 2392 W SelectableSubscriptions: at androidx.fragment.app.FragmentActivity.onPostResume(FragmentActivity.java:423)
12-14 03:26:38.480 2392 2392 W SelectableSubscriptions: at android.app.Activity.performResume(Activity.java:8235)
12-14 03:26:38.480 2392 2392 W SelectableSubscriptions: at android.app.ActivityThread.performResumeActivity(ActivityThread.java:4748)
12-14 03:26:38.480 2392 2392 W SelectableSubscriptions: at android.app.ActivityThread.handleResumeActivity(ActivityThread.java:4791)
12-14 03:26:38.480 2392 2392 W SelectableSubscriptions: at android.app.servertransaction.ResumeActivityItem.execute(ResumeActivityItem.java:54)
12-14 03:26:38.480 2392 2392 W SelectableSubscriptions: at android.app.servertransaction.ActivityTransactionItem.execute(ActivityTransactionItem.java:45)
12-14 03:26:38.480 2392 2392 W SelectableSubscriptions: at android.app.servertransaction.TransactionExecutor.executeLifecycleState(TransactionExecutor.java:176)
12-14 03:26:38.480 2392 2392 W SelectableSubscriptions: at android.app.servertransaction.TransactionExecutor.execute(TransactionExecutor.java:97)
12-14 03:26:38.480 2392 2392 W SelectableSubscriptions: at android.app.ActivityThread$H.handleMessage(ActivityThread.java:2211)
12-14 03:26:38.480 2392 2392 W SelectableSubscriptions: at android.os.Handler.dispatchMessage(Handler.java:106)
12-14 03:26:38.480 2392 2392 W SelectableSubscriptions: at android.os.Looper.loopOnce(Looper.java:201)
12-14 03:26:38.480 2392 2392 W SelectableSubscriptions: at android.os.Looper.loop(Looper.java:288)
12-14 03:26:38.480 2392 2392 W SelectableSubscriptions: at android.app.ActivityThread.main(ActivityThread.java:7880)
12-14 03:26:38.480 2392 2392 W SelectableSubscriptions: at java.lang.reflect.Method.invoke(Native Method)
12-14 03:26:38.480 2392 2392 W SelectableSubscriptions: at com.android.internal.os.RuntimeInit$MethodAndArgsCaller.run(RuntimeInit.java:548)
12-14 03:26:38.480 2392 2392 W SelectableSubscriptions: at com.android.internal.os.ZygoteInit.main(ZygoteInit.java:1009)
12-14 03:26:38.481 2392 2392 D MobileNetworkSummaryStatus: network summary query ignored
12-14 03:26:38.481 2392 2392 D SubscriptionsChangeListener: Start
12-14 03:26:38.481 1490 1490 I GameModeConfig: isGameModeOn = false
12-14 03:26:38.481 1490 1490 I GameModeConfig: isGameModeOn = false
12-14 03:26:38.481 1490 1490 I GameModeConfig: isDisableVoice = true
12-14 03:26:38.482 1490 1913 D ConnectivityService: NetReassign [44 : null → 100]
12-14 03:26:38.483 2392 2524 D BatteryInfo: time for getStats: 0ms
12-14 03:26:38.483 3806 3821 D GameModeIF_GameModeSettings: gamemode_isgaming set to 0
12-14 03:26:38.483 2392 2524 D BatteryInfo: time for regular BatteryInfo: 0ms
12-14 03:26:38.483 2392 2524 D BatteryInfo: time for getBatteryInfo: 0ms
12-14 03:26:38.484 1490 1976 D Ethernet: got request NetworkRequest [ REQUEST id=44, [ Capabilities: INTERNET&NOT_RESTRICTED&TRUSTED&NOT_VCN_MANAGED Uid: 1000 RequestorUid: 1000 RequestorPkg: com.android.settings] ]
12-14 03:26:38.484 1490 1976 D EthernetNetworkFactory: acceptRequest, request: NetworkRequest [ REQUEST id=44, [ Capabilities: INTERNET&NOT_RESTRICTED&TRUSTED&NOT_VCN_MANAGED Uid: 1000 RequestorUid: 1000 RequestorPkg: com.android.settings] ]
12-14 03:26:38.484 1490 1976 I EthernetNetworkFactory: networkForRequest, request: NetworkRequest [ REQUEST id=44, [ Capabilities: INTERNET&NOT_RESTRICTED&TRUSTED&NOT_VCN_MANAGED Uid: 1000 RequestorUid: 1000 RequestorPkg: com.android.settings] ], network: null
12-14 03:26:38.485 1490 1913 D ConnectivityService: NetReassign [no changes]
12-14 03:26:38.486 1490 1883 D WifiNetworkFactory: got request NetworkRequest [ REQUEST id=44, [ Capabilities: INTERNET&NOT_RESTRICTED&TRUSTED&NOT_VCN_MANAGED Uid: 1000 RequestorUid: 1000 RequestorPkg: com.android.settings] ]
12-14 03:26:38.486 1490 1883 D UntrustedWifiNetworkFactory: got request NetworkRequest [ REQUEST id=44, [ Capabilities: INTERNET&NOT_RESTRICTED&TRUSTED&NOT_VCN_MANAGED Uid: 1000 RequestorUid: 1000 RequestorPkg: com.android.settings] ]
12-14 03:26:38.486 1490 1883 D OemPaidWifiNetworkFactory: got request NetworkRequest [ REQUEST id=44, [ Capabilities: INTERNET&NOT_RESTRICTED&TRUSTED&NOT_VCN_MANAGED Uid: 1000 RequestorUid: 1000 RequestorPkg: com.android.settings] ]
12-14 03:26:38.486 1490 1913 D ConnectivityService: NetReassign [47 : null → 100]
12-14 03:26:38.487 2392 4525 D BatteryTipLoader: BatteryInfoLoader post query: 0ms
12-14 03:26:38.487 1490 1913 D ConnectivityService: NetReassign [no changes]
12-14 03:26:38.487 2392 4525 D BatteryInfo: time for getBatteryInfo: 0ms
12-14 03:26:38.487 2392 4525 D BatteryTipLoader: BatteryInfoLoader.loadInBackground: 0ms
12-14 03:26:38.489 2732 4801 D hpplay-base: [Server:447] startHttpServer will END srv->serverType:0
12-14 03:26:38.489 2732 4801 D hpplay-base: [Server:646] startHttpServer cond srv_shutdown:1 connectNummber:0
12-14 03:26:38.489 2732 4801 D hpplay-base: [Server:669] startHttpServer wait cond END. srv_shutdown:1 connectNummber:0
12-14 03:26:38.489 2732 4801 D hpplay-base: [Server:457] HttpServer END, tid is 4801
12-14 03:26:38.491 1490 1976 D Ethernet: got request NetworkRequest [ REQUEST id=47, [ Capabilities: INTERNET&NOT_RESTRICTED&TRUSTED&NOT_VCN_MANAGED Uid: 1000 RequestorUid: 1000 RequestorPkg: com.android.settings] ]
12-14 03:26:38.491 1490 1976 D EthernetNetworkFactory: acceptRequest, request: NetworkRequest [ REQUEST id=47, [ Capabilities: INTERNET&NOT_RESTRICTED&TRUSTED&NOT_VCN_MANAGED Uid: 1000 RequestorUid: 1000 RequestorPkg: com.android.settings] ]
12-14 03:26:38.491 1490 1976 I EthernetNetworkFactory: networkForRequest, request: NetworkRequest [ REQUEST id=47, [ Capabilities: INTERNET&NOT_RESTRICTED&TRUSTED&NOT_VCN_MANAGED Uid: 1000 RequestorUid: 1000 RequestorPkg: com.android.settings] ], network: null
12-14 03:26:38.491 1490 1883 D WifiNetworkFactory: got request NetworkRequest [ REQUEST id=47, [ Capabilities: INTERNET&NOT_RESTRICTED&TRUSTED&NOT_VCN_MANAGED Uid: 1000 RequestorUid: 1000 RequestorPkg: com.android.settings] ]
12-14 03:26:38.491 1490 1883 D UntrustedWifiNetworkFactory: got request NetworkRequest [ REQUEST id=47, [ Capabilities: INTERNET&NOT_RESTRICTED&TRUSTED&NOT_VCN_MANAGED Uid: 1000 RequestorUid: 1000 RequestorPkg: com.android.settings] ]
12-14 03:26:38.492 1490 1883 D OemPaidWifiNetworkFactory: got request NetworkRequest [ REQUEST id=47, [ Capabilities: INTERNET&NOT_RESTRICTED&TRUSTED&NOT_VCN_MANAGED Uid: 1000 RequestorUid: 1000 RequestorPkg: com.android.settings] ]
12-14 03:26:38.494 1490 1913 D ConnectivityService: NetReassign [no changes]
12-14 03:26:38.498 1490 1909 W ScanResultUtil: Empty or null ScanResult list
12-14 03:26:38.498 1490 1909 W WifiService: Attempt to retrieve WifiConfiguration with invalid scanResult List
12-14 03:26:38.498 1490 1909 W ScanResultUtil: Empty or null ScanResult list
12-14 03:26:38.498 1490 1909 E WifiService: Attempt to retrieve passpoint with invalid scanResult List
12-14 03:26:38.498 1490 1522 W ScanResultUtil: Empty or null ScanResult list
12-14 03:26:38.498 1490 1522 W WifiService: Attempt to retrieve OsuProviders with invalid scanResult List
12-14 03:26:38.500 2732 4802 D hpplay-base: [stream_mirror_compat:1284] mirror stream begin to exit,server fd:69,thread_id:3144626624!!
12-14 03:26:38.500 2732 4802 D hpplay-base: [stream_mirror_compat:1323] ##screen stream exit successfully!!##
12-14 03:26:38.501 1490 3119 I WifiService: startScan uid=1000
12-14 03:26:38.506 1490 1522 W ScanResultUtil: Empty or null ScanResult list
12-14 03:26:38.506 1490 1522 W WifiService: Attempt to retrieve WifiConfiguration with invalid scanResult List
12-14 03:26:38.507 1490 1522 W ScanResultUtil: Empty or null ScanResult list
12-14 03:26:38.507 1490 1522 E WifiService: Attempt to retrieve passpoint with invalid scanResult List
12-14 03:26:38.507 1490 1522 W ScanResultUtil: Empty or null ScanResult list
12-14 03:26:38.507 1490 1522 W WifiService: Attempt to retrieve OsuProviders with invalid scanResult List
12-14 03:26:38.517 1346 3802 D LOWI-9.0.0.87.a: [LOWI-Scan] wait_event:Wait done with Cmd 33
12-14 03:26:38.517 1346 3802 D LOWI-9.0.0.87.a: [LOWI-Scan] do_listen_events: Rcvd valid Netlink Cmd 0 Err 0
12-14 03:26:38.529 2392 2392 W BatteryBroadcastRcvr: Problem reading the battery meter.
12-14 03:26:38.532 1490 1596 I EventSequenceValidator: dec AccIntentStartedEvents to 1
12-14 03:26:38.532 2392 2392 D BluetoothPan: Proxy object connected
12-14 03:26:38.533 2392 2392 D BatteryInfo: time for callback: 0ms
12-14 03:26:38.533 2392 2524 D BatteryInfo: time for getStats: 0ms
12-14 03:26:38.534 2392 2524 D BatteryInfo: time for regular BatteryInfo: 1ms
12-14 03:26:38.534 2392 2524 D BatteryInfo: time for getBatteryInfo: 0ms
12-14 03:26:38.537 3806 3897 I GameMode_ActivityMonitoringService: onTaskStackChanged
12-14 03:26:38.543 2392 2392 D BatteryInfo: time for callback: 0ms
12-14 03:26:38.547 2392 4504 D BatteryTipLoader: BatteryInfoLoader post query: 1ms
12-14 03:26:38.547 2392 4504 D BatteryInfo: time for getBatteryInfo: 0ms
12-14 03:26:38.547 2392 4504 D BatteryTipLoader: BatteryInfoLoader.loadInBackground: 1ms
12-14 03:26:38.547 3806 3821 I GameMode_ActivityMonitoringService: Updating top task to: TaskInfoContainer [topActivity=ComponentInfo{com.android.settings/com.android.settings.Settings}, taskId=18, stackId=18, userId=0, displayId=0, position=6
12-14 03:26:38.548 3806 3821 I GameMode_ActivityMonitoringService: Notifying about top task: TaskInfoContainer [topActivity=ComponentInfo{com.android.settings/com.android.settings.Settings}, taskId=18, stackId=18, userId=0, displayId=0, position=6
12-14 03:26:38.548 3806 3821 E GameMode_ActivityMonitoringService: onActivityLaunch:com.android.settings
12-14 03:26:38.548 3806 3821 V GameMode_GameTypeUtils: judge isGame:com.android.settings
12-14 03:26:38.548 3806 3821 V GameMode_GpuUtils: fps:60
12-14 03:26:38.550 3806 3821 D GameMode_GameModeActionUtils: Show GameMode entry by service!
12-14 03:26:38.550 3806 3821 W ContextImpl: Calling a method in the system process without a qualified user: android.app.ContextImpl.startService:1816 android.content.ContextWrapper.startService:774 com.thundercomm.gamemode.ingame.services.GameModeActionUtils.startGameModeService:99 com.thundercomm.gamemode.ingame.services.GameModeActionUtils.startGameModeEntry:22 com.thundercomm.gamemode.ingame.services.ActivityMonitoringService$1.onActivityLaunch:127
12-14 03:26:38.554 3806 3821 D GameModeIF_GameModeSettings: getUriFor setting_content_uri_root = content://com.thundercomm.gamemode.api/gamemode_settings , name = gamemode_isgaming
12-14 03:26:38.554 3806 3806 D GameMode_GameModeService: type=hide_entry
12-14 03:26:38.557 1490 1490 I GameModeConfig: Current uri is uri = content://com.thundercomm.gamemode.api/gamemode_settings/gamemode_isgaming
12-14 03:26:38.557 1490 1490 D GameModeIF_GameModeSettings: getUriFor setting_content_uri_root = content://com.thundercomm.gamemode.api/gamemode_settings , name = gamemode_isgaming
12-14 03:26:38.557 3806 3821 D GameModeIF_GameModeSettings: gamemode_isgaming set to 0
12-14 03:26:38.557 3806 3806 D GameMode_GameSettingsObserver: Game Data change!!!! uri = content://com.thundercomm.gamemode.api/gamemode_settings/gamemode_isgaming
12-14 03:26:38.557 3806 3806 D GameModeIF_GameModeSettings: getUriFor setting_content_uri_root = content://com.thundercomm.gamemode.api/gamemode_settings , name = gamemode_isgaming
12-14 03:26:38.558 1490 1490 I GameModeConfig: isGameModeOn = false
12-14 03:26:38.558 1490 1490 I GameModeConfig: isGameModeOn = false
12-14 03:26:38.558 1490 1490 I GameModeConfig: isDisableVoice = true
12-14 03:26:38.559 3806 3806 D GameMode_GameModeService: updateGlobalSettings = gamemode_isgaming
01-01 10:01:05.723 0 0 I [schedu][0x133e0c81c][03:26:38.585326] wlan: [3420:I:OSIF] scan start scan id 40963
12-14 03:26:38.760 2732 4821 I hpplay-base: [mDNSEmbeded:140] embedded_mDNSLoop Exiting end,tid is 4821
12-14 03:26:38.760 2732 4859 D hpplay-base: [mDNSEmbeded:452] stopmDNSServer end stopmDNSNow=2, nRet=0
12-14 03:26:38.819 1490 1909 W InputManager-JNI: Input channel object '9aea5fd Splash Screen com.android.settings (client)' was disposed without first being removed with the input manager!
12-14 03:26:38.882 639 654 I mpu_uart: [MSG-P:RECV]:No message received in 1000 ms
12-14 03:26:38.964 2732 4822 I hpplay-base: [mDNSEmbeded:376] end lelink publish server, tid is 4822
12-14 03:26:38.964 2732 4859 D hpplay-base: [mDNSEmbeded:420] stopmLelinkServer end nRet=0
12-14 03:26:38.964 2732 4859 D hpplay-base: [LelinkBase:615] lebodlna stopServerThreadFunc dlnaEnable:1
12-14 03:26:38.964 2732 4859 D hpplay-base-dlna: [lebodlna_api:49] stop DMR
12-14 03:26:38.964 2732 4859 D hpplay-base-dlna: [lebodlna_api:344] m_pRender Release
12-14 03:26:39.019 2732 4859 D hpplay-base-dlna: [UpnpDefine:867] DMRender release success
12-14 03:26:39.019 2732 4859 D hpplay-base-dlna: [lebodlna_api:352] m_pAVT Release
12-14 03:26:39.019 2732 4859 D hpplay-base-dlna: [lebodlna_api:360] m_pRCS Release
12-14 03:26:39.019 2732 4859 D hpplay-base-dlna: [lebodlna_api:365] dmrender destroydmr
12-14 03:26:39.047 2543 2543 D StateManager: goToState: Normal
12-14 03:26:39.057 3806 3897 I GameMode_ActivityMonitoringService: onForegroundActivitiesChanged uid 10080 pid 2543 fg false
12-14 03:26:39.060 3806 3821 I GameMode_ActivityMonitoringService: Updating top task to: TaskInfoContainer [topActivity=ComponentInfo{com.android.settings/com.android.settings.Settings}, taskId=18, stackId=18, userId=0, displayId=0, position=6
12-14 03:26:39.060 3806 3821 I GameMode_ActivityMonitoringService: Notifying about top task: TaskInfoContainer [topActivity=ComponentInfo{com.android.settings/com.android.settings.Settings}, taskId=18, stackId=18, userId=0, displayId=0, position=6
12-14 03:26:39.060 3806 3821 E GameMode_ActivityMonitoringService: onActivityLaunch:com.android.settings
12-14 03:26:39.060 3806 3821 V GameMode_GameTypeUtils: judge isGame:com.android.settings
12-14 03:26:39.060 3806 3821 V GameMode_GpuUtils: fps:60
12-14 03:26:39.062 3806 3821 D GameMode_GameModeActionUtils: Show GameMode entry by service!
12-14 03:26:39.062 3806 3821 W ContextImpl: Calling a method in the system process without a qualified user: android.app.ContextImpl.startService:1816 android.content.ContextWrapper.startService:774 com.thundercomm.gamemode.ingame.services.GameModeActionUtils.startGameModeService:99 com.thundercomm.gamemode.ingame.services.GameModeActionUtils.startGameModeEntry:22 com.thundercomm.gamemode.ingame.services.ActivityMonitoringService$1.onActivityLaunch:127
12-14 03:26:39.064 3806 3821 D GameModeIF_GameModeSettings: getUriFor setting_content_uri_root = content://com.thundercomm.gamemode.api/gamemode_settings , name = gamemode_isgaming
12-14 03:26:39.064 3806 3806 D GameMode_GameModeService: type=hide_entry
12-14 03:26:39.066 3806 3806 D GameMode_GameSettingsObserver: Game Data change!!!! uri = content://com.thundercomm.gamemode.api/gamemode_settings/gamemode_isgaming
12-14 03:26:39.066 1490 1490 I GameModeConfig: Current uri is uri = content://com.thundercomm.gamemode.api/gamemode_settings/gamemode_isgaming
12-14 03:26:39.066 3806 3806 D GameModeIF_GameModeSettings: getUriFor setting_content_uri_root = content://com.thundercomm.gamemode.api/gamemode_settings , name = gamemode_isgaming
12-14 03:26:39.066 1490 1490 D GameModeIF_GameModeSettings: getUriFor setting_content_uri_root = content://com.thundercomm.gamemode.api/gamemode_settings , name = gamemode_isgaming
12-14 03:26:39.067 3806 3821 D GameModeIF_GameModeSettings: gamemode_isgaming set to 0
12-14 03:26:39.068 1490 1490 I GameModeConfig: isGameModeOn = false
12-14 03:26:39.068 1490 1490 I GameModeConfig: isGameModeOn = false
12-14 03:26:39.068 1490 1490 I GameModeConfig: isDisableVoice = true
12-14 03:26:39.068 3806 3806 D GameMode_GameModeService: updateGlobalSettings = gamemode_isgaming
12-14 03:26:39.086 2010 2010 W Choreographer: Frame time is 0.249537 ms in the future! Check that graphics HAL is generating vsync timestamps using the correct timebase.
12-14 03:26:39.086 2543 2543 W Choreographer: Frame time is 0.200735 ms in the future! Check that graphics HAL is generating vsync timestamps using the correct timebase.
12-14 03:26:39.107 0 0 W swapper/1: type=1400 audit(0.0:701): avc: denied { kill } for capability=5 scontext=u:r:kernel:s0 tcontext=u:r:kernel:s0 tclass=capability permissive=0
12-14 03:26:39.319 2732 4859 D hpplay-base-dlna: [lebodlna-dlna_android:186] stopDLNA
12-14 03:26:39.319 2732 4859 D hpplay-base-dlna: [lebodlna-dlna_android:189] dlnaservice destroy
12-14 03:26:39.319 2732 4859 D hpplay-base-dlna: [lebodlna-dlna_android:49] dlnaservice Destroy 49 int CDlnaService::Destroy()
12-14 03:26:39.319 2732 4859 D hpplay-base-dlna: [lebodlna-dlnaframe:245] dlnaservice Destroy 245 static ERROR_TYPE IDlnaFrame::DestroyDlnaFrame(IDlnaFrame *)
12-14 03:26:39.319 2732 4859 D hpplay-base-dlna: [lebodlna-dlnaframe:179] dlnaservice Destroy 179 virtual void CDlnaFrame::Release()
12-14 03:26:39.320 2732 4859 D hpplay-base-dlna: [lebodlna-dlnaframe:190] dlnaservice Destroy 190 virtual void CDlnaFrame::Release()
12-14 03:26:39.320 2732 4859 D hpplay-base-dlna: [lebodlna-dlnaframe:192] dlnaservice Destroy 192 virtual void CDlnaFrame::Release()
12-14 03:26:39.320 2732 4859 D hpplay-base-dlna: [lebodlna-dlnaframe:247] dlnaservice Destroy 247 static ERROR_TYPE IDlnaFrame::DestroyDlnaFrame(IDlnaFrame *)
12-14 03:26:39.320 2732 4859 D hpplay-base-dlna: [lebodlna-dlnaframe:251] dlnaservice Destroy 251 static ERROR_TYPE IDlnaFrame::DestroyDlnaFrame(IDlnaFrame *)
12-14 03:26:39.322 2732 4859 E hpplay-base-dlna: upnpapi.c:655::before gminiserver ThreadPoolShutdown
12-14 03:26:39.322 2732 4859 E hpplay-base-dlna: ThreadPool.c:1047::on ThreadPoolShutdown tp->totalThreads:2
12-14 03:26:39.323 2732 4859 E hpplay-base-dlna: ThreadPool.c:1056::after ThreadPoolShutdown
12-14 03:26:39.323 2732 4859 E hpplay-base-dlna: ThreadPool.c:1057::ThreadPoolShutdown tp->totalThreads:0
12-14 03:26:39.323 2732 4859 E hpplay-base-dlna: upnpapi.c:657::after gminiserver ThreadPoolShutdown
12-14 03:26:39.323 2732 4859 E hpplay-base-dlna: upnpapi.c:659::before grecv ThreadPoolShutdown
12-14 03:26:39.324 2732 4859 E hpplay-base-dlna: ThreadPool.c:1047::on ThreadPoolShutdown tp->totalThreads:12
12-14 03:26:39.324 2732 4859 E hpplay-base-dlna: ThreadPool.c:1047::on ThreadPoolShutdown tp->totalThreads:11
12-14 03:26:39.324 2732 4859 E hpplay-base-dlna: ThreadPool.c:1047::on ThreadPoolShutdown tp->totalThreads:10
12-14 03:26:39.325 2732 4859 E hpplay-base-dlna: ThreadPool.c:1047::on ThreadPoolShutdown tp->totalThreads:2
12-14 03:26:39.326 2732 4859 E hpplay-base-dlna: ThreadPool.c:1056::after ThreadPoolShutdown
12-14 03:26:39.326 2732 4859 E hpplay-base-dlna: ThreadPool.c:1057::ThreadPoolShutdown tp->totalThreads:0
12-14 03:26:39.326 2732 4859 E hpplay-base-dlna: upnpapi.c:661::after grecv ThreadPoolShutdown
12-14 03:26:39.326 2732 4859 E hpplay-base-dlna: upnpapi.c:663::before gsend ThreadPoolShutdown
12-14 03:26:39.326 2732 4859 E hpplay-base-dlna: ThreadPool.c:1047::on ThreadPoolShutdown tp->totalThreads:2
12-14 03:26:39.327 2732 4859 E hpplay-base-dlna: ThreadPool.c:1056::after ThreadPoolShutdown
12-14 03:26:39.327 2732 4859 E hpplay-base-dlna: ThreadPool.c:1057::ThreadPoolShutdown tp->totalThreads:0
12-14 03:26:39.327 2732 4859 E hpplay-base-dlna: upnpapi.c:665::after gsend ThreadPoolShutdown
12-14 03:26:39.327 2732 4859 D hpplay-base-dlna: [lebodlna-dlnaframe:253] dlnaservice Destroy 253 static ERROR_TYPE IDlnaFrame::DestroyDlnaFrame(IDlnaFrame *)
12-14 03:26:39.327 2732 4859 D hpplay-base-dlna: [lebodlna-dlna_android:51] dlnaservice Destroy 51 int CDlnaService::Destroy()
12-14 03:26:39.327 2732 4859 D hpplay-base-dlna: [lebodlna-dlna_android:194] stopDLNA end
01-01 10:01:06.466 0 0 D : mv2112_read_status
01-01 10:01:06.466 0 0 D mv2112_update_link: 3.0x901(1G): 0x80
01-01 10:01:06.466 0 0 D mv2112_update_link: 3.0x8109(100M): 0x8
01-01 10:01:06.466 0 0 D mv2112_update_link: link 0x0
01-01 10:01:06.466 0 0 D mv2112_read_status: autoneg is disabled
12-14 03:26:39.627 2732 4859 D hpplay-base: [stream_mirror_compat:1489] request to stop screen stream session!!
12-14 03:26:39.627 2732 4859 D hpplay-base: [AEventUtils:625] begin to stop event handle service!!
12-14 03:26:39.627 2732 4859 D hpplay-base: [AEventUtils:628] stop event handle service ok!!
12-14 03:26:39.627 2732 4859 D hpplay-base: [REventUtils:231] begin to stop report handle service!!
12-14 03:26:39.627 2732 4859 D hpplay-base: [REventUtils:234] stop report handle service ok!!
12-14 03:26:39.628 2732 4859 D hpplay-base: [lelinkSinkServer:711] HTTP Server stopSinkServer End .
12-14 03:26:39.628 2732 4859 D hpplay-base: [jniBridge:1135] notifyJavaServerStoped
12-14 03:26:39.628 2732 4859 D hpplay-base: [jniBridge:1726] notifyJava, what:202, castType:0, mimeType:0 baseStatus:4
12-14 03:26:39.628 2732 4859 D hpplay-base: [jniBridge:1727] notifyJava sessionID:(null)
12-14 03:26:39.629 2732 4859 I hpplay-java: [Thread-53]:Bridge:notify: what: 202
12-14 03:26:39.633 2732 4859 I hpplay-java: [Thread-53]:Bridge:notify: out: OutParameters:{audioSessionId=-1, audiotrackIndex=0, castHandleType=-1, castType=0, deviceName='', dlnaName='', dramaID='', extra=0, frameHandleType=-1, handleInside=true, headduration=0, header='', headers=null, isAD=false, isMultiMirror=false, lelinkVer='', limitTime=0, , mediaAlbum='null', mediaAlbumArtURI='', mediaArtist='null', mediaAssets='', mediaTitle='null', mimeType=0, multiSession=null, period=0, pinCode='', playSpeed=0.0, playerChoice=0, plugin=0, port=0, position=0.0, positionUnit=2, protocol=0, realSessionID='', regType='', , sinkIp='', sourceAPPVersion='', sourceChannel='', sourceClientInfo='', sourceDeviceInfo='', sourceDeviceModel='', sourceDeviceName='', sourceDeviceType=0, sourceHID='', , sourceInfo='', , , sourceOSVersion='', sourceSDKVersion='', sourceUid='', stopDetail=0, stopReason=0, tailduration=0, url='', urlID='', urls=null, userAgent='', videoDecoder=0, volume=0, what=202}com.hpplay.sdk.sink.protocol.OutParameters@6f13f10
12-14 03:26:39.633 2732 4859 I hpplay-java: [Thread-53]:Bridge:notify: address:206498313
12-14 03:26:39.633 2732 4859 D hpplay-base: [LelinkBase:645] stopServerThreadFunc notifyJavaServerStoped!
12-14 03:26:39.634 2732 2732 I hpplay-java: [main]:ServerTaskManager:startTimeOutCheck
12-14 03:26:39.634 2732 2732 I hpplay-java: [main]:ServerBusiness:stopDaemonBusiness
12-14 03:26:39.634 2732 2732 I hpplay-java: [main]:SinkDataReport:logout
12-14 03:26:39.635 2732 2732 I hpplay-java: [main]:EPControl:release
12-14 03:26:39.636 2732 4869 I hpplay-java: [AsyncTask #90]:GlideCreator:clearCache clearDiskCache
12-14 03:26:39.637 2732 2732 I hpplay-java: [main]:Dispatcher:notifyAllReverseControlsStop
12-14 03:26:39.638 2732 2732 I hpplay-java: [main]:Preference:checkFeature none
12-14 03:26:39.638 2732 4796 W hpplay-java: NanoHTTPDServerRunnable:Communication with the client broken
12-14 03:26:39.638 2732 4796 W hpplay-java: java.net.SocketException: Socket closed
12-14 03:26:39.638 2732 4796 W hpplay-java: at java.net.PlainSocketImpl.socketAccept(PlainSocketImpl.java:213)
12-14 03:26:39.638 2732 4796 W hpplay-java: at java.net.AbstractPlainSocketImpl.accept(AbstractPlainSocketImpl.java:451)
12-14 03:26:39.638 2732 4796 W hpplay-java: at java.net.ServerSocket.implAccept(ServerSocket.java:547)
12-14 03:26:39.638 2732 4796 W hpplay-java: at java.net.ServerSocket.accept(ServerSocket.java:515)
12-14 03:26:39.638 2732 4796 W hpplay-java: at com.hpplay.nanohttpd.protocols.http.ServerRunnable.run(SourceFile:118)
12-14 03:26:39.638 2732 4796 W hpplay-java: at java.lang.Thread.run(Thread.java:920)
12-14 03:26:39.638 2732 4796 I hpplay-java: NanoHTTPDNanoHTTPD:server is stoped
12-14 03:26:39.638 2732 4796 I hpplay-java: NanoHTTPDNanoHTTPD:clear obj
12-14 03:26:39.639 2732 2732 I hpplay-java: [main]:Dispatcher:notifyAllUIControlsStop set: []
12-14 03:26:39.639 2732 2732 I hpplay-java: [main]:Bridge:findServiceID start out: 206498313
12-14 03:26:39.639 2732 2732 I hpplay-java: [main]:Bridge:findServiceID end
12-14 03:26:39.639 2732 2732 I hpplay-java: [main]:ServerTaskManager:onStop retry:true
12-14 03:26:39.639 2732 2732 I hpplay-java: [main]:ServerTaskManager:cancelTimeOutCheck
12-14 03:26:39.640 2732 2732 I hpplay-java: [main]:IPManager:getActiveNets type: WIFI
12-14 03:26:39.640 2732 2732 I hpplay-java: [main]:IPManager:getActiveNets eth0:false wifi:true mobile:false ap:false
12-14 03:26:39.640 2732 2732 I hpplay-java: [main]:IPManager:getIPAddress IP_WLAN0
12-14 03:26:39.642 2732 2732 I hpplay-java: [main]:IPManager:updateIPAddress getIPAddress: 192.168.4.16 name:vlan4
12-14 03:26:39.642 2732 2732 I hpplay-java: [main]:IPManager:updateIPAddress getIPAddress: 192.168.0.18 name:wlan0
12-14 03:26:39.642 2732 2732 I hpplay-java: [main]:IPManager:updateIPAddress getIPAddress: 192.168.8.16 name:vlan8
12-14 03:26:39.642 2732 2732 I hpplay-java: [main]:IPManager:updateIPAddress getIPAddress: 192.168.11.16 name:vlan11
12-14 03:26:39.643 2732 2732 I hpplay-java: [main]:IPManager:updateIPAddress getIPAddress: 192.168.0.16 name:vlan0
12-14 03:26:39.643 2732 2732 I hpplay-java: [main]:IPManager:updateIPAddress getIPAddress: 192.168.2.16 name:vlan2
12-14 03:26:39.643 2732 2732 I hpplay-java: [main]:IPManager:updateIPAddress getIPAddress: 192.168.1.16 name:vlan1
12-14 03:26:39.643 2732 2732 I hpplay-java: [main]:ServerTaskManager:exeTask startServer
12-14 03:26:39.644 2732 4873 I hpplay-java: [AsyncTask #92]:ServerBusiness:startDaemonBusiness
12-14 03:26:39.644 2732 2732 I hpplay-java: [main]:ServerTaskManager:startTimeOutCheck
12-14 03:26:39.644 2732 4873 I hpplay-java: [AsyncTask #92]:TimeOutCheckUtil:addTask id:upgrade
12-14 03:26:39.644 2732 4874 I hpplay-java: [AsyncTask #93]:Bridge:assembleInParameters
12-14 03:26:39.644 2732 4873 I hpplay-java: [AsyncTask #92]:TimeOutCheckUtil:addTask id:ijkupgrade
12-14 03:26:39.645 2732 4874 I hpplay-java: [AsyncTask #93]:Bridge:createDeviceId deviceId:Nzg6OWI6Nzg6ODA6ZGI6ZjY=
12-14 03:26:39.645 2732 4874 I hpplay-java: [AsyncTask #93]:IPManager:getActiveNets type: WIFI
12-14 03:26:39.645 2732 4874 I hpplay-java: [AsyncTask #93]:IPManager:getActiveNets eth0:false wifi:true mobile:false ap:false
12-14 03:26:39.645 2732 4875 I hpplay-java: NanoHTTPDNanoHTTPD:server is started
12-14 03:26:39.645 2732 4874 I hpplay-java: [AsyncTask #93]:IPManager:getIPAddress IP_WLAN0
12-14 03:26:39.646 2732 4874 I hpplay-java: [AsyncTask #93]:Preference:checkFeature none
12-14 03:26:39.646 2732 4874 I hpplay-java: [AsyncTask #93]:SWI:dlna tip
12-14 03:26:39.646 2732 4874 I hpplay-java: [AsyncTask #93]:SWI:lefp tip
12-14 03:26:39.646 2732 4874 I hpplay-java: [AsyncTask #93]:Bridge:assembleInParameters none alias name use device name: 高合娱乐副屏
12-14 03:26:39.646 2732 4874 I hpplay-java: [AsyncTask #93]:Feature:isSendAdvertisement
12-14 03:26:39.646 2732 4874 I hpplay-java: [AsyncTask #93]:Preference:checkFeature none
12-14 03:26:39.646 2732 4874 I hpplay-java: [AsyncTask #93]:Preference:checkFeature none
12-14 03:26:39.646 2732 4874 I hpplay-java: [AsyncTask #93]:Bridge:backupHpplayDat bakPath:
12-14 03:26:39.646 2732 4874 I hpplay-java: [AsyncTask #93]:Bridge:path:/data/user/0/com.hht.lebocast/files/hpplay/file/happyplay.dat
12-14 03:26:39.647 2732 4874 I hpplay-java: [AsyncTask #93]:Bridge:mAppId:21409
12-14 03:26:39.647 2732 4874 I hpplay-java: [AsyncTask #93]:Bridge:mode:3
12-14 03:26:39.647 2732 4874 I hpplay-java: [AsyncTask #93]:Bridge:type:1
12-14 03:26:39.647 2732 4874 I hpplay-java: [AsyncTask #93]:Bridge:SN:
12-14 03:26:39.647 2732 4874 I hpplay-java: [AsyncTask #93]:Preference:checkFeature none
12-14 03:26:39.647 2732 4874 I hpplay-java: [AsyncTask #93]:Bridge:backPath:
12-14 03:26:39.647 2732 4874 I hpplay-java: [AsyncTask #93]:DeviceUtil:getPermissionDid: 1
12-14 03:26:39.647 2732 4874 I hpplay-java: [AsyncTask #93]:DeviceUtil:getPermissionDid: 1
12-14 03:26:39.647 2732 4874 I hpplay-java: [AsyncTask #93]:Preference:checkFeature none
12-14 03:26:39.647 2732 4874 I hpplay-java: [AsyncTask #93]:Preference:checkFeature none
12-14 03:26:39.647 2732 4874 I hpplay-java: [AsyncTask #93]:Preference:checkFeature none
12-14 03:26:39.647 2732 4874 I hpplay-java: [AsyncTask #93]:Preference:checkFeature none
12-14 03:26:39.647 2732 4874 I hpplay-java: [AsyncTask #93]:Preference:checkFeature none
12-14 03:26:39.647 2732 4874 I hpplay-java: [AsyncTask #93]:Preference:checkFeature none
12-14 03:26:39.655 2732 4873 W hpplay-java: [AsyncTask #92]:ServerBusiness:startDaemonBusiness start LelinkHTTPD sucess 52288
12-14 03:26:39.667 2732 4874 W hpplay-java: [AsyncTask #93]:DeviceUtils:getDomain create lb domain
12-14 03:26:39.667 2732 4874 I hpplay-java: [AsyncTask #93]:Feature:getMirrorAudioVideoSync DISABLE
12-14 03:26:39.668 2732 4874 I hpplay-java: [AsyncTask #93]:Feature:checkSupportRedirectOtherApp,no set redirect api
12-14 03:26:39.668 2732 4874 I hpplay-java: [AsyncTask #93]:Feature:getRedirectSearchFlag,value: 0
12-14 03:26:39.669 2732 4874 I hpplay-java: [AsyncTask #93]:Bridge:mIn: InParameters{appInfo='0', appKey='21409', authMode=0, authPwd='null', broadcastDirection=0, broadcastState=1, broadcastTimeout=3, buildType='release', cacheAVPath='/data/user/0/com.hht.lebocast/cache/hpplay/av', cachePhotoPath='/data/user/0/com.hht.lebocast/cache/hpplay/image', channel='LEBO-APK--60146-25915', desPath='', , deviceName='高合娱乐副屏', dlna=1, dlnaCompany='null', dlnaCompanyURL='null', dlnaDeviceDescribe='null', dlnaDeviceName='null', dlnaDeviceURL='null', dlnaLelinkSwitch=1, dlnaManufacturer=0, dlnaName='高合娱乐副屏', dlnaUPC='', dlnaUUID='e1dc06f8-0e14-26c5-5cd2-8ed68158c037', domain='Lebo-figure-a69c947ffd36', drainage=0, feature='6655', fps=60, height=1080, host='null', , keyPath='/data/user/0/com.hht.lebocast/files/hpplay/file', lelinkfp=1, lelinkfp2=0, logBaseState=1, logPath='/storage/emulated/0/com.hht.lebocast/sink/sdk/common', , mdnsEnable=1, mirrorSyncType=0, netCastVer='2.0', packageName='com.hht.lebocast', packagePath='/data/user/0/com.hht.lebocast', permissionDid='a6:9c:94:7f:fd:36', permissionMode=3, permissionPreSN='', port=0, preemptMode=0, regType='_leboremote._tcp.', serverPorts=null, sockWaitTimeOut=45, teleControlPort=53388, tunnels=3, txtKeys=null, txtValues=null, uid='8270434926410121175', videoFrameType=1001, width=1920}com.hpplay.sdk.sink.protocol.InParameters@a8bad1
12-14 03:26:39.669 2732 2732 I hpplay-java: [main]:Bridge:startServer state: 0
12-14 03:26:39.669 2732 2732 D hpplay-base: [jniBridge:185] not conference version
12-14 03:26:39.669 2732 2732 I hpplay-base: [jniBridge:241] 1initServer nSettingWidth=1920 nSettingHeight=1080 nSettingMaxFPS=60 dlnaEnable=1 lelinkFpEnable=1
12-14 03:26:39.669 2732 2732 D hpplay-base: [jniBridge:283] 1initServer cfg.leLinkIp=192.168.0.18
12-14 03:26:39.669 2732 2732 D hpplay-base: [jniBridge:286] 1initServer cfg.mPermissionMode=3
12-14 03:26:39.669 2732 2732 D hpplay-base: [jniBridge:304] 1initServer cfg.permissionDid=a6:9c:94:7f:fd:36000000000000000
12-14 03:26:39.669 2732 2732 D hpplay-base: [jniBridge:313] 1initServer cfg.mPermissionPreSN=00000000000000000000000000000000
12-14 03:26:39.669 2732 2732 D hpplay-base: [jniBridge:317] Bridge___1initServer status:0
12-14 03:26:39.669 2732 2732 I hpplay-base: [jniBridge:325] 1initServer cfg.feature=6655
12-14 03:26:39.669 2732 2732 D hpplay-base: [jniBridge:377] 1initServer isSendBroadCast=3
12-14 03:26:39.669 2732 2732 D hpplay-base: [jniBridge:380] 1initServer broadcastDirection=0
12-14 03:26:39.669 2732 2732 D hpplay-base: [jniBridge:382] 1initServer ipBroadcast direction=0
12-14 03:26:39.669 2732 2732 D hpplay-base: [jniBridge:387] 1initServer tunnel=3
12-14 03:26:39.669 2732 2732 D hpplay-base: [jniBridge:390] 1initServer drainage=0
12-14 03:26:39.669 2732 2732 D hpplay-base: [jniBridge:401] 1initServer mDNSEnable=1
12-14 03:26:39.669 2732 2732 D hpplay-base: [jniBridge:406] 1initServer nSockWaitTimeOut=45
12-14 03:26:39.669 2732 2732 D hpplay-base: [jniBridge:410] 1initServer nMirrorAudioVideoSync=0
12-14 03:26:39.670 2732 2732 I hpplay-base: [sign_check:168] checkSign strPackageName:com.hht.lebocast
12-14 03:26:39.670 2732 2732 I hpplay-base: [sign_check:169] checkSign buildType:release
12-14 03:26:39.670 2732 2732 I hpplay-base: [sign_check:170] checkSign appKey:21409
12-14 03:26:39.670 2732 2732 D hpplay-base: [LelinkBase:405] bridgeInit port: 0, lelinkfp: 0
12-14 03:26:39.670 2732 2732 D hpplay-base: [LelinkBase:462] bridgeInit mPackagePath =/data/user/0/com.hht.lebocast
12-14 03:26:39.670 2732 2732 D hpplay-base: [LelinkBase:463] bridgeInit mKeyPath =/data/user/0/com.hht.lebocast/files/hpplay/file
12-14 03:26:39.670 2732 2732 D hpplay-base: [SinkContext:97] initSinkContext mPackagePath =/data/user/0/com.hht.lebocast
12-14 03:26:39.670 2732 2732 D hpplay-base: [SinkContext:98] initSinkContext mKeyPath =/data/user/0/com.hht.lebocast/files/hpplay/file
12-14 03:26:39.670 2732 2732 D hpplay-base: [jniBridge:478] Java_com_hpplay_sdk_sink_protocol_Bridge__1initServer end
12-14 03:26:39.670 2732 2732 D hpplay-base: [jniBridge:869] Bridge__1startServer status:1
12-14 03:26:39.670 2732 2732 D hpplay-base: [LelinkBase:492] startAllServer at base
12-14 03:26:39.670 2732 2732 D hpplay-base: [lelinkSinkServer:152] httpPlugins_SetServerPort TYPE_SERVER_LELINK:52266
12-14 03:26:39.670 2732 2732 D hpplay-base: [network.c:362] protocol bind host :192.168.0.18 port:52266 curent bind port:52266
12-14 03:26:39.670 2732 2732 D hpplay-base: [lelinkSinkServer:681] HTTP Server real at:52266
12-14 03:26:39.671 2732 2732 D hpplay-base: [ScreenStream:1285] current bind port:7100
12-14 03:26:39.671 2732 2732 D hpplay-base: [LelinkBase:515] startAllServer pBaseContext->config.dlnaEnable:1
12-14 03:26:39.671 2732 2732 D hpplay-base: [lelinkDlna:324] addDMRCallback end
12-14 03:26:39.673 2732 4880 D hpplay-base: [lelinkSinkServer:644] Connected Service Type:0
12-14 03:26:39.673 2732 4880 I hpplay-base: : (server.c.315) startServer listen_ing....:
12-14 03:26:39.673 2732 4880 D hpplay-base: [Server:371] startHttpServer srv_sockets.used:1 nCurrentFd:68, tid is 4880
12-14 03:26:39.674 2732 4881 D hpplay-base: [stream_mirror_compat:759] compat mirror stream begin to run,server fd:69,thread_id:3143573952!!
12-14 03:26:39.675 2732 2732 E hpplay-base-dlna: miniserver.c:788::dlna_port(ipv4: 49152 ipv6:0)
12-14 03:26:39.676 2732 2732 D hpplay-base-dlna: [lebodlna-dlnaframe:166] succeed to load lebodlnaplugin
12-14 03:26:39.676 2732 2732 D hpplay-base-dlna: [lebodlna-dlnaframe:232] Succeed to load specified plugin:lebodlna_plugin
12-14 03:26:39.676 2732 2732 D hpplay-base: [lelinkDlna:328] startDLNAServer ret=0
12-14 03:26:39.676 2732 2732 D hpplay-base: [LelinkBase:531] startDLNAServer ret= 0
12-14 03:26:39.676 2732 2732 D hpplay-base: [lelinkDlna:342] setDMRFriendlyName 高合娱乐副屏
12-14 03:26:39.676 2732 2732 D hpplay-base-dlna: [lebodlna-dlna_android:136] setBroadcastTimeout mBroadcastTimeOut=66 status=3!
12-14 03:26:39.676 2732 2732 D hpplay-base-dlna: [lebodlna_api:32] start DMR
12-14 03:26:39.676 2732 2732 D hpplay-base-dlna: [UpnpDefine:434] RegisterDMRender invalid lelink info
12-14 03:26:39.676 2732 2732 D hpplay-base-dlna: [UpnpDefine:467] DLNA DEFAULT_DESCRIPTION
12-14 03:26:39.678 2732 2732 E hpplay-base-dlna: upnpapi.c:1078::Exiting RegisterRootDevice2 *Hnd =1, return value == 0
12-14 03:26:39.678 2732 2732 D hpplay-base-dlna: [CUpnpDevice:41] Register Root Device 2:0
12-14 03:26:39.678 2732 2732 D hpplay-base-dlna: [UpnpDefine:794] ESDMRender:Register success
12-14 03:26:39.678 2732 2732 D hpplay-base-dlna: [lebodlna_api:41] sendBroadcast mBroadcastTimeOut=3
12-14 03:26:39.678 2732 2732 D hpplay-base-dlna: [lebodlna_api:44] sendBroadcast timeout=66
12-14 03:26:39.734 2732 2732 D hpplay-base: [lelinkDlna:361] startDLNADevice dlnaManufacturer:0 ret=0
12-14 03:26:39.734 2732 2732 D hpplay-base: [LelinkBase:535] lelinkSetDlnaInfo ret= 0
12-14 03:26:39.734 2732 2732 D hpplay-base: [LelinkBase:547] startAllServer pBaseContext->config.mDNSEnable:1
12-14 03:26:39.734 2732 2732 D hpplay-base: [base_mdns:509] mdns net.hostname:
12-14 03:26:39.735 2732 2732 D hpplay-base: [base_mdns:529] mdns namelabel:-00-80-0F-74-31-00
12-14 03:26:39.735 2732 2732 D hpplay-base: [base_mdns:509] mdns net.hostname:
12-14 03:26:39.735 2732 2732 D hpplay-base: [base_mdns:529] mdns namelabel:-00-80-0F-74-31-00
12-14 03:26:39.735 2732 2732 D hpplay-base: [mdns:813] mdns start bind port:0
12-14 03:26:39.737 2732 2732 D hpplay-base: [mdns:813] mdns start bind port:5353
12-14 03:26:39.737 2732 2732 D hpplay-base: [mdns:813] mdns start bind port:5353
12-14 03:26:39.737 2732 2732 D hpplay-base: [mdns:813] mdns start bind port:5353
12-14 03:26:39.737 2732 2732 D hpplay-base: [mdns:813] mdns start bind port:5353
12-14 03:26:39.737 2732 2732 D hpplay-base: [mdns:813] mdns start bind port:5353
12-14 03:26:39.738 2732 2732 D hpplay-base: [mdns:813] mdns start bind port:5353
12-14 03:26:39.738 2732 2732 D hpplay-base: [mdns:813] mdns start bind port:5353
12-14 03:26:39.738 2732 2732 I hpplay-base: [mDNSEmbeded:57] embedded_mDNSInit stopmDNSNow:0 status:0
12-14 03:26:39.738 2732 2732 D hpplay-base: [mDNSEmbeded:436] startmDNSServer end nRet=0
12-14 03:26:39.738 2732 2732 D hpplay-base: [LelinkBase:555] lelink broadcast_on_off:1 log2java_on_off:1
12-14 03:26:39.739 2732 4900 D hpplay-base: [LelinkMDNS:729] leboAuthorizationCheck strUuid=a6:9c:94:7f:fd:36000000000000000
12-14 03:26:39.739 2732 4900 D hpplay-base: [LelinkMDNS:730] leboAuthorizationCheck mPermissionDid=a6:9c:94:7f:fd:36000000000000000
12-14 03:26:39.739 2732 4900 D hpplay-base: [LelinkMDNS:755] leboAuthorizationCheck mPermissionMac=a6:9c:94:7f:fd:36000000000000000
12-14 03:26:39.739 2732 4901 I hpplay-base: [mDNSEmbeded:268] start lelink publish server, tid is 4901
12-14 03:26:39.746 2732 2732 D hpplay-base: [AEventUtils:595] request to start event handle service!!
12-14 03:26:39.746 2732 2732 D hpplay-base: [AEventUtils:603] start_event_handle_service,begin to run!!
12-14 03:26:39.746 2732 4902 D hpplay-base: [mDNSEmbeded:197] http_port bind check 197 http_port_check
12-14 03:26:39.747 2732 2732 D hpplay-base: [REventUtils:210] start_event_handle_service,begin to run!!
12-14 03:26:39.747 2732 4903 D hpplay-base: [AEventUtils:171] create handle AEvent thread ok!!,tid is 4903
12-14 03:26:39.747 2732 2732 D hpplay-base: [LelinkBase:576] startAllServer success .
12-14 03:26:39.747 2732 4904 D hpplay-base: [REventUtils:59] create handleREventThread thread ok!!,tid is 4904
12-14 03:26:39.747 2732 2732 D hpplay-base: [jniBridge:894] startDlna_link:http://192.168.0.18:49152/description.xml
12-14 03:26:39.747 2732 4905 D hpplay-base: [jniBridge:1081] notifyJavaDlnalink:http://192.168.0.18:49152/description.xml
12-14 03:26:39.747 2732 4905 D hpplay-base: [jniBridge:1726] notifyJava, what:207, castType:0, mimeType:0 baseStatus:2
12-14 03:26:39.747 2732 4905 D hpplay-base: [jniBridge:1727] notifyJava sessionID:(null)
12-14 03:26:39.748 2732 4905 I hpplay-java: [Thread-55]:Bridge:notify: what: 207
12-14 03:26:39.748 2732 4902 D hpplay-base: [mDNSEmbeded:217] http_port bind check 217 http_port_check
12-14 03:26:39.748 2732 4902 D hpplay-base: [mDNSEmbeded:222] http_port bind check 222 http_port_check
12-14 03:26:39.748 2732 4905 I hpplay-java: [Thread-55]:Bridge:notify: out: OutParameters:{audioSessionId=-1, audiotrackIndex=0, castHandleType=-1, castType=0, deviceName='http://192.168.0.18:49152/description.xml', dlnaName='', dramaID='', extra=0, frameHandleType=-1, handleInside=true, headduration=0, header='', headers=null, isAD=false, isMultiMirror=false, lelinkVer='', limitTime=0, , mediaAlbum='null', mediaAlbumArtURI='', mediaArtist='null', mediaAssets='', mediaTitle='null', mimeType=0, multiSession=null, period=0, pinCode='', playSpeed=0.0, playerChoice=0, plugin=0, port=0, position=0.0, positionUnit=2, protocol=0, realSessionID='', regType='', , sinkIp='', sourceAPPVersion='', sourceChannel='', sourceClientInfo='', sourceDeviceInfo='', sourceDeviceModel='', sourceDeviceName='', sourceDeviceType=0, sourceHID='', , sourceInfo='', , , sourceOSVersion='', sourceSDKVersion='', sourceUid='', stopDetail=0, stopReason=0, tailduration=0, url='', urlID='', urls=null, userAgent='', videoDecoder=0, volume=0, what=207}com.hpplay.sdk.sink.protocol.OutParameters@2d3bb72
12-14 03:26:39.748 2732 4905 I hpplay-java: [Thread-55]:Bridge:notify: address:57654211
12-14 03:26:39.750 2732 4902 D hpplay-base: [mDNSEmbeded:234] http_port bind check 234 http_port_check port:52266
12-14 03:26:39.750 2732 4902 D hpplay-base: [mDNSEmbeded:237] http_port bind check 237 http_port_check
12-14 03:26:39.751 2732 4907 D hpplay-base: [lelinkSinkServer:93] new client connection from 127.0.0.1 60092, fd=121
12-14 03:26:39.751 2732 4907 D hpplay-base: [SinkContext:137] addSinkContextSession,begin to run!!
12-14 03:26:39.751 2732 4907 D hpplay-base: [SinkContext:142] addSinkContextSession,begin to get lock!!
12-14 03:26:39.751 2732 4907 D hpplay-base: [SinkContext:144] addSinkContextSession,get lock ok!!
12-14 03:26:39.751 2732 4907 D hpplay-base: [SinkContext:149] addSinkContextSession,session list is null,begin to malloc!!
