12-14 03:27:40.946 2392 5008 I OpenGLRenderer: Davey! duration=9223371707730ms; Flags=0, FrameTimelineVsyncId=6874, IntendedVsync=329124050630, Vsync=329124050630, InputEventId=0, HandleInputStart=329125059873, AnimationStart=329125063727, PerformTraversalsStart=329125066696, DrawStart=329149864508, FrameDeadline=329157383962, FrameInterval=329125049092, FrameStartTime=16666666, SyncQueued=329151153727, SyncStart=329151256331, IssueDrawCommandsStart=329152276279, SwapBuffers=329155549560, FrameCompleted=9223372036854775807, DequeueBufferDuration=51979, QueueBufferDuration=1230833, GpuCompleted=9223372036854775807, SwapBuffersCompleted=329157564925, DisplayPresentTime=0,
12-14 03:27:40.981 1490 1621 I PowerManagerService: Napping display group (groupId=0, uid=1000)...
12-14 03:27:40.981 1490 1621 I PowerManagerService: Nap time (uid 1000)...
12-14 03:27:40.983 1490 1621 I DreamManagerService: Entering dreamland.
12-14 03:27:40.986 1490 1621 I PowerManagerService: Dreaming...
12-14 03:27:41.000 1490 1593 I DreamController: Starting dream: name=ComponentInfo{com.thundercomm.screensaver/com.thundercomm.saverclock.service.ClockScreensaver}, isTest=false, canDoze=false, userId=0
12-14 03:27:41.003 2010 2010 V ShadeControllerImpl: NotificationShadeWindow: com.android.systemui.statusbar.phone.NotificationShadeWindowView{afb9f5 I.E...... ......ID 0,0-2380,1020} canPanelBeCollapsed(): false
12-14 03:27:41.005 1490 1593 D CompatibilityInfo: mCompatibilityFlags - 4
12-14 03:27:41.005 1490 1593 D CompatibilityInfo: applicationDensity - 240
12-14 03:27:41.005 1490 1593 D CompatibilityInfo: applicationScale - 1.0
12-14 03:27:41.016 1490 1662 D CompatibilityInfo: mCompatibilityFlags - 4
12-14 03:27:41.016 1490 1662 D CompatibilityInfo: applicationDensity - 240
12-14 03:27:41.016 1490 1662 D CompatibilityInfo: applicationScale - 1.0
12-14 03:27:41.021 1490 1908 I ActivityTaskManager: START u0 {flg=0x10000000 pkg=com.thundercomm.screensaver cmp=com.thundercomm.screensaver/android.service.dreams.DreamActivity (has extras)} from uid 10052
12-14 03:27:41.022 1490 1596 I EventSequenceValidator: inc AccIntentStartedEvents to 2
12-14 03:27:41.024 1490 1908 W ActivityTaskManager: Can't find TaskDisplayArea to determine support for multi window. Task id=20 attached=false
12-14 03:27:41.032 1490 1908 D CompatibilityInfo: mCompatibilityFlags - 4
12-14 03:27:41.032 1490 1908 D CompatibilityInfo: applicationDensity - 240
12-14 03:27:41.032 1490 1908 D CompatibilityInfo: applicationScale - 1.0
12-14 03:27:41.033 1490 1908 D ActivityTrigger: ActivityTrigger activityPauseTrigger
12-14 03:27:41.045 1490 1909 I ActivityTaskManager: FOREGROUND_APPLICATION_CHANGED to android.service.dreams.DreamActivity
12-14 03:27:41.046 1490 1909 I ActivityTaskManager: The Process com.thundercomm.screensaver Already Exists in BG. So sending its PID: 4190
12-14 03:27:41.046 1490 1909 W ActivityTaskManager: Tried to set launchTime (0) < mLastActivityLaunchTime (243189)
12-14 03:27:41.048 1490 1909 D CompatibilityInfo: mCompatibilityFlags - 4
12-14 03:27:41.048 1490 1909 D CompatibilityInfo: applicationDensity - 240
12-14 03:27:41.048 1490 1909 D CompatibilityInfo: applicationScale - 1.0
12-14 03:27:41.061 3806 3897 I GameMode_ActivityMonitoringService: onForegroundActivitiesChanged uid 10052 pid 4190 fg true
12-14 03:27:41.063 1490 1520 W WindowManager: Failed looking up window session=Session{5ac6ac5 4190:u0a10052} callers=com.android.server.wm.WindowManagerService.windowForClientLocked:5628 com.android.server.wm.Session.insetsModified:629 android.view.IWindowSession$Stub.onTransact:1151
12-14 03:27:41.064 2010 2224 D KeyguardViewMediator: setOccluded true
12-14 03:27:41.065 3806 3821 I GameMode_ActivityMonitoringService: Updating top task to: TaskInfoContainer [topActivity=ComponentInfo{com.thundercomm.screensaver/android.service.dreams.DreamActivity}, taskId=20, stackId=20, userId=0, displayId=0, position=7
12-14 03:27:41.065 3806 3821 I GameMode_ActivityMonitoringService: Notifying about top task: TaskInfoContainer [topActivity=ComponentInfo{com.thundercomm.screensaver/android.service.dreams.DreamActivity}, taskId=20, stackId=20, userId=0, displayId=0, position=7
12-14 03:27:41.066 3806 3821 E GameMode_ActivityMonitoringService: onActivityLaunch:com.thundercomm.screensaver
12-14 03:27:41.066 3806 3821 V GameMode_GameTypeUtils: judge isGame:com.thundercomm.screensaver
12-14 03:27:41.066 3806 3821 V GameMode_GpuUtils: fps:60
12-14 03:27:41.068 2010 2010 V KeyguardUpdateMonitor: startListeningForFingerprint()
12-14 03:27:41.069 3806 3821 D GameMode_GameModeActionUtils: Show GameMode entry by service!
12-14 03:27:41.069 3806 3821 W ContextImpl: Calling a method in the system process without a qualified user: android.app.ContextImpl.startService:1816 android.content.ContextWrapper.startService:774 com.thundercomm.gamemode.ingame.services.GameModeActionUtils.startGameModeService:99 com.thundercomm.gamemode.ingame.services.GameModeActionUtils.startGameModeEntry:22 com.thundercomm.gamemode.ingame.services.ActivityMonitoringService$1.onActivityLaunch:127
12-14 03:27:41.070 4190 4190 E ThemeUtils: View class androidx.appcompat.widget.AppCompatImageView is an AppCompat widget that can only be used with a Theme.AppCompat theme (or descendant).
12-14 03:27:41.071 4190 4190 E ThemeUtils: View class androidx.appcompat.widget.AppCompatImageView is an AppCompat widget that can only be used with a Theme.AppCompat theme (or descendant).
12-14 03:27:41.071 3806 3821 D GameModeIF_GameModeSettings: getUriFor setting_content_uri_root = content://com.thundercomm.gamemode.api/gamemode_settings , name = gamemode_isgaming
12-14 03:27:41.072 4190 4190 E ThemeUtils: View class androidx.appcompat.widget.AppCompatImageView is an AppCompat widget that can only be used with a Theme.AppCompat theme (or descendant).
12-14 03:27:41.072 3806 3806 D GameMode_GameModeService: type=hide_entry
12-14 03:27:41.072 4190 4190 E ThemeUtils: View class androidx.appcompat.widget.AppCompatImageView is an AppCompat widget that can only be used with a Theme.AppCompat theme (or descendant).
12-14 03:27:41.074 2010 2010 D KeyguardViewMediator: adjustStatusBarLocked: mShowing=false mOccluded=true isSecure=false force=false --> flags=0x0
12-14 03:27:41.075 1490 1490 I GameModeConfig: Current uri is uri = content://com.thundercomm.gamemode.api/gamemode_settings/gamemode_isgaming
12-14 03:27:41.075 1490 1490 D GameModeIF_GameModeSettings: getUriFor setting_content_uri_root = content://com.thundercomm.gamemode.api/gamemode_settings , name = gamemode_isgaming
12-14 03:27:41.075 3806 3806 D GameMode_GameSettingsObserver: Game Data change!!!! uri = content://com.thundercomm.gamemode.api/gamemode_settings/gamemode_isgaming
12-14 03:27:41.075 3806 3806 D GameModeIF_GameModeSettings: getUriFor setting_content_uri_root = content://com.thundercomm.gamemode.api/gamemode_settings , name = gamemode_isgaming
12-14 03:27:41.075 3806 3821 D GameModeIF_GameModeSettings: gamemode_isgaming set to 0
12-14 03:27:41.077 3806 3806 D GameMode_GameModeService: updateGlobalSettings = gamemode_isgaming
12-14 03:27:41.078 1490 1490 I GameModeConfig: isGameModeOn = false
12-14 03:27:41.078 1490 1490 I GameModeConfig: isGameModeOn = false
12-14 03:27:41.078 1490 1490 I GameModeConfig: isDisableVoice = true
12-14 03:27:41.089 1490 1918 I GameModeConfig: isGameModeOn = false
12-14 03:27:41.090 1490 1918 I GameModeConfig: isGameModeOn = false
12-14 03:27:41.090 1490 1918 I GameModeConfig: isGameModeOn = false
12-14 03:27:41.090 1490 1918 I GameModeConfig: isGameModeOn = false
12-14 03:27:41.102 941 2605 I BpBinder: onLastStrongRef automatically unlinking death recipients:
12-14 03:27:41.107 0 0 W swapper/0: type=1400 audit(0.0:763): avc: denied { kill } for capability=5 scontext=u:r:kernel:s0 tcontext=u:r:kernel:s0 tclass=capability permissive=0
12-14 03:27:41.114 2010 2010 W View : requestLayout() improperly called by com.android.systemui.util.animation.UniqueObjectHostView{7b7b006 V.E...... ......ID 0,0-636,344} during layout: running second layout pass
12-14 03:27:41.115 1490 1621 V DisplayPowerController[0]: Brightness [1.0] reason changing to: 'manual', previous reason: 'manual [ dim ]'.
12-14 03:27:41.117 1490 1596 I EventSequenceValidator: dec AccIntentStartedEvents to 1
12-14 03:27:41.122 1490 1986 E DisplayDeviceConfig: requesting nits when no mapping exists.
12-14 03:27:41.122 1490 1986 E DisplayDeviceConfig: requesting nits when no mapping exists.
12-14 03:27:41.123 2010 2010 D StatusBar: disable disable2
12-14 03:27:41.125 1490 1593 I ActivityTaskManager: Displayed com.thundercomm.screensaver/android.service.dreams.DreamActivity: +80ms
12-14 03:27:41.139 1490 1986 E DisplayDeviceConfig: requesting nits when no mapping exists.
12-14 03:27:41.139 1490 1986 E DisplayDeviceConfig: requesting nits when no mapping exists.
12-14 03:27:41.150 3806 4619 I GameMode_ActivityMonitoringService: onTaskStackChanged
12-14 03:27:41.153 1490 1986 E DisplayDeviceConfig: requesting nits when no mapping exists.
12-14 03:27:41.153 1490 1986 E DisplayDeviceConfig: requesting nits when no mapping exists.
12-14 03:27:41.158 3806 3821 I GameMode_ActivityMonitoringService: Updating top task to: TaskInfoContainer [topActivity=ComponentInfo{com.thundercomm.screensaver/android.service.dreams.DreamActivity}, taskId=20, stackId=20, userId=0, displayId=0, position=7
12-14 03:27:41.158 3806 3821 I GameMode_ActivityMonitoringService: Notifying about top task: TaskInfoContainer [topActivity=ComponentInfo{com.thundercomm.screensaver/android.service.dreams.DreamActivity}, taskId=20, stackId=20, userId=0, displayId=0, position=7
12-14 03:27:41.158 3806 3821 E GameMode_ActivityMonitoringService: onActivityLaunch:com.thundercomm.screensaver
12-14 03:27:41.158 3806 3821 V GameMode_GameTypeUtils: judge isGame:com.thundercomm.screensaver
12-14 03:27:41.158 3806 3821 V GameMode_GpuUtils: fps:60
12-14 03:27:41.164 3806 3821 D GameMode_GameModeActionUtils: Show GameMode entry by service!
12-14 03:27:41.164 3806 3821 W ContextImpl: Calling a method in the system process without a qualified user: android.app.ContextImpl.startService:1816 android.content.ContextWrapper.startService:774 com.thundercomm.gamemode.ingame.services.GameModeActionUtils.startGameModeService:99 com.thundercomm.gamemode.ingame.services.GameModeActionUtils.startGameModeEntry:22 com.thundercomm.gamemode.ingame.services.ActivityMonitoringService$1.onActivityLaunch:127
12-14 03:27:41.166 3806 3806 D GameMode_GameModeService: type=hide_entry
12-14 03:27:41.167 3806 3821 D GameModeIF_GameModeSettings: getUriFor setting_content_uri_root = content://com.thundercomm.gamemode.api/gamemode_settings , name = gamemode_isgaming
12-14 03:27:41.169 3806 3806 D GameMode_GameSettingsObserver: Game Data change!!!! uri = content://com.thundercomm.gamemode.api/gamemode_settings/gamemode_isgaming
12-14 03:27:41.169 1490 1490 I GameModeConfig: Current uri is uri = content://com.thundercomm.gamemode.api/gamemode_settings/gamemode_isgaming
12-14 03:27:41.169 1490 1490 D GameModeIF_GameModeSettings: getUriFor setting_content_uri_root = content://com.thundercomm.gamemode.api/gamemode_settings , name = gamemode_isgaming
12-14 03:27:41.171 1490 1986 E DisplayDeviceConfig: requesting nits when no mapping exists.
12-14 03:27:41.171 1490 1986 E DisplayDeviceConfig: requesting nits when no mapping exists.
12-14 03:27:41.172 3806 3806 D GameModeIF_GameModeSettings: getUriFor setting_content_uri_root = content://com.thundercomm.gamemode.api/gamemode_settings , name = gamemode_isgaming
12-14 03:27:41.172 3806 3821 D GameModeIF_GameModeSettings: gamemode_isgaming set to 0
12-14 03:27:41.172 1490 1490 I GameModeConfig: isGameModeOn = false
12-14 03:27:41.172 1490 1490 I GameModeConfig: isGameModeOn = false
12-14 03:27:41.172 1490 1490 I GameModeConfig: isDisableVoice = true
12-14 03:27:41.174 3806 3806 D GameMode_GameModeService: updateGlobalSettings = gamemode_isgaming
12-14 03:27:41.187 1490 1986 E DisplayDeviceConfig: requesting nits when no mapping exists.
12-14 03:27:41.187 1490 1986 E DisplayDeviceConfig: requesting nits when no mapping exists.
12-14 03:27:41.195 2010 2027 W System : A resource failed to call close.
12-14 03:27:41.195 2010 2027 W System : A resource failed to call close.
12-14 03:27:41.196 2010 2027 W System : A resource failed to call close.
12-14 03:27:41.196 2010 2027 W System : A resource failed to call release.
12-14 03:27:41.197 2010 2027 W System : A resource failed to call release.
12-14 03:27:41.203 1490 1986 E DisplayDeviceConfig: requesting nits when no mapping exists.
12-14 03:27:41.203 1490 1986 E DisplayDeviceConfig: requesting nits when no mapping exists.
12-14 03:27:41.220 1490 1986 E DisplayDeviceConfig: requesting nits when no mapping exists.
12-14 03:27:41.220 1490 1986 E DisplayDeviceConfig: requesting nits when no mapping exists.
12-14 03:27:41.236 1490 1986 E DisplayDeviceConfig: requesting nits when no mapping exists.
12-14 03:27:41.237 1490 1986 E DisplayDeviceConfig: requesting nits when no mapping exists.
12-14 03:27:41.253 1490 1986 E DisplayDeviceConfig: requesting nits when no mapping exists.
12-14 03:27:41.254 1490 1986 E DisplayDeviceConfig: requesting nits when no mapping exists.
12-14 03:27:41.270 1490 1986 E DisplayDeviceConfig: requesting nits when no mapping exists.
12-14 03:27:41.270 1490 1986 E DisplayDeviceConfig: requesting nits when no mapping exists.
12-14 03:27:41.287 1490 1986 E DisplayDeviceConfig: requesting nits when no mapping exists.
12-14 03:27:41.288 1490 1986 E DisplayDeviceConfig: requesting nits when no mapping exists.
12-14 03:27:41.300 1490 1490 I GameModeConfig: isGameModeOn = false
12-14 03:27:41.305 3806 3806 V GameMode_GameTypeUtils: judge isGame:com.thundercomm.screensaver
12-14 03:27:41.305 3806 3806 E GameMode_GameModeNotificationListenerService: title :content :,PackageName:com.android.systemui,isGameModeOn:false,isBulletScreenOn:false,isBulletScreenPackage:false
12-14 03:27:41.305 1490 1986 E DisplayDeviceConfig: requesting nits when no mapping exists.
12-14 03:27:41.306 1490 1986 E DisplayDeviceConfig: requesting nits when no mapping exists.
12-14 03:27:41.318 2010 2010 D InterruptionStateProvider: No bubble up: not allowed to bubble: 0|com.android.systemui|2048|null|10082
12-14 03:27:41.320 2010 2010 D InterruptionStateProvider: No heads up: unimportant notification: 0|com.android.systemui|2048|null|10082
12-14 03:27:41.320 1490 1986 E DisplayDeviceConfig: requesting nits when no mapping exists.
12-14 03:27:41.320 1490 1986 E DisplayDeviceConfig: requesting nits when no mapping exists.
12-14 03:27:41.337 1490 1986 E DisplayDeviceConfig: requesting nits when no mapping exists.
12-14 03:27:41.337 1490 1986 E DisplayDeviceConfig: requesting nits when no mapping exists.
12-14 03:27:41.338 2010 2412 D PeopleSpaceWidgetMgr: Sbn doesn't contain valid PeopleTileKey: null/0/com.android.systemui
12-14 03:27:41.353 1490 1986 E DisplayDeviceConfig: requesting nits when no mapping exists.
12-14 03:27:41.353 1490 1986 E DisplayDeviceConfig: requesting nits when no mapping exists.
12-14 03:27:41.371 1490 1986 E DisplayDeviceConfig: requesting nits when no mapping exists.
12-14 03:27:41.371 1490 1986 E DisplayDeviceConfig: requesting nits when no mapping exists.
12-14 03:27:41.387 1490 1986 E DisplayDeviceConfig: requesting nits when no mapping exists.
12-14 03:27:41.387 1490 1986 E DisplayDeviceConfig: requesting nits when no mapping exists.
12-14 03:27:41.403 1490 1986 E DisplayDeviceConfig: requesting nits when no mapping exists.
12-14 03:27:41.404 1490 1986 E DisplayDeviceConfig: requesting nits when no mapping exists.
12-14 03:27:41.421 1490 1986 E DisplayDeviceConfig: requesting nits when no mapping exists.
12-14 03:27:41.422 1490 1986 E DisplayDeviceConfig: requesting nits when no mapping exists.
12-14 03:27:41.437 1490 1986 E DisplayDeviceConfig: requesting nits when no mapping exists.
12-14 03:27:41.438 1490 1986 E DisplayDeviceConfig: requesting nits when no mapping exists.
12-14 03:27:41.454 1490 1986 E DisplayDeviceConfig: requesting nits when no mapping exists.
12-14 03:27:41.454 1490 1986 E DisplayDeviceConfig: requesting nits when no mapping exists.
12-14 03:27:41.470 1490 1986 E DisplayDeviceConfig: requesting nits when no mapping exists.
12-14 03:27:41.471 1490 1986 E DisplayDeviceConfig: requesting nits when no mapping exists.
12-14 03:27:41.488 1490 1986 E DisplayDeviceConfig: requesting nits when no mapping exists.
12-14 03:27:41.489 1490 1986 E DisplayDeviceConfig: requesting nits when no mapping exists.
12-14 03:27:41.504 1490 1986 E DisplayDeviceConfig: requesting nits when no mapping exists.
12-14 03:27:41.504 1490 1986 E DisplayDeviceConfig: requesting nits when no mapping exists.
12-14 03:27:41.520 1490 1986 E DisplayDeviceConfig: requesting nits when no mapping exists.
12-14 03:27:41.521 1490 1986 E DisplayDeviceConfig: requesting nits when no mapping exists.
12-14 03:27:41.537 1490 1986 E DisplayDeviceConfig: requesting nits when no mapping exists.
12-14 03:27:41.538 1490 1986 E DisplayDeviceConfig: requesting nits when no mapping exists.
12-14 03:27:41.554 1490 1986 E DisplayDeviceConfig: requesting nits when no mapping exists.
12-14 03:27:41.554 1490 1986 E DisplayDeviceConfig: requesting nits when no mapping exists.
12-14 03:27:41.570 1490 1986 E DisplayDeviceConfig: requesting nits when no mapping exists.
12-14 03:27:41.571 1490 1986 E DisplayDeviceConfig: requesting nits when no mapping exists.
12-14 03:27:41.587 1490 1986 E DisplayDeviceConfig: requesting nits when no mapping exists.
12-14 03:27:41.587 1490 1986 E DisplayDeviceConfig: requesting nits when no mapping exists.
12-14 03:27:41.604 1490 1986 E DisplayDeviceConfig: requesting nits when no mapping exists.
12-14 03:27:41.604 1490 1986 E DisplayDeviceConfig: requesting nits when no mapping exists.
12-14 03:27:41.624 1490 1986 E DisplayDeviceConfig: requesting nits when no mapping exists.
12-14 03:27:41.624 1490 1986 E DisplayDeviceConfig: requesting nits when no mapping exists.
12-14 03:27:41.641 1490 1986 E DisplayDeviceConfig: requesting nits when no mapping exists.
12-14 03:27:41.642 1490 1986 E DisplayDeviceConfig: requesting nits when no mapping exists.
12-14 03:27:41.655 1490 1986 E DisplayDeviceConfig: requesting nits when no mapping exists.
12-14 03:27:41.658 1490 1986 E DisplayDeviceConfig: requesting nits when no mapping exists.
12-14 03:27:41.671 1490 1986 E DisplayDeviceConfig: requesting nits when no mapping exists.
12-14 03:27:41.671 1490 1986 E DisplayDeviceConfig: requesting nits when no mapping exists.
12-14 03:27:41.678 3806 4619 I GameMode_ActivityMonitoringService: onForegroundActivitiesChanged uid 1000 pid 2392 fg false
12-14 03:27:41.680 3806 3821 I GameMode_ActivityMonitoringService: Updating top task to: TaskInfoContainer [topActivity=ComponentInfo{com.thundercomm.screensaver/android.service.dreams.DreamActivity}, taskId=20, stackId=20, userId=0, displayId=0, position=7
12-14 03:27:41.680 3806 3821 I GameMode_ActivityMonitoringService: Notifying about top task: TaskInfoContainer [topActivity=ComponentInfo{com.thundercomm.screensaver/android.service.dreams.DreamActivity}, taskId=20, stackId=20, userId=0, displayId=0, position=7
12-14 03:27:41.680 3806 3821 E GameMode_ActivityMonitoringService: onActivityLaunch:com.thundercomm.screensaver
12-14 03:27:41.680 3806 3821 V GameMode_GameTypeUtils: judge isGame:com.thundercomm.screensaver
12-14 03:27:41.681 3806 3821 V GameMode_GpuUtils: fps:60
12-14 03:27:41.682 3806 3821 D GameMode_GameModeActionUtils: Show GameMode entry by service!
12-14 03:27:41.682 3806 3821 W ContextImpl: Calling a method in the system process without a qualified user: android.app.ContextImpl.startService:1816 android.content.ContextWrapper.startService:774 com.thundercomm.gamemode.ingame.services.GameModeActionUtils.startGameModeService:99 com.thundercomm.gamemode.ingame.services.GameModeActionUtils.startGameModeEntry:22 com.thundercomm.gamemode.ingame.services.ActivityMonitoringService$1.onActivityLaunch:127
12-14 03:27:41.684 3806 3806 D GameMode_GameModeService: type=hide_entry
12-14 03:27:41.684 3806 3821 D GameModeIF_GameModeSettings: getUriFor setting_content_uri_root = content://com.thundercomm.gamemode.api/gamemode_settings , name = gamemode_isgaming
12-14 03:27:41.686 1490 1490 I GameModeConfig: Current uri is uri = content://com.thundercomm.gamemode.api/gamemode_settings/gamemode_isgaming
12-14 03:27:41.686 1490 1490 D GameModeIF_GameModeSettings: getUriFor setting_content_uri_root = content://com.thundercomm.gamemode.api/gamemode_settings , name = gamemode_isgaming
12-14 03:27:41.686 3806 3806 D GameMode_GameSettingsObserver: Game Data change!!!! uri = content://com.thundercomm.gamemode.api/gamemode_settings/gamemode_isgaming
12-14 03:27:41.686 3806 3806 D GameModeIF_GameModeSettings: getUriFor setting_content_uri_root = content://com.thundercomm.gamemode.api/gamemode_settings , name = gamemode_isgaming
12-14 03:27:41.686 3806 3821 D GameModeIF_GameModeSettings: gamemode_isgaming set to 0
12-14 03:27:41.687 1490 1621 W Choreographer: Frame time is 0.125687 ms in the future! Check that graphics HAL is generating vsync timestamps using the correct timebase.
12-14 03:27:41.687 4190 4190 W Choreographer: Frame time is 0.054177 ms in the future! Check that graphics HAL is generating vsync timestamps using the correct timebase.
12-14 03:27:41.687 1490 1986 E DisplayDeviceConfig: requesting nits when no mapping exists.
12-14 03:27:41.688 1490 1986 E DisplayDeviceConfig: requesting nits when no mapping exists.
12-14 03:27:41.691 3806 3806 D GameMode_GameModeService: updateGlobalSettings = gamemode_isgaming
12-14 03:27:41.693 1490 1490 I GameModeConfig: isGameModeOn = false
12-14 03:27:41.693 1490 1490 I GameModeConfig: isGameModeOn = false
12-14 03:27:41.693 1490 1490 I GameModeConfig: isDisableVoice = true
12-14 03:27:41.704 1490 1986 E DisplayDeviceConfig: requesting nits when no mapping exists.
12-14 03:27:41.705 1490 1986 E DisplayDeviceConfig: requesting nits when no mapping exists.
12-14 03:27:41.723 1490 1986 E DisplayDeviceConfig: requesting nits when no mapping exists.
12-14 03:27:41.724 1490 1986 E DisplayDeviceConfig: requesting nits when no mapping exists.
12-14 03:27:41.739 1490 1986 E DisplayDeviceConfig: requesting nits when no mapping exists.
12-14 03:27:41.741 1490 1986 E DisplayDeviceConfig: requesting nits when no mapping exists.
12-14 03:27:41.756 1490 1986 E DisplayDeviceConfig: requesting nits when no mapping exists.
12-14 03:27:41.756 1490 1986 E DisplayDeviceConfig: requesting nits when no mapping exists.
12-14 03:27:41.772 1490 1986 E DisplayDeviceConfig: requesting nits when no mapping exists.
12-14 03:27:41.772 1490 1986 E DisplayDeviceConfig: requesting nits when no mapping exists.
12-14 03:27:41.788 1490 1986 E DisplayDeviceConfig: requesting nits when no mapping exists.
12-14 03:27:41.788 1490 1986 E DisplayDeviceConfig: requesting nits when no mapping exists.
01-01 10:02:08.929 0 0 D : mv2112_read_status
01-01 10:02:08.930 0 0 D mv2112_update_link: 3.0x901(1G): 0x80
01-01 10:02:08.930 0 0 D mv2112_update_link: 3.0x8109(100M): 0x8
01-01 10:02:08.930 0 0 D mv2112_update_link: link 0x0
01-01 10:02:08.930 0 0 D mv2112_read_status: autoneg is disabled
12-14 03:27:41.809 1490 1986 E DisplayDeviceConfig: requesting nits when no mapping exists.
12-14 03:27:41.810 1490 1986 E DisplayDeviceConfig: requesting nits when no mapping exists.
12-14 03:27:41.822 1490 1986 E DisplayDeviceConfig: requesting nits when no mapping exists.
12-14 03:27:41.822 1490 1986 E DisplayDeviceConfig: requesting nits when no mapping exists.
12-14 03:27:41.839 1490 1986 E DisplayDeviceConfig: requesting nits when no mapping exists.
12-14 03:27:41.840 1490 1986 E DisplayDeviceConfig: requesting nits when no mapping exists.
12-14 03:27:41.855 1490 1986 E DisplayDeviceConfig: requesting nits when no mapping exists.
12-14 03:27:41.855 1490 1986 E DisplayDeviceConfig: requesting nits when no mapping exists.
12-14 03:27:41.872 1490 1986 E DisplayDeviceConfig: requesting nits when no mapping exists.
12-14 03:27:41.872 1490 1986 E DisplayDeviceConfig: requesting nits when no mapping exists.
12-14 03:27:41.888 1490 1986 E DisplayDeviceConfig: requesting nits when no mapping exists.
12-14 03:27:41.889 1490 1986 E DisplayDeviceConfig: requesting nits when no mapping exists.
12-14 03:27:41.905 1490 1986 E DisplayDeviceConfig: requesting nits when no mapping exists.
12-14 03:27:41.906 1490 1986 E DisplayDeviceConfig: requesting nits when no mapping exists.
12-14 03:27:41.909 639 654 I mpu_uart: [MSG-P:RECV]:No message received in 1000 ms
12-14 03:27:41.922 1490 1986 E DisplayDeviceConfig: requesting nits when no mapping exists.
12-14 03:27:41.923 1490 1986 E DisplayDeviceConfig: requesting nits when no mapping exists.
12-14 03:27:41.939 1490 1986 E DisplayDeviceConfig: requesting nits when no mapping exists.
12-14 03:27:41.940 1490 1986 E DisplayDeviceConfig: requesting nits when no mapping exists.
12-14 03:27:41.955 1490 1986 E DisplayDeviceConfig: requesting nits when no mapping exists.
12-14 03:27:41.956 1490 1986 E DisplayDeviceConfig: requesting nits when no mapping exists.
12-14 03:27:41.972 1490 1986 E DisplayDeviceConfig: requesting nits when no mapping exists.
12-14 03:27:41.973 1490 1986 E DisplayDeviceConfig: requesting nits when no mapping exists.
12-14 03:27:41.988 1490 1986 E DisplayDeviceConfig: requesting nits when no mapping exists.
12-14 03:27:41.989 1490 1986 E DisplayDeviceConfig: requesting nits when no mapping exists.
12-14 03:27:42.005 1490 1986 E DisplayDeviceConfig: requesting nits when no mapping exists.
12-14 03:27:42.006 1490 1986 E DisplayDeviceConfig: requesting nits when no mapping exists.
12-14 03:27:42.022 1490 1986 E DisplayDeviceConfig: requesting nits when no mapping exists.
12-14 03:27:42.023 1490 1986 E DisplayDeviceConfig: requesting nits when no mapping exists.
12-14 03:27:42.039 1490 1986 E DisplayDeviceConfig: requesting nits when no mapping exists.
12-14 03:27:42.040 1490 1986 E DisplayDeviceConfig: requesting nits when no mapping exists.
12-14 03:27:42.056 1490 1986 E DisplayDeviceConfig: requesting nits when no mapping exists.
12-14 03:27:42.057 1490 1986 E DisplayDeviceConfig: requesting nits when no mapping exists.
12-14 03:27:42.072 1490 1986 E DisplayDeviceConfig: requesting nits when no mapping exists.
12-14 03:27:42.073 1490 1986 E DisplayDeviceConfig: requesting nits when no mapping exists.
12-14 03:27:42.107 0 0 W swapper/0: type=1400 audit(0.0:764): avc: denied { kill } for capability=5 scontext=u:r:kernel:s0 tcontext=u:r:kernel:s0 tclass=capability permissive=0
12-14 03:27:42.664 2732 2732 I hpplay-java: [main]:ServiceUpdater:upLoadServiceInfo invalid deviceCode:, port:53388
01-01 10:02:09.953 0 0 D : mv2112_read_status
01-01 10:02:09.954 0 0 D mv2112_update_link: 3.0x901(1G): 0x80
01-01 10:02:09.954 0 0 D mv2112_update_link: 3.0x8109(100M): 0x8
01-01 10:02:09.954 0 0 D mv2112_update_link: link 0x0
01-01 10:02:09.954 0 0 D mv2112_read_status: autoneg is disabled
12-14 03:27:42.909 639 654 I mpu_uart: [MSG-P:RECV]:No message received in 1000 ms
12-14 03:27:43.114 639 653 I mpu_uart: [MSG-P:R]:recv sync frame timeout
01-01 10:02:10.977 0 0 D : mv2112_read_status
01-01 10:02:10.978 0 0 D mv2112_update_link: 3.0x901(1G): 0x80
01-01 10:02:10.978 0 0 D mv2112_update_link: 3.0x8109(100M): 0x8
01-01 10:02:10.978 0 0 D mv2112_update_link: link 0x0
01-01 10:02:10.978 0 0 D mv2112_read_status: autoneg is disabled
12-14 03:27:43.909 639 654 I mpu_uart: [MSG-P:RECV]:No message received in 1000 ms
12-14 03:27:44.111 0 0 W swapper/1: type=1400 audit(0.0:765): avc: denied { kill } for capability=5 scontext=u:r:kernel:s0 tcontext=u:r:kernel:s0 tclass=capability permissive=0
01-01 10:02:12.001 0 0 D : mv2112_read_status
01-01 10:02:12.002 0 0 D mv2112_update_link: 3.0x901(1G): 0x80
01-01 10:02:12.002 0 0 D mv2112_update_link: 3.0x8109(100M): 0x8
01-01 10:02:12.002 0 0 D mv2112_update_link: link 0x0
01-01 10:02:12.002 0 0 D mv2112_read_status: autoneg is disabled
12-14 03:27:44.910 639 654 I mpu_uart: [MSG-P:RECV]:No message received in 1000 ms
12-14 03:27:45.107 0 0 W swapper/1: type=1400 audit(0.0:766): avc: denied { kill } for capability=5 scontext=u:r:kernel:s0 tcontext=u:r:kernel:s0 tclass=capability permissive=0
01-01 10:02:13.025 0 0 D : mv2112_read_status
01-01 10:02:13.026 0 0 D mv2112_update_link: 3.0x901(1G): 0x80
01-01 10:02:13.026 0 0 D mv2112_update_link: 3.0x8109(100M): 0x8
01-01 10:02:13.026 0 0 D mv2112_update_link: link 0x0
01-01 10:02:13.026 0 0 D mv2112_read_status: autoneg is disabled
12-14 03:27:45.910 639 654 I mpu_uart: [MSG-P:RECV]:No message received in 1000 ms
12-14 03:27:46.111 0 0 W swapper/1: type=1400 audit(0.0:767): avc: denied { kill } for capability=5 scontext=u:r:kernel:s0 tcontext=u:r:kernel:s0 tclass=capability permissive=0
12-14 03:27:46.118 639 653 I mpu_uart: [MSG-P:R]:recv sync frame timeout
12-14 03:27:46.910 639 654 I mpu_uart: [MSG-P:RECV]:No message received in 1000 ms
01-01 10:02:14.049 0 0 D : mv2112_read_status
01-01 10:02:14.050 0 0 D mv2112_update_link: 3.0x901(1G): 0x80
01-01 10:02:14.050 0 0 D mv2112_update_link: 3.0x8109(100M): 0x8
01-01 10:02:14.050 0 0 D mv2112_update_link: link 0x0
01-01 10:02:14.050 0 0 D mv2112_read_status: autoneg is disabled
12-14 03:27:47.111 0 0 W swapper/1: type=1400 audit(0.0:768): avc: denied { kill } for capability=5 scontext=u:r:kernel:s0 tcontext=u:r:kernel:s0 tclass=capability permissive=0
12-14 03:27:47.644 2732 2732 I hpplay-java: [main]:Upgrade:upgrade not be allowed
12-14 03:27:47.669 2732 2732 I hpplay-java: [main]:ServerBusiness:get deviceCode:
12-14 03:27:47.669 2732 2732 W hpplay-java: [main]:ServerBusiness:startDeviceService ignore,invalid deviceCode
12-14 03:27:47.911 639 654 I mpu_uart: [MSG-P:RECV]:No message received in 1000 ms
01-01 10:02:15.073 0 0 D : mv2112_read_status
01-01 10:02:15.074 0 0 D mv2112_update_link: 3.0x901(1G): 0x80
01-01 10:02:15.074 0 0 D mv2112_update_link: 3.0x8109(100M): 0x8
01-01 10:02:15.074 0 0 D mv2112_update_link: link 0x0
01-01 10:02:15.074 0 0 D mv2112_read_status: autoneg is disabled
12-14 03:27:48.111 0 0 W swapper/1: type=1400 audit(0.0:769): avc: denied { kill } for capability=5 scontext=u:r:kernel:s0 tcontext=u:r:kernel:s0 tclass=capability permissive=0
12-14 03:27:48.911 639 654 I mpu_uart: [MSG-P:RECV]:No message received in 1000 ms
01-01 10:02:16.097 0 0 D : mv2112_read_status
01-01 10:02:16.098 0 0 D mv2112_update_link: 3.0x901(1G): 0x80
01-01 10:02:16.098 0 0 D mv2112_update_link: 3.0x8109(100M): 0x8
01-01 10:02:16.098 0 0 D mv2112_update_link: link 0x0
01-01 10:02:16.098 0 0 D mv2112_read_status: autoneg is disabled
12-14 03:27:49.111 0 0 W swapper/1: type=1400 audit(0.0:770): avc: denied { kill } for capability=5 scontext=u:r:kernel:s0 tcontext=u:r:kernel:s0 tclass=capability permissive=0
12-14 03:27:49.121 639 653 I mpu_uart: [MSG-P:R]:recv sync frame timeout
12-14 03:27:49.911 639 654 I mpu_uart: [MSG-P:RECV]:No message received in 1000 ms
01-01 10:02:17.122 0 0 D : mv2112_read_status
01-01 10:02:17.122 0 0 D mv2112_update_link: 3.0x901(1G): 0x80
01-01 10:02:17.122 0 0 D mv2112_update_link: 3.0x8109(100M): 0x8
01-01 10:02:17.122 0 0 D mv2112_update_link: link 0x0
01-01 10:02:17.122 0 0 D mv2112_read_status: autoneg is disabled
12-14 03:27:50.111 0 0 W swapper/1: type=1400 audit(0.0:771): avc: denied { kill } for capability=5 scontext=u:r:kernel:s0 tcontext=u:r:kernel:s0 tclass=capability permissive=0
12-14 03:27:50.912 639 654 I mpu_uart: [MSG-P:RECV]:No message received in 1000 ms
01-01 10:02:18.145 0 0 D : mv2112_read_status
01-01 10:02:18.146 0 0 D mv2112_update_link: 3.0x901(1G): 0x80
01-01 10:02:18.146 0 0 D mv2112_update_link: 3.0x8109(100M): 0x8
01-01 10:02:18.146 0 0 D mv2112_update_link: link 0x0
01-01 10:02:18.146 0 0 D mv2112_read_status: autoneg is disabled
12-14 03:27:51.111 0 0 W swapper/1: type=1400 audit(0.0:772): avc: denied { kill } for capability=5 scontext=u:r:kernel:s0 tcontext=u:r:kernel:s0 tclass=capability permissive=0
12-14 03:27:51.313 1490 1918 I GameModeConfig: isGameModeOn = false
12-14 03:27:51.341 2010 2010 D InterruptionStateProvider: No bubble up: not allowed to bubble: -1|android|26|null|1000
12-14 03:27:51.342 2010 2010 D InterruptionStateProvider: No alerting: filtered notification: 0|com.android.systemui|1|empty_media|10082
12-14 03:27:51.342 2010 2010 D InterruptionStateProvider: No bubble up: not allowed to bubble: 0|com.android.systemui|2048|null|10082
12-14 03:27:51.342 2010 2010 D InterruptionStateProvider: No bubble up: not allowed to bubble: -1|android|32|null|1000
12-14 03:27:51.912 639 654 I mpu_uart: [MSG-P:RECV]:No message received in 1000 ms
01-01 10:02:19.169 0 0 D : mv2112_read_status
01-01 10:02:19.170 0 0 D mv2112_update_link: 3.0x901(1G): 0x80
01-01 10:02:19.170 0 0 D mv2112_update_link: 3.0x8109(100M): 0x8
01-01 10:02:19.170 0 0 D mv2112_update_link: link 0x0
01-01 10:02:19.170 0 0 D mv2112_read_status: autoneg is disabled
12-14 03:27:52.111 0 0 W swapper/1: type=1400 audit(0.0:773): avc: denied { kill } for capability=5 scontext=u:r:kernel:s0 tcontext=u:r:kernel:s0 tclass=capability permissive=0
12-14 03:27:52.124 639 653 I mpu_uart: [MSG-P:R]:recv sync frame timeout
12-14 03:27:52.644 2732 2732 I hpplay-java: [main]:ServerTaskManager:task run out of time
12-14 03:27:52.644 2732 2732 I hpplay-java: [main]:ServerTaskManager:cancelTimeOutCheck
12-14 03:27:52.644 2732 2732 I hpplay-java: [main]:ServerTaskManager:exeTask ignore, reason: TaskList is clear
12-14 03:27:52.913 639 654 I mpu_uart: [MSG-P:RECV]:No message received in 1000 ms
12-14 03:27:52.993 2732 5041 D hpplay-base: [LelinkMDNS:766] devicePermissionPublic leboPermissionCheck:-2
12-14 03:27:52.993 2732 5041 D hpplay-base: [jniBridge:1125] com_hpplay_sdk_sink_protocol_Bridge_WHAT_SERVER_ERROR
12-14 03:27:52.993 2732 5041 D hpplay-base: [jniBridge:1726] notifyJava, what:204, castType:0, mimeType:0 baseStatus:2
12-14 03:27:52.993 2732 5041 D hpplay-base: [jniBridge:1727] notifyJava sessionID:(null)
12-14 03:27:52.994 2732 5041 I hpplay-java: [Thread-68]:Bridge:notify: what: 204
12-14 03:27:52.996 2732 5041 I hpplay-java: [Thread-68]:Bridge:notify: out: OutParameters:{audioSessionId=-1, audiotrackIndex=0, castHandleType=-1, castType=0, deviceName='', dlnaName='', dramaID='', extra=-2002, frameHandleType=-1, handleInside=true, headduration=0, header='', headers=null, isAD=false, isMultiMirror=false, lelinkVer='', limitTime=0, , mediaAlbum='null', mediaAlbumArtURI='', mediaArtist='null', mediaAssets='', mediaTitle='null', mimeType=0, multiSession=null, period=0, pinCode='', playSpeed=0.0, playerChoice=0, plugin=0, port=0, position=0.0, positionUnit=2, protocol=0, realSessionID='', regType='', , sinkIp='', sourceAPPVersion='', sourceChannel='', sourceClientInfo='', sourceDeviceInfo='', sourceDeviceModel='', sourceDeviceName='', sourceDeviceType=0, sourceHID='', , sourceInfo='', , , sourceOSVersion='', sourceSDKVersion='', sourceUid='', stopDetail=0, stopReason=0, tailduration=0, url='', urlID='', urls=null, userAgent='', videoDecoder=0, volume=0, what=204}com.hpplay.sdk.sink.protocol.OutParameters@2a86383
12-14 03:27:52.996 2732 5041 I hpplay-java: [Thread-68]:Bridge:notify: address:173439232
12-14 03:27:52.997 2732 5041 I hpplay-base: [mDNSEmbeded:79] embedded_mDNSLoop stopmDNSNow:0 nPublish:-2 nExitFlag:6 tid is 5041
12-14 03:27:52.997 2732 2732 I hpplay-java: [main]:Bridge:findServiceID start out: 173439232
12-14 03:27:52.997 2732 2732 I hpplay-java: [main]:Bridge:findServiceID end
12-14 03:27:52.997 2732 2732 E hpplay-java: [main]:ServerTaskManager:onError 204/-2002 com.hht.lebocast.LelinkHelper$e@b408ac8
12-14 03:27:52.997 2732 2732 I hpplay-java: [main]:ServerTaskManager:cancelTimeOutCheck
12-14 03:27:52.999 2732 2732 W hpplay-java: [main]:ServerTaskManager:onErrorDispatcher errorCode:-2002
12-14 03:27:52.999 2732 2732 I hpplay-java: [main]:ServerTaskManager:onError retry later
01-01 10:02:20.194 0 0 D : mv2112_read_status
01-01 10:02:20.194 0 0 D mv2112_update_link: 3.0x901(1G): 0x80
01-01 10:02:20.194 0 0 D mv2112_update_link: 3.0x8109(100M): 0x8
01-01 10:02:20.194 0 0 D mv2112_update_link: link 0x0
01-01 10:02:20.194 0 0 D mv2112_read_status: autoneg is disabled
12-14 03:27:53.111 0 0 W swapper/1: type=1400 audit(0.0:774): avc: denied { kill } for capability=5 scontext=u:r:kernel:s0 tcontext=u:r:kernel:s0 tclass=capability permissive=0
12-14 03:27:53.826 2732 5005 W hpplay-java: [AsyncTask #111]:HttpRequest:
12-14 03:27:53.829 2732 5005 W hpplay-java: [AsyncTask #111]:HttpRequest:
12-14 03:27:53.830 2732 5005 W hpplay-java: [AsyncTask #111]:HttpRequest:
12-14 03:27:53.913 639 654 I mpu_uart: [MSG-P:RECV]:No message received in 1000 ms
01-01 10:02:21.217 0 0 D : mv2112_read_status
01-01 10:02:21.218 0 0 D mv2112_update_link: 3.0x901(1G): 0x80
01-01 10:02:21.218 0 0 D mv2112_update_link: 3.0x8109(100M): 0x8
01-01 10:02:21.218 0 0 D mv2112_update_link: link 0x0
01-01 10:02:21.218 0 0 D mv2112_read_status: autoneg is disabled
12-14 03:27:54.111 0 0 W swapper/1: type=1400 audit(0.0:775): avc: denied { kill } for capability=5 scontext=u:r:kernel:s0 tcontext=u:r:kernel:s0 tclass=capability permissive=0
12-14 03:27:54.914 639 654 I mpu_uart: [MSG-P:RECV]:No message received in 1000 ms
01-01 10:02:22.241 0 0 D : mv2112_read_status
01-01 10:02:22.242 0 0 D mv2112_update_link: 3.0x901(1G): 0x80
01-01 10:02:22.242 0 0 D mv2112_update_link: 3.0x8109(100M): 0x8
01-01 10:02:22.242 0 0 D mv2112_update_link: link 0x0
01-01 10:02:22.242 0 0 D mv2112_read_status: autoneg is disabled
12-14 03:27:55.107 0 0 W swapper/1: type=1400 audit(0.0:776): avc: denied { kill } for capability=5 scontext=u:r:kernel:s0 tcontext=u:r:kernel:s0 tclass=capability permissive=0
12-14 03:27:55.128 639 653 I mpu_uart: [MSG-P:R]:recv sync frame timeout
12-14 03:27:55.914 639 654 I mpu_uart: [MSG-P:RECV]:No message received in 1000 ms
12-14 03:27:56.000 2732 2732 I hpplay-java: [main]:ServerTaskManager:restart by error
12-14 03:27:56.000 2732 2732 I hpplay-java: [main]:ServerTaskManager:startServer
12-14 03:27:56.000 2732 2732 I hpplay-java: [main]:ServerTaskManager:startServer add, reason: server is starting or running
12-14 03:27:56.000 2732 2732 I hpplay-java: [main]:ServerTaskManager:addStopTask
12-14 03:27:56.000 2732 2732 I hpplay-java: [main]:ServerTaskManager:addStartTask
12-14 03:27:56.000 2732 2732 I hpplay-java: [main]:ServerTaskManager:exeTask stopServer
12-14 03:27:56.000 2732 2732 I hpplay-java: [main]:Bridge:stopServer keepPush: false
12-14 03:27:56.001 2732 2732 D hpplay-base: [jniBridge:909] Bridge__1stopServer status:2
12-14 03:27:56.001 2732 2732 D hpplay-base: [LelinkBase:654] stopAllServer will start thread!
12-14 03:27:56.002 2732 5044 D hpplay-base: [AEventUtils:588] handle AEvent thread end!!,tid is 5044
12-14 03:27:56.002 2732 5045 D hpplay-base: [REventUtils:197] handleREventThread thread end!!,tid is 5045
12-14 03:27:56.002 2732 5076 I hpplay-base: [mDNSEmbeded:65] embedded_mDNSExit call
12-14 03:27:56.007 2732 5041 I hpplay-base: [mDNSEmbeded:140] embedded_mDNSLoop Exiting end,tid is 5041
12-14 03:27:56.007 2732 5076 D hpplay-base: [mDNSEmbeded:452] stopmDNSServer end stopmDNSNow=2, nRet=0
12-14 03:27:56.035 2732 5023 D hpplay-base: [stream_mirror_compat:1284] mirror stream begin to exit,server fd:69,thread_id:3136106944!!
12-14 03:27:56.035 2732 5023 D hpplay-base: [stream_mirror_compat:1323] ##screen stream exit successfully!!##
12-14 03:27:56.043 2732 5022 D hpplay-base: [Server:447] startHttpServer will END srv->serverType:0
12-14 03:27:56.044 2732 5022 D hpplay-base: [Server:646] startHttpServer cond srv_shutdown:1 connectNummber:0
12-14 03:27:56.044 2732 5022 D hpplay-base: [Server:669] startHttpServer wait cond END. srv_shutdown:1 connectNummber:0
12-14 03:27:56.044 2732 5022 D hpplay-base: [Server:457] HttpServer END, tid is 5022
12-14 03:27:56.107 0 0 W swapper/0: type=1400 audit(0.0:777): avc: denied { kill } for capability=5 scontext=u:r:kernel:s0 tcontext=u:r:kernel:s0 tclass=capability permissive=0
01-01 10:02:23.265 0 0 D : mv2112_read_status
01-01 10:02:23.266 0 0 D mv2112_update_link: 3.0x901(1G): 0x80
01-01 10:02:23.266 0 0 D mv2112_update_link: 3.0x8109(100M): 0x8
01-01 10:02:23.266 0 0 D mv2112_update_link: link 0x0
01-01 10:02:23.266 0 0 D mv2112_read_status: autoneg is disabled
12-14 03:27:56.304 2732 5042 I hpplay-base: [mDNSEmbeded:376] end lelink publish server, tid is 5042
12-14 03:27:56.305 2732 5076 D hpplay-base: [mDNSEmbeded:420] stopmLelinkServer end nRet=0
12-14 03:27:56.305 2732 5076 D hpplay-base: [LelinkBase:615] lebodlna stopServerThreadFunc dlnaEnable:1
12-14 03:27:56.305 2732 5076 D hpplay-base-dlna: [lebodlna_api:49] stop DMR
12-14 03:27:56.305 2732 5076 D hpplay-base-dlna: [lebodlna_api:344] m_pRender Release
12-14 03:27:56.366 2732 5076 D hpplay-base-dlna: [UpnpDefine:867] DMRender release success
12-14 03:27:56.367 2732 5076 D hpplay-base-dlna: [lebodlna_api:352] m_pAVT Release
12-14 03:27:56.367 2732 5076 D hpplay-base-dlna: [lebodlna_api:360] m_pRCS Release
12-14 03:27:56.367 2732 5076 D hpplay-base-dlna: [lebodlna_api:365] dmrender destroydmr
12-14 03:27:56.667 2732 5076 D hpplay-base-dlna: [lebodlna-dlna_android:186] stopDLNA
12-14 03:27:56.667 2732 5076 D hpplay-base-dlna: [lebodlna-dlna_android:189] dlnaservice destroy
12-14 03:27:56.667 2732 5076 D hpplay-base-dlna: [lebodlna-dlna_android:49] dlnaservice Destroy 49 int CDlnaService::Destroy()
12-14 03:27:56.667 2732 5076 D hpplay-base-dlna: [lebodlna-dlnaframe:245] dlnaservice Destroy 245 static ERROR_TYPE IDlnaFrame::DestroyDlnaFrame(IDlnaFrame *)
12-14 03:27:56.667 2732 5076 D hpplay-base-dlna: [lebodlna-dlnaframe:179] dlnaservice Destroy 179 virtual void CDlnaFrame::Release()
12-14 03:27:56.667 2732 5076 D hpplay-base-dlna: [lebodlna-dlnaframe:190] dlnaservice Destroy 190 virtual void CDlnaFrame::Release()
12-14 03:27:56.667 2732 5076 D hpplay-base-dlna: [lebodlna-dlnaframe:192] dlnaservice Destroy 192 virtual void CDlnaFrame::Release()
12-14 03:27:56.667 2732 5076 D hpplay-base-dlna: [lebodlna-dlnaframe:247] dlnaservice Destroy 247 static ERROR_TYPE IDlnaFrame::DestroyDlnaFrame(IDlnaFrame *)
12-14 03:27:56.667 2732 5076 D hpplay-base-dlna: [lebodlna-dlnaframe:251] dlnaservice Destroy 251 static ERROR_TYPE IDlnaFrame::DestroyDlnaFrame(IDlnaFrame *)
12-14 03:27:56.669 2732 5076 E hpplay-base-dlna: upnpapi.c:655::before gminiserver ThreadPoolShutdown
12-14 03:27:56.670 2732 5076 E hpplay-base-dlna: ThreadPool.c:1047::on ThreadPoolShutdown tp->totalThreads:2
12-14 03:27:56.670 2732 5076 E hpplay-base-dlna: ThreadPool.c:1056::after ThreadPoolShutdown
12-14 03:27:56.670 2732 5076 E hpplay-base-dlna: ThreadPool.c:1057::ThreadPoolShutdown tp->totalThreads:0
12-14 03:27:56.670 2732 5076 E hpplay-base-dlna: upnpapi.c:657::after gminiserver ThreadPoolShutdown
12-14 03:27:56.670 2732 5076 E hpplay-base-dlna: upnpapi.c:659::before grecv ThreadPoolShutdown
12-14 03:27:56.671 2732 5076 E hpplay-base-dlna: ThreadPool.c:1047::on ThreadPoolShutdown tp->totalThreads:12
12-14 03:27:56.671 2732 5076 E hpplay-base-dlna: ThreadPool.c:1047::on ThreadPoolShutdown tp->totalThreads:11
12-14 03:27:56.671 2732 5076 E hpplay-base-dlna: ThreadPool.c:1047::on ThreadPoolShutdown tp->totalThreads:10
12-14 03:27:56.671 2732 5076 E hpplay-base-dlna: ThreadPool.c:1047::on ThreadPoolShutdown tp->totalThreads:9
12-14 03:27:56.673 2732 5076 E hpplay-base-dlna: ThreadPool.c:1056::after ThreadPoolShutdown
12-14 03:27:56.673 2732 5076 E hpplay-base-dlna: ThreadPool.c:1057::ThreadPoolShutdown tp->totalThreads:0
12-14 03:27:56.673 2732 5076 E hpplay-base-dlna: upnpapi.c:661::after grecv ThreadPoolShutdown
12-14 03:27:56.673 2732 5076 E hpplay-base-dlna: upnpapi.c:663::before gsend ThreadPoolShutdown
12-14 03:27:56.674 2732 5076 E hpplay-base-dlna: ThreadPool.c:1047::on ThreadPoolShutdown tp->totalThreads:2
12-14 03:27:56.674 2732 5076 E hpplay-base-dlna: ThreadPool.c:1047::on ThreadPoolShutdown tp->totalThreads:1
12-14 03:27:56.674 2732 5076 E hpplay-base-dlna: ThreadPool.c:1056::after ThreadPoolShutdown
12-14 03:27:56.674 2732 5076 E hpplay-base-dlna: ThreadPool.c:1057::ThreadPoolShutdown tp->totalThreads:0
12-14 03:27:56.674 2732 5076 E hpplay-base-dlna: upnpapi.c:665::after gsend ThreadPoolShutdown
12-14 03:27:56.674 2732 5076 D hpplay-base-dlna: [lebodlna-dlnaframe:253] dlnaservice Destroy 253 static ERROR_TYPE IDlnaFrame::DestroyDlnaFrame(IDlnaFrame *)
12-14 03:27:56.674 2732 5076 D hpplay-base-dlna: [lebodlna-dlna_android:51] dlnaservice Destroy 51 int CDlnaService::Destroy()
12-14 03:27:56.674 2732 5076 D hpplay-base-dlna: [lebodlna-dlna_android:194] stopDLNA end
12-14 03:27:56.914 639 654 I mpu_uart: [MSG-P:RECV]:No message received in 1000 ms
12-14 03:27:56.975 2732 5076 D hpplay-base: [stream_mirror_compat:1489] request to stop screen stream session!!
12-14 03:27:56.975 2732 5076 D hpplay-base: [AEventUtils:625] begin to stop event handle service!!
12-14 03:27:56.975 2732 5076 D hpplay-base: [AEventUtils:628] stop event handle service ok!!
12-14 03:27:56.975 2732 5076 D hpplay-base: [REventUtils:231] begin to stop report handle service!!
12-14 03:27:56.975 2732 5076 D hpplay-base: [REventUtils:234] stop report handle service ok!!
12-14 03:27:56.975 2732 5076 D hpplay-base: [lelinkSinkServer:711] HTTP Server stopSinkServer End .
12-14 03:27:56.975 2732 5076 D hpplay-base: [jniBridge:1135] notifyJavaServerStoped
12-14 03:27:56.975 2732 5076 D hpplay-base: [jniBridge:1726] notifyJava, what:202, castType:0, mimeType:0 baseStatus:4
12-14 03:27:56.975 2732 5076 D hpplay-base: [jniBridge:1727] notifyJava sessionID:(null)
12-14 03:27:56.977 2732 5076 I hpplay-java: [Thread-69]:Bridge:notify: what: 202
12-14 03:27:56.979 2732 5076 I hpplay-java: [Thread-69]:Bridge:notify: out: OutParameters:{audioSessionId=-1, audiotrackIndex=0, castHandleType=-1, castType=0, deviceName='', dlnaName='', dramaID='', extra=0, frameHandleType=-1, handleInside=true, headduration=0, header='', headers=null, isAD=false, isMultiMirror=false, lelinkVer='', limitTime=0, , mediaAlbum='null', mediaAlbumArtURI='', mediaArtist='null', mediaAssets='', mediaTitle='null', mimeType=0, multiSession=null, period=0, pinCode='', playSpeed=0.0, playerChoice=0, plugin=0, port=0, position=0.0, positionUnit=2, protocol=0, realSessionID='', regType='', , sinkIp='', sourceAPPVersion='', sourceChannel='', sourceClientInfo='', sourceDeviceInfo='', sourceDeviceModel='', sourceDeviceName='', sourceDeviceType=0, sourceHID='', , sourceInfo='', , , sourceOSVersion='', sourceSDKVersion='', sourceUid='', stopDetail=0, stopReason=0, tailduration=0, url='', urlID='', urls=null, userAgent='', videoDecoder=0, volume=0, what=202}com.hpplay.sdk.sink.protocol.OutParameters@c03b4df
12-14 03:27:56.979 2732 5076 I hpplay-java: [Thread-69]:Bridge:notify: address:36316460
12-14 03:27:56.979 2732 5076 D hpplay-base: [LelinkBase:645] stopServerThreadFunc notifyJavaServerStoped!
12-14 03:27:56.980 2732 2732 I hpplay-java: [main]:ServerTaskManager:startTimeOutCheck
12-14 03:27:56.980 2732 2732 I hpplay-java: [main]:ServerBusiness:stopDaemonBusiness
12-14 03:27:56.980 2732 2732 I hpplay-java: [main]:SinkDataReport:logout
12-14 03:27:56.981 2732 2732 I hpplay-java: [main]:EPControl:release
12-14 03:27:56.984 2732 5079 I hpplay-java: [AsyncTask #121]:GlideCreator:clearCache clearDiskCache
12-14 03:27:56.985 2732 2732 I hpplay-java: [main]:Dispatcher:notifyAllReverseControlsStop
12-14 03:27:56.986 2732 2732 I hpplay-java: [main]:Preference:checkFeature none
12-14 03:27:56.986 2732 2732 I hpplay-java: [main]:Dispatcher:notifyAllUIControlsStop set: []
12-14 03:27:56.986 2732 2732 I hpplay-java: [main]:Bridge:findServiceID start out: 36316460
12-14 03:27:56.986 2732 5017 W hpplay-java: NanoHTTPDServerRunnable:Communication with the client broken
12-14 03:27:56.986 2732 5017 W hpplay-java: java.net.SocketException: Socket closed
12-14 03:27:56.986 2732 5017 W hpplay-java: at java.net.PlainSocketImpl.socketAccept(PlainSocketImpl.java:213)
12-14 03:27:56.986 2732 5017 W hpplay-java: at java.net.AbstractPlainSocketImpl.accept(AbstractPlainSocketImpl.java:451)
12-14 03:27:56.986 2732 5017 W hpplay-java: at java.net.ServerSocket.implAccept(ServerSocket.java:547)
12-14 03:27:56.986 2732 5017 W hpplay-java: at java.net.ServerSocket.accept(ServerSocket.java:515)
12-14 03:27:56.986 2732 5017 W hpplay-java: at com.hpplay.nanohttpd.protocols.http.ServerRunnable.run(SourceFile:118)
12-14 03:27:56.986 2732 5017 W hpplay-java: at java.lang.Thread.run(Thread.java:920)
12-14 03:27:56.986 2732 5017 I hpplay-java: NanoHTTPDNanoHTTPD:server is stoped
12-14 03:27:56.986 2732 2732 I hpplay-java: [main]:Bridge:findServiceID end
12-14 03:27:56.987 2732 2732 I hpplay-java: [main]:ServerTaskManager:onStop retry:true
12-14 03:27:56.987 2732 5017 I hpplay-java: NanoHTTPDNanoHTTPD:clear obj
12-14 03:27:56.987 2732 2732 I hpplay-java: [main]:ServerTaskManager:cancelTimeOutCheck
12-14 03:27:56.988 2732 2732 I hpplay-java: [main]:IPManager:getActiveNets type: WIFI
12-14 03:27:56.988 2732 2732 I hpplay-java: [main]:IPManager:getActiveNets eth0:false wifi:true mobile:false ap:false
12-14 03:27:56.988 2732 2732 I hpplay-java: [main]:IPManager:getIPAddress IP_WLAN0
12-14 03:27:56.993 2732 2732 I hpplay-java: [main]:IPManager:updateIPAddress getIPAddress: 192.168.4.16 name:vlan4
12-14 03:27:56.994 2732 2732 I hpplay-java: [main]:IPManager:updateIPAddress getIPAddress: 192.168.0.18 name:wlan0
12-14 03:27:56.994 2732 2732 I hpplay-java: [main]:IPManager:updateIPAddress getIPAddress: 192.168.8.16 name:vlan8
12-14 03:27:56.994 2732 2732 I hpplay-java: [main]:IPManager:updateIPAddress getIPAddress: 192.168.11.16 name:vlan11
12-14 03:27:56.994 2732 2732 I hpplay-java: [main]:IPManager:updateIPAddress getIPAddress: 192.168.0.16 name:vlan0
12-14 03:27:56.994 2732 2732 I hpplay-java: [main]:IPManager:updateIPAddress getIPAddress: 192.168.2.16 name:vlan2
