12-14 03:27:17.874 2392 2458 I OpenGLRenderer: Davey! duration=9223371730802ms; Flags=0, FrameTimelineVsyncId=6662, IntendedVsync=306051910630, Vsync=306051910630, InputEventId=0, HandleInputStart=306052811600, AnimationStart=306052816340, PerformTraversalsStart=306052818944, DrawStart=306079920298, FrameDeadline=306085243962, FrameInterval=306052797329, FrameStartTime=16666666, SyncQueued=306081178632, SyncStart=306081257746, IssueDrawCommandsStart=306082090507, SwapBuffers=306084798215, FrameCompleted=9223372036854775807, DequeueBufferDuration=50156, QueueBufferDuration=1017708, GpuCompleted=9223372036854775807, SwapBuffersCompleted=306086387173, DisplayPresentTime=0,
12-14 03:27:17.894 639 654 I mpu_uart: [MSG-P:RECV]:No message received in 1000 ms
12-14 03:27:17.956 2732 4950 I hpplay-base: [mDNSEmbeded:376] end lelink publish server, tid is 4950
12-14 03:27:17.956 2732 4961 D hpplay-base: [mDNSEmbeded:420] stopmLelinkServer end nRet=0
12-14 03:27:17.956 2732 4961 D hpplay-base: [LelinkBase:615] lebodlna stopServerThreadFunc dlnaEnable:1
12-14 03:27:17.956 2732 4961 D hpplay-base-dlna: [lebodlna_api:49] stop DMR
12-14 03:27:17.956 2732 4961 D hpplay-base-dlna: [lebodlna_api:344] m_pRender Release
12-14 03:27:18.014 2732 4961 D hpplay-base-dlna: [UpnpDefine:867] DMRender release success
12-14 03:27:18.014 2732 4961 D hpplay-base-dlna: [lebodlna_api:352] m_pAVT Release
12-14 03:27:18.014 2732 4961 D hpplay-base-dlna: [lebodlna_api:360] m_pRCS Release
12-14 03:27:18.014 2732 4961 D hpplay-base-dlna: [lebodlna_api:365] dmrender destroydmr
12-14 03:27:18.107 0 0 W swapper/0: type=1400 audit(0.0:740): avc: denied { kill } for capability=5 scontext=u:r:kernel:s0 tcontext=u:r:kernel:s0 tclass=capability permissive=0
01-01 10:01:45.377 0 0 D : mv2112_read_status
01-01 10:01:45.378 0 0 D mv2112_update_link: 3.0x901(1G): 0x80
01-01 10:01:45.378 0 0 D mv2112_update_link: 3.0x8109(100M): 0x8
01-01 10:01:45.378 0 0 D mv2112_update_link: link 0x0
01-01 10:01:45.378 0 0 D mv2112_read_status: autoneg is disabled
12-14 03:27:18.314 2732 4961 D hpplay-base-dlna: [lebodlna-dlna_android:186] stopDLNA
12-14 03:27:18.314 2732 4961 D hpplay-base-dlna: [lebodlna-dlna_android:189] dlnaservice destroy
12-14 03:27:18.314 2732 4961 D hpplay-base-dlna: [lebodlna-dlna_android:49] dlnaservice Destroy 49 int CDlnaService::Destroy()
12-14 03:27:18.314 2732 4961 D hpplay-base-dlna: [lebodlna-dlnaframe:245] dlnaservice Destroy 245 static ERROR_TYPE IDlnaFrame::DestroyDlnaFrame(IDlnaFrame *)
12-14 03:27:18.314 2732 4961 D hpplay-base-dlna: [lebodlna-dlnaframe:179] dlnaservice Destroy 179 virtual void CDlnaFrame::Release()
12-14 03:27:18.315 2732 4961 D hpplay-base-dlna: [lebodlna-dlnaframe:190] dlnaservice Destroy 190 virtual void CDlnaFrame::Release()
12-14 03:27:18.315 2732 4961 D hpplay-base-dlna: [lebodlna-dlnaframe:192] dlnaservice Destroy 192 virtual void CDlnaFrame::Release()
12-14 03:27:18.315 2732 4961 D hpplay-base-dlna: [lebodlna-dlnaframe:247] dlnaservice Destroy 247 static ERROR_TYPE IDlnaFrame::DestroyDlnaFrame(IDlnaFrame *)
12-14 03:27:18.315 2732 4961 D hpplay-base-dlna: [lebodlna-dlnaframe:251] dlnaservice Destroy 251 static ERROR_TYPE IDlnaFrame::DestroyDlnaFrame(IDlnaFrame *)
12-14 03:27:18.318 2732 4961 E hpplay-base-dlna: upnpapi.c:655::before gminiserver ThreadPoolShutdown
12-14 03:27:18.318 2732 4961 E hpplay-base-dlna: ThreadPool.c:1047::on ThreadPoolShutdown tp->totalThreads:2
12-14 03:27:18.319 2732 4961 E hpplay-base-dlna: ThreadPool.c:1047::on ThreadPoolShutdown tp->totalThreads:1
12-14 03:27:18.319 2732 4961 E hpplay-base-dlna: ThreadPool.c:1056::after ThreadPoolShutdown
12-14 03:27:18.319 2732 4961 E hpplay-base-dlna: ThreadPool.c:1057::ThreadPoolShutdown tp->totalThreads:0
12-14 03:27:18.319 2732 4961 E hpplay-base-dlna: upnpapi.c:657::after gminiserver ThreadPoolShutdown
12-14 03:27:18.319 2732 4961 E hpplay-base-dlna: upnpapi.c:659::before grecv ThreadPoolShutdown
12-14 03:27:18.320 2732 4961 E hpplay-base-dlna: ThreadPool.c:1047::on ThreadPoolShutdown tp->totalThreads:12
12-14 03:27:18.320 2732 4961 E hpplay-base-dlna: ThreadPool.c:1047::on ThreadPoolShutdown tp->totalThreads:10
12-14 03:27:18.320 2732 4961 E hpplay-base-dlna: ThreadPool.c:1047::on ThreadPoolShutdown tp->totalThreads:9
12-14 03:27:18.321 2732 4961 E hpplay-base-dlna: ThreadPool.c:1047::on ThreadPoolShutdown tp->totalThreads:1
12-14 03:27:18.322 2732 4961 E hpplay-base-dlna: ThreadPool.c:1056::after ThreadPoolShutdown
12-14 03:27:18.322 2732 4961 E hpplay-base-dlna: ThreadPool.c:1057::ThreadPoolShutdown tp->totalThreads:0
12-14 03:27:18.322 2732 4961 E hpplay-base-dlna: upnpapi.c:661::after grecv ThreadPoolShutdown
12-14 03:27:18.322 2732 4961 E hpplay-base-dlna: upnpapi.c:663::before gsend ThreadPoolShutdown
12-14 03:27:18.323 2732 4961 E hpplay-base-dlna: ThreadPool.c:1047::on ThreadPoolShutdown tp->totalThreads:2
12-14 03:27:18.323 2732 4961 E hpplay-base-dlna: ThreadPool.c:1056::after ThreadPoolShutdown
12-14 03:27:18.323 2732 4961 E hpplay-base-dlna: ThreadPool.c:1057::ThreadPoolShutdown tp->totalThreads:0
12-14 03:27:18.323 2732 4961 E hpplay-base-dlna: upnpapi.c:665::after gsend ThreadPoolShutdown
12-14 03:27:18.323 2732 4961 D hpplay-base-dlna: [lebodlna-dlnaframe:253] dlnaservice Destroy 253 static ERROR_TYPE IDlnaFrame::DestroyDlnaFrame(IDlnaFrame *)
12-14 03:27:18.323 2732 4961 D hpplay-base-dlna: [lebodlna-dlna_android:51] dlnaservice Destroy 51 int CDlnaService::Destroy()
12-14 03:27:18.323 2732 4961 D hpplay-base-dlna: [lebodlna-dlna_android:194] stopDLNA end
12-14 03:27:18.624 2732 4961 D hpplay-base: [stream_mirror_compat:1489] request to stop screen stream session!!
12-14 03:27:18.624 2732 4961 D hpplay-base: [AEventUtils:625] begin to stop event handle service!!
12-14 03:27:18.624 2732 4961 D hpplay-base: [AEventUtils:628] stop event handle service ok!!
12-14 03:27:18.624 2732 4961 D hpplay-base: [REventUtils:231] begin to stop report handle service!!
12-14 03:27:18.624 2732 4961 D hpplay-base: [REventUtils:234] stop report handle service ok!!
12-14 03:27:18.624 2732 4961 D hpplay-base: [lelinkSinkServer:711] HTTP Server stopSinkServer End .
12-14 03:27:18.624 2732 4961 D hpplay-base: [jniBridge:1135] notifyJavaServerStoped
12-14 03:27:18.624 2732 4961 D hpplay-base: [jniBridge:1726] notifyJava, what:202, castType:0, mimeType:0 baseStatus:4
12-14 03:27:18.624 2732 4961 D hpplay-base: [jniBridge:1727] notifyJava sessionID:(null)
12-14 03:27:18.626 2732 4961 I hpplay-java: [Thread-61]:Bridge:notify: what: 202
12-14 03:27:18.628 2732 4961 I hpplay-java: [Thread-61]:Bridge:notify: out: OutParameters:{audioSessionId=-1, audiotrackIndex=0, castHandleType=-1, castType=0, deviceName='', dlnaName='', dramaID='', extra=0, frameHandleType=-1, handleInside=true, headduration=0, header='', headers=null, isAD=false, isMultiMirror=false, lelinkVer='', limitTime=0, , mediaAlbum='null', mediaAlbumArtURI='', mediaArtist='null', mediaAssets='', mediaTitle='null', mimeType=0, multiSession=null, period=0, pinCode='', playSpeed=0.0, playerChoice=0, plugin=0, port=0, position=0.0, positionUnit=2, protocol=0, realSessionID='', regType='', , sinkIp='', sourceAPPVersion='', sourceChannel='', sourceClientInfo='', sourceDeviceInfo='', sourceDeviceModel='', sourceDeviceName='', sourceDeviceType=0, sourceHID='', , sourceInfo='', , , sourceOSVersion='', sourceSDKVersion='', sourceUid='', stopDetail=0, stopReason=0, tailduration=0, url='', urlID='', urls=null, userAgent='', videoDecoder=0, volume=0, what=202}com.hpplay.sdk.sink.protocol.OutParameters@1880421
12-14 03:27:18.628 2732 4961 I hpplay-java: [Thread-61]:Bridge:notify: address:179437638
12-14 03:27:18.628 2732 4961 D hpplay-base: [LelinkBase:645] stopServerThreadFunc notifyJavaServerStoped!
12-14 03:27:18.628 2732 2732 I hpplay-java: [main]:ServerTaskManager:startTimeOutCheck
12-14 03:27:18.629 2732 2732 I hpplay-java: [main]:ServerBusiness:stopDaemonBusiness
12-14 03:27:18.629 2732 2732 I hpplay-java: [main]:SinkDataReport:logout
12-14 03:27:18.630 2732 2732 I hpplay-java: [main]:EPControl:release
12-14 03:27:18.633 2732 4964 I hpplay-java: [AsyncTask #106]:GlideCreator:clearCache clearDiskCache
12-14 03:27:18.634 2732 2732 I hpplay-java: [main]:Dispatcher:notifyAllReverseControlsStop
12-14 03:27:18.635 2732 2732 I hpplay-java: [main]:Preference:checkFeature none
12-14 03:27:18.635 2732 2732 I hpplay-java: [main]:Dispatcher:notifyAllUIControlsStop set: []
12-14 03:27:18.635 2732 4922 W hpplay-java: NanoHTTPDServerRunnable:Communication with the client broken
12-14 03:27:18.635 2732 4922 W hpplay-java: java.net.SocketException: Socket closed
12-14 03:27:18.635 2732 4922 W hpplay-java: at java.net.PlainSocketImpl.socketAccept(PlainSocketImpl.java:213)
12-14 03:27:18.635 2732 4922 W hpplay-java: at java.net.AbstractPlainSocketImpl.accept(AbstractPlainSocketImpl.java:451)
12-14 03:27:18.635 2732 4922 W hpplay-java: at java.net.ServerSocket.implAccept(ServerSocket.java:547)
12-14 03:27:18.635 2732 4922 W hpplay-java: at java.net.ServerSocket.accept(ServerSocket.java:515)
12-14 03:27:18.635 2732 4922 W hpplay-java: at com.hpplay.nanohttpd.protocols.http.ServerRunnable.run(SourceFile:118)
12-14 03:27:18.635 2732 4922 W hpplay-java: at java.lang.Thread.run(Thread.java:920)
12-14 03:27:18.635 2732 2732 I hpplay-java: [main]:Bridge:findServiceID start out: 179437638
12-14 03:27:18.635 2732 2732 I hpplay-java: [main]:Bridge:findServiceID end
12-14 03:27:18.636 2732 2732 I hpplay-java: [main]:ServerTaskManager:onStop retry:true
12-14 03:27:18.636 2732 4922 I hpplay-java: NanoHTTPDNanoHTTPD:server is stoped
12-14 03:27:18.636 2732 2732 I hpplay-java: [main]:ServerTaskManager:cancelTimeOutCheck
12-14 03:27:18.636 2732 4922 I hpplay-java: NanoHTTPDNanoHTTPD:clear obj
12-14 03:27:18.637 2732 2732 I hpplay-java: [main]:IPManager:getActiveNets type: WIFI
12-14 03:27:18.637 2732 2732 I hpplay-java: [main]:IPManager:getActiveNets eth0:false wifi:true mobile:false ap:false
12-14 03:27:18.637 2732 2732 I hpplay-java: [main]:IPManager:getIPAddress IP_WLAN0
12-14 03:27:18.642 2732 2732 I hpplay-java: [main]:IPManager:updateIPAddress getIPAddress: 192.168.4.16 name:vlan4
12-14 03:27:18.642 2732 2732 I hpplay-java: [main]:IPManager:updateIPAddress getIPAddress: 192.168.0.18 name:wlan0
12-14 03:27:18.643 2732 2732 I hpplay-java: [main]:IPManager:updateIPAddress getIPAddress: 192.168.8.16 name:vlan8
12-14 03:27:18.643 2732 2732 I hpplay-java: [main]:IPManager:updateIPAddress getIPAddress: 192.168.11.16 name:vlan11
12-14 03:27:18.643 2732 2732 I hpplay-java: [main]:IPManager:updateIPAddress getIPAddress: 192.168.0.16 name:vlan0
12-14 03:27:18.643 2732 2732 I hpplay-java: [main]:IPManager:updateIPAddress getIPAddress: 192.168.2.16 name:vlan2
12-14 03:27:18.644 2732 2732 I hpplay-java: [main]:IPManager:updateIPAddress getIPAddress: 192.168.1.16 name:vlan1
12-14 03:27:18.645 2732 2732 I hpplay-java: [main]:ServerTaskManager:exeTask startServer
12-14 03:27:18.646 2732 4967 I hpplay-java: [AsyncTask #107]:ServerBusiness:startDaemonBusiness
12-14 03:27:18.646 2732 2732 I hpplay-java: [main]:ServerTaskManager:startTimeOutCheck
12-14 03:27:18.646 2732 4967 I hpplay-java: [AsyncTask #107]:TimeOutCheckUtil:addTask id:upgrade
12-14 03:27:18.646 2732 4968 I hpplay-java: [AsyncTask #108]:Bridge:assembleInParameters
12-14 03:27:18.646 2732 4967 I hpplay-java: [AsyncTask #107]:TimeOutCheckUtil:addTask id:ijkupgrade
12-14 03:27:18.647 2732 4968 I hpplay-java: [AsyncTask #108]:Bridge:createDeviceId deviceId:Nzg6OWI6Nzg6ODA6ZGI6ZjY=
12-14 03:27:18.648 2732 4969 I hpplay-java: NanoHTTPDNanoHTTPD:server is started
12-14 03:27:18.648 2732 4968 I hpplay-java: [AsyncTask #108]:IPManager:getActiveNets type: WIFI
12-14 03:27:18.648 2732 4968 I hpplay-java: [AsyncTask #108]:IPManager:getActiveNets eth0:false wifi:true mobile:false ap:false
12-14 03:27:18.649 2732 4968 I hpplay-java: [AsyncTask #108]:IPManager:getIPAddress IP_WLAN0
12-14 03:27:18.649 2732 4968 I hpplay-java: [AsyncTask #108]:Preference:checkFeature none
12-14 03:27:18.649 2732 4968 I hpplay-java: [AsyncTask #108]:SWI:dlna tip
12-14 03:27:18.649 2732 4968 I hpplay-java: [AsyncTask #108]:SWI:lefp tip
12-14 03:27:18.649 2732 4968 I hpplay-java: [AsyncTask #108]:Bridge:assembleInParameters none alias name use device name: 高合娱乐副屏
12-14 03:27:18.650 2732 4968 I hpplay-java: [AsyncTask #108]:Feature:isSendAdvertisement
12-14 03:27:18.650 2732 4968 I hpplay-java: [AsyncTask #108]:Preference:checkFeature none
12-14 03:27:18.650 2732 4968 I hpplay-java: [AsyncTask #108]:Preference:checkFeature none
12-14 03:27:18.650 2732 4968 I hpplay-java: [AsyncTask #108]:Bridge:backupHpplayDat bakPath:
12-14 03:27:18.651 2732 4968 I hpplay-java: [AsyncTask #108]:Bridge:path:/data/user/0/com.hht.lebocast/files/hpplay/file/happyplay.dat
12-14 03:27:18.651 2732 4968 I hpplay-java: [AsyncTask #108]:Bridge:mAppId:21409
12-14 03:27:18.651 2732 4968 I hpplay-java: [AsyncTask #108]:Bridge:mode:3
12-14 03:27:18.651 2732 4968 I hpplay-java: [AsyncTask #108]:Bridge:type:1
12-14 03:27:18.651 2732 4968 I hpplay-java: [AsyncTask #108]:Bridge:SN:
12-14 03:27:18.651 2732 4968 I hpplay-java: [AsyncTask #108]:Preference:checkFeature none
12-14 03:27:18.651 2732 4968 I hpplay-java: [AsyncTask #108]:Bridge:backPath:
12-14 03:27:18.651 2732 4968 I hpplay-java: [AsyncTask #108]:DeviceUtil:getPermissionDid: 1
12-14 03:27:18.651 2732 4968 I hpplay-java: [AsyncTask #108]:DeviceUtil:getPermissionDid: 1
12-14 03:27:18.651 2732 4968 I hpplay-java: [AsyncTask #108]:Preference:checkFeature none
12-14 03:27:18.652 2732 4968 I hpplay-java: [AsyncTask #108]:Preference:checkFeature none
12-14 03:27:18.652 2732 4968 I hpplay-java: [AsyncTask #108]:Preference:checkFeature none
12-14 03:27:18.652 2732 4968 I hpplay-java: [AsyncTask #108]:Preference:checkFeature none
12-14 03:27:18.652 2732 4968 I hpplay-java: [AsyncTask #108]:Preference:checkFeature none
12-14 03:27:18.652 2732 4968 I hpplay-java: [AsyncTask #108]:Preference:checkFeature none
12-14 03:27:18.658 2732 4967 W hpplay-java: [AsyncTask #107]:ServerBusiness:startDaemonBusiness start LelinkHTTPD sucess 52288
12-14 03:27:18.677 2732 4968 W hpplay-java: [AsyncTask #108]:DeviceUtils:getDomain create lb domain
12-14 03:27:18.678 2732 4968 I hpplay-java: [AsyncTask #108]:Feature:getMirrorAudioVideoSync DISABLE
12-14 03:27:18.678 2732 4968 I hpplay-java: [AsyncTask #108]:Feature:checkSupportRedirectOtherApp,no set redirect api
12-14 03:27:18.678 2732 4968 I hpplay-java: [AsyncTask #108]:Feature:getRedirectSearchFlag,value: 0
12-14 03:27:18.679 2732 4968 I hpplay-java: [AsyncTask #108]:Bridge:mIn: InParameters{appInfo='0', appKey='21409', authMode=0, authPwd='null', broadcastDirection=0, broadcastState=1, broadcastTimeout=3, buildType='release', cacheAVPath='/data/user/0/com.hht.lebocast/cache/hpplay/av', cachePhotoPath='/data/user/0/com.hht.lebocast/cache/hpplay/image', channel='LEBO-APK--60146-25915', desPath='', , deviceName='高合娱乐副屏', dlna=1, dlnaCompany='null', dlnaCompanyURL='null', dlnaDeviceDescribe='null', dlnaDeviceName='null', dlnaDeviceURL='null', dlnaLelinkSwitch=1, dlnaManufacturer=0, dlnaName='高合娱乐副屏', dlnaUPC='', dlnaUUID='e1dc06f8-0e14-26c5-5cd2-8ed68158c037', domain='Lebo-figure-a69c947ffd36', drainage=0, feature='6655', fps=60, height=1080, host='null', , keyPath='/data/user/0/com.hht.lebocast/files/hpplay/file', lelinkfp=1, lelinkfp2=0, logBaseState=1, logPath='/storage/emulated/0/com.hht.lebocast/sink/sdk/common', , mdnsEnable=1, mirrorSyncType=0, netCastVer='2.0', packageName='com.hht.lebocast', packagePath='/data/user/0/com.hht.lebocast', permissionDid='a6:9c:94:7f:fd:36', permissionMode=3, permissionPreSN='', port=0, preemptMode=0, regType='_leboremote._tcp.', serverPorts=null, sockWaitTimeOut=45, teleControlPort=53388, tunnels=3, txtKeys=null, txtValues=null, uid='8270434926410121175', videoFrameType=1001, width=1920}com.hpplay.sdk.sink.protocol.InParameters@a8bad1
12-14 03:27:18.679 2732 2732 I hpplay-java: [main]:Bridge:startServer state: 0
12-14 03:27:18.679 2732 2732 D hpplay-base: [jniBridge:185] not conference version
12-14 03:27:18.679 2732 2732 I hpplay-base: [jniBridge:241] 1initServer nSettingWidth=1920 nSettingHeight=1080 nSettingMaxFPS=60 dlnaEnable=1 lelinkFpEnable=1
12-14 03:27:18.679 2732 2732 D hpplay-base: [jniBridge:283] 1initServer cfg.leLinkIp=192.168.0.18
12-14 03:27:18.679 2732 2732 D hpplay-base: [jniBridge:286] 1initServer cfg.mPermissionMode=3
12-14 03:27:18.679 2732 2732 D hpplay-base: [jniBridge:304] 1initServer cfg.permissionDid=a6:9c:94:7f:fd:36000000000000000
12-14 03:27:18.679 2732 2732 D hpplay-base: [jniBridge:313] 1initServer cfg.mPermissionPreSN=00000000000000000000000000000000
12-14 03:27:18.679 2732 2732 D hpplay-base: [jniBridge:317] Bridge___1initServer status:0
12-14 03:27:18.679 2732 2732 I hpplay-base: [jniBridge:325] 1initServer cfg.feature=6655
12-14 03:27:18.679 2732 2732 D hpplay-base: [jniBridge:377] 1initServer isSendBroadCast=3
12-14 03:27:18.679 2732 2732 D hpplay-base: [jniBridge:380] 1initServer broadcastDirection=0
12-14 03:27:18.679 2732 2732 D hpplay-base: [jniBridge:382] 1initServer ipBroadcast direction=0
12-14 03:27:18.679 2732 2732 D hpplay-base: [jniBridge:387] 1initServer tunnel=3
12-14 03:27:18.679 2732 2732 D hpplay-base: [jniBridge:390] 1initServer drainage=0
12-14 03:27:18.679 2732 2732 D hpplay-base: [jniBridge:401] 1initServer mDNSEnable=1
12-14 03:27:18.679 2732 2732 D hpplay-base: [jniBridge:406] 1initServer nSockWaitTimeOut=45
12-14 03:27:18.679 2732 2732 D hpplay-base: [jniBridge:410] 1initServer nMirrorAudioVideoSync=0
12-14 03:27:18.679 2732 2732 I hpplay-base: [sign_check:168] checkSign strPackageName:com.hht.lebocast
12-14 03:27:18.679 2732 2732 I hpplay-base: [sign_check:169] checkSign buildType:release
12-14 03:27:18.679 2732 2732 I hpplay-base: [sign_check:170] checkSign appKey:21409
12-14 03:27:18.680 2732 2732 D hpplay-base: [LelinkBase:405] bridgeInit port: 0, lelinkfp: 0
12-14 03:27:18.680 2732 2732 D hpplay-base: [LelinkBase:462] bridgeInit mPackagePath =/data/user/0/com.hht.lebocast
12-14 03:27:18.680 2732 2732 D hpplay-base: [LelinkBase:463] bridgeInit mKeyPath =/data/user/0/com.hht.lebocast/files/hpplay/file
12-14 03:27:18.680 2732 2732 D hpplay-base: [SinkContext:97] initSinkContext mPackagePath =/data/user/0/com.hht.lebocast
12-14 03:27:18.680 2732 2732 D hpplay-base: [SinkContext:98] initSinkContext mKeyPath =/data/user/0/com.hht.lebocast/files/hpplay/file
12-14 03:27:18.680 2732 2732 D hpplay-base: [jniBridge:478] Java_com_hpplay_sdk_sink_protocol_Bridge__1initServer end
12-14 03:27:18.680 2732 2732 D hpplay-base: [jniBridge:869] Bridge__1startServer status:1
12-14 03:27:18.680 2732 2732 D hpplay-base: [LelinkBase:492] startAllServer at base
12-14 03:27:18.680 2732 2732 D hpplay-base: [lelinkSinkServer:152] httpPlugins_SetServerPort TYPE_SERVER_LELINK:52266
12-14 03:27:18.680 2732 2732 D hpplay-base: [network.c:362] protocol bind host :192.168.0.18 port:52266 curent bind port:52266
12-14 03:27:18.680 2732 2732 D hpplay-base: [lelinkSinkServer:681] HTTP Server real at:52266
12-14 03:27:18.680 2732 4974 D hpplay-base: [lelinkSinkServer:644] Connected Service Type:0
12-14 03:27:18.680 2732 2732 D hpplay-base: [ScreenStream:1285] current bind port:7100
12-14 03:27:18.680 2732 4974 I hpplay-base: : (server.c.315) startServer listen_ing....:
12-14 03:27:18.680 2732 4974 D hpplay-base: [Server:371] startHttpServer srv_sockets.used:1 nCurrentFd:68, tid is 4974
12-14 03:27:18.680 2732 2732 D hpplay-base: [LelinkBase:515] startAllServer pBaseContext->config.dlnaEnable:1
12-14 03:27:18.680 2732 2732 D hpplay-base: [lelinkDlna:324] addDMRCallback end
12-14 03:27:18.680 2732 4975 D hpplay-base: [stream_mirror_compat:759] compat mirror stream begin to run,server fd:69,thread_id:3138245056!!
12-14 03:27:18.682 2732 2732 E hpplay-base-dlna: miniserver.c:788::dlna_port(ipv4: 49152 ipv6:0)
12-14 03:27:18.682 2732 2732 D hpplay-base-dlna: [lebodlna-dlnaframe:166] succeed to load lebodlnaplugin
12-14 03:27:18.682 2732 2732 D hpplay-base-dlna: [lebodlna-dlnaframe:232] Succeed to load specified plugin:lebodlna_plugin
12-14 03:27:18.682 2732 2732 D hpplay-base: [lelinkDlna:328] startDLNAServer ret=0
12-14 03:27:18.682 2732 2732 D hpplay-base: [LelinkBase:531] startDLNAServer ret= 0
12-14 03:27:18.682 2732 2732 D hpplay-base: [lelinkDlna:342] setDMRFriendlyName 高合娱乐副屏
12-14 03:27:18.682 2732 2732 D hpplay-base-dlna: [lebodlna-dlna_android:136] setBroadcastTimeout mBroadcastTimeOut=66 status=3!
12-14 03:27:18.682 2732 2732 D hpplay-base-dlna: [lebodlna_api:32] start DMR
12-14 03:27:18.682 2732 2732 D hpplay-base-dlna: [UpnpDefine:434] RegisterDMRender invalid lelink info
12-14 03:27:18.682 2732 2732 D hpplay-base-dlna: [UpnpDefine:467] DLNA DEFAULT_DESCRIPTION
12-14 03:27:18.684 2732 2732 E hpplay-base-dlna: upnpapi.c:1078::Exiting RegisterRootDevice2 *Hnd =1, return value == 0
12-14 03:27:18.684 2732 2732 D hpplay-base-dlna: [CUpnpDevice:41] Register Root Device 2:0
12-14 03:27:18.684 2732 2732 D hpplay-base-dlna: [UpnpDefine:794] ESDMRender:Register success
12-14 03:27:18.684 2732 2732 D hpplay-base-dlna: [lebodlna_api:41] sendBroadcast mBroadcastTimeOut=3
12-14 03:27:18.684 2732 2732 D hpplay-base-dlna: [lebodlna_api:44] sendBroadcast timeout=66
12-14 03:27:18.740 2732 2732 D hpplay-base: [lelinkDlna:361] startDLNADevice dlnaManufacturer:0 ret=0
12-14 03:27:18.741 2732 2732 D hpplay-base: [LelinkBase:535] lelinkSetDlnaInfo ret= 0
12-14 03:27:18.741 2732 2732 D hpplay-base: [LelinkBase:547] startAllServer pBaseContext->config.mDNSEnable:1
12-14 03:27:18.741 2732 2732 D hpplay-base: [base_mdns:509] mdns net.hostname:
12-14 03:27:18.741 2732 2732 D hpplay-base: [base_mdns:529] mdns namelabel:-00-80-0F-74-31-00
12-14 03:27:18.742 2732 2732 D hpplay-base: [base_mdns:509] mdns net.hostname:
12-14 03:27:18.742 2732 2732 D hpplay-base: [base_mdns:529] mdns namelabel:-00-80-0F-74-31-00
12-14 03:27:18.742 2732 2732 D hpplay-base: [mdns:813] mdns start bind port:0
12-14 03:27:18.744 2732 2732 D hpplay-base: [mdns:813] mdns start bind port:5353
12-14 03:27:18.744 2732 2732 D hpplay-base: [mdns:813] mdns start bind port:5353
12-14 03:27:18.744 2732 2732 D hpplay-base: [mdns:813] mdns start bind port:5353
12-14 03:27:18.744 2732 2732 D hpplay-base: [mdns:813] mdns start bind port:5353
12-14 03:27:18.744 2732 2732 D hpplay-base: [mdns:813] mdns start bind port:5353
12-14 03:27:18.745 2732 2732 D hpplay-base: [mdns:813] mdns start bind port:5353
12-14 03:27:18.745 2732 2732 D hpplay-base: [mdns:813] mdns start bind port:5353
12-14 03:27:18.745 2732 2732 I hpplay-base: [mDNSEmbeded:57] embedded_mDNSInit stopmDNSNow:0 status:0
12-14 03:27:18.745 2732 2732 D hpplay-base: [mDNSEmbeded:436] startmDNSServer end nRet=0
12-14 03:27:18.745 2732 2732 D hpplay-base: [LelinkBase:555] lelink broadcast_on_off:1 log2java_on_off:1
12-14 03:27:18.745 2732 4994 D hpplay-base: [LelinkMDNS:729] leboAuthorizationCheck strUuid=a6:9c:94:7f:fd:36000000000000000
12-14 03:27:18.745 2732 4994 D hpplay-base: [LelinkMDNS:730] leboAuthorizationCheck mPermissionDid=a6:9c:94:7f:fd:36000000000000000
12-14 03:27:18.745 2732 4994 D hpplay-base: [LelinkMDNS:755] leboAuthorizationCheck mPermissionMac=a6:9c:94:7f:fd:36000000000000000
12-14 03:27:18.745 2732 4995 I hpplay-base: [mDNSEmbeded:268] start lelink publish server, tid is 4995
12-14 03:27:18.745 2732 4996 D hpplay-base: [mDNSEmbeded:197] http_port bind check 197 http_port_check
12-14 03:27:18.745 2732 2732 D hpplay-base: [AEventUtils:595] request to start event handle service!!
12-14 03:27:18.745 2732 2732 D hpplay-base: [AEventUtils:603] start_event_handle_service,begin to run!!
12-14 03:27:18.745 2732 2732 D hpplay-base: [REventUtils:210] start_event_handle_service,begin to run!!
12-14 03:27:18.746 2732 2732 D hpplay-base: [LelinkBase:576] startAllServer success .
12-14 03:27:18.746 2732 4998 D hpplay-base: [REventUtils:59] create handleREventThread thread ok!!,tid is 4998
12-14 03:27:18.746 2732 2732 D hpplay-base: [jniBridge:894] startDlna_link:http://192.168.0.18:49152/description.xml
12-14 03:27:18.746 2732 5000 D hpplay-base: [jniBridge:1081] notifyJavaDlnalink:http://192.168.0.18:49152/description.xml
12-14 03:27:18.746 2732 5000 D hpplay-base: [jniBridge:1726] notifyJava, what:207, castType:0, mimeType:0 baseStatus:2
12-14 03:27:18.746 2732 5000 D hpplay-base: [jniBridge:1727] notifyJava sessionID:(null)
12-14 03:27:18.746 2732 4996 D hpplay-base: [mDNSEmbeded:217] http_port bind check 217 http_port_check
12-14 03:27:18.746 2732 4997 D hpplay-base: [AEventUtils:171] create handle AEvent thread ok!!,tid is 4997
12-14 03:27:18.746 2732 4996 D hpplay-base: [mDNSEmbeded:222] http_port bind check 222 http_port_check
12-14 03:27:18.747 2732 5000 I hpplay-java: [Thread-63]:Bridge:notify: what: 207
12-14 03:27:18.748 2732 5000 I hpplay-java: [Thread-63]:Bridge:notify: out: OutParameters:{audioSessionId=-1, audiotrackIndex=0, castHandleType=-1, castType=0, deviceName='http://192.168.0.18:49152/description.xml', dlnaName='', dramaID='', extra=0, frameHandleType=-1, handleInside=true, headduration=0, header='', headers=null, isAD=false, isMultiMirror=false, lelinkVer='', limitTime=0, , mediaAlbum='null', mediaAlbumArtURI='', mediaArtist='null', mediaAssets='', mediaTitle='null', mimeType=0, multiSession=null, period=0, pinCode='', playSpeed=0.0, playerChoice=0, plugin=0, port=0, position=0.0, positionUnit=2, protocol=0, realSessionID='', regType='', , sinkIp='', sourceAPPVersion='', sourceChannel='', sourceClientInfo='', sourceDeviceInfo='', sourceDeviceModel='', sourceDeviceName='', sourceDeviceType=0, sourceHID='', , sourceInfo='', , , sourceOSVersion='', sourceSDKVersion='', sourceUid='', stopDetail=0, stopReason=0, tailduration=0, url='', urlID='', urls=null, userAgent='', videoDecoder=0, volume=0, what=207}com.hpplay.sdk.sink.protocol.OutParameters@e25181b
12-14 03:27:18.748 2732 5000 I hpplay-java: [Thread-63]:Bridge:notify: address:50703800
12-14 03:27:18.749 2732 4996 D hpplay-base: [mDNSEmbeded:234] http_port bind check 234 http_port_check port:52266
12-14 03:27:18.749 2732 4996 D hpplay-base: [mDNSEmbeded:237] http_port bind check 237 http_port_check
12-14 03:27:18.750 2732 5001 D hpplay-base: [lelinkSinkServer:93] new client connection from 127.0.0.1 62140, fd=121
12-14 03:27:18.750 2732 5001 D hpplay-base: [SinkContext:137] addSinkContextSession,begin to run!!
12-14 03:27:18.750 2732 5001 D hpplay-base: [SinkContext:142] addSinkContextSession,begin to get lock!!
12-14 03:27:18.750 2732 5001 D hpplay-base: [SinkContext:144] addSinkContextSession,get lock ok!!
12-14 03:27:18.750 2732 5001 D hpplay-base: [SinkContext:149] addSinkContextSession,session list is null,begin to malloc!!
12-14 03:27:18.750 2732 5001 D hpplay-base: [SinkContext:156] addSinkContextSession,begin to update!!
12-14 03:27:18.750 2732 5001 D hpplay-base: [SinkContext:160] addSinkContextSession,begin to update header!!
12-14 03:27:18.750 2732 5001 D hpplay-base: [SinkContext:172] addSinkContextSession,begin to unlock!!
12-14 03:27:18.750 2732 5001 D hpplay-base: [SinkContext:174] addSinkContextSession,unlock ok!!
12-14 03:27:18.750 2732 5001 D hpplay-base: [LelinkReceiver:4908] get ping !!!
12-14 03:27:18.751 2732 4996 D hpplay-base: [mDNSEmbeded:240] http_port bind check 240 http_port_check recieved:64
12-14 03:27:18.751 2732 4996 D hpplay-base: [mDNSEmbeded:243] http_port bind check 243 http_port_check
12-14 03:27:18.751 2732 4996 D hpplay-base: [mDNSEmbeded:244] http_port bind check ok!
12-14 03:27:18.877 2392 2458 I OpenGLRenderer: Davey! duration=9223371729800ms; Flags=0, FrameTimelineVsyncId=6668, IntendedVsync=307054324630, Vsync=307054324630, InputEventId=0, HandleInputStart=307054967329, AnimationStart=307054971652, PerformTraversalsStart=307054974569, DrawStart=307082111496, FrameDeadline=307087657962, FrameInterval=307054952329, FrameStartTime=16666666, SyncQueued=307083221496, SyncStart=307083305090, IssueDrawCommandsStart=307084235090, SwapBuffers=307086964308, FrameCompleted=9223372036854775807, DequeueBufferDuration=51563, QueueBufferDuration=1051510, GpuCompleted=9223372036854775807, SwapBuffersCompleted=307088611079, DisplayPresentTime=0,
12-14 03:27:18.895 639 654 I mpu_uart: [MSG-P:RECV]:No message received in 1000 ms
12-14 03:27:18.952 2732 5001 I hpplay-base: [LelinkReceiver:14605] _connectionFinalize (121)
12-14 03:27:18.952 2732 5001 D hpplay-base: [LelinkReceiver:14752] ###connectionFinalize,release ok!!###
12-14 03:27:19.081 639 653 I mpu_uart: [MSG-P:R]:recv sync frame timeout
12-14 03:27:19.111 0 0 W swapper/0: type=1400 audit(0.0:741): avc: denied { kill } for capability=5 scontext=u:r:kernel:s0 tcontext=u:r:kernel:s0 tclass=capability permissive=0
12-14 03:27:19.173 2732 4921 W hpplay-java: [AsyncTask #101]:HttpRequest:
12-14 03:27:19.176 2732 4921 W hpplay-java: [AsyncTask #101]:HttpRequest:
12-14 03:27:19.177 2732 4921 W hpplay-java: [AsyncTask #101]:HttpRequest:
01-01 10:01:46.401 0 0 D : mv2112_read_status
01-01 10:01:46.402 0 0 D mv2112_update_link: 3.0x901(1G): 0x80
01-01 10:01:46.402 0 0 D mv2112_update_link: 3.0x8109(100M): 0x8
01-01 10:01:46.402 0 0 D mv2112_update_link: link 0x0
01-01 10:01:46.402 0 0 D mv2112_read_status: autoneg is disabled
12-14 03:27:19.880 2392 2458 I OpenGLRenderer: Davey! duration=9223371728797ms; Flags=0, FrameTimelineVsyncId=6674, IntendedVsync=308056724630, Vsync=308056724630, InputEventId=0, HandleInputStart=308057468631, AnimationStart=308057472641, PerformTraversalsStart=308057475454, DrawStart=308082933266, FrameDeadline=308090057962, FrameInterval=308057454204, FrameStartTime=16666666, SyncQueued=308084098683, SyncStart=308084328058, IssueDrawCommandsStart=308085125037, SwapBuffers=308087789568, FrameCompleted=9223372036854775807, DequeueBufferDuration=43958, QueueBufferDuration=919480, GpuCompleted=9223372036854775807, SwapBuffersCompleted=308089306964, DisplayPresentTime=0,
12-14 03:27:19.895 639 654 I mpu_uart: [MSG-P:RECV]:No message received in 1000 ms
12-14 03:27:20.107 0 0 W swapper/0: type=1400 audit(0.0:742): avc: denied { kill } for capability=5 scontext=u:r:kernel:s0 tcontext=u:r:kernel:s0 tclass=capability permissive=0
01-01 10:01:47.425 0 0 D : mv2112_read_status
01-01 10:01:47.426 0 0 D mv2112_update_link: 3.0x901(1G): 0x80
01-01 10:01:47.426 0 0 D mv2112_update_link: 3.0x8109(100M): 0x8
01-01 10:01:47.426 0 0 D mv2112_update_link: link 0x0
01-01 10:01:47.426 0 0 D mv2112_read_status: autoneg is disabled
12-14 03:27:20.883 2392 2458 I OpenGLRenderer: Davey! duration=9223371727793ms; Flags=0, FrameTimelineVsyncId=6683, IntendedVsync=309061398217, Vsync=309061398217, InputEventId=0, HandleInputStart=309062167068, AnimationStart=309062170922, PerformTraversalsStart=309062173526, DrawStart=309085148943, FrameDeadline=309094731549, FrameInterval=309062155089, FrameStartTime=16666666, SyncQueued=309086191287, SyncStart=309086277485, IssueDrawCommandsStart=309087110662, SwapBuffers=309089720557, FrameCompleted=9223372036854775807, DequeueBufferDuration=43646, QueueBufferDuration=890730, GpuCompleted=9223372036854775807, SwapBuffersCompleted=309091149360, DisplayPresentTime=0,
12-14 03:27:20.895 639 654 I mpu_uart: [MSG-P:RECV]:No message received in 1000 ms
12-14 03:27:21.111 0 0 W swapper/0: type=1400 audit(0.0:743): avc: denied { kill } for capability=5 scontext=u:r:kernel:s0 tcontext=u:r:kernel:s0 tclass=capability permissive=0
01-01 10:01:48.449 0 0 D : mv2112_read_status
01-01 10:01:48.450 0 0 D mv2112_update_link: 3.0x901(1G): 0x80
01-01 10:01:48.450 0 0 D mv2112_update_link: 3.0x8109(100M): 0x8
01-01 10:01:48.450 0 0 D mv2112_update_link: link 0x0
01-01 10:01:48.450 0 0 D mv2112_read_status: autoneg is disabled
12-14 03:27:21.888 2392 2458 I OpenGLRenderer: Davey! duration=9223371726793ms; Flags=0, FrameTimelineVsyncId=6689, IntendedVsync=310061511978, Vsync=310061511978, InputEventId=0, HandleInputStart=310062271078, AnimationStart=310062274776, PerformTraversalsStart=310062277953, DrawStart=310085252901, FrameDeadline=310094845310, FrameInterval=310062262172, FrameStartTime=16666666, SyncQueued=310086254307, SyncStart=310086326755, IssueDrawCommandsStart=310087106026, SwapBuffers=310089608057, FrameCompleted=9223372036854775807, DequeueBufferDuration=39166, QueueBufferDuration=866771, GpuCompleted=9223372036854775807, SwapBuffersCompleted=310090987953, DisplayPresentTime=0,
12-14 03:27:21.897 639 654 I mpu_uart: [MSG-P:RECV]:No message received in 1000 ms
12-14 03:27:21.976 1200 1357 I selfinstaller: TC GetPartNumber() mock-part-111
12-14 03:27:21.980 1200 1357 I selfinstaller: TC GetPartNumber() mock-part-111
12-14 03:27:22.084 639 653 I mpu_uart: [MSG-P:R]:recv sync frame timeout
12-14 03:27:22.107 0 0 W swapper/0: type=1400 audit(0.0:744): avc: denied { kill } for capability=5 scontext=u:r:kernel:s0 tcontext=u:r:kernel:s0 tclass=capability permissive=0
12-14 03:27:22.146 1200 1357 I selfinstaller: TC GetPartNumber() mock-part-111
01-01 10:01:49.473 0 0 D : mv2112_read_status
01-01 10:01:49.474 0 0 D mv2112_update_link: 3.0x901(1G): 0x80
01-01 10:01:49.474 0 0 D mv2112_update_link: 3.0x8109(100M): 0x8
01-01 10:01:49.474 0 0 D mv2112_update_link: link 0x0
01-01 10:01:49.474 0 0 D mv2112_read_status: autoneg is disabled
12-14 03:27:22.887 2392 2458 I OpenGLRenderer: Davey! duration=9223371725790ms; Flags=0, FrameTimelineVsyncId=6695, IntendedVsync=311063968630, Vsync=311063968630, InputEventId=0, HandleInputStart=311064675973, AnimationStart=311064681963, PerformTraversalsStart=311064685921, DrawStart=311091167119, FrameDeadline=311097301962, FrameInterval=311064660557, FrameStartTime=16666666, SyncQueued=311092862275, SyncStart=311092981025, IssueDrawCommandsStart=311094040140, SwapBuffers=311097805088, FrameCompleted=9223372036854775807, DequeueBufferDuration=59427, QueueBufferDuration=1448697, GpuCompleted=9223372036854775807, SwapBuffersCompleted=311100255244, DisplayPresentTime=0,
12-14 03:27:22.898 639 654 I mpu_uart: [MSG-P:RECV]:No message received in 1000 ms
12-14 03:27:23.111 0 0 W swapper/0: type=1400 audit(0.0:745): avc: denied { kill } for capability=5 scontext=u:r:kernel:s0 tcontext=u:r:kernel:s0 tclass=capability permissive=0
01-01 10:01:50.497 0 0 D : mv2112_read_status
01-01 10:01:50.498 0 0 D mv2112_update_link: 3.0x901(1G): 0x80
01-01 10:01:50.498 0 0 D mv2112_update_link: 3.0x8109(100M): 0x8
01-01 10:01:50.498 0 0 D mv2112_update_link: link 0x0
01-01 10:01:50.498 0 0 D mv2112_read_status: autoneg is disabled
12-14 03:27:23.662 2732 2732 I hpplay-java: [main]:ServiceUpdater:upLoadServiceInfo invalid deviceCode:, port:53388
12-14 03:27:23.898 639 654 I mpu_uart: [MSG-P:RECV]:No message received in 1000 ms
12-14 03:27:24.111 0 0 W swapper/0: type=1400 audit(0.0:746): avc: denied { kill } for capability=5 scontext=u:r:kernel:s0 tcontext=u:r:kernel:s0 tclass=capability permissive=0
01-01 10:01:51.521 0 0 D : mv2112_read_status
01-01 10:01:51.522 0 0 D mv2112_update_link: 3.0x901(1G): 0x80
01-01 10:01:51.522 0 0 D mv2112_update_link: 3.0x8109(100M): 0x8
01-01 10:01:51.522 0 0 D mv2112_update_link: link 0x0
01-01 10:01:51.522 0 0 D mv2112_read_status: autoneg is disabled
12-14 03:27:24.891 2392 2458 I OpenGLRenderer: Davey! duration=9223371723785ms; Flags=0, FrameTimelineVsyncId=6710, IntendedVsync=313068789061, Vsync=313068789061, InputEventId=0, HandleInputStart=313069390556, AnimationStart=313069395868, PerformTraversalsStart=313069398785, DrawStart=313095038629, FrameDeadline=313085455727, FrameInterval=313069375660, FrameStartTime=16666666, SyncQueued=313096584358, SyncStart=313096696493, IssueDrawCommandsStart=313097770296, SwapBuffers=313101274827, FrameCompleted=9223372036854775807, DequeueBufferDuration=62500, QueueBufferDuration=1092188, GpuCompleted=9223372036854775807, SwapBuffersCompleted=313103081077, DisplayPresentTime=0,
12-14 03:27:24.903 639 654 I mpu_uart: [MSG-P:RECV]:No message received in 1000 ms
12-14 03:27:25.088 639 653 I mpu_uart: [MSG-P:R]:recv sync frame timeout
12-14 03:27:25.111 0 0 W swapper/0: type=1400 audit(0.0:747): avc: denied { kill } for capability=5 scontext=u:r:kernel:s0 tcontext=u:r:kernel:s0 tclass=capability permissive=0
01-01 10:01:52.545 0 0 D : mv2112_read_status
01-01 10:01:52.546 0 0 D mv2112_update_link: 3.0x901(1G): 0x80
01-01 10:01:52.546 0 0 D mv2112_update_link: 3.0x8109(100M): 0x8
01-01 10:01:52.546 0 0 D mv2112_update_link: link 0x0
01-01 10:01:52.546 0 0 D mv2112_read_status: autoneg is disabled
12-14 03:27:25.904 639 654 I mpu_uart: [MSG-P:RECV]:No message received in 1000 ms
12-14 03:27:26.111 0 0 W swapper/0: type=1400 audit(0.0:748): avc: denied { kill } for capability=5 scontext=u:r:kernel:s0 tcontext=u:r:kernel:s0 tclass=capability permissive=0
01-01 10:01:53.569 0 0 D : mv2112_read_status
01-01 10:01:53.570 0 0 D mv2112_update_link: 3.0x901(1G): 0x80
01-01 10:01:53.570 0 0 D mv2112_update_link: 3.0x8109(100M): 0x8
01-01 10:01:53.570 0 0 D mv2112_update_link: link 0x0
01-01 10:01:53.570 0 0 D mv2112_read_status: autoneg is disabled
12-14 03:27:26.897 2392 4610 I OpenGLRenderer: Davey! duration=9223371721781ms; Flags=0, FrameTimelineVsyncId=6722, IntendedVsync=315073598630, Vsync=315073598630, InputEventId=0, HandleInputStart=315074542378, AnimationStart=315074546961, PerformTraversalsStart=315074549722, DrawStart=315100439201, FrameDeadline=315090265296, FrameInterval=315074530399, FrameStartTime=16666666, SyncQueued=315101473784, SyncStart=315101553836, IssueDrawCommandsStart=315102338055, SwapBuffers=315105030764, FrameCompleted=9223372036854775807, DequeueBufferDuration=44218, QueueBufferDuration=1099583, GpuCompleted=9223372036854775807, SwapBuffersCompleted=315106645139, DisplayPresentTime=0,
12-14 03:27:26.904 639 654 I mpu_uart: [MSG-P:RECV]:No message received in 1000 ms
12-14 03:27:27.111 0 0 W swapper/0: type=1400 audit(0.0:749): avc: denied { kill } for capability=5 scontext=u:r:kernel:s0 tcontext=u:r:kernel:s0 tclass=capability permissive=0
01-01 10:01:54.593 0 0 D : mv2112_read_status
01-01 10:01:54.594 0 0 D mv2112_update_link: 3.0x901(1G): 0x80
01-01 10:01:54.594 0 0 D mv2112_update_link: 3.0x8109(100M): 0x8
01-01 10:01:54.594 0 0 D mv2112_update_link: link 0x0
01-01 10:01:54.594 0 0 D mv2112_read_status: autoneg is disabled
12-14 03:27:27.901 2392 4610 I OpenGLRenderer: Davey! duration=9223371720778ms; Flags=0, FrameTimelineVsyncId=6728, IntendedVsync=316076003630, Vsync=316076003630, InputEventId=0, HandleInputStart=316076808680, AnimationStart=316076812586, PerformTraversalsStart=316076815242, DrawStart=316101840138, FrameDeadline=316109336962, FrameInterval=316076797065, FrameStartTime=16666666, SyncQueued=316102819617, SyncStart=316102893003, IssueDrawCommandsStart=316103648576, SwapBuffers=316106472586, FrameCompleted=9223372036854775807, DequeueBufferDuration=37552, QueueBufferDuration=1009375, GpuCompleted=9223372036854775807, SwapBuffersCompleted=316108234305, DisplayPresentTime=0,
12-14 03:27:27.904 639 654 I mpu_uart: [MSG-P:RECV]:No message received in 1000 ms
12-14 03:27:28.091 639 653 I mpu_uart: [MSG-P:R]:recv sync frame timeout
12-14 03:27:28.107 0 0 W swapper/0: type=1400 audit(0.0:750): avc: denied { kill } for capability=5 scontext=u:r:kernel:s0 tcontext=u:r:kernel:s0 tclass=capability permissive=0
12-14 03:27:28.160 560 560 E spcomlib: [spcom_wait_for_event] event [1] [nvm_ready] EVENT_STATUS_TIMEOUT
12-14 03:27:28.160 560 560 E spdaemon: spcom_wait_for_nvm_ready() failed. ret [-110] [Connection timed out].
12-14 03:27:28.160 560 560 E spdaemon: Initial SP initialization failed. ret [-110].
12-14 03:27:28.160 560 560 D spdaemon: going to sleep for a day.
01-01 10:01:55.298 0 0 E spss_utils [spss_wait_for_event]: wait for event [1] timeout [300] sec expired
01-01 10:01:55.617 0 0 D : mv2112_read_status
01-01 10:01:55.618 0 0 D mv2112_update_link: 3.0x901(1G): 0x80
01-01 10:01:55.618 0 0 D mv2112_update_link: 3.0x8109(100M): 0x8
01-01 10:01:55.618 0 0 D mv2112_update_link: link 0x0
01-01 10:01:55.618 0 0 D mv2112_read_status: autoneg is disabled
12-14 03:27:28.647 2732 2732 I hpplay-java: [main]:Upgrade:upgrade not be allowed
12-14 03:27:28.670 2732 2732 I hpplay-java: [main]:ServerBusiness:get deviceCode:
12-14 03:27:28.670 2732 2732 W hpplay-java: [main]:ServerBusiness:startDeviceService ignore,invalid deviceCode
12-14 03:27:28.905 639 654 I mpu_uart: [MSG-P:RECV]:No message received in 1000 ms
12-14 03:27:28.917 2392 4610 I OpenGLRenderer: Davey! duration=9223371719759ms; Flags=0, FrameTimelineVsyncId=6734, IntendedVsync=317095098296, Vsync=317095098296, InputEventId=0, HandleInputStart=317096151127, AnimationStart=317096155138, PerformTraversalsStart=317096158419, DrawStart=317121875763, FrameDeadline=317128431628, FrameInterval=317096140190, FrameStartTime=16666666, SyncQueued=317122916857, SyncStart=317123131440, IssueDrawCommandsStart=317123881284, SwapBuffers=317127081388, FrameCompleted=9223372036854775807, DequeueBufferDuration=45990, QueueBufferDuration=1118698, GpuCompleted=9223372036854775807, SwapBuffersCompleted=317128824565, DisplayPresentTime=0,
12-14 03:27:29.111 0 0 W swapper/0: type=1400 audit(0.0:751): avc: denied { kill } for capability=5 scontext=u:r:kernel:s0 tcontext=u:r:kernel:s0 tclass=capability permissive=0
12-14 03:27:29.467 1490 5003 E NtpTimeHelper: requestTime failed
01-01 10:01:56.641 0 0 D : mv2112_read_status
01-01 10:01:56.642 0 0 D mv2112_update_link: 3.0x901(1G): 0x80
01-01 10:01:56.642 0 0 D mv2112_update_link: 3.0x8109(100M): 0x8
01-01 10:01:56.642 0 0 D mv2112_update_link: link 0x0
01-01 10:01:56.642 0 0 D mv2112_read_status: autoneg is disabled
12-14 03:27:29.905 639 654 I mpu_uart: [MSG-P:RECV]:No message received in 1000 ms
12-14 03:27:29.907 2392 4610 I OpenGLRenderer: Davey! duration=9223371718771ms; Flags=0, FrameTimelineVsyncId=6743, IntendedVsync=318083540150, Vsync=318083540150, InputEventId=0, HandleInputStart=318084347429, AnimationStart=318084351231, PerformTraversalsStart=318084354096, DrawStart=318105863367, FrameDeadline=318116873482, FrameInterval=318084334617, FrameStartTime=16666666, SyncQueued=318106887533, SyncStart=318106963627, IssueDrawCommandsStart=318107797794, SwapBuffers=318110289148, FrameCompleted=9223372036854775807, DequeueBufferDuration=49791, QueueBufferDuration=795990, GpuCompleted=9223372036854775807, SwapBuffersCompleted=318111580867, DisplayPresentTime=0,
12-14 03:27:30.107 0 0 W swapper/0: type=1400 audit(0.0:752): avc: denied { kill } for capability=5 scontext=u:r:kernel:s0 tcontext=u:r:kernel:s0 tclass=capability permissive=0
01-01 10:01:57.665 0 0 D : mv2112_read_status
01-01 10:01:57.666 0 0 D mv2112_update_link: 3.0x901(1G): 0x80
01-01 10:01:57.666 0 0 D mv2112_update_link: 3.0x8109(100M): 0x8
01-01 10:01:57.666 0 0 D mv2112_update_link: link 0x0
01-01 10:01:57.666 0 0 D mv2112_read_status: autoneg is disabled
12-14 03:27:30.906 639 654 I mpu_uart: [MSG-P:RECV]:No message received in 1000 ms
12-14 03:27:30.925 2392 4610 I OpenGLRenderer: Davey! duration=9223371717754ms; Flags=0, FrameTimelineVsyncId=6749, IntendedVsync=319099873692, Vsync=319099873692, InputEventId=0, HandleInputStart=319101052845, AnimationStart=319101055814, PerformTraversalsStart=319101058470, DrawStart=319124549564, FrameDeadline=319133207024, FrameInterval=319101043002, FrameStartTime=16666666, SyncQueued=319125519512, SyncStart=319125608366, IssueDrawCommandsStart=319126361283, SwapBuffers=319128898158, FrameCompleted=9223372036854775807, DequeueBufferDuration=41407, QueueBufferDuration=1110937, GpuCompleted=9223372036854775807, SwapBuffersCompleted=319130537168, DisplayPresentTime=0,
12-14 03:27:31.095 639 653 I mpu_uart: [MSG-P:R]:recv sync frame timeout
12-14 03:27:31.107 0 0 W swapper/0: type=1400 audit(0.0:753): avc: denied { kill } for capability=5 scontext=u:r:kernel:s0 tcontext=u:r:kernel:s0 tclass=capability permissive=0
01-01 10:01:58.689 0 0 D : mv2112_read_status
01-01 10:01:58.690 0 0 D mv2112_update_link: 3.0x901(1G): 0x80
01-01 10:01:58.690 0 0 D mv2112_update_link: 3.0x8109(100M): 0x8
01-01 10:01:58.690 0 0 D mv2112_update_link: link 0x0
01-01 10:01:58.690 0 0 D mv2112_read_status: autoneg is disabled
12-14 03:27:31.906 639 654 I mpu_uart: [MSG-P:RECV]:No message received in 1000 ms
12-14 03:27:31.930 2392 4610 I OpenGLRenderer: Davey! duration=9223371716752ms; Flags=0, FrameTimelineVsyncId=6755, IntendedVsync=320102350630, Vsync=320102350630, InputEventId=0, HandleInputStart=320103311074, AnimationStart=320103314251, PerformTraversalsStart=320103316751, DrawStart=320127187949, FrameDeadline=320135683962, FrameInterval=320103303782, FrameStartTime=16666666, SyncQueued=320128366595, SyncStart=320128468470, IssueDrawCommandsStart=320129226126, SwapBuffers=320132086595, FrameCompleted=9223372036854775807, DequeueBufferDuration=40260, QueueBufferDuration=1000416, GpuCompleted=9223372036854775807, SwapBuffersCompleted=320133716387, DisplayPresentTime=0,
12-14 03:27:32.107 0 0 W swapper/0: type=1400 audit(0.0:754): avc: denied { kill } for capability=5 scontext=u:r:kernel:s0 tcontext=u:r:kernel:s0 tclass=capability permissive=0
01-01 10:01:59.713 0 0 D : mv2112_read_status
01-01 10:01:59.714 0 0 D mv2112_update_link: 3.0x901(1G): 0x80
01-01 10:01:59.714 0 0 D mv2112_update_link: 3.0x8109(100M): 0x8
01-01 10:01:59.714 0 0 D mv2112_update_link: link 0x0
01-01 10:01:59.714 0 0 D mv2112_read_status: autoneg is disabled
12-14 03:27:32.688 2010 2224 I OpenGLRenderer: Davey! duration=9223371715966ms; Flags=0, FrameTimelineVsyncId=6761, IntendedVsync=320888093972, Vsync=320888093972, InputEventId=0, HandleInputStart=320888947532, AnimationStart=320888951699, PerformTraversalsStart=320888955032, DrawStart=320902398157, FrameDeadline=320904760638, FrameInterval=320888936751, FrameStartTime=16666666, SyncQueued=320902760397, SyncStart=320902843418, IssueDrawCommandsStart=320903088938, SwapBuffers=320904938313, FrameCompleted=9223372036854775807, DequeueBufferDuration=50573, QueueBufferDuration=1013281, GpuCompleted=9223372036854775807, SwapBuffersCompleted=320906444824, DisplayPresentTime=0,
12-14 03:27:32.906 639 654 I mpu_uart: [MSG-P:RECV]:No message received in 1000 ms
12-14 03:27:32.927 2392 4610 I OpenGLRenderer: Davey! duration=9223371715747ms; Flags=0, FrameTimelineVsyncId=6764, IntendedVsync=321107032897, Vsync=321107032897, InputEventId=0, HandleInputStart=321107773365, AnimationStart=321107777115, PerformTraversalsStart=321107780136, DrawStart=321130609824, FrameDeadline=321140366229, FrameInterval=321107761595, FrameStartTime=16666666, SyncQueued=321132183522, SyncStart=321132452220, IssueDrawCommandsStart=321133378574, SwapBuffers=321136551334, FrameCompleted=9223372036854775807, DequeueBufferDuration=50157, QueueBufferDuration=945313, GpuCompleted=9223372036854775807, SwapBuffersCompleted=321138105813, DisplayPresentTime=0,
12-14 03:27:33.107 331 331 W kworker/u16:10: type=1400 audit(0.0:755): avc: denied { kill } for capability=5 scontext=u:r:kernel:s0 tcontext=u:r:kernel:s0 tclass=capability permissive=0
01-01 10:02:00.737 0 0 D : mv2112_read_status
01-01 10:02:00.738 0 0 D mv2112_update_link: 3.0x901(1G): 0x80
01-01 10:02:00.738 0 0 D mv2112_update_link: 3.0x8109(100M): 0x8
01-01 10:02:00.738 0 0 D mv2112_update_link: link 0x0
01-01 10:02:00.738 0 0 D mv2112_read_status: autoneg is disabled
12-14 03:27:33.647 2732 2732 I hpplay-java: [main]:ServerTaskManager:task run out of time
12-14 03:27:33.647 2732 2732 I hpplay-java: [main]:ServerTaskManager:cancelTimeOutCheck
12-14 03:27:33.647 2732 2732 I hpplay-java: [main]:ServerTaskManager:exeTask ignore, reason: TaskList is clear
12-14 03:27:33.793 2732 4994 D hpplay-base: [LelinkMDNS:766] devicePermissionPublic leboPermissionCheck:-2
12-14 03:27:33.794 2732 4994 D hpplay-base: [jniBridge:1125] com_hpplay_sdk_sink_protocol_Bridge_WHAT_SERVER_ERROR
12-14 03:27:33.794 2732 4994 D hpplay-base: [jniBridge:1726] notifyJava, what:204, castType:0, mimeType:0 baseStatus:2
12-14 03:27:33.794 2732 4994 D hpplay-base: [jniBridge:1727] notifyJava sessionID:(null)
12-14 03:27:33.795 2732 4994 I hpplay-java: [Thread-64]:Bridge:notify: what: 204
12-14 03:27:33.797 2732 4994 I hpplay-java: [Thread-64]:Bridge:notify: out: OutParameters:{audioSessionId=-1, audiotrackIndex=0, castHandleType=-1, castType=0, deviceName='', dlnaName='', dramaID='', extra=-2002, frameHandleType=-1, handleInside=true, headduration=0, header='', headers=null, isAD=false, isMultiMirror=false, lelinkVer='', limitTime=0, , mediaAlbum='null', mediaAlbumArtURI='', mediaArtist='null', mediaAssets='', mediaTitle='null', mimeType=0, multiSession=null, period=0, pinCode='', playSpeed=0.0, playerChoice=0, plugin=0, port=0, position=0.0, positionUnit=2, protocol=0, realSessionID='', regType='', , sinkIp='', sourceAPPVersion='', sourceChannel='', sourceClientInfo='', sourceDeviceInfo='', sourceDeviceModel='', sourceDeviceName='', sourceDeviceType=0, sourceHID='', , sourceInfo='', , , sourceOSVersion='', sourceSDKVersion='', sourceUid='', stopDetail=0, stopReason=0, tailduration=0, url='', urlID='', urls=null, userAgent='', videoDecoder=0, volume=0, what=204}com.hpplay.sdk.sink.protocol.OutParameters@8731af7
12-14 03:27:33.797 2732 4994 I hpplay-java: [Thread-64]:Bridge:notify: address:222555492
12-14 03:27:33.797 2732 4994 I hpplay-base: [mDNSEmbeded:79] embedded_mDNSLoop stopmDNSNow:0 nPublish:-2 nExitFlag:6 tid is 4994
12-14 03:27:33.797 2732 2732 I hpplay-java: [main]:Bridge:findServiceID start out: 222555492
12-14 03:27:33.797 2732 2732 I hpplay-java: [main]:Bridge:findServiceID end
12-14 03:27:33.797 2732 2732 E hpplay-java: [main]:ServerTaskManager:onError 204/-2002 com.hht.lebocast.LelinkHelper$e@b408ac8
12-14 03:27:33.797 2732 2732 I hpplay-java: [main]:ServerTaskManager:cancelTimeOutCheck
12-14 03:27:33.799 2732 2732 W hpplay-java: [main]:ServerTaskManager:onErrorDispatcher errorCode:-2002
12-14 03:27:33.799 2732 2732 I hpplay-java: [main]:ServerTaskManager:onError retry later
12-14 03:27:33.906 639 654 I mpu_uart: [MSG-P:RECV]:No message received in 1000 ms
