01-01 09:56:52.064 0 0 I binder : 2783:2783 ioctl 40046210 7fe9b90604 returned -22
12-14 03:22:24.933 1490 1606 W ActivityManager: Slow operation: 98ms so far, now at startProcess: returned from zygote!
12-14 03:22:24.936 1490 2502 D CompatibilityChangeReporter: Compat change id reported: 168419799; UID 10083; state: DISABLED
12-14 03:22:24.938 1490 1944 I BackupManagerService: isBackupEnabled() => false due to absent settings file
12-14 03:22:24.938 1490 1944 D BackupManagerService: user:0 readBackupEnableState enabled:false
12-14 03:22:24.938 1490 1944 I BackupManagerService: [UserID:0] Backup enabled => false
12-14 03:22:24.938 1490 1604 I UsageStatsService: User[0] Flushing usage stats to disk
12-14 03:22:24.943 1490 1522 D CompatibilityChangeReporter: Compat change id reported: 168419799; UID 10053; state: DISABLED
12-14 03:22:24.944 1490 2730 V BackupManagerConstants: getKeyValueBackupIntervalMilliseconds(...) returns 14400000
12-14 03:22:24.944 1490 2730 V BackupManagerConstants: getKeyValueBackupFuzzMilliseconds(...) returns 600000
12-14 03:22:24.944 1490 2730 V BackupManagerConstants: getKeyValueBackupRequiredNetworkType(...) returns 1
12-14 03:22:24.944 1490 2730 V BackupManagerConstants: getKeyValueBackupRequireCharging(...) returns true
12-14 03:22:24.944 1490 2730 V KeyValueBackupJob: Scheduling k/v pass in 249 minutes
01-01 09:56:52.084 0 0 I binder : 2789:2789 ioctl 40046210 7fe9b90604 returned -22
12-14 03:22:24.947 1490 1606 W ActivityManager: Slow operation: 111ms so far, now at startProcess: done updating battery stats
12-14 03:22:24.947 1490 1606 W ActivityManager: Slow operation: 111ms so far, now at startProcess: building log message
12-14 03:22:24.947 1490 1606 I ActivityManager: Start proc 2801:com.qualcomm.qti.qccnetstat/u0a87 for added application com.qualcomm.qti.qccnetstat
12-14 03:22:24.947 1490 1606 W ActivityManager: Slow operation: 111ms so far, now at startProcess: starting to update pids map
12-14 03:22:24.949 1490 1606 W ActivityManager: Slow operation: 114ms so far, now at startProcess: done updating pids map
01-01 09:56:52.087 0 0 I binder : 2753:2753 ioctl 40046210 7fe9b8f4f4 returned -22
12-14 03:22:24.950 1490 1606 W ActivityManager: Slow operation: 113ms so far, now at startProcess: asking zygote to start proc
12-14 03:22:24.950 1490 1606 D CompatibilityChangeReporter: Compat change id reported: 143937733; UID 10084; state: ENABLED
12-14 03:22:24.952 1490 1522 D CompatibilityChangeReporter: Compat change id reported: 168419799; UID 10074; state: DISABLED
01-01 09:56:52.096 0 0 I binder : 2801:2801 ioctl 40046210 7fe9b90604 returned -22
12-14 03:22:24.959 1490 1606 W ActivityManager: Slow operation: 122ms so far, now at startProcess: returned from zygote!
12-14 03:22:24.959 1490 1606 W ActivityManager: Slow operation: 123ms so far, now at startProcess: done updating battery stats
12-14 03:22:24.959 1490 1606 W ActivityManager: Slow operation: 123ms so far, now at startProcess: building log message
12-14 03:22:24.959 1490 1606 I ActivityManager: Start proc 2834:com.qualcomm.qti.workloadclassifier/u0a84 for added application com.qualcomm.qti.workloadclassifier
12-14 03:22:24.959 1490 1606 W ActivityManager: Slow operation: 123ms so far, now at startProcess: starting to update pids map
12-14 03:22:24.960 1490 1606 W ActivityManager: Slow operation: 123ms so far, now at startProcess: done updating pids map
12-14 03:22:24.960 1490 1606 W ActivityManager: Slow operation: 123ms so far, now at startProcess: asking zygote to start proc
12-14 03:22:24.960 1490 1606 D CompatibilityChangeReporter: Compat change id reported: 143937733; UID 10079; state: ENABLED
12-14 03:22:24.967 1490 1606 W ActivityManager: Slow operation: 130ms so far, now at startProcess: returned from zygote!
12-14 03:22:24.967 1490 1606 W ActivityManager: Slow operation: 130ms so far, now at startProcess: done updating battery stats
12-14 03:22:24.967 1490 1606 W ActivityManager: Slow operation: 130ms so far, now at startProcess: building log message
12-14 03:22:24.967 1490 1606 I ActivityManager: Start proc 2837:com.qualcomm.location/u0a79 for added application com.qualcomm.location
12-14 03:22:24.967 1490 1606 W ActivityManager: Slow operation: 130ms so far, now at startProcess: starting to update pids map
12-14 03:22:24.967 1490 1606 W ActivityManager: Slow operation: 130ms so far, now at startProcess: done updating pids map
12-14 03:22:24.967 1490 1606 W ActivityManager: Slow operation: 57ms so far, now at startProcess: asking zygote to start proc
12-14 03:22:24.967 1490 1606 D CompatibilityChangeReporter: Compat change id reported: 143937733; UID 10095; state: ENABLED
01-01 09:56:52.108 0 0 I binder : 2834:2834 ioctl 40046210 7fe9b90604 returned -22
12-14 03:22:24.974 1490 2502 D CompatibilityChangeReporter: Compat change id reported: 168419799; UID 10087; state: DISABLED
01-01 09:56:52.112 0 0 E msm-dwc3 a600000.ssusb: Could not get usb psy
12-14 03:22:24.976 1490 1606 W ActivityManager: Slow operation: 66ms so far, now at startProcess: returned from zygote!
12-14 03:22:24.977 1490 1606 W ActivityManager: Slow operation: 67ms so far, now at startProcess: done updating battery stats
12-14 03:22:24.977 1490 1606 I Watchdog: Interesting Java process com.android.providers.media.module started. Pid 2855
12-14 03:22:24.977 1490 1606 W ActivityManager: Slow operation: 68ms so far, now at startProcess: building log message
12-14 03:22:24.977 1490 1606 I ActivityManager: Start proc 2855:com.android.providers.media.module/u0a95 for service {com.android.providers.media.module/com.android.providers.media.fuse.ExternalStorageServiceImpl}
12-14 03:22:24.977 1490 1606 W ActivityManager: Slow operation: 68ms so far, now at startProcess: starting to update pids map
12-14 03:22:24.978 1490 1606 W ActivityManager: Slow operation: 69ms so far, now at startProcess: done updating pids map
12-14 03:22:24.983 1490 1522 D CompatibilityChangeReporter: Compat change id reported: 168419799; UID 10084; state: DISABLED
01-01 09:56:52.138 0 0 I binder : 2855:2855 ioctl 40046210 7fe9b90604 returned -22
01-01 09:56:52.142 0 0 I binder : 2837:2837 ioctl 40046210 7fe9b90604 returned -22
12-14 03:22:25.006 1490 2502 D CompatibilityChangeReporter: Compat change id reported: 168419799; UID 10095; state: DISABLED
01-01 09:56:52.150 0 0 E bt_ioctl: BT_CMD_PWR_CTRL pwr_cntrl:2
01-01 09:56:52.150 0 0 E bt_vreg_unvote: vreg_unvote successful for : qca,bt-vdd-rfa2
01-01 09:56:52.150 0 0 E bt_vreg_unvote: vreg_unvote successful for : qca,bt-vdd-rfa1
01-01 09:56:52.150 0 0 E bt_vreg_unvote: vreg_unvote successful for : qca,bt-vdd-dig
01-01 09:56:52.150 0 0 E bt_vreg_unvote: vreg_unvote successful for : qca,bt-vdd-aon
12-14 03:22:25.015 1490 2580 D CompatibilityChangeReporter: Compat change id reported: 168419799; UID 10079; state: DISABLED
01-01 09:56:52.163 0 0 I binder : 2543:2857 ioctl 40046210 6cf323b254 returned -22
01-01 09:56:52.182 0 0 W QSEECOM : __qseecom_unload_app: App (7) is unloaded
01-01 09:56:52.183 0 0 D qbt : qbt_release: entry minor_no=0 fd_available=0
01-01 09:56:52.183 0 0 D qbt : qbt_release: Releasing wakelock
01-01 09:56:52.183 0 0 D qbt : qbt_release: exit : fd_available=1
01-01 09:56:52.183 0 0 D qbt : qbt_release: entry minor_no=1 fd_available=1
01-01 09:56:52.183 0 0 D qbt : qbt_release: exit : fd_available=1
12-14 03:22:25.035 1490 1604 D CompatibilityChangeReporter: Compat change id reported: 135634846; UID 1000; state: DISABLED
12-14 03:22:25.036 1490 1604 D CompatibilityChangeReporter: Compat change id reported: 177438394; UID 1000; state: DISABLED
12-14 03:22:25.036 1490 1604 D CompatibilityChangeReporter: Compat change id reported: 135772972; UID 1000; state: DISABLED
12-14 03:22:25.036 1490 1604 D CompatibilityChangeReporter: Compat change id reported: 135754954; UID 1000; state: ENABLED
12-14 03:22:25.043 1490 1606 I ActivityManager: Start proc 2914:com.android.keychain/1000 for service {com.android.keychain/com.android.keychain.KeyChainService}
12-14 03:22:25.050 1490 1490 W Looper : Slow dispatch took 347ms main h=android.os.Handler c=com.android.server.biometrics.sensors.fingerprint.hidl.Fingerprint21$$ExternalSyntheticLambda2@9a4ddd5 m=0
12-14 03:22:25.050 1490 1490 D BiometricScheduler/Fingerprint21: [Added] {[1] FingerprintUpdateActiveUserClient, proto=1, owner=android, cookie=0, requestId=-1, userId=0}, new queue size: 1
12-14 03:22:25.050 1490 1490 V BiometricScheduler/Fingerprint21: Not idle, current operation: {[0] FingerprintUpdateActiveUserClient, proto=1, owner=android, cookie=0, requestId=-1, userId=0}, State: 2
12-14 03:22:25.050 1490 1490 D BiometricScheduler/Fingerprint21: [Added] {[2] FingerprintInternalCleanupClient, proto=7, owner=android, cookie=0, requestId=-1, userId=0}, new queue size: 2
12-14 03:22:25.050 1490 1490 V BiometricScheduler/Fingerprint21: Not idle, current operation: {[0] FingerprintUpdateActiveUserClient, proto=1, owner=android, cookie=0, requestId=-1, userId=0}, State: 2
12-14 03:22:25.050 1490 1490 W Looper : Slow delivery took 348ms main h=android.os.Handler c=com.android.server.biometrics.sensors.fingerprint.hidl.Fingerprint21$$ExternalSyntheticLambda12@b734db m=0
01-01 09:56:52.193 0 0 I zram0 : detected capacity change from 0 to 4294967296
12-14 03:22:25.066 1490 1490 I NotificationHistory: Attempted to unlock gone/disabled user 0
01-01 09:56:52.207 0 0 E msm-dwc3 a600000.ssusb: Could not get usb psy
01-01 09:56:52.207 0 0 I android_work: did not send uevent (0 0 0000000000000000)
12-14 03:22:25.072 1490 1918 I GameModeConfig: isGameModeOn = false
01-01 09:56:52.213 0 0 I binder : 2914:2914 ioctl 40046210 7fe9b90604 returned -22
12-14 03:22:25.074 1490 1918 I GameModeConfig: isGameModeOn = false
12-14 03:22:25.074 1490 1918 I GameModeConfig: isGameModeOn = false
12-14 03:22:25.078 1490 1918 I GameModeConfig: isGameModeOn = false
12-14 03:22:25.079 1490 1490 V NotificationAssistants: disabling notification assistant for user 0: ComponentInfo{android.ext.services/android.ext.services.notification.Assistant}
12-14 03:22:25.079 1490 1490 D NotificationListeners: Removing active service ComponentInfo{android.ext.services/android.ext.services.notification.Assistant}
12-14 03:22:25.079 1490 2133 D CompatibilityChangeReporter: Compat change id reported: 168419799; UID 1000; state: DISABLED
12-14 03:22:25.083 1490 1490 V NotificationAssistants: enabling notification assistant for 0: ComponentInfo{android.ext.services/android.ext.services.notification.Assistant}
12-14 03:22:25.083 1490 1490 V NotificationAssistants: binding: Intent { act=android.service.notification.NotificationAssistantService cmp=android.ext.services/.notification.Assistant (has extras) }
12-14 03:22:25.084 1490 1490 D CompatibilityChangeReporter: Compat change id reported: 168419799; UID 10096; state: DISABLED
01-01 09:56:52.226 0 0 I binder : 2837:2939 ioctl 40046210 6d50716934 returned -22
12-14 03:22:25.099 1490 1908 D CompatibilityChangeReporter: Compat change id reported: 168419799; UID 10085; state: DISABLED
01-01 09:56:52.237 0 0 I : Adding 4194300k swap on /dev/block/zram0. Priority:32758 extents:1 across:4194300k SS
12-14 03:22:25.101 1490 2773 I StorageUserConnection: Service: [ComponentInfo{com.android.providers.media.module/com.android.providers.media.fuse.ExternalStorageServiceImpl}] connected. User [0]
12-14 03:22:25.107 1490 1908 D CompatibilityChangeReporter: Compat change id reported: 168419799; UID 1000; state: DISABLED
12-14 03:22:25.109 1490 1490 I GameModeConfig: isGameModeOn = false
12-14 03:22:25.109 1490 1490 W NotificationHistory: Attempted to add notif for locked/gone/disabled user 0
12-14 03:22:25.110 1490 1997 I SyncManager: Loaded persisted syncs: 0 periodic syncs, 0 oneshot syncs, 16 total system server jobs, JobStats: FirstLoad: 5/4/0 LastSave: -1/-1/-1
12-14 03:22:25.111 1490 1595 D BluetoothManagerService: MESSAGE_BLUETOOTH_STATE_CHANGE: BLE_TURNING_ON > BLE_ON
12-14 03:22:25.112 1490 1595 D BluetoothManagerService: Bluetooth is in LE only mode
12-14 03:22:25.112 1490 1595 D BluetoothManagerService: Binding Bluetooth GATT service
12-14 03:22:25.113 1490 1490 D BiometricScheduler/Fingerprint21: [Finishing] {[0] FingerprintUpdateActiveUserClient, proto=1, owner=android, cookie=0, requestId=-1, userId=0}, success: true
12-14 03:22:25.113 1490 1490 D BiometricScheduler/Fingerprint21: [Polled] {[1] FingerprintUpdateActiveUserClient, proto=1, owner=android, cookie=0, requestId=-1, userId=0}, State: 0
12-14 03:22:25.113 1490 1490 D BiometricScheduler/Fingerprint21: [Starting] {[1] FingerprintUpdateActiveUserClient, proto=1, owner=android, cookie=0, requestId=-1, userId=0}, State: 0
12-14 03:22:25.113 1490 1490 D BiometricScheduler/Fingerprint21: [Started] {[1] FingerprintUpdateActiveUserClient, proto=1, owner=android, cookie=0, requestId=-1, userId=0}
12-14 03:22:25.113 1490 1595 D BluetoothManagerService: Sending BLE State Change: BLE_TURNING_ON > BLE_ON
01-01 09:56:52.251 0 0 D qbt : qbt_open: entry minor_no=0 fd_available=1
01-01 09:56:52.251 0 0 D qbt : qbt_open: exit : 0 fd_available=0
01-01 09:56:52.251 0 0 D qbt : qbt_open: entry minor_no=1 fd_available=0
01-01 09:56:52.251 0 0 D qbt : qbt_open: exit : 0 fd_available=0
01-01 09:56:52.252 0 0 D qbt : qbt_ioctl: cmd received 107
01-01 09:56:52.252 0 0 D qbt : qbt_ioctl: Acquiring wakelock
12-14 03:22:25.129 1490 2502 D CompatibilityChangeReporter: Compat change id reported: 135634846; UID 10073; state: DISABLED
12-14 03:22:25.130 1490 2502 D CompatibilityChangeReporter: Compat change id reported: 177438394; UID 10073; state: DISABLED
12-14 03:22:25.130 1490 2502 D CompatibilityChangeReporter: Compat change id reported: 135772972; UID 10073; state: DISABLED
12-14 03:22:25.130 1490 2502 D CompatibilityChangeReporter: Compat change id reported: 135754954; UID 10073; state: ENABLED
12-14 03:22:25.131 1490 1606 D CompatibilityChangeReporter: Compat change id reported: 143937733; UID 10073; state: ENABLED
01-01 09:56:52.273 0 0 W QSEECOM : qseecom_load_app: App (fingerpr) does'nt exist, loading apps for first time
12-14 03:22:25.139 1490 1606 I ActivityManager: Start proc 2968:com.qualcomm.location.XT/u0a73 for service {com.qualcomm.location.XT/com.qualcomm.location.XT.XTSrv}
01-01 09:56:52.291 0 0 I binder : 2968:2968 ioctl 40046210 7fe9b90604 returned -22
12-14 03:22:25.157 1490 2133 D CompatibilityChangeReporter: Compat change id reported: 157233955; UID 10079; state: DISABLED
01-01 09:56:52.294 0 0 I android_work: sent uevent USB_STATE=CONNECTED
12-14 03:22:25.158 1490 2502 D CompatibilityChangeReporter: Compat change id reported: 168419799; UID 10073; state: DISABLED
12-14 03:22:25.164 1490 1605 D CompatibilityChangeReporter: Compat change id reported: 135634846; UID 10018; state: DISABLED
12-14 03:22:25.164 1490 1605 D CompatibilityChangeReporter: Compat change id reported: 177438394; UID 10018; state: DISABLED
12-14 03:22:25.165 1490 1605 D CompatibilityChangeReporter: Compat change id reported: 135772972; UID 10018; state: DISABLED
12-14 03:22:25.165 1490 1605 D CompatibilityChangeReporter: Compat change id reported: 135754954; UID 10018; state: ENABLED
12-14 03:22:25.165 1490 1606 D CompatibilityChangeReporter: Compat change id reported: 143937733; UID 10018; state: ENABLED
12-14 03:22:25.167 2363 2363 W ContextImpl: Calling a method in the system process without a qualified user: android.app.ContextImpl.startService:1816 android.content.ContextWrapper.startService:774 android.content.ContextWrapper.startService:774 com.qualcomm.qti.qdma.app.BootReceiver.onBootReceived:115 com.qualcomm.qti.innodme.InnoBootReceiver.onReceive:22
12-14 03:22:25.174 1490 1606 I ActivityManager: Start proc 2992:android.process.media/u0a18 for broadcast {com.android.mtp/com.android.mtp.MtpReceiver}
01-01 09:56:52.315 0 0 E msm-dwc3 a600000.ssusb: Could not get usb psy
12-14 03:22:25.180 1490 2502 W FreeFormWindowHelper: getCurrentDisplayedFreeFormTask is null
01-01 09:56:52.326 0 0 I configfs-gadget gadget: high-speed config #1: b
01-01 09:56:52.326 0 0 E msm-dwc3 a600000.ssusb: Could not get usb psy
01-01 09:56:52.326 0 0 I android_work: sent uevent USB_STATE=CONFIGURED
12-14 03:22:25.191 1490 1522 D CompatibilityChangeReporter: Compat change id reported: 135634846; UID 10086; state: DISABLED
12-14 03:22:25.192 1490 1522 D CompatibilityChangeReporter: Compat change id reported: 177438394; UID 10086; state: DISABLED
12-14 03:22:25.192 1490 1522 D CompatibilityChangeReporter: Compat change id reported: 135772972; UID 10086; state: DISABLED
12-14 03:22:25.192 1490 1522 D CompatibilityChangeReporter: Compat change id reported: 135754954; UID 10086; state: ENABLED
12-14 03:22:25.192 1490 1606 D CompatibilityChangeReporter: Compat change id reported: 143937733; UID 10086; state: ENABLED
01-01 09:56:52.331 0 0 I binder : 2992:2992 ioctl 40046210 7fe9b90604 returned -22
01-01 09:56:52.332 0 0 I binder : 2968:3009 ioctl 40046210 6d559d9944 returned -22
12-14 03:22:25.198 1490 2502 D CompatibilityChangeReporter: Compat change id reported: 182478738; UID 1001; state: DISABLED
12-14 03:22:25.205 1490 1522 D CompatibilityChangeReporter: Compat change id reported: 174042980; UID 1000; state: DISABLED
12-14 03:22:25.207 1490 1908 D CompatibilityChangeReporter: Compat change id reported: 168419799; UID 10018; state: DISABLED
12-14 03:22:25.211 1490 1606 I ActivityManager: Start proc 3024:com.qualcomm.qtil.aptxui/u0a86 for broadcast {com.qualcomm.qtil.aptxui/com.qualcomm.qtil.aptxui.aptxuiBootReceiver}
12-14 03:22:25.215 1490 1908 D CompatibilityChangeReporter: Compat change id reported: 168419799; UID 10080; state: DISABLED
01-01 09:56:52.363 0 0 I binder : 3024:3024 ioctl 40046210 7fe9b90604 returned -22
12-14 03:22:25.228 1490 2056 W FreeFormWindowHelper: getCurrentDisplayedFreeFormTask is null
12-14 03:22:25.229 1490 2502 D CompatibilityChangeReporter: Compat change id reported: 168419799; UID 10086; state: DISABLED
12-14 03:22:25.246 1490 3079 W FreeFormWindowHelper: getCurrentDisplayedFreeFormTask is null
12-14 03:22:25.254 1490 1918 I GameModeConfig: isGameModeOn = false
12-14 03:22:25.254 1490 1918 I GameModeConfig: isGameModeOn = false
12-14 03:22:25.255 1490 1918 I GameModeConfig: isGameModeOn = false
12-14 03:22:25.271 1490 1597 I ActivityRecord: real home.....com.android.launcher3/.uioverrides.QuickstepLauncher
12-14 03:22:25.271 1490 1597 I WindowManager: ******* TELLING SURFACE FLINGER WE ARE BOOTED!
01-01 09:56:52.410 0 0 W QSEECOM : qseecom_load_app: App with id 8 (fingerpr) now loaded
12-14 03:22:25.307 1490 2121 D CompatibilityChangeReporter: Compat change id reported: 168419799; UID 10054; state: DISABLED
01-01 09:56:52.453 0 0 I binder : 2171:2171 ioctl 40046210 7fe9b8ff94 returned -22
12-14 03:22:25.319 2272 2272 W ContextImpl: Calling a method in the system process without a qualified user: android.app.ContextImpl.startService:1816 android.content.ContextWrapper.startService:774 android.content.ContextWrapper.startService:774 vendor.qti.qesdk.sysservice.QesdkSysReceiver.onReceive:42 android.app.ActivityThread.handleReceiver:4309
12-14 03:22:25.323 1490 2580 D CompatibilityChangeReporter: Compat change id reported: 168419799; UID 10064; state: DISABLED
12-14 03:22:25.331 1490 2056 D CompatibilityChangeReporter: Compat change id reported: 135634846; UID 10034; state: DISABLED
12-14 03:22:25.331 1490 2056 D CompatibilityChangeReporter: Compat change id reported: 177438394; UID 10034; state: DISABLED
12-14 03:22:25.331 1490 2056 D CompatibilityChangeReporter: Compat change id reported: 135772972; UID 10034; state: DISABLED
12-14 03:22:25.331 1490 2056 D CompatibilityChangeReporter: Compat change id reported: 135754954; UID 10034; state: ENABLED
12-14 03:22:25.332 1490 1606 D CompatibilityChangeReporter: Compat change id reported: 143937733; UID 10034; state: ENABLED
12-14 03:22:25.337 1490 2056 D CompatibilityChangeReporter: Compat change id reported: 135634846; UID 10032; state: DISABLED
12-14 03:22:25.337 1490 2056 D CompatibilityChangeReporter: Compat change id reported: 177438394; UID 10032; state: DISABLED
12-14 03:22:25.338 1490 2056 D CompatibilityChangeReporter: Compat change id reported: 135772972; UID 10032; state: DISABLED
12-14 03:22:25.338 1490 2056 D CompatibilityChangeReporter: Compat change id reported: 135754954; UID 10032; state: DISABLED
12-14 03:22:25.338 1490 1606 I ActivityManager: Start proc 3130:com.android.traceur/u0a34 for broadcast {com.android.traceur/com.android.traceur.Receiver}
12-14 03:22:25.340 1490 1606 D CompatibilityChangeReporter: Compat change id reported: 143937733; UID 10032; state: DISABLED
12-14 03:22:25.347 1490 1606 I ActivityManager: Start proc 3132:com.baidu.input/u0a32 for service {com.baidu.input/com.baidu.input.ImeService}
01-01 09:56:52.487 0 0 I binder : 3130:3130 ioctl 40046210 7fe9b90604 returned -22
12-14 03:22:25.355 1490 2056 D CompatibilityChangeReporter: Compat change id reported: 168419799; UID 10034; state: DISABLED
01-01 09:56:52.505 0 0 I binder : 3132:3132 ioctl 40046210 7fe9b90604 returned -22
12-14 03:22:25.370 1490 3119 D CompatibilityChangeReporter: Compat change id reported: 168419799; UID 10032; state: DISABLED
01-01 09:56:52.514 0 0 D : mv2112_read_status
01-01 09:56:52.515 0 0 D mv2112_update_link: 3.0x901(1G): 0x80
01-01 09:56:52.515 0 0 D mv2112_update_link: 3.0x8109(100M): 0x8
01-01 09:56:52.515 0 0 D mv2112_update_link: link 0x0
01-01 09:56:52.515 0 0 D mv2112_read_status: autoneg is disabled
12-14 03:22:25.436 1490 1490 W Looper : Slow dispatch took 324ms main h=android.os.Handler c=com.android.server.biometrics.sensors.BiometricScheduler$InternalCallback$$ExternalSyntheticLambda0@d799d09 m=0
12-14 03:22:25.437 1490 1490 D BluetoothManagerService: Bluetooth Adapter address changed to F0:74:E4:3A:18:78
12-14 03:22:25.437 1490 1490 D BluetoothManagerService: Stored Bluetoothaddress: F0:74:E4:3A:18:78
12-14 03:22:25.437 1490 1490 D BluetoothManagerService: Bluetooth Adapter name changed to QCOM-BTD by android
01-01 09:56:52.574 0 0 W QSEECOM : __qseecom_unload_app: App (8) is unloaded
01-01 09:56:52.574 0 0 D qbt : qbt_release: entry minor_no=0 fd_available=0
01-01 09:56:52.574 0 0 D qbt : qbt_release: Releasing wakelock
01-01 09:56:52.574 0 0 D qbt : qbt_release: exit : fd_available=1
01-01 09:56:52.574 0 0 D qbt : qbt_release: entry minor_no=1 fd_available=1
01-01 09:56:52.574 0 0 D qbt : qbt_release: exit : fd_available=1
01-01 09:56:52.578 0 0 D qbt : qbt_open: entry minor_no=0 fd_available=1
01-01 09:56:52.578 0 0 D qbt : qbt_open: exit : 0 fd_available=0
01-01 09:56:52.578 0 0 D qbt : qbt_open: entry minor_no=1 fd_available=0
01-01 09:56:52.578 0 0 D qbt : qbt_open: exit : 0 fd_available=0
01-01 09:56:52.578 0 0 D qbt : qbt_ioctl: cmd received 107
01-01 09:56:52.578 0 0 D qbt : qbt_ioctl: Acquiring wakelock
12-14 03:22:25.437 1490 1490 D BluetoothManagerService: Stored Bluetooth name: QCOM-BTD
12-14 03:22:25.437 1490 1490 V NotificationAssistants: 0 notification assistant service connected: ComponentInfo{android.ext.services/android.ext.services.notification.Assistant}
12-14 03:22:25.437 1490 1490 D BluetoothManagerService: Bluetooth Adapter address changed to F0:74:E4:3A:18:78
12-14 03:22:25.437 1490 1490 D BluetoothManagerService: Stored Bluetoothaddress: F0:74:E4:3A:18:78
12-14 03:22:25.438 1490 1490 D CompanionDeviceManagerService: Received BT state transition broadcast: BLE_TURNING_ON -> BLE_ON
12-14 03:22:25.438 1490 1490 I CompanionDeviceManagerService: startBleScan()
12-14 03:22:25.438 1490 1490 D BluetoothManagerService: BluetoothServiceConnection: com.android.bluetooth.gatt.GattService
12-14 03:22:25.438 1490 1595 D BluetoothManagerService: MESSAGE_BLUETOOTH_SERVICE_CONNECTED: 2
12-14 03:22:25.438 1490 1595 D BluetoothManagerService: continueFromBleOnState()
12-14 03:22:25.439 1490 1490 D BiometricScheduler/Fingerprint21: [Finishing] {[1] FingerprintUpdateActiveUserClient, proto=1, owner=android, cookie=0, requestId=-1, userId=0}, success: true
12-14 03:22:25.439 1490 1490 D BiometricScheduler/Fingerprint21: [Polled] {[2] FingerprintInternalCleanupClient, proto=7, owner=android, cookie=0, requestId=-1, userId=0}, State: 0
12-14 03:22:25.439 1490 1490 D BiometricScheduler/Fingerprint21: [Starting] {[2] FingerprintInternalCleanupClient, proto=7, owner=android, cookie=0, requestId=-1, userId=0}, State: 0
12-14 03:22:25.439 1490 1490 D BiometricScheduler/Fingerprint21: [Started] {[2] FingerprintInternalCleanupClient, proto=7, owner=android, cookie=0, requestId=-1, userId=0}
12-14 03:22:25.439 1490 1490 D Biometrics/InternalCleanupClient: Starting enumerate: {[3] FingerprintInternalEnumerateClient, proto=6, owner=android, cookie=0, requestId=-1, userId=0}
12-14 03:22:25.439 1490 1490 W Looper : Drained
12-14 03:22:25.443 1490 1595 D BluetoothManagerService: Persisting Bluetooth Setting: 1
12-14 03:22:25.446 1490 1595 D BluetoothManagerService: MESSAGE_BLUETOOTH_STATE_CHANGE: BLE_ON > TURNING_ON
12-14 03:22:25.446 1490 1595 D BluetoothManagerService: Sending BLE State Change: BLE_ON > TURNING_ON
12-14 03:22:25.455 1490 1595 D BluetoothManagerService: Sending State Change: OFF > TURNING_ON
12-14 03:22:25.456 1490 1490 D CompanionDeviceManagerService: Received BT state transition broadcast: BLE_ON -> TURNING_ON
01-01 09:56:52.598 0 0 W QSEECOM : qseecom_load_app: App (fingerpr) does'nt exist, loading apps for first time
12-14 03:22:25.467 1490 1918 I GameModeConfig: isGameModeOn = false
12-14 03:22:25.467 1490 1918 I GameModeConfig: isGameModeOn = false
12-14 03:22:25.467 1490 1918 I GameModeConfig: isGameModeOn = false
12-14 03:22:25.469 1490 1918 I GameModeConfig: isGameModeOn = false
12-14 03:22:25.469 1490 1918 I GameModeConfig: isGameModeOn = false
12-14 03:22:25.469 1490 1918 I GameModeConfig: isGameModeOn = false
12-14 03:22:25.480 1490 2580 D CompatibilityChangeReporter: Compat change id reported: 168419799; UID 10069; state: DISABLED
12-14 03:22:25.484 2361 2361 E AndroidRuntime: FATAL EXCEPTION: main
12-14 03:22:25.484 2361 2361 E AndroidRuntime: Process: com.qualcomm.qti.devicestatisticsservice, PID: 2361
12-14 03:22:25.484 2361 2361 E AndroidRuntime: java.lang.NoClassDefFoundError: Failed resolution of: Landroid/hidl/manager/V1_0/IServiceNotification$Stub;
12-14 03:22:25.484 2361 2361 E AndroidRuntime: at com.qualcomm.qti.devicestatisticsservice.DeviceStatisticsService.onStartCommand(DeviceStatisticsService.java:83)
12-14 03:22:25.484 2361 2361 E AndroidRuntime: at android.app.ActivityThread.handleServiceArgs(ActivityThread.java:4640)
12-14 03:22:25.484 2361 2361 E AndroidRuntime: at android.app.ActivityThread.access$2000(ActivityThread.java:248)
12-14 03:22:25.484 2361 2361 E AndroidRuntime: at android.app.ActivityThread$H.handleMessage(ActivityThread.java:2092)
12-14 03:22:25.484 2361 2361 E AndroidRuntime: at android.os.Handler.dispatchMessage(Handler.java:106)
12-14 03:22:25.484 2361 2361 E AndroidRuntime: at android.os.Looper.loopOnce(Looper.java:201)
12-14 03:22:25.484 2361 2361 E AndroidRuntime: at android.os.Looper.loop(Looper.java:288)
12-14 03:22:25.484 2361 2361 E AndroidRuntime: at android.app.ActivityThread.main(ActivityThread.java:7880)
12-14 03:22:25.484 2361 2361 E AndroidRuntime: at java.lang.reflect.Method.invoke(Native Method)
12-14 03:22:25.484 2361 2361 E AndroidRuntime: at com.android.internal.os.RuntimeInit$MethodAndArgsCaller.run(RuntimeInit.java:548)
12-14 03:22:25.484 2361 2361 E AndroidRuntime: at com.android.internal.os.ZygoteInit.main(ZygoteInit.java:1009)
12-14 03:22:25.484 2361 2361 E AndroidRuntime: Caused by: java.lang.ClassNotFoundException: android.hidl.manager.V1_0.IServiceNotification$Stub
12-14 03:22:25.484 2361 2361 E AndroidRuntime: ... 11 more
12-14 03:22:25.487 1490 3214 I DropBoxManagerService: add tag=system_app_crash isTagEnabled=true flags=0x2
12-14 03:22:25.491 1490 1490 E BootReceiver: Could not open /sys/kernel/tracing/instances/bootreceiver/trace_pipe
12-14 03:22:25.491 1490 1490 E BootReceiver: android.system.ErrnoException: open failed: ENOENT (No such file or directory)
12-14 03:22:25.491 1490 1490 E BootReceiver: at libcore.io.Linux.open(Native Method)
12-14 03:22:25.491 1490 1490 E BootReceiver: at libcore.io.ForwardingOs.open(ForwardingOs.java:567)
12-14 03:22:25.491 1490 1490 E BootReceiver: at libcore.io.BlockGuardOs.open(BlockGuardOs.java:273)
12-14 03:22:25.491 1490 1490 E BootReceiver: at android.system.Os.open(Os.java:501)
12-14 03:22:25.491 1490 1490 E BootReceiver: at com.android.server.BootReceiver.onReceive(BootReceiver.java:167)
12-14 03:22:25.491 1490 1490 E BootReceiver: at android.app.ActivityThread.handleReceiver(ActivityThread.java:4309)
12-14 03:22:25.491 1490 1490 E BootReceiver: at android.app.ActivityThread.access$1600(ActivityThread.java:248)
12-14 03:22:25.491 1490 1490 E BootReceiver: at android.app.ActivityThread$H.handleMessage(ActivityThread.java:2065)
12-14 03:22:25.491 1490 1490 E BootReceiver: at android.os.Handler.dispatchMessage(Handler.java:106)
12-14 03:22:25.491 1490 1490 E BootReceiver: at android.os.Looper.loopOnce(Looper.java:201)
12-14 03:22:25.491 1490 1490 E BootReceiver: at android.os.Looper.loop(Looper.java:288)
12-14 03:22:25.491 1490 1490 E BootReceiver: at com.android.server.SystemServer.run(SystemServer.java:908)
12-14 03:22:25.491 1490 1490 E BootReceiver: at com.android.server.SystemServer.main(SystemServer.java:615)
12-14 03:22:25.491 1490 1490 E BootReceiver: at java.lang.reflect.Method.invoke(Native Method)
12-14 03:22:25.491 1490 1490 E BootReceiver: at com.android.internal.os.RuntimeInit$MethodAndArgsCaller.run(RuntimeInit.java:548)
12-14 03:22:25.491 1490 1490 E BootReceiver: at com.android.internal.os.ZygoteInit.main(ZygoteInit.java:987)
12-14 03:22:25.492 1490 1605 I DropBoxManagerService: add tag=system_server_wtf isTagEnabled=true flags=0x2
12-14 03:22:25.497 1490 2580 I ActivityManager: Process com.qualcomm.qti.devicestatisticsservice (pid 2361) has died: pers PER
12-14 03:22:25.497 1490 2580 W ActivityManager: Scheduling restart of crashed service com.qualcomm.qti.devicestatisticsservice/.DeviceStatisticsService in 0ms for persistent
12-14 03:22:25.497 1490 2580 W ActivityManager: Re-adding persistent process ProcessRecord{8a03adb 2361:com.qualcomm.qti.devicestatisticsservice/u0a69}
12-14 03:22:25.498 1490 2580 D CompatibilityChangeReporter: Compat change id reported: 135634846; UID 10069; state: DISABLED
12-14 03:22:25.498 1490 2580 D CompatibilityChangeReporter: Compat change id reported: 177438394; UID 10069; state: DISABLED
12-14 03:22:25.498 1490 2580 D CompatibilityChangeReporter: Compat change id reported: 135772972; UID 10069; state: DISABLED
12-14 03:22:25.498 1490 2580 D CompatibilityChangeReporter: Compat change id reported: 135754954; UID 10069; state: ENABLED
12-14 03:22:25.498 1490 1606 D CompatibilityChangeReporter: Compat change id reported: 143937733; UID 10069; state: ENABLED
12-14 03:22:25.499 1490 3215 I DropBoxManagerService: add tag=SYSTEM_BOOT isTagEnabled=true flags=0x2
12-14 03:22:25.500 1490 1918 I GameModeConfig: isGameModeOn = false
12-14 03:22:25.500 1490 1918 I GameModeConfig: isGameModeOn = false
12-14 03:22:25.500 1490 1918 I GameModeConfig: isGameModeOn = false
12-14 03:22:25.501 1490 3215 I BootReceiver: Copying audit failures to DropBox
12-14 03:22:25.502 1490 3215 I BootReceiver: Checking for fsck errors
12-14 03:22:25.503 1490 1606 I ActivityManager: Start proc 3220:com.qualcomm.qti.devicestatisticsservice/u0a69 for restart com.qualcomm.qti.devicestatisticsservice
12-14 03:22:25.503 1490 3215 I BootReceiver: fs_stat, partition:persist stat:0x3
12-14 03:22:25.504 1490 3215 I BootReceiver: fs_stat, partition:dsp_a stat:0x3
12-14 03:22:25.519 1490 1522 W StorageManagerService: Reporting emulated;0 unmounted due to system locked
01-01 09:56:52.659 0 0 I binder : 3220:3220 ioctl 40046210 7fe9b90604 returned -22
12-14 03:22:25.528 1490 1522 D CompatibilityChangeReporter: Compat change id reported: 168419799; UID 10074; state: DISABLED
12-14 03:22:25.532 1490 1918 I GameModeConfig: isGameModeOn = false
12-14 03:22:25.532 1490 1918 I GameModeConfig: isGameModeOn = false
12-14 03:22:25.533 1490 1918 I GameModeConfig: isGameModeOn = false
12-14 03:22:25.553 1490 2056 D CompatibilityChangeReporter: Compat change id reported: 135634846; UID 1000; state: DISABLED
12-14 03:22:25.554 1490 2056 D CompatibilityChangeReporter: Compat change id reported: 177438394; UID 1000; state: DISABLED
12-14 03:22:25.554 1490 2056 D CompatibilityChangeReporter: Compat change id reported: 135772972; UID 1000; state: DISABLED
12-14 03:22:25.554 1490 2056 D CompatibilityChangeReporter: Compat change id reported: 135754954; UID 1000; state: ENABLED
01-01 09:56:52.695 0 0 I binder : 2789:3248 ioctl 40046210 6d50717604 returned -22
12-14 03:22:25.563 1490 1490 I Telecom : BluetoothDeviceManager: Got BluetoothHearingAid: android.bluetooth.BluetoothHearingAid@e85c487: BMSL.oSC@AAs
12-14 03:22:25.570 1490 1606 I ActivityManager: Start proc 3258:com.qti.diagservices/1000 for broadcast {com.qti.diagservices/com.qti.diagservices.Diag_OnBoot}
12-14 03:22:25.570 1490 1595 D BluetoothManagerService: MESSAGE_BLUETOOTH_STATE_CHANGE: TURNING_ON > ON
12-14 03:22:25.570 1490 1595 D BluetoothManagerService: Broadcasting onBluetoothStateChange(true) to 10 receivers.
12-14 03:22:25.570 1490 1595 D BluetoothManagerService: Creating new ProfileServiceConnections object for profile: 1
12-14 03:22:25.571 1490 1595 W BluetoothManagerService: psc is not null in bindBluetoothProfileService
12-14 03:22:25.571 1490 1595 D BluetoothManagerService: Sending BLE State Change: TURNING_ON > ON
12-14 03:22:25.572 1490 2121 D CompatibilityChangeReporter: Compat change id reported: 135634846; UID 10021; state: DISABLED
12-14 03:22:25.572 1490 2121 D CompatibilityChangeReporter: Compat change id reported: 177438394; UID 10021; state: DISABLED
12-14 03:22:25.572 1490 2121 D CompatibilityChangeReporter: Compat change id reported: 135772972; UID 10021; state: DISABLED
12-14 03:22:25.572 1490 2121 D CompatibilityChangeReporter: Compat change id reported: 135754954; UID 10021; state: ENABLED
12-14 03:22:25.572 1490 1606 D CompatibilityChangeReporter: Compat change id reported: 143937733; UID 10021; state: ENABLED
12-14 03:22:25.573 1490 1595 D BluetoothManagerService: Sending State Change: TURNING_ON > ON
12-14 03:22:25.573 1490 1490 D CompanionDeviceManagerService: Received BT state transition broadcast: TURNING_ON -> ON
12-14 03:22:25.573 1490 1490 I CompanionDeviceManagerService: startBleScan()
01-01 09:56:52.714 0 0 W QSEECOM : qseecom_load_app: App with id 9 (fingerpr) now loaded
12-14 03:22:25.580 1490 1606 I ActivityManager: Start proc 3262:android.process.acore/u0a21 for content provider {com.android.providers.contacts/com.android.providers.contacts.ContactsProvider2}
01-01 09:56:52.734 0 0 I binder : 3258:3258 ioctl 40046210 7fe9b90604 returned -22
01-01 09:56:52.736 0 0 I binder : 3262:3262 ioctl 40046210 7fe9b90604 returned -22
12-14 03:22:25.607 1490 2121 D CompatibilityChangeReporter: Compat change id reported: 168419799; UID 10021; state: DISABLED
12-14 03:22:25.641 3258 3258 W ContextImpl: Calling a method in the system process without a qualified user: android.app.ContextImpl.startService:1816 android.content.ContextWrapper.startService:774 android.content.ContextWrapper.startService:774 com.qti.diagservices.Diag_OnBoot.onReceive:40 android.app.ActivityThread.handleReceiver:4309
12-14 03:22:25.659 1490 2580 D CountryDetector: The first listener is added
01-01 09:56:52.862 0 0 W QSEECOM : __qseecom_unload_app: App (9) is unloaded
01-01 09:56:52.862 0 0 D qbt : qbt_release: entry minor_no=0 fd_available=0
01-01 09:56:52.862 0 0 D qbt : qbt_release: Releasing wakelock
01-01 09:56:52.862 0 0 D qbt : qbt_release: exit : fd_available=1
01-01 09:56:52.862 0 0 D qbt : qbt_release: entry minor_no=1 fd_available=1
01-01 09:56:52.862 0 0 D qbt : qbt_release: exit : fd_available=1
12-14 03:22:25.724 1490 1490 D Fingerprint21: handleError, client: FingerprintInternalCleanupClient, error: 2, vendorCode: 0
12-14 03:22:25.725 1490 1490 E Fingerprint21: onError for non-error consumer: FingerprintInternalCleanupClient
01-01 09:56:52.954 0 0 I IRQ 5 : no longer affine to CPU7
01-01 09:56:53.061 0 0 W audit : audit_lost=1 audit_rate_limit=5 audit_backlog_limit=64
01-01 09:56:53.061 0 0 E audit : rate limit exceeded
12-14 03:22:26.104 512 512 I vold : Bind mounting /mnt/runtime/default/emulated/0/Android/data on /mnt/user/0/emulated/0/Android/data
12-14 03:22:26.104 512 512 I vold : Bind mounted /mnt/runtime/default/emulated/0/Android/data on /mnt/user/0/emulated/0/Android/data
12-14 03:22:26.104 512 512 I vold : Bind mounting /mnt/runtime/default/emulated/0/Android/obb on /mnt/user/0/emulated/0/Android/obb
12-14 03:22:26.105 512 512 I vold : Bind mounted /mnt/runtime/default/emulated/0/Android/obb on /mnt/user/0/emulated/0/Android/obb
12-14 03:22:26.105 512 512 I vold : Bind mounting /mnt/runtime/write/emulated/0/Android/obb on /mnt/installer/0/emulated/0/Android/obb
12-14 03:22:26.105 512 512 I vold : Bind mounted /mnt/runtime/write/emulated/0/Android/obb on /mnt/installer/0/emulated/0/Android/obb
12-14 03:22:26.105 512 512 I vold : Configuring read_ahead of /mnt/user/0/emulated fuse filesystem to 256kb
12-14 03:22:26.105 512 512 I vold : Writing 256 to /sys/class/bdi/0:84/read_ahead_kb
12-14 03:22:26.105 512 512 I vold : Configuring max_ratio of /mnt/user/0/emulated fuse filesystem to 40
12-14 03:22:26.105 512 512 I vold : Writing 40 to /sys/class/bdi/0:84/max_ratio
12-14 03:22:26.106 1490 1826 I StorageManagerService: Mounted volume VolumeInfo{emulated;0}:
12-14 03:22:26.106 1490 1826 I StorageManagerService: type=EMULATED diskId=null partGuid= mountFlags=PRIMARY|VISIBLE
12-14 03:22:26.106 1490 1826 I StorageManagerService: mountUserId=0 state=MOUNTED
12-14 03:22:26.106 1490 1826 I StorageManagerService: fsType=null fsUuid=null fsLabel=null
12-14 03:22:26.106 1490 1826 I StorageManagerService: path=/storage/emulated internalPath=/data/media
12-14 03:22:26.107 1490 1826 I StorageSessionController: Notifying volume state changed for session with id: emulated;0
12-14 03:22:26.111 1490 3119 W StorageManagerService: Reporting emulated;0 unmounted due to system locked
12-14 03:22:26.112 1490 2580 W StorageManagerService: Reporting emulated;0 unmounted due to system locked
12-14 03:22:26.113 1490 2580 W StorageManagerService: Reporting emulated;0 unmounted due to system locked
12-14 03:22:26.114 1490 2580 W StorageManagerService: Reporting emulated;0 unmounted due to system locked
12-14 03:22:26.114 1490 2580 W StorageManagerService: Reporting emulated;0 unmounted due to system locked
12-14 03:22:26.115 1490 2580 W StorageManagerService: Reporting emulated;0 unmounted due to system locked
12-14 03:22:26.117 1490 1826 I StorageSessionController: Notifying volume state changed for session with id: emulated;0
12-14 03:22:26.122 1490 1826 I StorageSessionController: Notifying volume state changed for session with id: emulated;0
12-14 03:22:26.130 1490 2580 D CompatibilityChangeReporter: Compat change id reported: 168419799; UID 10095; state: DISABLED
12-14 03:22:26.137 1490 1826 D StorageManagerService: Volume emulated;0 broadcasting mounted to UserHandle{0}
12-14 03:22:26.138 1490 1826 D StorageManagerService: Volume emulated;0 broadcasting checking to UserHandle{0}
12-14 03:22:26.139 1490 1826 D StorageManagerService: Volume emulated;0 broadcasting mounted to UserHandle{0}
12-14 03:22:26.178 1490 3119 D CompatibilityChangeReporter: Compat change id reported: 149924527; UID 10095; state: ENABLED
12-14 03:22:26.178 1490 3119 D CompatibilityChangeReporter: Compat change id reported: 132649864; UID 10095; state: DISABLED
12-14 03:22:26.178 1490 3119 D CompatibilityChangeReporter: Compat change id reported: 182734110; UID 10095; state: DISABLED
12-14 03:22:26.245 1490 2580 D CompatibilityChangeReporter: Compat change id reported: 172100307; UID 10095; state: DISABLED
01-01 09:56:53.421 0 0 W cnss-daemon: DMS thread joined succesfully
01-01 09:56:53.421 0 0 W cnss-daemon: wlfw_stop: Stop done: 0
01-01 09:56:53.421 0 0 W cnss-daemon: wlfw_start: Starting
01-01 09:56:53.423 0 0 W cnss-daemon: ro.baseband : [apq]
01-01 09:56:53.423 0 0 W cnss-daemon: Hardware supports external modem
01-01 09:56:53.424 0 0 W cnss-daemon: wlfw_service_request: Start the pthread: 0x0K
01-01 09:56:53.431 0 0 W cnss-daemon: pm_release_vote: pm_handle is NULL
01-01 09:56:53.431 0 0 W cnss-daemon: pm_release_vote: pm_handle is NULL
01-01 09:56:53.432 0 0 W cnss-daemon: wlfw_build_cal_table: not read /data/vendor/wifi/wlfw_cal_00.bin
01-01 09:56:53.433 0 0 W cnss-daemon: wlfw_build_cal_table: not read /data/vendor/wifi/wlfw_cal_02.bin
01-01 09:56:53.438 0 0 D cnss : Received QMI WLFW request memory indication
01-01 09:56:53.438 0 0 D cnss : FW requests for memory, size: 0x5e0000, type: 1
01-01 09:56:53.438 0 0 D cnss : FW requests for memory, size: 0xd8000, type: 4
01-01 09:56:53.438 0 0 D cnss : Posting event: REQUEST_MEM(2), state: 0x11 flags: 0x0
01-01 09:56:53.438 0 0 D cnss : PM stay awake, state: 0x11, count: 1
01-01 09:56:53.438 0 0 D cnss : PM relax, state: 0x11, count: 0
01-01 09:56:53.438 0 0 D cnss : PM stay awake, state: 0x11, count: 1
01-01 09:56:53.438 0 0 D cnss : Processing driver event: REQUEST_MEM(2), state: 0x11
01-01 09:56:53.438 0 0 D cnss : Sending respond memory message, state: 0x11
01-01 09:56:53.438 0 0 D cnss : Memory for FW, va: 0x0000000000000000, pa: 0x00000000a1000000, size: 0x5e0000, type: 1
01-01 09:56:53.438 0 0 D cnss : Memory for FW, va: 0x0000000000000000, pa: 0x00000000a1600000, size: 0xd8000, type: 4
01-01 09:56:53.442 0 0 D cnss : PM relax, state: 0x11, count: 0
01-01 09:56:53.443 0 0 D cnss : Received QMI WLFW FW memory ready indication
01-01 09:56:53.443 0 0 D cnss : Posting event: FW_MEM_READY(3), state: 0x11 flags: 0x0
01-01 09:56:53.443 0 0 D cnss : PM stay awake, state: 0x11, count: 1
01-01 09:56:53.443 0 0 D cnss : PM relax, state: 0x11, count: 0
01-01 09:56:53.443 0 0 D cnss : PM stay awake, state: 0x11, count: 1
01-01 09:56:53.443 0 0 D cnss : Processing driver event: FW_MEM_READY(3), state: 0x11
01-01 09:56:53.443 0 0 D cnss : Sending target capability message, state: 0x13
01-01 09:56:53.455 0 0 D cnss : Voltage for CPR: 948mV
01-01 09:56:53.455 0 0 D cnss : Update TCS CMD data address 0x000000000b2e5844 with voltage 950mV
01-01 09:56:53.455 0 0 D cnss : Device frequency is 24000000 HZ
01-01 09:56:53.455 0 0 D cnss : Target capability: chip_id: 0x0, chip_family: 0xb, board_id: 0xff, soc_id: 0xffffffff, fw_version: 0x101a0521, fw_build_timestamp: 2021-12-20 07:54, fw_build_id: QC_IMAGE_VERSION_STRING=WLAN.HST.1.0.1.r1-01313-QCAHSTSWPL_SILICONZ-1, otp_version: 0x480020
01-01 09:56:53.455 0 0 D cnss : Sending BDF download message, state: 0x13, type: 4
01-01 09:56:53.455 0 0 D cnss : FW name added with prefix: qca6390/regdb.bin
01-01 09:56:53.455 0 0 W cnss2 b0000000.qcom,cnss-qca6390: Falling back to syfs fallback for: qca6390/regdb.bin
01-01 09:56:53.462 0 0 I ueventd : firmware: loading 'qca6390/regdb.bin' for '/devices/platform/soc/b0000000.qcom,cnss-qca6390/firmware/qca6390!regdb.bin'
01-01 09:56:53.463 0 0 E ueventd : firmware: could not find firmware for qca6390/regdb.bin
01-01 09:56:53.463 0 0 E ueventd : firmware: attempted /etc/firmware/qca6390/regdb.bin, open failed: No such file or directory
01-01 09:56:53.463 0 0 E ueventd : firmware: attempted /odm/firmware/qca6390/regdb.bin, open failed: No such file or directory
01-01 09:56:53.463 0 0 E ueventd : firmware: attempted /vendor/firmware/qca6390/regdb.bin, open failed: No such file or directory
01-01 09:56:53.463 0 0 E ueventd : firmware: attempted /firmware/image/qca6390/regdb.bin, open failed: No such file or directory
01-01 09:56:53.463 0 0 E ueventd : firmware: attempted /vendor/firmware_mnt/image/qca6390/regdb.bin, open failed: No such file or directory
01-01 09:56:53.463 0 0 E cnss : Failed to load BDF: qca6390/regdb.bin
01-01 09:56:53.463 0 0 D cnss : Sending BDF download message, state: 0x13, type: 1
01-01 09:56:53.463 0 0 D cnss : FW name added with prefix: qca6390/bdwlan.elf
01-01 09:56:53.463 0 0 W cnss2 b0000000.qcom,cnss-qca6390: Falling back to syfs fallback for: qca6390/bdwlan.elf
01-01 09:56:53.469 0 0 I ueventd : loading /devices/platform/soc/b0000000.qcom,cnss-qca6390/firmware/qca6390!regdb.bin took 7ms
01-01 09:56:53.474 0 0 D cnss : Downloading BDF: qca6390/bdwlan.elf, size: 57908
01-01 09:56:53.511 0 0 D cnss : Sending M3 information message, state: 0x13
01-01 09:56:53.511 0 0 D cnss : M3 memory, va: 0x0000000000000000, pa: 0x00000000a1800000, size: 0x411bc
01-01 09:56:53.513 0 0 D cnss : PM relax, state: 0x13, count: 0
01-01 09:56:53.513 0 0 D cnss : Received QMI WLFW FW initialization done indication
01-01 09:56:53.513 0 0 D cnss : Posting event: FW_READY(4), state: 0x13 flags: 0x0
01-01 09:56:53.513 0 0 D cnss : PM stay awake, state: 0x13, count: 1
01-01 09:56:53.513 0 0 D cnss : PM relax, state: 0x13, count: 0
01-01 09:56:53.514 0 0 D cnss : PM stay awake, state: 0x13, count: 1
01-01 09:56:53.514 0 0 D cnss : Processing driver event: FW_READY(4), state: 0x13
01-01 09:56:53.514 0 0 D cnss : PCIE Gen speed not setup
12-14 03:22:26.391 1490 1918 I GameModeConfig: isGameModeOn = false
12-14 03:22:26.391 1490 1918 I GameModeConfig: isGameModeOn = false
12-14 03:22:26.391 1490 1918 I GameModeConfig: isGameModeOn = false
01-01 09:56:53.528 0 0 W : (NULL device *): Falling back to syfs fallback for: wlan/qca_cld/qca6390/WCNSS_qcom_cfg.ini
01-01 09:56:53.542 0 0 D : mv2112_read_status
01-01 09:56:53.542 0 0 D mv2112_update_link: 3.0x901(1G): 0x80
01-01 09:56:53.542 0 0 D mv2112_update_link: 3.0x8109(100M): 0x8
01-01 09:56:53.542 0 0 D mv2112_update_link: link 0x0
01-01 09:56:53.542 0 0 D mv2112_read_status: autoneg is disabled
01-01 09:56:53.546 0 0 I [kworke][0x1348d127][03:22:26.408380] wlan: [809:I:HDD] hdd_pm_qos_add_request: 9360: Set cpu_mask 0f for affine_cores
01-01 09:56:53.546 0 0 I [kworke][0x1348d18a][03:22:26.408385] wlan: [809:I:HDD] hdd_pm_qos_add_request: 9362: Set cpu_mask 0f for affine_cores
01-01 09:56:53.546 0 0 D cnss : Sending ini sync request, state: 0x17, fw_log_mode: 1
01-01 09:56:53.551 0 0 I [kworke][0x134a559e][03:22:26.413560] wlan: [809:I:HIF] Initializing Runtime PM wakelock &sc->prevent_linkdown_lock
01-01 09:56:53.551 0 0 I [kworke][0x134a567e][03:22:26.413571] wlan: [809:I:HIF] hif_pci_enable_bus: con_mode = 0x0, WLAN_SOC_device_id = 0x1101
01-01 09:56:53.551 0 0 I [kworke][0x134a56e9][03:22:26.413576] wlan: [809:I:HIF] hif_pci_enable_bus: hif_enable_pci done
01-01 09:56:53.551 0 0 I [kworke][0x134a63e6][03:22:26.413750] wlan: [809:I:HIF] *********** QCA6390 *************
01-01 09:56:53.551 0 0 I [kworke][0x134a64a2][03:22:26.413759] wlan: [809:I:HIF] hif_pci_enable_bus: hif_type = 0x12, target_type = 0x17
01-01 09:56:53.551 0 0 I [kworke][0x134a64db][03:22:26.413762] wlan: [809:I:HIF] hif_register_tbl_attach: HIF_TYPE_QCA6390
01-01 09:56:53.551 0 0 I [kworke][0x134a650b][03:22:26.413765] wlan: [809:I:HIF] hif_target_register_tbl_attach: TARGET_TYPE_QCA6390
01-01 09:56:53.551 0 0 I [kworke][0x134a6537][03:22:26.413767] wlan: [809:I:HIF] hif_pci_enable_bus:Skip tgt_wake up for srng devices
01-01 09:56:53.552 0 0 E [kworke][0x134a6e2d][03:22:26.413887] wlan: [809:E:TXRX] hif_print_hal_shadow_register_cfg: num_config 28
01-01 09:56:53.552 0 0 I [kworke][0x134a6ed0][03:22:26.413895] wlan: [809:I:TXRX] hif_print_hal_shadow_register_cfg: i 0, val a3b034
01-01 09:56:53.552 0 0 I [kworke][0x134a6ef5][03:22:26.413897] wlan: [809:I:TXRX] hif_print_hal_shadow_register_cfg: i 1, val a3b03c
01-01 09:56:53.552 0 0 I [kworke][0x134a6fc9][03:22:26.413908] wlan: [809:I:TXRX] hif_print_hal_shadow_register_cfg: i 2, val a3b044
01-01 09:56:53.552 0 0 I [kworke][0x134a6feb][03:22:26.413910] wlan: [809:I:TXRX] hif_print_hal_shadow_register_cfg: i 3, val a3b04c
01-01 09:56:53.552 0 0 I [kworke][0x134a7010][03:22:26.413912] wlan: [809:I:TXRX] hif_print_hal_shadow_register_cfg: i 4, val a3b054
01-01 09:56:53.552 0 0 I [kworke][0x134a7036][03:22:26.413914] wlan: [809:I:TXRX] hif_print_hal_shadow_register_cfg: i 5, val a3b028
01-01 09:56:53.552 0 0 I [kworke][0x134a7058][03:22:26.413915] wlan: [809:I:TXRX] hif_print_hal_shadow_register_cfg: i 6, val a3b020
01-01 09:56:53.552 0 0 I [kworke][0x134a7079][03:22:26.413917] wlan: [809:I:TXRX] hif_print_hal_shadow_register_cfg: i 7, val a3b06c
01-01 09:56:53.552 0 0 I [kworke][0x134a709b][03:22:26.413919] wlan: [809:I:TXRX] hif_print_hal_shadow_register_cfg: i 8, val a46000
01-01 09:56:53.552 0 0 I [kworke][0x134a70be][03:22:26.413921] wlan: [809:I:TXRX] hif_print_hal_shadow_register_cfg: i 9, val a46008
01-01 09:56:53.552 0 0 I [kworke][0x134a70e2][03:22:26.413923] wlan: [809:I:TXRX] hif_print_hal_shadow_register_cfg: i 10, val a46010
01-01 09:56:53.552 0 0 I [kworke][0x134a7107][03:22:26.413925] wlan: [809:I:TXRX] hif_print_hal_shadow_register_cfg: i 11, val a46018
01-01 09:56:53.552 0 0 I [kworke][0x134a712a][03:22:26.413926] wlan: [809:I:TXRX] hif_print_hal_shadow_register_cfg: i 12, val a46034
01-01 09:56:53.552 0 0 I [kworke][0x134a714c][03:22:26.413928] wlan: [809:I:TXRX] hif_print_hal_shadow_register_cfg: i 13, val a370b0
01-01 09:56:53.552 0 0 I [kworke][0x134a716f][03:22:26.413930] wlan: [809:I:TXRX] hif_print_hal_shadow_register_cfg: i 14, val a37018
01-01 09:56:53.552 0 0 I [kworke][0x134a7194][03:22:26.413932] wlan: [809:I:TXRX] hif_print_hal_shadow_register_cfg: i 15, val a370c4
01-01 09:56:53.552 0 0 I [kworke][0x134a71b8][03:22:26.413934] wlan: [809:I:TXRX] hif_print_hal_shadow_register_cfg: i 16, val a370cc
01-01 09:56:53.552 0 0 I [kworke][0x134a71db][03:22:26.413936] wlan: [809:I:TXRX] hif_print_hal_shadow_register_cfg: i 17, val a370d4
01-01 09:56:53.552 0 0 I [kworke][0x134a71fc][03:22:26.413937] wlan: [809:I:TXRX] hif_print_hal_shadow_register_cfg: i 18, val a370dc
