12-14 03:22:23.243 1490 1490 I SystemServerTiming: OnBootPhase_550_com.android.server.inputmethod.InputMethodManagerService$Lifecycle
12-14 03:22:23.247 1490 1490 W InputMethodManagerService: Default IME is uninstalled. Choose new default IME.
12-14 03:22:23.248 1490 1606 I ActivityManager: Start proc 1998:com.android.bluetooth/1002 for service {com.android.bluetooth/com.android.bluetooth.btservice.AdapterService}
12-14 03:22:23.258 1490 1490 I SystemServerTiming: OnBootPhase_550_com.android.server.accessibility.AccessibilityManagerService$Lifecycle
12-14 03:22:23.258 1490 1490 I SystemServerTiming: OnBootPhase_550_com.android.server.StorageManagerService$Lifecycle
12-14 03:22:23.258 1490 1490 I SystemServerTiming: OnBootPhase_550_com.android.server.usage.StorageStatsService$Lifecycle
12-14 03:22:23.258 1490 1490 I SystemServerTiming: OnBootPhase_550_com.android.server.UiModeManagerService
12-14 03:22:23.258 1490 1490 I SystemServerTiming: OnBootPhase_550_com.android.server.locksettings.LockSettingsService$Lifecycle
12-14 03:22:23.258 1490 1490 I RebootEscrowManager: No reboot escrow data found for users, skipping loading escrow data
12-14 03:22:23.258 1490 1490 I SystemServerTiming: OnBootPhase_550_com.android.server.PersistentDataBlockService
12-14 03:22:23.258 1490 1490 I SystemServerTiming: OnBootPhase_550_com.android.server.testharness.TestHarnessModeService
12-14 03:22:23.258 1490 1490 I SystemServerTiming: OnBootPhase_550_com.android.server.oemlock.OemLockService
12-14 03:22:23.258 1490 1490 I SystemServerTiming: OnBootPhase_550_com.android.server.DeviceIdleController
12-14 03:22:23.258 1490 1490 I SystemServerTiming: OnBootPhase_550_com.android.server.devicepolicy.DevicePolicyManagerService$Lifecycle
12-14 03:22:23.258 1490 1490 I SystemServerTiming: OnBootPhase_550_com.android.server.texttospeech.TextToSpeechManagerService
12-14 03:22:23.258 1490 1490 I SystemServerTiming: OnBootPhase_550_com.android.server.speech.SpeechRecognitionManagerService
12-14 03:22:23.258 1490 1490 I SystemServerTiming: OnBootPhase_550_com.android.server.searchui.SearchUiManagerService
12-14 03:22:23.258 1490 1490 I SystemServerTiming: OnBootPhase_550_com.android.server.smartspace.SmartspaceManagerService
12-14 03:22:23.258 1490 1490 I SystemServerTiming: OnBootPhase_550_com.android.server.graphics.fonts.FontManagerService$Lifecycle
12-14 03:22:23.259 1490 1490 I SystemServerTiming: OnBootPhase_550_com.android.server.textservices.TextServicesManagerService$Lifecycle
12-14 03:22:23.259 1490 1490 I SystemServerTiming: OnBootPhase_550_com.android.server.textclassifier.TextClassificationManagerService$Lifecycle
12-14 03:22:23.259 1490 1490 I SystemServerTiming: OnBootPhase_550_com.android.server.NetworkScoreService$Lifecycle
12-14 03:22:23.259 1490 1490 I SystemServerTiming: OnBootPhase_550_com.android.server.wifi.WifiService
12-14 03:22:23.259 1490 1490 I SystemServerTiming: OnBootPhase_550_com.android.server.wifi.scanner.WifiScanningService
12-14 03:22:23.259 1490 1490 I SystemServerTiming: OnBootPhase_550_com.android.server.wifi.rtt.RttService
12-14 03:22:23.259 1490 1490 I SystemServerTiming: OnBootPhase_550_com.android.server.wifi.aware.WifiAwareService
12-14 03:22:23.259 1490 1490 I SystemServerTiming: OnBootPhase_550_com.android.server.wifi.p2p.WifiP2pService
12-14 03:22:23.259 1490 1490 I SystemServerTiming: OnBootPhase_550_com.android.server.ethernet.EthernetService
12-14 03:22:23.259 1490 1490 I SystemServerTiming: OnBootPhase_550_com.android.server.ConnectivityServiceInitializer
12-14 03:22:23.259 1490 1490 I SystemServerTiming: OnBootPhase_550_com.android.server.notification.NotificationManagerService
12-14 03:22:23.259 1490 1490 I SystemServerTiming: OnBootPhase_550_com.android.server.storage.DeviceStorageMonitorService
12-14 03:22:23.259 1490 1490 I SystemServerTiming: OnBootPhase_550_com.android.server.location.LocationManagerService$Lifecycle
12-14 03:22:23.259 1490 1490 I SystemServerTiming: OnBootPhase_550_com.android.server.timedetector.TimeDetectorService$Lifecycle
12-14 03:22:23.259 1490 1490 I SystemServerTiming: OnBootPhase_550_com.android.server.timezonedetector.TimeZoneDetectorService$Lifecycle
12-14 03:22:23.259 1490 1490 I SystemServerTiming: OnBootPhase_550_com.android.server.timezonedetector.location.LocationTimeZoneManagerService$Lifecycle
12-14 03:22:23.259 1490 1490 I SystemServerTiming: OnBootPhase_550_com.android.server.search.SearchManagerService$Lifecycle
12-14 03:22:23.259 1490 1490 I SystemServerTiming: OnBootPhase_550_com.android.server.wallpaper.WallpaperManagerService$Lifecycle
12-14 03:22:23.260 1490 1490 I WallpaperManagerService: No static wallpaper imagery; defaults will be shown
12-14 03:22:23.260 1490 1490 V WallpaperManagerService: bindWallpaperComponentLocked: componentName=ComponentInfo{com.android.systemui/com.android.systemui.ImageWallpaper}
12-14 03:22:23.261 1490 1490 D CompatibilityChangeReporter: Compat change id reported: 135634846; UID 10082; state: DISABLED
12-14 03:22:23.261 1490 1490 D CompatibilityChangeReporter: Compat change id reported: 177438394; UID 10082; state: DISABLED
12-14 03:22:23.261 1490 1490 D CompatibilityChangeReporter: Compat change id reported: 135772972; UID 10082; state: DISABLED
12-14 03:22:23.261 1490 1490 D CompatibilityChangeReporter: Compat change id reported: 135754954; UID 10082; state: ENABLED
12-14 03:22:23.261 1490 1606 D CompatibilityChangeReporter: Compat change id reported: 143937733; UID 10082; state: ENABLED
12-14 03:22:23.263 1490 1490 W WallpaperManagerService: Invalid wallpaper data
12-14 03:22:23.263 1490 1490 E WallpaperManagerService: Unable to apply new wallpaper
12-14 03:22:23.263 1490 1490 I SystemServerTiming: OnBootPhase_550_com.android.server.audio.AudioService$Lifecycle
12-14 03:22:23.263 1490 1490 I SystemServerTiming: OnBootPhase_550_com.android.server.soundtrigger_middleware.SoundTriggerMiddlewareService$Lifecycle
12-14 03:22:23.263 1490 1490 I SystemServerTiming: OnBootPhase_550_com.android.server.DockObserver
12-14 03:22:23.263 1490 1490 I SystemServerTiming: OnBootPhase_550_com.android.server.midi.MidiService$Lifecycle
12-14 03:22:23.263 1490 1490 I SystemServerTiming: OnBootPhase_550_com.android.server.adb.AdbService$Lifecycle
12-14 03:22:23.263 1490 1925 W BluetoothManagerService: bindBluetoothProfileService:Trying to bind to profile: 1, while Bluetooth is disabled
12-14 03:22:23.264 1490 1490 I SystemServerTiming: OnBootPhase_550_com.android.server.usb.UsbService$Lifecycle
12-14 03:22:23.264 1490 1490 I SystemServerTiming: OnBootPhase_550_com.android.server.twilight.TwilightService
12-14 03:22:23.264 1490 1490 I SystemServerTiming: OnBootPhase_550_com.android.server.display.color.ColorDisplayService
12-14 03:22:23.264 1490 1490 I SystemServerTiming: OnBootPhase_550_com.android.server.job.JobSchedulerService
12-14 03:22:23.264 1490 1645 I SystemServerTimingAsync: InitThreadPoolExec:UsbService$Lifecycle#onBootPhase
12-14 03:22:23.264 1490 1490 I SystemServerTiming: OnBootPhase_550_com.android.server.soundtrigger.SoundTriggerService
12-14 03:22:23.264 1490 1490 D SoundTriggerService: onBootPhase: 550 : false
12-14 03:22:23.264 1490 1490 I SystemServerTiming: OnBootPhase_550_com.android.server.trust.TrustManagerService
12-14 03:22:23.264 1490 1490 I SystemServerTiming: OnBootPhase_550_com.android.server.backup.BackupManagerService$Lifecycle
12-14 03:22:23.264 1490 1490 I SystemServerTiming: OnBootPhase_550_com.android.server.appwidget.AppWidgetService
12-14 03:22:23.264 1490 1490 I SystemServerTiming: OnBootPhase_550_com.android.server.voiceinteraction.VoiceInteractionManagerService
12-14 03:22:23.264 1490 1490 I SystemServerTiming: OnBootPhase_550_com.android.server.apphibernation.AppHibernationService
12-14 03:22:23.264 1490 1490 I SystemServerTiming: OnBootPhase_550_com.android.server.GestureLauncherService
12-14 03:22:23.264 1490 1490 I SystemServerTiming: OnBootPhase_550_com.android.server.SensorNotificationService
12-14 03:22:23.264 1490 1490 I SystemServerTiming: OnBootPhase_550_com.android.server.emergency.EmergencyAffordanceService
12-14 03:22:23.264 1490 1490 I SystemServerTiming: OnBootPhase_550_com.android.server.blob.BlobStoreManagerService
12-14 03:22:23.264 1490 1490 I SystemServerTiming: OnBootPhase_550_com.android.server.dreams.DreamManagerService
12-14 03:22:23.264 1490 1490 I SystemServerTiming: OnBootPhase_550_com.android.server.companion.CompanionDeviceManagerService
12-14 03:22:23.264 1490 1490 I SystemServerTiming: OnBootPhase_550_com.android.server.restrictions.RestrictionsManagerService
12-14 03:22:23.264 1490 1490 I SystemServerTiming: OnBootPhase_550_com.android.server.media.MediaSessionService
12-14 03:22:23.264 1490 1490 I SystemServerTiming: OnBootPhase_550_com.android.server.media.MediaResourceMonitorService
12-14 03:22:23.264 1490 1490 I SystemServerTiming: OnBootPhase_550_com.android.server.biometrics.sensors.fingerprint.FingerprintService
12-14 03:22:23.264 1490 1490 I SystemServerTiming: OnBootPhase_550_com.android.server.biometrics.BiometricService
12-14 03:22:23.264 1490 1490 I SystemServerTiming: OnBootPhase_550_com.android.server.biometrics.AuthService
12-14 03:22:23.264 1490 1490 I SystemServerTiming: OnBootPhase_550_com.android.server.pm.ShortcutService$Lifecycle
12-14 03:22:23.264 1490 1490 I SystemServerTiming: OnBootPhase_550_com.android.server.pm.LauncherAppsService
12-14 03:22:23.264 1490 1490 I SystemServerTiming: OnBootPhase_550_com.android.server.pm.CrossProfileAppsService
12-14 03:22:23.264 1490 1490 I SystemServerTiming: OnBootPhase_550_com.android.server.people.PeopleService
12-14 03:22:23.264 1490 1490 I SystemServerTiming: OnBootPhase_550_com.android.server.media.metrics.MediaMetricsManagerService
12-14 03:22:23.264 1490 1490 I SystemServerTiming: OnBootPhase_550_com.android.server.media.projection.MediaProjectionManagerService
12-14 03:22:23.264 1490 1490 I SystemServerTiming: OnBootPhase_550_com.android.server.slice.SliceManagerService$Lifecycle
12-14 03:22:23.264 1490 1490 I SystemServerTiming: OnBootPhase_550_com.android.server.stats.StatsCompanion$Lifecycle
12-14 03:22:23.264 1490 1490 I SystemServerTiming: OnBootPhase_550_com.android.server.scheduling.RebootReadinessManagerService$Lifecycle
12-14 03:22:23.264 1490 1490 I SystemServerTiming: OnBootPhase_550_com.android.server.stats.pull.StatsPullAtomService
12-14 03:22:23.264 1490 1490 I SystemServerTiming: OnBootPhase_550_com.android.server.incident.IncidentCompanionService
12-14 03:22:23.264 1490 1490 I SystemServerTiming: OnBootPhase_550_com.android.server.MmsServiceBroker
12-14 03:22:23.264 1490 1490 I SystemServerTiming: OnBootPhase_550_com.android.server.autofill.AutofillManagerService
12-14 03:22:23.264 1490 1490 I SystemServerTiming: OnBootPhase_550_com.android.server.clipboard.ClipboardService
12-14 03:22:23.264 1490 1490 I SystemServerTiming: OnBootPhase_550_com.android.server.appbinding.AppBindingService$Lifecycle
12-14 03:22:23.265 1490 1814 I UsbPortManager: ClientCallback V1_2:
12-14 03:22:23.265 1490 1490 I AppBindingService: Updating constants with: null
12-14 03:22:23.265 1490 1490 I SystemServerTiming: OnBootPhase_550_com.android.server.tracing.TracingServiceProxy
12-14 03:22:23.265 1490 1490 I SystemServerTiming: OnBootPhase_550_com.android.server.policy.PermissionPolicyService
12-14 03:22:23.265 1490 1593 I UsbPortManager: USB port added: port=UsbPort{id=, supportedModes=nonesupportedContaminantProtectionModes=0supportsEnableContaminantPresenceProtection=falsesupportsEnableContaminantPresenceDetection=false, status=UsbPortStatus{connected=false, currentMode=none, currentPowerRole=no-power, currentDataRole=no-data, supportedRoleCombinations=[no-power:no-data], contaminantDetectionStatus=0, contaminantProtectionStatus=0}, canChangeMode=false, canChangePowerRole=false, canChangeDataRole=false, connectedAtMillis=0, lastConnectDurationMillis=0
01-01 09:56:50.404 0 0 I binder : 1998:1998 ioctl 40046210 7fe9b90604 returned -22
01-01 09:56:50.416 0 0 I binder : 2010:2010 ioctl 40046210 7fe9b90604 returned -22
12-14 03:22:23.284 1490 1606 I ActivityManager: Start proc 2010:com.android.systemui/u0a82 for service {com.android.systemui/com.android.systemui.ImageWallpaper}
12-14 03:22:23.284 1490 1906 D CompatibilityChangeReporter: Compat change id reported: 168419799; UID 1002; state: DISABLED
12-14 03:22:23.286 1490 1490 I PackageManager: Permission ownership changed. Updating all permissions.
12-14 03:22:23.295 1490 1490 I SystemServerTiming: OnBootPhase_550_com.android.server.pm.StagingManager$Lifecycle
12-14 03:22:23.295 1490 1490 I SystemServerTiming: OnBootPhase_550_com.android.server.app.GameManagerService$Lifecycle
12-14 03:22:23.295 1490 1490 I SystemServerTiming: OnBootPhase_550_com.android.server.appsearch.AppSearchManagerService
12-14 03:22:23.295 1490 1490 I SystemServerTiming: OnBootPhase_550_com.android.server.media.MediaCommunicationService
12-14 03:22:23.295 1490 1490 I SystemServerTiming: StartObservingNativeCrashes
12-14 03:22:23.296 1490 1490 I SystemServerTiming: RegisterAppOpsPolicy
12-14 03:22:23.299 1490 1908 D CompatibilityChangeReporter: Compat change id reported: 168419799; UID 10082; state: DISABLED
12-14 03:22:23.302 1490 1490 I SystemServerTiming: MakeNetworkManagementServiceReady
12-14 03:22:23.302 1490 1654 I SystemServerTimingAsync: InitThreadPoolExec:WebViewFactoryPreparation
12-14 03:22:23.302 1490 1654 I SystemServer: WebViewFactoryPreparation
12-14 03:22:23.302 1490 1654 I SystemServerTimingAsync: WebViewFactoryPreparation
12-14 03:22:23.303 1490 1654 D CompatibilityChangeReporter: Compat change id reported: 135634846; UID 1000; state: DISABLED
12-14 03:22:23.303 1490 1654 D CompatibilityChangeReporter: Compat change id reported: 177438394; UID 1000; state: DISABLED
12-14 03:22:23.303 1490 1654 D CompatibilityChangeReporter: Compat change id reported: 135772972; UID 1000; state: DISABLED
12-14 03:22:23.303 1490 1654 D CompatibilityChangeReporter: Compat change id reported: 178038272; UID 1000; state: DISABLED
12-14 03:22:23.304 1490 1490 I SystemServerTiming: MakeIpSecServiceReady
12-14 03:22:23.306 1490 1490 D IpSecService: IpSecService is ready
12-14 03:22:23.306 1490 1490 I SystemServerTiming: MakeNetworkStatsServiceReady
12-14 03:22:23.308 1490 1876 W NetworkPolicy: setRestrictBackgroundUL: already false
12-14 03:22:23.322 1490 1490 I SystemServerTiming: MakeConnectivityServiceReady
12-14 03:22:23.338 1490 1490 I SystemServerTiming: MakeVpnManagerServiceReady
12-14 03:22:23.342 1490 1490 I SystemServerTiming: MakeVcnManagementServiceReady
12-14 03:22:23.349 1490 1490 I SystemServerTiming: MakeNetworkPolicyServiceReady
12-14 03:22:23.349 1490 1490 I SystemServerTiming: PhaseThirdPartyAppsCanStart
12-14 03:22:23.349 1490 1490 I SystemServiceManager: Starting phase 600
12-14 03:22:23.349 1490 1490 I SystemServerTiming: OnBootPhase_600
12-14 03:22:23.349 1490 1490 I SystemServerTiming: OnBootPhase_600_com.android.server.security.FileIntegrityService
12-14 03:22:23.349 1490 1490 I SystemServerTiming: OnBootPhase_600_com.android.server.pm.Installer
12-14 03:22:23.349 1490 1490 I SystemServerTiming: OnBootPhase_600_com.android.server.os.DeviceIdentifiersPolicyService
12-14 03:22:23.349 1490 1490 I SystemServerTiming: OnBootPhase_600_com.android.server.uri.UriGrantsManagerService$Lifecycle
12-14 03:22:23.349 1490 1490 I SystemServerTiming: OnBootPhase_600_com.android.server.powerstats.PowerStatsService
12-14 03:22:23.349 1490 1490 I SystemServerTiming: OnBootPhase_600_com.android.server.wm.ActivityTaskManagerService$Lifecycle
12-14 03:22:23.349 1490 1490 I SystemServerTiming: OnBootPhase_600_com.android.server.am.ActivityManagerService$Lifecycle
12-14 03:22:23.350 1490 1490 I ExplicitHealthCheckController: Explicit health checks enabled.
12-14 03:22:23.350 1490 1490 I PackageWatchdog: Syncing state, reason: health check state enabled
12-14 03:22:23.350 1490 1490 I PackageWatchdog: Not pruning observers, elapsed time: 0ms
12-14 03:22:23.350 1490 1490 I PackageWatchdog: Cancelling state sync, nothing to sync
12-14 03:22:23.350 1490 1604 I PackageWatchdog: Saving observer state to file
12-14 03:22:23.350 1490 1490 I SystemServerTiming: OnBootPhase_600_com.android.server.pm.DataLoaderManagerService
12-14 03:22:23.350 1490 1490 I SystemServerTiming: OnBootPhase_600_com.android.server.power.PowerManagerService
12-14 03:22:23.350 1490 1490 I SystemServerTiming: OnBootPhase_600_com.android.server.power.ThermalManagerService
12-14 03:22:23.350 1490 1490 I SystemServerTiming: OnBootPhase_600_com.android.server.power.hint.HintManagerService
12-14 03:22:23.350 1490 1490 I SystemServerTiming: OnBootPhase_600_com.android.server.recoverysystem.RecoverySystemService$Lifecycle
12-14 03:22:23.350 1490 1490 I SystemServerTiming: OnBootPhase_600_com.android.server.lights.LightsService
12-14 03:22:23.350 1490 1490 I SystemServerTiming: OnBootPhase_600_com.android.server.display.DisplayManagerService
12-14 03:22:23.350 1490 1490 I SystemServerTiming: OnBootPhase_600_com.android.server.pm.verify.domain.DomainVerificationService
12-14 03:22:23.350 1490 1490 I SystemServerTiming: OnBootPhase_600_com.android.server.pm.PackageInstallerService$Lifecycle
12-14 03:22:23.351 1490 1490 I SystemServerTiming: OnBootPhase_600_com.android.server.pm.UserManagerService$LifeCycle
12-14 03:22:23.351 1490 1490 I SystemServerTiming: OnBootPhase_600_com.android.server.om.OverlayManagerService
12-14 03:22:23.351 1490 1490 I SystemServerTiming: OnBootPhase_600_com.android.server.SensorPrivacyService
12-14 03:22:23.351 1490 1490 I SystemServerTiming: OnBootPhase_600_com.android.server.sensors.SensorService
12-14 03:22:23.351 1490 1490 I SystemServerTiming: OnBootPhase_600_com.android.server.SystemConfigService
12-14 03:22:23.351 1490 1490 I SystemServerTiming: OnBootPhase_600_com.android.server.BatteryService
12-14 03:22:23.351 1490 1490 I SystemServerTiming: OnBootPhase_600_com.android.server.usage.UsageStatsService
12-14 03:22:23.351 1490 1490 I SystemServerTiming: OnBootPhase_600_com.android.server.webkit.WebViewUpdateService
12-14 03:22:23.351 1490 1490 I SystemServerTiming: OnBootPhase_600_com.android.server.CachedDeviceStateService
12-14 03:22:23.351 1490 1490 I SystemServerTiming: OnBootPhase_600_com.android.server.BinderCallsStatsService$LifeCycle
12-14 03:22:23.351 1490 1490 I SystemServerTiming: OnBootPhase_600_com.android.server.LooperStatsService$Lifecycle
12-14 03:22:23.351 1490 1490 I SystemServerTiming: OnBootPhase_600_com.android.server.rollback.RollbackManagerService
12-14 03:22:23.351 1490 1490 I SystemServerTiming: OnBootPhase_600_com.android.server.os.NativeTombstoneManagerService
12-14 03:22:23.351 1490 1490 I SystemServerTiming: OnBootPhase_600_com.android.server.os.BugreportManagerService
12-14 03:22:23.351 1490 1490 I SystemServerTiming: OnBootPhase_600_com.android.server.gpu.GpuService
12-14 03:22:23.351 1490 1490 I SystemServerTiming: OnBootPhase_600_com.android.server.security.KeyChainSystemService
12-14 03:22:23.351 1490 1490 I SystemServerTiming: OnBootPhase_600_com.android.server.telecom.TelecomLoaderService
12-14 03:22:23.351 1490 1490 I SystemServerTiming: OnBootPhase_600_com.android.server.accounts.AccountManagerService$Lifecycle
12-14 03:22:23.351 1490 1490 I SystemServerTiming: OnBootPhase_600_com.android.server.content.ContentService$Lifecycle
12-14 03:22:23.351 1490 1490 I SystemServerTiming: OnBootPhase_600_com.android.server.DropBoxManagerService
12-14 03:22:23.351 1490 1490 I SystemServerTiming: OnBootPhase_600_com.android.role.RoleService
12-14 03:22:23.351 1490 1490 I SystemServerTiming: OnBootPhase_600_com.android.server.vibrator.VibratorManagerService$Lifecycle
12-14 03:22:23.351 1490 1490 I SystemServerTiming: OnBootPhase_600_com.android.server.alarm.AlarmManagerService
12-14 03:22:23.351 1490 1490 I SystemServerTiming: OnBootPhase_600_com.android.server.devicestate.DeviceStateManagerService
12-14 03:22:23.351 1490 1490 I SystemServerTiming: OnBootPhase_600_com.android.server.camera.CameraServiceProxy
12-14 03:22:23.351 1490 1490 I SystemServerTiming: OnBootPhase_600_com.android.server.BluetoothService
12-14 03:22:23.351 1490 1490 I SystemServerTiming: OnBootPhase_600_com.android.server.connectivity.IpConnectivityMetrics
12-14 03:22:23.352 1490 1490 I SystemServerTiming: OnBootPhase_600_com.android.server.net.watchlist.NetworkWatchlistService$Lifecycle
12-14 03:22:23.352 1490 1490 I SystemServerTiming: OnBootPhase_600_com.android.server.PinnerService
12-14 03:22:23.352 1490 1490 I SystemServerTiming: OnBootPhase_600_com.google.android.startop.iorap.IorapForwardingService
12-14 03:22:23.352 1490 1490 I SystemServerTiming: OnBootPhase_600_com.android.server.ActivityTriggerService
12-14 03:22:23.352 1490 1490 I SystemServerTiming: OnBootPhase_600_com.android.server.integrity.AppIntegrityManagerService
12-14 03:22:23.352 1490 1490 I SystemServerTiming: OnBootPhase_600_com.android.server.inputmethod.InputMethodManagerService$Lifecycle
12-14 03:22:23.352 1490 1490 I SystemServerTiming: OnBootPhase_600_com.android.server.accessibility.AccessibilityManagerService$Lifecycle
12-14 03:22:23.352 1490 1490 I SystemServerTiming: OnBootPhase_600_com.android.server.StorageManagerService$Lifecycle
12-14 03:22:23.352 1490 1490 I SystemServerTiming: OnBootPhase_600_com.android.server.usage.StorageStatsService$Lifecycle
12-14 03:22:23.352 1490 1490 I SystemServerTiming: OnBootPhase_600_com.android.server.UiModeManagerService
12-14 03:22:23.352 1490 1490 I SystemServerTiming: OnBootPhase_600_com.android.server.locksettings.LockSettingsService$Lifecycle
12-14 03:22:23.352 1490 1490 I SystemServerTiming: OnBootPhase_600_com.android.server.PersistentDataBlockService
12-14 03:22:23.352 1490 1490 I SystemServerTiming: OnBootPhase_600_com.android.server.testharness.TestHarnessModeService
12-14 03:22:23.352 1490 1490 I SystemServerTiming: OnBootPhase_600_com.android.server.oemlock.OemLockService
12-14 03:22:23.352 1490 1490 I SystemServerTiming: OnBootPhase_600_com.android.server.DeviceIdleController
12-14 03:22:23.352 1490 1490 I SystemServerTiming: OnBootPhase_600_com.android.server.devicepolicy.DevicePolicyManagerService$Lifecycle
12-14 03:22:23.352 1490 1490 I SystemServerTiming: OnBootPhase_600_com.android.server.texttospeech.TextToSpeechManagerService
12-14 03:22:23.352 1490 1490 I SystemServerTiming: OnBootPhase_600_com.android.server.speech.SpeechRecognitionManagerService
12-14 03:22:23.352 1490 1490 I SystemServerTiming: OnBootPhase_600_com.android.server.searchui.SearchUiManagerService
12-14 03:22:23.352 1490 1490 I SystemServerTiming: OnBootPhase_600_com.android.server.smartspace.SmartspaceManagerService
12-14 03:22:23.353 1490 1490 I SystemServerTiming: OnBootPhase_600_com.android.server.graphics.fonts.FontManagerService$Lifecycle
12-14 03:22:23.353 1490 1490 I SystemServerTiming: OnBootPhase_600_com.android.server.textservices.TextServicesManagerService$Lifecycle
12-14 03:22:23.353 1490 1490 I SystemServerTiming: OnBootPhase_600_com.android.server.textclassifier.TextClassificationManagerService$Lifecycle
12-14 03:22:23.353 1490 1490 I SystemServerTiming: OnBootPhase_600_com.android.server.NetworkScoreService$Lifecycle
12-14 03:22:23.353 1490 1490 I SystemServerTiming: OnBootPhase_600_com.android.server.wifi.WifiService
12-14 03:22:23.353 1490 1490 I SystemServerTiming: OnBootPhase_600_com.android.server.wifi.scanner.WifiScanningService
12-14 03:22:23.353 1490 1490 I SystemServerTiming: OnBootPhase_600_com.android.server.wifi.rtt.RttService
12-14 03:22:23.353 1490 1490 I SystemServerTiming: OnBootPhase_600_com.android.server.wifi.aware.WifiAwareService
12-14 03:22:23.353 1490 1490 I SystemServerTiming: OnBootPhase_600_com.android.server.wifi.p2p.WifiP2pService
12-14 03:22:23.353 1490 1490 I SystemServerTiming: OnBootPhase_600_com.android.server.ethernet.EthernetService
12-14 03:22:23.353 1490 1490 I SystemServerTiming: OnBootPhase_600_com.android.server.ConnectivityServiceInitializer
12-14 03:22:23.353 1490 1490 I SystemServerTiming: OnBootPhase_600_com.android.server.notification.NotificationManagerService
12-14 03:22:23.356 1490 1490 I SystemServerTiming: OnBootPhase_600_com.android.server.storage.DeviceStorageMonitorService
12-14 03:22:23.356 1490 1490 I SystemServerTiming: OnBootPhase_600_com.android.server.location.LocationManagerService$Lifecycle
12-14 03:22:23.373 1490 1906 W StorageManagerService: No primary storage defined yet; hacking together a stub
12-14 03:22:23.377 1490 1490 I SystemServerTiming: OnBootPhase_600_com.android.server.timedetector.TimeDetectorService$Lifecycle
12-14 03:22:23.377 1490 1490 I SystemServerTiming: OnBootPhase_600_com.android.server.timezonedetector.TimeZoneDetectorService$Lifecycle
12-14 03:22:23.377 1490 1490 I SystemServerTiming: OnBootPhase_600_com.android.server.timezonedetector.location.LocationTimeZoneManagerService$Lifecycle
12-14 03:22:23.377 1490 1490 I SystemServerTiming: OnBootPhase_600_com.android.server.search.SearchManagerService$Lifecycle
12-14 03:22:23.377 1490 1490 I SystemServerTiming: OnBootPhase_600_com.android.server.wallpaper.WallpaperManagerService$Lifecycle
12-14 03:22:23.377 1490 1490 I WallpaperManagerService: switch-user-0
12-14 03:22:23.377 1490 1490 V WallpaperManagerService: bindWallpaperComponentLocked: componentName=ComponentInfo{com.android.systemui/com.android.systemui.ImageWallpaper}
12-14 03:22:23.378 1490 1606 W ActivityManager: Slow operation: 75ms so far, now at startProcess: returned from zygote!
12-14 03:22:23.378 1490 1606 W ActivityManager: Slow operation: 75ms so far, now at startProcess: done updating battery stats
12-14 03:22:23.378 1490 1606 W ActivityManager: Slow operation: 75ms so far, now at startProcess: building log message
12-14 03:22:23.378 1490 1606 I ActivityManager: Start proc 2057:WebViewLoader-armeabi-v7a/1037 [android.webkit.WebViewLibraryLoader$RelroFileCreator] for null
12-14 03:22:23.378 1490 1606 W ActivityManager: Slow operation: 75ms so far, now at startProcess: starting to update pids map
12-14 03:22:23.378 1490 1606 W ActivityManager: Slow operation: 75ms so far, now at startProcess: done updating pids map
12-14 03:22:23.378 1490 1606 W ActivityManager: Slow operation: 73ms so far, now at startProcess: asking zygote to start proc
12-14 03:22:23.379 1490 1490 I SystemServerTiming: OnBootPhase_600_com.android.server.audio.AudioService$Lifecycle
12-14 03:22:23.379 1490 1490 I SystemServerTiming: OnBootPhase_600_com.android.server.soundtrigger_middleware.SoundTriggerMiddlewareService$Lifecycle
12-14 03:22:23.379 1490 1490 I SystemServerTiming: OnBootPhase_600_com.android.server.DockObserver
12-14 03:22:23.379 1490 1490 I SystemServerTiming: OnBootPhase_600_com.android.server.midi.MidiService$Lifecycle
12-14 03:22:23.379 1490 1490 I SystemServerTiming: OnBootPhase_600_com.android.server.adb.AdbService$Lifecycle
12-14 03:22:23.379 1490 1490 I SystemServerTiming: OnBootPhase_600_com.android.server.usb.UsbService$Lifecycle
12-14 03:22:23.379 1490 1490 I SystemServerTiming: OnBootPhase_600_com.android.server.twilight.TwilightService
12-14 03:22:23.379 1490 1490 I SystemServerTiming: OnBootPhase_600_com.android.server.display.color.ColorDisplayService
12-14 03:22:23.379 1490 1490 I SystemServerTiming: OnBootPhase_600_com.android.server.job.JobSchedulerService
12-14 03:22:23.381 1490 1490 I SystemServerTiming: OnBootPhase_600_com.android.server.soundtrigger.SoundTriggerService
12-14 03:22:23.381 1490 1490 D SoundTriggerService: onBootPhase: 600 : false
12-14 03:22:23.381 1490 1490 I SystemServerTiming: OnBootPhase_600_com.android.server.trust.TrustManagerService
12-14 03:22:23.382 1490 1593 D CompatibilityChangeReporter: Compat change id reported: 168936375; UID 1000; state: ENABLED
12-14 03:22:23.382 1490 1593 D CompatibilityChangeReporter: Compat change id reported: 168936375; UID 1000; state: DISABLED
12-14 03:22:23.382 1490 1490 D BiometricService: Sensor ID(0), oemStrength: 15, updatedStrength: 15, modality 2, state: 0, cookie: 0, props: ID: 0, Strength: 2, Type: 1, sensorId 0, hasEnrollments: false cannot participate in Keystore operations
12-14 03:22:23.383 1490 1490 I SystemServerTiming: OnBootPhase_600_com.android.server.backup.BackupManagerService$Lifecycle
12-14 03:22:23.383 1490 1490 I SystemServerTiming: OnBootPhase_600_com.android.server.appwidget.AppWidgetService
12-14 03:22:23.383 1490 1490 I SystemServerTiming: OnBootPhase_600_com.android.server.voiceinteraction.VoiceInteractionManagerService
12-14 03:22:23.384 1490 1490 I SystemServerTiming: OnBootPhase_600_com.android.server.apphibernation.AppHibernationService
12-14 03:22:23.384 1490 1490 I SystemServerTiming: OnBootPhase_600_com.android.server.GestureLauncherService
12-14 03:22:23.384 1490 1490 I SystemServerTiming: OnBootPhase_600_com.android.server.SensorNotificationService
12-14 03:22:23.386 1490 1490 I SystemServerTiming: OnBootPhase_600_com.android.server.emergency.EmergencyAffordanceService
12-14 03:22:23.386 1490 1490 I SystemServerTiming: OnBootPhase_600_com.android.server.blob.BlobStoreManagerService
01-01 09:56:50.525 0 0 I binder : 2057:2057 ioctl 40046210 ffdcd088 returned -22
12-14 03:22:23.388 1490 1490 I SystemServerTiming: OnBootPhase_600_com.android.server.dreams.DreamManagerService
12-14 03:22:23.388 1490 1490 I SystemServerTiming: OnBootPhase_600_com.android.server.companion.CompanionDeviceManagerService
12-14 03:22:23.388 1490 1490 I SystemServerTiming: OnBootPhase_600_com.android.server.restrictions.RestrictionsManagerService
12-14 03:22:23.388 1490 1490 I SystemServerTiming: OnBootPhase_600_com.android.server.media.MediaSessionService
12-14 03:22:23.388 1490 1490 I SystemServerTiming: OnBootPhase_600_com.android.server.media.MediaResourceMonitorService
12-14 03:22:23.388 1490 1490 I SystemServerTiming: OnBootPhase_600_com.android.server.biometrics.sensors.fingerprint.FingerprintService
12-14 03:22:23.388 1490 1490 I SystemServerTiming: OnBootPhase_600_com.android.server.biometrics.BiometricService
12-14 03:22:23.388 1490 1490 I SystemServerTiming: OnBootPhase_600_com.android.server.biometrics.AuthService
12-14 03:22:23.388 1490 1490 I SystemServerTiming: OnBootPhase_600_com.android.server.pm.ShortcutService$Lifecycle
12-14 03:22:23.388 1490 1490 I SystemServerTiming: OnBootPhase_600_com.android.server.pm.LauncherAppsService
12-14 03:22:23.388 1490 1490 I SystemServerTiming: OnBootPhase_600_com.android.server.pm.CrossProfileAppsService
12-14 03:22:23.388 1490 1490 I SystemServerTiming: OnBootPhase_600_com.android.server.people.PeopleService
12-14 03:22:23.388 1490 1490 I SystemServerTiming: OnBootPhase_600_com.android.server.media.metrics.MediaMetricsManagerService
12-14 03:22:23.388 1490 1490 I SystemServerTiming: OnBootPhase_600_com.android.server.media.projection.MediaProjectionManagerService
12-14 03:22:23.388 1490 1490 I SystemServerTiming: OnBootPhase_600_com.android.server.slice.SliceManagerService$Lifecycle
12-14 03:22:23.388 1490 1490 I SystemServerTiming: OnBootPhase_600_com.android.server.stats.StatsCompanion$Lifecycle
12-14 03:22:23.389 1490 1606 W ActivityManager: Slow operation: 84ms so far, now at startProcess: returned from zygote!
12-14 03:22:23.389 1490 1490 I SystemServerTiming: OnBootPhase_600_com.android.server.scheduling.RebootReadinessManagerService$Lifecycle
12-14 03:22:23.389 1490 1490 I SystemServerTiming: OnBootPhase_600_com.android.server.stats.pull.StatsPullAtomService
12-14 03:22:23.389 1490 1490 I SystemServerTiming: OnBootPhase_600_com.android.server.incident.IncidentCompanionService
12-14 03:22:23.389 1490 1490 I SystemServerTiming: OnBootPhase_600_com.android.server.MmsServiceBroker
12-14 03:22:23.389 1490 1490 I SystemServerTiming: OnBootPhase_600_com.android.server.autofill.AutofillManagerService
12-14 03:22:23.390 1490 1604 D StatsPullAtomService: Registering NetworkStats pullers with statsd
12-14 03:22:23.390 1490 1490 I SystemServerTiming: OnBootPhase_600_com.android.server.clipboard.ClipboardService
12-14 03:22:23.390 1490 1490 I SystemServerTiming: OnBootPhase_600_com.android.server.appbinding.AppBindingService$Lifecycle
12-14 03:22:23.391 1490 1606 W ActivityManager: Slow operation: 86ms so far, now at startProcess: done updating battery stats
12-14 03:22:23.391 1490 1606 W ActivityManager: Slow operation: 86ms so far, now at startProcess: building log message
12-14 03:22:23.391 1490 1606 I ActivityManager: Start proc 2074:WebViewLoader-arm64-v8a/1037 [android.webkit.WebViewLibraryLoader$RelroFileCreator] for null
12-14 03:22:23.391 1490 1606 W ActivityManager: Slow operation: 86ms so far, now at startProcess: starting to update pids map
12-14 03:22:23.391 1490 1490 I SystemServerTiming: OnBootPhase_600_com.android.server.tracing.TracingServiceProxy
12-14 03:22:23.391 1490 1490 I SystemServerTiming: OnBootPhase_600_com.android.server.policy.PermissionPolicyService
12-14 03:22:23.391 1490 1606 W ActivityManager: Slow operation: 86ms so far, now at startProcess: done updating pids map
12-14 03:22:23.391 1490 1490 I SystemServerTiming: OnBootPhase_600_com.android.server.pm.StagingManager$Lifecycle
12-14 03:22:23.391 1490 1490 I SystemServerTiming: OnBootPhase_600_com.android.server.app.GameManagerService$Lifecycle
12-14 03:22:23.391 1490 1490 I SystemServerTiming: OnBootPhase_600_com.android.server.appsearch.AppSearchManagerService
12-14 03:22:23.391 1490 1490 I SystemServerTiming: OnBootPhase_600_com.android.server.media.MediaCommunicationService
12-14 03:22:23.391 1490 1490 I SystemServerTiming: StartNetworkStack
12-14 03:22:23.391 1490 1490 D ConnectivityModuleConnector: Starting networking module android.net.INetworkStackConnector
12-14 03:22:23.392 1490 1490 D ConnectivityModuleConnector: Starting networking module in network_stack process
12-14 03:22:23.394 1490 1490 D CompatibilityChangeReporter: Compat change id reported: 135634846; UID 1073; state: DISABLED
12-14 03:22:23.394 1490 1490 D CompatibilityChangeReporter: Compat change id reported: 177438394; UID 1073; state: DISABLED
12-14 03:22:23.394 1490 1490 D CompatibilityChangeReporter: Compat change id reported: 135772972; UID 1073; state: DISABLED
12-14 03:22:23.394 1490 1490 D CompatibilityChangeReporter: Compat change id reported: 135754954; UID 1073; state: ENABLED
12-14 03:22:23.395 1490 1490 D ConnectivityModuleConnector: Networking module service start requested
12-14 03:22:23.395 1490 1490 I SystemServerTiming: StartTethering
12-14 03:22:23.395 1490 1490 D ConnectivityModuleConnector: Starting networking module android.net.ITetheringConnector
12-14 03:22:23.395 1490 1490 D ConnectivityModuleConnector: Starting networking module in network_stack process
12-14 03:22:23.395 1490 1490 D ConnectivityModuleConnector: Networking module service start requested
12-14 03:22:23.395 1490 1490 I SystemServerTiming: MakeCountryDetectionServiceReady
12-14 03:22:23.395 1490 1490 I SystemServerTiming: MakeNetworkTimeUpdateReady
12-14 03:22:23.396 1490 1490 I SystemServerTiming: MakeInputManagerServiceReady
12-14 03:22:23.397 1490 1490 I ActivityTaskManager: Config changes=4000 {1.0 ?mcc?mnc [zh_CN] ldltr sw680dp w1586dp h584dp 240dpi lrg long hdr land finger -keyb/v/h -nav/h winConfig={ mBounds=Rect(0, 0 - 2380, 1020) mAppBounds=Rect(0, 0 - 2380, 948) mMaxBounds=Rect(0, 0 - 2380, 1020) mWindowingMode=fullscreen mDisplayWindowingMode=fullscreen mActivityType=undefined mAlwaysOnTop=undefined mRotation=ROTATION_0} s.10 fontWeightAdjustment=0}
12-14 03:22:23.398 1490 1490 I WindowManager: Override config changes=4000 {1.0 ?mcc?mnc [zh_CN] ldltr sw680dp w1586dp h584dp 240dpi lrg long hdr land finger -keyb/v/h -nav/h winConfig={ mBounds=Rect(0, 0 - 2380, 1020) mAppBounds=Rect(0, 0 - 2380, 948) mMaxBounds=Rect(0, 0 - 2380, 1020) mWindowingMode=fullscreen mDisplayWindowingMode=fullscreen mActivityType=undefined mAlwaysOnTop=undefined mRotation=ROTATION_0} s.10 fontWeightAdjustment=0} for displayId=0
12-14 03:22:23.399 1490 1490 I SystemServerTiming: MakeTelephonyRegistryReady
12-14 03:22:23.399 1490 1490 I SystemServerTiming: MakeMediaRouterServiceReady
12-14 03:22:23.399 1490 1490 I SystemServerTiming: MakeMmsServiceReady
12-14 03:22:23.399 1490 1490 I MmsServiceBroker: Delay connecting to MmsService until an API is called
12-14 03:22:23.399 1490 1490 I SystemServerTiming: IncidentDaemonReady
12-14 03:22:23.400 1490 1490 I SystemServerTiming: MakeIncrementalServiceReady
12-14 03:22:23.400 1490 1490 I SystemServerTiming: getCurrentUser
12-14 03:22:23.400 1490 1490 I ActivityManager: Current user:0
12-14 03:22:23.400 1490 1490 I SystemServerTiming: ActivityManagerStartApps
12-14 03:22:23.400 1490 1490 I SystemServerTiming: ssm.StartUser-0
12-14 03:22:23.400 1490 1490 I SystemServiceManager: Calling onStartUser 0
12-14 03:22:23.400 1490 1490 I SystemServerTiming: ssm.onStartUser-0_com.android.server.security.FileIntegrityService
12-14 03:22:23.400 1490 1490 I SystemServerTiming: ssm.onStartUser-0_com.android.server.pm.Installer
12-14 03:22:23.400 1490 1490 I SystemServerTiming: ssm.onStartUser-0_com.android.server.os.DeviceIdentifiersPolicyService
12-14 03:22:23.400 1490 1490 I SystemServerTiming: ssm.onStartUser-0_com.android.server.uri.UriGrantsManagerService$Lifecycle
12-14 03:22:23.400 1490 1490 I SystemServerTiming: ssm.onStartUser-0_com.android.server.powerstats.PowerStatsService
12-14 03:22:23.400 1490 1490 I SystemServerTiming: ssm.onStartUser-0_com.android.server.wm.ActivityTaskManagerService$Lifecycle
12-14 03:22:23.400 1490 1490 I SystemServerTiming: ssm.onStartUser-0_com.android.server.am.ActivityManagerService$Lifecycle
12-14 03:22:23.400 1490 1490 I SystemServerTiming: ssm.onStartUser-0_com.android.server.pm.DataLoaderManagerService
12-14 03:22:23.400 1490 1490 I SystemServerTiming: ssm.onStartUser-0_com.android.server.power.PowerManagerService
12-14 03:22:23.400 1490 1490 I SystemServerTiming: ssm.onStartUser-0_com.android.server.power.ThermalManagerService
12-14 03:22:23.400 1490 1490 I SystemServerTiming: ssm.onStartUser-0_com.android.server.power.hint.HintManagerService
12-14 03:22:23.400 1490 1490 I SystemServerTiming: ssm.onStartUser-0_com.android.server.recoverysystem.RecoverySystemService$Lifecycle
12-14 03:22:23.400 1490 1490 I SystemServerTiming: ssm.onStartUser-0_com.android.server.lights.LightsService
12-14 03:22:23.400 1490 1490 I SystemServerTiming: ssm.onStartUser-0_com.android.server.display.DisplayManagerService
12-14 03:22:23.400 1490 1490 I SystemServerTiming: ssm.onStartUser-0_com.android.server.pm.verify.domain.DomainVerificationService
12-14 03:22:23.400 1490 1490 I SystemServerTiming: ssm.onStartUser-0_com.android.server.pm.PackageInstallerService$Lifecycle
12-14 03:22:23.400 1490 1490 I SystemServerTiming: ssm.onStartUser-0_com.android.server.pm.UserManagerService$LifeCycle
12-14 03:22:23.400 1490 1490 I SystemServerTiming: ssm.onStartUser-0_com.android.server.om.OverlayManagerService
12-14 03:22:23.400 1490 1490 I SystemServerTiming: ssm.onStartUser-0_com.android.server.SensorPrivacyService
12-14 03:22:23.400 1490 1490 I SystemServerTiming: ssm.onStartUser-0_com.android.server.sensors.SensorService
12-14 03:22:23.400 1490 1490 I SystemServerTiming: ssm.onStartUser-0_com.android.server.SystemConfigService
12-14 03:22:23.400 1490 1490 I SystemServerTiming: ssm.onStartUser-0_com.android.server.BatteryService
12-14 03:22:23.400 1490 1490 I SystemServerTiming: ssm.onStartUser-0_com.android.server.usage.UsageStatsService
12-14 03:22:23.400 1490 1490 I SystemServerTiming: ssm.onStartUser-0_com.android.server.webkit.WebViewUpdateService
12-14 03:22:23.400 1490 1490 I SystemServerTiming: ssm.onStartUser-0_com.android.server.CachedDeviceStateService
12-14 03:22:23.400 1490 1490 I SystemServerTiming: ssm.onStartUser-0_com.android.server.BinderCallsStatsService$LifeCycle
12-14 03:22:23.400 1490 1490 I SystemServerTiming: ssm.onStartUser-0_com.android.server.LooperStatsService$Lifecycle
12-14 03:22:23.400 1490 1490 I SystemServerTiming: ssm.onStartUser-0_com.android.server.rollback.RollbackManagerService
12-14 03:22:23.400 1490 1490 I SystemServerTiming: ssm.onStartUser-0_com.android.server.os.NativeTombstoneManagerService
12-14 03:22:23.400 1490 1490 I SystemServerTiming: ssm.onStartUser-0_com.android.server.os.BugreportManagerService
12-14 03:22:23.400 1490 1490 I SystemServerTiming: ssm.onStartUser-0_com.android.server.gpu.GpuService
12-14 03:22:23.400 1490 1490 I SystemServerTiming: ssm.onStartUser-0_com.android.server.security.KeyChainSystemService
12-14 03:22:23.400 1490 1490 I SystemServerTiming: ssm.onStartUser-0_com.android.server.telecom.TelecomLoaderService
12-14 03:22:23.400 1490 1490 I SystemServerTiming: ssm.onStartUser-0_com.android.server.accounts.AccountManagerService$Lifecycle
12-14 03:22:23.400 1490 1490 I SystemServerTiming: ssm.onStartUser-0_com.android.server.content.ContentService$Lifecycle
12-14 03:22:23.400 1490 1490 I SystemServerTiming: ssm.onStartUser-0_com.android.server.DropBoxManagerService
12-14 03:22:23.400 1490 1490 I SystemServerTiming: ssm.onStartUser-0_com.android.role.RoleService
12-14 03:22:23.402 1490 1490 I SystemServerTiming: ssm.onStartUser-0_com.android.server.vibrator.VibratorManagerService$Lifecycle
12-14 03:22:23.402 1490 1490 I SystemServerTiming: ssm.onStartUser-0_com.android.server.alarm.AlarmManagerService
12-14 03:22:23.402 1490 1606 I ActivityManager: Start proc 2078:com.android.networkstack.process/1073 for service {com.android.networkstack/com.android.server.NetworkStackService}
12-14 03:22:23.402 1490 1490 I SystemServerTiming: ssm.onStartUser-0_com.android.server.devicestate.DeviceStateManagerService
12-14 03:22:23.402 1490 1490 I SystemServerTiming: ssm.onStartUser-0_com.android.server.camera.CameraServiceProxy
12-14 03:22:23.403 1490 1490 I SystemServerTiming: ssm.onStartUser-0_com.android.server.BluetoothService
12-14 03:22:23.403 1490 1490 I SystemServerTiming: ssm.onStartUser-0_com.android.server.connectivity.IpConnectivityMetrics
12-14 03:22:23.403 1490 1490 I SystemServerTiming: ssm.onStartUser-0_com.android.server.net.watchlist.NetworkWatchlistService$Lifecycle
12-14 03:22:23.403 1490 1490 I SystemServerTiming: ssm.onStartUser-0_com.android.server.PinnerService
12-14 03:22:23.403 1490 1490 I SystemServerTiming: ssm.onStartUser-0_com.google.android.startop.iorap.IorapForwardingService
12-14 03:22:23.403 1490 1490 I SystemServerTiming: ssm.onStartUser-0_com.android.server.ActivityTriggerService
12-14 03:22:23.403 1490 1490 I SystemServerTiming: ssm.onStartUser-0_com.android.server.integrity.AppIntegrityManagerService
12-14 03:22:23.403 1490 1490 I SystemServerTiming: ssm.onStartUser-0_com.android.server.inputmethod.InputMethodManagerService$Lifecycle
12-14 03:22:23.403 1490 1490 I SystemServerTiming: ssm.onStartUser-0_com.android.server.accessibility.AccessibilityManagerService$Lifecycle
12-14 03:22:23.403 1490 1490 I SystemServerTiming: ssm.onStartUser-0_com.android.server.StorageManagerService$Lifecycle
12-14 03:22:23.404 1490 1490 V StorageManagerService: Package com.sohu.inputmethod.sogou.car has legacy storage
12-14 03:22:23.404 1490 1490 V StorageManagerService: Package android.frameworkres.overlay does not have legacy storage
12-14 03:22:23.404 1490 1490 V StorageManagerService: Package com.android.cts.priv.ctsshim does not have legacy storage
12-14 03:22:23.404 1490 1490 V StorageManagerService: Package com.thundercomm.gamemode.provider does not have legacy storage
12-14 03:22:23.404 1490 1490 V StorageManagerService: Package com.thundercomm.gamemode does not have legacy storage
12-14 03:22:23.404 1490 1490 V StorageManagerService: Package com.thundercomm.microservice does not have legacy storage
12-14 03:22:23.404 1490 1490 V StorageManagerService: Package com.android.dynsystem does not have legacy storage
12-14 03:22:23.404 1490 1490 V StorageManagerService: Package com.hht.lebocast does not have legacy storage
12-14 03:22:23.404 1490 1490 V StorageManagerService: Package com.android.providers.calendar does not have legacy storage
12-14 03:22:23.404 1490 1490 V StorageManagerService: Package com.android.providers.media does not have legacy storage
12-14 03:22:23.404 1490 1490 V StorageManagerService: Package com.android.internal.systemui.navbar.gestural_wide_back does not have legacy storage
12-14 03:22:23.404 1490 1490 V StorageManagerService: Package com.android.wallpapercropper does not have legacy storage
12-14 03:22:23.405 1490 1490 V StorageManagerService: Package com.thundercomm.microsettings does not have legacy storage
12-14 03:22:23.405 1490 1490 V StorageManagerService: Package com.qualcomm.qti.gpudrivers.kona.api30 does not have legacy storage
12-14 03:22:23.405 1490 1490 V StorageManagerService: Package com.android.documentsui does not have legacy storage
12-14 03:22:23.405 1490 1490 V StorageManagerService: Package com.android.externalstorage does not have legacy storage
12-14 03:22:23.405 1490 1490 V StorageManagerService: Package com.android.htmlviewer does not have legacy storage
12-14 03:22:23.405 1490 1490 V StorageManagerService: Package com.qualcomm.qti.uceShimService does not have legacy storage
12-14 03:22:23.405 1490 1490 V StorageManagerService: Package com.android.companiondevicemanager does not have legacy storage
12-14 03:22:23.405 1490 1490 V StorageManagerService: Package com.qualcomm.qti.qms.service.connectionsecurity does not have legacy storage
12-14 03:22:23.405 1490 1490 V StorageManagerService: Package com.android.providers.downloads does not have legacy storage
12-14 03:22:23.405 1490 1490 V StorageManagerService: Package com.android.internal.systemui.onehanded.gestural does not have legacy storage
12-14 03:22:23.405 1490 1490 V StorageManagerService: Package vendor.qti.hardware.cacert.server does not have legacy storage
12-14 03:22:23.405 1490 1490 V StorageManagerService: Package com.thundercomm.tchttpserver does not have legacy storage
12-14 03:22:23.405 1490 1490 V StorageManagerService: Package vendor.qti.iwlan does not have legacy storage
12-14 03:22:23.405 1490 1490 V StorageManagerService: Package com.android.soundrecorder does not have legacy storage
12-14 03:22:23.405 1490 1490 V StorageManagerService: Package com.tc.logclient does not have legacy storage
12-14 03:22:23.405 1490 1490 V StorageManagerService: Package android.qvaoverlay.common does not have legacy storage
12-14 03:22:23.405 1490 1490 V StorageManagerService: Package com.android.providers.downloads.ui does not have legacy storage
12-14 03:22:23.406 1490 1490 V StorageManagerService: Package com.android.pacprocessor does not have legacy storage
12-14 03:22:23.406 1490 1490 V StorageManagerService: Package com.android.networkstack does not have legacy storage
12-14 03:22:23.406 1490 1490 V StorageManagerService: Package android.overlay.common does not have legacy storage
12-14 03:22:23.406 1490 1490 V StorageManagerService: Package com.android.connectivity.resources does not have legacy storage
12-14 03:22:23.406 1490 1490 V StorageManagerService: Package com.android.modulemetadata does not have legacy storage
12-14 03:22:23.406 1490 1490 V StorageManagerService: Package com.android.certinstaller does not have legacy storage
12-14 03:22:23.406 1490 1490 V StorageManagerService: Package android does not have legacy storage
12-14 03:22:23.406 1490 1490 V StorageManagerService: Package com.qualcomm.wfd.service does not have legacy storage
12-14 03:22:23.406 1490 1490 V StorageManagerService: Package com.thundercomm.tcsetupwizard does not have legacy storage
12-14 03:22:23.406 1490 1490 V StorageManagerService: Package ts.car.uart does not have legacy storage
12-14 03:22:23.406 1490 1490 V StorageManagerService: Package com.android.egg does not have legacy storage
12-14 03:22:23.406 1490 1490 V StorageManagerService: Package com.android.mtp does not have legacy storage
12-14 03:22:23.406 1490 1490 V StorageManagerService: Package com.android.nfc does not have legacy storage
12-14 03:22:23.407 1490 1490 V StorageManagerService: Package com.android.stk does not have legacy storage
12-14 03:22:23.407 1490 1490 V StorageManagerService: Package com.android.launcher3 does not have legacy storage
12-14 03:22:23.407 1490 1490 V StorageManagerService: Package com.android.backupconfirm does not have legacy storage
12-14 03:22:23.407 1490 1490 V StorageManagerService: Package vendor.qti.qesdk.sysservice does not have legacy storage
12-14 03:22:23.407 1490 1490 V StorageManagerService: Package com.hryt.hiphishowfsecontrol does not have legacy storage
12-14 03:22:23.407 1490 1490 V StorageManagerService: Package com.android.provision does not have legacy storage
12-14 03:22:23.407 1490 1490 V StorageManagerService: Package android.overlay.target does not have legacy storage
12-14 03:22:23.407 1490 1490 V StorageManagerService: Package com.microsoft.emmx does not have legacy storage
12-14 03:22:23.407 1490 1490 V StorageManagerService: Package com.qti.pasrservice does not have legacy storage
12-14 03:22:23.407 1490 1490 V StorageManagerService: Package com.android.settings.intelligence does not have legacy storage
12-14 03:22:23.407 1490 1490 V StorageManagerService: Package com.android.calendar does not have legacy storage
12-14 03:22:23.407 1490 1490 V StorageManagerService: Package com.android.internal.systemui.navbar.gestural_extra_wide_back does not have legacy storage
12-14 03:22:23.407 1490 1490 V StorageManagerService: Package com.qualcomm.qti.dynamicddsservice does not have legacy storage
12-14 03:22:23.407 1490 1490 V StorageManagerService: Package com.qualcomm.qti.xrvd.service does not have legacy storage
12-14 03:22:23.407 1490 1490 V StorageManagerService: Package com.android.providers.settings does not have legacy storage
12-14 03:22:23.407 1490 1490 V StorageManagerService: Package com.android.sharedstoragebackup does not have legacy storage
12-14 03:22:23.408 1490 1490 V StorageManagerService: Package com.android.printspooler does not have legacy storage
