12-14 03:22:28.639 1490 1606 D CompatibilityChangeReporter: Compat change id reported: 143937733; UID 10058; state: DISABLED
12-14 03:22:28.643 1490 1606 I ActivityManager: Start proc 3781:com.qualcomm.qti.qms.service.connectionsecurity/u0a58 for broadcast {com.qualcomm.qti.qms.service.connectionsecurity/com.qualcomm.qti.qms.service.connectionsecurity.ConnSecBroadcastReceiver}
01-01 09:56:55.797 0 0 I binder : 3781:3781 ioctl 40046210 ffdcd088 returned -22
12-14 03:22:28.666 1490 1522 D CompatibilityChangeReporter: Compat change id reported: 168419799; UID 10058; state: DISABLED
12-14 03:22:28.722 1490 2580 D CompatibilityChangeReporter: Compat change id reported: 168419799; UID 1001; state: DISABLED
12-14 03:22:28.727 1490 1522 D CompatibilityChangeReporter: Compat change id reported: 168419799; UID 10084; state: DISABLED
01-01 09:56:55.867 0 0 I binder : 2834:2834 ioctl 40046210 7fe9b8fcb4 returned -22
12-14 03:22:28.732 1490 1522 D CompatibilityChangeReporter: Compat change id reported: 168419799; UID 10086; state: DISABLED
01-01 09:56:55.875 0 0 I [schedu][0x15f323d0][03:22:28.737375] wlan: [3420:I:HIF] Deinitializing Runtime PM wakelock &vdev->vdev_set_key_runtime_wakelock
01-01 09:56:55.876 0 0 I [schedu][0x15f34f50][03:22:28.737955] wlan: [3420:I:HIF] Initializing Runtime PM wakelock &vdev->vdev_set_key_runtime_wakelock
01-01 09:56:55.893 0 0 I [wifi@1][0x15f8652e][03:22:28.755314] wlan: [826:I:DP] dp_vdev_attach_wifi3: wlan_cfg_ap_bridge_enabled 0
12-14 03:22:28.753 826 826 D android.hardware.wifi@1.0-service: Successfully SetMacAddress.
12-14 03:22:28.765 1202 1202 W wificond: Scan is not started. Ignore abort request
12-14 03:22:28.765 1490 1522 D CompatibilityChangeReporter: Compat change id reported: 135634846; UID 1000; state: DISABLED
12-14 03:22:28.766 1490 1522 D CompatibilityChangeReporter: Compat change id reported: 177438394; UID 1000; state: DISABLED
12-14 03:22:28.767 1490 1522 D CompatibilityChangeReporter: Compat change id reported: 135772972; UID 1000; state: DISABLED
12-14 03:22:28.767 1490 1522 D CompatibilityChangeReporter: Compat change id reported: 135754954; UID 1000; state: ENABLED
01-01 09:56:55.903 0 0 E [wifi@1][0x15fb712e][03:22:28.765713] wlan: [3452:E:wifipos] wifi_pos_process_app_reg_req: 608: Received App Req Req pid(377488186), len(16)
01-01 09:56:55.904 0 0 I [wifi@1][0x15fb90c5][03:22:28.766135] wlan: [3452:I:wifipos] wifi_pos_get_ch_info: 461: num channels: 26
01-01 09:56:55.904 0 0 I [wifi@1][0x15fba753][03:22:28.766435] wlan: [3452:I:wifipos] wifi_pos_get_ch_info: 461: num channels: 26
12-14 03:22:28.774 1490 1606 I ActivityManager: Start proc 3806:com.thundercomm.gamemode/1000 for broadcast {com.thundercomm.gamemode/com.thundercomm.gamemode.ingame.services.BootCompletedReceiver}
01-01 09:56:55.932 0 0 I binder : 3806:3806 ioctl 40046210 7fe9b90604 returned -22
12-14 03:22:28.869 1490 1906 D CompatibilityChangeReporter: Compat change id reported: 168419799; UID 1000; state: DISABLED
12-14 03:22:28.875 1490 1909 I ActivityManager: Finished processing BOOT_COMPLETED for u0
12-14 03:22:28.875 1490 1909 W BroadcastQueue: Background execution not allowed: receiving Intent { act=android.intent.action.INPUT_METHOD_CHANGED flg=0x20000010 (has extras) } to com.baidu.input/.switchguide.InputMethodChangedReceiver
12-14 03:22:28.880 1490 1909 D CompatibilityChangeReporter: Compat change id reported: 135634846; UID 10029; state: DISABLED
12-14 03:22:28.880 1490 1909 D CompatibilityChangeReporter: Compat change id reported: 177438394; UID 10029; state: DISABLED
12-14 03:22:28.880 1490 1909 D CompatibilityChangeReporter: Compat change id reported: 135772972; UID 10029; state: DISABLED
12-14 03:22:28.880 1490 1909 D CompatibilityChangeReporter: Compat change id reported: 135754954; UID 10029; state: ENABLED
12-14 03:22:28.880 1490 1606 D CompatibilityChangeReporter: Compat change id reported: 143937733; UID 10029; state: ENABLED
12-14 03:22:28.891 1490 1606 I ActivityManager: Start proc 3823:com.android.externalstorage/u0a29 for broadcast {com.android.externalstorage/com.android.externalstorage.MountReceiver}
12-14 03:22:28.892 3806 3806 W ContextImpl: Calling a method in the system process without a qualified user: android.app.ContextImpl.startService:1816 android.content.ContextWrapper.startService:774 com.thundercomm.gamemode.ingame.services.GameModeActionUtils.startGameModeService:99 com.thundercomm.gamemode.ingame.services.GameModeActionUtils.startGameModeEntry:22 com.thundercomm.gamemode.ingame.services.ActivityMonitoringService$1.onActivityLaunch:127
12-14 03:22:28.897 1490 1490 I GameModeConfig: Current uri is uri = content://com.thundercomm.gamemode.api/gamemode_settings/gamemode_isgaming
12-14 03:22:28.900 1490 1490 I GameModeConfig: isGameModeOn = false
12-14 03:22:28.900 1490 1490 I GameModeConfig: isGameModeOn = false
12-14 03:22:28.900 1490 1490 I GameModeConfig: isDisableVoice = true
12-14 03:22:28.901 1490 1918 I GameModeConfig: isGameModeOn = false
12-14 03:22:28.901 1490 1918 I GameModeConfig: isGameModeOn = false
12-14 03:22:28.901 1490 1918 I GameModeConfig: isGameModeOn = false
01-01 09:56:56.048 0 0 I binder : 3823:3823 ioctl 40046210 7fe9b90604 returned -22
12-14 03:22:28.916 1490 1906 D CompatibilityChangeReporter: Compat change id reported: 168419799; UID 10029; state: DISABLED
01-01 09:56:56.104 0 0 I [wpa_su][0x16365ae4][03:22:28.966803] wlan: [3482:I:SME] vdev-0: Connecting to TP-LINK_Figure_6d0405 6c:b1:58:0f:7d:3b rssi: -12 freq: 5805 akm 9 cipher: uc 6 mc 6, CC:
01-01 09:56:56.105 0 0 E [wpa_su][0x163661e1][03:22:28.966896] wlan: [3482:E:QDF] Cannot malloc 0 bytes @ csr_get_cfg_max_tx_power:14199
01-01 09:56:56.106 0 0 I [schedu][0x1636cc7d][03:22:28.968317] wlan: [3420:I:WMI] send_vdev_start_cmd_tlv: 1062: send_vdev_start_cmd_tlv: vdev_id 0 freq 5805 chanmode 10 ch_info: 0xa is_dfs 0 beacon interval 100 dtim 0 center_chan 5775 center_freq2 0 reg_info_1: 0x180000 reg_info_2: 0x1800, req->max_txpow: 0x18 Tx SS 1, Rx SS 1, ldpc_rx: 0, cac 0, regd 4, HE ops: 0req->dis_hw_ack: 0
12-14 03:22:28.980 1490 1909 D CompatibilityChangeReporter: Compat change id reported: 135634846; UID 10077; state: DISABLED
12-14 03:22:28.980 1490 1909 D CompatibilityChangeReporter: Compat change id reported: 177438394; UID 10077; state: DISABLED
12-14 03:22:28.980 1490 1909 D CompatibilityChangeReporter: Compat change id reported: 135772972; UID 10077; state: DISABLED
12-14 03:22:28.981 1490 1909 D CompatibilityChangeReporter: Compat change id reported: 135754954; UID 10077; state: ENABLED
12-14 03:22:28.981 1490 1606 D CompatibilityChangeReporter: Compat change id reported: 143937733; UID 10077; state: ENABLED
12-14 03:22:28.988 1490 1606 I ActivityManager: Start proc 3839:com.qti.ltebc/u0a77 for broadcast {com.qti.ltebc/com.qualcomm.ltebc.LTEBroadcastReceiver}
01-01 09:56:56.127 0 0 I [soft_i][0x163d0874][03:22:28.989598] wlan: [0:I:TXRX] HTT_T2H_MSG_TYPE_PEER_MAP msg for peer id 8 vdev id 0 n
01-01 09:56:56.127 0 0 E [soft_i][0x163d0a8e][03:22:28.989625] wlan: [0:E:DP] dp_peer_find_add_id: peer 0000000000000000 ID 8 vid 0 mac 6c:b1:58:0f:7d:3b
01-01 09:56:56.127 0 0 I [soft_i][0x163d0b92][03:22:28.989639] wlan: [0:I:DP] dp_peer_find_add_id: ref_cnt: 2
01-01 09:56:56.127 0 0 E [soft_i][0x163d0f27][03:22:28.989686] wlan: [0:E:DP] dp_peer_map_ast: peer 0000000000000000 ID 38 vid 0 mac 6c:b1:58:0f:7d:3b
01-01 09:56:56.138 0 0 I binder : 3839:3839 ioctl 40046210 7fe9b90604 returned -22
12-14 03:22:29.006 1490 1522 D CompatibilityChangeReporter: Compat change id reported: 168419799; UID 10077; state: DISABLED
01-01 09:56:56.246 0 0 I [schedu][0x165fd3c2][03:22:29.108361] wlan: [3420:I:PE] Auth TX: seq 1 seq num 2049 status 0 WEP 0 to 6c:b1:58:0f:7d:3b
01-01 09:56:56.248 0 0 I [schedu][0x166042ad][03:22:29.109840] wlan: [3420:I:PE] Auth TX: success
01-01 09:56:56.255 0 0 I [schedu][0x16625532][03:22:29.116914] wlan: [3420:I:PE] Auth RX: vdev 0 sys role 3 lim_state 5 from 6c:b1:58:0f:7d:3b rssi -12 auth_alg 0 seq 0
01-01 09:56:56.255 0 0 I [schedu][0x16626174][03:22:29.117077] wlan: [3420:I:PE] Assoc req TX: vdev 0 to 6c:b1:58:0f:7d:3b seq num 2050
01-01 09:56:56.257 0 0 I [schedu][0x1662f1e5][03:22:29.119003] wlan: [3420:I:PE] Assoc req TX: success
01-01 09:56:56.287 0 0 I [schedu][0x166be058][03:22:29.149489] wlan: [3420:I:PE] Assoc rsp RX: subtype 0 vdev 0 sys role 3 lim state 10 rssi -12 from 6c:b1:58:0f:7d:3b
01-01 09:56:56.295 0 0 E [schedu][0x166e3cab][03:22:29.157547] wlan: [3420:E:QDF] Cannot malloc 0 bytes @ csr_get_cfg_max_tx_power:14199
01-01 09:56:56.295 0 0 E [schedu][0x166e3e1b][03:22:29.157566] wlan: [3420:E:QDF] Cannot malloc 0 bytes @ csr_get_cfg_max_tx_power:14199
01-01 09:56:56.296 0 0 E [soft_i][0x166e6d1d][03:22:29.158193] wlan: [0:E:DP] dp_tx_initialize_threshold: tx flow control threshold is set, pool size is 4096
01-01 09:56:56.296 0 0 I [schedu][0x166e71df][03:22:29.158256] wlan: [3420:I:HDD] wlan0(vdevid-0): be:d4:30:99:35:ec connected to 6c:b1:58:0f:7d:3b
01-01 09:56:56.314 0 0 I [soft_i][0x1673c90d][03:22:29.176485] wlan: [0:I:DP] dp_addba_requestprocess_wifi3 restore BA win 64 based on addba req
01-01 09:56:56.314 0 0 I [dp_rx_][0x1673ca0b][03:22:29.176498] wlan: [3427:I:QDF] EAPOL-1 RX: SA:6c:b1:58:0f:7d:3b DA:be:d4:30:99:35:ec
01-01 09:56:56.324 0 0 I [soft_i][0x1676b7a6][03:22:29.186493] wlan: [0:I:QDF] EAPOL-2 TX: SA:be:d4:30:99:35:ec DA:6c:b1:58:0f:7d:3b msdu_id:0 status: succ
01-01 09:56:56.328 0 0 I [dp_rx_][0x1677e0db][03:22:29.190456] wlan: [3427:I:QDF] EAPOL-3 RX: SA:6c:b1:58:0f:7d:3b DA:be:d4:30:99:35:ec
01-01 09:56:56.332 0 0 I [soft_i][0x16790f35][03:22:29.194487] wlan: [0:I:QDF] EAPOL-4 TX: SA:be:d4:30:99:35:ec DA:6c:b1:58:0f:7d:3b msdu_id:0 status: succ
01-01 09:56:56.349 0 0 E [schedu][0x167e1655][03:22:29.211649] wlan: [3420:E:QDF] Cannot malloc 0 bytes @ csr_get_cfg_max_tx_power:14199
01-01 09:56:56.363 0 0 I [schedu][0x1681f46c][03:22:29.224850] wlan: [3420:I:WMI] LFR3:OKC enabled
01-01 09:56:56.363 0 0 I [schedu][0x1681f555][03:22:29.224862] wlan: [3420:I:WMI] LFR3:PMKSA caching enabled
01-01 09:56:56.373 0 0 I binder : 3806:3856 ioctl 40046210 6cf42c6124 returned -22
12-14 03:22:29.250 1202 1202 I wificond: Regulatory domain changed to country: CN on wiphy_index: 0
12-14 03:22:29.252 1202 1202 I wificond: 2.4Ghz frequencies: 2412 2417 2422 2427 2432 2437 2442 2447 2452 2457 2462 2467 2472
12-14 03:22:29.252 1202 1202 I wificond: 5Ghz non-DFS frequencies: 5180 5200 5220 5240 5745 5765 5785 5805 5825
12-14 03:22:29.252 1202 1202 I wificond: 5Ghz DFS frequencies: 5260 5280 5300 5320
12-14 03:22:29.252 1202 1202 I wificond: 6Ghz frequencies:
12-14 03:22:29.252 1202 1202 I wificond: 60Ghz frequencies:
12-14 03:22:29.292 1490 1909 D CompatibilityChangeReporter: Compat change id reported: 171306433; UID 1073; state: ENABLED
01-01 09:56:56.454 0 0 E [wifi@1][0x169cb386][03:22:29.316145] wlan: [826:E:HDD] hdd_enable_ns_offload: 484: Failed to cache ns request; status:4
01-01 09:56:56.495 0 0 I [soft_i][0x16a8d5e1][03:22:29.357563] wlan: [0:I:QDF] DHCP-R TX: SA:be:d4:30:99:35:ec DA:ff:ff:ff:ff:ff:ff msdu_id:1 status: succ
01-01 09:56:56.497 0 0 I [dp_rx_][0x16a93b24][03:22:29.358913] wlan: [3427:I:QDF] DHCP-R RX: SA:be:d4:30:99:35:ec DA:ff:ff:ff:ff:ff:ff
01-01 09:56:56.497 0 0 I [dp_rx_][0x16a96c7b][03:22:29.359571] wlan: [3427:I:QDF] DHCP-A RX: SA:6c:b1:58:0f:7d:39 DA:be:d4:30:99:35:ec
12-14 03:22:29.361 1490 1906 I ActivityManager: Process com.qti.ltebc (pid 3839) has died: fg RCVR
12-14 03:22:29.412 1490 1909 D CompatibilityChangeReporter: Compat change id reported: 135634846; UID 10077; state: DISABLED
12-14 03:22:29.413 1490 1909 D CompatibilityChangeReporter: Compat change id reported: 177438394; UID 10077; state: DISABLED
12-14 03:22:29.413 1490 1909 D CompatibilityChangeReporter: Compat change id reported: 135772972; UID 10077; state: DISABLED
12-14 03:22:29.413 1490 1909 D CompatibilityChangeReporter: Compat change id reported: 135754954; UID 10077; state: ENABLED
12-14 03:22:29.413 1490 1606 D CompatibilityChangeReporter: Compat change id reported: 143937733; UID 10077; state: ENABLED
12-14 03:22:29.422 1490 1606 I ActivityManager: Start proc 3873:com.qti.ltebc/u0a77 for broadcast {com.qti.ltebc/com.qualcomm.ltebc.LTEBroadcastReceiver}
12-14 03:22:29.432 659 751 E NetlinkEvent: NetlinkEvent::FindParam(): Parameter 'INTERFACE' not found
12-14 03:22:29.432 659 751 E NetlinkEvent: NetlinkEvent::FindParam(): Parameter 'STATE' not found
12-14 03:22:29.432 659 751 E NetlinkEvent: NetlinkEvent::FindParam(): Parameter 'TIME_NS' not found
12-14 03:22:29.432 659 751 E NetlinkEvent: NetlinkEvent::FindParam(): Parameter 'UID' not found
12-14 03:22:29.442 1490 1913 W ContextImpl: Calling a method in the system process without a qualified user: android.app.ContextImpl.sendStickyBroadcast:1559 com.android.server.ConnectivityService.sendStickyBroadcast:2811 com.android.server.ConnectivityService.sendGeneralBroadcast:2786 com.android.server.ConnectivityService.sendConnectedBroadcast:2759 com.android.server.ConnectivityService.sendLegacyNetworkBroadcast:8704
12-14 03:22:29.448 1490 1913 W ContextImpl: Calling a method in the system process without a qualified user: android.app.ContextImpl.sendStickyBroadcast:1559 com.android.server.ConnectivityService.sendStickyBroadcast:2811 com.android.server.ConnectivityService.sendGeneralBroadcast:2786 com.android.server.ConnectivityService.sendInetConditionBroadcast:2763 com.android.server.ConnectivityService.updateInetCondition:8451
01-01 09:56:56.591 0 0 I binder : 3873:3873 ioctl 40046210 7fe9b90604 returned -22
01-01 09:56:56.603 0 0 E [wifi@1][0x16c8857e][03:22:29.465717] wlan: [826:E:QDF] Cannot malloc 0 bytes @ csr_get_cfg_max_tx_power:14199
01-01 09:56:56.604 0 0 E [wifi@1][0x16c88db0][03:22:29.465827] wlan: [826:E:QDF] Cannot malloc 0 bytes @ csr_get_cfg_max_tx_power:14199
01-01 09:56:56.604 0 0 I [schedu][0x16c8bc91][03:22:29.466452] wlan: [3420:I:WMI] LFR3:OKC enabled
01-01 09:56:56.604 0 0 I [schedu][0x16c8bd24][03:22:29.466459] wlan: [3420:I:WMI] LFR3:PMKSA caching enabled
01-01 09:56:56.604 0 0 I [schedu][0x16c8d2d1][03:22:29.466748] wlan: [3420:I:WMI] LFR3:OKC enabled
01-01 09:56:56.604 0 0 I [schedu][0x16c8d342][03:22:29.466754] wlan: [3420:I:WMI] LFR3:PMKSA caching enabled
01-01 09:56:56.609 0 0 D : mv2112_read_status
01-01 09:56:56.610 0 0 D mv2112_update_link: 3.0x901(1G): 0x80
01-01 09:56:56.610 0 0 D mv2112_update_link: 3.0x8109(100M): 0x8
01-01 09:56:56.610 0 0 D mv2112_update_link: link 0x0
01-01 09:56:56.610 0 0 D mv2112_read_status: autoneg is disabled
12-14 03:22:29.814 1490 1906 I ActivityManager: Process com.qti.ltebc (pid 3873) has died: fg RCVR
01-01 09:56:57.633 0 0 D : mv2112_read_status
01-01 09:56:57.634 0 0 D mv2112_update_link: 3.0x901(1G): 0x80
01-01 09:56:57.634 0 0 D mv2112_update_link: 3.0x8109(100M): 0x8
01-01 09:56:57.634 0 0 D mv2112_update_link: link 0x0
01-01 09:56:57.634 0 0 D mv2112_read_status: autoneg is disabled
01-01 09:56:58.440 0 0 I logd : start watching /data/system/packages.list ...
01-01 09:56:58.442 0 0 I logd : ReadPackageList, total packages: 104
01-01 09:56:58.658 0 0 D : mv2112_read_status
01-01 09:56:58.658 0 0 D mv2112_update_link: 3.0x901(1G): 0x80
01-01 09:56:58.658 0 0 D mv2112_update_link: 3.0x8109(100M): 0x8
01-01 09:56:58.658 0 0 D mv2112_update_link: link 0x0
01-01 09:56:58.658 0 0 D mv2112_read_status: autoneg is disabled
01-01 09:56:59.019 0 0 I init : Sending signal 9 to service 'idmap2d' (pid 1180) process group...
12-14 03:22:31.884 1490 1909 W OverlayManager: service 'idmap' died
01-01 09:56:59.024 0 0 I libprocessgroup: Successfully killed process cgroup uid 1000 pid 1180 in 5ms
01-01 09:56:59.025 0 0 I init : Control message: Processed ctl.stop for 'idmap2d' from pid: 1490 (system_server)
01-01 09:56:59.026 0 0 I init : Service 'idmap2d' (pid 1180) received signal 9
01-01 09:56:59.497 0 0 I [soft_i][0x1a18416c][03:22:32.359317] wlan: [0:I:DP] dp_addba_requestprocess_wifi3 restore BA win 64 based on addba req
01-01 09:56:59.681 0 0 D : mv2112_read_status
01-01 09:56:59.682 0 0 D mv2112_update_link: 3.0x901(1G): 0x80
01-01 09:56:59.682 0 0 D mv2112_update_link: 3.0x8109(100M): 0x8
01-01 09:56:59.682 0 0 D mv2112_update_link: link 0x0
01-01 09:56:59.682 0 0 D mv2112_read_status: autoneg is disabled
12-14 03:22:32.970 1490 1605 D CompatibilityChangeReporter: Compat change id reported: 168419799; UID 10019; state: DISABLED
01-01 09:57:00.710 0 0 D : mv2112_read_status
01-01 09:57:00.710 0 0 D mv2112_update_link: 3.0x901(1G): 0x80
01-01 09:57:00.710 0 0 D mv2112_update_link: 3.0x8109(100M): 0x8
01-01 09:57:00.710 0 0 D mv2112_update_link: link 0x0
01-01 09:57:00.710 0 0 D mv2112_read_status: autoneg is disabled
12-14 03:22:33.606 1490 1605 D CompatibilityChangeReporter: Compat change id reported: 135634846; UID 10077; state: DISABLED
12-14 03:22:33.607 1490 1605 D CompatibilityChangeReporter: Compat change id reported: 177438394; UID 10077; state: DISABLED
12-14 03:22:33.607 1490 1605 D CompatibilityChangeReporter: Compat change id reported: 135772972; UID 10077; state: DISABLED
12-14 03:22:33.607 1490 1605 D CompatibilityChangeReporter: Compat change id reported: 135754954; UID 10077; state: ENABLED
12-14 03:22:33.607 1490 1606 D CompatibilityChangeReporter: Compat change id reported: 143937733; UID 10077; state: ENABLED
12-14 03:22:33.620 1490 1606 I ActivityManager: Start proc 3969:com.qti.ltebc/u0a77 for broadcast {com.qti.ltebc/com.qualcomm.ltebc.LTEBroadcastAlarmReceiver}
01-01 09:57:00.783 0 0 I binder : 3969:3969 ioctl 40046210 7fe9b90604 returned -22
12-14 03:22:33.653 1490 1909 D CompatibilityChangeReporter: Compat change id reported: 168419799; UID 10077; state: DISABLED
01-01 09:57:00.901 0 0 I binder : 2216:3985 ioctl 40046210 6d513d7f04 returned -22
12-14 03:22:33.792 1490 1918 I GameModeConfig: isGameModeOn = false
12-14 03:22:33.792 1490 1918 I GameModeConfig: isGameModeOn = false
12-14 03:22:33.792 1490 1918 I GameModeConfig: isGameModeOn = false
01-01 09:57:00.915 0 0 I : tsnv nv_initialize successfully!
01-01 09:57:00.975 0 0 I init : processing action (sys.tlog.pstore.active=1) from (/system/etc/init/tlogd.rc:122)
01-01 09:57:00.976 0 0 I init : Command 'start pstore_save' action=sys.tlog.pstore.active=1 (/system/etc/init/tlogd.rc:124) took 0ms and failed: Could not start service: Could not get process context
12-14 03:22:33.995 1490 1490 I GameModeConfig: isGameModeOn = false
12-14 03:22:33.997 1490 1490 W NotificationHistory: Attempted to add notif for locked/gone/disabled user 0
12-14 03:22:34.009 1490 1918 I GameModeConfig: isGameModeOn = false
12-14 03:22:34.024 1490 1909 D CompatibilityChangeReporter: Compat change id reported: 135634846; UID 10055; state: DISABLED
12-14 03:22:34.024 1490 1909 D CompatibilityChangeReporter: Compat change id reported: 177438394; UID 10055; state: DISABLED
12-14 03:22:34.024 1490 1909 D CompatibilityChangeReporter: Compat change id reported: 135772972; UID 10055; state: DISABLED
12-14 03:22:34.024 1490 1909 D CompatibilityChangeReporter: Compat change id reported: 135754954; UID 10055; state: DISABLED
12-14 03:22:34.024 1490 1606 D CompatibilityChangeReporter: Compat change id reported: 143937733; UID 10055; state: DISABLED
12-14 03:22:34.042 1490 1606 I ActivityManager: Start proc 4003:com.qualcomm.qti.qms.service.trustzoneaccess/u0a55 for service {com.qualcomm.qti.qms.service.trustzoneaccess/com.qualcomm.qti.qms.service.trustzoneaccess.TZAccessService}
01-01 09:57:01.201 0 0 I binder : 4003:4003 ioctl 40046210 7fe9b90604 returned -22
12-14 03:22:34.070 1490 1909 D CompatibilityChangeReporter: Compat change id reported: 168419799; UID 10055; state: DISABLED
12-14 03:22:34.175 1490 1909 I ActivityManager: Process com.qti.ltebc (pid 3969) has died: cch+5 CEM
01-01 09:57:01.729 0 0 D : mv2112_read_status
01-01 09:57:01.730 0 0 D mv2112_update_link: 3.0x901(1G): 0x80
01-01 09:57:01.730 0 0 D mv2112_update_link: 3.0x8109(100M): 0x8
01-01 09:57:01.730 0 0 D mv2112_update_link: link 0x0
01-01 09:57:01.730 0 0 D mv2112_read_status: autoneg is disabled
01-01 09:57:02.175 0 0 I init : Untracked pid 4041 exited with status 0
12-14 03:22:35.078 1490 1918 I GameModeConfig: isGameModeOn = false
12-14 03:22:35.080 1490 1918 I GameModeConfig: isGameModeOn = false
12-14 03:22:35.109 1490 1918 I GameModeConfig: isGameModeOn = false
12-14 03:22:35.256 1490 1918 I GameModeConfig: isGameModeOn = false
12-14 03:22:35.256 1490 1918 I GameModeConfig: isGameModeOn = false
12-14 03:22:35.468 1490 1918 I GameModeConfig: isGameModeOn = false
12-14 03:22:35.468 1490 1918 I GameModeConfig: isGameModeOn = false
12-14 03:22:35.468 1490 1918 I GameModeConfig: isGameModeOn = false
12-14 03:22:35.468 1490 1918 I GameModeConfig: isGameModeOn = false
12-14 03:22:35.497 1490 1593 D CompanionDeviceManagerService: onPackageModified(packageName = com.android.traceur)
12-14 03:22:35.503 1490 1918 I GameModeConfig: isGameModeOn = false
12-14 03:22:35.504 1490 1918 I GameModeConfig: isGameModeOn = false
12-14 03:22:35.512 1490 1490 I Telecom : DefaultDialerCache: Refreshing default dialer for user 0: now null: DDC.oR@ABg
12-14 03:22:35.524 1490 1660 D CompatibilityChangeReporter: Compat change id reported: 168419799; UID 10094; state: DISABLED
12-14 03:22:35.528 1490 1604 W VoiceInteractionManager: no available voice recognition services found for user 0
12-14 03:22:35.533 1490 1918 I GameModeConfig: isGameModeOn = false
12-14 03:22:35.533 1490 1918 I GameModeConfig: isGameModeOn = false
01-01 09:57:02.753 0 0 D : mv2112_read_status
01-01 09:57:02.754 0 0 D mv2112_update_link: 3.0x901(1G): 0x80
01-01 09:57:02.754 0 0 D mv2112_update_link: 3.0x8109(100M): 0x8
01-01 09:57:02.754 0 0 D mv2112_update_link: link 0x0
01-01 09:57:02.754 0 0 D mv2112_read_status: autoneg is disabled
12-14 03:22:36.392 1490 1918 I GameModeConfig: isGameModeOn = false
12-14 03:22:36.392 1490 1918 I GameModeConfig: isGameModeOn = false
01-01 09:57:03.777 0 0 D : mv2112_read_status
01-01 09:57:03.778 0 0 D mv2112_update_link: 3.0x901(1G): 0x80
01-01 09:57:03.778 0 0 D mv2112_update_link: 3.0x8109(100M): 0x8
01-01 09:57:03.778 0 0 D mv2112_update_link: link 0x0
01-01 09:57:03.778 0 0 D mv2112_read_status: autoneg is disabled
12-14 03:22:37.243 1490 1918 I GameModeConfig: isGameModeOn = false
12-14 03:22:37.243 1490 1918 I GameModeConfig: isGameModeOn = false
12-14 03:22:37.441 1490 1918 I GameModeConfig: isGameModeOn = false
12-14 03:22:37.441 1490 1918 I GameModeConfig: isGameModeOn = false
01-01 09:57:04.801 0 0 D : mv2112_read_status
01-01 09:57:04.802 0 0 D mv2112_update_link: 3.0x901(1G): 0x80
01-01 09:57:04.802 0 0 D mv2112_update_link: 3.0x8109(100M): 0x8
01-01 09:57:04.802 0 0 D mv2112_update_link: link 0x0
01-01 09:57:04.802 0 0 D mv2112_read_status: autoneg is disabled
01-01 09:57:05.825 0 0 D : mv2112_read_status
01-01 09:57:05.826 0 0 D mv2112_update_link: 3.0x901(1G): 0x80
01-01 09:57:05.826 0 0 D mv2112_update_link: 3.0x8109(100M): 0x8
01-01 09:57:05.826 0 0 D mv2112_update_link: link 0x0
01-01 09:57:05.826 0 0 D mv2112_read_status: autoneg is disabled
12-14 03:22:38.908 1490 1918 I GameModeConfig: isGameModeOn = false
12-14 03:22:38.909 1490 1918 I GameModeConfig: isGameModeOn = false
01-01 09:57:06.849 0 0 D : mv2112_read_status
01-01 09:57:06.850 0 0 D mv2112_update_link: 3.0x901(1G): 0x80
01-01 09:57:06.850 0 0 D mv2112_update_link: 3.0x8109(100M): 0x8
01-01 09:57:06.850 0 0 D mv2112_update_link: link 0x0
01-01 09:57:06.850 0 0 D mv2112_read_status: autoneg is disabled
12-14 03:22:40.649 1490 1605 I ActivityManager: Waited long enough for: ServiceRecord{2a603b9 u0 com.qti.diagservices/.QTIDiagServices}
01-01 09:57:07.873 0 0 D : mv2112_read_status
01-01 09:57:07.874 0 0 D mv2112_update_link: 3.0x901(1G): 0x80
01-01 09:57:07.874 0 0 D mv2112_update_link: 3.0x8109(100M): 0x8
01-01 09:57:07.874 0 0 D mv2112_update_link: link 0x0
01-01 09:57:07.874 0 0 D mv2112_read_status: autoneg is disabled
01-01 09:57:08.897 0 0 D : mv2112_read_status
01-01 09:57:08.898 0 0 D mv2112_update_link: 3.0x901(1G): 0x80
01-01 09:57:08.898 0 0 D mv2112_update_link: 3.0x8109(100M): 0x8
01-01 09:57:08.898 0 0 D mv2112_update_link: link 0x0
01-01 09:57:08.898 0 0 D mv2112_read_status: autoneg is disabled
01-01 09:57:09.921 0 0 D : mv2112_read_status
01-01 09:57:09.922 0 0 D mv2112_update_link: 3.0x901(1G): 0x80
01-01 09:57:09.922 0 0 D mv2112_update_link: 3.0x8109(100M): 0x8
01-01 09:57:09.922 0 0 D mv2112_update_link: link 0x0
01-01 09:57:09.922 0 0 D mv2112_read_status: autoneg is disabled
12-14 03:22:43.796 1490 1918 I GameModeConfig: isGameModeOn = false
12-14 03:22:43.796 1490 1918 I GameModeConfig: isGameModeOn = false
01-01 09:57:10.945 0 0 D : mv2112_read_status
01-01 09:57:10.946 0 0 D mv2112_update_link: 3.0x901(1G): 0x80
01-01 09:57:10.946 0 0 D mv2112_update_link: 3.0x8109(100M): 0x8
01-01 09:57:10.946 0 0 D mv2112_update_link: link 0x0
01-01 09:57:10.946 0 0 D mv2112_read_status: autoneg is disabled
12-14 03:22:43.871 1490 1605 I ActivityManager: Waited long enough for: ServiceRecord{8c27c20 u0 com.thundercomm.gamemode/.ingame.services.ActivityMonitoringService}
12-14 03:22:43.895 1490 1605 I ActivityManager: Waited long enough for: ServiceRecord{b582f9b u0 com.thundercomm.gamemode/.ingame.services.GameModeService}
12-14 03:22:43.996 1490 1918 I GameModeConfig: isGameModeOn = false
01-01 09:57:11.969 0 0 D : mv2112_read_status
01-01 09:57:11.970 0 0 D mv2112_update_link: 3.0x901(1G): 0x80
01-01 09:57:11.970 0 0 D mv2112_update_link: 3.0x8109(100M): 0x8
01-01 09:57:11.970 0 0 D mv2112_update_link: link 0x0
01-01 09:57:11.970 0 0 D mv2112_read_status: autoneg is disabled
01-01 09:57:12.674 0 0 I display_panel_avdd: disabling
01-01 09:57:12.675 0 0 I vdd_tof : disabling
01-01 09:57:12.993 0 0 D : mv2112_read_status
01-01 09:57:12.994 0 0 D mv2112_update_link: 3.0x901(1G): 0x80
01-01 09:57:12.994 0 0 D mv2112_update_link: 3.0x8109(100M): 0x8
01-01 09:57:12.994 0 0 D mv2112_update_link: link 0x0
01-01 09:57:12.994 0 0 D mv2112_read_status: autoneg is disabled
01-01 09:57:14.018 0 0 D : mv2112_read_status
01-01 09:57:14.018 0 0 D mv2112_update_link: 3.0x901(1G): 0x80
01-01 09:57:14.018 0 0 D mv2112_update_link: 3.0x8109(100M): 0x8
01-01 09:57:14.018 0 0 D mv2112_update_link: link 0x0
01-01 09:57:14.018 0 0 D mv2112_read_status: autoneg is disabled
01-01 09:57:15.041 0 0 D : mv2112_read_status
01-01 09:57:15.042 0 0 D mv2112_update_link: 3.0x901(1G): 0x80
01-01 09:57:15.042 0 0 D mv2112_update_link: 3.0x8109(100M): 0x8
01-01 09:57:15.042 0 0 D mv2112_update_link: link 0x0
01-01 09:57:15.042 0 0 D mv2112_read_status: autoneg is disabled
01-01 09:57:16.069 0 0 D : mv2112_read_status
01-01 09:57:16.070 0 0 D mv2112_update_link: 3.0x901(1G): 0x80
01-01 09:57:16.070 0 0 D mv2112_update_link: 3.0x8109(100M): 0x8
01-01 09:57:16.070 0 0 D mv2112_update_link: link 0x0
01-01 09:57:16.070 0 0 D mv2112_read_status: autoneg is disabled
01-01 09:57:17.089 0 0 D : mv2112_read_status
01-01 09:57:17.090 0 0 D mv2112_update_link: 3.0x901(1G): 0x80
01-01 09:57:17.090 0 0 D mv2112_update_link: 3.0x8109(100M): 0x8
01-01 09:57:17.090 0 0 D mv2112_update_link: link 0x0
01-01 09:57:17.090 0 0 D mv2112_read_status: autoneg is disabled
12-14 03:22:50.176 1490 1522 W ActivityManager: Unable to start service Intent { act=android.intent.action.START_LEBO_SERVICE pkg=com.hpplay.happyplay.aw } U=0: not found
01-01 09:57:18.114 0 0 D : mv2112_read_status
01-01 09:57:18.114 0 0 D mv2112_update_link: 3.0x901(1G): 0x80
01-01 09:57:18.114 0 0 D mv2112_update_link: 3.0x8109(100M): 0x8
01-01 09:57:18.114 0 0 D mv2112_update_link: link 0x0
01-01 09:57:18.114 0 0 D mv2112_read_status: autoneg is disabled
01-01 09:57:19.137 0 0 D : mv2112_read_status
01-01 09:57:19.138 0 0 D mv2112_update_link: 3.0x901(1G): 0x80
01-01 09:57:19.138 0 0 D mv2112_update_link: 3.0x8109(100M): 0x8
01-01 09:57:19.138 0 0 D mv2112_update_link: link 0x0
01-01 09:57:19.138 0 0 D mv2112_read_status: autoneg is disabled
01-01 09:57:20.161 0 0 D : mv2112_read_status
01-01 09:57:20.162 0 0 D mv2112_update_link: 3.0x901(1G): 0x80
01-01 09:57:20.162 0 0 D mv2112_update_link: 3.0x8109(100M): 0x8
01-01 09:57:20.162 0 0 D mv2112_update_link: link 0x0
01-01 09:57:20.162 0 0 D mv2112_read_status: autoneg is disabled
01-01 09:57:21.179 0 0 I msm_vidc: high: 00000001: h264d: Closed video instance: 0000000000000000
01-01 09:57:21.185 0 0 D : mv2112_read_status
01-01 09:57:21.186 0 0 D mv2112_update_link: 3.0x901(1G): 0x80
01-01 09:57:21.186 0 0 D mv2112_update_link: 3.0x8109(100M): 0x8
01-01 09:57:21.186 0 0 D mv2112_update_link: link 0x0
01-01 09:57:21.186 0 0 D mv2112_read_status: autoneg is disabled
01-01 09:57:21.200 0 0 E q6asm_callback: cmd = 0x10bce returned error = 0xa
01-01 09:57:21.200 0 0 E __q6asm_cmd: DSP returned error[ADSP_ENOTREADY] opcode 68558
01-01 09:57:21.203 0 0 I afe_close: port_id = 0x9000
01-01 09:57:21.239 0 0 I binder : undelivered transaction 105379, process died.
01-01 09:57:21.240 0 0 I init : Service 'bootanim' (pid 1090) exited with status 0 oneshot service took 34.389999 seconds in background
01-01 09:57:21.240 0 0 I init : Sending signal 9 to service 'bootanim' (pid 1090) process group...
01-01 09:57:21.240 0 0 I libprocessgroup: Successfully killed process cgroup uid 1003 pid 1090 in 0ms
01-01 09:57:22.209 0 0 D : mv2112_read_status
01-01 09:57:22.210 0 0 D mv2112_update_link: 3.0x901(1G): 0x80
01-01 09:57:22.210 0 0 D mv2112_update_link: 3.0x8109(100M): 0x8
01-01 09:57:22.210 0 0 D mv2112_update_link: link 0x0
01-01 09:57:22.210 0 0 D mv2112_read_status: autoneg is disabled
01-01 09:57:22.691 0 0 I msm_vidc: err : ffffffff: .....: DBLP Set: status 0
01-01 09:57:23.233 0 0 D : mv2112_read_status
01-01 09:57:23.234 0 0 D mv2112_update_link: 3.0x901(1G): 0x80
01-01 09:57:23.234 0 0 D mv2112_update_link: 3.0x8109(100M): 0x8
01-01 09:57:23.234 0 0 D mv2112_update_link: link 0x0
01-01 09:57:23.234 0 0 D mv2112_read_status: autoneg is disabled
01-01 09:57:24.257 0 0 D : mv2112_read_status
01-01 09:57:24.258 0 0 D mv2112_update_link: 3.0x901(1G): 0x80
01-01 09:57:24.258 0 0 D mv2112_update_link: 3.0x8109(100M): 0x8
01-01 09:57:24.258 0 0 D mv2112_update_link: link 0x0
01-01 09:57:24.258 0 0 D mv2112_read_status: autoneg is disabled
01-01 09:57:25.281 0 0 D : mv2112_read_status
01-01 09:57:25.282 0 0 D mv2112_update_link: 3.0x901(1G): 0x80
01-01 09:57:25.282 0 0 D mv2112_update_link: 3.0x8109(100M): 0x8
01-01 09:57:25.282 0 0 D mv2112_update_link: link 0x0
01-01 09:57:25.282 0 0 D mv2112_read_status: autoneg is disabled
01-01 09:57:26.305 0 0 D : mv2112_read_status
01-01 09:57:26.306 0 0 D mv2112_update_link: 3.0x901(1G): 0x80
01-01 09:57:26.306 0 0 D mv2112_update_link: 3.0x8109(100M): 0x8
01-01 09:57:26.306 0 0 D mv2112_update_link: link 0x0
01-01 09:57:26.306 0 0 D mv2112_read_status: autoneg is disabled
01-01 09:57:26.655 0 0 I [schedu][0x392cb900][03:22:59.517391] wlan: [3420:I:WMA] [03:22:59.299000] [NEIGH_RPT_REQ] VDEV[0]
01-01 09:57:26.655 0 0 I [schedu][0x392cbb0a][03:22:59.517418] wlan: [3420:I:WMA] [03:22:59.499000] [NEIGH_RPT_RSP] VDEV[0] { 2462 }
01-01 09:57:27.329 0 0 D : mv2112_read_status
01-01 09:57:27.330 0 0 D mv2112_update_link: 3.0x901(1G): 0x80
01-01 09:57:27.330 0 0 D mv2112_update_link: 3.0x8109(100M): 0x8
01-01 09:57:27.330 0 0 D mv2112_update_link: link 0x0
01-01 09:57:27.330 0 0 D mv2112_read_status: autoneg is disabled
01-01 09:57:28.353 0 0 D : mv2112_read_status
01-01 09:57:28.354 0 0 D mv2112_update_link: 3.0x901(1G): 0x80
01-01 09:57:28.354 0 0 D mv2112_update_link: 3.0x8109(100M): 0x8
01-01 09:57:28.354 0 0 D mv2112_update_link: link 0x0
01-01 09:57:28.354 0 0 D mv2112_read_status: autoneg is disabled
01-01 09:57:29.377 0 0 D : mv2112_read_status
01-01 09:57:29.378 0 0 D mv2112_update_link: 3.0x901(1G): 0x80
01-01 09:57:29.378 0 0 D mv2112_update_link: 3.0x8109(100M): 0x8
01-01 09:57:29.378 0 0 D mv2112_update_link: link 0x0
01-01 09:57:29.378 0 0 D mv2112_read_status: autoneg is disabled
01-01 09:57:30.401 0 0 D : mv2112_read_status
01-01 09:57:30.402 0 0 D mv2112_update_link: 3.0x901(1G): 0x80
01-01 09:57:30.402 0 0 D mv2112_update_link: 3.0x8109(100M): 0x8
01-01 09:57:30.402 0 0 D mv2112_update_link: link 0x0
01-01 09:57:30.402 0 0 D mv2112_read_status: autoneg is disabled
01-01 09:57:31.425 0 0 D : mv2112_read_status
01-01 09:57:31.426 0 0 D mv2112_update_link: 3.0x901(1G): 0x80
01-01 09:57:31.426 0 0 D mv2112_update_link: 3.0x8109(100M): 0x8
01-01 09:57:31.426 0 0 D mv2112_update_link: link 0x0
01-01 09:57:31.426 0 0 D mv2112_read_status: autoneg is disabled
01-01 09:57:32.449 0 0 D : mv2112_read_status
01-01 09:57:32.450 0 0 D mv2112_update_link: 3.0x901(1G): 0x80
01-01 09:57:32.450 0 0 D mv2112_update_link: 3.0x8109(100M): 0x8
01-01 09:57:32.450 0 0 D mv2112_update_link: link 0x0
01-01 09:57:32.450 0 0 D mv2112_read_status: autoneg is disabled
01-01 09:57:33.473 0 0 D : mv2112_read_status
01-01 09:57:33.474 0 0 D mv2112_update_link: 3.0x901(1G): 0x80
01-01 09:57:33.474 0 0 D mv2112_update_link: 3.0x8109(100M): 0x8
01-01 09:57:33.474 0 0 D mv2112_update_link: link 0x0
01-01 09:57:33.474 0 0 D mv2112_read_status: autoneg is disabled
01-01 09:57:34.497 0 0 D : mv2112_read_status
01-01 09:57:34.498 0 0 D mv2112_update_link: 3.0x901(1G): 0x80
01-01 09:57:34.498 0 0 D mv2112_update_link: 3.0x8109(100M): 0x8
01-01 09:57:34.498 0 0 D mv2112_update_link: link 0x0
01-01 09:57:34.498 0 0 D mv2112_read_status: autoneg is disabled
01-01 09:57:35.521 0 0 D : mv2112_read_status
01-01 09:57:35.522 0 0 D mv2112_update_link: 3.0x901(1G): 0x80
01-01 09:57:35.522 0 0 D mv2112_update_link: 3.0x8109(100M): 0x8
01-01 09:57:35.522 0 0 D mv2112_update_link: link 0x0
01-01 09:57:35.522 0 0 D mv2112_read_status: autoneg is disabled
01-01 09:57:36.545 0 0 D : mv2112_read_status
01-01 09:57:36.546 0 0 D mv2112_update_link: 3.0x901(1G): 0x80
01-01 09:57:36.546 0 0 D mv2112_update_link: 3.0x8109(100M): 0x8
01-01 09:57:36.546 0 0 D mv2112_update_link: link 0x0
01-01 09:57:36.546 0 0 D mv2112_read_status: autoneg is disabled
12-14 03:23:09.531 1490 1605 W BroadcastQueue: Permission Denial: broadcasting Intent { act=android.net.conn.CONNECTIVITY_CHANGE flg=0x4200010 (has extras) } from null (pid=-1, uid=-1) requires com.baidu.input.permission.sofire.RECEIVE due to registered receiver BroadcastFilter{4359d0 10032/u0 ReceiverList{1cc0593 3132 com.baidu.input/10032/u0 remote:c4eca82}}
01-01 09:57:37.569 0 0 D : mv2112_read_status
01-01 09:57:37.570 0 0 D mv2112_update_link: 3.0x901(1G): 0x80
01-01 09:57:37.570 0 0 D mv2112_update_link: 3.0x8109(100M): 0x8
01-01 09:57:37.570 0 0 D mv2112_update_link: link 0x0
01-01 09:57:37.570 0 0 D mv2112_read_status: autoneg is disabled
01-01 09:57:38.593 0 0 D : mv2112_read_status
01-01 09:57:38.594 0 0 D mv2112_update_link: 3.0x901(1G): 0x80
01-01 09:57:38.594 0 0 D mv2112_update_link: 3.0x8109(100M): 0x8
01-01 09:57:38.594 0 0 D mv2112_update_link: link 0x0
01-01 09:57:38.594 0 0 D mv2112_read_status: autoneg is disabled
01-01 09:57:39.617 0 0 D : mv2112_read_status
01-01 09:57:39.618 0 0 D mv2112_update_link: 3.0x901(1G): 0x80
01-01 09:57:39.618 0 0 D mv2112_update_link: 3.0x8109(100M): 0x8
01-01 09:57:39.618 0 0 D mv2112_update_link: link 0x0
01-01 09:57:39.618 0 0 D mv2112_read_status: autoneg is disabled
01-01 09:57:40.641 0 0 D : mv2112_read_status
01-01 09:57:40.642 0 0 D mv2112_update_link: 3.0x901(1G): 0x80
01-01 09:57:40.642 0 0 D mv2112_update_link: 3.0x8109(100M): 0x8
01-01 09:57:40.642 0 0 D mv2112_update_link: link 0x0
01-01 09:57:40.642 0 0 D mv2112_read_status: autoneg is disabled
01-01 09:57:41.665 0 0 D : mv2112_read_status
01-01 09:57:41.666 0 0 D mv2112_update_link: 3.0x901(1G): 0x80
01-01 09:57:41.666 0 0 D mv2112_update_link: 3.0x8109(100M): 0x8
01-01 09:57:41.666 0 0 D mv2112_update_link: link 0x0
01-01 09:57:41.666 0 0 D mv2112_read_status: autoneg is disabled
01-01 09:57:42.689 0 0 D : mv2112_read_status
01-01 09:57:42.690 0 0 D mv2112_update_link: 3.0x901(1G): 0x80
01-01 09:57:42.690 0 0 D mv2112_update_link: 3.0x8109(100M): 0x8
01-01 09:57:42.690 0 0 D mv2112_update_link: link 0x0
01-01 09:57:42.690 0 0 D mv2112_read_status: autoneg is disabled
01-01 09:57:43.713 0 0 D : mv2112_read_status
01-01 09:57:43.714 0 0 D mv2112_update_link: 3.0x901(1G): 0x80
01-01 09:57:43.714 0 0 D mv2112_update_link: 3.0x8109(100M): 0x8
01-01 09:57:43.714 0 0 D mv2112_update_link: link 0x0
01-01 09:57:43.714 0 0 D mv2112_read_status: autoneg is disabled
01-01 09:57:44.737 0 0 D : mv2112_read_status
01-01 09:57:44.738 0 0 D mv2112_update_link: 3.0x901(1G): 0x80
01-01 09:57:44.738 0 0 D mv2112_update_link: 3.0x8109(100M): 0x8
01-01 09:57:44.738 0 0 D mv2112_update_link: link 0x0
01-01 09:57:44.738 0 0 D mv2112_read_status: autoneg is disabled
12-14 03:23:17.860 1490 1621 V DisplayPowerController[0]: Brightness [0.05] reason changing to: 'manual [ dim ]', previous reason: 'manual'.
12-14 03:23:17.860 1490 1986 E DisplayDeviceConfig: requesting nits when no mapping exists.
12-14 03:23:17.861 1490 1986 E DisplayDeviceConfig: requesting nits when no mapping exists.
12-14 03:23:17.862 1490 1605 I DropBoxManagerService: add tag=system_server_wtf isTagEnabled=true flags=0x2
12-14 03:23:17.864 1490 1605 I DropBoxManagerService: add tag=system_server_wtf isTagEnabled=true flags=0x2
01-01 09:57:45.761 0 0 D : mv2112_read_status
01-01 09:57:45.762 0 0 D mv2112_update_link: 3.0x901(1G): 0x80
01-01 09:57:45.762 0 0 D mv2112_update_link: 3.0x8109(100M): 0x8
01-01 09:57:45.762 0 0 D mv2112_update_link: link 0x0
01-01 09:57:45.762 0 0 D mv2112_read_status: autoneg is disabled
01-01 09:57:46.785 0 0 D : mv2112_read_status
01-01 09:57:46.786 0 0 D mv2112_update_link: 3.0x901(1G): 0x80
01-01 09:57:46.786 0 0 D mv2112_update_link: 3.0x8109(100M): 0x8
01-01 09:57:46.786 0 0 D mv2112_update_link: link 0x0
01-01 09:57:46.786 0 0 D mv2112_read_status: autoneg is disabled
01-01 09:57:47.809 0 0 D : mv2112_read_status
01-01 09:57:47.810 0 0 D mv2112_update_link: 3.0x901(1G): 0x80
01-01 09:57:47.810 0 0 D mv2112_update_link: 3.0x8109(100M): 0x8
01-01 09:57:47.810 0 0 D mv2112_update_link: link 0x0
01-01 09:57:47.810 0 0 D mv2112_read_status: autoneg is disabled
01-01 09:57:48.833 0 0 D : mv2112_read_status
01-01 09:57:48.834 0 0 D mv2112_update_link: 3.0x901(1G): 0x80
01-01 09:57:48.834 0 0 D mv2112_update_link: 3.0x8109(100M): 0x8
01-01 09:57:48.834 0 0 D mv2112_update_link: link 0x0
01-01 09:57:48.834 0 0 D mv2112_read_status: autoneg is disabled
01-01 09:57:49.857 0 0 D : mv2112_read_status
01-01 09:57:49.858 0 0 D mv2112_update_link: 3.0x901(1G): 0x80
01-01 09:57:49.858 0 0 D mv2112_update_link: 3.0x8109(100M): 0x8
01-01 09:57:49.858 0 0 D mv2112_update_link: link 0x0
01-01 09:57:49.858 0 0 D mv2112_read_status: autoneg is disabled
01-01 09:57:50.881 0 0 D : mv2112_read_status
01-01 09:57:50.882 0 0 D mv2112_update_link: 3.0x901(1G): 0x80
01-01 09:57:50.882 0 0 D mv2112_update_link: 3.0x8109(100M): 0x8
01-01 09:57:50.882 0 0 D mv2112_update_link: link 0x0
01-01 09:57:50.882 0 0 D mv2112_read_status: autoneg is disabled
01-01 09:57:51.905 0 0 D : mv2112_read_status
01-01 09:57:51.906 0 0 D mv2112_update_link: 3.0x901(1G): 0x80
01-01 09:57:51.906 0 0 D mv2112_update_link: 3.0x8109(100M): 0x8
01-01 09:57:51.906 0 0 D mv2112_update_link: link 0x0
01-01 09:57:51.906 0 0 D mv2112_read_status: autoneg is disabled
12-14 03:23:24.853 1490 1621 I PowerManagerService: Napping display group (groupId=0, uid=1000)...
12-14 03:23:24.854 1490 1621 I PowerManagerService: Nap time (uid 1000)...
12-14 03:23:24.856 1490 1621 I DreamManagerService: Entering dreamland.
12-14 03:23:24.859 1490 1621 I PowerManagerService: Dreaming...
12-14 03:23:24.863 1490 1593 I DreamController: Starting dream: name=ComponentInfo{com.thundercomm.screensaver/com.thundercomm.saverclock.service.ClockScreensaver}, isTest=false, canDoze=false, userId=0
12-14 03:23:24.868 1490 1593 D CompatibilityChangeReporter: Compat change id reported: 135634846; UID 10052; state: DISABLED
12-14 03:23:24.869 1490 1593 D CompatibilityChangeReporter: Compat change id reported: 177438394; UID 10052; state: DISABLED
12-14 03:23:24.869 1490 1593 D CompatibilityChangeReporter: Compat change id reported: 135772972; UID 10052; state: DISABLED
12-14 03:23:24.869 1490 1593 D CompatibilityChangeReporter: Compat change id reported: 135754954; UID 10052; state: ENABLED
12-14 03:23:24.870 1490 1606 D CompatibilityChangeReporter: Compat change id reported: 143937733; UID 10052; state: ENABLED
12-14 03:23:24.887 1490 1606 I ActivityManager: Start proc 4190:com.thundercomm.screensaver/u0a52 for service {com.thundercomm.screensaver/com.thundercomm.saverclock.service.ClockScreensaver}
01-01 09:57:52.052 0 0 I binder : 4190:4190 ioctl 40046210 7fe9b90604 returned -22
12-14 03:23:24.921 1490 2580 D CompatibilityChangeReporter: Compat change id reported: 168419799; UID 10052; state: DISABLED
12-14 03:23:25.117 4190 4190 D MicroServiceManager: add linkToDeath
12-14 03:23:25.117 4190 4190 D MicroServiceManager: bindMicroService: called already get service
12-14 03:23:25.118 4190 4190 I MicroServiceManager: addCommonCallbackListener add listener
12-14 03:23:25.118 4190 4190 I MicroServiceManager: addConnectChangedListener add listener
12-14 03:23:25.121 1490 2580 I ActivityTaskManager: START u0 {flg=0x10000000 pkg=com.thundercomm.screensaver cmp=com.thundercomm.screensaver/android.service.dreams.DreamActivity (has extras)} from uid 10052
12-14 03:23:25.125 1490 2580 D CompatibilityChangeReporter: Compat change id reported: 184838306; UID 10052; state: DISABLED
12-14 03:23:25.126 1490 2580 D CompatibilityChangeReporter: Compat change id reported: 185004937; UID 10052; state: DISABLED
12-14 03:23:25.126 1490 2580 D CompatibilityChangeReporter: Compat change id reported: 181136395; UID 10052; state: DISABLED
12-14 03:23:25.127 1490 2580 D CompatibilityChangeReporter: Compat change id reported: 174042936; UID 10052; state: DISABLED
12-14 03:23:25.127 1490 2580 D CompatibilityChangeReporter: Compat change id reported: 174042980; UID 10052; state: DISABLED
12-14 03:23:25.128 1490 2580 W ActivityTaskManager: Can't find TaskDisplayArea to determine support for multi window. Task id=17 attached=false
12-14 03:23:25.141 1490 1522 I ActivityTaskManager: FOREGROUND_APPLICATION_CHANGED to android.service.dreams.DreamActivity
12-14 03:23:25.143 1490 1522 I ActivityTaskManager: The Process com.thundercomm.screensaver Already Exists in BG. So sending its PID: 4190
12-14 03:23:25.162 3806 3821 W ContextImpl: Calling a method in the system process without a qualified user: android.app.ContextImpl.startService:1816 android.content.ContextWrapper.startService:774 com.thundercomm.gamemode.ingame.services.GameModeActionUtils.startGameModeService:99 com.thundercomm.gamemode.ingame.services.GameModeActionUtils.startGameModeEntry:22 com.thundercomm.gamemode.ingame.services.ActivityMonitoringService$1.onActivityLaunch:127
12-14 03:23:25.167 1490 1490 I GameModeConfig: Current uri is uri = content://com.thundercomm.gamemode.api/gamemode_settings/gamemode_isgaming
12-14 03:23:25.169 1490 1490 I GameModeConfig: isGameModeOn = false
12-14 03:23:25.170 1490 1490 I GameModeConfig: isGameModeOn = false
12-14 03:23:25.170 1490 1490 I GameModeConfig: isDisableVoice = true
12-14 03:23:25.178 1490 2580 W WindowManager: Failed looking up window session=Session{5ac6ac5 4190:u0a10052} callers=com.android.server.wm.WindowManagerService.windowForClientLocked:5628 com.android.server.wm.Session.insetsModified:629 android.view.IWindowSession$Stub.onTransact:1151
12-14 03:23:25.227 1490 1918 I GameModeConfig: isGameModeOn = false
12-14 03:23:25.227 1490 1918 I GameModeConfig: isGameModeOn = false
12-14 03:23:25.228 1490 1918 I GameModeConfig: isGameModeOn = false
12-14 03:23:25.228 1490 1918 I GameModeConfig: isGameModeOn = false
01-01 09:57:52.389 0 0 I binder : 4190:4210 ioctl 40046210 6d507171f4 returned -22
12-14 03:23:25.253 3806 3821 W ContextImpl: Calling a method in the system process without a qualified user: android.app.ContextImpl.startService:1816 android.content.ContextWrapper.startService:774 com.thundercomm.gamemode.ingame.services.GameModeActionUtils.startGameModeService:99 com.thundercomm.gamemode.ingame.services.GameModeActionUtils.startGameModeEntry:22 com.thundercomm.gamemode.ingame.services.ActivityMonitoringService$1.onActivityLaunch:127
12-14 03:23:25.257 1490 4220 I DropBoxManagerService: add tag=system_app_wtf isTagEnabled=true flags=0x2
12-14 03:23:25.259 1490 1490 I GameModeConfig: Current uri is uri = content://com.thundercomm.gamemode.api/gamemode_settings/gamemode_isgaming
12-14 03:23:25.261 1490 1490 I GameModeConfig: isGameModeOn = false
12-14 03:23:25.261 1490 1490 I GameModeConfig: isGameModeOn = false
12-14 03:23:25.261 1490 1490 I GameModeConfig: isDisableVoice = true
12-14 03:23:25.274 1490 1621 V DisplayPowerController[0]: Brightness [1.0] reason changing to: 'manual', previous reason: 'manual [ dim ]'.
12-14 03:23:25.289 1490 1986 E DisplayDeviceConfig: requesting nits when no mapping exists.
12-14 03:23:25.289 1490 1986 E DisplayDeviceConfig: requesting nits when no mapping exists.
12-14 03:23:25.290 1490 1605 I DropBoxManagerService: add tag=system_server_wtf isTagEnabled=true flags=0x2
12-14 03:23:25.291 1490 1605 I DropBoxManagerService: add tag=system_server_wtf isTagEnabled=true flags=0x2
12-14 03:23:25.304 1490 1986 E DisplayDeviceConfig: requesting nits when no mapping exists.
12-14 03:23:25.305 1490 1986 E DisplayDeviceConfig: requesting nits when no mapping exists.
12-14 03:23:25.321 1490 1986 E DisplayDeviceConfig: requesting nits when no mapping exists.
12-14 03:23:25.321 1490 1986 E DisplayDeviceConfig: requesting nits when no mapping exists.
12-14 03:23:25.338 1490 1986 E DisplayDeviceConfig: requesting nits when no mapping exists.
12-14 03:23:25.338 1490 1986 E DisplayDeviceConfig: requesting nits when no mapping exists.
12-14 03:23:25.356 1490 1986 E DisplayDeviceConfig: requesting nits when no mapping exists.
12-14 03:23:25.356 1490 1986 E DisplayDeviceConfig: requesting nits when no mapping exists.
12-14 03:23:25.371 1490 1986 E DisplayDeviceConfig: requesting nits when no mapping exists.
12-14 03:23:25.371 1490 1986 E DisplayDeviceConfig: requesting nits when no mapping exists.
12-14 03:23:25.388 1490 1986 E DisplayDeviceConfig: requesting nits when no mapping exists.
12-14 03:23:25.389 1490 1986 E DisplayDeviceConfig: requesting nits when no mapping exists.
12-14 03:23:25.406 1490 1986 E DisplayDeviceConfig: requesting nits when no mapping exists.
12-14 03:23:25.408 1490 1986 E DisplayDeviceConfig: requesting nits when no mapping exists.
12-14 03:23:25.421 1490 1986 E DisplayDeviceConfig: requesting nits when no mapping exists.
12-14 03:23:25.422 1490 1986 E DisplayDeviceConfig: requesting nits when no mapping exists.
12-14 03:23:25.431 1490 1490 I GameModeConfig: isGameModeOn = false
12-14 03:23:25.440 1490 1986 E DisplayDeviceConfig: requesting nits when no mapping exists.
12-14 03:23:25.440 1490 1986 E DisplayDeviceConfig: requesting nits when no mapping exists.
12-14 03:23:25.455 1490 1986 E DisplayDeviceConfig: requesting nits when no mapping exists.
12-14 03:23:25.455 1490 1986 E DisplayDeviceConfig: requesting nits when no mapping exists.
12-14 03:23:25.472 1490 1986 E DisplayDeviceConfig: requesting nits when no mapping exists.
12-14 03:23:25.472 1490 1986 E DisplayDeviceConfig: requesting nits when no mapping exists.
12-14 03:23:25.488 1490 1986 E DisplayDeviceConfig: requesting nits when no mapping exists.
12-14 03:23:25.488 1490 1986 E DisplayDeviceConfig: requesting nits when no mapping exists.
12-14 03:23:25.505 1490 1986 E DisplayDeviceConfig: requesting nits when no mapping exists.
12-14 03:23:25.505 1490 1986 E DisplayDeviceConfig: requesting nits when no mapping exists.
12-14 03:23:25.525 1490 1986 E DisplayDeviceConfig: requesting nits when no mapping exists.
12-14 03:23:25.526 1490 1986 E DisplayDeviceConfig: requesting nits when no mapping exists.
12-14 03:23:25.539 1490 1986 E DisplayDeviceConfig: requesting nits when no mapping exists.
12-14 03:23:25.540 1490 1986 E DisplayDeviceConfig: requesting nits when no mapping exists.
12-14 03:23:25.556 1490 1986 E DisplayDeviceConfig: requesting nits when no mapping exists.
12-14 03:23:25.556 1490 1986 E DisplayDeviceConfig: requesting nits when no mapping exists.
12-14 03:23:25.572 1490 1986 E DisplayDeviceConfig: requesting nits when no mapping exists.
12-14 03:23:25.572 1490 1986 E DisplayDeviceConfig: requesting nits when no mapping exists.
12-14 03:23:25.591 1490 1986 E DisplayDeviceConfig: requesting nits when no mapping exists.
12-14 03:23:25.591 1490 1986 E DisplayDeviceConfig: requesting nits when no mapping exists.
12-14 03:23:25.605 1490 1986 E DisplayDeviceConfig: requesting nits when no mapping exists.
12-14 03:23:25.606 1490 1986 E DisplayDeviceConfig: requesting nits when no mapping exists.
12-14 03:23:25.617 3806 3821 W ContextImpl: Calling a method in the system process without a qualified user: android.app.ContextImpl.startService:1816 android.content.ContextWrapper.startService:774 com.thundercomm.gamemode.ingame.services.GameModeActionUtils.startGameModeService:99 com.thundercomm.gamemode.ingame.services.GameModeActionUtils.startGameModeEntry:22 com.thundercomm.gamemode.ingame.services.ActivityMonitoringService$1.onActivityLaunch:127
12-14 03:23:25.621 1490 1490 I GameModeConfig: Current uri is uri = content://com.thundercomm.gamemode.api/gamemode_settings/gamemode_isgaming
12-14 03:23:25.621 1490 1986 E DisplayDeviceConfig: requesting nits when no mapping exists.
12-14 03:23:25.622 1490 1986 E DisplayDeviceConfig: requesting nits when no mapping exists.
12-14 03:23:25.625 1490 1490 I GameModeConfig: isGameModeOn = false
12-14 03:23:25.625 1490 1490 I GameModeConfig: isGameModeOn = false
12-14 03:23:25.625 1490 1490 I GameModeConfig: isDisableVoice = true
12-14 03:23:25.638 1490 1986 E DisplayDeviceConfig: requesting nits when no mapping exists.
