12-14 03:25:08.251 2392 2470 E SettingsSearchProvider: at android.content.ContentProvider.query(ContentProvider.java:1504)
12-14 03:25:08.251 2392 2470 E SettingsSearchProvider: at android.content.ContentProvider$Transport.query(ContentProvider.java:272)
12-14 03:25:08.251 2392 2470 E SettingsSearchProvider: at android.content.ContentProviderNative.onTransact(ContentProviderNative.java:107)
12-14 03:25:08.251 2392 2470 E SettingsSearchProvider: at android.os.Binder.execTransactInternal(Binder.java:1179)
12-14 03:25:08.251 2392 2470 E SettingsSearchProvider: at android.os.Binder.execTransact(Binder.java:1143)
12-14 03:25:08.252 2392 2470 D PrefCtrlListHelper: Could not find Context-only controller for pref: com.android.settings.applications.specialaccess.interactacrossprofiles.InteractAcrossProfilesController
12-14 03:25:08.252 2392 2470 D PrefCtrlListHelper: Could not find Context-only controller for pref: com.android.settings.enterprise.ManageDeviceAdminPreferenceController
12-14 03:25:08.252 2392 2470 D PrefCtrlListHelper: Could not find Context-only controller for pref: com.android.settings.applications.specialaccess.SystemAlertWindowPreferenceController
12-14 03:25:08.252 2392 2470 D PrefCtrlListHelper: Could not find Context-only controller for pref: com.android.settings.applications.specialaccess.zenaccess.ZenAccessController
12-14 03:25:08.252 2392 2470 D PrefCtrlListHelper: Could not find Context-only controller for pref: com.android.settings.applications.specialaccess.notificationaccess.NotificationAccessController
12-14 03:25:08.252 2392 2470 D PrefCtrlListHelper: Could not find Context-only controller for pref: com.android.settings.applications.specialaccess.pictureinpicture.PictureInPictureController
12-14 03:25:08.252 2392 2470 D PrefCtrlListHelper: Could not find Context-only controller for pref: com.android.settings.applications.specialaccess.premiumsms.PremiumSmsController
12-14 03:25:08.252 2392 2470 D PrefCtrlListHelper: Could not find Context-only controller for pref: com.android.settings.applications.specialaccess.DataSaverController
12-14 03:25:08.252 2392 2470 D PrefCtrlListHelper: Could not find Context-only controller for pref: com.android.settings.applications.specialaccess.vrlistener.EnabledVrListenersController
12-14 03:25:08.252 2392 2470 D PrefCtrlListHelper: Could not find Context-only controller for pref: com.android.settings.applications.specialaccess.MoreSpecialAccessPreferenceController
12-14 03:25:08.255 2392 2470 V SettingsSearchProvider: com.android.settings.enterprise.EnterprisePrivacySettings$1@55a1646 tried to add an empty non-indexable key
12-14 03:25:08.255 2392 2470 D PrefCtrlListHelper: Could not find Context-only controller for pref: com.android.settings.gestures.SystemNavigationPreferenceController
12-14 03:25:08.255 2392 2470 D PrefCtrlListHelper: Could not find Context-only controller for pref: com.android.settings.gestures.OneHandedEnablePreferenceController
12-14 03:25:08.255 2392 2470 D PrefCtrlListHelper: Could not find Context-only controller for pref: com.android.settings.accessibility.PowerButtonEndsCallPreferenceController
12-14 03:25:08.255 2392 2470 D PrefCtrlListHelper: Could not find Context-only controller for pref: com.android.settings.accessibility.LockScreenRotationPreferenceController
12-14 03:25:08.256 2392 2470 W SettingsPrefController: Skipping updateNonIndexableKeys, key already in list. com.android.settings.gestures.OneHandedEnablePreferenceController@b815534
12-14 03:25:08.257 2392 2470 D PrefCtrlListHelper: Could not find Context-only controller for pref: com.android.settings.slices.SlicePreferenceController
12-14 03:25:08.257 2392 2470 D PrefCtrlListHelper: Could not find Context-only controller for pref: com.android.settings.connecteddevice.AddDevicePreferenceController
12-14 03:25:08.257 2392 2470 D PrefCtrlListHelper: Could not find Context-only controller for pref: com.android.settings.connecteddevice.PreviouslyConnectedDevicePreferenceController
12-14 03:25:08.257 2392 2470 D PrefCtrlListHelper: Could not find Context-only controller for pref: com.android.settings.connecteddevice.GroupPreviouslyConnectedDevicePreferenceController
12-14 03:25:08.257 2392 2470 D PrefCtrlListHelper: Could not find Context-only controller for pref: com.android.settings.connecteddevice.AdvancedConnectedDeviceController
12-14 03:25:08.257 2392 2470 D PrefCtrlListHelper: Could not find Context-only controller for pref: com.android.settings.connecteddevice.DiscoverableFooterPreferenceController
12-14 03:25:08.258 2392 2470 D PrefCtrlListHelper: Could not find Context-only controller for pref: com.android.settings.development.transcode.TranscodeUserControlPreferenceController
12-14 03:25:08.258 2392 2470 D PrefCtrlListHelper: Could not find Context-only controller for pref: com.android.settings.development.transcode.TranscodeGlobalTogglePreferenceController
12-14 03:25:08.258 2392 2470 D PrefCtrlListHelper: Could not find Context-only controller for pref: com.android.settings.development.transcode.TranscodeDefaultOptionPreferenceController
12-14 03:25:08.258 2392 2470 D PrefCtrlListHelper: Could not find Context-only controller for pref: com.android.settings.development.transcode.TranscodeNotificationPreferenceController
12-14 03:25:08.258 2392 2470 D PrefCtrlListHelper: Could not find Context-only controller for pref: com.android.settings.development.transcode.TranscodeDisableCachePreferenceController
12-14 03:25:08.258 2392 2470 V SettingsSearchProvider: com.android.settings.development.transcode.TranscodeSettingsFragment$1@d268459 tried to add an empty non-indexable key
12-14 03:25:08.258 2392 2470 D AssistGesture: mAssistOnly:false, isSupported:false, isSensorAvailable:false
12-14 03:25:08.258 2392 2470 D AssistGesture: mAssistOnly:false, isSupported:false, isSensorAvailable:false
12-14 03:25:08.259 2392 2470 V SettingsSearchProvider: com.android.settings.gestures.AssistGestureSettings$1@697e8ff tried to add an empty non-indexable key
12-14 03:25:08.261 2392 2470 D PrefCtrlListHelper: Could not find Context-only controller for pref: com.android.settings.gestures.AssistGestureSettingsPreferenceController
12-14 03:25:08.261 2392 2470 D AssistGesture: mAssistOnly:false, isSupported:false, isSensorAvailable:false
12-14 03:25:08.262 2392 2470 D AssistGesture: mAssistOnly:false, isSupported:false, isSensorAvailable:false
12-14 03:25:08.262 2392 2470 V SettingsSearchProvider: com.android.settings.notification.SoundWorkSettings$1@b0c161b tried to add an empty non-indexable key
12-14 03:25:08.265 2392 2470 D PrefCtrlListHelper: Could not find Context-only controller for pref: com.android.settings.notification.BubbleNotificationPreferenceController
12-14 03:25:08.265 2392 2470 D PrefCtrlListHelper: Could not find Context-only controller for pref: com.android.settings.location.LocationInjectedServicesPreferenceController
12-14 03:25:08.265 2392 2470 D PrefCtrlListHelper: Could not find Context-only controller for pref: com.android.settings.location.LocationServicesWifiScanningPreferenceController
12-14 03:25:08.265 2392 2470 D PrefCtrlListHelper: Could not find Context-only controller for pref: com.android.settings.location.LocationServicesBluetoothScanningPreferenceController
12-14 03:25:08.266 2392 2470 V SettingsSearchProvider: com.android.settings.sound.MediaControlsSettings$1@b3d2d93 tried to add an empty non-indexable key
12-14 03:25:08.266 2392 2470 D PrefCtrlListHelper: Could not find Context-only controller for pref: com.android.settings.bluetooth.BluetoothDeviceRenamePreferenceController
12-14 03:25:08.266 2392 2470 D PrefCtrlListHelper: Could not find Context-only controller for pref: com.android.settings.connecteddevice.AddDevicePreferenceController
12-14 03:25:08.267 2392 2470 D PrefCtrlListHelper: Could not find Context-only controller for pref: com.android.settings.display.NightDisplayTopIntroPreferenceController
12-14 03:25:08.267 2392 2470 D PrefCtrlListHelper: Could not find Context-only controller for pref: com.android.settings.display.NightDisplayActivationPreferenceController
12-14 03:25:08.267 2392 2470 D PrefCtrlListHelper: Could not find Context-only controller for pref: com.android.settings.display.TwilightLocationPreferenceController
12-14 03:25:08.267 2392 2470 D PrefCtrlListHelper: Could not find Context-only controller for pref: com.android.settings.display.NightDisplayAutoModePreferenceController
12-14 03:25:08.267 2392 2470 D PrefCtrlListHelper: Could not find Context-only controller for pref: com.android.settings.display.NightDisplayCustomStartTimePreferenceController
12-14 03:25:08.267 2392 2470 D PrefCtrlListHelper: Could not find Context-only controller for pref: com.android.settings.display.NightDisplayCustomEndTimePreferenceController
12-14 03:25:08.268 2392 2470 D PrefCtrlListHelper: Could not find Context-only controller for pref: com.android.settings.display.NightDisplayIntensityPreferenceController
01-01 09:59:35.409 0 0 I [schedu][0xcc858448][03:25:08.271035] wlan: [3420:I:OSIF] vdev 0, scan id 40962 type COMPLETED(1) reason COMPLETED(1) scan found 98 bss
12-14 03:25:08.268 1346 3802 D LOWI-9.0.0.87.a: [LOWI-Scan] wait_event:Wait done with Cmd 34
12-14 03:25:08.268 1346 3802 D LOWI-9.0.0.87.a: [LOWI-Scan] do_listen_events: Rcvd valid Netlink Cmd 34 Err 0
12-14 03:25:08.269 2392 2470 D PrefCtrlListHelper: Could not find Context-only controller for pref: com.android.settings.inputmethod.UserDictionaryListPreferenceController
12-14 03:25:08.269 2392 2470 D PrefCtrlListHelper: Could not find Context-only controller for pref: com.android.settings.development.graphicsdriver.GraphicsDriverTopIntroPreferenceController
12-14 03:25:08.269 2392 2470 D PrefCtrlListHelper: Could not find Context-only controller for pref: com.android.settings.development.graphicsdriver.GraphicsDriverEnableForAllAppsPreferenceController
12-14 03:25:08.269 2392 2470 D PrefCtrlListHelper: Could not find Context-only controller for pref: com.android.settings.development.graphicsdriver.GraphicsDriverAppPreferenceController
12-14 03:25:08.270 1346 3802 D LOWI-9.0.0.87.a: [LOWI-Scan]
12-14 03:25:08.270 1346 3802 D LOWI-9.0.0.87.a: [LOWI-Scan] print_bss_handler: Report Probe TSF 174591723 as it greater than Beacon TSF 0
12-14 03:25:08.270 1346 3802 D LOWI-9.0.0.87.a: [LOWI-Scan] decode_rsn_wpa_ie: LOWI_ENCRYPTION_TYPE_WPA_PSK
12-14 03:25:08.270 1346 3802 D LOWI-9.0.0.87.a: [LOWI-Scan] is_qcom_ie, bss_age: 0
12-14 03:25:08.270 1346 3802 D LOWI-9.0.0.87.a: [LOWI-Scan] BSS 6c:b0:ce:42:57:6f LOWI_PHY_MODE_11NG_HT20(5), Beacon Interval: 100, LOWI_ENCRYPTION_TYPE_WPA_PSK 11mcRanging: No, ANQP: No, LCI: No, Civic: No, capability(0x1411): ESS Privacy ShortSlotTime
12-14 03:25:08.270 1346 3802 D LOWI-9.0.0.87.a: [LOWI-Scan] BSS 6c:b0:ce:42:57:6f FREQ: 2412, cFreq1[40:80:160] = [0:0:0] cFreq2 = 0 Country Code =
12-14 03:25:08.270 1346 3802 D LOWI-9.0.0.87.a: [LOWI-Scan] BSS 6c:b0:ce:42:57:6f (wlan0) ASSO: NO AddInfo: 0x0, TSF 0, 00:02:54.591, RSSI: -132, CPL: 127, AGE: 1904, SSID NETGEAR60, TSFDelta: 0x860bd8f9, TXRate: 0
12-14 03:25:08.270 1346 3802 D LOWI-9.0.0.87.a: [LOWI-Scan]
12-14 03:25:08.270 1346 3802 D LOWI-9.0.0.87.a: [LOWI-Scan] print_bss_handler: Report Probe TSF 174668732 as it greater than Beacon TSF 0
12-14 03:25:08.270 1346 3802 D LOWI-9.0.0.87.a: [LOWI-Scan] decode_rsn_wpa_ie: LOWI_ENCRYPTION_TYPE_WPA_PSK
12-14 03:25:08.270 1346 3802 D LOWI-9.0.0.87.a: [LOWI-Scan] is_qcom_ie, bss_age: 0
12-14 03:25:08.270 1346 3802 D LOWI-9.0.0.87.a: [LOWI-Scan] BSS 62:ae:8f:61:d1:2e LOWI_PHY_MODE_11AC_VHT80(10), Beacon Interval: 100, LOWI_ENCRYPTION_TYPE_WPA_PSK 11mcRanging: No, ANQP: No, LCI: No, Civic: No, capability(0x1031): ESS Privacy ShortPreamble
12-14 03:25:08.270 1346 3802 D LOWI-9.0.0.87.a: [LOWI-Scan] BSS 62:ae:8f:61:d1:2e FREQ: 5180, cFreq1[40:80:160] = [5190:5210:0] cFreq2 = 0 Country Code =
12-14 03:25:08.270 1346 3802 D LOWI-9.0.0.87.a: [LOWI-Scan] BSS 62:ae:8f:61:d1:2e (wlan0) ASSO: NO AddInfo: 0x0, TSF 0, 00:02:54.668, RSSI: -114, CPL: 127, AGE: 1824, SSID GM_VCU_MM_5G, TSFDelta: 0x12584a84, TXRate: 0
12-14 03:25:08.270 1490 3326 D WifiNl80211Manager: Scan result ready event
12-14 03:25:08.270 1346 3802 D LOWI-9.0.0.87.a: [LOWI-Scan]
12-14 03:25:08.270 1346 3802 D LOWI-9.0.0.87.a: [LOWI-Scan] print_bss_handler: Report beacon TSF 174667833 as it greater than probe TSF 15649047
12-14 03:25:08.270 1346 3802 D LOWI-9.0.0.87.a: [LOWI-Scan] decode_rsn_wpa_ie: LOWI_ENCRYPTION_TYPE_WPA_PSK
12-14 03:25:08.270 1346 3802 D LOWI-9.0.0.87.a: [LOWI-Scan] is_qcom_ie, bss_age: 0
12-14 03:25:08.270 1346 3802 D LOWI-9.0.0.87.a: [LOWI-Scan] BSS 18:6f:2d:81:18:90 LOWI_PHY_MODE_11AC_VHT20(8), Beacon Interval: 100, LOWI_ENCRYPTION_TYPE_WPA_PSK 11mcRanging: No, ANQP: No, LCI: No, Civic: No, capability(0x0111): ESS Privacy SpectrumMgmt
12-14 03:25:08.270 1346 3802 D LOWI-9.0.0.87.a: [LOWI-Scan] BSS 18:6f:2d:81:18:90 FREQ: 5180, cFreq1[40:80:160] = [5180:0:0] cFreq2 = 0 Country Code = CN
12-14 03:25:08.270 1490 3326 D WifiNative: Scan result ready event
12-14 03:25:08.270 1346 3802 D LOWI-9.0.0.87.a: [LOWI-Scan] BSS 18:6f:2d:81:18:90 (wlan0) ASSO: NO AddInfo: 0x1, TSF 0, 00:02:54.667, RSSI: -150, CPL: 127, AGE: 1828, SSID Testing , TSFDelta: 0x599bb318, TXRate: 0
12-14 03:25:08.270 1346 3802 D LOWI-9.0.0.87.a: [LOWI-Scan]
12-14 03:25:08.270 1346 3802 D LOWI-9.0.0.87.a: [LOWI-Scan] print_bss_handler: Report Probe TSF 174609250 as it greater than Beacon TSF 15674848
12-14 03:25:08.270 1346 3802 D LOWI-9.0.0.87.a: [LOWI-Scan] decode_rsn_wpa_ie: LOWI_ENCRYPTION_TYPE_WPA_PSK
12-14 03:25:08.270 1346 3802 D LOWI-9.0.0.87.a: [LOWI-Scan] is_qcom_ie, bss_age: 0
12-14 03:25:08.270 1346 3802 D LOWI-9.0.0.87.a: [LOWI-Scan] BSS 18:6f:2d:81:20:60 LOWI_PHY_MODE_11NG_HT20(5), Beacon Interval: 100, LOWI_ENCRYPTION_TYPE_WPA_PSK 11mcRanging: No, ANQP: No, LCI: No, Civic: No, capability(0x0531): ESS Privacy ShortPreamble SpectrumMgmt ShortSlotTime
12-14 03:25:08.270 1346 3802 D LOWI-9.0.0.87.a: [LOWI-Scan] BSS 18:6f:2d:81:20:60 FREQ: 2412, cFreq1[40:80:160] = [2412:0:0] cFreq2 = 0 Country Code = CN
12-14 03:25:08.270 1346 3802 D LOWI-9.0.0.87.a: [LOWI-Scan] BSS 18:6f:2d:81:20:60 (wlan0) ASSO: NO AddInfo: 0x0, TSF 0, 00:02:54.609, RSSI: -148, CPL: 127, AGE: 1884, SSID Testing , TSFDelta: 0xcb2b90d1, TXRate: 0
12-14 03:25:08.270 1346 3802 D LOWI-9.0.0.87.a: [LOWI-Scan]
12-14 03:25:08.270 1346 3802 D LOWI-9.0.0.87.a: [LOWI-Scan] print_bss_handler: Report beacon TSF 174668563 as it greater than probe TSF 15649353
12-14 03:25:08.270 1346 3802 D LOWI-9.0.0.87.a: [LOWI-Scan] is_qcom_ie, bss_age: 0
12-14 03:25:08.270 1346 3802 D LOWI-9.0.0.87.a: [LOWI-Scan] BSS 18:6f:2d:81:18:91 LOWI_PHY_MODE_11AC_VHT20(8), Beacon Interval: 100, LOWI_ENCRYPTION_TYPE_OPEN 11mcRanging: No, ANQP: No, LCI: No, Civic: No, capability(0x0101): ESS SpectrumMgmt
12-14 03:25:08.271 1346 3802 D LOWI-9.0.0.87.a: [LOWI-Scan] BSS 18:6f:2d:81:18:91 FREQ: 5180, cFreq1[40:80:160] = [5180:0:0] cFreq2 = 0 Country Code = CN
12-14 03:25:08.271 1346 3802 D LOWI-9.0.0.87.a: [LOWI-Scan] BSS 18:6f:2d:81:18:91 (wlan0) ASSO: NO AddInfo: 0x1, TSF 0, 00:02:54.668, RSSI: -148, CPL: 127, AGE: 1824, SSID Guest, TSFDelta: 0x599e8695, TXRate: 0
12-14 03:25:08.271 1346 3802 D LOWI-9.0.0.87.a: [LOWI-Scan]
12-14 03:25:08.271 1346 3802 D LOWI-9.0.0.87.a: [LOWI-Scan] print_bss_handler: Report beacon TSF 174668615 as it greater than probe TSF 15649829
12-14 03:25:08.271 1346 3802 D LOWI-9.0.0.87.a: [LOWI-Scan] decode_rsn_wpa_ie: LOWI_ENCRYPTION_TYPE_WPA_PSK
12-14 03:25:08.271 1346 3802 D LOWI-9.0.0.87.a: [LOWI-Scan] is_qcom_ie, bss_age: 0
12-14 03:25:08.271 1346 3802 D LOWI-9.0.0.87.a: [LOWI-Scan] BSS 18:6f:2d:81:18:92 LOWI_PHY_MODE_11AC_VHT20(8), Beacon Interval: 100, LOWI_ENCRYPTION_TYPE_WPA_PSK 11mcRanging: No, ANQP: No, LCI: No, Civic: No, capability(0x0111): ESS Privacy SpectrumMgmt
12-14 03:25:08.271 1346 3802 D LOWI-9.0.0.87.a: [LOWI-Scan] BSS 18:6f:2d:81:18:92 FREQ: 5180, cFreq1[40:80:160] = [5180:0:0] cFreq2 = 0 Country Code = CN
12-14 03:25:08.271 1346 3802 D LOWI-9.0.0.87.a: [LOWI-Scan] BSS 18:6f:2d:81:18:92 (wlan0) ASSO: NO AddInfo: 0x1, TSF 0, 00:02:54.668, RSSI: -150, CPL: 127, AGE: 1824, SSID ZXHY, TSFDelta: 0x59a11e0b, TXRate: 0
12-14 03:25:08.271 1346 3802 D LOWI-9.0.0.87.a: [LOWI-Scan]
12-14 03:25:08.271 1346 3802 D LOWI-9.0.0.87.a: [LOWI-Scan] print_bss_handler: Report beacon TSF 174668681 as it greater than probe TSF 15650767
12-14 03:25:08.271 1346 3802 D LOWI-9.0.0.87.a: [LOWI-Scan] decode_rsn_wpa_ie: LOWI_ENCRYPTION_TYPE_WPA_PSK
12-14 03:25:08.271 1346 3802 D LOWI-9.0.0.87.a: [LOWI-Scan] is_qcom_ie, bss_age: 0
12-14 03:25:08.271 1346 3802 D LOWI-9.0.0.87.a: [LOWI-Scan] BSS 18:6f:2d:81:18:93 LOWI_PHY_MODE_11AC_VHT20(8), Beacon Interval: 100, LOWI_ENCRYPTION_TYPE_WPA_PSK 11mcRanging: No, ANQP: No, LCI: No, Civic: No, capability(0x0111): ESS Privacy SpectrumMgmt
12-14 03:25:08.271 1346 3802 D LOWI-9.0.0.87.a: [LOWI-Scan] BSS 18:6f:2d:81:18:93 FREQ: 5180, cFreq1[40:80:160] = [5180:0:0] cFreq2 = 0 Country Code = CN
12-14 03:25:08.271 1346 3802 D LOWI-9.0.0.87.a: [LOWI-Scan] BSS 18:6f:2d:81:18:93 (wlan0) ASSO: NO AddInfo: 0x1, TSF 0, 00:02:54.668, RSSI: -148, CPL: 127, AGE: 1824, SSID Fanya, TSFDelta: 0x59a3e0a9, TXRate: 0
12-14 03:25:08.271 1346 3802 D LOWI-9.0.0.87.a: [LOWI-Scan]
12-14 03:25:08.271 1346 3802 D LOWI-9.0.0.87.a: [LOWI-Scan] print_bss_handler: Report beacon TSF 174660940 as it greater than probe TSF 15632725
12-14 03:25:08.271 1346 3802 D LOWI-9.0.0.87.a: [LOWI-Scan] is_qcom_ie, bss_age: 0
12-14 03:25:08.271 1346 3802 D LOWI-9.0.0.87.a: [LOWI-Scan] BSS 18:6f:2d:81:20:61 LOWI_PHY_MODE_11NG_HT20(5), Beacon Interval: 100, LOWI_ENCRYPTION_TYPE_OPEN 11mcRanging: No, ANQP: No, LCI: No, Civic: No, capability(0x0521): ESS ShortPreamble SpectrumMgmt ShortSlotTime
12-14 03:25:08.271 1346 3802 D LOWI-9.0.0.87.a: [LOWI-Scan] BSS 18:6f:2d:81:20:61 FREQ: 2412, cFreq1[40:80:160] = [2412:0:0] cFreq2 = 0 Country Code = CN
12-14 03:25:08.271 1346 3802 D LOWI-9.0.0.87.a: [LOWI-Scan] BSS 18:6f:2d:81:20:61 (wlan0) ASSO: NO AddInfo: 0x1, TSF 0, 00:02:54.660, RSSI: -148, CPL: 127, AGE: 1832, SSID Guest, TSFDelta: 0xd36b0e25, TXRate: 0
12-14 03:25:08.271 1346 3802 D LOWI-9.0.0.87.a: [LOWI-Scan]
12-14 03:25:08.271 1346 3802 D LOWI-9.0.0.87.a: [LOWI-Scan] print_bss_handler: Report beacon TSF 174660984 as it greater than probe TSF 15646887
12-14 03:25:08.271 1346 3802 D LOWI-9.0.0.87.a: [LOWI-Scan] decode_rsn_wpa_ie: LOWI_ENCRYPTION_TYPE_WPA_PSK
12-14 03:25:08.271 1346 3802 D LOWI-9.0.0.87.a: [LOWI-Scan] is_qcom_ie, bss_age: 0
12-14 03:25:08.271 1346 3802 D LOWI-9.0.0.87.a: [LOWI-Scan] BSS 18:6f:2d:81:20:62 LOWI_PHY_MODE_11NG_HT20(5), Beacon Interval: 100, LOWI_ENCRYPTION_TYPE_WPA_PSK 11mcRanging: No, ANQP: No, LCI: No, Civic: No, capability(0x0531): ESS Privacy ShortPreamble SpectrumMgmt ShortSlotTime
12-14 03:25:08.271 1346 3802 D LOWI-9.0.0.87.a: [LOWI-Scan] BSS 18:6f:2d:81:20:62 FREQ: 2412, cFreq1[40:80:160] = [2412:0:0] cFreq2 = 0 Country Code = CN
12-14 03:25:08.271 1346 3802 D LOWI-9.0.0.87.a: [LOWI-Scan] BSS 18:6f:2d:81:20:62 (wlan0) ASSO: NO AddInfo: 0x1, TSF 0, 00:02:54.660, RSSI: -146, CPL: 127, AGE: 1832, SSID ThunderSoft_2.4G, TSFDelta: 0xd3ccf0cb, TXRate: 0
12-14 03:25:08.271 1346 3802 D LOWI-9.0.0.87.a: [LOWI-Scan]
12-14 03:25:08.271 1346 3802 D LOWI-9.0.0.87.a: [LOWI-Scan] print_bss_handler: Report beacon TSF 174661025 as it greater than probe TSF 15647745
12-14 03:25:08.271 1346 3802 D LOWI-9.0.0.87.a: [LOWI-Scan] decode_rsn_wpa_ie: LOWI_ENCRYPTION_TYPE_WPA_PSK
12-14 03:25:08.271 1346 3802 D LOWI-9.0.0.87.a: [LOWI-Scan] is_qcom_ie, bss_age: 0
12-14 03:25:08.271 1346 3802 D LOWI-9.0.0.87.a: [LOWI-Scan] BSS 18:6f:2d:81:20:63 LOWI_PHY_MODE_11NG_HT20(5), Beacon Interval: 100, LOWI_ENCRYPTION_TYPE_WPA_PSK 11mcRanging: No, ANQP: No, LCI: No, Civic: No, capability(0x0531): ESS Privacy ShortPreamble SpectrumMgmt ShortSlotTime
12-14 03:25:08.271 1346 3802 D LOWI-9.0.0.87.a: [LOWI-Scan] BSS 18:6f:2d:81:20:63 FREQ: 2412, cFreq1[40:80:160] = [2412:0:0] cFreq2 = 0 Country Code = CN
12-14 03:25:08.271 1346 3802 D LOWI-9.0.0.87.a: [LOWI-Scan] BSS 18:6f:2d:81:20:63 (wlan0) ASSO: NO AddInfo: 0x1, TSF 0, 00:02:54.661, RSSI: -150, CPL: 127, AGE: 1832, SSID ZXHY, TSFDelta: 0xd3db35f3, TXRate: 0
12-14 03:25:08.271 1346 3802 D LOWI-9.0.0.87.a: [LOWI-Scan]
12-14 03:25:08.271 1346 3802 D LOWI-9.0.0.87.a: [LOWI-Scan] print_bss_handler: Report beacon TSF 174661064 as it greater than probe TSF 15664048
12-14 03:25:08.271 1346 3802 D LOWI-9.0.0.87.a: [LOWI-Scan] decode_rsn_wpa_ie: LOWI_ENCRYPTION_TYPE_WPA_PSK
12-14 03:25:08.271 1346 3802 D LOWI-9.0.0.87.a: [LOWI-Scan] is_qcom_ie, bss_age: 0
12-14 03:25:08.271 1346 3802 D LOWI-9.0.0.87.a: [LOWI-Scan] BSS 18:6f:2d:81:20:64 LOWI_PHY_MODE_11NG_HT20(5), Beacon Interval: 100, LOWI_ENCRYPTION_TYPE_WPA_PSK 11mcRanging: No, ANQP: No, LCI: No, Civic: No, capability(0x0531): ESS Privacy ShortPreamble SpectrumMgmt ShortSlotTime
12-14 03:25:08.271 1346 3802 D LOWI-9.0.0.87.a: [LOWI-Scan] BSS 18:6f:2d:81:20:64 FREQ: 2412, cFreq1[40:80:160] = [2412:0:0] cFreq2 = 0 Country Code = CN
12-14 03:25:08.271 1346 3802 D LOWI-9.0.0.87.a: [LOWI-Scan] BSS 18:6f:2d:81:20:64 (wlan0) ASSO: NO AddInfo: 0x1, TSF 0, 00:02:54.661, RSSI: -148, CPL: 127, AGE: 1832, SSID Fanya, TSFDelta: 0xd40b941f, TXRate: 0
12-14 03:25:08.271 1346 3802 D LOWI-9.0.0.87.a: [LOWI-Scan]
12-14 03:25:08.271 1346 3802 D LOWI-9.0.0.87.a: [LOWI-Scan] print_bss_handler: Report Probe TSF 174596219 as it greater than Beacon TSF 15664416
12-14 03:25:08.271 1346 3802 D LOWI-9.0.0.87.a: [LOWI-Scan] decode_rsn_wpa_ie: LOWI_ENCRYPTION_TYPE_WPA_PSK
12-14 03:25:08.271 1346 3802 D LOWI-9.0.0.87.a: [LOWI-Scan] is_qcom_ie, bss_age: 0
12-14 03:25:08.271 1346 3802 D LOWI-9.0.0.87.a: [LOWI-Scan] BSS 18:6f:2d:81:16:e0 LOWI_PHY_MODE_11NG_HT20(5), Beacon Interval: 100, LOWI_ENCRYPTION_TYPE_WPA_PSK 11mcRanging: No, ANQP: No, LCI: No, Civic: No, capability(0x0531): ESS Privacy ShortPreamble SpectrumMgmt ShortSlotTime
12-14 03:25:08.271 1346 3802 D LOWI-9.0.0.87.a: [LOWI-Scan] BSS 18:6f:2d:81:16:e0 FREQ: 2412, cFreq1[40:80:160] = [2412:0:0] cFreq2 = 0 Country Code = CN
12-14 03:25:08.271 1346 3802 D LOWI-9.0.0.87.a: [LOWI-Scan] BSS 18:6f:2d:81:16:e0 (wlan0) ASSO: NO AddInfo: 0x0, TSF 0, 00:02:54.596, RSSI: -128, CPL: 127, AGE: 1896, SSID Testing , TSFDelta: 0xc869b10f, TXRate: 0
12-14 03:25:08.271 1346 3802 D LOWI-9.0.0.87.a: [LOWI-Scan]
12-14 03:25:08.271 1346 3802 D LOWI-9.0.0.87.a: [LOWI-Scan] print_bss_handler: Report beacon TSF 174660649 as it greater than probe TSF 174604525
12-14 03:25:08.271 1346 3802 D LOWI-9.0.0.87.a: [LOWI-Scan] is_qcom_ie, bss_age: 0
12-14 03:25:08.271 1346 3802 D LOWI-9.0.0.87.a: [LOWI-Scan] BSS 18:6f:2d:81:16:e1 LOWI_PHY_MODE_11NG_HT20(5), Beacon Interval: 100, LOWI_ENCRYPTION_TYPE_OPEN 11mcRanging: No, ANQP: No, LCI: No, Civic: No, capability(0x0521): ESS ShortPreamble SpectrumMgmt ShortSlotTime
12-14 03:25:08.271 1346 3802 D LOWI-9.0.0.87.a: [LOWI-Scan] BSS 18:6f:2d:81:16:e1 FREQ: 2412, cFreq1[40:80:160] = [2412:0:0] cFreq2 = 0 Country Code = CN
12-14 03:25:08.271 1346 3802 D LOWI-9.0.0.87.a: [LOWI-Scan] BSS 18:6f:2d:81:16:e1 (wlan0) ASSO: NO AddInfo: 0x1, TSF 0, 00:02:54.660, RSSI: -130, CPL: 127, AGE: 1832, SSID Guest, TSFDelta: 0xc8a7748d, TXRate: 0
12-14 03:25:08.272 1346 3802 D LOWI-9.0.0.87.a: [LOWI-Scan]
12-14 03:25:08.272 1346 3802 D LOWI-9.0.0.87.a: [LOWI-Scan] print_bss_handler: Report beacon TSF 174660795 as it greater than probe TSF 174660795
12-14 03:25:08.272 1346 3802 D LOWI-9.0.0.87.a: [LOWI-Scan] decode_rsn_wpa_ie: LOWI_ENCRYPTION_TYPE_WPA_PSK
12-14 03:25:08.272 1346 3802 D LOWI-9.0.0.87.a: [LOWI-Scan] is_qcom_ie, bss_age: 0
12-14 03:25:08.272 1346 3802 D LOWI-9.0.0.87.a: [LOWI-Scan] BSS 18:6f:2d:81:16:e2 LOWI_PHY_MODE_11NG_HT20(5), Beacon Interval: 100, LOWI_ENCRYPTION_TYPE_WPA_PSK 11mcRanging: No, ANQP: No, LCI: No, Civic: No, capability(0x0531): ESS Privacy ShortPreamble SpectrumMgmt ShortSlotTime
12-14 03:25:08.272 1346 3802 D LOWI-9.0.0.87.a: [LOWI-Scan] BSS 18:6f:2d:81:16:e2 FREQ: 2412, cFreq1[40:80:160] = [2412:0:0] cFreq2 = 0 Country Code = CN
12-14 03:25:08.272 1346 3802 D LOWI-9.0.0.87.a: [LOWI-Scan] BSS 18:6f:2d:81:16:e2 (wlan0) ASSO: NO AddInfo: 0x1, TSF 0, 00:02:54.660, RSSI: -132, CPL: 127, AGE: 1832, SSID ThunderSoft_2.4G, TSFDelta: 0xc933579f, TXRate: 0
12-14 03:25:08.272 1346 3802 D LOWI-9.0.0.87.a: [LOWI-Scan]
12-14 03:25:08.272 1346 3802 D LOWI-9.0.0.87.a: [LOWI-Scan] print_bss_handler: Report beacon TSF 174607124 as it greater than probe TSF 174603161
12-14 03:25:08.272 1346 3802 D LOWI-9.0.0.87.a: [LOWI-Scan] decode_rsn_wpa_ie: LOWI_ENCRYPTION_TYPE_WPA_PSK
12-14 03:25:08.272 1346 3802 D LOWI-9.0.0.87.a: [LOWI-Scan] is_qcom_ie, bss_age: 0
12-14 03:25:08.272 1346 3802 D LOWI-9.0.0.87.a: [LOWI-Scan] BSS 7c:d9:5c:9d:f7:e0 LOWI_PHY_MODE_11NG_HT20(5), Beacon Interval: 100, LOWI_ENCRYPTION_TYPE_WPA_PSK 11mcRanging: No, ANQP: No, LCI: No, Civic: No, capability(0x1431): ESS Privacy ShortPreamble ShortSlotTime
12-14 03:25:08.272 1346 3802 D LOWI-9.0.0.87.a: [LOWI-Scan] BSS 7c:d9:5c:9d:f7:e0 FREQ: 2412, cFreq1[40:80:160] = [0:0:0] cFreq2 = 0 Country Code = US
12-14 03:25:08.272 1346 3802 D LOWI-9.0.0.87.a: [LOWI-Scan] BSS 7c:d9:5c:9d:f7:e0 (wlan0) ASSO: NO AddInfo: 0x1, TSF 0, 00:02:54.607, RSSI: -138, CPL: 127, AGE: 1888, SSID Google nest wifi, TSFDelta: 0xb370e2ca, TXRate: 0
12-14 03:25:08.272 1346 3802 D LOWI-9.0.0.87.a: [LOWI-Scan]
12-14 03:25:08.272 1346 3802 D LOWI-9.0.0.87.a: [LOWI-Scan] print_bss_handler: Report beacon TSF 174788665 as it greater than probe TSF 174788236
12-14 03:25:08.272 1346 3802 D LOWI-9.0.0.87.a: [LOWI-Scan] decode_rsn_wpa_ie: LOWI_ENCRYPTION_TYPE_WPA_PSK
12-14 03:25:08.272 1346 3802 D LOWI-9.0.0.87.a: [LOWI-Scan] is_qcom_ie, bss_age: 0
12-14 03:25:08.272 1346 3802 D LOWI-9.0.0.87.a: [LOWI-Scan] BSS 18:6f:2d:81:0d:80 LOWI_PHY_MODE_11NG_HT20(5), Beacon Interval: 100, LOWI_ENCRYPTION_TYPE_WPA_PSK 11mcRanging: No, ANQP: No, LCI: No, Civic: No, capability(0x0531): ESS Privacy ShortPreamble SpectrumMgmt ShortSlotTime
12-14 03:25:08.272 1346 3802 D LOWI-9.0.0.87.a: [LOWI-Scan] BSS 18:6f:2d:81:0d:80 FREQ: 2422, cFreq1[40:80:160] = [2422:0:0] cFreq2 = 0 Country Code = CN
12-14 03:25:08.272 1346 3802 D LOWI-9.0.0.87.a: [LOWI-Scan] BSS 18:6f:2d:81:0d:80 (wlan0) ASSO: NO AddInfo: 0x1, TSF 0, 00:02:54.788, RSSI: -136, CPL: 127, AGE: 1704, SSID Testing , TSFDelta: 0xb6fb5b1b, TXRate: 0
12-14 03:25:08.272 1346 3802 D LOWI-9.0.0.87.a: [LOWI-Scan]
12-14 03:25:08.272 1346 3802 D LOWI-9.0.0.87.a: [LOWI-Scan] print_bss_handler: Report beacon TSF 174788699 as it greater than probe TSF 174788421
12-14 03:25:08.272 1346 3802 D LOWI-9.0.0.87.a: [LOWI-Scan] is_qcom_ie, bss_age: 0
12-14 03:25:08.272 1346 3802 D LOWI-9.0.0.87.a: [LOWI-Scan] BSS 18:6f:2d:81:0d:81 LOWI_PHY_MODE_11NG_HT20(5), Beacon Interval: 100, LOWI_ENCRYPTION_TYPE_OPEN 11mcRanging: No, ANQP: No, LCI: No, Civic: No, capability(0x0521): ESS ShortPreamble SpectrumMgmt ShortSlotTime
12-14 03:25:08.272 1346 3802 D LOWI-9.0.0.87.a: [LOWI-Scan] BSS 18:6f:2d:81:0d:81 FREQ: 2422, cFreq1[40:80:160] = [2422:0:0] cFreq2 = 0 Country Code = CN
12-14 03:25:08.272 1346 3802 D LOWI-9.0.0.87.a: [LOWI-Scan] BSS 18:6f:2d:81:0d:81 (wlan0) ASSO: NO AddInfo: 0x1, TSF 0, 00:02:54.788, RSSI: -136, CPL: 127, AGE: 1704, SSID Guest, TSFDelta: 0xb700cc2e, TXRate: 0
12-14 03:25:08.272 1346 3802 D LOWI-9.0.0.87.a: [LOWI-Scan]
12-14 03:25:08.272 1346 3802 D LOWI-9.0.0.87.a: [LOWI-Scan] print_bss_handler: Report beacon TSF 174788733 as it greater than probe TSF 174788622
12-14 03:25:08.272 1346 3802 D LOWI-9.0.0.87.a: [LOWI-Scan] decode_rsn_wpa_ie: LOWI_ENCRYPTION_TYPE_WPA_PSK
12-14 03:25:08.272 1346 3802 D LOWI-9.0.0.87.a: [LOWI-Scan] is_qcom_ie, bss_age: 0
12-14 03:25:08.272 1346 3802 D LOWI-9.0.0.87.a: [LOWI-Scan] BSS 18:6f:2d:81:0d:82 LOWI_PHY_MODE_11NG_HT20(5), Beacon Interval: 100, LOWI_ENCRYPTION_TYPE_WPA_PSK 11mcRanging: No, ANQP: No, LCI: No, Civic: No, capability(0x0531): ESS Privacy ShortPreamble SpectrumMgmt ShortSlotTime
12-14 03:25:08.272 1346 3802 D LOWI-9.0.0.87.a: [LOWI-Scan] BSS 18:6f:2d:81:0d:82 FREQ: 2422, cFreq1[40:80:160] = [2422:0:0] cFreq2 = 0 Country Code = CN
12-14 03:25:08.272 1346 3802 D LOWI-9.0.0.87.a: [LOWI-Scan] BSS 18:6f:2d:81:0d:82 (wlan0) ASSO: NO AddInfo: 0x1, TSF 0, 00:02:54.788, RSSI: -134, CPL: 127, AGE: 1704, SSID ThunderSoft_2.4G, TSFDelta: 0xb7065860, TXRate: 0
12-14 03:25:08.272 1346 3802 D LOWI-9.0.0.87.a: [LOWI-Scan]
12-14 03:25:08.272 1346 3802 D LOWI-9.0.0.87.a: [LOWI-Scan] print_bss_handler: Report Probe TSF 174813916 as it greater than Beacon TSF 174813813
12-14 03:25:08.272 1346 3802 D LOWI-9.0.0.87.a: [LOWI-Scan] decode_rsn_wpa_ie: LOWI_ENCRYPTION_TYPE_WPA_PSK
12-14 03:25:08.272 1346 3802 D LOWI-9.0.0.87.a: [LOWI-Scan] is_qcom_ie, bss_age: 0
12-14 03:25:08.272 1346 3802 D LOWI-9.0.0.87.a: [LOWI-Scan] BSS 18:6f:2d:81:0d:84 LOWI_PHY_MODE_11NG_HT20(5), Beacon Interval: 100, LOWI_ENCRYPTION_TYPE_WPA_PSK 11mcRanging: No, ANQP: No, LCI: No, Civic: No, capability(0x0531): ESS Privacy ShortPreamble SpectrumMgmt ShortSlotTime
12-14 03:25:08.272 1346 3802 D LOWI-9.0.0.87.a: [LOWI-Scan] BSS 18:6f:2d:81:0d:84 FREQ: 2422, cFreq1[40:80:160] = [2422:0:0] cFreq2 = 0 Country Code = CN
12-14 03:25:08.272 1346 3802 D LOWI-9.0.0.87.a: [LOWI-Scan] BSS 18:6f:2d:81:0d:84 (wlan0) ASSO: NO AddInfo: 0x0, TSF 0, 00:02:54.813, RSSI: -136, CPL: 127, AGE: 1680, SSID Fanya, TSFDelta: 0xb72b95fc, TXRate: 0
12-14 03:25:08.272 1346 3802 D LOWI-9.0.0.87.a: [LOWI-Scan]
12-14 03:25:08.272 1346 3802 D LOWI-9.0.0.87.a: [LOWI-Scan] print_bss_handler: Report Probe TSF 174813863 as it greater than Beacon TSF 174788766
12-14 03:25:08.272 1346 3802 D LOWI-9.0.0.87.a: [LOWI-Scan] decode_rsn_wpa_ie: LOWI_ENCRYPTION_TYPE_WPA_PSK
12-14 03:25:08.272 1346 3802 D LOWI-9.0.0.87.a: [LOWI-Scan] is_qcom_ie, bss_age: 0
12-14 03:25:08.272 1346 3802 D LOWI-9.0.0.87.a: [LOWI-Scan] BSS 18:6f:2d:81:0d:83 LOWI_PHY_MODE_11NG_HT20(5), Beacon Interval: 100, LOWI_ENCRYPTION_TYPE_WPA_PSK 11mcRanging: No, ANQP: No, LCI: No, Civic: No, capability(0x0531): ESS Privacy ShortPreamble SpectrumMgmt ShortSlotTime
12-14 03:25:08.272 1346 3802 D LOWI-9.0.0.87.a: [LOWI-Scan] BSS 18:6f:2d:81:0d:83 FREQ: 2422, cFreq1[40:80:160] = [2422:0:0] cFreq2 = 0 Country Code = CN
12-14 03:25:08.272 1346 3802 D LOWI-9.0.0.87.a: [LOWI-Scan] BSS 18:6f:2d:81:0d:83 (wlan0) ASSO: NO AddInfo: 0x0, TSF 0, 00:02:54.813, RSSI: -134, CPL: 127, AGE: 1680, SSID ZXHY, TSFDelta: 0xb72652fd, TXRate: 0
12-14 03:25:08.272 1346 3802 D LOWI-9.0.0.87.a: [LOWI-Scan]
12-14 03:25:08.272 1346 3802 D LOWI-9.0.0.87.a: [LOWI-Scan] print_bss_handler: Report beacon TSF 175187718 as it greater than probe TSF 175187165
12-14 03:25:08.272 1346 3802 D LOWI-9.0.0.87.a: [LOWI-Scan] decode_rsn_wpa_ie: LOWI_ENCRYPTION_TYPE_WPA_PSK
12-14 03:25:08.272 1346 3802 D LOWI-9.0.0.87.a: [LOWI-Scan] is_qcom_ie, bss_age: 0
12-14 03:25:08.272 1346 3802 D LOWI-9.0.0.87.a: [LOWI-Scan] BSS 5c:02:14:f9:4f:d3 LOWI_PHY_MODE_11AC_VHT80(10), Beacon Interval: 100, LOWI_ENCRYPTION_TYPE_WPA_PSK 11mcRanging: No, ANQP: Yes, LCI: No, Civic: No, capability(0x1931): ESS Privacy ShortPreamble SpectrumMgmt APSD
12-14 03:25:08.272 1346 3802 D LOWI-9.0.0.87.a: [LOWI-Scan] BSS 5c:02:14:f9:4f:d3 FREQ: 5745, cFreq1[40:80:160] = [5755:5775:0] cFreq2 = 0 Country Code = CN
12-14 03:25:08.272 1346 3802 D LOWI-9.0.0.87.a: [LOWI-Scan] BSS 5c:02:14:f9:4f:d3 (wlan0) ASSO: NO AddInfo: 0x1, TSF 0, 00:02:55.187, RSSI: -104, CPL: 127, AGE: 1308, SSID ThunderSoft_XTS_5G, TSFDelta: 0xbafc20cb, TXRate: 0
12-14 03:25:08.272 1346 3802 D LOWI-9.0.0.87.a: [LOWI-Scan]
12-14 03:25:08.273 1346 3802 D LOWI-9.0.0.87.a: [LOWI-Scan] print_bss_handler: Report Probe TSF 175289882 as it greater than Beacon TSF 15888395
12-14 03:25:08.273 1346 3802 D LOWI-9.0.0.87.a: [LOWI-Scan] decode_rsn_wpa_ie: LOWI_ENCRYPTION_TYPE_WPA_PSK
12-14 03:25:08.273 1346 3802 D LOWI-9.0.0.87.a: [LOWI-Scan] is_qcom_ie, bss_age: 0
12-14 03:25:08.273 1346 3802 D LOWI-9.0.0.87.a: [LOWI-Scan] BSS 44:94:fc:3d:da:94 LOWI_PHY_MODE_11AC_VHT80(10), Beacon Interval: 100, LOWI_ENCRYPTION_TYPE_WPA_PSK 11mcRanging: No, ANQP: No, LCI: No, Civic: No, capability(0x1011): ESS Privacy
12-14 03:25:08.273 1346 3802 D LOWI-9.0.0.87.a: [LOWI-Scan] BSS 44:94:fc:3d:da:94 FREQ: 5765, cFreq1[40:80:160] = [5755:5775:0] cFreq2 = 0 Country Code =
12-14 03:25:08.273 1346 3802 D LOWI-9.0.0.87.a: [LOWI-Scan] BSS 44:94:fc:3d:da:94 (wlan0) ASSO: NO AddInfo: 0x0, TSF 0, 00:02:55.289, RSSI: -162, CPL: 127, AGE: 1204, SSID WIFI_debug_cjw_5G, TSFDelta: 0xba301706, TXRate: 0
12-14 03:25:08.273 1346 3802 D LOWI-9.0.0.87.a: [LOWI-Scan]
12-14 03:25:08.273 1346 3802 D LOWI-9.0.0.87.a: [LOWI-Scan] print_bss_handler: Report Probe TSF 175290865 as it greater than Beacon TSF 15888453
12-14 03:25:08.273 1346 3802 D LOWI-9.0.0.87.a: [LOWI-Scan] decode_rsn_wpa_ie: LOWI_ENCRYPTION_TYPE_WPA_PSK
12-14 03:25:08.273 1346 3802 D LOWI-9.0.0.87.a: [LOWI-Scan] is_qcom_ie, bss_age: 0
12-14 03:25:08.273 1346 3802 D LOWI-9.0.0.87.a: [LOWI-Scan] BSS dc:fe:18:77:4e:9c LOWI_PHY_MODE_11AC_VHT80(10), Beacon Interval: 100, LOWI_ENCRYPTION_TYPE_WPA_PSK 11mcRanging: No, ANQP: No, LCI: No, Civic: No, capability(0x0511): ESS Privacy SpectrumMgmt ShortSlotTime
12-14 03:25:08.273 1346 3802 D LOWI-9.0.0.87.a: [LOWI-Scan] BSS dc:fe:18:77:4e:9c FREQ: 5765, cFreq1[40:80:160] = [5755:5775:0] cFreq2 = 0 Country Code =
12-14 03:25:08.273 1346 3802 D LOWI-9.0.0.87.a: [LOWI-Scan] BSS dc:fe:18:77:4e:9c (wlan0) ASSO: NO AddInfo: 0x0, TSF 0, 00:02:55.290, RSSI: -148, CPL: 127, AGE: 1204, SSID TP-LINK_5G_4E9A, TSFDelta: 0xad17f3fa, TXRate: 0
12-14 03:25:08.273 1346 3802 D LOWI-9.0.0.87.a: [LOWI-Scan]
12-14 03:25:08.273 1346 3802 D LOWI-9.0.0.87.a: [LOWI-Scan] print_bss_handler: Report Probe TSF 174895516 as it greater than Beacon TSF 15923021
12-14 03:25:08.273 1346 3802 D LOWI-9.0.0.87.a: [LOWI-Scan] decode_rsn_wpa_ie: LOWI_ENCRYPTION_TYPE_WPA_PSK
12-14 03:25:08.273 1346 3802 D LOWI-9.0.0.87.a: [LOWI-Scan] is_qcom_ie, bss_age: 0
12-14 03:25:08.273 1346 3802 D LOWI-9.0.0.87.a: [LOWI-Scan] BSS 18:6f:2d:0a:b8:40 LOWI_PHY_MODE_11NG_HT20(5), Beacon Interval: 100, LOWI_ENCRYPTION_TYPE_WPA_PSK 11mcRanging: No, ANQP: No, LCI: No, Civic: No, capability(0x0531): ESS Privacy ShortPreamble SpectrumMgmt ShortSlotTime
12-14 03:25:08.273 1346 3802 D LOWI-9.0.0.87.a: [LOWI-Scan] BSS 18:6f:2d:0a:b8:40 FREQ: 2427, cFreq1[40:80:160] = [2427:0:0] cFreq2 = 0 Country Code = CN
12-14 03:25:08.273 1346 3802 D LOWI-9.0.0.87.a: [LOWI-Scan] BSS 18:6f:2d:0a:b8:40 (wlan0) ASSO: NO AddInfo: 0x0, TSF 0, 00:02:54.895, RSSI: -120, CPL: 127, AGE: 1600, SSID Testing , TSFDelta: 0xdc1813eb, TXRate: 0
12-14 03:25:08.273 1346 3802 D LOWI-9.0.0.87.a: [LOWI-Scan]
12-14 03:25:08.273 1346 3802 D LOWI-9.0.0.87.a: [LOWI-Scan] print_bss_handler: Report Probe TSF 174895637 as it greater than Beacon TSF 15923139
12-14 03:25:08.273 1346 3802 D LOWI-9.0.0.87.a: [LOWI-Scan] is_qcom_ie, bss_age: 0
12-14 03:25:08.273 1346 3802 D LOWI-9.0.0.87.a: [LOWI-Scan] BSS 18:6f:2d:0a:b8:41 LOWI_PHY_MODE_11NG_HT20(5), Beacon Interval: 100, LOWI_ENCRYPTION_TYPE_OPEN 11mcRanging: No, ANQP: No, LCI: No, Civic: No, capability(0x0521): ESS ShortPreamble SpectrumMgmt ShortSlotTime
12-14 03:25:08.273 1346 3802 D LOWI-9.0.0.87.a: [LOWI-Scan] BSS 18:6f:2d:0a:b8:41 FREQ: 2427, cFreq1[40:80:160] = [2427:0:0] cFreq2 = 0 Country Code = CN
12-14 03:25:08.273 1346 3802 D LOWI-9.0.0.87.a: [LOWI-Scan] BSS 18:6f:2d:0a:b8:41 (wlan0) ASSO: NO AddInfo: 0x0, TSF 0, 00:02:54.895, RSSI: -120, CPL: 127, AGE: 1600, SSID Guest, TSFDelta: 0xdc21485d, TXRate: 0
12-14 03:25:08.273 1346 3802 D LOWI-9.0.0.87.a: [LOWI-Scan]
12-14 03:25:08.273 1346 3802 D LOWI-9.0.0.87.a: [LOWI-Scan] print_bss_handler: Report Probe TSF 174895839 as it greater than Beacon TSF 15923235
12-14 03:25:08.273 1346 3802 D LOWI-9.0.0.87.a: [LOWI-Scan] decode_rsn_wpa_ie: LOWI_ENCRYPTION_TYPE_WPA_PSK
12-14 03:25:08.273 1346 3802 D LOWI-9.0.0.87.a: [LOWI-Scan] is_qcom_ie, bss_age: 0
12-14 03:25:08.273 1346 3802 D LOWI-9.0.0.87.a: [LOWI-Scan] BSS 18:6f:2d:0a:b8:42 LOWI_PHY_MODE_11NG_HT20(5), Beacon Interval: 100, LOWI_ENCRYPTION_TYPE_WPA_PSK 11mcRanging: No, ANQP: No, LCI: No, Civic: No, capability(0x0531): ESS Privacy ShortPreamble SpectrumMgmt ShortSlotTime
12-14 03:25:08.273 1346 3802 D LOWI-9.0.0.87.a: [LOWI-Scan] BSS 18:6f:2d:0a:b8:42 FREQ: 2427, cFreq1[40:80:160] = [2427:0:0] cFreq2 = 0 Country Code = CN
12-14 03:25:08.273 1346 3802 D LOWI-9.0.0.87.a: [LOWI-Scan] BSS 18:6f:2d:0a:b8:42 (wlan0) ASSO: NO AddInfo: 0x0, TSF 0, 00:02:54.895, RSSI: -118, CPL: 127, AGE: 1600, SSID ThunderSoft_2.4G, TSFDelta: 0xdc261429, TXRate: 0
12-14 03:25:08.273 1346 3802 D LOWI-9.0.0.87.a: [LOWI-Scan]
12-14 03:25:08.273 1346 3802 D LOWI-9.0.0.87.a: [LOWI-Scan] print_bss_handler: Report Probe TSF 174896557 as it greater than Beacon TSF 15923328
12-14 03:25:08.273 1346 3802 D LOWI-9.0.0.87.a: [LOWI-Scan] decode_rsn_wpa_ie: LOWI_ENCRYPTION_TYPE_WPA_PSK
12-14 03:25:08.273 1346 3802 D LOWI-9.0.0.87.a: [LOWI-Scan] is_qcom_ie, bss_age: 0
12-14 03:25:08.273 1346 3802 D LOWI-9.0.0.87.a: [LOWI-Scan] BSS 18:6f:2d:0a:b8:43 LOWI_PHY_MODE_11NG_HT20(5), Beacon Interval: 100, LOWI_ENCRYPTION_TYPE_WPA_PSK 11mcRanging: No, ANQP: No, LCI: No, Civic: No, capability(0x0531): ESS Privacy ShortPreamble SpectrumMgmt ShortSlotTime
12-14 03:25:08.273 1346 3802 D LOWI-9.0.0.87.a: [LOWI-Scan] BSS 18:6f:2d:0a:b8:43 FREQ: 2427, cFreq1[40:80:160] = [2427:0:0] cFreq2 = 0 Country Code = CN
12-14 03:25:08.273 1346 3802 D LOWI-9.0.0.87.a: [LOWI-Scan] BSS 18:6f:2d:0a:b8:43 (wlan0) ASSO: NO AddInfo: 0x0, TSF 0, 00:02:54.896, RSSI: -116, CPL: 127, AGE: 1596, SSID ZXHY, TSFDelta: 0xdc2b55e5, TXRate: 0
12-14 03:25:08.273 2392 2470 D PrefCtrlListHelper: Could not find Context-only controller for pref: com.android.settings.applications.specialaccess.pictureinpicture.PictureInPictureScreenPreferenceController
12-14 03:25:08.273 1346 3802 D LOWI-9.0.0.87.a: [LOWI-Scan]
12-14 03:25:08.273 1346 3802 D LOWI-9.0.0.87.a: [LOWI-Scan] print_bss_handler: Report Probe TSF 174922494 as it greater than Beacon TSF 15923353
12-14 03:25:08.273 1346 3802 D LOWI-9.0.0.87.a: [LOWI-Scan] decode_rsn_wpa_ie: LOWI_ENCRYPTION_TYPE_WPA_PSK
12-14 03:25:08.273 1346 3802 D LOWI-9.0.0.87.a: [LOWI-Scan] is_qcom_ie, bss_age: 0
12-14 03:25:08.273 1346 3802 D LOWI-9.0.0.87.a: [LOWI-Scan] BSS 18:6f:2d:0a:b8:44 LOWI_PHY_MODE_11NG_HT20(5), Beacon Interval: 100, LOWI_ENCRYPTION_TYPE_WPA_PSK 11mcRanging: No, ANQP: No, LCI: No, Civic: No, capability(0x0531): ESS Privacy ShortPreamble SpectrumMgmt ShortSlotTime
12-14 03:25:08.273 1346 3802 D LOWI-9.0.0.87.a: [LOWI-Scan] BSS 18:6f:2d:0a:b8:44 FREQ: 2427, cFreq1[40:80:160] = [2427:0:0] cFreq2 = 0 Country Code = CN
12-14 03:25:08.273 1346 3802 D LOWI-9.0.0.87.a: [LOWI-Scan] BSS 18:6f:2d:0a:b8:44 (wlan0) ASSO: NO AddInfo: 0x0, TSF 0, 00:02:54.922, RSSI: -116, CPL: 127, AGE: 1572, SSID Fanya, TSFDelta: 0xdc307920, TXRate: 0
12-14 03:25:08.273 1346 3802 D LOWI-9.0.0.87.a: [LOWI-Scan]
12-14 03:25:08.273 1346 3802 D LOWI-9.0.0.87.a: [LOWI-Scan] print_bss_handler: Report Probe TSF 175536780 as it greater than Beacon TSF 0
12-14 03:25:08.273 1346 3802 D LOWI-9.0.0.87.a: [LOWI-Scan] decode_rsn_wpa_ie: LOWI_ENCRYPTION_TYPE_WPA_PSK
12-14 03:25:08.273 1346 3802 D LOWI-9.0.0.87.a: [LOWI-Scan] is_qcom_ie, bss_age: 0
12-14 03:25:08.273 1346 3802 D LOWI-9.0.0.87.a: [LOWI-Scan] BSS 96:0b:e4:6f:e0:30 LOWI_PHY_MODE_11AC_VHT80(10), Beacon Interval: 100, LOWI_ENCRYPTION_TYPE_WPA_PSK 11mcRanging: No, ANQP: Yes, LCI: No, Civic: No, capability(0x1131): ESS Privacy ShortPreamble SpectrumMgmt
12-14 03:25:08.273 1346 3802 D LOWI-9.0.0.87.a: [LOWI-Scan] BSS 96:0b:e4:6f:e0:30 FREQ: 5785, cFreq1[40:80:160] = [5795:5775:0] cFreq2 = 0 Country Code = CN
12-14 03:25:08.273 1346 3802 D LOWI-9.0.0.87.a: [LOWI-Scan] BSS 96:0b:e4:6f:e0:30 (wlan0) ASSO: NO AddInfo: 0x0, TSF 0, 00:02:55.536, RSSI: -152, CPL: 127, AGE: 956, SSID CHEVROLET_5170, TSFDelta: 0x223969c5, TXRate: 0
12-14 03:25:08.273 1346 3802 D LOWI-9.0.0.87.a: [LOWI-Scan]
12-14 03:25:08.273 1346 3802 D LOWI-9.0.0.87.a: [LOWI-Scan] print_bss_handler: Report Probe TSF 175496512 as it greater than Beacon TSF 15954904
12-14 03:25:08.273 1346 3802 D LOWI-9.0.0.87.a: [LOWI-Scan] decode_rsn_wpa_ie: LOWI_ENCRYPTION_TYPE_WPA_PSK
12-14 03:25:08.273 1346 3802 D LOWI-9.0.0.87.a: [LOWI-Scan] is_qcom_ie, bss_age: 0
12-14 03:25:08.273 1346 3802 D LOWI-9.0.0.87.a: [LOWI-Scan] BSS 8c:de:f9:3f:0d:ab LOWI_PHY_MODE_11AC_VHT80(10), Beacon Interval: 100, LOWI_ENCRYPTION_TYPE_WPA_PSK 11mcRanging: No, ANQP: No, LCI: No, Civic: No, capability(0x0031): ESS Privacy ShortPreamble
12-14 03:25:08.273 1346 3802 D LOWI-9.0.0.87.a: [LOWI-Scan] BSS 8c:de:f9:3f:0d:ab FREQ: 5785, cFreq1[40:80:160] = [5795:5775:0] cFreq2 = 0 Country Code = CN
12-14 03:25:08.273 1346 3802 D LOWI-9.0.0.87.a: [LOWI-Scan] BSS 8c:de:f9:3f:0d:ab (wlan0) ASSO: NO AddInfo: 0x0, TSF 0, 00:02:55.496, RSSI: -146, CPL: 127, AGE: 996, SSID Xiaomi_0DA9_5G, TSFDelta: 0x4a95b484, TXRate: 0
12-14 03:25:08.273 1346 3802 D LOWI-9.0.0.87.a: [LOWI-Scan] -- associated
12-14 03:25:08.273 1346 3802 D LOWI-9.0.0.87.a: [LOWI-Scan]
12-14 03:25:08.273 1346 3802 D LOWI-9.0.0.87.a: [LOWI-Scan] print_bss_handler: Report beacon TSF 176343456 as it greater than probe TSF 175574495
12-14 03:25:08.273 1346 3802 D LOWI-9.0.0.87.a: [LOWI-Scan] decode_rsn_wpa_ie: LOWI_ENCRYPTION_TYPE_WPA_PSK
12-14 03:25:08.273 1346 3802 D LOWI-9.0.0.87.a: [LOWI-Scan] is_qcom_ie, bss_age: 0
12-14 03:25:08.273 1346 3802 D LOWI-9.0.0.87.a: [LOWI-Scan] BSS 6c:b1:58:0f:7d:3b LOWI_PHY_MODE_11AC_VHT80(10), Beacon Interval: 100, LOWI_ENCRYPTION_TYPE_WPA_PSK 11mcRanging: No, ANQP: No, LCI: No, Civic: No, capability(0x1011): ESS Privacy
12-14 03:25:08.274 1346 3802 D LOWI-9.0.0.87.a: [LOWI-Scan] BSS 6c:b1:58:0f:7d:3b FREQ: 5805, cFreq1[40:80:160] = [5795:5775:0] cFreq2 = 0 Country Code = CN
12-14 03:25:08.274 1346 3802 D LOWI-9.0.0.87.a: [LOWI-Scan] BSS 6c:b1:58:0f:7d:3b (wlan0) ASSO: YES AddInfo: 0x1, TSF 0, 00:02:56.343, RSSI: -24, CPL: 127, AGE: 0, SSID TP-LINK_Figure_6d0405, TSFDelta: 0xcf04cc5, TXRate: 0
12-14 03:25:08.274 2392 2470 D PrefCtrlListHelper: Could not find Context-only controller for pref: com.android.settings.accessibility.CaptionFooterPreferenceController
12-14 03:25:08.274 1346 3802 D LOWI-9.0.0.87.a: [LOWI-Scan]
12-14 03:25:08.274 1346 3802 D LOWI-9.0.0.87.a: [LOWI-Scan] print_bss_handler: Report Probe TSF 175020768 as it greater than Beacon TSF 174980191
12-14 03:25:08.274 1346 3802 D LOWI-9.0.0.87.a: [LOWI-Scan] decode_rsn_wpa_ie: LOWI_ENCRYPTION_TYPE_WPA_PSK
12-14 03:25:08.274 1346 3802 D LOWI-9.0.0.87.a: [LOWI-Scan] is_qcom_ie, bss_age: 0
12-14 03:25:08.274 1346 3802 D LOWI-9.0.0.87.a: [LOWI-Scan] BSS 58:d9:d5:44:ba:d8 LOWI_PHY_MODE_11G(1), Beacon Interval: 100, LOWI_ENCRYPTION_TYPE_WPA_PSK 11mcRanging: No, ANQP: No, LCI: No, Civic: No, capability(0x0011): ESS Privacy
12-14 03:25:08.274 1346 3802 D LOWI-9.0.0.87.a: [LOWI-Scan] BSS 58:d9:d5:44:ba:d8 FREQ: 2432, cFreq1[40:80:160] = [0:0:0] cFreq2 = 0 Country Code =
12-14 03:25:08.274 1346 3802 D LOWI-9.0.0.87.a: [LOWI-Scan] BSS 58:d9:d5:44:ba:d8 (wlan0) ASSO: NO AddInfo: 0x0, TSF 0, 00:02:55.020, RSSI: -14, CPL: 127, AGE: 1472, SSID TD-2.4G, TSFDelta: 0x341b5de2, TXRate: 0
12-14 03:25:08.274 1346 3802 D LOWI-9.0.0.87.a: [LOWI-Scan]
12-14 03:25:08.274 1346 3802 D LOWI-9.0.0.87.a: [LOWI-Scan] print_bss_handler: Report Probe TSF 175002920 as it greater than Beacon TSF 16003132
12-14 03:25:08.274 1346 3802 D LOWI-9.0.0.87.a: [LOWI-Scan] is_qcom_ie, bss_age: 0
12-14 03:25:08.274 1346 3802 D LOWI-9.0.0.87.a: [LOWI-Scan] BSS 18:6f:2d:81:18:41 LOWI_PHY_MODE_11NG_HT20(5), Beacon Interval: 100, LOWI_ENCRYPTION_TYPE_OPEN 11mcRanging: No, ANQP: No, LCI: No, Civic: No, capability(0x0521): ESS ShortPreamble SpectrumMgmt ShortSlotTime
12-14 03:25:08.274 1346 3802 D LOWI-9.0.0.87.a: [LOWI-Scan] BSS 18:6f:2d:81:18:41 FREQ: 2432, cFreq1[40:80:160] = [2432:0:0] cFreq2 = 0 Country Code = CN
12-14 03:25:08.274 1346 3802 D LOWI-9.0.0.87.a: [LOWI-Scan] BSS 18:6f:2d:81:18:41 (wlan0) ASSO: NO AddInfo: 0x0, TSF 0, 00:02:55.002, RSSI: -134, CPL: 127, AGE: 1492, SSID Guest, TSFDelta: 0xd9163fa3, TXRate: 0
12-14 03:25:08.274 1346 3802 D LOWI-9.0.0.87.a: [LOWI-Scan]
12-14 03:25:08.274 1346 3802 D LOWI-9.0.0.87.a: [LOWI-Scan] print_bss_handler: Report Probe TSF 175004320 as it greater than Beacon TSF 16004631
12-14 03:25:08.274 1346 3802 D LOWI-9.0.0.87.a: [LOWI-Scan] decode_rsn_wpa_ie: LOWI_ENCRYPTION_TYPE_WPA_PSK
12-14 03:25:08.274 1346 3802 D LOWI-9.0.0.87.a: [LOWI-Scan] is_qcom_ie, bss_age: 0
12-14 03:25:08.274 2392 2470 D PrefCtrlListHelper: Could not find Context-only controller for pref: com.android.settings.gestures.TapScreenGesturePreferenceController
12-14 03:25:08.274 1346 3802 D LOWI-9.0.0.87.a: [LOWI-Scan] BSS 18:6f:2d:81:18:43 LOWI_PHY_MODE_11NG_HT20(5), Beacon Interval: 100, LOWI_ENCRYPTION_TYPE_WPA_PSK 11mcRanging: No, ANQP: No, LCI: No, Civic: No, capability(0x0531): ESS Privacy ShortPreamble SpectrumMgmt ShortSlotTime
12-14 03:25:08.274 1346 3802 D LOWI-9.0.0.87.a: [LOWI-Scan] BSS 18:6f:2d:81:18:43 FREQ: 2432, cFreq1[40:80:160] = [2432:0:0] cFreq2 = 0 Country Code = CN
12-14 03:25:08.274 1346 3802 D LOWI-9.0.0.87.a: [LOWI-Scan] BSS 18:6f:2d:81:18:43 (wlan0) ASSO: NO AddInfo: 0x0, TSF 0, 00:02:55.004, RSSI: -136, CPL: 127, AGE: 1488, SSID ZXHY, TSFDelta: 0xd920992a, TXRate: 0
12-14 03:25:08.274 1346 3802 D LOWI-9.0.0.87.a: [LOWI-Scan]
12-14 03:25:08.274 1346 3802 D LOWI-9.0.0.87.a: [LOWI-Scan] print_bss_handler: Report beacon TSF 174969296 as it greater than probe TSF 16032251
12-14 03:25:08.274 1346 3802 D LOWI-9.0.0.87.a: [LOWI-Scan] decode_rsn_wpa_ie: LOWI_ENCRYPTION_TYPE_WPA_PSK
12-14 03:25:08.274 1346 3802 D LOWI-9.0.0.87.a: [LOWI-Scan] is_qcom_ie, bss_age: 0
12-14 03:25:08.274 1346 3802 D LOWI-9.0.0.87.a: [LOWI-Scan] BSS 18:6f:2d:81:18:45 LOWI_PHY_MODE_11NG_HT20(5), Beacon Interval: 100, LOWI_ENCRYPTION_TYPE_WPA_PSK 11mcRanging: No, ANQP: No, LCI: No, Civic: No, capability(0x0531): ESS Privacy ShortPreamble SpectrumMgmt ShortSlotTime
12-14 03:25:08.274 1346 3802 D LOWI-9.0.0.87.a: [LOWI-Scan] BSS 18:6f:2d:81:18:45 FREQ: 2432, cFreq1[40:80:160] = [2432:0:0] cFreq2 = 0 Country Code = CN
12-14 03:25:08.274 1346 3802 D LOWI-9.0.0.87.a: [LOWI-Scan] BSS 18:6f:2d:81:18:45 (wlan0) ASSO: NO AddInfo: 0x1, TSF 0, 00:02:54.969, RSSI: -134, CPL: 127, AGE: 1524, SSID 123, TSFDelta: 0xe17aa03a, TXRate: 0
12-14 03:25:08.274 2392 2470 D PrefCtrlListHelper: Could not find Context-only controller for pref: com.android.settings.applications.managedomainurls.WebActionCategoryController
12-14 03:25:08.274 2392 2470 D PrefCtrlListHelper: Could not find Context-only controller for pref: com.android.settings.applications.managedomainurls.InstantAppWebActionPreferenceController
12-14 03:25:08.274 2392 2470 D PrefCtrlListHelper: Could not find Context-only controller for pref: com.android.settings.applications.managedomainurls.InstantAppAccountPreferenceController
12-14 03:25:08.274 2392 2470 D PrefCtrlListHelper: Could not find Context-only controller for pref: com.android.settings.applications.managedomainurls.DomainAppPreferenceController
12-14 03:25:08.275 2392 2470 D PrefCtrlListHelper: Could not find Context-only controller for pref: com.android.settings.deviceinfo.hardwareinfo.DeviceModelPreferenceController
12-14 03:25:08.275 2392 2470 D PrefCtrlListHelper: Could not find Context-only controller for pref: com.android.settings.deviceinfo.hardwareinfo.SerialNumberPreferenceController
12-14 03:25:08.275 2392 2470 D PrefCtrlListHelper: Could not find Context-only controller for pref: com.android.settings.deviceinfo.hardwareinfo.HardwareRevisionPreferenceController
12-14 03:25:08.276 2392 2470 D PrefCtrlListHelper: Could not find Context-only controller for pref: com.android.settings.security.trustagent.TrustAgentsPreferenceController
12-14 03:25:08.276 4538 4538 D InsetsController: show(ime(), fromIme=true)
12-14 03:25:08.277 2392 2470 D PrefCtrlListHelper: Could not find Context-only controller for pref: com.android.settings.notification.RemoteVolumeGroupController
12-14 03:25:08.279 1998 3435 D BluetoothDatabase: getBondedDevicesOrdered: Invalid address for device LocalStorage
12-14 03:25:08.279 2392 2470 D PrefCtrlListHelper: Could not find Context-only controller for pref: com.android.settings.sound.MediaOutputPreferenceController
12-14 03:25:08.279 2392 2470 D PrefCtrlListHelper: Could not find Context-only controller for pref: com.android.settings.notification.CallVolumePreferenceController
12-14 03:25:08.279 2392 2470 D PrefCtrlListHelper: Could not find Context-only controller for pref: com.android.settings.sound.HandsFreeProfileOutputPreferenceController
12-14 03:25:08.280 2392 2470 D PrefCtrlListHelper: Could not find Context-only controller for pref: com.android.settings.notification.zen.ZenModePreferenceController
12-14 03:25:08.280 2392 2470 D PrefCtrlListHelper: Could not find Context-only controller for pref: com.android.settings.sound.MediaControlsParentPreferenceController
12-14 03:25:08.280 2392 2470 D PrefCtrlListHelper: Could not find Context-only controller for pref: com.android.settings.sound.VibrateForCallsPreferenceController
12-14 03:25:08.280 2392 2470 D PrefCtrlListHelper: Could not find Context-only controller for pref: com.android.settings.gestures.PreventRingingParentPreferenceController
12-14 03:25:08.280 2392 2470 D PrefCtrlListHelper: Could not find Context-only controller for pref: com.android.settings.notification.WorkSoundsPreferenceController
12-14 03:25:08.282 2392 2470 D PrefCtrlListHelper: Could not find Context-only controller for pref: com.android.settings.display.FontSizePreferenceController
12-14 03:25:08.282 2392 2470 D PrefCtrlListHelper: Could not find Context-only controller for pref: com.android.settings.accessibility.FontWeightAdjustmentPreferenceController
12-14 03:25:08.282 2392 2470 D PrefCtrlListHelper: Could not find Context-only controller for pref: com.android.settings.accessibility.DaltonizerPreferenceController
