12-14 03:26:00.618 2732 4722 D hpplay-base: [REventUtils:234] stop report handle service ok!!
12-14 03:26:00.618 2732 4722 D hpplay-base: [lelinkSinkServer:711] HTTP Server stopSinkServer End .
12-14 03:26:00.618 2732 4722 D hpplay-base: [jniBridge:1135] notifyJavaServerStoped
12-14 03:26:00.618 2732 4722 D hpplay-base: [jniBridge:1726] notifyJava, what:202, castType:0, mimeType:0 baseStatus:4
12-14 03:26:00.618 2732 4722 D hpplay-base: [jniBridge:1727] notifyJava sessionID:(null)
12-14 03:26:00.620 2732 4722 I hpplay-java: [Thread-45]:Bridge:notify: what: 202
12-14 03:26:00.622 2732 4722 I hpplay-java: [Thread-45]:Bridge:notify: out: OutParameters:{audioSessionId=-1, audiotrackIndex=0, castHandleType=-1, castType=0, deviceName='', dlnaName='', dramaID='', extra=0, frameHandleType=-1, handleInside=true, headduration=0, header='', headers=null, isAD=false, isMultiMirror=false, lelinkVer='', limitTime=0, , mediaAlbum='null', mediaAlbumArtURI='', mediaArtist='null', mediaAssets='', mediaTitle='null', mimeType=0, multiSession=null, period=0, pinCode='', playSpeed=0.0, playerChoice=0, plugin=0, port=0, position=0.0, positionUnit=2, protocol=0, realSessionID='', regType='', , sinkIp='', sourceAPPVersion='', sourceChannel='', sourceClientInfo='', sourceDeviceInfo='', sourceDeviceModel='', sourceDeviceName='', sourceDeviceType=0, sourceHID='', , sourceInfo='', , , sourceOSVersion='', sourceSDKVersion='', sourceUid='', stopDetail=0, stopReason=0, tailduration=0, url='', urlID='', urls=null, userAgent='', videoDecoder=0, volume=0, what=202}com.hpplay.sdk.sink.protocol.OutParameters@761800a
12-14 03:26:00.622 2732 4722 I hpplay-java: [Thread-45]:Bridge:notify: address:188924027
12-14 03:26:00.622 2732 4722 D hpplay-base: [LelinkBase:645] stopServerThreadFunc notifyJavaServerStoped!
12-14 03:26:00.623 2732 2732 I hpplay-java: [main]:ServerTaskManager:startTimeOutCheck
12-14 03:26:00.623 2732 2732 I hpplay-java: [main]:ServerBusiness:stopDaemonBusiness
12-14 03:26:00.623 2732 2732 I hpplay-java: [main]:SinkDataReport:logout
12-14 03:26:00.624 2732 2732 I hpplay-java: [main]:EPControl:release
12-14 03:26:00.626 2732 4724 I hpplay-java: [AsyncTask #75]:GlideCreator:clearCache clearDiskCache
12-14 03:26:00.629 2732 4683 W hpplay-java: NanoHTTPDServerRunnable:Communication with the client broken
12-14 03:26:00.629 2732 4683 W hpplay-java: java.net.SocketException: Socket closed
12-14 03:26:00.629 2732 4683 W hpplay-java: at java.net.PlainSocketImpl.socketAccept(PlainSocketImpl.java:213)
12-14 03:26:00.629 2732 4683 W hpplay-java: at java.net.AbstractPlainSocketImpl.accept(AbstractPlainSocketImpl.java:451)
12-14 03:26:00.629 2732 4683 W hpplay-java: at java.net.ServerSocket.implAccept(ServerSocket.java:547)
12-14 03:26:00.629 2732 4683 W hpplay-java: at java.net.ServerSocket.accept(ServerSocket.java:515)
12-14 03:26:00.629 2732 4683 W hpplay-java: at com.hpplay.nanohttpd.protocols.http.ServerRunnable.run(SourceFile:118)
12-14 03:26:00.629 2732 4683 W hpplay-java: at java.lang.Thread.run(Thread.java:920)
12-14 03:26:00.629 2732 4683 I hpplay-java: NanoHTTPDNanoHTTPD:server is stoped
12-14 03:26:00.630 2732 4683 I hpplay-java: NanoHTTPDNanoHTTPD:clear obj
12-14 03:26:00.630 2732 2732 I hpplay-java: [main]:Dispatcher:notifyAllReverseControlsStop
12-14 03:26:00.631 2732 2732 I hpplay-java: [main]:Preference:checkFeature none
12-14 03:26:00.632 2732 2732 I hpplay-java: [main]:Dispatcher:notifyAllUIControlsStop set: []
12-14 03:26:00.632 2732 2732 I hpplay-java: [main]:Bridge:findServiceID start out: 188924027
12-14 03:26:00.632 2732 2732 I hpplay-java: [main]:Bridge:findServiceID end
12-14 03:26:00.632 2732 2732 I hpplay-java: [main]:ServerTaskManager:onStop retry:true
12-14 03:26:00.633 2732 2732 I hpplay-java: [main]:ServerTaskManager:cancelTimeOutCheck
12-14 03:26:00.634 2732 2732 I hpplay-java: [main]:IPManager:getActiveNets type: WIFI
12-14 03:26:00.634 2732 2732 I hpplay-java: [main]:IPManager:getActiveNets eth0:false wifi:true mobile:false ap:false
12-14 03:26:00.635 2732 2732 I hpplay-java: [main]:IPManager:getIPAddress IP_WLAN0
12-14 03:26:00.638 2732 2732 I hpplay-java: [main]:IPManager:updateIPAddress getIPAddress: 192.168.4.16 name:vlan4
12-14 03:26:00.638 2732 2732 I hpplay-java: [main]:IPManager:updateIPAddress getIPAddress: 192.168.0.18 name:wlan0
12-14 03:26:00.638 2732 2732 I hpplay-java: [main]:IPManager:updateIPAddress getIPAddress: 192.168.8.16 name:vlan8
12-14 03:26:00.638 2732 2732 I hpplay-java: [main]:IPManager:updateIPAddress getIPAddress: 192.168.11.16 name:vlan11
12-14 03:26:00.638 2732 2732 I hpplay-java: [main]:IPManager:updateIPAddress getIPAddress: 192.168.0.16 name:vlan0
12-14 03:26:00.638 2732 2732 I hpplay-java: [main]:IPManager:updateIPAddress getIPAddress: 192.168.2.16 name:vlan2
12-14 03:26:00.638 2732 2732 I hpplay-java: [main]:IPManager:updateIPAddress getIPAddress: 192.168.1.16 name:vlan1
12-14 03:26:00.639 2732 2732 I hpplay-java: [main]:ServerTaskManager:exeTask startServer
12-14 03:26:00.640 2732 2732 I hpplay-java: [main]:ServerTaskManager:startTimeOutCheck
12-14 03:26:00.640 2732 4728 I hpplay-java: [AsyncTask #77]:ServerBusiness:startDaemonBusiness
12-14 03:26:00.640 2732 4728 I hpplay-java: [AsyncTask #77]:TimeOutCheckUtil:addTask id:upgrade
12-14 03:26:00.640 2732 4729 I hpplay-java: [AsyncTask #78]:Bridge:assembleInParameters
12-14 03:26:00.640 2732 4728 I hpplay-java: [AsyncTask #77]:TimeOutCheckUtil:addTask id:ijkupgrade
12-14 03:26:00.641 2732 4729 I hpplay-java: [AsyncTask #78]:Bridge:createDeviceId deviceId:Nzg6OWI6Nzg6ODA6ZGI6ZjY=
12-14 03:26:00.642 2732 4730 I hpplay-java: NanoHTTPDNanoHTTPD:server is started
12-14 03:26:00.642 2732 4729 I hpplay-java: [AsyncTask #78]:IPManager:getActiveNets type: WIFI
12-14 03:26:00.642 2732 4729 I hpplay-java: [AsyncTask #78]:IPManager:getActiveNets eth0:false wifi:true mobile:false ap:false
12-14 03:26:00.642 2732 4729 I hpplay-java: [AsyncTask #78]:IPManager:getIPAddress IP_WLAN0
12-14 03:26:00.642 2732 4729 I hpplay-java: [AsyncTask #78]:Preference:checkFeature none
12-14 03:26:00.642 2732 4729 I hpplay-java: [AsyncTask #78]:SWI:dlna tip
12-14 03:26:00.642 2732 4729 I hpplay-java: [AsyncTask #78]:SWI:lefp tip
12-14 03:26:00.642 2732 4729 I hpplay-java: [AsyncTask #78]:Bridge:assembleInParameters none alias name use device name: 高合娱乐副屏
12-14 03:26:00.642 2732 4729 I hpplay-java: [AsyncTask #78]:Feature:isSendAdvertisement
12-14 03:26:00.642 2732 4729 I hpplay-java: [AsyncTask #78]:Preference:checkFeature none
12-14 03:26:00.643 2732 4729 I hpplay-java: [AsyncTask #78]:Preference:checkFeature none
12-14 03:26:00.643 2732 4729 I hpplay-java: [AsyncTask #78]:Bridge:backupHpplayDat bakPath:
12-14 03:26:00.643 2732 4729 I hpplay-java: [AsyncTask #78]:Bridge:path:/data/user/0/com.hht.lebocast/files/hpplay/file/happyplay.dat
12-14 03:26:00.643 2732 4729 I hpplay-java: [AsyncTask #78]:Bridge:mAppId:21409
12-14 03:26:00.643 2732 4729 I hpplay-java: [AsyncTask #78]:Bridge:mode:3
12-14 03:26:00.643 2732 4729 I hpplay-java: [AsyncTask #78]:Bridge:type:1
12-14 03:26:00.643 2732 4729 I hpplay-java: [AsyncTask #78]:Bridge:SN:
12-14 03:26:00.643 2732 4729 I hpplay-java: [AsyncTask #78]:Preference:checkFeature none
12-14 03:26:00.643 2732 4729 I hpplay-java: [AsyncTask #78]:Bridge:backPath:
12-14 03:26:00.643 2732 4729 I hpplay-java: [AsyncTask #78]:DeviceUtil:getPermissionDid: 1
12-14 03:26:00.643 2732 4729 I hpplay-java: [AsyncTask #78]:DeviceUtil:getPermissionDid: 1
12-14 03:26:00.643 2732 4729 I hpplay-java: [AsyncTask #78]:Preference:checkFeature none
12-14 03:26:00.643 2732 4729 I hpplay-java: [AsyncTask #78]:Preference:checkFeature none
12-14 03:26:00.643 2732 4729 I hpplay-java: [AsyncTask #78]:Preference:checkFeature none
12-14 03:26:00.643 2732 4729 I hpplay-java: [AsyncTask #78]:Preference:checkFeature none
12-14 03:26:00.643 2732 4729 I hpplay-java: [AsyncTask #78]:Preference:checkFeature none
12-14 03:26:00.643 2732 4729 I hpplay-java: [AsyncTask #78]:Preference:checkFeature none
12-14 03:26:00.651 2732 4728 W hpplay-java: [AsyncTask #77]:ServerBusiness:startDaemonBusiness start LelinkHTTPD sucess 52288
12-14 03:26:00.660 2732 4729 W hpplay-java: [AsyncTask #78]:DeviceUtils:getDomain create lb domain
12-14 03:26:00.660 2732 4729 I hpplay-java: [AsyncTask #78]:Feature:getMirrorAudioVideoSync DISABLE
12-14 03:26:00.660 2732 4729 I hpplay-java: [AsyncTask #78]:Feature:checkSupportRedirectOtherApp,no set redirect api
12-14 03:26:00.660 2732 4729 I hpplay-java: [AsyncTask #78]:Feature:getRedirectSearchFlag,value: 0
12-14 03:26:00.661 2732 4729 I hpplay-java: [AsyncTask #78]:Bridge:mIn: InParameters{appInfo='0', appKey='21409', authMode=0, authPwd='null', broadcastDirection=0, broadcastState=1, broadcastTimeout=3, buildType='release', cacheAVPath='/data/user/0/com.hht.lebocast/cache/hpplay/av', cachePhotoPath='/data/user/0/com.hht.lebocast/cache/hpplay/image', channel='LEBO-APK--60146-25915', desPath='', , deviceName='高合娱乐副屏', dlna=1, dlnaCompany='null', dlnaCompanyURL='null', dlnaDeviceDescribe='null', dlnaDeviceName='null', dlnaDeviceURL='null', dlnaLelinkSwitch=1, dlnaManufacturer=0, dlnaName='高合娱乐副屏', dlnaUPC='', dlnaUUID='e1dc06f8-0e14-26c5-5cd2-8ed68158c037', domain='Lebo-figure-a69c947ffd36', drainage=0, feature='6655', fps=60, height=1080, host='null', , keyPath='/data/user/0/com.hht.lebocast/files/hpplay/file', lelinkfp=1, lelinkfp2=0, logBaseState=1, logPath='/storage/emulated/0/com.hht.lebocast/sink/sdk/common', , mdnsEnable=1, mirrorSyncType=0, netCastVer='2.0', packageName='com.hht.lebocast', packagePath='/data/user/0/com.hht.lebocast', permissionDid='a6:9c:94:7f:fd:36', permissionMode=3, permissionPreSN='', port=0, preemptMode=0, regType='_leboremote._tcp.', serverPorts=null, sockWaitTimeOut=45, teleControlPort=53388, tunnels=3, txtKeys=null, txtValues=null, uid='8270434926410121175', videoFrameType=1001, width=1920}com.hpplay.sdk.sink.protocol.InParameters@a8bad1
12-14 03:26:00.661 2732 2732 I hpplay-java: [main]:Bridge:startServer state: 0
12-14 03:26:00.662 2732 2732 D hpplay-base: [jniBridge:185] not conference version
12-14 03:26:00.662 2732 2732 I hpplay-base: [jniBridge:241] 1initServer nSettingWidth=1920 nSettingHeight=1080 nSettingMaxFPS=60 dlnaEnable=1 lelinkFpEnable=1
12-14 03:26:00.662 2732 2732 D hpplay-base: [jniBridge:283] 1initServer cfg.leLinkIp=192.168.0.18
12-14 03:26:00.662 2732 2732 D hpplay-base: [jniBridge:286] 1initServer cfg.mPermissionMode=3
12-14 03:26:00.662 2732 2732 D hpplay-base: [jniBridge:304] 1initServer cfg.permissionDid=a6:9c:94:7f:fd:36000000000000000
12-14 03:26:00.662 2732 2732 D hpplay-base: [jniBridge:313] 1initServer cfg.mPermissionPreSN=00000000000000000000000000000000
12-14 03:26:00.662 2732 2732 D hpplay-base: [jniBridge:317] Bridge___1initServer status:0
12-14 03:26:00.662 2732 2732 I hpplay-base: [jniBridge:325] 1initServer cfg.feature=6655
12-14 03:26:00.662 2732 2732 D hpplay-base: [jniBridge:377] 1initServer isSendBroadCast=3
12-14 03:26:00.662 2732 2732 D hpplay-base: [jniBridge:380] 1initServer broadcastDirection=0
12-14 03:26:00.662 2732 2732 D hpplay-base: [jniBridge:382] 1initServer ipBroadcast direction=0
12-14 03:26:00.662 2732 2732 D hpplay-base: [jniBridge:387] 1initServer tunnel=3
12-14 03:26:00.662 2732 2732 D hpplay-base: [jniBridge:390] 1initServer drainage=0
12-14 03:26:00.662 2732 2732 D hpplay-base: [jniBridge:401] 1initServer mDNSEnable=1
12-14 03:26:00.662 2732 2732 D hpplay-base: [jniBridge:406] 1initServer nSockWaitTimeOut=45
12-14 03:26:00.662 2732 2732 D hpplay-base: [jniBridge:410] 1initServer nMirrorAudioVideoSync=0
12-14 03:26:00.662 2732 2732 I hpplay-base: [sign_check:168] checkSign strPackageName:com.hht.lebocast
12-14 03:26:00.662 2732 2732 I hpplay-base: [sign_check:169] checkSign buildType:release
12-14 03:26:00.662 2732 2732 I hpplay-base: [sign_check:170] checkSign appKey:21409
12-14 03:26:00.662 2732 2732 D hpplay-base: [LelinkBase:405] bridgeInit port: 0, lelinkfp: 0
12-14 03:26:00.662 2732 2732 D hpplay-base: [LelinkBase:462] bridgeInit mPackagePath =/data/user/0/com.hht.lebocast
12-14 03:26:00.662 2732 2732 D hpplay-base: [LelinkBase:463] bridgeInit mKeyPath =/data/user/0/com.hht.lebocast/files/hpplay/file
12-14 03:26:00.662 2732 2732 D hpplay-base: [SinkContext:97] initSinkContext mPackagePath =/data/user/0/com.hht.lebocast
12-14 03:26:00.662 2732 2732 D hpplay-base: [SinkContext:98] initSinkContext mKeyPath =/data/user/0/com.hht.lebocast/files/hpplay/file
12-14 03:26:00.662 2732 2732 D hpplay-base: [jniBridge:478] Java_com_hpplay_sdk_sink_protocol_Bridge__1initServer end
12-14 03:26:00.662 2732 2732 D hpplay-base: [jniBridge:869] Bridge__1startServer status:1
12-14 03:26:00.663 2732 2732 D hpplay-base: [LelinkBase:492] startAllServer at base
12-14 03:26:00.663 2732 2732 D hpplay-base: [lelinkSinkServer:152] httpPlugins_SetServerPort TYPE_SERVER_LELINK:52266
12-14 03:26:00.663 2732 2732 D hpplay-base: [network.c:362] protocol bind host :192.168.0.18 port:52266 curent bind port:52266
12-14 03:26:00.663 2732 2732 D hpplay-base: [lelinkSinkServer:681] HTTP Server real at:52266
12-14 03:26:00.663 2732 4735 D hpplay-base: [lelinkSinkServer:644] Connected Service Type:0
12-14 03:26:00.663 2732 2732 D hpplay-base: [ScreenStream:1285] current bind port:7100
12-14 03:26:00.663 2732 4735 I hpplay-base: : (server.c.315) startServer listen_ing....:
12-14 03:26:00.663 2732 4735 D hpplay-base: [Server:371] startHttpServer srv_sockets.used:1 nCurrentFd:68, tid is 4735
12-14 03:26:00.663 2732 2732 D hpplay-base: [LelinkBase:515] startAllServer pBaseContext->config.dlnaEnable:1
12-14 03:26:00.664 2732 2732 D hpplay-base: [lelinkDlna:324] addDMRCallback end
12-14 03:26:00.664 2732 4736 D hpplay-base: [stream_mirror_compat:759] compat mirror stream begin to run,server fd:69,thread_id:3150877120!!
12-14 03:26:00.665 2732 2732 E hpplay-base-dlna: miniserver.c:788::dlna_port(ipv4: 49152 ipv6:0)
12-14 03:26:00.666 2732 2732 D hpplay-base-dlna: [lebodlna-dlnaframe:166] succeed to load lebodlnaplugin
12-14 03:26:00.666 2732 2732 D hpplay-base-dlna: [lebodlna-dlnaframe:232] Succeed to load specified plugin:lebodlna_plugin
12-14 03:26:00.666 2732 2732 D hpplay-base: [lelinkDlna:328] startDLNAServer ret=0
12-14 03:26:00.666 2732 2732 D hpplay-base: [LelinkBase:531] startDLNAServer ret= 0
12-14 03:26:00.666 2732 2732 D hpplay-base: [lelinkDlna:342] setDMRFriendlyName 高合娱乐副屏
12-14 03:26:00.666 2732 2732 D hpplay-base-dlna: [lebodlna-dlna_android:136] setBroadcastTimeout mBroadcastTimeOut=66 status=3!
12-14 03:26:00.666 2732 2732 D hpplay-base-dlna: [lebodlna_api:32] start DMR
12-14 03:26:00.666 2732 2732 D hpplay-base-dlna: [UpnpDefine:434] RegisterDMRender invalid lelink info
12-14 03:26:00.666 2732 2732 D hpplay-base-dlna: [UpnpDefine:467] DLNA DEFAULT_DESCRIPTION
12-14 03:26:00.668 2732 2732 E hpplay-base-dlna: upnpapi.c:1078::Exiting RegisterRootDevice2 *Hnd =1, return value == 0
12-14 03:26:00.668 2732 2732 D hpplay-base-dlna: [CUpnpDevice:41] Register Root Device 2:0
12-14 03:26:00.668 2732 2732 D hpplay-base-dlna: [UpnpDefine:794] ESDMRender:Register success
12-14 03:26:00.668 2732 2732 D hpplay-base-dlna: [lebodlna_api:41] sendBroadcast mBroadcastTimeOut=3
12-14 03:26:00.668 2732 2732 D hpplay-base-dlna: [lebodlna_api:44] sendBroadcast timeout=66
12-14 03:26:00.724 2732 2732 D hpplay-base: [lelinkDlna:361] startDLNADevice dlnaManufacturer:0 ret=0
12-14 03:26:00.724 2732 2732 D hpplay-base: [LelinkBase:535] lelinkSetDlnaInfo ret= 0
12-14 03:26:00.724 2732 2732 D hpplay-base: [LelinkBase:547] startAllServer pBaseContext->config.mDNSEnable:1
12-14 03:26:00.725 2732 2732 D hpplay-base: [base_mdns:509] mdns net.hostname:
12-14 03:26:00.725 2732 2732 D hpplay-base: [base_mdns:529] mdns namelabel:-00-80-0F-74-31-00
12-14 03:26:00.725 2732 2732 D hpplay-base: [base_mdns:509] mdns net.hostname:
12-14 03:26:00.725 2732 2732 D hpplay-base: [base_mdns:529] mdns namelabel:-00-80-0F-74-31-00
12-14 03:26:00.725 2732 2732 D hpplay-base: [mdns:813] mdns start bind port:0
12-14 03:26:00.727 2732 2732 D hpplay-base: [mdns:813] mdns start bind port:5353
12-14 03:26:00.727 2732 2732 D hpplay-base: [mdns:813] mdns start bind port:5353
12-14 03:26:00.727 2732 2732 D hpplay-base: [mdns:813] mdns start bind port:5353
12-14 03:26:00.728 2732 2732 D hpplay-base: [mdns:813] mdns start bind port:5353
12-14 03:26:00.728 2732 2732 D hpplay-base: [mdns:813] mdns start bind port:5353
12-14 03:26:00.728 2732 2732 D hpplay-base: [mdns:813] mdns start bind port:5353
12-14 03:26:00.728 2732 2732 D hpplay-base: [mdns:813] mdns start bind port:5353
12-14 03:26:00.728 2732 2732 I hpplay-base: [mDNSEmbeded:57] embedded_mDNSInit stopmDNSNow:0 status:0
12-14 03:26:00.728 2732 2732 D hpplay-base: [mDNSEmbeded:436] startmDNSServer end nRet=0
12-14 03:26:00.728 2732 2732 D hpplay-base: [LelinkBase:555] lelink broadcast_on_off:1 log2java_on_off:1
12-14 03:26:00.728 2732 4754 D hpplay-base: [LelinkMDNS:729] leboAuthorizationCheck strUuid=a6:9c:94:7f:fd:36000000000000000
12-14 03:26:00.728 2732 4754 D hpplay-base: [LelinkMDNS:730] leboAuthorizationCheck mPermissionDid=a6:9c:94:7f:fd:36000000000000000
12-14 03:26:00.728 2732 4754 D hpplay-base: [LelinkMDNS:755] leboAuthorizationCheck mPermissionMac=a6:9c:94:7f:fd:36000000000000000
12-14 03:26:00.729 2732 4755 I hpplay-base: [mDNSEmbeded:268] start lelink publish server, tid is 4755
12-14 03:26:00.729 2732 4756 D hpplay-base: [mDNSEmbeded:197] http_port bind check 197 http_port_check
12-14 03:26:00.729 2732 2732 D hpplay-base: [AEventUtils:595] request to start event handle service!!
12-14 03:26:00.729 2732 2732 D hpplay-base: [AEventUtils:603] start_event_handle_service,begin to run!!
12-14 03:26:00.729 2732 2732 D hpplay-base: [REventUtils:210] start_event_handle_service,begin to run!!
12-14 03:26:00.729 2732 2732 D hpplay-base: [LelinkBase:576] startAllServer success .
12-14 03:26:00.729 2732 4758 D hpplay-base: [REventUtils:59] create handleREventThread thread ok!!,tid is 4758
12-14 03:26:00.729 2732 2732 D hpplay-base: [jniBridge:894] startDlna_link:http://192.168.0.18:49152/description.xml
12-14 03:26:00.729 2732 4760 D hpplay-base: [jniBridge:1081] notifyJavaDlnalink:http://192.168.0.18:49152/description.xml
12-14 03:26:00.729 2732 4760 D hpplay-base: [jniBridge:1726] notifyJava, what:207, castType:0, mimeType:0 baseStatus:2
12-14 03:26:00.729 2732 4760 D hpplay-base: [jniBridge:1727] notifyJava sessionID:(null)
12-14 03:26:00.730 2732 4757 D hpplay-base: [AEventUtils:171] create handle AEvent thread ok!!,tid is 4757
12-14 03:26:00.730 2732 4760 I hpplay-java: [Thread-47]:Bridge:notify: what: 207
12-14 03:26:00.730 2732 4756 D hpplay-base: [mDNSEmbeded:217] http_port bind check 217 http_port_check
12-14 03:26:00.730 2732 4756 D hpplay-base: [mDNSEmbeded:222] http_port bind check 222 http_port_check
12-14 03:26:00.733 2732 4756 D hpplay-base: [mDNSEmbeded:234] http_port bind check 234 http_port_check port:52266
12-14 03:26:00.733 2732 4756 D hpplay-base: [mDNSEmbeded:237] http_port bind check 237 http_port_check
12-14 03:26:00.733 2732 4761 D hpplay-base: [lelinkSinkServer:93] new client connection from 127.0.0.1 58044, fd=113
12-14 03:26:00.734 2732 4760 I hpplay-java: [Thread-47]:Bridge:notify: out: OutParameters:{audioSessionId=-1, audiotrackIndex=0, castHandleType=-1, castType=0, deviceName='http://192.168.0.18:49152/description.xml', dlnaName='', dramaID='', extra=0, frameHandleType=-1, handleInside=true, headduration=0, header='', headers=null, isAD=false, isMultiMirror=false, lelinkVer='', limitTime=0, , mediaAlbum='null', mediaAlbumArtURI='', mediaArtist='null', mediaAssets='', mediaTitle='null', mimeType=0, multiSession=null, period=0, pinCode='', playSpeed=0.0, playerChoice=0, plugin=0, port=0, position=0.0, positionUnit=2, protocol=0, realSessionID='', regType='', , sinkIp='', sourceAPPVersion='', sourceChannel='', sourceClientInfo='', sourceDeviceInfo='', sourceDeviceModel='', sourceDeviceName='', sourceDeviceType=0, sourceHID='', , sourceInfo='', , , sourceOSVersion='', sourceSDKVersion='', sourceUid='', stopDetail=0, stopReason=0, tailduration=0, url='', urlID='', urls=null, userAgent='', videoDecoder=0, volume=0, what=207}com.hpplay.sdk.sink.protocol.OutParameters@5929fdc
12-14 03:26:00.734 2732 4761 D hpplay-base: [SinkContext:137] addSinkContextSession,begin to run!!
12-14 03:26:00.734 2732 4760 I hpplay-java: [Thread-47]:Bridge:notify: address:206260453
12-14 03:26:00.734 2732 4761 D hpplay-base: [SinkContext:142] addSinkContextSession,begin to get lock!!
12-14 03:26:00.734 2732 4761 D hpplay-base: [SinkContext:144] addSinkContextSession,get lock ok!!
12-14 03:26:00.734 2732 4761 D hpplay-base: [SinkContext:149] addSinkContextSession,session list is null,begin to malloc!!
12-14 03:26:00.734 2732 4761 D hpplay-base: [SinkContext:156] addSinkContextSession,begin to update!!
12-14 03:26:00.734 2732 4761 D hpplay-base: [SinkContext:160] addSinkContextSession,begin to update header!!
12-14 03:26:00.734 2732 4761 D hpplay-base: [SinkContext:172] addSinkContextSession,begin to unlock!!
12-14 03:26:00.734 2732 4761 D hpplay-base: [SinkContext:174] addSinkContextSession,unlock ok!!
12-14 03:26:00.734 2732 4761 D hpplay-base: [LelinkReceiver:4908] get ping !!!
12-14 03:26:00.734 2732 4756 D hpplay-base: [mDNSEmbeded:240] http_port bind check 240 http_port_check recieved:64
12-14 03:26:00.735 2732 4756 D hpplay-base: [mDNSEmbeded:243] http_port bind check 243 http_port_check
12-14 03:26:00.735 2732 4756 D hpplay-base: [mDNSEmbeded:244] http_port bind check ok!
12-14 03:26:00.864 639 654 I mpu_uart: [MSG-P:RECV]:No message received in 1000 ms
12-14 03:26:00.936 2732 4761 I hpplay-base: [LelinkReceiver:14605] _connectionFinalize (113)
12-14 03:26:00.936 2732 4761 D hpplay-base: [LelinkReceiver:14752] ###connectionFinalize,release ok!!###
12-14 03:26:01.000 639 653 I mpu_uart: [MSG-P:R]:recv sync frame timeout
12-14 03:26:01.107 0 0 W swapper/1: type=1400 audit(0.0:668): avc: denied { kill } for capability=5 scontext=u:r:kernel:s0 tcontext=u:r:kernel:s0 tclass=capability permissive=0
01-01 10:00:28.577 0 0 D : mv2112_read_status
01-01 10:00:28.578 0 0 D mv2112_update_link: 3.0x901(1G): 0x80
01-01 10:00:28.578 0 0 D mv2112_update_link: 3.0x8109(100M): 0x8
01-01 10:00:28.578 0 0 D mv2112_update_link: link 0x0
01-01 10:00:28.578 0 0 D mv2112_read_status: autoneg is disabled
12-14 03:26:01.673 2732 4679 W hpplay-java: [AsyncTask #70]:HttpRequest:
12-14 03:26:01.675 2732 4679 W hpplay-java: [AsyncTask #70]:HttpRequest:
12-14 03:26:01.677 2732 4679 W hpplay-java: [AsyncTask #70]:HttpRequest:
12-14 03:26:01.864 639 654 I mpu_uart: [MSG-P:RECV]:No message received in 1000 ms
12-14 03:26:02.107 0 0 W swapper/1: type=1400 audit(0.0:669): avc: denied { kill } for capability=5 scontext=u:r:kernel:s0 tcontext=u:r:kernel:s0 tclass=capability permissive=0
01-01 10:00:29.601 0 0 D : mv2112_read_status
01-01 10:00:29.602 0 0 D mv2112_update_link: 3.0x901(1G): 0x80
01-01 10:00:29.602 0 0 D mv2112_update_link: 3.0x8109(100M): 0x8
01-01 10:00:29.602 0 0 D mv2112_update_link: link 0x0
01-01 10:00:29.602 0 0 D mv2112_read_status: autoneg is disabled
12-14 03:26:02.865 639 654 I mpu_uart: [MSG-P:RECV]:No message received in 1000 ms
12-14 03:26:03.107 0 0 W swapper/1: type=1400 audit(0.0:670): avc: denied { kill } for capability=5 scontext=u:r:kernel:s0 tcontext=u:r:kernel:s0 tclass=capability permissive=0
01-01 10:00:30.625 0 0 D : mv2112_read_status
01-01 10:00:30.626 0 0 D mv2112_update_link: 3.0x901(1G): 0x80
01-01 10:00:30.626 0 0 D mv2112_update_link: 3.0x8109(100M): 0x8
01-01 10:00:30.626 0 0 D mv2112_update_link: link 0x0
01-01 10:00:30.626 0 0 D mv2112_read_status: autoneg is disabled
12-14 03:26:03.865 639 654 I mpu_uart: [MSG-P:RECV]:No message received in 1000 ms
12-14 03:26:04.003 639 653 I mpu_uart: [MSG-P:R]:recv sync frame timeout
12-14 03:26:04.111 0 0 W swapper/1: type=1400 audit(0.0:671): avc: denied { kill } for capability=5 scontext=u:r:kernel:s0 tcontext=u:r:kernel:s0 tclass=capability permissive=0
01-01 10:00:31.649 0 0 D : mv2112_read_status
01-01 10:00:31.650 0 0 D mv2112_update_link: 3.0x901(1G): 0x80
01-01 10:00:31.650 0 0 D mv2112_update_link: 3.0x8109(100M): 0x8
01-01 10:00:31.650 0 0 D mv2112_update_link: link 0x0
01-01 10:00:31.650 0 0 D mv2112_read_status: autoneg is disabled
12-14 03:26:04.866 639 654 I mpu_uart: [MSG-P:RECV]:No message received in 1000 ms
12-14 03:26:05.111 0 0 W swapper/1: type=1400 audit(0.0:672): avc: denied { kill } for capability=5 scontext=u:r:kernel:s0 tcontext=u:r:kernel:s0 tclass=capability permissive=0
01-01 10:00:32.673 0 0 D : mv2112_read_status
01-01 10:00:32.674 0 0 D mv2112_update_link: 3.0x901(1G): 0x80
01-01 10:00:32.674 0 0 D mv2112_update_link: 3.0x8109(100M): 0x8
01-01 10:00:32.674 0 0 D mv2112_update_link: link 0x0
01-01 10:00:32.674 0 0 D mv2112_read_status: autoneg is disabled
12-14 03:26:05.654 2732 2732 I hpplay-java: [main]:ServiceUpdater:upLoadServiceInfo invalid deviceCode:, port:53388
12-14 03:26:05.866 639 654 I mpu_uart: [MSG-P:RECV]:No message received in 1000 ms
12-14 03:26:06.111 0 0 W swapper/1: type=1400 audit(0.0:673): avc: denied { kill } for capability=5 scontext=u:r:kernel:s0 tcontext=u:r:kernel:s0 tclass=capability permissive=0
01-01 10:00:33.697 0 0 D : mv2112_read_status
01-01 10:00:33.698 0 0 D mv2112_update_link: 3.0x901(1G): 0x80
01-01 10:00:33.698 0 0 D mv2112_update_link: 3.0x8109(100M): 0x8
01-01 10:00:33.698 0 0 D mv2112_update_link: link 0x0
01-01 10:00:33.698 0 0 D mv2112_read_status: autoneg is disabled
12-14 03:26:06.867 639 654 I mpu_uart: [MSG-P:RECV]:No message received in 1000 ms
12-14 03:26:07.006 639 653 I mpu_uart: [MSG-P:R]:recv sync frame timeout
12-14 03:26:07.111 0 0 W swapper/1: type=1400 audit(0.0:674): avc: denied { kill } for capability=5 scontext=u:r:kernel:s0 tcontext=u:r:kernel:s0 tclass=capability permissive=0
01-01 10:00:34.721 0 0 D : mv2112_read_status
01-01 10:00:34.722 0 0 D mv2112_update_link: 3.0x901(1G): 0x80
01-01 10:00:34.722 0 0 D mv2112_update_link: 3.0x8109(100M): 0x8
01-01 10:00:34.722 0 0 D mv2112_update_link: link 0x0
01-01 10:00:34.722 0 0 D mv2112_read_status: autoneg is disabled
12-14 03:26:07.867 639 654 I mpu_uart: [MSG-P:RECV]:No message received in 1000 ms
12-14 03:26:07.923 1490 1621 V DisplayPowerController[0]: Brightness [0.05] reason changing to: 'manual [ dim ]', previous reason: 'manual'.
12-14 03:26:07.923 1490 1621 W PowerManagerService: Screen on took 64326 ms
12-14 03:26:07.930 1490 1986 E DisplayDeviceConfig: requesting nits when no mapping exists.
12-14 03:26:07.930 1490 1986 E DisplayDeviceConfig: requesting nits when no mapping exists.
12-14 03:26:07.932 1490 1605 I DropBoxManagerService: add tag=system_server_wtf isTagEnabled=true flags=0x2
12-14 03:26:07.935 1490 1605 I DropBoxManagerService: add tag=system_server_wtf isTagEnabled=true flags=0x2
12-14 03:26:07.946 1490 1986 E DisplayDeviceConfig: requesting nits when no mapping exists.
12-14 03:26:07.946 1490 1986 E DisplayDeviceConfig: requesting nits when no mapping exists.
12-14 03:26:07.947 1490 1605 I DropBoxManagerService: add tag=system_server_wtf isTagEnabled=true flags=0x2
12-14 03:26:07.949 1490 1605 I DropBoxManagerService: add tag=system_server_wtf isTagEnabled=true flags=0x2
12-14 03:26:07.962 1490 1986 E DisplayDeviceConfig: requesting nits when no mapping exists.
12-14 03:26:07.963 1490 1986 E DisplayDeviceConfig: requesting nits when no mapping exists.
12-14 03:26:07.964 1490 1605 I DropBoxManagerService: add tag=system_server_wtf isTagEnabled=true flags=0x2
12-14 03:26:07.979 1490 1986 E DisplayDeviceConfig: requesting nits when no mapping exists.
12-14 03:26:07.980 1490 1986 E DisplayDeviceConfig: requesting nits when no mapping exists.
12-14 03:26:07.996 1490 1986 E DisplayDeviceConfig: requesting nits when no mapping exists.
12-14 03:26:07.996 1490 1986 E DisplayDeviceConfig: requesting nits when no mapping exists.
12-14 03:26:08.013 1490 1986 E DisplayDeviceConfig: requesting nits when no mapping exists.
12-14 03:26:08.013 1490 1986 E DisplayDeviceConfig: requesting nits when no mapping exists.
12-14 03:26:08.029 1490 1986 E DisplayDeviceConfig: requesting nits when no mapping exists.
12-14 03:26:08.030 1490 1986 E DisplayDeviceConfig: requesting nits when no mapping exists.
12-14 03:26:08.046 1490 1986 E DisplayDeviceConfig: requesting nits when no mapping exists.
12-14 03:26:08.046 1490 1986 E DisplayDeviceConfig: requesting nits when no mapping exists.
12-14 03:26:08.063 1490 1986 E DisplayDeviceConfig: requesting nits when no mapping exists.
12-14 03:26:08.063 1490 1986 E DisplayDeviceConfig: requesting nits when no mapping exists.
12-14 03:26:08.079 1490 1986 E DisplayDeviceConfig: requesting nits when no mapping exists.
12-14 03:26:08.080 1490 1986 E DisplayDeviceConfig: requesting nits when no mapping exists.
12-14 03:26:08.096 1490 1986 E DisplayDeviceConfig: requesting nits when no mapping exists.
12-14 03:26:08.097 1490 1986 E DisplayDeviceConfig: requesting nits when no mapping exists.
12-14 03:26:08.113 1490 1986 E DisplayDeviceConfig: requesting nits when no mapping exists.
12-14 03:26:08.114 1490 1986 E DisplayDeviceConfig: requesting nits when no mapping exists.
12-14 03:26:08.130 1490 1986 E DisplayDeviceConfig: requesting nits when no mapping exists.
12-14 03:26:08.130 1490 1986 E DisplayDeviceConfig: requesting nits when no mapping exists.
12-14 03:26:08.146 1490 1986 E DisplayDeviceConfig: requesting nits when no mapping exists.
12-14 03:26:08.147 1490 1986 E DisplayDeviceConfig: requesting nits when no mapping exists.
12-14 03:26:08.163 1490 1986 E DisplayDeviceConfig: requesting nits when no mapping exists.
12-14 03:26:08.163 1490 1986 E DisplayDeviceConfig: requesting nits when no mapping exists.
12-14 03:26:08.180 1490 1986 E DisplayDeviceConfig: requesting nits when no mapping exists.
12-14 03:26:08.180 1490 1986 E DisplayDeviceConfig: requesting nits when no mapping exists.
12-14 03:26:08.196 1490 1986 E DisplayDeviceConfig: requesting nits when no mapping exists.
12-14 03:26:08.197 1490 1986 E DisplayDeviceConfig: requesting nits when no mapping exists.
12-14 03:26:08.213 1490 1986 E DisplayDeviceConfig: requesting nits when no mapping exists.
12-14 03:26:08.214 1490 1986 E DisplayDeviceConfig: requesting nits when no mapping exists.
12-14 03:26:08.230 1490 1986 E DisplayDeviceConfig: requesting nits when no mapping exists.
12-14 03:26:08.231 1490 1986 E DisplayDeviceConfig: requesting nits when no mapping exists.
12-14 03:26:08.247 1490 1986 E DisplayDeviceConfig: requesting nits when no mapping exists.
12-14 03:26:08.247 1490 1986 E DisplayDeviceConfig: requesting nits when no mapping exists.
12-14 03:26:08.263 1490 1986 E DisplayDeviceConfig: requesting nits when no mapping exists.
12-14 03:26:08.264 1490 1986 E DisplayDeviceConfig: requesting nits when no mapping exists.
12-14 03:26:08.280 1490 1986 E DisplayDeviceConfig: requesting nits when no mapping exists.
12-14 03:26:08.281 1490 1986 E DisplayDeviceConfig: requesting nits when no mapping exists.
12-14 03:26:08.297 1490 1986 E DisplayDeviceConfig: requesting nits when no mapping exists.
12-14 03:26:08.297 1490 1986 E DisplayDeviceConfig: requesting nits when no mapping exists.
12-14 03:26:08.314 1490 1986 E DisplayDeviceConfig: requesting nits when no mapping exists.
12-14 03:26:08.314 1490 1986 E DisplayDeviceConfig: requesting nits when no mapping exists.
12-14 03:26:08.330 1490 1986 E DisplayDeviceConfig: requesting nits when no mapping exists.
12-14 03:26:08.331 1490 1986 E DisplayDeviceConfig: requesting nits when no mapping exists.
12-14 03:26:08.347 1490 1986 E DisplayDeviceConfig: requesting nits when no mapping exists.
12-14 03:26:08.347 1490 1986 E DisplayDeviceConfig: requesting nits when no mapping exists.
12-14 03:26:08.363 1490 1986 E DisplayDeviceConfig: requesting nits when no mapping exists.
12-14 03:26:08.364 1490 1986 E DisplayDeviceConfig: requesting nits when no mapping exists.
12-14 03:26:08.380 1490 1986 E DisplayDeviceConfig: requesting nits when no mapping exists.
12-14 03:26:08.381 1490 1986 E DisplayDeviceConfig: requesting nits when no mapping exists.
12-14 03:26:08.397 1490 1986 E DisplayDeviceConfig: requesting nits when no mapping exists.
12-14 03:26:08.397 1490 1986 E DisplayDeviceConfig: requesting nits when no mapping exists.
12-14 03:26:08.414 1490 1986 E DisplayDeviceConfig: requesting nits when no mapping exists.
12-14 03:26:08.414 1490 1986 E DisplayDeviceConfig: requesting nits when no mapping exists.
12-14 03:26:08.430 1490 1986 E DisplayDeviceConfig: requesting nits when no mapping exists.
12-14 03:26:08.431 1490 1986 E DisplayDeviceConfig: requesting nits when no mapping exists.
12-14 03:26:08.447 1490 1986 E DisplayDeviceConfig: requesting nits when no mapping exists.
12-14 03:26:08.447 1490 1986 E DisplayDeviceConfig: requesting nits when no mapping exists.
12-14 03:26:08.464 1490 1986 E DisplayDeviceConfig: requesting nits when no mapping exists.
12-14 03:26:08.465 1490 1986 E DisplayDeviceConfig: requesting nits when no mapping exists.
12-14 03:26:08.480 1490 1986 E DisplayDeviceConfig: requesting nits when no mapping exists.
12-14 03:26:08.481 1490 1986 E DisplayDeviceConfig: requesting nits when no mapping exists.
12-14 03:26:08.497 1490 1986 E DisplayDeviceConfig: requesting nits when no mapping exists.
12-14 03:26:08.498 1490 1986 E DisplayDeviceConfig: requesting nits when no mapping exists.
12-14 03:26:08.514 1490 1986 E DisplayDeviceConfig: requesting nits when no mapping exists.
12-14 03:26:08.514 1490 1986 E DisplayDeviceConfig: requesting nits when no mapping exists.
12-14 03:26:08.531 1490 1986 E DisplayDeviceConfig: requesting nits when no mapping exists.
12-14 03:26:08.531 1490 1986 E DisplayDeviceConfig: requesting nits when no mapping exists.
12-14 03:26:08.547 1490 1986 E DisplayDeviceConfig: requesting nits when no mapping exists.
12-14 03:26:08.548 1490 1986 E DisplayDeviceConfig: requesting nits when no mapping exists.
12-14 03:26:08.564 1490 1986 E DisplayDeviceConfig: requesting nits when no mapping exists.
12-14 03:26:08.565 1490 1986 E DisplayDeviceConfig: requesting nits when no mapping exists.
12-14 03:26:08.581 1490 1986 E DisplayDeviceConfig: requesting nits when no mapping exists.
12-14 03:26:08.581 1490 1986 E DisplayDeviceConfig: requesting nits when no mapping exists.
12-14 03:26:08.597 1490 1986 E DisplayDeviceConfig: requesting nits when no mapping exists.
12-14 03:26:08.598 1490 1986 E DisplayDeviceConfig: requesting nits when no mapping exists.
01-01 10:00:35.745 0 0 D : mv2112_read_status
01-01 10:00:35.746 0 0 D mv2112_update_link: 3.0x901(1G): 0x80
01-01 10:00:35.746 0 0 D mv2112_update_link: 3.0x8109(100M): 0x8
01-01 10:00:35.746 0 0 D mv2112_update_link: link 0x0
01-01 10:00:35.746 0 0 D mv2112_read_status: autoneg is disabled
12-14 03:26:08.614 1490 1986 E DisplayDeviceConfig: requesting nits when no mapping exists.
12-14 03:26:08.614 1490 1986 E DisplayDeviceConfig: requesting nits when no mapping exists.
12-14 03:26:08.631 1490 1986 E DisplayDeviceConfig: requesting nits when no mapping exists.
12-14 03:26:08.631 1490 1986 E DisplayDeviceConfig: requesting nits when no mapping exists.
12-14 03:26:08.648 1490 1986 E DisplayDeviceConfig: requesting nits when no mapping exists.
12-14 03:26:08.648 1490 1986 E DisplayDeviceConfig: requesting nits when no mapping exists.
12-14 03:26:08.664 1490 1986 E DisplayDeviceConfig: requesting nits when no mapping exists.
12-14 03:26:08.665 1490 1986 E DisplayDeviceConfig: requesting nits when no mapping exists.
12-14 03:26:08.680 1490 1986 E DisplayDeviceConfig: requesting nits when no mapping exists.
12-14 03:26:08.681 1490 1986 E DisplayDeviceConfig: requesting nits when no mapping exists.
12-14 03:26:08.697 1490 1986 E DisplayDeviceConfig: requesting nits when no mapping exists.
12-14 03:26:08.698 1490 1986 E DisplayDeviceConfig: requesting nits when no mapping exists.
12-14 03:26:08.714 1490 1986 E DisplayDeviceConfig: requesting nits when no mapping exists.
12-14 03:26:08.714 1490 1986 E DisplayDeviceConfig: requesting nits when no mapping exists.
12-14 03:26:08.731 1490 1986 E DisplayDeviceConfig: requesting nits when no mapping exists.
12-14 03:26:08.732 1490 1986 E DisplayDeviceConfig: requesting nits when no mapping exists.
12-14 03:26:08.748 1490 1986 E DisplayDeviceConfig: requesting nits when no mapping exists.
12-14 03:26:08.748 1490 1986 E DisplayDeviceConfig: requesting nits when no mapping exists.
12-14 03:26:08.765 1490 1986 E DisplayDeviceConfig: requesting nits when no mapping exists.
12-14 03:26:08.765 1490 1986 E DisplayDeviceConfig: requesting nits when no mapping exists.
12-14 03:26:08.781 1490 1986 E DisplayDeviceConfig: requesting nits when no mapping exists.
12-14 03:26:08.782 1490 1986 E DisplayDeviceConfig: requesting nits when no mapping exists.
12-14 03:26:08.798 1490 1986 E DisplayDeviceConfig: requesting nits when no mapping exists.
12-14 03:26:08.798 1490 1986 E DisplayDeviceConfig: requesting nits when no mapping exists.
12-14 03:26:08.814 1490 1986 E DisplayDeviceConfig: requesting nits when no mapping exists.
12-14 03:26:08.815 1490 1986 E DisplayDeviceConfig: requesting nits when no mapping exists.
12-14 03:26:08.831 1490 1986 E DisplayDeviceConfig: requesting nits when no mapping exists.
12-14 03:26:08.832 1490 1986 E DisplayDeviceConfig: requesting nits when no mapping exists.
12-14 03:26:08.848 1490 1986 E DisplayDeviceConfig: requesting nits when no mapping exists.
12-14 03:26:08.848 1490 1986 E DisplayDeviceConfig: requesting nits when no mapping exists.
12-14 03:26:08.865 1490 1986 E DisplayDeviceConfig: requesting nits when no mapping exists.
12-14 03:26:08.865 1490 1986 E DisplayDeviceConfig: requesting nits when no mapping exists.
12-14 03:26:08.867 639 654 I mpu_uart: [MSG-P:RECV]:No message received in 1000 ms
12-14 03:26:08.881 1490 1986 E DisplayDeviceConfig: requesting nits when no mapping exists.
12-14 03:26:08.882 1490 1986 E DisplayDeviceConfig: requesting nits when no mapping exists.
12-14 03:26:09.111 0 0 W swapper/2: type=1400 audit(0.0:675): avc: denied { kill } for capability=5 scontext=u:r:kernel:s0 tcontext=u:r:kernel:s0 tclass=capability permissive=0
01-01 10:00:36.769 0 0 D : mv2112_read_status
01-01 10:00:36.770 0 0 D mv2112_update_link: 3.0x901(1G): 0x80
01-01 10:00:36.770 0 0 D mv2112_update_link: 3.0x8109(100M): 0x8
01-01 10:00:36.770 0 0 D mv2112_update_link: link 0x0
01-01 10:00:36.770 0 0 D mv2112_read_status: autoneg is disabled
12-14 03:26:09.868 639 654 I mpu_uart: [MSG-P:RECV]:No message received in 1000 ms
12-14 03:26:10.010 639 653 I mpu_uart: [MSG-P:R]:recv sync frame timeout
12-14 03:26:10.107 0 0 W swapper/2: type=1400 audit(0.0:676): avc: denied { kill } for capability=5 scontext=u:r:kernel:s0 tcontext=u:r:kernel:s0 tclass=capability permissive=0
12-14 03:26:10.641 2732 2732 I hpplay-java: [main]:Upgrade:upgrade not be allowed
01-01 10:00:37.793 0 0 D : mv2112_read_status
01-01 10:00:37.794 0 0 D mv2112_update_link: 3.0x901(1G): 0x80
01-01 10:00:37.794 0 0 D mv2112_update_link: 3.0x8109(100M): 0x8
01-01 10:00:37.794 0 0 D mv2112_update_link: link 0x0
01-01 10:00:37.794 0 0 D mv2112_read_status: autoneg is disabled
12-14 03:26:10.662 2732 2732 I hpplay-java: [main]:ServerBusiness:get deviceCode:
12-14 03:26:10.662 2732 2732 W hpplay-java: [main]:ServerBusiness:startDeviceService ignore,invalid deviceCode
12-14 03:26:10.868 639 654 I mpu_uart: [MSG-P:RECV]:No message received in 1000 ms
12-14 03:26:11.111 0 0 W swapper/2: type=1400 audit(0.0:677): avc: denied { kill } for capability=5 scontext=u:r:kernel:s0 tcontext=u:r:kernel:s0 tclass=capability permissive=0
01-01 10:00:38.817 0 0 D : mv2112_read_status
01-01 10:00:38.818 0 0 D mv2112_update_link: 3.0x901(1G): 0x80
01-01 10:00:38.818 0 0 D mv2112_update_link: 3.0x8109(100M): 0x8
01-01 10:00:38.818 0 0 D mv2112_update_link: link 0x0
01-01 10:00:38.818 0 0 D mv2112_read_status: autoneg is disabled
12-14 03:26:11.868 639 654 I mpu_uart: [MSG-P:RECV]:No message received in 1000 ms
12-14 03:26:12.107 0 0 W swapper/2: type=1400 audit(0.0:678): avc: denied { kill } for capability=5 scontext=u:r:kernel:s0 tcontext=u:r:kernel:s0 tclass=capability permissive=0
01-01 10:00:39.841 0 0 D : mv2112_read_status
01-01 10:00:39.842 0 0 D mv2112_update_link: 3.0x901(1G): 0x80
01-01 10:00:39.842 0 0 D mv2112_update_link: 3.0x8109(100M): 0x8
01-01 10:00:39.842 0 0 D mv2112_update_link: link 0x0
01-01 10:00:39.842 0 0 D mv2112_read_status: autoneg is disabled
12-14 03:26:12.869 639 654 I mpu_uart: [MSG-P:RECV]:No message received in 1000 ms
12-14 03:26:13.013 639 653 I mpu_uart: [MSG-P:R]:recv sync frame timeout
12-14 03:26:13.111 0 0 W swapper/2: type=1400 audit(0.0:679): avc: denied { kill } for capability=5 scontext=u:r:kernel:s0 tcontext=u:r:kernel:s0 tclass=capability permissive=0
01-01 10:00:40.865 0 0 D : mv2112_read_status
01-01 10:00:40.866 0 0 D mv2112_update_link: 3.0x901(1G): 0x80
01-01 10:00:40.866 0 0 D mv2112_update_link: 3.0x8109(100M): 0x8
01-01 10:00:40.866 0 0 D mv2112_update_link: link 0x0
01-01 10:00:40.866 0 0 D mv2112_read_status: autoneg is disabled
12-14 03:26:13.869 639 654 I mpu_uart: [MSG-P:RECV]:No message received in 1000 ms
12-14 03:26:14.111 0 0 W swapper/2: type=1400 audit(0.0:680): avc: denied { kill } for capability=5 scontext=u:r:kernel:s0 tcontext=u:r:kernel:s0 tclass=capability permissive=0
01-01 10:00:41.889 0 0 D : mv2112_read_status
01-01 10:00:41.890 0 0 D mv2112_update_link: 3.0x901(1G): 0x80
01-01 10:00:41.890 0 0 D mv2112_update_link: 3.0x8109(100M): 0x8
01-01 10:00:41.890 0 0 D mv2112_update_link: link 0x0
01-01 10:00:41.890 0 0 D mv2112_read_status: autoneg is disabled
12-14 03:26:14.869 639 654 I mpu_uart: [MSG-P:RECV]:No message received in 1000 ms
12-14 03:26:14.918 1490 1621 I PowerManagerService: Napping display group (groupId=0, uid=1000)...
12-14 03:26:14.919 1490 1621 I PowerManagerService: Nap time (uid 1000)...
12-14 03:26:14.921 1490 1621 I DreamManagerService: Entering dreamland.
12-14 03:26:14.922 1490 1621 I PowerManagerService: Dreaming...
12-14 03:26:14.936 1490 1593 I DreamController: Starting dream: name=ComponentInfo{com.thundercomm.screensaver/com.thundercomm.saverclock.service.ClockScreensaver}, isTest=false, canDoze=false, userId=0
12-14 03:26:14.940 2010 2010 V ShadeControllerImpl: NotificationShadeWindow: com.android.systemui.statusbar.phone.NotificationShadeWindowView{afb9f5 I.E...... ......ID 0,0-2380,1020} canPanelBeCollapsed(): false
12-14 03:26:14.941 1490 1593 D CompatibilityChangeReporter: Compat change id reported: 168419799; UID 10052; state: DISABLED
12-14 03:26:14.941 1490 1593 D CompatibilityInfo: mCompatibilityFlags - 4
12-14 03:26:14.941 1490 1593 D CompatibilityInfo: applicationDensity - 240
12-14 03:26:14.941 1490 1593 D CompatibilityInfo: applicationScale - 1.0
12-14 03:26:14.946 1490 1906 I ActivityTaskManager: START u0 {flg=0x10000000 pkg=com.thundercomm.screensaver cmp=com.thundercomm.screensaver/android.service.dreams.DreamActivity (has extras)} from uid 10052
12-14 03:26:14.946 1490 1596 I EventSequenceValidator: inc AccIntentStartedEvents to 2
12-14 03:26:14.950 1490 1906 W ActivityTaskManager: Can't find TaskDisplayArea to determine support for multi window. Task id=19 attached=false
12-14 03:26:14.955 1490 1906 D CompatibilityInfo: mCompatibilityFlags - 4
12-14 03:26:14.955 1490 1906 D CompatibilityInfo: applicationDensity - 240
12-14 03:26:14.955 1490 1906 D CompatibilityInfo: applicationScale - 1.0
12-14 03:26:14.956 1490 1906 D ActivityTrigger: ActivityTrigger activityPauseTrigger
12-14 03:26:14.962 1490 1909 I ActivityTaskManager: FOREGROUND_APPLICATION_CHANGED to android.service.dreams.DreamActivity
12-14 03:26:14.964 1490 1909 I ActivityTaskManager: The Process com.thundercomm.screensaver Already Exists in BG. So sending its PID: 4190
12-14 03:26:14.964 1490 1909 W ActivityTaskManager: Tried to set launchTime (0) < mLastActivityLaunchTime (73368)
12-14 03:26:14.965 1490 1909 D CompatibilityInfo: mCompatibilityFlags - 4
12-14 03:26:14.965 1490 1909 D CompatibilityInfo: applicationDensity - 240
12-14 03:26:14.965 1490 1909 D CompatibilityInfo: applicationScale - 1.0
12-14 03:26:14.967 941 1056 D PermissionCache: checking android.permission.READ_FRAME_BUFFER for uid=1000 => granted (212 us)
12-14 03:26:14.972 500 500 I hwservicemanager: getTransport: Cannot find entry android.hardware.graphics.mapper@4.0::IMapper/default in either framework or device VINTF manifest.
12-14 03:26:14.972 1490 3326 I Gralloc4: mapper 4.x is not supported
12-14 03:26:14.988 3806 3897 I GameMode_ActivityMonitoringService: onForegroundActivitiesChanged uid 10052 pid 4190 fg true
12-14 03:26:14.991 1490 3326 W WindowManager: Failed looking up window session=Session{5ac6ac5 4190:u0a10052} callers=com.android.server.wm.WindowManagerService.windowForClientLocked:5628 com.android.server.wm.Session.insetsModified:629 android.view.IWindowSession$Stub.onTransact:1151
12-14 03:26:14.993 2010 4447 D KeyguardViewMediator: setOccluded true
12-14 03:26:14.995 2010 2010 V KeyguardUpdateMonitor: startListeningForFingerprint()
12-14 03:26:14.996 4190 4190 E ThemeUtils: View class androidx.appcompat.widget.AppCompatImageView is an AppCompat widget that can only be used with a Theme.AppCompat theme (or descendant).
12-14 03:26:14.997 3806 3821 I GameMode_ActivityMonitoringService: Updating top task to: TaskInfoContainer [topActivity=ComponentInfo{com.thundercomm.screensaver/android.service.dreams.DreamActivity}, taskId=19, stackId=19, userId=0, displayId=0, position=7
12-14 03:26:14.997 3806 3821 I GameMode_ActivityMonitoringService: Notifying about top task: TaskInfoContainer [topActivity=ComponentInfo{com.thundercomm.screensaver/android.service.dreams.DreamActivity}, taskId=19, stackId=19, userId=0, displayId=0, position=7
12-14 03:26:14.997 3806 3821 E GameMode_ActivityMonitoringService: onActivityLaunch:com.thundercomm.screensaver
12-14 03:26:14.997 3806 3821 V GameMode_GameTypeUtils: judge isGame:com.thundercomm.screensaver
12-14 03:26:14.997 3806 3821 V GameMode_GpuUtils: fps:60
12-14 03:26:14.997 4190 4190 E ThemeUtils: View class androidx.appcompat.widget.AppCompatImageView is an AppCompat widget that can only be used with a Theme.AppCompat theme (or descendant).
12-14 03:26:14.998 4190 4190 E ThemeUtils: View class androidx.appcompat.widget.AppCompatImageView is an AppCompat widget that can only be used with a Theme.AppCompat theme (or descendant).
12-14 03:26:14.998 4190 4190 E ThemeUtils: View class androidx.appcompat.widget.AppCompatImageView is an AppCompat widget that can only be used with a Theme.AppCompat theme (or descendant).
12-14 03:26:14.999 2010 2010 D KeyguardViewMediator: adjustStatusBarLocked: mShowing=false mOccluded=true isSecure=false force=false --> flags=0x0
12-14 03:26:15.001 3806 3821 D GameMode_GameModeActionUtils: Show GameMode entry by service!
12-14 03:26:15.001 3806 3821 W ContextImpl: Calling a method in the system process without a qualified user: android.app.ContextImpl.startService:1816 android.content.ContextWrapper.startService:774 com.thundercomm.gamemode.ingame.services.GameModeActionUtils.startGameModeService:99 com.thundercomm.gamemode.ingame.services.GameModeActionUtils.startGameModeEntry:22 com.thundercomm.gamemode.ingame.services.ActivityMonitoringService$1.onActivityLaunch:127
12-14 03:26:15.003 3806 3806 D GameMode_GameModeService: type=hide_entry
12-14 03:26:15.003 3806 3821 D GameModeIF_GameModeSettings: getUriFor setting_content_uri_root = content://com.thundercomm.gamemode.api/gamemode_settings , name = gamemode_isgaming
12-14 03:26:15.009 3806 3806 D GameMode_GameSettingsObserver: Game Data change!!!! uri = content://com.thundercomm.gamemode.api/gamemode_settings/gamemode_isgaming
12-14 03:26:15.009 1490 1490 I GameModeConfig: Current uri is uri = content://com.thundercomm.gamemode.api/gamemode_settings/gamemode_isgaming
12-14 03:26:15.009 1490 1490 D GameModeIF_GameModeSettings: getUriFor setting_content_uri_root = content://com.thundercomm.gamemode.api/gamemode_settings , name = gamemode_isgaming
12-14 03:26:15.009 3806 3806 D GameModeIF_GameModeSettings: getUriFor setting_content_uri_root = content://com.thundercomm.gamemode.api/gamemode_settings , name = gamemode_isgaming
12-14 03:26:15.010 3806 3821 D GameModeIF_GameModeSettings: gamemode_isgaming set to 0
12-14 03:26:15.013 1490 1490 I GameModeConfig: isGameModeOn = false
12-14 03:26:15.013 1490 1490 I GameModeConfig: isGameModeOn = false
12-14 03:26:15.013 1490 1490 I GameModeConfig: isDisableVoice = true
12-14 03:26:15.018 3806 3806 D GameMode_GameModeService: updateGlobalSettings = gamemode_isgaming
12-14 03:26:15.022 1490 1918 I GameModeConfig: isGameModeOn = false
12-14 03:26:15.023 1490 1918 I GameModeConfig: isGameModeOn = false
12-14 03:26:15.023 1490 1918 I GameModeConfig: isGameModeOn = false
12-14 03:26:15.023 1490 1918 I GameModeConfig: isGameModeOn = false
12-14 03:26:15.044 1490 1621 V DisplayPowerController[0]: Brightness [1.0] reason changing to: 'manual', previous reason: 'manual [ dim ]'.
12-14 03:26:15.048 1490 1596 I EventSequenceValidator: dec AccIntentStartedEvents to 1
12-14 03:26:15.048 1490 1986 E DisplayDeviceConfig: requesting nits when no mapping exists.
12-14 03:26:15.049 1490 1986 E DisplayDeviceConfig: requesting nits when no mapping exists.
12-14 03:26:15.049 1490 1593 I ActivityTaskManager: Displayed com.thundercomm.screensaver/android.service.dreams.DreamActivity: +85ms
12-14 03:26:15.053 500 500 I hwservicemanager: getTransport: Cannot find entry android.hardware.graphics.mapper@4.0::IMapper/default in either framework or device VINTF manifest.
12-14 03:26:15.053 3806 4619 I Gralloc4: mapper 4.x is not supported
12-14 03:26:15.055 2010 2010 W View : requestLayout() improperly called by com.android.systemui.util.animation.UniqueObjectHostView{7b7b006 V.E...... ......ID 0,0-636,344} during layout: running second layout pass
