12-14 03:22:22.695 1490 1826 D StorageManagerService: Thinking about reset, mBootCompleted=false, mDaemonConnected=true
12-14 03:22:22.695 1490 1826 D StorageManagerService: Thinking about init, mBootCompleted=false, mDaemonConnected=true
12-14 03:22:22.695 1490 1826 D StorageManagerService: Thinking about reset, mBootCompleted=false, mDaemonConnected=true
12-14 03:22:22.697 1490 1490 I SystemServerTiming: StartUiModeManager
12-14 03:22:22.697 1490 1490 I SystemServiceManager: Starting com.android.server.UiModeManagerService
12-14 03:22:22.697 1490 1490 I SystemServerTiming: UpdatePackagesIfNeeded
12-14 03:22:22.698 1490 1490 I Watchdog: Pausing HandlerChecker: main thread for reason: dexopt. Pause count: 1
12-14 03:22:22.698 1490 1830 I SystemServerTimingAsync: InitThreadPoolExec:UiModeManager.onStart
12-14 03:22:22.698 1490 1490 I Watchdog: Resuming HandlerChecker: main thread for reason: dexopt. Pause count: 0
12-14 03:22:22.698 1490 1490 I SystemServerTiming: PerformFstrimIfNeeded
01-01 09:56:49.836 0 0 I msm_vidc: high: 00000001: h265d: Closed video instance: 0000000000000000
12-14 03:22:22.698 1490 1490 I SystemServerTiming: StartLockSettingsService
12-14 03:22:22.698 1490 1490 I SystemServiceManager: Starting com.android.server.locksettings.LockSettingsService$Lifecycle
12-14 03:22:22.701 1490 1604 D PinnerService: pinRangeStream: null
12-14 03:22:22.702 1490 1604 D PinnerService: pinRangeStream: null
12-14 03:22:22.702 1490 1604 D PinnerService: pinRangeStream: null
01-01 09:56:49.843 0 0 I msm_vidc: high: 00000001: ....d: Opening video instance: 0000000000000000, 1
01-01 09:56:49.843 0 0 I msm_vidc: err : 00000001: ....d: Failed to create debugfs for msm_vidc
01-01 09:56:49.846 0 0 I msm_vidc: high: 00000001: h265d: Closed video instance: 0000000000000000
12-14 03:22:22.711 1490 1604 D PinnerService: pinRangeStream: null
12-14 03:22:22.712 1490 1490 I SystemServerTiming: StartPersistentDataBlock
12-14 03:22:22.712 1490 1490 I SystemServiceManager: Starting com.android.server.PersistentDataBlockService
12-14 03:22:22.715 1490 1490 I SystemServerTiming: StartTestHarnessMode
12-14 03:22:22.715 1490 1490 I SystemServiceManager: Starting com.android.server.testharness.TestHarnessModeService
12-14 03:22:22.716 1490 1837 I SystemServerTimingAsync: InitThreadPoolExec:PersistentDataBlockService.onStart
12-14 03:22:22.716 1490 1490 I SystemServerTiming: StartOemLockService
12-14 03:22:22.716 1490 1490 I SystemServiceManager: Starting com.android.server.oemlock.OemLockService
12-14 03:22:22.716 1490 1490 I OemLock : OemLock HAL not present on device
12-14 03:22:22.716 1490 1490 I OemLock : Using persistent data block based lock
12-14 03:22:22.716 1490 1490 I SystemServerTiming: StartDeviceIdleController
12-14 03:22:22.716 1490 1490 I SystemServiceManager: Starting com.android.server.DeviceIdleController
12-14 03:22:22.717 1490 1604 D PinnerService: pinRangeStream: null
12-14 03:22:22.717 1490 1604 D PinnerService: pinRangeStream: null
12-14 03:22:22.719 1490 1604 D PinnerService: pinRangeStream: null
12-14 03:22:22.719 1490 1604 D PinnerService: pinRangeStream: null
12-14 03:22:22.719 1490 1604 E PinnerService: Could not pin file /system/lib64/libsurfaceflinger.so
12-14 03:22:22.719 1490 1604 E PinnerService: android.system.ErrnoException: open failed: ENOENT (No such file or directory)
12-14 03:22:22.719 1490 1604 E PinnerService: at libcore.io.Linux.open(Native Method)
12-14 03:22:22.719 1490 1604 E PinnerService: at libcore.io.ForwardingOs.open(ForwardingOs.java:567)
12-14 03:22:22.719 1490 1604 E PinnerService: at libcore.io.BlockGuardOs.open(BlockGuardOs.java:273)
12-14 03:22:22.719 1490 1604 E PinnerService: at android.system.Os.open(Os.java:501)
12-14 03:22:22.719 1490 1604 E PinnerService: at com.android.server.PinnerService.pinFileRanges(PinnerService.java:939)
12-14 03:22:22.719 1490 1604 E PinnerService: at com.android.server.PinnerService.pinFile(PinnerService.java:814)
12-14 03:22:22.719 1490 1604 E PinnerService: at com.android.server.PinnerService.handlePinOnStart(PinnerService.java:273)
12-14 03:22:22.719 1490 1604 E PinnerService: at com.android.server.PinnerService.access$1600(PinnerService.java:91)
12-14 03:22:22.719 1490 1604 E PinnerService: at com.android.server.PinnerService$PinnerHandler.handleMessage(PinnerService.java:1183)
12-14 03:22:22.719 1490 1604 E PinnerService: at android.os.Handler.dispatchMessage(Handler.java:106)
12-14 03:22:22.719 1490 1604 E PinnerService: at android.os.Looper.loopOnce(Looper.java:201)
12-14 03:22:22.719 1490 1604 E PinnerService: at android.os.Looper.loop(Looper.java:288)
12-14 03:22:22.719 1490 1604 E PinnerService: at android.os.HandlerThread.run(HandlerThread.java:67)
12-14 03:22:22.719 1490 1604 E PinnerService: Failed to pin file = /system/lib64/libsurfaceflinger.so
01-01 09:56:49.858 0 0 I msm_vidc: high: 00000001: ....d: Opening video instance: 0000000000000000, 1
01-01 09:56:49.858 0 0 I msm_vidc: err : 00000001: ....d: Failed to create debugfs for msm_vidc
01-01 09:56:49.860 0 0 I msm_vidc: high: 00000001: mpg2d: Closed video instance: 0000000000000000
12-14 03:22:22.723 1490 1490 I SystemServerTiming: StartDevicePolicyManager
12-14 03:22:22.723 1490 1490 I SystemServiceManager: Starting com.android.server.devicepolicy.DevicePolicyManagerService$Lifecycle
12-14 03:22:22.723 1490 1837 E PersistentDataBlockService: not able to find package com.google.android.gms
12-14 03:22:22.723 1490 1837 E PersistentDataBlockService: android.content.pm.PackageManager$NameNotFoundException: com.google.android.gms
12-14 03:22:22.723 1490 1837 E PersistentDataBlockService: at android.app.ApplicationPackageManager.getPackageUidAsUser(ApplicationPackageManager.java:364)
12-14 03:22:22.723 1490 1837 E PersistentDataBlockService: at com.android.server.PersistentDataBlockService.getAllowedUid(PersistentDataBlockService.java:162)
12-14 03:22:22.723 1490 1837 E PersistentDataBlockService: at com.android.server.PersistentDataBlockService.lambda$onStart$0$PersistentDataBlockService(PersistentDataBlockService.java:176)
12-14 03:22:22.723 1490 1837 E PersistentDataBlockService: at com.android.server.PersistentDataBlockService$$ExternalSyntheticLambda0.run(Unknown Source:2)
12-14 03:22:22.723 1490 1837 E PersistentDataBlockService: at com.android.server.SystemServerInitThreadPool.lambda$submitTask$0$SystemServerInitThreadPool(SystemServerInitThreadPool.java:105)
12-14 03:22:22.723 1490 1837 E PersistentDataBlockService: at com.android.server.SystemServerInitThreadPool$$ExternalSyntheticLambda0.run(Unknown Source:6)
12-14 03:22:22.723 1490 1837 E PersistentDataBlockService: at java.util.concurrent.Executors$RunnableAdapter.call(Executors.java:462)
12-14 03:22:22.723 1490 1837 E PersistentDataBlockService: at java.util.concurrent.FutureTask.run(FutureTask.java:266)
12-14 03:22:22.723 1490 1837 E PersistentDataBlockService: at java.util.concurrent.ThreadPoolExecutor.runWorker(ThreadPoolExecutor.java:1167)
12-14 03:22:22.723 1490 1837 E PersistentDataBlockService: at java.util.concurrent.ThreadPoolExecutor$Worker.run(ThreadPoolExecutor.java:641)
12-14 03:22:22.723 1490 1837 E PersistentDataBlockService: at com.android.internal.util.ConcurrentUtils$1$1.run(ConcurrentUtils.java:65)
12-14 03:22:22.725 1490 1490 I DevicePolicyManager: Set ro.organization_owned property to false
12-14 03:22:22.726 1490 1490 I SystemServerTiming: StartStatusBarManagerService
12-14 03:22:22.726 1490 1490 D SystemServer: MusicRecognitionManagerService not defined by OEM or disabled by flag
12-14 03:22:22.726 1490 1490 D SystemServer: ContentCaptureService disabled because resource is not overlaid
12-14 03:22:22.726 1490 1490 D SystemServer: AttentionService is not configured on this device
12-14 03:22:22.727 1490 1490 D SystemServer: RotationResolverService is not configured on this device
12-14 03:22:22.727 1490 1490 D SystemServer: SystemCaptionsManagerService disabled because resource is not overlaid
12-14 03:22:22.727 1490 1490 I SystemServerTiming: StartTextToSpeechManagerService
12-14 03:22:22.727 1490 1490 I SystemServiceManager: Starting com.android.server.texttospeech.TextToSpeechManagerService
12-14 03:22:22.727 1490 1490 I SystemServerTiming: StartSpeechRecognitionManagerService
12-14 03:22:22.727 1490 1490 I SystemServiceManager: Starting com.android.server.speech.SpeechRecognitionManagerService
12-14 03:22:22.728 1490 1490 D SystemServer: AppPredictionService not defined by OEM
12-14 03:22:22.728 1490 1490 D SystemServer: ContentSuggestionsService not defined by OEM
12-14 03:22:22.728 1490 1490 I SystemServerTiming: StartSearchUiService
12-14 03:22:22.728 1490 1490 I SystemServiceManager: Starting com.android.server.searchui.SearchUiManagerService
12-14 03:22:22.728 1490 1490 I SystemServerTiming: StartSmartspaceService
12-14 03:22:22.728 1490 1490 I SystemServiceManager: Starting com.android.server.smartspace.SmartspaceManagerService
01-01 09:56:49.866 0 0 I msm_vidc: high: 00000001: ....d: Opening video instance: 0000000000000000, 1
01-01 09:56:49.866 0 0 I msm_vidc: err : 00000001: ....d: Failed to create debugfs for msm_vidc
12-14 03:22:22.728 1490 1490 I SystemServerTiming: InitConnectivityModuleConnector
12-14 03:22:22.729 1490 1490 D ConnectivityModuleConnector: Network stack init
12-14 03:22:22.729 1490 1490 I SystemServerTiming: InitNetworkStackClient
12-14 03:22:22.729 1490 1490 I SystemServerTiming: StartNetworkManagementService
01-01 09:56:49.868 0 0 I msm_vidc: high: 00000001: mpg2d: Closed video instance: 0000000000000000
12-14 03:22:22.732 1490 1490 I SystemServerTiming: StartIpSecService
12-14 03:22:22.733 1490 1490 I SystemServerTiming: StartFontManagerService
01-01 09:56:49.880 0 0 I msm_vidc: high: 00000001: ....d: Opening video instance: 0000000000000000, 1
01-01 09:56:49.880 0 0 I msm_vidc: err : 00000001: ....d: Failed to create debugfs for msm_vidc
01-01 09:56:49.882 0 0 I msm_vidc: high: 00000001: vp8d: Closed video instance: 0000000000000000
01-01 09:56:49.894 0 0 I msm_vidc: high: 00000001: ....d: Opening video instance: 0000000000000000, 1
01-01 09:56:49.894 0 0 I msm_vidc: err : 00000001: ....d: Failed to create debugfs for msm_vidc
01-01 09:56:49.896 0 0 I msm_vidc: high: 00000001: vp9d: Closed video instance: 0000000000000000
01-01 09:56:49.901 0 0 I msm_vidc: high: 00000001: ....d: Opening video instance: 0000000000000000, 1
01-01 09:56:49.901 0 0 I msm_vidc: err : 00000001: ....d: Failed to create debugfs for msm_vidc
01-01 09:56:49.903 0 0 I msm_vidc: high: 00000001: vp9d: Closed video instance: 0000000000000000
01-01 09:56:49.912 0 0 I msm_vidc: high: 00000001: ....e: Opening video instance: 0000000000000000, 0
01-01 09:56:49.912 0 0 I msm_vidc: err : 00000001: ....e: Failed to create debugfs for msm_vidc
01-01 09:56:49.915 0 0 I msm_vidc: high: 00000001: h264e: Closed video instance: 0000000000000000
12-14 03:22:22.795 1490 1490 I SystemServerTiming: StartTextServicesManager
12-14 03:22:22.795 1490 1490 I SystemServiceManager: Starting com.android.server.textservices.TextServicesManagerService$Lifecycle
12-14 03:22:22.795 1490 1490 I SystemServerTiming: StartTextClassificationManagerService
12-14 03:22:22.795 1490 1490 I SystemServiceManager: Starting com.android.server.textclassifier.TextClassificationManagerService$Lifecycle
12-14 03:22:22.797 1490 1490 I SystemServerTiming: StartNetworkScoreService
12-14 03:22:22.797 1490 1490 I SystemServiceManager: Starting com.android.server.NetworkScoreService$Lifecycle
12-14 03:22:22.797 1490 1490 I SystemServerTiming: StartNetworkStatsService
12-14 03:22:22.800 1490 1490 I SystemServerTiming: StartNetworkPolicyManagerService
12-14 03:22:22.801 1490 1490 I SystemServerTiming: StartWifi
01-01 09:56:49.947 0 0 I msm_vidc: high: 00000001: ....e: Opening video instance: 0000000000000000, 0
01-01 09:56:49.947 0 0 I msm_vidc: err : 00000001: ....e: Failed to create debugfs for msm_vidc
12-14 03:22:22.813 1490 1490 I SystemServiceManager: Starting com.android.server.wifi.WifiService
01-01 09:56:49.950 0 0 I msm_vidc: high: 00000001: h265e: Closed video instance: 0000000000000000
01-01 09:56:49.958 0 0 I msm_vidc: high: 00000001: ....e: Opening video instance: 0000000000000000, 0
01-01 09:56:49.958 0 0 I msm_vidc: err : 00000001: ....e: Failed to create debugfs for msm_vidc
01-01 09:56:49.960 0 0 I msm_vidc: high: 00000001: h265e: Closed video instance: 0000000000000000
01-01 09:56:49.979 0 0 I msm_vidc: high: 00000001: ....e: Opening video instance: 0000000000000000, 0
01-01 09:56:49.979 0 0 I msm_vidc: err : 00000001: ....e: Failed to create debugfs for msm_vidc
01-01 09:56:49.979 0 0 I msm_vidc: err : 00000001: ....e: msm_vidc_comm_update_ctrl: failed: control name Ltr Count, min 0, max 0, step 0, default_value 0
01-01 09:56:49.982 0 0 I msm_vidc: high: 00000001: vp8e: Closed video instance: 0000000000000000
12-14 03:22:22.861 1202 1202 I wificond: New wificond event callback registered
12-14 03:22:22.863 1490 1490 V HistoricalRegistry: Interaction before persistence initialized
12-14 03:22:22.865 1490 1490 I SystemServerTiming: StartWifiScanning
12-14 03:22:22.865 1490 1490 I SystemServiceManager: Starting com.android.server.wifi.scanner.WifiScanningService
12-14 03:22:22.867 1490 1490 I SystemServerTiming: StartRttService
12-14 03:22:22.867 1490 1490 I SystemServiceManager: Starting com.android.server.wifi.rtt.RttService
12-14 03:22:22.867 1490 1490 I SystemServerTiming: StartWifiAware
12-14 03:22:22.867 1490 1490 I SystemServiceManager: Starting com.android.server.wifi.aware.WifiAwareService
12-14 03:22:22.868 1490 1490 I SystemServerTiming: StartWifiP2P
12-14 03:22:22.868 1490 1490 I SystemServiceManager: Starting com.android.server.wifi.p2p.WifiP2pService
12-14 03:22:22.870 1490 1490 I SystemServerTiming: StartEthernet
12-14 03:22:22.870 1490 1490 I SystemServiceManager: Starting com.android.server.ethernet.EthernetService
12-14 03:22:22.870 1490 1490 I SystemServerTiming: StartPacProxyService
12-14 03:22:22.872 1490 1490 I SystemServerTiming: StartConnectivityService
12-14 03:22:22.874 1157 1157 W iorapd : Readahead disabled by system property
12-14 03:22:22.875 1157 1157 W iorapd : Reconnect to package manager service: 1 times
12-14 03:22:22.883 1490 1490 I SystemServiceManager: Starting com.android.server.ConnectivityServiceInitializer
12-14 03:22:22.885 1910 1910 D iorap.prefetcherd: Installing minijail
12-14 03:22:22.885 1910 1910 W iorap.prefetcherd: No seccomp filter defined for this architecture.
12-14 03:22:22.901 1490 1490 D CompatibilityChangeReporter: Compat change id reported: 182478738; UID 1000; state: ENABLED
12-14 03:22:22.905 1490 1490 I SystemServerTiming: StartVpnManagerService
12-14 03:22:22.908 1490 1490 I SystemServerTiming: StartVcnManagementService
12-14 03:22:22.909 1490 1490 I SystemServerTiming: StartNsdService
12-14 03:22:22.911 1490 1490 D NsdService: Network service discovery is enabled
12-14 03:22:22.913 1490 1490 I SystemServerTiming: StartSystemUpdateManagerService
12-14 03:22:22.913 1490 1490 I SystemUpdateManagerService: No existing info file /data/system/system-update-info.xml
12-14 03:22:22.913 1490 1490 I SystemServerTiming: StartUpdateLockService
12-14 03:22:22.914 1490 1490 I SystemServerTiming: StartNotificationManager
12-14 03:22:22.914 1490 1490 I SystemServiceManager: Starting com.android.server.notification.NotificationManagerService
12-14 03:22:22.919 1490 1490 D ConditionProviders.SCP: new ScheduleConditionProvider()
12-14 03:22:22.925 1490 1490 I NotificationAssistants: Read notification assistant permissions from xml
12-14 03:22:22.925 1490 1490 I ConditionProviders: Read condition provider permissions from xml
12-14 03:22:22.925 1490 1490 I ConditionProviders: Read condition provider permissions from xml
12-14 03:22:22.926 1490 1490 D NotificationAssistants: Approving default notification assistant for user 0
12-14 03:22:22.926 1490 1490 I ConditionProviders: Allowing condition provider android.ext.services/android.ext.services.notification.Assistant (userSet: true)
12-14 03:22:22.926 1490 1490 I GameModeConfig: isGameModeOn cache is null
12-14 03:22:22.927 1490 1490 I GameModeConfig: isGameModeOn = false
12-14 03:22:22.928 1490 1490 D CompatibilityChangeReporter: Compat change id reported: 157233955; UID 1000; state: ENABLED
12-14 03:22:22.933 1490 1490 I SystemServerTiming: StartDeviceMonitor
12-14 03:22:22.933 1490 1490 I SystemServiceManager: Starting com.android.server.storage.DeviceStorageMonitorService
12-14 03:22:22.934 1490 1490 I SystemServerTiming: StartLocationManagerService
12-14 03:22:22.934 1490 1490 I SystemServiceManager: Starting com.android.server.location.LocationManagerService$Lifecycle
12-14 03:22:22.937 1490 1490 I SystemServerTiming: StartCountryDetectorService
12-14 03:22:22.937 1490 1490 I SystemServerTiming: StartTimeDetectorService
12-14 03:22:22.937 1490 1490 I SystemServiceManager: Starting com.android.server.timedetector.TimeDetectorService$Lifecycle
12-14 03:22:22.938 1490 1490 I SystemServerTiming: StartTimeZoneDetectorService
12-14 03:22:22.938 1490 1490 I SystemServiceManager: Starting com.android.server.timezonedetector.TimeZoneDetectorService$Lifecycle
12-14 03:22:22.939 1490 1490 I SystemServerTiming: StartLocationTimeZoneManagerService
12-14 03:22:22.939 1490 1490 I SystemServiceManager: Starting com.android.server.timezonedetector.location.LocationTimeZoneManagerService$Lifecycle
12-14 03:22:22.939 1490 1490 I SystemServerTiming: StartSearchManagerService
12-14 03:22:22.939 1490 1490 I SystemServiceManager: Starting com.android.server.search.SearchManagerService$Lifecycle
12-14 03:22:22.940 1490 1490 I SystemServerTiming: StartWallpaperManagerService
12-14 03:22:22.940 1490 1490 I SystemServiceManager: Starting com.android.server.wallpaper.WallpaperManagerService$Lifecycle
12-14 03:22:22.940 1490 1490 I SystemServerTiming: StartAudioService
12-14 03:22:22.940 1490 1490 I SystemServiceManager: Starting com.android.server.audio.AudioService$Lifecycle
12-14 03:22:22.960 1490 1490 I SystemServerTiming: StartSoundTriggerMiddlewareService
12-14 03:22:22.960 1490 1490 I SystemServiceManager: Starting com.android.server.soundtrigger_middleware.SoundTriggerMiddlewareService$Lifecycle
12-14 03:22:22.963 1490 1490 I SystemServerTiming: StartDockObserver
12-14 03:22:22.963 1490 1490 I SystemServiceManager: Starting com.android.server.DockObserver
12-14 03:22:22.964 1490 1490 W DockObserver: This kernel does not have dock station support
12-14 03:22:22.964 1490 1490 I SystemServerTiming: StartWiredAccessoryManager
12-14 03:22:22.964 1490 1490 W WiredAccessoryManager: This kernel does not have usb audio support
12-14 03:22:22.964 1490 1490 W WiredAccessoryManager: This kernel does not have HDMI audio support
12-14 03:22:22.964 1490 1490 E WiredAccessoryManager: file /sys/devices/platform/soc/soc:qcom,msm-ext-disp/extcon/extcon3/name not found
12-14 03:22:22.965 1490 1490 W WiredAccessoryManager: Conn soc:qcom,msm-ext-disp/3/0 does not have DP audio support
12-14 03:22:22.965 1490 1490 E WiredAccessoryManager: file /sys/devices/platform/soc/soc:qcom,msm-ext-disp/extcon/extcon2/name not found
12-14 03:22:22.965 1490 1490 W WiredAccessoryManager: Conn soc:qcom,msm-ext-disp/2/0 does not have DP audio support
12-14 03:22:22.965 1490 1490 E WiredAccessoryManager: set dev_index 1
12-14 03:22:22.965 1490 1490 W WiredAccessoryManager: checkCableIndex set cable 0
12-14 03:22:22.965 1490 1490 E WiredAccessoryManager: set dev_index 0
12-14 03:22:22.965 1490 1490 W WiredAccessoryManager: checkCableIndex set cable 0
12-14 03:22:22.965 1490 1490 I SystemServerTiming: StartMidiManager
12-14 03:22:22.965 1490 1490 I SystemServiceManager: Starting com.android.server.midi.MidiService$Lifecycle
12-14 03:22:22.966 1490 1490 I SystemServerTiming: StartAdbService
12-14 03:22:22.966 1490 1490 I SystemServiceManager: Starting com.android.server.adb.AdbService$Lifecycle
12-14 03:22:22.966 1490 1490 I SystemServerTiming: StartUsbService
12-14 03:22:22.966 1490 1490 I SystemServiceManager: Starting com.android.server.usb.UsbService$Lifecycle
12-14 03:22:22.966 1490 1490 I SystemServerTiming: StartSerialService
12-14 03:22:22.966 1490 1600 I SystemServerTimingAsync: InitThreadPoolExec:UsbService$Lifecycle#onStart
12-14 03:22:22.967 1490 1600 E UsbDeviceManager: failed to write to /sys/class/android_usb/android0/f_rndis/ethaddr
12-14 03:22:22.967 1490 1490 I SystemServerTiming: StartHardwarePropertiesManagerService
12-14 03:22:22.968 1490 1600 I UsbDeviceManager: USB GADGET HAL not present in the device
12-14 03:22:22.968 1490 1600 I UsbDeviceManager: java.util.NoSuchElementException
12-14 03:22:22.968 1490 1600 I UsbDeviceManager: at android.os.HwBinder.getService(Native Method)
12-14 03:22:22.968 1490 1600 I UsbDeviceManager: at android.hardware.usb.gadget.V1_0.IUsbGadget.getService(IUsbGadget.java:57)
12-14 03:22:22.968 1490 1600 I UsbDeviceManager: at android.hardware.usb.gadget.V1_0.IUsbGadget.getService(IUsbGadget.java:64)
12-14 03:22:22.968 1490 1600 I UsbDeviceManager: at com.android.server.usb.UsbDeviceManager.(UsbDeviceManager.java:293)
12-14 03:22:22.968 1490 1600 I UsbDeviceManager: at com.android.server.usb.UsbService.(UsbService.java:178)
12-14 03:22:22.968 1490 1600 I UsbDeviceManager: at com.android.server.usb.UsbService$Lifecycle.lambda$onStart$0$UsbService$Lifecycle(UsbService.java:92)
12-14 03:22:22.968 1490 1600 I UsbDeviceManager: at com.android.server.usb.UsbService$Lifecycle$$ExternalSyntheticLambda1.run(Unknown Source:2)
12-14 03:22:22.968 1490 1600 I UsbDeviceManager: at com.android.server.SystemServerInitThreadPool.lambda$submitTask$0$SystemServerInitThreadPool(SystemServerInitThreadPool.java:105)
12-14 03:22:22.968 1490 1600 I UsbDeviceManager: at com.android.server.SystemServerInitThreadPool$$ExternalSyntheticLambda0.run(Unknown Source:6)
12-14 03:22:22.968 1490 1600 I UsbDeviceManager: at java.util.concurrent.Executors$RunnableAdapter.call(Executors.java:462)
12-14 03:22:22.968 1490 1600 I UsbDeviceManager: at java.util.concurrent.FutureTask.run(FutureTask.java:266)
12-14 03:22:22.968 1490 1600 I UsbDeviceManager: at java.util.concurrent.ThreadPoolExecutor.runWorker(ThreadPoolExecutor.java:1167)
12-14 03:22:22.968 1490 1600 I UsbDeviceManager: at java.util.concurrent.ThreadPoolExecutor$Worker.run(ThreadPoolExecutor.java:641)
12-14 03:22:22.968 1490 1600 I UsbDeviceManager: at com.android.internal.util.ConcurrentUtils$1$1.run(ConcurrentUtils.java:65)
12-14 03:22:22.968 1490 1600 E UsbDeviceManager: Failed to open control for mtp
12-14 03:22:22.968 1490 1600 E UsbDeviceManager: Failed to open control for ptp
01-01 09:56:50.108 0 0 I : acc_open
01-01 09:56:50.108 0 0 I : acc_release
12-14 03:22:22.969 1490 1600 W StorageManagerService: No primary storage defined yet; hacking together a stub
12-14 03:22:22.971 1490 1814 I UsbPortManager: Usb hal service started android.hardware.usb@1.0::IUsb default
12-14 03:22:22.971 1490 1490 I SystemServerTiming: StartTwilightService
12-14 03:22:22.971 1490 1490 I SystemServiceManager: Starting com.android.server.twilight.TwilightService
12-14 03:22:22.971 1490 1490 I SystemServerTiming: StartColorDisplay
12-14 03:22:22.971 1490 1490 I SystemServiceManager: Starting com.android.server.display.color.ColorDisplayService
12-14 03:22:22.971 1490 1490 I SystemServerTiming: StartJobScheduler
12-14 03:22:22.971 1490 1490 I SystemServiceManager: Starting com.android.server.job.JobSchedulerService
12-14 03:22:22.972 1490 1600 I UsbPortManager: USB HAL version: 12
12-14 03:22:22.974 1490 1490 D JobStore: Start tag: job-info
12-14 03:22:22.975 1490 1490 W JobStore: Periodic job for uid='10094' persisted run-time is too big [360:00:26, 720:00:26]. Clamping to [360:00:11,720:00:11]
12-14 03:22:22.976 1490 1490 W JobStore: Periodic job for uid='1000' persisted run-time is too big [24:00:22, 48:00:22]. Clamping to [24:00:11,48:00:11]
12-14 03:22:22.977 1490 1490 I JobStore: Read 5 jobs
12-14 03:22:22.979 1490 1490 V HistoricalRegistry: Interaction before persistence initialized
12-14 03:22:22.979 1490 1490 V HistoricalRegistry: Interaction before persistence initialized
12-14 03:22:22.979 1490 1490 W JobScheduler: !!! RTC not yet good; tracking time updates for job scheduling
12-14 03:22:22.980 1490 1490 I SystemServerTiming: StartSoundTrigger
12-14 03:22:22.980 1490 1490 I SystemServiceManager: Starting com.android.server.soundtrigger.SoundTriggerService
12-14 03:22:22.980 1490 1490 I SystemServerTiming: StartTrustManager
12-14 03:22:22.980 1490 1490 I SystemServiceManager: Starting com.android.server.trust.TrustManagerService
12-14 03:22:22.981 1490 1490 I SystemServerTiming: StartBackupManager
12-14 03:22:22.981 1490 1490 I SystemServiceManager: Starting com.android.server.backup.BackupManagerService$Lifecycle
12-14 03:22:22.982 1490 1490 I SystemServerTiming: StartAppWidgetService
12-14 03:22:22.982 1490 1490 I SystemServiceManager: Starting com.android.server.appwidget.AppWidgetService
12-14 03:22:22.983 1490 1490 I SystemServerTiming: StartVoiceRecognitionManager
12-14 03:22:22.983 1490 1490 I SystemServiceManager: Starting com.android.server.voiceinteraction.VoiceInteractionManagerService
12-14 03:22:22.989 1490 1490 I SystemServerTiming: StartAppHibernationService
12-14 03:22:22.989 1490 1490 I SystemServiceManager: Starting com.android.server.apphibernation.AppHibernationService
12-14 03:22:22.990 1490 1490 I SystemServerTiming: StartGestureLauncher
12-14 03:22:22.990 1490 1490 I SystemServiceManager: Starting com.android.server.GestureLauncherService
12-14 03:22:22.990 1490 1490 I SystemServerTiming: StartSensorNotification
12-14 03:22:22.990 1490 1490 I SystemServiceManager: Starting com.android.server.SensorNotificationService
12-14 03:22:22.990 1490 1490 I SystemServerTiming: StartDiskStatsService
12-14 03:22:22.991 1490 1490 I SystemServerTiming: RuntimeService
12-14 03:22:22.991 1490 1490 I SystemServerTiming: StartNetworkTimeUpdateService
12-14 03:22:22.993 1490 1490 I SystemServerTiming: CertBlacklister
12-14 03:22:22.993 1490 1490 I SystemServerTiming: StartEmergencyAffordanceService
12-14 03:22:22.993 1490 1490 I SystemServiceManager: Starting com.android.server.emergency.EmergencyAffordanceService
12-14 03:22:22.993 1490 1490 I SystemServerTiming: startBlobStoreManagerService
12-14 03:22:22.994 1490 1490 I SystemServiceManager: Starting com.android.server.blob.BlobStoreManagerService
12-14 03:22:22.994 1490 1490 I SystemServerTiming: StartDreamManager
12-14 03:22:22.994 1490 1490 I SystemServiceManager: Starting com.android.server.dreams.DreamManagerService
12-14 03:22:22.994 1490 1490 I SystemServerTiming: AddGraphicsStatsService
01-01 09:56:50.134 0 0 I msm_vidc: high: 00000001: ....d: Opening video instance: 0000000000000000, 1
01-01 09:56:50.134 0 0 I msm_vidc: err : 00000001: ....d: Failed to create debugfs for msm_vidc
12-14 03:22:23.000 1490 1490 I SystemServerTiming: StartCompanionDeviceManager
12-14 03:22:23.000 1490 1490 I SystemServiceManager: Starting com.android.server.companion.CompanionDeviceManagerService
12-14 03:22:23.001 1490 1490 I SystemServerTiming: StartRestrictionManager
12-14 03:22:23.001 1490 1490 I SystemServiceManager: Starting com.android.server.restrictions.RestrictionsManagerService
12-14 03:22:23.002 1490 1490 I SystemServerTiming: StartMediaSessionService
12-14 03:22:23.002 1490 1490 I SystemServiceManager: Starting com.android.server.media.MediaSessionService
12-14 03:22:23.003 1490 1490 I SystemServerTiming: StartMediaResourceMonitor
12-14 03:22:23.003 1490 1490 I SystemServiceManager: Starting com.android.server.media.MediaResourceMonitorService
12-14 03:22:23.003 1490 1490 I SystemServerTiming: StartMediaRouterService
12-14 03:22:23.003 1490 1490 V HistoricalRegistry: Interaction before persistence initialized
12-14 03:22:23.003 1490 1490 I SystemServerTiming: StartFingerprintSensor
12-14 03:22:23.003 1490 1490 I SystemServiceManager: Starting com.android.server.biometrics.sensors.fingerprint.FingerprintService
12-14 03:22:23.004 1490 1490 I SystemServerTiming: StartBiometricService
12-14 03:22:23.004 1490 1490 I SystemServiceManager: Starting com.android.server.biometrics.BiometricService
12-14 03:22:23.005 1490 1490 I SystemServerTiming: StartAuthService
12-14 03:22:23.005 1490 1490 I SystemServiceManager: Starting com.android.server.biometrics.AuthService
12-14 03:22:23.005 1490 1490 D AuthService: Registering HIDL ID: 0 Modality: 2 Strength: 15
12-14 03:22:23.005 1490 1490 D AuthService: Registering HIDL ID: 1 Modality: 8 Strength: 15
12-14 03:22:23.005 1490 1490 E AuthService: HIDL face configuration exists, but FaceService is null.
12-14 03:22:23.006 1490 1490 I SystemServerTiming: StartBackgroundDexOptService
12-14 03:22:23.006 1490 1490 W BackgroundDexOptService: SysProp pm.dexopt.downgrade_after_inactive_days not set
12-14 03:22:23.006 1490 1490 I SystemServerTiming: StartDynamicCodeLoggingService
12-14 03:22:23.006 1490 1490 I SystemServerTiming: StartPruneInstantAppsJobService
12-14 03:22:23.006 1490 1490 I SystemServerTiming: StartShortcutServiceLifecycle
12-14 03:22:23.006 1490 1490 I SystemServiceManager: Starting com.android.server.pm.ShortcutService$Lifecycle
12-14 03:22:23.007 1490 1490 V HistoricalRegistry: Interaction before persistence initialized
12-14 03:22:23.008 1490 1490 I SystemServerTiming: StartLauncherAppsService
12-14 03:22:23.008 1490 1490 I SystemServiceManager: Starting com.android.server.pm.LauncherAppsService
12-14 03:22:23.009 1490 1490 I SystemServerTiming: StartCrossProfileAppsService
12-14 03:22:23.009 1490 1490 I SystemServiceManager: Starting com.android.server.pm.CrossProfileAppsService
12-14 03:22:23.009 1490 1490 I SystemServerTiming: StartPeopleService
12-14 03:22:23.009 1490 1490 I SystemServiceManager: Starting com.android.server.people.PeopleService
12-14 03:22:23.010 1490 1490 I SystemServerTiming: StartMediaMetricsManager
12-14 03:22:23.010 1490 1490 I SystemServiceManager: Starting com.android.server.media.metrics.MediaMetricsManagerService
12-14 03:22:23.011 1490 1490 I SystemServerTiming: StartMediaProjectionManager
12-14 03:22:23.011 1490 1490 I SystemServiceManager: Starting com.android.server.media.projection.MediaProjectionManagerService
12-14 03:22:23.013 1490 1490 I SystemServerTiming: StartSliceManagerService
12-14 03:22:23.013 1490 1490 I SystemServiceManager: Starting com.android.server.slice.SliceManagerService$Lifecycle
12-14 03:22:23.015 1490 1955 D BiometricService: Registering ID: 0 Modality: 2 Strength: 15
12-14 03:22:23.015 1490 1955 D BiometricStrengthController: updateStrengths: revert sensorId=0 to oemStrength=15
12-14 03:22:23.015 1490 1955 D BiometricService/Sensor: updateStrength: Before(ID(0), oemStrength: 15, updatedStrength: 15, modality 2, state: 0, cookie: 0, props: ID: 0, Strength: 2, Type: 1) After(ID(0), oemStrength: 15, updatedStrength: 15, modality 2, state: 0, cookie: 0, props: ID: 0, Strength: 2, Type: 1)
12-14 03:22:23.021 1490 1490 I SystemServerTiming: StartStatsCompanion
12-14 03:22:23.026 1490 1490 I SystemServiceManager: Starting com.android.server.stats.StatsCompanion$Lifecycle
12-14 03:22:23.027 1490 1490 I SystemServerTiming: StartRebootReadinessManagerService
12-14 03:22:23.032 1490 1490 I SystemServiceManager: Starting com.android.server.scheduling.RebootReadinessManagerService$Lifecycle
12-14 03:22:23.034 1490 1490 I SystemServerTiming: StartStatsPullAtomService
12-14 03:22:23.034 1490 1490 I SystemServiceManager: Starting com.android.server.stats.pull.StatsPullAtomService
12-14 03:22:23.034 1490 1490 I SystemServerTiming: StartIncidentCompanionService
12-14 03:22:23.034 1490 1490 I SystemServiceManager: Starting com.android.server.incident.IncidentCompanionService
12-14 03:22:23.034 1490 1490 I SystemServerTiming: StartMmsService
12-14 03:22:23.034 1490 1490 I SystemServiceManager: Starting com.android.server.MmsServiceBroker
12-14 03:22:23.034 1490 1490 I SystemServerTiming: StartAutoFillService
12-14 03:22:23.034 1490 1490 I SystemServiceManager: Starting com.android.server.autofill.AutofillManagerService
12-14 03:22:23.036 1490 1490 D SystemServer: TranslationService not defined by OEM
12-14 03:22:23.036 1490 1490 I SystemServerTiming: StartClipboardService
12-14 03:22:23.036 1490 1490 I SystemServiceManager: Starting com.android.server.clipboard.ClipboardService
12-14 03:22:23.037 1490 1490 I SystemServerTiming: AppServiceManager
12-14 03:22:23.037 1490 1490 I SystemServiceManager: Starting com.android.server.appbinding.AppBindingService$Lifecycle
12-14 03:22:23.041 1490 1490 I SystemServerTiming: startTracingServiceProxy
12-14 03:22:23.041 1490 1490 I SystemServiceManager: Starting com.android.server.tracing.TracingServiceProxy
12-14 03:22:23.041 1490 1490 I SystemServerTiming: MakeLockSettingsServiceReady
12-14 03:22:23.047 1490 1490 I SyntheticPasswordManager: Device does not support weaver
12-14 03:22:23.048 1490 1490 I LockSettingsService: Device doesn't implement AuthSecret HAL
12-14 03:22:23.048 1490 1490 I SystemServerTiming: StartBootPhaseLockSettingsReady
12-14 03:22:23.048 1490 1490 I SystemServiceManager: Starting phase 480
12-14 03:22:23.048 1490 1490 I SystemServerTiming: OnBootPhase_480
12-14 03:22:23.048 1490 1490 I SystemServerTiming: OnBootPhase_480_com.android.server.security.FileIntegrityService
12-14 03:22:23.048 1490 1490 I SystemServerTiming: OnBootPhase_480_com.android.server.pm.Installer
12-14 03:22:23.048 1490 1490 I SystemServerTiming: OnBootPhase_480_com.android.server.os.DeviceIdentifiersPolicyService
12-14 03:22:23.048 1490 1490 I SystemServerTiming: OnBootPhase_480_com.android.server.uri.UriGrantsManagerService$Lifecycle
12-14 03:22:23.048 1490 1490 I SystemServerTiming: OnBootPhase_480_com.android.server.powerstats.PowerStatsService
12-14 03:22:23.048 1490 1490 I SystemServerTiming: OnBootPhase_480_com.android.server.wm.ActivityTaskManagerService$Lifecycle
12-14 03:22:23.048 1490 1490 I SystemServerTiming: OnBootPhase_480_com.android.server.am.ActivityManagerService$Lifecycle
12-14 03:22:23.049 1490 1490 I SystemServerTiming: OnBootPhase_480_com.android.server.pm.DataLoaderManagerService
12-14 03:22:23.049 1490 1490 I SystemServerTiming: OnBootPhase_480_com.android.server.power.PowerManagerService
12-14 03:22:23.049 1490 1490 I SystemServerTiming: OnBootPhase_480_com.android.server.power.ThermalManagerService
12-14 03:22:23.049 1490 1490 I SystemServerTiming: OnBootPhase_480_com.android.server.power.hint.HintManagerService
12-14 03:22:23.049 1490 1490 I SystemServerTiming: OnBootPhase_480_com.android.server.recoverysystem.RecoverySystemService$Lifecycle
12-14 03:22:23.049 1490 1490 I SystemServerTiming: OnBootPhase_480_com.android.server.lights.LightsService
12-14 03:22:23.049 1490 1490 I SystemServerTiming: OnBootPhase_480_com.android.server.display.DisplayManagerService
12-14 03:22:23.049 1490 1490 I SystemServerTiming: OnBootPhase_480_com.android.server.pm.verify.domain.DomainVerificationService
12-14 03:22:23.049 1490 1490 I SystemServerTiming: OnBootPhase_480_com.android.server.pm.PackageInstallerService$Lifecycle
12-14 03:22:23.049 1490 1490 I SystemServerTiming: OnBootPhase_480_com.android.server.pm.UserManagerService$LifeCycle
12-14 03:22:23.049 1490 1490 I SystemServerTiming: OnBootPhase_480_com.android.server.om.OverlayManagerService
12-14 03:22:23.049 1490 1490 I SystemServerTiming: OnBootPhase_480_com.android.server.SensorPrivacyService
12-14 03:22:23.049 1490 1490 I SystemServerTiming: OnBootPhase_480_com.android.server.sensors.SensorService
12-14 03:22:23.049 1490 1490 I SystemServerTiming: OnBootPhase_480_com.android.server.SystemConfigService
12-14 03:22:23.049 1490 1490 I SystemServerTiming: OnBootPhase_480_com.android.server.BatteryService
12-14 03:22:23.049 1490 1490 I SystemServerTiming: OnBootPhase_480_com.android.server.usage.UsageStatsService
12-14 03:22:23.049 1490 1490 I SystemServerTiming: OnBootPhase_480_com.android.server.webkit.WebViewUpdateService
12-14 03:22:23.049 1490 1490 I SystemServerTiming: OnBootPhase_480_com.android.server.CachedDeviceStateService
12-14 03:22:23.049 1490 1490 I SystemServerTiming: OnBootPhase_480_com.android.server.BinderCallsStatsService$LifeCycle
12-14 03:22:23.049 1490 1490 I SystemServerTiming: OnBootPhase_480_com.android.server.LooperStatsService$Lifecycle
12-14 03:22:23.049 1490 1490 I SystemServerTiming: OnBootPhase_480_com.android.server.rollback.RollbackManagerService
12-14 03:22:23.049 1490 1490 I SystemServerTiming: OnBootPhase_480_com.android.server.os.NativeTombstoneManagerService
12-14 03:22:23.049 1490 1490 I SystemServerTiming: OnBootPhase_480_com.android.server.os.BugreportManagerService
12-14 03:22:23.049 1490 1490 I SystemServerTiming: OnBootPhase_480_com.android.server.gpu.GpuService
12-14 03:22:23.049 1490 1490 I SystemServerTiming: OnBootPhase_480_com.android.server.security.KeyChainSystemService
12-14 03:22:23.049 1490 1490 I SystemServerTiming: OnBootPhase_480_com.android.server.telecom.TelecomLoaderService
12-14 03:22:23.049 1490 1490 I SystemServerTiming: OnBootPhase_480_com.android.server.accounts.AccountManagerService$Lifecycle
12-14 03:22:23.049 1490 1490 I SystemServerTiming: OnBootPhase_480_com.android.server.content.ContentService$Lifecycle
12-14 03:22:23.049 1490 1490 I SystemServerTiming: OnBootPhase_480_com.android.server.DropBoxManagerService
12-14 03:22:23.049 1490 1490 I SystemServerTiming: OnBootPhase_480_com.android.role.RoleService
12-14 03:22:23.049 1490 1490 I SystemServerTiming: OnBootPhase_480_com.android.server.vibrator.VibratorManagerService$Lifecycle
12-14 03:22:23.049 1490 1490 I SystemServerTiming: OnBootPhase_480_com.android.server.alarm.AlarmManagerService
12-14 03:22:23.049 1490 1490 I SystemServerTiming: OnBootPhase_480_com.android.server.devicestate.DeviceStateManagerService
12-14 03:22:23.049 1490 1490 I SystemServerTiming: OnBootPhase_480_com.android.server.camera.CameraServiceProxy
12-14 03:22:23.049 1490 1490 I SystemServerTiming: OnBootPhase_480_com.android.server.BluetoothService
12-14 03:22:23.049 1490 1490 I SystemServerTiming: OnBootPhase_480_com.android.server.connectivity.IpConnectivityMetrics
12-14 03:22:23.049 1490 1490 I SystemServerTiming: OnBootPhase_480_com.android.server.net.watchlist.NetworkWatchlistService$Lifecycle
12-14 03:22:23.049 1490 1490 I SystemServerTiming: OnBootPhase_480_com.android.server.PinnerService
12-14 03:22:23.049 1490 1490 I SystemServerTiming: OnBootPhase_480_com.google.android.startop.iorap.IorapForwardingService
12-14 03:22:23.049 1490 1490 I SystemServerTiming: OnBootPhase_480_com.android.server.ActivityTriggerService
12-14 03:22:23.049 1490 1490 I SystemServerTiming: OnBootPhase_480_com.android.server.integrity.AppIntegrityManagerService
12-14 03:22:23.049 1490 1490 I SystemServerTiming: OnBootPhase_480_com.android.server.inputmethod.InputMethodManagerService$Lifecycle
12-14 03:22:23.049 1490 1490 I SystemServerTiming: OnBootPhase_480_com.android.server.accessibility.AccessibilityManagerService$Lifecycle
12-14 03:22:23.049 1490 1490 I SystemServerTiming: OnBootPhase_480_com.android.server.StorageManagerService$Lifecycle
12-14 03:22:23.049 1490 1490 I SystemServerTiming: OnBootPhase_480_com.android.server.usage.StorageStatsService$Lifecycle
12-14 03:22:23.049 1490 1490 I SystemServerTiming: OnBootPhase_480_com.android.server.UiModeManagerService
12-14 03:22:23.049 1490 1490 I SystemServerTiming: OnBootPhase_480_com.android.server.locksettings.LockSettingsService$Lifecycle
12-14 03:22:23.049 1490 1490 I SystemServerTiming: OnBootPhase_480_com.android.server.PersistentDataBlockService
12-14 03:22:23.049 1490 1490 I SystemServerTiming: OnBootPhase_480_com.android.server.testharness.TestHarnessModeService
12-14 03:22:23.049 1490 1490 I SystemServerTiming: OnBootPhase_480_com.android.server.oemlock.OemLockService
12-14 03:22:23.049 1490 1490 I SystemServerTiming: OnBootPhase_480_com.android.server.DeviceIdleController
12-14 03:22:23.049 1490 1490 I SystemServerTiming: OnBootPhase_480_com.android.server.devicepolicy.DevicePolicyManagerService$Lifecycle
12-14 03:22:23.051 1490 1490 I DevicePolicyManager: Current version 2, latest version 2, not upgrading.
12-14 03:22:23.053 1490 1490 I SystemServerTiming: OnBootPhase_480_com.android.server.texttospeech.TextToSpeechManagerService
12-14 03:22:23.053 1490 1654 I SystemServerTimingAsync: InitThreadPoolExec:DevicePolicyManager
12-14 03:22:23.053 1490 1490 I SystemServerTiming: OnBootPhase_480_com.android.server.speech.SpeechRecognitionManagerService
12-14 03:22:23.053 1490 1490 I SystemServerTiming: OnBootPhase_480_com.android.server.searchui.SearchUiManagerService
12-14 03:22:23.053 1490 1490 I SystemServerTiming: OnBootPhase_480_com.android.server.smartspace.SmartspaceManagerService
12-14 03:22:23.053 1490 1490 I SystemServerTiming: OnBootPhase_480_com.android.server.graphics.fonts.FontManagerService$Lifecycle
12-14 03:22:23.053 1490 1490 I SystemServerTiming: OnBootPhase_480_com.android.server.textservices.TextServicesManagerService$Lifecycle
12-14 03:22:23.053 1490 1490 I SystemServerTiming: OnBootPhase_480_com.android.server.textclassifier.TextClassificationManagerService$Lifecycle
12-14 03:22:23.053 1490 1490 I SystemServerTiming: OnBootPhase_480_com.android.server.NetworkScoreService$Lifecycle
12-14 03:22:23.053 1490 1490 I SystemServerTiming: OnBootPhase_480_com.android.server.wifi.WifiService
12-14 03:22:23.053 1490 1490 I SystemServerTiming: OnBootPhase_480_com.android.server.wifi.scanner.WifiScanningService
12-14 03:22:23.053 1490 1490 I SystemServerTiming: OnBootPhase_480_com.android.server.wifi.rtt.RttService
12-14 03:22:23.053 1490 1490 I SystemServerTiming: OnBootPhase_480_com.android.server.wifi.aware.WifiAwareService
12-14 03:22:23.053 1490 1490 I SystemServerTiming: OnBootPhase_480_com.android.server.wifi.p2p.WifiP2pService
12-14 03:22:23.053 1490 1490 I SystemServerTiming: OnBootPhase_480_com.android.server.ethernet.EthernetService
12-14 03:22:23.053 1490 1490 I SystemServerTiming: OnBootPhase_480_com.android.server.ConnectivityServiceInitializer
12-14 03:22:23.053 1490 1490 I SystemServerTiming: OnBootPhase_480_com.android.server.notification.NotificationManagerService
12-14 03:22:23.053 1490 1490 I SystemServerTiming: OnBootPhase_480_com.android.server.storage.DeviceStorageMonitorService
12-14 03:22:23.053 1490 1490 I SystemServerTiming: OnBootPhase_480_com.android.server.location.LocationManagerService$Lifecycle
12-14 03:22:23.053 1490 1490 I SystemServerTiming: OnBootPhase_480_com.android.server.timedetector.TimeDetectorService$Lifecycle
12-14 03:22:23.053 1490 1490 I SystemServerTiming: OnBootPhase_480_com.android.server.timezonedetector.TimeZoneDetectorService$Lifecycle
12-14 03:22:23.053 1490 1490 I SystemServerTiming: OnBootPhase_480_com.android.server.timezonedetector.location.LocationTimeZoneManagerService$Lifecycle
12-14 03:22:23.053 1490 1490 I SystemServerTiming: OnBootPhase_480_com.android.server.search.SearchManagerService$Lifecycle
12-14 03:22:23.053 1490 1490 I SystemServerTiming: OnBootPhase_480_com.android.server.wallpaper.WallpaperManagerService$Lifecycle
12-14 03:22:23.053 1490 1490 I SystemServerTiming: OnBootPhase_480_com.android.server.audio.AudioService$Lifecycle
12-14 03:22:23.053 1490 1490 I SystemServerTiming: OnBootPhase_480_com.android.server.soundtrigger_middleware.SoundTriggerMiddlewareService$Lifecycle
12-14 03:22:23.053 1490 1490 I SystemServerTiming: OnBootPhase_480_com.android.server.DockObserver
12-14 03:22:23.053 1490 1490 I SystemServerTiming: OnBootPhase_480_com.android.server.midi.MidiService$Lifecycle
12-14 03:22:23.053 1490 1490 I SystemServerTiming: OnBootPhase_480_com.android.server.adb.AdbService$Lifecycle
12-14 03:22:23.053 1490 1490 I SystemServerTiming: OnBootPhase_480_com.android.server.usb.UsbService$Lifecycle
12-14 03:22:23.053 1490 1490 I SystemServerTiming: OnBootPhase_480_com.android.server.twilight.TwilightService
12-14 03:22:23.053 1490 1490 I SystemServerTiming: OnBootPhase_480_com.android.server.display.color.ColorDisplayService
12-14 03:22:23.053 1490 1490 I SystemServerTiming: OnBootPhase_480_com.android.server.job.JobSchedulerService
12-14 03:22:23.053 1490 1490 I SystemServerTiming: OnBootPhase_480_com.android.server.soundtrigger.SoundTriggerService
12-14 03:22:23.053 1490 1490 D SoundTriggerService: onBootPhase: 480 : false
12-14 03:22:23.053 1490 1490 I SystemServerTiming: OnBootPhase_480_com.android.server.trust.TrustManagerService
12-14 03:22:23.053 1490 1490 I SystemServerTiming: OnBootPhase_480_com.android.server.backup.BackupManagerService$Lifecycle
12-14 03:22:23.053 1490 1490 I SystemServerTiming: OnBootPhase_480_com.android.server.appwidget.AppWidgetService
12-14 03:22:23.053 1490 1490 I SystemServerTiming: OnBootPhase_480_com.android.server.voiceinteraction.VoiceInteractionManagerService
12-14 03:22:23.053 1490 1490 I SystemServerTiming: OnBootPhase_480_com.android.server.apphibernation.AppHibernationService
12-14 03:22:23.053 1490 1490 I SystemServerTiming: OnBootPhase_480_com.android.server.GestureLauncherService
12-14 03:22:23.053 1490 1490 I SystemServerTiming: OnBootPhase_480_com.android.server.SensorNotificationService
12-14 03:22:23.053 1490 1490 I SystemServerTiming: OnBootPhase_480_com.android.server.emergency.EmergencyAffordanceService
12-14 03:22:23.053 1490 1490 I SystemServerTiming: OnBootPhase_480_com.android.server.blob.BlobStoreManagerService
12-14 03:22:23.053 1490 1490 I SystemServerTiming: OnBootPhase_480_com.android.server.dreams.DreamManagerService
12-14 03:22:23.053 1490 1490 I SystemServerTiming: OnBootPhase_480_com.android.server.companion.CompanionDeviceManagerService
12-14 03:22:23.053 1490 1490 I SystemServerTiming: OnBootPhase_480_com.android.server.restrictions.RestrictionsManagerService
12-14 03:22:23.053 1490 1490 I SystemServerTiming: OnBootPhase_480_com.android.server.media.MediaSessionService
12-14 03:22:23.053 1490 1490 I SystemServerTiming: OnBootPhase_480_com.android.server.media.MediaResourceMonitorService
12-14 03:22:23.053 1490 1490 I SystemServerTiming: OnBootPhase_480_com.android.server.biometrics.sensors.fingerprint.FingerprintService
12-14 03:22:23.053 1490 1490 I SystemServerTiming: OnBootPhase_480_com.android.server.biometrics.BiometricService
12-14 03:22:23.053 1490 1490 I SystemServerTiming: OnBootPhase_480_com.android.server.biometrics.AuthService
12-14 03:22:23.053 1490 1490 I SystemServerTiming: OnBootPhase_480_com.android.server.pm.ShortcutService$Lifecycle
12-14 03:22:23.055 1490 1490 W ShortcutService: Clock rewound
12-14 03:22:23.055 1490 1490 I SystemServerTiming: OnBootPhase_480_com.android.server.pm.LauncherAppsService
12-14 03:22:23.055 1490 1490 I SystemServerTiming: OnBootPhase_480_com.android.server.pm.CrossProfileAppsService
12-14 03:22:23.055 1490 1490 I SystemServerTiming: OnBootPhase_480_com.android.server.people.PeopleService
12-14 03:22:23.055 1490 1490 I SystemServerTiming: OnBootPhase_480_com.android.server.media.metrics.MediaMetricsManagerService
12-14 03:22:23.055 1490 1490 I SystemServerTiming: OnBootPhase_480_com.android.server.media.projection.MediaProjectionManagerService
12-14 03:22:23.055 1490 1490 I SystemServerTiming: OnBootPhase_480_com.android.server.slice.SliceManagerService$Lifecycle
12-14 03:22:23.055 1490 1490 I SystemServerTiming: OnBootPhase_480_com.android.server.stats.StatsCompanion$Lifecycle
12-14 03:22:23.055 1490 1490 I SystemServerTiming: OnBootPhase_480_com.android.server.scheduling.RebootReadinessManagerService$Lifecycle
12-14 03:22:23.055 1490 1490 I SystemServerTiming: OnBootPhase_480_com.android.server.stats.pull.StatsPullAtomService
12-14 03:22:23.055 1490 1490 I SystemServerTiming: OnBootPhase_480_com.android.server.incident.IncidentCompanionService
12-14 03:22:23.055 1490 1490 I SystemServerTiming: OnBootPhase_480_com.android.server.MmsServiceBroker
12-14 03:22:23.055 1490 1490 I SystemServerTiming: OnBootPhase_480_com.android.server.autofill.AutofillManagerService
12-14 03:22:23.055 1490 1490 I SystemServerTiming: OnBootPhase_480_com.android.server.clipboard.ClipboardService
12-14 03:22:23.055 1490 1490 I SystemServerTiming: OnBootPhase_480_com.android.server.appbinding.AppBindingService$Lifecycle
12-14 03:22:23.055 1490 1490 I SystemServerTiming: OnBootPhase_480_com.android.server.tracing.TracingServiceProxy
12-14 03:22:23.055 1490 1490 I SystemServerTiming: StartBootPhaseSystemServicesReady
12-14 03:22:23.055 1490 1490 I SystemServiceManager: Starting phase 500
12-14 03:22:23.055 1490 1490 I SystemServerTiming: OnBootPhase_500
12-14 03:22:23.055 1490 1490 I SystemServerTiming: OnBootPhase_500_com.android.server.security.FileIntegrityService
12-14 03:22:23.055 1490 1490 I SystemServerTiming: OnBootPhase_500_com.android.server.pm.Installer
12-14 03:22:23.055 1490 1490 I SystemServerTiming: OnBootPhase_500_com.android.server.os.DeviceIdentifiersPolicyService
12-14 03:22:23.055 1490 1490 I SystemServerTiming: OnBootPhase_500_com.android.server.uri.UriGrantsManagerService$Lifecycle
12-14 03:22:23.055 1490 1490 I SystemServerTiming: OnBootPhase_500_com.android.server.powerstats.PowerStatsService
12-14 03:22:23.055 1490 1490 E StatsPullAtomCallbackImpl: Failed to start PowerStatsService statsd pullers
12-14 03:22:23.055 1490 1490 I SystemServerTiming: OnBootPhase_500_com.android.server.wm.ActivityTaskManagerService$Lifecycle
12-14 03:22:23.055 1490 1490 I SystemServerTiming: OnBootPhase_500_com.android.server.am.ActivityManagerService$Lifecycle
12-14 03:22:23.056 1490 1490 E BatteryStatsService: Could not register PowerStatsInternal
12-14 03:22:23.058 1490 1490 I SystemServerTiming: OnBootPhase_500_com.android.server.pm.DataLoaderManagerService
12-14 03:22:23.058 1490 1490 I SystemServerTiming: OnBootPhase_500_com.android.server.power.PowerManagerService
12-14 03:22:23.058 1490 1490 I SystemServerTiming: OnBootPhase_500_com.android.server.power.ThermalManagerService
