12-14 03:25:03.668 3806 3821 D GameModeIF_GameModeSettings: getUriFor setting_content_uri_root = content://com.thundercomm.gamemode.api/gamemode_settings , name = gamemode_isgaming
12-14 03:25:03.668 3806 3806 D GameMode_GameModeService: type=hide_entry
12-14 03:25:03.669 3806 3806 D GameMode_GameSettingsObserver: Game Data change!!!! uri = content://com.thundercomm.gamemode.api/gamemode_settings/gamemode_isgaming
12-14 03:25:03.669 1490 1490 I GameModeConfig: Current uri is uri = content://com.thundercomm.gamemode.api/gamemode_settings/gamemode_isgaming
12-14 03:25:03.669 3806 3806 D GameModeIF_GameModeSettings: getUriFor setting_content_uri_root = content://com.thundercomm.gamemode.api/gamemode_settings , name = gamemode_isgaming
12-14 03:25:03.669 1490 1490 D GameModeIF_GameModeSettings: getUriFor setting_content_uri_root = content://com.thundercomm.gamemode.api/gamemode_settings , name = gamemode_isgaming
12-14 03:25:03.670 3806 3821 D GameModeIF_GameModeSettings: gamemode_isgaming set to 0
12-14 03:25:03.671 1490 1490 I GameModeConfig: isGameModeOn = false
12-14 03:25:03.671 1490 1490 I GameModeConfig: isGameModeOn = false
12-14 03:25:03.671 1490 1490 I GameModeConfig: isDisableVoice = true
12-14 03:25:03.671 3806 3806 D GameMode_GameModeService: updateGlobalSettings = gamemode_isgaming
12-14 03:25:03.699 2732 2732 D hpplay-base-dlna: [lebodlna-dlnaframe:166] succeed to load lebodlnaplugin
12-14 03:25:03.699 2732 2732 D hpplay-base-dlna: [lebodlna-dlnaframe:232] Succeed to load specified plugin:lebodlna_plugin
12-14 03:25:03.700 2732 2732 D hpplay-base: [lelinkDlna:328] startDLNAServer ret=0
12-14 03:25:03.700 2732 2732 D hpplay-base: [LelinkBase:531] startDLNAServer ret= 0
12-14 03:25:03.700 2732 2732 D hpplay-base: [lelinkDlna:342] setDMRFriendlyName 高合娱乐副屏
12-14 03:25:03.700 2732 2732 D hpplay-base-dlna: [lebodlna-dlna_android:136] setBroadcastTimeout mBroadcastTimeOut=66 status=3!
12-14 03:25:03.700 2732 2732 D hpplay-base-dlna: [lebodlna_api:32] start DMR
12-14 03:25:03.700 2732 2732 D hpplay-base-dlna: [UpnpDefine:434] RegisterDMRender invalid lelink info
12-14 03:25:03.700 2732 2732 D hpplay-base-dlna: [UpnpDefine:467] DLNA DEFAULT_DESCRIPTION
12-14 03:25:03.702 2732 2732 E hpplay-base-dlna: upnpapi.c:1078::Exiting RegisterRootDevice2 *Hnd =1, return value == 0
12-14 03:25:03.702 2732 2732 D hpplay-base-dlna: [CUpnpDevice:41] Register Root Device 2:0
12-14 03:25:03.702 2732 2732 D hpplay-base-dlna: [UpnpDefine:794] ESDMRender:Register success
12-14 03:25:03.702 2732 2732 D hpplay-base-dlna: [lebodlna_api:41] sendBroadcast mBroadcastTimeOut=3
12-14 03:25:03.702 2732 2732 D hpplay-base-dlna: [lebodlna_api:44] sendBroadcast timeout=66
12-14 03:25:03.760 2732 2732 D hpplay-base: [lelinkDlna:361] startDLNADevice dlnaManufacturer:0 ret=0
12-14 03:25:03.760 2732 2732 D hpplay-base: [LelinkBase:535] lelinkSetDlnaInfo ret= 0
12-14 03:25:03.760 2732 2732 D hpplay-base: [LelinkBase:547] startAllServer pBaseContext->config.mDNSEnable:1
12-14 03:25:03.760 2732 2732 D hpplay-base: [base_mdns:509] mdns net.hostname:
12-14 03:25:03.761 2732 2732 D hpplay-base: [base_mdns:529] mdns namelabel:-00-80-0F-74-31-00
12-14 03:25:03.761 2732 2732 D hpplay-base: [base_mdns:509] mdns net.hostname:
12-14 03:25:03.761 2732 2732 D hpplay-base: [base_mdns:529] mdns namelabel:-00-80-0F-74-31-00
12-14 03:25:03.761 2732 2732 D hpplay-base: [mdns:813] mdns start bind port:0
12-14 03:25:03.763 2732 2732 D hpplay-base: [mdns:813] mdns start bind port:5353
12-14 03:25:03.763 2732 2732 D hpplay-base: [mdns:813] mdns start bind port:5353
12-14 03:25:03.763 2732 2732 D hpplay-base: [mdns:813] mdns start bind port:5353
12-14 03:25:03.763 2732 2732 D hpplay-base: [mdns:813] mdns start bind port:5353
12-14 03:25:03.764 2732 2732 D hpplay-base: [mdns:813] mdns start bind port:5353
12-14 03:25:03.764 2732 2732 D hpplay-base: [mdns:813] mdns start bind port:5353
12-14 03:25:03.764 2732 2732 D hpplay-base: [mdns:813] mdns start bind port:5353
12-14 03:25:03.764 2732 2732 I hpplay-base: [mDNSEmbeded:57] embedded_mDNSInit stopmDNSNow:0 status:0
12-14 03:25:03.764 2732 2732 D hpplay-base: [mDNSEmbeded:436] startmDNSServer end nRet=0
12-14 03:25:03.764 2732 2732 D hpplay-base: [LelinkBase:555] lelink broadcast_on_off:1 log2java_on_off:1
12-14 03:25:03.764 2732 4481 D hpplay-base: [LelinkMDNS:729] leboAuthorizationCheck strUuid=a6:9c:94:7f:fd:36000000000000000
12-14 03:25:03.764 2732 4481 D hpplay-base: [LelinkMDNS:730] leboAuthorizationCheck mPermissionDid=a6:9c:94:7f:fd:36000000000000000
12-14 03:25:03.764 2732 4481 D hpplay-base: [LelinkMDNS:755] leboAuthorizationCheck mPermissionMac=a6:9c:94:7f:fd:36000000000000000
12-14 03:25:03.765 2732 4482 I hpplay-base: [mDNSEmbeded:268] start lelink publish server, tid is 4482
12-14 03:25:03.765 2732 2732 D hpplay-base: [AEventUtils:595] request to start event handle service!!
12-14 03:25:03.765 2732 2732 D hpplay-base: [AEventUtils:603] start_event_handle_service,begin to run!!
12-14 03:25:03.765 2732 2732 D hpplay-base: [REventUtils:210] start_event_handle_service,begin to run!!
12-14 03:25:03.765 2732 2732 D hpplay-base: [LelinkBase:576] startAllServer success .
12-14 03:25:03.765 2732 2732 D hpplay-base: [jniBridge:894] startDlna_link:http://192.168.0.18:49152/description.xml
12-14 03:25:03.766 2732 4486 D hpplay-base: [jniBridge:1081] notifyJavaDlnalink:http://192.168.0.18:49152/description.xml
12-14 03:25:03.766 2732 4486 D hpplay-base: [jniBridge:1726] notifyJava, what:207, castType:0, mimeType:0 baseStatus:2
12-14 03:25:03.766 2732 4486 D hpplay-base: [jniBridge:1727] notifyJava sessionID:(null)
12-14 03:25:03.766 2732 4483 D hpplay-base: [mDNSEmbeded:197] http_port bind check 197 http_port_check
12-14 03:25:03.766 2732 4485 D hpplay-base: [REventUtils:59] create handleREventThread thread ok!!,tid is 4485
12-14 03:25:03.767 2732 4486 I hpplay-java: [Thread-35]:Bridge:notify: what: 207
12-14 03:25:03.767 2732 4483 D hpplay-base: [mDNSEmbeded:217] http_port bind check 217 http_port_check
12-14 03:25:03.767 2732 4483 D hpplay-base: [mDNSEmbeded:222] http_port bind check 222 http_port_check
12-14 03:25:03.768 2732 4484 D hpplay-base: [AEventUtils:171] create handle AEvent thread ok!!,tid is 4484
12-14 03:25:03.769 2732 4486 I hpplay-java: [Thread-35]:Bridge:notify: out: OutParameters:{audioSessionId=-1, audiotrackIndex=0, castHandleType=-1, castType=0, deviceName='http://192.168.0.18:49152/description.xml', dlnaName='', dramaID='', extra=0, frameHandleType=-1, handleInside=true, headduration=0, header='', headers=null, isAD=false, isMultiMirror=false, lelinkVer='', limitTime=0, , mediaAlbum='null', mediaAlbumArtURI='', mediaArtist='null', mediaAssets='', mediaTitle='null', mimeType=0, multiSession=null, period=0, pinCode='', playSpeed=0.0, playerChoice=0, plugin=0, port=0, position=0.0, positionUnit=2, protocol=0, realSessionID='', regType='', , sinkIp='', sourceAPPVersion='', sourceChannel='', sourceClientInfo='', sourceDeviceInfo='', sourceDeviceModel='', sourceDeviceName='', sourceDeviceType=0, sourceHID='', , sourceInfo='', , , sourceOSVersion='', sourceSDKVersion='', sourceUid='', stopDetail=0, stopReason=0, tailduration=0, url='', urlID='', urls=null, userAgent='', videoDecoder=0, volume=0, what=207}com.hpplay.sdk.sink.protocol.OutParameters@5bdc8fa
12-14 03:25:03.769 2732 4486 I hpplay-java: [Thread-35]:Bridge:notify: address:6745771
12-14 03:25:03.769 2732 4483 D hpplay-base: [mDNSEmbeded:234] http_port bind check 234 http_port_check port:52266
12-14 03:25:03.769 2732 4483 D hpplay-base: [mDNSEmbeded:237] http_port bind check 237 http_port_check
12-14 03:25:03.770 2732 4488 D hpplay-base: [lelinkSinkServer:93] new client connection from 127.0.0.1 54972, fd=110
12-14 03:25:03.770 2732 4488 D hpplay-base: [SinkContext:137] addSinkContextSession,begin to run!!
12-14 03:25:03.770 2732 4488 D hpplay-base: [SinkContext:142] addSinkContextSession,begin to get lock!!
12-14 03:25:03.770 2732 4488 D hpplay-base: [SinkContext:144] addSinkContextSession,get lock ok!!
12-14 03:25:03.770 2732 4488 D hpplay-base: [SinkContext:149] addSinkContextSession,session list is null,begin to malloc!!
12-14 03:25:03.770 2732 4488 D hpplay-base: [SinkContext:156] addSinkContextSession,begin to update!!
12-14 03:25:03.770 2732 4488 D hpplay-base: [SinkContext:160] addSinkContextSession,begin to update header!!
12-14 03:25:03.770 2732 4488 D hpplay-base: [SinkContext:172] addSinkContextSession,begin to unlock!!
12-14 03:25:03.770 2732 4488 D hpplay-base: [SinkContext:174] addSinkContextSession,unlock ok!!
12-14 03:25:03.770 2732 4488 D hpplay-base: [LelinkReceiver:4908] get ping !!!
12-14 03:25:03.770 2732 4483 D hpplay-base: [mDNSEmbeded:240] http_port bind check 240 http_port_check recieved:64
12-14 03:25:03.770 2732 4483 D hpplay-base: [mDNSEmbeded:243] http_port bind check 243 http_port_check
12-14 03:25:03.770 2732 4483 D hpplay-base: [mDNSEmbeded:244] http_port bind check ok!
12-14 03:25:03.841 639 654 I mpu_uart: [MSG-P:RECV]:No message received in 1000 ms
12-14 03:25:03.850 3806 3819 I GameMode_ActivityMonitoringService: onForegroundActivitiesChanged uid 10052 pid 4190 fg false
12-14 03:25:03.855 3806 3821 I GameMode_ActivityMonitoringService: Updating top task to: TaskInfoContainer [topActivity=ComponentInfo{com.android.launcher3/com.android.launcher3.uioverrides.QuickstepLauncher}, taskId=16, stackId=1, userId=0, displayId=0, position=5
12-14 03:25:03.855 3806 3821 I GameMode_ActivityMonitoringService: Notifying about top task: TaskInfoContainer [topActivity=ComponentInfo{com.android.launcher3/com.android.launcher3.uioverrides.QuickstepLauncher}, taskId=16, stackId=1, userId=0, displayId=0, position=5
12-14 03:25:03.855 3806 3821 E GameMode_ActivityMonitoringService: onActivityLaunch:com.android.launcher3
12-14 03:25:03.855 3806 3821 V GameMode_GameTypeUtils: judge isGame:com.android.launcher3
12-14 03:25:03.855 3806 3821 V GameMode_GpuUtils: fps:60
12-14 03:25:03.859 3806 3821 D GameMode_GameModeActionUtils: Show GameMode entry by service!
12-14 03:25:03.859 3806 3821 W ContextImpl: Calling a method in the system process without a qualified user: android.app.ContextImpl.startService:1816 android.content.ContextWrapper.startService:774 com.thundercomm.gamemode.ingame.services.GameModeActionUtils.startGameModeService:99 com.thundercomm.gamemode.ingame.services.GameModeActionUtils.startGameModeEntry:22 com.thundercomm.gamemode.ingame.services.ActivityMonitoringService$1.onActivityLaunch:127
12-14 03:25:03.863 3806 3821 D GameModeIF_GameModeSettings: getUriFor setting_content_uri_root = content://com.thundercomm.gamemode.api/gamemode_settings , name = gamemode_isgaming
12-14 03:25:03.866 1490 1490 I GameModeConfig: Current uri is uri = content://com.thundercomm.gamemode.api/gamemode_settings/gamemode_isgaming
12-14 03:25:03.866 1490 1490 D GameModeIF_GameModeSettings: getUriFor setting_content_uri_root = content://com.thundercomm.gamemode.api/gamemode_settings , name = gamemode_isgaming
12-14 03:25:03.866 3806 3821 D GameModeIF_GameModeSettings: gamemode_isgaming set to 0
12-14 03:25:03.869 1490 1490 I GameModeConfig: isGameModeOn = false
12-14 03:25:03.869 1490 1490 I GameModeConfig: isGameModeOn = false
12-14 03:25:03.869 1490 1490 I GameModeConfig: isDisableVoice = true
12-14 03:25:03.870 3806 3806 D GameMode_GameModeService: type=hide_entry
12-14 03:25:03.871 3806 3806 D GameMode_GameSettingsObserver: Game Data change!!!! uri = content://com.thundercomm.gamemode.api/gamemode_settings/gamemode_isgaming
12-14 03:25:03.871 3806 3806 D GameModeIF_GameModeSettings: getUriFor setting_content_uri_root = content://com.thundercomm.gamemode.api/gamemode_settings , name = gamemode_isgaming
12-14 03:25:03.875 3806 3806 D GameMode_GameModeService: updateGlobalSettings = gamemode_isgaming
12-14 03:25:03.876 1490 1906 I DreamManagerService: Leaving dreamland.
12-14 03:25:03.878 1490 1593 I DreamManagerService: Performing gentle wake from dream.
12-14 03:25:03.878 1490 1593 I DreamController: Stopping dream: name=ComponentInfo{com.thundercomm.screensaver/com.thundercomm.saverclock.service.ClockScreensaver}, isTest=false, canDoze=false, userId=0, reason='finished self'(from 'finished self')
12-14 03:25:03.883 1490 1906 W InputManager-JNI: Input channel object 'a855128 com.thundercomm.screensaver/android.service.dreams.DreamActivity (client)' was disposed without first being removed with the input manager!
12-14 03:25:03.894 1490 1597 W ActivityTaskManager: Can't find TaskDisplayArea to determine support for multi window. Task id=17 attached=false
12-14 03:25:03.907 2543 4449 W Choreographer: Frame time is 0.137575 ms in the future! Check that graphics HAL is generating vsync timestamps using the correct timebase.
12-14 03:25:03.907 2010 2010 W Choreographer: Frame time is 0.114606 ms in the future! Check that graphics HAL is generating vsync timestamps using the correct timebase.
12-14 03:25:03.931 639 653 I mpu_uart: [MSG-P:R]:recv sync frame timeout
12-14 03:25:03.971 2732 4488 I hpplay-base: [LelinkReceiver:14605] _connectionFinalize (110)
12-14 03:25:03.971 2732 4488 D hpplay-base: [LelinkReceiver:14752] ###connectionFinalize,release ok!!###
01-01 09:59:31.233 0 0 D : mv2112_read_status
01-01 09:59:31.234 0 0 D mv2112_update_link: 3.0x901(1G): 0x80
01-01 09:59:31.234 0 0 D mv2112_update_link: 3.0x8109(100M): 0x8
01-01 09:59:31.234 0 0 D mv2112_update_link: link 0x0
01-01 09:59:31.234 0 0 D mv2112_read_status: autoneg is disabled
12-14 03:25:04.107 0 0 W swapper/3: type=1400 audit(0.0:405): avc: denied { kill } for capability=5 scontext=u:r:kernel:s0 tcontext=u:r:kernel:s0 tclass=capability permissive=0
12-14 03:25:04.842 639 654 I mpu_uart: [MSG-P:RECV]:No message received in 1000 ms
12-14 03:25:05.111 0 0 W swapper/3: type=1400 audit(0.0:406): avc: denied { kill } for capability=5 scontext=u:r:kernel:s0 tcontext=u:r:kernel:s0 tclass=capability permissive=0
01-01 09:59:32.257 0 0 D : mv2112_read_status
01-01 09:59:32.258 0 0 D mv2112_update_link: 3.0x901(1G): 0x80
01-01 09:59:32.258 0 0 D mv2112_update_link: 3.0x8109(100M): 0x8
01-01 09:59:32.258 0 0 D mv2112_update_link: link 0x0
01-01 09:59:32.258 0 0 D mv2112_read_status: autoneg is disabled
12-14 03:25:05.748 1490 3119 I ActivityTaskManager: START u0 {act=android.intent.action.MAIN cat=[android.intent.category.LAUNCHER] flg=0x10200000 cmp=com.android.settings/.Settings bnds=[2128,710][2314,910]} from uid 10080
12-14 03:25:05.749 1490 1596 I EventSequenceValidator: inc AccIntentStartedEvents to 2
12-14 03:25:05.752 1490 3119 E ANDR-PERF-JNI: com_qualcomm_qtiperformance_native_perf_io_prefetch_start
12-14 03:25:05.753 1490 3119 W ActivityTaskManager: Can't find TaskDisplayArea to determine support for multi window. Task id=18 attached=false
12-14 03:25:05.756 1490 3119 D CompatibilityChangeReporter: Compat change id reported: 174042980; UID 1000; state: DISABLED
12-14 03:25:05.758 836 3187 E ANDR-IOP: io prefetch is disabled
12-14 03:25:05.759 1490 3119 D CompatibilityInfo: mCompatibilityFlags - 4
12-14 03:25:05.759 1490 3119 D CompatibilityInfo: applicationDensity - 240
12-14 03:25:05.759 1490 3119 D CompatibilityInfo: applicationScale - 1.0
12-14 03:25:05.760 1490 3119 D ActivityTrigger: ActivityTrigger activityPauseTrigger
12-14 03:25:05.769 2010 2178 W StartingSurfaceDrawer: Window background is transparent, fill background with black color
12-14 03:25:05.774 1490 1906 I ActivityTaskManager: FOREGROUND_APPLICATION_CHANGED to com.android.settings.homepage.SettingsHomepageActivity
12-14 03:25:05.775 1490 1906 I ActivityTaskManager: The Process com.android.settings Already Exists in BG. So sending its PID: 2392
12-14 03:25:05.776 1490 1906 W ActivityTaskManager: Tried to set launchTime (0) < mLastActivityLaunchTime (11970)
12-14 03:25:05.780 1490 1906 D CompatibilityChangeReporter: Compat change id reported: 181136395; UID 1000; state: DISABLED
12-14 03:25:05.780 1490 1906 D CompatibilityChangeReporter: Compat change id reported: 174042936; UID 1000; state: DISABLED
12-14 03:25:05.780 1490 1906 D CompatibilityInfo: mCompatibilityFlags - 4
12-14 03:25:05.780 1490 1906 D CompatibilityInfo: applicationDensity - 240
12-14 03:25:05.780 1490 1906 D CompatibilityInfo: applicationScale - 1.0
12-14 03:25:05.793 3806 3819 I GameMode_ActivityMonitoringService: onForegroundActivitiesChanged uid 1000 pid 2392 fg true
12-14 03:25:05.795 3806 3821 I GameMode_ActivityMonitoringService: Updating top task to: TaskInfoContainer [topActivity=ComponentInfo{com.android.settings/com.android.settings.Settings}, taskId=18, stackId=18, userId=0, displayId=0, position=6
12-14 03:25:05.796 3806 3821 I GameMode_ActivityMonitoringService: Notifying about top task: TaskInfoContainer [topActivity=ComponentInfo{com.android.settings/com.android.settings.Settings}, taskId=18, stackId=18, userId=0, displayId=0, position=6
12-14 03:25:05.796 3806 3821 E GameMode_ActivityMonitoringService: onActivityLaunch:com.android.settings
12-14 03:25:05.796 3806 3821 V GameMode_GameTypeUtils: judge isGame:com.android.settings
12-14 03:25:05.797 3806 3821 V GameMode_GpuUtils: fps:60
12-14 03:25:05.798 3806 3821 D GameMode_GameModeActionUtils: Show GameMode entry by service!
12-14 03:25:05.799 3806 3821 W ContextImpl: Calling a method in the system process without a qualified user: android.app.ContextImpl.startService:1816 android.content.ContextWrapper.startService:774 com.thundercomm.gamemode.ingame.services.GameModeActionUtils.startGameModeService:99 com.thundercomm.gamemode.ingame.services.GameModeActionUtils.startGameModeEntry:22 com.thundercomm.gamemode.ingame.services.ActivityMonitoringService$1.onActivityLaunch:127
12-14 03:25:05.801 3806 3806 D GameMode_GameModeService: type=hide_entry
12-14 03:25:05.801 3806 3821 D GameModeIF_GameModeSettings: getUriFor setting_content_uri_root = content://com.thundercomm.gamemode.api/gamemode_settings , name = gamemode_isgaming
12-14 03:25:05.806 2392 2392 I SettingsHomepageActivity: SettingsHomepageActivity: onCreate
12-14 03:25:05.806 1490 1490 I GameModeConfig: Current uri is uri = content://com.thundercomm.gamemode.api/gamemode_settings/gamemode_isgaming
12-14 03:25:05.806 1490 1490 D GameModeIF_GameModeSettings: getUriFor setting_content_uri_root = content://com.thundercomm.gamemode.api/gamemode_settings , name = gamemode_isgaming
12-14 03:25:05.807 3806 3806 D GameMode_GameSettingsObserver: Game Data change!!!! uri = content://com.thundercomm.gamemode.api/gamemode_settings/gamemode_isgaming
12-14 03:25:05.807 3806 3806 D GameModeIF_GameModeSettings: getUriFor setting_content_uri_root = content://com.thundercomm.gamemode.api/gamemode_settings , name = gamemode_isgaming
12-14 03:25:05.808 1490 1490 I GameModeConfig: isGameModeOn = false
12-14 03:25:05.808 1490 1490 I GameModeConfig: isGameModeOn = false
12-14 03:25:05.808 1490 1490 I GameModeConfig: isDisableVoice = true
12-14 03:25:05.808 3806 3806 D GameMode_GameModeService: updateGlobalSettings = gamemode_isgaming
12-14 03:25:05.809 3806 3821 D GameModeIF_GameModeSettings: gamemode_isgaming set to 0
12-14 03:25:05.842 639 654 I mpu_uart: [MSG-P:RECV]:No message received in 1000 ms
12-14 03:25:05.846 941 941 I BpBinder: onLastStrongRef automatically unlinking death recipients:
12-14 03:25:05.883 3806 3819 I GameMode_ActivityMonitoringService: onTaskStackChanged
12-14 03:25:05.888 3806 3821 I GameMode_ActivityMonitoringService: Updating top task to: TaskInfoContainer [topActivity=ComponentInfo{com.android.settings/com.android.settings.Settings}, taskId=18, stackId=18, userId=0, displayId=0, position=6
12-14 03:25:05.888 3806 3821 I GameMode_ActivityMonitoringService: Notifying about top task: TaskInfoContainer [topActivity=ComponentInfo{com.android.settings/com.android.settings.Settings}, taskId=18, stackId=18, userId=0, displayId=0, position=6
12-14 03:25:05.888 3806 3821 E GameMode_ActivityMonitoringService: onActivityLaunch:com.android.settings
12-14 03:25:05.888 3806 3821 V GameMode_GameTypeUtils: judge isGame:com.android.settings
12-14 03:25:05.889 3806 3821 V GameMode_GpuUtils: fps:60
12-14 03:25:05.891 3806 3821 D GameMode_GameModeActionUtils: Show GameMode entry by service!
12-14 03:25:05.891 3806 3821 W ContextImpl: Calling a method in the system process without a qualified user: android.app.ContextImpl.startService:1816 android.content.ContextWrapper.startService:774 com.thundercomm.gamemode.ingame.services.GameModeActionUtils.startGameModeService:99 com.thundercomm.gamemode.ingame.services.GameModeActionUtils.startGameModeEntry:22 com.thundercomm.gamemode.ingame.services.ActivityMonitoringService$1.onActivityLaunch:127
12-14 03:25:05.893 3806 3806 D GameMode_GameModeService: type=hide_entry
12-14 03:25:05.893 3806 3821 D GameModeIF_GameModeSettings: getUriFor setting_content_uri_root = content://com.thundercomm.gamemode.api/gamemode_settings , name = gamemode_isgaming
12-14 03:25:05.895 3806 3806 D GameMode_GameSettingsObserver: Game Data change!!!! uri = content://com.thundercomm.gamemode.api/gamemode_settings/gamemode_isgaming
12-14 03:25:05.895 3806 3806 D GameModeIF_GameModeSettings: getUriFor setting_content_uri_root = content://com.thundercomm.gamemode.api/gamemode_settings , name = gamemode_isgaming
12-14 03:25:05.896 1490 1490 I GameModeConfig: Current uri is uri = content://com.thundercomm.gamemode.api/gamemode_settings/gamemode_isgaming
12-14 03:25:05.896 1490 1490 D GameModeIF_GameModeSettings: getUriFor setting_content_uri_root = content://com.thundercomm.gamemode.api/gamemode_settings , name = gamemode_isgaming
12-14 03:25:05.897 1490 1490 I GameModeConfig: isGameModeOn = false
12-14 03:25:05.898 1490 1490 I GameModeConfig: isGameModeOn = false
12-14 03:25:05.898 1490 1490 I GameModeConfig: isDisableVoice = true
12-14 03:25:05.898 3806 3821 D GameModeIF_GameModeSettings: gamemode_isgaming set to 0
12-14 03:25:05.900 3806 3806 D GameMode_GameModeService: updateGlobalSettings = gamemode_isgaming
12-14 03:25:05.944 2392 2392 D CompatibilityChangeReporter: Compat change id reported: 171228096; UID 1000; state: ENABLED
12-14 03:25:05.954 2392 2392 D AvatarViewMixin: Feature disabled by config. Skipping
12-14 03:25:05.957 2531 2559 D QCCAuthMgr: SMQContentProvider query uri: content://com.qti.smq.Feedback.provider/smq_settings, selection: key=?, uri_matcher: 1
12-14 03:25:05.957 2531 2559 D QCCAuthMgr: SMQContentProvider query tableName: smq_settings
12-14 03:25:05.961 2392 2392 D PrefCtrlListHelper: Could not find Context-only controller for pref: com.android.settings.network.TopLevelNetworkEntryPreferenceController
12-14 03:25:05.962 2392 2392 D PrefCtrlListHelper: Could not find Context-only controller for pref: com.android.settings.connecteddevice.TopLevelConnectedDevicesPreferenceController
12-14 03:25:05.962 2392 2392 D PrefCtrlListHelper: Could not find Context-only controller for pref: com.android.settings.fuelgauge.TopLevelBatteryPreferenceController
12-14 03:25:05.962 2392 2392 D PrefCtrlListHelper: Could not find Context-only controller for pref: com.android.settings.deviceinfo.TopLevelStoragePreferenceController
12-14 03:25:05.962 2392 2392 D PrefCtrlListHelper: Could not find Context-only controller for pref: com.android.settings.display.TopLevelDisplayPreferenceController
12-14 03:25:05.962 2392 2392 D PrefCtrlListHelper: Could not find Context-only controller for pref: com.android.settings.display.TopLevelWallpaperPreferenceController
12-14 03:25:05.963 2392 2392 D PrefCtrlListHelper: Could not find Context-only controller for pref: com.android.settings.accessibility.TopLevelAccessibilityPreferenceController
12-14 03:25:05.963 2392 2392 D PrefCtrlListHelper: Could not find Context-only controller for pref: com.android.settings.security.TopLevelSecurityEntryPreferenceController
12-14 03:25:05.963 2392 2392 D PrefCtrlListHelper: Could not find Context-only controller for pref: com.android.settings.location.TopLevelLocationPreferenceController
12-14 03:25:05.963 2392 2392 D PrefCtrlListHelper: Could not find Context-only controller for pref: com.android.settings.accounts.TopLevelAccountEntryPreferenceController
12-14 03:25:05.964 2392 2392 D PrefCtrlListHelper: Could not find Context-only controller for pref: com.android.settings.deviceinfo.aboutphone.TopLevelAboutDevicePreferenceController
12-14 03:25:05.964 2392 2392 D PrefCtrlListHelper: Could not find Context-only controller for pref: com.android.settings.support.SupportPreferenceController
12-14 03:25:05.968 1490 3119 E UserRestrictionsUtils: Unknown restriction queried by uid 1000 (com.thundercomm.microsettings et al): null
12-14 03:25:05.968 1490 3119 E UserRestrictionsUtils: Unknown restriction queried by uid 1000 (com.thundercomm.microsettings et al): null
12-14 03:25:05.969 1490 3119 E UserRestrictionsUtils: Unknown restriction queried by uid 1000 (com.thundercomm.microsettings et al): null
12-14 03:25:05.969 1490 3119 E UserRestrictionsUtils: Unknown restriction queried by uid 1000 (com.thundercomm.microsettings et al): null
12-14 03:25:05.969 1490 3119 E UserRestrictionsUtils: Unknown restriction queried by uid 1000 (com.thundercomm.microsettings et al): null
12-14 03:25:05.969 1490 3119 E UserRestrictionsUtils: Unknown restriction queried by uid 1000 (com.thundercomm.microsettings et al): null
12-14 03:25:05.969 1490 3119 E UserRestrictionsUtils: Unknown restriction queried by uid 1000 (com.thundercomm.microsettings et al): null
12-14 03:25:05.970 1490 3119 E UserRestrictionsUtils: Unknown restriction queried by uid 1000 (com.thundercomm.microsettings et al): null
12-14 03:25:05.970 1490 3119 E UserRestrictionsUtils: Unknown restriction queried by uid 1000 (com.thundercomm.microsettings et al): null
12-14 03:25:05.970 1490 3119 E UserRestrictionsUtils: Unknown restriction queried by uid 1000 (com.thundercomm.microsettings et al): null
12-14 03:25:05.970 1490 3119 E UserRestrictionsUtils: Unknown restriction queried by uid 1000 (com.thundercomm.microsettings et al): null
12-14 03:25:05.971 1490 3119 E UserRestrictionsUtils: Unknown restriction queried by uid 1000 (com.thundercomm.microsettings et al): null
12-14 03:25:05.971 1490 3119 E UserRestrictionsUtils: Unknown restriction queried by uid 1000 (com.thundercomm.microsettings et al): null
12-14 03:25:05.971 1490 3119 E UserRestrictionsUtils: Unknown restriction queried by uid 1000 (com.thundercomm.microsettings et al): null
12-14 03:25:05.971 1490 3119 E UserRestrictionsUtils: Unknown restriction queried by uid 1000 (com.thundercomm.microsettings et al): null
12-14 03:25:05.971 1490 3119 E UserRestrictionsUtils: Unknown restriction queried by uid 1000 (com.thundercomm.microsettings et al): null
12-14 03:25:05.972 1490 3119 E UserRestrictionsUtils: Unknown restriction queried by uid 1000 (com.thundercomm.microsettings et al): null
12-14 03:25:05.972 1490 3119 E UserRestrictionsUtils: Unknown restriction queried by uid 1000 (com.thundercomm.microsettings et al): null
12-14 03:25:05.972 2392 2392 W InstrumentedPrefFrag: Screen title missing for fragment com.android.settings.homepage.TopLevelSettings
12-14 03:25:05.976 2392 2392 D TopLevelSettings: NO dashboard tiles for TopLevelSettings
12-14 03:25:05.976 2392 2392 D TopLevelSettings: All preferences added, reporting fully drawn
12-14 03:25:05.994 2392 2392 W BatteryBroadcastRcvr: Problem reading the battery meter.
12-14 03:25:05.999 2392 2392 I TopLevelSettings: TopLevelSettings: TopLevelSettings::com.android.settings.network.NetworkDashboardFragment
12-14 03:25:06.011 2392 2392 W UnsafeUtil: platform method missing - proto runtime falling back to safer methods: java.lang.NoSuchMethodException: sun.misc.Unsafe.copyMemory [class java.lang.Object, long, class java.lang.Object, long, long]
12-14 03:25:06.016 2392 4499 D UsageGraph: No enabled state changed, skipping updateCategory call
12-14 03:25:06.027 2392 2524 D BatteryInfo: time for getStats: 1ms
12-14 03:25:06.029 2392 2392 W BatteryBroadcastRcvr: Problem reading the battery meter.
12-14 03:25:06.033 2392 2524 D BatteryInfo: time for regular BatteryInfo: 6ms
12-14 03:25:06.035 2392 2524 D BatteryInfo: time for getBatteryInfo: 1ms
12-14 03:25:06.055 2392 4503 D BatteryInfo: time for getStats: 1ms
12-14 03:25:06.056 2392 4503 D BatteryInfo: time for regular BatteryInfo: 0ms
12-14 03:25:06.057 2392 4503 D BatteryInfo: time for getBatteryInfo: 1ms
12-14 03:25:06.065 2392 4498 D BatteryTipLoader: BatteryInfoLoader post query: 0ms
12-14 03:25:06.066 2392 4498 D BatteryInfo: time for getBatteryInfo: 1ms
12-14 03:25:06.066 2392 4498 D BatteryTipLoader: BatteryInfoLoader.loadInBackground: 1ms
12-14 03:25:06.074 2392 4504 D BatteryTipLoader: BatteryInfoLoader post query: 0ms
12-14 03:25:06.075 2392 4504 D BatteryInfo: time for getBatteryInfo: 1ms
12-14 03:25:06.075 2392 4504 D BatteryTipLoader: BatteryInfoLoader.loadInBackground: 1ms
12-14 03:25:06.137 2392 2392 D BatteryInfo: time for callback: 0ms
12-14 03:25:06.137 2392 2392 D BatteryInfo: time for callback: 0ms
12-14 03:25:06.140 1490 1596 I EventSequenceValidator: dec AccIntentStartedEvents to 1
01-01 09:59:33.281 0 0 D : mv2112_read_status
01-01 09:59:33.282 0 0 D mv2112_update_link: 3.0x901(1G): 0x80
01-01 09:59:33.282 0 0 D mv2112_update_link: 3.0x8109(100M): 0x8
01-01 09:59:33.282 0 0 D mv2112_update_link: link 0x0
01-01 09:59:33.282 0 0 D mv2112_read_status: autoneg is disabled
12-14 03:25:06.148 2392 2392 I TetheringManager: registerTetheringEventCallback:com.android.settings
12-14 03:25:06.152 2392 2392 D PrefCtrlListHelper: Could not find Context-only controller for pref: com.android.settings.network.MultiNetworkHeaderController
12-14 03:25:06.152 1490 1593 I ActivityTaskManager: Displayed com.android.settings/.Settings: +385ms
12-14 03:25:06.152 2392 2392 D PrefCtrlListHelper: Could not find Context-only controller for pref: com.android.settings.network.AirplaneModePreferenceController
12-14 03:25:06.152 2392 2392 D PrefCtrlListHelper: Could not find Context-only controller for pref: com.android.settings.network.AllInOneTetherPreferenceController
12-14 03:25:06.153 2392 2392 D PrefCtrlListHelper: Could not find Context-only controller for pref: com.android.settings.network.AdaptiveConnectivityPreferenceController
12-14 03:25:06.153 1490 1593 I ActivityTaskManager: Fully drawn com.android.settings/.Settings: +385ms
12-14 03:25:06.161 2392 2392 D MobilePlanPrefContr: onCreate: mMobilePlanDialogMessage=null
12-14 03:25:06.163 2392 2392 D BluetoothPan: Binding service...
12-14 03:25:06.165 1490 2580 E UserRestrictionsUtils: Unknown restriction queried by uid 1000 (com.thundercomm.microsettings et al): null
12-14 03:25:06.177 2392 2392 D NetworkDashboardFrag: NO dashboard tiles for NetworkDashboardFrag
12-14 03:25:06.177 2392 2392 D NetworkDashboardFrag: All preferences added, reporting fully drawn
12-14 03:25:06.191 1490 3119 D ConnectivityService: requestNetwork for uid/pid:1000/2392 activeRequest: null callbackRequest: 30 [NetworkRequest [ REQUEST id=31, [ Capabilities: INTERNET&NOT_RESTRICTED&TRUSTED&NOT_VCN_MANAGED Uid: 1000 RequestorUid: 1000 RequestorPkg: com.android.settings] ]] callback flags: 0 priority: 2147483647
12-14 03:25:06.191 1490 1913 D ConnectivityService: NetReassign [31 : null → 100]
12-14 03:25:06.192 1490 1906 D ConnectivityService: requestNetwork for uid/pid:1000/2392 activeRequest: null callbackRequest: 33 [NetworkRequest [ REQUEST id=34, [ Capabilities: INTERNET&NOT_RESTRICTED&TRUSTED&NOT_VCN_MANAGED Uid: 1000 RequestorUid: 1000 RequestorPkg: com.android.settings] ]] callback flags: 0 priority: 2147483647
12-14 03:25:06.193 1490 1976 D Ethernet: got request NetworkRequest [ REQUEST id=31, [ Capabilities: INTERNET&NOT_RESTRICTED&TRUSTED&NOT_VCN_MANAGED Uid: 1000 RequestorUid: 1000 RequestorPkg: com.android.settings] ]
12-14 03:25:06.193 1490 1976 D EthernetNetworkFactory: acceptRequest, request: NetworkRequest [ REQUEST id=31, [ Capabilities: INTERNET&NOT_RESTRICTED&TRUSTED&NOT_VCN_MANAGED Uid: 1000 RequestorUid: 1000 RequestorPkg: com.android.settings] ]
12-14 03:25:06.193 1490 1976 I EthernetNetworkFactory: networkForRequest, request: NetworkRequest [ REQUEST id=31, [ Capabilities: INTERNET&NOT_RESTRICTED&TRUSTED&NOT_VCN_MANAGED Uid: 1000 RequestorUid: 1000 RequestorPkg: com.android.settings] ], network: null
12-14 03:25:06.194 1490 1883 D WifiNetworkFactory: got request NetworkRequest [ REQUEST id=31, [ Capabilities: INTERNET&NOT_RESTRICTED&TRUSTED&NOT_VCN_MANAGED Uid: 1000 RequestorUid: 1000 RequestorPkg: com.android.settings] ]
12-14 03:25:06.194 1490 1883 D UntrustedWifiNetworkFactory: got request NetworkRequest [ REQUEST id=31, [ Capabilities: INTERNET&NOT_RESTRICTED&TRUSTED&NOT_VCN_MANAGED Uid: 1000 RequestorUid: 1000 RequestorPkg: com.android.settings] ]
12-14 03:25:06.194 1490 1883 D OemPaidWifiNetworkFactory: got request NetworkRequest [ REQUEST id=31, [ Capabilities: INTERNET&NOT_RESTRICTED&TRUSTED&NOT_VCN_MANAGED Uid: 1000 RequestorUid: 1000 RequestorPkg: com.android.settings] ]
12-14 03:25:06.194 1490 1913 D ConnectivityService: NetReassign [no changes]
12-14 03:25:06.194 2392 2392 I TetheringManager: registerTetheringEventCallback caller:com.android.settings
12-14 03:25:06.197 1490 1913 D ConnectivityService: NetReassign [34 : null → 100]
12-14 03:25:06.199 1490 1976 D Ethernet: got request NetworkRequest [ REQUEST id=34, [ Capabilities: INTERNET&NOT_RESTRICTED&TRUSTED&NOT_VCN_MANAGED Uid: 1000 RequestorUid: 1000 RequestorPkg: com.android.settings] ]
12-14 03:25:06.199 1490 1976 D EthernetNetworkFactory: acceptRequest, request: NetworkRequest [ REQUEST id=34, [ Capabilities: INTERNET&NOT_RESTRICTED&TRUSTED&NOT_VCN_MANAGED Uid: 1000 RequestorUid: 1000 RequestorPkg: com.android.settings] ]
12-14 03:25:06.199 1490 1976 I EthernetNetworkFactory: networkForRequest, request: NetworkRequest [ REQUEST id=34, [ Capabilities: INTERNET&NOT_RESTRICTED&TRUSTED&NOT_VCN_MANAGED Uid: 1000 RequestorUid: 1000 RequestorPkg: com.android.settings] ], network: null
12-14 03:25:06.200 1490 1883 D WifiNetworkFactory: got request NetworkRequest [ REQUEST id=34, [ Capabilities: INTERNET&NOT_RESTRICTED&TRUSTED&NOT_VCN_MANAGED Uid: 1000 RequestorUid: 1000 RequestorPkg: com.android.settings] ]
12-14 03:25:06.201 1490 1883 D UntrustedWifiNetworkFactory: got request NetworkRequest [ REQUEST id=34, [ Capabilities: INTERNET&NOT_RESTRICTED&TRUSTED&NOT_VCN_MANAGED Uid: 1000 RequestorUid: 1000 RequestorPkg: com.android.settings] ]
12-14 03:25:06.201 1490 1883 D OemPaidWifiNetworkFactory: got request NetworkRequest [ REQUEST id=34, [ Capabilities: INTERNET&NOT_RESTRICTED&TRUSTED&NOT_VCN_MANAGED Uid: 1000 RequestorUid: 1000 RequestorPkg: com.android.settings] ]
12-14 03:25:06.203 1490 3119 D ConnectivityService: requestNetwork for uid/pid:1000/2392 activeRequest: null callbackRequest: 36 [NetworkRequest [ REQUEST id=37, [ Capabilities: INTERNET&NOT_RESTRICTED&TRUSTED&NOT_VCN_MANAGED Uid: 1000 RequestorUid: 1000 RequestorPkg: com.android.settings] ]] callback flags: 1 priority: 2147483647
12-14 03:25:06.204 2392 2392 D BluetoothPan: Binding service...
12-14 03:25:06.205 1490 1913 D ConnectivityService: NetReassign [no changes]
12-14 03:25:06.206 2392 2392 D SubscriptionsChangeListener: Start
12-14 03:25:06.208 2392 2392 D MobileNetworkSummaryStatus: network summary query
12-14 03:25:06.209 1490 1913 D ConnectivityService: NetReassign [37 : null → 100]
12-14 03:25:06.210 1490 1976 D Ethernet: got request NetworkRequest [ REQUEST id=37, [ Capabilities: INTERNET&NOT_RESTRICTED&TRUSTED&NOT_VCN_MANAGED Uid: 1000 RequestorUid: 1000 RequestorPkg: com.android.settings] ]
12-14 03:25:06.210 1490 1976 D EthernetNetworkFactory: acceptRequest, request: NetworkRequest [ REQUEST id=37, [ Capabilities: INTERNET&NOT_RESTRICTED&TRUSTED&NOT_VCN_MANAGED Uid: 1000 RequestorUid: 1000 RequestorPkg: com.android.settings] ]
12-14 03:25:06.211 1490 1976 I EthernetNetworkFactory: networkForRequest, request: NetworkRequest [ REQUEST id=37, [ Capabilities: INTERNET&NOT_RESTRICTED&TRUSTED&NOT_VCN_MANAGED Uid: 1000 RequestorUid: 1000 RequestorPkg: com.android.settings] ], network: null
12-14 03:25:06.211 1490 1883 D WifiNetworkFactory: got request NetworkRequest [ REQUEST id=37, [ Capabilities: INTERNET&NOT_RESTRICTED&TRUSTED&NOT_VCN_MANAGED Uid: 1000 RequestorUid: 1000 RequestorPkg: com.android.settings] ]
12-14 03:25:06.211 2392 4523 W MobileNetworkUtils: EuiccManager is not enabled.
12-14 03:25:06.211 1490 1883 D UntrustedWifiNetworkFactory: got request NetworkRequest [ REQUEST id=37, [ Capabilities: INTERNET&NOT_RESTRICTED&TRUSTED&NOT_VCN_MANAGED Uid: 1000 RequestorUid: 1000 RequestorPkg: com.android.settings] ]
12-14 03:25:06.211 1490 1883 D OemPaidWifiNetworkFactory: got request NetworkRequest [ REQUEST id=37, [ Capabilities: INTERNET&NOT_RESTRICTED&TRUSTED&NOT_VCN_MANAGED Uid: 1000 RequestorUid: 1000 RequestorPkg: com.android.settings] ]
12-14 03:25:06.211 2392 4526 E TelephonyManager: Error in getUiccCardsInfo: unable to connect to Telephony service.
12-14 03:25:06.212 1490 1913 D ConnectivityService: NetReassign [no changes]
12-14 03:25:06.212 2392 2392 W SelectableSubscriptions: Fail to request subIdList
12-14 03:25:06.212 2392 2392 W SelectableSubscriptions: java.lang.NullPointerException: Attempt to invoke interface method 'int java.util.List.size()' on a null object reference
12-14 03:25:06.212 2392 2392 W SelectableSubscriptions: at com.android.settings.network.helper.SelectableSubscriptions.call(SelectableSubscriptions.java:128)
12-14 03:25:06.212 2392 2392 W SelectableSubscriptions: at com.android.settings.network.MobileNetworkSummaryStatus.getSubscriptions(MobileNetworkSummaryStatus.java:158)
12-14 03:25:06.212 2392 2392 W SelectableSubscriptions: at com.android.settings.network.MobileNetworkSummaryStatus.update(MobileNetworkSummaryStatus.java:88)
12-14 03:25:06.212 2392 2392 W SelectableSubscriptions: at com.android.settings.network.MobileNetworkSummaryController.update(MobileNetworkSummaryController.java:170)
12-14 03:25:06.212 2392 2392 W SelectableSubscriptions: at com.android.settings.network.MobileNetworkSummaryController.onResume(MobileNetworkSummaryController.java:95)
12-14 03:25:06.212 2392 2392 W SelectableSubscriptions: at java.lang.reflect.Method.invoke(Native Method)
12-14 03:25:06.212 2392 2392 W SelectableSubscriptions: at androidx.lifecycle.ClassesInfoCache$MethodReference.invokeCallback(ClassesInfoCache.java:216)
12-14 03:25:06.212 2392 2392 W SelectableSubscriptions: at androidx.lifecycle.ClassesInfoCache$CallbackInfo.invokeMethodsForEvent(ClassesInfoCache.java:194)
12-14 03:25:06.212 2392 2392 W SelectableSubscriptions: at androidx.lifecycle.ClassesInfoCache$CallbackInfo.invokeCallbacks(ClassesInfoCache.java:185)
12-14 03:25:06.212 2392 2392 W SelectableSubscriptions: at androidx.lifecycle.ReflectiveGenericLifecycleObserver.onStateChanged(ReflectiveGenericLifecycleObserver.java:37)
12-14 03:25:06.212 2392 2392 W SelectableSubscriptions: at androidx.lifecycle.LifecycleRegistry$ObserverWithState.dispatchEvent(LifecycleRegistry.java:354)
12-14 03:25:06.212 2392 2392 W SelectableSubscriptions: at androidx.lifecycle.LifecycleRegistry.forwardPass(LifecycleRegistry.java:265)
12-14 03:25:06.212 2392 2392 W SelectableSubscriptions: at androidx.lifecycle.LifecycleRegistry.sync(LifecycleRegistry.java:307)
12-14 03:25:06.212 2392 2392 W SelectableSubscriptions: at androidx.lifecycle.LifecycleRegistry.moveToState(LifecycleRegistry.java:148)
12-14 03:25:06.212 2392 2392 W SelectableSubscriptions: at androidx.lifecycle.LifecycleRegistry.handleLifecycleEvent(LifecycleRegistry.java:134)
12-14 03:25:06.212 2392 2392 W SelectableSubscriptions: at com.android.settingslib.core.lifecycle.ObservablePreferenceFragment.onResume(ObservablePreferenceFragment.java:87)
12-14 03:25:06.212 2392 2392 W SelectableSubscriptions: at com.android.settings.core.InstrumentedPreferenceFragment.onResume(InstrumentedPreferenceFragment.java:77)
12-14 03:25:06.212 2392 2392 W SelectableSubscriptions: at com.android.settings.SettingsPreferenceFragment.onResume(SettingsPreferenceFragment.java:198)
12-14 03:25:06.212 2392 2392 W SelectableSubscriptions: at com.android.settings.dashboard.DashboardFragment.onResume(DashboardFragment.java:219)
12-14 03:25:06.212 2392 2392 W SelectableSubscriptions: at androidx.fragment.app.Fragment.performResume(Fragment.java:3029)
12-14 03:25:06.212 2392 2392 W SelectableSubscriptions: at androidx.fragment.app.FragmentStateManager.resume(FragmentStateManager.java:583)
12-14 03:25:06.212 2392 2392 W SelectableSubscriptions: at androidx.fragment.app.FragmentStateManager.moveToExpectedState(FragmentStateManager.java:282)
12-14 03:25:06.212 2392 2392 W SelectableSubscriptions: at androidx.fragment.app.SpecialEffectsController$FragmentStateManagerOperation.complete(SpecialEffectsController.java:742)
12-14 03:25:06.212 2392 2392 W SelectableSubscriptions: at androidx.fragment.app.SpecialEffectsController$Operation.completeSpecialEffect(SpecialEffectsController.java:669)
12-14 03:25:06.212 2392 2392 W SelectableSubscriptions: at androidx.fragment.app.DefaultSpecialEffectsController$SpecialEffectsInfo.completeSpecialEffect(DefaultSpecialEffectsController.java:755)
12-14 03:25:06.212 2392 2392 W SelectableSubscriptions: at androidx.fragment.app.DefaultSpecialEffectsController.startAnimations(DefaultSpecialEffectsController.java:147)
12-14 03:25:06.212 2392 2392 W SelectableSubscriptions: at androidx.fragment.app.DefaultSpecialEffectsController.executeOperations(DefaultSpecialEffectsController.java:120)
12-14 03:25:06.212 2392 2392 W SelectableSubscriptions: at androidx.fragment.app.SpecialEffectsController.executePendingOperations(SpecialEffectsController.java:294)
12-14 03:25:06.212 2392 2392 W SelectableSubscriptions: at androidx.fragment.app.FragmentManager.executeOpsTogether(FragmentManager.java:2222)
12-14 03:25:06.212 2392 2392 W SelectableSubscriptions: at androidx.fragment.app.FragmentManager.removeRedundantOperationsAndExecute(FragmentManager.java:2120)
12-14 03:25:06.212 2392 2392 W SelectableSubscriptions: at androidx.fragment.app.FragmentManager.execPendingActions(FragmentManager.java:2022)
12-14 03:25:06.212 2392 2392 W SelectableSubscriptions: at androidx.fragment.app.FragmentManager.executePendingTransactions(FragmentManager.java:603)
12-14 03:25:06.212 2392 2392 W SelectableSubscriptions: at com.android.settings.homepage.SettingsHomepageActivity.addFragment(SettingsHomepageActivity.java:450)
12-14 03:25:06.212 2392 2392 W SelectableSubscriptions: at com.android.settings.homepage.SettingsHomepageActivity.lambda$changeSettingsDetailsFragment$4(SettingsHomepageActivity.java:426)
12-14 03:25:06.212 2392 2392 W SelectableSubscriptions: at com.android.settings.homepage.SettingsHomepageActivity.$r8$lambda$CqOfnAceDxvOR2buhHdxOyMQieE(Unknown Source:0)
12-14 03:25:06.212 2392 2392 W SelectableSubscriptions: at com.android.settings.homepage.SettingsHomepageActivity$$ExternalSyntheticLambda3.run(Unknown Source:10)
12-14 03:25:06.212 2392 2392 W SelectableSubscriptions: at android.os.Handler.handleCallback(Handler.java:938)
12-14 03:25:06.212 2392 2392 W SelectableSubscriptions: at android.os.Handler.dispatchMessage(Handler.java:99)
12-14 03:25:06.212 2392 2392 W SelectableSubscriptions: at android.os.Looper.loopOnce(Looper.java:201)
12-14 03:25:06.212 2392 2392 W SelectableSubscriptions: at android.os.Looper.loop(Looper.java:288)
12-14 03:25:06.212 2392 2392 W SelectableSubscriptions: at android.app.ActivityThread.main(ActivityThread.java:7880)
12-14 03:25:06.212 2392 2392 W SelectableSubscriptions: at java.lang.reflect.Method.invoke(Native Method)
12-14 03:25:06.212 2392 2392 W SelectableSubscriptions: at com.android.internal.os.RuntimeInit$MethodAndArgsCaller.run(RuntimeInit.java:548)
12-14 03:25:06.212 2392 2392 W SelectableSubscriptions: at com.android.internal.os.ZygoteInit.main(ZygoteInit.java:1009)
12-14 03:25:06.212 2392 2392 D MobileNetworkSummaryStatus: network summary query ignored
12-14 03:25:06.213 2392 2392 D SubscriptionsChangeListener: Start
12-14 03:25:06.218 1490 1913 D ConnectivityService: NetReassign [no changes]
12-14 03:25:06.240 1490 1906 W ScanResultUtil: Empty or null ScanResult list
12-14 03:25:06.240 1490 1906 W WifiService: Attempt to retrieve WifiConfiguration with invalid scanResult List
12-14 03:25:06.241 1490 1906 W ScanResultUtil: Empty or null ScanResult list
12-14 03:25:06.241 1490 1906 E WifiService: Attempt to retrieve passpoint with invalid scanResult List
12-14 03:25:06.241 1490 1906 W ScanResultUtil: Empty or null ScanResult list
12-14 03:25:06.241 1490 1906 W WifiService: Attempt to retrieve OsuProviders with invalid scanResult List
12-14 03:25:06.255 1490 2580 I WifiService: startScan uid=1000
12-14 03:25:06.272 1346 3802 D LOWI-9.0.0.87.a: [LOWI-Scan] wait_event:Wait done with Cmd 33
12-14 03:25:06.272 1346 3802 D LOWI-9.0.0.87.a: [LOWI-Scan] do_listen_events: Rcvd valid Netlink Cmd 0 Err 0
12-14 03:25:06.272 1490 1522 W ScanResultUtil: Empty or null ScanResult list
12-14 03:25:06.272 1490 1522 W WifiService: Attempt to retrieve WifiConfiguration with invalid scanResult List
12-14 03:25:06.273 1490 1522 W ScanResultUtil: Empty or null ScanResult list
12-14 03:25:06.273 1490 1522 E WifiService: Attempt to retrieve passpoint with invalid scanResult List
12-14 03:25:06.273 1490 1522 W ScanResultUtil: Empty or null ScanResult list
12-14 03:25:06.273 1490 1522 W WifiService: Attempt to retrieve OsuProviders with invalid scanResult List
12-14 03:25:06.283 2392 2392 D BluetoothPan: Proxy object connected
12-14 03:25:06.287 2392 2392 D BluetoothPan: Proxy object connected
12-14 03:25:06.323 2392 2458 I OpenGLRenderer: Davey! duration=9223371862400ms; Flags=0, FrameTimelineVsyncId=4001, IntendedVsync=174454157190, Vsync=174520823854, InputEventId=0, HandleInputStart=174524444880, AnimationStart=174524445661, PerformTraversalsStart=174524832015, DrawStart=174533917536, FrameDeadline=174487490522, FrameInterval=174524440557, FrameStartTime=16666666, SyncQueued=174535454203, SyncStart=174535478213, IssueDrawCommandsStart=174535653057, SwapBuffers=174536484619, FrameCompleted=9223372036854775807, DequeueBufferDuration=11094, QueueBufferDuration=688594, GpuCompleted=9223372036854775807, SwapBuffersCompleted=174537475348, DisplayPresentTime=0,
01-01 09:59:33.466 0 0 I [schedu][0xca4c3d99][03:25:06.327906] wlan: [3420:I:OSIF] scan start scan id 40962
12-14 03:25:06.375 2543 2543 D StateManager: goToState: Normal
12-14 03:25:06.386 3806 3819 I GameMode_ActivityMonitoringService: onForegroundActivitiesChanged uid 10080 pid 2543 fg false
12-14 03:25:06.390 3806 3821 I GameMode_ActivityMonitoringService: Updating top task to: TaskInfoContainer [topActivity=ComponentInfo{com.android.settings/com.android.settings.Settings}, taskId=18, stackId=18, userId=0, displayId=0, position=6
12-14 03:25:06.391 3806 3821 I GameMode_ActivityMonitoringService: Notifying about top task: TaskInfoContainer [topActivity=ComponentInfo{com.android.settings/com.android.settings.Settings}, taskId=18, stackId=18, userId=0, displayId=0, position=6
12-14 03:25:06.391 3806 3821 E GameMode_ActivityMonitoringService: onActivityLaunch:com.android.settings
12-14 03:25:06.391 3806 3821 V GameMode_GameTypeUtils: judge isGame:com.android.settings
12-14 03:25:06.391 3806 3821 V GameMode_GpuUtils: fps:60
12-14 03:25:06.392 3806 3821 D GameMode_GameModeActionUtils: Show GameMode entry by service!
12-14 03:25:06.393 3806 3821 W ContextImpl: Calling a method in the system process without a qualified user: android.app.ContextImpl.startService:1816 android.content.ContextWrapper.startService:774 com.thundercomm.gamemode.ingame.services.GameModeActionUtils.startGameModeService:99 com.thundercomm.gamemode.ingame.services.GameModeActionUtils.startGameModeEntry:22 com.thundercomm.gamemode.ingame.services.ActivityMonitoringService$1.onActivityLaunch:127
12-14 03:25:06.394 3806 3821 D GameModeIF_GameModeSettings: getUriFor setting_content_uri_root = content://com.thundercomm.gamemode.api/gamemode_settings , name = gamemode_isgaming
12-14 03:25:06.394 3806 3806 D GameMode_GameModeService: type=hide_entry
12-14 03:25:06.396 3806 3806 D GameMode_GameSettingsObserver: Game Data change!!!! uri = content://com.thundercomm.gamemode.api/gamemode_settings/gamemode_isgaming
12-14 03:25:06.396 1490 1490 I GameModeConfig: Current uri is uri = content://com.thundercomm.gamemode.api/gamemode_settings/gamemode_isgaming
12-14 03:25:06.396 3806 3806 D GameModeIF_GameModeSettings: getUriFor setting_content_uri_root = content://com.thundercomm.gamemode.api/gamemode_settings , name = gamemode_isgaming
12-14 03:25:06.396 1490 1490 D GameModeIF_GameModeSettings: getUriFor setting_content_uri_root = content://com.thundercomm.gamemode.api/gamemode_settings , name = gamemode_isgaming
12-14 03:25:06.399 3806 3821 D GameModeIF_GameModeSettings: gamemode_isgaming set to 0
12-14 03:25:06.401 3806 3806 D GameMode_GameModeService: updateGlobalSettings = gamemode_isgaming
12-14 03:25:06.401 1490 1490 I GameModeConfig: isGameModeOn = false
12-14 03:25:06.402 1490 1490 I GameModeConfig: isGameModeOn = false
12-14 03:25:06.402 1490 1490 I GameModeConfig: isDisableVoice = true
12-14 03:25:06.413 1490 1597 W Choreographer: Frame time is 0.218963 ms in the future! Check that graphics HAL is generating vsync timestamps using the correct timebase.
12-14 03:25:06.413 2010 2010 W Choreographer: Frame time is 0.197869 ms in the future! Check that graphics HAL is generating vsync timestamps using the correct timebase.
12-14 03:25:06.413 2392 2392 W Choreographer: Frame time is 0.192348 ms in the future! Check that graphics HAL is generating vsync timestamps using the correct timebase.
12-14 03:25:06.413 2543 2543 W Choreographer: Frame time is 0.134744 ms in the future! Check that graphics HAL is generating vsync timestamps using the correct timebase.
12-14 03:25:06.413 2010 2176 W Choreographer: Frame time is 0.169067 ms in the future! Check that graphics HAL is generating vsync timestamps using the correct timebase.
