12-14 03:23:46.149 2732 4269 I hpplay-base: [mDNSEmbeded:65] embedded_mDNSExit call
12-14 03:23:46.149 2732 4256 D hpplay-base: [REventUtils:197] handleREventThread thread end!!,tid is 4256
12-14 03:23:46.153 2732 4252 I hpplay-base: [mDNSEmbeded:140] embedded_mDNSLoop Exiting end,tid is 4252
12-14 03:23:46.154 2732 4269 D hpplay-base: [mDNSEmbeded:452] stopmDNSServer end stopmDNSNow=2, nRet=0
12-14 03:23:46.165 2732 4236 D hpplay-base: [stream_mirror_compat:1284] mirror stream begin to exit,server fd:67,thread_id:3160711616!!
12-14 03:23:46.165 2732 4236 D hpplay-base: [stream_mirror_compat:1323] ##screen stream exit successfully!!##
12-14 03:23:46.264 2732 4253 I hpplay-base: [mDNSEmbeded:376] end lelink publish server, tid is 4253
12-14 03:23:46.264 2732 4269 D hpplay-base: [mDNSEmbeded:420] stopmLelinkServer end nRet=0
12-14 03:23:46.264 2732 4269 D hpplay-base: [LelinkBase:615] lebodlna stopServerThreadFunc dlnaEnable:1
12-14 03:23:46.264 2732 4269 D hpplay-base-dlna: [lebodlna_api:49] stop DMR
12-14 03:23:46.264 2732 4269 D hpplay-base-dlna: [lebodlna_api:344] m_pRender Release
01-01 09:58:13.409 0 0 D : mv2112_read_status
01-01 09:58:13.410 0 0 D mv2112_update_link: 3.0x901(1G): 0x80
01-01 09:58:13.410 0 0 D mv2112_update_link: 3.0x8109(100M): 0x8
01-01 09:58:13.410 0 0 D mv2112_update_link: link 0x0
01-01 09:58:13.410 0 0 D mv2112_read_status: autoneg is disabled
12-14 03:23:46.313 2732 4235 D hpplay-base: [Server:447] startHttpServer will END srv->serverType:0
12-14 03:23:46.314 2732 4235 D hpplay-base: [Server:646] startHttpServer cond srv_shutdown:1 connectNummber:0
12-14 03:23:46.314 2732 4235 D hpplay-base: [Server:669] startHttpServer wait cond END. srv_shutdown:1 connectNummber:0
12-14 03:23:46.314 2732 4235 D hpplay-base: [Server:457] HttpServer END, tid is 4235
12-14 03:23:46.325 2732 4269 D hpplay-base-dlna: [UpnpDefine:867] DMRender release success
12-14 03:23:46.326 2732 4269 D hpplay-base-dlna: [lebodlna_api:352] m_pAVT Release
12-14 03:23:46.326 2732 4269 D hpplay-base-dlna: [lebodlna_api:360] m_pRCS Release
12-14 03:23:46.326 2732 4269 D hpplay-base-dlna: [lebodlna_api:365] dmrender destroydmr
12-14 03:23:46.626 2732 4269 D hpplay-base-dlna: [lebodlna-dlna_android:186] stopDLNA
12-14 03:23:46.626 2732 4269 D hpplay-base-dlna: [lebodlna-dlna_android:189] dlnaservice destroy
12-14 03:23:46.626 2732 4269 D hpplay-base-dlna: [lebodlna-dlna_android:49] dlnaservice Destroy 49 int CDlnaService::Destroy()
12-14 03:23:46.626 2732 4269 D hpplay-base-dlna: [lebodlna-dlnaframe:245] dlnaservice Destroy 245 static ERROR_TYPE IDlnaFrame::DestroyDlnaFrame(IDlnaFrame *)
12-14 03:23:46.626 2732 4269 D hpplay-base-dlna: [lebodlna-dlnaframe:179] dlnaservice Destroy 179 virtual void CDlnaFrame::Release()
12-14 03:23:46.626 2732 4269 D hpplay-base-dlna: [lebodlna-dlnaframe:190] dlnaservice Destroy 190 virtual void CDlnaFrame::Release()
12-14 03:23:46.626 2732 4269 D hpplay-base-dlna: [lebodlna-dlnaframe:192] dlnaservice Destroy 192 virtual void CDlnaFrame::Release()
12-14 03:23:46.626 2732 4269 D hpplay-base-dlna: [lebodlna-dlnaframe:247] dlnaservice Destroy 247 static ERROR_TYPE IDlnaFrame::DestroyDlnaFrame(IDlnaFrame *)
12-14 03:23:46.626 2732 4269 D hpplay-base-dlna: [lebodlna-dlnaframe:251] dlnaservice Destroy 251 static ERROR_TYPE IDlnaFrame::DestroyDlnaFrame(IDlnaFrame *)
12-14 03:23:46.630 2732 4269 E hpplay-base-dlna: upnpapi.c:655::before gminiserver ThreadPoolShutdown
12-14 03:23:46.630 2732 4269 E hpplay-base-dlna: ThreadPool.c:1047::on ThreadPoolShutdown tp->totalThreads:2
12-14 03:23:46.630 2732 4269 E hpplay-base-dlna: ThreadPool.c:1056::after ThreadPoolShutdown
12-14 03:23:46.630 2732 4269 E hpplay-base-dlna: ThreadPool.c:1057::ThreadPoolShutdown tp->totalThreads:0
12-14 03:23:46.630 2732 4269 E hpplay-base-dlna: upnpapi.c:657::after gminiserver ThreadPoolShutdown
12-14 03:23:46.631 2732 4269 E hpplay-base-dlna: upnpapi.c:659::before grecv ThreadPoolShutdown
12-14 03:23:46.631 2732 4269 E hpplay-base-dlna: ThreadPool.c:1047::on ThreadPoolShutdown tp->totalThreads:12
12-14 03:23:46.631 2732 4269 E hpplay-base-dlna: ThreadPool.c:1047::on ThreadPoolShutdown tp->totalThreads:11
12-14 03:23:46.632 2732 4269 E hpplay-base-dlna: ThreadPool.c:1047::on ThreadPoolShutdown tp->totalThreads:10
12-14 03:23:46.632 2732 4269 E hpplay-base-dlna: ThreadPool.c:1047::on ThreadPoolShutdown tp->totalThreads:9
12-14 03:23:46.632 2732 4269 E hpplay-base-dlna: ThreadPool.c:1047::on ThreadPoolShutdown tp->totalThreads:8
12-14 03:23:46.632 2732 4269 E hpplay-base-dlna: ThreadPool.c:1047::on ThreadPoolShutdown tp->totalThreads:7
12-14 03:23:46.633 2732 4269 E hpplay-base-dlna: ThreadPool.c:1047::on ThreadPoolShutdown tp->totalThreads:6
12-14 03:23:46.633 2732 4269 E hpplay-base-dlna: ThreadPool.c:1047::on ThreadPoolShutdown tp->totalThreads:4
12-14 03:23:46.633 2732 4269 E hpplay-base-dlna: ThreadPool.c:1047::on ThreadPoolShutdown tp->totalThreads:3
12-14 03:23:46.634 2732 4269 E hpplay-base-dlna: ThreadPool.c:1047::on ThreadPoolShutdown tp->totalThreads:2
12-14 03:23:46.634 2732 4269 E hpplay-base-dlna: ThreadPool.c:1047::on ThreadPoolShutdown tp->totalThreads:1
12-14 03:23:46.634 2732 4269 E hpplay-base-dlna: ThreadPool.c:1056::after ThreadPoolShutdown
12-14 03:23:46.634 2732 4269 E hpplay-base-dlna: ThreadPool.c:1057::ThreadPoolShutdown tp->totalThreads:0
12-14 03:23:46.634 2732 4269 E hpplay-base-dlna: upnpapi.c:661::after grecv ThreadPoolShutdown
12-14 03:23:46.634 2732 4269 E hpplay-base-dlna: upnpapi.c:663::before gsend ThreadPoolShutdown
12-14 03:23:46.634 2732 4269 E hpplay-base-dlna: ThreadPool.c:1047::on ThreadPoolShutdown tp->totalThreads:2
12-14 03:23:46.634 2732 4269 E hpplay-base-dlna: ThreadPool.c:1047::on ThreadPoolShutdown tp->totalThreads:1
12-14 03:23:46.635 2732 4269 E hpplay-base-dlna: ThreadPool.c:1056::after ThreadPoolShutdown
12-14 03:23:46.635 2732 4269 E hpplay-base-dlna: ThreadPool.c:1057::ThreadPoolShutdown tp->totalThreads:0
12-14 03:23:46.635 2732 4269 E hpplay-base-dlna: upnpapi.c:665::after gsend ThreadPoolShutdown
12-14 03:23:46.635 2732 4269 D hpplay-base-dlna: [lebodlna-dlnaframe:253] dlnaservice Destroy 253 static ERROR_TYPE IDlnaFrame::DestroyDlnaFrame(IDlnaFrame *)
12-14 03:23:46.635 2732 4269 D hpplay-base-dlna: [lebodlna-dlna_android:51] dlnaservice Destroy 51 int CDlnaService::Destroy()
12-14 03:23:46.635 2732 4269 D hpplay-base-dlna: [lebodlna-dlna_android:194] stopDLNA end
12-14 03:23:46.809 639 654 I mpu_uart: [MSG-P:RECV]:No message received in 1000 ms
12-14 03:23:46.935 2732 4269 D hpplay-base: [stream_mirror_compat:1489] request to stop screen stream session!!
12-14 03:23:46.935 2732 4269 D hpplay-base: [AEventUtils:625] begin to stop event handle service!!
12-14 03:23:46.936 2732 4269 D hpplay-base: [AEventUtils:628] stop event handle service ok!!
12-14 03:23:46.936 2732 4269 D hpplay-base: [REventUtils:231] begin to stop report handle service!!
12-14 03:23:46.936 2732 4269 D hpplay-base: [REventUtils:234] stop report handle service ok!!
12-14 03:23:46.936 2732 4269 D hpplay-base: [lelinkSinkServer:711] HTTP Server stopSinkServer End .
12-14 03:23:46.936 2732 4269 D hpplay-base: [jniBridge:1135] notifyJavaServerStoped
12-14 03:23:46.936 2732 4269 D hpplay-base: [jniBridge:1726] notifyJava, what:202, castType:0, mimeType:0 baseStatus:4
12-14 03:23:46.936 2732 4269 D hpplay-base: [jniBridge:1727] notifyJava sessionID:(null)
12-14 03:23:46.937 2732 4269 I hpplay-java: [Thread-17]:Bridge:notify: what: 202
12-14 03:23:46.939 2732 4269 I hpplay-java: [Thread-17]:Bridge:notify: out: OutParameters:{audioSessionId=-1, audiotrackIndex=0, castHandleType=-1, castType=0, deviceName='', dlnaName='', dramaID='', extra=0, frameHandleType=-1, handleInside=true, headduration=0, header='', headers=null, isAD=false, isMultiMirror=false, lelinkVer='', limitTime=0, , mediaAlbum='null', mediaAlbumArtURI='', mediaArtist='null', mediaAssets='', mediaTitle='null', mimeType=0, multiSession=null, period=0, pinCode='', playSpeed=0.0, playerChoice=0, plugin=0, port=0, position=0.0, positionUnit=2, protocol=0, realSessionID='', regType='', , sinkIp='', sourceAPPVersion='', sourceChannel='', sourceClientInfo='', sourceDeviceInfo='', sourceDeviceModel='', sourceDeviceName='', sourceDeviceType=0, sourceHID='', , sourceInfo='', , , sourceOSVersion='', sourceSDKVersion='', sourceUid='', stopDetail=0, stopReason=0, tailduration=0, url='', urlID='', urls=null, userAgent='', videoDecoder=0, volume=0, what=202}com.hpplay.sdk.sink.protocol.OutParameters@d184483
12-14 03:23:46.939 2732 4269 I hpplay-java: [Thread-17]:Bridge:notify: address:143083008
12-14 03:23:46.940 2732 4269 D hpplay-base: [LelinkBase:645] stopServerThreadFunc notifyJavaServerStoped!
12-14 03:23:46.940 2732 2732 I hpplay-java: [main]:ServerTaskManager:startTimeOutCheck
12-14 03:23:46.941 2732 2732 I hpplay-java: [main]:ServerBusiness:stopDaemonBusiness
12-14 03:23:46.941 2732 2732 I hpplay-java: [main]:SinkDataReport:logout
12-14 03:23:46.942 2732 2732 I hpplay-java: [main]:EPControl:release
12-14 03:23:46.944 2732 3767 I hpplay-java: [AsyncTask #11]:GlideCreator:clearCache clearDiskCache
12-14 03:23:46.945 2732 3759 W hpplay-java: [AsyncTask #5]:HttpRequest:
12-14 03:23:46.945 2732 2732 I hpplay-java: [main]:Dispatcher:notifyAllReverseControlsStop
12-14 03:23:46.945 2732 2732 I hpplay-java: [main]:Preference:checkFeature none
12-14 03:23:46.945 2732 2732 I hpplay-java: [main]:Dispatcher:notifyAllUIControlsStop set: []
12-14 03:23:46.946 2732 4230 W hpplay-java: NanoHTTPDServerRunnable:Communication with the client broken
12-14 03:23:46.946 2732 4230 W hpplay-java: java.net.SocketException: Socket closed
12-14 03:23:46.946 2732 4230 W hpplay-java: at java.net.PlainSocketImpl.socketAccept(PlainSocketImpl.java:213)
12-14 03:23:46.946 2732 4230 W hpplay-java: at java.net.AbstractPlainSocketImpl.accept(AbstractPlainSocketImpl.java:451)
12-14 03:23:46.946 2732 4230 W hpplay-java: at java.net.ServerSocket.implAccept(ServerSocket.java:547)
12-14 03:23:46.946 2732 4230 W hpplay-java: at java.net.ServerSocket.accept(ServerSocket.java:515)
12-14 03:23:46.946 2732 4230 W hpplay-java: at com.hpplay.nanohttpd.protocols.http.ServerRunnable.run(SourceFile:118)
12-14 03:23:46.946 2732 4230 W hpplay-java: at java.lang.Thread.run(Thread.java:920)
12-14 03:23:46.946 2732 2732 I hpplay-java: [main]:Bridge:findServiceID start out: 143083008
12-14 03:23:46.946 2732 4230 I hpplay-java: NanoHTTPDNanoHTTPD:server is stoped
12-14 03:23:46.946 2732 2732 I hpplay-java: [main]:Bridge:findServiceID end
12-14 03:23:46.946 2732 4230 I hpplay-java: NanoHTTPDNanoHTTPD:clear obj
12-14 03:23:46.946 2732 2732 I hpplay-java: [main]:ServerTaskManager:onStop retry:true
12-14 03:23:46.946 2732 2732 I hpplay-java: [main]:ServerTaskManager:cancelTimeOutCheck
12-14 03:23:46.946 2732 3759 W hpplay-java: [AsyncTask #5]:HttpRequest:
12-14 03:23:46.948 2732 3759 W hpplay-java: [AsyncTask #5]:HttpRequest:
12-14 03:23:46.948 2732 2732 I hpplay-java: [main]:IPManager:getActiveNets type: WIFI
12-14 03:23:46.948 2732 2732 I hpplay-java: [main]:IPManager:getActiveNets eth0:false wifi:true mobile:false ap:false
12-14 03:23:46.948 2732 2732 I hpplay-java: [main]:IPManager:getIPAddress IP_WLAN0
12-14 03:23:46.952 2732 2732 I hpplay-java: [main]:IPManager:updateIPAddress getIPAddress: 192.168.4.16 name:vlan4
12-14 03:23:46.952 2732 2732 I hpplay-java: [main]:IPManager:updateIPAddress getIPAddress: 192.168.0.18 name:wlan0
12-14 03:23:46.953 2732 2732 I hpplay-java: [main]:IPManager:updateIPAddress getIPAddress: 192.168.8.16 name:vlan8
12-14 03:23:46.953 2732 2732 I hpplay-java: [main]:IPManager:updateIPAddress getIPAddress: 192.168.11.16 name:vlan11
12-14 03:23:46.953 2732 2732 I hpplay-java: [main]:IPManager:updateIPAddress getIPAddress: 192.168.0.16 name:vlan0
12-14 03:23:46.953 2732 2732 I hpplay-java: [main]:IPManager:updateIPAddress getIPAddress: 192.168.2.16 name:vlan2
12-14 03:23:46.953 2732 2732 I hpplay-java: [main]:IPManager:updateIPAddress getIPAddress: 192.168.1.16 name:vlan1
12-14 03:23:46.954 2732 2732 I hpplay-java: [main]:ServerTaskManager:exeTask startServer
12-14 03:23:46.954 2732 3916 I hpplay-java: [AsyncTask #17]:ServerBusiness:startDaemonBusiness
12-14 03:23:46.954 2732 2732 I hpplay-java: [main]:ServerTaskManager:startTimeOutCheck
12-14 03:23:46.954 2732 3916 I hpplay-java: [AsyncTask #17]:TimeOutCheckUtil:addTask id:upgrade
12-14 03:23:46.954 2732 3762 I hpplay-java: [AsyncTask #8]:Bridge:assembleInParameters
12-14 03:23:46.955 2732 3916 I hpplay-java: [AsyncTask #17]:TimeOutCheckUtil:addTask id:ijkupgrade
12-14 03:23:46.956 2732 3762 I hpplay-java: [AsyncTask #8]:Bridge:createDeviceId deviceId:Nzg6OWI6Nzg6ODA6ZGI6ZjY=
12-14 03:23:46.957 2732 3762 I hpplay-java: [AsyncTask #8]:IPManager:getActiveNets type: WIFI
12-14 03:23:46.957 2732 4270 I hpplay-java: NanoHTTPDNanoHTTPD:server is started
12-14 03:23:46.957 2732 3762 I hpplay-java: [AsyncTask #8]:IPManager:getActiveNets eth0:false wifi:true mobile:false ap:false
12-14 03:23:46.957 2732 3762 I hpplay-java: [AsyncTask #8]:IPManager:getIPAddress IP_WLAN0
12-14 03:23:46.957 2732 3762 I hpplay-java: [AsyncTask #8]:Preference:checkFeature none
12-14 03:23:46.958 2732 3762 I hpplay-java: [AsyncTask #8]:SWI:dlna tip
12-14 03:23:46.958 2732 3762 I hpplay-java: [AsyncTask #8]:SWI:lefp tip
12-14 03:23:46.958 2732 3762 I hpplay-java: [AsyncTask #8]:Bridge:assembleInParameters none alias name use device name: 高合娱乐副屏
12-14 03:23:46.958 2732 3762 I hpplay-java: [AsyncTask #8]:Feature:isSendAdvertisement
12-14 03:23:46.958 2732 3762 I hpplay-java: [AsyncTask #8]:Preference:checkFeature none
12-14 03:23:46.959 2732 3762 I hpplay-java: [AsyncTask #8]:Preference:checkFeature none
12-14 03:23:46.959 2732 3762 I hpplay-java: [AsyncTask #8]:Bridge:backupHpplayDat bakPath:
12-14 03:23:46.960 2732 3762 I hpplay-java: [AsyncTask #8]:Bridge:path:/data/user/0/com.hht.lebocast/files/hpplay/file/happyplay.dat
12-14 03:23:46.960 2732 3762 I hpplay-java: [AsyncTask #8]:Bridge:mAppId:21409
12-14 03:23:46.960 2732 3762 I hpplay-java: [AsyncTask #8]:Bridge:mode:3
12-14 03:23:46.960 2732 3762 I hpplay-java: [AsyncTask #8]:Bridge:type:1
12-14 03:23:46.960 2732 3762 I hpplay-java: [AsyncTask #8]:Bridge:SN:
12-14 03:23:46.960 2732 3762 I hpplay-java: [AsyncTask #8]:Preference:checkFeature none
12-14 03:23:46.960 2732 3762 I hpplay-java: [AsyncTask #8]:Bridge:backPath:
12-14 03:23:46.961 2732 3762 I hpplay-java: [AsyncTask #8]:DeviceUtil:getPermissionDid: 1
12-14 03:23:46.961 2732 3762 I hpplay-java: [AsyncTask #8]:DeviceUtil:getPermissionDid: 1
12-14 03:23:46.961 2732 3762 I hpplay-java: [AsyncTask #8]:Preference:checkFeature none
12-14 03:23:46.961 2732 3762 I hpplay-java: [AsyncTask #8]:Preference:checkFeature none
12-14 03:23:46.961 2732 3762 I hpplay-java: [AsyncTask #8]:Preference:checkFeature none
12-14 03:23:46.961 2732 3762 I hpplay-java: [AsyncTask #8]:Preference:checkFeature none
12-14 03:23:46.961 2732 3762 I hpplay-java: [AsyncTask #8]:Preference:checkFeature none
12-14 03:23:46.961 2732 3762 I hpplay-java: [AsyncTask #8]:Preference:checkFeature none
12-14 03:23:46.967 2732 3916 W hpplay-java: [AsyncTask #17]:ServerBusiness:startDaemonBusiness start LelinkHTTPD sucess 52288
12-14 03:23:46.989 2732 3762 W hpplay-java: [AsyncTask #8]:DeviceUtils:getDomain create lb domain
12-14 03:23:46.990 2732 3762 I hpplay-java: [AsyncTask #8]:Feature:getMirrorAudioVideoSync DISABLE
12-14 03:23:46.991 2732 3762 I hpplay-java: [AsyncTask #8]:Feature:checkSupportRedirectOtherApp,no set redirect api
12-14 03:23:46.991 2732 3762 I hpplay-java: [AsyncTask #8]:Feature:getRedirectSearchFlag,value: 0
12-14 03:23:46.993 2732 3762 I hpplay-java: [AsyncTask #8]:Bridge:mIn: InParameters{appInfo='0', appKey='21409', authMode=0, authPwd='null', broadcastDirection=0, broadcastState=1, broadcastTimeout=3, buildType='release', cacheAVPath='/data/user/0/com.hht.lebocast/cache/hpplay/av', cachePhotoPath='/data/user/0/com.hht.lebocast/cache/hpplay/image', channel='LEBO-APK--60146-25915', desPath='', , deviceName='高合娱乐副屏', dlna=1, dlnaCompany='null', dlnaCompanyURL='null', dlnaDeviceDescribe='null', dlnaDeviceName='null', dlnaDeviceURL='null', dlnaLelinkSwitch=1, dlnaManufacturer=0, dlnaName='高合娱乐副屏', dlnaUPC='', dlnaUUID='e1dc06f8-0e14-26c5-5cd2-8ed68158c037', domain='Lebo-figure-a69c947ffd36', drainage=0, feature='6655', fps=60, height=1080, host='null', , keyPath='/data/user/0/com.hht.lebocast/files/hpplay/file', lelinkfp=1, lelinkfp2=0, logBaseState=1, logPath='/storage/emulated/0/com.hht.lebocast/sink/sdk/common', , mdnsEnable=1, mirrorSyncType=0, netCastVer='2.0', packageName='com.hht.lebocast', packagePath='/data/user/0/com.hht.lebocast', permissionDid='a6:9c:94:7f:fd:36', permissionMode=3, permissionPreSN='', port=0, preemptMode=0, regType='_leboremote._tcp.', serverPorts=null, sockWaitTimeOut=45, teleControlPort=53388, tunnels=3, txtKeys=null, txtValues=null, uid='8270434926410121175', videoFrameType=1001, width=1920}com.hpplay.sdk.sink.protocol.InParameters@a8bad1
12-14 03:23:46.993 2732 2732 I hpplay-java: [main]:Bridge:startServer state: 0
12-14 03:23:46.993 2732 2732 D hpplay-base: [jniBridge:185] not conference version
12-14 03:23:46.993 2732 2732 I hpplay-base: [jniBridge:241] 1initServer nSettingWidth=1920 nSettingHeight=1080 nSettingMaxFPS=60 dlnaEnable=1 lelinkFpEnable=1
12-14 03:23:46.993 2732 2732 D hpplay-base: [jniBridge:283] 1initServer cfg.leLinkIp=192.168.0.18
12-14 03:23:46.993 2732 2732 D hpplay-base: [jniBridge:286] 1initServer cfg.mPermissionMode=3
12-14 03:23:46.993 2732 2732 D hpplay-base: [jniBridge:304] 1initServer cfg.permissionDid=a6:9c:94:7f:fd:36000000000000000
12-14 03:23:46.993 2732 2732 D hpplay-base: [jniBridge:313] 1initServer cfg.mPermissionPreSN=00000000000000000000000000000000
12-14 03:23:46.993 2732 2732 D hpplay-base: [jniBridge:317] Bridge___1initServer status:0
12-14 03:23:46.994 2732 2732 I hpplay-base: [jniBridge:325] 1initServer cfg.feature=6655
12-14 03:23:46.994 2732 2732 D hpplay-base: [jniBridge:377] 1initServer isSendBroadCast=3
12-14 03:23:46.994 2732 2732 D hpplay-base: [jniBridge:380] 1initServer broadcastDirection=0
12-14 03:23:46.994 2732 2732 D hpplay-base: [jniBridge:382] 1initServer ipBroadcast direction=0
12-14 03:23:46.994 2732 2732 D hpplay-base: [jniBridge:387] 1initServer tunnel=3
12-14 03:23:46.994 2732 2732 D hpplay-base: [jniBridge:390] 1initServer drainage=0
12-14 03:23:46.994 2732 2732 D hpplay-base: [jniBridge:401] 1initServer mDNSEnable=1
12-14 03:23:46.994 2732 2732 D hpplay-base: [jniBridge:406] 1initServer nSockWaitTimeOut=45
12-14 03:23:46.994 2732 2732 D hpplay-base: [jniBridge:410] 1initServer nMirrorAudioVideoSync=0
12-14 03:23:46.994 2732 2732 I hpplay-base: [sign_check:168] checkSign strPackageName:com.hht.lebocast
12-14 03:23:46.994 2732 2732 I hpplay-base: [sign_check:169] checkSign buildType:release
12-14 03:23:46.994 2732 2732 I hpplay-base: [sign_check:170] checkSign appKey:21409
12-14 03:23:46.994 2732 2732 D hpplay-base: [LelinkBase:405] bridgeInit port: 0, lelinkfp: 0
12-14 03:23:46.994 2732 2732 D hpplay-base: [LelinkBase:462] bridgeInit mPackagePath =/data/user/0/com.hht.lebocast
12-14 03:23:46.994 2732 2732 D hpplay-base: [LelinkBase:463] bridgeInit mKeyPath =/data/user/0/com.hht.lebocast/files/hpplay/file
12-14 03:23:46.994 2732 2732 D hpplay-base: [SinkContext:97] initSinkContext mPackagePath =/data/user/0/com.hht.lebocast
12-14 03:23:46.994 2732 2732 D hpplay-base: [SinkContext:98] initSinkContext mKeyPath =/data/user/0/com.hht.lebocast/files/hpplay/file
12-14 03:23:46.994 2732 2732 D hpplay-base: [jniBridge:478] Java_com_hpplay_sdk_sink_protocol_Bridge__1initServer end
12-14 03:23:46.994 2732 2732 D hpplay-base: [jniBridge:869] Bridge__1startServer status:1
12-14 03:23:46.995 2732 2732 D hpplay-base: [LelinkBase:492] startAllServer at base
12-14 03:23:46.996 2732 2732 D hpplay-base: [lelinkSinkServer:152] httpPlugins_SetServerPort TYPE_SERVER_LELINK:52266
12-14 03:23:46.996 2732 2732 D hpplay-base: [network.c:362] protocol bind host :192.168.0.18 port:52266 curent bind port:52266
12-14 03:23:46.996 2732 2732 D hpplay-base: [lelinkSinkServer:681] HTTP Server real at:52266
12-14 03:23:46.996 2732 4275 D hpplay-base: [lelinkSinkServer:644] Connected Service Type:0
12-14 03:23:46.996 2732 2732 D hpplay-base: [ScreenStream:1285] current bind port:7100
12-14 03:23:46.996 2732 4275 I hpplay-base: : (server.c.315) startServer listen_ing....:
12-14 03:23:46.996 2732 4275 D hpplay-base: [Server:371] startHttpServer srv_sockets.used:1 nCurrentFd:65, tid is 4275
12-14 03:23:46.996 2732 2732 D hpplay-base: [LelinkBase:515] startAllServer pBaseContext->config.dlnaEnable:1
12-14 03:23:46.996 2732 2732 D hpplay-base: [lelinkDlna:324] addDMRCallback end
12-14 03:23:46.996 2732 4276 D hpplay-base: [stream_mirror_compat:759] compat mirror stream begin to run,server fd:66,thread_id:3165974976!!
12-14 03:23:46.998 2732 2732 E hpplay-base-dlna: miniserver.c:788::dlna_port(ipv4: 49152 ipv6:0)
12-14 03:23:47.050 2732 2732 D hpplay-base-dlna: [lebodlna-dlnaframe:166] succeed to load lebodlnaplugin
12-14 03:23:47.050 2732 2732 D hpplay-base-dlna: [lebodlna-dlnaframe:232] Succeed to load specified plugin:lebodlna_plugin
12-14 03:23:47.050 2732 2732 D hpplay-base: [lelinkDlna:328] startDLNAServer ret=0
12-14 03:23:47.050 2732 2732 D hpplay-base: [LelinkBase:531] startDLNAServer ret= 0
12-14 03:23:47.050 2732 2732 D hpplay-base: [lelinkDlna:342] setDMRFriendlyName 高合娱乐副屏
12-14 03:23:47.050 2732 2732 D hpplay-base-dlna: [lebodlna-dlna_android:136] setBroadcastTimeout mBroadcastTimeOut=66 status=3!
12-14 03:23:47.050 2732 2732 D hpplay-base-dlna: [lebodlna_api:32] start DMR
12-14 03:23:47.051 2732 2732 D hpplay-base-dlna: [UpnpDefine:434] RegisterDMRender invalid lelink info
12-14 03:23:47.051 2732 2732 D hpplay-base-dlna: [UpnpDefine:467] DLNA DEFAULT_DESCRIPTION
12-14 03:23:47.054 2732 2732 E hpplay-base-dlna: upnpapi.c:1078::Exiting RegisterRootDevice2 *Hnd =1, return value == 0
12-14 03:23:47.054 2732 2732 D hpplay-base-dlna: [CUpnpDevice:41] Register Root Device 2:0
12-14 03:23:47.054 2732 2732 D hpplay-base-dlna: [UpnpDefine:794] ESDMRender:Register success
12-14 03:23:47.054 2732 2732 D hpplay-base-dlna: [lebodlna_api:41] sendBroadcast mBroadcastTimeOut=3
12-14 03:23:47.054 2732 2732 D hpplay-base-dlna: [lebodlna_api:44] sendBroadcast timeout=66
12-14 03:23:47.107 0 0 W swapper/2: type=1400 audit(0.0:333): avc: denied { kill } for capability=5 scontext=u:r:kernel:s0 tcontext=u:r:kernel:s0 tclass=capability permissive=0
12-14 03:23:47.112 2732 2732 D hpplay-base: [lelinkDlna:361] startDLNADevice dlnaManufacturer:0 ret=0
12-14 03:23:47.112 2732 2732 D hpplay-base: [LelinkBase:535] lelinkSetDlnaInfo ret= 0
12-14 03:23:47.112 2732 2732 D hpplay-base: [LelinkBase:547] startAllServer pBaseContext->config.mDNSEnable:1
12-14 03:23:47.113 2732 2732 D hpplay-base: [base_mdns:509] mdns net.hostname:
12-14 03:23:47.113 2732 2732 D hpplay-base: [base_mdns:529] mdns namelabel:-00-80-0F-74-31-00
12-14 03:23:47.113 2732 2732 D hpplay-base: [base_mdns:509] mdns net.hostname:
12-14 03:23:47.113 2732 2732 D hpplay-base: [base_mdns:529] mdns namelabel:-00-80-0F-74-31-00
12-14 03:23:47.113 2732 2732 D hpplay-base: [mdns:813] mdns start bind port:0
12-14 03:23:47.114 2732 2732 D hpplay-base: [mdns:813] mdns start bind port:5353
12-14 03:23:47.115 2732 2732 D hpplay-base: [mdns:813] mdns start bind port:5353
12-14 03:23:47.115 2732 2732 D hpplay-base: [mdns:813] mdns start bind port:5353
12-14 03:23:47.115 2732 2732 D hpplay-base: [mdns:813] mdns start bind port:5353
12-14 03:23:47.116 2732 2732 D hpplay-base: [mdns:813] mdns start bind port:5353
12-14 03:23:47.116 2732 2732 D hpplay-base: [mdns:813] mdns start bind port:5353
12-14 03:23:47.116 2732 2732 D hpplay-base: [mdns:813] mdns start bind port:5353
12-14 03:23:47.117 2732 2732 I hpplay-base: [mDNSEmbeded:57] embedded_mDNSInit stopmDNSNow:0 status:0
12-14 03:23:47.117 2732 2732 D hpplay-base: [mDNSEmbeded:436] startmDNSServer end nRet=0
12-14 03:23:47.117 2732 2732 D hpplay-base: [LelinkBase:555] lelink broadcast_on_off:1 log2java_on_off:1
12-14 03:23:47.117 2732 2732 D hpplay-base: [AEventUtils:595] request to start event handle service!!
12-14 03:23:47.117 2732 2732 D hpplay-base: [AEventUtils:603] start_event_handle_service,begin to run!!
12-14 03:23:47.117 2732 4292 D hpplay-base: [mDNSEmbeded:197] http_port bind check 197 http_port_check
12-14 03:23:47.118 2732 4291 I hpplay-base: [mDNSEmbeded:268] start lelink publish server, tid is 4291
12-14 03:23:47.118 2732 2732 D hpplay-base: [REventUtils:210] start_event_handle_service,begin to run!!
12-14 03:23:47.118 2732 4293 D hpplay-base: [AEventUtils:171] create handle AEvent thread ok!!,tid is 4293
12-14 03:23:47.118 2732 2732 D hpplay-base: [LelinkBase:576] startAllServer success .
12-14 03:23:47.118 2732 2732 D hpplay-base: [jniBridge:894] startDlna_link:http://192.168.0.18:49152/description.xml
12-14 03:23:47.118 2732 4295 D hpplay-base: [jniBridge:1081] notifyJavaDlnalink:http://192.168.0.18:49152/description.xml
12-14 03:23:47.118 2732 4295 D hpplay-base: [jniBridge:1726] notifyJava, what:207, castType:0, mimeType:0 baseStatus:2
12-14 03:23:47.118 2732 4295 D hpplay-base: [jniBridge:1727] notifyJava sessionID:(null)
12-14 03:23:47.119 2732 4294 D hpplay-base: [REventUtils:59] create handleREventThread thread ok!!,tid is 4294
12-14 03:23:47.119 2732 4290 D hpplay-base: [LelinkMDNS:729] leboAuthorizationCheck strUuid=a6:9c:94:7f:fd:36000000000000000
12-14 03:23:47.119 2732 4290 D hpplay-base: [LelinkMDNS:730] leboAuthorizationCheck mPermissionDid=a6:9c:94:7f:fd:36000000000000000
12-14 03:23:47.119 2732 4290 D hpplay-base: [LelinkMDNS:755] leboAuthorizationCheck mPermissionMac=a6:9c:94:7f:fd:36000000000000000
12-14 03:23:47.119 2732 4292 D hpplay-base: [mDNSEmbeded:217] http_port bind check 217 http_port_check
12-14 03:23:47.119 2732 4295 I hpplay-java: [Thread-19]:Bridge:notify: what: 207
12-14 03:23:47.120 2732 4292 D hpplay-base: [mDNSEmbeded:222] http_port bind check 222 http_port_check
12-14 03:23:47.122 2732 4295 I hpplay-java: [Thread-19]:Bridge:notify: out: OutParameters:{audioSessionId=-1, audiotrackIndex=0, castHandleType=-1, castType=0, deviceName='http://192.168.0.18:49152/description.xml', dlnaName='', dramaID='', extra=0, frameHandleType=-1, handleInside=true, headduration=0, header='', headers=null, isAD=false, isMultiMirror=false, lelinkVer='', limitTime=0, , mediaAlbum='null', mediaAlbumArtURI='', mediaArtist='null', mediaAssets='', mediaTitle='null', mimeType=0, multiSession=null, period=0, pinCode='', playSpeed=0.0, playerChoice=0, plugin=0, port=0, position=0.0, positionUnit=2, protocol=0, realSessionID='', regType='', , sinkIp='', sourceAPPVersion='', sourceChannel='', sourceClientInfo='', sourceDeviceInfo='', sourceDeviceModel='', sourceDeviceName='', sourceDeviceType=0, sourceHID='', , sourceInfo='', , , sourceOSVersion='', sourceSDKVersion='', sourceUid='', stopDetail=0, stopReason=0, tailduration=0, url='', urlID='', urls=null, userAgent='', videoDecoder=0, volume=0, what=207}com.hpplay.sdk.sink.protocol.OutParameters@a87d518
12-14 03:23:47.122 2732 4295 I hpplay-java: [Thread-19]:Bridge:notify: address:122895217
12-14 03:23:47.123 2732 4292 D hpplay-base: [mDNSEmbeded:234] http_port bind check 234 http_port_check port:52266
12-14 03:23:47.123 2732 4292 D hpplay-base: [mDNSEmbeded:237] http_port bind check 237 http_port_check
12-14 03:23:47.124 2732 4297 D hpplay-base: [lelinkSinkServer:93] new client connection from 127.0.0.1 50876, fd=102
12-14 03:23:47.124 2732 4297 D hpplay-base: [SinkContext:137] addSinkContextSession,begin to run!!
12-14 03:23:47.124 2732 4297 D hpplay-base: [SinkContext:142] addSinkContextSession,begin to get lock!!
12-14 03:23:47.124 2732 4297 D hpplay-base: [SinkContext:144] addSinkContextSession,get lock ok!!
12-14 03:23:47.124 2732 4297 D hpplay-base: [SinkContext:149] addSinkContextSession,session list is null,begin to malloc!!
12-14 03:23:47.124 2732 4297 D hpplay-base: [SinkContext:156] addSinkContextSession,begin to update!!
12-14 03:23:47.124 2732 4297 D hpplay-base: [SinkContext:160] addSinkContextSession,begin to update header!!
12-14 03:23:47.124 2732 4297 D hpplay-base: [SinkContext:172] addSinkContextSession,begin to unlock!!
12-14 03:23:47.124 2732 4297 D hpplay-base: [SinkContext:174] addSinkContextSession,unlock ok!!
12-14 03:23:47.124 2732 4297 D hpplay-base: [LelinkReceiver:4908] get ping !!!
12-14 03:23:47.125 2732 4292 D hpplay-base: [mDNSEmbeded:240] http_port bind check 240 http_port_check recieved:64
12-14 03:23:47.125 2732 4292 D hpplay-base: [mDNSEmbeded:243] http_port bind check 243 http_port_check
12-14 03:23:47.125 2732 4292 D hpplay-base: [mDNSEmbeded:244] http_port bind check ok!
01-01 09:58:14.433 0 0 D : mv2112_read_status
01-01 09:58:14.434 0 0 D mv2112_update_link: 3.0x901(1G): 0x80
01-01 09:58:14.434 0 0 D mv2112_update_link: 3.0x8109(100M): 0x8
01-01 09:58:14.434 0 0 D mv2112_update_link: link 0x0
01-01 09:58:14.434 0 0 D mv2112_read_status: autoneg is disabled
12-14 03:23:47.326 2732 4297 I hpplay-base: [LelinkReceiver:14605] _connectionFinalize (102)
12-14 03:23:47.326 2732 4297 D hpplay-base: [LelinkReceiver:14752] ###connectionFinalize,release ok!!###
12-14 03:23:47.809 639 654 I mpu_uart: [MSG-P:RECV]:No message received in 1000 ms
12-14 03:23:47.994 2732 4082 W hpplay-java: [AsyncTask #29]:HttpRequest:
12-14 03:23:47.997 2732 4082 W hpplay-java: [AsyncTask #29]:HttpRequest:
12-14 03:23:47.999 2732 4082 W hpplay-java: [AsyncTask #29]:HttpRequest:
12-14 03:23:48.111 0 0 W swapper/2: type=1400 audit(0.0:334): avc: denied { kill } for capability=5 scontext=u:r:kernel:s0 tcontext=u:r:kernel:s0 tclass=capability permissive=0
01-01 09:58:15.457 0 0 D : mv2112_read_status
01-01 09:58:15.458 0 0 D mv2112_update_link: 3.0x901(1G): 0x80
01-01 09:58:15.458 0 0 D mv2112_update_link: 3.0x8109(100M): 0x8
01-01 09:58:15.458 0 0 D mv2112_update_link: link 0x0
01-01 09:58:15.458 0 0 D mv2112_read_status: autoneg is disabled
12-14 03:23:48.809 639 654 I mpu_uart: [MSG-P:RECV]:No message received in 1000 ms
12-14 03:23:48.850 639 653 I mpu_uart: [MSG-P:R]:recv sync frame timeout
12-14 03:23:49.111 0 0 W swapper/0: type=1400 audit(0.0:335): avc: denied { kill } for capability=5 scontext=u:r:kernel:s0 tcontext=u:r:kernel:s0 tclass=capability permissive=0
01-01 09:58:16.481 0 0 D : mv2112_read_status
01-01 09:58:16.482 0 0 D mv2112_update_link: 3.0x901(1G): 0x80
01-01 09:58:16.482 0 0 D mv2112_update_link: 3.0x8109(100M): 0x8
01-01 09:58:16.482 0 0 D mv2112_update_link: link 0x0
01-01 09:58:16.482 0 0 D mv2112_read_status: autoneg is disabled
12-14 03:23:49.810 639 654 I mpu_uart: [MSG-P:RECV]:No message received in 1000 ms
12-14 03:23:50.107 0 0 W swapper/0: type=1400 audit(0.0:336): avc: denied { kill } for capability=5 scontext=u:r:kernel:s0 tcontext=u:r:kernel:s0 tclass=capability permissive=0
01-01 09:58:17.505 0 0 D : mv2112_read_status
01-01 09:58:17.506 0 0 D mv2112_update_link: 3.0x901(1G): 0x80
01-01 09:58:17.506 0 0 D mv2112_update_link: 3.0x8109(100M): 0x8
01-01 09:58:17.506 0 0 D mv2112_update_link: link 0x0
01-01 09:58:17.506 0 0 D mv2112_read_status: autoneg is disabled
12-14 03:23:50.810 639 654 I mpu_uart: [MSG-P:RECV]:No message received in 1000 ms
12-14 03:23:51.111 0 0 W swapper/0: type=1400 audit(0.0:337): avc: denied { kill } for capability=5 scontext=u:r:kernel:s0 tcontext=u:r:kernel:s0 tclass=capability permissive=0
01-01 09:58:18.529 0 0 D : mv2112_read_status
01-01 09:58:18.530 0 0 D mv2112_update_link: 3.0x901(1G): 0x80
01-01 09:58:18.530 0 0 D mv2112_update_link: 3.0x8109(100M): 0x8
01-01 09:58:18.530 0 0 D mv2112_update_link: link 0x0
01-01 09:58:18.530 0 0 D mv2112_read_status: autoneg is disabled
12-14 03:23:51.811 639 654 I mpu_uart: [MSG-P:RECV]:No message received in 1000 ms
12-14 03:23:51.854 639 653 I mpu_uart: [MSG-P:R]:recv sync frame timeout
12-14 03:23:51.971 2732 2732 I hpplay-java: [main]:ServiceUpdater:upLoadServiceInfo invalid deviceCode:, port:53388
12-14 03:23:52.111 0 0 W swapper/0: type=1400 audit(0.0:338): avc: denied { kill } for capability=5 scontext=u:r:kernel:s0 tcontext=u:r:kernel:s0 tclass=capability permissive=0
01-01 09:58:19.553 0 0 D : mv2112_read_status
01-01 09:58:19.554 0 0 D mv2112_update_link: 3.0x901(1G): 0x80
01-01 09:58:19.554 0 0 D mv2112_update_link: 3.0x8109(100M): 0x8
01-01 09:58:19.554 0 0 D mv2112_update_link: link 0x0
01-01 09:58:19.554 0 0 D mv2112_read_status: autoneg is disabled
12-14 03:23:52.811 639 654 I mpu_uart: [MSG-P:RECV]:No message received in 1000 ms
01-01 09:58:20.333 0 0 I : boot log copy done
01-01 09:58:20.577 0 0 D : mv2112_read_status
01-01 09:58:20.578 0 0 D mv2112_update_link: 3.0x901(1G): 0x80
01-01 09:58:20.578 0 0 D mv2112_update_link: 3.0x8109(100M): 0x8
01-01 09:58:20.578 0 0 D mv2112_update_link: link 0x0
01-01 09:58:20.578 0 0 D mv2112_read_status: autoneg is disabled
12-14 03:23:53.811 639 654 I mpu_uart: [MSG-P:RECV]:No message received in 1000 ms
12-14 03:23:54.111 0 0 W swapper/0: type=1400 audit(0.0:339): avc: denied { kill } for capability=5 scontext=u:r:kernel:s0 tcontext=u:r:kernel:s0 tclass=capability permissive=0
01-01 09:58:21.601 0 0 D : mv2112_read_status
01-01 09:58:21.602 0 0 D mv2112_update_link: 3.0x901(1G): 0x80
01-01 09:58:21.602 0 0 D mv2112_update_link: 3.0x8109(100M): 0x8
01-01 09:58:21.602 0 0 D mv2112_update_link: link 0x0
01-01 09:58:21.602 0 0 D mv2112_read_status: autoneg is disabled
12-14 03:23:54.812 639 654 I mpu_uart: [MSG-P:RECV]:No message received in 1000 ms
12-14 03:23:54.857 639 653 I mpu_uart: [MSG-P:R]:recv sync frame timeout
12-14 03:23:55.111 0 0 W swapper/0: type=1400 audit(0.0:340): avc: denied { kill } for capability=5 scontext=u:r:kernel:s0 tcontext=u:r:kernel:s0 tclass=capability permissive=0
01-01 09:58:22.625 0 0 D : mv2112_read_status
01-01 09:58:22.626 0 0 D mv2112_update_link: 3.0x901(1G): 0x80
01-01 09:58:22.626 0 0 D mv2112_update_link: 3.0x8109(100M): 0x8
01-01 09:58:22.626 0 0 D mv2112_update_link: link 0x0
01-01 09:58:22.626 0 0 D mv2112_read_status: autoneg is disabled
12-14 03:23:55.812 639 654 I mpu_uart: [MSG-P:RECV]:No message received in 1000 ms
12-14 03:23:56.111 0 0 W swapper/0: type=1400 audit(0.0:341): avc: denied { kill } for capability=5 scontext=u:r:kernel:s0 tcontext=u:r:kernel:s0 tclass=capability permissive=0
01-01 09:58:23.649 0 0 D : mv2112_read_status
01-01 09:58:23.650 0 0 D mv2112_update_link: 3.0x901(1G): 0x80
01-01 09:58:23.650 0 0 D mv2112_update_link: 3.0x8109(100M): 0x8
01-01 09:58:23.650 0 0 D mv2112_update_link: link 0x0
01-01 09:58:23.650 0 0 D mv2112_read_status: autoneg is disabled
12-14 03:23:56.813 639 654 I mpu_uart: [MSG-P:RECV]:No message received in 1000 ms
12-14 03:23:56.956 2732 2732 I hpplay-java: [main]:Upgrade:upgrade not be allowed
12-14 03:23:56.981 2732 2732 I hpplay-java: [main]:ServerBusiness:get deviceCode:
12-14 03:23:56.981 2732 2732 W hpplay-java: [main]:ServerBusiness:startDeviceService ignore,invalid deviceCode
12-14 03:23:57.017 4190 4190 I ScreenSaver_12: [PeriodicCallbackModel] Executing periodic callback for MINUTE because the period ended
01-01 09:58:24.677 0 0 D : mv2112_read_status
01-01 09:58:24.677 0 0 D mv2112_update_link: 3.0x901(1G): 0x80
01-01 09:58:24.677 0 0 D mv2112_update_link: 3.0x8109(100M): 0x8
01-01 09:58:24.677 0 0 D mv2112_update_link: link 0x0
01-01 09:58:24.677 0 0 D mv2112_read_status: autoneg is disabled
12-14 03:23:57.813 639 654 I mpu_uart: [MSG-P:RECV]:No message received in 1000 ms
12-14 03:23:57.860 639 653 I mpu_uart: [MSG-P:R]:recv sync frame timeout
12-14 03:23:58.107 0 0 W swapper/0: type=1400 audit(0.0:342): avc: denied { kill } for capability=5 scontext=u:r:kernel:s0 tcontext=u:r:kernel:s0 tclass=capability permissive=0
01-01 09:58:25.697 0 0 D : mv2112_read_status
01-01 09:58:25.698 0 0 D mv2112_update_link: 3.0x901(1G): 0x80
01-01 09:58:25.698 0 0 D mv2112_update_link: 3.0x8109(100M): 0x8
01-01 09:58:25.698 0 0 D mv2112_update_link: link 0x0
01-01 09:58:25.698 0 0 D mv2112_read_status: autoneg is disabled
12-14 03:23:58.813 639 654 I mpu_uart: [MSG-P:RECV]:No message received in 1000 ms
12-14 03:23:59.107 0 0 W swapper/0: type=1400 audit(0.0:343): avc: denied { kill } for capability=5 scontext=u:r:kernel:s0 tcontext=u:r:kernel:s0 tclass=capability permissive=0
01-01 09:58:26.725 0 0 D : mv2112_read_status
01-01 09:58:26.726 0 0 D mv2112_update_link: 3.0x901(1G): 0x80
01-01 09:58:26.726 0 0 D mv2112_update_link: 3.0x8109(100M): 0x8
01-01 09:58:26.726 0 0 D mv2112_update_link: link 0x0
01-01 09:58:26.726 0 0 D mv2112_read_status: autoneg is disabled
12-14 03:23:59.813 639 654 I mpu_uart: [MSG-P:RECV]:No message received in 1000 ms
12-14 03:24:00.006 2363 2363 W QCC:PeriodicCI: [ERROR] Current time is wrong, status=3
12-14 03:24:00.007 2010 2010 D KeyguardUpdateMonitor: received broadcast android.intent.action.TIME_TICK
12-14 03:24:00.007 2010 2010 D KeyguardUpdateMonitor: handleTimeUpdate
01-01 09:58:27.751 0 0 D : mv2112_read_status
01-01 09:58:27.751 0 0 D mv2112_update_link: 3.0x901(1G): 0x80
01-01 09:58:27.751 0 0 D mv2112_update_link: 3.0x8109(100M): 0x8
01-01 09:58:27.751 0 0 D mv2112_update_link: link 0x0
01-01 09:58:27.751 0 0 D mv2112_read_status: autoneg is disabled
12-14 03:24:00.814 639 654 I mpu_uart: [MSG-P:RECV]:No message received in 1000 ms
12-14 03:24:00.863 639 653 I mpu_uart: [MSG-P:R]:recv sync frame timeout
12-14 03:24:01.107 0 0 W swapper/0: type=1400 audit(0.0:344): avc: denied { kill } for capability=5 scontext=u:r:kernel:s0 tcontext=u:r:kernel:s0 tclass=capability permissive=0
01-01 09:58:28.769 0 0 D : mv2112_read_status
01-01 09:58:28.770 0 0 D mv2112_update_link: 3.0x901(1G): 0x80
01-01 09:58:28.770 0 0 D mv2112_update_link: 3.0x8109(100M): 0x8
01-01 09:58:28.770 0 0 D mv2112_update_link: link 0x0
01-01 09:58:28.770 0 0 D mv2112_read_status: autoneg is disabled
12-14 03:24:01.814 639 654 I mpu_uart: [MSG-P:RECV]:No message received in 1000 ms
12-14 03:24:01.956 2732 2732 I hpplay-java: [main]:ServerTaskManager:task run out of time
12-14 03:24:01.956 2732 2732 I hpplay-java: [main]:ServerTaskManager:cancelTimeOutCheck
12-14 03:24:01.956 2732 2732 I hpplay-java: [main]:ServerTaskManager:exeTask ignore, reason: TaskList is clear
12-14 03:24:02.037 1490 1662 D CompatibilityChangeReporter: Compat change id reported: 168419799; UID 10032; state: DISABLED
12-14 03:24:02.037 1490 1662 D CompatibilityInfo: mCompatibilityFlags - 4
12-14 03:24:02.037 1490 1662 D CompatibilityInfo: applicationDensity - 240
12-14 03:24:02.037 1490 1662 D CompatibilityInfo: applicationScale - 1.0
12-14 03:24:02.337 2732 4290 D hpplay-base: [LelinkMDNS:766] devicePermissionPublic leboPermissionCheck:-2
12-14 03:24:02.337 2732 4290 D hpplay-base: [jniBridge:1125] com_hpplay_sdk_sink_protocol_Bridge_WHAT_SERVER_ERROR
12-14 03:24:02.337 2732 4290 D hpplay-base: [jniBridge:1726] notifyJava, what:204, castType:0, mimeType:0 baseStatus:2
12-14 03:24:02.337 2732 4290 D hpplay-base: [jniBridge:1727] notifyJava sessionID:(null)
12-14 03:24:02.338 2732 4290 I hpplay-java: [Thread-20]:Bridge:notify: what: 204
12-14 03:24:02.340 2732 4290 I hpplay-java: [Thread-20]:Bridge:notify: out: OutParameters:{audioSessionId=-1, audiotrackIndex=0, castHandleType=-1, castType=0, deviceName='', dlnaName='', dramaID='', extra=-2002, frameHandleType=-1, handleInside=true, headduration=0, header='', headers=null, isAD=false, isMultiMirror=false, lelinkVer='', limitTime=0, , mediaAlbum='null', mediaAlbumArtURI='', mediaArtist='null', mediaAssets='', mediaTitle='null', mimeType=0, multiSession=null, period=0, pinCode='', playSpeed=0.0, playerChoice=0, plugin=0, port=0, position=0.0, positionUnit=2, protocol=0, realSessionID='', regType='', , sinkIp='', sourceAPPVersion='', sourceChannel='', sourceClientInfo='', sourceDeviceInfo='', sourceDeviceModel='', sourceDeviceName='', sourceDeviceType=0, sourceHID='', , sourceInfo='', , , sourceOSVersion='', sourceSDKVersion='', sourceUid='', stopDetail=0, stopReason=0, tailduration=0, url='', urlID='', urls=null, userAgent='', videoDecoder=0, volume=0, what=204}com.hpplay.sdk.sink.protocol.OutParameters@4f2ed56
12-14 03:24:02.340 2732 4290 I hpplay-java: [Thread-20]:Bridge:notify: address:105083351
12-14 03:24:02.341 2732 4290 I hpplay-base: [mDNSEmbeded:79] embedded_mDNSLoop stopmDNSNow:0 nPublish:-2 nExitFlag:6 tid is 4290
12-14 03:24:02.341 2732 2732 I hpplay-java: [main]:Bridge:findServiceID start out: 105083351
12-14 03:24:02.341 2732 2732 I hpplay-java: [main]:Bridge:findServiceID end
12-14 03:24:02.341 2732 2732 E hpplay-java: [main]:ServerTaskManager:onError 204/-2002 com.hht.lebocast.LelinkHelper$e@b408ac8
12-14 03:24:02.341 2732 2732 I hpplay-java: [main]:ServerTaskManager:cancelTimeOutCheck
12-14 03:24:02.343 2732 2732 W hpplay-java: [main]:ServerTaskManager:onErrorDispatcher errorCode:-2002
12-14 03:24:02.343 2732 2732 I hpplay-java: [main]:ServerTaskManager:onError retry later
01-01 09:58:29.793 0 0 D : mv2112_read_status
01-01 09:58:29.794 0 0 D mv2112_update_link: 3.0x901(1G): 0x80
01-01 09:58:29.794 0 0 D mv2112_update_link: 3.0x8109(100M): 0x8
01-01 09:58:29.794 0 0 D mv2112_update_link: link 0x0
01-01 09:58:29.794 0 0 D mv2112_read_status: autoneg is disabled
12-14 03:24:02.818 639 654 I mpu_uart: [MSG-P:RECV]:No message received in 1000 ms
12-14 03:24:03.107 0 0 W swapper/1: type=1400 audit(0.0:345): avc: denied { kill } for capability=5 scontext=u:r:kernel:s0 tcontext=u:r:kernel:s0 tclass=capability permissive=0
12-14 03:24:03.178 2732 4266 W hpplay-java: [AsyncTask #31]:HttpRequest:
12-14 03:24:03.181 2732 4266 W hpplay-java: [AsyncTask #31]:HttpRequest:
12-14 03:24:03.182 2732 4266 W hpplay-java: [AsyncTask #31]:HttpRequest:
01-01 09:58:30.817 0 0 D : mv2112_read_status
01-01 09:58:30.818 0 0 D mv2112_update_link: 3.0x901(1G): 0x80
01-01 09:58:30.818 0 0 D mv2112_update_link: 3.0x8109(100M): 0x8
01-01 09:58:30.818 0 0 D mv2112_update_link: link 0x0
01-01 09:58:30.818 0 0 D mv2112_read_status: autoneg is disabled
12-14 03:24:03.819 639 654 I mpu_uart: [MSG-P:RECV]:No message received in 1000 ms
12-14 03:24:03.867 639 653 I mpu_uart: [MSG-P:R]:recv sync frame timeout
12-14 03:24:04.107 0 0 W swapper/1: type=1400 audit(0.0:346): avc: denied { kill } for capability=5 scontext=u:r:kernel:s0 tcontext=u:r:kernel:s0 tclass=capability permissive=0
01-01 09:58:31.841 0 0 D : mv2112_read_status
01-01 09:58:31.842 0 0 D mv2112_update_link: 3.0x901(1G): 0x80
01-01 09:58:31.842 0 0 D mv2112_update_link: 3.0x8109(100M): 0x8
01-01 09:58:31.842 0 0 D mv2112_update_link: link 0x0
01-01 09:58:31.842 0 0 D mv2112_read_status: autoneg is disabled
12-14 03:24:04.819 639 654 I mpu_uart: [MSG-P:RECV]:No message received in 1000 ms
12-14 03:24:05.111 0 0 W swapper/1: type=1400 audit(0.0:347): avc: denied { kill } for capability=5 scontext=u:r:kernel:s0 tcontext=u:r:kernel:s0 tclass=capability permissive=0
12-14 03:24:05.344 2732 2732 I hpplay-java: [main]:ServerTaskManager:restart by error
12-14 03:24:05.344 2732 2732 I hpplay-java: [main]:ServerTaskManager:startServer
12-14 03:24:05.344 2732 2732 I hpplay-java: [main]:ServerTaskManager:startServer add, reason: server is starting or running
12-14 03:24:05.344 2732 2732 I hpplay-java: [main]:ServerTaskManager:addStopTask
12-14 03:24:05.344 2732 2732 I hpplay-java: [main]:ServerTaskManager:addStartTask
12-14 03:24:05.344 2732 2732 I hpplay-java: [main]:ServerTaskManager:exeTask stopServer
12-14 03:24:05.345 2732 2732 I hpplay-java: [main]:Bridge:stopServer keepPush: false
12-14 03:24:05.345 2732 2732 D hpplay-base: [jniBridge:909] Bridge__1stopServer status:2
12-14 03:24:05.346 2732 2732 D hpplay-base: [LelinkBase:654] stopAllServer will start thread!
12-14 03:24:05.346 2732 4312 I hpplay-base: [mDNSEmbeded:65] embedded_mDNSExit call
12-14 03:24:05.346 2732 4294 D hpplay-base: [REventUtils:197] handleREventThread thread end!!,tid is 4294
12-14 03:24:05.346 2732 4293 D hpplay-base: [AEventUtils:588] handle AEvent thread end!!,tid is 4293
12-14 03:24:05.354 2732 4290 I hpplay-base: [mDNSEmbeded:140] embedded_mDNSLoop Exiting end,tid is 4290
12-14 03:24:05.355 2732 4312 D hpplay-base: [mDNSEmbeded:452] stopmDNSServer end stopmDNSNow=2, nRet=0
12-14 03:24:05.357 2732 4275 D hpplay-base: [Server:447] startHttpServer will END srv->serverType:0
12-14 03:24:05.357 2732 4276 D hpplay-base: [stream_mirror_compat:1284] mirror stream begin to exit,server fd:66,thread_id:3165974976!!
12-14 03:24:05.357 2732 4276 D hpplay-base: [stream_mirror_compat:1323] ##screen stream exit successfully!!##
12-14 03:24:05.357 2732 4275 D hpplay-base: [Server:646] startHttpServer cond srv_shutdown:1 connectNummber:0
12-14 03:24:05.357 2732 4275 D hpplay-base: [Server:669] startHttpServer wait cond END. srv_shutdown:1 connectNummber:0
12-14 03:24:05.358 2732 4275 D hpplay-base: [Server:457] HttpServer END, tid is 4275
12-14 03:24:05.624 2732 4291 I hpplay-base: [mDNSEmbeded:376] end lelink publish server, tid is 4291
12-14 03:24:05.624 2732 4312 D hpplay-base: [mDNSEmbeded:420] stopmLelinkServer end nRet=0
12-14 03:24:05.624 2732 4312 D hpplay-base: [LelinkBase:615] lebodlna stopServerThreadFunc dlnaEnable:1
12-14 03:24:05.624 2732 4312 D hpplay-base-dlna: [lebodlna_api:49] stop DMR
12-14 03:24:05.624 2732 4312 D hpplay-base-dlna: [lebodlna_api:344] m_pRender Release
12-14 03:24:05.681 2732 4312 D hpplay-base-dlna: [UpnpDefine:867] DMRender release success
12-14 03:24:05.681 2732 4312 D hpplay-base-dlna: [lebodlna_api:352] m_pAVT Release
12-14 03:24:05.682 2732 4312 D hpplay-base-dlna: [lebodlna_api:360] m_pRCS Release
12-14 03:24:05.682 2732 4312 D hpplay-base-dlna: [lebodlna_api:365] dmrender destroydmr
01-01 09:58:32.865 0 0 D : mv2112_read_status
01-01 09:58:32.866 0 0 D mv2112_update_link: 3.0x901(1G): 0x80
01-01 09:58:32.866 0 0 D mv2112_update_link: 3.0x8109(100M): 0x8
01-01 09:58:32.866 0 0 D mv2112_update_link: link 0x0
01-01 09:58:32.866 0 0 D mv2112_read_status: autoneg is disabled
12-14 03:24:05.819 639 654 I mpu_uart: [MSG-P:RECV]:No message received in 1000 ms
12-14 03:24:05.982 2732 4312 D hpplay-base-dlna: [lebodlna-dlna_android:186] stopDLNA
12-14 03:24:05.982 2732 4312 D hpplay-base-dlna: [lebodlna-dlna_android:189] dlnaservice destroy
12-14 03:24:05.982 2732 4312 D hpplay-base-dlna: [lebodlna-dlna_android:49] dlnaservice Destroy 49 int CDlnaService::Destroy()
12-14 03:24:05.982 2732 4312 D hpplay-base-dlna: [lebodlna-dlnaframe:245] dlnaservice Destroy 245 static ERROR_TYPE IDlnaFrame::DestroyDlnaFrame(IDlnaFrame *)
12-14 03:24:05.982 2732 4312 D hpplay-base-dlna: [lebodlna-dlnaframe:179] dlnaservice Destroy 179 virtual void CDlnaFrame::Release()
12-14 03:24:05.982 2732 4312 D hpplay-base-dlna: [lebodlna-dlnaframe:190] dlnaservice Destroy 190 virtual void CDlnaFrame::Release()
12-14 03:24:05.982 2732 4312 D hpplay-base-dlna: [lebodlna-dlnaframe:192] dlnaservice Destroy 192 virtual void CDlnaFrame::Release()
12-14 03:24:05.982 2732 4312 D hpplay-base-dlna: [lebodlna-dlnaframe:247] dlnaservice Destroy 247 static ERROR_TYPE IDlnaFrame::DestroyDlnaFrame(IDlnaFrame *)
12-14 03:24:05.982 2732 4312 D hpplay-base-dlna: [lebodlna-dlnaframe:251] dlnaservice Destroy 251 static ERROR_TYPE IDlnaFrame::DestroyDlnaFrame(IDlnaFrame *)
12-14 03:24:05.984 2732 4312 E hpplay-base-dlna: upnpapi.c:655::before gminiserver ThreadPoolShutdown
12-14 03:24:05.984 2732 4312 E hpplay-base-dlna: ThreadPool.c:1047::on ThreadPoolShutdown tp->totalThreads:2
12-14 03:24:05.985 2732 4312 E hpplay-base-dlna: ThreadPool.c:1056::after ThreadPoolShutdown
12-14 03:24:05.985 2732 4312 E hpplay-base-dlna: ThreadPool.c:1057::ThreadPoolShutdown tp->totalThreads:0
12-14 03:24:05.985 2732 4312 E hpplay-base-dlna: upnpapi.c:657::after gminiserver ThreadPoolShutdown
12-14 03:24:05.985 2732 4312 E hpplay-base-dlna: upnpapi.c:659::before grecv ThreadPoolShutdown
12-14 03:24:05.985 2732 4312 E hpplay-base-dlna: ThreadPool.c:1047::on ThreadPoolShutdown tp->totalThreads:12
12-14 03:24:05.986 2732 4312 E hpplay-base-dlna: ThreadPool.c:1047::on ThreadPoolShutdown tp->totalThreads:11
12-14 03:24:05.986 2732 4312 E hpplay-base-dlna: ThreadPool.c:1047::on ThreadPoolShutdown tp->totalThreads:9
12-14 03:24:05.986 2732 4312 E hpplay-base-dlna: ThreadPool.c:1047::on ThreadPoolShutdown tp->totalThreads:8
12-14 03:24:05.987 2732 4312 E hpplay-base-dlna: ThreadPool.c:1047::on ThreadPoolShutdown tp->totalThreads:6
12-14 03:24:05.987 2732 4312 E hpplay-base-dlna: ThreadPool.c:1047::on ThreadPoolShutdown tp->totalThreads:5
12-14 03:24:05.989 2732 4312 E hpplay-base-dlna: ThreadPool.c:1056::after ThreadPoolShutdown
12-14 03:24:05.989 2732 4312 E hpplay-base-dlna: ThreadPool.c:1057::ThreadPoolShutdown tp->totalThreads:0
12-14 03:24:05.989 2732 4312 E hpplay-base-dlna: upnpapi.c:661::after grecv ThreadPoolShutdown
12-14 03:24:05.989 2732 4312 E hpplay-base-dlna: upnpapi.c:663::before gsend ThreadPoolShutdown
12-14 03:24:05.989 2732 4312 E hpplay-base-dlna: ThreadPool.c:1047::on ThreadPoolShutdown tp->totalThreads:2
12-14 03:24:05.989 2732 4312 E hpplay-base-dlna: ThreadPool.c:1047::on ThreadPoolShutdown tp->totalThreads:1
12-14 03:24:05.989 2732 4312 E hpplay-base-dlna: ThreadPool.c:1056::after ThreadPoolShutdown
12-14 03:24:05.990 2732 4312 E hpplay-base-dlna: ThreadPool.c:1057::ThreadPoolShutdown tp->totalThreads:0
12-14 03:24:05.990 2732 4312 E hpplay-base-dlna: upnpapi.c:665::after gsend ThreadPoolShutdown
12-14 03:24:05.990 2732 4312 D hpplay-base-dlna: [lebodlna-dlnaframe:253] dlnaservice Destroy 253 static ERROR_TYPE IDlnaFrame::DestroyDlnaFrame(IDlnaFrame *)
12-14 03:24:05.990 2732 4312 D hpplay-base-dlna: [lebodlna-dlna_android:51] dlnaservice Destroy 51 int CDlnaService::Destroy()
12-14 03:24:05.990 2732 4312 D hpplay-base-dlna: [lebodlna-dlna_android:194] stopDLNA end
12-14 03:24:06.107 0 0 W swapper/1: type=1400 audit(0.0:348): avc: denied { kill } for capability=5 scontext=u:r:kernel:s0 tcontext=u:r:kernel:s0 tclass=capability permissive=0
