12-14 03:27:33.933 2392 4610 I OpenGLRenderer: Davey! duration=9223371714747ms; Flags=0, FrameTimelineVsyncId=6770, IntendedVsync=322107135254, Vsync=322107135254, InputEventId=0, HandleInputStart=322108401386, AnimationStart=322108405761, PerformTraversalsStart=322108408938, DrawStart=322131420553, FrameDeadline=322140468586, FrameInterval=322108388938, FrameStartTime=16666666, SyncQueued=322132800136, SyncStart=322132910344, IssueDrawCommandsStart=322133847115, SwapBuffers=322136979250, FrameCompleted=9223372036854775807, DequeueBufferDuration=51980, QueueBufferDuration=1010000, GpuCompleted=9223372036854775807, SwapBuffersCompleted=322138721490, DisplayPresentTime=0,
12-14 03:27:33.984 1490 1621 V DisplayPowerController[0]: Brightness [0.05] reason changing to: 'manual [ dim ]', previous reason: 'manual'.
12-14 03:27:33.985 1490 1621 W PowerManagerService: Screen on took 58217 ms
12-14 03:27:33.986 1490 1986 E DisplayDeviceConfig: requesting nits when no mapping exists.
12-14 03:27:33.987 1490 1986 E DisplayDeviceConfig: requesting nits when no mapping exists.
12-14 03:27:33.989 1490 1605 I DropBoxManagerService: add tag=system_server_wtf isTagEnabled=true flags=0x2
12-14 03:27:33.991 1490 1605 I DropBoxManagerService: add tag=system_server_wtf isTagEnabled=true flags=0x2
12-14 03:27:34.002 1490 1986 E DisplayDeviceConfig: requesting nits when no mapping exists.
12-14 03:27:34.003 1490 1986 E DisplayDeviceConfig: requesting nits when no mapping exists.
12-14 03:27:34.004 1490 1605 I DropBoxManagerService: add tag=system_server_wtf isTagEnabled=true flags=0x2
12-14 03:27:34.005 1490 1605 I DropBoxManagerService: add tag=system_server_wtf isTagEnabled=true flags=0x2
12-14 03:27:34.019 1490 1986 E DisplayDeviceConfig: requesting nits when no mapping exists.
12-14 03:27:34.020 1490 1986 E DisplayDeviceConfig: requesting nits when no mapping exists.
12-14 03:27:34.021 1490 1605 I DropBoxManagerService: add tag=system_server_wtf isTagEnabled=true flags=0x2
12-14 03:27:34.036 1490 1986 E DisplayDeviceConfig: requesting nits when no mapping exists.
12-14 03:27:34.037 1490 1986 E DisplayDeviceConfig: requesting nits when no mapping exists.
12-14 03:27:34.053 1490 1986 E DisplayDeviceConfig: requesting nits when no mapping exists.
12-14 03:27:34.053 1490 1986 E DisplayDeviceConfig: requesting nits when no mapping exists.
12-14 03:27:34.069 1490 1986 E DisplayDeviceConfig: requesting nits when no mapping exists.
12-14 03:27:34.070 1490 1986 E DisplayDeviceConfig: requesting nits when no mapping exists.
12-14 03:27:34.086 1490 1986 E DisplayDeviceConfig: requesting nits when no mapping exists.
12-14 03:27:34.087 1490 1986 E DisplayDeviceConfig: requesting nits when no mapping exists.
12-14 03:27:34.098 639 653 I mpu_uart: [MSG-P:R]:recv sync frame timeout
12-14 03:27:34.103 1490 1986 E DisplayDeviceConfig: requesting nits when no mapping exists.
12-14 03:27:34.103 1490 1986 E DisplayDeviceConfig: requesting nits when no mapping exists.
12-14 03:27:34.107 0 0 W swapper/0: type=1400 audit(0.0:756): avc: denied { kill } for capability=5 scontext=u:r:kernel:s0 tcontext=u:r:kernel:s0 tclass=capability permissive=0
12-14 03:27:34.119 1490 1986 E DisplayDeviceConfig: requesting nits when no mapping exists.
12-14 03:27:34.120 1490 1986 E DisplayDeviceConfig: requesting nits when no mapping exists.
12-14 03:27:34.137 1490 1986 E DisplayDeviceConfig: requesting nits when no mapping exists.
12-14 03:27:34.137 1490 1986 E DisplayDeviceConfig: requesting nits when no mapping exists.
12-14 03:27:34.153 1490 1986 E DisplayDeviceConfig: requesting nits when no mapping exists.
12-14 03:27:34.153 1490 1986 E DisplayDeviceConfig: requesting nits when no mapping exists.
12-14 03:27:34.170 1490 1986 E DisplayDeviceConfig: requesting nits when no mapping exists.
12-14 03:27:34.171 1490 1986 E DisplayDeviceConfig: requesting nits when no mapping exists.
12-14 03:27:34.186 1490 1986 E DisplayDeviceConfig: requesting nits when no mapping exists.
12-14 03:27:34.187 1490 1986 E DisplayDeviceConfig: requesting nits when no mapping exists.
12-14 03:27:34.203 1490 1986 E DisplayDeviceConfig: requesting nits when no mapping exists.
12-14 03:27:34.204 1490 1986 E DisplayDeviceConfig: requesting nits when no mapping exists.
12-14 03:27:34.220 1490 1986 E DisplayDeviceConfig: requesting nits when no mapping exists.
12-14 03:27:34.220 1490 1986 E DisplayDeviceConfig: requesting nits when no mapping exists.
12-14 03:27:34.237 1490 1986 E DisplayDeviceConfig: requesting nits when no mapping exists.
12-14 03:27:34.237 1490 1986 E DisplayDeviceConfig: requesting nits when no mapping exists.
12-14 03:27:34.253 1490 1986 E DisplayDeviceConfig: requesting nits when no mapping exists.
12-14 03:27:34.254 1490 1986 E DisplayDeviceConfig: requesting nits when no mapping exists.
12-14 03:27:34.270 1490 1986 E DisplayDeviceConfig: requesting nits when no mapping exists.
12-14 03:27:34.270 1490 1986 E DisplayDeviceConfig: requesting nits when no mapping exists.
12-14 03:27:34.287 1490 1986 E DisplayDeviceConfig: requesting nits when no mapping exists.
12-14 03:27:34.287 1490 1986 E DisplayDeviceConfig: requesting nits when no mapping exists.
12-14 03:27:34.304 1490 1986 E DisplayDeviceConfig: requesting nits when no mapping exists.
12-14 03:27:34.304 1490 1986 E DisplayDeviceConfig: requesting nits when no mapping exists.
12-14 03:27:34.320 1490 1986 E DisplayDeviceConfig: requesting nits when no mapping exists.
12-14 03:27:34.321 1490 1986 E DisplayDeviceConfig: requesting nits when no mapping exists.
12-14 03:27:34.337 1490 1986 E DisplayDeviceConfig: requesting nits when no mapping exists.
12-14 03:27:34.337 1490 1986 E DisplayDeviceConfig: requesting nits when no mapping exists.
12-14 03:27:34.354 1490 1986 E DisplayDeviceConfig: requesting nits when no mapping exists.
12-14 03:27:34.354 1490 1986 E DisplayDeviceConfig: requesting nits when no mapping exists.
12-14 03:27:34.370 1490 1986 E DisplayDeviceConfig: requesting nits when no mapping exists.
12-14 03:27:34.371 2732 4958 W hpplay-java: [AsyncTask #103]:HttpRequest:
12-14 03:27:34.373 2732 4958 W hpplay-java: [AsyncTask #103]:HttpRequest:
12-14 03:27:34.373 1490 1986 E DisplayDeviceConfig: requesting nits when no mapping exists.
12-14 03:27:34.375 2732 4958 W hpplay-java: [AsyncTask #103]:HttpRequest:
12-14 03:27:34.387 1490 1986 E DisplayDeviceConfig: requesting nits when no mapping exists.
12-14 03:27:34.388 1490 1986 E DisplayDeviceConfig: requesting nits when no mapping exists.
12-14 03:27:34.404 1490 1986 E DisplayDeviceConfig: requesting nits when no mapping exists.
12-14 03:27:34.404 1490 1986 E DisplayDeviceConfig: requesting nits when no mapping exists.
12-14 03:27:34.421 1490 1986 E DisplayDeviceConfig: requesting nits when no mapping exists.
12-14 03:27:34.421 1490 1986 E DisplayDeviceConfig: requesting nits when no mapping exists.
12-14 03:27:34.437 1490 1986 E DisplayDeviceConfig: requesting nits when no mapping exists.
12-14 03:27:34.437 1490 1986 E DisplayDeviceConfig: requesting nits when no mapping exists.
12-14 03:27:34.454 1490 1986 E DisplayDeviceConfig: requesting nits when no mapping exists.
12-14 03:27:34.454 1490 1986 E DisplayDeviceConfig: requesting nits when no mapping exists.
12-14 03:27:34.470 1490 1986 E DisplayDeviceConfig: requesting nits when no mapping exists.
12-14 03:27:34.471 1490 1986 E DisplayDeviceConfig: requesting nits when no mapping exists.
12-14 03:27:34.487 1490 1986 E DisplayDeviceConfig: requesting nits when no mapping exists.
12-14 03:27:34.488 1490 1986 E DisplayDeviceConfig: requesting nits when no mapping exists.
12-14 03:27:34.504 1490 1986 E DisplayDeviceConfig: requesting nits when no mapping exists.
12-14 03:27:34.504 1490 1986 E DisplayDeviceConfig: requesting nits when no mapping exists.
12-14 03:27:34.521 1490 1986 E DisplayDeviceConfig: requesting nits when no mapping exists.
12-14 03:27:34.521 1490 1986 E DisplayDeviceConfig: requesting nits when no mapping exists.
12-14 03:27:34.537 1490 1986 E DisplayDeviceConfig: requesting nits when no mapping exists.
12-14 03:27:34.538 1490 1986 E DisplayDeviceConfig: requesting nits when no mapping exists.
12-14 03:27:34.555 1490 1986 E DisplayDeviceConfig: requesting nits when no mapping exists.
12-14 03:27:34.556 1490 1986 E DisplayDeviceConfig: requesting nits when no mapping exists.
12-14 03:27:34.571 1490 1986 E DisplayDeviceConfig: requesting nits when no mapping exists.
12-14 03:27:34.572 1490 1986 E DisplayDeviceConfig: requesting nits when no mapping exists.
12-14 03:27:34.588 1490 1986 E DisplayDeviceConfig: requesting nits when no mapping exists.
12-14 03:27:34.588 1490 1986 E DisplayDeviceConfig: requesting nits when no mapping exists.
12-14 03:27:34.604 1490 1986 E DisplayDeviceConfig: requesting nits when no mapping exists.
12-14 03:27:34.605 1490 1986 E DisplayDeviceConfig: requesting nits when no mapping exists.
12-14 03:27:34.613 1490 1518 W System : A resource failed to call close.
12-14 03:27:34.613 1490 1518 W System : A resource failed to call close.
12-14 03:27:34.621 1490 1986 E DisplayDeviceConfig: requesting nits when no mapping exists.
12-14 03:27:34.621 1490 1986 E DisplayDeviceConfig: requesting nits when no mapping exists.
01-01 10:02:01.762 0 0 D : mv2112_read_status
01-01 10:02:01.762 0 0 D mv2112_update_link: 3.0x901(1G): 0x80
01-01 10:02:01.762 0 0 D mv2112_update_link: 3.0x8109(100M): 0x8
01-01 10:02:01.762 0 0 D mv2112_update_link: link 0x0
01-01 10:02:01.762 0 0 D mv2112_read_status: autoneg is disabled
12-14 03:27:34.638 1490 1986 E DisplayDeviceConfig: requesting nits when no mapping exists.
12-14 03:27:34.638 1490 1986 E DisplayDeviceConfig: requesting nits when no mapping exists.
12-14 03:27:34.654 1490 1986 E DisplayDeviceConfig: requesting nits when no mapping exists.
12-14 03:27:34.655 1490 1986 E DisplayDeviceConfig: requesting nits when no mapping exists.
12-14 03:27:34.671 1490 1986 E DisplayDeviceConfig: requesting nits when no mapping exists.
12-14 03:27:34.672 1490 1986 E DisplayDeviceConfig: requesting nits when no mapping exists.
12-14 03:27:34.688 1490 1986 E DisplayDeviceConfig: requesting nits when no mapping exists.
12-14 03:27:34.688 1490 1986 E DisplayDeviceConfig: requesting nits when no mapping exists.
12-14 03:27:34.705 1490 1986 E DisplayDeviceConfig: requesting nits when no mapping exists.
12-14 03:27:34.705 1490 1986 E DisplayDeviceConfig: requesting nits when no mapping exists.
12-14 03:27:34.721 1490 1986 E DisplayDeviceConfig: requesting nits when no mapping exists.
12-14 03:27:34.722 1490 1986 E DisplayDeviceConfig: requesting nits when no mapping exists.
12-14 03:27:34.738 1490 1986 E DisplayDeviceConfig: requesting nits when no mapping exists.
12-14 03:27:34.738 1490 1986 E DisplayDeviceConfig: requesting nits when no mapping exists.
12-14 03:27:34.755 1490 1986 E DisplayDeviceConfig: requesting nits when no mapping exists.
12-14 03:27:34.755 1490 1986 E DisplayDeviceConfig: requesting nits when no mapping exists.
12-14 03:27:34.772 1490 1986 E DisplayDeviceConfig: requesting nits when no mapping exists.
12-14 03:27:34.772 1490 1986 E DisplayDeviceConfig: requesting nits when no mapping exists.
12-14 03:27:34.788 1490 1986 E DisplayDeviceConfig: requesting nits when no mapping exists.
12-14 03:27:34.789 1490 1986 E DisplayDeviceConfig: requesting nits when no mapping exists.
12-14 03:27:34.805 1490 1986 E DisplayDeviceConfig: requesting nits when no mapping exists.
12-14 03:27:34.805 1490 1986 E DisplayDeviceConfig: requesting nits when no mapping exists.
12-14 03:27:34.822 1490 1986 E DisplayDeviceConfig: requesting nits when no mapping exists.
12-14 03:27:34.823 1490 1986 E DisplayDeviceConfig: requesting nits when no mapping exists.
12-14 03:27:34.838 1490 1986 E DisplayDeviceConfig: requesting nits when no mapping exists.
12-14 03:27:34.839 1490 1986 E DisplayDeviceConfig: requesting nits when no mapping exists.
12-14 03:27:34.855 1490 1986 E DisplayDeviceConfig: requesting nits when no mapping exists.
12-14 03:27:34.855 1490 1986 E DisplayDeviceConfig: requesting nits when no mapping exists.
12-14 03:27:34.872 1490 1986 E DisplayDeviceConfig: requesting nits when no mapping exists.
12-14 03:27:34.872 1490 1986 E DisplayDeviceConfig: requesting nits when no mapping exists.
12-14 03:27:34.888 1490 1986 E DisplayDeviceConfig: requesting nits when no mapping exists.
12-14 03:27:34.889 1490 1986 E DisplayDeviceConfig: requesting nits when no mapping exists.
12-14 03:27:34.905 1490 1986 E DisplayDeviceConfig: requesting nits when no mapping exists.
12-14 03:27:34.905 1490 1986 E DisplayDeviceConfig: requesting nits when no mapping exists.
12-14 03:27:34.906 639 654 I mpu_uart: [MSG-P:RECV]:No message received in 1000 ms
12-14 03:27:34.922 1490 1986 E DisplayDeviceConfig: requesting nits when no mapping exists.
12-14 03:27:34.922 1490 1986 E DisplayDeviceConfig: requesting nits when no mapping exists.
12-14 03:27:34.933 2392 5008 I OpenGLRenderer: Davey! duration=9223371713742ms; Flags=0, FrameTimelineVsyncId=6831, IntendedVsync=323112094126, Vsync=323112094126, InputEventId=0, HandleInputStart=323112555500, AnimationStart=323112558365, PerformTraversalsStart=323112560760, DrawStart=323137311698, FrameDeadline=323145427458, FrameInterval=323112547115, FrameStartTime=16666666, SyncQueued=323138690969, SyncStart=323138970708, IssueDrawCommandsStart=323140124875, SwapBuffers=323143104875, FrameCompleted=9223372036854775807, DequeueBufferDuration=90520, QueueBufferDuration=1012083, GpuCompleted=9223372036854775807, SwapBuffersCompleted=323144771438, DisplayPresentTime=0,
12-14 03:27:34.938 1490 1986 E DisplayDeviceConfig: requesting nits when no mapping exists.
12-14 03:27:34.939 1490 1986 E DisplayDeviceConfig: requesting nits when no mapping exists.
12-14 03:27:35.111 0 0 W swapper/0: type=1400 audit(0.0:757): avc: denied { kill } for capability=5 scontext=u:r:kernel:s0 tcontext=u:r:kernel:s0 tclass=capability permissive=0
01-01 10:02:02.785 0 0 D : mv2112_read_status
01-01 10:02:02.786 0 0 D mv2112_update_link: 3.0x901(1G): 0x80
01-01 10:02:02.786 0 0 D mv2112_update_link: 3.0x8109(100M): 0x8
01-01 10:02:02.786 0 0 D mv2112_update_link: link 0x0
01-01 10:02:02.786 0 0 D mv2112_read_status: autoneg is disabled
12-14 03:27:35.907 639 654 I mpu_uart: [MSG-P:RECV]:No message received in 1000 ms
12-14 03:27:35.934 2392 4610 I OpenGLRenderer: Davey! duration=9223371712740ms; Flags=0, FrameTimelineVsyncId=6841, IntendedVsync=324114265159, Vsync=324114265159, InputEventId=0, HandleInputStart=324115209562, AnimationStart=324115213781, PerformTraversalsStart=324115216802, DrawStart=324140270864, FrameDeadline=324147598491, FrameInterval=324115197531, FrameStartTime=16666666, SyncQueued=324141296385, SyncStart=324141380291, IssueDrawCommandsStart=324142231906, SwapBuffers=324144753833, FrameCompleted=9223372036854775807, DequeueBufferDuration=45260, QueueBufferDuration=877084, GpuCompleted=9223372036854775807, SwapBuffersCompleted=324146158156, DisplayPresentTime=0,
12-14 03:27:36.111 0 0 W swapper/0: type=1400 audit(0.0:758): avc: denied { kill } for capability=5 scontext=u:r:kernel:s0 tcontext=u:r:kernel:s0 tclass=capability permissive=0
01-01 10:02:03.809 0 0 D : mv2112_read_status
01-01 10:02:03.810 0 0 D mv2112_update_link: 3.0x901(1G): 0x80
01-01 10:02:03.810 0 0 D mv2112_update_link: 3.0x8109(100M): 0x8
01-01 10:02:03.810 0 0 D mv2112_update_link: link 0x0
01-01 10:02:03.810 0 0 D mv2112_read_status: autoneg is disabled
12-14 03:27:36.800 2732 2732 I hpplay-java: [main]:ServerTaskManager:restart by error
12-14 03:27:36.800 2732 2732 I hpplay-java: [main]:ServerTaskManager:startServer
12-14 03:27:36.801 2732 2732 I hpplay-java: [main]:ServerTaskManager:startServer add, reason: server is starting or running
12-14 03:27:36.801 2732 2732 I hpplay-java: [main]:ServerTaskManager:addStopTask
12-14 03:27:36.801 2732 2732 I hpplay-java: [main]:ServerTaskManager:addStartTask
12-14 03:27:36.801 2732 2732 I hpplay-java: [main]:ServerTaskManager:exeTask stopServer
12-14 03:27:36.801 2732 2732 I hpplay-java: [main]:Bridge:stopServer keepPush: false
12-14 03:27:36.801 2732 2732 D hpplay-base: [jniBridge:909] Bridge__1stopServer status:2
12-14 03:27:36.802 2732 2732 D hpplay-base: [LelinkBase:654] stopAllServer will start thread!
12-14 03:27:36.803 2732 4997 D hpplay-base: [AEventUtils:588] handle AEvent thread end!!,tid is 4997
12-14 03:27:36.803 2732 4998 D hpplay-base: [REventUtils:197] handleREventThread thread end!!,tid is 4998
12-14 03:27:36.803 2732 5009 I hpplay-base: [mDNSEmbeded:65] embedded_mDNSExit call
12-14 03:27:36.808 2732 4994 I hpplay-base: [mDNSEmbeded:140] embedded_mDNSLoop Exiting end,tid is 4994
12-14 03:27:36.808 2732 5009 D hpplay-base: [mDNSEmbeded:452] stopmDNSServer end stopmDNSNow=2, nRet=0
12-14 03:27:36.843 2732 4975 D hpplay-base: [stream_mirror_compat:1284] mirror stream begin to exit,server fd:69,thread_id:3138245056!!
12-14 03:27:36.843 2732 4975 D hpplay-base: [stream_mirror_compat:1323] ##screen stream exit successfully!!##
12-14 03:27:36.907 639 654 I mpu_uart: [MSG-P:RECV]:No message received in 1000 ms
12-14 03:27:36.938 2392 4610 I OpenGLRenderer: Davey! duration=9223371711740ms; Flags=0, FrameTimelineVsyncId=6847, IntendedVsync=325114377962, Vsync=325114377962, InputEventId=0, HandleInputStart=325115377062, AnimationStart=325115381124, PerformTraversalsStart=325115383728, DrawStart=325140342218, FrameDeadline=325147711294, FrameInterval=325115366958, FrameStartTime=16666666, SyncQueued=325141334197, SyncStart=325141550916, IssueDrawCommandsStart=325142363468, SwapBuffers=325144996228, FrameCompleted=9223372036854775807, DequeueBufferDuration=44063, QueueBufferDuration=895052, GpuCompleted=9223372036854775807, SwapBuffersCompleted=325146416385, DisplayPresentTime=0,
12-14 03:27:36.952 2732 4995 I hpplay-base: [mDNSEmbeded:376] end lelink publish server, tid is 4995
12-14 03:27:36.952 2732 5009 D hpplay-base: [mDNSEmbeded:420] stopmLelinkServer end nRet=0
12-14 03:27:36.952 2732 5009 D hpplay-base: [LelinkBase:615] lebodlna stopServerThreadFunc dlnaEnable:1
12-14 03:27:36.952 2732 5009 D hpplay-base-dlna: [lebodlna_api:49] stop DMR
12-14 03:27:36.952 2732 5009 D hpplay-base-dlna: [lebodlna_api:344] m_pRender Release
12-14 03:27:36.988 2732 4974 D hpplay-base: [Server:447] startHttpServer will END srv->serverType:0
12-14 03:27:36.988 2732 4974 D hpplay-base: [Server:646] startHttpServer cond srv_shutdown:1 connectNummber:0
12-14 03:27:36.988 2732 4974 D hpplay-base: [Server:669] startHttpServer wait cond END. srv_shutdown:1 connectNummber:0
12-14 03:27:36.988 2732 4974 D hpplay-base: [Server:457] HttpServer END, tid is 4974
12-14 03:27:37.012 2732 5009 D hpplay-base-dlna: [UpnpDefine:867] DMRender release success
12-14 03:27:37.012 2732 5009 D hpplay-base-dlna: [lebodlna_api:352] m_pAVT Release
12-14 03:27:37.012 2732 5009 D hpplay-base-dlna: [lebodlna_api:360] m_pRCS Release
12-14 03:27:37.012 2732 5009 D hpplay-base-dlna: [lebodlna_api:365] dmrender destroydmr
12-14 03:27:37.101 639 653 I mpu_uart: [MSG-P:R]:recv sync frame timeout
12-14 03:27:37.111 0 0 W swapper/0: type=1400 audit(0.0:759): avc: denied { kill } for capability=5 scontext=u:r:kernel:s0 tcontext=u:r:kernel:s0 tclass=capability permissive=0
12-14 03:27:37.312 2732 5009 D hpplay-base-dlna: [lebodlna-dlna_android:186] stopDLNA
12-14 03:27:37.312 2732 5009 D hpplay-base-dlna: [lebodlna-dlna_android:189] dlnaservice destroy
12-14 03:27:37.312 2732 5009 D hpplay-base-dlna: [lebodlna-dlna_android:49] dlnaservice Destroy 49 int CDlnaService::Destroy()
12-14 03:27:37.313 2732 5009 D hpplay-base-dlna: [lebodlna-dlnaframe:245] dlnaservice Destroy 245 static ERROR_TYPE IDlnaFrame::DestroyDlnaFrame(IDlnaFrame *)
12-14 03:27:37.313 2732 5009 D hpplay-base-dlna: [lebodlna-dlnaframe:179] dlnaservice Destroy 179 virtual void CDlnaFrame::Release()
12-14 03:27:37.313 2732 5009 D hpplay-base-dlna: [lebodlna-dlnaframe:190] dlnaservice Destroy 190 virtual void CDlnaFrame::Release()
12-14 03:27:37.313 2732 5009 D hpplay-base-dlna: [lebodlna-dlnaframe:192] dlnaservice Destroy 192 virtual void CDlnaFrame::Release()
12-14 03:27:37.313 2732 5009 D hpplay-base-dlna: [lebodlna-dlnaframe:247] dlnaservice Destroy 247 static ERROR_TYPE IDlnaFrame::DestroyDlnaFrame(IDlnaFrame *)
12-14 03:27:37.313 2732 5009 D hpplay-base-dlna: [lebodlna-dlnaframe:251] dlnaservice Destroy 251 static ERROR_TYPE IDlnaFrame::DestroyDlnaFrame(IDlnaFrame *)
12-14 03:27:37.316 2732 5009 E hpplay-base-dlna: upnpapi.c:655::before gminiserver ThreadPoolShutdown
12-14 03:27:37.317 2732 5009 E hpplay-base-dlna: ThreadPool.c:1047::on ThreadPoolShutdown tp->totalThreads:2
12-14 03:27:37.317 2732 5009 E hpplay-base-dlna: ThreadPool.c:1047::on ThreadPoolShutdown tp->totalThreads:1
12-14 03:27:37.317 2732 5009 E hpplay-base-dlna: ThreadPool.c:1056::after ThreadPoolShutdown
12-14 03:27:37.317 2732 5009 E hpplay-base-dlna: ThreadPool.c:1057::ThreadPoolShutdown tp->totalThreads:0
12-14 03:27:37.317 2732 5009 E hpplay-base-dlna: upnpapi.c:657::after gminiserver ThreadPoolShutdown
12-14 03:27:37.317 2732 5009 E hpplay-base-dlna: upnpapi.c:659::before grecv ThreadPoolShutdown
12-14 03:27:37.318 2732 5009 E hpplay-base-dlna: ThreadPool.c:1047::on ThreadPoolShutdown tp->totalThreads:12
12-14 03:27:37.318 2732 5009 E hpplay-base-dlna: ThreadPool.c:1047::on ThreadPoolShutdown tp->totalThreads:11
12-14 03:27:37.319 2732 5009 E hpplay-base-dlna: ThreadPool.c:1047::on ThreadPoolShutdown tp->totalThreads:10
12-14 03:27:37.319 2732 5009 E hpplay-base-dlna: ThreadPool.c:1047::on ThreadPoolShutdown tp->totalThreads:9
12-14 03:27:37.319 2732 5009 E hpplay-base-dlna: ThreadPool.c:1047::on ThreadPoolShutdown tp->totalThreads:7
12-14 03:27:37.320 2732 5009 E hpplay-base-dlna: ThreadPool.c:1047::on ThreadPoolShutdown tp->totalThreads:6
12-14 03:27:37.320 2732 5009 E hpplay-base-dlna: ThreadPool.c:1047::on ThreadPoolShutdown tp->totalThreads:5
12-14 03:27:37.321 2732 5009 E hpplay-base-dlna: ThreadPool.c:1056::after ThreadPoolShutdown
12-14 03:27:37.321 2732 5009 E hpplay-base-dlna: ThreadPool.c:1057::ThreadPoolShutdown tp->totalThreads:0
12-14 03:27:37.321 2732 5009 E hpplay-base-dlna: upnpapi.c:661::after grecv ThreadPoolShutdown
12-14 03:27:37.321 2732 5009 E hpplay-base-dlna: upnpapi.c:663::before gsend ThreadPoolShutdown
12-14 03:27:37.321 2732 5009 E hpplay-base-dlna: ThreadPool.c:1047::on ThreadPoolShutdown tp->totalThreads:2
12-14 03:27:37.322 2732 5009 E hpplay-base-dlna: ThreadPool.c:1056::after ThreadPoolShutdown
12-14 03:27:37.322 2732 5009 E hpplay-base-dlna: ThreadPool.c:1057::ThreadPoolShutdown tp->totalThreads:0
12-14 03:27:37.322 2732 5009 E hpplay-base-dlna: upnpapi.c:665::after gsend ThreadPoolShutdown
12-14 03:27:37.322 2732 5009 D hpplay-base-dlna: [lebodlna-dlnaframe:253] dlnaservice Destroy 253 static ERROR_TYPE IDlnaFrame::DestroyDlnaFrame(IDlnaFrame *)
12-14 03:27:37.322 2732 5009 D hpplay-base-dlna: [lebodlna-dlna_android:51] dlnaservice Destroy 51 int CDlnaService::Destroy()
12-14 03:27:37.322 2732 5009 D hpplay-base-dlna: [lebodlna-dlna_android:194] stopDLNA end
12-14 03:27:37.622 2732 5009 D hpplay-base: [stream_mirror_compat:1489] request to stop screen stream session!!
12-14 03:27:37.622 2732 5009 D hpplay-base: [AEventUtils:625] begin to stop event handle service!!
12-14 03:27:37.622 2732 5009 D hpplay-base: [AEventUtils:628] stop event handle service ok!!
12-14 03:27:37.622 2732 5009 D hpplay-base: [REventUtils:231] begin to stop report handle service!!
12-14 03:27:37.622 2732 5009 D hpplay-base: [REventUtils:234] stop report handle service ok!!
12-14 03:27:37.622 2732 5009 D hpplay-base: [lelinkSinkServer:711] HTTP Server stopSinkServer End .
12-14 03:27:37.623 2732 5009 D hpplay-base: [jniBridge:1135] notifyJavaServerStoped
12-14 03:27:37.623 2732 5009 D hpplay-base: [jniBridge:1726] notifyJava, what:202, castType:0, mimeType:0 baseStatus:4
12-14 03:27:37.623 2732 5009 D hpplay-base: [jniBridge:1727] notifyJava sessionID:(null)
12-14 03:27:37.624 2732 5009 I hpplay-java: [Thread-65]:Bridge:notify: what: 202
12-14 03:27:37.626 2732 5009 I hpplay-java: [Thread-65]:Bridge:notify: out: OutParameters:{audioSessionId=-1, audiotrackIndex=0, castHandleType=-1, castType=0, deviceName='', dlnaName='', dramaID='', extra=0, frameHandleType=-1, handleInside=true, headduration=0, header='', headers=null, isAD=false, isMultiMirror=false, lelinkVer='', limitTime=0, , mediaAlbum='null', mediaAlbumArtURI='', mediaArtist='null', mediaAssets='', mediaTitle='null', mimeType=0, multiSession=null, period=0, pinCode='', playSpeed=0.0, playerChoice=0, plugin=0, port=0, position=0.0, positionUnit=2, protocol=0, realSessionID='', regType='', , sinkIp='', sourceAPPVersion='', sourceChannel='', sourceClientInfo='', sourceDeviceInfo='', sourceDeviceModel='', sourceDeviceName='', sourceDeviceType=0, sourceHID='', , sourceInfo='', , , sourceOSVersion='', sourceSDKVersion='', sourceUid='', stopDetail=0, stopReason=0, tailduration=0, url='', urlID='', urls=null, userAgent='', videoDecoder=0, volume=0, what=202}com.hpplay.sdk.sink.protocol.OutParameters@4346f93
12-14 03:27:37.626 2732 5009 I hpplay-java: [Thread-65]:Bridge:notify: address:50625488
12-14 03:27:37.626 2732 5009 D hpplay-base: [LelinkBase:645] stopServerThreadFunc notifyJavaServerStoped!
12-14 03:27:37.627 2732 2732 I hpplay-java: [main]:ServerTaskManager:startTimeOutCheck
12-14 03:27:37.627 2732 2732 I hpplay-java: [main]:ServerBusiness:stopDaemonBusiness
12-14 03:27:37.627 2732 2732 I hpplay-java: [main]:SinkDataReport:logout
12-14 03:27:37.628 2732 2732 I hpplay-java: [main]:EPControl:release
12-14 03:27:37.631 2732 5011 I hpplay-java: [AsyncTask #113]:GlideCreator:clearCache clearDiskCache
12-14 03:27:37.632 2732 2732 I hpplay-java: [main]:Dispatcher:notifyAllReverseControlsStop
12-14 03:27:37.632 2732 2732 I hpplay-java: [main]:Preference:checkFeature none
12-14 03:27:37.632 2732 2732 I hpplay-java: [main]:Dispatcher:notifyAllUIControlsStop set: []
12-14 03:27:37.632 2732 4969 W hpplay-java: NanoHTTPDServerRunnable:Communication with the client broken
12-14 03:27:37.632 2732 4969 W hpplay-java: java.net.SocketException: Socket closed
12-14 03:27:37.632 2732 4969 W hpplay-java: at java.net.PlainSocketImpl.socketAccept(PlainSocketImpl.java:213)
12-14 03:27:37.632 2732 4969 W hpplay-java: at java.net.AbstractPlainSocketImpl.accept(AbstractPlainSocketImpl.java:451)
12-14 03:27:37.632 2732 4969 W hpplay-java: at java.net.ServerSocket.implAccept(ServerSocket.java:547)
12-14 03:27:37.632 2732 4969 W hpplay-java: at java.net.ServerSocket.accept(ServerSocket.java:515)
12-14 03:27:37.632 2732 4969 W hpplay-java: at com.hpplay.nanohttpd.protocols.http.ServerRunnable.run(SourceFile:118)
12-14 03:27:37.632 2732 4969 W hpplay-java: at java.lang.Thread.run(Thread.java:920)
12-14 03:27:37.632 2732 4969 I hpplay-java: NanoHTTPDNanoHTTPD:server is stoped
12-14 03:27:37.633 2732 4969 I hpplay-java: NanoHTTPDNanoHTTPD:clear obj
12-14 03:27:37.633 2732 2732 I hpplay-java: [main]:Bridge:findServiceID start out: 50625488
12-14 03:27:37.633 2732 2732 I hpplay-java: [main]:Bridge:findServiceID end
12-14 03:27:37.633 2732 2732 I hpplay-java: [main]:ServerTaskManager:onStop retry:true
12-14 03:27:37.633 2732 2732 I hpplay-java: [main]:ServerTaskManager:cancelTimeOutCheck
12-14 03:27:37.634 2732 2732 I hpplay-java: [main]:IPManager:getActiveNets type: WIFI
12-14 03:27:37.635 2732 2732 I hpplay-java: [main]:IPManager:getActiveNets eth0:false wifi:true mobile:false ap:false
12-14 03:27:37.635 2732 2732 I hpplay-java: [main]:IPManager:getIPAddress IP_WLAN0
12-14 03:27:37.640 2732 2732 I hpplay-java: [main]:IPManager:updateIPAddress getIPAddress: 192.168.4.16 name:vlan4
12-14 03:27:37.640 2732 2732 I hpplay-java: [main]:IPManager:updateIPAddress getIPAddress: 192.168.0.18 name:wlan0
12-14 03:27:37.640 2732 2732 I hpplay-java: [main]:IPManager:updateIPAddress getIPAddress: 192.168.8.16 name:vlan8
12-14 03:27:37.640 2732 2732 I hpplay-java: [main]:IPManager:updateIPAddress getIPAddress: 192.168.11.16 name:vlan11
12-14 03:27:37.640 2732 2732 I hpplay-java: [main]:IPManager:updateIPAddress getIPAddress: 192.168.0.16 name:vlan0
12-14 03:27:37.640 2732 2732 I hpplay-java: [main]:IPManager:updateIPAddress getIPAddress: 192.168.2.16 name:vlan2
12-14 03:27:37.640 2732 2732 I hpplay-java: [main]:IPManager:updateIPAddress getIPAddress: 192.168.1.16 name:vlan1
12-14 03:27:37.641 2732 2732 I hpplay-java: [main]:ServerTaskManager:exeTask startServer
12-14 03:27:37.642 2732 5015 I hpplay-java: [AsyncTask #115]:ServerBusiness:startDaemonBusiness
12-14 03:27:37.642 2732 2732 I hpplay-java: [main]:ServerTaskManager:startTimeOutCheck
12-14 03:27:37.642 2732 5015 I hpplay-java: [AsyncTask #115]:TimeOutCheckUtil:addTask id:upgrade
12-14 03:27:37.643 2732 5016 I hpplay-java: [AsyncTask #116]:Bridge:assembleInParameters
12-14 03:27:37.643 2732 5015 I hpplay-java: [AsyncTask #115]:TimeOutCheckUtil:addTask id:ijkupgrade
12-14 03:27:37.644 2732 5016 I hpplay-java: [AsyncTask #116]:Bridge:createDeviceId deviceId:Nzg6OWI6Nzg6ODA6ZGI6ZjY=
12-14 03:27:37.645 2732 5017 I hpplay-java: NanoHTTPDNanoHTTPD:server is started
12-14 03:27:37.645 2732 5016 I hpplay-java: [AsyncTask #116]:IPManager:getActiveNets type: WIFI
12-14 03:27:37.645 2732 5016 I hpplay-java: [AsyncTask #116]:IPManager:getActiveNets eth0:false wifi:true mobile:false ap:false
12-14 03:27:37.645 2732 5016 I hpplay-java: [AsyncTask #116]:IPManager:getIPAddress IP_WLAN0
12-14 03:27:37.645 2732 5016 I hpplay-java: [AsyncTask #116]:Preference:checkFeature none
12-14 03:27:37.646 2732 5016 I hpplay-java: [AsyncTask #116]:SWI:dlna tip
12-14 03:27:37.646 2732 5016 I hpplay-java: [AsyncTask #116]:SWI:lefp tip
12-14 03:27:37.646 2732 5016 I hpplay-java: [AsyncTask #116]:Bridge:assembleInParameters none alias name use device name: 高合娱乐副屏
12-14 03:27:37.646 2732 5016 I hpplay-java: [AsyncTask #116]:Feature:isSendAdvertisement
12-14 03:27:37.646 2732 5016 I hpplay-java: [AsyncTask #116]:Preference:checkFeature none
12-14 03:27:37.646 2732 5016 I hpplay-java: [AsyncTask #116]:Preference:checkFeature none
12-14 03:27:37.647 2732 5016 I hpplay-java: [AsyncTask #116]:Bridge:backupHpplayDat bakPath:
12-14 03:27:37.647 2732 5016 I hpplay-java: [AsyncTask #116]:Bridge:path:/data/user/0/com.hht.lebocast/files/hpplay/file/happyplay.dat
12-14 03:27:37.647 2732 5016 I hpplay-java: [AsyncTask #116]:Bridge:mAppId:21409
12-14 03:27:37.647 2732 5016 I hpplay-java: [AsyncTask #116]:Bridge:mode:3
12-14 03:27:37.647 2732 5016 I hpplay-java: [AsyncTask #116]:Bridge:type:1
12-14 03:27:37.647 2732 5016 I hpplay-java: [AsyncTask #116]:Bridge:SN:
12-14 03:27:37.647 2732 5016 I hpplay-java: [AsyncTask #116]:Preference:checkFeature none
12-14 03:27:37.647 2732 5016 I hpplay-java: [AsyncTask #116]:Bridge:backPath:
12-14 03:27:37.647 2732 5016 I hpplay-java: [AsyncTask #116]:DeviceUtil:getPermissionDid: 1
12-14 03:27:37.647 2732 5016 I hpplay-java: [AsyncTask #116]:DeviceUtil:getPermissionDid: 1
12-14 03:27:37.648 2732 5016 I hpplay-java: [AsyncTask #116]:Preference:checkFeature none
12-14 03:27:37.648 2732 5016 I hpplay-java: [AsyncTask #116]:Preference:checkFeature none
12-14 03:27:37.648 2732 5016 I hpplay-java: [AsyncTask #116]:Preference:checkFeature none
12-14 03:27:37.648 2732 5016 I hpplay-java: [AsyncTask #116]:Preference:checkFeature none
12-14 03:27:37.648 2732 5016 I hpplay-java: [AsyncTask #116]:Preference:checkFeature none
12-14 03:27:37.648 2732 5016 I hpplay-java: [AsyncTask #116]:Preference:checkFeature none
12-14 03:27:37.654 2732 5015 W hpplay-java: [AsyncTask #115]:ServerBusiness:startDaemonBusiness start LelinkHTTPD sucess 52288
12-14 03:27:37.667 2732 5016 W hpplay-java: [AsyncTask #116]:DeviceUtils:getDomain create lb domain
12-14 03:27:37.668 2732 5016 I hpplay-java: [AsyncTask #116]:Feature:getMirrorAudioVideoSync DISABLE
12-14 03:27:37.668 2732 5016 I hpplay-java: [AsyncTask #116]:Feature:checkSupportRedirectOtherApp,no set redirect api
12-14 03:27:37.668 2732 5016 I hpplay-java: [AsyncTask #116]:Feature:getRedirectSearchFlag,value: 0
12-14 03:27:37.669 2732 5016 I hpplay-java: [AsyncTask #116]:Bridge:mIn: InParameters{appInfo='0', appKey='21409', authMode=0, authPwd='null', broadcastDirection=0, broadcastState=1, broadcastTimeout=3, buildType='release', cacheAVPath='/data/user/0/com.hht.lebocast/cache/hpplay/av', cachePhotoPath='/data/user/0/com.hht.lebocast/cache/hpplay/image', channel='LEBO-APK--60146-25915', desPath='', , deviceName='高合娱乐副屏', dlna=1, dlnaCompany='null', dlnaCompanyURL='null', dlnaDeviceDescribe='null', dlnaDeviceName='null', dlnaDeviceURL='null', dlnaLelinkSwitch=1, dlnaManufacturer=0, dlnaName='高合娱乐副屏', dlnaUPC='', dlnaUUID='e1dc06f8-0e14-26c5-5cd2-8ed68158c037', domain='Lebo-figure-a69c947ffd36', drainage=0, feature='6655', fps=60, height=1080, host='null', , keyPath='/data/user/0/com.hht.lebocast/files/hpplay/file', lelinkfp=1, lelinkfp2=0, logBaseState=1, logPath='/storage/emulated/0/com.hht.lebocast/sink/sdk/common', , mdnsEnable=1, mirrorSyncType=0, netCastVer='2.0', packageName='com.hht.lebocast', packagePath='/data/user/0/com.hht.lebocast', permissionDid='a6:9c:94:7f:fd:36', permissionMode=3, permissionPreSN='', port=0, preemptMode=0, regType='_leboremote._tcp.', serverPorts=null, sockWaitTimeOut=45, teleControlPort=53388, tunnels=3, txtKeys=null, txtValues=null, uid='8270434926410121175', videoFrameType=1001, width=1920}com.hpplay.sdk.sink.protocol.InParameters@a8bad1
12-14 03:27:37.669 2732 2732 I hpplay-java: [main]:Bridge:startServer state: 0
12-14 03:27:37.669 2732 2732 D hpplay-base: [jniBridge:185] not conference version
12-14 03:27:37.669 2732 2732 I hpplay-base: [jniBridge:241] 1initServer nSettingWidth=1920 nSettingHeight=1080 nSettingMaxFPS=60 dlnaEnable=1 lelinkFpEnable=1
12-14 03:27:37.669 2732 2732 D hpplay-base: [jniBridge:283] 1initServer cfg.leLinkIp=192.168.0.18
12-14 03:27:37.669 2732 2732 D hpplay-base: [jniBridge:286] 1initServer cfg.mPermissionMode=3
12-14 03:27:37.669 2732 2732 D hpplay-base: [jniBridge:304] 1initServer cfg.permissionDid=a6:9c:94:7f:fd:36000000000000000
12-14 03:27:37.669 2732 2732 D hpplay-base: [jniBridge:313] 1initServer cfg.mPermissionPreSN=00000000000000000000000000000000
12-14 03:27:37.669 2732 2732 D hpplay-base: [jniBridge:317] Bridge___1initServer status:0
12-14 03:27:37.669 2732 2732 I hpplay-base: [jniBridge:325] 1initServer cfg.feature=6655
12-14 03:27:37.669 2732 2732 D hpplay-base: [jniBridge:377] 1initServer isSendBroadCast=3
12-14 03:27:37.670 2732 2732 D hpplay-base: [jniBridge:380] 1initServer broadcastDirection=0
12-14 03:27:37.670 2732 2732 D hpplay-base: [jniBridge:382] 1initServer ipBroadcast direction=0
12-14 03:27:37.670 2732 2732 D hpplay-base: [jniBridge:387] 1initServer tunnel=3
12-14 03:27:37.670 2732 2732 D hpplay-base: [jniBridge:390] 1initServer drainage=0
12-14 03:27:37.670 2732 2732 D hpplay-base: [jniBridge:401] 1initServer mDNSEnable=1
12-14 03:27:37.670 2732 2732 D hpplay-base: [jniBridge:406] 1initServer nSockWaitTimeOut=45
12-14 03:27:37.670 2732 2732 D hpplay-base: [jniBridge:410] 1initServer nMirrorAudioVideoSync=0
12-14 03:27:37.670 2732 2732 I hpplay-base: [sign_check:168] checkSign strPackageName:com.hht.lebocast
12-14 03:27:37.670 2732 2732 I hpplay-base: [sign_check:169] checkSign buildType:release
12-14 03:27:37.670 2732 2732 I hpplay-base: [sign_check:170] checkSign appKey:21409
12-14 03:27:37.670 2732 2732 D hpplay-base: [LelinkBase:405] bridgeInit port: 0, lelinkfp: 0
12-14 03:27:37.670 2732 2732 D hpplay-base: [LelinkBase:462] bridgeInit mPackagePath =/data/user/0/com.hht.lebocast
12-14 03:27:37.670 2732 2732 D hpplay-base: [LelinkBase:463] bridgeInit mKeyPath =/data/user/0/com.hht.lebocast/files/hpplay/file
12-14 03:27:37.670 2732 2732 D hpplay-base: [SinkContext:97] initSinkContext mPackagePath =/data/user/0/com.hht.lebocast
12-14 03:27:37.670 2732 2732 D hpplay-base: [SinkContext:98] initSinkContext mKeyPath =/data/user/0/com.hht.lebocast/files/hpplay/file
12-14 03:27:37.670 2732 2732 D hpplay-base: [jniBridge:478] Java_com_hpplay_sdk_sink_protocol_Bridge__1initServer end
12-14 03:27:37.670 2732 2732 D hpplay-base: [jniBridge:869] Bridge__1startServer status:1
12-14 03:27:37.671 2732 2732 D hpplay-base: [LelinkBase:492] startAllServer at base
12-14 03:27:37.672 2732 2732 D hpplay-base: [lelinkSinkServer:152] httpPlugins_SetServerPort TYPE_SERVER_LELINK:52266
12-14 03:27:37.672 2732 2732 D hpplay-base: [network.c:362] protocol bind host :192.168.0.18 port:52266 curent bind port:52266
12-14 03:27:37.672 2732 2732 D hpplay-base: [lelinkSinkServer:681] HTTP Server real at:52266
12-14 03:27:37.672 2732 5022 D hpplay-base: [lelinkSinkServer:644] Connected Service Type:0
12-14 03:27:37.672 2732 2732 D hpplay-base: [ScreenStream:1285] current bind port:7100
12-14 03:27:37.672 2732 5022 I hpplay-base: : (server.c.315) startServer listen_ing....:
12-14 03:27:37.672 2732 5022 D hpplay-base: [Server:371] startHttpServer srv_sockets.used:1 nCurrentFd:68, tid is 5022
12-14 03:27:37.672 2732 2732 D hpplay-base: [LelinkBase:515] startAllServer pBaseContext->config.dlnaEnable:1
12-14 03:27:37.672 2732 2732 D hpplay-base: [lelinkDlna:324] addDMRCallback end
12-14 03:27:37.672 2732 5023 D hpplay-base: [stream_mirror_compat:759] compat mirror stream begin to run,server fd:69,thread_id:3136106944!!
12-14 03:27:37.674 2732 2732 E hpplay-base-dlna: miniserver.c:788::dlna_port(ipv4: 49152 ipv6:0)
01-01 10:02:04.837 0 0 D : mv2112_read_status
01-01 10:02:04.838 0 0 D mv2112_update_link: 3.0x901(1G): 0x80
01-01 10:02:04.838 0 0 D mv2112_update_link: 3.0x8109(100M): 0x8
01-01 10:02:04.838 0 0 D mv2112_update_link: link 0x0
01-01 10:02:04.838 0 0 D mv2112_read_status: autoneg is disabled
12-14 03:27:37.725 2732 2732 D hpplay-base-dlna: [lebodlna-dlnaframe:166] succeed to load lebodlnaplugin
12-14 03:27:37.725 2732 2732 D hpplay-base-dlna: [lebodlna-dlnaframe:232] Succeed to load specified plugin:lebodlna_plugin
12-14 03:27:37.725 2732 2732 D hpplay-base: [lelinkDlna:328] startDLNAServer ret=0
12-14 03:27:37.725 2732 2732 D hpplay-base: [LelinkBase:531] startDLNAServer ret= 0
12-14 03:27:37.725 2732 2732 D hpplay-base: [lelinkDlna:342] setDMRFriendlyName 高合娱乐副屏
12-14 03:27:37.725 2732 2732 D hpplay-base-dlna: [lebodlna-dlna_android:136] setBroadcastTimeout mBroadcastTimeOut=66 status=3!
12-14 03:27:37.725 2732 2732 D hpplay-base-dlna: [lebodlna_api:32] start DMR
12-14 03:27:37.725 2732 2732 D hpplay-base-dlna: [UpnpDefine:434] RegisterDMRender invalid lelink info
12-14 03:27:37.725 2732 2732 D hpplay-base-dlna: [UpnpDefine:467] DLNA DEFAULT_DESCRIPTION
12-14 03:27:37.728 2732 2732 E hpplay-base-dlna: upnpapi.c:1078::Exiting RegisterRootDevice2 *Hnd =1, return value == 0
12-14 03:27:37.728 2732 2732 D hpplay-base-dlna: [CUpnpDevice:41] Register Root Device 2:0
12-14 03:27:37.728 2732 2732 D hpplay-base-dlna: [UpnpDefine:794] ESDMRender:Register success
12-14 03:27:37.729 2732 2732 D hpplay-base-dlna: [lebodlna_api:41] sendBroadcast mBroadcastTimeOut=3
12-14 03:27:37.729 2732 2732 D hpplay-base-dlna: [lebodlna_api:44] sendBroadcast timeout=66
12-14 03:27:37.789 2732 2732 D hpplay-base: [lelinkDlna:361] startDLNADevice dlnaManufacturer:0 ret=0
12-14 03:27:37.789 2732 2732 D hpplay-base: [LelinkBase:535] lelinkSetDlnaInfo ret= 0
12-14 03:27:37.789 2732 2732 D hpplay-base: [LelinkBase:547] startAllServer pBaseContext->config.mDNSEnable:1
12-14 03:27:37.790 2732 2732 D hpplay-base: [base_mdns:509] mdns net.hostname:
12-14 03:27:37.790 2732 2732 D hpplay-base: [base_mdns:529] mdns namelabel:-00-80-0F-74-31-00
12-14 03:27:37.790 2732 2732 D hpplay-base: [base_mdns:509] mdns net.hostname:
12-14 03:27:37.791 2732 2732 D hpplay-base: [base_mdns:529] mdns namelabel:-00-80-0F-74-31-00
12-14 03:27:37.791 2732 2732 D hpplay-base: [mdns:813] mdns start bind port:0
12-14 03:27:37.795 2732 2732 D hpplay-base: [mdns:813] mdns start bind port:5353
12-14 03:27:37.795 2732 2732 D hpplay-base: [mdns:813] mdns start bind port:5353
12-14 03:27:37.795 2732 2732 D hpplay-base: [mdns:813] mdns start bind port:5353
12-14 03:27:37.796 2732 2732 D hpplay-base: [mdns:813] mdns start bind port:5353
12-14 03:27:37.796 2732 2732 D hpplay-base: [mdns:813] mdns start bind port:5353
12-14 03:27:37.796 2732 2732 D hpplay-base: [mdns:813] mdns start bind port:5353
12-14 03:27:37.796 2732 2732 D hpplay-base: [mdns:813] mdns start bind port:5353
12-14 03:27:37.796 2732 2732 I hpplay-base: [mDNSEmbeded:57] embedded_mDNSInit stopmDNSNow:0 status:0
12-14 03:27:37.797 2732 2732 D hpplay-base: [mDNSEmbeded:436] startmDNSServer end nRet=0
12-14 03:27:37.797 2732 2732 D hpplay-base: [LelinkBase:555] lelink broadcast_on_off:1 log2java_on_off:1
12-14 03:27:37.797 2732 5041 D hpplay-base: [LelinkMDNS:729] leboAuthorizationCheck strUuid=a6:9c:94:7f:fd:36000000000000000
12-14 03:27:37.797 2732 5041 D hpplay-base: [LelinkMDNS:730] leboAuthorizationCheck mPermissionDid=a6:9c:94:7f:fd:36000000000000000
12-14 03:27:37.797 2732 5041 D hpplay-base: [LelinkMDNS:755] leboAuthorizationCheck mPermissionMac=a6:9c:94:7f:fd:36000000000000000
12-14 03:27:37.797 2732 5042 I hpplay-base: [mDNSEmbeded:268] start lelink publish server, tid is 5042
12-14 03:27:37.797 2732 2732 D hpplay-base: [AEventUtils:595] request to start event handle service!!
12-14 03:27:37.797 2732 2732 D hpplay-base: [AEventUtils:603] start_event_handle_service,begin to run!!
12-14 03:27:37.797 2732 5043 D hpplay-base: [mDNSEmbeded:197] http_port bind check 197 http_port_check
12-14 03:27:37.798 2732 2732 D hpplay-base: [REventUtils:210] start_event_handle_service,begin to run!!
12-14 03:27:37.798 2732 2732 D hpplay-base: [LelinkBase:576] startAllServer success .
12-14 03:27:37.798 2732 5045 D hpplay-base: [REventUtils:59] create handleREventThread thread ok!!,tid is 5045
12-14 03:27:37.798 2732 2732 D hpplay-base: [jniBridge:894] startDlna_link:http://192.168.0.18:49152/description.xml
12-14 03:27:37.798 2732 5046 D hpplay-base: [jniBridge:1081] notifyJavaDlnalink:http://192.168.0.18:49152/description.xml
12-14 03:27:37.798 2732 5046 D hpplay-base: [jniBridge:1726] notifyJava, what:207, castType:0, mimeType:0 baseStatus:2
12-14 03:27:37.798 2732 5046 D hpplay-base: [jniBridge:1727] notifyJava sessionID:(null)
12-14 03:27:37.798 2732 5044 D hpplay-base: [AEventUtils:171] create handle AEvent thread ok!!,tid is 5044
12-14 03:27:37.799 2732 5046 I hpplay-java: [Thread-67]:Bridge:notify: what: 207
12-14 03:27:37.800 2732 5043 D hpplay-base: [mDNSEmbeded:217] http_port bind check 217 http_port_check
12-14 03:27:37.800 2732 5043 D hpplay-base: [mDNSEmbeded:222] http_port bind check 222 http_port_check
12-14 03:27:37.801 2732 5046 I hpplay-java: [Thread-67]:Bridge:notify: out: OutParameters:{audioSessionId=-1, audiotrackIndex=0, castHandleType=-1, castType=0, deviceName='http://192.168.0.18:49152/description.xml', dlnaName='', dramaID='', extra=0, frameHandleType=-1, handleInside=true, headduration=0, header='', headers=null, isAD=false, isMultiMirror=false, lelinkVer='', limitTime=0, , mediaAlbum='null', mediaAlbumArtURI='', mediaArtist='null', mediaAssets='', mediaTitle='null', mimeType=0, multiSession=null, period=0, pinCode='', playSpeed=0.0, playerChoice=0, plugin=0, port=0, position=0.0, positionUnit=2, protocol=0, realSessionID='', regType='', , sinkIp='', sourceAPPVersion='', sourceChannel='', sourceClientInfo='', sourceDeviceInfo='', sourceDeviceModel='', sourceDeviceName='', sourceDeviceType=0, sourceHID='', , sourceInfo='', , , sourceOSVersion='', sourceSDKVersion='', sourceUid='', stopDetail=0, stopReason=0, tailduration=0, url='', urlID='', urls=null, userAgent='', videoDecoder=0, volume=0, what=207}com.hpplay.sdk.sink.protocol.OutParameters@e1d323d
12-14 03:27:37.801 2732 5046 I hpplay-java: [Thread-67]:Bridge:notify: address:267070002
12-14 03:27:37.802 2732 5043 D hpplay-base: [mDNSEmbeded:234] http_port bind check 234 http_port_check port:52266
12-14 03:27:37.802 2732 5043 D hpplay-base: [mDNSEmbeded:237] http_port bind check 237 http_port_check
12-14 03:27:37.803 2732 5048 D hpplay-base: [lelinkSinkServer:93] new client connection from 127.0.0.1 63164, fd=127
12-14 03:27:37.803 2732 5048 D hpplay-base: [SinkContext:137] addSinkContextSession,begin to run!!
12-14 03:27:37.803 2732 5048 D hpplay-base: [SinkContext:142] addSinkContextSession,begin to get lock!!
12-14 03:27:37.803 2732 5048 D hpplay-base: [SinkContext:144] addSinkContextSession,get lock ok!!
12-14 03:27:37.803 2732 5048 D hpplay-base: [SinkContext:149] addSinkContextSession,session list is null,begin to malloc!!
12-14 03:27:37.803 2732 5048 D hpplay-base: [SinkContext:156] addSinkContextSession,begin to update!!
12-14 03:27:37.803 2732 5048 D hpplay-base: [SinkContext:160] addSinkContextSession,begin to update header!!
12-14 03:27:37.803 2732 5048 D hpplay-base: [SinkContext:172] addSinkContextSession,begin to unlock!!
12-14 03:27:37.803 2732 5048 D hpplay-base: [SinkContext:174] addSinkContextSession,unlock ok!!
12-14 03:27:37.803 2732 5048 D hpplay-base: [LelinkReceiver:4908] get ping !!!
12-14 03:27:37.804 2732 5043 D hpplay-base: [mDNSEmbeded:240] http_port bind check 240 http_port_check recieved:64
12-14 03:27:37.804 2732 5043 D hpplay-base: [mDNSEmbeded:243] http_port bind check 243 http_port_check
12-14 03:27:37.804 2732 5043 D hpplay-base: [mDNSEmbeded:244] http_port bind check ok!
12-14 03:27:37.907 639 654 I mpu_uart: [MSG-P:RECV]:No message received in 1000 ms
12-14 03:27:37.941 2392 4610 I OpenGLRenderer: Davey! duration=9223371710737ms; Flags=0, FrameTimelineVsyncId=6853, IntendedVsync=326116822630, Vsync=326116822630, InputEventId=0, HandleInputStart=326117655186, AnimationStart=326117660291, PerformTraversalsStart=326117663051, DrawStart=326142336749, FrameDeadline=326150155962, FrameInterval=326117640811, FrameStartTime=16666666, SyncQueued=326143411801, SyncStart=326143649978, IssueDrawCommandsStart=326144723520, SwapBuffers=326147451436, FrameCompleted=9223372036854775807, DequeueBufferDuration=50313, QueueBufferDuration=1173437, GpuCompleted=9223372036854775807, SwapBuffersCompleted=326149213936, DisplayPresentTime=0,
12-14 03:27:38.005 2732 5048 I hpplay-base: [LelinkReceiver:14605] _connectionFinalize (127)
12-14 03:27:38.005 2732 5048 D hpplay-base: [LelinkReceiver:14752] ###connectionFinalize,release ok!!###
12-14 03:27:38.111 0 0 W swapper/0: type=1400 audit(0.0:760): avc: denied { kill } for capability=5 scontext=u:r:kernel:s0 tcontext=u:r:kernel:s0 tclass=capability permissive=0
12-14 03:27:38.656 2732 4963 W hpplay-java: [AsyncTask #105]:HttpRequest:
12-14 03:27:38.658 2732 4963 W hpplay-java: [AsyncTask #105]:HttpRequest:
12-14 03:27:38.660 2732 4963 W hpplay-java: [AsyncTask #105]:HttpRequest:
01-01 10:02:05.858 0 0 D : mv2112_read_status
01-01 10:02:05.858 0 0 D mv2112_update_link: 3.0x901(1G): 0x80
01-01 10:02:05.858 0 0 D mv2112_update_link: 3.0x8109(100M): 0x8
01-01 10:02:05.858 0 0 D mv2112_update_link: link 0x0
01-01 10:02:05.858 0 0 D mv2112_read_status: autoneg is disabled
12-14 03:27:38.908 639 654 I mpu_uart: [MSG-P:RECV]:No message received in 1000 ms
12-14 03:27:38.943 2392 4610 I OpenGLRenderer: Davey! duration=9223371709733ms; Flags=0, FrameTimelineVsyncId=6862, IntendedVsync=327121493691, Vsync=327121493691, InputEventId=0, HandleInputStart=327122595967, AnimationStart=327122599769, PerformTraversalsStart=327122602530, DrawStart=327144828103, FrameDeadline=327154827023, FrameInterval=327122583519, FrameStartTime=16666666, SyncQueued=327145836540, SyncStart=327146043884, IssueDrawCommandsStart=327146896905, SwapBuffers=327149418467, FrameCompleted=9223372036854775807, DequeueBufferDuration=44583, QueueBufferDuration=874479, GpuCompleted=9223372036854775807, SwapBuffersCompleted=327150807999, DisplayPresentTime=0,
12-14 03:27:39.111 0 0 W swapper/0: type=1400 audit(0.0:761): avc: denied { kill } for capability=5 scontext=u:r:kernel:s0 tcontext=u:r:kernel:s0 tclass=capability permissive=0
01-01 10:02:06.881 0 0 D : mv2112_read_status
01-01 10:02:06.882 0 0 D mv2112_update_link: 3.0x901(1G): 0x80
01-01 10:02:06.882 0 0 D mv2112_update_link: 3.0x8109(100M): 0x8
01-01 10:02:06.882 0 0 D mv2112_update_link: link 0x0
01-01 10:02:06.882 0 0 D mv2112_read_status: autoneg is disabled
12-14 03:27:39.908 639 654 I mpu_uart: [MSG-P:RECV]:No message received in 1000 ms
12-14 03:27:39.946 2392 5008 I OpenGLRenderer: Davey! duration=9223371708733ms; Flags=0, FrameTimelineVsyncId=6868, IntendedVsync=328121591867, Vsync=328121591867, InputEventId=0, HandleInputStart=328122354561, AnimationStart=328122358884, PerformTraversalsStart=328122361384, DrawStart=328144247634, FrameDeadline=328154925199, FrameInterval=328122344509, FrameStartTime=16666666, SyncQueued=328145151644, SyncStart=328145219613, IssueDrawCommandsStart=328145905446, SwapBuffers=328148189925, FrameCompleted=9223372036854775807, DequeueBufferDuration=33854, QueueBufferDuration=794063, GpuCompleted=9223372036854775807, SwapBuffersCompleted=328149453206, DisplayPresentTime=0,
12-14 03:27:40.105 639 653 I mpu_uart: [MSG-P:R]:recv sync frame timeout
12-14 03:27:40.111 0 0 W swapper/0: type=1400 audit(0.0:762): avc: denied { kill } for capability=5 scontext=u:r:kernel:s0 tcontext=u:r:kernel:s0 tclass=capability permissive=0
01-01 10:02:07.905 0 0 D : mv2112_read_status
01-01 10:02:07.906 0 0 D mv2112_update_link: 3.0x901(1G): 0x80
01-01 10:02:07.906 0 0 D mv2112_update_link: 3.0x8109(100M): 0x8
01-01 10:02:07.906 0 0 D mv2112_update_link: link 0x0
01-01 10:02:07.906 0 0 D mv2112_read_status: autoneg is disabled
12-14 03:27:40.908 639 654 I mpu_uart: [MSG-P:RECV]:No message received in 1000 ms
