12-14 03:24:44.362 2732 2732 D hpplay-base: [network.c:362] protocol bind host :192.168.0.18 port:52266 curent bind port:52266
12-14 03:24:44.362 2732 2732 D hpplay-base: [lelinkSinkServer:681] HTTP Server real at:52266
12-14 03:24:44.362 2732 4413 D hpplay-base: [lelinkSinkServer:644] Connected Service Type:0
12-14 03:24:44.362 2732 2732 D hpplay-base: [ScreenStream:1285] current bind port:7100
12-14 03:24:44.362 2732 4413 I hpplay-base: : (server.c.315) startServer listen_ing....:
12-14 03:24:44.362 2732 4413 D hpplay-base: [Server:371] startHttpServer srv_sockets.used:1 nCurrentFd:67, tid is 4413
12-14 03:24:44.362 2732 2732 D hpplay-base: [LelinkBase:515] startAllServer pBaseContext->config.dlnaEnable:1
12-14 03:24:44.362 2732 2732 D hpplay-base: [lelinkDlna:324] addDMRCallback end
12-14 03:24:44.362 2732 4414 D hpplay-base: [stream_mirror_compat:759] compat mirror stream begin to run,server fd:68,thread_id:3164922304!!
12-14 03:24:44.364 2732 2732 E hpplay-base-dlna: miniserver.c:788::dlna_port(ipv4: 49152 ipv6:0)
12-14 03:24:44.365 2732 2732 D hpplay-base-dlna: [lebodlna-dlnaframe:166] succeed to load lebodlnaplugin
12-14 03:24:44.365 2732 2732 D hpplay-base-dlna: [lebodlna-dlnaframe:232] Succeed to load specified plugin:lebodlna_plugin
12-14 03:24:44.365 2732 2732 D hpplay-base: [lelinkDlna:328] startDLNAServer ret=0
12-14 03:24:44.365 2732 2732 D hpplay-base: [LelinkBase:531] startDLNAServer ret= 0
12-14 03:24:44.365 2732 2732 D hpplay-base: [lelinkDlna:342] setDMRFriendlyName 高合娱乐副屏
12-14 03:24:44.365 2732 2732 D hpplay-base-dlna: [lebodlna-dlna_android:136] setBroadcastTimeout mBroadcastTimeOut=66 status=3!
12-14 03:24:44.365 2732 2732 D hpplay-base-dlna: [lebodlna_api:32] start DMR
12-14 03:24:44.365 2732 2732 D hpplay-base-dlna: [UpnpDefine:434] RegisterDMRender invalid lelink info
12-14 03:24:44.365 2732 2732 D hpplay-base-dlna: [UpnpDefine:467] DLNA DEFAULT_DESCRIPTION
12-14 03:24:44.366 2732 2732 E hpplay-base-dlna: upnpapi.c:1078::Exiting RegisterRootDevice2 *Hnd =1, return value == 0
12-14 03:24:44.366 2732 2732 D hpplay-base-dlna: [CUpnpDevice:41] Register Root Device 2:0
12-14 03:24:44.366 2732 2732 D hpplay-base-dlna: [UpnpDefine:794] ESDMRender:Register success
12-14 03:24:44.366 2732 2732 D hpplay-base-dlna: [lebodlna_api:41] sendBroadcast mBroadcastTimeOut=3
12-14 03:24:44.366 2732 2732 D hpplay-base-dlna: [lebodlna_api:44] sendBroadcast timeout=66
12-14 03:24:44.421 2732 2732 D hpplay-base: [lelinkDlna:361] startDLNADevice dlnaManufacturer:0 ret=0
12-14 03:24:44.421 2732 2732 D hpplay-base: [LelinkBase:535] lelinkSetDlnaInfo ret= 0
12-14 03:24:44.421 2732 2732 D hpplay-base: [LelinkBase:547] startAllServer pBaseContext->config.mDNSEnable:1
12-14 03:24:44.421 2732 2732 D hpplay-base: [base_mdns:509] mdns net.hostname:
12-14 03:24:44.421 2732 2732 D hpplay-base: [base_mdns:529] mdns namelabel:-00-80-0F-74-31-00
12-14 03:24:44.421 2732 2732 D hpplay-base: [base_mdns:509] mdns net.hostname:
12-14 03:24:44.421 2732 2732 D hpplay-base: [base_mdns:529] mdns namelabel:-00-80-0F-74-31-00
12-14 03:24:44.421 2732 2732 D hpplay-base: [mdns:813] mdns start bind port:0
12-14 03:24:44.422 2732 2732 D hpplay-base: [mdns:813] mdns start bind port:5353
12-14 03:24:44.422 2732 2732 D hpplay-base: [mdns:813] mdns start bind port:5353
12-14 03:24:44.422 2732 2732 D hpplay-base: [mdns:813] mdns start bind port:5353
12-14 03:24:44.423 2732 2732 D hpplay-base: [mdns:813] mdns start bind port:5353
12-14 03:24:44.424 2732 2732 D hpplay-base: [mdns:813] mdns start bind port:5353
12-14 03:24:44.424 2732 2732 D hpplay-base: [mdns:813] mdns start bind port:5353
12-14 03:24:44.424 2732 2732 D hpplay-base: [mdns:813] mdns start bind port:5353
12-14 03:24:44.424 2732 2732 I hpplay-base: [mDNSEmbeded:57] embedded_mDNSInit stopmDNSNow:0 status:0
12-14 03:24:44.424 2732 2732 D hpplay-base: [mDNSEmbeded:436] startmDNSServer end nRet=0
12-14 03:24:44.424 2732 2732 D hpplay-base: [LelinkBase:555] lelink broadcast_on_off:1 log2java_on_off:1
12-14 03:24:44.425 2732 4428 D hpplay-base: [LelinkMDNS:729] leboAuthorizationCheck strUuid=a6:9c:94:7f:fd:36000000000000000
12-14 03:24:44.425 2732 4428 D hpplay-base: [LelinkMDNS:730] leboAuthorizationCheck mPermissionDid=a6:9c:94:7f:fd:36000000000000000
12-14 03:24:44.425 2732 4428 D hpplay-base: [LelinkMDNS:755] leboAuthorizationCheck mPermissionMac=a6:9c:94:7f:fd:36000000000000000
12-14 03:24:44.425 2732 4429 I hpplay-base: [mDNSEmbeded:268] start lelink publish server, tid is 4429
12-14 03:24:44.425 2732 2732 D hpplay-base: [AEventUtils:595] request to start event handle service!!
12-14 03:24:44.425 2732 2732 D hpplay-base: [AEventUtils:603] start_event_handle_service,begin to run!!
12-14 03:24:44.425 2732 4430 D hpplay-base: [mDNSEmbeded:197] http_port bind check 197 http_port_check
12-14 03:24:44.425 2732 2732 D hpplay-base: [REventUtils:210] start_event_handle_service,begin to run!!
12-14 03:24:44.425 2732 2732 D hpplay-base: [LelinkBase:576] startAllServer success .
12-14 03:24:44.426 2732 2732 D hpplay-base: [jniBridge:894] startDlna_link:http://192.168.0.18:49152/description.xml
12-14 03:24:44.426 2732 4431 D hpplay-base: [AEventUtils:171] create handle AEvent thread ok!!,tid is 4431
12-14 03:24:44.426 2732 4433 D hpplay-base: [jniBridge:1081] notifyJavaDlnalink:http://192.168.0.18:49152/description.xml
12-14 03:24:44.426 2732 4432 D hpplay-base: [REventUtils:59] create handleREventThread thread ok!!,tid is 4432
12-14 03:24:44.426 2732 4433 D hpplay-base: [jniBridge:1726] notifyJava, what:207, castType:0, mimeType:0 baseStatus:2
12-14 03:24:44.426 2732 4433 D hpplay-base: [jniBridge:1727] notifyJava sessionID:(null)
12-14 03:24:44.427 2732 4433 I hpplay-java: [Thread-31]:Bridge:notify: what: 207
12-14 03:24:44.428 2732 4433 I hpplay-java: [Thread-31]:Bridge:notify: out: OutParameters:{audioSessionId=-1, audiotrackIndex=0, castHandleType=-1, castType=0, deviceName='http://192.168.0.18:49152/description.xml', dlnaName='', dramaID='', extra=0, frameHandleType=-1, handleInside=true, headduration=0, header='', headers=null, isAD=false, isMultiMirror=false, lelinkVer='', limitTime=0, , mediaAlbum='null', mediaAlbumArtURI='', mediaArtist='null', mediaAssets='', mediaTitle='null', mimeType=0, multiSession=null, period=0, pinCode='', playSpeed=0.0, playerChoice=0, plugin=0, port=0, position=0.0, positionUnit=2, protocol=0, realSessionID='', regType='', , sinkIp='', sourceAPPVersion='', sourceChannel='', sourceClientInfo='', sourceDeviceInfo='', sourceDeviceModel='', sourceDeviceName='', sourceDeviceType=0, sourceHID='', , sourceInfo='', , , sourceOSVersion='', sourceSDKVersion='', sourceUid='', stopDetail=0, stopReason=0, tailduration=0, url='', urlID='', urls=null, userAgent='', videoDecoder=0, volume=0, what=207}com.hpplay.sdk.sink.protocol.OutParameters@b89273e
12-14 03:24:44.428 2732 4433 I hpplay-java: [Thread-31]:Bridge:notify: address:189712799
12-14 03:24:44.429 2732 4430 D hpplay-base: [mDNSEmbeded:217] http_port bind check 217 http_port_check
12-14 03:24:44.429 2732 4430 D hpplay-base: [mDNSEmbeded:222] http_port bind check 222 http_port_check
12-14 03:24:44.431 2732 4430 D hpplay-base: [mDNSEmbeded:234] http_port bind check 234 http_port_check port:52266
12-14 03:24:44.431 2732 4430 D hpplay-base: [mDNSEmbeded:237] http_port bind check 237 http_port_check
12-14 03:24:44.431 2732 4435 D hpplay-base: [lelinkSinkServer:93] new client connection from 127.0.0.1 53948, fd=108
12-14 03:24:44.431 2732 4435 D hpplay-base: [SinkContext:137] addSinkContextSession,begin to run!!
12-14 03:24:44.431 2732 4435 D hpplay-base: [SinkContext:142] addSinkContextSession,begin to get lock!!
12-14 03:24:44.431 2732 4435 D hpplay-base: [SinkContext:144] addSinkContextSession,get lock ok!!
12-14 03:24:44.431 2732 4435 D hpplay-base: [SinkContext:149] addSinkContextSession,session list is null,begin to malloc!!
12-14 03:24:44.431 2732 4435 D hpplay-base: [SinkContext:156] addSinkContextSession,begin to update!!
12-14 03:24:44.431 2732 4435 D hpplay-base: [SinkContext:160] addSinkContextSession,begin to update header!!
12-14 03:24:44.431 2732 4435 D hpplay-base: [SinkContext:172] addSinkContextSession,begin to unlock!!
12-14 03:24:44.431 2732 4435 D hpplay-base: [SinkContext:174] addSinkContextSession,unlock ok!!
12-14 03:24:44.431 2732 4435 D hpplay-base: [LelinkReceiver:4908] get ping !!!
12-14 03:24:44.432 2732 4430 D hpplay-base: [mDNSEmbeded:240] http_port bind check 240 http_port_check recieved:64
12-14 03:24:44.432 2732 4430 D hpplay-base: [mDNSEmbeded:243] http_port bind check 243 http_port_check
12-14 03:24:44.432 2732 4430 D hpplay-base: [mDNSEmbeded:244] http_port bind check ok!
12-14 03:24:44.632 2732 4435 I hpplay-base: [LelinkReceiver:14605] _connectionFinalize (108)
12-14 03:24:44.632 2732 4435 D hpplay-base: [LelinkReceiver:14752] ###connectionFinalize,release ok!!###
01-01 09:59:11.777 0 0 D : mv2112_read_status
01-01 09:59:11.778 0 0 D mv2112_update_link: 3.0x901(1G): 0x80
01-01 09:59:11.778 0 0 D mv2112_update_link: 3.0x8109(100M): 0x8
01-01 09:59:11.778 0 0 D mv2112_update_link: link 0x0
01-01 09:59:11.778 0 0 D mv2112_read_status: autoneg is disabled
12-14 03:24:44.834 639 654 I mpu_uart: [MSG-P:RECV]:No message received in 1000 ms
12-14 03:24:45.111 0 0 W swapper/3: type=1400 audit(0.0:387): avc: denied { kill } for capability=5 scontext=u:r:kernel:s0 tcontext=u:r:kernel:s0 tclass=capability permissive=0
12-14 03:24:45.375 2732 4358 W hpplay-java: [AsyncTask #38]:HttpRequest:
12-14 03:24:45.377 2732 4358 W hpplay-java: [AsyncTask #38]:HttpRequest:
12-14 03:24:45.378 2732 4358 W hpplay-java: [AsyncTask #38]:HttpRequest:
01-01 09:59:12.801 0 0 D : mv2112_read_status
01-01 09:59:12.802 0 0 D mv2112_update_link: 3.0x901(1G): 0x80
01-01 09:59:12.802 0 0 D mv2112_update_link: 3.0x8109(100M): 0x8
01-01 09:59:12.802 0 0 D mv2112_update_link: link 0x0
01-01 09:59:12.802 0 0 D mv2112_read_status: autoneg is disabled
12-14 03:24:45.834 639 654 I mpu_uart: [MSG-P:RECV]:No message received in 1000 ms
12-14 03:24:45.913 639 653 I mpu_uart: [MSG-P:R]:recv sync frame timeout
12-14 03:24:46.111 0 0 W swapper/3: type=1400 audit(0.0:388): avc: denied { kill } for capability=5 scontext=u:r:kernel:s0 tcontext=u:r:kernel:s0 tclass=capability permissive=0
01-01 09:59:13.825 0 0 D : mv2112_read_status
01-01 09:59:13.826 0 0 D mv2112_update_link: 3.0x901(1G): 0x80
01-01 09:59:13.826 0 0 D mv2112_update_link: 3.0x8109(100M): 0x8
01-01 09:59:13.826 0 0 D mv2112_update_link: link 0x0
01-01 09:59:13.826 0 0 D mv2112_read_status: autoneg is disabled
12-14 03:24:46.835 639 654 I mpu_uart: [MSG-P:RECV]:No message received in 1000 ms
12-14 03:24:47.111 0 0 W swapper/3: type=1400 audit(0.0:389): avc: denied { kill } for capability=5 scontext=u:r:kernel:s0 tcontext=u:r:kernel:s0 tclass=capability permissive=0
01-01 09:59:14.849 0 0 D : mv2112_read_status
01-01 09:59:14.850 0 0 D mv2112_update_link: 3.0x901(1G): 0x80
01-01 09:59:14.850 0 0 D mv2112_update_link: 3.0x8109(100M): 0x8
01-01 09:59:14.850 0 0 D mv2112_update_link: link 0x0
01-01 09:59:14.850 0 0 D mv2112_read_status: autoneg is disabled
12-14 03:24:47.835 639 654 I mpu_uart: [MSG-P:RECV]:No message received in 1000 ms
12-14 03:24:48.111 0 0 W swapper/3: type=1400 audit(0.0:390): avc: denied { kill } for capability=5 scontext=u:r:kernel:s0 tcontext=u:r:kernel:s0 tclass=capability permissive=0
01-01 09:59:15.873 0 0 D : mv2112_read_status
01-01 09:59:15.874 0 0 D mv2112_update_link: 3.0x901(1G): 0x80
01-01 09:59:15.874 0 0 D mv2112_update_link: 3.0x8109(100M): 0x8
01-01 09:59:15.874 0 0 D mv2112_update_link: link 0x0
01-01 09:59:15.874 0 0 D mv2112_read_status: autoneg is disabled
12-14 03:24:48.836 639 654 I mpu_uart: [MSG-P:RECV]:No message received in 1000 ms
12-14 03:24:48.916 639 653 I mpu_uart: [MSG-P:R]:recv sync frame timeout
12-14 03:24:49.111 0 0 W swapper/3: type=1400 audit(0.0:391): avc: denied { kill } for capability=5 scontext=u:r:kernel:s0 tcontext=u:r:kernel:s0 tclass=capability permissive=0
12-14 03:24:49.344 2732 2732 I hpplay-java: [main]:ServiceUpdater:upLoadServiceInfo invalid deviceCode:, port:53388
01-01 09:59:16.897 0 0 D : mv2112_read_status
01-01 09:59:16.898 0 0 D mv2112_update_link: 3.0x901(1G): 0x80
01-01 09:59:16.898 0 0 D mv2112_update_link: 3.0x8109(100M): 0x8
01-01 09:59:16.898 0 0 D mv2112_update_link: link 0x0
01-01 09:59:16.898 0 0 D mv2112_read_status: autoneg is disabled
12-14 03:24:49.836 639 654 I mpu_uart: [MSG-P:RECV]:No message received in 1000 ms
12-14 03:24:50.107 0 0 W swapper/3: type=1400 audit(0.0:392): avc: denied { kill } for capability=5 scontext=u:r:kernel:s0 tcontext=u:r:kernel:s0 tclass=capability permissive=0
01-01 09:59:17.921 0 0 D : mv2112_read_status
01-01 09:59:17.922 0 0 D mv2112_update_link: 3.0x901(1G): 0x80
01-01 09:59:17.922 0 0 D mv2112_update_link: 3.0x8109(100M): 0x8
01-01 09:59:17.922 0 0 D mv2112_update_link: link 0x0
01-01 09:59:17.922 0 0 D mv2112_read_status: autoneg is disabled
12-14 03:24:50.837 639 654 I mpu_uart: [MSG-P:RECV]:No message received in 1000 ms
12-14 03:24:51.111 0 0 W swapper/3: type=1400 audit(0.0:393): avc: denied { kill } for capability=5 scontext=u:r:kernel:s0 tcontext=u:r:kernel:s0 tclass=capability permissive=0
01-01 09:59:18.945 0 0 D : mv2112_read_status
01-01 09:59:18.946 0 0 D mv2112_update_link: 3.0x901(1G): 0x80
01-01 09:59:18.946 0 0 D mv2112_update_link: 3.0x8109(100M): 0x8
01-01 09:59:18.946 0 0 D mv2112_update_link: link 0x0
01-01 09:59:18.946 0 0 D mv2112_read_status: autoneg is disabled
12-14 03:24:51.837 639 654 I mpu_uart: [MSG-P:RECV]:No message received in 1000 ms
12-14 03:24:51.920 639 653 I mpu_uart: [MSG-P:R]:recv sync frame timeout
12-14 03:24:52.111 0 0 W swapper/3: type=1400 audit(0.0:394): avc: denied { kill } for capability=5 scontext=u:r:kernel:s0 tcontext=u:r:kernel:s0 tclass=capability permissive=0
01-01 09:59:19.969 0 0 D : mv2112_read_status
01-01 09:59:19.970 0 0 D mv2112_update_link: 3.0x901(1G): 0x80
01-01 09:59:19.970 0 0 D mv2112_update_link: 3.0x8109(100M): 0x8
01-01 09:59:19.970 0 0 D mv2112_update_link: link 0x0
01-01 09:59:19.970 0 0 D mv2112_read_status: autoneg is disabled
12-14 03:24:52.837 639 654 I mpu_uart: [MSG-P:RECV]:No message received in 1000 ms
12-14 03:24:53.111 0 0 W swapper/3: type=1400 audit(0.0:395): avc: denied { kill } for capability=5 scontext=u:r:kernel:s0 tcontext=u:r:kernel:s0 tclass=capability permissive=0
12-14 03:24:53.838 639 654 I mpu_uart: [MSG-P:RECV]:No message received in 1000 ms
01-01 09:59:20.993 0 0 D : mv2112_read_status
01-01 09:59:20.994 0 0 D mv2112_update_link: 3.0x901(1G): 0x80
01-01 09:59:20.994 0 0 D mv2112_update_link: 3.0x8109(100M): 0x8
01-01 09:59:20.994 0 0 D mv2112_update_link: link 0x0
01-01 09:59:20.994 0 0 D mv2112_read_status: autoneg is disabled
12-14 03:24:54.111 0 0 W swapper/3: type=1400 audit(0.0:396): avc: denied { kill } for capability=5 scontext=u:r:kernel:s0 tcontext=u:r:kernel:s0 tclass=capability permissive=0
12-14 03:24:54.330 2732 2732 I hpplay-java: [main]:Upgrade:upgrade not be allowed
12-14 03:24:54.349 2732 2732 I hpplay-java: [main]:ServerBusiness:get deviceCode:
12-14 03:24:54.350 2732 2732 W hpplay-java: [main]:ServerBusiness:startDeviceService ignore,invalid deviceCode
12-14 03:24:54.838 639 654 I mpu_uart: [MSG-P:RECV]:No message received in 1000 ms
01-01 09:59:22.017 0 0 D : mv2112_read_status
01-01 09:59:22.018 0 0 D mv2112_update_link: 3.0x901(1G): 0x80
01-01 09:59:22.018 0 0 D mv2112_update_link: 3.0x8109(100M): 0x8
01-01 09:59:22.018 0 0 D mv2112_update_link: link 0x0
01-01 09:59:22.018 0 0 D mv2112_read_status: autoneg is disabled
12-14 03:24:54.923 639 653 I mpu_uart: [MSG-P:R]:recv sync frame timeout
12-14 03:24:55.111 0 0 W swapper/3: type=1400 audit(0.0:397): avc: denied { kill } for capability=5 scontext=u:r:kernel:s0 tcontext=u:r:kernel:s0 tclass=capability permissive=0
12-14 03:24:55.839 639 654 I mpu_uart: [MSG-P:RECV]:No message received in 1000 ms
01-01 09:59:23.041 0 0 D : mv2112_read_status
01-01 09:59:23.042 0 0 D mv2112_update_link: 3.0x901(1G): 0x80
01-01 09:59:23.042 0 0 D mv2112_update_link: 3.0x8109(100M): 0x8
01-01 09:59:23.042 0 0 D mv2112_update_link: link 0x0
01-01 09:59:23.042 0 0 D mv2112_read_status: autoneg is disabled
12-14 03:24:56.107 0 0 W swapper/3: type=1400 audit(0.0:398): avc: denied { kill } for capability=5 scontext=u:r:kernel:s0 tcontext=u:r:kernel:s0 tclass=capability permissive=0
12-14 03:24:56.839 639 654 I mpu_uart: [MSG-P:RECV]:No message received in 1000 ms
01-01 09:59:24.065 0 0 D : mv2112_read_status
01-01 09:59:24.066 0 0 D mv2112_update_link: 3.0x901(1G): 0x80
01-01 09:59:24.066 0 0 D mv2112_update_link: 3.0x8109(100M): 0x8
01-01 09:59:24.066 0 0 D mv2112_update_link: link 0x0
01-01 09:59:24.066 0 0 D mv2112_read_status: autoneg is disabled
12-14 03:24:57.056 4190 4190 I ScreenSaver_12: [PeriodicCallbackModel] Executing periodic callback for MINUTE because the period ended
12-14 03:24:57.107 0 0 W swapper/3: type=1400 audit(0.0:399): avc: denied { kill } for capability=5 scontext=u:r:kernel:s0 tcontext=u:r:kernel:s0 tclass=capability permissive=0
12-14 03:24:57.840 639 654 I mpu_uart: [MSG-P:RECV]:No message received in 1000 ms
12-14 03:24:57.923 639 653 I mpu_uart: [MSG-P:R]:recv sync frame timeout
01-01 09:59:25.089 0 0 D : mv2112_read_status
01-01 09:59:25.090 0 0 D mv2112_update_link: 3.0x901(1G): 0x80
01-01 09:59:25.090 0 0 D mv2112_update_link: 3.0x8109(100M): 0x8
01-01 09:59:25.090 0 0 D mv2112_update_link: link 0x0
01-01 09:59:25.090 0 0 D mv2112_read_status: autoneg is disabled
12-14 03:24:58.107 0 0 W swapper/3: type=1400 audit(0.0:400): avc: denied { kill } for capability=5 scontext=u:r:kernel:s0 tcontext=u:r:kernel:s0 tclass=capability permissive=0
12-14 03:24:58.840 639 654 I mpu_uart: [MSG-P:RECV]:No message received in 1000 ms
01-01 09:59:26.113 0 0 D : mv2112_read_status
01-01 09:59:26.114 0 0 D mv2112_update_link: 3.0x901(1G): 0x80
01-01 09:59:26.114 0 0 D mv2112_update_link: 3.0x8109(100M): 0x8
01-01 09:59:26.114 0 0 D mv2112_update_link: link 0x0
01-01 09:59:26.114 0 0 D mv2112_read_status: autoneg is disabled
12-14 03:24:59.107 0 0 W swapper/3: type=1400 audit(0.0:401): avc: denied { kill } for capability=5 scontext=u:r:kernel:s0 tcontext=u:r:kernel:s0 tclass=capability permissive=0
12-14 03:24:59.329 2732 2732 I hpplay-java: [main]:ServerTaskManager:task run out of time
12-14 03:24:59.330 2732 2732 I hpplay-java: [main]:ServerTaskManager:cancelTimeOutCheck
12-14 03:24:59.330 2732 2732 I hpplay-java: [main]:ServerTaskManager:exeTask ignore, reason: TaskList is clear
12-14 03:24:59.428 2732 4428 D hpplay-base: [LelinkMDNS:766] devicePermissionPublic leboPermissionCheck:-2
12-14 03:24:59.428 2732 4428 D hpplay-base: [jniBridge:1125] com_hpplay_sdk_sink_protocol_Bridge_WHAT_SERVER_ERROR
12-14 03:24:59.428 2732 4428 D hpplay-base: [jniBridge:1726] notifyJava, what:204, castType:0, mimeType:0 baseStatus:2
12-14 03:24:59.428 2732 4428 D hpplay-base: [jniBridge:1727] notifyJava sessionID:(null)
12-14 03:24:59.430 2732 4428 I hpplay-java: [Thread-32]:Bridge:notify: what: 204
12-14 03:24:59.432 2732 4428 I hpplay-java: [Thread-32]:Bridge:notify: out: OutParameters:{audioSessionId=-1, audiotrackIndex=0, castHandleType=-1, castType=0, deviceName='', dlnaName='', dramaID='', extra=-2002, frameHandleType=-1, handleInside=true, headduration=0, header='', headers=null, isAD=false, isMultiMirror=false, lelinkVer='', limitTime=0, , mediaAlbum='null', mediaAlbumArtURI='', mediaArtist='null', mediaAssets='', mediaTitle='null', mimeType=0, multiSession=null, period=0, pinCode='', playSpeed=0.0, playerChoice=0, plugin=0, port=0, position=0.0, positionUnit=2, protocol=0, realSessionID='', regType='', , sinkIp='', sourceAPPVersion='', sourceChannel='', sourceClientInfo='', sourceDeviceInfo='', sourceDeviceModel='', sourceDeviceName='', sourceDeviceType=0, sourceHID='', , sourceInfo='', , , sourceOSVersion='', sourceSDKVersion='', sourceUid='', stopDetail=0, stopReason=0, tailduration=0, url='', urlID='', urls=null, userAgent='', videoDecoder=0, volume=0, what=204}com.hpplay.sdk.sink.protocol.OutParameters@1f47aec
12-14 03:24:59.432 2732 4428 I hpplay-java: [Thread-32]:Bridge:notify: address:18116277
12-14 03:24:59.432 2732 4428 I hpplay-base: [mDNSEmbeded:79] embedded_mDNSLoop stopmDNSNow:0 nPublish:-2 nExitFlag:6 tid is 4428
12-14 03:24:59.433 2732 2732 I hpplay-java: [main]:Bridge:findServiceID start out: 18116277
12-14 03:24:59.433 2732 2732 I hpplay-java: [main]:Bridge:findServiceID end
12-14 03:24:59.433 2732 2732 E hpplay-java: [main]:ServerTaskManager:onError 204/-2002 com.hht.lebocast.LelinkHelper$e@b408ac8
12-14 03:24:59.433 2732 2732 I hpplay-java: [main]:ServerTaskManager:cancelTimeOutCheck
12-14 03:24:59.435 2732 2732 W hpplay-java: [main]:ServerTaskManager:onErrorDispatcher errorCode:-2002
12-14 03:24:59.435 2732 2732 I hpplay-java: [main]:ServerTaskManager:onError retry later
12-14 03:24:59.840 639 654 I mpu_uart: [MSG-P:RECV]:No message received in 1000 ms
01-01 09:59:27.137 0 0 D : mv2112_read_status
01-01 09:59:27.138 0 0 D mv2112_update_link: 3.0x901(1G): 0x80
01-01 09:59:27.138 0 0 D mv2112_update_link: 3.0x8109(100M): 0x8
01-01 09:59:27.138 0 0 D mv2112_update_link: link 0x0
01-01 09:59:27.138 0 0 D mv2112_read_status: autoneg is disabled
12-14 03:25:00.009 2363 2363 W QCC:PeriodicCI: [ERROR] Current time is wrong, status=3
12-14 03:25:00.010 2010 2010 D KeyguardUpdateMonitor: received broadcast android.intent.action.TIME_TICK
12-14 03:25:00.011 2010 2010 D KeyguardUpdateMonitor: handleTimeUpdate
12-14 03:25:00.107 0 0 W swapper/3: type=1400 audit(0.0:402): avc: denied { kill } for capability=5 scontext=u:r:kernel:s0 tcontext=u:r:kernel:s0 tclass=capability permissive=0
12-14 03:25:00.521 2732 4399 W hpplay-java: [AsyncTask #44]:HttpRequest:
12-14 03:25:00.524 2732 4399 W hpplay-java: [AsyncTask #44]:HttpRequest:
12-14 03:25:00.525 2732 4399 W hpplay-java: [AsyncTask #44]:HttpRequest:
12-14 03:25:00.840 639 654 I mpu_uart: [MSG-P:RECV]:No message received in 1000 ms
12-14 03:25:00.926 639 653 I mpu_uart: [MSG-P:R]:recv sync frame timeout
01-01 09:59:28.161 0 0 D : mv2112_read_status
01-01 09:59:28.162 0 0 D mv2112_update_link: 3.0x901(1G): 0x80
01-01 09:59:28.162 0 0 D mv2112_update_link: 3.0x8109(100M): 0x8
01-01 09:59:28.162 0 0 D mv2112_update_link: link 0x0
01-01 09:59:28.162 0 0 D mv2112_read_status: autoneg is disabled
12-14 03:25:01.107 0 0 W swapper/3: type=1400 audit(0.0:403): avc: denied { kill } for capability=5 scontext=u:r:kernel:s0 tcontext=u:r:kernel:s0 tclass=capability permissive=0
12-14 03:25:01.841 639 654 I mpu_uart: [MSG-P:RECV]:No message received in 1000 ms
01-01 09:59:29.185 0 0 D : mv2112_read_status
01-01 09:59:29.186 0 0 D mv2112_update_link: 3.0x901(1G): 0x80
01-01 09:59:29.186 0 0 D mv2112_update_link: 3.0x8109(100M): 0x8
01-01 09:59:29.186 0 0 D mv2112_update_link: link 0x0
01-01 09:59:29.186 0 0 D mv2112_read_status: autoneg is disabled
12-14 03:25:02.438 2732 2732 I hpplay-java: [main]:ServerTaskManager:restart by error
12-14 03:25:02.438 2732 2732 I hpplay-java: [main]:ServerTaskManager:startServer
12-14 03:25:02.438 2732 2732 I hpplay-java: [main]:ServerTaskManager:startServer add, reason: server is starting or running
12-14 03:25:02.439 2732 2732 I hpplay-java: [main]:ServerTaskManager:addStopTask
12-14 03:25:02.439 2732 2732 I hpplay-java: [main]:ServerTaskManager:addStartTask
12-14 03:25:02.439 2732 2732 I hpplay-java: [main]:ServerTaskManager:exeTask stopServer
12-14 03:25:02.439 2732 2732 I hpplay-java: [main]:Bridge:stopServer keepPush: false
12-14 03:25:02.439 2732 2732 D hpplay-base: [jniBridge:909] Bridge__1stopServer status:2
12-14 03:25:02.440 2732 2732 D hpplay-base: [LelinkBase:654] stopAllServer will start thread!
12-14 03:25:02.441 2732 4431 D hpplay-base: [AEventUtils:588] handle AEvent thread end!!,tid is 4431
12-14 03:25:02.441 2732 4445 I hpplay-base: [mDNSEmbeded:65] embedded_mDNSExit call
12-14 03:25:02.443 2732 4432 D hpplay-base: [REventUtils:197] handleREventThread thread end!!,tid is 4432
12-14 03:25:02.478 2732 4413 D hpplay-base: [Server:447] startHttpServer will END srv->serverType:0
12-14 03:25:02.479 2732 4413 D hpplay-base: [Server:646] startHttpServer cond srv_shutdown:1 connectNummber:0
12-14 03:25:02.479 2732 4413 D hpplay-base: [Server:669] startHttpServer wait cond END. srv_shutdown:1 connectNummber:0
12-14 03:25:02.479 2732 4413 D hpplay-base: [Server:457] HttpServer END, tid is 4413
12-14 03:25:02.514 2732 4414 D hpplay-base: [stream_mirror_compat:1284] mirror stream begin to exit,server fd:68,thread_id:3164922304!!
12-14 03:25:02.514 2732 4414 D hpplay-base: [stream_mirror_compat:1323] ##screen stream exit successfully!!##
12-14 03:25:02.761 2732 4428 I hpplay-base: [mDNSEmbeded:140] embedded_mDNSLoop Exiting end,tid is 4428
12-14 03:25:02.761 2732 4445 D hpplay-base: [mDNSEmbeded:452] stopmDNSServer end stopmDNSNow=2, nRet=0
12-14 03:25:02.841 639 654 I mpu_uart: [MSG-P:RECV]:No message received in 1000 ms
12-14 03:25:02.936 2732 4429 I hpplay-base: [mDNSEmbeded:376] end lelink publish server, tid is 4429
12-14 03:25:02.936 2732 4445 D hpplay-base: [mDNSEmbeded:420] stopmLelinkServer end nRet=0
12-14 03:25:02.936 2732 4445 D hpplay-base: [LelinkBase:615] lebodlna stopServerThreadFunc dlnaEnable:1
12-14 03:25:02.936 2732 4445 D hpplay-base-dlna: [lebodlna_api:49] stop DMR
12-14 03:25:02.936 2732 4445 D hpplay-base-dlna: [lebodlna_api:344] m_pRender Release
12-14 03:25:02.993 2732 4445 D hpplay-base-dlna: [UpnpDefine:867] DMRender release success
12-14 03:25:02.993 2732 4445 D hpplay-base-dlna: [lebodlna_api:352] m_pAVT Release
12-14 03:25:02.993 2732 4445 D hpplay-base-dlna: [lebodlna_api:360] m_pRCS Release
12-14 03:25:02.993 2732 4445 D hpplay-base-dlna: [lebodlna_api:365] dmrender destroydmr
01-01 09:59:30.213 0 0 D : mv2112_read_status
01-01 09:59:30.214 0 0 D mv2112_update_link: 3.0x901(1G): 0x80
01-01 09:59:30.214 0 0 D mv2112_update_link: 3.0x8109(100M): 0x8
01-01 09:59:30.214 0 0 D mv2112_update_link: link 0x0
01-01 09:59:30.214 0 0 D mv2112_read_status: autoneg is disabled
12-14 03:25:03.107 0 0 W swapper/3: type=1400 audit(0.0:404): avc: denied { kill } for capability=5 scontext=u:r:kernel:s0 tcontext=u:r:kernel:s0 tclass=capability permissive=0
12-14 03:25:03.294 2732 4445 D hpplay-base-dlna: [lebodlna-dlna_android:186] stopDLNA
12-14 03:25:03.294 2732 4445 D hpplay-base-dlna: [lebodlna-dlna_android:189] dlnaservice destroy
12-14 03:25:03.294 2732 4445 D hpplay-base-dlna: [lebodlna-dlna_android:49] dlnaservice Destroy 49 int CDlnaService::Destroy()
12-14 03:25:03.294 2732 4445 D hpplay-base-dlna: [lebodlna-dlnaframe:245] dlnaservice Destroy 245 static ERROR_TYPE IDlnaFrame::DestroyDlnaFrame(IDlnaFrame *)
12-14 03:25:03.294 2732 4445 D hpplay-base-dlna: [lebodlna-dlnaframe:179] dlnaservice Destroy 179 virtual void CDlnaFrame::Release()
12-14 03:25:03.294 2732 4445 D hpplay-base-dlna: [lebodlna-dlnaframe:190] dlnaservice Destroy 190 virtual void CDlnaFrame::Release()
12-14 03:25:03.294 2732 4445 D hpplay-base-dlna: [lebodlna-dlnaframe:192] dlnaservice Destroy 192 virtual void CDlnaFrame::Release()
12-14 03:25:03.294 2732 4445 D hpplay-base-dlna: [lebodlna-dlnaframe:247] dlnaservice Destroy 247 static ERROR_TYPE IDlnaFrame::DestroyDlnaFrame(IDlnaFrame *)
12-14 03:25:03.294 2732 4445 D hpplay-base-dlna: [lebodlna-dlnaframe:251] dlnaservice Destroy 251 static ERROR_TYPE IDlnaFrame::DestroyDlnaFrame(IDlnaFrame *)
12-14 03:25:03.298 2732 4445 E hpplay-base-dlna: upnpapi.c:655::before gminiserver ThreadPoolShutdown
12-14 03:25:03.298 2732 4445 E hpplay-base-dlna: ThreadPool.c:1047::on ThreadPoolShutdown tp->totalThreads:2
12-14 03:25:03.298 2732 4445 E hpplay-base-dlna: ThreadPool.c:1047::on ThreadPoolShutdown tp->totalThreads:1
12-14 03:25:03.298 2732 4445 E hpplay-base-dlna: ThreadPool.c:1056::after ThreadPoolShutdown
12-14 03:25:03.298 2732 4445 E hpplay-base-dlna: ThreadPool.c:1057::ThreadPoolShutdown tp->totalThreads:0
12-14 03:25:03.299 2732 4445 E hpplay-base-dlna: upnpapi.c:657::after gminiserver ThreadPoolShutdown
12-14 03:25:03.299 2732 4445 E hpplay-base-dlna: upnpapi.c:659::before grecv ThreadPoolShutdown
12-14 03:25:03.299 2732 4445 E hpplay-base-dlna: ThreadPool.c:1047::on ThreadPoolShutdown tp->totalThreads:12
12-14 03:25:03.300 2732 4445 E hpplay-base-dlna: ThreadPool.c:1047::on ThreadPoolShutdown tp->totalThreads:11
12-14 03:25:03.300 2732 4445 E hpplay-base-dlna: ThreadPool.c:1047::on ThreadPoolShutdown tp->totalThreads:10
12-14 03:25:03.300 2732 4445 E hpplay-base-dlna: ThreadPool.c:1047::on ThreadPoolShutdown tp->totalThreads:9
12-14 03:25:03.300 2732 4445 E hpplay-base-dlna: ThreadPool.c:1047::on ThreadPoolShutdown tp->totalThreads:8
12-14 03:25:03.300 2732 4445 E hpplay-base-dlna: ThreadPool.c:1047::on ThreadPoolShutdown tp->totalThreads:7
12-14 03:25:03.301 2732 4445 E hpplay-base-dlna: ThreadPool.c:1047::on ThreadPoolShutdown tp->totalThreads:6
12-14 03:25:03.301 2732 4445 E hpplay-base-dlna: ThreadPool.c:1047::on ThreadPoolShutdown tp->totalThreads:5
12-14 03:25:03.302 2732 4445 E hpplay-base-dlna: ThreadPool.c:1047::on ThreadPoolShutdown tp->totalThreads:2
12-14 03:25:03.302 2732 4445 E hpplay-base-dlna: ThreadPool.c:1056::after ThreadPoolShutdown
12-14 03:25:03.302 2732 4445 E hpplay-base-dlna: ThreadPool.c:1057::ThreadPoolShutdown tp->totalThreads:0
12-14 03:25:03.302 2732 4445 E hpplay-base-dlna: upnpapi.c:661::after grecv ThreadPoolShutdown
12-14 03:25:03.302 2732 4445 E hpplay-base-dlna: upnpapi.c:663::before gsend ThreadPoolShutdown
12-14 03:25:03.302 2732 4445 E hpplay-base-dlna: ThreadPool.c:1047::on ThreadPoolShutdown tp->totalThreads:2
12-14 03:25:03.303 2732 4445 E hpplay-base-dlna: ThreadPool.c:1056::after ThreadPoolShutdown
12-14 03:25:03.303 2732 4445 E hpplay-base-dlna: ThreadPool.c:1057::ThreadPoolShutdown tp->totalThreads:0
12-14 03:25:03.303 2732 4445 E hpplay-base-dlna: upnpapi.c:665::after gsend ThreadPoolShutdown
12-14 03:25:03.303 2732 4445 D hpplay-base-dlna: [lebodlna-dlnaframe:253] dlnaservice Destroy 253 static ERROR_TYPE IDlnaFrame::DestroyDlnaFrame(IDlnaFrame *)
12-14 03:25:03.303 2732 4445 D hpplay-base-dlna: [lebodlna-dlna_android:51] dlnaservice Destroy 51 int CDlnaService::Destroy()
12-14 03:25:03.303 2732 4445 D hpplay-base-dlna: [lebodlna-dlna_android:194] stopDLNA end
12-14 03:25:03.541 1490 3119 D ActivityTrigger: ActivityTrigger activityPauseTrigger
12-14 03:25:03.549 1490 3119 I DreamManagerService: Gently waking up from dream.
12-14 03:25:03.550 1490 1593 I DreamManagerService: Performing gentle wake from dream.
12-14 03:25:03.553 1490 1906 I ActivityTaskManager: FOREGROUND_APPLICATION_CHANGED to com.android.launcher3.uioverrides.QuickstepLauncher
12-14 03:25:03.554 2010 4447 D KeyguardViewMediator: setOccluded false
12-14 03:25:03.560 2010 2010 D StatusBar: disable disable2
12-14 03:25:03.563 2010 2010 D KeyguardViewMediator: adjustStatusBarLocked: mShowing=false mOccluded=false isSecure=false force=false --> flags=0x0
12-14 03:25:03.573 941 941 I BpBinder: onLastStrongRef automatically unlinking death recipients:
12-14 03:25:03.575 3806 3819 I GameMode_ActivityMonitoringService: onForegroundActivitiesChanged uid 10080 pid 2543 fg true
12-14 03:25:03.583 3806 3821 I GameMode_ActivityMonitoringService: Updating top task to: TaskInfoContainer [topActivity=ComponentInfo{com.android.launcher3/com.android.launcher3.uioverrides.QuickstepLauncher}, taskId=16, stackId=1, userId=0, displayId=0, position=5
12-14 03:25:03.583 3806 3821 I GameMode_ActivityMonitoringService: Notifying about top task: TaskInfoContainer [topActivity=ComponentInfo{com.android.launcher3/com.android.launcher3.uioverrides.QuickstepLauncher}, taskId=16, stackId=1, userId=0, displayId=0, position=5
12-14 03:25:03.583 3806 3821 E GameMode_ActivityMonitoringService: onActivityLaunch:com.android.launcher3
12-14 03:25:03.583 3806 3821 V GameMode_GameTypeUtils: judge isGame:com.android.launcher3
12-14 03:25:03.584 3806 3821 V GameMode_GpuUtils: fps:60
12-14 03:25:03.586 3806 3821 D GameMode_GameModeActionUtils: Show GameMode entry by service!
12-14 03:25:03.586 3806 3821 W ContextImpl: Calling a method in the system process without a qualified user: android.app.ContextImpl.startService:1816 android.content.ContextWrapper.startService:774 com.thundercomm.gamemode.ingame.services.GameModeActionUtils.startGameModeService:99 com.thundercomm.gamemode.ingame.services.GameModeActionUtils.startGameModeEntry:22 com.thundercomm.gamemode.ingame.services.ActivityMonitoringService$1.onActivityLaunch:127
12-14 03:25:03.588 3806 3821 D GameModeIF_GameModeSettings: getUriFor setting_content_uri_root = content://com.thundercomm.gamemode.api/gamemode_settings , name = gamemode_isgaming
12-14 03:25:03.588 3806 3806 D GameMode_GameModeService: type=hide_entry
12-14 03:25:03.596 1490 1490 I GameModeConfig: Current uri is uri = content://com.thundercomm.gamemode.api/gamemode_settings/gamemode_isgaming
12-14 03:25:03.596 1490 1490 D GameModeIF_GameModeSettings: getUriFor setting_content_uri_root = content://com.thundercomm.gamemode.api/gamemode_settings , name = gamemode_isgaming
12-14 03:25:03.597 3806 3821 D GameModeIF_GameModeSettings: gamemode_isgaming set to 0
12-14 03:25:03.598 1490 1621 I PowerManagerService: Powering on display group fromDreaming (groupId=0, uid=1000, reason=WAKE_REASON_UNKNOWN, details=android.server.power:DREAM_FINISHED)...
12-14 03:25:03.598 1490 1621 I PowerManagerService: Waking up from Dreaming (uid=1000, reason=WAKE_REASON_UNKNOWN, details=android.server.power:DREAM_FINISHED)...
12-14 03:25:03.600 3806 3806 D GameMode_GameSettingsObserver: Game Data change!!!! uri = content://com.thundercomm.gamemode.api/gamemode_settings/gamemode_isgaming
12-14 03:25:03.600 3806 3806 D GameModeIF_GameModeSettings: getUriFor setting_content_uri_root = content://com.thundercomm.gamemode.api/gamemode_settings , name = gamemode_isgaming
12-14 03:25:03.600 1490 1490 I GameModeConfig: isGameModeOn = false
12-14 03:25:03.601 1490 1490 I GameModeConfig: isGameModeOn = false
12-14 03:25:03.601 1490 1490 I GameModeConfig: isDisableVoice = true
12-14 03:25:03.603 2732 4445 D hpplay-base: [stream_mirror_compat:1489] request to stop screen stream session!!
12-14 03:25:03.603 2732 4445 D hpplay-base: [AEventUtils:625] begin to stop event handle service!!
12-14 03:25:03.603 2732 4445 D hpplay-base: [AEventUtils:628] stop event handle service ok!!
12-14 03:25:03.603 2732 4445 D hpplay-base: [REventUtils:231] begin to stop report handle service!!
12-14 03:25:03.603 2732 4445 D hpplay-base: [REventUtils:234] stop report handle service ok!!
12-14 03:25:03.603 2732 4445 D hpplay-base: [lelinkSinkServer:711] HTTP Server stopSinkServer End .
12-14 03:25:03.603 2732 4445 D hpplay-base: [jniBridge:1135] notifyJavaServerStoped
12-14 03:25:03.603 2732 4445 D hpplay-base: [jniBridge:1726] notifyJava, what:202, castType:0, mimeType:0 baseStatus:4
12-14 03:25:03.603 2732 4445 D hpplay-base: [jniBridge:1727] notifyJava sessionID:(null)
12-14 03:25:03.604 2732 4445 I hpplay-java: [Thread-33]:Bridge:notify: what: 202
12-14 03:25:03.605 2732 4445 I hpplay-java: [Thread-33]:Bridge:notify: out: OutParameters:{audioSessionId=-1, audiotrackIndex=0, castHandleType=-1, castType=0, deviceName='', dlnaName='', dramaID='', extra=0, frameHandleType=-1, handleInside=true, headduration=0, header='', headers=null, isAD=false, isMultiMirror=false, lelinkVer='', limitTime=0, , mediaAlbum='null', mediaAlbumArtURI='', mediaArtist='null', mediaAssets='', mediaTitle='null', mimeType=0, multiSession=null, period=0, pinCode='', playSpeed=0.0, playerChoice=0, plugin=0, port=0, position=0.0, positionUnit=2, protocol=0, realSessionID='', regType='', , sinkIp='', sourceAPPVersion='', sourceChannel='', sourceClientInfo='', sourceDeviceInfo='', sourceDeviceModel='', sourceDeviceName='', sourceDeviceType=0, sourceHID='', , sourceInfo='', , , sourceOSVersion='', sourceSDKVersion='', sourceUid='', stopDetail=0, stopReason=0, tailduration=0, url='', urlID='', urls=null, userAgent='', videoDecoder=0, volume=0, what=202}com.hpplay.sdk.sink.protocol.OutParameters@a2459d8
12-14 03:25:03.605 2732 4445 I hpplay-java: [Thread-33]:Bridge:notify: address:166347057
12-14 03:25:03.605 2732 4445 D hpplay-base: [LelinkBase:645] stopServerThreadFunc notifyJavaServerStoped!
12-14 03:25:03.606 2732 2732 I hpplay-java: [main]:ServerTaskManager:startTimeOutCheck
12-14 03:25:03.606 2732 2732 I hpplay-java: [main]:ServerBusiness:stopDaemonBusiness
12-14 03:25:03.606 2732 2732 I hpplay-java: [main]:SinkDataReport:logout
12-14 03:25:03.610 2732 2732 I hpplay-java: [main]:EPControl:release
12-14 03:25:03.612 2732 4452 I hpplay-java: [AsyncTask #53]:GlideCreator:clearCache clearDiskCache
12-14 03:25:03.613 3806 3806 D GameMode_GameModeService: updateGlobalSettings = gamemode_isgaming
12-14 03:25:03.614 2732 2732 I hpplay-java: [main]:Dispatcher:notifyAllReverseControlsStop
12-14 03:25:03.615 2732 2732 I hpplay-java: [main]:Preference:checkFeature none
12-14 03:25:03.615 2732 2732 I hpplay-java: [main]:Dispatcher:notifyAllUIControlsStop set: []
12-14 03:25:03.615 2732 4408 W hpplay-java: NanoHTTPDServerRunnable:Communication with the client broken
12-14 03:25:03.615 2732 4408 W hpplay-java: java.net.SocketException: Socket closed
12-14 03:25:03.615 2732 4408 W hpplay-java: at java.net.PlainSocketImpl.socketAccept(PlainSocketImpl.java:213)
12-14 03:25:03.615 2732 4408 W hpplay-java: at java.net.AbstractPlainSocketImpl.accept(AbstractPlainSocketImpl.java:451)
12-14 03:25:03.615 2732 4408 W hpplay-java: at java.net.ServerSocket.implAccept(ServerSocket.java:547)
12-14 03:25:03.615 2732 4408 W hpplay-java: at java.net.ServerSocket.accept(ServerSocket.java:515)
12-14 03:25:03.615 2732 4408 W hpplay-java: at com.hpplay.nanohttpd.protocols.http.ServerRunnable.run(SourceFile:118)
12-14 03:25:03.615 2732 4408 W hpplay-java: at java.lang.Thread.run(Thread.java:920)
12-14 03:25:03.615 2732 2732 I hpplay-java: [main]:Bridge:findServiceID start out: 166347057
12-14 03:25:03.615 2732 2732 I hpplay-java: [main]:Bridge:findServiceID end
12-14 03:25:03.615 2732 4408 I hpplay-java: NanoHTTPDNanoHTTPD:server is stoped
12-14 03:25:03.615 2732 4408 I hpplay-java: NanoHTTPDNanoHTTPD:clear obj
12-14 03:25:03.616 2732 2732 I hpplay-java: [main]:ServerTaskManager:onStop retry:true
12-14 03:25:03.616 2732 2732 I hpplay-java: [main]:ServerTaskManager:cancelTimeOutCheck
12-14 03:25:03.618 2732 2732 I hpplay-java: [main]:IPManager:getActiveNets type: WIFI
12-14 03:25:03.618 2732 2732 I hpplay-java: [main]:IPManager:getActiveNets eth0:false wifi:true mobile:false ap:false
12-14 03:25:03.618 2732 2732 I hpplay-java: [main]:IPManager:getIPAddress IP_WLAN0
12-14 03:25:03.621 2732 2732 I hpplay-java: [main]:IPManager:updateIPAddress getIPAddress: 192.168.4.16 name:vlan4
12-14 03:25:03.621 2732 2732 I hpplay-java: [main]:IPManager:updateIPAddress getIPAddress: 192.168.0.18 name:wlan0
12-14 03:25:03.621 2732 2732 I hpplay-java: [main]:IPManager:updateIPAddress getIPAddress: 192.168.8.16 name:vlan8
12-14 03:25:03.621 2732 2732 I hpplay-java: [main]:IPManager:updateIPAddress getIPAddress: 192.168.11.16 name:vlan11
12-14 03:25:03.621 2732 2732 I hpplay-java: [main]:IPManager:updateIPAddress getIPAddress: 192.168.0.16 name:vlan0
12-14 03:25:03.621 2732 2732 I hpplay-java: [main]:IPManager:updateIPAddress getIPAddress: 192.168.2.16 name:vlan2
12-14 03:25:03.621 2732 2732 I hpplay-java: [main]:IPManager:updateIPAddress getIPAddress: 192.168.1.16 name:vlan1
12-14 03:25:03.622 2732 2732 I hpplay-java: [main]:ServerTaskManager:exeTask startServer
12-14 03:25:03.622 2732 4456 I hpplay-java: [AsyncTask #55]:ServerBusiness:startDaemonBusiness
12-14 03:25:03.622 2732 2732 I hpplay-java: [main]:ServerTaskManager:startTimeOutCheck
12-14 03:25:03.622 2732 4456 I hpplay-java: [AsyncTask #55]:TimeOutCheckUtil:addTask id:upgrade
12-14 03:25:03.622 2732 4457 I hpplay-java: [AsyncTask #56]:Bridge:assembleInParameters
12-14 03:25:03.622 2732 4456 I hpplay-java: [AsyncTask #55]:TimeOutCheckUtil:addTask id:ijkupgrade
12-14 03:25:03.623 2732 4457 I hpplay-java: [AsyncTask #56]:Bridge:createDeviceId deviceId:Nzg6OWI6Nzg6ODA6ZGI6ZjY=
12-14 03:25:03.623 2732 4457 I hpplay-java: [AsyncTask #56]:IPManager:getActiveNets type: WIFI
12-14 03:25:03.623 2732 4457 I hpplay-java: [AsyncTask #56]:IPManager:getActiveNets eth0:false wifi:true mobile:false ap:false
12-14 03:25:03.623 2732 4457 I hpplay-java: [AsyncTask #56]:IPManager:getIPAddress IP_WLAN0
12-14 03:25:03.623 2732 4457 I hpplay-java: [AsyncTask #56]:Preference:checkFeature none
12-14 03:25:03.623 2732 4457 I hpplay-java: [AsyncTask #56]:SWI:dlna tip
12-14 03:25:03.623 2732 4457 I hpplay-java: [AsyncTask #56]:SWI:lefp tip
12-14 03:25:03.623 2732 4457 I hpplay-java: [AsyncTask #56]:Bridge:assembleInParameters none alias name use device name: 高合娱乐副屏
12-14 03:25:03.623 2732 4457 I hpplay-java: [AsyncTask #56]:Feature:isSendAdvertisement
12-14 03:25:03.624 2732 4457 I hpplay-java: [AsyncTask #56]:Preference:checkFeature none
12-14 03:25:03.624 2732 4457 I hpplay-java: [AsyncTask #56]:Preference:checkFeature none
12-14 03:25:03.624 2732 4457 I hpplay-java: [AsyncTask #56]:Bridge:backupHpplayDat bakPath:
12-14 03:25:03.624 2732 4457 I hpplay-java: [AsyncTask #56]:Bridge:path:/data/user/0/com.hht.lebocast/files/hpplay/file/happyplay.dat
12-14 03:25:03.624 2732 4457 I hpplay-java: [AsyncTask #56]:Bridge:mAppId:21409
12-14 03:25:03.624 2732 4457 I hpplay-java: [AsyncTask #56]:Bridge:mode:3
12-14 03:25:03.624 2732 4457 I hpplay-java: [AsyncTask #56]:Bridge:type:1
12-14 03:25:03.624 2732 4457 I hpplay-java: [AsyncTask #56]:Bridge:SN:
12-14 03:25:03.624 2732 4457 I hpplay-java: [AsyncTask #56]:Preference:checkFeature none
12-14 03:25:03.624 2732 4457 I hpplay-java: [AsyncTask #56]:Bridge:backPath:
12-14 03:25:03.624 2732 4457 I hpplay-java: [AsyncTask #56]:DeviceUtil:getPermissionDid: 1
12-14 03:25:03.624 2732 4457 I hpplay-java: [AsyncTask #56]:DeviceUtil:getPermissionDid: 1
12-14 03:25:03.624 2732 4457 I hpplay-java: [AsyncTask #56]:Preference:checkFeature none
12-14 03:25:03.624 2732 4457 I hpplay-java: [AsyncTask #56]:Preference:checkFeature none
12-14 03:25:03.624 2732 4457 I hpplay-java: [AsyncTask #56]:Preference:checkFeature none
12-14 03:25:03.624 2732 4457 I hpplay-java: [AsyncTask #56]:Preference:checkFeature none
12-14 03:25:03.624 2732 4458 I hpplay-java: NanoHTTPDNanoHTTPD:server is started
12-14 03:25:03.624 2732 4457 I hpplay-java: [AsyncTask #56]:Preference:checkFeature none
12-14 03:25:03.624 2732 4457 I hpplay-java: [AsyncTask #56]:Preference:checkFeature none
12-14 03:25:03.633 2732 4456 W hpplay-java: [AsyncTask #55]:ServerBusiness:startDaemonBusiness start LelinkHTTPD sucess 52288
12-14 03:25:03.640 2732 4457 W hpplay-java: [AsyncTask #56]:DeviceUtils:getDomain create lb domain
12-14 03:25:03.641 2732 4457 I hpplay-java: [AsyncTask #56]:Feature:getMirrorAudioVideoSync DISABLE
12-14 03:25:03.642 2732 4457 I hpplay-java: [AsyncTask #56]:Feature:checkSupportRedirectOtherApp,no set redirect api
12-14 03:25:03.642 2732 4457 I hpplay-java: [AsyncTask #56]:Feature:getRedirectSearchFlag,value: 0
12-14 03:25:03.644 2732 4457 I hpplay-java: [AsyncTask #56]:Bridge:mIn: InParameters{appInfo='0', appKey='21409', authMode=0, authPwd='null', broadcastDirection=0, broadcastState=1, broadcastTimeout=3, buildType='release', cacheAVPath='/data/user/0/com.hht.lebocast/cache/hpplay/av', cachePhotoPath='/data/user/0/com.hht.lebocast/cache/hpplay/image', channel='LEBO-APK--60146-25915', desPath='', , deviceName='高合娱乐副屏', dlna=1, dlnaCompany='null', dlnaCompanyURL='null', dlnaDeviceDescribe='null', dlnaDeviceName='null', dlnaDeviceURL='null', dlnaLelinkSwitch=1, dlnaManufacturer=0, dlnaName='高合娱乐副屏', dlnaUPC='', dlnaUUID='e1dc06f8-0e14-26c5-5cd2-8ed68158c037', domain='Lebo-figure-a69c947ffd36', drainage=0, feature='6655', fps=60, height=1080, host='null', , keyPath='/data/user/0/com.hht.lebocast/files/hpplay/file', lelinkfp=1, lelinkfp2=0, logBaseState=1, logPath='/storage/emulated/0/com.hht.lebocast/sink/sdk/common', , mdnsEnable=1, mirrorSyncType=0, netCastVer='2.0', packageName='com.hht.lebocast', packagePath='/data/user/0/com.hht.lebocast', permissionDid='a6:9c:94:7f:fd:36', permissionMode=3, permissionPreSN='', port=0, preemptMode=0, regType='_leboremote._tcp.', serverPorts=null, sockWaitTimeOut=45, teleControlPort=53388, tunnels=3, txtKeys=null, txtValues=null, uid='8270434926410121175', videoFrameType=1001, width=1920}com.hpplay.sdk.sink.protocol.InParameters@a8bad1
12-14 03:25:03.644 2732 2732 I hpplay-java: [main]:Bridge:startServer state: 0
12-14 03:25:03.644 2732 2732 D hpplay-base: [jniBridge:185] not conference version
12-14 03:25:03.644 2732 2732 I hpplay-base: [jniBridge:241] 1initServer nSettingWidth=1920 nSettingHeight=1080 nSettingMaxFPS=60 dlnaEnable=1 lelinkFpEnable=1
12-14 03:25:03.644 2732 2732 D hpplay-base: [jniBridge:283] 1initServer cfg.leLinkIp=192.168.0.18
12-14 03:25:03.644 2732 2732 D hpplay-base: [jniBridge:286] 1initServer cfg.mPermissionMode=3
12-14 03:25:03.644 2732 2732 D hpplay-base: [jniBridge:304] 1initServer cfg.permissionDid=a6:9c:94:7f:fd:36000000000000000
12-14 03:25:03.644 2732 2732 D hpplay-base: [jniBridge:313] 1initServer cfg.mPermissionPreSN=00000000000000000000000000000000
12-14 03:25:03.644 2732 2732 D hpplay-base: [jniBridge:317] Bridge___1initServer status:0
12-14 03:25:03.644 2732 2732 I hpplay-base: [jniBridge:325] 1initServer cfg.feature=6655
12-14 03:25:03.645 2732 2732 D hpplay-base: [jniBridge:377] 1initServer isSendBroadCast=3
12-14 03:25:03.645 2732 2732 D hpplay-base: [jniBridge:380] 1initServer broadcastDirection=0
12-14 03:25:03.645 2732 2732 D hpplay-base: [jniBridge:382] 1initServer ipBroadcast direction=0
12-14 03:25:03.645 2732 2732 D hpplay-base: [jniBridge:387] 1initServer tunnel=3
12-14 03:25:03.645 2732 2732 D hpplay-base: [jniBridge:390] 1initServer drainage=0
12-14 03:25:03.645 2732 2732 D hpplay-base: [jniBridge:401] 1initServer mDNSEnable=1
12-14 03:25:03.645 2732 2732 D hpplay-base: [jniBridge:406] 1initServer nSockWaitTimeOut=45
12-14 03:25:03.645 2732 2732 D hpplay-base: [jniBridge:410] 1initServer nMirrorAudioVideoSync=0
12-14 03:25:03.645 2732 2732 I hpplay-base: [sign_check:168] checkSign strPackageName:com.hht.lebocast
12-14 03:25:03.645 2732 2732 I hpplay-base: [sign_check:169] checkSign buildType:release
12-14 03:25:03.645 2732 2732 I hpplay-base: [sign_check:170] checkSign appKey:21409
12-14 03:25:03.645 2732 2732 D hpplay-base: [LelinkBase:405] bridgeInit port: 0, lelinkfp: 0
12-14 03:25:03.645 2732 2732 D hpplay-base: [LelinkBase:462] bridgeInit mPackagePath =/data/user/0/com.hht.lebocast
12-14 03:25:03.645 2732 2732 D hpplay-base: [LelinkBase:463] bridgeInit mKeyPath =/data/user/0/com.hht.lebocast/files/hpplay/file
12-14 03:25:03.645 2732 2732 D hpplay-base: [SinkContext:97] initSinkContext mPackagePath =/data/user/0/com.hht.lebocast
12-14 03:25:03.645 2732 2732 D hpplay-base: [SinkContext:98] initSinkContext mKeyPath =/data/user/0/com.hht.lebocast/files/hpplay/file
12-14 03:25:03.645 2732 2732 D hpplay-base: [jniBridge:478] Java_com_hpplay_sdk_sink_protocol_Bridge__1initServer end
12-14 03:25:03.645 2732 2732 D hpplay-base: [jniBridge:869] Bridge__1startServer status:1
12-14 03:25:03.647 2732 2732 D hpplay-base: [LelinkBase:492] startAllServer at base
12-14 03:25:03.647 2732 2732 D hpplay-base: [lelinkSinkServer:152] httpPlugins_SetServerPort TYPE_SERVER_LELINK:52266
12-14 03:25:03.647 2732 2732 D hpplay-base: [network.c:362] protocol bind host :192.168.0.18 port:52266 curent bind port:52266
12-14 03:25:03.647 2732 2732 D hpplay-base: [lelinkSinkServer:681] HTTP Server real at:52266
12-14 03:25:03.647 2732 2732 D hpplay-base: [ScreenStream:1285] current bind port:7100
12-14 03:25:03.647 2732 2732 D hpplay-base: [LelinkBase:515] startAllServer pBaseContext->config.dlnaEnable:1
12-14 03:25:03.647 2732 2732 D hpplay-base: [lelinkDlna:324] addDMRCallback end
12-14 03:25:03.647 2732 4464 D hpplay-base: [stream_mirror_compat:759] compat mirror stream begin to run,server fd:68,thread_id:3159658944!!
12-14 03:25:03.648 2732 4463 D hpplay-base: [lelinkSinkServer:644] Connected Service Type:0
12-14 03:25:03.648 2732 4463 I hpplay-base: : (server.c.315) startServer listen_ing....:
12-14 03:25:03.648 2732 4463 D hpplay-base: [Server:371] startHttpServer srv_sockets.used:1 nCurrentFd:67, tid is 4463
12-14 03:25:03.649 2732 2732 E hpplay-base-dlna: miniserver.c:788::dlna_port(ipv4: 49152 ipv6:0)
12-14 03:25:03.659 3806 3819 I GameMode_ActivityMonitoringService: onTaskStackChanged
12-14 03:25:03.664 3806 3821 I GameMode_ActivityMonitoringService: Updating top task to: TaskInfoContainer [topActivity=ComponentInfo{com.android.launcher3/com.android.launcher3.uioverrides.QuickstepLauncher}, taskId=16, stackId=1, userId=0, displayId=0, position=5
12-14 03:25:03.664 3806 3821 I GameMode_ActivityMonitoringService: Notifying about top task: TaskInfoContainer [topActivity=ComponentInfo{com.android.launcher3/com.android.launcher3.uioverrides.QuickstepLauncher}, taskId=16, stackId=1, userId=0, displayId=0, position=5
12-14 03:25:03.664 3806 3821 E GameMode_ActivityMonitoringService: onActivityLaunch:com.android.launcher3
12-14 03:25:03.664 3806 3821 V GameMode_GameTypeUtils: judge isGame:com.android.launcher3
12-14 03:25:03.664 3806 3821 V GameMode_GpuUtils: fps:60
12-14 03:25:03.666 3806 3821 D GameMode_GameModeActionUtils: Show GameMode entry by service!
12-14 03:25:03.666 3806 3821 W ContextImpl: Calling a method in the system process without a qualified user: android.app.ContextImpl.startService:1816 android.content.ContextWrapper.startService:774 com.thundercomm.gamemode.ingame.services.GameModeActionUtils.startGameModeService:99 com.thundercomm.gamemode.ingame.services.GameModeActionUtils.startGameModeEntry:22 com.thundercomm.gamemode.ingame.services.ActivityMonitoringService$1.onActivityLaunch:127
