12-14 03:23:20.245 1485 1749 I InputReader: Reconfiguring input devices, changes=KEYBOARD_LAYOUTS |
12-14 03:23:20.246 1485 1705 D CompatibilityChangeReporter: Compat change id reported: 168419799; UID 10094; state: DISABLED
12-14 03:23:20.246 1485 1705 D CompatibilityInfo: mCompatibilityFlags - 4
12-14 03:23:20.246 1485 1705 D CompatibilityInfo: applicationDensity - 240
12-14 03:23:20.246 1485 1705 D CompatibilityInfo: applicationScale - 1.0
12-14 03:23:20.249 1485 1558 D CompatibilityInfo: mCompatibilityFlags - 4
12-14 03:23:20.249 1485 1558 D CompatibilityInfo: applicationDensity - 240
12-14 03:23:20.249 1485 1558 D CompatibilityInfo: applicationScale - 1.0
12-14 03:23:20.255 1485 1574 W Searchables: No global search activity found
12-14 03:23:20.257 1485 1574 W VoiceInteractionManager: no available voice recognition services found for user 0
12-14 03:23:20.258 3596 3611 I PermissionControllerServiceImpl: Updating user sensitive for uid 1002
12-14 03:23:20.260 3596 4233 W Role : Cannot get ApplicationInfo for default holder: com.android.contacts
12-14 03:23:20.272 2519 2562 D BaseIconFactory: normalizeAndWrapToAdaptiveIcon: scale=0.80950594
12-14 03:23:20.274 1485 1509 W System : A resource failed to call close.
12-14 03:23:20.295 2519 2562 I WidgetsModel: found whitelist widget: com.android.systemui, label: 对话, sectionName:D
12-14 03:23:20.310 3596 4233 W Role : Cannot get ApplicationInfo for default holder: com.android.messaging
12-14 03:23:20.372 639 654 I mpu_uart: [MSG-P:RECV]:No message received in 1000 ms
12-14 03:23:20.390 639 653 I mpu_uart: [MSG-P:R]:recv sync frame timeout
01-01 08:22:44.339 0 0 D : mv2112_read_status
01-01 08:22:44.339 0 0 D mv2112_update_link: 3.0x901(1G): 0x84
01-01 08:22:44.339 0 0 D mv2112_update_link: 3.0x8109(100M): 0xc
01-01 08:22:44.339 0 0 D mv2112_update_link: link 0x4
01-01 08:22:44.339 0 0 D mv2112_read_status: autoneg is disabled
12-14 03:23:20.827 0 0 W swapper/3: type=1400 audit(0.0:294): avc: denied { kill } for capability=5 scontext=u:r:kernel:s0 tcontext=u:r:kernel:s0 tclass=capability permissive=0
12-14 03:23:21.373 639 654 I mpu_uart: [MSG-P:RECV]:No message received in 1000 ms
01-01 08:22:45.366 0 0 D : mv2112_read_status
01-01 08:22:45.367 0 0 D mv2112_update_link: 3.0x901(1G): 0x84
01-01 08:22:45.367 0 0 D mv2112_update_link: 3.0x8109(100M): 0xc
01-01 08:22:45.367 0 0 D mv2112_update_link: link 0x4
01-01 08:22:45.367 0 0 D mv2112_read_status: autoneg is disabled
12-14 03:23:21.827 0 0 W swapper/3: type=1400 audit(0.0:295): avc: denied { kill } for capability=5 scontext=u:r:kernel:s0 tcontext=u:r:kernel:s0 tclass=capability permissive=0
12-14 03:23:22.290 2701 2701 I hpplay-java: [main]:ServerTaskManager:task run out of time
12-14 03:23:22.290 2701 2701 I hpplay-java: [main]:ServerTaskManager:cancelTimeOutCheck
12-14 03:23:22.290 2701 2701 I hpplay-java: [main]:ServerTaskManager:exeTask ignore, reason: TaskList is clear
12-14 03:23:22.347 1290 1290 I cnss-daemon: Ready to update GW parameters
12-14 03:23:22.347 1290 1290 E cnss-daemon: Invalid mac address
12-14 03:23:22.347 1290 1290 E cnss-daemon: failed to update gateway
01-01 08:22:45.908 0 0 W cnss-daemon: Invalid mac address
01-01 08:22:45.908 0 0 W cnss-daemon: failed to update gateway
12-14 03:23:22.373 639 654 I mpu_uart: [MSG-P:RECV]:No message received in 1000 ms
12-14 03:23:22.603 2701 4181 D hpplay-base: [LelinkMDNS:766] devicePermissionPublic leboPermissionCheck:-2
12-14 03:23:22.604 2701 4181 D hpplay-base: [jniBridge:1125] com_hpplay_sdk_sink_protocol_Bridge_WHAT_SERVER_ERROR
12-14 03:23:22.604 2701 4181 D hpplay-base: [jniBridge:1726] notifyJava, what:204, castType:0, mimeType:0 baseStatus:2
12-14 03:23:22.604 2701 4181 D hpplay-base: [jniBridge:1727] notifyJava sessionID:(null)
12-14 03:23:22.605 2701 4181 I hpplay-java: [Thread-12]:Bridge:notify: what: 204
12-14 03:23:22.607 2701 4181 I hpplay-java: [Thread-12]:Bridge:notify: out: OutParameters:{audioSessionId=-1, audiotrackIndex=0, castHandleType=-1, castType=0, deviceName='', dlnaName='', dramaID='', extra=-2002, frameHandleType=-1, handleInside=true, headduration=0, header='', headers=null, isAD=false, isMultiMirror=false, lelinkVer='', limitTime=0, , mediaAlbum='null', mediaAlbumArtURI='', mediaArtist='null', mediaAssets='', mediaTitle='null', mimeType=0, multiSession=null, period=0, pinCode='', playSpeed=0.0, playerChoice=0, plugin=0, port=0, position=0.0, positionUnit=2, protocol=0, realSessionID='', regType='', , sinkIp='', sourceAPPVersion='', sourceChannel='', sourceClientInfo='', sourceDeviceInfo='', sourceDeviceModel='', sourceDeviceName='', sourceDeviceType=0, sourceHID='', , sourceInfo='', , , sourceOSVersion='', sourceSDKVersion='', sourceUid='', stopDetail=0, stopReason=0, tailduration=0, url='', urlID='', urls=null, userAgent='', videoDecoder=0, volume=0, what=204}com.hpplay.sdk.sink.protocol.OutParameters@c6f6acb
12-14 03:23:22.608 2701 4181 I hpplay-java: [Thread-12]:Bridge:notify: address:33325736
12-14 03:23:22.608 2701 2701 I hpplay-java: [main]:Bridge:findServiceID start out: 33325736
12-14 03:23:22.608 2701 2701 I hpplay-java: [main]:Bridge:findServiceID end
12-14 03:23:22.609 2701 2701 E hpplay-java: [main]:ServerTaskManager:onError 204/-2002 com.hht.lebocast.LelinkHelper$e@7bd531e
12-14 03:23:22.609 2701 2701 I hpplay-java: [main]:ServerTaskManager:cancelTimeOutCheck
12-14 03:23:22.610 2701 4181 I hpplay-base: [mDNSEmbeded:79] embedded_mDNSLoop stopmDNSNow:0 nPublish:-2 nExitFlag:6 tid is 4181
12-14 03:23:22.612 2701 2701 W hpplay-java: [main]:ServerTaskManager:onErrorDispatcher errorCode:-2002
12-14 03:23:22.612 2701 2701 I hpplay-java: [main]:ServerTaskManager:onError retry later
12-14 03:23:22.713 3596 3611 I PermissionControllerServiceImpl: Updating user sensitive for user 0
01-01 08:22:46.387 0 0 D : mv2112_read_status
01-01 08:22:46.387 0 0 D mv2112_update_link: 3.0x901(1G): 0x84
01-01 08:22:46.387 0 0 D mv2112_update_link: 3.0x8109(100M): 0xc
01-01 08:22:46.387 0 0 D mv2112_update_link: link 0x4
01-01 08:22:46.387 0 0 D mv2112_read_status: autoneg is disabled
12-14 03:23:22.827 0 0 W swapper/1: type=1400 audit(0.0:296): avc: denied { kill } for capability=5 scontext=u:r:kernel:s0 tcontext=u:r:kernel:s0 tclass=capability permissive=0
12-14 03:23:23.374 639 654 I mpu_uart: [MSG-P:RECV]:No message received in 1000 ms
12-14 03:23:23.393 639 653 I mpu_uart: [MSG-P:R]:recv sync frame timeout
12-14 03:23:23.548 1485 1910 I ActivityTaskManager: START u0 {act=android.intent.action.MAIN cat=[android.intent.category.LAUNCHER] flg=0x10200000 cmp=com.android.settings/.Settings bnds=[2128,710][2314,910]} from uid 10080
12-14 03:23:23.549 1485 1561 I EventSequenceValidator: Transition from INIT to INTENT_STARTED
12-14 03:23:23.552 1485 1910 E ANDR-PERF-JNI: com_qualcomm_qtiperformance_native_perf_io_prefetch_start
12-14 03:23:23.554 1485 1910 W ActivityTaskManager: Can't find TaskDisplayArea to determine support for multi window. Task id=15 attached=false
12-14 03:23:23.557 833 3362 E ANDR-IOP: io prefetch is disabled
12-14 03:23:23.559 1485 1910 D CompatibilityInfo: mCompatibilityFlags - 4
12-14 03:23:23.559 1485 1910 D CompatibilityInfo: applicationDensity - 240
12-14 03:23:23.559 1485 1910 D CompatibilityInfo: applicationScale - 1.0
12-14 03:23:23.560 1485 1910 D ActivityTrigger: ActivityTrigger activityPauseTrigger
12-14 03:23:23.568 1485 1561 I EventSequenceValidator: Transition from INTENT_STARTED to ACTIVITY_LAUNCHED
12-14 03:23:23.578 1485 1910 I ActivityTaskManager: FOREGROUND_APPLICATION_CHANGED to com.android.settings.homepage.SettingsHomepageActivity
12-14 03:23:23.579 1485 1910 I ActivityTaskManager: The Process com.android.settings Already Exists in BG. So sending its PID: 2378
12-14 03:23:23.579 1485 1910 W ActivityTaskManager: Tried to set launchTime (0) < mLastActivityLaunchTime (62739)
12-14 03:23:23.581 1485 1910 D CompatibilityInfo: mCompatibilityFlags - 4
12-14 03:23:23.581 1485 1910 D CompatibilityInfo: applicationDensity - 240
12-14 03:23:23.581 1485 1910 D CompatibilityInfo: applicationScale - 1.0
12-14 03:23:23.588 3766 3780 I GameMode_ActivityMonitoringService: onForegroundActivitiesChanged uid 1000 pid 2378 fg true
12-14 03:23:23.590 2378 2378 I SettingsHomepageActivity: SettingsHomepageActivity: onCreate
12-14 03:23:23.599 3766 3786 I GameMode_ActivityMonitoringService: Updating top task to: TaskInfoContainer [topActivity=ComponentInfo{com.android.settings/com.android.settings.Settings}, taskId=15, stackId=15, userId=0, displayId=0, position=6
12-14 03:23:23.599 3766 3786 I GameMode_ActivityMonitoringService: Notifying about top task: TaskInfoContainer [topActivity=ComponentInfo{com.android.settings/com.android.settings.Settings}, taskId=15, stackId=15, userId=0, displayId=0, position=6
12-14 03:23:23.599 3766 3786 E GameMode_ActivityMonitoringService: onActivityLaunch:com.android.settings
12-14 03:23:23.599 3766 3786 V GameMode_GameTypeUtils: judge isGame:com.android.settings
12-14 03:23:23.599 3766 3786 V GameMode_GpuUtils: fps:60
12-14 03:23:23.601 3766 3786 D GameMode_GameModeActionUtils: Show GameMode entry by service!
12-14 03:23:23.601 3766 3786 W ContextImpl: Calling a method in the system process without a qualified user: android.app.ContextImpl.startService:1816 android.content.ContextWrapper.startService:774 com.thundercomm.gamemode.ingame.services.GameModeActionUtils.startGameModeService:99 com.thundercomm.gamemode.ingame.services.GameModeActionUtils.startGameModeEntry:22 com.thundercomm.gamemode.ingame.services.ActivityMonitoringService$1.onActivityLaunch:127
12-14 03:23:23.602 976 976 I BpBinder: onLastStrongRef automatically unlinking death recipients:
12-14 03:23:23.603 3766 3786 D GameModeIF_GameModeSettings: getUriFor setting_content_uri_root = content://com.thundercomm.gamemode.api/gamemode_settings , name = gamemode_isgaming
12-14 03:23:23.607 3766 3766 D GameMode_GameModeService: type=hide_entry
12-14 03:23:23.611 3766 3786 D GameModeIF_GameModeSettings: gamemode_isgaming set to 0
12-14 03:23:23.612 1485 1485 I GameModeConfig: Current uri is uri = content://com.thundercomm.gamemode.api/gamemode_settings/gamemode_isgaming
12-14 03:23:23.612 1485 1485 D GameModeIF_GameModeSettings: getUriFor setting_content_uri_root = content://com.thundercomm.gamemode.api/gamemode_settings , name = gamemode_isgaming
12-14 03:23:23.615 3766 3766 D GameMode_GameSettingsObserver: Game Data change!!!! uri = content://com.thundercomm.gamemode.api/gamemode_settings/gamemode_isgaming
12-14 03:23:23.615 3766 3766 D GameModeIF_GameModeSettings: getUriFor setting_content_uri_root = content://com.thundercomm.gamemode.api/gamemode_settings , name = gamemode_isgaming
12-14 03:23:23.616 2378 2378 D AvatarViewMixin: Feature disabled by config. Skipping
12-14 03:23:23.617 1485 1485 I GameModeConfig: isGameModeOn = false
12-14 03:23:23.617 1485 1485 I GameModeConfig: isGameModeOn = false
12-14 03:23:23.617 1485 1485 I GameModeConfig: isDisableVoice = true
12-14 03:23:23.620 3766 3766 D GameMode_GameModeService: updateGlobalSettings = gamemode_isgaming
12-14 03:23:23.621 2378 2378 D PrefCtrlListHelper: Could not find Context-only controller for pref: com.android.settings.network.TopLevelNetworkEntryPreferenceController
12-14 03:23:23.621 2378 2378 D PrefCtrlListHelper: Could not find Context-only controller for pref: com.android.settings.connecteddevice.TopLevelConnectedDevicesPreferenceController
12-14 03:23:23.621 2378 2378 D PrefCtrlListHelper: Could not find Context-only controller for pref: com.android.settings.fuelgauge.TopLevelBatteryPreferenceController
12-14 03:23:23.621 2378 2378 D PrefCtrlListHelper: Could not find Context-only controller for pref: com.android.settings.deviceinfo.TopLevelStoragePreferenceController
12-14 03:23:23.622 2378 2378 D PrefCtrlListHelper: Could not find Context-only controller for pref: com.android.settings.display.TopLevelDisplayPreferenceController
12-14 03:23:23.622 2378 2378 D PrefCtrlListHelper: Could not find Context-only controller for pref: com.android.settings.display.TopLevelWallpaperPreferenceController
12-14 03:23:23.622 2378 2378 D PrefCtrlListHelper: Could not find Context-only controller for pref: com.android.settings.accessibility.TopLevelAccessibilityPreferenceController
12-14 03:23:23.622 2378 2378 D PrefCtrlListHelper: Could not find Context-only controller for pref: com.android.settings.security.TopLevelSecurityEntryPreferenceController
12-14 03:23:23.622 2378 2378 D PrefCtrlListHelper: Could not find Context-only controller for pref: com.android.settings.location.TopLevelLocationPreferenceController
12-14 03:23:23.622 2378 2378 D PrefCtrlListHelper: Could not find Context-only controller for pref: com.android.settings.accounts.TopLevelAccountEntryPreferenceController
12-14 03:23:23.623 2378 2378 D PrefCtrlListHelper: Could not find Context-only controller for pref: com.android.settings.deviceinfo.aboutphone.TopLevelAboutDevicePreferenceController
12-14 03:23:23.623 2378 2378 D PrefCtrlListHelper: Could not find Context-only controller for pref: com.android.settings.support.SupportPreferenceController
12-14 03:23:23.623 2494 2511 D QCCAuthMgr: SMQContentProvider query uri: content://com.qti.smq.Feedback.provider/smq_settings, selection: key=?, uri_matcher: 1
12-14 03:23:23.623 2494 2511 D QCCAuthMgr: SMQContentProvider query tableName: smq_settings
12-14 03:23:23.624 1485 3199 E UserRestrictionsUtils: Unknown restriction queried by uid 1000 (com.qti.diagservices et al): null
12-14 03:23:23.624 1485 2039 E UserRestrictionsUtils: Unknown restriction queried by uid 1000 (com.qti.diagservices et al): null
12-14 03:23:23.625 1485 3199 E UserRestrictionsUtils: Unknown restriction queried by uid 1000 (com.qti.diagservices et al): null
12-14 03:23:23.625 1485 3199 E UserRestrictionsUtils: Unknown restriction queried by uid 1000 (com.qti.diagservices et al): null
12-14 03:23:23.625 1485 3427 E UserRestrictionsUtils: Unknown restriction queried by uid 1000 (com.qti.diagservices et al): null
12-14 03:23:23.626 1485 3427 E UserRestrictionsUtils: Unknown restriction queried by uid 1000 (com.qti.diagservices et al): null
12-14 03:23:23.626 1485 3427 E UserRestrictionsUtils: Unknown restriction queried by uid 1000 (com.qti.diagservices et al): null
12-14 03:23:23.626 1485 3427 E UserRestrictionsUtils: Unknown restriction queried by uid 1000 (com.qti.diagservices et al): null
12-14 03:23:23.627 1485 3427 E UserRestrictionsUtils: Unknown restriction queried by uid 1000 (com.qti.diagservices et al): null
12-14 03:23:23.627 1485 3427 E UserRestrictionsUtils: Unknown restriction queried by uid 1000 (com.qti.diagservices et al): null
12-14 03:23:23.627 1485 3427 E UserRestrictionsUtils: Unknown restriction queried by uid 1000 (com.qti.diagservices et al): null
12-14 03:23:23.627 1485 3427 E UserRestrictionsUtils: Unknown restriction queried by uid 1000 (com.qti.diagservices et al): null
12-14 03:23:23.628 1485 3427 E UserRestrictionsUtils: Unknown restriction queried by uid 1000 (com.qti.diagservices et al): null
12-14 03:23:23.628 1485 3427 E UserRestrictionsUtils: Unknown restriction queried by uid 1000 (com.qti.diagservices et al): null
12-14 03:23:23.628 1485 3427 E UserRestrictionsUtils: Unknown restriction queried by uid 1000 (com.qti.diagservices et al): null
12-14 03:23:23.628 1485 3427 E UserRestrictionsUtils: Unknown restriction queried by uid 1000 (com.qti.diagservices et al): null
12-14 03:23:23.629 1485 3427 E UserRestrictionsUtils: Unknown restriction queried by uid 1000 (com.qti.diagservices et al): null
12-14 03:23:23.629 1485 3427 E UserRestrictionsUtils: Unknown restriction queried by uid 1000 (com.qti.diagservices et al): null
12-14 03:23:23.629 2378 2378 W InstrumentedPrefFrag: Screen title missing for fragment com.android.settings.homepage.TopLevelSettings
12-14 03:23:23.630 2378 2378 D TopLevelSettings: NO dashboard tiles for TopLevelSettings
12-14 03:23:23.630 2378 2378 D TopLevelSettings: All preferences added, reporting fully drawn
12-14 03:23:23.637 2378 2378 W BatteryBroadcastRcvr: Problem reading the battery meter.
12-14 03:23:23.639 2378 2378 I TopLevelSettings: TopLevelSettings: TopLevelSettings::com.android.settings.network.NetworkDashboardFragment
12-14 03:23:23.645 2378 2378 W BatteryBroadcastRcvr: Problem reading the battery meter.
12-14 03:23:23.645 2378 2464 D BatteryInfo: time for getStats: 1ms
12-14 03:23:23.645 2378 2464 D BatteryInfo: time for regular BatteryInfo: 0ms
12-14 03:23:23.646 2378 2464 D BatteryInfo: time for getBatteryInfo: 1ms
12-14 03:23:23.651 2378 4249 D UsageGraph: No enabled state changed, skipping updateCategory call
12-14 03:23:23.656 2378 4153 D BatteryTipLoader: BatteryInfoLoader post query: 1ms
12-14 03:23:23.656 2378 4153 D BatteryInfo: time for getBatteryInfo: 0ms
12-14 03:23:23.656 2378 4153 D BatteryTipLoader: BatteryInfoLoader.loadInBackground: 1ms
12-14 03:23:23.661 2378 4150 D BatteryTipLoader: BatteryInfoLoader post query: 1ms
12-14 03:23:23.661 2378 4150 D BatteryInfo: time for getBatteryInfo: 0ms
12-14 03:23:23.661 2378 4150 D BatteryTipLoader: BatteryInfoLoader.loadInBackground: 1ms
12-14 03:23:23.666 2378 4250 D BatteryInfo: time for getStats: 0ms
12-14 03:23:23.667 2378 4250 D BatteryInfo: time for regular BatteryInfo: 1ms
12-14 03:23:23.668 2378 4250 D BatteryInfo: time for getBatteryInfo: 1ms
12-14 03:23:23.684 3766 3781 I GameMode_ActivityMonitoringService: onTaskStackChanged
12-14 03:23:23.687 3766 3786 I GameMode_ActivityMonitoringService: Updating top task to: TaskInfoContainer [topActivity=ComponentInfo{com.android.settings/com.android.settings.Settings}, taskId=15, stackId=15, userId=0, displayId=0, position=6
12-14 03:23:23.688 3766 3786 I GameMode_ActivityMonitoringService: Notifying about top task: TaskInfoContainer [topActivity=ComponentInfo{com.android.settings/com.android.settings.Settings}, taskId=15, stackId=15, userId=0, displayId=0, position=6
12-14 03:23:23.688 3766 3786 E GameMode_ActivityMonitoringService: onActivityLaunch:com.android.settings
12-14 03:23:23.688 3766 3786 V GameMode_GameTypeUtils: judge isGame:com.android.settings
12-14 03:23:23.688 3766 3786 V GameMode_GpuUtils: fps:60
12-14 03:23:23.690 3766 3786 D GameMode_GameModeActionUtils: Show GameMode entry by service!
12-14 03:23:23.690 3766 3786 W ContextImpl: Calling a method in the system process without a qualified user: android.app.ContextImpl.startService:1816 android.content.ContextWrapper.startService:774 com.thundercomm.gamemode.ingame.services.GameModeActionUtils.startGameModeService:99 com.thundercomm.gamemode.ingame.services.GameModeActionUtils.startGameModeEntry:22 com.thundercomm.gamemode.ingame.services.ActivityMonitoringService$1.onActivityLaunch:127
12-14 03:23:23.693 3766 3786 D GameModeIF_GameModeSettings: getUriFor setting_content_uri_root = content://com.thundercomm.gamemode.api/gamemode_settings , name = gamemode_isgaming
12-14 03:23:23.694 2378 2378 D BatteryInfo: time for callback: 0ms
12-14 03:23:23.695 1485 1485 I GameModeConfig: Current uri is uri = content://com.thundercomm.gamemode.api/gamemode_settings/gamemode_isgaming
12-14 03:23:23.695 1485 1485 D GameModeIF_GameModeSettings: getUriFor setting_content_uri_root = content://com.thundercomm.gamemode.api/gamemode_settings , name = gamemode_isgaming
12-14 03:23:23.695 3766 3766 D GameMode_GameSettingsObserver: Game Data change!!!! uri = content://com.thundercomm.gamemode.api/gamemode_settings/gamemode_isgaming
12-14 03:23:23.695 3766 3766 D GameModeIF_GameModeSettings: getUriFor setting_content_uri_root = content://com.thundercomm.gamemode.api/gamemode_settings , name = gamemode_isgaming
12-14 03:23:23.695 3766 3786 D GameModeIF_GameModeSettings: gamemode_isgaming set to 0
12-14 03:23:23.697 1485 1485 I GameModeConfig: isGameModeOn = false
12-14 03:23:23.697 1485 1485 I GameModeConfig: isGameModeOn = false
12-14 03:23:23.697 1485 1485 I GameModeConfig: isDisableVoice = true
12-14 03:23:23.698 3766 3766 D GameMode_GameModeService: type=hide_entry
12-14 03:23:23.698 3766 3766 D GameMode_GameModeService: updateGlobalSettings = gamemode_isgaming
12-14 03:23:23.699 1485 1561 I EventSequenceValidator: Transition from ACTIVITY_LAUNCHED to ACTIVITY_FINISHED
12-14 03:23:23.699 1485 1561 I EventSequenceValidator: Transition from ACTIVITY_FINISHED to REPORT_FULLY_DRAWN
12-14 03:23:23.705 2378 2378 D BatteryInfo: time for callback: 0ms
12-14 03:23:23.705 1485 1558 I ActivityTaskManager: Displayed com.android.settings/.Settings: +147ms
12-14 03:23:23.707 1485 1558 I ActivityTaskManager: Fully drawn com.android.settings/.Settings: +147ms
12-14 03:23:23.743 2378 2378 I TetheringManager: registerTetheringEventCallback:com.android.settings
12-14 03:23:23.745 2378 2378 D PrefCtrlListHelper: Could not find Context-only controller for pref: com.android.settings.network.MultiNetworkHeaderController
12-14 03:23:23.745 2378 2378 D PrefCtrlListHelper: Could not find Context-only controller for pref: com.android.settings.network.AirplaneModePreferenceController
12-14 03:23:23.745 2378 2378 D PrefCtrlListHelper: Could not find Context-only controller for pref: com.android.settings.network.AllInOneTetherPreferenceController
12-14 03:23:23.745 2378 2378 D PrefCtrlListHelper: Could not find Context-only controller for pref: com.android.settings.network.AdaptiveConnectivityPreferenceController
12-14 03:23:23.748 2378 2378 D MobilePlanPrefContr: onCreate: mMobilePlanDialogMessage=null
12-14 03:23:23.750 1485 3427 E UserRestrictionsUtils: Unknown restriction queried by uid 1000 (com.qti.diagservices et al): null
12-14 03:23:23.763 2378 2378 D NetworkDashboardFrag: NO dashboard tiles for NetworkDashboardFrag
12-14 03:23:23.763 2378 2378 D NetworkDashboardFrag: All preferences added, reporting fully drawn
12-14 03:23:23.777 1485 3427 D ConnectivityService: requestNetwork for uid/pid:1000/2378 activeRequest: null callbackRequest: 54 [NetworkRequest [ REQUEST id=55, [ Capabilities: INTERNET&NOT_RESTRICTED&TRUSTED&NOT_VCN_MANAGED Uid: 1000 RequestorUid: 1000 RequestorPkg: com.android.settings] ]] callback flags: 0 priority: 2147483647
12-14 03:23:23.777 1485 1898 D ConnectivityService: NetReassign [55 : null → 100]
12-14 03:23:23.778 1485 3199 D ConnectivityService: requestNetwork for uid/pid:1000/2378 activeRequest: null callbackRequest: 57 [NetworkRequest [ REQUEST id=58, [ Capabilities: INTERNET&NOT_RESTRICTED&TRUSTED&NOT_VCN_MANAGED Uid: 1000 RequestorUid: 1000 RequestorPkg: com.android.settings] ]] callback flags: 0 priority: 2147483647
12-14 03:23:23.779 1485 1956 D Ethernet: got request NetworkRequest [ REQUEST id=55, [ Capabilities: INTERNET&NOT_RESTRICTED&TRUSTED&NOT_VCN_MANAGED Uid: 1000 RequestorUid: 1000 RequestorPkg: com.android.settings] ]
12-14 03:23:23.779 1485 1956 D EthernetNetworkFactory: acceptRequest, request: NetworkRequest [ REQUEST id=55, [ Capabilities: INTERNET&NOT_RESTRICTED&TRUSTED&NOT_VCN_MANAGED Uid: 1000 RequestorUid: 1000 RequestorPkg: com.android.settings] ]
12-14 03:23:23.779 1485 1956 I EthernetNetworkFactory: networkForRequest, request: NetworkRequest [ REQUEST id=55, [ Capabilities: INTERNET&NOT_RESTRICTED&TRUSTED&NOT_VCN_MANAGED Uid: 1000 RequestorUid: 1000 RequestorPkg: com.android.settings] ], network: NetworkInterfaceState{ refCount: 1, iface: eth0, up: true, hwAddress: 00:80:0f:74:31:00, networkCapabilities: [ Transports: ETHERNET Capabilities: NOT_METERED&INTERNET&NOT_RESTRICTED&TRUSTED&NOT_VPN&NOT_ROAMING&NOT_CONGESTED&NOT_SUSPENDED&NOT_VCN_MANAGED LinkUpBandwidth>=100000Kbps LinkDnBandwidth>=100000Kbps], networkAgent: com.android.server.ethernet.EthernetNetworkFactory$NetworkInterfaceState$1@ee55332, score: 70, ipClient: android.net.ip.IIpClient$Stub$Proxy@46e3649,linkProperties: {InterfaceName: eth0 LinkAddresses: [ fe80::75d6:35f9:4f9e:8663/64,192.168.0.18/24 ] DnsAddresses: [ /1.1.1.1,/192.168.0.1 ] Domains: null MTU: 0 ServerAddress: /192.168.0.1 TcpBufferSizes: 524288,1048576,3145728,524288,1048576,2097152 Routes: [ fe80::/64 -> :: eth0 mtu 0,192.168.0.0/24 -> 0.0.0.0 eth0 mtu 0,0.0.0.0/0 -> 192.168.0.1 eth0 mtu 0 ]}}
12-14 03:23:23.779 2378 2378 I TetheringManager: registerTetheringEventCallback caller:com.android.settings
12-14 03:23:23.780 1485 1956 I EthernetNetworkFactory: networkForRequest, request: NetworkRequest [ REQUEST id=55, [ Capabilities: INTERNET&NOT_RESTRICTED&TRUSTED&NOT_VCN_MANAGED Uid: 1000 RequestorUid: 1000 RequestorPkg: com.android.settings] ], network: NetworkInterfaceState{ refCount: 1, iface: eth0, up: true, hwAddress: 00:80:0f:74:31:00, networkCapabilities: [ Transports: ETHERNET Capabilities: NOT_METERED&INTERNET&NOT_RESTRICTED&TRUSTED&NOT_VPN&NOT_ROAMING&NOT_CONGESTED&NOT_SUSPENDED&NOT_VCN_MANAGED LinkUpBandwidth>=100000Kbps LinkDnBandwidth>=100000Kbps], networkAgent: com.android.server.ethernet.EthernetNetworkFactory$NetworkInterfaceState$1@ee55332, score: 70, ipClient: android.net.ip.IIpClient$Stub$Proxy@46e3649,linkProperties: {InterfaceName: eth0 LinkAddresses: [ fe80::75d6:35f9:4f9e:8663/64,192.168.0.18/24 ] DnsAddresses: [ /1.1.1.1,/192.168.0.1 ] Domains: null MTU: 0 ServerAddress: /192.168.0.1 TcpBufferSizes: 524288,1048576,3145728,524288,1048576,2097152 Routes: [ fe80::/64 -> :: eth0 mtu 0,192.168.0.0/24 -> 0.0.0.0 eth0 mtu 0,0.0.0.0/0 -> 192.168.0.1 eth0 mtu 0 ]}}
12-14 03:23:23.780 1485 1846 D UntrustedWifiNetworkFactory: got request NetworkRequest [ REQUEST id=55, [ Capabilities: INTERNET&NOT_RESTRICTED&TRUSTED&NOT_VCN_MANAGED Uid: 1000 RequestorUid: 1000 RequestorPkg: com.android.settings] ]
12-14 03:23:23.780 1485 1846 D OemPaidWifiNetworkFactory: got request NetworkRequest [ REQUEST id=55, [ Capabilities: INTERNET&NOT_RESTRICTED&TRUSTED&NOT_VCN_MANAGED Uid: 1000 RequestorUid: 1000 RequestorPkg: com.android.settings] ]
12-14 03:23:23.781 1485 1898 D ConnectivityService: NetReassign [no changes]
12-14 03:23:23.783 1485 1898 D ConnectivityService: NetReassign [58 : null → 100]
12-14 03:23:23.785 1485 1956 D Ethernet: got request NetworkRequest [ REQUEST id=58, [ Capabilities: INTERNET&NOT_RESTRICTED&TRUSTED&NOT_VCN_MANAGED Uid: 1000 RequestorUid: 1000 RequestorPkg: com.android.settings] ]
12-14 03:23:23.785 1485 1956 D EthernetNetworkFactory: acceptRequest, request: NetworkRequest [ REQUEST id=58, [ Capabilities: INTERNET&NOT_RESTRICTED&TRUSTED&NOT_VCN_MANAGED Uid: 1000 RequestorUid: 1000 RequestorPkg: com.android.settings] ]
12-14 03:23:23.785 1485 1956 I EthernetNetworkFactory: networkForRequest, request: NetworkRequest [ REQUEST id=58, [ Capabilities: INTERNET&NOT_RESTRICTED&TRUSTED&NOT_VCN_MANAGED Uid: 1000 RequestorUid: 1000 RequestorPkg: com.android.settings] ], network: NetworkInterfaceState{ refCount: 2, iface: eth0, up: true, hwAddress: 00:80:0f:74:31:00, networkCapabilities: [ Transports: ETHERNET Capabilities: NOT_METERED&INTERNET&NOT_RESTRICTED&TRUSTED&NOT_VPN&NOT_ROAMING&NOT_CONGESTED&NOT_SUSPENDED&NOT_VCN_MANAGED LinkUpBandwidth>=100000Kbps LinkDnBandwidth>=100000Kbps], networkAgent: com.android.server.ethernet.EthernetNetworkFactory$NetworkInterfaceState$1@ee55332, score: 70, ipClient: android.net.ip.IIpClient$Stub$Proxy@46e3649,linkProperties: {InterfaceName: eth0 LinkAddresses: [ fe80::75d6:35f9:4f9e:8663/64,192.168.0.18/24 ] DnsAddresses: [ /1.1.1.1,/192.168.0.1 ] Domains: null MTU: 0 ServerAddress: /192.168.0.1 TcpBufferSizes: 524288,1048576,3145728,524288,1048576,2097152 Routes: [ fe80::/64 -> :: eth0 mtu 0,192.168.0.0/24 -> 0.0.0.0 eth0 mtu 0,0.0.0.0/0 -> 192.168.0.1 eth0 mtu 0 ]}}
12-14 03:23:23.786 1485 1956 I EthernetNetworkFactory: networkForRequest, request: NetworkRequest [ REQUEST id=58, [ Capabilities: INTERNET&NOT_RESTRICTED&TRUSTED&NOT_VCN_MANAGED Uid: 1000 RequestorUid: 1000 RequestorPkg: com.android.settings] ], network: NetworkInterfaceState{ refCount: 2, iface: eth0, up: true, hwAddress: 00:80:0f:74:31:00, networkCapabilities: [ Transports: ETHERNET Capabilities: NOT_METERED&INTERNET&NOT_RESTRICTED&TRUSTED&NOT_VPN&NOT_ROAMING&NOT_CONGESTED&NOT_SUSPENDED&NOT_VCN_MANAGED LinkUpBandwidth>=100000Kbps LinkDnBandwidth>=100000Kbps], networkAgent: com.android.server.ethernet.EthernetNetworkFactory$NetworkInterfaceState$1@ee55332, score: 70, ipClient: android.net.ip.IIpClient$Stub$Proxy@46e3649,linkProperties: {InterfaceName: eth0 LinkAddresses: [ fe80::75d6:35f9:4f9e:8663/64,192.168.0.18/24 ] DnsAddresses: [ /1.1.1.1,/192.168.0.1 ] Domains: null MTU: 0 ServerAddress: /192.168.0.1 TcpBufferSizes: 524288,1048576,3145728,524288,1048576,2097152 Routes: [ fe80::/64 -> :: eth0 mtu 0,192.168.0.0/24 -> 0.0.0.0 eth0 mtu 0,0.0.0.0/0 -> 192.168.0.1 eth0 mtu 0 ]}}
12-14 03:23:23.786 1485 2039 D ConnectivityService: requestNetwork for uid/pid:1000/2378 activeRequest: null callbackRequest: 60 [NetworkRequest [ REQUEST id=61, [ Capabilities: INTERNET&NOT_RESTRICTED&TRUSTED&NOT_VCN_MANAGED Uid: 1000 RequestorUid: 1000 RequestorPkg: com.android.settings] ]] callback flags: 1 priority: 2147483647
12-14 03:23:23.789 2378 2378 D SubscriptionsChangeListener: Start
12-14 03:23:23.790 1485 1846 D UntrustedWifiNetworkFactory: got request NetworkRequest [ REQUEST id=58, [ Capabilities: INTERNET&NOT_RESTRICTED&TRUSTED&NOT_VCN_MANAGED Uid: 1000 RequestorUid: 1000 RequestorPkg: com.android.settings] ]
12-14 03:23:23.790 1485 1846 D OemPaidWifiNetworkFactory: got request NetworkRequest [ REQUEST id=58, [ Capabilities: INTERNET&NOT_RESTRICTED&TRUSTED&NOT_VCN_MANAGED Uid: 1000 RequestorUid: 1000 RequestorPkg: com.android.settings] ]
12-14 03:23:23.791 1485 1898 D ConnectivityService: NetReassign [no changes]
12-14 03:23:23.791 2378 2378 D MobileNetworkSummaryStatus: network summary query
12-14 03:23:23.792 2378 4130 E TelephonyManager: Error in getUiccCardsInfo: unable to connect to Telephony service.
12-14 03:23:23.792 1485 1898 D ConnectivityService: NetReassign [61 : null → 100]
12-14 03:23:23.792 2378 4149 W MobileNetworkUtils: EuiccManager is not enabled.
12-14 03:23:23.793 2378 2378 W SelectableSubscriptions: Fail to request subIdList
12-14 03:23:23.793 2378 2378 W SelectableSubscriptions: java.lang.NullPointerException: Attempt to invoke interface method 'int java.util.List.size()' on a null object reference
12-14 03:23:23.793 2378 2378 W SelectableSubscriptions: at com.android.settings.network.helper.SelectableSubscriptions.call(SelectableSubscriptions.java:128)
12-14 03:23:23.793 2378 2378 W SelectableSubscriptions: at com.android.settings.network.MobileNetworkSummaryStatus.getSubscriptions(MobileNetworkSummaryStatus.java:158)
12-14 03:23:23.793 2378 2378 W SelectableSubscriptions: at com.android.settings.network.MobileNetworkSummaryStatus.update(MobileNetworkSummaryStatus.java:88)
12-14 03:23:23.793 2378 2378 W SelectableSubscriptions: at com.android.settings.network.MobileNetworkSummaryController.update(MobileNetworkSummaryController.java:170)
12-14 03:23:23.793 2378 2378 W SelectableSubscriptions: at com.android.settings.network.MobileNetworkSummaryController.onResume(MobileNetworkSummaryController.java:95)
12-14 03:23:23.793 2378 2378 W SelectableSubscriptions: at java.lang.reflect.Method.invoke(Native Method)
12-14 03:23:23.793 2378 2378 W SelectableSubscriptions: at androidx.lifecycle.ClassesInfoCache$MethodReference.invokeCallback(ClassesInfoCache.java:216)
12-14 03:23:23.793 2378 2378 W SelectableSubscriptions: at androidx.lifecycle.ClassesInfoCache$CallbackInfo.invokeMethodsForEvent(ClassesInfoCache.java:194)
12-14 03:23:23.793 2378 2378 W SelectableSubscriptions: at androidx.lifecycle.ClassesInfoCache$CallbackInfo.invokeCallbacks(ClassesInfoCache.java:185)
12-14 03:23:23.793 2378 2378 W SelectableSubscriptions: at androidx.lifecycle.ReflectiveGenericLifecycleObserver.onStateChanged(ReflectiveGenericLifecycleObserver.java:37)
12-14 03:23:23.793 2378 2378 W SelectableSubscriptions: at androidx.lifecycle.LifecycleRegistry$ObserverWithState.dispatchEvent(LifecycleRegistry.java:354)
12-14 03:23:23.793 2378 2378 W SelectableSubscriptions: at androidx.lifecycle.LifecycleRegistry.forwardPass(LifecycleRegistry.java:265)
12-14 03:23:23.793 2378 2378 W SelectableSubscriptions: at androidx.lifecycle.LifecycleRegistry.sync(LifecycleRegistry.java:307)
12-14 03:23:23.793 2378 2378 W SelectableSubscriptions: at androidx.lifecycle.LifecycleRegistry.moveToState(LifecycleRegistry.java:148)
12-14 03:23:23.793 2378 2378 W SelectableSubscriptions: at androidx.lifecycle.LifecycleRegistry.handleLifecycleEvent(LifecycleRegistry.java:134)
12-14 03:23:23.793 2378 2378 W SelectableSubscriptions: at com.android.settingslib.core.lifecycle.ObservablePreferenceFragment.onResume(ObservablePreferenceFragment.java:87)
12-14 03:23:23.793 2378 2378 W SelectableSubscriptions: at com.android.settings.core.InstrumentedPreferenceFragment.onResume(InstrumentedPreferenceFragment.java:77)
12-14 03:23:23.793 2378 2378 W SelectableSubscriptions: at com.android.settings.SettingsPreferenceFragment.onResume(SettingsPreferenceFragment.java:198)
12-14 03:23:23.793 2378 2378 W SelectableSubscriptions: at com.android.settings.dashboard.DashboardFragment.onResume(DashboardFragment.java:219)
12-14 03:23:23.793 2378 2378 W SelectableSubscriptions: at androidx.fragment.app.Fragment.performResume(Fragment.java:3029)
12-14 03:23:23.793 2378 2378 W SelectableSubscriptions: at androidx.fragment.app.FragmentStateManager.resume(FragmentStateManager.java:583)
12-14 03:23:23.793 2378 2378 W SelectableSubscriptions: at androidx.fragment.app.FragmentStateManager.moveToExpectedState(FragmentStateManager.java:282)
12-14 03:23:23.793 2378 2378 W SelectableSubscriptions: at androidx.fragment.app.SpecialEffectsController$FragmentStateManagerOperation.complete(SpecialEffectsController.java:742)
12-14 03:23:23.793 2378 2378 W SelectableSubscriptions: at androidx.fragment.app.SpecialEffectsController$Operation.completeSpecialEffect(SpecialEffectsController.java:669)
12-14 03:23:23.793 2378 2378 W SelectableSubscriptions: at androidx.fragment.app.DefaultSpecialEffectsController$SpecialEffectsInfo.completeSpecialEffect(DefaultSpecialEffectsController.java:755)
12-14 03:23:23.793 2378 2378 W SelectableSubscriptions: at androidx.fragment.app.DefaultSpecialEffectsController.startAnimations(DefaultSpecialEffectsController.java:147)
12-14 03:23:23.793 2378 2378 W SelectableSubscriptions: at androidx.fragment.app.DefaultSpecialEffectsController.executeOperations(DefaultSpecialEffectsController.java:120)
12-14 03:23:23.793 2378 2378 W SelectableSubscriptions: at androidx.fragment.app.SpecialEffectsController.executePendingOperations(SpecialEffectsController.java:294)
12-14 03:23:23.793 2378 2378 W SelectableSubscriptions: at androidx.fragment.app.FragmentManager.executeOpsTogether(FragmentManager.java:2222)
12-14 03:23:23.793 2378 2378 W SelectableSubscriptions: at androidx.fragment.app.FragmentManager.removeRedundantOperationsAndExecute(FragmentManager.java:2120)
12-14 03:23:23.793 2378 2378 W SelectableSubscriptions: at androidx.fragment.app.FragmentManager.execPendingActions(FragmentManager.java:2022)
12-14 03:23:23.793 2378 2378 W SelectableSubscriptions: at androidx.fragment.app.FragmentManager.executePendingTransactions(FragmentManager.java:603)
12-14 03:23:23.793 2378 2378 W SelectableSubscriptions: at com.android.settings.homepage.SettingsHomepageActivity.addFragment(SettingsHomepageActivity.java:450)
12-14 03:23:23.793 2378 2378 W SelectableSubscriptions: at com.android.settings.homepage.SettingsHomepageActivity.lambda$changeSettingsDetailsFragment$4(SettingsHomepageActivity.java:426)
12-14 03:23:23.793 2378 2378 W SelectableSubscriptions: at com.android.settings.homepage.SettingsHomepageActivity.$r8$lambda$CqOfnAceDxvOR2buhHdxOyMQieE(Unknown Source:0)
12-14 03:23:23.793 2378 2378 W SelectableSubscriptions: at com.android.settings.homepage.SettingsHomepageActivity$$ExternalSyntheticLambda3.run(Unknown Source:10)
12-14 03:23:23.793 2378 2378 W SelectableSubscriptions: at android.os.Handler.handleCallback(Handler.java:938)
12-14 03:23:23.793 2378 2378 W SelectableSubscriptions: at android.os.Handler.dispatchMessage(Handler.java:99)
12-14 03:23:23.793 2378 2378 W SelectableSubscriptions: at android.os.Looper.loopOnce(Looper.java:201)
12-14 03:23:23.793 2378 2378 W SelectableSubscriptions: at android.os.Looper.loop(Looper.java:288)
12-14 03:23:23.793 2378 2378 W SelectableSubscriptions: at android.app.ActivityThread.main(ActivityThread.java:7880)
12-14 03:23:23.793 2378 2378 W SelectableSubscriptions: at java.lang.reflect.Method.invoke(Native Method)
12-14 03:23:23.793 2378 2378 W SelectableSubscriptions: at com.android.internal.os.RuntimeInit$MethodAndArgsCaller.run(RuntimeInit.java:548)
12-14 03:23:23.793 2378 2378 W SelectableSubscriptions: at com.android.internal.os.ZygoteInit.main(ZygoteInit.java:1009)
12-14 03:23:23.793 2378 2378 D MobileNetworkSummaryStatus: network summary query ignored
12-14 03:23:23.793 2378 2378 D SubscriptionsChangeListener: Start
12-14 03:23:23.793 1485 1956 D Ethernet: got request NetworkRequest [ REQUEST id=61, [ Capabilities: INTERNET&NOT_RESTRICTED&TRUSTED&NOT_VCN_MANAGED Uid: 1000 RequestorUid: 1000 RequestorPkg: com.android.settings] ]
12-14 03:23:23.793 1485 1956 D EthernetNetworkFactory: acceptRequest, request: NetworkRequest [ REQUEST id=61, [ Capabilities: INTERNET&NOT_RESTRICTED&TRUSTED&NOT_VCN_MANAGED Uid: 1000 RequestorUid: 1000 RequestorPkg: com.android.settings] ]
12-14 03:23:23.794 1485 1956 I EthernetNetworkFactory: networkForRequest, request: NetworkRequest [ REQUEST id=61, [ Capabilities: INTERNET&NOT_RESTRICTED&TRUSTED&NOT_VCN_MANAGED Uid: 1000 RequestorUid: 1000 RequestorPkg: com.android.settings] ], network: NetworkInterfaceState{ refCount: 3, iface: eth0, up: true, hwAddress: 00:80:0f:74:31:00, networkCapabilities: [ Transports: ETHERNET Capabilities: NOT_METERED&INTERNET&NOT_RESTRICTED&TRUSTED&NOT_VPN&NOT_ROAMING&NOT_CONGESTED&NOT_SUSPENDED&NOT_VCN_MANAGED LinkUpBandwidth>=100000Kbps LinkDnBandwidth>=100000Kbps], networkAgent: com.android.server.ethernet.EthernetNetworkFactory$NetworkInterfaceState$1@ee55332, score: 70, ipClient: android.net.ip.IIpClient$Stub$Proxy@46e3649,linkProperties: {InterfaceName: eth0 LinkAddresses: [ fe80::75d6:35f9:4f9e:8663/64,192.168.0.18/24 ] DnsAddresses: [ /1.1.1.1,/192.168.0.1 ] Domains: null MTU: 0 ServerAddress: /192.168.0.1 TcpBufferSizes: 524288,1048576,3145728,524288,1048576,2097152 Routes: [ fe80::/64 -> :: eth0 mtu 0,192.168.0.0/24 -> 0.0.0.0 eth0 mtu 0,0.0.0.0/0 -> 192.168.0.1 eth0 mtu 0 ]}}
12-14 03:23:23.794 1485 1956 I EthernetNetworkFactory: networkForRequest, request: NetworkRequest [ REQUEST id=61, [ Capabilities: INTERNET&NOT_RESTRICTED&TRUSTED&NOT_VCN_MANAGED Uid: 1000 RequestorUid: 1000 RequestorPkg: com.android.settings] ], network: NetworkInterfaceState{ refCount: 3, iface: eth0, up: true, hwAddress: 00:80:0f:74:31:00, networkCapabilities: [ Transports: ETHERNET Capabilities: NOT_METERED&INTERNET&NOT_RESTRICTED&TRUSTED&NOT_VPN&NOT_ROAMING&NOT_CONGESTED&NOT_SUSPENDED&NOT_VCN_MANAGED LinkUpBandwidth>=100000Kbps LinkDnBandwidth>=100000Kbps], networkAgent: com.android.server.ethernet.EthernetNetworkFactory$NetworkInterfaceState$1@ee55332, score: 70, ipClient: android.net.ip.IIpClient$Stub$Proxy@46e3649,linkProperties: {InterfaceName: eth0 LinkAddresses: [ fe80::75d6:35f9:4f9e:8663/64,192.168.0.18/24 ] DnsAddresses: [ /1.1.1.1,/192.168.0.1 ] Domains: null MTU: 0 ServerAddress: /192.168.0.1 TcpBufferSizes: 524288,1048576,3145728,524288,1048576,2097152 Routes: [ fe80::/64 -> :: eth0 mtu 0,192.168.0.0/24 -> 0.0.0.0 eth0 mtu 0,0.0.0.0/0 -> 192.168.0.1 eth0 mtu 0 ]}}
12-14 03:23:23.795 1485 1898 D ConnectivityService: NetReassign [no changes]
12-14 03:23:23.795 1485 1846 D UntrustedWifiNetworkFactory: got request NetworkRequest [ REQUEST id=61, [ Capabilities: INTERNET&NOT_RESTRICTED&TRUSTED&NOT_VCN_MANAGED Uid: 1000 RequestorUid: 1000 RequestorPkg: com.android.settings] ]
12-14 03:23:23.795 1485 1846 D OemPaidWifiNetworkFactory: got request NetworkRequest [ REQUEST id=61, [ Capabilities: INTERNET&NOT_RESTRICTED&TRUSTED&NOT_VCN_MANAGED Uid: 1000 RequestorUid: 1000 RequestorPkg: com.android.settings] ]
12-14 03:23:23.799 1485 1898 D ConnectivityService: NetReassign [no changes]
12-14 03:23:23.827 0 0 W swapper/1: type=1400 audit(0.0:297): avc: denied { kill } for capability=5 scontext=u:r:kernel:s0 tcontext=u:r:kernel:s0 tclass=capability permissive=0
01-01 08:22:47.411 0 0 D : mv2112_read_status
01-01 08:22:47.411 0 0 D mv2112_update_link: 3.0x901(1G): 0x84
01-01 08:22:47.411 0 0 D mv2112_update_link: 3.0x8109(100M): 0xc
01-01 08:22:47.411 0 0 D mv2112_update_link: link 0x4
01-01 08:22:47.411 0 0 D mv2112_read_status: autoneg is disabled
12-14 03:23:24.007 2701 3701 W hpplay-java: [AsyncTask #1]:HttpRequest:
12-14 03:23:24.008 2701 3701 W hpplay-java: [AsyncTask #1]:HttpRequest:
12-14 03:23:24.009 2701 3701 W hpplay-java: [AsyncTask #1]:HttpRequest:
12-14 03:23:24.009 1485 1910 I WifiService: startScan uid=1000
12-14 03:23:24.011 2046 3253 D NetworkMonitor/100: isDataStall: result=3, tcp packets received=0, latest tcp fail rate=100, consecutive dns timeout count=15
12-14 03:23:24.011 2046 3253 D NetworkMonitor/100: Suspecting data stall, reevaluate
12-14 03:23:24.012 1485 3199 D ConnectivityService: Data stall detected with methods: 3
12-14 03:23:24.012 2046 4258 D NetworkMonitor/100: Validation disabled.
12-14 03:23:24.014 2701 3713 W hpplay-java: [AsyncTask #7]:HttpRequest:
12-14 03:23:24.014 1485 1898 D ConnectivityService: [100 ETHERNET] validation passed
12-14 03:23:24.015 2701 3713 W hpplay-java: [AsyncTask #7]:HttpRequest:
12-14 03:23:24.015 2701 3713 W hpplay-java: [AsyncTask #7]:HttpRequest:
12-14 03:23:24.018 1485 3199 D ConnectivityService: Data stall detected with methods: 1
12-14 03:23:24.019 2046 3253 D NetworkMonitor/100: isDataStall: result=1, tcp packets received=0, latest tcp fail rate=0, consecutive dns timeout count=16
12-14 03:23:24.019 2046 3253 D NetworkMonitor/100: Suspecting data stall, reevaluate
12-14 03:23:24.019 1395 4221 D LOWI-9.0.0.87.a: [LOWI-Scan] wait_event:Wait done with Cmd 33
12-14 03:23:24.020 1395 4221 D LOWI-9.0.0.87.a: [LOWI-Scan] do_listen_events: Rcvd valid Netlink Cmd 0 Err 0
12-14 03:23:24.023 2046 4259 D NetworkMonitor/100: Validation disabled.
12-14 03:23:24.028 1485 1898 D ConnectivityService: [100 ETHERNET] validation passed
12-14 03:23:24.061 1485 3199 W InputManager-JNI: Input channel object '5eb9572 Splash Screen com.android.settings (client)' was disposed without first being removed with the input manager!
01-01 08:22:47.628 0 0 I [schedu][0x55ea86b6][03:23:24.067177] wlan: [3588:I:OSIF] scan start scan id 40968
12-14 03:23:24.177 2519 2519 D StateManager: goToState: Normal
12-14 03:23:24.187 3766 3781 I GameMode_ActivityMonitoringService: onForegroundActivitiesChanged uid 10080 pid 2519 fg false
12-14 03:23:24.190 3766 3786 I GameMode_ActivityMonitoringService: Updating top task to: TaskInfoContainer [topActivity=ComponentInfo{com.android.settings/com.android.settings.Settings}, taskId=15, stackId=15, userId=0, displayId=0, position=6
12-14 03:23:24.190 3766 3786 I GameMode_ActivityMonitoringService: Notifying about top task: TaskInfoContainer [topActivity=ComponentInfo{com.android.settings/com.android.settings.Settings}, taskId=15, stackId=15, userId=0, displayId=0, position=6
12-14 03:23:24.190 3766 3786 E GameMode_ActivityMonitoringService: onActivityLaunch:com.android.settings
12-14 03:23:24.190 3766 3786 V GameMode_GameTypeUtils: judge isGame:com.android.settings
12-14 03:23:24.190 3766 3786 V GameMode_GpuUtils: fps:60
12-14 03:23:24.194 3766 3786 D GameMode_GameModeActionUtils: Show GameMode entry by service!
12-14 03:23:24.194 3766 3786 W ContextImpl: Calling a method in the system process without a qualified user: android.app.ContextImpl.startService:1816 android.content.ContextWrapper.startService:774 com.thundercomm.gamemode.ingame.services.GameModeActionUtils.startGameModeService:99 com.thundercomm.gamemode.ingame.services.GameModeActionUtils.startGameModeEntry:22 com.thundercomm.gamemode.ingame.services.ActivityMonitoringService$1.onActivityLaunch:127
12-14 03:23:24.195 3766 3766 D GameMode_GameModeService: type=hide_entry
12-14 03:23:24.196 3766 3786 D GameModeIF_GameModeSettings: getUriFor setting_content_uri_root = content://com.thundercomm.gamemode.api/gamemode_settings , name = gamemode_isgaming
12-14 03:23:24.197 3766 3766 D GameMode_GameSettingsObserver: Game Data change!!!! uri = content://com.thundercomm.gamemode.api/gamemode_settings/gamemode_isgaming
12-14 03:23:24.197 1485 1485 I GameModeConfig: Current uri is uri = content://com.thundercomm.gamemode.api/gamemode_settings/gamemode_isgaming
12-14 03:23:24.197 1485 1485 D GameModeIF_GameModeSettings: getUriFor setting_content_uri_root = content://com.thundercomm.gamemode.api/gamemode_settings , name = gamemode_isgaming
12-14 03:23:24.197 3766 3766 D GameModeIF_GameModeSettings: getUriFor setting_content_uri_root = content://com.thundercomm.gamemode.api/gamemode_settings , name = gamemode_isgaming
12-14 03:23:24.197 3766 3786 D GameModeIF_GameModeSettings: gamemode_isgaming set to 0
12-14 03:23:24.198 1485 1485 I GameModeConfig: isGameModeOn = false
12-14 03:23:24.199 1485 1485 I GameModeConfig: isGameModeOn = false
12-14 03:23:24.199 1485 1485 I GameModeConfig: isDisableVoice = true
12-14 03:23:24.199 3766 3766 D GameMode_GameModeService: updateGlobalSettings = gamemode_isgaming
12-14 03:23:24.203 1485 1563 W Choreographer: Frame time is 0.296118 ms in the future! Check that graphics HAL is generating vsync timestamps using the correct timebase.
12-14 03:23:24.203 2519 2519 W Choreographer: Frame time is 0.074347 ms in the future! Check that graphics HAL is generating vsync timestamps using the correct timebase.
12-14 03:23:24.203 1994 1994 W Choreographer: Frame time is 0.062785 ms in the future! Check that graphics HAL is generating vsync timestamps using the correct timebase.
12-14 03:23:24.217 1485 1903 I GameModeConfig: isGameModeOn = false
12-14 03:23:24.252 1485 1903 I GameModeConfig: isGameModeOn = false
12-14 03:23:24.275 1485 1903 I GameModeConfig: isGameModeOn = false
12-14 03:23:24.290 1485 1903 I GameModeConfig: isGameModeOn = false
12-14 03:23:24.306 1485 1903 I GameModeConfig: isGameModeOn = false
12-14 03:23:24.323 1485 1903 I GameModeConfig: isGameModeOn = false
12-14 03:23:24.338 1485 1903 I GameModeConfig: isGameModeOn = false
12-14 03:23:24.356 1485 1903 I GameModeConfig: isGameModeOn = false
12-14 03:23:24.374 639 654 I mpu_uart: [MSG-P:RECV]:No message received in 1000 ms
12-14 03:23:24.379 1485 1903 I GameModeConfig: isGameModeOn = false
12-14 03:23:24.381 1485 1903 I GameModeConfig: isGameModeOn = false
12-14 03:23:24.397 1485 1903 I GameModeConfig: isGameModeOn = false
12-14 03:23:24.414 1485 1903 I GameModeConfig: isGameModeOn = false
12-14 03:23:24.426 1485 1903 I GameModeConfig: isGameModeOn = false
12-14 03:23:24.431 1485 1903 I GameModeConfig: isGameModeOn = false
12-14 03:23:24.450 1485 1903 I GameModeConfig: isGameModeOn = false
12-14 03:23:24.457 1485 1903 I GameModeConfig: isGameModeOn = false
12-14 03:23:24.465 1485 1903 I GameModeConfig: isGameModeOn = false
12-14 03:23:24.477 1485 1903 I GameModeConfig: isGameModeOn = false
12-14 03:23:24.482 1485 1903 I GameModeConfig: isGameModeOn = false
12-14 03:23:24.493 1485 1903 I GameModeConfig: isGameModeOn = false
12-14 03:23:24.497 1485 1903 I GameModeConfig: isGameModeOn = false
12-14 03:23:24.509 1485 1903 I GameModeConfig: isGameModeOn = false
12-14 03:23:24.518 1485 1903 I GameModeConfig: isGameModeOn = false
12-14 03:23:24.523 1485 1903 I GameModeConfig: isGameModeOn = false
12-14 03:23:24.535 1485 1903 I GameModeConfig: isGameModeOn = false
12-14 03:23:24.540 1485 1903 I GameModeConfig: isGameModeOn = false
12-14 03:23:24.555 1485 1903 I GameModeConfig: isGameModeOn = false
12-14 03:23:24.562 1485 1903 I GameModeConfig: isGameModeOn = false
12-14 03:23:24.570 1485 1903 I GameModeConfig: isGameModeOn = false
12-14 03:23:24.596 1485 1903 I GameModeConfig: isGameModeOn = false
12-14 03:23:24.602 1485 1903 I GameModeConfig: isGameModeOn = false
12-14 03:23:24.613 1485 1903 I GameModeConfig: isGameModeOn = false
12-14 03:23:24.616 1485 1903 I GameModeConfig: isGameModeOn = false
12-14 03:23:24.633 1485 1903 I GameModeConfig: isGameModeOn = false
12-14 03:23:24.655 1485 1903 I GameModeConfig: isGameModeOn = false
12-14 03:23:24.668 1485 1903 I GameModeConfig: isGameModeOn = false
12-14 03:23:24.683 1485 1903 I GameModeConfig: isGameModeOn = false
12-14 03:23:24.706 1485 1903 I GameModeConfig: isGameModeOn = false
12-14 03:23:24.719 1485 1903 I GameModeConfig: isGameModeOn = false
12-14 03:23:24.738 1485 1903 I GameModeConfig: isGameModeOn = false
12-14 03:23:24.759 1485 1903 I GameModeConfig: isGameModeOn = false
12-14 03:23:24.814 1485 1903 I GameModeConfig: isGameModeOn = false
12-14 03:23:24.827 0 0 W swapper/1: type=1400 audit(0.0:298): avc: denied { kill } for capability=5 scontext=u:r:kernel:s0 tcontext=u:r:kernel:s0 tclass=capability permissive=0
12-14 03:23:24.838 1994 1994 D InterruptionStateProvider: No bubble up: not allowed to bubble: -1|android|26|null|1000
12-14 03:23:24.838 1994 1994 D InterruptionStateProvider: No alerting: filtered notification: 0|com.android.systemui|1|empty_media|10082
12-14 03:23:24.839 1994 1994 D InterruptionStateProvider: No bubble up: not allowed to bubble: 0|com.android.systemui|2048|null|10082
12-14 03:23:24.839 1994 1994 D InterruptionStateProvider: No bubble up: not allowed to bubble: 0|android|17303299|com.android.wifi|1000
12-14 03:23:24.839 1994 1994 D InterruptionStateProvider: No bubble up: not allowed to bubble: -1|android|32|null|1000
01-01 08:22:48.439 0 0 D : mv2112_read_status
01-01 08:22:48.439 0 0 D mv2112_update_link: 3.0x901(1G): 0x84
01-01 08:22:48.439 0 0 D mv2112_update_link: 3.0x8109(100M): 0xc
01-01 08:22:48.439 0 0 D mv2112_update_link: link 0x4
01-01 08:22:48.439 0 0 D mv2112_read_status: autoneg is disabled
12-14 03:23:25.239 1395 4221 D LOWI-9.0.0.87.a: [LOWI-Scan] wait_event:Wait done with Cmd 34
