12-14 03:22:24.537 1485 1577 W ActivityManager: Slow operation: 86ms so far, now at startProcess: done updating pids map
12-14 03:22:24.537 1485 1577 W ActivityManager: Slow operation: 86ms so far, now at startProcess: asking zygote to start proc
12-14 03:22:24.537 1485 1577 D CompatibilityChangeReporter: Compat change id reported: 143937733; UID 10085; state: ENABLED
12-14 03:22:24.539 1485 2754 D CompatibilityChangeReporter: Compat change id reported: 168419799; UID 10056; state: DISABLED
12-14 03:22:24.546 1485 1928 I BackupManagerService: isBackupEnabled() => false due to absent settings file
12-14 03:22:24.546 1485 1928 D BackupManagerService: user:0 readBackupEnableState enabled:false
12-14 03:22:24.546 1485 1928 I BackupManagerService: [UserID:0] Backup enabled => false
12-14 03:22:24.549 1485 1574 D CompatibilityChangeReporter: Compat change id reported: 135634846; UID 1000; state: DISABLED
12-14 03:22:24.551 1485 1574 D CompatibilityChangeReporter: Compat change id reported: 177438394; UID 1000; state: DISABLED
12-14 03:22:24.551 1485 1574 D CompatibilityChangeReporter: Compat change id reported: 135772972; UID 1000; state: DISABLED
01-01 08:21:48.116 0 0 I binder : 2753:2753 ioctl 40046210 7fef98ccd4 returned -22
01-01 08:21:48.116 0 0 I devfreq-qcom-fw 18590000.qcom,devfreq-l3: qcom,cdsp-cdsp-l3-lat: Successfully started CDSP L3 governor
01-01 08:21:48.118 0 0 I binder : 2763:2763 ioctl 40046210 7fef98ccd4 returned -22
12-14 03:22:24.560 1485 1574 D CompatibilityChangeReporter: Compat change id reported: 135754954; UID 1000; state: ENABLED
12-14 03:22:24.566 1485 1577 W ActivityManager: Slow operation: 115ms so far, now at startProcess: returned from zygote!
12-14 03:22:24.566 1485 1577 W ActivityManager: Slow operation: 115ms so far, now at startProcess: done updating battery stats
12-14 03:22:24.566 1485 1577 W ActivityManager: Slow operation: 115ms so far, now at startProcess: building log message
12-14 03:22:24.566 1485 1577 I ActivityManager: Start proc 2799:com.qualcomm.qti.workloadclassifier/u0a85 for added application com.qualcomm.qti.workloadclassifier
12-14 03:22:24.566 1485 1577 W ActivityManager: Slow operation: 115ms so far, now at startProcess: starting to update pids map
12-14 03:22:24.566 1485 1577 W ActivityManager: Slow operation: 115ms so far, now at startProcess: done updating pids map
12-14 03:22:24.566 1485 1577 W ActivityManager: Slow operation: 114ms so far, now at startProcess: asking zygote to start proc
12-14 03:22:24.566 1485 1577 D CompatibilityChangeReporter: Compat change id reported: 143937733; UID 10079; state: ENABLED
12-14 03:22:24.577 1485 1513 D CompatibilityChangeReporter: Compat change id reported: 168419799; UID 10087; state: DISABLED
12-14 03:22:24.579 1485 1577 W ActivityManager: Slow operation: 127ms so far, now at startProcess: returned from zygote!
12-14 03:22:24.579 1485 1577 W ActivityManager: Slow operation: 127ms so far, now at startProcess: done updating battery stats
12-14 03:22:24.579 1485 1577 W ActivityManager: Slow operation: 127ms so far, now at startProcess: building log message
12-14 03:22:24.579 1485 1577 I ActivityManager: Start proc 2806:com.qualcomm.location/u0a79 for added application com.qualcomm.location
12-14 03:22:24.579 1485 1577 W ActivityManager: Slow operation: 127ms so far, now at startProcess: starting to update pids map
12-14 03:22:24.580 1485 1577 W ActivityManager: Slow operation: 128ms so far, now at startProcess: done updating pids map
12-14 03:22:24.580 1485 1577 W ActivityManager: Slow operation: 64ms so far, now at startProcess: asking zygote to start proc
12-14 03:22:24.580 1485 1577 D CompatibilityChangeReporter: Compat change id reported: 143937733; UID 10095; state: ENABLED
12-14 03:22:24.582 1485 2801 D CompatibilityChangeReporter: Compat change id reported: 168419799; UID 10074; state: DISABLED
01-01 08:21:48.143 0 0 I binder : 2705:2705 ioctl 40046210 7fef98bbc4 returned -22
12-14 03:22:24.591 1485 1577 W ActivityManager: Slow operation: 75ms so far, now at startProcess: returned from zygote!
12-14 03:22:24.591 1485 1577 W ActivityManager: Slow operation: 75ms so far, now at startProcess: done updating battery stats
12-14 03:22:24.591 1485 1577 I Watchdog: Interesting Java process com.android.providers.media.module started. Pid 2820
12-14 03:22:24.591 1485 1577 W ActivityManager: Slow operation: 75ms so far, now at startProcess: building log message
12-14 03:22:24.591 1485 1577 I ActivityManager: Start proc 2820:com.android.providers.media.module/u0a95 for service {com.android.providers.media.module/com.android.providers.media.fuse.ExternalStorageServiceImpl}
12-14 03:22:24.591 1485 1577 W ActivityManager: Slow operation: 75ms so far, now at startProcess: starting to update pids map
12-14 03:22:24.591 1485 1577 W ActivityManager: Slow operation: 75ms so far, now at startProcess: done updating pids map
01-01 08:21:48.158 0 0 I binder : 2799:2799 ioctl 40046210 7fef98ccd4 returned -22
12-14 03:22:24.604 1485 1513 D CompatibilityChangeReporter: Compat change id reported: 168419799; UID 10085; state: DISABLED
01-01 08:21:48.182 0 0 I binder : 2806:2806 ioctl 40046210 7fef98ccd4 returned -22
01-01 08:21:48.185 0 0 E msm-dwc3 a600000.ssusb: Could not get usb psy
01-01 08:21:48.188 0 0 I binder : 2820:2820 ioctl 40046210 7fef98ccd4 returned -22
12-14 03:22:24.618 1485 1577 W ActivityManager: Slow operation: 71ms so far, now at startProcess: returned from zygote!
12-14 03:22:24.618 1485 1577 W ActivityManager: Slow operation: 71ms so far, now at startProcess: done updating battery stats
12-14 03:22:24.618 1485 1577 W ActivityManager: Slow operation: 72ms so far, now at startProcess: building log message
12-14 03:22:24.618 1485 1577 I ActivityManager: Start proc 2826:com.android.keychain/1000 for service {com.android.keychain/com.android.keychain.KeyChainService}
12-14 03:22:24.618 1485 1577 W ActivityManager: Slow operation: 72ms so far, now at startProcess: starting to update pids map
12-14 03:22:24.619 1485 1577 W ActivityManager: Slow operation: 72ms so far, now at startProcess: done updating pids map
12-14 03:22:24.625 1485 2070 D CompatibilityChangeReporter: Compat change id reported: 168419799; UID 10079; state: DISABLED
01-01 08:21:48.197 0 0 I binder : 2826:2826 ioctl 40046210 7fef98ccd4 returned -22
01-01 08:21:48.203 0 0 I binder : 2519:2803 ioctl 40046210 7987adf254 returned -22
12-14 03:22:24.638 1485 2754 D CompatibilityChangeReporter: Compat change id reported: 168419799; UID 10095; state: DISABLED
12-14 03:22:24.641 1485 2754 D CompatibilityChangeReporter: Compat change id reported: 168419799; UID 1000; state: DISABLED
12-14 03:22:24.648 1485 2754 D CompatibilityChangeReporter: Compat change id reported: 171306433; UID 1073; state: ENABLED
01-01 08:21:48.215 0 0 E bt_ioctl: BT_CMD_PWR_CTRL pwr_cntrl:2
01-01 08:21:48.215 0 0 E bt_vreg_unvote: vreg_unvote successful for : qca,bt-vdd-rfa2
01-01 08:21:48.215 0 0 E bt_vreg_unvote: vreg_unvote successful for : qca,bt-vdd-rfa1
01-01 08:21:48.215 0 0 E bt_vreg_unvote: vreg_unvote successful for : qca,bt-vdd-dig
01-01 08:21:48.215 0 0 E bt_vreg_unvote: vreg_unvote successful for : qca,bt-vdd-aon
12-14 03:22:24.694 1485 2801 D CompatibilityChangeReporter: Compat change id reported: 73144566; UID 1000; state: DISABLED
12-14 03:22:24.694 1485 2801 D CompatibilityChangeReporter: Compat change id reported: 73144566; UID 1000; state: ENABLED
12-14 03:22:24.697 1485 1485 W Looper : Slow dispatch took 377ms main h=android.os.Handler c=com.android.server.biometrics.sensors.fingerprint.hidl.Fingerprint21$$ExternalSyntheticLambda2@45bac93 m=0
12-14 03:22:24.697 1485 1485 D BiometricScheduler/Fingerprint21: [Added] {[1] FingerprintUpdateActiveUserClient, proto=1, owner=android, cookie=0, requestId=-1, userId=0}, new queue size: 1
12-14 03:22:24.697 1485 1485 V BiometricScheduler/Fingerprint21: Not idle, current operation: {[0] FingerprintUpdateActiveUserClient, proto=1, owner=android, cookie=0, requestId=-1, userId=0}, State: 2
01-01 08:21:48.258 0 0 W QSEECOM : __qseecom_unload_app: App (7) is unloaded
01-01 08:21:48.258 0 0 D qbt : qbt_release: entry minor_no=0 fd_available=0
01-01 08:21:48.258 0 0 D qbt : qbt_release: Releasing wakelock
01-01 08:21:48.258 0 0 D qbt : qbt_release: exit : fd_available=1
01-01 08:21:48.258 0 0 D qbt : qbt_release: entry minor_no=1 fd_available=1
01-01 08:21:48.258 0 0 D qbt : qbt_release: exit : fd_available=1
12-14 03:22:24.698 1485 1485 D BiometricScheduler/Fingerprint21: [Added] {[2] FingerprintInternalCleanupClient, proto=7, owner=android, cookie=0, requestId=-1, userId=0}, new queue size: 2
12-14 03:22:24.698 1485 1485 V BiometricScheduler/Fingerprint21: Not idle, current operation: {[0] FingerprintUpdateActiveUserClient, proto=1, owner=android, cookie=0, requestId=-1, userId=0}, State: 2
12-14 03:22:24.698 1485 1485 W Looper : Slow delivery took 377ms main h=android.os.Handler c=com.android.server.biometrics.sensors.fingerprint.hidl.Fingerprint21$$ExternalSyntheticLambda12@e4c4cc9 m=0
12-14 03:22:24.701 1485 1903 I GameModeConfig: isGameModeOn = false
12-14 03:22:24.701 1485 1903 I GameModeConfig: isGameModeOn = false
12-14 03:22:24.701 1485 2801 D CompatibilityChangeReporter: Compat change id reported: 168419799; UID 10083; state: DISABLED
01-01 08:21:48.263 0 0 I binder : 2806:2905 ioctl 40046210 798dd91934 returned -22
12-14 03:22:24.703 1485 2801 D CompatibilityChangeReporter: Compat change id reported: 168419799; UID 1000; state: DISABLED
01-01 08:21:48.280 0 0 E msm-dwc3 a600000.ssusb: Could not get usb psy
01-01 08:21:48.280 0 0 I android_work: did not send uevent (0 0 0000000000000000)
12-14 03:22:24.721 1485 2712 I StorageUserConnection: Service: [ComponentInfo{com.android.providers.media.module/com.android.providers.media.fuse.ExternalStorageServiceImpl}] connected. User [0]
12-14 03:22:24.721 1485 1485 I NotificationHistory: Attempted to unlock gone/disabled user 0
12-14 03:22:24.725 1485 1485 I GameModeConfig: isGameModeOn = false
12-14 03:22:24.726 1485 1485 W NotificationHistory: Attempted to add notif for locked/gone/disabled user 0
12-14 03:22:24.727 1485 1485 V NotificationAssistants: disabling notification assistant for user 0: ComponentInfo{android.ext.services/android.ext.services.notification.Assistant}
12-14 03:22:24.727 1485 1485 D NotificationListeners: Removing active service ComponentInfo{android.ext.services/android.ext.services.notification.Assistant}
12-14 03:22:24.728 1485 1485 V NotificationAssistants: enabling notification assistant for 0: ComponentInfo{android.ext.services/android.ext.services.notification.Assistant}
12-14 03:22:24.728 1485 1485 V NotificationAssistants: binding: Intent { act=android.service.notification.NotificationAssistantService cmp=android.ext.services/.notification.Assistant (has extras) }
12-14 03:22:24.729 1485 1485 D CompatibilityChangeReporter: Compat change id reported: 168419799; UID 10096; state: DISABLED
12-14 03:22:24.735 1485 1513 D CompatibilityChangeReporter: Compat change id reported: 135634846; UID 10073; state: DISABLED
12-14 03:22:24.735 1485 1560 D BluetoothManagerService: MESSAGE_BLUETOOTH_STATE_CHANGE: BLE_TURNING_ON > BLE_ON
12-14 03:22:24.735 1485 1560 D BluetoothManagerService: Bluetooth is in LE only mode
12-14 03:22:24.735 1485 1560 D BluetoothManagerService: Binding Bluetooth GATT service
12-14 03:22:24.735 1485 1513 D CompatibilityChangeReporter: Compat change id reported: 177438394; UID 10073; state: DISABLED
12-14 03:22:24.735 1485 1513 D CompatibilityChangeReporter: Compat change id reported: 135772972; UID 10073; state: DISABLED
12-14 03:22:24.735 1485 1513 D CompatibilityChangeReporter: Compat change id reported: 135754954; UID 10073; state: ENABLED
12-14 03:22:24.736 1485 1577 D CompatibilityChangeReporter: Compat change id reported: 143937733; UID 10073; state: ENABLED
12-14 03:22:24.738 1485 1560 D BluetoothManagerService: Sending BLE State Change: BLE_TURNING_ON > BLE_ON
12-14 03:22:24.741 1485 1577 I ActivityManager: Start proc 2931:com.qualcomm.location.XT/u0a73 for service {com.qualcomm.location.XT/com.qualcomm.location.XT.XTSrv}
12-14 03:22:24.750 1485 1977 I SyncManager: Loaded persisted syncs: 0 periodic syncs, 0 oneshot syncs, 15 total system server jobs, JobStats: FirstLoad: 5/4/0 LastSave: -1/-1/-1
12-14 03:22:24.750 2374 2374 W ContextImpl: Calling a method in the system process without a qualified user: android.app.ContextImpl.startService:1816 android.content.ContextWrapper.startService:774 android.content.ContextWrapper.startService:774 com.qualcomm.qti.qdma.app.BootReceiver.onBootReceived:115 com.qualcomm.qti.innodme.InnoBootReceiver.onReceive:22
12-14 03:22:24.754 1485 1485 D BiometricScheduler/Fingerprint21: [Finishing] {[0] FingerprintUpdateActiveUserClient, proto=1, owner=android, cookie=0, requestId=-1, userId=0}, success: true
12-14 03:22:24.754 1485 1485 D BiometricScheduler/Fingerprint21: [Polled] {[1] FingerprintUpdateActiveUserClient, proto=1, owner=android, cookie=0, requestId=-1, userId=0}, State: 0
12-14 03:22:24.754 1485 1485 D BiometricScheduler/Fingerprint21: [Starting] {[1] FingerprintUpdateActiveUserClient, proto=1, owner=android, cookie=0, requestId=-1, userId=0}, State: 0
12-14 03:22:24.754 1485 1485 D BiometricScheduler/Fingerprint21: [Started] {[1] FingerprintUpdateActiveUserClient, proto=1, owner=android, cookie=0, requestId=-1, userId=0}
01-01 08:21:48.316 0 0 D qbt : qbt_open: entry minor_no=0 fd_available=1
01-01 08:21:48.316 0 0 D qbt : qbt_open: exit : 0 fd_available=0
01-01 08:21:48.316 0 0 D qbt : qbt_open: entry minor_no=1 fd_available=0
01-01 08:21:48.316 0 0 D qbt : qbt_open: exit : 0 fd_available=0
01-01 08:21:48.316 0 0 D qbt : qbt_ioctl: cmd received 107
01-01 08:21:48.316 0 0 D qbt : qbt_ioctl: Acquiring wakelock
12-14 03:22:24.758 1485 1513 D CompatibilityChangeReporter: Compat change id reported: 157233955; UID 10079; state: DISABLED
01-01 08:21:48.333 0 0 I zram0 : detected capacity change from 0 to 4294967296
12-14 03:22:24.767 1485 2801 D CompatibilityChangeReporter: Compat change id reported: 135634846; UID 10086; state: DISABLED
12-14 03:22:24.767 1485 2801 D CompatibilityChangeReporter: Compat change id reported: 177438394; UID 10086; state: DISABLED
12-14 03:22:24.767 1485 2801 D CompatibilityChangeReporter: Compat change id reported: 135772972; UID 10086; state: DISABLED
12-14 03:22:24.767 1485 2801 D CompatibilityChangeReporter: Compat change id reported: 135754954; UID 10086; state: ENABLED
12-14 03:22:24.768 1485 1577 D CompatibilityChangeReporter: Compat change id reported: 143937733; UID 10086; state: ENABLED
12-14 03:22:24.775 1485 1577 I ActivityManager: Start proc 2951:com.qualcomm.qtil.aptxui/u0a86 for broadcast {com.qualcomm.qtil.aptxui/com.qualcomm.qtil.aptxui.aptxuiBootReceiver}
01-01 08:21:48.336 0 0 W QSEECOM : qseecom_load_app: App (fingerpr) does'nt exist, loading apps for first time
12-14 03:22:24.780 1485 2801 D CompatibilityChangeReporter: Compat change id reported: 182478738; UID 1001; state: DISABLED
01-01 08:21:48.341 0 0 I binder : 2931:2931 ioctl 40046210 7fef98ccd4 returned -22
01-01 08:21:48.352 0 0 I binder : 2951:2951 ioctl 40046210 7fef98ccd4 returned -22
12-14 03:22:24.788 1485 2754 D CompatibilityChangeReporter: Compat change id reported: 168419799; UID 10073; state: DISABLED
12-14 03:22:24.793 1485 1513 D CompatibilityChangeReporter: Compat change id reported: 168419799; UID 10086; state: DISABLED
01-01 08:21:48.364 0 0 I : Adding 4194300k swap on /dev/block/zram0. Priority:32758 extents:1 across:4194300k SS
01-01 08:21:48.368 0 0 I android_work: sent uevent USB_STATE=CONNECTED
12-14 03:22:24.807 1485 1576 D CompatibilityChangeReporter: Compat change id reported: 135634846; UID 10018; state: DISABLED
12-14 03:22:24.808 1485 1576 D CompatibilityChangeReporter: Compat change id reported: 177438394; UID 10018; state: DISABLED
12-14 03:22:24.808 1485 1576 D CompatibilityChangeReporter: Compat change id reported: 135772972; UID 10018; state: DISABLED
12-14 03:22:24.808 1485 1576 D CompatibilityChangeReporter: Compat change id reported: 135754954; UID 10018; state: ENABLED
12-14 03:22:24.808 1485 1577 D CompatibilityChangeReporter: Compat change id reported: 143937733; UID 10018; state: ENABLED
12-14 03:22:24.810 1485 1513 W FreeFormWindowHelper: getCurrentDisplayedFreeFormTask is null
12-14 03:22:24.815 1485 1577 I ActivityManager: Start proc 2987:android.process.media/u0a18 for broadcast {com.android.mtp/com.android.mtp.MtpReceiver}
01-01 08:21:48.386 0 0 I binder : 2987:2987 ioctl 40046210 7fef98ccd4 returned -22
01-01 08:21:48.388 0 0 E msm-dwc3 a600000.ssusb: Could not get usb psy
01-01 08:21:48.388 0 0 I binder : 2931:2988 ioctl 40046210 798df99944 returned -22
12-14 03:22:24.831 1485 2754 D CompatibilityChangeReporter: Compat change id reported: 174042980; UID 1000; state: DISABLED
12-14 03:22:24.833 1485 1513 D CompatibilityChangeReporter: Compat change id reported: 168419799; UID 10018; state: DISABLED
01-01 08:21:48.398 0 0 I configfs-gadget gadget: high-speed config #1: b
01-01 08:21:48.398 0 0 E msm-dwc3 a600000.ssusb: Could not get usb psy
01-01 08:21:48.399 0 0 I android_work: sent uevent USB_STATE=CONFIGURED
12-14 03:22:24.848 1485 1513 D CompatibilityChangeReporter: Compat change id reported: 168419799; UID 10080; state: DISABLED
12-14 03:22:24.857 1485 2070 W FreeFormWindowHelper: getCurrentDisplayedFreeFormTask is null
12-14 03:22:24.859 1485 1742 D CompatibilityChangeReporter: Compat change id reported: 168419799; UID 10054; state: DISABLED
01-01 08:21:48.436 0 0 I binder : 2129:2129 ioctl 40046210 7fef98c664 returned -22
12-14 03:22:24.879 1485 2754 W FreeFormWindowHelper: getCurrentDisplayedFreeFormTask is null
12-14 03:22:24.879 2176 2176 W ContextImpl: Calling a method in the system process without a qualified user: android.app.ContextImpl.startService:1816 android.content.ContextWrapper.startService:774 android.content.ContextWrapper.startService:774 vendor.qti.qesdk.sysservice.QesdkSysReceiver.onReceive:42 android.app.ActivityThread.handleReceiver:4309
12-14 03:22:24.886 1485 2754 D CompatibilityChangeReporter: Compat change id reported: 168419799; UID 10064; state: DISABLED
12-14 03:22:24.900 1485 1903 I GameModeConfig: isGameModeOn = false
12-14 03:22:24.900 1485 1903 I GameModeConfig: isGameModeOn = false
12-14 03:22:24.900 1485 1903 I GameModeConfig: isGameModeOn = false
12-14 03:22:24.903 1485 1562 I ActivityRecord: real home.....com.android.launcher3/.uioverrides.QuickstepLauncher
12-14 03:22:24.904 1485 1562 I WindowManager: ******* TELLING SURFACE FLINGER WE ARE BOOTED!
01-01 08:21:48.467 0 0 W QSEECOM : qseecom_load_app: App with id 8 (fingerpr) now loaded
12-14 03:22:24.919 1485 1742 D CompatibilityChangeReporter: Compat change id reported: 135634846; UID 10034; state: DISABLED
12-14 03:22:24.919 1485 1742 D CompatibilityChangeReporter: Compat change id reported: 177438394; UID 10034; state: DISABLED
12-14 03:22:24.919 1485 1742 D CompatibilityChangeReporter: Compat change id reported: 135772972; UID 10034; state: DISABLED
12-14 03:22:24.919 1485 1742 D CompatibilityChangeReporter: Compat change id reported: 135754954; UID 10034; state: ENABLED
12-14 03:22:24.919 1485 1577 D CompatibilityChangeReporter: Compat change id reported: 143937733; UID 10034; state: ENABLED
12-14 03:22:24.927 1485 1577 I ActivityManager: Start proc 3058:com.android.traceur/u0a34 for broadcast {com.android.traceur/com.android.traceur.Receiver}
01-01 08:21:48.503 0 0 I binder : 3058:3058 ioctl 40046210 7fef98ccd4 returned -22
12-14 03:22:24.952 1485 2754 D CompatibilityChangeReporter: Compat change id reported: 168419799; UID 10034; state: DISABLED
12-14 03:22:24.957 1485 2801 D CompatibilityChangeReporter: Compat change id reported: 135634846; UID 10032; state: DISABLED
12-14 03:22:24.957 1485 2801 D CompatibilityChangeReporter: Compat change id reported: 177438394; UID 10032; state: DISABLED
12-14 03:22:24.957 1485 2801 D CompatibilityChangeReporter: Compat change id reported: 135772972; UID 10032; state: DISABLED
12-14 03:22:24.957 1485 2801 D CompatibilityChangeReporter: Compat change id reported: 135754954; UID 10032; state: DISABLED
12-14 03:22:24.958 1485 1577 D CompatibilityChangeReporter: Compat change id reported: 143937733; UID 10032; state: DISABLED
12-14 03:22:24.964 1485 1577 I ActivityManager: Start proc 3112:com.baidu.input/u0a32 for service {com.baidu.input/com.baidu.input.ImeService}
01-01 08:21:48.555 0 0 I binder : 3112:3112 ioctl 40046210 7fef98ccd4 returned -22
12-14 03:22:24.998 1485 2801 D CompatibilityChangeReporter: Compat change id reported: 168419799; UID 10032; state: DISABLED
12-14 03:22:25.060 1485 1903 I GameModeConfig: isGameModeOn = false
12-14 03:22:25.060 1485 1903 I GameModeConfig: isGameModeOn = false
12-14 03:22:25.061 1485 1903 I GameModeConfig: isGameModeOn = false
12-14 03:22:25.067 1485 1742 D CompatibilityChangeReporter: Compat change id reported: 168419799; UID 10069; state: DISABLED
12-14 03:22:25.071 2311 2311 E AndroidRuntime: FATAL EXCEPTION: main
12-14 03:22:25.071 2311 2311 E AndroidRuntime: Process: com.qualcomm.qti.devicestatisticsservice, PID: 2311
12-14 03:22:25.071 2311 2311 E AndroidRuntime: java.lang.NoClassDefFoundError: Failed resolution of: Landroid/hidl/manager/V1_0/IServiceNotification$Stub;
12-14 03:22:25.071 2311 2311 E AndroidRuntime: at com.qualcomm.qti.devicestatisticsservice.DeviceStatisticsService.onStartCommand(DeviceStatisticsService.java:83)
12-14 03:22:25.071 2311 2311 E AndroidRuntime: at android.app.ActivityThread.handleServiceArgs(ActivityThread.java:4640)
12-14 03:22:25.071 2311 2311 E AndroidRuntime: at android.app.ActivityThread.access$2000(ActivityThread.java:248)
12-14 03:22:25.071 2311 2311 E AndroidRuntime: at android.app.ActivityThread$H.handleMessage(ActivityThread.java:2092)
12-14 03:22:25.071 2311 2311 E AndroidRuntime: at android.os.Handler.dispatchMessage(Handler.java:106)
12-14 03:22:25.071 2311 2311 E AndroidRuntime: at android.os.Looper.loopOnce(Looper.java:201)
12-14 03:22:25.071 2311 2311 E AndroidRuntime: at android.os.Looper.loop(Looper.java:288)
12-14 03:22:25.071 2311 2311 E AndroidRuntime: at android.app.ActivityThread.main(ActivityThread.java:7880)
12-14 03:22:25.071 2311 2311 E AndroidRuntime: at java.lang.reflect.Method.invoke(Native Method)
12-14 03:22:25.071 2311 2311 E AndroidRuntime: at com.android.internal.os.RuntimeInit$MethodAndArgsCaller.run(RuntimeInit.java:548)
12-14 03:22:25.071 2311 2311 E AndroidRuntime: at com.android.internal.os.ZygoteInit.main(ZygoteInit.java:1009)
12-14 03:22:25.071 2311 2311 E AndroidRuntime: Caused by: java.lang.ClassNotFoundException: android.hidl.manager.V1_0.IServiceNotification$Stub
12-14 03:22:25.071 2311 2311 E AndroidRuntime: ... 11 more
12-14 03:22:25.073 1485 3152 I DropBoxManagerService: add tag=system_app_crash isTagEnabled=true flags=0x2
12-14 03:22:25.096 1485 2074 I ActivityManager: Process com.qualcomm.qti.devicestatisticsservice (pid 2311) has died: pers PER
12-14 03:22:25.096 1485 2074 W ActivityManager: Scheduling restart of crashed service com.qualcomm.qti.devicestatisticsservice/.DeviceStatisticsService in 0ms for persistent
12-14 03:22:25.096 1485 2074 W ActivityManager: Re-adding persistent process ProcessRecord{1947996 2311:com.qualcomm.qti.devicestatisticsservice/u0a69}
12-14 03:22:25.097 1485 2074 D CompatibilityChangeReporter: Compat change id reported: 135634846; UID 10069; state: DISABLED
12-14 03:22:25.097 1485 2074 D CompatibilityChangeReporter: Compat change id reported: 177438394; UID 10069; state: DISABLED
12-14 03:22:25.097 1485 2074 D CompatibilityChangeReporter: Compat change id reported: 135772972; UID 10069; state: DISABLED
12-14 03:22:25.097 1485 2074 D CompatibilityChangeReporter: Compat change id reported: 135754954; UID 10069; state: ENABLED
12-14 03:22:25.097 1485 1577 D CompatibilityChangeReporter: Compat change id reported: 143937733; UID 10069; state: ENABLED
12-14 03:22:25.103 1485 1577 I ActivityManager: Start proc 3160:com.qualcomm.qti.devicestatisticsservice/u0a69 for restart com.qualcomm.qti.devicestatisticsservice
01-01 08:21:48.671 0 0 W QSEECOM : __qseecom_unload_app: App (8) is unloaded
01-01 08:21:48.671 0 0 D qbt : qbt_release: entry minor_no=0 fd_available=0
01-01 08:21:48.671 0 0 D qbt : qbt_release: Releasing wakelock
01-01 08:21:48.671 0 0 D qbt : qbt_release: exit : fd_available=1
01-01 08:21:48.671 0 0 D qbt : qbt_release: entry minor_no=1 fd_available=1
01-01 08:21:48.671 0 0 D qbt : qbt_release: exit : fd_available=1
12-14 03:22:25.111 1485 1485 W Looper : Slow dispatch took 357ms main h=android.os.Handler c=com.android.server.biometrics.sensors.BiometricScheduler$InternalCallback$$ExternalSyntheticLambda0@eb165f7 m=0
12-14 03:22:25.111 1485 1485 D BluetoothManagerService: Bluetooth Adapter address changed to F0:74:E4:3A:18:78
12-14 03:22:25.111 1485 1485 D BluetoothManagerService: Stored Bluetoothaddress: F0:74:E4:3A:18:78
12-14 03:22:25.111 1485 1485 D BluetoothManagerService: Bluetooth Adapter name changed to QCOM-BTD by android
12-14 03:22:25.111 1485 1485 D BluetoothManagerService: Stored Bluetooth name: QCOM-BTD
12-14 03:22:25.112 1485 1485 D BluetoothManagerService: Bluetooth Adapter address changed to F0:74:E4:3A:18:78
12-14 03:22:25.112 1485 1485 D BluetoothManagerService: Stored Bluetoothaddress: F0:74:E4:3A:18:78
12-14 03:22:25.112 1485 1485 V NotificationAssistants: 0 notification assistant service connected: ComponentInfo{android.ext.services/android.ext.services.notification.Assistant}
12-14 03:22:25.112 1485 1485 D BluetoothManagerService: BluetoothServiceConnection: com.android.bluetooth.gatt.GattService
12-14 03:22:25.112 1485 1485 D CompanionDeviceManagerService: Received BT state transition broadcast: BLE_TURNING_ON -> BLE_ON
12-14 03:22:25.112 1485 1560 D BluetoothManagerService: MESSAGE_BLUETOOTH_SERVICE_CONNECTED: 2
12-14 03:22:25.112 1485 1560 D BluetoothManagerService: continueFromBleOnState()
12-14 03:22:25.112 1485 1485 I CompanionDeviceManagerService: startBleScan()
12-14 03:22:25.114 1485 1485 D BiometricScheduler/Fingerprint21: [Finishing] {[1] FingerprintUpdateActiveUserClient, proto=1, owner=android, cookie=0, requestId=-1, userId=0}, success: true
12-14 03:22:25.114 1485 1485 D BiometricScheduler/Fingerprint21: [Polled] {[2] FingerprintInternalCleanupClient, proto=7, owner=android, cookie=0, requestId=-1, userId=0}, State: 0
12-14 03:22:25.114 1485 1485 D BiometricScheduler/Fingerprint21: [Starting] {[2] FingerprintInternalCleanupClient, proto=7, owner=android, cookie=0, requestId=-1, userId=0}, State: 0
12-14 03:22:25.114 1485 1485 D BiometricScheduler/Fingerprint21: [Started] {[2] FingerprintInternalCleanupClient, proto=7, owner=android, cookie=0, requestId=-1, userId=0}
12-14 03:22:25.114 1485 1485 D Biometrics/InternalCleanupClient: Starting enumerate: {[3] FingerprintInternalEnumerateClient, proto=6, owner=android, cookie=0, requestId=-1, userId=0}
12-14 03:22:25.114 1485 1560 D BluetoothManagerService: Persisting Bluetooth Setting: 1
12-14 03:22:25.115 1485 1485 W Looper : Drained
01-01 08:21:48.677 0 0 D qbt : qbt_open: entry minor_no=0 fd_available=1
01-01 08:21:48.677 0 0 D qbt : qbt_open: exit : 0 fd_available=0
01-01 08:21:48.677 0 0 D qbt : qbt_open: entry minor_no=1 fd_available=0
12-14 03:22:25.119 1485 1560 D BluetoothManagerService: MESSAGE_BLUETOOTH_STATE_CHANGE: BLE_ON > TURNING_ON
12-14 03:22:25.119 1485 1560 D BluetoothManagerService: Sending BLE State Change: BLE_ON > TURNING_ON
01-01 08:21:48.677 0 0 D qbt : qbt_open: exit : 0 fd_available=0
01-01 08:21:48.677 0 0 D qbt : qbt_ioctl: cmd received 107
01-01 08:21:48.677 0 0 D qbt : qbt_ioctl: Acquiring wakelock
12-14 03:22:25.121 1485 1560 D BluetoothManagerService: Sending State Change: OFF > TURNING_ON
12-14 03:22:25.122 1485 1485 E BootReceiver: Could not open /sys/kernel/tracing/instances/bootreceiver/trace_pipe
12-14 03:22:25.122 1485 1485 E BootReceiver: android.system.ErrnoException: open failed: ENOENT (No such file or directory)
12-14 03:22:25.122 1485 1485 E BootReceiver: at libcore.io.Linux.open(Native Method)
12-14 03:22:25.122 1485 1485 E BootReceiver: at libcore.io.ForwardingOs.open(ForwardingOs.java:567)
12-14 03:22:25.122 1485 1485 E BootReceiver: at libcore.io.BlockGuardOs.open(BlockGuardOs.java:273)
12-14 03:22:25.122 1485 1485 E BootReceiver: at android.system.Os.open(Os.java:501)
12-14 03:22:25.122 1485 1485 E BootReceiver: at com.android.server.BootReceiver.onReceive(BootReceiver.java:167)
12-14 03:22:25.122 1485 1485 E BootReceiver: at android.app.ActivityThread.handleReceiver(ActivityThread.java:4309)
12-14 03:22:25.122 1485 1485 E BootReceiver: at android.app.ActivityThread.access$1600(ActivityThread.java:248)
12-14 03:22:25.122 1485 1485 E BootReceiver: at android.app.ActivityThread$H.handleMessage(ActivityThread.java:2065)
12-14 03:22:25.122 1485 1485 E BootReceiver: at android.os.Handler.dispatchMessage(Handler.java:106)
12-14 03:22:25.122 1485 1485 E BootReceiver: at android.os.Looper.loopOnce(Looper.java:201)
12-14 03:22:25.122 1485 1485 E BootReceiver: at android.os.Looper.loop(Looper.java:288)
12-14 03:22:25.122 1485 1485 E BootReceiver: at com.android.server.SystemServer.run(SystemServer.java:908)
12-14 03:22:25.122 1485 1485 E BootReceiver: at com.android.server.SystemServer.main(SystemServer.java:615)
12-14 03:22:25.122 1485 1485 E BootReceiver: at java.lang.reflect.Method.invoke(Native Method)
12-14 03:22:25.122 1485 1485 E BootReceiver: at com.android.internal.os.RuntimeInit$MethodAndArgsCaller.run(RuntimeInit.java:548)
12-14 03:22:25.122 1485 1485 E BootReceiver: at com.android.internal.os.ZygoteInit.main(ZygoteInit.java:987)
12-14 03:22:25.125 1485 1485 D CompanionDeviceManagerService: Received BT state transition broadcast: BLE_ON -> TURNING_ON
12-14 03:22:25.126 1485 1576 I DropBoxManagerService: add tag=system_server_wtf isTagEnabled=true flags=0x2
01-01 08:21:48.682 0 0 I binder : 3160:3160 ioctl 40046210 7fef98ccd4 returned -22
01-01 08:21:48.691 0 0 W QSEECOM : qseecom_load_app: App (fingerpr) does'nt exist, loading apps for first time
12-14 03:22:25.138 1485 3181 I DropBoxManagerService: add tag=SYSTEM_BOOT isTagEnabled=true flags=0x2
12-14 03:22:25.139 1485 3181 I BootReceiver: Copying audit failures to DropBox
12-14 03:22:25.140 1485 3181 I BootReceiver: Checking for fsck errors
12-14 03:22:25.141 1485 3181 I BootReceiver: fs_stat, partition:persist stat:0x3
12-14 03:22:25.141 1485 3181 I BootReceiver: fs_stat, partition:dsp_a stat:0x3
12-14 03:22:25.160 1485 1742 D CompatibilityChangeReporter: Compat change id reported: 168419799; UID 10074; state: DISABLED
12-14 03:22:25.163 1485 1903 I GameModeConfig: isGameModeOn = false
12-14 03:22:25.163 1485 1903 I GameModeConfig: isGameModeOn = false
12-14 03:22:25.163 1485 1903 I GameModeConfig: isGameModeOn = false
12-14 03:22:25.165 1485 1903 I GameModeConfig: isGameModeOn = false
12-14 03:22:25.165 1485 1903 I GameModeConfig: isGameModeOn = false
12-14 03:22:25.166 1485 1903 I GameModeConfig: isGameModeOn = false
12-14 03:22:25.166 1485 1903 I GameModeConfig: isGameModeOn = false
12-14 03:22:25.166 1485 1903 I GameModeConfig: isGameModeOn = false
12-14 03:22:25.166 1485 1903 I GameModeConfig: isGameModeOn = false
12-14 03:22:25.172 1485 2754 D CompatibilityChangeReporter: Compat change id reported: 135634846; UID 1000; state: DISABLED
12-14 03:22:25.172 1485 2754 D CompatibilityChangeReporter: Compat change id reported: 177438394; UID 1000; state: DISABLED
12-14 03:22:25.172 1485 2754 D CompatibilityChangeReporter: Compat change id reported: 135772972; UID 1000; state: DISABLED
12-14 03:22:25.172 1485 2754 D CompatibilityChangeReporter: Compat change id reported: 135754954; UID 1000; state: ENABLED
12-14 03:22:25.173 1485 1903 I GameModeConfig: isGameModeOn = false
12-14 03:22:25.173 1485 1903 I GameModeConfig: isGameModeOn = false
01-01 08:21:48.732 0 0 I binder : 2753:3212 ioctl 40046210 798cd85604 returned -22
12-14 03:22:25.174 1485 1903 I GameModeConfig: isGameModeOn = false
12-14 03:22:25.178 1485 1577 I ActivityManager: Start proc 3219:com.qti.diagservices/1000 for broadcast {com.qti.diagservices/com.qti.diagservices.Diag_OnBoot}
01-01 08:21:48.754 0 0 I binder : 3219:3219 ioctl 40046210 7fef98ccd4 returned -22
12-14 03:22:25.222 1485 1485 I Telecom : BluetoothDeviceManager: Got BluetoothHearingAid: android.bluetooth.BluetoothHearingAid@fa0ff17: BMSL.oSC@AAs
12-14 03:22:25.230 1485 1560 D BluetoothManagerService: MESSAGE_BLUETOOTH_STATE_CHANGE: TURNING_ON > ON
12-14 03:22:25.230 1485 1560 D BluetoothManagerService: Broadcasting onBluetoothStateChange(true) to 10 receivers.
12-14 03:22:25.231 1485 1560 D BluetoothManagerService: Creating new ProfileServiceConnections object for profile: 1
12-14 03:22:25.232 1485 1560 W BluetoothManagerService: psc is not null in bindBluetoothProfileService
12-14 03:22:25.232 1485 1560 D BluetoothManagerService: Sending BLE State Change: TURNING_ON > ON
12-14 03:22:25.232 1485 1560 D BluetoothManagerService: Sending State Change: TURNING_ON > ON
12-14 03:22:25.232 1485 1485 D CompanionDeviceManagerService: Received BT state transition broadcast: TURNING_ON -> ON
12-14 03:22:25.233 1485 1485 I CompanionDeviceManagerService: startBleScan()
12-14 03:22:25.239 1485 2754 D CompatibilityChangeReporter: Compat change id reported: 135634846; UID 10021; state: DISABLED
12-14 03:22:25.239 1485 2754 D CompatibilityChangeReporter: Compat change id reported: 177438394; UID 10021; state: DISABLED
12-14 03:22:25.239 1485 2754 D CompatibilityChangeReporter: Compat change id reported: 135772972; UID 10021; state: DISABLED
12-14 03:22:25.239 1485 2754 D CompatibilityChangeReporter: Compat change id reported: 135754954; UID 10021; state: ENABLED
12-14 03:22:25.240 1485 1577 D CompatibilityChangeReporter: Compat change id reported: 143937733; UID 10021; state: ENABLED
12-14 03:22:25.249 1485 1577 I ActivityManager: Start proc 3251:android.process.acore/u0a21 for content provider {com.android.providers.contacts/com.android.providers.contacts.ContactsProvider2}
01-01 08:21:48.829 0 0 I binder : 3251:3251 ioctl 40046210 7fef98ccd4 returned -22
12-14 03:22:25.268 3219 3219 W ContextImpl: Calling a method in the system process without a qualified user: android.app.ContextImpl.startService:1816 android.content.ContextWrapper.startService:774 android.content.ContextWrapper.startService:774 com.qti.diagservices.Diag_OnBoot.onReceive:40 android.app.ActivityThread.handleReceiver:4309
01-01 08:21:48.838 0 0 W QSEECOM : qseecom_load_app: App with id 9 (fingerpr) now loaded
12-14 03:22:25.280 1485 3199 D CompatibilityChangeReporter: Compat change id reported: 168419799; UID 10021; state: DISABLED
12-14 03:22:25.285 1485 1485 I Telecom : DefaultDialerCache: Refreshing default dialer for user 0: now null: DDC.oR@AAw
12-14 03:22:25.285 1485 1485 I Telecom : MissedCallNotifierImpl: reloadAfterBootComplete: user=0: TSBCR.oR@AA0
12-14 03:22:25.286 1485 1485 I Telecom : MissedCallNotifierImpl: reloadAfterBootComplete: user=0: TSBCR.oR@AA0
12-14 03:22:25.287 1485 1485 D CompatibilityChangeReporter: Compat change id reported: 135634846; UID 10033; state: DISABLED
12-14 03:22:25.288 1485 1485 D CompatibilityChangeReporter: Compat change id reported: 177438394; UID 10033; state: DISABLED
12-14 03:22:25.288 1485 1485 D CompatibilityChangeReporter: Compat change id reported: 135772972; UID 10033; state: DISABLED
12-14 03:22:25.288 1485 1485 D CompatibilityChangeReporter: Compat change id reported: 135754954; UID 10033; state: ENABLED
12-14 03:22:25.289 1485 1577 D CompatibilityChangeReporter: Compat change id reported: 143937733; UID 10033; state: ENABLED
12-14 03:22:25.297 1485 1577 I ActivityManager: Start proc 3286:com.hryt.hiphishowfsecontrol/u0a33 for broadcast {com.hryt.hiphishowfsecontrol/com.hryt.hiphishowfsecontrol.receivers.HiPhiShowReceiver}
12-14 03:22:25.314 1485 1898 W ContextImpl: Calling a method in the system process without a qualified user: android.app.ContextImpl.sendStickyBroadcast:1559 com.android.server.ConnectivityService.sendStickyBroadcast:2811 com.android.server.ConnectivityService.sendGeneralBroadcast:2786 com.android.server.ConnectivityService.sendConnectedBroadcast:2759 com.android.server.ConnectivityService.sendLegacyNetworkBroadcast:8704
12-14 03:22:25.321 1485 1898 W ContextImpl: Calling a method in the system process without a qualified user: android.app.ContextImpl.sendStickyBroadcast:1559 com.android.server.ConnectivityService.sendStickyBroadcast:2811 com.android.server.ConnectivityService.sendGeneralBroadcast:2786 com.android.server.ConnectivityService.sendInetConditionBroadcast:2763 com.android.server.ConnectivityService.updateInetCondition:8451
01-01 08:21:48.887 0 0 I binder : 3286:3286 ioctl 40046210 7fef98c5f4 returned -22
12-14 03:22:25.331 1485 3199 D CompatibilityChangeReporter: Compat change id reported: 168419799; UID 10033; state: DISABLED
12-14 03:22:25.344 1485 3199 D CountryDetector: The first listener is added
01-01 08:21:48.988 0 0 W QSEECOM : __qseecom_unload_app: App (9) is unloaded
01-01 08:21:48.988 0 0 D qbt : qbt_release: entry minor_no=0 fd_available=0
01-01 08:21:48.988 0 0 D qbt : qbt_release: Releasing wakelock
01-01 08:21:48.988 0 0 D qbt : qbt_release: exit : fd_available=1
01-01 08:21:48.988 0 0 D qbt : qbt_release: entry minor_no=1 fd_available=1
01-01 08:21:48.988 0 0 D qbt : qbt_release: exit : fd_available=1
12-14 03:22:25.428 1485 1485 D Fingerprint21: handleError, client: FingerprintInternalCleanupClient, error: 2, vendorCode: 0
12-14 03:22:25.428 1485 1485 E Fingerprint21: onError for non-error consumer: FingerprintInternalCleanupClient
12-14 03:22:25.450 1485 2754 D CompatibilityChangeReporter: Compat change id reported: 135634846; UID 10070; state: DISABLED
12-14 03:22:25.450 1485 2754 D CompatibilityChangeReporter: Compat change id reported: 177438394; UID 10070; state: DISABLED
12-14 03:22:25.450 1485 2754 D CompatibilityChangeReporter: Compat change id reported: 135772972; UID 10070; state: DISABLED
12-14 03:22:25.450 1485 2754 D CompatibilityChangeReporter: Compat change id reported: 135754954; UID 10070; state: DISABLED
12-14 03:22:25.450 1485 1577 D CompatibilityChangeReporter: Compat change id reported: 143937733; UID 10070; state: DISABLED
12-14 03:22:25.457 1485 1577 I ActivityManager: Start proc 3341:com.android.calendar/u0a70 for broadcast {com.android.calendar/com.android.calendar.alerts.AlertReceiver}
01-01 08:21:49.031 0 0 I binder : 3341:3341 ioctl 40046210 7fef98ccd4 returned -22
12-14 03:22:25.477 1485 3199 D CompatibilityChangeReporter: Compat change id reported: 168419799; UID 10070; state: DISABLED
01-01 08:21:49.091 0 0 I IRQ 5 : no longer affine to CPU7
12-14 03:22:25.528 1485 3199 W ShortcutService: Clock rewound
12-14 03:22:25.541 1485 3199 D CompatibilityChangeReporter: Compat change id reported: 135634846; UID 1000; state: DISABLED
12-14 03:22:25.542 1485 3199 D CompatibilityChangeReporter: Compat change id reported: 177438394; UID 1000; state: DISABLED
12-14 03:22:25.542 1485 3199 D CompatibilityChangeReporter: Compat change id reported: 135772972; UID 1000; state: DISABLED
12-14 03:22:25.542 1485 3199 D CompatibilityChangeReporter: Compat change id reported: 135754954; UID 1000; state: ENABLED
01-01 08:21:49.106 0 0 D : mv2112_read_status
01-01 08:21:49.107 0 0 D mv2112_update_link: 3.0x901(1G): 0x84
01-01 08:21:49.107 0 0 D mv2112_update_link: 3.0x8109(100M): 0xc
01-01 08:21:49.107 0 0 D mv2112_update_link: link 0x4
01-01 08:21:49.107 0 0 D mv2112_read_status: autoneg is disabled
12-14 03:22:25.550 1485 1577 I ActivityManager: Start proc 3369:com.android.dynsystem/1000 for broadcast {com.android.dynsystem/com.android.dynsystem.BootCompletedReceiver}
01-01 08:21:49.134 0 0 I binder : 3369:3369 ioctl 40046210 7fef98ccd4 returned -22
12-14 03:22:25.576 1485 2754 D CompatibilityChangeReporter: Compat change id reported: 168419799; UID 1000; state: DISABLED
01-01 08:21:49.156 0 0 W audit : audit_lost=1 audit_rate_limit=5 audit_backlog_limit=64
01-01 08:21:49.156 0 0 E audit : rate limit exceeded
12-14 03:22:25.611 1485 2754 D CompatibilityChangeReporter: Compat change id reported: 135634846; UID 1000; state: DISABLED
12-14 03:22:25.611 1485 2754 D CompatibilityChangeReporter: Compat change id reported: 177438394; UID 1000; state: DISABLED
12-14 03:22:25.612 1485 2754 D CompatibilityChangeReporter: Compat change id reported: 135772972; UID 1000; state: DISABLED
12-14 03:22:25.612 1485 2754 D CompatibilityChangeReporter: Compat change id reported: 135754954; UID 1000; state: ENABLED
12-14 03:22:25.614 1485 2754 D CompatibilityChangeReporter: Compat change id reported: 135634846; UID 10068; state: DISABLED
12-14 03:22:25.614 1485 2754 D CompatibilityChangeReporter: Compat change id reported: 177438394; UID 10068; state: DISABLED
12-14 03:22:25.614 1485 2754 D CompatibilityChangeReporter: Compat change id reported: 135772972; UID 10068; state: DISABLED
12-14 03:22:25.614 1485 2754 D CompatibilityChangeReporter: Compat change id reported: 135754954; UID 10068; state: ENABLED
12-14 03:22:25.622 1485 1577 I ActivityManager: Start proc 3388:com.android.dynsystem:dynsystem/1000 for service {com.android.dynsystem/com.android.dynsystem.DynamicSystemInstallationService}
12-14 03:22:25.622 1485 1577 D CompatibilityChangeReporter: Compat change id reported: 143937733; UID 10068; state: ENABLED
12-14 03:22:25.631 1485 1577 I ActivityManager: Start proc 3390:com.android.inputmethod.latin/u0a68 for broadcast {com.android.inputmethod.latin/com.android.inputmethod.latin.SystemBroadcastReceiver}
01-01 08:21:49.201 0 0 I binder : 3388:3388 ioctl 40046210 7fef98ccd4 returned -22
01-01 08:21:49.209 0 0 I binder : 3390:3390 ioctl 40046210 7fef98ccd4 returned -22
12-14 03:22:25.657 1485 2801 D CompatibilityChangeReporter: Compat change id reported: 168419799; UID 10068; state: DISABLED
12-14 03:22:25.695 1485 1903 I GameModeConfig: isGameModeOn = false
12-14 03:22:25.695 1485 1903 I GameModeConfig: isGameModeOn = false
12-14 03:22:25.697 1485 2754 I DynamicSystemService: isInstalled(): false
12-14 03:22:25.698 1485 1903 I GameModeConfig: isGameModeOn = false
12-14 03:22:25.726 513 513 I vold : Bind mounting /mnt/runtime/default/emulated/0/Android/data on /mnt/user/0/emulated/0/Android/data
12-14 03:22:25.728 513 513 I vold : Bind mounted /mnt/runtime/default/emulated/0/Android/data on /mnt/user/0/emulated/0/Android/data
12-14 03:22:25.728 513 513 I vold : Bind mounting /mnt/runtime/default/emulated/0/Android/obb on /mnt/user/0/emulated/0/Android/obb
12-14 03:22:25.729 513 513 I vold : Bind mounted /mnt/runtime/default/emulated/0/Android/obb on /mnt/user/0/emulated/0/Android/obb
12-14 03:22:25.729 513 513 I vold : Bind mounting /mnt/runtime/write/emulated/0/Android/obb on /mnt/installer/0/emulated/0/Android/obb
12-14 03:22:25.734 513 513 I vold : Bind mounted /mnt/runtime/write/emulated/0/Android/obb on /mnt/installer/0/emulated/0/Android/obb
12-14 03:22:25.734 513 513 I vold : Configuring read_ahead of /mnt/user/0/emulated fuse filesystem to 256kb
12-14 03:22:25.735 513 513 I vold : Writing 256 to /sys/class/bdi/0:79/read_ahead_kb
12-14 03:22:25.735 513 513 I vold : Configuring max_ratio of /mnt/user/0/emulated fuse filesystem to 40
12-14 03:22:25.735 513 513 I vold : Writing 40 to /sys/class/bdi/0:79/max_ratio
12-14 03:22:25.736 1485 1774 I StorageManagerService: Mounted volume VolumeInfo{emulated;0}:
12-14 03:22:25.736 1485 1774 I StorageManagerService: type=EMULATED diskId=null partGuid= mountFlags=PRIMARY|VISIBLE
12-14 03:22:25.736 1485 1774 I StorageManagerService: mountUserId=0 state=CHECKING
12-14 03:22:25.736 1485 1774 I StorageManagerService: fsType=null fsUuid=null fsLabel=null
12-14 03:22:25.736 1485 1774 I StorageManagerService: path=/storage/emulated internalPath=/data/media
12-14 03:22:25.737 1485 1774 I StorageSessionController: Notifying volume state changed for session with id: emulated;0
12-14 03:22:25.744 1485 1774 I StorageSessionController: Notifying volume state changed for session with id: emulated;0
12-14 03:22:25.749 1485 1774 I StorageSessionController: Notifying volume state changed for session with id: emulated;0
12-14 03:22:25.759 1485 3427 D CompatibilityChangeReporter: Compat change id reported: 168419799; UID 10095; state: DISABLED
12-14 03:22:25.768 1485 1774 D StorageManagerService: Volume emulated;0 broadcasting checking to UserHandle{0}
12-14 03:22:25.768 1485 1774 D StorageManagerService: Volume emulated;0 broadcasting mounted to UserHandle{0}
12-14 03:22:25.782 1485 3427 I ActivityManager: Process com.android.inputmethod.latin (pid 3390) has died: fg RCVR
12-14 03:22:25.790 1485 1576 I ActivityManager: com.android.managedprovisioning is exempt from freezer
12-14 03:22:25.790 1485 1576 D CompatibilityChangeReporter: Compat change id reported: 135634846; UID 10026; state: DISABLED
12-14 03:22:25.790 1485 1576 D CompatibilityChangeReporter: Compat change id reported: 177438394; UID 10026; state: DISABLED
12-14 03:22:25.790 1485 1576 D CompatibilityChangeReporter: Compat change id reported: 135772972; UID 10026; state: DISABLED
12-14 03:22:25.790 1485 1576 D CompatibilityChangeReporter: Compat change id reported: 135754954; UID 10026; state: ENABLED
12-14 03:22:25.790 1485 1577 D CompatibilityChangeReporter: Compat change id reported: 143937733; UID 10026; state: ENABLED
12-14 03:22:25.798 1485 1577 I ActivityManager: Start proc 3438:com.android.managedprovisioning/u0a26 for broadcast {com.android.managedprovisioning/com.android.managedprovisioning.BootReminder}
12-14 03:22:25.807 1485 1910 D CompatibilityChangeReporter: Compat change id reported: 149924527; UID 10095; state: ENABLED
12-14 03:22:25.807 1485 1910 D CompatibilityChangeReporter: Compat change id reported: 132649864; UID 10095; state: DISABLED
12-14 03:22:25.808 1485 1910 D CompatibilityChangeReporter: Compat change id reported: 182734110; UID 10095; state: DISABLED
01-01 08:21:49.378 0 0 I binder : 3438:3438 ioctl 40046210 7fef98ccd4 returned -22
12-14 03:22:25.825 1485 1910 D CompatibilityChangeReporter: Compat change id reported: 168419799; UID 10026; state: DISABLED
12-14 03:22:25.889 1485 2754 D CompatibilityChangeReporter: Compat change id reported: 172100307; UID 10095; state: DISABLED
12-14 03:22:25.914 1485 2754 D CompatibilityChangeReporter: Compat change id reported: 135634846; UID 10090; state: DISABLED
12-14 03:22:25.914 1485 2754 D CompatibilityChangeReporter: Compat change id reported: 177438394; UID 10090; state: DISABLED
12-14 03:22:25.914 1485 2754 D CompatibilityChangeReporter: Compat change id reported: 135772972; UID 10090; state: DISABLED
12-14 03:22:25.915 1485 2754 D CompatibilityChangeReporter: Compat change id reported: 135754954; UID 10090; state: ENABLED
12-14 03:22:25.915 1485 1577 D CompatibilityChangeReporter: Compat change id reported: 143937733; UID 10090; state: ENABLED
12-14 03:22:25.927 1485 1577 I ActivityManager: Start proc 3469:com.android.music/u0a90 for broadcast {com.android.music/com.android.music.MediaPlaybackReceiver}
01-01 08:21:49.509 0 0 I binder : 3469:3469 ioctl 40046210 7fef98ccd4 returned -22
12-14 03:22:25.957 1485 1910 D CompatibilityChangeReporter: Compat change id reported: 168419799; UID 10090; state: DISABLED
12-14 03:22:25.983 1485 1903 I GameModeConfig: isGameModeOn = false
12-14 03:22:25.983 1485 1903 I GameModeConfig: isGameModeOn = false
12-14 03:22:25.983 1485 1903 I GameModeConfig: isGameModeOn = false
12-14 03:22:26.025 1485 1910 D CompatibilityChangeReporter: Compat change id reported: 135634846; UID 10060; state: DISABLED
12-14 03:22:26.026 1485 1910 D CompatibilityChangeReporter: Compat change id reported: 177438394; UID 10060; state: DISABLED
12-14 03:22:26.026 1485 1910 D CompatibilityChangeReporter: Compat change id reported: 135772972; UID 10060; state: DISABLED
12-14 03:22:26.026 1485 1910 D CompatibilityChangeReporter: Compat change id reported: 135754954; UID 10060; state: ENABLED
12-14 03:22:26.026 1485 1577 D CompatibilityChangeReporter: Compat change id reported: 143937733; UID 10060; state: ENABLED
12-14 03:22:26.036 1485 1577 I ActivityManager: Start proc 3522:com.android.onetimeinitializer/u0a60 for broadcast {com.android.onetimeinitializer/com.android.onetimeinitializer.OneTimeInitializerReceiver}
01-01 08:21:49.611 0 0 I binder : 3522:3522 ioctl 40046210 7fef98ccd4 returned -22
01-01 08:21:49.615 0 0 W cnss-daemon: DMS thread joined succesfully
01-01 08:21:49.615 0 0 W cnss-daemon: wlfw_stop: Stop done: 0
01-01 08:21:49.615 0 0 W cnss-daemon: wlfw_start: Starting
01-01 08:21:49.616 0 0 W cnss-daemon: wlfw_service_request: Start the pthread: 0x0K
01-01 08:21:49.617 0 0 W cnss-daemon: ro.baseband : [apq]
12-14 03:22:26.055 1485 2754 D CompatibilityChangeReporter: Compat change id reported: 168419799; UID 10060; state: DISABLED
01-01 08:21:49.617 0 0 W cnss-daemon: Hardware supports external modem
01-01 08:21:49.622 0 0 W cnss-daemon: pm_release_vote: pm_handle is NULL
01-01 08:21:49.622 0 0 W cnss-daemon: pm_release_vote: pm_handle is NULL
01-01 08:21:49.622 0 0 W cnss-daemon: wlfw_build_cal_table: not read /data/vendor/wifi/wlfw_cal_00.bin
01-01 08:21:49.622 0 0 W cnss-daemon: wlfw_build_cal_table: not read /data/vendor/wifi/wlfw_cal_02.bin
01-01 08:21:49.630 0 0 D cnss : Received QMI WLFW request memory indication
01-01 08:21:49.630 0 0 D cnss : FW requests for memory, size: 0x5e0000, type: 1
01-01 08:21:49.630 0 0 D cnss : FW requests for memory, size: 0xd8000, type: 4
01-01 08:21:49.630 0 0 D cnss : Posting event: REQUEST_MEM(2), state: 0x11 flags: 0x0
01-01 08:21:49.630 0 0 D cnss : PM stay awake, state: 0x11, count: 1
01-01 08:21:49.630 0 0 D cnss : PM relax, state: 0x11, count: 0
01-01 08:21:49.630 0 0 D cnss : PM stay awake, state: 0x11, count: 1
01-01 08:21:49.630 0 0 D cnss : Processing driver event: REQUEST_MEM(2), state: 0x11
01-01 08:21:49.630 0 0 D cnss : Sending respond memory message, state: 0x11
