12-14 03:23:07.374 2701 4188 D hpplay-base: [SinkContext:137] addSinkContextSession,begin to run!!
12-14 03:23:07.374 2701 4188 D hpplay-base: [SinkContext:142] addSinkContextSession,begin to get lock!!
12-14 03:23:07.374 2701 4188 D hpplay-base: [SinkContext:144] addSinkContextSession,get lock ok!!
12-14 03:23:07.374 2701 4188 D hpplay-base: [SinkContext:149] addSinkContextSession,session list is null,begin to malloc!!
12-14 03:23:07.374 2701 4188 D hpplay-base: [SinkContext:156] addSinkContextSession,begin to update!!
12-14 03:23:07.374 2701 4188 D hpplay-base: [SinkContext:160] addSinkContextSession,begin to update header!!
12-14 03:23:07.374 2701 4188 D hpplay-base: [SinkContext:172] addSinkContextSession,begin to unlock!!
12-14 03:23:07.374 2701 4188 D hpplay-base: [SinkContext:174] addSinkContextSession,unlock ok!!
12-14 03:23:07.375 2701 4188 D hpplay-base: [LelinkReceiver:4908] get ping !!!
12-14 03:23:07.375 2701 4183 D hpplay-base: [mDNSEmbeded:240] http_port bind check 240 http_port_check recieved:64
12-14 03:23:07.375 2701 4183 D hpplay-base: [mDNSEmbeded:243] http_port bind check 243 http_port_check
12-14 03:23:07.375 2701 4183 D hpplay-base: [mDNSEmbeded:244] http_port bind check ok!
12-14 03:23:07.376 2701 4187 I hpplay-java: [Thread-11]:Bridge:notify: out: OutParameters:{audioSessionId=-1, audiotrackIndex=0, castHandleType=-1, castType=0, deviceName='http://192.168.0.18:49152/description.xml', dlnaName='', dramaID='', extra=0, frameHandleType=-1, handleInside=true, headduration=0, header='', headers=null, isAD=false, isMultiMirror=false, lelinkVer='', limitTime=0, , mediaAlbum='null', mediaAlbumArtURI='', mediaArtist='null', mediaAssets='', mediaTitle='null', mimeType=0, multiSession=null, period=0, pinCode='', playSpeed=0.0, playerChoice=0, plugin=0, port=0, position=0.0, positionUnit=2, protocol=0, realSessionID='', regType='', , sinkIp='', sourceAPPVersion='', sourceChannel='', sourceClientInfo='', sourceDeviceInfo='', sourceDeviceModel='', sourceDeviceName='', sourceDeviceType=0, sourceHID='', , sourceInfo='', , , sourceOSVersion='', sourceSDKVersion='', sourceUid='', stopDetail=0, stopReason=0, tailduration=0, url='', urlID='', urls=null, userAgent='', videoDecoder=0, volume=0, what=207}com.hpplay.sdk.sink.protocol.OutParameters@bcb6bc
12-14 03:23:07.376 2701 4187 I hpplay-java: [Thread-11]:Bridge:notify: address:24069701
12-14 03:23:07.377 3766 3786 I GameMode_ActivityMonitoringService: Updating top task to: TaskInfoContainer [topActivity=ComponentInfo{com.android.settings/com.android.settings.Settings}, taskId=13, stackId=13, userId=0, displayId=0, position=6
12-14 03:23:07.377 3766 3786 I GameMode_ActivityMonitoringService: Notifying about top task: TaskInfoContainer [topActivity=ComponentInfo{com.android.settings/com.android.settings.Settings}, taskId=13, stackId=13, userId=0, displayId=0, position=6
12-14 03:23:07.377 3766 3786 E GameMode_ActivityMonitoringService: onActivityLaunch:com.android.settings
12-14 03:23:07.377 3766 3786 V GameMode_GameTypeUtils: judge isGame:com.android.settings
12-14 03:23:07.377 3766 3786 V GameMode_GpuUtils: fps:60
12-14 03:23:07.379 3766 3786 D GameMode_GameModeActionUtils: Show GameMode entry by service!
12-14 03:23:07.379 3766 3786 W ContextImpl: Calling a method in the system process without a qualified user: android.app.ContextImpl.startService:1816 android.content.ContextWrapper.startService:774 com.thundercomm.gamemode.ingame.services.GameModeActionUtils.startGameModeService:99 com.thundercomm.gamemode.ingame.services.GameModeActionUtils.startGameModeEntry:22 com.thundercomm.gamemode.ingame.services.ActivityMonitoringService$1.onActivityLaunch:127
12-14 03:23:07.382 3766 3766 D GameMode_GameModeService: type=hide_entry
12-14 03:23:07.383 3766 3786 D GameModeIF_GameModeSettings: getUriFor setting_content_uri_root = content://com.thundercomm.gamemode.api/gamemode_settings , name = gamemode_isgaming
12-14 03:23:07.385 1485 1485 I GameModeConfig: Current uri is uri = content://com.thundercomm.gamemode.api/gamemode_settings/gamemode_isgaming
12-14 03:23:07.385 1485 1485 D GameModeIF_GameModeSettings: getUriFor setting_content_uri_root = content://com.thundercomm.gamemode.api/gamemode_settings , name = gamemode_isgaming
12-14 03:23:07.385 3766 3766 D GameMode_GameSettingsObserver: Game Data change!!!! uri = content://com.thundercomm.gamemode.api/gamemode_settings/gamemode_isgaming
12-14 03:23:07.385 3766 3766 D GameModeIF_GameModeSettings: getUriFor setting_content_uri_root = content://com.thundercomm.gamemode.api/gamemode_settings , name = gamemode_isgaming
12-14 03:23:07.385 3766 3786 D GameModeIF_GameModeSettings: gamemode_isgaming set to 0
12-14 03:23:07.388 3766 3766 D GameMode_GameModeService: updateGlobalSettings = gamemode_isgaming
12-14 03:23:07.390 1485 1485 I GameModeConfig: isGameModeOn = false
12-14 03:23:07.391 1485 1485 I GameModeConfig: isGameModeOn = false
12-14 03:23:07.391 1485 1485 I GameModeConfig: isDisableVoice = true
12-14 03:23:07.396 1485 1562 W Choreographer: Frame time is 0.133727 ms in the future! Check that graphics HAL is generating vsync timestamps using the correct timebase.
12-14 03:23:07.396 2378 2378 W Choreographer: Frame time is 0.063831 ms in the future! Check that graphics HAL is generating vsync timestamps using the correct timebase.
12-14 03:23:07.396 1994 2159 W Choreographer: Frame time is 0.019195 ms in the future! Check that graphics HAL is generating vsync timestamps using the correct timebase.
12-14 03:23:07.396 1994 1994 W Choreographer: Frame time is 0.0193 ms in the future! Check that graphics HAL is generating vsync timestamps using the correct timebase.
01-01 08:22:31.027 0 0 D : mv2112_read_status
01-01 08:22:31.027 0 0 D mv2112_update_link: 3.0x901(1G): 0x84
01-01 08:22:31.027 0 0 D mv2112_update_link: 3.0x8109(100M): 0xc
01-01 08:22:31.027 0 0 D mv2112_update_link: link 0x4
01-01 08:22:31.027 0 0 D mv2112_read_status: autoneg is disabled
12-14 03:23:07.497 1485 2074 W InputManager-JNI: Input channel object '58a9458 Splash Screen com.android.settings (client)' was disposed without first being removed with the input manager!
12-14 03:23:07.576 2701 4188 I hpplay-base: [LelinkReceiver:14605] _connectionFinalize (108)
12-14 03:23:07.576 2701 4188 D hpplay-base: [LelinkReceiver:14752] ###connectionFinalize,release ok!!###
12-14 03:23:07.726 1994 1994 D StatusBar: disable disable2
12-14 03:23:07.731 1485 1903 I GameModeConfig: isGameModeOn = false
12-14 03:23:07.731 1485 1903 I GameModeConfig: isGameModeOn = false
12-14 03:23:07.731 1485 1903 I GameModeConfig: isGameModeOn = false
12-14 03:23:07.732 1485 1903 I GameModeConfig: isGameModeOn = false
12-14 03:23:07.752 1994 4189 W RingtonePlayer: STOP command without a player
12-14 03:23:07.775 1994 1994 W View : requestLayout() improperly called by com.android.systemui.util.animation.UniqueObjectHostView{7ac528b V.E...... ......ID 0,0-636,344} during layout: running second layout pass
12-14 03:23:07.800 1485 1903 I GameModeConfig: isGameModeOn = false
12-14 03:23:07.800 1485 1903 I GameModeConfig: isGameModeOn = false
12-14 03:23:07.801 1485 1903 I GameModeConfig: isGameModeOn = false
12-14 03:23:07.801 1485 1903 I GameModeConfig: isGameModeOn = false
12-14 03:23:07.817 1994 1994 W View : requestLayout() improperly called by com.android.systemui.util.animation.UniqueObjectHostView{7ac528b V.E...... ......ID 0,0-636,344} during layout: running second layout pass
12-14 03:23:07.832 1485 1903 I GameModeConfig: isGameModeOn = false
12-14 03:23:07.833 1485 1903 I GameModeConfig: isGameModeOn = false
12-14 03:23:07.834 1485 1903 I GameModeConfig: isGameModeOn = false
12-14 03:23:07.834 1485 1903 I GameModeConfig: isGameModeOn = false
12-14 03:23:07.852 1994 1994 W View : requestLayout() improperly called by com.android.systemui.util.animation.UniqueObjectHostView{7ac528b V.E...... ......ID 0,0-636,344} during layout: running second layout pass
12-14 03:23:07.861 1485 1903 I GameModeConfig: isGameModeOn = false
12-14 03:23:07.861 1485 1903 I GameModeConfig: isGameModeOn = false
12-14 03:23:07.862 1485 1903 I GameModeConfig: isGameModeOn = false
12-14 03:23:07.862 1485 1903 I GameModeConfig: isGameModeOn = false
12-14 03:23:07.874 1994 1994 W View : requestLayout() improperly called by com.android.systemui.util.animation.UniqueObjectHostView{7ac528b V.E...... ......ID 0,0-636,344} during layout: running second layout pass
12-14 03:23:07.881 1485 1903 I GameModeConfig: isGameModeOn = false
12-14 03:23:07.881 1485 1903 I GameModeConfig: isGameModeOn = false
12-14 03:23:07.881 1485 1903 I GameModeConfig: isGameModeOn = false
12-14 03:23:07.882 1485 1903 I GameModeConfig: isGameModeOn = false
12-14 03:23:07.894 1994 1994 W View : requestLayout() improperly called by com.android.systemui.util.animation.UniqueObjectHostView{7ac528b V.E...... ......ID 0,0-636,344} during layout: running second layout pass
12-14 03:23:07.902 1485 1903 I GameModeConfig: isGameModeOn = false
12-14 03:23:07.902 1485 1903 I GameModeConfig: isGameModeOn = false
12-14 03:23:07.902 1485 1903 I GameModeConfig: isGameModeOn = false
12-14 03:23:07.903 1485 1903 I GameModeConfig: isGameModeOn = false
12-14 03:23:07.908 1994 4116 I OpenGLRenderer: Davey! duration=9223371980200ms; Flags=0, FrameTimelineVsyncId=2823, IntendedVsync=56654623461, Vsync=56654623461, InputEventId=0, HandleInputStart=56670622789, AnimationStart=56670623779, PerformTraversalsStart=56678343623, DrawStart=56686075602, FrameDeadline=56687956793, FrameInterval=56670620862, FrameStartTime=16666666, SyncQueued=56686767321, SyncStart=56686823831, IssueDrawCommandsStart=56687010810, SwapBuffers=56687350237, FrameCompleted=9223372036854775807, DequeueBufferDuration=13489, QueueBufferDuration=779479, GpuCompleted=9223372036854775807, SwapBuffersCompleted=56688388883, DisplayPresentTime=144115222452438157,
12-14 03:23:07.913 1994 1994 W View : requestLayout() improperly called by com.android.systemui.util.animation.UniqueObjectHostView{7ac528b V.E...... ......ID 0,0-636,344} during layout: running second layout pass
12-14 03:23:07.922 1485 1903 I GameModeConfig: isGameModeOn = false
12-14 03:23:07.922 1485 1903 I GameModeConfig: isGameModeOn = false
12-14 03:23:07.923 1485 1903 I GameModeConfig: isGameModeOn = false
12-14 03:23:07.923 1485 1903 I GameModeConfig: isGameModeOn = false
12-14 03:23:07.933 1994 1994 W View : requestLayout() improperly called by com.android.systemui.util.animation.UniqueObjectHostView{7ac528b V.E...... ......ID 0,0-636,344} during layout: running second layout pass
12-14 03:23:07.936 1485 1485 I GameModeConfig: isGameModeOn = false
12-14 03:23:07.940 1485 1903 I GameModeConfig: isGameModeOn = false
12-14 03:23:07.940 3766 3766 V GameMode_GameTypeUtils: judge isGame:com.android.settings
12-14 03:23:07.940 3766 3766 E GameMode_GameModeNotificationListenerService: title :content :,PackageName:com.android.systemui,isGameModeOn:false,isBulletScreenOn:false,isBulletScreenPackage:false
12-14 03:23:07.941 1485 1903 I GameModeConfig: isGameModeOn = false
12-14 03:23:07.941 1485 1903 I GameModeConfig: isGameModeOn = false
12-14 03:23:07.941 1485 1903 I GameModeConfig: isGameModeOn = false
12-14 03:23:07.951 1994 1994 W View : requestLayout() improperly called by com.android.systemui.util.animation.UniqueObjectHostView{7ac528b V.E...... ......ID 0,0-636,344} during layout: running second layout pass
12-14 03:23:07.959 1485 1903 I GameModeConfig: isGameModeOn = false
12-14 03:23:07.959 1485 1903 I GameModeConfig: isGameModeOn = false
12-14 03:23:07.959 1485 1903 I GameModeConfig: isGameModeOn = false
12-14 03:23:07.960 1485 1903 I GameModeConfig: isGameModeOn = false
12-14 03:23:07.969 1994 1994 W View : requestLayout() improperly called by com.android.systemui.util.animation.UniqueObjectHostView{7ac528b V.E...... ......ID 0,0-636,344} during layout: running second layout pass
12-14 03:23:07.978 1994 1994 D InterruptionStateProvider: No bubble up: not allowed to bubble: 0|com.android.systemui|2048|null|10082
12-14 03:23:07.978 1994 1994 D InterruptionStateProvider: No heads up: unimportant notification: 0|com.android.systemui|2048|null|10082
12-14 03:23:07.983 1994 2426 D PeopleSpaceWidgetMgr: Sbn doesn't contain valid PeopleTileKey: null/0/com.android.systemui
12-14 03:23:07.984 1485 1903 I GameModeConfig: isGameModeOn = false
12-14 03:23:07.984 1485 1903 I GameModeConfig: isGameModeOn = false
12-14 03:23:07.984 1485 1903 I GameModeConfig: isGameModeOn = false
12-14 03:23:07.985 1485 1903 I GameModeConfig: isGameModeOn = false
12-14 03:23:07.995 1994 1994 W View : requestLayout() improperly called by com.android.systemui.util.animation.UniqueObjectHostView{7ac528b V.E...... ......ID 0,0-636,344} during layout: running second layout pass
12-14 03:23:08.004 1485 1485 I GameModeConfig: isGameModeOn = false
12-14 03:23:08.005 1485 1485 E NotificationService: Muting recently noisy 0|com.android.systemui|2048|null|10082
12-14 03:23:08.007 1485 1903 I GameModeConfig: isGameModeOn = false
12-14 03:23:08.008 1485 1903 I GameModeConfig: isGameModeOn = false
12-14 03:23:08.008 1485 1903 I GameModeConfig: isGameModeOn = false
12-14 03:23:08.008 3766 3766 V GameMode_GameTypeUtils: judge isGame:com.android.settings
12-14 03:23:08.008 3766 3766 E GameMode_GameModeNotificationListenerService: title :content :,PackageName:com.android.systemui,isGameModeOn:false,isBulletScreenOn:false,isBulletScreenPackage:false
12-14 03:23:08.008 1485 1903 I GameModeConfig: isGameModeOn = false
12-14 03:23:08.015 1994 1994 W View : requestLayout() improperly called by com.android.systemui.util.animation.UniqueObjectHostView{7ac528b V.E...... ......ID 0,0-636,344} during layout: running second layout pass
12-14 03:23:08.026 1485 1903 I GameModeConfig: isGameModeOn = false
12-14 03:23:08.026 1485 1903 I GameModeConfig: isGameModeOn = false
12-14 03:23:08.027 1485 1903 I GameModeConfig: isGameModeOn = false
12-14 03:23:08.027 1485 1903 I GameModeConfig: isGameModeOn = false
12-14 03:23:08.037 1994 1994 W View : requestLayout() improperly called by com.android.systemui.util.animation.UniqueObjectHostView{7ac528b V.E...... ......ID 0,0-636,344} during layout: running second layout pass
12-14 03:23:08.037 1485 1485 I GameModeConfig: isGameModeOn = false
12-14 03:23:08.038 1485 1485 E NotificationService: Muting recently noisy 0|com.android.systemui|2048|null|10082
12-14 03:23:08.041 3766 3766 V GameMode_GameTypeUtils: judge isGame:com.android.settings
12-14 03:23:08.041 3766 3766 E GameMode_GameModeNotificationListenerService: title :content :,PackageName:com.android.systemui,isGameModeOn:false,isBulletScreenOn:false,isBulletScreenPackage:false
12-14 03:23:08.049 1994 1994 D InterruptionStateProvider: No bubble up: not allowed to bubble: 0|com.android.systemui|2048|null|10082
12-14 03:23:08.049 1994 1994 D InterruptionStateProvider: No heads up: unimportant notification: 0|com.android.systemui|2048|null|10082
12-14 03:23:08.054 1994 2426 D PeopleSpaceWidgetMgr: Sbn doesn't contain valid PeopleTileKey: null/0/com.android.systemui
12-14 03:23:08.055 1485 1903 I GameModeConfig: isGameModeOn = false
12-14 03:23:08.055 1485 1903 I GameModeConfig: isGameModeOn = false
12-14 03:23:08.055 1485 1903 I GameModeConfig: isGameModeOn = false
12-14 03:23:08.056 1485 1903 I GameModeConfig: isGameModeOn = false
12-14 03:23:08.065 1485 1485 I GameModeConfig: isGameModeOn = false
12-14 03:23:08.066 1994 1994 W View : requestLayout() improperly called by com.android.systemui.util.animation.UniqueObjectHostView{7ac528b V.E...... ......ID 0,0-636,344} during layout: running second layout pass
12-14 03:23:08.066 1485 1485 E NotificationService: Muting recently noisy 0|com.android.systemui|2048|null|10082
12-14 03:23:08.068 3766 3766 V GameMode_GameTypeUtils: judge isGame:com.android.settings
12-14 03:23:08.069 3766 3766 E GameMode_GameModeNotificationListenerService: title :content :,PackageName:com.android.systemui,isGameModeOn:false,isBulletScreenOn:false,isBulletScreenPackage:false
12-14 03:23:08.076 1485 1903 I GameModeConfig: isGameModeOn = false
12-14 03:23:08.076 1485 1903 I GameModeConfig: isGameModeOn = false
12-14 03:23:08.077 1485 1903 I GameModeConfig: isGameModeOn = false
12-14 03:23:08.077 1485 1903 I GameModeConfig: isGameModeOn = false
12-14 03:23:08.085 1485 1485 I GameModeConfig: isGameModeOn = false
12-14 03:23:08.086 1485 1485 E NotificationService: Muting recently noisy 0|com.android.systemui|2048|null|10082
12-14 03:23:08.087 1994 1994 W View : requestLayout() improperly called by com.android.systemui.util.animation.UniqueObjectHostView{7ac528b V.E...... ......ID 0,0-636,344} during layout: running second layout pass
12-14 03:23:08.090 3766 3766 V GameMode_GameTypeUtils: judge isGame:com.android.settings
12-14 03:23:08.090 3766 3766 E GameMode_GameModeNotificationListenerService: title :content :,PackageName:com.android.systemui,isGameModeOn:false,isBulletScreenOn:false,isBulletScreenPackage:false
12-14 03:23:08.095 1994 1994 D InterruptionStateProvider: No bubble up: not allowed to bubble: 0|com.android.systemui|2048|null|10082
12-14 03:23:08.095 1994 1994 D InterruptionStateProvider: No heads up: unimportant notification: 0|com.android.systemui|2048|null|10082
12-14 03:23:08.100 1994 2426 D PeopleSpaceWidgetMgr: Sbn doesn't contain valid PeopleTileKey: null/0/com.android.systemui
12-14 03:23:08.106 1485 1485 I GameModeConfig: isGameModeOn = false
12-14 03:23:08.107 1485 1485 E NotificationService: Muting recently noisy 0|com.android.systemui|2048|null|10082
12-14 03:23:08.111 1994 1994 D InterruptionStateProvider: No bubble up: not allowed to bubble: 0|com.android.systemui|2048|null|10082
12-14 03:23:08.111 1994 1994 D InterruptionStateProvider: No heads up: unimportant notification: 0|com.android.systemui|2048|null|10082
12-14 03:23:08.111 3766 3766 V GameMode_GameTypeUtils: judge isGame:com.android.settings
12-14 03:23:08.111 3766 3766 E GameMode_GameModeNotificationListenerService: title :content :,PackageName:com.android.systemui,isGameModeOn:false,isBulletScreenOn:false,isBulletScreenPackage:false
12-14 03:23:08.116 1994 2426 D PeopleSpaceWidgetMgr: Sbn doesn't contain valid PeopleTileKey: null/0/com.android.systemui
12-14 03:23:08.125 1485 1485 I GameModeConfig: isGameModeOn = false
12-14 03:23:08.126 1485 1485 E NotificationService: Muting recently noisy 0|com.android.systemui|2048|null|10082
12-14 03:23:08.126 1994 1994 D InterruptionStateProvider: No bubble up: not allowed to bubble: 0|com.android.systemui|2048|null|10082
12-14 03:23:08.126 1994 1994 D InterruptionStateProvider: No heads up: unimportant notification: 0|com.android.systemui|2048|null|10082
12-14 03:23:08.128 3766 3766 V GameMode_GameTypeUtils: judge isGame:com.android.settings
12-14 03:23:08.128 3766 3766 E GameMode_GameModeNotificationListenerService: title :content :,PackageName:com.android.systemui,isGameModeOn:false,isBulletScreenOn:false,isBulletScreenPackage:false
12-14 03:23:08.130 1994 2426 D PeopleSpaceWidgetMgr: Sbn doesn't contain valid PeopleTileKey: null/0/com.android.systemui
12-14 03:23:08.142 1994 1994 D InterruptionStateProvider: No bubble up: not allowed to bubble: 0|com.android.systemui|2048|null|10082
12-14 03:23:08.142 1994 1994 D InterruptionStateProvider: No heads up: unimportant notification: 0|com.android.systemui|2048|null|10082
12-14 03:23:08.144 1485 1485 I GameModeConfig: isGameModeOn = false
12-14 03:23:08.144 1485 1485 E NotificationService: Muting recently noisy 0|com.android.systemui|2048|null|10082
12-14 03:23:08.147 1994 2426 D PeopleSpaceWidgetMgr: Sbn doesn't contain valid PeopleTileKey: null/0/com.android.systemui
12-14 03:23:08.147 3766 3766 V GameMode_GameTypeUtils: judge isGame:com.android.settings
12-14 03:23:08.147 3766 3766 E GameMode_GameModeNotificationListenerService: title :content :,PackageName:com.android.systemui,isGameModeOn:false,isBulletScreenOn:false,isBulletScreenPackage:false
12-14 03:23:08.156 1994 1994 D InterruptionStateProvider: No bubble up: not allowed to bubble: 0|com.android.systemui|2048|null|10082
12-14 03:23:08.156 1994 1994 D InterruptionStateProvider: No heads up: unimportant notification: 0|com.android.systemui|2048|null|10082
12-14 03:23:08.161 1994 2426 D PeopleSpaceWidgetMgr: Sbn doesn't contain valid PeopleTileKey: null/0/com.android.systemui
12-14 03:23:08.161 1485 1485 I GameModeConfig: isGameModeOn = false
12-14 03:23:08.162 1485 1485 E NotificationService: Muting recently noisy 0|com.android.systemui|2048|null|10082
12-14 03:23:08.164 3766 3766 V GameMode_GameTypeUtils: judge isGame:com.android.settings
12-14 03:23:08.164 3766 3766 E GameMode_GameModeNotificationListenerService: title :content :,PackageName:com.android.systemui,isGameModeOn:false,isBulletScreenOn:false,isBulletScreenPackage:false
12-14 03:23:08.176 1994 1994 D InterruptionStateProvider: No bubble up: not allowed to bubble: 0|com.android.systemui|2048|null|10082
12-14 03:23:08.176 1994 1994 D InterruptionStateProvider: No heads up: unimportant notification: 0|com.android.systemui|2048|null|10082
12-14 03:23:08.180 1994 2426 D PeopleSpaceWidgetMgr: Sbn doesn't contain valid PeopleTileKey: null/0/com.android.systemui
12-14 03:23:08.187 1485 1485 I GameModeConfig: isGameModeOn = false
12-14 03:23:08.188 1485 1485 E NotificationService: Muting recently noisy 0|com.android.systemui|2048|null|10082
12-14 03:23:08.190 1994 1994 D InterruptionStateProvider: No bubble up: not allowed to bubble: 0|com.android.systemui|2048|null|10082
12-14 03:23:08.191 1994 1994 D InterruptionStateProvider: No heads up: unimportant notification: 0|com.android.systemui|2048|null|10082
12-14 03:23:08.192 3766 3766 V GameMode_GameTypeUtils: judge isGame:com.android.settings
12-14 03:23:08.192 3766 3766 E GameMode_GameModeNotificationListenerService: title :content :,PackageName:com.android.systemui,isGameModeOn:false,isBulletScreenOn:false,isBulletScreenPackage:false
12-14 03:23:08.195 1994 2426 D PeopleSpaceWidgetMgr: Sbn doesn't contain valid PeopleTileKey: null/0/com.android.systemui
12-14 03:23:08.208 1485 1485 I GameModeConfig: isGameModeOn = false
12-14 03:23:08.208 1485 1485 E NotificationService: Muting recently noisy 0|com.android.systemui|2048|null|10082
12-14 03:23:08.211 3766 3766 V GameMode_GameTypeUtils: judge isGame:com.android.settings
12-14 03:23:08.211 3766 3766 E GameMode_GameModeNotificationListenerService: title :content :,PackageName:com.android.systemui,isGameModeOn:false,isBulletScreenOn:false,isBulletScreenPackage:false
12-14 03:23:08.225 1994 1994 D InterruptionStateProvider: No bubble up: not allowed to bubble: 0|com.android.systemui|2048|null|10082
12-14 03:23:08.226 1994 1994 D InterruptionStateProvider: No heads up: unimportant notification: 0|com.android.systemui|2048|null|10082
12-14 03:23:08.229 1485 1485 I GameModeConfig: isGameModeOn = false
12-14 03:23:08.229 1485 1485 E NotificationService: Muting recently noisy 0|com.android.systemui|2048|null|10082
12-14 03:23:08.232 1994 2426 D PeopleSpaceWidgetMgr: Sbn doesn't contain valid PeopleTileKey: null/0/com.android.systemui
12-14 03:23:08.232 3766 3766 V GameMode_GameTypeUtils: judge isGame:com.android.settings
12-14 03:23:08.232 3766 3766 E GameMode_GameModeNotificationListenerService: title :content :,PackageName:com.android.systemui,isGameModeOn:false,isBulletScreenOn:false,isBulletScreenPackage:false
12-14 03:23:08.242 1994 1994 D InterruptionStateProvider: No bubble up: not allowed to bubble: 0|com.android.systemui|2048|null|10082
12-14 03:23:08.242 1994 1994 D InterruptionStateProvider: No heads up: unimportant notification: 0|com.android.systemui|2048|null|10082
12-14 03:23:08.247 1994 2426 D PeopleSpaceWidgetMgr: Sbn doesn't contain valid PeopleTileKey: null/0/com.android.systemui
12-14 03:23:08.258 1994 1994 D InterruptionStateProvider: No bubble up: not allowed to bubble: 0|com.android.systemui|2048|null|10082
12-14 03:23:08.258 1485 1485 I GameModeConfig: isGameModeOn = false
12-14 03:23:08.258 1994 1994 D InterruptionStateProvider: No heads up: unimportant notification: 0|com.android.systemui|2048|null|10082
12-14 03:23:08.259 1485 1485 E NotificationService: Muting recently noisy 0|com.android.systemui|2048|null|10082
12-14 03:23:08.261 3766 3766 V GameMode_GameTypeUtils: judge isGame:com.android.settings
12-14 03:23:08.261 3766 3766 E GameMode_GameModeNotificationListenerService: title :content :,PackageName:com.android.systemui,isGameModeOn:false,isBulletScreenOn:false,isBulletScreenPackage:false
12-14 03:23:08.263 1994 2426 D PeopleSpaceWidgetMgr: Sbn doesn't contain valid PeopleTileKey: null/0/com.android.systemui
12-14 03:23:08.280 1485 1485 I GameModeConfig: isGameModeOn = false
12-14 03:23:08.280 1485 1485 E NotificationService: Muting recently noisy 0|com.android.systemui|2048|null|10082
12-14 03:23:08.283 3766 3766 V GameMode_GameTypeUtils: judge isGame:com.android.settings
12-14 03:23:08.283 3766 3766 E GameMode_GameModeNotificationListenerService: title :content :,PackageName:com.android.systemui,isGameModeOn:false,isBulletScreenOn:false,isBulletScreenPackage:false
12-14 03:23:08.291 1994 1994 D InterruptionStateProvider: No bubble up: not allowed to bubble: 0|com.android.systemui|2048|null|10082
12-14 03:23:08.292 1994 1994 D InterruptionStateProvider: No heads up: unimportant notification: 0|com.android.systemui|2048|null|10082
12-14 03:23:08.296 1994 2426 D PeopleSpaceWidgetMgr: Sbn doesn't contain valid PeopleTileKey: null/0/com.android.systemui
12-14 03:23:08.307 1994 1994 D InterruptionStateProvider: No bubble up: not allowed to bubble: 0|com.android.systemui|2048|null|10082
12-14 03:23:08.307 1994 1994 D InterruptionStateProvider: No heads up: unimportant notification: 0|com.android.systemui|2048|null|10082
12-14 03:23:08.313 1994 2426 D PeopleSpaceWidgetMgr: Sbn doesn't contain valid PeopleTileKey: null/0/com.android.systemui
12-14 03:23:08.365 639 654 I mpu_uart: [MSG-P:RECV]:No message received in 1000 ms
12-14 03:23:08.385 639 653 I mpu_uart: [MSG-P:R]:recv sync frame timeout
01-01 08:22:32.051 0 0 D : mv2112_read_status
01-01 08:22:32.051 0 0 D mv2112_update_link: 3.0x901(1G): 0x84
01-01 08:22:32.051 0 0 D mv2112_update_link: 3.0x8109(100M): 0xc
01-01 08:22:32.051 0 0 D mv2112_update_link: link 0x4
01-01 08:22:32.051 0 0 D mv2112_read_status: autoneg is disabled
12-14 03:23:08.543 1994 4116 I OpenGLRenderer: Davey! duration=9223371979543ms; Flags=0, FrameTimelineVsyncId=2900, IntendedVsync=57306248053, Vsync=57306248053, InputEventId=0, HandleInputStart=57307717320, AnimationStart=57307723206, PerformTraversalsStart=57311150654, DrawStart=57313093050, FrameDeadline=57322914719, FrameInterval=57307709039, FrameStartTime=16666666, SyncQueued=57313114404, SyncStart=57317900550, IssueDrawCommandsStart=57317942060, SwapBuffers=57318216383, FrameCompleted=9223372036854775807, DequeueBufferDuration=14270, QueueBufferDuration=431458, GpuCompleted=9223372036854775807, SwapBuffersCompleted=57318848623, DisplayPresentTime=319188597,
12-14 03:23:08.593 1994 2737 I OpenGLRenderer: Davey! duration=9223371979493ms; Flags=0, FrameTimelineVsyncId=2906, IntendedVsync=57356422546, Vsync=57356422546, InputEventId=0, HandleInputStart=57358655185, AnimationStart=57358657529, PerformTraversalsStart=57361224612, DrawStart=57363304977, FrameDeadline=57389755878, FrameInterval=57358631018, FrameStartTime=16666666, SyncQueued=57363331018, SyncStart=57367746539, IssueDrawCommandsStart=57367791695, SwapBuffers=57368126331, FrameCompleted=9223372036854775807, DequeueBufferDuration=15833, QueueBufferDuration=1307812, GpuCompleted=9223372036854775807, SwapBuffersCompleted=57369661643, DisplayPresentTime=8150644078861905467,
12-14 03:23:08.659 1994 4116 I OpenGLRenderer: Davey! duration=9223371979424ms; Flags=0, FrameTimelineVsyncId=2914, IntendedVsync=57423191432, Vsync=57423191432, InputEventId=0, HandleInputStart=57424958570, AnimationStart=57424960029, PerformTraversalsStart=57427263258, DrawStart=57430708102, FrameDeadline=57456524764, FrameInterval=57424950654, FrameStartTime=16666666, SyncQueued=57430787164, SyncStart=57437894404, IssueDrawCommandsStart=57437936331, SwapBuffers=57438197372, FrameCompleted=9223372036854775807, DequeueBufferDuration=13125, QueueBufferDuration=471718, GpuCompleted=9223372036854775807, SwapBuffersCompleted=57438864352, DisplayPresentTime=316584873,
12-14 03:23:08.763 2701 3711 W hpplay-java: [AsyncTask #5]:HttpRequest:
12-14 03:23:08.763 2701 3720 W hpplay-java: [AsyncTask #13]:HttpRequest:
12-14 03:23:08.763 2701 3711 I hpplay-java: [AsyncTask #5]:HttpRequest:https://vipauth.hpplay.cn/VipAuth path post
12-14 03:23:08.764 2701 3711 W hpplay-java: [AsyncTask #5]:HttpRequest:
12-14 03:23:08.764 2701 3711 I hpplay-java: [AsyncTask #5]:HttpRequest:https://vipauth.hpplay.cn/VipAuth path post
12-14 03:23:08.765 2701 3720 W hpplay-java: [AsyncTask #13]:HttpRequest:
12-14 03:23:08.767 2701 3719 W hpplay-java: [AsyncTask #12]:HttpRequest:
12-14 03:23:08.767 2701 3716 W hpplay-java: [AsyncTask #10]:HttpRequest:
12-14 03:23:08.768 2701 3864 W hpplay-java: [AsyncTask #15]:HttpRequest:
12-14 03:23:08.768 2701 3720 W hpplay-java: [AsyncTask #13]:HttpRequest:
12-14 03:23:08.768 2701 3719 W hpplay-java: [AsyncTask #12]:HttpRequest:
12-14 03:23:08.769 2701 3864 W hpplay-java: [AsyncTask #15]:HttpRequest:
12-14 03:23:08.769 2701 3711 W hpplay-java: [AsyncTask #5]:HttpRequest:
12-14 03:23:08.770 2701 3719 W hpplay-java: [AsyncTask #12]:HttpRequest:
12-14 03:23:08.770 2701 3716 W hpplay-java: [AsyncTask #10]:HttpRequest:
12-14 03:23:08.771 2701 3716 W hpplay-java: [AsyncTask #10]:HttpRequest:
12-14 03:23:08.771 2701 2701 I hpplay-java: [main]:PlayerConfigRequest:request failed
12-14 03:23:08.771 2046 3253 D NetworkMonitor/100: isDataStall: result=1, tcp packets received=0, latest tcp fail rate=0, consecutive dns timeout count=9
12-14 03:23:08.771 2046 3253 D NetworkMonitor/100: Suspecting data stall, reevaluate
12-14 03:23:08.772 1485 2353 D ConnectivityService: Data stall detected with methods: 1
12-14 03:23:08.773 2701 2701 E hpplay-java: [main]:IMTask:getIMRoot failed
12-14 03:23:08.773 2046 4191 D NetworkMonitor/100: Validation disabled.
12-14 03:23:08.774 2701 3864 W hpplay-java: [AsyncTask #15]:HttpRequest:
12-14 03:23:08.777 1485 1898 D ConnectivityService: [100 ETHERNET] validation passed
12-14 03:23:08.809 1994 4116 I OpenGLRenderer: Davey! duration=9223371979272ms; Flags=0, FrameTimelineVsyncId=2932, IntendedVsync=57573532260, Vsync=57573532260, InputEventId=0, HandleInputStart=57573988883, AnimationStart=57573992477, PerformTraversalsStart=57574772216, DrawStart=57576228570, FrameDeadline=57606865592, FrameInterval=57573979924, FrameStartTime=16666666, SyncQueued=57576249560, SyncStart=57584864716, IssueDrawCommandsStart=57584908935, SwapBuffers=57585176539, FrameCompleted=9223372036854775807, DequeueBufferDuration=15052, QueueBufferDuration=465833, GpuCompleted=9223372036854775807, SwapBuffersCompleted=57585842529, DisplayPresentTime=0,
12-14 03:23:08.827 0 0 W swapper/1: type=1400 audit(0.0:284): avc: denied { kill } for capability=5 scontext=u:r:kernel:s0 tcontext=u:r:kernel:s0 tclass=capability permissive=0
01-01 08:22:32.489 0 0 I [schedu][0x44975298][03:23:08.928349] wlan: [3588:I:OSIF] vdev 0, scan id 40962 type COMPLETED(1) reason COMPLETED(1) scan found 65 bss
12-14 03:23:08.975 1395 3862 D LOWI-9.0.0.87.a: [LOWI-Scan] wait_event:Wait done with Cmd 34
12-14 03:23:08.975 1395 3862 D LOWI-9.0.0.87.a: [LOWI-Scan] do_listen_events: Rcvd valid Netlink Cmd 34 Err 0
12-14 03:23:08.976 1485 2353 D WifiNl80211Manager: Scan result ready event
12-14 03:23:08.976 1395 3862 D LOWI-9.0.0.87.a: [LOWI-Scan]
12-14 03:23:08.976 1395 3862 D LOWI-9.0.0.87.a: [LOWI-Scan] print_bss_handler: Report Probe TSF 56112777 as it greater than Beacon TSF 15989865
12-14 03:23:08.976 1395 3862 D LOWI-9.0.0.87.a: [LOWI-Scan] decode_rsn_wpa_ie: LOWI_ENCRYPTION_TYPE_WPA_PSK
12-14 03:23:08.976 1395 3862 D LOWI-9.0.0.87.a: [LOWI-Scan] is_qcom_ie, bss_age: 0
12-14 03:23:08.976 1485 2353 D WifiNative: Scan result ready event
12-14 03:23:08.976 1395 3862 D LOWI-9.0.0.87.a: [LOWI-Scan] BSS 62:ae:8f:61:d1:2e LOWI_PHY_MODE_11AC_VHT80(10), Beacon Interval: 100, LOWI_ENCRYPTION_TYPE_WPA_PSK 11mcRanging: No, ANQP: No, LCI: No, Civic: No, capability(0x1031): ESS Privacy ShortPreamble
12-14 03:23:08.976 1395 3862 D LOWI-9.0.0.87.a: [LOWI-Scan] BSS 62:ae:8f:61:d1:2e FREQ: 5180, cFreq1[40:80:160] = [5190:5210:0] cFreq2 = 0 Country Code =
12-14 03:23:08.977 1395 3862 D LOWI-9.0.0.87.a: [LOWI-Scan] BSS 62:ae:8f:61:d1:2e (wlan0) ASSO: NO AddInfo: 0x0, TSF 0, 00:00:56.112, RSSI: -122, CPL: 127, AGE: 1652, SSID GM_VCU_MM_5G, TSFDelta: 0x29bb54fe, TXRate: 0
12-14 03:23:08.977 1395 3862 D LOWI-9.0.0.87.a: [LOWI-Scan]
12-14 03:23:08.977 1395 3862 D LOWI-9.0.0.87.a: [LOWI-Scan] print_bss_handler: Report Probe TSF 56138188 as it greater than Beacon TSF 15986842
12-14 03:23:08.977 1395 3862 D LOWI-9.0.0.87.a: [LOWI-Scan] decode_rsn_wpa_ie: LOWI_ENCRYPTION_TYPE_WPA_PSK
12-14 03:23:08.977 1395 3862 D LOWI-9.0.0.87.a: [LOWI-Scan] is_qcom_ie, bss_age: 0
12-14 03:23:08.977 1395 3862 D LOWI-9.0.0.87.a: [LOWI-Scan] BSS 18:6f:2d:81:18:90 LOWI_PHY_MODE_11AC_VHT20(8), Beacon Interval: 100, LOWI_ENCRYPTION_TYPE_WPA_PSK 11mcRanging: No, ANQP: No, LCI: No, Civic: No, capability(0x0111): ESS Privacy SpectrumMgmt
12-14 03:23:08.977 1395 3862 D LOWI-9.0.0.87.a: [LOWI-Scan] BSS 18:6f:2d:81:18:90 FREQ: 5180, cFreq1[40:80:160] = [5180:0:0] cFreq2 = 0 Country Code = CN
12-14 03:23:08.977 1395 3862 D LOWI-9.0.0.87.a: [LOWI-Scan] BSS 18:6f:2d:81:18:90 (wlan0) ASSO: NO AddInfo: 0x0, TSF 0, 00:00:56.138, RSSI: -150, CPL: 127, AGE: 1628, SSID Testing , TSFDelta: 0x714b0a4a, TXRate: 0
12-14 03:23:08.977 1395 3862 D LOWI-9.0.0.87.a: [LOWI-Scan]
12-14 03:23:08.977 1395 3862 D LOWI-9.0.0.87.a: [LOWI-Scan] print_bss_handler: Report Probe TSF 56138246 as it greater than Beacon TSF 15987130
12-14 03:23:08.977 1395 3862 D LOWI-9.0.0.87.a: [LOWI-Scan] is_qcom_ie, bss_age: 0
12-14 03:23:08.977 1395 3862 D LOWI-9.0.0.87.a: [LOWI-Scan] BSS 18:6f:2d:81:18:91 LOWI_PHY_MODE_11AC_VHT20(8), Beacon Interval: 100, LOWI_ENCRYPTION_TYPE_OPEN 11mcRanging: No, ANQP: No, LCI: No, Civic: No, capability(0x0101): ESS SpectrumMgmt
12-14 03:23:08.977 1395 3862 D LOWI-9.0.0.87.a: [LOWI-Scan] BSS 18:6f:2d:81:18:91 FREQ: 5180, cFreq1[40:80:160] = [5180:0:0] cFreq2 = 0 Country Code = CN
12-14 03:23:08.977 1395 3862 D LOWI-9.0.0.87.a: [LOWI-Scan] BSS 18:6f:2d:81:18:91 (wlan0) ASSO: NO AddInfo: 0x0, TSF 0, 00:00:56.138, RSSI: -150, CPL: 127, AGE: 1628, SSID Guest, TSFDelta: 0x714dee4e, TXRate: 0
12-14 03:23:08.977 1395 3862 D LOWI-9.0.0.87.a: [LOWI-Scan]
12-14 03:23:08.977 1395 3862 D LOWI-9.0.0.87.a: [LOWI-Scan] print_bss_handler: Report Probe TSF 56138283 as it greater than Beacon TSF 15987381
12-14 03:23:08.977 1395 3862 D LOWI-9.0.0.87.a: [LOWI-Scan] decode_rsn_wpa_ie: LOWI_ENCRYPTION_TYPE_WPA_PSK
12-14 03:23:08.977 1395 3862 D LOWI-9.0.0.87.a: [LOWI-Scan] is_qcom_ie, bss_age: 0
12-14 03:23:08.977 1395 3862 D LOWI-9.0.0.87.a: [LOWI-Scan] BSS 18:6f:2d:81:18:92 LOWI_PHY_MODE_11AC_VHT20(8), Beacon Interval: 100, LOWI_ENCRYPTION_TYPE_WPA_PSK 11mcRanging: No, ANQP: No, LCI: No, Civic: No, capability(0x0111): ESS Privacy SpectrumMgmt
12-14 03:23:08.977 1395 3862 D LOWI-9.0.0.87.a: [LOWI-Scan] BSS 18:6f:2d:81:18:92 FREQ: 5180, cFreq1[40:80:160] = [5180:0:0] cFreq2 = 0 Country Code = CN
12-14 03:23:08.977 1395 3862 D LOWI-9.0.0.87.a: [LOWI-Scan] BSS 18:6f:2d:81:18:92 (wlan0) ASSO: NO AddInfo: 0x0, TSF 0, 00:00:56.138, RSSI: -150, CPL: 127, AGE: 1628, SSID ZXHY, TSFDelta: 0x71507506, TXRate: 0
12-14 03:23:08.977 1395 3862 D LOWI-9.0.0.87.a: [LOWI-Scan]
12-14 03:23:08.977 1395 3862 D LOWI-9.0.0.87.a: [LOWI-Scan] print_bss_handler: Report Probe TSF 56138321 as it greater than Beacon TSF 15987725
12-14 03:23:08.977 1395 3862 D LOWI-9.0.0.87.a: [LOWI-Scan] decode_rsn_wpa_ie: LOWI_ENCRYPTION_TYPE_WPA_PSK
12-14 03:23:08.977 1395 3862 D LOWI-9.0.0.87.a: [LOWI-Scan] is_qcom_ie, bss_age: 0
12-14 03:23:08.977 1395 3862 D LOWI-9.0.0.87.a: [LOWI-Scan] BSS 18:6f:2d:81:18:93 LOWI_PHY_MODE_11AC_VHT20(8), Beacon Interval: 100, LOWI_ENCRYPTION_TYPE_WPA_PSK 11mcRanging: No, ANQP: No, LCI: No, Civic: No, capability(0x0111): ESS Privacy SpectrumMgmt
12-14 03:23:08.977 1395 3862 D LOWI-9.0.0.87.a: [LOWI-Scan] BSS 18:6f:2d:81:18:93 FREQ: 5180, cFreq1[40:80:160] = [5180:0:0] cFreq2 = 0 Country Code = CN
12-14 03:23:08.977 1395 3862 D LOWI-9.0.0.87.a: [LOWI-Scan] BSS 18:6f:2d:81:18:93 (wlan0) ASSO: NO AddInfo: 0x0, TSF 0, 00:00:56.138, RSSI: -152, CPL: 127, AGE: 1628, SSID Fanya, TSFDelta: 0x71535929, TXRate: 0
12-14 03:23:08.977 1395 3862 D LOWI-9.0.0.87.a: [LOWI-Scan]
12-14 03:23:08.977 1395 3862 D LOWI-9.0.0.87.a: [LOWI-Scan] print_bss_handler: Report Probe TSF 56138402 as it greater than Beacon TSF 15988092
12-14 03:23:08.977 1395 3862 D LOWI-9.0.0.87.a: [LOWI-Scan] decode_rsn_wpa_ie: LOWI_ENCRYPTION_TYPE_WPA_PSK
12-14 03:23:08.977 1395 3862 D LOWI-9.0.0.87.a: [LOWI-Scan] is_qcom_ie, bss_age: 0
12-14 03:23:08.978 1395 3862 D LOWI-9.0.0.87.a: [LOWI-Scan] BSS 18:6f:2d:81:18:94 LOWI_PHY_MODE_11AC_VHT20(8), Beacon Interval: 100, LOWI_ENCRYPTION_TYPE_WPA_PSK 11mcRanging: No, ANQP: No, LCI: No, Civic: No, capability(0x0111): ESS Privacy SpectrumMgmt
12-14 03:23:08.978 1395 3862 D LOWI-9.0.0.87.a: [LOWI-Scan] BSS 18:6f:2d:81:18:94 FREQ: 5180, cFreq1[40:80:160] = [5180:0:0] cFreq2 = 0 Country Code = CN
12-14 03:23:08.978 1395 3862 D LOWI-9.0.0.87.a: [LOWI-Scan] BSS 18:6f:2d:81:18:94 (wlan0) ASSO: NO AddInfo: 0x0, TSF 0, 00:00:56.138, RSSI: -150, CPL: 127, AGE: 1628, SSID ThunderSoft, TSFDelta: 0x71561b4f, TXRate: 0
12-14 03:23:08.978 1395 3862 D LOWI-9.0.0.87.a: [LOWI-Scan]
12-14 03:23:08.978 1395 3862 D LOWI-9.0.0.87.a: [LOWI-Scan] print_bss_handler: Report Probe TSF 56138443 as it greater than Beacon TSF 15988490
12-14 03:23:08.978 1395 3862 D LOWI-9.0.0.87.a: [LOWI-Scan] decode_rsn_wpa_ie: LOWI_ENCRYPTION_TYPE_WPA_PSK
12-14 03:23:08.978 1395 3862 D LOWI-9.0.0.87.a: [LOWI-Scan] is_qcom_ie, bss_age: 0
12-14 03:23:08.978 1395 3862 D LOWI-9.0.0.87.a: [LOWI-Scan] BSS 18:6f:2d:81:18:95 LOWI_PHY_MODE_11AC_VHT20(8), Beacon Interval: 100, LOWI_ENCRYPTION_TYPE_WPA_PSK 11mcRanging: No, ANQP: No, LCI: No, Civic: No, capability(0x0111): ESS Privacy SpectrumMgmt
12-14 03:23:08.978 1395 3862 D LOWI-9.0.0.87.a: [LOWI-Scan] BSS 18:6f:2d:81:18:95 FREQ: 5180, cFreq1[40:80:160] = [5180:0:0] cFreq2 = 0 Country Code = CN
12-14 03:23:08.978 1395 3862 D LOWI-9.0.0.87.a: [LOWI-Scan] BSS 18:6f:2d:81:18:95 (wlan0) ASSO: NO AddInfo: 0x0, TSF 0, 00:00:56.138, RSSI: -150, CPL: 127, AGE: 1628, SSID GM, TSFDelta: 0x715b56d5, TXRate: 0
12-14 03:23:08.978 1395 3862 D LOWI-9.0.0.87.a: [LOWI-Scan]
12-14 03:23:08.978 1395 3862 D LOWI-9.0.0.87.a: [LOWI-Scan] print_bss_handler: Report beacon TSF 56151065 as it greater than probe TSF 56151065
12-14 03:23:08.978 1395 3862 D LOWI-9.0.0.87.a: [LOWI-Scan] decode_rsn_wpa_ie: LOWI_ENCRYPTION_TYPE_WPA_PSK
12-14 03:23:08.978 1395 3862 D LOWI-9.0.0.87.a: [LOWI-Scan] is_qcom_ie, bss_age: 0
12-14 03:23:08.978 1395 3862 D LOWI-9.0.0.87.a: [LOWI-Scan] BSS 5a:41:20:2d:fe:87 LOWI_PHY_MODE_11AC_VHT40_2G(12), Beacon Interval: 100, LOWI_ENCRYPTION_TYPE_WPA_PSK 11mcRanging: No, ANQP: No, LCI: No, Civic: No, capability(0x1411): ESS Privacy ShortSlotTime
12-14 03:23:08.978 1395 3862 D LOWI-9.0.0.87.a: [LOWI-Scan] BSS 5a:41:20:2d:fe:87 FREQ: 2412, cFreq1[40:80:160] = [2422:0:0] cFreq2 = 0 Country Code = CN
12-14 03:23:08.978 1395 3862 D LOWI-9.0.0.87.a: [LOWI-Scan] BSS 5a:41:20:2d:fe:87 (wlan0) ASSO: NO AddInfo: 0x1, TSF 0, 00:00:56.151, RSSI: -124, CPL: 127, AGE: 1616, SSID , TSFDelta: 0x7a78aaf, TXRate: 0
12-14 03:23:08.978 1395 3862 D LOWI-9.0.0.87.a: [LOWI-Scan]
12-14 03:23:08.978 1395 3862 D LOWI-9.0.0.87.a: [LOWI-Scan] print_bss_handler: Report Probe TSF 56207516 as it greater than Beacon TSF 56160893
12-14 03:23:08.978 1395 3862 D LOWI-9.0.0.87.a: [LOWI-Scan] decode_rsn_wpa_ie: LOWI_ENCRYPTION_TYPE_WPA_PSK
12-14 03:23:08.978 1395 3862 D LOWI-9.0.0.87.a: [LOWI-Scan] is_qcom_ie, bss_age: 0
12-14 03:23:08.978 1395 3862 D LOWI-9.0.0.87.a: [LOWI-Scan] BSS 18:6f:2d:81:20:60 LOWI_PHY_MODE_11NG_HT20(5), Beacon Interval: 100, LOWI_ENCRYPTION_TYPE_WPA_PSK 11mcRanging: No, ANQP: No, LCI: No, Civic: No, capability(0x0531): ESS Privacy ShortPreamble SpectrumMgmt ShortSlotTime
12-14 03:23:08.978 1395 3862 D LOWI-9.0.0.87.a: [LOWI-Scan] BSS 18:6f:2d:81:20:60 FREQ: 2412, cFreq1[40:80:160] = [2412:0:0] cFreq2 = 0 Country Code = CN
12-14 03:23:08.978 1395 3862 D LOWI-9.0.0.87.a: [LOWI-Scan] BSS 18:6f:2d:81:20:60 (wlan0) ASSO: NO AddInfo: 0x0, TSF 0, 00:00:56.207, RSSI: -134, CPL: 127, AGE: 1560, SSID Testing , TSFDelta: 0xefd99dfb, TXRate: 0
12-14 03:23:08.979 1395 3862 D LOWI-9.0.0.87.a: [LOWI-Scan]
12-14 03:23:08.979 1395 3862 D LOWI-9.0.0.87.a: [LOWI-Scan] print_bss_handler: Report Probe TSF 56207443 as it greater than Beacon TSF 0
12-14 03:23:08.979 1395 3862 D LOWI-9.0.0.87.a: [LOWI-Scan] is_qcom_ie, bss_age: 0
12-14 03:23:08.979 1395 3862 D LOWI-9.0.0.87.a: [LOWI-Scan] BSS 18:6f:2d:81:20:61 LOWI_PHY_MODE_11NG_HT20(5), Beacon Interval: 100, LOWI_ENCRYPTION_TYPE_OPEN 11mcRanging: No, ANQP: No, LCI: No, Civic: No, capability(0x0521): ESS ShortPreamble SpectrumMgmt ShortSlotTime
12-14 03:23:08.979 1395 3862 D LOWI-9.0.0.87.a: [LOWI-Scan] BSS 18:6f:2d:81:20:61 FREQ: 2412, cFreq1[40:80:160] = [2412:0:0] cFreq2 = 0 Country Code = CN
12-14 03:23:08.979 1395 3862 D LOWI-9.0.0.87.a: [LOWI-Scan] BSS 18:6f:2d:81:20:61 (wlan0) ASSO: NO AddInfo: 0x0, TSF 0, 00:00:56.207, RSSI: -122, CPL: 127, AGE: 1560, SSID Guest, TSFDelta: 0xef935209, TXRate: 0
12-14 03:23:08.979 1395 3862 D LOWI-9.0.0.87.a: [LOWI-Scan]
12-14 03:23:08.979 1395 3862 D LOWI-9.0.0.87.a: [LOWI-Scan] print_bss_handler: Report Probe TSF 56152564 as it greater than Beacon TSF 0
12-14 03:23:08.979 1395 3862 D LOWI-9.0.0.87.a: [LOWI-Scan] decode_rsn_wpa_ie: LOWI_ENCRYPTION_TYPE_WPA_PSK
12-14 03:23:08.979 1395 3862 D LOWI-9.0.0.87.a: [LOWI-Scan] is_qcom_ie, bss_age: 0
12-14 03:23:08.979 1395 3862 D LOWI-9.0.0.87.a: [LOWI-Scan] BSS 18:6f:2d:81:16:e0 LOWI_PHY_MODE_11NG_HT20(5), Beacon Interval: 100, LOWI_ENCRYPTION_TYPE_WPA_PSK 11mcRanging: No, ANQP: No, LCI: No, Civic: No, capability(0x0531): ESS Privacy ShortPreamble SpectrumMgmt ShortSlotTime
12-14 03:23:08.979 1395 3862 D LOWI-9.0.0.87.a: [LOWI-Scan] BSS 18:6f:2d:81:16:e0 FREQ: 2412, cFreq1[40:80:160] = [2412:0:0] cFreq2 = 0 Country Code = CN
12-14 03:23:08.979 1395 3862 D LOWI-9.0.0.87.a: [LOWI-Scan] BSS 18:6f:2d:81:16:e0 (wlan0) ASSO: NO AddInfo: 0x0, TSF 0, 00:00:56.152, RSSI: -124, CPL: 127, AGE: 1612, SSID Testing , TSFDelta: 0xec5dabd6, TXRate: 0
12-14 03:23:08.980 1395 3862 D LOWI-9.0.0.87.a: [LOWI-Scan]
12-14 03:23:08.980 1395 3862 D LOWI-9.0.0.87.a: [LOWI-Scan] print_bss_handler: Report Probe TSF 56169322 as it greater than Beacon TSF 16047810
12-14 03:23:08.980 1395 3862 D LOWI-9.0.0.87.a: [LOWI-Scan] decode_rsn_wpa_ie: LOWI_ENCRYPTION_TYPE_WPA_PSK
12-14 03:23:08.980 1395 3862 D LOWI-9.0.0.87.a: [LOWI-Scan] is_qcom_ie, bss_age: 0
12-14 03:23:08.980 1395 3862 D LOWI-9.0.0.87.a: [LOWI-Scan] BSS 18:6f:2d:81:16:e2 LOWI_PHY_MODE_11NG_HT20(5), Beacon Interval: 100, LOWI_ENCRYPTION_TYPE_WPA_PSK 11mcRanging: No, ANQP: No, LCI: No, Civic: No, capability(0x0531): ESS Privacy ShortPreamble SpectrumMgmt ShortSlotTime
12-14 03:23:08.980 1395 3862 D LOWI-9.0.0.87.a: [LOWI-Scan] BSS 18:6f:2d:81:16:e2 FREQ: 2412, cFreq1[40:80:160] = [2412:0:0] cFreq2 = 0 Country Code = CN
12-14 03:23:08.980 1395 3862 D LOWI-9.0.0.87.a: [LOWI-Scan] BSS 18:6f:2d:81:16:e2 (wlan0) ASSO: NO AddInfo: 0x0, TSF 0, 00:00:56.169, RSSI: -126, CPL: 127, AGE: 1596, SSID ThunderSoft_2.4G, TSFDelta: 0xece39ff0, TXRate: 0
12-14 03:23:08.980 1395 3862 D LOWI-9.0.0.87.a: [LOWI-Scan]
12-14 03:23:08.980 1395 3862 D LOWI-9.0.0.87.a: [LOWI-Scan] print_bss_handler: Report Probe TSF 56345446 as it greater than Beacon TSF 0
12-14 03:23:08.980 1395 3862 D LOWI-9.0.0.87.a: [LOWI-Scan] decode_rsn_wpa_ie: LOWI_ENCRYPTION_TYPE_WPA_PSK
12-14 03:23:08.980 1395 3862 D LOWI-9.0.0.87.a: [LOWI-Scan] is_qcom_ie, bss_age: 0
12-14 03:23:08.980 1395 3862 D LOWI-9.0.0.87.a: [LOWI-Scan] BSS 5c:02:14:f9:4f:d3 LOWI_PHY_MODE_11AC_VHT80(10), Beacon Interval: 100, LOWI_ENCRYPTION_TYPE_WPA_PSK 11mcRanging: No, ANQP: Yes, LCI: No, Civic: No, capability(0x1931): ESS Privacy ShortPreamble SpectrumMgmt APSD
12-14 03:23:08.980 1395 3862 D LOWI-9.0.0.87.a: [LOWI-Scan] BSS 5c:02:14:f9:4f:d3 FREQ: 5745, cFreq1[40:80:160] = [5755:5775:0] cFreq2 = 0 Country Code = CN
12-14 03:23:08.980 1395 3862 D LOWI-9.0.0.87.a: [LOWI-Scan] BSS 5c:02:14:f9:4f:d3 (wlan0) ASSO: NO AddInfo: 0x0, TSF 0, 00:00:56.345, RSSI: -92, CPL: 127, AGE: 1420, SSID ThunderSoft_XTS_5G, TSFDelta: 0xc95baadf, TXRate: 0
12-14 03:23:08.981 1395 3862 D LOWI-9.0.0.87.a: [LOWI-Scan]
12-14 03:23:08.981 1395 3862 D LOWI-9.0.0.87.a: [LOWI-Scan] print_bss_handler: Report Probe TSF 56295768 as it greater than Beacon TSF 0
12-14 03:23:08.981 1395 3862 D LOWI-9.0.0.87.a: [LOWI-Scan] decode_rsn_wpa_ie: LOWI_ENCRYPTION_TYPE_WPA_PSK
12-14 03:23:08.981 1395 3862 D LOWI-9.0.0.87.a: [LOWI-Scan] is_qcom_ie, bss_age: 0
12-14 03:23:08.981 1395 3862 D LOWI-9.0.0.87.a: [LOWI-Scan] BSS 62:e6:f0:dd:03:c7 LOWI_PHY_MODE_11AC_VHT80(10), Beacon Interval: 100, LOWI_ENCRYPTION_TYPE_WPA_PSK 11mcRanging: No, ANQP: Yes, LCI: No, Civic: No, capability(0x0111): ESS Privacy SpectrumMgmt
12-14 03:23:08.981 1395 3862 D LOWI-9.0.0.87.a: [LOWI-Scan] BSS 62:e6:f0:dd:03:c7 FREQ: 5745, cFreq1[40:80:160] = [5755:5775:0] cFreq2 = 0 Country Code = AE
12-14 03:23:08.981 1395 3862 D LOWI-9.0.0.87.a: [LOWI-Scan] BSS 62:e6:f0:dd:03:c7 (wlan0) ASSO: NO AddInfo: 0x0, TSF 0, 00:00:56.295, RSSI: -166, CPL: 127, AGE: 1472, SSID myGMC 03C7, TSFDelta: 0xf6c3d54c, TXRate: 0
12-14 03:23:08.981 1395 3862 D LOWI-9.0.0.87.a: [LOWI-Scan]
12-14 03:23:08.981 1395 3862 D LOWI-9.0.0.87.a: [LOWI-Scan] print_bss_handler: Report Probe TSF 56375357 as it greater than Beacon TSF 0
12-14 03:23:08.981 1395 3862 D LOWI-9.0.0.87.a: [LOWI-Scan] decode_rsn_wpa_ie: LOWI_ENCRYPTION_TYPE_WPA_PSK
12-14 03:23:08.981 1395 3862 D LOWI-9.0.0.87.a: [LOWI-Scan] is_qcom_ie, bss_age: 0
12-14 03:23:08.981 1395 3862 D LOWI-9.0.0.87.a: [LOWI-Scan] BSS 44:94:fc:3d:da:94 LOWI_PHY_MODE_11AC_VHT80(10), Beacon Interval: 100, LOWI_ENCRYPTION_TYPE_WPA_PSK 11mcRanging: No, ANQP: No, LCI: No, Civic: No, capability(0x1011): ESS Privacy
12-14 03:23:08.981 1395 3862 D LOWI-9.0.0.87.a: [LOWI-Scan] BSS 44:94:fc:3d:da:94 FREQ: 5765, cFreq1[40:80:160] = [5755:5775:0] cFreq2 = 0 Country Code =
12-14 03:23:08.981 1395 3862 D LOWI-9.0.0.87.a: [LOWI-Scan] BSS 44:94:fc:3d:da:94 (wlan0) ASSO: NO AddInfo: 0x0, TSF 0, 00:00:56.375, RSSI: -160, CPL: 127, AGE: 1392, SSID WIFI_debug_cjw_5G, TSFDelta: 0xc7510a29, TXRate: 0
12-14 03:23:08.981 1395 3862 D LOWI-9.0.0.87.a: [LOWI-Scan]
12-14 03:23:08.981 1395 3862 D LOWI-9.0.0.87.a: [LOWI-Scan] print_bss_handler: Report beacon TSF 56383098 as it greater than probe TSF 56377189
12-14 03:23:08.981 1395 3862 D LOWI-9.0.0.87.a: [LOWI-Scan] decode_rsn_wpa_ie: LOWI_ENCRYPTION_TYPE_WPA_PSK
12-14 03:23:08.981 1395 3862 D LOWI-9.0.0.87.a: [LOWI-Scan] is_qcom_ie, bss_age: 0
12-14 03:23:08.981 1395 3862 D LOWI-9.0.0.87.a: [LOWI-Scan] BSS 64:6e:97:1c:71:47 LOWI_PHY_MODE_11AC_VHT80(10), Beacon Interval: 100, LOWI_ENCRYPTION_TYPE_WPA_PSK 11mcRanging: No, ANQP: No, LCI: No, Civic: No, capability(0x0011): ESS Privacy
12-14 03:23:08.981 1395 3862 D LOWI-9.0.0.87.a: [LOWI-Scan] BSS 64:6e:97:1c:71:47 FREQ: 5765, cFreq1[40:80:160] = [5755:5775:0] cFreq2 = 0 Country Code = CN
12-14 03:23:08.981 1395 3862 D LOWI-9.0.0.87.a: [LOWI-Scan] BSS 64:6e:97:1c:71:47 (wlan0) ASSO: NO AddInfo: 0x1, TSF 0, 00:00:56.383, RSSI: -168, CPL: 127, AGE: 1384, SSID TP-LINK_5G_7145, TSFDelta: 0x3b853c4d, TXRate: 0
12-14 03:23:08.981 1395 3862 D LOWI-9.0.0.87.a: [LOWI-Scan]
12-14 03:23:08.982 1395 3862 D LOWI-9.0.0.87.a: [LOWI-Scan] print_bss_handler: Report beacon TSF 56421189 as it greater than probe TSF 56374406
12-14 03:23:08.982 1395 3862 D LOWI-9.0.0.87.a: [LOWI-Scan] decode_rsn_wpa_ie: LOWI_ENCRYPTION_TYPE_WPA_PSK
12-14 03:23:08.982 1395 3862 D LOWI-9.0.0.87.a: [LOWI-Scan] is_qcom_ie, bss_age: 0
12-14 03:23:08.982 1395 3862 D LOWI-9.0.0.87.a: [LOWI-Scan] BSS dc:fe:18:77:4e:9c LOWI_PHY_MODE_11AC_VHT80(10), Beacon Interval: 100, LOWI_ENCRYPTION_TYPE_WPA_PSK 11mcRanging: No, ANQP: No, LCI: No, Civic: No, capability(0x0511): ESS Privacy SpectrumMgmt ShortSlotTime
12-14 03:23:08.982 1395 3862 D LOWI-9.0.0.87.a: [LOWI-Scan] BSS dc:fe:18:77:4e:9c FREQ: 5765, cFreq1[40:80:160] = [5755:5775:0] cFreq2 = 0 Country Code =
12-14 03:23:08.982 1395 3862 D LOWI-9.0.0.87.a: [LOWI-Scan] BSS dc:fe:18:77:4e:9c (wlan0) ASSO: NO AddInfo: 0x1, TSF 0, 00:00:56.421, RSSI: -154, CPL: 127, AGE: 1344, SSID TP-LINK_5G_4E9A, TSFDelta: 0xba299a9c, TXRate: 0
12-14 03:23:08.982 1395 3862 D LOWI-9.0.0.87.a: [LOWI-Scan]
12-14 03:23:08.982 1395 3862 D LOWI-9.0.0.87.a: [LOWI-Scan] print_bss_handler: Report Probe TSF 56612533 as it greater than Beacon TSF 0
12-14 03:23:08.982 1395 3862 D LOWI-9.0.0.87.a: [LOWI-Scan] decode_rsn_wpa_ie: LOWI_ENCRYPTION_TYPE_WPA_PSK
12-14 03:23:08.982 1395 3862 D LOWI-9.0.0.87.a: [LOWI-Scan] is_qcom_ie, bss_age: 0
12-14 03:23:08.982 1395 3862 D LOWI-9.0.0.87.a: [LOWI-Scan] BSS 18:6f:2d:0a:b8:40 LOWI_PHY_MODE_11NG_HT20(5), Beacon Interval: 100, LOWI_ENCRYPTION_TYPE_WPA_PSK 11mcRanging: No, ANQP: No, LCI: No, Civic: No, capability(0x0531): ESS Privacy ShortPreamble SpectrumMgmt ShortSlotTime
12-14 03:23:08.982 1395 3862 D LOWI-9.0.0.87.a: [LOWI-Scan] BSS 18:6f:2d:0a:b8:40 FREQ: 2427, cFreq1[40:80:160] = [2427:0:0] cFreq2 = 0 Country Code = CN
12-14 03:23:08.982 1395 3862 D LOWI-9.0.0.87.a: [LOWI-Scan] BSS 18:6f:2d:0a:b8:40 (wlan0) ASSO: NO AddInfo: 0x0, TSF 0, 00:00:56.612, RSSI: -114, CPL: 127, AGE: 1152, SSID Testing , TSFDelta: 0x40fd355, TXRate: 0
12-14 03:23:08.982 1395 3862 D LOWI-9.0.0.87.a: [LOWI-Scan]
