12-14 03:23:30.239 1485 1903 I GameModeConfig: isGameModeOn = false
12-14 03:23:30.240 1485 1903 I GameModeConfig: isGameModeOn = false
12-14 03:23:30.240 1485 1903 I GameModeConfig: isGameModeOn = false
12-14 03:23:30.240 1485 1903 I GameModeConfig: isGameModeOn = false
12-14 03:23:30.248 1994 1994 W View : requestLayout() improperly called by com.android.systemui.util.animation.UniqueObjectHostView{7ac528b V.E...... ......ID 0,0-636,344} during layout: running second layout pass
12-14 03:23:30.253 1485 1903 I GameModeConfig: isGameModeOn = false
12-14 03:23:30.253 1485 1903 I GameModeConfig: isGameModeOn = false
12-14 03:23:30.253 1485 1903 I GameModeConfig: isGameModeOn = false
12-14 03:23:30.254 1485 1903 I GameModeConfig: isGameModeOn = false
12-14 03:23:30.254 1485 1903 I GameModeConfig: isGameModeOn = false
12-14 03:23:30.262 1994 1994 W View : requestLayout() improperly called by com.android.systemui.util.animation.UniqueObjectHostView{7ac528b V.E...... ......ID 0,0-636,344} during layout: running second layout pass
12-14 03:23:30.269 1485 1903 I GameModeConfig: isGameModeOn = false
12-14 03:23:30.269 1485 1903 I GameModeConfig: isGameModeOn = false
12-14 03:23:30.269 1485 1903 I GameModeConfig: isGameModeOn = false
12-14 03:23:30.270 1485 1903 I GameModeConfig: isGameModeOn = false
12-14 03:23:30.270 1485 1903 I GameModeConfig: isGameModeOn = false
12-14 03:23:30.277 1994 1994 W View : requestLayout() improperly called by com.android.systemui.util.animation.UniqueObjectHostView{7ac528b V.E...... ......ID 0,0-636,344} during layout: running second layout pass
12-14 03:23:30.286 1485 1485 I GameModeConfig: isGameModeOn = false
12-14 03:23:30.287 1485 1903 I GameModeConfig: isGameModeOn = false
12-14 03:23:30.287 1485 1903 I GameModeConfig: isGameModeOn = false
12-14 03:23:30.287 1485 1903 I GameModeConfig: isGameModeOn = false
12-14 03:23:30.287 1485 1903 I GameModeConfig: isGameModeOn = false
12-14 03:23:30.287 1485 1903 I GameModeConfig: isGameModeOn = false
12-14 03:23:30.288 3766 3766 V GameMode_GameTypeUtils: judge isGame:com.android.settings
12-14 03:23:30.289 3766 3766 E GameMode_GameModeNotificationListenerService: title :content :,PackageName:com.android.systemui,isGameModeOn:false,isBulletScreenOn:false,isBulletScreenPackage:false
12-14 03:23:30.297 1994 1994 W View : requestLayout() improperly called by com.android.systemui.util.animation.UniqueObjectHostView{7ac528b V.E...... ......ID 0,0-636,344} during layout: running second layout pass
12-14 03:23:30.308 1485 1903 I GameModeConfig: isGameModeOn = false
12-14 03:23:30.308 1485 1903 I GameModeConfig: isGameModeOn = false
12-14 03:23:30.308 1485 1903 I GameModeConfig: isGameModeOn = false
12-14 03:23:30.308 1485 1903 I GameModeConfig: isGameModeOn = false
12-14 03:23:30.308 1485 1903 I GameModeConfig: isGameModeOn = false
12-14 03:23:30.318 1994 1994 W View : requestLayout() improperly called by com.android.systemui.util.animation.UniqueObjectHostView{7ac528b V.E...... ......ID 0,0-636,344} during layout: running second layout pass
12-14 03:23:30.323 1994 1994 D InterruptionStateProvider: No bubble up: not allowed to bubble: 0|com.android.systemui|2048|null|10082
12-14 03:23:30.324 1994 1994 D InterruptionStateProvider: No heads up: unimportant notification: 0|com.android.systemui|2048|null|10082
12-14 03:23:30.328 1994 2426 D PeopleSpaceWidgetMgr: Sbn doesn't contain valid PeopleTileKey: null/0/com.android.systemui
12-14 03:23:30.330 1485 1485 I GameModeConfig: isGameModeOn = false
12-14 03:23:30.331 1485 1485 E NotificationService: Muting recently noisy 0|com.android.systemui|2048|null|10082
12-14 03:23:30.331 1485 1903 I GameModeConfig: isGameModeOn = false
12-14 03:23:30.332 1485 1903 I GameModeConfig: isGameModeOn = false
12-14 03:23:30.332 1485 1903 I GameModeConfig: isGameModeOn = false
12-14 03:23:30.332 1485 1903 I GameModeConfig: isGameModeOn = false
12-14 03:23:30.333 1485 1903 I GameModeConfig: isGameModeOn = false
12-14 03:23:30.333 3766 3766 V GameMode_GameTypeUtils: judge isGame:com.android.settings
12-14 03:23:30.334 3766 3766 E GameMode_GameModeNotificationListenerService: title :content :,PackageName:com.android.systemui,isGameModeOn:false,isBulletScreenOn:false,isBulletScreenPackage:false
12-14 03:23:30.339 1994 1994 W View : requestLayout() improperly called by com.android.systemui.util.animation.UniqueObjectHostView{7ac528b V.E...... ......ID 0,0-636,344} during layout: running second layout pass
12-14 03:23:30.345 1485 1903 I GameModeConfig: isGameModeOn = false
12-14 03:23:30.345 1485 1903 I GameModeConfig: isGameModeOn = false
12-14 03:23:30.345 1485 1903 I GameModeConfig: isGameModeOn = false
12-14 03:23:30.345 1485 1903 I GameModeConfig: isGameModeOn = false
12-14 03:23:30.347 1485 1903 I GameModeConfig: isGameModeOn = false
12-14 03:23:30.353 1994 1994 W View : requestLayout() improperly called by com.android.systemui.util.animation.UniqueObjectHostView{7ac528b V.E...... ......ID 0,0-636,344} during layout: running second layout pass
12-14 03:23:30.359 1994 1994 D InterruptionStateProvider: No bubble up: not allowed to bubble: 0|com.android.systemui|2048|null|10082
12-14 03:23:30.359 1994 1994 D InterruptionStateProvider: No heads up: unimportant notification: 0|com.android.systemui|2048|null|10082
12-14 03:23:30.362 1994 2426 D PeopleSpaceWidgetMgr: Sbn doesn't contain valid PeopleTileKey: null/0/com.android.systemui
12-14 03:23:30.363 1485 1903 I GameModeConfig: isGameModeOn = false
12-14 03:23:30.364 1485 1903 I GameModeConfig: isGameModeOn = false
12-14 03:23:30.364 1485 1903 I GameModeConfig: isGameModeOn = false
12-14 03:23:30.364 1485 1903 I GameModeConfig: isGameModeOn = false
12-14 03:23:30.364 1485 1903 I GameModeConfig: isGameModeOn = false
12-14 03:23:30.370 1485 1485 I GameModeConfig: isGameModeOn = false
12-14 03:23:30.371 1485 1485 E NotificationService: Muting recently noisy 0|com.android.systemui|2048|null|10082
12-14 03:23:30.371 1994 1994 W View : requestLayout() improperly called by com.android.systemui.util.animation.UniqueObjectHostView{7ac528b V.E...... ......ID 0,0-636,344} during layout: running second layout pass
12-14 03:23:30.374 3766 3766 V GameMode_GameTypeUtils: judge isGame:com.android.settings
12-14 03:23:30.374 3766 3766 E GameMode_GameModeNotificationListenerService: title :content :,PackageName:com.android.systemui,isGameModeOn:false,isBulletScreenOn:false,isBulletScreenPackage:false
12-14 03:23:30.376 639 654 I mpu_uart: [MSG-P:RECV]:No message received in 1000 ms
12-14 03:23:30.379 1485 1903 I GameModeConfig: isGameModeOn = false
12-14 03:23:30.379 1485 1903 I GameModeConfig: isGameModeOn = false
12-14 03:23:30.379 1485 1903 I GameModeConfig: isGameModeOn = false
12-14 03:23:30.379 1485 1903 I GameModeConfig: isGameModeOn = false
12-14 03:23:30.379 1485 1903 I GameModeConfig: isGameModeOn = false
12-14 03:23:30.383 1994 1994 W View : requestLayout() improperly called by com.android.systemui.util.animation.UniqueObjectHostView{7ac528b V.E...... ......ID 0,0-636,344} during layout: running second layout pass
12-14 03:23:30.390 1485 1485 I GameModeConfig: isGameModeOn = false
12-14 03:23:30.391 1485 1485 E NotificationService: Muting recently noisy 0|com.android.systemui|2048|null|10082
12-14 03:23:30.392 1994 1994 D InterruptionStateProvider: No bubble up: not allowed to bubble: 0|com.android.systemui|2048|null|10082
12-14 03:23:30.392 1994 1994 D InterruptionStateProvider: No heads up: unimportant notification: 0|com.android.systemui|2048|null|10082
12-14 03:23:30.393 3766 3766 V GameMode_GameTypeUtils: judge isGame:com.android.settings
12-14 03:23:30.393 3766 3766 E GameMode_GameModeNotificationListenerService: title :content :,PackageName:com.android.systemui,isGameModeOn:false,isBulletScreenOn:false,isBulletScreenPackage:false
12-14 03:23:30.395 1994 2426 D PeopleSpaceWidgetMgr: Sbn doesn't contain valid PeopleTileKey: null/0/com.android.systemui
12-14 03:23:30.410 1485 1485 I GameModeConfig: isGameModeOn = false
12-14 03:23:30.411 1485 1485 E NotificationService: Muting recently noisy 0|com.android.systemui|2048|null|10082
12-14 03:23:30.413 3766 3766 V GameMode_GameTypeUtils: judge isGame:com.android.settings
12-14 03:23:30.414 3766 3766 E GameMode_GameModeNotificationListenerService: title :content :,PackageName:com.android.systemui,isGameModeOn:false,isBulletScreenOn:false,isBulletScreenPackage:false
12-14 03:23:30.426 1994 1994 D InterruptionStateProvider: No bubble up: not allowed to bubble: 0|com.android.systemui|2048|null|10082
12-14 03:23:30.426 1994 1994 D InterruptionStateProvider: No heads up: unimportant notification: 0|com.android.systemui|2048|null|10082
12-14 03:23:30.429 1485 1485 I GameModeConfig: isGameModeOn = false
12-14 03:23:30.430 1485 1485 E NotificationService: Muting recently noisy 0|com.android.systemui|2048|null|10082
12-14 03:23:30.430 1994 2426 D PeopleSpaceWidgetMgr: Sbn doesn't contain valid PeopleTileKey: null/0/com.android.systemui
12-14 03:23:30.432 3766 3766 V GameMode_GameTypeUtils: judge isGame:com.android.settings
12-14 03:23:30.432 3766 3766 E GameMode_GameModeNotificationListenerService: title :content :,PackageName:com.android.systemui,isGameModeOn:false,isBulletScreenOn:false,isBulletScreenPackage:false
12-14 03:23:30.444 1994 1994 D InterruptionStateProvider: No bubble up: not allowed to bubble: 0|com.android.systemui|2048|null|10082
12-14 03:23:30.444 1994 1994 D InterruptionStateProvider: No heads up: unimportant notification: 0|com.android.systemui|2048|null|10082
12-14 03:23:30.445 1485 1485 I GameModeConfig: isGameModeOn = false
12-14 03:23:30.445 1485 1485 E NotificationService: Muting recently noisy 0|com.android.systemui|2048|null|10082
12-14 03:23:30.448 1994 2426 D PeopleSpaceWidgetMgr: Sbn doesn't contain valid PeopleTileKey: null/0/com.android.systemui
12-14 03:23:30.448 3766 3766 V GameMode_GameTypeUtils: judge isGame:com.android.settings
12-14 03:23:30.448 3766 3766 E GameMode_GameModeNotificationListenerService: title :content :,PackageName:com.android.systemui,isGameModeOn:false,isBulletScreenOn:false,isBulletScreenPackage:false
12-14 03:23:30.457 1485 1485 I GameModeConfig: isGameModeOn = false
12-14 03:23:30.458 1485 1485 E NotificationService: Muting recently noisy 0|com.android.systemui|2048|null|10082
12-14 03:23:30.461 3766 3766 V GameMode_GameTypeUtils: judge isGame:com.android.settings
12-14 03:23:30.461 3766 3766 E GameMode_GameModeNotificationListenerService: title :content :,PackageName:com.android.systemui,isGameModeOn:false,isBulletScreenOn:false,isBulletScreenPackage:false
12-14 03:23:30.461 1994 1994 D InterruptionStateProvider: No bubble up: not allowed to bubble: 0|com.android.systemui|2048|null|10082
12-14 03:23:30.462 1994 1994 D InterruptionStateProvider: No heads up: unimportant notification: 0|com.android.systemui|2048|null|10082
12-14 03:23:30.466 1994 2426 D PeopleSpaceWidgetMgr: Sbn doesn't contain valid PeopleTileKey: null/0/com.android.systemui
12-14 03:23:30.472 1485 1485 I GameModeConfig: isGameModeOn = false
12-14 03:23:30.473 1485 1485 E NotificationService: Muting recently noisy 0|com.android.systemui|2048|null|10082
12-14 03:23:30.476 3766 3766 V GameMode_GameTypeUtils: judge isGame:com.android.settings
12-14 03:23:30.476 3766 3766 E GameMode_GameModeNotificationListenerService: title :content :,PackageName:com.android.systemui,isGameModeOn:false,isBulletScreenOn:false,isBulletScreenPackage:false
12-14 03:23:30.477 1994 1994 D InterruptionStateProvider: No bubble up: not allowed to bubble: 0|com.android.systemui|2048|null|10082
12-14 03:23:30.477 1994 1994 D InterruptionStateProvider: No heads up: unimportant notification: 0|com.android.systemui|2048|null|10082
12-14 03:23:30.482 1994 2426 D PeopleSpaceWidgetMgr: Sbn doesn't contain valid PeopleTileKey: null/0/com.android.systemui
12-14 03:23:30.489 1485 1485 I GameModeConfig: isGameModeOn = false
12-14 03:23:30.490 1485 1485 E NotificationService: Muting recently noisy 0|com.android.systemui|2048|null|10082
12-14 03:23:30.492 3766 3766 V GameMode_GameTypeUtils: judge isGame:com.android.settings
12-14 03:23:30.492 3766 3766 E GameMode_GameModeNotificationListenerService: title :content :,PackageName:com.android.systemui,isGameModeOn:false,isBulletScreenOn:false,isBulletScreenPackage:false
12-14 03:23:30.494 1994 1994 D InterruptionStateProvider: No bubble up: not allowed to bubble: 0|com.android.systemui|2048|null|10082
12-14 03:23:30.494 1994 1994 D InterruptionStateProvider: No heads up: unimportant notification: 0|com.android.systemui|2048|null|10082
12-14 03:23:30.499 1994 2426 D PeopleSpaceWidgetMgr: Sbn doesn't contain valid PeopleTileKey: null/0/com.android.systemui
12-14 03:23:30.510 1994 1994 D InterruptionStateProvider: No bubble up: not allowed to bubble: 0|com.android.systemui|2048|null|10082
12-14 03:23:30.510 1994 1994 D InterruptionStateProvider: No heads up: unimportant notification: 0|com.android.systemui|2048|null|10082
12-14 03:23:30.512 1485 1485 I GameModeConfig: isGameModeOn = false
12-14 03:23:30.512 1485 1485 E NotificationService: Muting recently noisy 0|com.android.systemui|2048|null|10082
12-14 03:23:30.515 3766 3766 V GameMode_GameTypeUtils: judge isGame:com.android.settings
12-14 03:23:30.515 1994 2426 D PeopleSpaceWidgetMgr: Sbn doesn't contain valid PeopleTileKey: null/0/com.android.systemui
12-14 03:23:30.515 3766 3766 E GameMode_GameModeNotificationListenerService: title :content :,PackageName:com.android.systemui,isGameModeOn:false,isBulletScreenOn:false,isBulletScreenPackage:false
12-14 03:23:30.527 1994 1994 D InterruptionStateProvider: No bubble up: not allowed to bubble: 0|com.android.systemui|2048|null|10082
12-14 03:23:30.527 1994 1994 D InterruptionStateProvider: No heads up: unimportant notification: 0|com.android.systemui|2048|null|10082
12-14 03:23:30.532 1994 2426 D PeopleSpaceWidgetMgr: Sbn doesn't contain valid PeopleTileKey: null/0/com.android.systemui
12-14 03:23:30.536 1485 1485 I GameModeConfig: isGameModeOn = false
12-14 03:23:30.536 1485 1485 E NotificationService: Muting recently noisy 0|com.android.systemui|2048|null|10082
12-14 03:23:30.539 3766 3766 V GameMode_GameTypeUtils: judge isGame:com.android.settings
12-14 03:23:30.540 3766 3766 E GameMode_GameModeNotificationListenerService: title :content :,PackageName:com.android.systemui,isGameModeOn:false,isBulletScreenOn:false,isBulletScreenPackage:false
12-14 03:23:30.544 1994 1994 D InterruptionStateProvider: No bubble up: not allowed to bubble: 0|com.android.systemui|2048|null|10082
12-14 03:23:30.544 1994 1994 D InterruptionStateProvider: No heads up: unimportant notification: 0|com.android.systemui|2048|null|10082
12-14 03:23:30.545 1485 1485 I GameModeConfig: isGameModeOn = false
12-14 03:23:30.545 1485 1485 E NotificationService: Muting recently noisy 0|com.android.systemui|2048|null|10082
12-14 03:23:30.548 3766 3766 V GameMode_GameTypeUtils: judge isGame:com.android.settings
12-14 03:23:30.548 3766 3766 E GameMode_GameModeNotificationListenerService: title :content :,PackageName:com.android.systemui,isGameModeOn:false,isBulletScreenOn:false,isBulletScreenPackage:false
12-14 03:23:30.549 1994 2426 D PeopleSpaceWidgetMgr: Sbn doesn't contain valid PeopleTileKey: null/0/com.android.systemui
12-14 03:23:30.561 1994 1994 D InterruptionStateProvider: No bubble up: not allowed to bubble: 0|com.android.systemui|2048|null|10082
12-14 03:23:30.562 1994 1994 D InterruptionStateProvider: No heads up: unimportant notification: 0|com.android.systemui|2048|null|10082
12-14 03:23:30.566 1994 2426 D PeopleSpaceWidgetMgr: Sbn doesn't contain valid PeopleTileKey: null/0/com.android.systemui
12-14 03:23:30.566 1485 1485 I GameModeConfig: isGameModeOn = false
12-14 03:23:30.566 1485 1485 E NotificationService: Muting recently noisy 0|com.android.systemui|2048|null|10082
12-14 03:23:30.569 3766 3766 V GameMode_GameTypeUtils: judge isGame:com.android.settings
12-14 03:23:30.569 3766 3766 E GameMode_GameModeNotificationListenerService: title :content :,PackageName:com.android.systemui,isGameModeOn:false,isBulletScreenOn:false,isBulletScreenPackage:false
12-14 03:23:30.577 1994 1994 D InterruptionStateProvider: No bubble up: not allowed to bubble: 0|com.android.systemui|2048|null|10082
12-14 03:23:30.577 1994 1994 D InterruptionStateProvider: No heads up: unimportant notification: 0|com.android.systemui|2048|null|10082
12-14 03:23:30.578 1485 1485 I GameModeConfig: isGameModeOn = false
12-14 03:23:30.578 1485 1485 E NotificationService: Muting recently noisy 0|com.android.systemui|2048|null|10082
12-14 03:23:30.581 3766 3766 V GameMode_GameTypeUtils: judge isGame:com.android.settings
12-14 03:23:30.581 3766 3766 E GameMode_GameModeNotificationListenerService: title :content :,PackageName:com.android.systemui,isGameModeOn:false,isBulletScreenOn:false,isBulletScreenPackage:false
12-14 03:23:30.582 1994 2426 D PeopleSpaceWidgetMgr: Sbn doesn't contain valid PeopleTileKey: null/0/com.android.systemui
12-14 03:23:30.594 1994 1994 D InterruptionStateProvider: No bubble up: not allowed to bubble: 0|com.android.systemui|2048|null|10082
12-14 03:23:30.594 1994 1994 D InterruptionStateProvider: No heads up: unimportant notification: 0|com.android.systemui|2048|null|10082
12-14 03:23:30.599 1994 2426 D PeopleSpaceWidgetMgr: Sbn doesn't contain valid PeopleTileKey: null/0/com.android.systemui
12-14 03:23:30.610 1994 1994 D InterruptionStateProvider: No bubble up: not allowed to bubble: 0|com.android.systemui|2048|null|10082
12-14 03:23:30.611 1994 1994 D InterruptionStateProvider: No heads up: unimportant notification: 0|com.android.systemui|2048|null|10082
12-14 03:23:30.615 1994 2426 D PeopleSpaceWidgetMgr: Sbn doesn't contain valid PeopleTileKey: null/0/com.android.systemui
12-14 03:23:30.827 0 0 W swapper/0: type=1400 audit(0.0:300): avc: denied { kill } for capability=5 scontext=u:r:kernel:s0 tcontext=u:r:kernel:s0 tclass=capability permissive=0
01-01 08:22:54.579 0 0 D : mv2112_read_status
01-01 08:22:54.579 0 0 D mv2112_update_link: 3.0x901(1G): 0x84
01-01 08:22:54.579 0 0 D mv2112_update_link: 3.0x8109(100M): 0xc
01-01 08:22:54.579 0 0 D mv2112_update_link: link 0x4
01-01 08:22:54.579 0 0 D mv2112_read_status: autoneg is disabled
12-14 03:23:31.376 639 654 I mpu_uart: [MSG-P:RECV]:No message received in 1000 ms
12-14 03:23:31.376 2378 2422 I OpenGLRenderer: Davey! duration=9223371956710ms; Flags=0, FrameTimelineVsyncId=5292, IntendedVsync=80144432620, Vsync=80144432620, InputEventId=0, HandleInputStart=80151166166, AnimationStart=80151167676, PerformTraversalsStart=80151651322, DrawStart=80151696687, FrameDeadline=80161099286, FrameInterval=80151162833, FrameStartTime=16666666, SyncQueued=80153663874, SyncStart=80153734083, IssueDrawCommandsStart=80154672416, SwapBuffers=80157213822, FrameCompleted=9223372036854775807, DequeueBufferDuration=32552, QueueBufferDuration=1412812, GpuCompleted=9223372036854775807, SwapBuffersCompleted=80159658718, DisplayPresentTime=0,
12-14 03:23:31.590 2701 2701 I hpplay-java: [main]:ServiceUpdater:upLoadServiceInfo invalid deviceCode:, port:53388
12-14 03:23:31.827 0 0 W swapper/0: type=1400 audit(0.0:301): avc: denied { kill } for capability=5 scontext=u:r:kernel:s0 tcontext=u:r:kernel:s0 tclass=capability permissive=0
01-01 08:22:55.603 0 0 D : mv2112_read_status
01-01 08:22:55.603 0 0 D mv2112_update_link: 3.0x901(1G): 0x84
01-01 08:22:55.603 0 0 D mv2112_update_link: 3.0x8109(100M): 0xc
01-01 08:22:55.603 0 0 D mv2112_update_link: link 0x4
01-01 08:22:55.603 0 0 D mv2112_read_status: autoneg is disabled
12-14 03:23:32.376 639 654 I mpu_uart: [MSG-P:RECV]:No message received in 1000 ms
12-14 03:23:32.386 2378 2422 I OpenGLRenderer: Davey! duration=9223371955709ms; Flags=0, FrameTimelineVsyncId=5309, IntendedVsync=81144609464, Vsync=81144609464, InputEventId=0, HandleInputStart=81147633145, AnimationStart=81147634811, PerformTraversalsStart=81148113145, DrawStart=81148155436, FrameDeadline=81177942796, FrameInterval=81147630384, FrameStartTime=16666666, SyncQueued=81150304290, SyncStart=81150508509, IssueDrawCommandsStart=81151477572, SwapBuffers=81154556322, FrameCompleted=9223372036854775807, DequeueBufferDuration=46458, QueueBufferDuration=1167448, GpuCompleted=9223372036854775807, SwapBuffersCompleted=81156315020, DisplayPresentTime=0,
12-14 03:23:32.401 639 653 I mpu_uart: [MSG-P:R]:recv sync frame timeout
12-14 03:23:32.827 0 0 W swapper/0: type=1400 audit(0.0:302): avc: denied { kill } for capability=5 scontext=u:r:kernel:s0 tcontext=u:r:kernel:s0 tclass=capability permissive=0
01-01 08:22:56.627 0 0 D : mv2112_read_status
01-01 08:22:56.627 0 0 D mv2112_update_link: 3.0x901(1G): 0x84
01-01 08:22:56.627 0 0 D mv2112_update_link: 3.0x8109(100M): 0xc
01-01 08:22:56.627 0 0 D mv2112_update_link: link 0x4
01-01 08:22:56.627 0 0 D mv2112_read_status: autoneg is disabled
12-14 03:23:33.376 639 654 I mpu_uart: [MSG-P:RECV]:No message received in 1000 ms
12-14 03:23:33.384 2378 2422 I OpenGLRenderer: Davey! duration=9223371954707ms; Flags=0, FrameTimelineVsyncId=5314, IntendedVsync=82146852296, Vsync=82146852296, InputEventId=0, HandleInputStart=82156856842, AnimationStart=82156859082, PerformTraversalsStart=82157440853, DrawStart=82157493457, FrameDeadline=82180185628, FrameInterval=82156852311, FrameStartTime=16666666, SyncQueued=82160143926, SyncStart=82160225176, IssueDrawCommandsStart=82161143196, SwapBuffers=82163991790, FrameCompleted=9223372036854775807, DequeueBufferDuration=45313, QueueBufferDuration=992187, GpuCompleted=9223372036854775807, SwapBuffersCompleted=82165632259, DisplayPresentTime=0,
12-14 03:23:33.831 0 0 W swapper/0: type=1400 audit(0.0:303): avc: denied { kill } for capability=5 scontext=u:r:kernel:s0 tcontext=u:r:kernel:s0 tclass=capability permissive=0
01-01 08:22:57.651 0 0 D : mv2112_read_status
01-01 08:22:57.651 0 0 D mv2112_update_link: 3.0x901(1G): 0x84
01-01 08:22:57.651 0 0 D mv2112_update_link: 3.0x8109(100M): 0xc
01-01 08:22:57.651 0 0 D mv2112_update_link: link 0x4
01-01 08:22:57.651 0 0 D mv2112_read_status: autoneg is disabled
12-14 03:23:34.377 639 654 I mpu_uart: [MSG-P:RECV]:No message received in 1000 ms
12-14 03:23:34.386 2378 2422 I OpenGLRenderer: Davey! duration=9223371953705ms; Flags=0, FrameTimelineVsyncId=5319, IntendedVsync=83149253296, Vsync=83149253296, InputEventId=0, HandleInputStart=83159232779, AnimationStart=83159234811, PerformTraversalsStart=83159811842, DrawStart=83159863508, FrameDeadline=83182586628, FrameInterval=83159228873, FrameStartTime=16666666, SyncQueued=83161828977, SyncStart=83162054915, IssueDrawCommandsStart=83162901946, SwapBuffers=83165979706, FrameCompleted=9223372036854775807, DequeueBufferDuration=43438, QueueBufferDuration=969531, GpuCompleted=9223372036854775807, SwapBuffersCompleted=83167662571, DisplayPresentTime=0,
12-14 03:23:34.827 0 0 W swapper/0: type=1400 audit(0.0:304): avc: denied { kill } for capability=5 scontext=u:r:kernel:s0 tcontext=u:r:kernel:s0 tclass=capability permissive=0
01-01 08:22:58.675 0 0 D : mv2112_read_status
01-01 08:22:58.675 0 0 D mv2112_update_link: 3.0x901(1G): 0x84
01-01 08:22:58.675 0 0 D mv2112_update_link: 3.0x8109(100M): 0xc
01-01 08:22:58.675 0 0 D mv2112_update_link: link 0x4
01-01 08:22:58.675 0 0 D mv2112_read_status: autoneg is disabled
12-14 03:23:35.377 639 654 I mpu_uart: [MSG-P:RECV]:No message received in 1000 ms
12-14 03:23:35.404 639 653 I mpu_uart: [MSG-P:R]:recv sync frame timeout
12-14 03:23:35.831 0 0 W swapper/0: type=1400 audit(0.0:305): avc: denied { kill } for capability=5 scontext=u:r:kernel:s0 tcontext=u:r:kernel:s0 tclass=capability permissive=0
01-01 08:22:59.699 0 0 D : mv2112_read_status
01-01 08:22:59.699 0 0 D mv2112_update_link: 3.0x901(1G): 0x84
01-01 08:22:59.699 0 0 D mv2112_update_link: 3.0x8109(100M): 0xc
01-01 08:22:59.699 0 0 D mv2112_update_link: link 0x4
01-01 08:22:59.699 0 0 D mv2112_read_status: autoneg is disabled
12-14 03:23:36.377 639 654 I mpu_uart: [MSG-P:RECV]:No message received in 1000 ms
12-14 03:23:36.392 2378 2422 I OpenGLRenderer: Davey! duration=9223371951700ms; Flags=0, FrameTimelineVsyncId=5329, IntendedVsync=85154075296, Vsync=85154075296, InputEventId=0, HandleInputStart=85161642779, AnimationStart=85161644237, PerformTraversalsStart=85161990331, DrawStart=85162029497, FrameDeadline=85187408628, FrameInterval=85161640226, FrameStartTime=16666666, SyncQueued=85163970539, SyncStart=85164040070, IssueDrawCommandsStart=85164940122, SwapBuffers=85167528039, FrameCompleted=9223372036854775807, DequeueBufferDuration=43125, QueueBufferDuration=856822, GpuCompleted=9223372036854775807, SwapBuffersCompleted=85168950539, DisplayPresentTime=0,
12-14 03:23:36.577 2701 2701 I hpplay-java: [main]:Upgrade:upgrade not be allowed
12-14 03:23:36.600 2701 2701 I hpplay-java: [main]:ServerBusiness:get deviceCode:
12-14 03:23:36.600 2701 2701 W hpplay-java: [main]:ServerBusiness:startDeviceService ignore,invalid deviceCode
12-14 03:23:36.831 0 0 W swapper/0: type=1400 audit(0.0:306): avc: denied { kill } for capability=5 scontext=u:r:kernel:s0 tcontext=u:r:kernel:s0 tclass=capability permissive=0
01-01 08:23:00.723 0 0 D : mv2112_read_status
01-01 08:23:00.723 0 0 D mv2112_update_link: 3.0x901(1G): 0x84
01-01 08:23:00.723 0 0 D mv2112_update_link: 3.0x8109(100M): 0xc
01-01 08:23:00.723 0 0 D mv2112_update_link: link 0x4
01-01 08:23:00.723 0 0 D mv2112_read_status: autoneg is disabled
12-14 03:23:37.378 639 654 I mpu_uart: [MSG-P:RECV]:No message received in 1000 ms
12-14 03:23:37.396 2378 4148 I OpenGLRenderer: Davey! duration=9223371950698ms; Flags=0, FrameTimelineVsyncId=5334, IntendedVsync=86156490296, Vsync=86156490296, InputEventId=0, HandleInputStart=86162691789, AnimationStart=86162693039, PerformTraversalsStart=86163021268, DrawStart=86163056841, FrameDeadline=86189823628, FrameInterval=86162689289, FrameStartTime=16666666, SyncQueued=86164842153, SyncStart=86165049341, IssueDrawCommandsStart=86165823716, SwapBuffers=86168380695, FrameCompleted=9223372036854775807, DequeueBufferDuration=40573, QueueBufferDuration=842188, GpuCompleted=9223372036854775807, SwapBuffersCompleted=86169906007, DisplayPresentTime=0,
12-14 03:23:37.831 0 0 W swapper/0: type=1400 audit(0.0:307): avc: denied { kill } for capability=5 scontext=u:r:kernel:s0 tcontext=u:r:kernel:s0 tclass=capability permissive=0
12-14 03:23:38.118 1194 1305 I selfinstaller: TC GetPartNumber() mock-part-111
12-14 03:23:38.137 1194 1285 I selfinstaller: network is ready: 26
01-01 08:23:01.747 0 0 D : mv2112_read_status
01-01 08:23:01.747 0 0 D mv2112_update_link: 3.0x901(1G): 0x84
01-01 08:23:01.747 0 0 D mv2112_update_link: 3.0x8109(100M): 0xc
01-01 08:23:01.747 0 0 D mv2112_update_link: link 0x4
01-01 08:23:01.747 0 0 D mv2112_read_status: autoneg is disabled
12-14 03:23:38.380 639 654 I mpu_uart: [MSG-P:RECV]:No message received in 1000 ms
12-14 03:23:38.397 2378 2422 I OpenGLRenderer: Davey! duration=9223371949695ms; Flags=0, FrameTimelineVsyncId=5339, IntendedVsync=87158901296, Vsync=87158901296, InputEventId=0, HandleInputStart=87163998767, AnimationStart=87163999861, PerformTraversalsStart=87164393559, DrawStart=87164428663, FrameDeadline=87192234628, FrameInterval=87163996267, FrameStartTime=16666666, SyncQueued=87166104549, SyncStart=87166298351, IssueDrawCommandsStart=87167097622, SwapBuffers=87169636736, FrameCompleted=9223372036854775807, DequeueBufferDuration=39792, QueueBufferDuration=874636, GpuCompleted=9223372036854775807, SwapBuffersCompleted=87171065955, DisplayPresentTime=0,
12-14 03:23:38.407 639 653 I mpu_uart: [MSG-P:R]:recv sync frame timeout
12-14 03:23:38.451 2046 3253 D NetworkMonitor/100: isDataStall: result=1, tcp packets received=0, latest tcp fail rate=0, consecutive dns timeout count=20
12-14 03:23:38.451 2046 3253 D NetworkMonitor/100: Suspecting data stall, reevaluate
12-14 03:23:38.452 1485 2801 D ConnectivityService: Data stall detected with methods: 1
12-14 03:23:38.454 2046 4301 D NetworkMonitor/100: Validation disabled.
12-14 03:23:38.457 1485 1576 W BroadcastQueue: Permission Denial: broadcasting Intent { act=android.net.conn.CONNECTIVITY_CHANGE flg=0x4200010 (has extras) } from null (pid=-1, uid=-1) requires com.baidu.input.permission.sofire.RECEIVE due to registered receiver BroadcastFilter{3e4b402 10032/u0 ReceiverList{862814d 3112 com.baidu.input/10032/u0 remote:eab58e4}}
12-14 03:23:38.458 1485 1898 D ConnectivityService: [100 ETHERNET] validation passed
12-14 03:23:38.831 0 0 W swapper/0: type=1400 audit(0.0:308): avc: denied { kill } for capability=5 scontext=u:r:kernel:s0 tcontext=u:r:kernel:s0 tclass=capability permissive=0
01-01 08:23:02.771 0 0 D : mv2112_read_status
01-01 08:23:02.771 0 0 D mv2112_update_link: 3.0x901(1G): 0x84
01-01 08:23:02.771 0 0 D mv2112_update_link: 3.0x8109(100M): 0xc
01-01 08:23:02.771 0 0 D mv2112_update_link: link 0x4
01-01 08:23:02.771 0 0 D mv2112_read_status: autoneg is disabled
12-14 03:23:39.380 639 654 I mpu_uart: [MSG-P:RECV]:No message received in 1000 ms
12-14 03:23:39.402 2378 2422 I OpenGLRenderer: Davey! duration=9223371948693ms; Flags=0, FrameTimelineVsyncId=5344, IntendedVsync=88161311296, Vsync=88161311296, InputEventId=0, HandleInputStart=88168784236, AnimationStart=88168786527, PerformTraversalsStart=88169357413, DrawStart=88169410069, FrameDeadline=88194644628, FrameInterval=88168780121, FrameStartTime=16666666, SyncQueued=88172251996, SyncStart=88172364600, IssueDrawCommandsStart=88173484913, SwapBuffers=88177342361, FrameCompleted=9223372036854775807, DequeueBufferDuration=57969, QueueBufferDuration=1432032, GpuCompleted=9223372036854775807, SwapBuffersCompleted=88179535642, DisplayPresentTime=0,
12-14 03:23:39.831 0 0 W swapper/0: type=1400 audit(0.0:309): avc: denied { kill } for capability=5 scontext=u:r:kernel:s0 tcontext=u:r:kernel:s0 tclass=capability permissive=0
01-01 08:23:03.795 0 0 D : mv2112_read_status
01-01 08:23:03.795 0 0 D mv2112_update_link: 3.0x901(1G): 0x84
01-01 08:23:03.795 0 0 D mv2112_update_link: 3.0x8109(100M): 0xc
01-01 08:23:03.795 0 0 D mv2112_update_link: link 0x4
01-01 08:23:03.795 0 0 D mv2112_read_status: autoneg is disabled
12-14 03:23:40.334 1485 1903 I GameModeConfig: isGameModeOn = false
12-14 03:23:40.334 1485 1903 I GameModeConfig: isGameModeOn = false
12-14 03:23:40.335 1485 1903 I GameModeConfig: isGameModeOn = false
12-14 03:23:40.335 1485 1903 I GameModeConfig: isGameModeOn = false
12-14 03:23:40.335 1485 1903 I GameModeConfig: isGameModeOn = false
12-14 03:23:40.348 1485 1903 I GameModeConfig: isGameModeOn = false
12-14 03:23:40.364 1485 1903 I GameModeConfig: isGameModeOn = false
12-14 03:23:40.371 1485 1903 I GameModeConfig: isGameModeOn = false
12-14 03:23:40.379 1485 1903 I GameModeConfig: isGameModeOn = false
12-14 03:23:40.380 639 654 I mpu_uart: [MSG-P:RECV]:No message received in 1000 ms
12-14 03:23:40.390 1485 1903 I GameModeConfig: isGameModeOn = false
12-14 03:23:40.412 1485 1903 I GameModeConfig: isGameModeOn = false
12-14 03:23:40.429 1485 1903 I GameModeConfig: isGameModeOn = false
12-14 03:23:40.446 1485 1903 I GameModeConfig: isGameModeOn = false
12-14 03:23:40.457 1485 1903 I GameModeConfig: isGameModeOn = false
12-14 03:23:40.473 1485 1903 I GameModeConfig: isGameModeOn = false
12-14 03:23:40.490 1485 1903 I GameModeConfig: isGameModeOn = false
12-14 03:23:40.512 1485 1903 I GameModeConfig: isGameModeOn = false
12-14 03:23:40.537 1485 1903 I GameModeConfig: isGameModeOn = false
12-14 03:23:40.545 1485 1903 I GameModeConfig: isGameModeOn = false
12-14 03:23:40.566 1485 1903 I GameModeConfig: isGameModeOn = false
12-14 03:23:40.579 1485 1903 I GameModeConfig: isGameModeOn = false
12-14 03:23:40.601 1994 1994 D InterruptionStateProvider: No bubble up: not allowed to bubble: -1|android|26|null|1000
12-14 03:23:40.601 1994 1994 D InterruptionStateProvider: No alerting: filtered notification: 0|com.android.systemui|1|empty_media|10082
12-14 03:23:40.602 1994 1994 D InterruptionStateProvider: No bubble up: not allowed to bubble: 0|com.android.systemui|2048|null|10082
12-14 03:23:40.602 1994 1994 D InterruptionStateProvider: No bubble up: not allowed to bubble: 0|android|17303299|com.android.wifi|1000
12-14 03:23:40.602 1994 1994 D InterruptionStateProvider: No bubble up: not allowed to bubble: -1|android|32|null|1000
12-14 03:23:40.655 1994 4119 I OpenGLRenderer: Davey! duration=9223371947454ms; Flags=0, FrameTimelineVsyncId=5353, IntendedVsync=89399947201, Vsync=89399947201, InputEventId=0, HandleInputStart=89400865225, AnimationStart=89400868871, PerformTraversalsStart=89400872100, DrawStart=89411758246, FrameDeadline=89433280533, FrameInterval=89400856371, FrameStartTime=16666666, SyncQueued=89412793558, SyncStart=89412891996, IssueDrawCommandsStart=89414126579, SwapBuffers=89422593714, FrameCompleted=9223372036854775807, DequeueBufferDuration=61562, QueueBufferDuration=1478438, GpuCompleted=9223372036854775807, SwapBuffersCompleted=89424811371, DisplayPresentTime=0,
12-14 03:23:40.831 0 0 W swapper/0: type=1400 audit(0.0:310): avc: denied { kill } for capability=5 scontext=u:r:kernel:s0 tcontext=u:r:kernel:s0 tclass=capability permissive=0
01-01 08:23:04.819 0 0 D : mv2112_read_status
01-01 08:23:04.819 0 0 D mv2112_update_link: 3.0x901(1G): 0x84
01-01 08:23:04.819 0 0 D mv2112_update_link: 3.0x8109(100M): 0xc
01-01 08:23:04.819 0 0 D mv2112_update_link: link 0x4
01-01 08:23:04.819 0 0 D mv2112_read_status: autoneg is disabled
12-14 03:23:41.380 639 654 I mpu_uart: [MSG-P:RECV]:No message received in 1000 ms
12-14 03:23:41.406 2378 2422 I OpenGLRenderer: Davey! duration=9223371946688ms; Flags=0, FrameTimelineVsyncId=5357, IntendedVsync=90166128296, Vsync=90166128296, InputEventId=0, HandleInputStart=90173284391, AnimationStart=90173286579, PerformTraversalsStart=90173833089, DrawStart=90173883610, FrameDeadline=90199461628, FrameInterval=90173280797, FrameStartTime=16666666, SyncQueued=90176671110, SyncStart=90176760016, IssueDrawCommandsStart=90177898610, SwapBuffers=90181560589, FrameCompleted=9223372036854775807, DequeueBufferDuration=54531, QueueBufferDuration=1276718, GpuCompleted=9223372036854775807, SwapBuffersCompleted=90183482100, DisplayPresentTime=0,
12-14 03:23:41.410 639 653 I mpu_uart: [MSG-P:R]:recv sync frame timeout
12-14 03:23:41.576 2701 2701 I hpplay-java: [main]:ServerTaskManager:task run out of time
12-14 03:23:41.577 2701 2701 I hpplay-java: [main]:ServerTaskManager:cancelTimeOutCheck
12-14 03:23:41.577 2701 2701 I hpplay-java: [main]:ServerTaskManager:exeTask ignore, reason: TaskList is clear
12-14 03:23:41.803 2701 4286 D hpplay-base: [LelinkMDNS:766] devicePermissionPublic leboPermissionCheck:-2
12-14 03:23:41.803 2701 4286 D hpplay-base: [jniBridge:1125] com_hpplay_sdk_sink_protocol_Bridge_WHAT_SERVER_ERROR
12-14 03:23:41.803 2701 4286 D hpplay-base: [jniBridge:1726] notifyJava, what:204, castType:0, mimeType:0 baseStatus:2
12-14 03:23:41.803 2701 4286 D hpplay-base: [jniBridge:1727] notifyJava sessionID:(null)
12-14 03:23:41.804 2701 4286 I hpplay-java: [Thread-16]:Bridge:notify: what: 204
12-14 03:23:41.806 2701 4286 I hpplay-java: [Thread-16]:Bridge:notify: out: OutParameters:{audioSessionId=-1, audiotrackIndex=0, castHandleType=-1, castType=0, deviceName='', dlnaName='', dramaID='', extra=-2002, frameHandleType=-1, handleInside=true, headduration=0, header='', headers=null, isAD=false, isMultiMirror=false, lelinkVer='', limitTime=0, , mediaAlbum='null', mediaAlbumArtURI='', mediaArtist='null', mediaAssets='', mediaTitle='null', mimeType=0, multiSession=null, period=0, pinCode='', playSpeed=0.0, playerChoice=0, plugin=0, port=0, position=0.0, positionUnit=2, protocol=0, realSessionID='', regType='', , sinkIp='', sourceAPPVersion='', sourceChannel='', sourceClientInfo='', sourceDeviceInfo='', sourceDeviceModel='', sourceDeviceName='', sourceDeviceType=0, sourceHID='', , sourceInfo='', , , sourceOSVersion='', sourceSDKVersion='', sourceUid='', stopDetail=0, stopReason=0, tailduration=0, url='', urlID='', urls=null, userAgent='', videoDecoder=0, volume=0, what=204}com.hpplay.sdk.sink.protocol.OutParameters@6474ab5
12-14 03:23:41.806 2701 4286 I hpplay-java: [Thread-16]:Bridge:notify: address:35398986
12-14 03:23:41.807 2701 4286 I hpplay-base: [mDNSEmbeded:79] embedded_mDNSLoop stopmDNSNow:0 nPublish:-2 nExitFlag:6 tid is 4286
12-14 03:23:41.807 2701 2701 I hpplay-java: [main]:Bridge:findServiceID start out: 35398986
12-14 03:23:41.807 2701 2701 I hpplay-java: [main]:Bridge:findServiceID end
12-14 03:23:41.807 2701 2701 E hpplay-java: [main]:ServerTaskManager:onError 204/-2002 com.hht.lebocast.LelinkHelper$e@7bd531e
12-14 03:23:41.807 2701 2701 I hpplay-java: [main]:ServerTaskManager:cancelTimeOutCheck
12-14 03:23:41.810 2701 2701 W hpplay-java: [main]:ServerTaskManager:onErrorDispatcher errorCode:-2002
12-14 03:23:41.810 2701 2701 I hpplay-java: [main]:ServerTaskManager:onError retry later
12-14 03:23:41.827 0 0 W swapper/0: type=1400 audit(0.0:311): avc: denied { kill } for capability=5 scontext=u:r:kernel:s0 tcontext=u:r:kernel:s0 tclass=capability permissive=0
01-01 08:23:05.843 0 0 D : mv2112_read_status
01-01 08:23:05.843 0 0 D mv2112_update_link: 3.0x901(1G): 0x84
01-01 08:23:05.843 0 0 D mv2112_update_link: 3.0x8109(100M): 0xc
01-01 08:23:05.843 0 0 D mv2112_update_link: link 0x4
01-01 08:23:05.843 0 0 D mv2112_read_status: autoneg is disabled
12-14 03:23:42.380 639 654 I mpu_uart: [MSG-P:RECV]:No message received in 1000 ms
12-14 03:23:42.405 2378 2422 I OpenGLRenderer: Davey! duration=9223371945686ms; Flags=0, FrameTimelineVsyncId=5362, IntendedVsync=91168540296, Vsync=91168540296, InputEventId=0, HandleInputStart=91174859391, AnimationStart=91174861578, PerformTraversalsStart=91175428662, DrawStart=91175481683, FrameDeadline=91201873628, FrameInterval=91174855537, FrameStartTime=16666666, SyncQueued=91178159391, SyncStart=91178256058, IssueDrawCommandsStart=91179335120, SwapBuffers=91182545641, FrameCompleted=9223372036854775807, DequeueBufferDuration=53646, QueueBufferDuration=979583, GpuCompleted=9223372036854775807, SwapBuffersCompleted=91184138974, DisplayPresentTime=0,
12-14 03:23:42.602 1194 1305 I selfinstaller: TC PrepareUpgrade
12-14 03:23:42.606 1194 1305 I selfinstaller: path:/data/ota/update.zip, accessable!
12-14 03:23:42.606 1194 1305 I selfinstaller: calling GetCurrentVersion !
12-14 03:23:42.607 1194 1305 I selfinstaller: calling GetPkgVersion !
12-14 03:23:42.607 1194 1305 I selfinstaller: path:/data/ota/update.zip, accessable!
12-14 03:23:42.607 1194 1305 I selfinstaller: ExecShellCmd running:unzip /data/ota/update.zip META-INF/com/android/metadata -d /data/ota/!
12-14 03:23:42.644 1194 1305 I selfinstaller: ExecShellCmd get:Archive: /data/ota/update.zip
12-14 03:23:42.644 1194 1305 I selfinstaller: inflating: /data/ota/META-INF/com/android/metadata!
12-14 03:23:42.644 1194 1305 I selfinstaller: path:/data/ota/META-INF/com/android/metadata, accessable!
12-14 03:23:42.644 1194 1305 I selfinstaller: ota-property-files=payload_metadata.bin:2261:90661,payload.bin:2261:1071720775,payload_properties.txt:1071723094:155,care_map.pb:1704:510,metadata:69:596,metadata.pb:733:876
12-14 03:23:42.644 1194 1305 I selfinstaller: ota-required-cache=0
12-14 03:23:42.644 1194 1305 I selfinstaller: ota-streaming-property-files=payload.bin:2261:1071720775,payload_properties.txt:1071723094:155,care_map.pb:1704:510,metadata:69:596,metadata.pb:733:876
12-14 03:23:42.644 1194 1305 I selfinstaller: ota-type=AB
12-14 03:23:42.644 1194 1305 I selfinstaller: post-build=TC/figure_CN/figure:12/SKQ1.220201.001/1325:user/test-keys
12-14 03:23:42.644 1194 1305 I selfinstaller: post-build-incremental=1325
12-14 03:23:42.644 1194 1305 I selfinstaller: post-sdk-level=31
12-14 03:23:42.644 1194 1305 I selfinstaller: post-security-patch-level=2022-01-05
12-14 03:23:42.644 1194 1305 I selfinstaller: post-timestamp=1671137026
12-14 03:23:42.644 1194 1305 I selfinstaller: pre-device=figure
12-14 03:23:42.644 1194 1305 E selfinstaller: pre-build-incremental not found !
12-14 03:23:42.644 1194 1305 I selfinstaller: no pre-build-incremental found, set fota type to full !
12-14 03:23:42.827 0 0 W swapper/0: type=1400 audit(0.0:312): avc: denied { kill } for capability=5 scontext=u:r:kernel:s0 tcontext=u:r:kernel:s0 tclass=capability permissive=0
01-01 08:23:06.867 0 0 D : mv2112_read_status
01-01 08:23:06.867 0 0 D mv2112_update_link: 3.0x901(1G): 0x84
01-01 08:23:06.867 0 0 D mv2112_update_link: 3.0x8109(100M): 0xc
01-01 08:23:06.867 0 0 D mv2112_update_link: link 0x4
01-01 08:23:06.867 0 0 D mv2112_read_status: autoneg is disabled
12-14 03:23:43.381 639 654 I mpu_uart: [MSG-P:RECV]:No message received in 1000 ms
12-14 03:23:43.408 2378 2422 I OpenGLRenderer: Davey! duration=9223371944683ms; Flags=0, FrameTimelineVsyncId=5367, IntendedVsync=92170946296, Vsync=92170946296, InputEventId=0, HandleInputStart=92177303140, AnimationStart=92177305276, PerformTraversalsStart=92177888818, DrawStart=92177946786, FrameDeadline=92204279628, FrameInterval=92177298922, FrameStartTime=16666666, SyncQueued=92180602359, SyncStart=92180674026, IssueDrawCommandsStart=92181589859, SwapBuffers=92184546526, FrameCompleted=9223372036854775807, DequeueBufferDuration=48802, QueueBufferDuration=1113385, GpuCompleted=9223372036854775807, SwapBuffersCompleted=92186236943, DisplayPresentTime=0,
12-14 03:23:43.645 1194 4309 I selfinstaller: current action is ePrepare !
12-14 03:23:43.645 1194 4309 I selfinstaller: TC GetUpdateState 0 0
12-14 03:23:43.831 0 0 W swapper/0: type=1400 audit(0.0:313): avc: denied { kill } for capability=5 scontext=u:r:kernel:s0 tcontext=u:r:kernel:s0 tclass=capability permissive=0
12-14 03:23:44.032 2701 3921 W hpplay-java: [AsyncTask #28]:HttpRequest:
12-14 03:23:44.034 2701 3921 W hpplay-java: [AsyncTask #28]:HttpRequest:
12-14 03:23:44.035 2701 3921 W hpplay-java: [AsyncTask #28]:HttpRequest:
01-01 08:23:07.891 0 0 D : mv2112_read_status
01-01 08:23:07.891 0 0 D mv2112_update_link: 3.0x901(1G): 0x84
01-01 08:23:07.891 0 0 D mv2112_update_link: 3.0x8109(100M): 0xc
01-01 08:23:07.891 0 0 D mv2112_update_link: link 0x4
01-01 08:23:07.891 0 0 D mv2112_read_status: autoneg is disabled
12-14 03:23:44.381 639 654 I mpu_uart: [MSG-P:RECV]:No message received in 1000 ms
12-14 03:23:44.411 2378 2422 I OpenGLRenderer: Davey! duration=9223371943681ms; Flags=0, FrameTimelineVsyncId=5372, IntendedVsync=93173349296, Vsync=93173349296, InputEventId=0, HandleInputStart=93178162307, AnimationStart=93178164442, PerformTraversalsStart=93178710692, DrawStart=93178760119, FrameDeadline=93206682628, FrameInterval=93178158505, FrameStartTime=16666666, SyncQueued=93181108557, SyncStart=93181176057, IssueDrawCommandsStart=93182031265, SwapBuffers=93184824911, FrameCompleted=9223372036854775807, DequeueBufferDuration=43750, QueueBufferDuration=1076093, GpuCompleted=9223372036854775807, SwapBuffersCompleted=93186458400, DisplayPresentTime=0,
12-14 03:23:44.414 639 653 I mpu_uart: [MSG-P:R]:recv sync frame timeout
12-14 03:23:44.812 2701 2701 I hpplay-java: [main]:ServerTaskManager:restart by error
12-14 03:23:44.812 2701 2701 I hpplay-java: [main]:ServerTaskManager:startServer
12-14 03:23:44.812 2701 2701 I hpplay-java: [main]:ServerTaskManager:startServer add, reason: server is starting or running
12-14 03:23:44.813 2701 2701 I hpplay-java: [main]:ServerTaskManager:addStopTask
12-14 03:23:44.813 2701 2701 I hpplay-java: [main]:ServerTaskManager:addStartTask
12-14 03:23:44.813 2701 2701 I hpplay-java: [main]:ServerTaskManager:exeTask stopServer
12-14 03:23:44.813 2701 2701 I hpplay-java: [main]:Bridge:stopServer keepPush: false
12-14 03:23:44.813 2701 2701 D hpplay-base: [jniBridge:909] Bridge__1stopServer status:2
12-14 03:23:44.814 2701 2701 D hpplay-base: [LelinkBase:654] stopAllServer will start thread!
12-14 03:23:44.814 2701 4310 I hpplay-base: [mDNSEmbeded:65] embedded_mDNSExit call
12-14 03:23:44.816 2701 4289 D hpplay-base: [AEventUtils:588] handle AEvent thread end!!,tid is 4289
12-14 03:23:44.816 2701 4290 D hpplay-base: [REventUtils:197] handleREventThread thread end!!,tid is 4290
12-14 03:23:44.820 2701 4286 I hpplay-base: [mDNSEmbeded:140] embedded_mDNSLoop Exiting end,tid is 4286
12-14 03:23:44.820 2701 4310 D hpplay-base: [mDNSEmbeded:452] stopmDNSServer end stopmDNSNow=2, nRet=0
12-14 03:23:44.827 0 0 W swapper/0: type=1400 audit(0.0:314): avc: denied { kill } for capability=5 scontext=u:r:kernel:s0 tcontext=u:r:kernel:s0 tclass=capability permissive=0
12-14 03:23:44.867 2701 4269 D hpplay-base: [stream_mirror_compat:1284] mirror stream begin to exit,server fd:71,thread_id:3045806528!!
12-14 03:23:44.867 2701 4269 D hpplay-base: [stream_mirror_compat:1323] ##screen stream exit successfully!!##
12-14 03:23:44.934 2701 4287 I hpplay-base: [mDNSEmbeded:376] end lelink publish server, tid is 4287
12-14 03:23:44.935 2701 4310 D hpplay-base: [mDNSEmbeded:420] stopmLelinkServer end nRet=0
12-14 03:23:44.935 2701 4310 D hpplay-base: [LelinkBase:615] lebodlna stopServerThreadFunc dlnaEnable:1
12-14 03:23:44.935 2701 4310 D hpplay-base-dlna: [lebodlna_api:49] stop DMR
12-14 03:23:44.935 2701 4310 D hpplay-base-dlna: [lebodlna_api:344] m_pRender Release
12-14 03:23:44.979 2701 4268 D hpplay-base: [Server:447] startHttpServer will END srv->serverType:0
12-14 03:23:44.979 2701 4268 D hpplay-base: [Server:646] startHttpServer cond srv_shutdown:1 connectNummber:0
12-14 03:23:44.979 2701 4268 D hpplay-base: [Server:669] startHttpServer wait cond END. srv_shutdown:1 connectNummber:0
12-14 03:23:44.979 2701 4268 D hpplay-base: [Server:457] HttpServer END, tid is 4268
12-14 03:23:44.996 2701 4310 D hpplay-base-dlna: [UpnpDefine:867] DMRender release success
12-14 03:23:44.996 2701 4310 D hpplay-base-dlna: [lebodlna_api:352] m_pAVT Release
12-14 03:23:44.996 2701 4310 D hpplay-base-dlna: [lebodlna_api:360] m_pRCS Release
12-14 03:23:44.996 2701 4310 D hpplay-base-dlna: [lebodlna_api:365] dmrender destroydmr
12-14 03:23:45.296 2701 4310 D hpplay-base-dlna: [lebodlna-dlna_android:186] stopDLNA
12-14 03:23:45.296 2701 4310 D hpplay-base-dlna: [lebodlna-dlna_android:189] dlnaservice destroy
12-14 03:23:45.296 2701 4310 D hpplay-base-dlna: [lebodlna-dlna_android:49] dlnaservice Destroy 49 int CDlnaService::Destroy()
12-14 03:23:45.296 2701 4310 D hpplay-base-dlna: [lebodlna-dlnaframe:245] dlnaservice Destroy 245 static ERROR_TYPE IDlnaFrame::DestroyDlnaFrame(IDlnaFrame *)
12-14 03:23:45.296 2701 4310 D hpplay-base-dlna: [lebodlna-dlnaframe:179] dlnaservice Destroy 179 virtual void CDlnaFrame::Release()
12-14 03:23:45.296 2701 4310 D hpplay-base-dlna: [lebodlna-dlnaframe:190] dlnaservice Destroy 190 virtual void CDlnaFrame::Release()
12-14 03:23:45.296 2701 4310 D hpplay-base-dlna: [lebodlna-dlnaframe:192] dlnaservice Destroy 192 virtual void CDlnaFrame::Release()
12-14 03:23:45.296 2701 4310 D hpplay-base-dlna: [lebodlna-dlnaframe:247] dlnaservice Destroy 247 static ERROR_TYPE IDlnaFrame::DestroyDlnaFrame(IDlnaFrame *)
12-14 03:23:45.297 2701 4310 D hpplay-base-dlna: [lebodlna-dlnaframe:251] dlnaservice Destroy 251 static ERROR_TYPE IDlnaFrame::DestroyDlnaFrame(IDlnaFrame *)
12-14 03:23:45.299 2701 4310 E hpplay-base-dlna: upnpapi.c:655::before gminiserver ThreadPoolShutdown
12-14 03:23:45.300 2701 4310 E hpplay-base-dlna: ThreadPool.c:1047::on ThreadPoolShutdown tp->totalThreads:2
12-14 03:23:45.300 2701 4310 E hpplay-base-dlna: ThreadPool.c:1056::after ThreadPoolShutdown
12-14 03:23:45.300 2701 4310 E hpplay-base-dlna: ThreadPool.c:1057::ThreadPoolShutdown tp->totalThreads:0
12-14 03:23:45.300 2701 4310 E hpplay-base-dlna: upnpapi.c:657::after gminiserver ThreadPoolShutdown
12-14 03:23:45.300 2701 4310 E hpplay-base-dlna: upnpapi.c:659::before grecv ThreadPoolShutdown
12-14 03:23:45.301 2701 4310 E hpplay-base-dlna: ThreadPool.c:1047::on ThreadPoolShutdown tp->totalThreads:12
12-14 03:23:45.301 2701 4310 E hpplay-base-dlna: ThreadPool.c:1047::on ThreadPoolShutdown tp->totalThreads:11
12-14 03:23:45.301 2701 4310 E hpplay-base-dlna: ThreadPool.c:1047::on ThreadPoolShutdown tp->totalThreads:10
12-14 03:23:45.302 2701 4310 E hpplay-base-dlna: ThreadPool.c:1047::on ThreadPoolShutdown tp->totalThreads:9
12-14 03:23:45.302 2701 4310 E hpplay-base-dlna: ThreadPool.c:1047::on ThreadPoolShutdown tp->totalThreads:8
12-14 03:23:45.302 2701 4310 E hpplay-base-dlna: ThreadPool.c:1047::on ThreadPoolShutdown tp->totalThreads:7
12-14 03:23:45.303 2701 4310 E hpplay-base-dlna: ThreadPool.c:1047::on ThreadPoolShutdown tp->totalThreads:6
12-14 03:23:45.303 2701 4310 E hpplay-base-dlna: ThreadPool.c:1047::on ThreadPoolShutdown tp->totalThreads:5
12-14 03:23:45.303 2701 4310 E hpplay-base-dlna: ThreadPool.c:1047::on ThreadPoolShutdown tp->totalThreads:4
12-14 03:23:45.303 2701 4310 E hpplay-base-dlna: ThreadPool.c:1047::on ThreadPoolShutdown tp->totalThreads:3
12-14 03:23:45.304 2701 4310 E hpplay-base-dlna: ThreadPool.c:1047::on ThreadPoolShutdown tp->totalThreads:2
12-14 03:23:45.304 2701 4310 E hpplay-base-dlna: ThreadPool.c:1047::on ThreadPoolShutdown tp->totalThreads:1
12-14 03:23:45.304 2701 4310 E hpplay-base-dlna: ThreadPool.c:1056::after ThreadPoolShutdown
12-14 03:23:45.304 2701 4310 E hpplay-base-dlna: ThreadPool.c:1057::ThreadPoolShutdown tp->totalThreads:0
12-14 03:23:45.304 2701 4310 E hpplay-base-dlna: upnpapi.c:661::after grecv ThreadPoolShutdown
12-14 03:23:45.304 2701 4310 E hpplay-base-dlna: upnpapi.c:663::before gsend ThreadPoolShutdown
12-14 03:23:45.304 2701 4310 E hpplay-base-dlna: ThreadPool.c:1047::on ThreadPoolShutdown tp->totalThreads:2
12-14 03:23:45.305 2701 4310 E hpplay-base-dlna: ThreadPool.c:1047::on ThreadPoolShutdown tp->totalThreads:1
12-14 03:23:45.305 2701 4310 E hpplay-base-dlna: ThreadPool.c:1056::after ThreadPoolShutdown
12-14 03:23:45.305 2701 4310 E hpplay-base-dlna: ThreadPool.c:1057::ThreadPoolShutdown tp->totalThreads:0
12-14 03:23:45.305 2701 4310 E hpplay-base-dlna: upnpapi.c:665::after gsend ThreadPoolShutdown
