01-01 08:21:44.546 1485 1485 D CompatConfig: Adding: com.android.server.compat.config.Change@348a4
01-01 08:21:44.547 1485 1485 D CompatConfig: Adding: com.android.server.compat.config.Change@460160d
01-01 08:21:44.547 1485 1485 D CompatConfig: Adding: com.android.server.compat.config.Change@ac2f3d3
01-01 08:21:44.547 1485 1566 I SystemConfig: Reading permissions from /system/etc/permissions/com.android.mediadrm.signer.xml
01-01 08:21:44.547 1485 1485 D CompatConfig: Adding: com.android.server.compat.config.Change@37e4b10
01-01 08:21:44.547 1485 1485 D CompatConfig: Adding: com.android.server.compat.config.Change@bf0800e
01-01 08:21:44.548 1485 1566 I SystemConfig: Reading permissions from /system/etc/permissions/android.test.base.xml
01-01 08:21:44.548 1485 1485 D CompatConfig: Adding: com.android.server.compat.config.Change@53efa2f
01-01 08:21:44.548 1485 1566 I SystemConfig: Reading permissions from /system/etc/permissions/platform.xml
01-01 08:21:44.548 1485 1485 D CompatConfig: Adding: com.android.server.compat.config.Change@ceef9c5
01-01 08:21:44.548 1485 1485 D CompatConfig: Adding: com.android.server.compat.config.Change@5388f1a
01-01 08:21:44.549 1485 1485 D CompatConfig: Adding: com.android.server.compat.config.Change@ccb0a4b
01-01 08:21:44.549 1485 1485 D CompatConfig: Adding: com.android.server.compat.config.Change@986c28
01-01 08:21:44.549 1485 1485 D CompatConfig: Adding: com.android.server.compat.config.Change@ca6d41
01-01 08:21:44.550 1485 1485 D CompatConfig: Adding: com.android.server.compat.config.Change@4c082e6
01-01 08:21:44.550 1485 1485 D CompatConfig: Adding: com.android.server.compat.config.Change@1be0027
01-01 08:21:44.551 1485 1485 D CompatConfig: Adding: com.android.server.compat.config.Change@71c22d4
01-01 08:21:44.551 1485 1485 D CompatConfig: Adding: com.android.server.compat.config.Change@d8f9c7d
01-01 08:21:44.551 1485 1566 I SystemConfig: Reading permissions from /vendor/etc/permissions/android.hardware.sensor.accelerometer.xml
01-01 08:21:44.551 1485 1485 D CompatConfig: Adding: com.android.server.compat.config.Change@90077c3
01-01 08:21:44.552 1485 1485 D CompatConfig: Adding: com.android.server.compat.config.Change@d829840
01-01 08:21:44.552 1485 1566 I SystemConfig: Reading permissions from /vendor/etc/permissions/android.hardware.wifi.direct.xml
01-01 08:21:44.552 1485 1485 D CompatConfig: Adding: com.android.server.compat.config.Change@68308be
01-01 08:21:44.553 1485 1485 D CompatConfig: Adding: com.android.server.compat.config.Change@368cd1f
01-01 08:21:44.553 1485 1566 I SystemConfig: Reading permissions from /vendor/etc/permissions/android.hardware.sensor.ambient_temperature.xml
01-01 08:21:44.553 1485 1485 D CompatConfig: Adding: com.android.server.compat.config.Change@dade35
01-01 08:21:44.553 1485 1485 D CompatConfig: Adding: com.android.server.compat.config.Change@ee2f2ca
01-01 08:21:44.554 1485 1485 D CompatConfig: Adding: com.android.server.compat.config.Change@ed71c3b
01-01 08:21:44.554 1485 1566 I SystemConfig: Reading permissions from /vendor/etc/permissions/android.software.ipsec_tunnels.xml
01-01 08:21:44.554 1485 1485 D CompatConfig: Adding: com.android.server.compat.config.Change@46828b1
01-01 08:21:44.555 1485 1485 D CompatConfig: Adding: com.android.server.compat.config.Change@6a57196
01-01 08:21:44.555 1485 1566 I SystemConfig: Reading permissions from /vendor/etc/permissions/android.software.device_id_attestation.xml
01-01 08:21:44.555 1485 1485 D CompatConfig: Adding: com.android.server.compat.config.Change@f7e904
01-01 08:21:44.555 1485 1485 D CompatConfig: Adding: com.android.server.compat.config.Change@fa59eed
01-01 08:21:44.556 1485 1566 I SystemConfig: Reading permissions from /vendor/etc/permissions/android.hardware.vulkan.compute-0.xml
01-01 08:21:44.556 1485 1485 D CompatConfig: Adding: com.android.server.compat.config.Change@c5ed7b3
01-01 08:21:44.556 1485 1485 D CompatConfig: Adding: com.android.server.compat.config.Change@18c9170
01-01 08:21:44.556 1485 1566 I SystemConfig: Reading permissions from /vendor/etc/permissions/android.hardware.sensor.barometer.xml
01-01 08:21:44.557 1485 1566 I SystemConfig: Reading permissions from /vendor/etc/permissions/qti_fingerprint_interface.xml
01-01 08:21:44.557 1485 1485 D CompatConfig: Adding: com.android.server.compat.config.Change@de53c0f
01-01 08:21:44.557 1485 1566 I SystemConfig: Reading permissions from /vendor/etc/permissions/android.hardware.usb.host.xml
01-01 08:21:44.558 1485 1485 D CompatConfig: Adding: com.android.server.compat.config.Change@c80bea5
01-01 08:21:44.558 1485 1566 I SystemConfig: Reading permissions from /vendor/etc/permissions/android.software.vulkan.deqp.level.xml
01-01 08:21:44.558 1485 1485 D CompatConfig: Adding: com.android.server.compat.config.Change@5c38a2b
01-01 08:21:44.559 1485 1566 I SystemConfig: Reading permissions from /vendor/etc/permissions/vendor-qti-hardware-sensorscalibrate.xml
01-01 08:21:44.559 1485 1485 D CompatConfig: Adding: com.android.server.compat.config.Change@763a021
01-01 08:21:44.559 1485 1485 D CompatConfig: Adding: com.android.server.compat.config.Change@abb6c46
01-01 08:21:44.559 1485 1566 I SystemConfig: Reading permissions from /vendor/etc/permissions/android.hardware.sensor.compass.xml
01-01 08:21:44.560 1485 1485 D CompatConfig: Adding: com.android.server.compat.config.Change@a299b34
01-01 08:21:44.560 1485 1485 D CompatConfig: Adding: com.android.server.compat.config.Change@f391d5d
01-01 08:21:44.560 1485 1566 I SystemConfig: Reading permissions from /vendor/etc/permissions/android.hardware.bluetooth.xml
01-01 08:21:44.563 1485 1485 D CompatConfig: Adding: com.android.server.compat.config.Change@ccd13a3
01-01 08:21:44.563 1485 1566 I SystemConfig: Reading permissions from /vendor/etc/permissions/handheld_core_hardware.xml
01-01 08:21:44.563 1485 1485 D CompatConfig: Adding: com.android.server.compat.config.Change@4ef3259
01-01 08:21:44.563 1485 1485 D CompatConfig: Adding: com.android.server.compat.config.Change@505be1e
01-01 08:21:44.564 1485 1485 D CompatConfig: Adding: com.android.server.compat.config.Change@c9346ff
01-01 08:21:44.564 1485 1485 D CompatConfig: Adding: com.android.server.compat.config.Change@2911ccc
01-01 08:21:44.564 1485 1566 I SystemConfig: Reading permissions from /vendor/etc/permissions/android.hardware.sensor.hifi_sensors.xml
01-01 08:21:44.564 1485 1485 D CompatConfig: Adding: com.android.server.compat.config.Change@dcb9e2a
01-01 08:21:44.565 1485 1485 D CompatConfig: Adding: com.android.server.compat.config.Change@85f541b
01-01 08:21:44.565 0 0 I IPv6 : ADDRCONF(NETDEV_UP): vlan4: link is not ready
01-01 08:21:44.565 1485 1566 I SystemConfig: Reading permissions from /vendor/etc/permissions/android.hardware.light.xml
01-01 08:21:44.566 1485 1485 D CompatConfig: Adding: com.android.server.compat.config.Change@aa3d391
01-01 08:21:44.566 1485 1485 D CompatConfig: Adding: com.android.server.compat.config.Change@55d72f6
01-01 08:21:44.566 1485 1485 D CompatConfig: Found a config file: /system/etc/compatconfig/documents-ui-compat-config.xml
01-01 08:21:44.567 1485 1566 I SystemConfig: Reading permissions from /vendor/etc/permissions/android.hardware.vulkan.level-1.xml
01-01 08:21:44.567 1485 1485 D CompatConfig: Adding: com.android.server.compat.config.Change@4a117cd
01-01 08:21:44.567 1485 1566 I SystemConfig: Reading permissions from /vendor/etc/permissions/android.hardware.audio.pro.xml
01-01 08:21:44.567 1485 1485 D CompatConfig: Found a config file: /system/etc/compatconfig/calendar-provider-compat-config.xml
01-01 08:21:44.568 1485 1566 I SystemConfig: Reading permissions from /vendor/etc/permissions/android.hardware.bluetooth_le.xml
01-01 08:21:44.568 1485 1485 D CompatConfig: Adding: com.android.server.compat.config.Change@4b463c9
01-01 08:21:44.568 1485 1566 I SystemConfig: Reading permissions from /vendor/etc/permissions/android.hardware.opengles.aep.xml
01-01 08:21:44.569 1485 1485 D CompatConfig: Found a config file: /system/system_ext/etc/compatconfig/settings-platform-compat-config.xml
01-01 08:21:44.569 1485 1566 I SystemConfig: Reading permissions from /vendor/etc/permissions/android.hardware.se.omapi.uicc.xml
01-01 08:21:44.569 1485 1485 D CompatConfig: Adding: com.android.server.compat.config.Change@8967385
01-01 08:21:44.569 1485 1566 I SystemConfig: Reading permissions from /vendor/etc/permissions/android.hardware.sensor.gyroscope.xml
01-01 08:21:44.570 1485 1566 I SystemConfig: Reading permissions from /vendor/etc/permissions/android.hardware.fingerprint.xml
01-01 08:21:44.570 1485 1566 I SystemConfig: Reading permissions from /vendor/etc/permissions/android.hardware.wifi.aware.xml
01-01 08:21:44.571 1485 1566 I SystemConfig: Reading permissions from /vendor/etc/permissions/android.hardware.touchscreen.multitouch.jazzhand.xml
01-01 08:21:44.571 1485 1485 D CompatConfig: No directory /apex/com.android.vndk.v30/etc/compatconfig, skipping
01-01 08:21:44.571 1485 1566 I SystemConfig: Reading permissions from /vendor/etc/permissions/android.software.midi.xml
01-01 08:21:44.571 1485 1485 D CompatConfig: No directory /apex/com.android.wifi/etc/compatconfig, skipping
01-01 08:21:44.572 1485 1485 D CompatConfig: No directory /apex/com.android.vndk.v31/etc/compatconfig, skipping
01-01 08:21:44.572 1485 1485 D CompatConfig: No directory /apex/com.android.tzdata/etc/compatconfig, skipping
01-01 08:21:44.572 1485 1485 D CompatConfig: No directory /apex/com.android.tethering/etc/compatconfig, skipping
01-01 08:21:44.572 1485 1485 D CompatConfig: No directory /apex/com.android.sdkext/etc/compatconfig, skipping
01-01 08:21:44.572 1485 1485 D CompatConfig: No directory /apex/com.android.scheduling/etc/compatconfig, skipping
01-01 08:21:44.572 1485 1485 D CompatConfig: No directory /apex/com.android.runtime/etc/compatconfig, skipping
01-01 08:21:44.573 1485 1485 D CompatConfig: No directory /apex/com.android.resolv/etc/compatconfig, skipping
01-01 08:21:44.573 1485 1485 D CompatConfig: No directory /apex/com.android.permission/etc/compatconfig, skipping
01-01 08:21:44.573 1485 1566 I SystemConfig: Reading permissions from /vendor/etc/permissions/android.hardware.se.omapi.ese.xml
01-01 08:21:44.573 1485 1485 D CompatConfig: No directory /apex/com.android.os.statsd/etc/compatconfig, skipping
01-01 08:21:44.573 1485 1485 D CompatConfig: No directory /apex/com.android.neuralnetworks/etc/compatconfig, skipping
01-01 08:21:44.574 1485 1566 I SystemConfig: Reading permissions from /vendor/etc/permissions/android.software.verified_boot.xml
01-01 08:21:44.575 1485 1566 I SystemConfig: Reading permissions from /vendor/etc/permissions/android.hardware.wifi.passpoint.xml
01-01 08:21:44.575 1485 1566 I SystemConfig: Reading permissions from /vendor/etc/permissions/android.hardware.wifi.rtt.xml
01-01 08:21:44.575 1485 1485 D CompatConfig: Found a config file: /apex/com.android.mediaprovider/etc/compatconfig/media-provider-platform-compat-config.xml
01-01 08:21:44.575 1485 1566 I SystemConfig: Reading permissions from /vendor/etc/permissions/android.hardware.wifi.xml
01-01 08:21:44.576 1485 1566 I SystemConfig: Reading permissions from /vendor/etc/permissions/android.hardware.usb.accessory.xml
01-01 08:21:44.576 1485 1485 D CompatConfig: Adding: com.android.server.compat.config.Change@24ea37e
01-01 08:21:44.576 1485 1566 I SystemConfig: Reading permissions from /vendor/etc/permissions/vendor.qti.hardware.factory.xml
01-01 08:21:44.577 1485 1485 D CompatConfig: Adding: com.android.server.compat.config.Change@632f12c
01-01 08:21:44.577 1485 1566 I SystemConfig: Reading permissions from /vendor/etc/permissions/android.hardware.audio.low_latency.xml
01-01 08:21:44.577 1485 1485 D CompatConfig: Adding: com.android.server.compat.config.Change@9ad798a
01-01 08:21:44.577 1485 1566 I SystemConfig: Reading permissions from /vendor/etc/permissions/android.hardware.sensor.relative_humidity.xml
01-01 08:21:44.577 1485 1485 D CompatConfig: Adding: com.android.server.compat.config.Change@473f418
01-01 08:21:44.577 1485 1566 I SystemConfig: Reading permissions from /vendor/etc/permissions/android.hardware.vulkan.version-1_1.xml
01-01 08:21:44.578 1485 1566 I SystemConfig: Reading permissions from /vendor/etc/permissions/android.hardware.location.gps.xml
01-01 08:21:44.578 1485 1485 D CompatConfig: Adding: com.android.server.compat.config.Change@3f95cd7
01-01 08:21:44.579 1485 1485 D CompatConfig: Adding: com.android.server.compat.config.Change@c039c4
01-01 08:21:44.579 1485 1485 D CompatConfig: Adding: com.android.server.compat.config.Change@50a80ad
01-01 08:21:44.579 1485 1566 I SystemConfig: Reading permissions from /product/etc/sysconfig/preinstalled-packages-platform-overlays.xml
01-01 08:21:44.580 1485 1566 I SystemConfig: Reading permissions from /product/etc/sysconfig/preinstalled-packages-platform-handheld-product.xml
01-01 08:21:44.580 1485 1485 D CompatConfig: No directory /apex/com.android.media.swcodec/etc/compatconfig, skipping
01-01 08:21:44.580 1485 1485 D CompatConfig: No directory /apex/com.android.media/etc/compatconfig, skipping
01-01 08:21:44.580 1485 1485 D CompatConfig: No directory /apex/com.android.ipsec/etc/compatconfig, skipping
01-01 08:21:44.580 1485 1485 D CompatConfig: No directory /apex/com.android.i18n/etc/compatconfig, skipping
01-01 08:21:44.580 1485 1485 D CompatConfig: No directory /apex/com.android.extservices/etc/compatconfig, skipping
01-01 08:21:44.580 1485 1485 D CompatConfig: No directory /apex/com.android.conscrypt/etc/compatconfig, skipping
01-01 08:21:44.581 1485 1485 D CompatConfig: Found a config file: /apex/com.android.art/etc/compatconfig/libcore-platform-compat-config.xml
01-01 08:21:44.581 1485 1566 I SystemConfig: Reading permissions from /product/etc/permissions/com.android.settings.intelligence.xml
01-01 08:21:44.581 1485 1485 D CompatConfig: Adding: com.android.server.compat.config.Change@128e82e
01-01 08:21:44.581 1485 1566 I SystemConfig: Reading permissions from /product/etc/permissions/vendor.qti.hardware.data.connection-V1.0-java.xml
01-01 08:21:44.582 1485 1485 D CompatConfig: Adding: com.android.server.compat.config.Change@26afd5c
01-01 08:21:44.582 1485 1485 D CompatConfig: Adding: com.android.server.compat.config.Change@1e81865
01-01 08:21:44.582 1485 1566 I SystemConfig: Reading permissions from /product/etc/permissions/UimService.xml
01-01 08:21:44.582 1485 1485 D CompatConfig: Adding: com.android.server.compat.config.Change@4a4d9eb
01-01 08:21:44.583 1485 1566 I SystemConfig: Reading permissions from /product/etc/permissions/privapp-permissions-soundrecorder.xml
01-01 08:21:44.583 1485 1485 D CompatConfig: Adding: com.android.server.compat.config.Change@346d5e1
01-01 08:21:44.583 1485 1566 I SystemConfig: Reading permissions from /product/etc/permissions/telephony_product_privapp-permissions-qti.xml
01-01 08:21:44.584 1485 1566 I SystemConfig: Reading permissions from /product/etc/permissions/com.qti.snapdragon.sdk.display.xml
01-01 08:21:44.584 1485 1485 D CompatConfig: No directory /apex/com.android.appsearch/etc/compatconfig, skipping
01-01 08:21:44.584 1485 1485 D CompatConfig: No directory /apex/com.android.adbd/etc/compatconfig, skipping
01-01 08:21:44.584 1485 1566 I SystemConfig: Reading permissions from /product/etc/permissions/ims_ext_common.xml
01-01 08:21:44.585 1485 1566 I SystemConfig: Reading permissions from /product/etc/permissions/vendor.qti.hardware.data.connection-V1.1-java.xml
01-01 08:21:44.585 1485 1566 I SystemConfig: Reading permissions from /system_ext/etc/sysconfig/qti_whitelist_system_ext.xml
01-01 08:21:44.586 1485 1566 I SystemConfig: Reading permissions from /system_ext/etc/sysconfig/qti_telephony_system_packages_config.xml
01-01 08:21:44.587 1485 1566 I SystemConfig: Reading permissions from /system_ext/etc/permissions/wfd-system-ext-privapp-permissions-qti.xml
01-01 08:21:44.588 1485 1566 I SystemConfig: Reading permissions from /system_ext/etc/permissions/telephony_system-ext_privapp-permissions-qti.xml
01-01 08:21:44.588 1485 1566 I SystemConfig: Reading permissions from /system_ext/etc/permissions/com.hht.lebocast.xml
01-01 08:21:44.589 1485 1485 I SystemServerTiming: StartFileIntegrityService
01-01 08:21:44.589 1485 1566 I SystemConfig: Reading permissions from /system_ext/etc/permissions/qti_permissions.xml
01-01 08:21:44.589 1485 1485 I SystemServiceManager: Starting com.android.server.security.FileIntegrityService
01-01 08:21:44.590 1485 1566 I SystemConfig: Reading permissions from /system_ext/etc/permissions/com.qualcomm.qti.imscmservice-V2.2-java.xml
01-01 08:21:44.590 1485 1566 I SystemConfig: Reading permissions from /system_ext/etc/permissions/com.qualcomm.qti.imscmservice-V2.1-java.xml
01-01 08:21:44.590 1485 1566 I SystemConfig: Reading permissions from /system_ext/etc/permissions/com.qti.media.secureprocessor.xml
01-01 08:21:44.596 1485 1485 I SystemServerTiming: StartInstaller
01-01 08:21:44.596 1485 1485 I SystemServiceManager: Starting com.android.server.pm.Installer
01-01 08:21:44.599 1485 1485 I SystemServerTiming: DeviceIdentifiersPolicyService
01-01 08:21:44.599 1485 1566 I SystemConfig: Reading permissions from /system_ext/etc/permissions/com.qualcomm.qti.imscmservice.xml
01-01 08:21:44.599 1485 1485 I SystemServiceManager: Starting com.android.server.os.DeviceIdentifiersPolicyService
01-01 08:21:44.599 1485 1485 I SystemServerTiming: UriGrantsManagerService
01-01 08:21:44.599 1485 1485 I SystemServiceManager: Starting com.android.server.uri.UriGrantsManagerService$Lifecycle
01-01 08:21:44.599 1485 1485 I SystemServerTiming: StartPowerStatsService
01-01 08:21:44.599 1485 1485 I SystemServiceManager: Starting com.android.server.powerstats.PowerStatsService
01-01 08:21:44.600 1485 1566 I SystemConfig: Reading permissions from /system_ext/etc/permissions/com.android.systemui.xml
01-01 08:21:44.600 1485 1566 I SystemConfig: Reading permissions from /system_ext/etc/permissions/com.qualcomm.qmapbridge.xml
01-01 08:21:44.600 1485 1566 I SystemConfig: Reading permissions from /system_ext/etc/permissions/com.android.emergency.xml
01-01 08:21:44.601 1485 1566 I SystemConfig: Reading permissions from /system_ext/etc/permissions/vendor.qti.ims.rcsservice.xml
01-01 08:21:44.601 1485 1566 I SystemConfig: Reading permissions from /system_ext/etc/permissions/privapp-permissions-com.qualcomm.location.xml
01-01 08:21:44.601 0 0 I binder : 1485:1485 ioctl 40046210 7fef98c714 returned -22
01-01 08:21:44.602 1485 1566 I SystemConfig: Reading permissions from /system_ext/etc/permissions/embms-noship_product_privapp_permissions_qti.xml
01-01 08:21:44.602 1485 1485 I SystemServerTiming: StartIStatsService
01-01 08:21:44.603 1485 1566 I SystemConfig: Reading permissions from /system_ext/etc/permissions/com.thundercomm.microsettings.xml
01-01 08:21:44.603 1485 1485 I SystemServerTiming: MemtrackProxyService
01-01 08:21:44.604 1485 1566 I SystemConfig: Reading permissions from /system_ext/etc/permissions/com.qti.dpmframework.xml
01-01 08:21:44.605 1485 1485 I SystemServerTiming: StartActivityManager
01-01 08:21:44.605 1485 1485 I SystemServiceManager: Starting com.android.server.wm.ActivityTaskManagerService$Lifecycle
01-01 08:21:44.605 1485 1566 I SystemConfig: Reading permissions from /system_ext/etc/permissions/com.android.storagemanager.xml
01-01 08:21:44.607 1485 1566 I SystemConfig: Reading permissions from /system_ext/etc/permissions/audiosphere.xml
01-01 08:21:44.607 1485 1566 I SystemConfig: Reading permissions from /system_ext/etc/permissions/com.android.launcher3.xml
01-01 08:21:44.608 1485 1566 I SystemConfig: Reading permissions from /system_ext/etc/permissions/com.android.provision.xml
01-01 08:21:44.608 1485 1485 I SystemServiceManager: Starting com.android.server.am.ActivityManagerService$Lifecycle
01-01 08:21:44.609 1485 1566 I SystemConfig: Reading permissions from /system_ext/etc/permissions/com.qualcomm.location.xml
01-01 08:21:44.611 1485 1566 I SystemConfig: Reading permissions from /system_ext/etc/permissions/izat.xt.srv.xml
01-01 08:21:44.613 1485 1566 I SystemConfig: Reading permissions from /system_ext/etc/permissions/qti_supplicant_interface.xml
01-01 08:21:44.614 1485 1566 I SystemConfig: Reading permissions from /system_ext/etc/permissions/com.qti.location.sdk.xml
01-01 08:21:44.615 1485 1485 I ActivityManager: Memory class: 512
01-01 08:21:44.615 1485 1566 I SystemConfig: Reading permissions from /system_ext/etc/permissions/privapp-permissions-qti-system-ext.xml
01-01 08:21:44.616 1485 1566 I SystemConfig: Reading permissions from /system_ext/etc/permissions/embms.xml
01-01 08:21:44.616 1485 1566 I SystemConfig: Reading permissions from /system_ext/etc/permissions/com.qualcomm.qti.imscmservice-V2.0-java.xml
01-01 08:21:44.616 1485 1566 I SystemConfig: Reading permissions from /system_ext/etc/permissions/android.software.verified_boot.xml
01-01 08:21:44.617 1485 1576 I Binder : Setting heavy hitter watcher config: false, 0, 0.0
01-01 08:21:44.617 1485 1566 I SystemConfig: Reading permissions from /system_ext/etc/permissions/com.qualcomm.qti.izattools.xml
01-01 08:21:44.617 1485 1566 I SystemConfig: Reading permissions from /system_ext/etc/permissions/dpmapi.xml
01-01 08:21:44.618 1485 1566 I SystemConfig: Reading permissions from /system_ext/etc/permissions/privapp-permissions-aptxals.xml
01-01 08:21:44.620 1485 1566 I SystemConfig: Reading permissions from /system_ext/etc/permissions/qti_libpermissions.xml
01-01 08:21:44.621 1485 1566 I SystemConfig: Reading permissions from /system_ext/etc/permissions/com.android.settings.xml
01-01 08:21:44.621 1485 1566 I SystemConfig: Reading permissions from /system_ext/etc/permissions/com.nxp.nfc.nq.xml
01-01 08:21:44.622 1485 1566 I SystemConfig: Reading permissions from /apex/com.android.ipsec/etc/permissions/android.net.ipsec.ike.xml
01-01 08:21:44.642 1485 1485 D BatteryStatsImpl: Reading daily items from /data/system/batterystats-daily.xml
01-01 08:21:44.653 1485 1586 I KernelCpuUidFreqTimeReader: mPerClusterTimesAvailable=false
01-01 08:21:44.659 1485 1586 E KernelCpuSpeedReader: Failed to read cpu-freq: /sys/devices/system/cpu/cpu4/cpufreq/stats/time_in_state: open failed: ENOENT (No such file or directory)
01-01 08:21:44.659 1485 1586 E KernelCpuSpeedReader: Failed to read cpu-freq: /sys/devices/system/cpu/cpu0/cpufreq/stats/time_in_state: open failed: ENOENT (No such file or directory)
01-01 08:21:44.669 1485 1586 W KernelMemoryBandwidthStats: No kernel memory bandwidth stats available
01-01 08:21:44.702 0 0 I IPv6 : ADDRCONF(NETDEV_UP): vlan8: link is not ready
01-01 08:21:44.715 1485 1485 I IntentFirewall: Read new rules (A:0 B:0 S:0)
01-01 08:21:44.720 1485 1485 D AppOps : AppOpsService published
01-01 08:21:44.720 1485 1485 I SystemServerTiming: StartDataLoaderManagerService
01-01 08:21:44.720 1485 1485 I SystemServiceManager: Starting com.android.server.pm.DataLoaderManagerService
01-01 08:21:44.721 1485 1485 I SystemServerTiming: StartIncrementalService
01-01 08:21:44.722 1485 1485 I SystemServerTiming: StartPowerManager
01-01 08:21:44.722 1485 1485 I SystemServiceManager: Starting com.android.server.power.PowerManagerService
01-01 08:21:44.730 1485 1485 I SystemServerTiming: StartThermalManager
01-01 08:21:44.730 1485 1485 I SystemServiceManager: Starting com.android.server.power.ThermalManagerService
01-01 08:21:44.731 1485 1485 I SystemServerTiming: StartHintManager
01-01 08:21:44.731 1485 1485 I SystemServiceManager: Starting com.android.server.power.hint.HintManagerService
01-01 08:21:44.731 1485 1485 I SystemServerTiming: InitPowerManagement
01-01 08:21:44.732 1485 1485 I SystemServerTiming: StartRecoverySystemService
01-01 08:21:44.732 1485 1485 I SystemServiceManager: Starting com.android.server.recoverysystem.RecoverySystemService$Lifecycle
01-01 08:21:44.733 1485 1485 I PackageWatchdog: Syncing state, reason: added new observer
01-01 08:21:44.733 1485 1485 I PackageWatchdog: Not pruning observers, elapsed time: 0ms
01-01 08:21:44.733 1485 1485 I PackageWatchdog: Cancelling state sync, nothing to sync
01-01 08:21:44.735 1485 1485 I SystemServerTiming: StartLightsService
01-01 08:21:44.735 1485 1485 I SystemServiceManager: Starting com.android.server.lights.LightsService
01-01 08:21:44.737 1485 1485 I SystemServerTiming: StartSidekickService
01-01 08:21:44.737 1485 1485 I SystemServerTiming: StartDisplayManager
01-01 08:21:44.737 1485 1485 I SystemServiceManager: Starting com.android.server.display.DisplayManagerService
01-01 08:21:44.731 0 0 W : ------------[ cut here ]------------
01-01 08:21:44.731 0 0 W : Unbalanced enable for IRQ 395
01-01 08:21:44.731 0 0 W : WARNING: CPU: 6 PID: 123 at kernel/irq/manage.c:621 enable_irq+0x90/0xe8
01-01 08:21:44.731 0 0 W : Modules linked in: wlan(O+) tsnv(O) machine_dlkm(O) wcd938x_slave_dlkm(O) wcd938x_dlkm(O) wcd9xxx_dlkm(O) mbhc_dlkm(O) tx_macro_dlkm(O) rx_macro_dlkm(O) va_macro_dlkm(O) wsa_macro_dlkm(O) swr_ctrl_dlkm(O) bolero_cdc_dlkm(O) wsa881x_dlkm(O) wcd_core_dlkm(O) stub_dlkm(O) hdmi_dlkm(O) swr_dlkm(O) pinctrl_lpi_dlkm(O) pinctrl_wcd_dlkm(O) usf_dlkm(O) native_dlkm(O) platform_dlkm(O) q6_dlkm(O) adsp_loader_dlkm(O) apr_dlkm(O) snd_event_dlkm(O) q6_notifier_dlkm(O) q6_pdr_dlkm(O) msm_11ad_proxy
01-01 08:21:44.731 0 0 W : CPU: 6 PID: 123 Comm: kworker/6:2 Tainted: G S O 4.19.157-perf+ #1
01-01 08:21:44.731 0 0 W Hardware name: Qualcomm Technologies, Inc. kona MTP-RmPM8150b. VX1(MCE) EVT2 (DT)
01-01 08:21:44.731 0 0 W Workqueue: pm pm_runtime_work
01-01 08:21:44.731 0 0 W pstate : 60c00085 (nZCv daIf +PAN +UAO)
01-01 08:21:44.731 0 0 W pc : enable_irq+0x90/0xe8
01-01 08:21:44.731 0 0 W lr : enable_irq+0x90/0xe8
01-01 08:21:44.731 0 0 W sp : ffffff8008d6bbb0
01-01 08:21:44.731 0 0 W : x29: ffffff8008d6bbc0 x28: 0000000000000002
01-01 08:21:44.731 0 0 W : x27: 00000000000001ad x26: 0000000000000000
01-01 08:21:44.731 0 0 W : x25: 0000000000000000 x24: ffffffc63451f37d
01-01 08:21:44.731 0 0 W : x23: ffffffc63451dca1 x22: ffffffc63451f248
01-01 08:21:44.731 0 0 W : x21: ffffffc64f3fd810 x20: 000000000000018b
01-01 08:21:44.731 0 0 W : x19: ffffffc6299c1200 x18: 0000000000000030
01-01 08:21:44.731 0 0 W : x17: ffffffaabec20000 x16: 00000000fffc2750
01-01 08:21:44.731 0 0 W : x15: 00000000000c2750 x14: 0000000000000086
01-01 08:21:44.731 0 0 W : x13: 0000000000000030 x12: 0000000000000000
01-01 08:21:44.731 0 0 W : x11: 0000000000000000 x10: 0000000000000007
01-01 08:21:44.731 0 0 W : x9 : 1b4d3c654c57c700 x8 : 1b4d3c654c57c700
01-01 08:21:44.731 0 0 W : x7 : 0000000000000000 x6 : ffffffc67987d8dd
01-01 08:21:44.731 0 0 W : x5 : 0000000000000000 x4 : 0000000000000006
01-01 08:21:44.731 0 0 W : x3 : 0000000000000035 x2 : 0000000000000007
01-01 08:21:44.731 0 0 W : x1 : 0000000000000007 x0 : 000000000000001d
01-01 08:21:44.731 0 0 W Call trace:
01-01 08:21:44.731 0 0 W : enable_irq+0x90/0xe8
01-01 08:21:44.731 0 0 W : swrm_runtime_suspend+0x428/0x4d8 [swr_ctrl_dlkm]
01-01 08:21:44.731 0 0 W : pm_generic_runtime_suspend+0x24/0x38
01-01 08:21:44.731 0 0 W : __rpm_callback+0x124/0x228
01-01 08:21:44.731 0 0 W : rpm_suspend+0x464/0x818
01-01 08:21:44.731 0 0 W : pm_runtime_work+0x90/0xa0
01-01 08:21:44.731 0 0 W : process_one_work+0x278/0x440
01-01 08:21:44.731 0 0 W : worker_thread+0x260/0x4a8
01-01 08:21:44.731 0 0 W : kthread+0x140/0x150
01-01 08:21:44.731 0 0 W : ret_from_fork+0x10/0x18
01-01 08:21:44.731 0 0 W : ---[ end trace b1ab2191d5f790b9 ]---
01-01 08:21:44.738 1485 1574 I PackageWatchdog: Saving observer state to file
01-01 08:21:44.743 1485 1485 I SystemServerTiming: WaitForDisplay
01-01 08:21:44.743 1485 1485 I SystemServiceManager: Starting phase 100
01-01 08:21:44.743 1485 1485 I SystemServerTiming: OnBootPhase_100
01-01 08:21:44.743 1485 1485 I SystemServerTiming: OnBootPhase_100_com.android.server.security.FileIntegrityService
01-01 08:21:44.743 1485 1485 I SystemServerTiming: OnBootPhase_100_com.android.server.pm.Installer
01-01 08:21:44.743 1485 1485 I SystemServerTiming: OnBootPhase_100_com.android.server.os.DeviceIdentifiersPolicyService
01-01 08:21:44.743 1485 1485 I SystemServerTiming: OnBootPhase_100_com.android.server.uri.UriGrantsManagerService$Lifecycle
01-01 08:21:44.743 1485 1485 I SystemServerTiming: OnBootPhase_100_com.android.server.powerstats.PowerStatsService
01-01 08:21:44.743 1485 1485 I SystemServerTiming: OnBootPhase_100_com.android.server.wm.ActivityTaskManagerService$Lifecycle
01-01 08:21:44.743 1485 1485 I SystemServerTiming: OnBootPhase_100_com.android.server.am.ActivityManagerService$Lifecycle
01-01 08:21:44.743 1485 1485 I SystemServerTiming: OnBootPhase_100_com.android.server.pm.DataLoaderManagerService
01-01 08:21:44.743 1485 1485 I SystemServerTiming: OnBootPhase_100_com.android.server.power.PowerManagerService
01-01 08:21:44.743 1485 1485 I SystemServerTiming: OnBootPhase_100_com.android.server.power.ThermalManagerService
01-01 08:21:44.743 1485 1485 I SystemServerTiming: OnBootPhase_100_com.android.server.power.hint.HintManagerService
01-01 08:21:44.743 1485 1485 I SystemServerTiming: OnBootPhase_100_com.android.server.recoverysystem.RecoverySystemService$Lifecycle
01-01 08:21:44.743 1485 1485 I SystemServerTiming: OnBootPhase_100_com.android.server.lights.LightsService
01-01 08:21:44.743 1485 1485 I SystemServerTiming: OnBootPhase_100_com.android.server.display.DisplayManagerService
01-01 08:21:44.750 1485 1561 I DisplayDeviceRepository: Display device added: DisplayDeviceInfo{"内置屏幕": uniqueId="local:4630946370410392961", 2380 x 1020, modeId 1, defaultModeId 1, supportedModes [{id=1, width=2380, height=1020, fps=60.000004, alternativeRefreshRates=[]}], colorMode 0, supportedColorModes [0], hdrCapabilities HdrCapabilities{mSupportedHdrTypes=[2, 3, 4], mMaxLuminance=500.0, mMaxAverageLuminance=500.0, mMinLuminance=0.0}, allmSupported false, gameContentTypeSupported false, density 240, 319.851 x 319.851 dpi, appVsyncOff 1000000, presDeadline 16666666, touch INTERNAL, rotation 0, type INTERNAL, address {port=129, model=0x40446d3026322d}, deviceProductInfo DeviceProductInfo{name=, manufacturerPnpId=QCM, productId=1, modelYear=null, manufactureDate=ManufactureDate{week=27, year=2006}, connectionToSinkType=0}, state UNKNOWN, frameRateOverride , brightnessMinimum 0.0, brightnessMaximum 1.0, brightnessDefault 1.0, FLAG_DEFAULT_DISPLAY, FLAG_ROTATES_WITH_CONTENT, FLAG_SECURE, FLAG_SUPPORTS_PROTECTED_BUFFERS}
01-01 08:21:44.751 1485 1561 I LogicalDisplayMapper: Applying layout: [{addr: {port=129, model=0x40446d3026322d}, dispId: 0(ON)}], Previous layout: null
01-01 08:21:44.753 1485 1561 I LogicalDisplayMapper: Adding new display: 0: DisplayInfo{"内置屏幕", displayId 0", displayGroupId -1, FLAG_SECURE, FLAG_SUPPORTS_PROTECTED_BUFFERS, FLAG_TRUSTED, real 2380 x 1020, largest app 2380 x 1020, smallest app 2380 x 1020, appVsyncOff 1000000, presDeadline 16666666, mode 1, defaultMode 1, modes [{id=1, width=2380, height=1020, fps=60.000004, alternativeRefreshRates=[]}], hdrCapabilities HdrCapabilities{mSupportedHdrTypes=[2, 3, 4], mMaxLuminance=500.0, mMaxAverageLuminance=500.0, mMinLuminance=0.0}, userDisabledHdrTypes [], minimalPostProcessingSupported false, rotation 0, state UNKNOWN, type INTERNAL, uniqueId "local:4630946370410392961", app 2380 x 1020, density 240 (319.851 x 319.851) dpi, layerStack 0, colorMode 0, supportedColorModes [0], address {port=129, model=0x40446d3026322d}, deviceProductInfo DeviceProductInfo{name=, manufacturerPnpId=QCM, productId=1, modelYear=null, manufactureDate=ManufactureDate{week=27, year=2006}, connectionToSinkType=0}, removeMode 0, refreshRateOverride 0.0, brightnessMinimum 0.0, brightnessMaximum 1.0, brightnessDefault 1.0}
01-01 08:21:44.753 1485 1561 I LogicalDisplayMapper: Setting new display group 0 for display 0, from previous group: null
01-01 08:21:44.754 1485 1561 E DisplayDeviceConfig: requesting nits when no mapping exists.
01-01 08:21:44.758 1485 1561 E DisplayDeviceConfig: requesting nits when no mapping exists.
01-01 08:21:44.759 1485 1485 I SystemServerTiming: StartDomainVerificationService
01-01 08:21:44.759 1485 1561 I DisplayDeviceRepository: Display device changed state: "内置屏幕", ON
01-01 08:21:44.761 1485 1485 I SystemServerTiming: StartPackageManagerService
01-01 08:21:44.761 1485 1485 I Watchdog: Pausing HandlerChecker: main thread for reason: packagemanagermain. Pause count: 1
01-01 08:21:44.764 1485 1485 I PackageManagerTiming: create package manager
01-01 08:21:44.767 1485 1485 I PackageManagerTiming: readListOfPackagesToBeDisabled
01-01 08:21:44.767 1485 1485 D PackageManager: Disabling packages for wifi-only device, source: /vendor/etc/telephony_packages.xml
01-01 08:21:44.767 1485 1485 I PackageManagerTiming: createSubComponents
01-01 08:21:44.781 1485 1485 I PackageManagerTiming: addSharedUsers
01-01 08:21:44.783 1485 1485 I PackageManagerTiming: get system config
01-01 08:21:44.784 1485 1485 D PackageManager: Directories scanned as system partitions: [/system:0, /vendor:524288, /odm:4194304, /oem:262144, /product:1048576, /system_ext:2097152, /apex/com.android.vndk.v30:8388608, /apex/com.android.wifi:8388608, /apex/com.android.vndk.v31:8388608, /apex/com.android.tzdata:8388608, /apex/com.android.tethering:8388608, /apex/com.android.sdkext:8388608, /apex/com.android.scheduling:8388608, /apex/com.android.runtime:8388608, /apex/com.android.resolv:8388608, /apex/com.android.permission:8388608, /apex/com.android.os.statsd:8388608, /apex/com.android.neuralnetworks:8388608, /apex/com.android.mediaprovider:8388608, /apex/com.android.media.swcodec:8388608, /apex/com.android.media:8388608, /apex/com.android.ipsec:8388608, /apex/com.android.i18n:8388608, /apex/com.android.extservices:8388608, /apex/com.android.conscrypt:8388608, /apex/com.android.art:8388608, /apex/com.android.appsearch:8388608, /apex/com.android.adbd:8388608]
01-01 08:21:44.785 1485 1608 W ProcessCpuTracker: Failed to stat(/proc/1589): android.system.ErrnoException: stat failed: ENOENT (No such file or directory)
01-01 08:21:44.785 1485 1608 W ProcessCpuTracker: Skipping unknown process pid 1589
01-01 08:21:44.785 1485 1608 W ProcessCpuTracker: Failed to stat(/proc/1607): android.system.ErrnoException: stat failed: ENOENT (No such file or directory)
01-01 08:21:44.785 1485 1608 W ProcessCpuTracker: Skipping unknown process pid 1607
01-01 08:21:44.786 1485 1485 D SELinuxMMAC: Using policy file /system/etc/selinux/plat_mac_permissions.xml
01-01 08:21:44.787 1485 1485 D SELinuxMMAC: Using policy file /system_ext/etc/selinux/system_ext_mac_permissions.xml
01-01 08:21:44.788 1485 1485 D SELinuxMMAC: Using policy file /product/etc/selinux/product_mac_permissions.xml
01-01 08:21:44.788 1485 1485 D SELinuxMMAC: Using policy file /vendor/etc/selinux/vendor_mac_permissions.xml
01-01 08:21:44.789 1485 1485 D SELinuxMMAC: Using policy file /odm/etc/selinux/odm_mac_permissions.xml
01-01 08:21:44.789 1485 1485 I PackageManagerTiming: loadFallbacks
01-01 08:21:44.790 1485 1485 I PackageManagerTiming: read user settings
01-01 08:21:44.830 0 0 I IPv6 : ADDRCONF(NETDEV_UP): vlan11: link is not ready
01-01 08:21:44.840 1485 1485 W android.permission.PermissionManager: Missing ActivityManager; assuming 1000 holds android.permission.SET_PREFERRED_APPLICATIONS
01-01 08:21:44.841 1485 1485 W android.permission.PermissionManager: Missing ActivityManager; assuming 1000 holds android.permission.SET_PREFERRED_APPLICATIONS
01-01 08:21:44.841 1485 1485 W android.permission.PermissionManager: Missing ActivityManager; assuming 1000 holds android.permission.SET_PREFERRED_APPLICATIONS
01-01 08:21:44.841 1485 1485 W android.permission.PermissionManager: Missing ActivityManager; assuming 1000 holds android.permission.SET_PREFERRED_APPLICATIONS
01-01 08:21:44.841 1485 1485 W android.permission.PermissionManager: Missing ActivityManager; assuming 1000 holds android.permission.SET_PREFERRED_APPLICATIONS
01-01 08:21:44.841 1485 1485 W android.permission.PermissionManager: Missing ActivityManager; assuming 1000 holds android.permission.SET_PREFERRED_APPLICATIONS
01-01 08:21:44.841 1485 1485 W android.permission.PermissionManager: Missing ActivityManager; assuming 1000 holds android.permission.SET_PREFERRED_APPLICATIONS
01-01 08:21:44.841 1485 1485 W android.permission.PermissionManager: Missing ActivityManager; assuming 1000 holds android.permission.SET_PREFERRED_APPLICATIONS
01-01 08:21:44.841 1485 1485 W android.permission.PermissionManager: Missing ActivityManager; assuming 1000 holds android.permission.SET_PREFERRED_APPLICATIONS
01-01 08:21:44.842 1485 1485 W android.permission.PermissionManager: Missing ActivityManager; assuming 1000 holds android.permission.SET_PREFERRED_APPLICATIONS
01-01 08:21:44.842 1485 1485 W android.permission.PermissionManager: Missing ActivityManager; assuming 1000 holds android.permission.SET_PREFERRED_APPLICATIONS
01-01 08:21:44.842 1485 1485 W android.permission.PermissionManager: Missing ActivityManager; assuming 1000 holds android.permission.SET_PREFERRED_APPLICATIONS
01-01 08:21:44.842 1485 1485 W android.permission.PermissionManager: Missing ActivityManager; assuming 1000 holds android.permission.SET_PREFERRED_APPLICATIONS
01-01 08:21:44.842 1485 1485 W android.permission.PermissionManager: Missing ActivityManager; assuming 1000 holds android.permission.SET_PREFERRED_APPLICATIONS
01-01 08:21:44.842 1485 1485 W android.permission.PermissionManager: Missing ActivityManager; assuming 1000 holds android.permission.SET_PREFERRED_APPLICATIONS
01-01 08:21:44.842 1485 1485 W android.permission.PermissionManager: Missing ActivityManager; assuming 1000 holds android.permission.SET_PREFERRED_APPLICATIONS
01-01 08:21:44.842 1485 1485 W android.permission.PermissionManager: Missing ActivityManager; assuming 1000 holds android.permission.SET_PREFERRED_APPLICATIONS
01-01 08:21:44.842 1485 1485 W android.permission.PermissionManager: Missing ActivityManager; assuming 1000 holds android.permission.SET_PREFERRED_APPLICATIONS
01-01 08:21:44.842 1485 1485 W android.permission.PermissionManager: Missing ActivityManager; assuming 1000 holds android.permission.SET_PREFERRED_APPLICATIONS
01-01 08:21:44.842 1485 1485 W android.permission.PermissionManager: Missing ActivityManager; assuming 1000 holds android.permission.SET_PREFERRED_APPLICATIONS
01-01 08:21:44.843 1485 1485 W android.permission.PermissionManager: Missing ActivityManager; assuming 1000 holds android.permission.SET_PREFERRED_APPLICATIONS
01-01 08:21:44.843 1485 1485 W android.permission.PermissionManager: Missing ActivityManager; assuming 1000 holds android.permission.SET_PREFERRED_APPLICATIONS
01-01 08:21:44.843 1485 1485 W android.permission.PermissionManager: Missing ActivityManager; assuming 1000 holds android.permission.SET_PREFERRED_APPLICATIONS
01-01 08:21:44.844 1485 1485 W android.permission.PermissionManager: Missing ActivityManager; assuming 1000 holds android.permission.SET_PREFERRED_APPLICATIONS
01-01 08:21:44.845 1485 1485 W android.permission.PermissionManager: Missing ActivityManager; assuming 1000 holds android.permission.SET_PREFERRED_APPLICATIONS
01-01 08:21:44.845 1485 1485 W android.permission.PermissionManager: Missing ActivityManager; assuming 1000 holds android.permission.SET_PREFERRED_APPLICATIONS
01-01 08:21:44.845 1485 1485 W android.permission.PermissionManager: Missing ActivityManager; assuming 1000 holds android.permission.SET_PREFERRED_APPLICATIONS
01-01 08:21:44.845 1485 1485 W android.permission.PermissionManager: Missing ActivityManager; assuming 1000 holds android.permission.SET_PREFERRED_APPLICATIONS
01-01 08:21:44.845 1485 1485 W android.permission.PermissionManager: Missing ActivityManager; assuming 1000 holds android.permission.SET_PREFERRED_APPLICATIONS
01-01 08:21:44.845 1485 1485 W android.permission.PermissionManager: Missing ActivityManager; assuming 1000 holds android.permission.SET_PREFERRED_APPLICATIONS
01-01 08:21:44.846 1485 1485 W android.permission.PermissionManager: Missing ActivityManager; assuming 1000 holds android.permission.SET_PREFERRED_APPLICATIONS
01-01 08:21:44.846 1485 1485 W android.permission.PermissionManager: Missing ActivityManager; assuming 1000 holds android.permission.SET_PREFERRED_APPLICATIONS
01-01 08:21:44.846 1485 1485 W android.permission.PermissionManager: Missing ActivityManager; assuming 1000 holds android.permission.SET_PREFERRED_APPLICATIONS
01-01 08:21:44.846 1485 1485 W android.permission.PermissionManager: Missing ActivityManager; assuming 1000 holds android.permission.SET_PREFERRED_APPLICATIONS
01-01 08:21:44.846 1485 1485 W android.permission.PermissionManager: Missing ActivityManager; assuming 1000 holds android.permission.SET_PREFERRED_APPLICATIONS
01-01 08:21:44.846 1485 1485 W android.permission.PermissionManager: Missing ActivityManager; assuming 1000 holds android.permission.SET_PREFERRED_APPLICATIONS
01-01 08:21:44.846 1485 1485 W android.permission.PermissionManager: Missing ActivityManager; assuming 1000 holds android.permission.SET_PREFERRED_APPLICATIONS
01-01 08:21:44.847 1485 1485 W android.permission.PermissionManager: Missing ActivityManager; assuming 1000 holds android.permission.SET_PREFERRED_APPLICATIONS
01-01 08:21:44.847 1485 1485 W android.permission.PermissionManager: Missing ActivityManager; assuming 1000 holds android.permission.SET_PREFERRED_APPLICATIONS
01-01 08:21:44.847 1485 1485 W android.permission.PermissionManager: Missing ActivityManager; assuming 1000 holds android.permission.SET_PREFERRED_APPLICATIONS
01-01 08:21:44.847 1485 1485 W android.permission.PermissionManager: Missing ActivityManager; assuming 1000 holds android.permission.SET_PREFERRED_APPLICATIONS
01-01 08:21:44.847 1485 1485 W android.permission.PermissionManager: Missing ActivityManager; assuming 1000 holds android.permission.SET_PREFERRED_APPLICATIONS
01-01 08:21:44.847 1485 1485 W android.permission.PermissionManager: Missing ActivityManager; assuming 1000 holds android.permission.SET_PREFERRED_APPLICATIONS
01-01 08:21:44.848 1485 1485 W android.permission.PermissionManager: Missing ActivityManager; assuming 1000 holds android.permission.SET_PREFERRED_APPLICATIONS
01-01 08:21:44.848 1485 1485 W android.permission.PermissionManager: Missing ActivityManager; assuming 1000 holds android.permission.SET_PREFERRED_APPLICATIONS
01-01 08:21:44.848 1485 1485 W android.permission.PermissionManager: Missing ActivityManager; assuming 1000 holds android.permission.SET_PREFERRED_APPLICATIONS
01-01 08:21:44.848 1485 1485 W android.permission.PermissionManager: Missing ActivityManager; assuming 1000 holds android.permission.SET_PREFERRED_APPLICATIONS
01-01 08:21:44.848 1485 1485 W android.permission.PermissionManager: Missing ActivityManager; assuming 1000 holds android.permission.SET_PREFERRED_APPLICATIONS
01-01 08:21:44.848 1485 1485 W android.permission.PermissionManager: Missing ActivityManager; assuming 1000 holds android.permission.SET_PREFERRED_APPLICATIONS
01-01 08:21:44.848 1485 1485 W android.permission.PermissionManager: Missing ActivityManager; assuming 1000 holds android.permission.SET_PREFERRED_APPLICATIONS
01-01 08:21:44.848 1485 1485 W android.permission.PermissionManager: Missing ActivityManager; assuming 1000 holds android.permission.SET_PREFERRED_APPLICATIONS
01-01 08:21:44.849 1485 1485 W android.permission.PermissionManager: Missing ActivityManager; assuming 1000 holds android.permission.SET_PREFERRED_APPLICATIONS
01-01 08:21:44.849 1485 1485 W android.permission.PermissionManager: Missing ActivityManager; assuming 1000 holds android.permission.SET_PREFERRED_APPLICATIONS
01-01 08:21:44.849 1485 1485 W android.permission.PermissionManager: Missing ActivityManager; assuming 1000 holds android.permission.SET_PREFERRED_APPLICATIONS
01-01 08:21:44.849 1485 1485 W android.permission.PermissionManager: Missing ActivityManager; assuming 1000 holds android.permission.SET_PREFERRED_APPLICATIONS
01-01 08:21:44.849 1485 1485 W android.permission.PermissionManager: Missing ActivityManager; assuming 1000 holds android.permission.SET_PREFERRED_APPLICATIONS
01-01 08:21:44.849 1485 1485 W android.permission.PermissionManager: Missing ActivityManager; assuming 1000 holds android.permission.SET_PREFERRED_APPLICATIONS
01-01 08:21:44.849 1485 1485 W android.permission.PermissionManager: Missing ActivityManager; assuming 1000 holds android.permission.SET_PREFERRED_APPLICATIONS
01-01 08:21:44.849 1485 1485 W android.permission.PermissionManager: Missing ActivityManager; assuming 1000 holds android.permission.SET_PREFERRED_APPLICATIONS
01-01 08:21:44.849 1485 1485 W android.permission.PermissionManager: Missing ActivityManager; assuming 1000 holds android.permission.SET_PREFERRED_APPLICATIONS
01-01 08:21:44.849 1485 1485 W android.permission.PermissionManager: Missing ActivityManager; assuming 1000 holds android.permission.SET_PREFERRED_APPLICATIONS
01-01 08:21:44.849 1485 1485 W android.permission.PermissionManager: Missing ActivityManager; assuming 1000 holds android.permission.SET_PREFERRED_APPLICATIONS
01-01 08:21:44.849 1485 1485 W android.permission.PermissionManager: Missing ActivityManager; assuming 1000 holds android.permission.SET_PREFERRED_APPLICATIONS
01-01 08:21:44.850 1485 1485 W android.permission.PermissionManager: Missing ActivityManager; assuming 1000 holds android.permission.SET_PREFERRED_APPLICATIONS
01-01 08:21:44.850 1485 1485 W android.permission.PermissionManager: Missing ActivityManager; assuming 1000 holds android.permission.SET_PREFERRED_APPLICATIONS
01-01 08:21:44.850 1485 1485 W android.permission.PermissionManager: Missing ActivityManager; assuming 1000 holds android.permission.SET_PREFERRED_APPLICATIONS
01-01 08:21:44.850 1485 1485 W android.permission.PermissionManager: Missing ActivityManager; assuming 1000 holds android.permission.SET_PREFERRED_APPLICATIONS
01-01 08:21:44.851 1485 1485 W android.permission.PermissionManager: Missing ActivityManager; assuming 1000 holds android.permission.SET_PREFERRED_APPLICATIONS
01-01 08:21:44.851 0 0 I init : Service 'ethernet' (pid 1211) exited with status 1 oneshot service took 1.435000 seconds in background
01-01 08:21:44.851 0 0 I init : Sending signal 9 to service 'ethernet' (pid 1211) process group...
01-01 08:21:44.851 0 0 I libprocessgroup: Successfully killed process cgroup uid 0 pid 1211 in 0ms
01-01 08:21:44.852 1485 1485 W android.permission.PermissionManager: Missing ActivityManager; assuming 1000 holds android.permission.SET_PREFERRED_APPLICATIONS
01-01 08:21:44.852 1485 1485 W android.permission.PermissionManager: Missing ActivityManager; assuming 1000 holds android.permission.SET_PREFERRED_APPLICATIONS
01-01 08:21:44.852 1485 1485 W android.permission.PermissionManager: Missing ActivityManager; assuming 1000 holds android.permission.SET_PREFERRED_APPLICATIONS
01-01 08:21:44.852 1485 1485 W android.permission.PermissionManager: Missing ActivityManager; assuming 1000 holds android.permission.SET_PREFERRED_APPLICATIONS
01-01 08:21:44.852 1485 1485 W android.permission.PermissionManager: Missing ActivityManager; assuming 1000 holds android.permission.SET_PREFERRED_APPLICATIONS
01-01 08:21:44.852 1485 1485 W android.permission.PermissionManager: Missing ActivityManager; assuming 1000 holds android.permission.SET_PREFERRED_APPLICATIONS
01-01 08:21:44.852 1485 1485 W android.permission.PermissionManager: Missing ActivityManager; assuming 1000 holds android.permission.SET_PREFERRED_APPLICATIONS
01-01 08:21:44.853 1485 1485 W android.permission.PermissionManager: Missing ActivityManager; assuming 1000 holds android.permission.SET_PREFERRED_APPLICATIONS
01-01 08:21:44.853 1485 1485 W android.permission.PermissionManager: Missing ActivityManager; assuming 1000 holds android.permission.SET_PREFERRED_APPLICATIONS
01-01 08:21:44.853 1485 1485 W android.permission.PermissionManager: Missing ActivityManager; assuming 1000 holds android.permission.SET_PREFERRED_APPLICATIONS
01-01 08:21:44.853 1485 1485 W android.permission.PermissionManager: Missing ActivityManager; assuming 1000 holds android.permission.SET_PREFERRED_APPLICATIONS
01-01 08:21:44.853 1485 1485 W android.permission.PermissionManager: Missing ActivityManager; assuming 1000 holds android.permission.SET_PREFERRED_APPLICATIONS
01-01 08:21:44.853 1485 1485 W android.permission.PermissionManager: Missing ActivityManager; assuming 1000 holds android.permission.SET_PREFERRED_APPLICATIONS
01-01 08:21:44.854 1485 1485 W android.permission.PermissionManager: Missing ActivityManager; assuming 1000 holds android.permission.SET_PREFERRED_APPLICATIONS
01-01 08:21:44.854 1485 1485 W android.permission.PermissionManager: Missing ActivityManager; assuming 1000 holds android.permission.SET_PREFERRED_APPLICATIONS
01-01 08:21:44.854 1485 1485 W android.permission.PermissionManager: Missing ActivityManager; assuming 1000 holds android.permission.SET_PREFERRED_APPLICATIONS
01-01 08:21:44.854 1485 1485 W android.permission.PermissionManager: Missing ActivityManager; assuming 1000 holds android.permission.SET_PREFERRED_APPLICATIONS
01-01 08:21:44.854 1485 1485 W android.permission.PermissionManager: Missing ActivityManager; assuming 1000 holds android.permission.SET_PREFERRED_APPLICATIONS
01-01 08:21:44.855 1485 1485 W android.permission.PermissionManager: Missing ActivityManager; assuming 1000 holds android.permission.SET_PREFERRED_APPLICATIONS
01-01 08:21:44.855 1485 1485 W android.permission.PermissionManager: Missing ActivityManager; assuming 1000 holds android.permission.SET_PREFERRED_APPLICATIONS
01-01 08:21:44.855 1485 1485 W android.permission.PermissionManager: Missing ActivityManager; assuming 1000 holds android.permission.SET_PREFERRED_APPLICATIONS
01-01 08:21:44.855 1485 1485 W android.permission.PermissionManager: Missing ActivityManager; assuming 1000 holds android.permission.SET_PREFERRED_APPLICATIONS
01-01 08:21:44.855 1485 1485 W android.permission.PermissionManager: Missing ActivityManager; assuming 1000 holds android.permission.SET_PREFERRED_APPLICATIONS
