12-14 03:23:16.070 1485 1485 D GameModeIF_GameModeSettings: getUriFor setting_content_uri_root = content://com.thundercomm.gamemode.api/gamemode_settings , name = gamemode_isgaming
12-14 03:23:16.073 3766 3766 D GameMode_GameModeService: updateGlobalSettings = gamemode_isgaming
12-14 03:23:16.074 1485 1485 I GameModeConfig: isGameModeOn = false
12-14 03:23:16.074 1485 1485 I GameModeConfig: isGameModeOn = false
12-14 03:23:16.074 1485 1485 I GameModeConfig: isDisableVoice = true
12-14 03:23:16.075 3766 3786 D GameModeIF_GameModeSettings: gamemode_isgaming set to 0
12-14 03:23:16.086 2519 2519 D EditModeHelper: setHotseatVisibility: 0
12-14 03:23:16.108 1994 2016 W System : A resource failed to call close.
12-14 03:23:16.109 1994 2016 W System : A resource failed to call close.
12-14 03:23:16.109 1994 2016 W System : A resource failed to call close.
12-14 03:23:16.109 1994 2016 W System : A resource failed to call release.
12-14 03:23:16.110 1395 3862 D LOWI-9.0.0.87.a: [LOWI-Scan] wait_event:Wait done with Cmd 103
12-14 03:23:16.110 1395 3862 D LOWI-9.0.0.87.a: [LOWI-Scan] do_listen_events: Rcvd valid Netlink Cmd 0 Err 0
12-14 03:23:16.110 824 3634 I WifiHAL : event received NL80211_CMD_VENDOR, vendor_id = 0x1374, subcmd = 0xbc
12-14 03:23:16.110 1290 1290 I cnss-daemon: nl80211 response handler invoked
12-14 03:23:16.110 1290 1290 I cnss-daemon: nl80211_response_handler: cmd 103, vendorID 4980, subcmd 188 received
12-14 03:23:16.115 1395 1425 D LOWI-9.0.0.87.a: [LOWINetlinkSocketReceiver] unpackRTMLinkMessage: RTM_NEWLINK - ifname wlan0, flags 0x1043 ([UP][RUNNING])
12-14 03:23:16.115 1395 1425 D LOWI-9.0.0.87.a: [LOWINetlinkSocketReceiver] processNetlinkPacket: ifname(wlan0) status(2)
12-14 03:23:16.115 1395 1425 D LOWI-9.0.0.87.a: [LOWIController] intfStateReceived: ifname(wlan0) state(2)
12-14 03:23:16.115 1395 1427 D LOWI-9.0.0.87.a: [LOWIEventReceiver] handleEvent:FROM:NA, TO:NA, REQ:NA, IREQ:NA, REQ_ID:0, RESP:NA, INFO:INTF-STATUS-UPDATE
12-14 03:23:16.115 1395 1427 D LOWI-9.0.0.87.a: [LOWIEventReceiver] Info to [INTF-STATUS-UPDATE]
12-14 03:23:16.115 1395 1427 D LOWI-9.0.0.87.a: [LOWIController] updateIntfState: WIFI enabled 2 mNlWifiStatus 2 mWifiStateEnabled 1
12-14 03:23:16.115 1395 1427 D LOWI-9.0.0.87.a: [LOWIController] isWifiEnabled: mNlWifiStatus 2 mWifiStateEnabled 1
12-14 03:23:16.116 1485 1558 I EthernetTracker: interfaceLinkStateChanged, iface: wlan0, up: false
01-01 08:22:39.701 0 0 W [schedu][0x4cd84f9b][03:23:16.140683] wlan: [3588:W:PE] lim_process_action_frame_no_session: 2310: Unhandled action frame without session: 3
01-01 08:22:39.701 0 0 W [schedu][0x4cd853cb][03:23:16.140738] wlan: [3588:W:PE] lim_process_action_frame_no_session: 2310: Unhandled action frame without session: 3
01-01 08:22:39.701 0 0 W [schedu][0x4cd85680][03:23:16.140775] wlan: [3588:W:PE] lim_process_action_frame_no_session: 2310: Unhandled action frame without session: 3
01-01 08:22:39.701 0 0 W [schedu][0x4cd859b5][03:23:16.140817] wlan: [3588:W:PE] lim_process_action_frame_no_session: 2310: Unhandled action frame without session: 3
01-01 08:22:39.702 0 0 I [schedu][0x4cd896b7][03:23:16.141631] wlan: [3588:I:HDD] wlan0(vdevid-0): disconnected
01-01 08:22:39.702 0 0 I [schedu][0x4cd897a0][03:23:16.141643] wlan: [3588:I:DP] dp_tx_flow_pool_unmap_handler: flow_id 0 flow_type 0 flow_pool_id 0
01-01 08:22:39.704 0 0 I [wpa_su][0x4cd905e0][03:23:16.143113] wlan: [3645:I:HDD] Disconnect reason: 3 WLAN_REASON_DEAUTH_LEAVING vendor: 0 LG: 1
12-14 03:23:16.142 824 3634 I WifiHAL : send oem msg of len : 140 to apps
12-14 03:23:16.142 1395 3863 D LOWI-9.0.0.87.a: [LOWI-ROME-RTT] event_handler: Valid data with length 108
12-14 03:23:16.142 1395 3863 D LOWI-9.0.0.87.a: [LOWI-HELIUM-RTT] RomeNLRecvMessage: The Received RomeMsgType: ROME_P2P_PEER_EVENT_MSG
12-14 03:23:16.142 1395 3863 D LOWI-9.0.0.87.a: [LOWIRangingFSM] FSM: Received Event EVENT_P2P_STATUS_UPDATE, Current state: STATE_READY_AND_IDLE
12-14 03:23:16.142 1395 3863 D LOWI-9.0.0.87.a: [LOWI-ROME-RTT] RomeExtractP2PInfo - P2P EVENT Received!
12-14 03:23:16.142 1395 3863 D LOWI-9.0.0.87.a: [LOWI-ROME-RTT] ExtractNLP2PInfo: Entered
12-14 03:23:16.142 1395 3863 D LOWI-9.0.0.87.a: [LOWI-P2P-RTT] p2pStoreStatusInfo: Peer status = PEER_STATUS_DISCONNECTED Mac:6c:b1:58:0f:7d:39
12-14 03:23:16.142 1395 3863 D LOWI-9.0.0.87.a: [LOWIRangingFSM] FSM: New FSM state: STATE_READY_AND_IDLE
12-14 03:23:16.142 1395 3863 D LOWI-9.0.0.87.a: [LOWI-ROME-RTT] RomeWaitOnActivityOnSocketOrPipe: issue blocking select
12-14 03:23:16.143 3766 3855 I GameMode_ActivityMonitoringService: onTaskStackChanged
12-14 03:23:16.143 3645 3645 I wpa_supplicant: wlan0: CTRL-EVENT-DISCONNECTED bssid=6c:b1:58:0f:7d:39 reason=3 locally_generated=1
12-14 03:23:16.143 1395 1425 D LOWI-9.0.0.87.a: [LOWINetlinkSocketReceiver] unpackRTMLinkMessage: RTM_NEWLINK - ifname wlan0, flags 0x1003 ([UP])
12-14 03:23:16.143 1395 1425 D LOWI-9.0.0.87.a: [LOWINetlinkSocketReceiver] processNetlinkPacket: ifname(wlan0) status(1)
12-14 03:23:16.143 1395 1425 D LOWI-9.0.0.87.a: [LOWIController] intfStateReceived: ifname(wlan0) state(1)
12-14 03:23:16.143 1395 1427 D LOWI-9.0.0.87.a: [LOWIEventReceiver] handleEvent:FROM:NA, TO:NA, REQ:NA, IREQ:NA, REQ_ID:0, RESP:NA, INFO:INTF-STATUS-UPDATE
12-14 03:23:16.143 1395 1427 D LOWI-9.0.0.87.a: [LOWIEventReceiver] Info to [INTF-STATUS-UPDATE]
12-14 03:23:16.143 1395 1427 D LOWI-9.0.0.87.a: [LOWIController] updateIntfState: WIFI enabled 1 mNlWifiStatus 2 mWifiStateEnabled 1
12-14 03:23:16.143 1395 1427 D LOWI-9.0.0.87.a: [LOWIController] isWifiEnabled: mNlWifiStatus 1 mWifiStateEnabled 1
12-14 03:23:16.144 1485 1558 I EthernetTracker: interfaceLinkStateChanged, iface: wlan0, up: false
12-14 03:23:16.147 3766 3786 I GameMode_ActivityMonitoringService: Updating top task to: TaskInfoContainer [topActivity=ComponentInfo{com.android.launcher3/com.android.launcher3.uioverrides.QuickstepLauncher}, taskId=12, stackId=1, userId=0, displayId=0, position=6
12-14 03:23:16.147 3766 3786 I GameMode_ActivityMonitoringService: Notifying about top task: TaskInfoContainer [topActivity=ComponentInfo{com.android.launcher3/com.android.launcher3.uioverrides.QuickstepLauncher}, taskId=12, stackId=1, userId=0, displayId=0, position=6
12-14 03:23:16.147 3766 3786 E GameMode_ActivityMonitoringService: onActivityLaunch:com.android.launcher3
12-14 03:23:16.147 3766 3786 V GameMode_GameTypeUtils: judge isGame:com.android.launcher3
12-14 03:23:16.148 3766 3786 V GameMode_GpuUtils: fps:60
12-14 03:23:16.149 3766 3786 D GameMode_GameModeActionUtils: Show GameMode entry by service!
12-14 03:23:16.149 3766 3786 W ContextImpl: Calling a method in the system process without a qualified user: android.app.ContextImpl.startService:1816 android.content.ContextWrapper.startService:774 com.thundercomm.gamemode.ingame.services.GameModeActionUtils.startGameModeService:99 com.thundercomm.gamemode.ingame.services.GameModeActionUtils.startGameModeEntry:22 com.thundercomm.gamemode.ingame.services.ActivityMonitoringService$1.onActivityLaunch:127
12-14 03:23:16.151 1395 3862 D LOWI-9.0.0.87.a: [LOWI-Scan] wait_event:Wait done with Cmd 33
12-14 03:23:16.151 1395 3862 D LOWI-9.0.0.87.a: [LOWI-Scan] do_listen_events: Rcvd valid Netlink Cmd 0 Err 0
12-14 03:23:16.153 3766 3786 D GameModeIF_GameModeSettings: getUriFor setting_content_uri_root = content://com.thundercomm.gamemode.api/gamemode_settings , name = gamemode_isgaming
12-14 03:23:16.154 1485 1846 E WifiConfigManager: Cannot find network with networkId 0
12-14 03:23:16.155 3766 3766 D GameMode_GameModeService: type=hide_entry
12-14 03:23:16.155 1485 1846 W LastMileLogger: Failed to read event trace: /sys/kernel/debug/tracing/instances/wifi/trace
12-14 03:23:16.155 1485 1485 I GameModeConfig: Current uri is uri = content://com.thundercomm.gamemode.api/gamemode_settings/gamemode_isgaming
12-14 03:23:16.156 1485 1485 D GameModeIF_GameModeSettings: getUriFor setting_content_uri_root = content://com.thundercomm.gamemode.api/gamemode_settings , name = gamemode_isgaming
12-14 03:23:16.156 1485 1846 E WifiConfigManager: Cannot find network with networkId 0
12-14 03:23:16.156 3766 3786 D GameModeIF_GameModeSettings: gamemode_isgaming set to 0
12-14 03:23:16.156 1485 1846 E WifiConfigManager: Cannot find network with networkId 0
12-14 03:23:16.156 1485 1846 E WifiVendorHal: stopRssiMonitoring(l.2617) failed {.code = ERROR_NOT_AVAILABLE, .description = }
01-01 08:22:39.725 0 0 I [schedu][0x4cdf5f3e][03:23:16.164784] wlan: [3588:I:OSIF] vdev 0, scan id 40965 type COMPLETED(1) reason CANCELLED(2) scan found 0 bss
12-14 03:23:16.157 1485 1485 I GameModeConfig: isGameModeOn = false
12-14 03:23:16.158 1485 1485 I GameModeConfig: isGameModeOn = false
12-14 03:23:16.158 1485 1485 I GameModeConfig: isDisableVoice = true
12-14 03:23:16.158 1485 1846 E WifiConfigManager: Cannot find network with networkId 0
12-14 03:23:16.158 1485 1898 D ConnectivityService: [101 WIFI] EVENT_NETWORK_INFO_CHANGED, going from CONNECTED to DISCONNECTED
12-14 03:23:16.158 1485 1898 D ConnectivityService: [101 WIFI] disconnected, was satisfying 9
12-14 03:23:16.159 2105 2105 D MicroSettings: SettingMicroservices: WifiReceiver:
12-14 03:23:16.159 2105 2105 D MicroSettings: SettingMicroservices: WifiReceiver NetworkInfo.State.DISCONNECTED.
12-14 03:23:16.159 2105 2105 D MicroSettings: SettingMicroservices: doNetworkSync: mIDCMNetworkState: -1 mIsFSEMNetworkWiFi: false
12-14 03:23:16.159 2105 2105 D MicroSettings: SettingMicroservices: Change Network Preference to TYPE_ETHERNET.
12-14 03:23:16.159 1485 1846 D WifiClientModeImpl[wlan0]: ClientModeImpl: Leaving Connected state
12-14 03:23:16.159 2046 3705 D DhcpClient: doQuit
12-14 03:23:16.160 1485 1846 D WifiCountryCode: evaluateAllCmmStateAndApplyIfAllReady: {ConcreteClientModeManager{id=12144 iface=wlan0 role=ROLE_CLIENT_PRIMARY}=true}
12-14 03:23:16.160 1485 1846 D WifiCountryCode: Reading country code from telephony
12-14 03:23:16.160 3766 3766 D GameMode_GameSettingsObserver: Game Data change!!!! uri = content://com.thundercomm.gamemode.api/gamemode_settings/gamemode_isgaming
12-14 03:23:16.160 3766 3766 D GameModeIF_GameModeSettings: getUriFor setting_content_uri_root = content://com.thundercomm.gamemode.api/gamemode_settings , name = gamemode_isgaming
12-14 03:23:16.162 2046 3705 D ApfFilter: (wlan0): shutting down
12-14 03:23:16.162 1485 1846 D WifiCountryCode: Set telephony country code to:
12-14 03:23:16.162 1485 1846 D WifiCountryCode: updateCountryCode to null
12-14 03:23:16.163 1485 1898 W BestClock: java.time.DateTimeException: Missing NTP fix
12-14 03:23:16.166 3766 3766 D GameMode_GameModeService: updateGlobalSettings = gamemode_isgaming
12-14 03:23:16.178 1485 1898 W BestClock: java.time.DateTimeException: Missing NTP fix
12-14 03:23:16.179 1485 1558 I GnssNetworkConnectivityHandler: Network connection lost. Available networks count: 1
12-14 03:23:16.180 1485 1822 W BestClock: java.time.DateTimeException: Missing NTP fix
12-14 03:23:16.180 1485 1558 I GnssNetworkConnectivityHandler: updateNetworkState, state=CLOSED, connected=false, network=101, capabilities=[ Transports: WIFI Capabilities: NOT_METERED&INTERNET&NOT_RESTRICTED&TRUSTED&NOT_VPN&VALIDATED&NOT_ROAMING&FOREGROUND&NOT_CONGESTED&NOT_SUSPENDED&NOT_VCN_MANAGED LinkUpBandwidth>=12000Kbps LinkDnBandwidth>=30000Kbps TransportInfo: , BSSID: 02:00:00:00:00:00, MAC: 02:00:00:00:00:00, Security type: 2, Supplicant state: COMPLETED, HE Eight Max VHT Spatial Streams Supported AP: false, Eight Max VHT Spatial streams support: false, Wi-Fi standard: 4, RSSI: -4, Link speed: 150Mbps, Tx Link speed: 150Mbps, Max Supported Tx Link speed: 150Mbps, Rx Link speed: 150Mbps, Max Supported Rx Link speed: 150Mbps, Frequency: 2462MHz, Net ID: -1, Metered hint: false, score: 60, CarrierMerged: false, SubscriptionId: -1, IsPrimary: 1> SignalStrength: -4 SSID: "TP-LINK_Figure_6d0405"], availableNetworkCount: 1
12-14 03:23:16.180 1485 1898 D ConnectivityService: NetReassign [no changes]
12-14 03:23:16.181 1485 1822 W BestClock: java.time.DateTimeException: Missing NTP fix
01-01 08:22:39.886 0 0 I [schedu][0x4d0e4e44][03:23:16.324985] wlan: [3588:I:HIF] Deinitializing Runtime PM wakelock &vdev->vdev_set_key_runtime_wakelock
01-01 08:22:39.887 0 0 I [schedu][0x4d0ebac3][03:23:16.326432] wlan: [3588:I:HIF] Initializing Runtime PM wakelock &vdev->vdev_set_key_runtime_wakelock
12-14 03:23:16.328 1395 1425 D LOWI-9.0.0.87.a: [LOWINetlinkSocketReceiver] unpackRTMLinkMessage: RTM_NEWLINK - ifname wlan0, flags 0x1002 ()
12-14 03:23:16.328 1395 1425 D LOWI-9.0.0.87.a: [LOWINetlinkSocketReceiver] processNetlinkPacket: ifname(wlan0) status(0)
12-14 03:23:16.328 1395 1425 D LOWI-9.0.0.87.a: [LOWIController] intfStateReceived: ifname(wlan0) state(0)
12-14 03:23:16.328 1395 1427 D LOWI-9.0.0.87.a: [LOWIEventReceiver] handleEvent:FROM:NA, TO:NA, REQ:NA, IREQ:NA, REQ_ID:0, RESP:NA, INFO:INTF-STATUS-UPDATE
12-14 03:23:16.328 1395 1427 D LOWI-9.0.0.87.a: [LOWIEventReceiver] Info to [INTF-STATUS-UPDATE]
12-14 03:23:16.328 1395 1427 D LOWI-9.0.0.87.a: [LOWIController] updateIntfState: WIFI enabled 0 mNlWifiStatus 1 mWifiStateEnabled 1
12-14 03:23:16.328 1395 1427 D LOWI-9.0.0.87.a: [LOWIController] isWifiEnabled: mNlWifiStatus 0 mWifiStateEnabled 1
12-14 03:23:16.328 1395 1427 I LOWI-9.0.0.87.a: [LOWIController] isWifiEnabled: Wifi is now disabled
12-14 03:23:16.328 1395 1427 D LOWI-9.0.0.87.a: [LOWIController] terminateScanResultReceiver
12-14 03:23:16.328 1395 3862 D LOWI-9.0.0.87.a: [LOWI-Scan] wips_wait_on_nl_socket: read returned 6, Received string: Close
12-14 03:23:16.328 1395 3862 D LOWI-9.0.0.87.a: [LOWI-Scan] do_listen_events: Select Error return - -301
12-14 03:23:16.328 1395 3862 D LOWI-9.0.0.87.a: [LOWI-Scan] No dump done. Error -301
12-14 03:23:16.328 1395 3862 D LOWI-9.0.0.87.a: [LOWI-Scan] WipsScanUsingNL: passive scan cached 0, took 504 ms, err -301
12-14 03:23:16.328 1395 3862 D LOWI-9.0.0.87.a: [LOWI-Scan] lowi_proc_req_passive_scan_with_live_meas - No WLAN Frames to be parsed
12-14 03:23:16.328 1395 3862 D LOWI-9.0.0.87.a: [LOWIWifiDriverInterface] Scan terminated for passive listening request
12-14 03:23:16.328 1395 3862 I LOWI-9.0.0.87.a: [LOWIScanResultReceiver] Thread terminate was requested
12-14 03:23:16.331 1395 3862 D LOWI-9.0.0.87.a: [LOWI-Scan] Closing the pipe
12-14 03:23:16.331 1395 1427 D LOWI-9.0.0.87.a: [LOWIScanResultReceiver] After join complete
12-14 03:23:16.331 1395 1427 D LOWI-9.0.0.87.a: [LOWI-ROME-RTT] RomeUnblockRangingThread
12-14 03:23:16.331 1395 3863 D LOWI-9.0.0.87.a: [LOWI-ROME-RTT] RomeWaitOnActivityOnSocketOrPipe: Ranging thread Received string: Close, request socket shutdown
12-14 03:23:16.331 1395 3863 D LOWI-9.0.0.87.a: [LOWIRangingFSM] FSM: Received Terminate Thread request from Controller
12-14 03:23:16.331 1395 3863 I LOWI-9.0.0.87.a: [LOWIScanResultReceiver] Thread terminate was requested
12-14 03:23:16.331 1395 3863 D LOWI-9.0.0.87.a: [LOWI-ROME-RTT] Closing the Ranging pipe
12-14 03:23:16.331 1395 1427 D LOWI-9.0.0.87.a: [LOWIScanResultReceiver] After join complete
12-14 03:23:16.332 1395 1427 D LOWI-9.0.0.87.a: [LOWIController] terminateWifiDriver
12-14 03:23:16.332 1395 1427 I CLD80211: lowi-server: Sent msg on exit sock to unblock poll()
12-14 03:23:16.334 1485 1558 I EthernetTracker: interfaceLinkStateChanged, iface: wlan0, up: false
12-14 03:23:16.345 1395 1425 D LOWI-9.0.0.87.a: [LOWINetlinkSocketReceiver] unpackRTMLinkMessage: RTM_NEWLINK - ifname wlan0, flags 0x1002 ()
12-14 03:23:16.345 1395 1425 D LOWI-9.0.0.87.a: [LOWINetlinkSocketReceiver] processNetlinkPacket: ifname(wlan0) status(0)
12-14 03:23:16.345 1395 1425 D LOWI-9.0.0.87.a: [LOWIController] intfStateReceived: ifname(wlan0) state(0)
12-14 03:23:16.345 1395 1427 D LOWI-9.0.0.87.a: [LOWIEventReceiver] handleEvent:FROM:NA, TO:NA, REQ:NA, IREQ:NA, REQ_ID:0, RESP:NA, INFO:INTF-STATUS-UPDATE
12-14 03:23:16.345 1395 1427 D LOWI-9.0.0.87.a: [LOWIEventReceiver] Info to [INTF-STATUS-UPDATE]
12-14 03:23:16.345 1395 1427 D LOWI-9.0.0.87.a: [LOWIController] updateIntfState: WIFI enabled 0 mNlWifiStatus 0 mWifiStateEnabled 0
12-14 03:23:16.345 1395 1427 D LOWI-9.0.0.87.a: [LOWIController] isWifiEnabled: mNlWifiStatus 0 mWifiStateEnabled 0
12-14 03:23:16.346 1197 1197 W wificond: Scan aborted
12-14 03:23:16.347 1485 3199 D WifiNl80211Manager: Scan failed event
12-14 03:23:16.347 1485 3199 D WifiNative: Scan failed event
12-14 03:23:16.348 1485 1876 W WificondScannerImpl: Scan failed
12-14 03:23:16.350 824 824 D android.hardware.wifi@1.0-service: Successfully SetMacAddress.
01-01 08:22:39.914 0 0 I [wifi@1][0x4d16954a][03:23:16.353238] wlan: [824:I:DP] dp_vdev_attach_wifi3: wlan_cfg_ap_bridge_enabled 0
12-14 03:23:16.357 1395 1425 D LOWI-9.0.0.87.a: [LOWINetlinkSocketReceiver] unpackRTMLinkMessage: RTM_NEWLINK - ifname wlan0, flags 0x1003 ([UP])
12-14 03:23:16.357 1395 1425 D LOWI-9.0.0.87.a: [LOWINetlinkSocketReceiver] processNetlinkPacket: ifname(wlan0) status(1)
12-14 03:23:16.357 1395 1425 D LOWI-9.0.0.87.a: [LOWIController] intfStateReceived: ifname(wlan0) state(1)
12-14 03:23:16.357 1395 1427 D LOWI-9.0.0.87.a: [LOWIEventReceiver] handleEvent:FROM:NA, TO:NA, REQ:NA, IREQ:NA, REQ_ID:0, RESP:NA, INFO:INTF-STATUS-UPDATE
12-14 03:23:16.357 1395 1427 D LOWI-9.0.0.87.a: [LOWIEventReceiver] Info to [INTF-STATUS-UPDATE]
12-14 03:23:16.357 1395 1427 D LOWI-9.0.0.87.a: [LOWIController] updateIntfState: WIFI enabled 1 mNlWifiStatus 0 mWifiStateEnabled 0
12-14 03:23:16.357 1395 1427 D LOWI-9.0.0.87.a: [LOWIController] isWifiEnabled: mNlWifiStatus 1 mWifiStateEnabled 0
12-14 03:23:16.357 1395 1427 I LOWI-9.0.0.87.a: [LOWIController] isWifiEnabled: Wifi is now enabled
12-14 03:23:16.357 1395 1427 D LOWI-9.0.0.87.a: [LOWIController] terminateScanResultReceiver
01-01 08:22:39.920 0 0 I IPv6 : ADDRCONF(NETDEV_UP): wlan0: link is not ready
12-14 03:23:16.360 1485 1846 I WifiClientModeImpl[wlan0]: disconnectedstate enter
12-14 03:23:16.361 1485 1846 E WifiScoringParams: Invalid frequency(-1), using 5G as default rssi array
12-14 03:23:16.363 1290 1290 I cnss-daemon: Ready to update GW parameters
12-14 03:23:16.363 1290 1290 E cnss-daemon: Invalid mac address
12-14 03:23:16.363 1290 1290 E cnss-daemon: failed to update gateway
01-01 08:22:39.924 0 0 W cnss-daemon: Invalid mac address
01-01 08:22:39.924 0 0 W cnss-daemon: failed to update gateway
12-14 03:23:16.364 1395 1427 D LOWI-9.0.0.87.a: [LOWIWpaInterface] OpenCtrl]61 Success for mCtrl
12-14 03:23:16.364 1395 1427 D LOWI-9.0.0.87.a: [LOWI-Scan] nl80211_init:SUCCESS
12-14 03:23:16.364 1395 1427 D LOWI-9.0.0.87.a: [LOWI-Scan] nl_get_wiphy_info, done err = 0
12-14 03:23:16.364 1395 1427 I LOWI-9.0.0.87.a: [LOWI-Scan] WipsGetSupportedChannels: return err = 0 num_2g_ch = 13 num_5g_ch = 13 num_6g_ch = 0
12-14 03:23:16.364 1395 1427 I LOWI-9.0.0.87.a: [LOWIWifiDriverUtils] set the band mask from wiphy 3
12-14 03:23:16.364 1395 1427 D LOWI-9.0.0.87.a: [LOWIWifiDriverUtils] getWiFiIdentityFromIoctl: ioctl(GET_MAC_ADDR) return: 0, Mac = fa:9c:1d:bd:2b:c1
12-14 03:23:16.366 1395 1427 I LOWI-9.0.0.87.a: [LOWI-ROME-RTT] RomeWipsOpen: libCld80211 found, load the symbols..
12-14 03:23:16.366 1485 1558 I EthernetTracker: interfaceLinkStateChanged, iface: wlan0, up: false
12-14 03:23:16.366 1395 1427 I CLD80211: lowi-server: initialized exit socket pair
12-14 03:23:16.366 1395 1427 D LOWI-9.0.0.87.a: [LOWI-ROME-RTT] cld80211InitAndRegister: Init and Registration done
12-14 03:23:16.366 1485 1558 I EthernetTracker: interfaceLinkStateChanged, iface: wlan0, up: false
12-14 03:23:16.368 1485 1846 D WifiNetworkAgent: NetworkAgent: NetworkAgent channel lost
12-14 03:23:16.367 1395 1427 D LOWI-9.0.0.87.a: [LOWIController] createWifiDriver: wifi driver created.
12-14 03:23:16.368 1395 1427 D LOWI-9.0.0.87.a: [LOWIController] getWifiCapabilities
12-14 03:23:16.368 1395 1427 D LOWI-9.0.0.87.a: [LOWIController] passContConfig
12-14 03:23:16.368 1395 1427 I LOWI-9.0.0.87.a: [LOWIWifiDriverUtils] return band_mask based on wiphy 3
12-14 03:23:16.369 1395 1427 D LOWI-9.0.0.87.a: [LOWIControllerExtn] createScanResultReceiver: scanbitmask(0x26)
12-14 03:23:16.369 1395 1427 D LOWI-9.0.0.87.a: [LOWIController] createScanResultReceiver: Capabilities: discovery(1), ranging(1), bgscan(0), scanbitmask(0x26)
12-14 03:23:16.369 1395 1427 D LOWI-9.0.0.87.a: [LOWIController] created scanReceiver successfully
12-14 03:23:16.369 1395 1427 D LOWI-9.0.0.87.a: [LOWIController] created scanReceiver successfully
12-14 03:23:16.371 639 654 I mpu_uart: [MSG-P:RECV]:No message received in 1000 ms
12-14 03:23:16.372 2806 2902 D OsAgent : [wifi_supplicant_status_update][3202] [HC] =>> [HS]
12-14 03:23:16.373 1395 4221 D LOWI-9.0.0.87.a: [LOWI-Scan] Creating the pipe
12-14 03:23:16.373 1395 4221 D LOWI-9.0.0.87.a: [LOWIScanResultReceiver] Enter passive listening mode
12-14 03:23:16.373 1395 4221 D LOWI-9.0.0.87.a: [LOWIWifiDriverInterface] getMeasurements - Passive listening mode
12-14 03:23:16.373 1395 4221 D LOWI-9.0.0.87.a: [LOWI-Scan] WipsScanUsingNL:wait -1 sec for netlink message
12-14 03:23:16.373 812 812 V LocSvc_HIDL_IzatSubscription: [wifiSupplicantStatusUpdate][682] [HS] <<<<= [HC]
12-14 03:23:16.373 1395 4221 D LOWI-9.0.0.87.a: [LOWI-Scan] wait_event:Wait done with Cmd 33
12-14 03:23:16.373 1395 4221 D LOWI-9.0.0.87.a: [LOWI-Scan] do_listen_events: Rcvd valid Netlink Cmd 0 Err 0
12-14 03:23:16.373 1395 4222 D LOWI-9.0.0.87.a: [LOWI-ROME-RTT] Creating pipe to Ranging Thread
12-14 03:23:16.373 1395 4222 D LOWI-9.0.0.87.a: [LOWIScanResultReceiver] Enter passive listening mode
12-14 03:23:16.373 1395 4222 D LOWI-9.0.0.87.a: [LOWIRangingFSM] FSM: Received Event EVENT_START_THREAD, Current state: STATE_IDLE_START
12-14 03:23:16.374 824 3634 I WifiHAL : send_nl_data: sent cld80211 msg of len: 48 to driver
12-14 03:23:16.374 824 3634 I WifiHAL : send oem msg of len : 40 to apps
12-14 03:23:16.374 2806 2902 D OsAgent : [wifi_supplicant_status_update][3202] [HC] =>> [HS]
12-14 03:23:16.374 812 812 V LocSvc_HIDL_IzatSubscription: [wifiSupplicantStatusUpdate][682] [HS] <<<<= [HC]
12-14 03:23:16.375 2806 2902 D OsAgent : [wifi_supplicant_status_update][3202] [HC] =>> [HS]
12-14 03:23:16.375 812 812 V LocSvc_HIDL_IzatSubscription: [wifiSupplicantStatusUpdate][682] [HS] <<<<= [HC]
12-14 03:23:16.375 1395 4222 D LOWI-9.0.0.87.a: [LOWI-ROME-RTT] send_cld80211_nlmsg: sent cld80211 message for pid 1395
12-14 03:23:16.375 1395 4222 D LOWI-9.0.0.87.a: [LOWIRangingFSM] FSM: New FSM state: STATE_IDLE_START
12-14 03:23:16.375 1395 4222 D LOWI-9.0.0.87.a: [LOWI-ROME-RTT] RomeWaitOnActivityOnSocketOrPipe: issue timed select: TO: 5
12-14 03:23:16.375 1395 4222 D LOWI-9.0.0.87.a: [LOWI-ROME-RTT] RomeWaitOnActivityOnSocketOrPipe: timed select over: TO: 5 retVal: 1
12-14 03:23:16.375 1395 4222 D LOWI-9.0.0.87.a: [LOWI-ROME-RTT] event_handler: Valid data with length 11
12-14 03:23:16.375 1395 4222 D LOWI-9.0.0.87.a: [LOWI-HELIUM-RTT] RomeNLRecvMessage: The Received RomeMsgType: ROME_REG_RSP_MSG
12-14 03:23:16.375 1395 4222 D LOWI-9.0.0.87.a: [LOWIRangingFSM] FSM: Received Event EVENT_REGISTRATION_SUCCESS, Current state: STATE_IDLE_START
12-14 03:23:16.375 1395 4222 D LOWI-9.0.0.87.a: [LOWI-ROME-RTT] RomeExtractRegRsp: driver support nl packing for oem data
12-14 03:23:16.375 1395 4222 I LOWI-9.0.0.87.a: [LOWI-ROME-RTT] RomeExtractRegRsp: nl format oem data enabled
12-14 03:23:16.375 1395 4222 D LOWI-9.0.0.87.a: [LOWI-ROME-RTT] RomeExtractRegRsp: Registered with CLD, 1 vDevs. Using 0 for STA
12-14 03:23:16.375 824 3634 I WifiHAL : send_nl_data: sent cld80211 msg of len: 32 to driver
12-14 03:23:16.375 824 3634 I WifiHAL : send oem msg of len : 148 to apps
12-14 03:23:16.375 1395 4222 D LOWI-9.0.0.87.a: [LOWI-ROME-RTT] send_oem_nl_msg: sent cld80211 message with subcmd: 3
12-14 03:23:16.375 1395 4222 D LOWI-9.0.0.87.a: [LOWIRangingFSM] FSM: New FSM state: STATE_WAITING_OEM_CAP
12-14 03:23:16.375 1395 4222 D LOWI-9.0.0.87.a: [LOWI-ROME-RTT] RomeWaitOnActivityOnSocketOrPipe: issue timed select: TO: 5
12-14 03:23:16.376 1395 4222 D LOWI-9.0.0.87.a: [LOWI-ROME-RTT] RomeWaitOnActivityOnSocketOrPipe: timed select over: TO: 5 retVal: 1
12-14 03:23:16.376 1395 4222 D LOWI-9.0.0.87.a: [LOWI-ROME-RTT] event_handler: Valid data with length 116
12-14 03:23:16.376 1395 4222 D LOWI-9.0.0.87.a: [LOWI-HELIUM-RTT] RomeNLRecvMessage: The Received RomeMsgType: ROME_OEM_CAP_MSG
12-14 03:23:16.376 1395 4222 D LOWI-9.0.0.87.a: [LOWIRangingFSM] FSM: Received Event EVENT_OEM_CAP_INFO, Current state: STATE_WAITING_OEM_CAP
12-14 03:23:16.376 1395 4222 D LOWI-9.0.0.87.a: [LOWI-ROME-RTT] RomeExtractOemCapabilities: oem_target_signature(QUALCOMM) oem_target_type(23)oem_fw_version(270140705) driver_version(0xa120205)
12-14 03:23:16.376 1395 4222 D LOWI-9.0.0.87.a: [LOWI-ROME-RTT] allowed_dwell_time_min(20) allowed_dwell_time_max(40)curr_dwell_time_min(0) curr_dwell_time_max(0)supported_bands(3) num_channels(0)
12-14 03:23:16.376 824 3634 I WifiHAL : send_nl_data: sent cld80211 msg of len: 32 to driver
12-14 03:23:16.376 824 3634 I WifiHAL : send oem msg of len : 1608 to apps
12-14 03:23:16.376 1395 4222 D LOWI-9.0.0.87.a: [LOWI-ROME-RTT] send_oem_nl_msg: sent cld80211 message with subcmd: 4
12-14 03:23:16.376 1395 4222 D LOWI-9.0.0.87.a: [LOWIRangingFSM] FSM: New FSM state: STATE_WAITING_FOR_WIPHY_INFO
12-14 03:23:16.376 1395 4222 D LOWI-9.0.0.87.a: [LOWI-ROME-RTT] RomeWaitOnActivityOnSocketOrPipe: issue timed select: TO: 5
12-14 03:23:16.376 1395 4222 D LOWI-9.0.0.87.a: [LOWI-ROME-RTT] RomeWaitOnActivityOnSocketOrPipe: timed select over: TO: 5 retVal: 1
12-14 03:23:16.376 1395 4222 D LOWI-9.0.0.87.a: [LOWI-ROME-RTT] event_handler: Valid data with length 1576
12-14 03:23:16.376 1395 4222 D LOWI-9.0.0.87.a: [LOWI-HELIUM-RTT] RomeNLRecvMessage: The Received RomeMsgType: ROME_CHANNEL_INFO_MSG
12-14 03:23:16.376 1395 4222 D LOWI-9.0.0.87.a: [LOWIRangingFSM] FSM: Received Event EVENT_CHANNEL_INFO, Current state: STATE_WAITING_FOR_WIPHY_INFO
12-14 03:23:16.376 1395 4222 I LOWI-9.0.0.87.a: [LOWI-ROME-RTT] ExtractNLChannelInfo: NumChan = 26
12-14 03:23:16.376 824 3634 I WifiHAL : send_nl_data: sent cld80211 msg of len: 64 to driver
12-14 03:23:16.376 1395 4222 D LOWI-9.0.0.87.a: [LOWI-ROME-RTT] send_oem_nl_msg: sent cld80211 message with subcmd: 5
12-14 03:23:16.376 1395 4222 D LOWI-9.0.0.87.a: [LOWIRangingFSM] FSM: New FSM state: STATE_WAITING_FOR_RANGING_CAP
12-14 03:23:16.377 1395 4222 D LOWI-9.0.0.87.a: [LOWI-ROME-RTT] RomeWaitOnActivityOnSocketOrPipe: issue timed select: TO: 5
12-14 03:23:16.377 2046 3705 E DhcpClient: readPacket error:
12-14 03:23:16.377 2046 3705 E DhcpClient: android.system.ErrnoException: read failed: ENETDOWN (Network is down)
12-14 03:23:16.377 2046 3705 E DhcpClient: at libcore.io.Linux.readBytes(Native Method)
12-14 03:23:16.377 2046 3705 E DhcpClient: at libcore.io.Linux.read(Linux.java:190)
12-14 03:23:16.377 2046 3705 E DhcpClient: at libcore.io.ForwardingOs.read(ForwardingOs.java:617)
12-14 03:23:16.377 2046 3705 E DhcpClient: at libcore.io.BlockGuardOs.read(BlockGuardOs.java:324)
12-14 03:23:16.377 2046 3705 E DhcpClient: at libcore.io.ForwardingOs.read(ForwardingOs.java:617)
12-14 03:23:16.377 2046 3705 E DhcpClient: at android.system.Os.read(Os.java:579)
12-14 03:23:16.377 2046 3705 E DhcpClient: at android.net.dhcp.DhcpClient$DhcpPacketHandler.readPacket(DhcpClient.java:698)
12-14 03:23:16.377 2046 3705 E DhcpClient: at android.net.dhcp.DhcpClient$DhcpPacketHandler.readPacket(DhcpClient.java:648)
12-14 03:23:16.377 2046 3705 E DhcpClient: at com.android.networkstack.util.FdEventsReader.handleInput(FdEventsReader.java:224)
12-14 03:23:16.377 2046 3705 E DhcpClient: at com.android.networkstack.util.FdEventsReader.lambda$createAndRegisterFd$0(FdEventsReader.java:204)
12-14 03:23:16.377 2046 3705 E DhcpClient: at com.android.networkstack.util.FdEventsReader.$r8$lambda$OgIGPQ7BvCo_znleuT06fluGUjY(Unknown Source:0)
12-14 03:23:16.377 2046 3705 E DhcpClient: at com.android.networkstack.util.FdEventsReader$$ExternalSyntheticLambda0.onFileDescriptorEvents(Unknown Source:2)
12-14 03:23:16.377 2046 3705 E DhcpClient: at android.os.MessageQueue.dispatchEvents(MessageQueue.java:293)
12-14 03:23:16.377 2046 3705 E DhcpClient: at android.os.MessageQueue.nativePollOnce(Native Method)
12-14 03:23:16.377 2046 3705 E DhcpClient: at android.os.MessageQueue.next(MessageQueue.java:335)
12-14 03:23:16.377 2046 3705 E DhcpClient: at android.os.Looper.loopOnce(Looper.java:161)
12-14 03:23:16.377 2046 3705 E DhcpClient: at android.os.Looper.loop(Looper.java:288)
12-14 03:23:16.377 2046 3705 E DhcpClient: at android.os.HandlerThread.run(HandlerThread.java:67)
01-01 08:22:39.935 0 0 E [wifi@1][0x4d1cb24a][03:23:16.374105] wlan: [3634:E:wifipos] wifi_pos_process_app_reg_req: 608: Received App Req Req pid(377488184), len(16)
01-01 08:22:39.936 0 0 I [wifi@1][0x4d1d2d2c][03:23:16.375743] wlan: [3634:I:wifipos] wifi_pos_get_ch_info: 461: num channels: 26
01-01 08:22:39.937 0 0 I [wifi@1][0x4d1d4cf8][03:23:16.376167] wlan: [3634:I:wifipos] wifi_pos_get_ch_info: 461: num channels: 26
12-14 03:23:16.379 2046 3705 D DhcpClient: DHCP Packet Handler stopped
12-14 03:23:16.379 2046 3705 D DhcpClient: onQuitting
12-14 03:23:16.442 3766 3855 I GameMode_ActivityMonitoringService: onForegroundActivitiesChanged uid 1000 pid 2378 fg false
12-14 03:23:16.449 3766 3786 I GameMode_ActivityMonitoringService: Updating top task to: TaskInfoContainer [topActivity=ComponentInfo{com.android.launcher3/com.android.launcher3.uioverrides.QuickstepLauncher}, taskId=12, stackId=1, userId=0, displayId=0, position=6
12-14 03:23:16.449 3766 3786 I GameMode_ActivityMonitoringService: Notifying about top task: TaskInfoContainer [topActivity=ComponentInfo{com.android.launcher3/com.android.launcher3.uioverrides.QuickstepLauncher}, taskId=12, stackId=1, userId=0, displayId=0, position=6
12-14 03:23:16.449 3766 3786 E GameMode_ActivityMonitoringService: onActivityLaunch:com.android.launcher3
12-14 03:23:16.449 3766 3786 V GameMode_GameTypeUtils: judge isGame:com.android.launcher3
12-14 03:23:16.449 3766 3786 V GameMode_GpuUtils: fps:60
12-14 03:23:16.453 3766 3786 D GameMode_GameModeActionUtils: Show GameMode entry by service!
12-14 03:23:16.453 3766 3786 W ContextImpl: Calling a method in the system process without a qualified user: android.app.ContextImpl.startService:1816 android.content.ContextWrapper.startService:774 com.thundercomm.gamemode.ingame.services.GameModeActionUtils.startGameModeService:99 com.thundercomm.gamemode.ingame.services.GameModeActionUtils.startGameModeEntry:22 com.thundercomm.gamemode.ingame.services.ActivityMonitoringService$1.onActivityLaunch:127
12-14 03:23:16.456 3766 3786 D GameModeIF_GameModeSettings: getUriFor setting_content_uri_root = content://com.thundercomm.gamemode.api/gamemode_settings , name = gamemode_isgaming
12-14 03:23:16.456 3766 3766 D GameMode_GameModeService: type=hide_entry
12-14 03:23:16.458 3766 3766 D GameMode_GameSettingsObserver: Game Data change!!!! uri = content://com.thundercomm.gamemode.api/gamemode_settings/gamemode_isgaming
12-14 03:23:16.458 3766 3766 D GameModeIF_GameModeSettings: getUriFor setting_content_uri_root = content://com.thundercomm.gamemode.api/gamemode_settings , name = gamemode_isgaming
12-14 03:23:16.459 3766 3786 D GameModeIF_GameModeSettings: gamemode_isgaming set to 0
12-14 03:23:16.459 1485 1485 I GameModeConfig: Current uri is uri = content://com.thundercomm.gamemode.api/gamemode_settings/gamemode_isgaming
12-14 03:23:16.459 1485 1485 D GameModeIF_GameModeSettings: getUriFor setting_content_uri_root = content://com.thundercomm.gamemode.api/gamemode_settings , name = gamemode_isgaming
12-14 03:23:16.460 1485 1485 I GameModeConfig: isGameModeOn = false
12-14 03:23:16.460 3766 3766 D GameMode_GameModeService: updateGlobalSettings = gamemode_isgaming
12-14 03:23:16.461 1485 1485 I GameModeConfig: isGameModeOn = false
12-14 03:23:16.461 1485 1485 I GameModeConfig: isDisableVoice = true
12-14 03:23:16.479 1485 3199 W InputManager-JNI: Input channel object '9920c15 com.android.settings/com.android.settings.Settings (client)' was disposed without first being removed with the input manager!
12-14 03:23:16.484 1485 1562 W ActivityTaskManager: Can't find TaskDisplayArea to determine support for multi window. Task id=13 attached=false
12-14 03:23:16.484 1485 1562 W ActivityTaskManager: Can't find TaskDisplayArea to determine support for multi window. Task id=13 attached=false
12-14 03:23:16.501 1994 1994 W Choreographer: Frame time is 0.094676 ms in the future! Check that graphics HAL is generating vsync timestamps using the correct timebase.
01-01 08:22:40.173 0 0 I [schedu][0x4d626b76][03:23:16.612094] wlan: [3588:I:OSIF] scan start scan id 40966
12-14 03:23:16.648 824 3634 I WifiHAL : send oem msg of len : 112 to apps
12-14 03:23:16.649 1395 4222 D LOWI-9.0.0.87.a: [LOWI-ROME-RTT] RomeWaitOnActivityOnSocketOrPipe: timed select over: TO: 5 retVal: 1
12-14 03:23:16.649 1395 4222 D LOWI-9.0.0.87.a: [LOWI-ROME-RTT] event_handler: Valid data with length 80
12-14 03:23:16.649 1395 4222 D LOWI-9.0.0.87.a: [LOWI-HELIUM-RTT] storeNLFragment: new fragment group, tokenid(2), adding 72 chars @position 0
12-14 03:23:16.649 1395 4222 D LOWI-9.0.0.87.a: [LOWI-HELIUM-RTT] RomeNLRecvMessage: The Received OEMSubType: RTT_MSG_SUBTYPE_CAPABILITY_RSP
12-14 03:23:16.649 1395 4222 D LOWI-9.0.0.87.a: [LOWI-HELIUM-RTT] RomeNLRecvMessage: The Received RomeMsgType: ROME_RANGING_CAP_MSG
12-14 03:23:16.649 1395 4222 D LOWI-9.0.0.87.a: [LOWIRangingFSM] FSM: Received Event EVENT_RANGING_CAP_INFO, Current state: STATE_WAITING_FOR_RANGING_CAP
12-14 03:23:16.649 1395 4222 D LOWI-9.0.0.87.a: [LOWIWifiTlvHandler] processRspHeadTlv: reqId(1) measDone(1) rttStatus(RTT_STATUS_SUCCESS) subtype(RTT_MSG_SUBTYPE_CAPABILITY_RSP) isFrag(0) fragIdx(0) fragLen(0) tknId(0)
12-14 03:23:16.649 1395 4222 D LOWI-9.0.0.87.a: [LOWIWifiTlvHandler] checkTlvTag: Processing idx(0) received TLV: wmi_rtt_oem_rsp_head
12-14 03:23:16.649 1395 4222 D LOWI-9.0.0.87.a: [LOWIWifiTlvHandler] processIfPeerEvtHdrTag: Invalid Tag(33), not added to vector mPeerIdx(0)
12-14 03:23:16.649 1395 4222 D LOWI-9.0.0.87.a: [LOWIWifiTlvHandler] processIfPerFrmInfoTag: Invalid Tag(33) measurement not added for peer(0)
12-14 03:23:16.649 1395 4222 D LOWI-9.0.0.87.a: [LOWIWifiTlvHandler] checkTlvTag: Processing idx(1) received TLV: wmi_rtt_oem_cap_rsp_head
12-14 03:23:16.649 1395 4222 D LOWI-9.0.0.87.a: [LOWIWifiTlvHandler] processIfPeerEvtHdrTag: Invalid Tag(35), not added to vector mPeerIdx(0)
12-14 03:23:16.649 1395 4222 D LOWI-9.0.0.87.a: [LOWIWifiTlvHandler] processIfPerFrmInfoTag: Invalid Tag(35) measurement not added for peer(0)
12-14 03:23:16.649 1395 4222 D LOWI-9.0.0.87.a: [LOWIWifiTlvHandler] checkTlvTag: Processing idx(2) received TLV: wmi_rtt_oem_cap_rsp_event
12-14 03:23:16.649 1395 4222 D LOWI-9.0.0.87.a: [LOWIWifiTlvHandler] processIfPeerEvtHdrTag: Invalid Tag(36), not added to vector mPeerIdx(0)
12-14 03:23:16.649 1395 4222 D LOWI-9.0.0.87.a: [LOWIWifiTlvHandler] processIfPerFrmInfoTag: Invalid Tag(36) measurement not added for peer(0)
12-14 03:23:16.649 1395 4222 D LOWI-9.0.0.87.a: [LOWIWifiTlvHandler] printBssidInfo: No peer info from processing TLVs
12-14 03:23:16.649 1395 4222 D LOWI-9.0.0.87.a: [LOWI-HELIUM-RTT] parseRttCapabilitiesMsg: Skipping wmi_rtt_oem_rsp_head
12-14 03:23:16.649 1395 4222 D LOWI-9.0.0.87.a: [LOWI-HELIUM-RTT] parseRttCapabilitiesMsg: parsing wmi_rtt_oem_cap_rsp_head TLVversion(0x3) major(0x0) minor(0x10001) serviceBitMask[0](0x0) serviceBitMask[1](0x0) serviceBitMask[2](0x0) serviceBitMask[3](0x0)
12-14 03:23:16.649 1395 4222 D LOWI-9.0.0.87.a: [LOWI-HELIUM-RTT] parseRttCapabilitiesMsg: parsing wmi_rtt_oem_cap_rsp_event TLVrangingTypeMask(5) supportedFramesMask(11) maxDestPerReq(10) maxMeasPerDest(31) maxChannelsAllowed(1) maxBwAllowed(2) preambleSupportedMask(7) reportTypeSupportedMask(15) maxRfChains(3) facTypeMask(2) numPhys(1) fwMultiBurstSupport(1)
12-14 03:23:16.649 1395 4222 D LOWI-9.0.0.87.a: [LOWIRangingFSM] FSM: New FSM state: STATE_READY_AND_IDLE
12-14 03:23:16.649 1395 4222 D LOWI-9.0.0.87.a: [LOWI-ROME-RTT] RomeWaitOnActivityOnSocketOrPipe: issue blocking select
01-01 08:22:40.243 0 0 D : mv2112_read_status
01-01 08:22:40.243 0 0 D mv2112_update_link: 3.0x901(1G): 0x84
01-01 08:22:40.243 0 0 D mv2112_update_link: 3.0x8109(100M): 0xc
01-01 08:22:40.243 0 0 D mv2112_update_link: link 0x4
01-01 08:22:40.243 0 0 D mv2112_read_status: autoneg is disabled
12-14 03:23:16.827 670 670 W kworker/u17:6: type=1400 audit(0.0:291): avc: denied { kill } for capability=5 scontext=u:r:kernel:s0 tcontext=u:r:kernel:s0 tclass=capability permissive=0
12-14 03:23:17.172 2046 3253 D NetworkMonitor/100: isDataStall: result=3, tcp packets received=0, latest tcp fail rate=100, consecutive dns timeout count=14
12-14 03:23:17.172 2046 3253 D NetworkMonitor/100: Suspecting data stall, reevaluate
12-14 03:23:17.174 1485 3199 D ConnectivityService: Data stall detected with methods: 3
12-14 03:23:17.175 2046 4224 D NetworkMonitor/100: Validation disabled.
12-14 03:23:17.179 1485 1898 D ConnectivityService: [100 ETHERNET] validation passed
12-14 03:23:17.292 2701 2701 I hpplay-java: [main]:Upgrade:upgrade not be allowed
12-14 03:23:17.311 2701 2701 I hpplay-java: [main]:ServerBusiness:get deviceCode:
12-14 03:23:17.311 2701 2701 W hpplay-java: [main]:ServerBusiness:startDeviceService ignore,invalid deviceCode
12-14 03:23:17.371 639 654 I mpu_uart: [MSG-P:RECV]:No message received in 1000 ms
12-14 03:23:17.388 639 653 I mpu_uart: [MSG-P:R]:recv sync frame timeout
01-01 08:22:41.267 0 0 D : mv2112_read_status
01-01 08:22:41.267 0 0 D mv2112_update_link: 3.0x901(1G): 0x84
01-01 08:22:41.267 0 0 D mv2112_update_link: 3.0x8109(100M): 0xc
01-01 08:22:41.267 0 0 D mv2112_update_link: link 0x4
01-01 08:22:41.267 0 0 D mv2112_read_status: autoneg is disabled
12-14 03:23:17.790 1395 4221 D LOWI-9.0.0.87.a: [LOWI-Scan] wait_event:Wait done with Cmd 34
12-14 03:23:17.790 1395 4221 D LOWI-9.0.0.87.a: [LOWI-Scan] do_listen_events: Rcvd valid Netlink Cmd 34 Err 0
12-14 03:23:17.791 1395 4221 D LOWI-9.0.0.87.a: [LOWI-Scan]
12-14 03:23:17.791 1395 4221 D LOWI-9.0.0.87.a: [LOWI-Scan] print_bss_handler: Report Probe TSF 65451640 as it greater than Beacon TSF 65450989
12-14 03:23:17.791 1395 4221 D LOWI-9.0.0.87.a: [LOWI-Scan] decode_rsn_wpa_ie: LOWI_ENCRYPTION_TYPE_WPA_PSK
12-14 03:23:17.791 1395 4221 D LOWI-9.0.0.87.a: [LOWI-Scan] is_qcom_ie, bss_age: 0
12-14 03:23:17.791 1395 4221 D LOWI-9.0.0.87.a: [LOWI-Scan] BSS 62:ae:8f:61:d1:2e LOWI_PHY_MODE_11AC_VHT80(10), Beacon Interval: 100, LOWI_ENCRYPTION_TYPE_WPA_PSK 11mcRanging: No, ANQP: No, LCI: No, Civic: No, capability(0x1031): ESS Privacy ShortPreamble
12-14 03:23:17.791 1395 4221 D LOWI-9.0.0.87.a: [LOWI-Scan] BSS 62:ae:8f:61:d1:2e FREQ: 5180, cFreq1[40:80:160] = [5190:5210:0] cFreq2 = 0 Country Code =
12-14 03:23:17.791 1395 4221 D LOWI-9.0.0.87.a: [LOWI-Scan] BSS 62:ae:8f:61:d1:2e (wlan0) ASSO: NO AddInfo: 0x0, TSF 0, 00:01:05.451, RSSI: -124, CPL: 127, AGE: 1132, SSID GM_VCU_MM_5G, TSFDelta: 0x29ea8fe0, TXRate: 0
12-14 03:23:17.791 1395 4221 D LOWI-9.0.0.87.a: [LOWI-Scan]
12-14 03:23:17.791 1395 4221 D LOWI-9.0.0.87.a: [LOWI-Scan] print_bss_handler: Report Probe TSF 65452338 as it greater than Beacon TSF 65448111
12-14 03:23:17.791 1395 4221 D LOWI-9.0.0.87.a: [LOWI-Scan] decode_rsn_wpa_ie: LOWI_ENCRYPTION_TYPE_WPA_PSK
12-14 03:23:17.791 1395 4221 D LOWI-9.0.0.87.a: [LOWI-Scan] is_qcom_ie, bss_age: 0
12-14 03:23:17.791 1395 4221 D LOWI-9.0.0.87.a: [LOWI-Scan] BSS 18:6f:2d:81:18:90 LOWI_PHY_MODE_11AC_VHT20(8), Beacon Interval: 100, LOWI_ENCRYPTION_TYPE_WPA_PSK 11mcRanging: No, ANQP: No, LCI: No, Civic: No, capability(0x0111): ESS Privacy SpectrumMgmt
12-14 03:23:17.791 1395 4221 D LOWI-9.0.0.87.a: [LOWI-Scan] BSS 18:6f:2d:81:18:90 FREQ: 5180, cFreq1[40:80:160] = [5180:0:0] cFreq2 = 0 Country Code = CN
12-14 03:23:17.791 1395 4221 D LOWI-9.0.0.87.a: [LOWI-Scan] BSS 18:6f:2d:81:18:90 (wlan0) ASSO: NO AddInfo: 0x0, TSF 0, 00:01:05.452, RSSI: -152, CPL: 127, AGE: 1128, SSID Testing , TSFDelta: 0x716fe4f1, TXRate: 0
12-14 03:23:17.791 1395 4221 D LOWI-9.0.0.87.a: [LOWI-Scan]
12-14 03:23:17.791 1395 4221 D LOWI-9.0.0.87.a: [LOWI-Scan] print_bss_handler: Report Probe TSF 65452441 as it greater than Beacon TSF 65448256
12-14 03:23:17.792 1485 3199 D WifiNl80211Manager: Scan result ready event
12-14 03:23:17.792 1485 3199 D WifiNative: Scan result ready event
01-01 08:22:41.351 0 0 I [schedu][0x4ebba49e][03:23:17.790457] wlan: [3588:I:OSIF] vdev 0, scan id 40966 type COMPLETED(1) reason COMPLETED(1) scan found 112 bss
12-14 03:23:17.795 1395 4221 D LOWI-9.0.0.87.a: [LOWI-Scan] is_qcom_ie, bss_age: 0
12-14 03:23:17.795 1395 4221 D LOWI-9.0.0.87.a: [LOWI-Scan] BSS 18:6f:2d:81:18:91 LOWI_PHY_MODE_11AC_VHT20(8), Beacon Interval: 100, LOWI_ENCRYPTION_TYPE_OPEN 11mcRanging: No, ANQP: No, LCI: No, Civic: No, capability(0x0101): ESS SpectrumMgmt
12-14 03:23:17.795 1395 4221 D LOWI-9.0.0.87.a: [LOWI-Scan] BSS 18:6f:2d:81:18:91 FREQ: 5180, cFreq1[40:80:160] = [5180:0:0] cFreq2 = 0 Country Code = CN
12-14 03:23:17.795 1395 4221 D LOWI-9.0.0.87.a: [LOWI-Scan] BSS 18:6f:2d:81:18:91 (wlan0) ASSO: NO AddInfo: 0x0, TSF 0, 00:01:05.452, RSSI: -152, CPL: 127, AGE: 1128, SSID Guest, TSFDelta: 0x7172a77f, TXRate: 0
12-14 03:23:17.795 1395 4221 D LOWI-9.0.0.87.a: [LOWI-Scan]
12-14 03:23:17.795 1395 4221 D LOWI-9.0.0.87.a: [LOWI-Scan] print_bss_handler: Report Probe TSF 65452779 as it greater than Beacon TSF 65449600
12-14 03:23:17.795 1395 4221 D LOWI-9.0.0.87.a: [LOWI-Scan] decode_rsn_wpa_ie: LOWI_ENCRYPTION_TYPE_WPA_PSK
12-14 03:23:17.795 1395 4221 D LOWI-9.0.0.87.a: [LOWI-Scan] is_qcom_ie, bss_age: 0
12-14 03:23:17.795 1395 4221 D LOWI-9.0.0.87.a: [LOWI-Scan] BSS 18:6f:2d:81:18:92 LOWI_PHY_MODE_11AC_VHT20(8), Beacon Interval: 100, LOWI_ENCRYPTION_TYPE_WPA_PSK 11mcRanging: No, ANQP: No, LCI: No, Civic: No, capability(0x0111): ESS Privacy SpectrumMgmt
12-14 03:23:17.795 1395 4221 D LOWI-9.0.0.87.a: [LOWI-Scan] BSS 18:6f:2d:81:18:92 FREQ: 5180, cFreq1[40:80:160] = [5180:0:0] cFreq2 = 0 Country Code = CN
12-14 03:23:17.795 1395 4221 D LOWI-9.0.0.87.a: [LOWI-Scan] BSS 18:6f:2d:81:18:92 (wlan0) ASSO: NO AddInfo: 0x0, TSF 0, 00:01:05.452, RSSI: -152, CPL: 127, AGE: 1128, SSID ZXHY, TSFDelta: 0x7175609c, TXRate: 0
12-14 03:23:17.795 1395 4221 D LOWI-9.0.0.87.a: [LOWI-Scan]
12-14 03:23:17.795 1395 4221 D LOWI-9.0.0.87.a: [LOWI-Scan] print_bss_handler: Report Probe TSF 65453158 as it greater than Beacon TSF 63212634
12-14 03:23:17.795 1395 4221 D LOWI-9.0.0.87.a: [LOWI-Scan] decode_rsn_wpa_ie: LOWI_ENCRYPTION_TYPE_WPA_PSK
12-14 03:23:17.795 1395 4221 D LOWI-9.0.0.87.a: [LOWI-Scan] is_qcom_ie, bss_age: 0
12-14 03:23:17.795 1395 4221 D LOWI-9.0.0.87.a: [LOWI-Scan] BSS 18:6f:2d:81:18:93 LOWI_PHY_MODE_11AC_VHT20(8), Beacon Interval: 100, LOWI_ENCRYPTION_TYPE_WPA_PSK 11mcRanging: No, ANQP: No, LCI: No, Civic: No, capability(0x0111): ESS Privacy SpectrumMgmt
12-14 03:23:17.795 1395 4221 D LOWI-9.0.0.87.a: [LOWI-Scan] BSS 18:6f:2d:81:18:93 FREQ: 5180, cFreq1[40:80:160] = [5180:0:0] cFreq2 = 0 Country Code = CN
12-14 03:23:17.796 1395 4221 D LOWI-9.0.0.87.a: [LOWI-Scan] BSS 18:6f:2d:81:18:93 (wlan0) ASSO: NO AddInfo: 0x0, TSF 0, 00:01:05.453, RSSI: -152, CPL: 127, AGE: 1128, SSID Fanya, TSFDelta: 0x71782369, TXRate: 0
12-14 03:23:17.796 1395 4221 D LOWI-9.0.0.87.a: [LOWI-Scan]
12-14 03:23:17.796 1395 4221 D LOWI-9.0.0.87.a: [LOWI-Scan] print_bss_handler: Report Probe TSF 65453548 as it greater than Beacon TSF 15988092
12-14 03:23:17.796 1395 4221 D LOWI-9.0.0.87.a: [LOWI-Scan] decode_rsn_wpa_ie: LOWI_ENCRYPTION_TYPE_WPA_PSK
12-14 03:23:17.796 1395 4221 D LOWI-9.0.0.87.a: [LOWI-Scan] is_qcom_ie, bss_age: 0
12-14 03:23:17.796 1395 4221 D LOWI-9.0.0.87.a: [LOWI-Scan] BSS 18:6f:2d:81:18:94 LOWI_PHY_MODE_11AC_VHT20(8), Beacon Interval: 100, LOWI_ENCRYPTION_TYPE_WPA_PSK 11mcRanging: No, ANQP: No, LCI: No, Civic: No, capability(0x0111): ESS Privacy SpectrumMgmt
12-14 03:23:17.796 1395 4221 D LOWI-9.0.0.87.a: [LOWI-Scan] BSS 18:6f:2d:81:18:94 FREQ: 5180, cFreq1[40:80:160] = [5180:0:0] cFreq2 = 0 Country Code = CN
12-14 03:23:17.796 1395 4221 D LOWI-9.0.0.87.a: [LOWI-Scan] BSS 18:6f:2d:81:18:94 (wlan0) ASSO: NO AddInfo: 0x0, TSF 0, 00:01:05.453, RSSI: -152, CPL: 127, AGE: 1128, SSID ThunderSoft, TSFDelta: 0x717b073d, TXRate: 0
12-14 03:23:17.796 1395 4221 D LOWI-9.0.0.87.a: [LOWI-Scan]
12-14 03:23:17.796 1395 4221 D LOWI-9.0.0.87.a: [LOWI-Scan] print_bss_handler: Report Probe TSF 65468267 as it greater than Beacon TSF 63212998
12-14 03:23:17.796 1395 4221 D LOWI-9.0.0.87.a: [LOWI-Scan] decode_rsn_wpa_ie: LOWI_ENCRYPTION_TYPE_WPA_PSK
12-14 03:23:17.796 1395 4221 D LOWI-9.0.0.87.a: [LOWI-Scan] is_qcom_ie, bss_age: 0
12-14 03:23:17.796 1395 4221 D LOWI-9.0.0.87.a: [LOWI-Scan] BSS 18:6f:2d:81:18:95 LOWI_PHY_MODE_11AC_VHT20(8), Beacon Interval: 100, LOWI_ENCRYPTION_TYPE_WPA_PSK 11mcRanging: No, ANQP: No, LCI: No, Civic: No, capability(0x0111): ESS Privacy SpectrumMgmt
12-14 03:23:17.796 1395 4221 D LOWI-9.0.0.87.a: [LOWI-Scan] BSS 18:6f:2d:81:18:95 FREQ: 5180, cFreq1[40:80:160] = [5180:0:0] cFreq2 = 0 Country Code = CN
12-14 03:23:17.796 1395 4221 D LOWI-9.0.0.87.a: [LOWI-Scan] BSS 18:6f:2d:81:18:95 (wlan0) ASSO: NO AddInfo: 0x0, TSF 0, 00:01:05.468, RSSI: -152, CPL: 127, AGE: 1112, SSID GM, TSFDelta: 0x717e03ce, TXRate: 0
12-14 03:23:17.796 1395 4221 D LOWI-9.0.0.87.a: [LOWI-Scan]
12-14 03:23:17.796 1395 4221 D LOWI-9.0.0.87.a: [LOWI-Scan] print_bss_handler: Report beacon TSF 56151065 as it greater than probe TSF 56151065
12-14 03:23:17.796 1395 4221 D LOWI-9.0.0.87.a: [LOWI-Scan] decode_rsn_wpa_ie: LOWI_ENCRYPTION_TYPE_WPA_PSK
12-14 03:23:17.796 1395 4221 D LOWI-9.0.0.87.a: [LOWI-Scan] is_qcom_ie, bss_age: 0
12-14 03:23:17.796 1395 4221 D LOWI-9.0.0.87.a: [LOWI-Scan] adjust_age:AP AGE upper limit reached. Dont store
12-14 03:23:17.796 1395 4221 D LOWI-9.0.0.87.a: [LOWI-Scan] BSS 5a:41:20:2d:fe:87 LOWI_PHY_MODE_11AC_VHT40_2G(12), Beacon Interval: 100, LOWI_ENCRYPTION_TYPE_WPA_PSK 11mcRanging: No, ANQP: No, LCI: No, Civic: No, capability(0x1411): ESS Privacy ShortSlotTime
12-14 03:23:17.796 1395 4221 D LOWI-9.0.0.87.a: [LOWI-Scan] BSS 5a:41:20:2d:fe:87 FREQ: 2412, cFreq1[40:80:160] = [2422:0:0] cFreq2 = 0 Country Code = CN
12-14 03:23:17.796 1395 4221 D LOWI-9.0.0.87.a: [LOWI-Scan] BSS 5a:41:20:2d:fe:87 (wlan0) ASSO: NO AddInfo: 0x1, TSF 0, 00:00:56.151, RSSI: -124, CPL: 127, AGE: 10432, SSID , TSFDelta: 0x7a78aaf, TXRate: 0
12-14 03:23:17.802 1395 4221 D LOWI-9.0.0.87.a: [LOWI-Scan]
12-14 03:23:17.802 1395 4221 D LOWI-9.0.0.87.a: [LOWI-Scan] print_bss_handler: Report Probe TSF 65476615 as it greater than Beacon TSF 65468352
12-14 03:23:17.802 1395 4221 D LOWI-9.0.0.87.a: [LOWI-Scan] decode_rsn_wpa_ie: LOWI_ENCRYPTION_TYPE_WPA_PSK
12-14 03:23:17.802 1395 4221 D LOWI-9.0.0.87.a: [LOWI-Scan] is_qcom_ie, bss_age: 0
12-14 03:23:17.802 1395 4221 D LOWI-9.0.0.87.a: [LOWI-Scan] BSS 18:6f:2d:81:20:60 LOWI_PHY_MODE_11NG_HT20(5), Beacon Interval: 100, LOWI_ENCRYPTION_TYPE_WPA_PSK 11mcRanging: No, ANQP: No, LCI: No, Civic: No, capability(0x0531): ESS Privacy ShortPreamble SpectrumMgmt ShortSlotTime
12-14 03:23:17.802 1395 4221 D LOWI-9.0.0.87.a: [LOWI-Scan] BSS 18:6f:2d:81:20:60 FREQ: 2412, cFreq1[40:80:160] = [2412:0:0] cFreq2 = 0 Country Code = CN
12-14 03:23:17.802 1395 4221 D LOWI-9.0.0.87.a: [LOWI-Scan] BSS 18:6f:2d:81:20:60 (wlan0) ASSO: NO AddInfo: 0x0, TSF 0, 00:01:05.476, RSSI: -138, CPL: 127, AGE: 1104, SSID Testing , TSFDelta: 0xee876bdd, TXRate: 0
12-14 03:23:17.802 1395 4221 D LOWI-9.0.0.87.a: [LOWI-Scan]
12-14 03:23:17.802 1395 4221 D LOWI-9.0.0.87.a: [LOWI-Scan] print_bss_handler: Report Probe TSF 65478371 as it greater than Beacon TSF 65468396
12-14 03:23:17.802 1395 4221 D LOWI-9.0.0.87.a: [LOWI-Scan] is_qcom_ie, bss_age: 0
12-14 03:23:17.802 1395 4221 D LOWI-9.0.0.87.a: [LOWI-Scan] BSS 18:6f:2d:81:20:61 LOWI_PHY_MODE_11NG_HT20(5), Beacon Interval: 100, LOWI_ENCRYPTION_TYPE_OPEN 11mcRanging: No, ANQP: No, LCI: No, Civic: No, capability(0x0521): ESS ShortPreamble SpectrumMgmt ShortSlotTime
12-14 03:23:17.802 1395 4221 D LOWI-9.0.0.87.a: [LOWI-Scan] BSS 18:6f:2d:81:20:61 FREQ: 2412, cFreq1[40:80:160] = [2412:0:0] cFreq2 = 0 Country Code = CN
12-14 03:23:17.803 1395 4221 D LOWI-9.0.0.87.a: [LOWI-Scan] BSS 18:6f:2d:81:20:61 (wlan0) ASSO: NO AddInfo: 0x0, TSF 0, 00:01:05.478, RSSI: -136, CPL: 127, AGE: 1104, SSID Guest, TSFDelta: 0xee957ff2, TXRate: 0
12-14 03:23:17.803 1395 4221 D LOWI-9.0.0.87.a: [LOWI-Scan]
12-14 03:23:17.803 1395 4221 D LOWI-9.0.0.87.a: [LOWI-Scan] print_bss_handler: Report Probe TSF 65480397 as it greater than Beacon TSF 65437722
12-14 03:23:17.803 1395 4221 D LOWI-9.0.0.87.a: [LOWI-Scan] decode_rsn_wpa_ie: LOWI_ENCRYPTION_TYPE_WPA_PSK
12-14 03:23:17.803 1395 4221 D LOWI-9.0.0.87.a: [LOWI-Scan] is_qcom_ie, bss_age: 0
12-14 03:23:17.803 1395 4221 D LOWI-9.0.0.87.a: [LOWI-Scan] BSS 18:6f:2d:81:16:e0 LOWI_PHY_MODE_11NG_HT20(5), Beacon Interval: 100, LOWI_ENCRYPTION_TYPE_WPA_PSK 11mcRanging: No, ANQP: No, LCI: No, Civic: No, capability(0x0531): ESS Privacy ShortPreamble SpectrumMgmt ShortSlotTime
12-14 03:23:17.803 1395 4221 D LOWI-9.0.0.87.a: [LOWI-Scan] BSS 18:6f:2d:81:16:e0 FREQ: 2412, cFreq1[40:80:160] = [2412:0:0] cFreq2 = 0 Country Code = CN
12-14 03:23:17.803 1395 4221 D LOWI-9.0.0.87.a: [LOWI-Scan] BSS 18:6f:2d:81:16:e0 (wlan0) ASSO: NO AddInfo: 0x0, TSF 0, 00:01:05.480, RSSI: -122, CPL: 127, AGE: 1100, SSID Testing , TSFDelta: 0xec3b05ff, TXRate: 0
12-14 03:23:17.803 1395 4221 D LOWI-9.0.0.87.a: [LOWI-Scan]
12-14 03:23:17.803 1395 4221 D LOWI-9.0.0.87.a: [LOWI-Scan] print_bss_handler: Report Probe TSF 65483898 as it greater than Beacon TSF 65438143
12-14 03:23:17.803 1395 4221 D LOWI-9.0.0.87.a: [LOWI-Scan] decode_rsn_wpa_ie: LOWI_ENCRYPTION_TYPE_WPA_PSK
12-14 03:23:17.803 1395 4221 D LOWI-9.0.0.87.a: [LOWI-Scan] is_qcom_ie, bss_age: 0
