12-14 03:22:22.638 1485 1485 I SystemServerTiming: OnBootPhase_500_com.android.server.security.KeyChainSystemService
12-14 03:22:22.638 1485 1485 I SystemServerTiming: OnBootPhase_500_com.android.server.telecom.TelecomLoaderService
12-14 03:22:22.638 1485 1485 I SystemServerTiming: OnBootPhase_500_com.android.server.accounts.AccountManagerService$Lifecycle
12-14 03:22:22.638 1485 1485 I SystemServerTiming: OnBootPhase_500_com.android.server.content.ContentService$Lifecycle
12-14 03:22:22.638 1485 1485 I SystemServerTiming: OnBootPhase_500_com.android.server.DropBoxManagerService
12-14 03:22:22.638 1485 1485 I SystemServerTiming: OnBootPhase_500_com.android.role.RoleService
12-14 03:22:22.638 1485 1485 I SystemServerTiming: OnBootPhase_500_com.android.server.vibrator.VibratorManagerService$Lifecycle
12-14 03:22:22.638 1485 1485 V VibratorManagerService: Initializing VibratorManager service...
12-14 03:22:22.638 1485 1485 V HistoricalRegistry: Interaction before persistence initialized
12-14 03:22:22.639 1485 1485 V VibratorManagerService: VibratorManager service initialized
12-14 03:22:22.639 1485 1485 I SystemServerTiming: OnBootPhase_500_com.android.server.alarm.AlarmManagerService
12-14 03:22:22.639 1485 1485 E LazyAlarmStore: Removed TIME_TICK alarm
12-14 03:22:22.639 1485 1576 I DropBoxManagerService: add tag=system_server_wtf isTagEnabled=true flags=0x2
12-14 03:22:22.640 1485 1485 I SystemServerTiming: OnBootPhase_500_com.android.server.devicestate.DeviceStateManagerService
12-14 03:22:22.640 1485 1485 I SystemServerTiming: OnBootPhase_500_com.android.server.camera.CameraServiceProxy
12-14 03:22:22.640 1485 1485 I SystemServerTiming: OnBootPhase_500_com.android.server.BluetoothService
12-14 03:22:22.641 1485 1485 I SystemServerTiming: OnBootPhase_500_com.android.server.connectivity.IpConnectivityMetrics
12-14 03:22:22.642 1485 1485 I SystemServerTiming: OnBootPhase_500_com.android.server.net.watchlist.NetworkWatchlistService$Lifecycle
12-14 03:22:22.642 1485 1485 I SystemServerTiming: OnBootPhase_500_com.android.server.PinnerService
12-14 03:22:22.642 1485 1485 I SystemServerTiming: OnBootPhase_500_com.google.android.startop.iorap.IorapForwardingService
12-14 03:22:22.642 1485 1485 I SystemServerTiming: OnBootPhase_500_com.android.server.ActivityTriggerService
12-14 03:22:22.642 1485 1485 I SystemServerTiming: OnBootPhase_500_com.android.server.integrity.AppIntegrityManagerService
12-14 03:22:22.642 1485 1485 I SystemServerTiming: OnBootPhase_500_com.android.server.inputmethod.InputMethodManagerService$Lifecycle
12-14 03:22:22.642 1485 1485 I SystemServerTiming: OnBootPhase_500_com.android.server.accessibility.AccessibilityManagerService$Lifecycle
12-14 03:22:22.642 1485 1485 I SystemServerTiming: OnBootPhase_500_com.android.server.StorageManagerService$Lifecycle
12-14 03:22:22.643 1485 1485 I SystemServerTiming: OnBootPhase_500_com.android.server.usage.StorageStatsService$Lifecycle
12-14 03:22:22.643 1485 1485 I SystemServerTiming: OnBootPhase_500_com.android.server.UiModeManagerService
12-14 03:22:22.643 1485 1485 I ActivityTaskManager: Config changes=200 {1.0 ?mcc?mnc [zh_CN] ldltr sw680dp w1586dp h584dp 240dpi lrg long land finger -keyb/v/h -nav/h winConfig={ mBounds=Rect(0, 0 - 2380, 1020) mAppBounds=Rect(0, 0 - 2380, 948) mMaxBounds=Rect(0, 0 - 2380, 1020) mWindowingMode=fullscreen mDisplayWindowingMode=fullscreen mActivityType=undefined mAlwaysOnTop=undefined mRotation=ROTATION_0} s.6 ?fontWeightAdjustment}
12-14 03:22:22.644 1485 1485 I WindowManager: Override config changes=200 {1.0 ?mcc?mnc [zh_CN] ldltr sw680dp w1586dp h584dp 240dpi lrg long land finger -keyb/v/h -nav/h winConfig={ mBounds=Rect(0, 0 - 2380, 1020) mAppBounds=Rect(0, 0 - 2380, 948) mMaxBounds=Rect(0, 0 - 2380, 1020) mWindowingMode=fullscreen mDisplayWindowingMode=fullscreen mActivityType=undefined mAlwaysOnTop=undefined mRotation=ROTATION_0} s.6 ?fontWeightAdjustment} for displayId=0
12-14 03:22:22.645 1485 1485 I SystemServerTiming: OnBootPhase_500_com.android.server.locksettings.LockSettingsService$Lifecycle
12-14 03:22:22.645 1485 1485 I SystemServerTiming: OnBootPhase_500_com.android.server.PersistentDataBlockService
12-14 03:22:22.645 1485 1485 I SystemServerTiming: OnBootPhase_500_com.android.server.testharness.TestHarnessModeService
12-14 03:22:22.645 1485 1485 D TestHarnessModeService: Setting up test harness mode
12-14 03:22:22.645 1485 1485 D TestHarnessModeService: Getting PersistentDataBlockManagerInternal from LocalServices
12-14 03:22:22.650 1485 1485 I SystemServerTiming: OnBootPhase_500_com.android.server.oemlock.OemLockService
12-14 03:22:22.650 1485 1485 I SystemServerTiming: OnBootPhase_500_com.android.server.DeviceIdleController
12-14 03:22:22.651 1485 1485 V HistoricalRegistry: Interaction before persistence initialized
12-14 03:22:22.652 1485 1485 I SystemServerTiming: OnBootPhase_500_com.android.server.devicepolicy.DevicePolicyManagerService$Lifecycle
12-14 03:22:22.652 1485 1485 I SystemServerTiming: OnBootPhase_500_com.android.server.texttospeech.TextToSpeechManagerService
12-14 03:22:22.652 1485 1485 I SystemServerTiming: OnBootPhase_500_com.android.server.speech.SpeechRecognitionManagerService
12-14 03:22:22.652 1485 1485 I SystemServerTiming: OnBootPhase_500_com.android.server.searchui.SearchUiManagerService
12-14 03:22:22.652 1485 1485 I SystemServerTiming: OnBootPhase_500_com.android.server.smartspace.SmartspaceManagerService
12-14 03:22:22.652 1485 1485 I SystemServerTiming: OnBootPhase_500_com.android.server.graphics.fonts.FontManagerService$Lifecycle
12-14 03:22:22.653 1485 1485 I SystemServerTiming: OnBootPhase_500_com.android.server.textservices.TextServicesManagerService$Lifecycle
12-14 03:22:22.653 1485 1485 I SystemServerTiming: OnBootPhase_500_com.android.server.textclassifier.TextClassificationManagerService$Lifecycle
12-14 03:22:22.653 1485 1485 I SystemServerTiming: OnBootPhase_500_com.android.server.NetworkScoreService$Lifecycle
12-14 03:22:22.653 1485 1485 I SystemServerTiming: OnBootPhase_500_com.android.server.wifi.WifiService
12-14 03:22:22.653 1485 1485 I SystemServerTiming: OnBootPhase_500_com.android.server.wifi.scanner.WifiScanningService
12-14 03:22:22.653 1485 1485 I SystemServerTiming: OnBootPhase_500_com.android.server.wifi.rtt.RttService
12-14 03:22:22.656 1485 1485 I SystemServerTiming: OnBootPhase_500_com.android.server.wifi.aware.WifiAwareService
12-14 03:22:22.662 1485 1910 E ActivityManager: Attempt to launch receivers of broadcast intent Intent { act=android.app.action.STATSD_STARTED flg=0x1000000 } before boot completion
12-14 03:22:22.663 1485 1485 I SystemServerTiming: OnBootPhase_500_com.android.server.wifi.p2p.WifiP2pService
12-14 03:22:22.663 1485 1485 I SystemServerTiming: OnBootPhase_500_com.android.server.ethernet.EthernetService
12-14 03:22:22.664 1485 1485 I SystemServerTiming: OnBootPhase_500_com.android.server.ConnectivityServiceInitializer
12-14 03:22:22.664 1485 1485 I SystemServerTiming: OnBootPhase_500_com.android.server.notification.NotificationManagerService
01-01 08:21:46.235 0 0 I afe_find_cal_topo_id_by_port: port id: 0x9000, dev_acdb_id: 0
01-01 08:21:46.235 0 0 I afe_find_cal_topo_id_by_port: top_id:112fc acdb_id:15 afe_port:0x9000
01-01 08:21:46.235 0 0 I afe_get_cal_topology_id: port_id = 0x9000 acdb_id = 15 topology_id = 0x112fc cal_type_index=8 ret=0
01-01 08:21:46.236 0 0 I afe_send_port_topology_id: AFE set topology id 0x112fc enable for port 0x9000 ret 0
01-01 08:21:46.236 0 0 I send_afe_cal_type: cal_index is 0
01-01 08:21:46.236 0 0 I send_afe_cal_type: dev_acdb_id[55] is 0
01-01 08:21:46.236 0 0 I send_afe_cal_type: Sending cal_index cal 0
01-01 08:21:46.236 0 0 E send_afe_cal_type: No cal sent for cal_index 0, port_id = 0x9000! ret -22
01-01 08:21:46.236 0 0 I afe_send_hw_delay: port_id 0x9000 rate 48000 delay_usec 474 status 0
12-14 03:22:22.690 1485 1485 I GameModeConfig: isGameModeOn = false
12-14 03:22:22.691 1485 1485 I SystemServerTiming: OnBootPhase_500_com.android.server.storage.DeviceStorageMonitorService
12-14 03:22:22.691 1485 1485 I SystemServerTiming: OnBootPhase_500_com.android.server.location.LocationManagerService$Lifecycle
12-14 03:22:22.691 1485 1485 V HistoricalRegistry: Interaction before persistence initialized
12-14 03:22:22.692 1485 1485 I SystemServerTiming: OnBootPhase_500_com.android.server.timedetector.TimeDetectorService$Lifecycle
12-14 03:22:22.692 1485 1485 I SystemServerTiming: OnBootPhase_500_com.android.server.timezonedetector.TimeZoneDetectorService$Lifecycle
12-14 03:22:22.692 1485 1485 I SystemServerTiming: OnBootPhase_500_com.android.server.timezonedetector.location.LocationTimeZoneManagerService$Lifecycle
12-14 03:22:22.692 1485 1485 I SystemServerTiming: OnBootPhase_500_com.android.server.search.SearchManagerService$Lifecycle
12-14 03:22:22.692 1485 1485 I SystemServerTiming: OnBootPhase_500_com.android.server.wallpaper.WallpaperManagerService$Lifecycle
12-14 03:22:22.692 1485 1485 I SystemServerTiming: OnBootPhase_500_com.android.server.audio.AudioService$Lifecycle
12-14 03:22:22.692 1485 1485 I SystemServerTiming: OnBootPhase_500_com.android.server.soundtrigger_middleware.SoundTriggerMiddlewareService$Lifecycle
12-14 03:22:22.692 1485 1485 I SystemServerTiming: OnBootPhase_500_com.android.server.DockObserver
12-14 03:22:22.692 1485 1485 I SystemServerTiming: OnBootPhase_500_com.android.server.midi.MidiService$Lifecycle
12-14 03:22:22.692 1485 1485 I SystemServerTiming: OnBootPhase_500_com.android.server.adb.AdbService$Lifecycle
12-14 03:22:22.692 1485 1485 I SystemServerTiming: OnBootPhase_500_com.android.server.usb.UsbService$Lifecycle
12-14 03:22:22.692 1485 1485 I SystemServerTiming: OnBootPhase_500_com.android.server.twilight.TwilightService
12-14 03:22:22.692 1485 1485 I SystemServerTiming: OnBootPhase_500_com.android.server.display.color.ColorDisplayService
12-14 03:22:22.692 1485 1485 I SystemServerTiming: OnBootPhase_500_com.android.server.job.JobSchedulerService
12-14 03:22:22.695 1485 1485 V HistoricalRegistry: Interaction before persistence initialized
12-14 03:22:22.695 1485 1485 I SystemServerTiming: OnBootPhase_500_com.android.server.soundtrigger.SoundTriggerService
12-14 03:22:22.695 1485 1485 D SoundTriggerService: onBootPhase: 500 : false
12-14 03:22:22.695 1485 1485 I SystemServerTiming: OnBootPhase_500_com.android.server.trust.TrustManagerService
12-14 03:22:22.695 1485 1485 I SystemServerTiming: OnBootPhase_500_com.android.server.backup.BackupManagerService$Lifecycle
12-14 03:22:22.695 1485 1485 I SystemServerTiming: OnBootPhase_500_com.android.server.appwidget.AppWidgetService
12-14 03:22:22.695 1485 1485 I SystemServerTiming: OnBootPhase_500_com.android.server.voiceinteraction.VoiceInteractionManagerService
12-14 03:22:22.695 1485 1485 I SystemServerTiming: OnBootPhase_500_com.android.server.apphibernation.AppHibernationService
12-14 03:22:22.696 1485 1485 I SystemServerTiming: OnBootPhase_500_com.android.server.GestureLauncherService
12-14 03:22:22.696 1485 1485 I SystemServerTiming: OnBootPhase_500_com.android.server.SensorNotificationService
12-14 03:22:22.696 1485 1485 I SystemServerTiming: OnBootPhase_500_com.android.server.emergency.EmergencyAffordanceService
12-14 03:22:22.696 1485 1485 I SystemServerTiming: OnBootPhase_500_com.android.server.blob.BlobStoreManagerService
12-14 03:22:22.696 1485 1485 I SystemServerTiming: OnBootPhase_500_com.android.server.dreams.DreamManagerService
12-14 03:22:22.696 1485 1485 I SystemServerTiming: OnBootPhase_500_com.android.server.companion.CompanionDeviceManagerService
12-14 03:22:22.696 1485 1485 I CompanionDeviceManagerService: initBleScanning()
12-14 03:22:22.696 1485 1485 I SystemServerTiming: OnBootPhase_500_com.android.server.restrictions.RestrictionsManagerService
12-14 03:22:22.696 1485 1485 I SystemServerTiming: OnBootPhase_500_com.android.server.media.MediaSessionService
12-14 03:22:22.696 1485 1485 I SystemServerTiming: OnBootPhase_500_com.android.server.media.MediaResourceMonitorService
12-14 03:22:22.696 1485 1485 I SystemServerTiming: OnBootPhase_500_com.android.server.biometrics.sensors.fingerprint.FingerprintService
12-14 03:22:22.696 1485 1485 I SystemServerTiming: OnBootPhase_500_com.android.server.biometrics.BiometricService
12-14 03:22:22.696 1485 1485 I SystemServerTiming: OnBootPhase_500_com.android.server.biometrics.AuthService
12-14 03:22:22.696 1485 1485 I SystemServerTiming: OnBootPhase_500_com.android.server.pm.ShortcutService$Lifecycle
12-14 03:22:22.696 1485 1485 I SystemServerTiming: OnBootPhase_500_com.android.server.pm.LauncherAppsService
12-14 03:22:22.696 1485 1485 I SystemServerTiming: OnBootPhase_500_com.android.server.pm.CrossProfileAppsService
12-14 03:22:22.696 1485 1485 I SystemServerTiming: OnBootPhase_500_com.android.server.people.PeopleService
12-14 03:22:22.697 1485 1485 I SystemServerTiming: OnBootPhase_500_com.android.server.media.metrics.MediaMetricsManagerService
12-14 03:22:22.697 1485 1485 I SystemServerTiming: OnBootPhase_500_com.android.server.media.projection.MediaProjectionManagerService
12-14 03:22:22.697 1485 1485 I SystemServerTiming: OnBootPhase_500_com.android.server.slice.SliceManagerService$Lifecycle
12-14 03:22:22.697 1485 1485 I SystemServerTiming: OnBootPhase_500_com.android.server.stats.StatsCompanion$Lifecycle
12-14 03:22:22.697 1485 1485 I SystemServerTiming: OnBootPhase_500_com.android.server.scheduling.RebootReadinessManagerService$Lifecycle
12-14 03:22:22.697 1485 1485 I SystemServerTiming: OnBootPhase_500_com.android.server.stats.pull.StatsPullAtomService
12-14 03:22:22.697 1485 1485 I SystemServerTiming: OnBootPhase_500_com.android.server.incident.IncidentCompanionService
12-14 03:22:22.697 1485 1485 I SystemServerTiming: OnBootPhase_500_com.android.server.MmsServiceBroker
12-14 03:22:22.697 1485 1485 I SystemServerTiming: OnBootPhase_500_com.android.server.autofill.AutofillManagerService
12-14 03:22:22.697 1485 1485 I SystemServerTiming: OnBootPhase_500_com.android.server.clipboard.ClipboardService
12-14 03:22:22.697 1485 1485 I SystemServerTiming: OnBootPhase_500_com.android.server.appbinding.AppBindingService$Lifecycle
12-14 03:22:22.697 1485 1485 I SystemServerTiming: OnBootPhase_500_com.android.server.tracing.TracingServiceProxy
12-14 03:22:22.697 1485 1485 I SystemServerTiming: MakeWindowManagerServiceReady
12-14 03:22:22.698 1485 1485 I SystemServerTiming: MakePowerManagerServiceReady
12-14 03:22:22.699 1485 1485 I AttentionDetector: readValuesFromDeviceConfig():
12-14 03:22:22.699 1485 1485 I AttentionDetector: mMaximumExtensionMillis=900000
12-14 03:22:22.699 1485 1485 I AttentionDetector: mPreDimCheckDurationMillis=2000
12-14 03:22:22.699 1485 1485 I AttentionDetector: mRequestedPostDimTimeoutMillis=0
12-14 03:22:22.700 1485 1964 I DropBoxManagerService: add tag=system_server_wtf isTagEnabled=true flags=0x2
12-14 03:22:22.700 1485 1485 E DisplayPowerController[0]: failed to set up display white-balance: java.lang.IllegalStateException: cannot find light sensor
12-14 03:22:22.700 1485 1485 W DisplayPowerController[0]: Screen brightness nits configuration is unavailable; falling back
12-14 03:22:22.701 1485 1574 I HealthServiceWrapper: health: HealthServiceWrapper listening to instance default
12-14 03:22:22.702 1485 1963 I DropBoxManagerService: add tag=system_server_wtf isTagEnabled=true flags=0x2
12-14 03:22:22.702 1485 1614 W KeyguardServiceDelegate: onScreenTurningOn(): no keyguard service!
12-14 03:22:22.702 1485 1614 V DisplayPowerController[0]: Brightness [1.0] reason changing to: 'override', previous reason: '0'.
12-14 03:22:22.703 1485 1574 D StatsPullAtomService: Registering pullers with statsd
12-14 03:22:22.705 1485 1586 E KernelCpuSpeedReader: Failed to read cpu-freq: /sys/devices/system/cpu/cpu4/cpufreq/stats/time_in_state: open failed: ENOENT (No such file or directory)
12-14 03:22:22.705 1485 1586 E KernelCpuSpeedReader: Failed to read cpu-freq: /sys/devices/system/cpu/cpu0/cpufreq/stats/time_in_state: open failed: ENOENT (No such file or directory)
12-14 03:22:22.705 1485 1485 I FaceDownDetector: readValuesFromDeviceConfig():
12-14 03:22:22.705 1485 1485 I FaceDownDetector: mAccelerationThreshold=0.2
12-14 03:22:22.705 1485 1485 I FaceDownDetector: mZAccelerationThreshold=-9.5
12-14 03:22:22.705 1485 1485 I FaceDownDetector: mTimeThreshold=PT1S
12-14 03:22:22.705 1485 1485 I FaceDownDetector: mIsEnabled=true
12-14 03:22:22.706 1485 1485 I ScreenUndimDetector: readValuesFromDeviceConfig():
12-14 03:22:22.706 1485 1485 I ScreenUndimDetector: mKeepScreenOnForMillis=600000
12-14 03:22:22.706 1485 1485 I ScreenUndimDetector: mKeepScreenOnNotificationEnabled=false
12-14 03:22:22.706 1485 1485 I ScreenUndimDetector: mUndimsRequired=2
12-14 03:22:22.708 1485 1485 I SystemServerTiming: StartPermissionPolicyService
12-14 03:22:22.708 1485 1485 I SystemServiceManager: Starting com.android.server.policy.PermissionPolicyService
12-14 03:22:22.709 1485 1485 I SystemServerTiming: MakePackageManagerServiceReady
12-14 03:22:22.722 1485 1574 I StatsPullAtomService: register thermal listener successfully
12-14 03:22:22.723 1485 1485 V UserDataPreparer: Found /data/user_de/0 with serial number 0
12-14 03:22:22.723 1485 1485 V UserDataPreparer: Found /data/user/0 with serial number 0
12-14 03:22:22.723 1485 1485 V UserDataPreparer: Found /data/system_de/0 with serial number 0
12-14 03:22:22.723 1485 1485 V UserDataPreparer: Found /data/system_ce/0 with serial number 0
12-14 03:22:22.723 1485 1485 V UserDataPreparer: Found /data/misc_ce/0 with serial number -1
12-14 03:22:22.723 1485 1485 D UserDataPreparer: Serial number missing on /data/misc_ce/0; assuming current is valid
12-14 03:22:22.723 1485 1485 I PackageManager: Permission ownership changed. Updating all permissions.
01-01 08:21:46.296 0 0 E : [MAX975X:max96755x_drm_notifier_callback] *ERROR* receives EARLY_BLANK:UNBLANK
01-01 08:21:46.296 0 0 I cyttsp7_i2c_adapter 0-0024: FB event:2,blank:0
01-01 08:21:46.296 0 0 I cyttsp7_i2c_adapter 0-0024: suspend: event = 2, blank = 0, not care
01-01 08:21:46.296 0 0 I [drm:dsi_display_set_mode] [msm-dsi-info]: mdp_transfer_time_us=0 us
01-01 08:21:46.296 0 0 I [drm:dsi_display_set_mode] [msm-dsi-info]: hactive= 2380,vactive= 1020,fps=60
01-01 08:21:46.296 0 0 I [drm:dsi_ctrl_isr_configure] [msm-dsi-info]: dsi-ctrl-0: IRQ 402 registered
12-14 03:22:22.737 1485 1485 I SystemServerTiming: MakeDisplayManagerServiceReady
12-14 03:22:22.738 1485 1561 E DisplayModeDirector: Asked about unknown display, returning empty display mode specs!(id=0)
12-14 03:22:22.739 1485 1485 I SystemServerTiming: StartDeviceSpecificServices
12-14 03:22:22.739 1485 1485 I SystemServerTiming: GameManagerService
12-14 03:22:22.739 1485 1485 I SystemServiceManager: Starting com.android.server.app.GameManagerService$Lifecycle
12-14 03:22:22.741 1485 1631 E DefaultPermGrantPolicy: Package not found: com.qualcomm.qti.cne
12-14 03:22:22.744 1485 1485 I SystemServerTiming: StartBootPhaseDeviceSpecificServicesReady
12-14 03:22:22.744 1485 1485 I SystemServiceManager: Starting phase 520
12-14 03:22:22.744 1485 1485 I SystemServerTiming: OnBootPhase_520
12-14 03:22:22.744 1485 1485 I SystemServerTiming: OnBootPhase_520_com.android.server.security.FileIntegrityService
12-14 03:22:22.744 1485 1485 I SystemServerTiming: OnBootPhase_520_com.android.server.pm.Installer
12-14 03:22:22.744 1485 1485 I SystemServerTiming: OnBootPhase_520_com.android.server.os.DeviceIdentifiersPolicyService
12-14 03:22:22.744 1485 1485 I SystemServerTiming: OnBootPhase_520_com.android.server.uri.UriGrantsManagerService$Lifecycle
12-14 03:22:22.744 1485 1485 I SystemServerTiming: OnBootPhase_520_com.android.server.powerstats.PowerStatsService
12-14 03:22:22.744 1485 1485 I SystemServerTiming: OnBootPhase_520_com.android.server.wm.ActivityTaskManagerService$Lifecycle
12-14 03:22:22.744 1485 1485 I SystemServerTiming: OnBootPhase_520_com.android.server.am.ActivityManagerService$Lifecycle
12-14 03:22:22.744 1485 1485 I SystemServerTiming: OnBootPhase_520_com.android.server.pm.DataLoaderManagerService
12-14 03:22:22.744 1485 1485 I SystemServerTiming: OnBootPhase_520_com.android.server.power.PowerManagerService
12-14 03:22:22.744 1485 1485 I SystemServerTiming: OnBootPhase_520_com.android.server.power.ThermalManagerService
12-14 03:22:22.744 1485 1485 I SystemServerTiming: OnBootPhase_520_com.android.server.power.hint.HintManagerService
12-14 03:22:22.744 1485 1485 I SystemServerTiming: OnBootPhase_520_com.android.server.recoverysystem.RecoverySystemService$Lifecycle
12-14 03:22:22.744 1485 1485 I SystemServerTiming: OnBootPhase_520_com.android.server.lights.LightsService
12-14 03:22:22.744 1485 1485 I SystemServerTiming: OnBootPhase_520_com.android.server.display.DisplayManagerService
12-14 03:22:22.744 1485 1485 I SystemServerTiming: OnBootPhase_520_com.android.server.pm.verify.domain.DomainVerificationService
12-14 03:22:22.744 1485 1485 I SystemServerTiming: OnBootPhase_520_com.android.server.pm.PackageInstallerService$Lifecycle
12-14 03:22:22.744 1485 1485 I SystemServerTiming: OnBootPhase_520_com.android.server.pm.UserManagerService$LifeCycle
12-14 03:22:22.744 1485 1485 I SystemServerTiming: OnBootPhase_520_com.android.server.om.OverlayManagerService
12-14 03:22:22.744 1485 1485 I SystemServerTiming: OnBootPhase_520_com.android.server.SensorPrivacyService
12-14 03:22:22.744 1485 1485 I SystemServerTiming: OnBootPhase_520_com.android.server.sensors.SensorService
12-14 03:22:22.744 1485 1485 I SystemServerTiming: OnBootPhase_520_com.android.server.SystemConfigService
12-14 03:22:22.744 1485 1485 I SystemServerTiming: OnBootPhase_520_com.android.server.BatteryService
12-14 03:22:22.744 1485 1485 I SystemServerTiming: OnBootPhase_520_com.android.server.usage.UsageStatsService
12-14 03:22:22.744 1485 1485 I SystemServerTiming: OnBootPhase_520_com.android.server.webkit.WebViewUpdateService
12-14 03:22:22.744 1485 1485 I SystemServerTiming: OnBootPhase_520_com.android.server.CachedDeviceStateService
12-14 03:22:22.744 1485 1485 I SystemServerTiming: OnBootPhase_520_com.android.server.BinderCallsStatsService$LifeCycle
12-14 03:22:22.744 1485 1485 I SystemServerTiming: OnBootPhase_520_com.android.server.LooperStatsService$Lifecycle
12-14 03:22:22.744 1485 1485 I SystemServerTiming: OnBootPhase_520_com.android.server.rollback.RollbackManagerService
12-14 03:22:22.744 1485 1485 I SystemServerTiming: OnBootPhase_520_com.android.server.os.NativeTombstoneManagerService
12-14 03:22:22.744 1485 1485 I SystemServerTiming: OnBootPhase_520_com.android.server.os.BugreportManagerService
12-14 03:22:22.744 1485 1485 I SystemServerTiming: OnBootPhase_520_com.android.server.gpu.GpuService
12-14 03:22:22.744 1485 1485 I SystemServerTiming: OnBootPhase_520_com.android.server.security.KeyChainSystemService
12-14 03:22:22.744 1485 1485 I SystemServerTiming: OnBootPhase_520_com.android.server.telecom.TelecomLoaderService
12-14 03:22:22.744 1485 1485 I SystemServerTiming: OnBootPhase_520_com.android.server.accounts.AccountManagerService$Lifecycle
12-14 03:22:22.744 1485 1485 I SystemServerTiming: OnBootPhase_520_com.android.server.content.ContentService$Lifecycle
12-14 03:22:22.744 1485 1485 I SystemServerTiming: OnBootPhase_520_com.android.server.DropBoxManagerService
12-14 03:22:22.744 1485 1485 I SystemServerTiming: OnBootPhase_520_com.android.role.RoleService
12-14 03:22:22.744 1485 1485 I SystemServerTiming: OnBootPhase_520_com.android.server.vibrator.VibratorManagerService$Lifecycle
12-14 03:22:22.744 1485 1485 I SystemServerTiming: OnBootPhase_520_com.android.server.alarm.AlarmManagerService
12-14 03:22:22.744 1485 1485 I SystemServerTiming: OnBootPhase_520_com.android.server.devicestate.DeviceStateManagerService
12-14 03:22:22.745 1485 1485 I SystemServerTiming: OnBootPhase_520_com.android.server.camera.CameraServiceProxy
12-14 03:22:22.745 1485 1485 I SystemServerTiming: OnBootPhase_520_com.android.server.BluetoothService
12-14 03:22:22.745 1485 1485 I SystemServerTiming: OnBootPhase_520_com.android.server.connectivity.IpConnectivityMetrics
12-14 03:22:22.745 1485 1485 I SystemServerTiming: OnBootPhase_520_com.android.server.net.watchlist.NetworkWatchlistService$Lifecycle
12-14 03:22:22.745 1485 1485 I SystemServerTiming: OnBootPhase_520_com.android.server.PinnerService
12-14 03:22:22.745 1485 1485 I SystemServerTiming: OnBootPhase_520_com.google.android.startop.iorap.IorapForwardingService
12-14 03:22:22.745 1485 1485 I SystemServerTiming: OnBootPhase_520_com.android.server.ActivityTriggerService
12-14 03:22:22.745 1485 1485 I SystemServerTiming: OnBootPhase_520_com.android.server.integrity.AppIntegrityManagerService
12-14 03:22:22.745 1485 1485 I SystemServerTiming: OnBootPhase_520_com.android.server.inputmethod.InputMethodManagerService$Lifecycle
12-14 03:22:22.745 1485 1485 I SystemServerTiming: OnBootPhase_520_com.android.server.accessibility.AccessibilityManagerService$Lifecycle
12-14 03:22:22.745 1485 1485 I SystemServerTiming: OnBootPhase_520_com.android.server.StorageManagerService$Lifecycle
12-14 03:22:22.745 1485 1485 I SystemServerTiming: OnBootPhase_520_com.android.server.usage.StorageStatsService$Lifecycle
12-14 03:22:22.745 1485 1485 I SystemServerTiming: OnBootPhase_520_com.android.server.UiModeManagerService
12-14 03:22:22.745 1485 1485 I SystemServerTiming: OnBootPhase_520_com.android.server.locksettings.LockSettingsService$Lifecycle
12-14 03:22:22.745 1485 1485 I SystemServerTiming: OnBootPhase_520_com.android.server.PersistentDataBlockService
12-14 03:22:22.745 1485 1485 I SystemServerTiming: OnBootPhase_520_com.android.server.testharness.TestHarnessModeService
12-14 03:22:22.745 1485 1485 I SystemServerTiming: OnBootPhase_520_com.android.server.oemlock.OemLockService
12-14 03:22:22.745 1485 1485 I SystemServerTiming: OnBootPhase_520_com.android.server.DeviceIdleController
12-14 03:22:22.745 1485 1485 I SystemServerTiming: OnBootPhase_520_com.android.server.devicepolicy.DevicePolicyManagerService$Lifecycle
12-14 03:22:22.745 1485 1485 I SystemServerTiming: OnBootPhase_520_com.android.server.texttospeech.TextToSpeechManagerService
12-14 03:22:22.745 1485 1485 I SystemServerTiming: OnBootPhase_520_com.android.server.speech.SpeechRecognitionManagerService
12-14 03:22:22.745 1485 1485 I SystemServerTiming: OnBootPhase_520_com.android.server.searchui.SearchUiManagerService
12-14 03:22:22.745 1485 1485 I SystemServerTiming: OnBootPhase_520_com.android.server.smartspace.SmartspaceManagerService
12-14 03:22:22.745 1485 1485 I SystemServerTiming: OnBootPhase_520_com.android.server.graphics.fonts.FontManagerService$Lifecycle
12-14 03:22:22.745 1485 1485 I SystemServerTiming: OnBootPhase_520_com.android.server.textservices.TextServicesManagerService$Lifecycle
12-14 03:22:22.745 1485 1485 I SystemServerTiming: OnBootPhase_520_com.android.server.textclassifier.TextClassificationManagerService$Lifecycle
12-14 03:22:22.745 1485 1485 I SystemServerTiming: OnBootPhase_520_com.android.server.NetworkScoreService$Lifecycle
12-14 03:22:22.745 1485 1485 I SystemServerTiming: OnBootPhase_520_com.android.server.wifi.WifiService
12-14 03:22:22.745 1485 1485 I SystemServerTiming: OnBootPhase_520_com.android.server.wifi.scanner.WifiScanningService
12-14 03:22:22.745 1485 1485 I SystemServerTiming: OnBootPhase_520_com.android.server.wifi.rtt.RttService
12-14 03:22:22.745 1485 1485 I SystemServerTiming: OnBootPhase_520_com.android.server.wifi.aware.WifiAwareService
12-14 03:22:22.745 1485 1485 I SystemServerTiming: OnBootPhase_520_com.android.server.wifi.p2p.WifiP2pService
12-14 03:22:22.745 1485 1485 I SystemServerTiming: OnBootPhase_520_com.android.server.ethernet.EthernetService
12-14 03:22:22.745 1485 1485 I SystemServerTiming: OnBootPhase_520_com.android.server.ConnectivityServiceInitializer
12-14 03:22:22.745 1485 1485 I SystemServerTiming: OnBootPhase_520_com.android.server.notification.NotificationManagerService
12-14 03:22:22.745 1485 1485 I SystemServerTiming: OnBootPhase_520_com.android.server.storage.DeviceStorageMonitorService
12-14 03:22:22.745 1485 1485 I SystemServerTiming: OnBootPhase_520_com.android.server.location.LocationManagerService$Lifecycle
12-14 03:22:22.745 1485 1485 I SystemServerTiming: OnBootPhase_520_com.android.server.timedetector.TimeDetectorService$Lifecycle
12-14 03:22:22.745 1485 1485 I SystemServerTiming: OnBootPhase_520_com.android.server.timezonedetector.TimeZoneDetectorService$Lifecycle
12-14 03:22:22.745 1485 1485 I SystemServerTiming: OnBootPhase_520_com.android.server.timezonedetector.location.LocationTimeZoneManagerService$Lifecycle
12-14 03:22:22.745 1485 1485 I SystemServerTiming: OnBootPhase_520_com.android.server.search.SearchManagerService$Lifecycle
12-14 03:22:22.745 1485 1485 I SystemServerTiming: OnBootPhase_520_com.android.server.wallpaper.WallpaperManagerService$Lifecycle
12-14 03:22:22.745 1485 1485 I SystemServerTiming: OnBootPhase_520_com.android.server.audio.AudioService$Lifecycle
12-14 03:22:22.745 1485 1485 I SystemServerTiming: OnBootPhase_520_com.android.server.soundtrigger_middleware.SoundTriggerMiddlewareService$Lifecycle
12-14 03:22:22.745 1485 1485 I SystemServerTiming: OnBootPhase_520_com.android.server.DockObserver
12-14 03:22:22.745 1485 1485 I SystemServerTiming: OnBootPhase_520_com.android.server.midi.MidiService$Lifecycle
12-14 03:22:22.745 1485 1485 I SystemServerTiming: OnBootPhase_520_com.android.server.adb.AdbService$Lifecycle
12-14 03:22:22.745 1485 1485 I SystemServerTiming: OnBootPhase_520_com.android.server.usb.UsbService$Lifecycle
12-14 03:22:22.745 1485 1485 I SystemServerTiming: OnBootPhase_520_com.android.server.twilight.TwilightService
12-14 03:22:22.745 1485 1485 I SystemServerTiming: OnBootPhase_520_com.android.server.display.color.ColorDisplayService
12-14 03:22:22.745 1485 1485 I SystemServerTiming: OnBootPhase_520_com.android.server.job.JobSchedulerService
12-14 03:22:22.745 1485 1485 I SystemServerTiming: OnBootPhase_520_com.android.server.soundtrigger.SoundTriggerService
12-14 03:22:22.745 1485 1485 D SoundTriggerService: onBootPhase: 520 : false
12-14 03:22:22.745 1485 1485 I SystemServerTiming: OnBootPhase_520_com.android.server.trust.TrustManagerService
12-14 03:22:22.745 1485 1485 I SystemServerTiming: OnBootPhase_520_com.android.server.backup.BackupManagerService$Lifecycle
12-14 03:22:22.745 1485 1485 I SystemServerTiming: OnBootPhase_520_com.android.server.appwidget.AppWidgetService
12-14 03:22:22.745 1485 1485 I SystemServerTiming: OnBootPhase_520_com.android.server.voiceinteraction.VoiceInteractionManagerService
12-14 03:22:22.745 1485 1485 I SystemServerTiming: OnBootPhase_520_com.android.server.apphibernation.AppHibernationService
12-14 03:22:22.745 1485 1485 I SystemServerTiming: OnBootPhase_520_com.android.server.GestureLauncherService
12-14 03:22:22.745 1485 1485 I SystemServerTiming: OnBootPhase_520_com.android.server.SensorNotificationService
12-14 03:22:22.745 1485 1485 I SystemServerTiming: OnBootPhase_520_com.android.server.emergency.EmergencyAffordanceService
12-14 03:22:22.745 1485 1485 I SystemServerTiming: OnBootPhase_520_com.android.server.blob.BlobStoreManagerService
12-14 03:22:22.745 1485 1485 I SystemServerTiming: OnBootPhase_520_com.android.server.dreams.DreamManagerService
12-14 03:22:22.745 1485 1485 I SystemServerTiming: OnBootPhase_520_com.android.server.companion.CompanionDeviceManagerService
12-14 03:22:22.745 1485 1485 I SystemServerTiming: OnBootPhase_520_com.android.server.restrictions.RestrictionsManagerService
12-14 03:22:22.745 1485 1485 I SystemServerTiming: OnBootPhase_520_com.android.server.media.MediaSessionService
12-14 03:22:22.745 1485 1485 I SystemServerTiming: OnBootPhase_520_com.android.server.media.MediaResourceMonitorService
12-14 03:22:22.745 1485 1485 I SystemServerTiming: OnBootPhase_520_com.android.server.biometrics.sensors.fingerprint.FingerprintService
12-14 03:22:22.745 1485 1485 I SystemServerTiming: OnBootPhase_520_com.android.server.biometrics.BiometricService
12-14 03:22:22.745 1485 1485 I SystemServerTiming: OnBootPhase_520_com.android.server.biometrics.AuthService
12-14 03:22:22.745 1485 1485 I SystemServerTiming: OnBootPhase_520_com.android.server.pm.ShortcutService$Lifecycle
12-14 03:22:22.745 1485 1485 I SystemServerTiming: OnBootPhase_520_com.android.server.pm.LauncherAppsService
12-14 03:22:22.745 1485 1485 I SystemServerTiming: OnBootPhase_520_com.android.server.pm.CrossProfileAppsService
12-14 03:22:22.745 1485 1485 I SystemServerTiming: OnBootPhase_520_com.android.server.people.PeopleService
12-14 03:22:22.745 1485 1485 I SystemServerTiming: OnBootPhase_520_com.android.server.media.metrics.MediaMetricsManagerService
12-14 03:22:22.745 1485 1485 I SystemServerTiming: OnBootPhase_520_com.android.server.media.projection.MediaProjectionManagerService
12-14 03:22:22.745 1485 1485 I SystemServerTiming: OnBootPhase_520_com.android.server.slice.SliceManagerService$Lifecycle
12-14 03:22:22.745 1485 1485 I SystemServerTiming: OnBootPhase_520_com.android.server.stats.StatsCompanion$Lifecycle
12-14 03:22:22.745 1485 1485 I SystemServerTiming: OnBootPhase_520_com.android.server.scheduling.RebootReadinessManagerService$Lifecycle
12-14 03:22:22.745 1485 1485 I SystemServerTiming: OnBootPhase_520_com.android.server.stats.pull.StatsPullAtomService
12-14 03:22:22.745 1485 1485 I SystemServerTiming: OnBootPhase_520_com.android.server.incident.IncidentCompanionService
12-14 03:22:22.745 1485 1485 I SystemServerTiming: OnBootPhase_520_com.android.server.MmsServiceBroker
12-14 03:22:22.745 1485 1485 I SystemServerTiming: OnBootPhase_520_com.android.server.autofill.AutofillManagerService
12-14 03:22:22.745 1485 1485 I SystemServerTiming: OnBootPhase_520_com.android.server.clipboard.ClipboardService
12-14 03:22:22.745 1485 1485 I SystemServerTiming: OnBootPhase_520_com.android.server.appbinding.AppBindingService$Lifecycle
12-14 03:22:22.745 1485 1485 I SystemServerTiming: OnBootPhase_520_com.android.server.tracing.TracingServiceProxy
12-14 03:22:22.745 1485 1485 I SystemServerTiming: OnBootPhase_520_com.android.server.policy.PermissionPolicyService
12-14 03:22:22.745 1485 1485 I SystemServerTiming: OnBootPhase_520_com.android.server.pm.StagingManager$Lifecycle
12-14 03:22:22.745 1485 1485 I SystemServerTiming: OnBootPhase_520_com.android.server.app.GameManagerService$Lifecycle
12-14 03:22:22.745 1485 1485 I SystemServerTiming: AppSearchManagerService
12-14 03:22:22.785 1485 1485 I SystemServiceManager: Starting com.android.server.appsearch.AppSearchManagerService
12-14 03:22:22.786 1485 1485 I SystemServerTiming: StartMediaCommunicationService
12-14 03:22:22.787 1485 1485 I SystemServiceManager: Starting com.android.server.media.MediaCommunicationService
12-14 03:22:22.787 1485 1485 I SystemServerTiming: PhaseActivityManagerReady
12-14 03:22:22.787 1485 1485 I SystemServerTiming: controllersReady
01-01 08:21:46.349 0 0 E : [MAX975X:max96755x_drm_notifier_callback] *ERROR* receives BLANK:UNBLANK
01-01 08:21:46.349 0 0 I cyttsp7_i2c_adapter 0-0024: FB event:1,blank:0
01-01 08:21:46.349 0 0 I cyttsp7_i2c_adapter 0-0024: drm_notifier_callback: UNBLANK! Resume by drm notifier.
12-14 03:22:22.789 1485 1701 I SystemServerTimingAsync: InitThreadPoolExec:Update app-ops uidState in case package com.android.providers.media.module changed
12-14 03:22:22.789 1485 1747 I SystemServerTimingAsync: InitThreadPoolExec:Update app-ops uidState in case package com.qualcomm.qtil.aptxui changed
12-14 03:22:22.789 1485 1789 I SystemServerTimingAsync: InitThreadPoolExec:Update app-ops uidState in case package com.android.systemui changed
12-14 03:22:22.789 1485 1566 I SystemServerTimingAsync: InitThreadPoolExec:Update app-ops uidState in case package com.qualcomm.location changed
12-14 03:22:22.789 1485 1687 I SystemServerTimingAsync: InitThreadPoolExec:Update app-ops uidState in case package com.baidu.input changed
12-14 03:22:22.789 1485 1700 I SystemServerTimingAsync: InitThreadPoolExec:Update app-ops uidState in case package com.android.deskclock changed
12-14 03:22:22.789 1485 1780 I SystemServerTimingAsync: InitThreadPoolExec:Update app-ops uidState in case package com.qualcomm.qti.workloadclassifier changed
12-14 03:22:22.789 1485 1701 I SystemServerTimingAsync: InitThreadPoolExec:Update app-ops uidState in case package com.android.providers.contacts changed
12-14 03:22:22.789 1485 1701 I SystemServerTimingAsync: InitThreadPoolExec:Update app-ops uidState in case package com.android.providers.calendar changed
12-14 03:22:22.789 1485 1780 I SystemServerTimingAsync: InitThreadPoolExec:Update app-ops uidState in case package com.android.soundpicker changed
12-14 03:22:22.789 1485 1687 I SystemServerTimingAsync: InitThreadPoolExec:Update app-ops uidState in case package android changed
12-14 03:22:22.789 1485 1687 I SystemServerTimingAsync: InitThreadPoolExec:Update app-ops uidState in case package com.thundercomm.tcsetupwizard changed
12-14 03:22:22.789 1485 1780 I SystemServerTimingAsync: InitThreadPoolExec:Update app-ops uidState in case package com.android.server.telecom changed
12-14 03:22:22.789 1485 1687 I SystemServerTimingAsync: InitThreadPoolExec:Update app-ops uidState in case package com.android.settings changed
12-14 03:22:22.789 1485 1683 I SystemServerTimingAsync: InitThreadPoolExec:Update app-ops uidState in case package com.hht.lebocast changed
12-14 03:22:22.789 1485 1701 I SystemServerTimingAsync: InitThreadPoolExec:Update app-ops uidState in case package com.android.bluetooth changed
12-14 03:22:22.790 1485 1485 I SystemServerTiming: killProcesses
12-14 03:22:22.790 1485 1485 I ActivityManager: System now ready
12-14 03:22:22.790 1485 1485 I SystemServerTiming: updateTopComponentForFactoryTest
12-14 03:22:22.790 1485 1485 I SystemServerTiming: registerActivityLaunchObserver
12-14 03:22:22.790 1485 1485 I SystemServerTiming: watchDeviceProvisioning
12-14 03:22:22.793 1485 1485 I SystemServerTiming: retrieveSettings
12-14 03:22:22.793 1485 1485 I ActivityTaskManager: Config changes=10000000 {1.0 ?mcc?mnc [zh_CN] ldltr sw680dp w1586dp h584dp 240dpi lrg long land finger -keyb/v/h -nav/h winConfig={ mBounds=Rect(0, 0 - 2380, 1020) mAppBounds=Rect(0, 0 - 2380, 948) mMaxBounds=Rect(0, 0 - 2380, 1020) mWindowingMode=fullscreen mDisplayWindowingMode=fullscreen mActivityType=undefined mAlwaysOnTop=undefined mRotation=ROTATION_0} s.8 fontWeightAdjustment=0}
12-14 03:22:22.794 1485 1485 I WindowManager: Override config changes=10000000 {1.0 ?mcc?mnc [zh_CN] ldltr sw680dp w1586dp h584dp 240dpi lrg long land finger -keyb/v/h -nav/h winConfig={ mBounds=Rect(0, 0 - 2380, 1020) mAppBounds=Rect(0, 0 - 2380, 948) mMaxBounds=Rect(0, 0 - 2380, 1020) mWindowingMode=fullscreen mDisplayWindowingMode=fullscreen mActivityType=undefined mAlwaysOnTop=undefined mRotation=ROTATION_0} s.8 fontWeightAdjustment=0} for displayId=0
12-14 03:22:22.794 1485 1485 I SystemServerTiming: Ugm.onSystemReady
12-14 03:22:22.797 1485 1485 I SystemServerTiming: updateForceBackgroundCheck
12-14 03:22:22.797 1485 1485 I SystemServer: Making services ready
12-14 03:22:22.797 1485 1485 I SystemServerTiming: StartActivityManagerReadyPhase
12-14 03:22:22.797 1485 1485 I SystemServiceManager: Starting phase 550
12-14 03:22:22.797 1485 1485 I SystemServerTiming: OnBootPhase_550
12-14 03:22:22.798 1485 1485 I SystemServerTiming: OnBootPhase_550_com.android.server.security.FileIntegrityService
12-14 03:22:22.798 1485 1485 I SystemServerTiming: OnBootPhase_550_com.android.server.pm.Installer
12-14 03:22:22.798 1485 1485 I SystemServerTiming: OnBootPhase_550_com.android.server.os.DeviceIdentifiersPolicyService
12-14 03:22:22.798 1485 1485 I SystemServerTiming: OnBootPhase_550_com.android.server.uri.UriGrantsManagerService$Lifecycle
12-14 03:22:22.798 1485 1485 I SystemServerTiming: OnBootPhase_550_com.android.server.powerstats.PowerStatsService
12-14 03:22:22.798 1485 1485 I SystemServerTiming: OnBootPhase_550_com.android.server.wm.ActivityTaskManagerService$Lifecycle
12-14 03:22:22.798 1485 1485 I SystemServerTiming: OnBootPhase_550_com.android.server.am.ActivityManagerService$Lifecycle
12-14 03:22:22.798 1485 1485 I SystemServerTiming: OnBootPhase_550_com.android.server.pm.DataLoaderManagerService
12-14 03:22:22.798 1485 1485 I SystemServerTiming: OnBootPhase_550_com.android.server.power.PowerManagerService
12-14 03:22:22.798 1485 1485 I SystemServerTiming: OnBootPhase_550_com.android.server.power.ThermalManagerService
12-14 03:22:22.799 1485 1485 I ThermalHalWrapper: Thermal HAL 2.0 service connected.
12-14 03:22:22.799 1485 1485 E ThermalHalWrapper: Couldn't get temperatures because of HAL error: ThermalHAL not initialized properly.
12-14 03:22:22.799 1485 1485 W ThermalManagerService: Thermal HAL reported invalid data, abort connection
12-14 03:22:22.799 1485 1485 E ThermalHalWrapper: Couldn't get temperature thresholds because of HAL error: ThermalHAL not initialized properly.
12-14 03:22:22.799 1485 1485 I SystemServerTiming: OnBootPhase_550_com.android.server.power.hint.HintManagerService
12-14 03:22:22.799 1485 1485 I SystemServerTiming: OnBootPhase_550_com.android.server.recoverysystem.RecoverySystemService$Lifecycle
12-14 03:22:22.799 1485 1485 I SystemServerTiming: OnBootPhase_550_com.android.server.lights.LightsService
12-14 03:22:22.799 1485 1485 I SystemServerTiming: OnBootPhase_550_com.android.server.display.DisplayManagerService
12-14 03:22:22.799 1485 1485 I SystemServerTiming: OnBootPhase_550_com.android.server.pm.verify.domain.DomainVerificationService
12-14 03:22:22.799 1485 1485 I SystemServerTiming: OnBootPhase_550_com.android.server.pm.PackageInstallerService$Lifecycle
12-14 03:22:22.799 1485 1485 I SystemServerTiming: OnBootPhase_550_com.android.server.pm.UserManagerService$LifeCycle
12-14 03:22:22.799 1485 1485 I SystemServerTiming: OnBootPhase_550_com.android.server.om.OverlayManagerService
12-14 03:22:22.799 1485 1485 I SystemServerTiming: OnBootPhase_550_com.android.server.SensorPrivacyService
12-14 03:22:22.799 1485 1485 I SystemServerTiming: OnBootPhase_550_com.android.server.sensors.SensorService
12-14 03:22:22.799 1485 1485 I SystemServerTiming: OnBootPhase_550_com.android.server.SystemConfigService
12-14 03:22:22.799 1485 1485 I SystemServerTiming: OnBootPhase_550_com.android.server.BatteryService
12-14 03:22:22.799 1485 1485 I SystemServerTiming: OnBootPhase_550_com.android.server.usage.UsageStatsService
12-14 03:22:22.799 1485 1485 I SystemServerTiming: OnBootPhase_550_com.android.server.webkit.WebViewUpdateService
12-14 03:22:22.799 1485 1485 I SystemServerTiming: OnBootPhase_550_com.android.server.CachedDeviceStateService
12-14 03:22:22.799 1485 1485 I SystemServerTiming: OnBootPhase_550_com.android.server.BinderCallsStatsService$LifeCycle
12-14 03:22:22.799 1485 1485 I SystemServerTiming: OnBootPhase_550_com.android.server.LooperStatsService$Lifecycle
12-14 03:22:22.799 1485 1485 I SystemServerTiming: OnBootPhase_550_com.android.server.rollback.RollbackManagerService
12-14 03:22:22.799 1485 1485 I SystemServerTiming: OnBootPhase_550_com.android.server.os.NativeTombstoneManagerService
12-14 03:22:22.799 1485 1485 I SystemServerTiming: OnBootPhase_550_com.android.server.os.BugreportManagerService
12-14 03:22:22.800 1485 1485 I SystemServerTiming: OnBootPhase_550_com.android.server.gpu.GpuService
12-14 03:22:22.800 1485 1485 I SystemServerTiming: OnBootPhase_550_com.android.server.security.KeyChainSystemService
12-14 03:22:22.800 1485 1485 I SystemServerTiming: OnBootPhase_550_com.android.server.telecom.TelecomLoaderService
12-14 03:22:22.801 1485 1485 W ActivityManager: Too early to start/bind service in system_server: Phase=550 ComponentInfo{com.android.server.telecom/com.android.server.telecom.components.TelecomService}
12-14 03:22:22.802 1485 1485 D CompatibilityChangeReporter: Compat change id reported: 168419799; UID 1000; state: DISABLED
12-14 03:22:22.802 1485 1485 W ActivityManager: Too early to start/bind service in system_server: Phase=550 ComponentInfo{com.android.server.telecom/com.android.server.telecom.components.TelecomService}
12-14 03:22:22.802 1485 1485 I SystemServerTiming: OnBootPhase_550_com.android.server.accounts.AccountManagerService$Lifecycle
12-14 03:22:22.802 1485 1485 I SystemServerTiming: OnBootPhase_550_com.android.server.content.ContentService$Lifecycle
12-14 03:22:22.803 1485 1485 I SyncManager: No initial accounts
12-14 03:22:22.804 1485 1485 I SystemServerTiming: OnBootPhase_550_com.android.server.DropBoxManagerService
12-14 03:22:22.804 1485 1485 I SystemServerTiming: OnBootPhase_550_com.android.role.RoleService
12-14 03:22:22.804 1485 1485 I SystemServerTiming: OnBootPhase_550_com.android.server.vibrator.VibratorManagerService$Lifecycle
12-14 03:22:22.804 1485 1485 I SystemServerTiming: OnBootPhase_550_com.android.server.alarm.AlarmManagerService
12-14 03:22:22.804 1485 1485 I SystemServerTiming: OnBootPhase_550_com.android.server.devicestate.DeviceStateManagerService
12-14 03:22:22.804 1485 1485 I SystemServerTiming: OnBootPhase_550_com.android.server.camera.CameraServiceProxy
12-14 03:22:22.804 1485 1485 I SystemServerTiming: OnBootPhase_550_com.android.server.BluetoothService
12-14 03:22:22.804 1485 1485 D BluetoothManagerService: Bluetooth boot completed
12-14 03:22:22.804 1485 1485 D BluetoothManagerService: Auto-enabling Bluetooth.
12-14 03:22:22.804 1485 1560 D BluetoothManagerService: MESSAGE_ENABLE(0): mBluetooth = null
12-14 03:22:22.804 1485 1560 D BluetoothManagerService: MESSAGE_ENABLE: handleEnable
12-14 03:22:22.804 1485 1560 D BluetoothManagerService: binding Bluetooth service
12-14 03:22:22.805 1485 1560 D CompatibilityChangeReporter: Compat change id reported: 135634846; UID 1002; state: DISABLED
12-14 03:22:22.805 1485 1560 D CompatibilityChangeReporter: Compat change id reported: 177438394; UID 1002; state: DISABLED
12-14 03:22:22.805 1485 1560 D CompatibilityChangeReporter: Compat change id reported: 135772972; UID 1002; state: DISABLED
12-14 03:22:22.805 1485 1560 D CompatibilityChangeReporter: Compat change id reported: 135754954; UID 1002; state: ENABLED
12-14 03:22:22.805 1485 1560 D BluetoothManagerService: Binding BT service. Current user: 0
12-14 03:22:22.806 1485 1485 I SystemServerTiming: OnBootPhase_550_com.android.server.connectivity.IpConnectivityMetrics
12-14 03:22:22.806 1485 1485 I SystemServerTiming: OnBootPhase_550_com.android.server.net.watchlist.NetworkWatchlistService$Lifecycle
12-14 03:22:22.807 1485 1485 I SystemServerTiming: OnBootPhase_550_com.android.server.PinnerService
12-14 03:22:22.807 1485 1485 I SystemServerTiming: OnBootPhase_550_com.google.android.startop.iorap.IorapForwardingService
12-14 03:22:22.807 1485 1485 I SystemServerTiming: OnBootPhase_550_com.android.server.ActivityTriggerService
12-14 03:22:22.807 1485 1485 I SystemServerTiming: OnBootPhase_550_com.android.server.integrity.AppIntegrityManagerService
12-14 03:22:22.807 1485 1485 I SystemServerTiming: OnBootPhase_550_com.android.server.inputmethod.InputMethodManagerService$Lifecycle
12-14 03:22:22.809 1485 1577 I ActivityManager: Start proc 1978:com.android.bluetooth/1002 for service {com.android.bluetooth/com.android.bluetooth.btservice.AdapterService}
12-14 03:22:22.812 1485 1485 W InputMethodManagerService: Default IME is uninstalled. Choose new default IME.
01-01 08:21:46.382 0 0 I binder : 1978:1978 ioctl 40046210 7fef98ccd4 returned -22
12-14 03:22:22.821 1485 1485 I SystemServerTiming: OnBootPhase_550_com.android.server.accessibility.AccessibilityManagerService$Lifecycle
12-14 03:22:22.821 1485 1485 I SystemServerTiming: OnBootPhase_550_com.android.server.StorageManagerService$Lifecycle
12-14 03:22:22.821 1485 1485 I SystemServerTiming: OnBootPhase_550_com.android.server.usage.StorageStatsService$Lifecycle
12-14 03:22:22.821 1485 1485 I SystemServerTiming: OnBootPhase_550_com.android.server.UiModeManagerService
12-14 03:22:22.821 1485 1485 I SystemServerTiming: OnBootPhase_550_com.android.server.locksettings.LockSettingsService$Lifecycle
12-14 03:22:22.822 1485 1485 I RebootEscrowManager: No reboot escrow data found for users, skipping loading escrow data
12-14 03:22:22.822 1485 1485 I SystemServerTiming: OnBootPhase_550_com.android.server.PersistentDataBlockService
12-14 03:22:22.822 1485 1485 I SystemServerTiming: OnBootPhase_550_com.android.server.testharness.TestHarnessModeService
12-14 03:22:22.822 1485 1485 I SystemServerTiming: OnBootPhase_550_com.android.server.oemlock.OemLockService
12-14 03:22:22.822 1485 1485 I SystemServerTiming: OnBootPhase_550_com.android.server.DeviceIdleController
12-14 03:22:22.822 1485 1485 I SystemServerTiming: OnBootPhase_550_com.android.server.devicepolicy.DevicePolicyManagerService$Lifecycle
12-14 03:22:22.822 1485 1485 I SystemServerTiming: OnBootPhase_550_com.android.server.texttospeech.TextToSpeechManagerService
12-14 03:22:22.822 1485 1485 I SystemServerTiming: OnBootPhase_550_com.android.server.speech.SpeechRecognitionManagerService
12-14 03:22:22.822 1485 1485 I SystemServerTiming: OnBootPhase_550_com.android.server.searchui.SearchUiManagerService
12-14 03:22:22.822 1485 1485 I SystemServerTiming: OnBootPhase_550_com.android.server.smartspace.SmartspaceManagerService
12-14 03:22:22.822 1485 1485 I SystemServerTiming: OnBootPhase_550_com.android.server.graphics.fonts.FontManagerService$Lifecycle
12-14 03:22:22.822 1485 1485 I SystemServerTiming: OnBootPhase_550_com.android.server.textservices.TextServicesManagerService$Lifecycle
12-14 03:22:22.822 1485 1485 I SystemServerTiming: OnBootPhase_550_com.android.server.textclassifier.TextClassificationManagerService$Lifecycle
12-14 03:22:22.822 1485 1485 I SystemServerTiming: OnBootPhase_550_com.android.server.NetworkScoreService$Lifecycle
12-14 03:22:22.822 1485 1485 I SystemServerTiming: OnBootPhase_550_com.android.server.wifi.WifiService
12-14 03:22:22.822 1485 1485 I SystemServerTiming: OnBootPhase_550_com.android.server.wifi.scanner.WifiScanningService
