12-14 03:23:25.282 1395 1427 D LOWI-9.0.0.87.a: [LOWICacheManager] putInCache:Num of Meas to add: 75
12-14 03:23:25.285 1395 1427 D LOWI-9.0.0.87.a: [LOWIController] processMeasurementResults: No current Request. Cache measurements
12-14 03:23:25.285 1395 1427 D LOWI-9.0.0.87.a: [LOWIController] sendAsyncScanResponse: Request FreeWifiScanObserver_0 is from a different client.
12-14 03:23:25.285 1395 1427 D LOWI-9.0.0.87.a: [LOWIController] generateResponse: Type (ASYNC_DISCOVERY_SCAN_RESULTS) ScanStatus (1) request FreeWifiScanObserver_0
12-14 03:23:25.285 1395 1427 D LOWI-9.0.0.87.a: [LOWIEventDispatcher] sendResponse - originator = FreeWifiScanObserver
12-14 03:23:25.285 1395 1427 D LOWI-9.0.0.87.a: [LOWIUtils] injectScanMeasurements - num of APs = 75
12-14 03:23:25.286 1395 1427 I LOWI-9.0.0.87.a: [LOWIUtils] responseToOutPostcard - TO: FreeWifiScanObserver, FROM: LOWI-SERVER, RESP: LOWI_ASYNC_DISCOVERY_SCAN_RESULTS
12-14 03:23:25.287 1395 1427 D LOWI-9.0.0.87.a: [LOWIControllerExtn] sendLOWILpDiscoveryScanResponse: Not a discovery scan response
12-14 03:23:25.291 1485 1876 W IE_Capabilities: Unknown RSN cipher suite: 6ac0f00
12-14 03:23:25.293 1485 1876 D WificondScannerImpl: Filtering out 37 scan results.
12-14 03:23:25.311 1485 1846 D PasspointManager: ANQP entry not found for: 62:e6:f0:dd:03:c7:
12-14 03:23:25.312 2282 2282 D WifiDebugService: onScanResultsAvailable
12-14 03:23:25.312 1485 1846 D PasspointManager: ANQP entry not found for: d8:32:14:df:f6:03:
12-14 03:23:25.313 1485 1846 D PasspointManager: ANQP entry not found for: ba:9f:09:60:32:1f:
12-14 03:23:25.314 1485 1846 D PasspointManager: ANQP entry not found for: 7c:b5:9b:6b:a4:31:
12-14 03:23:25.314 1485 1846 D PasspointManager: ANQP entry not found for: 7e:b5:9b:1b:a4:31:
12-14 03:23:25.359 2282 2282 D WifiDebugService: connect wifi SSID is :
12-14 03:23:25.375 639 654 I mpu_uart: [MSG-P:RECV]:No message received in 1000 ms
12-14 03:23:25.379 2282 2282 W WifiDebugService: find wifi : Guest
12-14 03:23:25.379 2282 2282 W WifiDebugService: find wifi : Testing
12-14 03:23:25.379 2282 2282 W WifiDebugService: find wifi : Guest
12-14 03:23:25.379 2282 2282 W WifiDebugService: find wifi : ZXHY
12-14 03:23:25.379 2282 2282 W WifiDebugService: find wifi : Fanya
12-14 03:23:25.380 2282 2282 W WifiDebugService: find wifi : ThunderSoft
12-14 03:23:25.380 2282 2282 W WifiDebugService: find wifi : GM
12-14 03:23:25.380 2282 2282 W WifiDebugService: find wifi : Testing
12-14 03:23:25.380 2282 2282 W WifiDebugService: find wifi : Guest
12-14 03:23:25.380 2282 2282 W WifiDebugService: find wifi : ThunderSoft_2.4G
12-14 03:23:25.380 2282 2282 W WifiDebugService: find wifi : ZXHY
12-14 03:23:25.380 2282 2282 W WifiDebugService: find wifi : Fanya
12-14 03:23:25.380 2282 2282 W WifiDebugService: find wifi : 123
12-14 03:23:25.380 2282 2282 W WifiDebugService: find wifi : Fanya
12-14 03:23:25.380 2282 2282 W WifiDebugService: find wifi :
12-14 03:23:25.380 2282 2282 W WifiDebugService: find wifi : TP-LINK_Figure_6d0405
12-14 03:23:25.380 2282 2282 W WifiDebugService: find wifi : Testing
12-14 03:23:25.380 2282 2282 W WifiDebugService: find wifi : Guest
12-14 03:23:25.380 2282 2282 W WifiDebugService: find wifi : ThunderSoft_2.4G
12-14 03:23:25.380 2282 2282 W WifiDebugService: find wifi : ZXHY
12-14 03:23:25.380 2282 2282 W WifiDebugService: find wifi : Fanya
12-14 03:23:25.380 2282 2282 W WifiDebugService: can not find target wifi ap : hht_test_wifi_fc4318c9
12-14 03:23:25.616 2701 2701 I hpplay-java: [main]:ServerTaskManager:restart by error
12-14 03:23:25.616 2701 2701 I hpplay-java: [main]:ServerTaskManager:startServer
12-14 03:23:25.617 2701 2701 I hpplay-java: [main]:ServerTaskManager:startServer add, reason: server is starting or running
12-14 03:23:25.617 2701 2701 I hpplay-java: [main]:ServerTaskManager:addStopTask
12-14 03:23:25.617 2701 2701 I hpplay-java: [main]:ServerTaskManager:addStartTask
12-14 03:23:25.617 2701 2701 I hpplay-java: [main]:ServerTaskManager:exeTask stopServer
12-14 03:23:25.617 2701 2701 I hpplay-java: [main]:Bridge:stopServer keepPush: false
12-14 03:23:25.617 2701 2701 D hpplay-base: [jniBridge:909] Bridge__1stopServer status:2
12-14 03:23:25.618 2701 2701 D hpplay-base: [LelinkBase:654] stopAllServer will start thread!
12-14 03:23:25.618 2701 4260 I hpplay-base: [mDNSEmbeded:65] embedded_mDNSExit call
12-14 03:23:25.618 2701 4186 D hpplay-base: [REventUtils:197] handleREventThread thread end!!,tid is 4186
12-14 03:23:25.618 2701 4185 D hpplay-base: [AEventUtils:588] handle AEvent thread end!!,tid is 4185
12-14 03:23:25.622 2701 4181 I hpplay-base: [mDNSEmbeded:140] embedded_mDNSLoop Exiting end,tid is 4181
12-14 03:23:25.623 2701 4260 D hpplay-base: [mDNSEmbeded:452] stopmDNSServer end stopmDNSNow=2, nRet=0
12-14 03:23:25.650 2378 4148 I OpenGLRenderer: Davey! duration=9223371962440ms; Flags=0, FrameTimelineVsyncId=4807, IntendedVsync=74414000141, Vsync=74414000141, InputEventId=0, HandleInputStart=74414356324, AnimationStart=74414358564, PerformTraversalsStart=74414382887, DrawStart=74414449762, FrameDeadline=74430666807, FrameInterval=74414352783, FrameStartTime=16666666, SyncQueued=74416092835, SyncStart=74416167106, IssueDrawCommandsStart=74416683928, SwapBuffers=74427378772, FrameCompleted=9223372036854775807, DequeueBufferDuration=23489, QueueBufferDuration=2209375, GpuCompleted=9223372036854775807, SwapBuffersCompleted=74430689137, DisplayPresentTime=0,
12-14 03:23:25.673 2701 4162 D hpplay-base: [stream_mirror_compat:1284] mirror stream begin to exit,server fd:71,thread_id:3046859200!!
12-14 03:23:25.673 2701 4162 D hpplay-base: [stream_mirror_compat:1323] ##screen stream exit successfully!!##
12-14 03:23:25.818 2701 4161 D hpplay-base: [Server:447] startHttpServer will END srv->serverType:0
12-14 03:23:25.818 2701 4161 D hpplay-base: [Server:646] startHttpServer cond srv_shutdown:1 connectNummber:0
12-14 03:23:25.819 2701 4161 D hpplay-base: [Server:669] startHttpServer wait cond END. srv_shutdown:1 connectNummber:0
12-14 03:23:25.819 2701 4161 D hpplay-base: [Server:457] HttpServer END, tid is 4161
12-14 03:23:25.890 2701 4182 I hpplay-base: [mDNSEmbeded:376] end lelink publish server, tid is 4182
12-14 03:23:25.890 2701 4260 D hpplay-base: [mDNSEmbeded:420] stopmLelinkServer end nRet=0
12-14 03:23:25.890 2701 4260 D hpplay-base: [LelinkBase:615] lebodlna stopServerThreadFunc dlnaEnable:1
12-14 03:23:25.890 2701 4260 D hpplay-base-dlna: [lebodlna_api:49] stop DMR
12-14 03:23:25.890 2701 4260 D hpplay-base-dlna: [lebodlna_api:344] m_pRender Release
01-01 08:22:49.459 0 0 D : mv2112_read_status
01-01 08:22:49.459 0 0 D mv2112_update_link: 3.0x901(1G): 0x84
01-01 08:22:49.459 0 0 D mv2112_update_link: 3.0x8109(100M): 0xc
01-01 08:22:49.459 0 0 D mv2112_update_link: link 0x4
01-01 08:22:49.459 0 0 D mv2112_read_status: autoneg is disabled
12-14 03:23:25.948 2701 4260 D hpplay-base-dlna: [UpnpDefine:867] DMRender release success
12-14 03:23:25.948 2701 4260 D hpplay-base-dlna: [lebodlna_api:352] m_pAVT Release
12-14 03:23:25.948 2701 4260 D hpplay-base-dlna: [lebodlna_api:360] m_pRCS Release
12-14 03:23:25.948 2701 4260 D hpplay-base-dlna: [lebodlna_api:365] dmrender destroydmr
12-14 03:23:26.133 2378 2378 I DashboardFragment: onPreferenceTreeClick: onPreferenceTreeClick::com.android.settings.deviceinfo.aboutphone.MyDeviceInfoFragment
12-14 03:23:26.135 2378 2378 I TopLevelSettings: TopLevelSettings: TopLevelSettings::com.android.settings.deviceinfo.aboutphone.MyDeviceInfoFragment
12-14 03:23:26.247 2378 2378 I TetheringManager: unregisterTetheringEventCallback caller:com.android.settings
12-14 03:23:26.248 1485 1956 I EthernetNetworkFactory: networkForRequest, request: NetworkRequest [ REQUEST id=61, [ Capabilities: INTERNET&NOT_RESTRICTED&TRUSTED&NOT_VCN_MANAGED Uid: 1000 RequestorUid: 1000 RequestorPkg: com.android.settings] ], network: NetworkInterfaceState{ refCount: 4, iface: eth0, up: true, hwAddress: 00:80:0f:74:31:00, networkCapabilities: [ Transports: ETHERNET Capabilities: NOT_METERED&INTERNET&NOT_RESTRICTED&TRUSTED&NOT_VPN&NOT_ROAMING&NOT_CONGESTED&NOT_SUSPENDED&NOT_VCN_MANAGED LinkUpBandwidth>=100000Kbps LinkDnBandwidth>=100000Kbps], networkAgent: com.android.server.ethernet.EthernetNetworkFactory$NetworkInterfaceState$1@ee55332, score: 70, ipClient: android.net.ip.IIpClient$Stub$Proxy@46e3649,linkProperties: {InterfaceName: eth0 LinkAddresses: [ fe80::75d6:35f9:4f9e:8663/64,192.168.0.18/24 ] DnsAddresses: [ /1.1.1.1,/192.168.0.1 ] Domains: null MTU: 0 ServerAddress: /192.168.0.1 TcpBufferSizes: 524288,1048576,3145728,524288,1048576,2097152 Routes: [ fe80::/64 -> :: eth0 mtu 0,192.168.0.0/24 -> 0.0.0.0 eth0 mtu 0,0.0.0.0/0 -> 192.168.0.1 eth0 mtu 0 ]}}
12-14 03:23:26.249 2701 4260 D hpplay-base-dlna: [lebodlna-dlna_android:186] stopDLNA
12-14 03:23:26.249 2701 4260 D hpplay-base-dlna: [lebodlna-dlna_android:189] dlnaservice destroy
12-14 03:23:26.249 2701 4260 D hpplay-base-dlna: [lebodlna-dlna_android:49] dlnaservice Destroy 49 int CDlnaService::Destroy()
12-14 03:23:26.249 2701 4260 D hpplay-base-dlna: [lebodlna-dlnaframe:245] dlnaservice Destroy 245 static ERROR_TYPE IDlnaFrame::DestroyDlnaFrame(IDlnaFrame *)
12-14 03:23:26.249 2701 4260 D hpplay-base-dlna: [lebodlna-dlnaframe:179] dlnaservice Destroy 179 virtual void CDlnaFrame::Release()
12-14 03:23:26.249 2701 4260 D hpplay-base-dlna: [lebodlna-dlnaframe:190] dlnaservice Destroy 190 virtual void CDlnaFrame::Release()
12-14 03:23:26.249 2701 4260 D hpplay-base-dlna: [lebodlna-dlnaframe:192] dlnaservice Destroy 192 virtual void CDlnaFrame::Release()
12-14 03:23:26.249 2701 4260 D hpplay-base-dlna: [lebodlna-dlnaframe:247] dlnaservice Destroy 247 static ERROR_TYPE IDlnaFrame::DestroyDlnaFrame(IDlnaFrame *)
12-14 03:23:26.249 2701 4260 D hpplay-base-dlna: [lebodlna-dlnaframe:251] dlnaservice Destroy 251 static ERROR_TYPE IDlnaFrame::DestroyDlnaFrame(IDlnaFrame *)
12-14 03:23:26.250 1485 1956 I EthernetNetworkFactory: networkForRequest, request: NetworkRequest [ REQUEST id=58, [ Capabilities: INTERNET&NOT_RESTRICTED&TRUSTED&NOT_VCN_MANAGED Uid: 1000 RequestorUid: 1000 RequestorPkg: com.android.settings] ], network: NetworkInterfaceState{ refCount: 3, iface: eth0, up: true, hwAddress: 00:80:0f:74:31:00, networkCapabilities: [ Transports: ETHERNET Capabilities: NOT_METERED&INTERNET&NOT_RESTRICTED&TRUSTED&NOT_VPN&NOT_ROAMING&NOT_CONGESTED&NOT_SUSPENDED&NOT_VCN_MANAGED LinkUpBandwidth>=100000Kbps LinkDnBandwidth>=100000Kbps], networkAgent: com.android.server.ethernet.EthernetNetworkFactory$NetworkInterfaceState$1@ee55332, score: 70, ipClient: android.net.ip.IIpClient$Stub$Proxy@46e3649,linkProperties: {InterfaceName: eth0 LinkAddresses: [ fe80::75d6:35f9:4f9e:8663/64,192.168.0.18/24 ] DnsAddresses: [ /1.1.1.1,/192.168.0.1 ] Domains: null MTU: 0 ServerAddress: /192.168.0.1 TcpBufferSizes: 524288,1048576,3145728,524288,1048576,2097152 Routes: [ fe80::/64 -> :: eth0 mtu 0,192.168.0.0/24 -> 0.0.0.0 eth0 mtu 0,0.0.0.0/0 -> 192.168.0.1 eth0 mtu 0 ]}}
12-14 03:23:26.252 1485 1956 I EthernetNetworkFactory: networkForRequest, request: NetworkRequest [ REQUEST id=55, [ Capabilities: INTERNET&NOT_RESTRICTED&TRUSTED&NOT_VCN_MANAGED Uid: 1000 RequestorUid: 1000 RequestorPkg: com.android.settings] ], network: NetworkInterfaceState{ refCount: 2, iface: eth0, up: true, hwAddress: 00:80:0f:74:31:00, networkCapabilities: [ Transports: ETHERNET Capabilities: NOT_METERED&INTERNET&NOT_RESTRICTED&TRUSTED&NOT_VPN&NOT_ROAMING&NOT_CONGESTED&NOT_SUSPENDED&NOT_VCN_MANAGED LinkUpBandwidth>=100000Kbps LinkDnBandwidth>=100000Kbps], networkAgent: com.android.server.ethernet.EthernetNetworkFactory$NetworkInterfaceState$1@ee55332, score: 70, ipClient: android.net.ip.IIpClient$Stub$Proxy@46e3649,linkProperties: {InterfaceName: eth0 LinkAddresses: [ fe80::75d6:35f9:4f9e:8663/64,192.168.0.18/24 ] DnsAddresses: [ /1.1.1.1,/192.168.0.1 ] Domains: null MTU: 0 ServerAddress: /192.168.0.1 TcpBufferSizes: 524288,1048576,3145728,524288,1048576,2097152 Routes: [ fe80::/64 -> :: eth0 mtu 0,192.168.0.0/24 -> 0.0.0.0 eth0 mtu 0,0.0.0.0/0 -> 192.168.0.1 eth0 mtu 0 ]}}
12-14 03:23:26.252 2701 4260 E hpplay-base-dlna: upnpapi.c:655::before gminiserver ThreadPoolShutdown
12-14 03:23:26.252 2701 4260 E hpplay-base-dlna: ThreadPool.c:1047::on ThreadPoolShutdown tp->totalThreads:2
12-14 03:23:26.253 2701 4260 E hpplay-base-dlna: ThreadPool.c:1047::on ThreadPoolShutdown tp->totalThreads:1
12-14 03:23:26.253 2701 4260 E hpplay-base-dlna: ThreadPool.c:1056::after ThreadPoolShutdown
12-14 03:23:26.253 2701 4260 E hpplay-base-dlna: ThreadPool.c:1057::ThreadPoolShutdown tp->totalThreads:0
12-14 03:23:26.253 2701 4260 E hpplay-base-dlna: upnpapi.c:657::after gminiserver ThreadPoolShutdown
12-14 03:23:26.253 2701 4260 E hpplay-base-dlna: upnpapi.c:659::before grecv ThreadPoolShutdown
12-14 03:23:26.253 2701 4260 E hpplay-base-dlna: ThreadPool.c:1047::on ThreadPoolShutdown tp->totalThreads:12
12-14 03:23:26.254 2701 4260 E hpplay-base-dlna: ThreadPool.c:1047::on ThreadPoolShutdown tp->totalThreads:9
12-14 03:23:26.254 2701 4260 E hpplay-base-dlna: ThreadPool.c:1047::on ThreadPoolShutdown tp->totalThreads:8
12-14 03:23:26.254 2701 4260 E hpplay-base-dlna: ThreadPool.c:1047::on ThreadPoolShutdown tp->totalThreads:7
12-14 03:23:26.254 2701 4260 E hpplay-base-dlna: ThreadPool.c:1047::on ThreadPoolShutdown tp->totalThreads:6
12-14 03:23:26.254 2701 4260 E hpplay-base-dlna: ThreadPool.c:1047::on ThreadPoolShutdown tp->totalThreads:5
12-14 03:23:26.254 2701 4260 E hpplay-base-dlna: ThreadPool.c:1047::on ThreadPoolShutdown tp->totalThreads:4
12-14 03:23:26.255 2701 4260 E hpplay-base-dlna: ThreadPool.c:1047::on ThreadPoolShutdown tp->totalThreads:1
12-14 03:23:26.255 2701 4260 E hpplay-base-dlna: ThreadPool.c:1056::after ThreadPoolShutdown
12-14 03:23:26.255 2701 4260 E hpplay-base-dlna: ThreadPool.c:1057::ThreadPoolShutdown tp->totalThreads:0
12-14 03:23:26.255 2701 4260 E hpplay-base-dlna: upnpapi.c:661::after grecv ThreadPoolShutdown
12-14 03:23:26.255 2701 4260 E hpplay-base-dlna: upnpapi.c:663::before gsend ThreadPoolShutdown
12-14 03:23:26.255 2701 4260 E hpplay-base-dlna: ThreadPool.c:1047::on ThreadPoolShutdown tp->totalThreads:2
12-14 03:23:26.255 2701 4260 E hpplay-base-dlna: ThreadPool.c:1047::on ThreadPoolShutdown tp->totalThreads:1
12-14 03:23:26.255 2701 4260 E hpplay-base-dlna: ThreadPool.c:1056::after ThreadPoolShutdown
12-14 03:23:26.255 2701 4260 E hpplay-base-dlna: ThreadPool.c:1057::ThreadPoolShutdown tp->totalThreads:0
12-14 03:23:26.256 2701 4260 E hpplay-base-dlna: upnpapi.c:665::after gsend ThreadPoolShutdown
12-14 03:23:26.256 2701 4260 D hpplay-base-dlna: [lebodlna-dlnaframe:253] dlnaservice Destroy 253 static ERROR_TYPE IDlnaFrame::DestroyDlnaFrame(IDlnaFrame *)
12-14 03:23:26.256 2701 4260 D hpplay-base-dlna: [lebodlna-dlna_android:51] dlnaservice Destroy 51 int CDlnaService::Destroy()
12-14 03:23:26.256 2701 4260 D hpplay-base-dlna: [lebodlna-dlna_android:194] stopDLNA end
12-14 03:23:26.259 2378 2378 D PrefCtrlListHelper: Could not find Context-only controller for pref: com.android.settings.deviceinfo.DeviceNamePreferenceController
12-14 03:23:26.260 2378 2378 D PrefCtrlListHelper: Could not find Context-only controller for pref: com.android.settings.deviceinfo.BrandedAccountPreferenceController
12-14 03:23:26.260 2378 2378 D PrefCtrlListHelper: Could not find Context-only controller for pref: com.android.settings.deviceinfo.PhoneNumberPreferenceController
12-14 03:23:26.261 2378 2378 D PrefCtrlListHelper: Could not find Context-only controller for pref: com.android.settings.deviceinfo.HardwareInfoPreferenceController
12-14 03:23:26.261 2378 2378 D PrefCtrlListHelper: Could not find Context-only controller for pref: com.android.settings.deviceinfo.firmwareversion.FirmwareVersionPreferenceController
12-14 03:23:26.261 2378 2378 D PrefCtrlListHelper: Could not find Context-only controller for pref: com.android.settings.deviceinfo.BuildNumberPreferenceController
12-14 03:23:26.272 1485 1846 I WifiClientModeImpl: Get factory mac address: F0:74:E4:3A:19:18
12-14 03:23:26.273 1485 1846 I WifiClientModeImpl: Factory MAC address retrieved and stored in config store: f0:74:e4:3a:19:18
12-14 03:23:26.276 2378 2378 D MyDeviceInfoFragment: NO dashboard tiles for MyDeviceInfoFragment
12-14 03:23:26.276 2378 2378 D MyDeviceInfoFragment: All preferences added, reporting fully drawn
12-14 03:23:26.284 1485 1576 W BroadcastQueue: Permission Denial: broadcasting Intent { act=android.net.conn.CONNECTIVITY_CHANGE flg=0x4200010 (has extras) } from null (pid=-1, uid=-1) requires android.permission.CHANGE_NETWORK_STATE due to registered receiver BroadcastFilter{ddf00bf 1000/u0 ReceiverList{72946de 2378 com.android.settings/1000/u0 remote:e3c6619}}
12-14 03:23:26.284 1485 1576 W BroadcastQueue: Permission Denial: broadcasting Intent { act=android.net.wifi.STATE_CHANGE flg=0x4000010 (has extras) } from null (pid=-1, uid=-1) requires android.permission.CHANGE_NETWORK_STATE due to registered receiver BroadcastFilter{ddf00bf 1000/u0 ReceiverList{72946de 2378 com.android.settings/1000/u0 remote:e3c6619}}
12-14 03:23:26.284 1485 1576 W BroadcastQueue: Permission Denial: broadcasting Intent { act=android.net.conn.CONNECTIVITY_CHANGE flg=0x4200010 (has extras) } from null (pid=-1, uid=-1) requires android.permission.CHANGE_NETWORK_STATE due to registered receiver BroadcastFilter{77ef2ea 1000/u0 ReceiverList{1a44ad5 2378 com.android.settings/1000/u0 remote:ce7b38c}}
12-14 03:23:26.284 1485 1576 W BroadcastQueue: Permission Denial: broadcasting Intent { act=android.net.wifi.STATE_CHANGE flg=0x4000010 (has extras) } from null (pid=-1, uid=-1) requires android.permission.CHANGE_NETWORK_STATE due to registered receiver BroadcastFilter{77ef2ea 1000/u0 ReceiverList{1a44ad5 2378 com.android.settings/1000/u0 remote:ce7b38c}}
12-14 03:23:26.314 2378 2378 E ImsConnector: unregisterListener: mImsManager is null
12-14 03:23:26.375 639 654 I mpu_uart: [MSG-P:RECV]:No message received in 1000 ms
12-14 03:23:26.396 639 653 I mpu_uart: [MSG-P:R]:recv sync frame timeout
12-14 03:23:26.556 2701 4260 D hpplay-base: [stream_mirror_compat:1489] request to stop screen stream session!!
12-14 03:23:26.556 2701 4260 D hpplay-base: [AEventUtils:625] begin to stop event handle service!!
12-14 03:23:26.556 2701 4260 D hpplay-base: [AEventUtils:628] stop event handle service ok!!
12-14 03:23:26.556 2701 4260 D hpplay-base: [REventUtils:231] begin to stop report handle service!!
12-14 03:23:26.556 2701 4260 D hpplay-base: [REventUtils:234] stop report handle service ok!!
12-14 03:23:26.556 2701 4260 D hpplay-base: [lelinkSinkServer:711] HTTP Server stopSinkServer End .
12-14 03:23:26.556 2701 4260 D hpplay-base: [jniBridge:1135] notifyJavaServerStoped
12-14 03:23:26.556 2701 4260 D hpplay-base: [jniBridge:1726] notifyJava, what:202, castType:0, mimeType:0 baseStatus:4
12-14 03:23:26.556 2701 4260 D hpplay-base: [jniBridge:1727] notifyJava sessionID:(null)
12-14 03:23:26.558 2701 4260 I hpplay-java: [Thread-13]:Bridge:notify: what: 202
12-14 03:23:26.560 2701 4260 I hpplay-java: [Thread-13]:Bridge:notify: out: OutParameters:{audioSessionId=-1, audiotrackIndex=0, castHandleType=-1, castType=0, deviceName='', dlnaName='', dramaID='', extra=0, frameHandleType=-1, handleInside=true, headduration=0, header='', headers=null, isAD=false, isMultiMirror=false, lelinkVer='', limitTime=0, , mediaAlbum='null', mediaAlbumArtURI='', mediaArtist='null', mediaAssets='', mediaTitle='null', mimeType=0, multiSession=null, period=0, pinCode='', playSpeed=0.0, playerChoice=0, plugin=0, port=0, position=0.0, positionUnit=2, protocol=0, realSessionID='', regType='', , sinkIp='', sourceAPPVersion='', sourceChannel='', sourceClientInfo='', sourceDeviceInfo='', sourceDeviceModel='', sourceDeviceName='', sourceDeviceType=0, sourceHID='', , sourceInfo='', , , sourceOSVersion='', sourceSDKVersion='', sourceUid='', stopDetail=0, stopReason=0, tailduration=0, url='', urlID='', urls=null, userAgent='', videoDecoder=0, volume=0, what=202}com.hpplay.sdk.sink.protocol.OutParameters@e4301c1
12-14 03:23:26.560 2701 4260 I hpplay-java: [Thread-13]:Bridge:notify: address:156679526
12-14 03:23:26.560 2701 4260 D hpplay-base: [LelinkBase:645] stopServerThreadFunc notifyJavaServerStoped!
12-14 03:23:26.560 2701 2701 I hpplay-java: [main]:ServerTaskManager:startTimeOutCheck
12-14 03:23:26.560 2701 2701 I hpplay-java: [main]:ServerBusiness:stopDaemonBusiness
12-14 03:23:26.560 2701 2701 I hpplay-java: [main]:SinkDataReport:logout
12-14 03:23:26.561 2701 2701 I hpplay-java: [main]:EPControl:release
12-14 03:23:26.564 2701 3706 I hpplay-java: [AsyncTask #2]:GlideCreator:clearCache clearDiskCache
12-14 03:23:26.568 2701 2701 I hpplay-java: [main]:Dispatcher:notifyAllReverseControlsStop
12-14 03:23:26.568 2701 2701 I hpplay-java: [main]:Preference:checkFeature none
12-14 03:23:26.568 2701 2701 I hpplay-java: [main]:Dispatcher:notifyAllUIControlsStop set: []
12-14 03:23:26.568 2701 4156 W hpplay-java: NanoHTTPDServerRunnable:Communication with the client broken
12-14 03:23:26.568 2701 4156 W hpplay-java: java.net.SocketException: Socket closed
12-14 03:23:26.568 2701 4156 W hpplay-java: at java.net.PlainSocketImpl.socketAccept(PlainSocketImpl.java:213)
12-14 03:23:26.568 2701 4156 W hpplay-java: at java.net.AbstractPlainSocketImpl.accept(AbstractPlainSocketImpl.java:451)
12-14 03:23:26.568 2701 4156 W hpplay-java: at java.net.ServerSocket.implAccept(ServerSocket.java:547)
12-14 03:23:26.568 2701 4156 W hpplay-java: at java.net.ServerSocket.accept(ServerSocket.java:515)
12-14 03:23:26.568 2701 4156 W hpplay-java: at com.hpplay.nanohttpd.protocols.http.ServerRunnable.run(SourceFile:118)
12-14 03:23:26.568 2701 4156 W hpplay-java: at java.lang.Thread.run(Thread.java:920)
12-14 03:23:26.568 2701 2701 I hpplay-java: [main]:Bridge:findServiceID start out: 156679526
12-14 03:23:26.569 2701 2701 I hpplay-java: [main]:Bridge:findServiceID end
12-14 03:23:26.569 2701 2701 I hpplay-java: [main]:ServerTaskManager:onStop retry:true
12-14 03:23:26.569 2701 4156 I hpplay-java: NanoHTTPDNanoHTTPD:server is stoped
12-14 03:23:26.569 2701 2701 I hpplay-java: [main]:ServerTaskManager:cancelTimeOutCheck
12-14 03:23:26.569 2701 4156 I hpplay-java: NanoHTTPDNanoHTTPD:clear obj
12-14 03:23:26.570 2701 2701 I hpplay-java: [main]:IPManager:getActiveNets type: Ethernet
12-14 03:23:26.570 2701 2701 I hpplay-java: [main]:IPManager:getActiveNets eth0:true wifi:false mobile:false ap:false
12-14 03:23:26.570 2701 2701 I hpplay-java: [main]:IPManager:getIPAddress IP_ETH0
12-14 03:23:26.574 2701 2701 I hpplay-java: [main]:IPManager:updateIPAddress getIPAddress: 192.168.4.16 name:vlan4
12-14 03:23:26.574 2701 2701 I hpplay-java: [main]:IPManager:updateIPAddress getIPAddress: 192.168.8.16 name:vlan8
12-14 03:23:26.574 2701 2701 I hpplay-java: [main]:IPManager:updateIPAddress getIPAddress: 192.168.11.16 name:vlan11
12-14 03:23:26.574 2701 2701 I hpplay-java: [main]:IPManager:updateIPAddress getIPAddress: 192.168.0.18 name:eth0
12-14 03:23:26.574 2701 2701 I hpplay-java: [main]:IPManager:updateIPAddress getIPAddress: 192.168.0.16 name:vlan0
12-14 03:23:26.574 2701 2701 I hpplay-java: [main]:IPManager:updateIPAddress getIPAddress: 192.168.2.16 name:vlan2
12-14 03:23:26.574 2701 2701 I hpplay-java: [main]:IPManager:updateIPAddress getIPAddress: 192.168.1.16 name:vlan1
12-14 03:23:26.575 2701 2701 I hpplay-java: [main]:ServerTaskManager:exeTask startServer
12-14 03:23:26.575 2701 3709 I hpplay-java: [AsyncTask #3]:ServerBusiness:startDaemonBusiness
12-14 03:23:26.575 2701 2701 I hpplay-java: [main]:ServerTaskManager:startTimeOutCheck
12-14 03:23:26.575 2701 3710 I hpplay-java: [AsyncTask #4]:Bridge:assembleInParameters
12-14 03:23:26.575 2701 3709 I hpplay-java: [AsyncTask #3]:TimeOutCheckUtil:addTask id:upgrade
12-14 03:23:26.575 2701 3709 I hpplay-java: [AsyncTask #3]:TimeOutCheckUtil:addTask id:ijkupgrade
12-14 03:23:26.576 2701 3710 I hpplay-java: [AsyncTask #4]:Bridge:createDeviceId deviceId:OTM6MmE6ZWQ6OWE6ODg6ZjQ=
12-14 03:23:26.577 2701 3710 I hpplay-java: [AsyncTask #4]:IPManager:getActiveNets type: Ethernet
12-14 03:23:26.577 2701 3710 I hpplay-java: [AsyncTask #4]:IPManager:getActiveNets eth0:true wifi:false mobile:false ap:false
12-14 03:23:26.577 2701 3710 I hpplay-java: [AsyncTask #4]:IPManager:getIPAddress IP_ETH0
12-14 03:23:26.577 2701 4263 I hpplay-java: NanoHTTPDNanoHTTPD:server is started
12-14 03:23:26.577 2701 3710 I hpplay-java: [AsyncTask #4]:Preference:checkFeature none
12-14 03:23:26.577 2701 3710 I hpplay-java: [AsyncTask #4]:SWI:dlna tip
12-14 03:23:26.577 2701 3710 I hpplay-java: [AsyncTask #4]:SWI:lefp tip
12-14 03:23:26.577 2701 3710 I hpplay-java: [AsyncTask #4]:Bridge:assembleInParameters none alias name use device name: 高合娱乐副屏
12-14 03:23:26.578 2701 3710 I hpplay-java: [AsyncTask #4]:Feature:isSendAdvertisement
12-14 03:23:26.578 2701 3710 I hpplay-java: [AsyncTask #4]:Preference:checkFeature none
12-14 03:23:26.578 2701 3710 I hpplay-java: [AsyncTask #4]:Preference:checkFeature none
12-14 03:23:26.578 2701 3710 I hpplay-java: [AsyncTask #4]:Bridge:backupHpplayDat bakPath:
12-14 03:23:26.579 2701 3710 I hpplay-java: [AsyncTask #4]:Bridge:path:/data/user/0/com.hht.lebocast/files/hpplay/file/happyplay.dat
12-14 03:23:26.579 2701 3710 I hpplay-java: [AsyncTask #4]:Bridge:mAppId:21409
12-14 03:23:26.579 2701 3710 I hpplay-java: [AsyncTask #4]:Bridge:mode:3
12-14 03:23:26.579 2701 3710 I hpplay-java: [AsyncTask #4]:Bridge:type:1
12-14 03:23:26.579 2701 3710 I hpplay-java: [AsyncTask #4]:Bridge:SN:
12-14 03:23:26.579 2701 3710 I hpplay-java: [AsyncTask #4]:Preference:checkFeature none
12-14 03:23:26.579 2701 3710 I hpplay-java: [AsyncTask #4]:Bridge:backPath:
12-14 03:23:26.579 2701 3710 I hpplay-java: [AsyncTask #4]:DeviceUtil:getPermissionDid: 1
12-14 03:23:26.579 2701 3710 I hpplay-java: [AsyncTask #4]:DeviceUtil:getPermissionDid: 1
12-14 03:23:26.579 2701 3710 I hpplay-java: [AsyncTask #4]:Preference:checkFeature none
12-14 03:23:26.579 2701 3710 I hpplay-java: [AsyncTask #4]:Preference:checkFeature none
12-14 03:23:26.579 2701 3710 I hpplay-java: [AsyncTask #4]:Preference:checkFeature none
12-14 03:23:26.579 2701 3710 I hpplay-java: [AsyncTask #4]:Preference:checkFeature none
12-14 03:23:26.580 2701 3710 I hpplay-java: [AsyncTask #4]:Preference:checkFeature none
12-14 03:23:26.580 2701 3710 I hpplay-java: [AsyncTask #4]:Preference:checkFeature none
12-14 03:23:26.587 2701 3709 W hpplay-java: [AsyncTask #3]:ServerBusiness:startDaemonBusiness start LelinkHTTPD sucess 52288
12-14 03:23:26.605 2701 3710 W hpplay-java: [AsyncTask #4]:DeviceUtils:getDomain create lb domain
12-14 03:23:26.606 2701 3710 I hpplay-java: [AsyncTask #4]:Feature:getMirrorAudioVideoSync DISABLE
12-14 03:23:26.606 2701 3710 I hpplay-java: [AsyncTask #4]:Feature:checkSupportRedirectOtherApp,no set redirect api
12-14 03:23:26.606 2701 3710 I hpplay-java: [AsyncTask #4]:Feature:getRedirectSearchFlag,value: 0
12-14 03:23:26.608 2701 3710 I hpplay-java: [AsyncTask #4]:Bridge:mIn: InParameters{appInfo='0', appKey='21409', authMode=0, authPwd='null', broadcastDirection=0, broadcastState=1, broadcastTimeout=3, buildType='release', cacheAVPath='/data/user/0/com.hht.lebocast/cache/hpplay/av', cachePhotoPath='/data/user/0/com.hht.lebocast/cache/hpplay/image', channel='LEBO-APK--60146-25915', desPath='', , deviceName='高合娱乐副屏', dlna=1, dlnaCompany='null', dlnaCompanyURL='null', dlnaDeviceDescribe='null', dlnaDeviceName='null', dlnaDeviceURL='null', dlnaLelinkSwitch=1, dlnaManufacturer=0, dlnaName='高合娱乐副屏', dlnaUPC='', dlnaUUID='3f288de6-db6d-9afc-e832-b026316f0220', domain='Lebo-figure-3a22098011c4', drainage=0, feature='6655', fps=60, height=1080, host='null', , keyPath='/data/user/0/com.hht.lebocast/files/hpplay/file', lelinkfp=1, lelinkfp2=0, logBaseState=1, logPath='/storage/emulated/0/com.hht.lebocast/sink/sdk/common', , mdnsEnable=1, mirrorSyncType=0, netCastVer='2.0', packageName='com.hht.lebocast', packagePath='/data/user/0/com.hht.lebocast', permissionDid='3a:22:09:80:11:c4', permissionMode=3, permissionPreSN='', port=0, preemptMode=0, regType='_leboremote._tcp.', serverPorts=null, sockWaitTimeOut=45, teleControlPort=53388, tunnels=3, txtKeys=null, txtValues=null, uid='6835581672879883255', videoFrameType=1001, width=1920}com.hpplay.sdk.sink.protocol.InParameters@e2aadfc
12-14 03:23:26.608 2701 2701 I hpplay-java: [main]:Bridge:startServer state: 0
12-14 03:23:26.608 2701 2701 D hpplay-base: [jniBridge:185] not conference version
12-14 03:23:26.608 2701 2701 I hpplay-base: [jniBridge:241] 1initServer nSettingWidth=1920 nSettingHeight=1080 nSettingMaxFPS=60 dlnaEnable=1 lelinkFpEnable=1
12-14 03:23:26.608 2701 2701 D hpplay-base: [jniBridge:283] 1initServer cfg.leLinkIp=192.168.0.18
12-14 03:23:26.608 2701 2701 D hpplay-base: [jniBridge:286] 1initServer cfg.mPermissionMode=3
12-14 03:23:26.608 2701 2701 D hpplay-base: [jniBridge:304] 1initServer cfg.permissionDid=3a:22:09:80:11:c4000000000000000
12-14 03:23:26.608 2701 2701 D hpplay-base: [jniBridge:313] 1initServer cfg.mPermissionPreSN=00000000000000000000000000000000
12-14 03:23:26.608 2701 2701 D hpplay-base: [jniBridge:317] Bridge___1initServer status:0
12-14 03:23:26.608 2701 2701 I hpplay-base: [jniBridge:325] 1initServer cfg.feature=6655
12-14 03:23:26.609 2701 2701 D hpplay-base: [jniBridge:377] 1initServer isSendBroadCast=3
12-14 03:23:26.609 2701 2701 D hpplay-base: [jniBridge:380] 1initServer broadcastDirection=0
12-14 03:23:26.609 2701 2701 D hpplay-base: [jniBridge:382] 1initServer ipBroadcast direction=0
12-14 03:23:26.609 2701 2701 D hpplay-base: [jniBridge:387] 1initServer tunnel=3
12-14 03:23:26.609 2701 2701 D hpplay-base: [jniBridge:390] 1initServer drainage=0
12-14 03:23:26.609 2701 2701 D hpplay-base: [jniBridge:401] 1initServer mDNSEnable=1
12-14 03:23:26.609 2701 2701 D hpplay-base: [jniBridge:406] 1initServer nSockWaitTimeOut=45
12-14 03:23:26.609 2701 2701 D hpplay-base: [jniBridge:410] 1initServer nMirrorAudioVideoSync=0
12-14 03:23:26.609 2701 2701 I hpplay-base: [sign_check:168] checkSign strPackageName:com.hht.lebocast
12-14 03:23:26.609 2701 2701 I hpplay-base: [sign_check:169] checkSign buildType:release
12-14 03:23:26.609 2701 2701 I hpplay-base: [sign_check:170] checkSign appKey:21409
12-14 03:23:26.609 2701 2701 D hpplay-base: [LelinkBase:405] bridgeInit port: 0, lelinkfp: 0
12-14 03:23:26.609 2701 2701 D hpplay-base: [LelinkBase:462] bridgeInit mPackagePath =/data/user/0/com.hht.lebocast
12-14 03:23:26.609 2701 2701 D hpplay-base: [LelinkBase:463] bridgeInit mKeyPath =/data/user/0/com.hht.lebocast/files/hpplay/file
12-14 03:23:26.609 2701 2701 D hpplay-base: [SinkContext:97] initSinkContext mPackagePath =/data/user/0/com.hht.lebocast
12-14 03:23:26.609 2701 2701 D hpplay-base: [SinkContext:98] initSinkContext mKeyPath =/data/user/0/com.hht.lebocast/files/hpplay/file
12-14 03:23:26.609 2701 2701 D hpplay-base: [jniBridge:478] Java_com_hpplay_sdk_sink_protocol_Bridge__1initServer end
12-14 03:23:26.609 2701 2701 D hpplay-base: [jniBridge:869] Bridge__1startServer status:1
12-14 03:23:26.609 2701 2701 D hpplay-base: [LelinkBase:492] startAllServer at base
12-14 03:23:26.610 2701 2701 D hpplay-base: [lelinkSinkServer:152] httpPlugins_SetServerPort TYPE_SERVER_LELINK:52266
12-14 03:23:26.610 2701 2701 D hpplay-base: [network.c:362] protocol bind host :192.168.0.18 port:52266 curent bind port:52266
12-14 03:23:26.610 2701 2701 D hpplay-base: [lelinkSinkServer:681] HTTP Server real at:52266
12-14 03:23:26.610 2701 4268 D hpplay-base: [lelinkSinkServer:644] Connected Service Type:0
12-14 03:23:26.610 2701 4268 I hpplay-base: : (server.c.315) startServer listen_ing....:
12-14 03:23:26.610 2701 2701 D hpplay-base: [ScreenStream:1285] current bind port:7100
12-14 03:23:26.610 2701 4268 D hpplay-base: [Server:371] startHttpServer srv_sockets.used:1 nCurrentFd:70, tid is 4268
12-14 03:23:26.610 2701 2701 D hpplay-base: [LelinkBase:515] startAllServer pBaseContext->config.dlnaEnable:1
12-14 03:23:26.610 2701 2701 D hpplay-base: [lelinkDlna:324] addDMRCallback end
12-14 03:23:26.610 2701 4269 D hpplay-base: [stream_mirror_compat:759] compat mirror stream begin to run,server fd:71,thread_id:3045806528!!
12-14 03:23:26.612 2701 2701 E hpplay-base-dlna: miniserver.c:788::dlna_port(ipv4: 49152 ipv6:0)
12-14 03:23:26.663 2701 2701 D hpplay-base-dlna: [lebodlna-dlnaframe:166] succeed to load lebodlnaplugin
12-14 03:23:26.663 2701 2701 D hpplay-base-dlna: [lebodlna-dlnaframe:232] Succeed to load specified plugin:lebodlna_plugin
12-14 03:23:26.663 2701 2701 D hpplay-base: [lelinkDlna:328] startDLNAServer ret=0
12-14 03:23:26.663 2701 2701 D hpplay-base: [LelinkBase:531] startDLNAServer ret= 0
12-14 03:23:26.663 2701 2701 D hpplay-base: [lelinkDlna:342] setDMRFriendlyName 高合娱乐副屏
12-14 03:23:26.663 2701 2701 D hpplay-base-dlna: [lebodlna-dlna_android:136] setBroadcastTimeout mBroadcastTimeOut=66 status=3!
12-14 03:23:26.663 2701 2701 D hpplay-base-dlna: [lebodlna_api:32] start DMR
12-14 03:23:26.663 2701 2701 D hpplay-base-dlna: [UpnpDefine:434] RegisterDMRender invalid lelink info
12-14 03:23:26.664 2701 2701 D hpplay-base-dlna: [UpnpDefine:467] DLNA DEFAULT_DESCRIPTION
12-14 03:23:26.668 2701 2701 E hpplay-base-dlna: upnpapi.c:1078::Exiting RegisterRootDevice2 *Hnd =1, return value == 0
12-14 03:23:26.668 2701 2701 D hpplay-base-dlna: [CUpnpDevice:41] Register Root Device 2:0
12-14 03:23:26.668 2701 2701 D hpplay-base-dlna: [UpnpDefine:794] ESDMRender:Register success
12-14 03:23:26.668 2701 2701 D hpplay-base-dlna: [lebodlna_api:41] sendBroadcast mBroadcastTimeOut=3
12-14 03:23:26.668 2701 2701 D hpplay-base-dlna: [lebodlna_api:44] sendBroadcast timeout=66
12-14 03:23:26.725 2701 2701 D hpplay-base: [lelinkDlna:361] startDLNADevice dlnaManufacturer:0 ret=0
12-14 03:23:26.726 2701 2701 D hpplay-base: [LelinkBase:535] lelinkSetDlnaInfo ret= 0
12-14 03:23:26.726 2701 2701 D hpplay-base: [LelinkBase:547] startAllServer pBaseContext->config.mDNSEnable:1
12-14 03:23:26.726 2701 2701 D hpplay-base: [base_mdns:509] mdns net.hostname:
12-14 03:23:26.727 2701 2701 D hpplay-base: [base_mdns:529] mdns namelabel:-00-80-0F-74-31-00
12-14 03:23:26.727 2701 2701 D hpplay-base: [base_mdns:509] mdns net.hostname:
12-14 03:23:26.727 2701 2701 D hpplay-base: [base_mdns:529] mdns namelabel:-00-80-0F-74-31-00
12-14 03:23:26.727 2701 2701 D hpplay-base: [mdns:813] mdns start bind port:0
12-14 03:23:26.730 2701 2701 D hpplay-base: [mdns:813] mdns start bind port:5353
12-14 03:23:26.731 2701 2701 D hpplay-base: [mdns:813] mdns start bind port:5353
12-14 03:23:26.731 2701 2701 D hpplay-base: [mdns:813] mdns start bind port:5353
12-14 03:23:26.732 2701 2701 D hpplay-base: [mdns:813] mdns start bind port:5353
12-14 03:23:26.732 2701 2701 D hpplay-base: [mdns:813] mdns start bind port:5353
12-14 03:23:26.733 2701 2701 D hpplay-base: [mdns:813] mdns start bind port:5353
12-14 03:23:26.733 2701 2701 D hpplay-base: [mdns:813] mdns start bind port:5353
12-14 03:23:26.734 2701 2701 I hpplay-base: [mDNSEmbeded:57] embedded_mDNSInit stopmDNSNow:0 status:0
12-14 03:23:26.734 2701 2701 D hpplay-base: [mDNSEmbeded:436] startmDNSServer end nRet=0
12-14 03:23:26.734 2701 2701 D hpplay-base: [LelinkBase:555] lelink broadcast_on_off:1 log2java_on_off:1
12-14 03:23:26.734 2701 4286 D hpplay-base: [LelinkMDNS:729] leboAuthorizationCheck strUuid=3a:22:09:80:11:c4000000000000000
12-14 03:23:26.734 2701 4286 D hpplay-base: [LelinkMDNS:730] leboAuthorizationCheck mPermissionDid=3a:22:09:80:11:c4000000000000000
12-14 03:23:26.734 2701 4286 D hpplay-base: [LelinkMDNS:755] leboAuthorizationCheck mPermissionMac=3a:22:09:80:11:c4000000000000000
12-14 03:23:26.735 2701 4287 I hpplay-base: [mDNSEmbeded:268] start lelink publish server, tid is 4287
12-14 03:23:26.735 2701 4288 D hpplay-base: [mDNSEmbeded:197] http_port bind check 197 http_port_check
12-14 03:23:26.735 2701 2701 D hpplay-base: [AEventUtils:595] request to start event handle service!!
12-14 03:23:26.735 2701 2701 D hpplay-base: [AEventUtils:603] start_event_handle_service,begin to run!!
12-14 03:23:26.735 2701 2701 D hpplay-base: [REventUtils:210] start_event_handle_service,begin to run!!
12-14 03:23:26.735 2701 2701 D hpplay-base: [LelinkBase:576] startAllServer success .
12-14 03:23:26.735 2701 4290 D hpplay-base: [REventUtils:59] create handleREventThread thread ok!!,tid is 4290
12-14 03:23:26.735 2701 2701 D hpplay-base: [jniBridge:894] startDlna_link:http://192.168.0.18:49152/description.xml
12-14 03:23:26.736 2701 4291 D hpplay-base: [jniBridge:1081] notifyJavaDlnalink:http://192.168.0.18:49152/description.xml
12-14 03:23:26.736 2701 4289 D hpplay-base: [AEventUtils:171] create handle AEvent thread ok!!,tid is 4289
12-14 03:23:26.736 2701 4291 D hpplay-base: [jniBridge:1726] notifyJava, what:207, castType:0, mimeType:0 baseStatus:2
12-14 03:23:26.736 2701 4291 D hpplay-base: [jniBridge:1727] notifyJava sessionID:(null)
12-14 03:23:26.736 2701 4288 D hpplay-base: [mDNSEmbeded:217] http_port bind check 217 http_port_check
12-14 03:23:26.736 2701 4288 D hpplay-base: [mDNSEmbeded:222] http_port bind check 222 http_port_check
12-14 03:23:26.737 2701 4291 I hpplay-java: [Thread-15]:Bridge:notify: what: 207
12-14 03:23:26.738 2701 4288 D hpplay-base: [mDNSEmbeded:234] http_port bind check 234 http_port_check port:52266
12-14 03:23:26.739 2701 4288 D hpplay-base: [mDNSEmbeded:237] http_port bind check 237 http_port_check
12-14 03:23:26.739 2701 4291 I hpplay-java: [Thread-15]:Bridge:notify: out: OutParameters:{audioSessionId=-1, audiotrackIndex=0, castHandleType=-1, castType=0, deviceName='http://192.168.0.18:49152/description.xml', dlnaName='', dramaID='', extra=0, frameHandleType=-1, handleInside=true, headduration=0, header='', headers=null, isAD=false, isMultiMirror=false, lelinkVer='', limitTime=0, , mediaAlbum='null', mediaAlbumArtURI='', mediaArtist='null', mediaAssets='', mediaTitle='null', mimeType=0, multiSession=null, period=0, pinCode='', playSpeed=0.0, playerChoice=0, plugin=0, port=0, position=0.0, positionUnit=2, protocol=0, realSessionID='', regType='', , sinkIp='', sourceAPPVersion='', sourceChannel='', sourceClientInfo='', sourceDeviceInfo='', sourceDeviceModel='', sourceDeviceName='', sourceDeviceType=0, sourceHID='', , sourceInfo='', , , sourceOSVersion='', sourceSDKVersion='', sourceUid='', stopDetail=0, stopReason=0, tailduration=0, url='', urlID='', urls=null, userAgent='', videoDecoder=0, volume=0, what=207}com.hpplay.sdk.sink.protocol.OutParameters@b56133e
12-14 03:23:26.739 2701 4291 I hpplay-java: [Thread-15]:Bridge:notify: address:225920415
12-14 03:23:26.740 2701 4293 D hpplay-base: [lelinkSinkServer:93] new client connection from 127.0.0.1 42648, fd=97
12-14 03:23:26.740 2701 4293 D hpplay-base: [SinkContext:137] addSinkContextSession,begin to run!!
12-14 03:23:26.740 2701 4293 D hpplay-base: [SinkContext:142] addSinkContextSession,begin to get lock!!
12-14 03:23:26.740 2701 4293 D hpplay-base: [SinkContext:144] addSinkContextSession,get lock ok!!
12-14 03:23:26.740 2701 4293 D hpplay-base: [SinkContext:149] addSinkContextSession,session list is null,begin to malloc!!
12-14 03:23:26.740 2701 4293 D hpplay-base: [SinkContext:156] addSinkContextSession,begin to update!!
12-14 03:23:26.740 2701 4293 D hpplay-base: [SinkContext:160] addSinkContextSession,begin to update header!!
12-14 03:23:26.740 2701 4293 D hpplay-base: [SinkContext:172] addSinkContextSession,begin to unlock!!
12-14 03:23:26.740 2701 4293 D hpplay-base: [SinkContext:174] addSinkContextSession,unlock ok!!
12-14 03:23:26.740 2701 4293 D hpplay-base: [LelinkReceiver:4908] get ping !!!
12-14 03:23:26.740 2701 4288 D hpplay-base: [mDNSEmbeded:240] http_port bind check 240 http_port_check recieved:64
12-14 03:23:26.740 2701 4288 D hpplay-base: [mDNSEmbeded:243] http_port bind check 243 http_port_check
12-14 03:23:26.740 2701 4288 D hpplay-base: [mDNSEmbeded:244] http_port bind check ok!
01-01 08:22:50.483 0 0 D : mv2112_read_status
01-01 08:22:50.483 0 0 D mv2112_update_link: 3.0x901(1G): 0x84
01-01 08:22:50.483 0 0 D mv2112_update_link: 3.0x8109(100M): 0xc
01-01 08:22:50.483 0 0 D mv2112_update_link: link 0x4
01-01 08:22:50.483 0 0 D mv2112_read_status: autoneg is disabled
12-14 03:23:26.941 2701 4293 I hpplay-base: [LelinkReceiver:14605] _connectionFinalize (97)
12-14 03:23:26.941 2701 4293 D hpplay-base: [LelinkReceiver:14752] ###connectionFinalize,release ok!!###
12-14 03:23:27.077 1485 2696 E TaskPersister: File error accessing recents directory (directory doesn't exist?).
12-14 03:23:27.300 2701 3880 W hpplay-java: [AsyncTask #21]:HttpRequest:
12-14 03:23:27.302 2701 3880 W hpplay-java: [AsyncTask #21]:HttpRequest:
12-14 03:23:27.302 2046 3253 D NetworkMonitor/100: isDataStall: result=1, tcp packets received=0, latest tcp fail rate=0, consecutive dns timeout count=17
12-14 03:23:27.302 2046 3253 D NetworkMonitor/100: Suspecting data stall, reevaluate
12-14 03:23:27.302 1485 2801 D ConnectivityService: Data stall detected with methods: 1
12-14 03:23:27.302 2701 3880 W hpplay-java: [AsyncTask #21]:HttpRequest:
12-14 03:23:27.304 2046 4294 D NetworkMonitor/100: Validation disabled.
12-14 03:23:27.307 1485 1898 D ConnectivityService: [100 ETHERNET] validation passed
12-14 03:23:27.375 639 654 I mpu_uart: [MSG-P:RECV]:No message received in 1000 ms
01-01 08:22:51.507 0 0 D : mv2112_read_status
01-01 08:22:51.507 0 0 D mv2112_update_link: 3.0x901(1G): 0x84
01-01 08:22:51.507 0 0 D mv2112_update_link: 3.0x8109(100M): 0xc
01-01 08:22:51.507 0 0 D mv2112_update_link: link 0x4
01-01 08:22:51.507 0 0 D mv2112_read_status: autoneg is disabled
12-14 03:23:28.375 639 654 I mpu_uart: [MSG-P:RECV]:No message received in 1000 ms
12-14 03:23:28.780 2701 3868 W hpplay-java: [AsyncTask #18]:HttpRequest:
12-14 03:23:28.780 2701 3868 I hpplay-java: [AsyncTask #18]:HttpRequest:http://gslb.hpplay.cn/lebo-flux-sdk/sdk/info/upload path post
12-14 03:23:28.782 2046 3253 D NetworkMonitor/100: isDataStall: result=1, tcp packets received=0, latest tcp fail rate=0, consecutive dns timeout count=18
12-14 03:23:28.782 1485 2039 D ConnectivityService: Data stall detected with methods: 1
12-14 03:23:28.782 2701 3868 W hpplay-java: [AsyncTask #18]:HttpRequest:
12-14 03:23:28.782 2701 3868 I hpplay-java: [AsyncTask #18]:HttpRequest:http://gslb.hpplay.cn/lebo-flux-sdk/sdk/info/upload path post
12-14 03:23:28.782 2046 3253 D NetworkMonitor/100: Suspecting data stall, reevaluate
12-14 03:23:28.783 2701 3868 W hpplay-java: [AsyncTask #18]:HttpRequest:
12-14 03:23:28.784 2046 4295 D NetworkMonitor/100: Validation disabled.
12-14 03:23:28.788 2701 3866 W hpplay-java: [AsyncTask #16]:HttpRequest:
12-14 03:23:28.789 2701 3866 W hpplay-java: [AsyncTask #16]:HttpRequest:
12-14 03:23:28.790 1485 1898 D ConnectivityService: [100 ETHERNET] validation passed
12-14 03:23:28.790 2701 3866 W hpplay-java: [AsyncTask #16]:HttpRequest:
12-14 03:23:28.792 2046 3253 D NetworkMonitor/100: isDataStall: result=3, tcp packets received=0, latest tcp fail rate=200, consecutive dns timeout count=19
12-14 03:23:28.792 1485 1910 D ConnectivityService: Data stall detected with methods: 3
12-14 03:23:28.792 2046 3253 D NetworkMonitor/100: Suspecting data stall, reevaluate
12-14 03:23:28.793 2046 4296 D NetworkMonitor/100: Validation disabled.
12-14 03:23:28.796 1485 1898 D ConnectivityService: [100 ETHERNET] validation passed
01-01 08:22:52.531 0 0 D : mv2112_read_status
01-01 08:22:52.531 0 0 D mv2112_update_link: 3.0x901(1G): 0x84
01-01 08:22:52.531 0 0 D mv2112_update_link: 3.0x8109(100M): 0xc
01-01 08:22:52.531 0 0 D mv2112_update_link: link 0x4
01-01 08:22:52.531 0 0 D mv2112_read_status: autoneg is disabled
12-14 03:23:29.375 639 654 I mpu_uart: [MSG-P:RECV]:No message received in 1000 ms
12-14 03:23:29.398 639 653 I mpu_uart: [MSG-P:R]:recv sync frame timeout
12-14 03:23:29.827 0 0 W swapper/0: type=1400 audit(0.0:299): avc: denied { kill } for capability=5 scontext=u:r:kernel:s0 tcontext=u:r:kernel:s0 tclass=capability permissive=0
01-01 08:22:53.555 0 0 D : mv2112_read_status
01-01 08:22:53.555 0 0 D mv2112_update_link: 3.0x901(1G): 0x84
01-01 08:22:53.555 0 0 D mv2112_update_link: 3.0x8109(100M): 0xc
01-01 08:22:53.555 0 0 D mv2112_update_link: link 0x4
01-01 08:22:53.555 0 0 D mv2112_read_status: autoneg is disabled
12-14 03:23:30.079 1994 1994 D StatusBar: disable disable2
12-14 03:23:30.081 1485 1903 I GameModeConfig: isGameModeOn = false
12-14 03:23:30.081 1485 1903 I GameModeConfig: isGameModeOn = false
12-14 03:23:30.082 1485 1903 I GameModeConfig: isGameModeOn = false
12-14 03:23:30.082 1485 1903 I GameModeConfig: isGameModeOn = false
12-14 03:23:30.082 1485 1903 I GameModeConfig: isGameModeOn = false
12-14 03:23:30.117 1994 1994 W View : requestLayout() improperly called by android.widget.TextView{71ee83f V.ED..... ..S...ID 0,38-136,68 #7f0b00a4 app:id/app_label} during layout: running second layout pass
12-14 03:23:30.117 1994 1994 W View : requestLayout() improperly called by com.android.systemui.util.animation.UniqueObjectHostView{7ac528b V.E...... ......ID 0,0-636,344} during layout: running second layout pass
12-14 03:23:30.128 1485 1903 I GameModeConfig: isGameModeOn = false
12-14 03:23:30.128 1485 1903 I GameModeConfig: isGameModeOn = false
12-14 03:23:30.128 1485 1903 I GameModeConfig: isGameModeOn = false
12-14 03:23:30.128 1485 1903 I GameModeConfig: isGameModeOn = false
12-14 03:23:30.128 1485 1903 I GameModeConfig: isGameModeOn = false
12-14 03:23:30.141 1994 1994 W View : requestLayout() improperly called by android.widget.TextView{71ee83f V.ED..... ..S...ID 0,38-136,68 #7f0b00a4 app:id/app_label} during layout: running second layout pass
12-14 03:23:30.141 1994 1994 W View : requestLayout() improperly called by com.android.systemui.util.animation.UniqueObjectHostView{7ac528b V.E...... ......ID 0,0-636,344} during layout: running second layout pass
12-14 03:23:30.150 1994 1994 W View : requestLayout() improperly called by android.widget.TextView{71ee83f V.ED..... ..S..... 0,38-136,68 #7f0b00a4 app:id/app_label} during second layout pass: posting in next frame
12-14 03:23:30.162 1994 1994 W View : requestLayout() improperly called by android.widget.TextView{71ee83f V.ED..... ..S..... 0,38-96,68 #7f0b00a4 app:id/app_label} during second layout pass: posting in next frame
12-14 03:23:30.166 1485 1903 I GameModeConfig: isGameModeOn = false
12-14 03:23:30.166 1485 1903 I GameModeConfig: isGameModeOn = false
12-14 03:23:30.166 1485 1903 I GameModeConfig: isGameModeOn = false
12-14 03:23:30.166 1485 1903 I GameModeConfig: isGameModeOn = false
12-14 03:23:30.167 1485 1903 I GameModeConfig: isGameModeOn = false
12-14 03:23:30.178 1994 1994 W View : requestLayout() improperly called by com.android.systemui.util.animation.UniqueObjectHostView{7ac528b V.E...... ......ID 0,0-636,344} during layout: running second layout pass
12-14 03:23:30.185 1485 1903 I GameModeConfig: isGameModeOn = false
12-14 03:23:30.186 1485 1903 I GameModeConfig: isGameModeOn = false
12-14 03:23:30.186 1485 1903 I GameModeConfig: isGameModeOn = false
12-14 03:23:30.186 1485 1903 I GameModeConfig: isGameModeOn = false
12-14 03:23:30.186 1485 1903 I GameModeConfig: isGameModeOn = false
12-14 03:23:30.196 1994 1994 W View : requestLayout() improperly called by com.android.systemui.util.animation.UniqueObjectHostView{7ac528b V.E...... ......ID 0,0-636,344} during layout: running second layout pass
12-14 03:23:30.206 1485 1903 I GameModeConfig: isGameModeOn = false
12-14 03:23:30.207 1485 1903 I GameModeConfig: isGameModeOn = false
12-14 03:23:30.207 1485 1903 I GameModeConfig: isGameModeOn = false
12-14 03:23:30.207 1485 1903 I GameModeConfig: isGameModeOn = false
12-14 03:23:30.207 1485 1903 I GameModeConfig: isGameModeOn = false
12-14 03:23:30.208 1994 4119 I OpenGLRenderer: Davey! duration=9223371957879ms; Flags=0, FrameTimelineVsyncId=5149, IntendedVsync=78975028638, Vsync=78975028638, InputEventId=0, HandleInputStart=78975339239, AnimationStart=78975340125, PerformTraversalsStart=78982719656, DrawStart=78988167677, FrameDeadline=78991695304, FrameInterval=78975337052, FrameStartTime=16666666, SyncQueued=78988784968, SyncStart=78988845333, IssueDrawCommandsStart=78989029500, SwapBuffers=78989577625, FrameCompleted=9223372036854775807, DequeueBufferDuration=14791, QueueBufferDuration=919635, GpuCompleted=9223372036854775807, SwapBuffersCompleted=78990766270, DisplayPresentTime=0,
12-14 03:23:30.208 1994 4119 I OpenGLRenderer: Davey! duration=9223371957878ms; Flags=0, FrameTimelineVsyncId=5149, IntendedVsync=78975028638, Vsync=78975028638, InputEventId=0, HandleInputStart=78975339239, AnimationStart=78975340125, PerformTraversalsStart=78982719656, DrawStart=78989055229, FrameDeadline=78991695304, FrameInterval=78975337052, FrameStartTime=16666666, SyncQueued=78989064187, SyncStart=78990797520, IssueDrawCommandsStart=78990843823, SwapBuffers=78991172052, FrameCompleted=9223372036854775807, DequeueBufferDuration=8958, QueueBufferDuration=432343, GpuCompleted=9223372036854775807, SwapBuffersCompleted=78991716166, DisplayPresentTime=0,
12-14 03:23:30.216 1994 1994 W View : requestLayout() improperly called by com.android.systemui.util.animation.UniqueObjectHostView{7ac528b V.E...... ......ID 0,0-636,344} during layout: running second layout pass
12-14 03:23:30.225 1485 1903 I GameModeConfig: isGameModeOn = false
12-14 03:23:30.225 1485 1903 I GameModeConfig: isGameModeOn = false
12-14 03:23:30.226 1485 1903 I GameModeConfig: isGameModeOn = false
12-14 03:23:30.226 1485 1903 I GameModeConfig: isGameModeOn = false
12-14 03:23:30.226 1485 1903 I GameModeConfig: isGameModeOn = false
12-14 03:23:30.233 1994 1994 W View : requestLayout() improperly called by com.android.systemui.util.animation.UniqueObjectHostView{7ac528b V.E...... ......ID 0,0-636,344} during layout: running second layout pass
12-14 03:23:30.239 1485 1903 I GameModeConfig: isGameModeOn = false
