12-14 03:23:48.815 1383 1383 I update_engine: Mapped COW device for odm_b at /dev/block/dm-11
12-14 03:23:48.819 1383 1383 I update_engine: Zero-filling COW device: /dev/block/dm-11
12-14 03:23:48.830 1383 1383 I update_engine: Successfully unmapped snapshot product_b
12-14 03:23:48.827 0 0 W swapper/3: type=1400 audit(0.0:317): avc: denied { kill } for capability=5 scontext=u:r:kernel:s0 tcontext=u:r:kernel:s0 tclass=capability permissive=0
12-14 03:23:48.838 513 552 D vold : Disk at 252:11 changed
12-14 03:23:48.858 1383 1383 I update_engine: Mapped COW device for product_b at /dev/block/dm-11
12-14 03:23:48.861 1383 1383 I update_engine: Zero-filling COW device: /dev/block/dm-11
12-14 03:23:48.874 1383 1383 I update_engine: Successfully unmapped snapshot system_b
12-14 03:23:48.884 513 552 D vold : Disk at 252:11 changed
12-14 03:23:48.904 1383 1383 I update_engine: Mapped COW device for system_b at /dev/block/dm-11
12-14 03:23:48.907 1383 1383 I update_engine: Zero-filling COW device: /dev/block/dm-11
12-14 03:23:48.918 1383 1383 I update_engine: Successfully unmapped snapshot system_ext_b
12-14 03:23:48.928 513 552 D vold : Disk at 252:11 changed
12-14 03:23:48.948 1383 1383 I update_engine: Mapped COW device for system_ext_b at /dev/block/dm-11
12-14 03:23:48.952 1383 1383 I update_engine: Zero-filling COW device: /dev/block/dm-11
12-14 03:23:48.962 1383 1383 I update_engine: Successfully unmapped snapshot vendor_b
12-14 03:23:48.967 513 552 D vold : Disk at 252:11 changed
12-14 03:23:48.988 1383 1383 I update_engine: Mapped COW device for vendor_b at /dev/block/dm-11
12-14 03:23:48.991 1383 1383 I update_engine: Zero-filling COW device: /dev/block/dm-11
12-14 03:23:49.004 1383 1383 I update_engine: [liblp]Updated logical partition table at slot 1 on device super
12-14 03:23:49.008 566 566 I android.hardware.boot@1.1-service: [libfs_mgr]dt_fstab: Skip disabled entry for partition vendor
12-14 03:23:49.008 566 566 W android.hardware.boot@1.1-service: [libfs_mgr]Warning: unknown flag: resize
12-14 03:23:49.010 566 566 I android.hardware.boot@1.1-service: [libfs_mgr]dt_fstab: Skip disabled entry for partition vendor
12-14 03:23:49.010 566 566 W android.hardware.boot@1.1-service: [libfs_mgr]Warning: unknown flag: resize
12-14 03:23:49.012 566 566 I bootcontrolhal: set_snapshot_merge_status: MergeStatus = 0, current_slot = 0, returning: true
12-14 03:23:49.012 1383 1383 I update_engine: Successfully created all snapshots for target slot _b
12-14 03:23:49.014 1383 1383 I update_engine: [INFO:delta_performer.cc(826)] PreparePartitionsForUpdate done.
12-14 03:23:49.017 1383 1383 I update_engine: [libfs_mgr]dt_fstab: Skip disabled entry for partition vendor
12-14 03:23:49.019 1383 1383 I update_engine: [libfs_mgr]GetFstabPath()fstab_path:/odm/etc/fstab.default
12-14 03:23:49.020 1383 1383 I update_engine: [libfs_mgr]GetFstabPath()fstab_path:/vendor/etc/fstab.default
12-14 03:23:49.022 1383 1383 I update_engine: [libfs_mgr]GetFstabPath()fstab_path:/system/etc/fstab.default
12-14 03:23:49.023 1383 1383 I update_engine: [libfs_mgr]GetFstabPath()fstab_path:/first_stage_ramdisk/system/etc/fstab.default
12-14 03:23:49.024 1383 1383 I update_engine: [libfs_mgr]GetFstabPath()fstab_path:/fstab.default
12-14 03:23:49.025 1383 1383 I update_engine: [libfs_mgr]GetFstabPath()fstab_path:/first_stage_ramdisk/fstab.default
12-14 03:23:49.027 1383 1383 I update_engine: [libfs_mgr]GetFstabPath()fstab_path:/odm/etc/fstab.qcom
12-14 03:23:49.028 1383 1383 I update_engine: [libfs_mgr]GetFstabPath()fstab_path:/vendor/etc/fstab.qcom
12-14 03:23:49.029 1383 1383 I update_engine: [libfs_mgr]GetFstabPath()fstab_path.c_str():/vendor/etc/fstab.qcom
12-14 03:23:49.031 1383 1383 I update_engine: [INFO:dynamic_partition_control_android.cc(331)] Loaded metadata from slot B in /dev/block/bootdevice/by-name/super
12-14 03:23:49.033 1383 1383 I update_engine: [INFO:dynamic_partition_control_android.cc(1190)] abl_b is not in super partition metadata.
12-14 03:23:49.034 1383 1383 I update_engine: [INFO:dynamic_partition_control_android.cc(331)] Loaded metadata from slot A in /dev/block/bootdevice/by-name/super
12-14 03:23:49.036 1383 1383 I update_engine: [libfs_mgr]dt_fstab: Skip disabled entry for partition vendor
12-14 03:23:49.037 1383 1383 I update_engine: [libfs_mgr]GetFstabPath()fstab_path:/odm/etc/fstab.default
12-14 03:23:49.038 1383 1383 I update_engine: [libfs_mgr]GetFstabPath()fstab_path:/vendor/etc/fstab.default
12-14 03:23:49.039 1383 1383 I update_engine: [libfs_mgr]GetFstabPath()fstab_path:/system/etc/fstab.default
12-14 03:23:49.040 1383 1383 I update_engine: [libfs_mgr]GetFstabPath()fstab_path:/first_stage_ramdisk/system/etc/fstab.default
12-14 03:23:49.041 1383 1383 I update_engine: [libfs_mgr]GetFstabPath()fstab_path:/fstab.default
12-14 03:23:49.042 1383 1383 I update_engine: [libfs_mgr]GetFstabPath()fstab_path:/first_stage_ramdisk/fstab.default
12-14 03:23:49.044 1383 1383 I update_engine: [libfs_mgr]GetFstabPath()fstab_path:/odm/etc/fstab.qcom
12-14 03:23:49.045 1383 1383 I update_engine: [libfs_mgr]GetFstabPath()fstab_path:/vendor/etc/fstab.qcom
12-14 03:23:49.046 1383 1383 I update_engine: [libfs_mgr]GetFstabPath()fstab_path.c_str():/vendor/etc/fstab.qcom
12-14 03:23:49.048 1383 1383 I update_engine: [INFO:dynamic_partition_control_android.cc(331)] Loaded metadata from slot B in /dev/block/bootdevice/by-name/super
12-14 03:23:49.049 1383 1383 I update_engine: [INFO:dynamic_partition_control_android.cc(1190)] aop_b is not in super partition metadata.
12-14 03:23:49.050 1383 1383 I update_engine: [INFO:dynamic_partition_control_android.cc(331)] Loaded metadata from slot A in /dev/block/bootdevice/by-name/super
12-14 03:23:49.051 1383 1383 I update_engine: [libfs_mgr]dt_fstab: Skip disabled entry for partition vendor
12-14 03:23:49.053 1383 1383 I update_engine: [libfs_mgr]GetFstabPath()fstab_path:/odm/etc/fstab.default
12-14 03:23:49.054 1383 1383 I update_engine: [libfs_mgr]GetFstabPath()fstab_path:/vendor/etc/fstab.default
12-14 03:23:49.055 1383 1383 I update_engine: [libfs_mgr]GetFstabPath()fstab_path:/system/etc/fstab.default
12-14 03:23:49.056 1383 1383 I update_engine: [libfs_mgr]GetFstabPath()fstab_path:/first_stage_ramdisk/system/etc/fstab.default
12-14 03:23:49.057 1383 1383 I update_engine: [libfs_mgr]GetFstabPath()fstab_path:/fstab.default
12-14 03:23:49.058 1383 1383 I update_engine: [libfs_mgr]GetFstabPath()fstab_path:/first_stage_ramdisk/fstab.default
12-14 03:23:49.059 1383 1383 I update_engine: [libfs_mgr]GetFstabPath()fstab_path:/odm/etc/fstab.qcom
12-14 03:23:49.060 1383 1383 I update_engine: [libfs_mgr]GetFstabPath()fstab_path:/vendor/etc/fstab.qcom
12-14 03:23:49.061 1383 1383 I update_engine: [libfs_mgr]GetFstabPath()fstab_path.c_str():/vendor/etc/fstab.qcom
12-14 03:23:49.062 1383 1383 I update_engine: [INFO:dynamic_partition_control_android.cc(331)] Loaded metadata from slot B in /dev/block/bootdevice/by-name/super
12-14 03:23:49.063 1383 1383 I update_engine: [INFO:dynamic_partition_control_android.cc(1190)] bluetooth_b is not in super partition metadata.
12-14 03:23:49.065 1383 1383 I update_engine: [INFO:dynamic_partition_control_android.cc(331)] Loaded metadata from slot A in /dev/block/bootdevice/by-name/super
12-14 03:23:49.066 1383 1383 I update_engine: [libfs_mgr]dt_fstab: Skip disabled entry for partition vendor
12-14 03:23:49.067 1383 1383 I update_engine: [libfs_mgr]GetFstabPath()fstab_path:/odm/etc/fstab.default
12-14 03:23:49.068 1383 1383 I update_engine: [libfs_mgr]GetFstabPath()fstab_path:/vendor/etc/fstab.default
12-14 03:23:49.069 1383 1383 I update_engine: [libfs_mgr]GetFstabPath()fstab_path:/system/etc/fstab.default
12-14 03:23:49.070 1383 1383 I update_engine: [libfs_mgr]GetFstabPath()fstab_path:/first_stage_ramdisk/system/etc/fstab.default
12-14 03:23:49.071 1383 1383 I update_engine: [libfs_mgr]GetFstabPath()fstab_path:/fstab.default
12-14 03:23:49.072 1383 1383 I update_engine: [libfs_mgr]GetFstabPath()fstab_path:/first_stage_ramdisk/fstab.default
12-14 03:23:49.073 1383 1383 I update_engine: [libfs_mgr]GetFstabPath()fstab_path:/odm/etc/fstab.qcom
12-14 03:23:49.074 1383 1383 I update_engine: [libfs_mgr]GetFstabPath()fstab_path:/vendor/etc/fstab.qcom
12-14 03:23:49.075 1383 1383 I update_engine: [libfs_mgr]GetFstabPath()fstab_path.c_str():/vendor/etc/fstab.qcom
12-14 03:23:49.077 1383 1383 I update_engine: [INFO:dynamic_partition_control_android.cc(331)] Loaded metadata from slot B in /dev/block/bootdevice/by-name/super
12-14 03:23:49.078 1383 1383 I update_engine: [INFO:dynamic_partition_control_android.cc(1190)] boot_b is not in super partition metadata.
12-14 03:23:49.079 1383 1383 I update_engine: [INFO:dynamic_partition_control_android.cc(331)] Loaded metadata from slot A in /dev/block/bootdevice/by-name/super
12-14 03:23:49.080 1383 1383 I update_engine: [libfs_mgr]dt_fstab: Skip disabled entry for partition vendor
12-14 03:23:49.081 1383 1383 I update_engine: [libfs_mgr]GetFstabPath()fstab_path:/odm/etc/fstab.default
12-14 03:23:49.082 1383 1383 I update_engine: [libfs_mgr]GetFstabPath()fstab_path:/vendor/etc/fstab.default
12-14 03:23:49.083 1383 1383 I update_engine: [libfs_mgr]GetFstabPath()fstab_path:/system/etc/fstab.default
12-14 03:23:49.084 1383 1383 I update_engine: [libfs_mgr]GetFstabPath()fstab_path:/first_stage_ramdisk/system/etc/fstab.default
12-14 03:23:49.085 1383 1383 I update_engine: [libfs_mgr]GetFstabPath()fstab_path:/fstab.default
12-14 03:23:49.086 1383 1383 I update_engine: [libfs_mgr]GetFstabPath()fstab_path:/first_stage_ramdisk/fstab.default
12-14 03:23:49.087 1383 1383 I update_engine: [libfs_mgr]GetFstabPath()fstab_path:/odm/etc/fstab.qcom
12-14 03:23:49.088 1383 1383 I update_engine: [libfs_mgr]GetFstabPath()fstab_path:/vendor/etc/fstab.qcom
12-14 03:23:49.089 1383 1383 I update_engine: [libfs_mgr]GetFstabPath()fstab_path.c_str():/vendor/etc/fstab.qcom
12-14 03:23:49.091 1383 1383 I update_engine: [INFO:dynamic_partition_control_android.cc(331)] Loaded metadata from slot B in /dev/block/bootdevice/by-name/super
12-14 03:23:49.092 1383 1383 I update_engine: [INFO:dynamic_partition_control_android.cc(1190)] cmnlib_b is not in super partition metadata.
12-14 03:23:49.093 1383 1383 I update_engine: [INFO:dynamic_partition_control_android.cc(331)] Loaded metadata from slot A in /dev/block/bootdevice/by-name/super
12-14 03:23:49.094 1383 1383 I update_engine: [libfs_mgr]dt_fstab: Skip disabled entry for partition vendor
12-14 03:23:49.095 1383 1383 I update_engine: [libfs_mgr]GetFstabPath()fstab_path:/odm/etc/fstab.default
12-14 03:23:49.096 1383 1383 I update_engine: [libfs_mgr]GetFstabPath()fstab_path:/vendor/etc/fstab.default
12-14 03:23:49.097 1383 1383 I update_engine: [libfs_mgr]GetFstabPath()fstab_path:/system/etc/fstab.default
12-14 03:23:49.098 1383 1383 I update_engine: [libfs_mgr]GetFstabPath()fstab_path:/first_stage_ramdisk/system/etc/fstab.default
12-14 03:23:49.099 1383 1383 I update_engine: [libfs_mgr]GetFstabPath()fstab_path:/fstab.default
12-14 03:23:49.100 1383 1383 I update_engine: [libfs_mgr]GetFstabPath()fstab_path:/first_stage_ramdisk/fstab.default
12-14 03:23:49.101 1383 1383 I update_engine: [libfs_mgr]GetFstabPath()fstab_path:/odm/etc/fstab.qcom
12-14 03:23:49.102 1383 1383 I update_engine: [libfs_mgr]GetFstabPath()fstab_path:/vendor/etc/fstab.qcom
12-14 03:23:49.104 1383 1383 I update_engine: [libfs_mgr]GetFstabPath()fstab_path.c_str():/vendor/etc/fstab.qcom
12-14 03:23:49.105 1383 1383 I update_engine: [INFO:dynamic_partition_control_android.cc(331)] Loaded metadata from slot B in /dev/block/bootdevice/by-name/super
12-14 03:23:49.106 1383 1383 I update_engine: [INFO:dynamic_partition_control_android.cc(1190)] cmnlib64_b is not in super partition metadata.
12-14 03:23:49.107 1383 1383 I update_engine: [INFO:dynamic_partition_control_android.cc(331)] Loaded metadata from slot A in /dev/block/bootdevice/by-name/super
12-14 03:23:49.109 1383 1383 I update_engine: [libfs_mgr]dt_fstab: Skip disabled entry for partition vendor
12-14 03:23:49.110 1383 1383 I update_engine: [libfs_mgr]GetFstabPath()fstab_path:/odm/etc/fstab.default
12-14 03:23:49.111 1383 1383 I update_engine: [libfs_mgr]GetFstabPath()fstab_path:/vendor/etc/fstab.default
12-14 03:23:49.112 1383 1383 I update_engine: [libfs_mgr]GetFstabPath()fstab_path:/system/etc/fstab.default
12-14 03:23:49.113 1383 1383 I update_engine: [libfs_mgr]GetFstabPath()fstab_path:/first_stage_ramdisk/system/etc/fstab.default
12-14 03:23:49.114 1383 1383 I update_engine: [libfs_mgr]GetFstabPath()fstab_path:/fstab.default
12-14 03:23:49.115 1383 1383 I update_engine: [libfs_mgr]GetFstabPath()fstab_path:/first_stage_ramdisk/fstab.default
12-14 03:23:49.116 1383 1383 I update_engine: [libfs_mgr]GetFstabPath()fstab_path:/odm/etc/fstab.qcom
12-14 03:23:49.117 1383 1383 I update_engine: [libfs_mgr]GetFstabPath()fstab_path:/vendor/etc/fstab.qcom
12-14 03:23:49.118 1383 1383 I update_engine: [libfs_mgr]GetFstabPath()fstab_path.c_str():/vendor/etc/fstab.qcom
12-14 03:23:49.119 1383 1383 I update_engine: [INFO:dynamic_partition_control_android.cc(331)] Loaded metadata from slot B in /dev/block/bootdevice/by-name/super
12-14 03:23:49.120 1383 1383 I update_engine: [INFO:dynamic_partition_control_android.cc(1190)] devcfg_b is not in super partition metadata.
12-14 03:23:49.122 1383 1383 I update_engine: [INFO:dynamic_partition_control_android.cc(331)] Loaded metadata from slot A in /dev/block/bootdevice/by-name/super
12-14 03:23:49.123 1383 1383 I update_engine: [libfs_mgr]dt_fstab: Skip disabled entry for partition vendor
12-14 03:23:49.124 1383 1383 I update_engine: [libfs_mgr]GetFstabPath()fstab_path:/odm/etc/fstab.default
12-14 03:23:49.125 1383 1383 I update_engine: [libfs_mgr]GetFstabPath()fstab_path:/vendor/etc/fstab.default
12-14 03:23:49.126 1383 1383 I update_engine: [libfs_mgr]GetFstabPath()fstab_path:/system/etc/fstab.default
12-14 03:23:49.127 1383 1383 I update_engine: [libfs_mgr]GetFstabPath()fstab_path:/first_stage_ramdisk/system/etc/fstab.default
12-14 03:23:49.128 1383 1383 I update_engine: [libfs_mgr]GetFstabPath()fstab_path:/fstab.default
12-14 03:23:49.129 1383 1383 I update_engine: [libfs_mgr]GetFstabPath()fstab_path:/first_stage_ramdisk/fstab.default
12-14 03:23:49.130 1383 1383 I update_engine: [libfs_mgr]GetFstabPath()fstab_path:/odm/etc/fstab.qcom
12-14 03:23:49.131 1383 1383 I update_engine: [libfs_mgr]GetFstabPath()fstab_path:/vendor/etc/fstab.qcom
12-14 03:23:49.132 1383 1383 I update_engine: [libfs_mgr]GetFstabPath()fstab_path.c_str():/vendor/etc/fstab.qcom
12-14 03:23:49.134 1383 1383 I update_engine: [INFO:dynamic_partition_control_android.cc(331)] Loaded metadata from slot B in /dev/block/bootdevice/by-name/super
12-14 03:23:49.135 1383 1383 I update_engine: [INFO:dynamic_partition_control_android.cc(1190)] dsp_b is not in super partition metadata.
12-14 03:23:49.136 1383 1383 I update_engine: [INFO:dynamic_partition_control_android.cc(331)] Loaded metadata from slot A in /dev/block/bootdevice/by-name/super
12-14 03:23:49.137 1383 1383 I update_engine: [libfs_mgr]dt_fstab: Skip disabled entry for partition vendor
12-14 03:23:49.138 1383 1383 I update_engine: [libfs_mgr]GetFstabPath()fstab_path:/odm/etc/fstab.default
12-14 03:23:49.139 1383 1383 I update_engine: [libfs_mgr]GetFstabPath()fstab_path:/vendor/etc/fstab.default
12-14 03:23:49.140 1383 1383 I update_engine: [libfs_mgr]GetFstabPath()fstab_path:/system/etc/fstab.default
12-14 03:23:49.141 1383 1383 I update_engine: [libfs_mgr]GetFstabPath()fstab_path:/first_stage_ramdisk/system/etc/fstab.default
12-14 03:23:49.142 1383 1383 I update_engine: [libfs_mgr]GetFstabPath()fstab_path:/fstab.default
12-14 03:23:49.143 1383 1383 I update_engine: [libfs_mgr]GetFstabPath()fstab_path:/first_stage_ramdisk/fstab.default
12-14 03:23:49.144 1383 1383 I update_engine: [libfs_mgr]GetFstabPath()fstab_path:/odm/etc/fstab.qcom
12-14 03:23:49.145 1383 1383 I update_engine: [libfs_mgr]GetFstabPath()fstab_path:/vendor/etc/fstab.qcom
12-14 03:23:49.146 1383 1383 I update_engine: [libfs_mgr]GetFstabPath()fstab_path.c_str():/vendor/etc/fstab.qcom
12-14 03:23:49.148 1383 1383 I update_engine: [INFO:dynamic_partition_control_android.cc(331)] Loaded metadata from slot B in /dev/block/bootdevice/by-name/super
12-14 03:23:49.149 1383 1383 I update_engine: [INFO:dynamic_partition_control_android.cc(1190)] dtbo_b is not in super partition metadata.
12-14 03:23:49.150 1383 1383 I update_engine: [INFO:dynamic_partition_control_android.cc(331)] Loaded metadata from slot A in /dev/block/bootdevice/by-name/super
12-14 03:23:49.151 1383 1383 I update_engine: [libfs_mgr]dt_fstab: Skip disabled entry for partition vendor
12-14 03:23:49.152 1383 1383 I update_engine: [libfs_mgr]GetFstabPath()fstab_path:/odm/etc/fstab.default
12-14 03:23:49.153 1383 1383 I update_engine: [libfs_mgr]GetFstabPath()fstab_path:/vendor/etc/fstab.default
12-14 03:23:49.154 1383 1383 I update_engine: [libfs_mgr]GetFstabPath()fstab_path:/system/etc/fstab.default
12-14 03:23:49.155 1383 1383 I update_engine: [libfs_mgr]GetFstabPath()fstab_path:/first_stage_ramdisk/system/etc/fstab.default
12-14 03:23:49.156 1383 1383 I update_engine: [libfs_mgr]GetFstabPath()fstab_path:/fstab.default
12-14 03:23:49.158 1383 1383 I update_engine: [libfs_mgr]GetFstabPath()fstab_path:/first_stage_ramdisk/fstab.default
12-14 03:23:49.159 1383 1383 I update_engine: [libfs_mgr]GetFstabPath()fstab_path:/odm/etc/fstab.qcom
12-14 03:23:49.160 1383 1383 I update_engine: [libfs_mgr]GetFstabPath()fstab_path:/vendor/etc/fstab.qcom
12-14 03:23:49.161 1383 1383 I update_engine: [libfs_mgr]GetFstabPath()fstab_path.c_str():/vendor/etc/fstab.qcom
12-14 03:23:49.162 1383 1383 I update_engine: [INFO:dynamic_partition_control_android.cc(331)] Loaded metadata from slot B in /dev/block/bootdevice/by-name/super
12-14 03:23:49.163 1383 1383 I update_engine: [INFO:dynamic_partition_control_android.cc(1190)] featenabler_b is not in super partition metadata.
12-14 03:23:49.165 1383 1383 I update_engine: [INFO:dynamic_partition_control_android.cc(331)] Loaded metadata from slot A in /dev/block/bootdevice/by-name/super
12-14 03:23:49.166 1383 1383 I update_engine: [libfs_mgr]dt_fstab: Skip disabled entry for partition vendor
12-14 03:23:49.167 1383 1383 I update_engine: [libfs_mgr]GetFstabPath()fstab_path:/odm/etc/fstab.default
12-14 03:23:49.168 1383 1383 I update_engine: [libfs_mgr]GetFstabPath()fstab_path:/vendor/etc/fstab.default
12-14 03:23:49.169 1383 1383 I update_engine: [libfs_mgr]GetFstabPath()fstab_path:/system/etc/fstab.default
12-14 03:23:49.170 1383 1383 I update_engine: [libfs_mgr]GetFstabPath()fstab_path:/first_stage_ramdisk/system/etc/fstab.default
12-14 03:23:49.171 1383 1383 I update_engine: [libfs_mgr]GetFstabPath()fstab_path:/fstab.default
12-14 03:23:49.172 1383 1383 I update_engine: [libfs_mgr]GetFstabPath()fstab_path:/first_stage_ramdisk/fstab.default
12-14 03:23:49.173 1383 1383 I update_engine: [libfs_mgr]GetFstabPath()fstab_path:/odm/etc/fstab.qcom
12-14 03:23:49.174 1383 1383 I update_engine: [libfs_mgr]GetFstabPath()fstab_path:/vendor/etc/fstab.qcom
12-14 03:23:49.175 1383 1383 I update_engine: [libfs_mgr]GetFstabPath()fstab_path.c_str():/vendor/etc/fstab.qcom
12-14 03:23:49.177 1383 1383 I update_engine: [INFO:dynamic_partition_control_android.cc(331)] Loaded metadata from slot B in /dev/block/bootdevice/by-name/super
12-14 03:23:49.178 1383 1383 I update_engine: [INFO:dynamic_partition_control_android.cc(1190)] hyp_b is not in super partition metadata.
12-14 03:23:49.179 1383 1383 I update_engine: [INFO:dynamic_partition_control_android.cc(331)] Loaded metadata from slot A in /dev/block/bootdevice/by-name/super
12-14 03:23:49.180 1383 1383 I update_engine: [libfs_mgr]dt_fstab: Skip disabled entry for partition vendor
12-14 03:23:49.181 1383 1383 I update_engine: [libfs_mgr]GetFstabPath()fstab_path:/odm/etc/fstab.default
12-14 03:23:49.182 1383 1383 I update_engine: [libfs_mgr]GetFstabPath()fstab_path:/vendor/etc/fstab.default
12-14 03:23:49.183 1383 1383 I update_engine: [libfs_mgr]GetFstabPath()fstab_path:/system/etc/fstab.default
12-14 03:23:49.184 1383 1383 I update_engine: [libfs_mgr]GetFstabPath()fstab_path:/first_stage_ramdisk/system/etc/fstab.default
12-14 03:23:49.185 1383 1383 I update_engine: [libfs_mgr]GetFstabPath()fstab_path:/fstab.default
12-14 03:23:49.186 1383 1383 I update_engine: [libfs_mgr]GetFstabPath()fstab_path:/first_stage_ramdisk/fstab.default
12-14 03:23:49.187 1383 1383 I update_engine: [libfs_mgr]GetFstabPath()fstab_path:/odm/etc/fstab.qcom
12-14 03:23:49.188 1383 1383 I update_engine: [libfs_mgr]GetFstabPath()fstab_path:/vendor/etc/fstab.qcom
12-14 03:23:49.189 1383 1383 I update_engine: [libfs_mgr]GetFstabPath()fstab_path.c_str():/vendor/etc/fstab.qcom
12-14 03:23:49.191 1383 1383 I update_engine: [INFO:dynamic_partition_control_android.cc(331)] Loaded metadata from slot B in /dev/block/bootdevice/by-name/super
12-14 03:23:49.192 1383 1383 I update_engine: [INFO:dynamic_partition_control_android.cc(1190)] imagefv_b is not in super partition metadata.
12-14 03:23:49.193 1383 1383 I update_engine: [INFO:dynamic_partition_control_android.cc(331)] Loaded metadata from slot A in /dev/block/bootdevice/by-name/super
12-14 03:23:49.194 1383 1383 I update_engine: [libfs_mgr]dt_fstab: Skip disabled entry for partition vendor
12-14 03:23:49.195 1383 1383 I update_engine: [libfs_mgr]GetFstabPath()fstab_path:/odm/etc/fstab.default
12-14 03:23:49.196 1383 1383 I update_engine: [libfs_mgr]GetFstabPath()fstab_path:/vendor/etc/fstab.default
12-14 03:23:49.197 1383 1383 I update_engine: [libfs_mgr]GetFstabPath()fstab_path:/system/etc/fstab.default
12-14 03:23:49.198 1383 1383 I update_engine: [libfs_mgr]GetFstabPath()fstab_path:/first_stage_ramdisk/system/etc/fstab.default
12-14 03:23:49.199 1383 1383 I update_engine: [libfs_mgr]GetFstabPath()fstab_path:/fstab.default
12-14 03:23:49.200 1383 1383 I update_engine: [libfs_mgr]GetFstabPath()fstab_path:/first_stage_ramdisk/fstab.default
12-14 03:23:49.201 1383 1383 I update_engine: [libfs_mgr]GetFstabPath()fstab_path:/odm/etc/fstab.qcom
12-14 03:23:49.202 1383 1383 I update_engine: [libfs_mgr]GetFstabPath()fstab_path:/vendor/etc/fstab.qcom
12-14 03:23:49.203 1383 1383 I update_engine: [libfs_mgr]GetFstabPath()fstab_path.c_str():/vendor/etc/fstab.qcom
12-14 03:23:49.205 1383 1383 I update_engine: [INFO:dynamic_partition_control_android.cc(331)] Loaded metadata from slot B in /dev/block/bootdevice/by-name/super
12-14 03:23:49.206 1383 1383 I update_engine: [INFO:dynamic_partition_control_android.cc(1190)] keymaster_b is not in super partition metadata.
12-14 03:23:49.207 1383 1383 I update_engine: [INFO:dynamic_partition_control_android.cc(331)] Loaded metadata from slot A in /dev/block/bootdevice/by-name/super
12-14 03:23:49.208 1383 1383 I update_engine: [libfs_mgr]dt_fstab: Skip disabled entry for partition vendor
12-14 03:23:49.210 1383 1383 I update_engine: [libfs_mgr]GetFstabPath()fstab_path:/odm/etc/fstab.default
12-14 03:23:49.211 1383 1383 I update_engine: [libfs_mgr]GetFstabPath()fstab_path:/vendor/etc/fstab.default
12-14 03:23:49.212 1383 1383 I update_engine: [libfs_mgr]GetFstabPath()fstab_path:/system/etc/fstab.default
12-14 03:23:49.213 1383 1383 I update_engine: [libfs_mgr]GetFstabPath()fstab_path:/first_stage_ramdisk/system/etc/fstab.default
12-14 03:23:49.214 1383 1383 I update_engine: [libfs_mgr]GetFstabPath()fstab_path:/fstab.default
12-14 03:23:49.215 1383 1383 I update_engine: [libfs_mgr]GetFstabPath()fstab_path:/first_stage_ramdisk/fstab.default
12-14 03:23:49.216 1383 1383 I update_engine: [libfs_mgr]GetFstabPath()fstab_path:/odm/etc/fstab.qcom
12-14 03:23:49.217 1383 1383 I update_engine: [libfs_mgr]GetFstabPath()fstab_path:/vendor/etc/fstab.qcom
12-14 03:23:49.218 1383 1383 I update_engine: [libfs_mgr]GetFstabPath()fstab_path.c_str():/vendor/etc/fstab.qcom
12-14 03:23:49.219 1383 1383 I update_engine: [INFO:dynamic_partition_control_android.cc(331)] Loaded metadata from slot B in /dev/block/bootdevice/by-name/super
12-14 03:23:49.220 1383 1383 I update_engine: [INFO:dynamic_partition_control_android.cc(1190)] modem_b is not in super partition metadata.
12-14 03:23:49.222 1383 1383 I update_engine: [INFO:dynamic_partition_control_android.cc(331)] Loaded metadata from slot A in /dev/block/bootdevice/by-name/super
12-14 03:23:49.223 1383 1383 I update_engine: [libfs_mgr]dt_fstab: Skip disabled entry for partition vendor
12-14 03:23:49.224 1383 1383 I update_engine: [libfs_mgr]GetFstabPath()fstab_path:/odm/etc/fstab.default
12-14 03:23:49.225 1383 1383 I update_engine: [libfs_mgr]GetFstabPath()fstab_path:/vendor/etc/fstab.default
12-14 03:23:49.226 1383 1383 I update_engine: [libfs_mgr]GetFstabPath()fstab_path:/system/etc/fstab.default
12-14 03:23:49.227 1383 1383 I update_engine: [libfs_mgr]GetFstabPath()fstab_path:/first_stage_ramdisk/system/etc/fstab.default
12-14 03:23:49.228 1383 1383 I update_engine: [libfs_mgr]GetFstabPath()fstab_path:/fstab.default
12-14 03:23:49.229 1383 1383 I update_engine: [libfs_mgr]GetFstabPath()fstab_path:/first_stage_ramdisk/fstab.default
12-14 03:23:49.230 1383 1383 I update_engine: [libfs_mgr]GetFstabPath()fstab_path:/odm/etc/fstab.qcom
12-14 03:23:49.231 1383 1383 I update_engine: [libfs_mgr]GetFstabPath()fstab_path:/vendor/etc/fstab.qcom
12-14 03:23:49.232 1383 1383 I update_engine: [libfs_mgr]GetFstabPath()fstab_path.c_str():/vendor/etc/fstab.qcom
12-14 03:23:49.233 1383 1383 I update_engine: [INFO:dynamic_partition_control_android.cc(331)] Loaded metadata from slot B in /dev/block/bootdevice/by-name/super
12-14 03:23:49.235 1383 1383 I update_engine: [INFO:dynamic_partition_control_android.cc(1190)] multiimgoem_b is not in super partition metadata.
12-14 03:23:49.236 1383 1383 I update_engine: [INFO:dynamic_partition_control_android.cc(331)] Loaded metadata from slot A in /dev/block/bootdevice/by-name/super
12-14 03:23:49.237 1383 1383 I update_engine: [libfs_mgr]dt_fstab: Skip disabled entry for partition vendor
12-14 03:23:49.238 1383 1383 I update_engine: [libfs_mgr]GetFstabPath()fstab_path:/odm/etc/fstab.default
12-14 03:23:49.239 1383 1383 I update_engine: [libfs_mgr]GetFstabPath()fstab_path:/vendor/etc/fstab.default
12-14 03:23:49.240 1383 1383 I update_engine: [libfs_mgr]GetFstabPath()fstab_path:/system/etc/fstab.default
12-14 03:23:49.241 1383 1383 I update_engine: [libfs_mgr]GetFstabPath()fstab_path:/first_stage_ramdisk/system/etc/fstab.default
12-14 03:23:49.242 1383 1383 I update_engine: [libfs_mgr]GetFstabPath()fstab_path:/fstab.default
12-14 03:23:49.243 1383 1383 I update_engine: [libfs_mgr]GetFstabPath()fstab_path:/first_stage_ramdisk/fstab.default
12-14 03:23:49.244 1383 1383 I update_engine: [libfs_mgr]GetFstabPath()fstab_path:/odm/etc/fstab.qcom
12-14 03:23:49.245 1383 1383 I update_engine: [libfs_mgr]GetFstabPath()fstab_path:/vendor/etc/fstab.qcom
12-14 03:23:49.246 1383 1383 I update_engine: [libfs_mgr]GetFstabPath()fstab_path.c_str():/vendor/etc/fstab.qcom
12-14 03:23:49.248 1383 1383 I update_engine: [INFO:dynamic_partition_control_android.cc(331)] Loaded metadata from slot B in /dev/block/bootdevice/by-name/super
12-14 03:23:49.249 1383 1383 I update_engine: Successfully unmapped snapshot odm_b
12-14 03:23:49.255 513 552 D vold : Disk at 252:11 changed
12-14 03:23:49.276 1383 1383 I update_engine: [libfs_mgr]Created logical partition odm_b-base on device /dev/block/dm-11
12-14 03:23:49.286 513 552 D vold : Disk at 252:12 changed
12-14 03:23:49.306 1383 1383 I update_engine: Mapped COW device for odm_b at /dev/block/dm-12
12-14 03:23:49.319 513 552 D vold : Disk at 252:13 changed
12-14 03:23:49.340 1383 1383 I update_engine: Mapped odm_b as snapshot device at /dev/block/dm-13
12-14 03:23:49.343 1383 1383 I update_engine: [INFO:dynamic_partition_control_android.cc(205)] Succesfully mapped odm_b to device mapper (force_writable = 1); device path at /dev/block/dm-13
12-14 03:23:49.345 1383 1383 I update_engine: [libfs_mgr]dt_fstab: Skip disabled entry for partition vendor
12-14 03:23:49.347 1383 1383 I update_engine: [libfs_mgr]GetFstabPath()fstab_path:/odm/etc/fstab.default
12-14 03:23:49.349 1383 1383 I update_engine: [libfs_mgr]GetFstabPath()fstab_path:/vendor/etc/fstab.default
12-14 03:23:49.351 1383 1383 I update_engine: [libfs_mgr]GetFstabPath()fstab_path:/system/etc/fstab.default
12-14 03:23:49.353 1383 1383 I update_engine: [libfs_mgr]GetFstabPath()fstab_path:/first_stage_ramdisk/system/etc/fstab.default
12-14 03:23:49.355 1383 1383 I update_engine: [libfs_mgr]GetFstabPath()fstab_path:/fstab.default
12-14 03:23:49.357 1383 1383 I update_engine: [libfs_mgr]GetFstabPath()fstab_path:/first_stage_ramdisk/fstab.default
12-14 03:23:49.358 1383 1383 I update_engine: [libfs_mgr]GetFstabPath()fstab_path:/odm/etc/fstab.qcom
12-14 03:23:49.360 1383 1383 I update_engine: [libfs_mgr]GetFstabPath()fstab_path:/vendor/etc/fstab.qcom
12-14 03:23:49.362 1383 1383 I update_engine: [libfs_mgr]GetFstabPath()fstab_path.c_str():/vendor/etc/fstab.qcom
12-14 03:23:49.365 1383 1383 I update_engine: [INFO:dynamic_partition_control_android.cc(331)] Loaded metadata from slot B in /dev/block/bootdevice/by-name/super
12-14 03:23:49.368 1383 1383 I update_engine: Successfully unmapped snapshot product_b
12-14 03:23:49.374 513 552 D vold : Disk at 252:14 changed
12-14 03:23:49.382 639 654 I mpu_uart: [MSG-P:RECV]:No message received in 1000 ms
12-14 03:23:49.395 1383 1383 I update_engine: [libfs_mgr]Created logical partition product_b-base on device /dev/block/dm-14
12-14 03:23:49.400 513 552 D vold : Disk at 252:15 changed
12-14 03:23:49.420 1383 1383 I update_engine: Mapped COW device for product_b at /dev/block/dm-15
12-14 03:23:49.428 513 552 D vold : Disk at 252:16 changed
12-14 03:23:49.448 1383 1383 I update_engine: Mapped product_b as snapshot device at /dev/block/dm-16
12-14 03:23:49.452 1383 1383 I update_engine: [INFO:dynamic_partition_control_android.cc(205)] Succesfully mapped product_b to device mapper (force_writable = 1); device path at /dev/block/dm-16
01-01 08:23:13.011 0 0 D : mv2112_read_status
01-01 08:23:13.011 0 0 D mv2112_update_link: 3.0x901(1G): 0x84
01-01 08:23:13.011 0 0 D mv2112_update_link: 3.0x8109(100M): 0xc
01-01 08:23:13.011 0 0 D mv2112_update_link: link 0x4
01-01 08:23:13.011 0 0 D mv2112_read_status: autoneg is disabled
12-14 03:23:49.456 1383 1383 I update_engine: [libfs_mgr]dt_fstab: Skip disabled entry for partition vendor
12-14 03:23:49.458 1383 1383 I update_engine: [libfs_mgr]GetFstabPath()fstab_path:/odm/etc/fstab.default
12-14 03:23:49.461 1383 1383 I update_engine: [libfs_mgr]GetFstabPath()fstab_path:/vendor/etc/fstab.default
12-14 03:23:49.463 1383 1383 I update_engine: [libfs_mgr]GetFstabPath()fstab_path:/system/etc/fstab.default
12-14 03:23:49.466 1383 1383 I update_engine: [libfs_mgr]GetFstabPath()fstab_path:/first_stage_ramdisk/system/etc/fstab.default
12-14 03:23:49.468 1383 1383 I update_engine: [libfs_mgr]GetFstabPath()fstab_path:/fstab.default
12-14 03:23:49.470 1383 1383 I update_engine: [libfs_mgr]GetFstabPath()fstab_path:/first_stage_ramdisk/fstab.default
12-14 03:23:49.471 1383 1383 I update_engine: [libfs_mgr]GetFstabPath()fstab_path:/odm/etc/fstab.qcom
12-14 03:23:49.473 1383 1383 I update_engine: [libfs_mgr]GetFstabPath()fstab_path:/vendor/etc/fstab.qcom
12-14 03:23:49.474 1383 1383 I update_engine: [libfs_mgr]GetFstabPath()fstab_path.c_str():/vendor/etc/fstab.qcom
12-14 03:23:49.477 1383 1383 I update_engine: [INFO:dynamic_partition_control_android.cc(331)] Loaded metadata from slot B in /dev/block/bootdevice/by-name/super
12-14 03:23:49.478 1383 1383 I update_engine: [INFO:dynamic_partition_control_android.cc(1190)] qupfw_b is not in super partition metadata.
12-14 03:23:49.480 1383 1383 I update_engine: [INFO:dynamic_partition_control_android.cc(331)] Loaded metadata from slot A in /dev/block/bootdevice/by-name/super
12-14 03:23:49.500 1383 1383 I update_engine: [libfs_mgr]dt_fstab: Skip disabled entry for partition vendor
12-14 03:23:49.503 1383 1383 I update_engine: [libfs_mgr]GetFstabPath()fstab_path:/odm/etc/fstab.default
12-14 03:23:49.504 1383 1383 I update_engine: [libfs_mgr]GetFstabPath()fstab_path:/vendor/etc/fstab.default
12-14 03:23:49.505 1383 1383 I update_engine: [libfs_mgr]GetFstabPath()fstab_path:/system/etc/fstab.default
12-14 03:23:49.506 1383 1383 I update_engine: [libfs_mgr]GetFstabPath()fstab_path:/first_stage_ramdisk/system/etc/fstab.default
12-14 03:23:49.507 1383 1383 I update_engine: [libfs_mgr]GetFstabPath()fstab_path:/fstab.default
12-14 03:23:49.508 1383 1383 I update_engine: [libfs_mgr]GetFstabPath()fstab_path:/first_stage_ramdisk/fstab.default
12-14 03:23:49.509 1383 1383 I update_engine: [libfs_mgr]GetFstabPath()fstab_path:/odm/etc/fstab.qcom
12-14 03:23:49.510 1383 1383 I update_engine: [libfs_mgr]GetFstabPath()fstab_path:/vendor/etc/fstab.qcom
12-14 03:23:49.511 1383 1383 I update_engine: [libfs_mgr]GetFstabPath()fstab_path.c_str():/vendor/etc/fstab.qcom
12-14 03:23:49.513 1383 1383 I update_engine: [INFO:dynamic_partition_control_android.cc(331)] Loaded metadata from slot B in /dev/block/bootdevice/by-name/super
12-14 03:23:49.514 1383 1383 I update_engine: [INFO:dynamic_partition_control_android.cc(1190)] recovery_b is not in super partition metadata.
12-14 03:23:49.515 1383 1383 I update_engine: [INFO:dynamic_partition_control_android.cc(331)] Loaded metadata from slot A in /dev/block/bootdevice/by-name/super
12-14 03:23:49.517 1383 1383 I update_engine: [libfs_mgr]dt_fstab: Skip disabled entry for partition vendor
12-14 03:23:49.518 1383 1383 I update_engine: [libfs_mgr]GetFstabPath()fstab_path:/odm/etc/fstab.default
12-14 03:23:49.519 1383 1383 I update_engine: [libfs_mgr]GetFstabPath()fstab_path:/vendor/etc/fstab.default
12-14 03:23:49.520 1383 1383 I update_engine: [libfs_mgr]GetFstabPath()fstab_path:/system/etc/fstab.default
12-14 03:23:49.521 1383 1383 I update_engine: [libfs_mgr]GetFstabPath()fstab_path:/first_stage_ramdisk/system/etc/fstab.default
12-14 03:23:49.522 1383 1383 I update_engine: [libfs_mgr]GetFstabPath()fstab_path:/fstab.default
12-14 03:23:49.523 1383 1383 I update_engine: [libfs_mgr]GetFstabPath()fstab_path:/first_stage_ramdisk/fstab.default
12-14 03:23:49.524 1383 1383 I update_engine: [libfs_mgr]GetFstabPath()fstab_path:/odm/etc/fstab.qcom
12-14 03:23:49.525 1383 1383 I update_engine: [libfs_mgr]GetFstabPath()fstab_path:/vendor/etc/fstab.qcom
12-14 03:23:49.526 1383 1383 I update_engine: [libfs_mgr]GetFstabPath()fstab_path.c_str():/vendor/etc/fstab.qcom
12-14 03:23:49.527 1383 1383 I update_engine: [INFO:dynamic_partition_control_android.cc(331)] Loaded metadata from slot B in /dev/block/bootdevice/by-name/super
12-14 03:23:49.529 1383 1383 I update_engine: Successfully unmapped snapshot system_b
12-14 03:23:49.533 513 552 D vold : Disk at 252:17 changed
12-14 03:23:49.554 1383 1383 I update_engine: [libfs_mgr]Created logical partition system_b-base on device /dev/block/dm-17
12-14 03:23:49.561 513 552 D vold : Disk at 252:18 changed
12-14 03:23:49.581 1383 1383 I update_engine: Mapped COW device for system_b at /dev/block/dm-18
12-14 03:23:49.591 513 552 D vold : Disk at 252:19 changed
12-14 03:23:49.612 1383 1383 I update_engine: Mapped system_b as snapshot device at /dev/block/dm-19
12-14 03:23:49.615 1383 1383 I update_engine: [INFO:dynamic_partition_control_android.cc(205)] Succesfully mapped system_b to device mapper (force_writable = 1); device path at /dev/block/dm-19
12-14 03:23:49.618 1383 1383 I update_engine: [libfs_mgr]dt_fstab: Skip disabled entry for partition vendor
12-14 03:23:49.620 1383 1383 I update_engine: [libfs_mgr]GetFstabPath()fstab_path:/odm/etc/fstab.default
12-14 03:23:49.622 1383 1383 I update_engine: [libfs_mgr]GetFstabPath()fstab_path:/vendor/etc/fstab.default
12-14 03:23:49.624 1383 1383 I update_engine: [libfs_mgr]GetFstabPath()fstab_path:/system/etc/fstab.default
12-14 03:23:49.626 1383 1383 I update_engine: [libfs_mgr]GetFstabPath()fstab_path:/first_stage_ramdisk/system/etc/fstab.default
12-14 03:23:49.628 1383 1383 I update_engine: [libfs_mgr]GetFstabPath()fstab_path:/fstab.default
12-14 03:23:49.629 1383 1383 I update_engine: [libfs_mgr]GetFstabPath()fstab_path:/first_stage_ramdisk/fstab.default
12-14 03:23:49.631 1383 1383 I update_engine: [libfs_mgr]GetFstabPath()fstab_path:/odm/etc/fstab.qcom
12-14 03:23:49.633 1383 1383 I update_engine: [libfs_mgr]GetFstabPath()fstab_path:/vendor/etc/fstab.qcom
12-14 03:23:49.635 1383 1383 I update_engine: [libfs_mgr]GetFstabPath()fstab_path.c_str():/vendor/etc/fstab.qcom
12-14 03:23:49.639 1383 1383 I update_engine: [INFO:dynamic_partition_control_android.cc(331)] Loaded metadata from slot B in /dev/block/bootdevice/by-name/super
12-14 03:23:49.642 1383 1383 I update_engine: Successfully unmapped snapshot system_ext_b
12-14 03:23:49.647 513 552 D vold : Disk at 252:20 changed
12-14 03:23:49.668 1383 1383 I update_engine: [libfs_mgr]Created logical partition system_ext_b-base on device /dev/block/dm-20
12-14 03:23:49.677 513 552 D vold : Disk at 252:21 changed
12-14 03:23:49.698 1383 1383 I update_engine: Mapped COW device for system_ext_b at /dev/block/dm-21
12-14 03:23:49.706 513 552 D vold : Disk at 252:22 changed
12-14 03:23:49.726 1383 1383 I update_engine: Mapped system_ext_b as snapshot device at /dev/block/dm-22
12-14 03:23:49.729 1383 1383 I update_engine: [INFO:dynamic_partition_control_android.cc(205)] Succesfully mapped system_ext_b to device mapper (force_writable = 1); device path at /dev/block/dm-22
12-14 03:23:49.732 1383 1383 I update_engine: [libfs_mgr]dt_fstab: Skip disabled entry for partition vendor
12-14 03:23:49.735 1383 1383 I update_engine: [libfs_mgr]GetFstabPath()fstab_path:/odm/etc/fstab.default
12-14 03:23:49.737 1383 1383 I update_engine: [libfs_mgr]GetFstabPath()fstab_path:/vendor/etc/fstab.default
12-14 03:23:49.740 1383 1383 I update_engine: [libfs_mgr]GetFstabPath()fstab_path:/system/etc/fstab.default
12-14 03:23:49.742 1383 1383 I update_engine: [libfs_mgr]GetFstabPath()fstab_path:/first_stage_ramdisk/system/etc/fstab.default
12-14 03:23:49.744 1383 1383 I update_engine: [libfs_mgr]GetFstabPath()fstab_path:/fstab.default
12-14 03:23:49.746 1383 1383 I update_engine: [libfs_mgr]GetFstabPath()fstab_path:/first_stage_ramdisk/fstab.default
12-14 03:23:49.749 1383 1383 I update_engine: [libfs_mgr]GetFstabPath()fstab_path:/odm/etc/fstab.qcom
12-14 03:23:49.751 1383 1383 I update_engine: [libfs_mgr]GetFstabPath()fstab_path:/vendor/etc/fstab.qcom
12-14 03:23:49.752 1383 1383 I update_engine: [libfs_mgr]GetFstabPath()fstab_path.c_str():/vendor/etc/fstab.qcom
12-14 03:23:49.755 1383 1383 I update_engine: [INFO:dynamic_partition_control_android.cc(331)] Loaded metadata from slot B in /dev/block/bootdevice/by-name/super
12-14 03:23:49.757 1383 1383 I update_engine: [INFO:dynamic_partition_control_android.cc(1190)] tz_b is not in super partition metadata.
12-14 03:23:49.759 1383 1383 I update_engine: [INFO:dynamic_partition_control_android.cc(331)] Loaded metadata from slot A in /dev/block/bootdevice/by-name/super
12-14 03:23:49.761 1383 1383 I update_engine: [libfs_mgr]dt_fstab: Skip disabled entry for partition vendor
12-14 03:23:49.762 1383 1383 I update_engine: [libfs_mgr]GetFstabPath()fstab_path:/odm/etc/fstab.default
12-14 03:23:49.764 1383 1383 I update_engine: [libfs_mgr]GetFstabPath()fstab_path:/vendor/etc/fstab.default
12-14 03:23:49.765 1383 1383 I update_engine: [libfs_mgr]GetFstabPath()fstab_path:/system/etc/fstab.default
12-14 03:23:49.767 1383 1383 I update_engine: [libfs_mgr]GetFstabPath()fstab_path:/first_stage_ramdisk/system/etc/fstab.default
12-14 03:23:49.768 1383 1383 I update_engine: [libfs_mgr]GetFstabPath()fstab_path:/fstab.default
12-14 03:23:49.770 1383 1383 I update_engine: [libfs_mgr]GetFstabPath()fstab_path:/first_stage_ramdisk/fstab.default
12-14 03:23:49.771 1383 1383 I update_engine: [libfs_mgr]GetFstabPath()fstab_path:/odm/etc/fstab.qcom
12-14 03:23:49.772 1383 1383 I update_engine: [libfs_mgr]GetFstabPath()fstab_path:/vendor/etc/fstab.qcom
12-14 03:23:49.773 1383 1383 I update_engine: [libfs_mgr]GetFstabPath()fstab_path.c_str():/vendor/etc/fstab.qcom
12-14 03:23:49.775 1383 1383 I update_engine: [INFO:dynamic_partition_control_android.cc(331)] Loaded metadata from slot B in /dev/block/bootdevice/by-name/super
12-14 03:23:49.776 1383 1383 I update_engine: [INFO:dynamic_partition_control_android.cc(1190)] uefisecapp_b is not in super partition metadata.
12-14 03:23:49.777 1383 1383 I update_engine: [INFO:dynamic_partition_control_android.cc(331)] Loaded metadata from slot A in /dev/block/bootdevice/by-name/super
12-14 03:23:49.778 1383 1383 I update_engine: [libfs_mgr]dt_fstab: Skip disabled entry for partition vendor
12-14 03:23:49.780 1383 1383 I update_engine: [libfs_mgr]GetFstabPath()fstab_path:/odm/etc/fstab.default
12-14 03:23:49.781 1383 1383 I update_engine: [libfs_mgr]GetFstabPath()fstab_path:/vendor/etc/fstab.default
12-14 03:23:49.782 1383 1383 I update_engine: [libfs_mgr]GetFstabPath()fstab_path:/system/etc/fstab.default
12-14 03:23:49.783 1383 1383 I update_engine: [libfs_mgr]GetFstabPath()fstab_path:/first_stage_ramdisk/system/etc/fstab.default
12-14 03:23:49.784 1383 1383 I update_engine: [libfs_mgr]GetFstabPath()fstab_path:/fstab.default
12-14 03:23:49.785 1383 1383 I update_engine: [libfs_mgr]GetFstabPath()fstab_path:/first_stage_ramdisk/fstab.default
12-14 03:23:49.786 1383 1383 I update_engine: [libfs_mgr]GetFstabPath()fstab_path:/odm/etc/fstab.qcom
12-14 03:23:49.787 1383 1383 I update_engine: [libfs_mgr]GetFstabPath()fstab_path:/vendor/etc/fstab.qcom
12-14 03:23:49.789 1383 1383 I update_engine: [libfs_mgr]GetFstabPath()fstab_path.c_str():/vendor/etc/fstab.qcom
12-14 03:23:49.790 1383 1383 I update_engine: [INFO:dynamic_partition_control_android.cc(331)] Loaded metadata from slot B in /dev/block/bootdevice/by-name/super
12-14 03:23:49.791 1383 1383 I update_engine: [INFO:dynamic_partition_control_android.cc(1190)] vbmeta_b is not in super partition metadata.
12-14 03:23:49.793 1383 1383 I update_engine: [INFO:dynamic_partition_control_android.cc(331)] Loaded metadata from slot A in /dev/block/bootdevice/by-name/super
12-14 03:23:49.794 1383 1383 I update_engine: [libfs_mgr]dt_fstab: Skip disabled entry for partition vendor
12-14 03:23:49.795 1383 1383 I update_engine: [libfs_mgr]GetFstabPath()fstab_path:/odm/etc/fstab.default
12-14 03:23:49.796 1383 1383 I update_engine: [libfs_mgr]GetFstabPath()fstab_path:/vendor/etc/fstab.default
12-14 03:23:49.797 1383 1383 I update_engine: [libfs_mgr]GetFstabPath()fstab_path:/system/etc/fstab.default
12-14 03:23:49.798 1383 1383 I update_engine: [libfs_mgr]GetFstabPath()fstab_path:/first_stage_ramdisk/system/etc/fstab.default
12-14 03:23:49.799 1383 1383 I update_engine: [libfs_mgr]GetFstabPath()fstab_path:/fstab.default
12-14 03:23:49.800 1383 1383 I update_engine: [libfs_mgr]GetFstabPath()fstab_path:/first_stage_ramdisk/fstab.default
12-14 03:23:49.801 1383 1383 I update_engine: [libfs_mgr]GetFstabPath()fstab_path:/odm/etc/fstab.qcom
12-14 03:23:49.802 1383 1383 I update_engine: [libfs_mgr]GetFstabPath()fstab_path:/vendor/etc/fstab.qcom
12-14 03:23:49.803 1383 1383 I update_engine: [libfs_mgr]GetFstabPath()fstab_path.c_str():/vendor/etc/fstab.qcom
12-14 03:23:49.805 1383 1383 I update_engine: [INFO:dynamic_partition_control_android.cc(331)] Loaded metadata from slot B in /dev/block/bootdevice/by-name/super
12-14 03:23:49.806 1383 1383 I update_engine: [INFO:dynamic_partition_control_android.cc(1190)] vbmeta_system_b is not in super partition metadata.
12-14 03:23:49.807 1383 1383 I update_engine: [INFO:dynamic_partition_control_android.cc(331)] Loaded metadata from slot A in /dev/block/bootdevice/by-name/super
12-14 03:23:49.808 1383 1383 I update_engine: [libfs_mgr]dt_fstab: Skip disabled entry for partition vendor
12-14 03:23:49.809 1383 1383 I update_engine: [libfs_mgr]GetFstabPath()fstab_path:/odm/etc/fstab.default
12-14 03:23:49.810 1383 1383 I update_engine: [libfs_mgr]GetFstabPath()fstab_path:/vendor/etc/fstab.default
12-14 03:23:49.811 1383 1383 I update_engine: [libfs_mgr]GetFstabPath()fstab_path:/system/etc/fstab.default
12-14 03:23:49.812 1383 1383 I update_engine: [libfs_mgr]GetFstabPath()fstab_path:/first_stage_ramdisk/system/etc/fstab.default
12-14 03:23:49.813 1383 1383 I update_engine: [libfs_mgr]GetFstabPath()fstab_path:/fstab.default
12-14 03:23:49.814 1383 1383 I update_engine: [libfs_mgr]GetFstabPath()fstab_path:/first_stage_ramdisk/fstab.default
12-14 03:23:49.815 1383 1383 I update_engine: [libfs_mgr]GetFstabPath()fstab_path:/odm/etc/fstab.qcom
12-14 03:23:49.816 1383 1383 I update_engine: [libfs_mgr]GetFstabPath()fstab_path:/vendor/etc/fstab.qcom
12-14 03:23:49.817 1383 1383 I update_engine: [libfs_mgr]GetFstabPath()fstab_path.c_str():/vendor/etc/fstab.qcom
12-14 03:23:49.819 1383 1383 I update_engine: [INFO:dynamic_partition_control_android.cc(331)] Loaded metadata from slot B in /dev/block/bootdevice/by-name/super
12-14 03:23:49.820 1383 1383 I update_engine: Successfully unmapped snapshot vendor_b
12-14 03:23:49.824 513 552 D vold : Disk at 252:23 changed
12-14 03:23:49.827 0 0 W swapper/3: type=1400 audit(0.0:318): avc: denied { kill } for capability=5 scontext=u:r:kernel:s0 tcontext=u:r:kernel:s0 tclass=capability permissive=0
12-14 03:23:49.844 1383 1383 I update_engine: [libfs_mgr]Created logical partition vendor_b-base on device /dev/block/dm-23
12-14 03:23:49.851 513 552 D vold : Disk at 252:24 changed
12-14 03:23:49.872 1383 1383 I update_engine: Mapped COW device for vendor_b at /dev/block/dm-24
12-14 03:23:49.883 513 552 D vold : Disk at 252:25 changed
12-14 03:23:49.903 1383 1383 I update_engine: Mapped vendor_b as snapshot device at /dev/block/dm-25
12-14 03:23:49.907 1383 1383 I update_engine: [INFO:dynamic_partition_control_android.cc(205)] Succesfully mapped vendor_b to device mapper (force_writable = 1); device path at /dev/block/dm-25
12-14 03:23:49.909 1383 1383 I update_engine: [libfs_mgr]dt_fstab: Skip disabled entry for partition vendor
12-14 03:23:49.911 1383 1383 I update_engine: [libfs_mgr]GetFstabPath()fstab_path:/odm/etc/fstab.default
12-14 03:23:49.913 1383 1383 I update_engine: [libfs_mgr]GetFstabPath()fstab_path:/vendor/etc/fstab.default
12-14 03:23:49.915 1383 1383 I update_engine: [libfs_mgr]GetFstabPath()fstab_path:/system/etc/fstab.default
12-14 03:23:49.916 1383 1383 I update_engine: [libfs_mgr]GetFstabPath()fstab_path:/first_stage_ramdisk/system/etc/fstab.default
12-14 03:23:49.918 1383 1383 I update_engine: [libfs_mgr]GetFstabPath()fstab_path:/fstab.default
12-14 03:23:49.920 1383 1383 I update_engine: [libfs_mgr]GetFstabPath()fstab_path:/first_stage_ramdisk/fstab.default
12-14 03:23:49.922 1383 1383 I update_engine: [libfs_mgr]GetFstabPath()fstab_path:/odm/etc/fstab.qcom
12-14 03:23:49.924 1383 1383 I update_engine: [libfs_mgr]GetFstabPath()fstab_path:/vendor/etc/fstab.qcom
12-14 03:23:49.925 1383 1383 I update_engine: [libfs_mgr]GetFstabPath()fstab_path.c_str():/vendor/etc/fstab.qcom
12-14 03:23:49.929 1383 1383 I update_engine: [INFO:dynamic_partition_control_android.cc(331)] Loaded metadata from slot B in /dev/block/bootdevice/by-name/super
12-14 03:23:49.931 1383 1383 I update_engine: [INFO:dynamic_partition_control_android.cc(1190)] xbl_b is not in super partition metadata.
12-14 03:23:49.932 1383 1383 I update_engine: [INFO:dynamic_partition_control_android.cc(331)] Loaded metadata from slot A in /dev/block/bootdevice/by-name/super
12-14 03:23:49.934 1383 1383 I update_engine: [libfs_mgr]dt_fstab: Skip disabled entry for partition vendor
12-14 03:23:49.935 1383 1383 I update_engine: [libfs_mgr]GetFstabPath()fstab_path:/odm/etc/fstab.default
12-14 03:23:49.937 1383 1383 I update_engine: [libfs_mgr]GetFstabPath()fstab_path:/vendor/etc/fstab.default
12-14 03:23:49.938 1383 1383 I update_engine: [libfs_mgr]GetFstabPath()fstab_path:/system/etc/fstab.default
12-14 03:23:49.939 1383 1383 I update_engine: [libfs_mgr]GetFstabPath()fstab_path:/first_stage_ramdisk/system/etc/fstab.default
12-14 03:23:49.940 1383 1383 I update_engine: [libfs_mgr]GetFstabPath()fstab_path:/fstab.default
12-14 03:23:49.942 1383 1383 I update_engine: [libfs_mgr]GetFstabPath()fstab_path:/first_stage_ramdisk/fstab.default
12-14 03:23:49.943 1383 1383 I update_engine: [libfs_mgr]GetFstabPath()fstab_path:/odm/etc/fstab.qcom
12-14 03:23:49.944 1383 1383 I update_engine: [libfs_mgr]GetFstabPath()fstab_path:/vendor/etc/fstab.qcom
12-14 03:23:49.945 1383 1383 I update_engine: [libfs_mgr]GetFstabPath()fstab_path.c_str():/vendor/etc/fstab.qcom
12-14 03:23:49.947 1383 1383 I update_engine: [INFO:dynamic_partition_control_android.cc(331)] Loaded metadata from slot B in /dev/block/bootdevice/by-name/super
12-14 03:23:49.949 1383 1383 I update_engine: [INFO:dynamic_partition_control_android.cc(1190)] xbl_config_b is not in super partition metadata.
12-14 03:23:49.951 1383 1383 I update_engine: [INFO:dynamic_partition_control_android.cc(331)] Loaded metadata from slot A in /dev/block/bootdevice/by-name/super
12-14 03:23:49.952 1383 1383 I update_engine: [INFO:delta_performer.cc(271)] PartitionInfo new abl sha256: a5tiSlfY/UUvOGqGD+XQmDD/o3j5KX6fR1m0M5dBuR4= size: 274432
12-14 03:23:49.953 1383 1383 I update_engine: [INFO:delta_performer.cc(271)] PartitionInfo new aop sha256: 5yPW41Bto0ezdi9clhipZZXIQNqZo+pHmr53h6Hye7g= size: 204800
12-14 03:23:49.954 1383 1383 I update_engine: [INFO:delta_performer.cc(271)] PartitionInfo new bluetooth sha256: TOmynA4XCnXDcD9oo8PxeMLhNjKaPn9xgaVn8FUun4Y= size: 765952
12-14 03:23:49.955 1383 1383 I update_engine: [INFO:delta_performer.cc(271)] PartitionInfo new boot sha256: yrrk/MXcI6JEQP9md0DIXoRk+0CafCueioOohpaCRpk= size: 100663296
12-14 03:23:49.956 1383 1383 I update_engine: [INFO:delta_performer.cc(271)] PartitionInfo new cmnlib sha256: kwKjkSMJOtNFh/MkZ662W2HtNVVNrp6dvsif3E5kuG0= size: 401408
