01-01 08:21:39.189 0 0 I fastrpc soc: qcom,msm_fastrpc:qcom,msm_fastrpc_compute_cb10: Linked as a consumer to 15000000.apps-smmu
01-01 08:21:39.190 0 0 I iommu : Adding device soc:qcom,msm_fastrpc:qcom,msm_fastrpc_compute_cb10 to group 41
01-01 08:21:39.190 0 0 I fastrpc soc: qcom,msm_fastrpc:qcom,msm_fastrpc_compute_cb11: Linked as a consumer to 15000000.apps-smmu
01-01 08:21:39.190 0 0 I iommu : Adding device soc:qcom,msm_fastrpc:qcom,msm_fastrpc_compute_cb11 to group 42
01-01 08:21:39.190 0 0 I fastrpc soc: qcom,msm_fastrpc:qcom,msm_fastrpc_compute_cb12: Linked as a consumer to 15000000.apps-smmu
01-01 08:21:39.190 0 0 I iommu : Adding device soc:qcom,msm_fastrpc:qcom,msm_fastrpc_compute_cb12 to group 43
01-01 08:21:39.191 0 0 I fastrpc soc: qcom,msm_fastrpc:qcom,msm_fastrpc_compute_cb13: Linked as a consumer to 15000000.apps-smmu
01-01 08:21:39.191 0 0 I iommu : Adding device soc:qcom,msm_fastrpc:qcom,msm_fastrpc_compute_cb13 to group 44
01-01 08:21:39.191 0 0 I fastrpc soc: qcom,msm_fastrpc:qcom,msm_fastrpc_compute_cb14: Linked as a consumer to 15000000.apps-smmu
01-01 08:21:39.191 0 0 I iommu : Adding device soc:qcom,msm_fastrpc:qcom,msm_fastrpc_compute_cb14 to group 45
01-01 08:21:39.192 0 0 I fastrpc soc: qcom,msm_fastrpc:qcom,msm_fastrpc_compute_cb15: Linked as a consumer to 15000000.apps-smmu
01-01 08:21:39.192 0 0 I iommu : Adding device soc:qcom,msm_fastrpc:qcom,msm_fastrpc_compute_cb15 to group 46
01-01 08:21:39.192 0 0 I adsprpc : fastrpc_device_init: SSR notifier registered for adsp
01-01 08:21:39.192 0 0 I adsprpc : fastrpc_device_init: SSR notifier registered for modem
01-01 08:21:39.192 0 0 I adsprpc : fastrpc_device_init: SSR notifier registered for slpi
01-01 08:21:39.192 0 0 I adsprpc : fastrpc_device_init: SSR notifier registered for cdsp
01-01 08:21:39.193 0 0 E register_client_adhoc: find path.src 1 dest 589
01-01 08:21:39.193 0 0 E register_client_adhoc: Failed to find path.src 1 dest 589
01-01 08:21:39.193 0 0 E register_client_adhoc: find path.src 1 dest 589
01-01 08:21:39.193 0 0 E register_client_adhoc: Failed to find path.src 1 dest 589
01-01 08:21:39.193 0 0 I ngd_msm_ctrl 3ac0000.slim: Linked as a consumer to 15000000.apps-smmu
01-01 08:21:39.193 0 0 I iommu : Adding device 3ac0000.slim to group 47
01-01 08:21:39.194 0 0 E register_client_adhoc: find path.src 1 dest 589
01-01 08:21:39.194 0 0 E register_client_adhoc: Failed to find path.src 1 dest 589
01-01 08:21:39.195 0 0 I input : gpio-keys as /devices/platform/soc/soc:gpio_keys/input/input3
01-01 08:21:39.195 0 0 E register_client_adhoc: find path.src 1 dest 589
01-01 08:21:39.195 0 0 E register_client_adhoc: Failed to find path.src 1 dest 589
01-01 08:21:39.196 0 0 E register_client_adhoc: find path.src 1 dest 589
01-01 08:21:39.196 0 0 E register_client_adhoc: Failed to find path.src 1 dest 589
01-01 08:21:39.197 0 0 I lpm_levels: Cluster (L3) stats not registered
01-01 08:21:39.198 0 0 E register_client_adhoc: find path.src 1 dest 589
01-01 08:21:39.198 0 0 E register_client_adhoc: Failed to find path.src 1 dest 589
01-01 08:21:39.200 0 0 E register_client_adhoc: find path.src 1 dest 589
01-01 08:21:39.200 0 0 E register_client_adhoc: Failed to find path.src 1 dest 589
01-01 08:21:39.201 0 0 I : rmnet_ipa3 started initialization
01-01 08:21:39.201 0 0 E register_client_adhoc: find path.src 1 dest 589
01-01 08:21:39.201 0 0 E register_client_adhoc: Failed to find path.src 1 dest 589
01-01 08:21:39.202 0 0 E register_client_adhoc: find path.src 1 dest 589
01-01 08:21:39.202 0 0 E register_client_adhoc: Failed to find path.src 1 dest 589
01-01 08:21:39.202 0 0 I : RNDIS_IPA module is loaded.
01-01 08:21:39.203 0 0 E : [drm:dp_display_init_aux_switch][msm-dp-err][1 ]failed to register notifier (-22)
01-01 08:21:39.203 0 0 I : msm notifier probed successfully
01-01 08:21:39.203 0 0 E register_client_adhoc: find path.src 1 dest 589
01-01 08:21:39.203 0 0 E register_client_adhoc: Failed to find path.src 1 dest 589
01-01 08:21:39.204 0 0 E : [drm:dp_display_init_aux_switch][msm-dp-err][18 ]failed to register notifier (-22)
01-01 08:21:39.204 0 0 I cfg80211: Loading compiled-in X.509 certificates for regulatory database
01-01 08:21:39.205 0 0 I cfg80211: Loaded X.509 cert 'sforshee: 00b28ddf47aef9cea7'
01-01 08:21:39.206 0 0 E msm_bus_late_init: Remove handoff bw requests
01-01 08:21:39.206 0 0 I regulator_proxy_consumer_remove_all: removing regulator proxy consumer requests
01-01 08:21:39.207 0 0 I : ALSA device list:
01-01 08:21:39.207 0 0 I : No soundcards found.
01-01 08:21:39.207 0 0 E : Warning: unable to open an initial console.
01-01 08:21:39.208 0 0 I : Freeing unused kernel memory: 4096K
01-01 08:21:39.208 0 0 I : Run /init as init process
01-01 08:21:39.210 0 0 I init : init first stage started!
01-01 08:21:39.210 0 0 I init : Unable to open /lib/modules, skipping module loading.
01-01 08:21:39.210 0 0 I init : [libfs_mgr]dt_fstab: Skip disabled entry for partition vendor
01-01 08:21:39.210 0 0 I init : [libfs_mgr]ReadFstabFromDt(): failed to read fstab from dt
01-01 08:21:39.211 0 0 I init : [libfs_mgr]dt_fstab: Skip disabled entry for partition vendor
01-01 08:21:39.211 0 0 W init : [libfs_mgr]Warning: unknown flag: resize
01-01 08:21:39.212 0 0 I init : Using Android DT directory /proc/device-tree/firmware/android/
01-01 08:21:39.231 0 0 I init : [libfs_mgr]superblock s_max_mnt_count:65535,/dev/block/by-name/metadata
01-01 08:21:39.231 0 0 I init : [libfs_mgr]check_fs(): mount(/dev/block/by-name/metadata,/metadata,ext4)=-1: No such file or directory
01-01 08:21:39.231 0 0 I init : [libfs_mgr]Running /system/bin/e2fsck on /dev/block/sda11
01-01 08:21:39.232 0 0 I e2fsck : e2fsck 1.45.4 (23-Sep-2019)
01-01 08:21:39.235 0 0 I e2fsck : Pass 1: Checking inodes, blocks, and sizes
01-01 08:21:39.237 0 0 I e2fsck : Pass 2: Checking directory structure
01-01 08:21:39.238 0 0 I e2fsck : Pass 3: Checking directory connectivity
01-01 08:21:39.238 0 0 I e2fsck : Pass 4: Checking reference counts
01-01 08:21:39.238 0 0 I e2fsck : Pass 5: Checking group summary information
01-01 08:21:39.241 0 0 I e2fsck : /dev/block/by-name/metadata: 33/4096 files (0.0% non-contiguous), 1197/4096 blocks
01-01 08:21:39.243 0 0 I EXT4-fs (sda11): mounted filesystem with ordered data mode. Opts: discard
01-01 08:21:39.249 0 0 I device-mapper: verity: sha256 using implementation "sha256-ce"
01-01 08:21:39.252 0 0 W EXT4-fs (dm-5): mounting with "discard" option, but the device does not support discard
01-01 08:21:39.252 0 0 I EXT4-fs (dm-5): mounted filesystem without journal. Opts: barrier=1,discard
01-01 08:21:39.255 0 0 I device-mapper: verity: sha256 using implementation "sha256-ce"
01-01 08:21:39.258 0 0 W EXT4-fs (dm-6): mounting with "discard" option, but the device does not support discard
01-01 08:21:39.258 0 0 I EXT4-fs (dm-6): mounted filesystem without journal. Opts: barrier=1,discard
01-01 08:21:39.258 0 0 I device-mapper: verity: sha256 using implementation "sha256-ce"
01-01 08:21:39.261 0 0 W EXT4-fs (dm-7): mounting with "discard" option, but the device does not support discard
01-01 08:21:39.261 0 0 I EXT4-fs (dm-7): mounted filesystem without journal. Opts: barrier=1,discard
01-01 08:21:39.262 0 0 I device-mapper: verity: sha1 using implementation "sha1-ce"
01-01 08:21:39.267 0 0 W EXT4-fs (dm-8): mounting with "discard" option, but the device does not support discard
01-01 08:21:39.267 0 0 I EXT4-fs (dm-8): mounted filesystem without journal. Opts: barrier=1,discard
01-01 08:21:39.268 0 0 I device-mapper: verity: sha1 using implementation "sha1-ce"
01-01 08:21:39.272 0 0 W EXT4-fs (dm-9): mounting with "discard" option, but the device does not support discard
01-01 08:21:39.272 0 0 I EXT4-fs (dm-9): mounted filesystem without journal. Opts: barrier=1,discard
01-01 08:21:39.288 0 0 W init : 35 output lines suppressed due to ratelimiting
01-01 08:21:39.421 0 0 I init : [libfs_mgr]dt_fstab: Skip disabled entry for partition vendor
01-01 08:21:39.421 0 0 I init : [libfs_mgr]GetFstabPath()fstab_path:/odm/etc/fstab.default
01-01 08:21:39.422 0 0 I init : [libfs_mgr]GetFstabPath()fstab_path:/vendor/etc/fstab.default
01-01 08:21:39.423 0 0 I init : [libfs_mgr]GetFstabPath()fstab_path:/system/etc/fstab.default
01-01 08:21:39.423 0 0 I init : [libfs_mgr]GetFstabPath()fstab_path:/first_stage_ramdisk/system/etc/fstab.default
01-01 08:21:39.423 0 0 I init : [libfs_mgr]GetFstabPath()fstab_path:/fstab.default
01-01 08:21:39.423 0 0 I init : [libfs_mgr]GetFstabPath()fstab_path:/first_stage_ramdisk/fstab.default
01-01 08:21:39.423 0 0 I init : [libfs_mgr]GetFstabPath()fstab_path:/odm/etc/fstab.qcom
01-01 08:21:39.423 0 0 I init : [libfs_mgr]GetFstabPath()fstab_path:/vendor/etc/fstab.qcom
01-01 08:21:39.425 0 0 I init : [libfs_mgr]GetFstabPath()fstab_path.c_str():/vendor/etc/fstab.qcom
01-01 08:21:40.481 0 0 I SELinux : policy capability network_peer_controls=1
01-01 08:21:40.481 0 0 I SELinux : policy capability open_perms=1
01-01 08:21:40.481 0 0 I SELinux : policy capability extended_socket_class=1
01-01 08:21:40.481 0 0 I SELinux : policy capability always_check_network=0
01-01 08:21:40.481 0 0 I SELinux : policy capability cgroup_seclabel=0
01-01 08:21:40.481 0 0 I SELinux : policy capability nnp_nosuid_transition=1
01-01 08:21:40.517 0 0 W init : 8 output lines suppressed due to ratelimiting
01-01 08:21:40.528 0 0 I init : init second stage started!
01-01 08:21:40.541 0 0 I init : Using Android DT directory /proc/device-tree/firmware/android/
01-01 08:21:40.544 0 0 E init : Do not have permissions to set 'ro.adb.secure' to '1' in property file '/vendor/default.prop': SELinux permission check failed
01-01 08:21:40.545 0 0 E init : Do not have permissions to set 'persist.backup.ntpServer' to '0.pool.ntp.org' in property file '/vendor/build.prop': SELinux permission check failed
01-01 08:21:40.545 0 0 W init : Overriding previous property 'dalvik.vm.heapsize':'36m' with new value '512m'
01-01 08:21:40.545 0 0 E init : Do not have permissions to set 'persist.vendor.bt.a2dp_offload_cap' to 'sbc-aptx-aptxtws-aptxhd-aac-ldac' in property file '/vendor/build.prop': SELinux permission check failed
01-01 08:21:40.545 0 0 E init : Do not have permissions to set 'vendor.mm.enable.qcom_parser' to '16777215' in property file '/vendor/build.prop': SELinux permission check failed
01-01 08:21:40.545 0 0 E init : Do not have permissions to set 'persist.demo.hdmirotationlock' to 'false' in property file '/vendor/build.prop': SELinux permission check failed
01-01 08:21:40.545 0 0 W init : Couldn't load property file '/vendor_dlkm/etc/build.prop': open() failed: No such file or directory: No such file or directory
01-01 08:21:40.546 0 0 W init : Couldn't load property file '/odm_dlkm/etc/build.prop': open() failed: No such file or directory: No such file or directory
01-01 08:21:40.706 0 0 I ueventd : ueventd started!
01-01 08:21:40.707 0 0 I selinux : SELinux: Loaded file_contexts
01-01 08:21:40.707 0 0 I selinux :
01-01 08:21:40.707 0 0 I ueventd : Parsing file /system/etc/ueventd.rc...
01-01 08:21:40.708 0 0 I ueventd : Added '/vendor/etc/ueventd.rc' to import list
01-01 08:21:40.708 0 0 I ueventd : Added '/odm/etc/ueventd.rc' to import list
01-01 08:21:40.708 0 0 I ueventd : Parsing file /vendor/etc/ueventd.rc...
01-01 08:21:40.708 0 0 I ueventd : Unable to read config file '/vendor/etc/ueventd.rc': open() failed: No such file or directory
01-01 08:21:40.708 0 0 I ueventd : Parsing file /odm/etc/ueventd.rc...
01-01 08:21:40.708 0 0 I ueventd : Unable to read config file '/odm/etc/ueventd.rc': open() failed: No such file or directory
01-01 08:21:41.028 0 0 W msm_11ad soc: qcom,wil6210: GPIO not found, dc GPIO not used
01-01 08:21:41.028 0 0 W msm_11ad soc: qcom,wil6210: GPIO not found, enable GPIO not used
01-01 08:21:41.028 0 0 W msm_11ad soc: qcom,wil6210: GPIO not found, sleep clock not used
01-01 08:21:41.028 0 0 W msm_11ad soc: qcom,wil6210: soc:qcom,wil6210 supply vdd not found, using dummy regulator
01-01 08:21:41.028 0 0 I msm_11ad soc: qcom,wil6210: Linked as a consumer to regulator.0
01-01 08:21:41.029 0 0 I msm_11ad soc: qcom,wil6210: Linked as a consumer to regulator.8
01-01 08:21:41.029 0 0 I msm_11ad soc: qcom,wil6210: Linked as a consumer to regulator.26
01-01 08:21:41.029 0 0 E msm_pcie_enumerate: PCIe: RC1: has already been enumerated.
01-01 08:21:41.029 0 0 E msm_11ad soc: qcom,wil6210: Wigig device not found
01-01 08:21:41.029 0 0 I msm_11ad soc: qcom,wil6210: Dropping the link to regulator.26
01-01 08:21:41.029 0 0 I msm_11ad soc: qcom,wil6210: Dropping the link to regulator.0
01-01 08:21:41.029 0 0 I msm_11ad soc: qcom,wil6210: Dropping the link to regulator.8
01-01 08:21:41.047 0 0 W q6_pdr_dlkm: loading out-of-tree module taints kernel.
01-01 08:21:41.050 0 0 W apr_dlkm: no symbol version for snd_event_notify
01-01 08:21:41.051 0 0 E register_client_adhoc: find path.src 1 dest 589
01-01 08:21:41.051 0 0 E register_client_adhoc: Failed to find path.src 1 dest 589
01-01 08:21:41.053 0 0 E : [drm:dp_display_init_aux_switch][msm-dp-err][395 ]failed to register notifier (-22)
01-01 08:21:41.055 0 0 E register_client_adhoc: find path.src 1 dest 589
01-01 08:21:41.055 0 0 E register_client_adhoc: Failed to find path.src 1 dest 589
01-01 08:21:41.056 0 0 E : [drm:dp_display_init_aux_switch][msm-dp-err][487 ]failed to register notifier (-22)
01-01 08:21:41.084 0 0 W : **********************************************************
01-01 08:21:41.084 0 0 W : ** NOTICE NOTICE NOTICE NOTICE NOTICE NOTICE NOTICE **
01-01 08:21:41.084 0 0 W : ** **
01-01 08:21:41.084 0 0 W : ** trace_printk() being used. Allocating extra memory. **
01-01 08:21:41.084 0 0 W : ** **
01-01 08:21:41.084 0 0 W : ** This means that this is a DEBUG kernel and it is **
01-01 08:21:41.084 0 0 W : ** unsafe for production use. **
01-01 08:21:41.084 0 0 W : ** **
01-01 08:21:41.084 0 0 W : ** If you see this message and you are not debugging **
01-01 08:21:41.084 0 0 W : ** the kernel, report this immediately to your vendor! **
01-01 08:21:41.084 0 0 W : ** **
01-01 08:21:41.084 0 0 W : ** NOTICE NOTICE NOTICE NOTICE NOTICE NOTICE NOTICE **
01-01 08:21:41.084 0 0 W : **********************************************************
01-01 08:21:41.086 0 0 E register_client_adhoc: find path.src 1 dest 589
01-01 08:21:41.086 0 0 E register_client_adhoc: Failed to find path.src 1 dest 589
01-01 08:21:41.086 0 0 E : [drm:dp_display_init_aux_switch][msm-dp-err][79 ]failed to register notifier (-22)
01-01 08:21:41.109 0 0 E register_client_adhoc: find path.src 1 dest 589
01-01 08:21:41.109 0 0 E register_client_adhoc: Failed to find path.src 1 dest 589
01-01 08:21:41.110 0 0 E : [drm:dp_display_init_aux_switch][msm-dp-err][79 ]failed to register notifier (-22)
01-01 08:21:41.110 0 0 E register_client_adhoc: find path.src 1 dest 589
01-01 08:21:41.110 0 0 E register_client_adhoc: Failed to find path.src 1 dest 589
01-01 08:21:41.110 0 0 E : [drm:dp_display_init_aux_switch][msm-dp-err][79 ]failed to register notifier (-22)
01-01 08:21:41.110 0 0 E register_client_adhoc: find path.src 1 dest 589
01-01 08:21:41.110 0 0 E register_client_adhoc: Failed to find path.src 1 dest 589
01-01 08:21:41.111 0 0 E : [drm:dp_display_init_aux_switch][msm-dp-err][79 ]failed to register notifier (-22)
01-01 08:21:41.111 0 0 E register_client_adhoc: find path.src 1 dest 589
01-01 08:21:41.111 0 0 E register_client_adhoc: Failed to find path.src 1 dest 589
01-01 08:21:41.111 0 0 E : [drm:dp_display_init_aux_switch][msm-dp-err][79 ]failed to register notifier (-22)
01-01 08:21:41.111 0 0 E register_client_adhoc: find path.src 1 dest 589
01-01 08:21:41.111 0 0 E register_client_adhoc: Failed to find path.src 1 dest 589
01-01 08:21:41.111 0 0 E : [drm:dp_display_init_aux_switch][msm-dp-err][79 ]failed to register notifier (-22)
01-01 08:21:41.112 0 0 E register_client_adhoc: find path.src 1 dest 589
01-01 08:21:41.112 0 0 E register_client_adhoc: Failed to find path.src 1 dest 589
01-01 08:21:41.112 0 0 E : [drm:dp_display_init_aux_switch][msm-dp-err][79 ]failed to register notifier (-22)
01-01 08:21:41.112 0 0 E register_client_adhoc: find path.src 1 dest 589
01-01 08:21:41.112 0 0 E register_client_adhoc: Failed to find path.src 1 dest 589
01-01 08:21:41.112 0 0 E : [drm:dp_display_init_aux_switch][msm-dp-err][79 ]failed to register notifier (-22)
01-01 08:21:41.112 0 0 E register_client_adhoc: find path.src 1 dest 589
01-01 08:21:41.112 0 0 E register_client_adhoc: Failed to find path.src 1 dest 589
01-01 08:21:41.112 0 0 E : [drm:dp_display_init_aux_switch][msm-dp-err][79 ]failed to register notifier (-22)
01-01 08:21:41.113 0 0 E register_client_adhoc: find path.src 1 dest 589
01-01 08:21:41.113 0 0 E register_client_adhoc: Failed to find path.src 1 dest 589
01-01 08:21:41.113 0 0 E : [drm:dp_display_init_aux_switch][msm-dp-err][79 ]failed to register notifier (-22)
01-01 08:21:41.113 0 0 E register_client_adhoc: find path.src 1 dest 589
01-01 08:21:41.113 0 0 E register_client_adhoc: Failed to find path.src 1 dest 589
01-01 08:21:41.113 0 0 E : [drm:dp_display_init_aux_switch][msm-dp-err][79 ]failed to register notifier (-22)
01-01 08:21:41.113 0 0 E register_client_adhoc: find path.src 1 dest 589
01-01 08:21:41.113 0 0 E register_client_adhoc: Failed to find path.src 1 dest 589
01-01 08:21:41.113 0 0 E : [drm:dp_display_init_aux_switch][msm-dp-err][79 ]failed to register notifier (-22)
01-01 08:21:41.116 0 0 E register_client_adhoc: find path.src 1 dest 589
01-01 08:21:41.116 0 0 E register_client_adhoc: Failed to find path.src 1 dest 589
01-01 08:21:41.116 0 0 E : [drm:dp_display_init_aux_switch][msm-dp-err][79 ]failed to register notifier (-22)
01-01 08:21:41.117 0 0 E register_client_adhoc: find path.src 1 dest 589
01-01 08:21:41.117 0 0 E register_client_adhoc: Failed to find path.src 1 dest 589
01-01 08:21:41.117 0 0 E : [drm:dp_display_init_aux_switch][msm-dp-err][79 ]failed to register notifier (-22)
01-01 08:21:41.117 0 0 E register_client_adhoc: find path.src 1 dest 589
01-01 08:21:41.117 0 0 E register_client_adhoc: Failed to find path.src 1 dest 589
01-01 08:21:41.117 0 0 E : [drm:dp_display_init_aux_switch][msm-dp-err][79 ]failed to register notifier (-22)
01-01 08:21:41.117 0 0 E register_client_adhoc: find path.src 1 dest 589
01-01 08:21:41.117 0 0 E register_client_adhoc: Failed to find path.src 1 dest 589
01-01 08:21:41.118 0 0 E : [drm:dp_display_init_aux_switch][msm-dp-err][79 ]failed to register notifier (-22)
01-01 08:21:41.118 0 0 E register_client_adhoc: find path.src 1 dest 589
01-01 08:21:41.118 0 0 E register_client_adhoc: Failed to find path.src 1 dest 589
01-01 08:21:41.118 0 0 E : [drm:dp_display_init_aux_switch][msm-dp-err][79 ]failed to register notifier (-22)
01-01 08:21:41.118 0 0 E register_client_adhoc: find path.src 1 dest 589
01-01 08:21:41.118 0 0 E register_client_adhoc: Failed to find path.src 1 dest 589
01-01 08:21:41.118 0 0 E : [drm:dp_display_init_aux_switch][msm-dp-err][79 ]failed to register notifier (-22)
01-01 08:21:41.118 0 0 E register_client_adhoc: find path.src 1 dest 589
01-01 08:21:41.118 0 0 E register_client_adhoc: Failed to find path.src 1 dest 589
01-01 08:21:41.118 0 0 E : [drm:dp_display_init_aux_switch][msm-dp-err][79 ]failed to register notifier (-22)
01-01 08:21:41.119 0 0 E register_client_adhoc: find path.src 1 dest 589
01-01 08:21:41.119 0 0 E register_client_adhoc: Failed to find path.src 1 dest 589
01-01 08:21:41.119 0 0 E : [drm:dp_display_init_aux_switch][msm-dp-err][79 ]failed to register notifier (-22)
01-01 08:21:41.119 0 0 E register_client_adhoc: find path.src 1 dest 589
01-01 08:21:41.119 0 0 E register_client_adhoc: Failed to find path.src 1 dest 589
01-01 08:21:41.119 0 0 E : [drm:dp_display_init_aux_switch][msm-dp-err][79 ]failed to register notifier (-22)
01-01 08:21:41.119 0 0 E register_client_adhoc: find path.src 1 dest 589
01-01 08:21:41.119 0 0 E register_client_adhoc: Failed to find path.src 1 dest 589
01-01 08:21:41.119 0 0 E : [drm:dp_display_init_aux_switch][msm-dp-err][79 ]failed to register notifier (-22)
01-01 08:21:41.119 0 0 E register_client_adhoc: find path.src 1 dest 589
01-01 08:21:41.119 0 0 E register_client_adhoc: Failed to find path.src 1 dest 589
01-01 08:21:41.120 0 0 E : [drm:dp_display_init_aux_switch][msm-dp-err][79 ]failed to register notifier (-22)
01-01 08:21:41.120 0 0 E register_client_adhoc: find path.src 1 dest 589
01-01 08:21:41.120 0 0 E register_client_adhoc: Failed to find path.src 1 dest 589
01-01 08:21:41.120 0 0 E : [drm:dp_display_init_aux_switch][msm-dp-err][79 ]failed to register notifier (-22)
01-01 08:21:41.120 0 0 E register_client_adhoc: find path.src 1 dest 589
01-01 08:21:41.120 0 0 E register_client_adhoc: Failed to find path.src 1 dest 589
01-01 08:21:41.121 0 0 E : [drm:dp_display_init_aux_switch][msm-dp-err][78 ]failed to register notifier (-22)
01-01 08:21:41.121 0 0 E register_client_adhoc: find path.src 1 dest 589
01-01 08:21:41.121 0 0 E register_client_adhoc: Failed to find path.src 1 dest 589
01-01 08:21:41.121 0 0 E : [drm:dp_display_init_aux_switch][msm-dp-err][78 ]failed to register notifier (-22)
01-01 08:21:41.121 0 0 E register_client_adhoc: find path.src 1 dest 589
01-01 08:21:41.121 0 0 E register_client_adhoc: Failed to find path.src 1 dest 589
01-01 08:21:41.122 0 0 E : [drm:dp_display_init_aux_switch][msm-dp-err][78 ]failed to register notifier (-22)
01-01 08:21:41.122 0 0 E register_client_adhoc: find path.src 1 dest 589
01-01 08:21:41.122 0 0 E register_client_adhoc: Failed to find path.src 1 dest 589
01-01 08:21:41.122 0 0 E : [drm:dp_display_init_aux_switch][msm-dp-err][78 ]failed to register notifier (-22)
01-01 08:21:41.122 0 0 E register_client_adhoc: find path.src 1 dest 589
01-01 08:21:41.122 0 0 E register_client_adhoc: Failed to find path.src 1 dest 589
01-01 08:21:41.122 0 0 E : [drm:dp_display_init_aux_switch][msm-dp-err][78 ]failed to register notifier (-22)
01-01 08:21:41.123 0 0 E register_client_adhoc: find path.src 1 dest 589
01-01 08:21:41.123 0 0 E register_client_adhoc: Failed to find path.src 1 dest 589
01-01 08:21:41.123 0 0 E : [drm:dp_display_init_aux_switch][msm-dp-err][78 ]failed to register notifier (-22)
01-01 08:21:41.123 0 0 E register_client_adhoc: find path.src 1 dest 589
01-01 08:21:41.123 0 0 E register_client_adhoc: Failed to find path.src 1 dest 589
01-01 08:21:41.123 0 0 E : [drm:dp_display_init_aux_switch][msm-dp-err][78 ]failed to register notifier (-22)
01-01 08:21:41.123 0 0 E register_client_adhoc: find path.src 1 dest 589
01-01 08:21:41.123 0 0 E register_client_adhoc: Failed to find path.src 1 dest 589
01-01 08:21:41.124 0 0 E : [drm:dp_display_init_aux_switch][msm-dp-err][78 ]failed to register notifier (-22)
01-01 08:21:41.124 0 0 E register_client_adhoc: find path.src 1 dest 589
01-01 08:21:41.124 0 0 E register_client_adhoc: Failed to find path.src 1 dest 589
01-01 08:21:41.124 0 0 E : [drm:dp_display_init_aux_switch][msm-dp-err][78 ]failed to register notifier (-22)
01-01 08:21:41.124 0 0 E register_client_adhoc: find path.src 1 dest 589
01-01 08:21:41.124 0 0 E register_client_adhoc: Failed to find path.src 1 dest 589
01-01 08:21:41.124 0 0 E : [drm:dp_display_init_aux_switch][msm-dp-err][78 ]failed to register notifier (-22)
01-01 08:21:41.124 0 0 E register_client_adhoc: find path.src 1 dest 589
01-01 08:21:41.124 0 0 E register_client_adhoc: Failed to find path.src 1 dest 589
01-01 08:21:41.125 0 0 E : [drm:dp_display_init_aux_switch][msm-dp-err][78 ]failed to register notifier (-22)
01-01 08:21:41.125 0 0 E register_client_adhoc: find path.src 1 dest 589
01-01 08:21:41.125 0 0 E register_client_adhoc: Failed to find path.src 1 dest 589
01-01 08:21:41.125 0 0 E : [drm:dp_display_init_aux_switch][msm-dp-err][78 ]failed to register notifier (-22)
01-01 08:21:41.125 0 0 E register_client_adhoc: find path.src 1 dest 589
01-01 08:21:41.126 0 0 E register_client_adhoc: Failed to find path.src 1 dest 589
01-01 08:21:41.126 0 0 E : [drm:dp_display_init_aux_switch][msm-dp-err][78 ]failed to register notifier (-22)
01-01 08:21:41.126 0 0 E register_client_adhoc: find path.src 1 dest 589
01-01 08:21:41.126 0 0 E register_client_adhoc: Failed to find path.src 1 dest 589
01-01 08:21:41.126 0 0 E : [drm:dp_display_init_aux_switch][msm-dp-err][78 ]failed to register notifier (-22)
01-01 08:21:41.126 0 0 E register_client_adhoc: find path.src 1 dest 589
01-01 08:21:41.126 0 0 E register_client_adhoc: Failed to find path.src 1 dest 589
01-01 08:21:41.126 0 0 E : [drm:dp_display_init_aux_switch][msm-dp-err][78 ]failed to register notifier (-22)
01-01 08:21:41.127 0 0 E register_client_adhoc: find path.src 1 dest 589
01-01 08:21:41.127 0 0 E register_client_adhoc: Failed to find path.src 1 dest 589
01-01 08:21:41.127 0 0 E : [drm:dp_display_init_aux_switch][msm-dp-err][78 ]failed to register notifier (-22)
01-01 08:21:41.127 0 0 E register_client_adhoc: find path.src 1 dest 589
01-01 08:21:41.127 0 0 E register_client_adhoc: Failed to find path.src 1 dest 589
01-01 08:21:41.127 0 0 E : [drm:dp_display_init_aux_switch][msm-dp-err][78 ]failed to register notifier (-22)
01-01 08:21:41.127 0 0 E register_client_adhoc: find path.src 1 dest 589
01-01 08:21:41.127 0 0 E register_client_adhoc: Failed to find path.src 1 dest 589
01-01 08:21:41.128 0 0 E : [drm:dp_display_init_aux_switch][msm-dp-err][78 ]failed to register notifier (-22)
01-01 08:21:41.128 0 0 E register_client_adhoc: find path.src 1 dest 589
01-01 08:21:41.128 0 0 E register_client_adhoc: Failed to find path.src 1 dest 589
01-01 08:21:41.128 0 0 E : [drm:dp_display_init_aux_switch][msm-dp-err][78 ]failed to register notifier (-22)
01-01 08:21:41.128 0 0 E register_client_adhoc: find path.src 1 dest 589
01-01 08:21:41.128 0 0 E register_client_adhoc: Failed to find path.src 1 dest 589
01-01 08:21:41.128 0 0 E : [drm:dp_display_init_aux_switch][msm-dp-err][78 ]failed to register notifier (-22)
01-01 08:21:41.128 0 0 E register_client_adhoc: find path.src 1 dest 589
01-01 08:21:41.128 0 0 E register_client_adhoc: Failed to find path.src 1 dest 589
01-01 08:21:41.129 0 0 E : [drm:dp_display_init_aux_switch][msm-dp-err][78 ]failed to register notifier (-22)
01-01 08:21:41.129 0 0 E register_client_adhoc: find path.src 1 dest 589
01-01 08:21:41.129 0 0 E register_client_adhoc: Failed to find path.src 1 dest 589
01-01 08:21:41.129 0 0 E : [drm:dp_display_init_aux_switch][msm-dp-err][78 ]failed to register notifier (-22)
01-01 08:21:41.129 0 0 E register_client_adhoc: find path.src 1 dest 589
01-01 08:21:41.129 0 0 E register_client_adhoc: Failed to find path.src 1 dest 589
01-01 08:21:41.129 0 0 E : [drm:dp_display_init_aux_switch][msm-dp-err][78 ]failed to register notifier (-22)
01-01 08:21:41.129 0 0 E register_client_adhoc: find path.src 1 dest 589
01-01 08:21:41.129 0 0 E register_client_adhoc: Failed to find path.src 1 dest 589
01-01 08:21:41.130 0 0 E : [drm:dp_display_init_aux_switch][msm-dp-err][78 ]failed to register notifier (-22)
01-01 08:21:41.130 0 0 E register_client_adhoc: find path.src 1 dest 589
01-01 08:21:41.130 0 0 E register_client_adhoc: Failed to find path.src 1 dest 589
01-01 08:21:41.130 0 0 E : [drm:dp_display_init_aux_switch][msm-dp-err][78 ]failed to register notifier (-22)
01-01 08:21:41.130 0 0 E register_client_adhoc: find path.src 1 dest 589
01-01 08:21:41.130 0 0 E register_client_adhoc: Failed to find path.src 1 dest 589
01-01 08:21:41.130 0 0 E : [drm:dp_display_init_aux_switch][msm-dp-err][78 ]failed to register notifier (-22)
01-01 08:21:41.130 0 0 E register_client_adhoc: find path.src 1 dest 589
01-01 08:21:41.130 0 0 E register_client_adhoc: Failed to find path.src 1 dest 589
01-01 08:21:41.131 0 0 E : [drm:dp_display_init_aux_switch][msm-dp-err][78 ]failed to register notifier (-22)
01-01 08:21:41.131 0 0 E register_client_adhoc: find path.src 1 dest 589
01-01 08:21:41.131 0 0 E register_client_adhoc: Failed to find path.src 1 dest 589
01-01 08:21:41.131 0 0 E : [drm:dp_display_init_aux_switch][msm-dp-err][78 ]failed to register notifier (-22)
01-01 08:21:41.131 0 0 E register_client_adhoc: find path.src 1 dest 589
01-01 08:21:41.131 0 0 E register_client_adhoc: Failed to find path.src 1 dest 589
01-01 08:21:41.131 0 0 E : [drm:dp_display_init_aux_switch][msm-dp-err][78 ]failed to register notifier (-22)
01-01 08:21:41.132 0 0 E register_client_adhoc: find path.src 1 dest 589
01-01 08:21:41.132 0 0 E register_client_adhoc: Failed to find path.src 1 dest 589
01-01 08:21:41.132 0 0 E : [drm:dp_display_init_aux_switch][msm-dp-err][78 ]failed to register notifier (-22)
01-01 08:21:41.132 0 0 E register_client_adhoc: find path.src 1 dest 589
01-01 08:21:41.132 0 0 E register_client_adhoc: Failed to find path.src 1 dest 589
01-01 08:21:41.132 0 0 E : [drm:dp_display_init_aux_switch][msm-dp-err][79 ]failed to register notifier (-22)
01-01 08:21:41.133 0 0 E register_client_adhoc: find path.src 1 dest 589
01-01 08:21:41.133 0 0 E register_client_adhoc: Failed to find path.src 1 dest 589
01-01 08:21:41.133 0 0 E : [drm:dp_display_init_aux_switch][msm-dp-err][79 ]failed to register notifier (-22)
01-01 08:21:41.133 0 0 E register_client_adhoc: find path.src 1 dest 589
01-01 08:21:41.133 0 0 E register_client_adhoc: Failed to find path.src 1 dest 589
01-01 08:21:41.133 0 0 E : [drm:dp_display_init_aux_switch][msm-dp-err][79 ]failed to register notifier (-22)
01-01 08:21:41.133 0 0 E register_client_adhoc: find path.src 1 dest 589
01-01 08:21:41.133 0 0 E register_client_adhoc: Failed to find path.src 1 dest 589
01-01 08:21:41.134 0 0 E : [drm:dp_display_init_aux_switch][msm-dp-err][79 ]failed to register notifier (-22)
01-01 08:21:41.134 0 0 E register_client_adhoc: find path.src 1 dest 589
01-01 08:21:41.134 0 0 E register_client_adhoc: Failed to find path.src 1 dest 589
01-01 08:21:41.134 0 0 E : [drm:dp_display_init_aux_switch][msm-dp-err][79 ]failed to register notifier (-22)
01-01 08:21:41.134 0 0 E register_client_adhoc: find path.src 1 dest 589
01-01 08:21:41.134 0 0 E register_client_adhoc: Failed to find path.src 1 dest 589
01-01 08:21:41.134 0 0 E : [drm:dp_display_init_aux_switch][msm-dp-err][79 ]failed to register notifier (-22)
01-01 08:21:41.135 0 0 E register_client_adhoc: find path.src 1 dest 589
01-01 08:21:41.135 0 0 E register_client_adhoc: Failed to find path.src 1 dest 589
01-01 08:21:41.135 0 0 E : [drm:dp_display_init_aux_switch][msm-dp-err][79 ]failed to register notifier (-22)
01-01 08:21:41.135 0 0 E register_client_adhoc: find path.src 1 dest 589
01-01 08:21:41.135 0 0 E register_client_adhoc: Failed to find path.src 1 dest 589
01-01 08:21:41.135 0 0 E : [drm:dp_display_init_aux_switch][msm-dp-err][79 ]failed to register notifier (-22)
01-01 08:21:41.135 0 0 E register_client_adhoc: find path.src 1 dest 589
01-01 08:21:41.135 0 0 E register_client_adhoc: Failed to find path.src 1 dest 589
01-01 08:21:41.136 0 0 E : [drm:dp_display_init_aux_switch][msm-dp-err][79 ]failed to register notifier (-22)
01-01 08:21:41.136 0 0 E register_client_adhoc: find path.src 1 dest 589
01-01 08:21:41.136 0 0 E register_client_adhoc: Failed to find path.src 1 dest 589
01-01 08:21:41.136 0 0 E : [drm:dp_display_init_aux_switch][msm-dp-err][79 ]failed to register notifier (-22)
01-01 08:21:41.136 0 0 E register_client_adhoc: find path.src 1 dest 589
01-01 08:21:41.136 0 0 E register_client_adhoc: Failed to find path.src 1 dest 589
01-01 08:21:41.137 0 0 E : [drm:dp_display_init_aux_switch][msm-dp-err][79 ]failed to register notifier (-22)
01-01 08:21:41.137 0 0 E register_client_adhoc: find path.src 1 dest 589
01-01 08:21:41.137 0 0 E register_client_adhoc: Failed to find path.src 1 dest 589
01-01 08:21:41.137 0 0 E : [drm:dp_display_init_aux_switch][msm-dp-err][79 ]failed to register notifier (-22)
01-01 08:21:41.137 0 0 E register_client_adhoc: find path.src 1 dest 589
01-01 08:21:41.137 0 0 E register_client_adhoc: Failed to find path.src 1 dest 589
01-01 08:21:41.137 0 0 E : [drm:dp_display_init_aux_switch][msm-dp-err][79 ]failed to register notifier (-22)
01-01 08:21:41.138 0 0 E register_client_adhoc: find path.src 1 dest 589
01-01 08:21:41.138 0 0 E register_client_adhoc: Failed to find path.src 1 dest 589
01-01 08:21:41.138 0 0 E : [drm:dp_display_init_aux_switch][msm-dp-err][78 ]failed to register notifier (-22)
01-01 08:21:41.138 0 0 E register_client_adhoc: find path.src 1 dest 589
01-01 08:21:41.138 0 0 E register_client_adhoc: Failed to find path.src 1 dest 589
01-01 08:21:41.139 0 0 E : [drm:dp_display_init_aux_switch][msm-dp-err][78 ]failed to register notifier (-22)
01-01 08:21:41.139 0 0 E register_client_adhoc: find path.src 1 dest 589
01-01 08:21:41.139 0 0 E register_client_adhoc: Failed to find path.src 1 dest 589
01-01 08:21:41.139 0 0 E : [drm:dp_display_init_aux_switch][msm-dp-err][78 ]failed to register notifier (-22)
01-01 08:21:41.139 0 0 E register_client_adhoc: find path.src 1 dest 589
01-01 08:21:41.139 0 0 E register_client_adhoc: Failed to find path.src 1 dest 589
01-01 08:21:41.140 0 0 E : [drm:dp_display_init_aux_switch][msm-dp-err][79 ]failed to register notifier (-22)
01-01 08:21:41.140 0 0 E register_client_adhoc: find path.src 1 dest 589
01-01 08:21:41.140 0 0 E register_client_adhoc: Failed to find path.src 1 dest 589
01-01 08:21:41.140 0 0 E : [drm:dp_display_init_aux_switch][msm-dp-err][79 ]failed to register notifier (-22)
01-01 08:21:41.140 0 0 E register_client_adhoc: find path.src 1 dest 589
01-01 08:21:41.140 0 0 E register_client_adhoc: Failed to find path.src 1 dest 589
01-01 08:21:41.140 0 0 E : [drm:dp_display_init_aux_switch][msm-dp-err][79 ]failed to register notifier (-22)
01-01 08:21:41.141 0 0 E register_client_adhoc: find path.src 1 dest 589
01-01 08:21:41.141 0 0 E register_client_adhoc: Failed to find path.src 1 dest 589
01-01 08:21:41.141 0 0 E : [drm:dp_display_init_aux_switch][msm-dp-err][79 ]failed to register notifier (-22)
01-01 08:21:41.141 0 0 E register_client_adhoc: find path.src 1 dest 589
01-01 08:21:41.141 0 0 E register_client_adhoc: Failed to find path.src 1 dest 589
01-01 08:21:41.141 0 0 E : [drm:dp_display_init_aux_switch][msm-dp-err][79 ]failed to register notifier (-22)
01-01 08:21:41.141 0 0 E register_client_adhoc: find path.src 1 dest 589
01-01 08:21:41.142 0 0 E register_client_adhoc: Failed to find path.src 1 dest 589
01-01 08:21:41.142 0 0 E : [drm:dp_display_init_aux_switch][msm-dp-err][79 ]failed to register notifier (-22)
01-01 08:21:41.142 0 0 E register_client_adhoc: find path.src 1 dest 589
01-01 08:21:41.142 0 0 E register_client_adhoc: Failed to find path.src 1 dest 589
01-01 08:21:41.142 0 0 E : [drm:dp_display_init_aux_switch][msm-dp-err][79 ]failed to register notifier (-22)
01-01 08:21:41.142 0 0 E register_client_adhoc: find path.src 1 dest 589
01-01 08:21:41.142 0 0 E register_client_adhoc: Failed to find path.src 1 dest 589
01-01 08:21:41.143 0 0 E : [drm:dp_display_init_aux_switch][msm-dp-err][79 ]failed to register notifier (-22)
01-01 08:21:41.143 0 0 E register_client_adhoc: find path.src 1 dest 589
01-01 08:21:41.143 0 0 E register_client_adhoc: Failed to find path.src 1 dest 589
01-01 08:21:41.143 0 0 E : [drm:dp_display_init_aux_switch][msm-dp-err][79 ]failed to register notifier (-22)
01-01 08:21:41.143 0 0 E register_client_adhoc: find path.src 1 dest 589
01-01 08:21:41.143 0 0 E register_client_adhoc: Failed to find path.src 1 dest 589
01-01 08:21:41.164 0 0 E : [drm:dp_display_init_aux_switch][msm-dp-err][86 ]failed to register notifier (-22)
01-01 08:21:41.165 0 0 E register_client_adhoc: find path.src 1 dest 589
01-01 08:21:41.165 0 0 E register_client_adhoc: Failed to find path.src 1 dest 589
01-01 08:21:41.166 0 0 E : [drm:dp_display_init_aux_switch][msm-dp-err][86 ]failed to register notifier (-22)
01-01 08:21:41.166 0 0 E register_client_adhoc: find path.src 1 dest 589
01-01 08:21:41.166 0 0 E register_client_adhoc: Failed to find path.src 1 dest 589
01-01 08:21:41.169 0 0 E : [drm:dp_display_init_aux_switch][msm-dp-err][86 ]failed to register notifier (-22)
01-01 08:21:41.169 0 0 E register_client_adhoc: find path.src 1 dest 589
01-01 08:21:41.169 0 0 E register_client_adhoc: Failed to find path.src 1 dest 589
01-01 08:21:41.169 0 0 E : [drm:dp_display_init_aux_switch][msm-dp-err][86 ]failed to register notifier (-22)
01-01 08:21:41.169 0 0 E register_client_adhoc: find path.src 1 dest 589
01-01 08:21:41.169 0 0 E register_client_adhoc: Failed to find path.src 1 dest 589
01-01 08:21:41.170 0 0 E kona-pinctrl f000000.pinctrl: invalid function func2 in map table
01-01 08:21:41.170 0 0 E kona-pinctrl f000000.pinctrl: invalid function func2 in map table
01-01 08:21:41.170 0 0 E kona-pinctrl f000000.pinctrl: invalid function func2 in map table
01-01 08:21:41.170 0 0 E kona-pinctrl f000000.pinctrl: invalid function func2 in map table
01-01 08:21:41.170 0 0 E : [drm:dp_display_init_aux_switch][msm-dp-err][86 ]failed to register notifier (-22)
01-01 08:21:41.170 0 0 E register_client_adhoc: find path.src 1 dest 589
01-01 08:21:41.170 0 0 E register_client_adhoc: Failed to find path.src 1 dest 589
01-01 08:21:41.191 0 0 E : [drm:dp_display_init_aux_switch][msm-dp-err][86 ]failed to register notifier (-22)
01-01 08:21:41.191 0 0 E register_client_adhoc: find path.src 1 dest 589
01-01 08:21:41.191 0 0 E register_client_adhoc: Failed to find path.src 1 dest 589
01-01 08:21:41.192 0 0 E : [drm:dp_display_init_aux_switch][msm-dp-err][86 ]failed to register notifier (-22)
01-01 08:21:41.192 0 0 E register_client_adhoc: find path.src 1 dest 589
01-01 08:21:41.192 0 0 E register_client_adhoc: Failed to find path.src 1 dest 589
01-01 08:21:41.192 0 0 E : [drm:dp_display_init_aux_switch][msm-dp-err][86 ]failed to register notifier (-22)
01-01 08:21:41.192 0 0 E register_client_adhoc: find path.src 1 dest 589
01-01 08:21:41.192 0 0 E register_client_adhoc: Failed to find path.src 1 dest 589
01-01 08:21:41.292 0 0 E : Trying to create more than 6 SchedTune boosting groups
01-01 08:21:41.292 0 0 E : Trying to create more than 6 SchedTune boosting groups
01-01 08:21:41.311 0 0 I : Registered swp emulation handler
01-01 08:21:41.337 0 0 I binder : 500:500 ioctl 40046210 7fc6c79e64 returned -22
01-01 08:21:41.340 0 0 I binder : 501:501 ioctl 40046210 7fca205444 returned -22
01-01 08:21:41.345 0 0 I logd.auditd: start
01-01 08:21:41.358 0 0 I init : wait for '/dev/block/platform/soc/1d84000.ufshc' took 0ms
01-01 08:21:41.362 0 0 I : tsnv tsnv_init register TSNV Driver v0.01
01-01 08:21:41.362 0 0 I init : wait for '/dev/qseecom' took 0ms
01-01 08:21:41.378 0 0 I EXT4-fs (sda2): mounted filesystem with ordered data mode. Opts: barrier=1
01-01 08:21:41.379 0 0 E FAT-fs (sde51): bogus number of reserved sectors
01-01 08:21:41.379 0 0 I FAT-fs (sde51): Can't find a valid FAT filesystem
01-01 08:21:41.388 0 0 I fsck_msdos: ** /dev/block/bootdevice/by-name/spunvm
01-01 08:21:41.388 0 0 I fsck_msdos: Can't open `/dev/block/bootdevice/by-name/spunvm'
01-01 08:21:41.388 0 0 I fsck_msdos: fsck_msdos terminated by exit(8)
01-01 08:21:41.389 0 0 E FAT-fs (sde51): bogus number of reserved sectors
01-01 08:21:41.389 0 0 I FAT-fs (sde51): Can't find a valid FAT filesystem
01-01 08:21:41.390 0 0 I binder : 499:499 ioctl 40046210 7fed49b104 returned -22
01-01 08:21:41.395 0 0 I EXT4-fs (sde9): mounted filesystem with ordered data mode. Opts: barrier=1 --------- beginning of system
01-01 08:21:41.418 513 513 I vold : Vold 3.0 (the awakening) firing up
01-01 08:21:41.418 513 513 D vold : Detected support for: ext4 f2fs vfat
01-01 08:21:41.420 513 513 D vold : Found unmanaged dm device named system_ext_a
01-01 08:21:41.420 513 513 D vold : Found unmanaged dm device named odm_a
01-01 08:21:41.420 513 513 D vold : Found unmanaged dm device named system_a
01-01 08:21:41.420 513 513 D vold : Found unmanaged dm device named vendor-verity
01-01 08:21:41.420 513 513 D vold : Found unmanaged dm device named vendor_a
01-01 08:21:41.420 513 513 D vold : Found unmanaged dm device named system_ext-verity
01-01 08:21:41.420 513 513 D vold : Found unmanaged dm device named odm-verity
01-01 08:21:41.420 513 513 D vold : Found unmanaged dm device named product-verity
01-01 08:21:41.420 513 513 D vold : Found unmanaged dm device named system-verity
01-01 08:21:41.420 513 513 D vold : Found unmanaged dm device named product_a
01-01 08:21:41.421 513 513 I vold : [libfs_mgr]dt_fstab: Skip disabled entry for partition vendor
01-01 08:21:41.421 513 513 I vold : [libfs_mgr]GetFstabPath()fstab_path:/odm/etc/fstab.default
01-01 08:21:41.421 513 513 I vold : [libfs_mgr]GetFstabPath()fstab_path:/vendor/etc/fstab.default
01-01 08:21:41.421 513 513 I vold : [libfs_mgr]GetFstabPath()fstab_path:/system/etc/fstab.default
01-01 08:21:41.421 513 513 I vold : [libfs_mgr]GetFstabPath()fstab_path:/first_stage_ramdisk/system/etc/fstab.default
01-01 08:21:41.421 513 513 I vold : [libfs_mgr]GetFstabPath()fstab_path:/fstab.default
01-01 08:21:41.421 513 513 I vold : [libfs_mgr]GetFstabPath()fstab_path:/first_stage_ramdisk/fstab.default
01-01 08:21:41.421 513 513 I vold : [libfs_mgr]GetFstabPath()fstab_path:/odm/etc/fstab.qcom
01-01 08:21:41.421 513 513 I vold : [libfs_mgr]GetFstabPath()fstab_path:/vendor/etc/fstab.qcom
01-01 08:21:41.421 513 513 I vold : [libfs_mgr]GetFstabPath()fstab_path.c_str():/vendor/etc/fstab.qcom
01-01 08:21:41.421 0 0 I binder : 546:546 ioctl 40046210 7fca4689f4 returned -22
01-01 08:21:41.421 0 0 D ProcessState: Binder ioctl to enable oneway spam detection failed: Invalid argument
01-01 08:21:41.422 0 0 I binder : 513:513 ioctl 40046210 7fe2cb52c4 returned -22
01-01 08:21:41.422 0 0 I binder : 513:513 ioctl 40046210 7fe2cb5264 returned -22
01-01 08:21:41.422 513 513 D vold : VoldNativeService::start() completed OK
01-01 08:21:41.432 0 0 D vdc : Waited 10ms for vold
01-01 08:21:41.433 511 557 I QISL : QSEE Interrupt Service Listener Thread is started
01-01 08:21:41.440 511 557 I QISL : QSEE Interrupt Service Listener was activated successfully
01-01 08:21:41.441 511 511 D SPL : Call QSEECom_register_listener()
01-01 08:21:41.441 511 511 D SPL : Registered listener sucessfully!
01-01 08:21:41.441 511 511 D SPL : pipe read-fd [32] write-fd [33]
01-01 08:21:41.441 511 511 D SPL : Create thread
01-01 08:21:41.441 511 511 D SPL : Thread created sucessfully.
01-01 08:21:41.441 511 558 D SPL : spl_dispatch() started
01-01 08:21:41.441 511 558 D SPL : ==== Wait For Request ======
01-01 08:21:41.443 0 0 W subsys-pil-tz soc: qcom,ipa_fws: Falling back to syfs fallback for: ipa_fws.mdt
01-01 08:21:41.444 0 0 I init : wait for '/mnt/vendor/spunvm' took 0ms
01-01 08:21:41.478 0 0 I binder : 563:563 ioctl 40046210 7fd9c0c634 returned -22
01-01 08:21:41.479 0 0 I binder : 563:563 ioctl 40046210 7fd9c0c574 returned -22
01-01 08:21:41.479 561 561 D spdaemon: Firmware Name [spss2p].
01-01 08:21:41.479 561 561 D spdaemon: Prod FW.
01-01 08:21:41.479 561 561 D spdaemon: firmware_type [p].
01-01 08:21:41.479 561 561 D spdaemon: open() file [/sys/devices/soc0/machine] Failed, ret =-1.
01-01 08:21:41.479 561 561 D spdaemon: soc_type 1048576
01-01 08:21:41.479 561 561 E iardb : [iar_db_get_iar_state] failed to open file /mnt/vendor/spunvm/iar_db/iar_state.bin [13] [Permission denied]
01-01 08:21:41.479 561 561 D iarlib : [iar_get_state] Can't get iar_state, return DISABLED
01-01 08:21:41.479 561 561 I spdaemon: IAR is not activated
01-01 08:21:41.479 561 561 D spdaemon: ------ going to start SP From kernel ------
01-01 08:21:41.479 561 561 I spcomlib: [spcom_restart_sp_subsystem] restart_sp starts
01-01 08:21:41.479 561 561 D spcomlib: [spcom_restart_sp_subsystem] restart_sp - Send PIL request [1]
01-01 08:21:41.479 0 0 I : SW_INIT_DONE - 2nd phase loading [spss] completed ok
01-01 08:21:41.479 0 0 I : PBL_DONE - 1st phase loading [spss] completed ok
01-01 08:21:41.481 561 561 D spcomlib: [spcom_restart_sp_subsystem] restart_sp - Restart SP command ok.
01-01 08:21:41.481 561 561 D spcomlib: [spcom_signal_event] event [0] [pil_called] EVENT_STATUS_SIGNALED
01-01 08:21:41.481 561 561 I spcomlib: [spcom_reset_all_app_loaded_prop] start reset all spcomlib apploaded props.
01-01 08:21:41.483 0 0 E : [drm:dp_display_init_aux_switch][msm-dp-err][86 ]failed to register notifier (-22)
01-01 08:21:41.483 0 0 E register_client_adhoc: find path.src 1 dest 589
01-01 08:21:41.483 0 0 E register_client_adhoc: Failed to find path.src 1 dest 589
01-01 08:21:41.499 0 0 I wait_for_keymaster: Waiting for Keymaster device
01-01 08:21:41.499 0 0 I binder : 573:573 ioctl 40046210 7fe91a2f84 returned -22
01-01 08:21:41.499 0 0 D ProcessState: Binder ioctl to enable oneway spam detection failed: Invalid argument
01-01 08:21:41.524 0 0 I binder : 564:564 ioctl 40046210 7fe5bd5534 returned -22
01-01 08:21:41.531 0 0 I binder : 564:576 ioctl 40046210 74a9c49154 returned -22
01-01 08:21:41.598 0 0 I subsys-pil-tz soc: qcom,ipa_fws: ipa_fws: loading from 0x0000000086810000 to 0x0000000086819000
01-01 08:21:41.600 0 0 W subsys-pil-tz soc: qcom,ipa_fws: Falling back to syfs fallback for: ipa_fws.b02
01-01 08:21:41.600 0 0 W subsys-pil-tz soc: qcom,ipa_fws: Falling back to syfs fallback for: ipa_fws.b03
01-01 08:21:41.600 0 0 W subsys-pil-tz soc: qcom,ipa_fws: Falling back to syfs fallback for: ipa_fws.b04
01-01 08:21:41.605 0 0 I subsys-pil-tz soc: qcom,ipa_fws: ipa_fws: Brought out of reset
01-01 08:21:41.605 0 0 I : IPA FW loaded successfully
01-01 08:21:41.606 0 0 E gsi soc : qcom,msm_gsi: gsi_register_device:1203 GSI irq is wake enabled 34
01-01 08:21:41.608 0 0 I : rmnet_ipa3 started initialization
01-01 08:21:41.608 0 0 I : IPA SSR support = True
01-01 08:21:41.608 0 0 I : IPA SG support = True
01-01 08:21:41.608 0 0 I : IPA Napi Enable = True
01-01 08:21:41.608 0 0 I : using default for wan-rx-desc-size = 256
01-01 08:21:41.608 0 0 I : IPA driver initialization was successful.
01-01 08:21:41.608 0 0 W subsys-pil-tz soc: qcom,ipa_uc: Falling back to syfs fallback for: ipa_uc.mdt
01-01 08:21:41.608 0 0 E ipa-wan ipa3_wwan_probe: 2530 rmnet_ipa completed initialization
01-01 08:21:41.618 0 0 I subsys-pil-tz soc: qcom,ipa_uc: ipa_uc: loading from 0x0000000086800000 to 0x0000000086810000
01-01 08:21:41.620 0 0 W subsys-pil-tz soc: qcom,ipa_uc: Falling back to syfs fallback for: ipa_uc.b02
01-01 08:21:41.623 0 0 I subsys-pil-tz soc: qcom,ipa_uc: ipa_uc: Brought out of reset
01-01 08:21:41.623 0 0 E ipa3_uc_wdi_event_log_info_handler: 351 WDI protocol missing 0x21
01-01 08:21:41.623 0 0 E ipa3_uc_ntn_event_log_info_handler: 34 NTN stats ofst=0x500e0
01-01 08:21:42.500 0 0 W ServiceManager: Waited one second for android.system.keystore2.IKeystoreService/default (is service started? are binder threads started and available?)
01-01 08:21:42.501 0 0 I wait_for_keymaster: Keymaster device ready
01-01 08:21:42.503 0 0 I binder : undelivered transaction 226, process died.
01-01 08:21:42.506 0 0 I binder : 601:601 ioctl 40046210 7fd1fedd94 returned -22
01-01 08:21:42.506 0 0 D ProcessState: Binder ioctl to enable oneway spam detection failed: Invalid argument
01-01 08:21:42.506 0 0 D vdc : Waited 0ms for vold
01-01 08:21:42.519 0 0 I binder : 603:603 ioctl 40046210 7ff5991554 returned -22
01-01 08:21:42.519 0 0 D ProcessState: Binder ioctl to enable oneway spam detection failed: Invalid argument
01-01 08:21:42.519 0 0 D vdc : Waited 0ms for vold
01-01 08:21:42.519 513 513 D vold : fscrypt_mount_metadata_encrypted: /data encrypt: 0 format: 0 with null
01-01 08:21:42.519 513 513 D vold : metadata_key_dir/key: /metadata/vold/metadata_encryption/key
01-01 08:21:42.520 513 513 D vold : Key exists, using: /metadata/vold/metadata_encryption/key
01-01 08:21:42.529 513 513 D vold : Mounting metadata-encrypted filesystem:/data
01-01 08:21:42.532 513 513 I vold : [libfs_mgr]Running /system/bin/fsck.f2fs -a -c 10000 --debug-cache /dev/block/dm-10
01-01 08:21:42.535 0 0 I fsck.f2fs: Info: Fix the reported corruption.
01-01 08:21:42.535 0 0 I fsck.f2fs: Info: No support kernel version!
01-01 08:21:42.535 0 0 I fsck.f2fs: Info: Segments per section = 1
01-01 08:21:42.535 0 0 I fsck.f2fs: Info: Sections per zone = 1
01-01 08:21:42.535 0 0 I fsck.f2fs: Info: sector size = 4096
01-01 08:21:42.535 0 0 I fsck.f2fs: Info: total sectors = 28958163 (113117 MB)
01-01 08:21:42.536 0 0 I fsck.f2fs: Info: MKFS version
01-01 08:21:42.536 0 0 I fsck.f2fs: "3.10.0-1160.el7.x86_64 #1 SMP Mon Oct 19 16:18:59 UTC 2020"
01-01 08:21:42.536 0 0 I fsck.f2fs: Info: FSCK version
01-01 08:21:42.536 0 0 I fsck.f2fs: from "4.19.157-perf+"
01-01 08:21:42.563 0 0 I F2FS-fs (dm-10): Mounted with checkpoint version = 3fd298fd
01-01 08:21:42.563 513 513 I vold : [libfs_mgr]__mount(source=/dev/block/dm-10,target=/data,type=f2fs)=0: Success
01-01 08:21:42.563 513 513 D vold : Mounted /data
01-01 08:21:42.564 513 552 D vold : Disk at 252:10 changed
01-01 08:21:42.574 0 0 I binder : 611:611 ioctl 40046210 7fdc3f4334 returned -22
01-01 08:21:42.574 513 513 I Checkpoint: cp_prepareCheckpoint called
01-01 08:21:42.574 0 0 D ProcessState: Binder ioctl to enable oneway spam detection failed: Invalid argument
01-01 08:21:42.574 0 0 D vdc : Waited 0ms for vold
01-01 08:21:42.580 0 0 I binder : 613:613 ioctl 40046210 7fcc81abf4 returned -22
01-01 08:21:42.580 0 0 D ProcessState: Binder ioctl to enable oneway spam detection failed: Invalid argument
01-01 08:21:42.581 0 0 D vdc : Waited 0ms for vold
01-01 08:21:42.581 513 513 I vold : fscrypt_initialize_systemwide_keys
01-01 08:21:42.581 513 513 D vold : Key exists, using: /data/unencrypted/key
01-01 08:21:42.591 513 513 D vold : Installed fscrypt key with ref 4b6fb3fd0eff69467f15911656814cec to /data
01-01 08:21:42.591 513 513 D vold : Added fscrypt-provisioning key for 4b6fb3fd0eff69467f15911656814cec to session keyring
01-01 08:21:42.592 513 513 I vold : Wrote system DE key reference to:/data/unencrypted/ref
01-01 08:21:42.592 513 513 D vold : Generating wrapped storage key
01-01 08:21:42.593 513 513 E vold : keystore2 Keystore generateKey returned service specific error: -67
