12-14 03:23:14.402 2378 2378 D WifiDetailsPrefCtrl2: Wifi Type 4
12-14 03:23:14.404 2378 2378 D DashboardFragment: Preference key is null in Controller WifiDetailPreferenceController2
12-14 03:23:14.406 1994 1994 W View : requestLayout() improperly called by android.widget.TextView{71ee83f V.ED..... ..S...ID 0,38-136,68 #7f0b00a4 app:id/app_label} during layout: running second layout pass
12-14 03:23:14.406 1994 1994 W View : requestLayout() improperly called by com.android.systemui.util.animation.UniqueObjectHostView{7ac528b V.E...... ......ID 0,0-636,344} during layout: running second layout pass
12-14 03:23:14.409 1994 1994 W View : requestLayout() improperly called by android.widget.TextView{71ee83f V.ED..... ..S..... 0,38-136,68 #7f0b00a4 app:id/app_label} during second layout pass: posting in next frame
12-14 03:23:14.410 2378 2378 D WifiDetailsPrefCtrl2: Update UI!
12-14 03:23:14.412 2378 2378 D WifiDetailsPrefCtrl2: Wifi Type 4
12-14 03:23:14.412 2378 2378 D DashboardFragment: Preference key is null in Controller WifiDetailPreferenceController2
12-14 03:23:14.414 1485 1903 I GameModeConfig: isGameModeOn = false
12-14 03:23:14.414 1485 1903 I GameModeConfig: isGameModeOn = false
12-14 03:23:14.414 1485 1903 I GameModeConfig: isGameModeOn = false
12-14 03:23:14.414 1485 1903 I GameModeConfig: isGameModeOn = false
12-14 03:23:14.419 2378 2378 D WifiDetailsPrefCtrl2: Update UI!
12-14 03:23:14.421 1485 1485 I GameModeConfig: isGameModeOn = false
12-14 03:23:14.421 2378 2378 D WifiDetailsPrefCtrl2: Wifi Type 4
12-14 03:23:14.423 1994 1994 W View : requestLayout() improperly called by android.widget.TextView{71ee83f V.ED..... ..S...ID 0,38-136,68 #7f0b00a4 app:id/app_label} during layout: running second layout pass
12-14 03:23:14.423 1994 1994 W View : requestLayout() improperly called by com.android.systemui.util.animation.UniqueObjectHostView{7ac528b V.E...... ......ID 0,0-636,344} during layout: running second layout pass
12-14 03:23:14.424 3766 3766 V GameMode_GameTypeUtils: judge isGame:com.android.settings
12-14 03:23:14.424 3766 3766 E GameMode_GameModeNotificationListenerService: title :content :,PackageName:com.android.systemui,isGameModeOn:false,isBulletScreenOn:false,isBulletScreenPackage:false
12-14 03:23:14.425 2378 2378 D DashboardFragment: Preference key is null in Controller WifiDetailPreferenceController2
12-14 03:23:14.426 1994 1994 W View : requestLayout() improperly called by android.widget.TextView{71ee83f V.ED..... ..S..... 0,38-136,68 #7f0b00a4 app:id/app_label} during second layout pass: posting in next frame
12-14 03:23:14.430 2378 2378 D WifiDetailsPrefCtrl2: Update UI!
12-14 03:23:14.431 1485 1903 I GameModeConfig: isGameModeOn = false
12-14 03:23:14.431 1485 1903 I GameModeConfig: isGameModeOn = false
12-14 03:23:14.431 1485 1903 I GameModeConfig: isGameModeOn = false
12-14 03:23:14.431 1485 1903 I GameModeConfig: isGameModeOn = false
12-14 03:23:14.433 2378 2378 D WifiDetailsPrefCtrl2: Wifi Type 4
12-14 03:23:14.434 2378 2378 D DashboardFragment: Preference key is null in Controller WifiDetailPreferenceController2
12-14 03:23:14.439 1994 1994 W View : requestLayout() improperly called by android.widget.TextView{71ee83f V.ED..... ..S...ID 0,38-136,68 #7f0b00a4 app:id/app_label} during layout: running second layout pass
12-14 03:23:14.439 1994 1994 W View : requestLayout() improperly called by com.android.systemui.util.animation.UniqueObjectHostView{7ac528b V.E...... ......ID 0,0-636,344} during layout: running second layout pass
12-14 03:23:14.444 1994 1994 D InterruptionStateProvider: No bubble up: not allowed to bubble: 0|com.android.systemui|2048|null|10082
12-14 03:23:14.444 1994 1994 D InterruptionStateProvider: No heads up: unimportant notification: 0|com.android.systemui|2048|null|10082
12-14 03:23:14.447 1994 2426 D PeopleSpaceWidgetMgr: Sbn doesn't contain valid PeopleTileKey: null/0/com.android.systemui
12-14 03:23:14.447 1994 1994 W View : requestLayout() improperly called by android.widget.TextView{71ee83f V.ED..... ..S..... 0,38-136,68 #7f0b00a4 app:id/app_label} during second layout pass: posting in next frame
12-14 03:23:14.450 1485 1903 I GameModeConfig: isGameModeOn = false
12-14 03:23:14.450 1485 1903 I GameModeConfig: isGameModeOn = false
12-14 03:23:14.450 1485 1903 I GameModeConfig: isGameModeOn = false
12-14 03:23:14.451 1485 1903 I GameModeConfig: isGameModeOn = false
12-14 03:23:14.456 1485 1485 I GameModeConfig: isGameModeOn = false
12-14 03:23:14.456 1485 1485 E NotificationService: Muting recently noisy 0|com.android.systemui|2048|null|10082
12-14 03:23:14.458 3766 3766 V GameMode_GameTypeUtils: judge isGame:com.android.settings
12-14 03:23:14.458 3766 3766 E GameMode_GameModeNotificationListenerService: title :content :,PackageName:com.android.systemui,isGameModeOn:false,isBulletScreenOn:false,isBulletScreenPackage:false
12-14 03:23:14.459 1994 1994 W View : requestLayout() improperly called by android.widget.TextView{71ee83f V.ED..... ..S...ID 0,38-136,68 #7f0b00a4 app:id/app_label} during layout: running second layout pass
12-14 03:23:14.459 1994 1994 W View : requestLayout() improperly called by com.android.systemui.util.animation.UniqueObjectHostView{7ac528b V.E...... ......ID 0,0-636,344} during layout: running second layout pass
12-14 03:23:14.462 1994 1994 W View : requestLayout() improperly called by android.widget.TextView{71ee83f V.ED..... ..S..... 0,38-136,68 #7f0b00a4 app:id/app_label} during second layout pass: posting in next frame
12-14 03:23:14.464 1485 1903 I GameModeConfig: isGameModeOn = false
12-14 03:23:14.465 1485 1903 I GameModeConfig: isGameModeOn = false
12-14 03:23:14.465 1485 1903 I GameModeConfig: isGameModeOn = false
12-14 03:23:14.465 1485 1903 I GameModeConfig: isGameModeOn = false
12-14 03:23:14.472 1994 1994 W View : requestLayout() improperly called by android.widget.TextView{71ee83f V.ED..... ..S...ID 0,38-136,68 #7f0b00a4 app:id/app_label} during layout: running second layout pass
12-14 03:23:14.472 1994 1994 W View : requestLayout() improperly called by com.android.systemui.util.animation.UniqueObjectHostView{7ac528b V.E...... ......ID 0,0-636,344} during layout: running second layout pass
12-14 03:23:14.476 1485 1485 I GameModeConfig: isGameModeOn = false
12-14 03:23:14.476 1994 1994 D InterruptionStateProvider: No bubble up: not allowed to bubble: 0|com.android.systemui|2048|null|10082
12-14 03:23:14.476 1485 1485 E NotificationService: Muting recently noisy 0|com.android.systemui|2048|null|10082
12-14 03:23:14.476 1994 1994 D InterruptionStateProvider: No heads up: unimportant notification: 0|com.android.systemui|2048|null|10082
12-14 03:23:14.478 1994 2426 D PeopleSpaceWidgetMgr: Sbn doesn't contain valid PeopleTileKey: null/0/com.android.systemui
12-14 03:23:14.478 3766 3766 V GameMode_GameTypeUtils: judge isGame:com.android.settings
12-14 03:23:14.478 1994 1994 W View : requestLayout() improperly called by android.widget.TextView{71ee83f V.ED..... ..S..... 0,38-136,68 #7f0b00a4 app:id/app_label} during second layout pass: posting in next frame
12-14 03:23:14.478 3766 3766 E GameMode_GameModeNotificationListenerService: title :content :,PackageName:com.android.systemui,isGameModeOn:false,isBulletScreenOn:false,isBulletScreenPackage:false
12-14 03:23:14.482 1485 1903 I GameModeConfig: isGameModeOn = false
12-14 03:23:14.482 1485 1903 I GameModeConfig: isGameModeOn = false
12-14 03:23:14.482 1485 1903 I GameModeConfig: isGameModeOn = false
12-14 03:23:14.482 1485 1903 I GameModeConfig: isGameModeOn = false
12-14 03:23:14.490 1994 1994 W View : requestLayout() improperly called by android.widget.TextView{71ee83f V.ED..... ..S...ID 0,38-136,68 #7f0b00a4 app:id/app_label} during layout: running second layout pass
12-14 03:23:14.490 1994 1994 W View : requestLayout() improperly called by com.android.systemui.util.animation.UniqueObjectHostView{7ac528b V.E...... ......ID 0,0-636,344} during layout: running second layout pass
12-14 03:23:14.493 1485 1485 I GameModeConfig: isGameModeOn = false
12-14 03:23:14.493 1485 1485 E NotificationService: Muting recently noisy 0|com.android.systemui|2048|null|10082
12-14 03:23:14.493 1994 1994 W View : requestLayout() improperly called by android.widget.TextView{71ee83f V.ED..... ..S..... 0,38-136,68 #7f0b00a4 app:id/app_label} during second layout pass: posting in next frame
12-14 03:23:14.495 3766 3766 V GameMode_GameTypeUtils: judge isGame:com.android.settings
12-14 03:23:14.496 3766 3766 E GameMode_GameModeNotificationListenerService: title :content :,PackageName:com.android.systemui,isGameModeOn:false,isBulletScreenOn:false,isBulletScreenPackage:false
12-14 03:23:14.497 1485 1903 I GameModeConfig: isGameModeOn = false
12-14 03:23:14.498 1485 1903 I GameModeConfig: isGameModeOn = false
12-14 03:23:14.498 1485 1903 I GameModeConfig: isGameModeOn = false
12-14 03:23:14.498 1485 1903 I GameModeConfig: isGameModeOn = false
12-14 03:23:14.504 1485 1562 W ActivityTaskManager: Can't find TaskDisplayArea to determine support for multi window. Task id=14 attached=false
12-14 03:23:14.504 1485 1562 W ActivityTaskManager: Can't find TaskDisplayArea to determine support for multi window. Task id=14 attached=false
12-14 03:23:14.506 1994 1994 W View : requestLayout() improperly called by android.widget.TextView{71ee83f V.ED..... ..S...ID 0,38-136,68 #7f0b00a4 app:id/app_label} during layout: running second layout pass
12-14 03:23:14.507 1994 1994 W View : requestLayout() improperly called by com.android.systemui.util.animation.UniqueObjectHostView{7ac528b V.E...... ......ID 0,0-636,344} during layout: running second layout pass
12-14 03:23:14.508 1485 1485 I GameModeConfig: isGameModeOn = false
12-14 03:23:14.508 1485 1485 E NotificationService: Muting recently noisy 0|com.android.systemui|2048|null|10082
12-14 03:23:14.510 1994 1994 W View : requestLayout() improperly called by android.widget.TextView{71ee83f V.ED..... ..S..... 0,38-136,68 #7f0b00a4 app:id/app_label} during second layout pass: posting in next frame
12-14 03:23:14.511 3766 3766 V GameMode_GameTypeUtils: judge isGame:com.android.settings
12-14 03:23:14.511 3766 3766 E GameMode_GameModeNotificationListenerService: title :content :,PackageName:com.android.systemui,isGameModeOn:false,isBulletScreenOn:false,isBulletScreenPackage:false
12-14 03:23:14.512 1994 1994 D InterruptionStateProvider: No bubble up: not allowed to bubble: 0|com.android.systemui|2048|null|10082
12-14 03:23:14.512 1994 1994 D InterruptionStateProvider: No heads up: unimportant notification: 0|com.android.systemui|2048|null|10082
12-14 03:23:14.514 1994 2426 D PeopleSpaceWidgetMgr: Sbn doesn't contain valid PeopleTileKey: null/0/com.android.systemui
12-14 03:23:14.516 1485 1903 I GameModeConfig: isGameModeOn = false
12-14 03:23:14.516 1485 1903 I GameModeConfig: isGameModeOn = false
12-14 03:23:14.516 1485 1903 I GameModeConfig: isGameModeOn = false
12-14 03:23:14.516 1485 1903 I GameModeConfig: isGameModeOn = false
12-14 03:23:14.523 1485 1485 I GameModeConfig: isGameModeOn = false
12-14 03:23:14.523 1485 1485 E NotificationService: Muting recently noisy 0|com.android.systemui|2048|null|10082
12-14 03:23:14.525 3766 3766 V GameMode_GameTypeUtils: judge isGame:com.android.settings
12-14 03:23:14.525 3766 3766 E GameMode_GameModeNotificationListenerService: title :content :,PackageName:com.android.systemui,isGameModeOn:false,isBulletScreenOn:false,isBulletScreenPackage:false
12-14 03:23:14.526 1994 1994 W View : requestLayout() improperly called by android.widget.TextView{71ee83f V.ED..... ..S...ID 0,38-136,68 #7f0b00a4 app:id/app_label} during layout: running second layout pass
12-14 03:23:14.526 1994 1994 W View : requestLayout() improperly called by com.android.systemui.util.animation.UniqueObjectHostView{7ac528b V.E...... ......ID 0,0-636,344} during layout: running second layout pass
12-14 03:23:14.529 1485 4217 I AdrenoGLES-0: QUALCOMM build : 47421dbee6, I139f36ad46
12-14 03:23:14.529 1485 4217 I AdrenoGLES-0: Build Date : 02/18/22
12-14 03:23:14.529 1485 4217 I AdrenoGLES-0: OpenGL ES Shader Compiler Version: EV031.32.02.17
12-14 03:23:14.529 1485 4217 I AdrenoGLES-0: Local Branch :
12-14 03:23:14.529 1485 4217 I AdrenoGLES-0: Remote Branch :
12-14 03:23:14.529 1485 4217 I AdrenoGLES-0: Remote Branch :
12-14 03:23:14.529 1485 4217 I AdrenoGLES-0: Reconstruct Branch :
12-14 03:23:14.529 1485 4217 I AdrenoGLES-0: Build Config : S P 10.0.7 AArch64
12-14 03:23:14.529 1485 4217 I AdrenoGLES-0: Driver Path : /vendor/lib64/egl/libGLESv2_adreno.so
12-14 03:23:14.529 1994 1994 W View : requestLayout() improperly called by android.widget.TextView{71ee83f V.ED..... ..S..... 0,38-136,68 #7f0b00a4 app:id/app_label} during second layout pass: posting in next frame
12-14 03:23:14.530 501 501 I hwservicemanager: getTransport: Cannot find entry android.hardware.graphics.mapper@4.0::IMapper/default in either framework or device VINTF manifest.
12-14 03:23:14.531 1994 1994 D InterruptionStateProvider: No bubble up: not allowed to bubble: 0|com.android.systemui|2048|null|10082
12-14 03:23:14.531 1994 1994 D InterruptionStateProvider: No heads up: unimportant notification: 0|com.android.systemui|2048|null|10082
12-14 03:23:14.533 1994 2426 D PeopleSpaceWidgetMgr: Sbn doesn't contain valid PeopleTileKey: null/0/com.android.systemui
12-14 03:23:14.535 1485 1903 I GameModeConfig: isGameModeOn = false
12-14 03:23:14.535 1485 4217 I AdrenoGLES-0: PFP: 0x016dd093, ME: 0x00000000
12-14 03:23:14.535 1485 1903 I GameModeConfig: isGameModeOn = false
12-14 03:23:14.536 1485 1903 I GameModeConfig: isGameModeOn = false
12-14 03:23:14.536 1485 1903 I GameModeConfig: isGameModeOn = false
12-14 03:23:14.536 1994 4203 I OpenGLRenderer: Davey! duration=9223371973550ms; Flags=0, FrameTimelineVsyncId=3702, IntendedVsync=63303461823, Vsync=63303461823, InputEventId=0, HandleInputStart=63305756068, AnimationStart=63305756849, PerformTraversalsStart=63311242839, DrawStart=63318692110, FrameDeadline=63336795155, FrameInterval=63305753776, FrameStartTime=16666666, SyncQueued=63318701537, SyncStart=63319313881, IssueDrawCommandsStart=63319331693, SwapBuffers=63319488151, FrameCompleted=9223372036854775807, DequeueBufferDuration=6771, QueueBufferDuration=326458, GpuCompleted=9223372036854775807, SwapBuffersCompleted=63319888516, DisplayPresentTime=8157935324295023856,
12-14 03:23:14.539 1485 1485 I GameModeConfig: isGameModeOn = false
12-14 03:23:14.540 1485 1485 E NotificationService: Muting recently noisy 0|com.android.systemui|2048|null|10082
12-14 03:23:14.544 1994 1994 W View : requestLayout() improperly called by android.widget.TextView{71ee83f V.ED..... ..S...ID 0,38-136,68 #7f0b00a4 app:id/app_label} during layout: running second layout pass
12-14 03:23:14.544 1994 1994 W View : requestLayout() improperly called by com.android.systemui.util.animation.UniqueObjectHostView{7ac528b V.E...... ......ID 0,0-636,344} during layout: running second layout pass
12-14 03:23:14.546 3766 3766 V GameMode_GameTypeUtils: judge isGame:com.android.settings
12-14 03:23:14.546 3766 3766 E GameMode_GameModeNotificationListenerService: title :content :,PackageName:com.android.systemui,isGameModeOn:false,isBulletScreenOn:false,isBulletScreenPackage:false
12-14 03:23:14.548 1994 1994 W View : requestLayout() improperly called by android.widget.TextView{71ee83f V.ED..... ..S..... 0,38-136,68 #7f0b00a4 app:id/app_label} during second layout pass: posting in next frame
12-14 03:23:14.548 1485 4217 D libEGL : MSAA-->msaa:0 gamemode:0 4x_msaa:0
12-14 03:23:14.549 1485 4217 D libEGL : MSAA-->msaa:0 gamemode:0 4x_msaa:0
12-14 03:23:14.550 1994 1994 D InterruptionStateProvider: No bubble up: not allowed to bubble: 0|com.android.systemui|2048|null|10082
12-14 03:23:14.550 1994 1994 D InterruptionStateProvider: No heads up: unimportant notification: 0|com.android.systemui|2048|null|10082
12-14 03:23:14.550 1485 4217 D libEGL : MSAA-->msaa:0 gamemode:0 4x_msaa:0
12-14 03:23:14.551 1994 2426 D PeopleSpaceWidgetMgr: Sbn doesn't contain valid PeopleTileKey: null/0/com.android.systemui
12-14 03:23:14.553 1994 1994 D InterruptionStateProvider: No bubble up: not allowed to bubble: 0|com.android.systemui|2048|null|10082
12-14 03:23:14.553 1994 1994 D InterruptionStateProvider: No heads up: unimportant notification: 0|com.android.systemui|2048|null|10082
12-14 03:23:14.555 1994 2426 D PeopleSpaceWidgetMgr: Sbn doesn't contain valid PeopleTileKey: null/0/com.android.systemui
12-14 03:23:14.555 1485 1485 I GameModeConfig: isGameModeOn = false
12-14 03:23:14.555 1485 1485 E NotificationService: Muting recently noisy 0|com.android.systemui|2048|null|10082
12-14 03:23:14.557 3766 3766 V GameMode_GameTypeUtils: judge isGame:com.android.settings
12-14 03:23:14.557 3766 3766 E GameMode_GameModeNotificationListenerService: title :content :,PackageName:com.android.systemui,isGameModeOn:false,isBulletScreenOn:false,isBulletScreenPackage:false
12-14 03:23:14.562 1485 1903 I GameModeConfig: isGameModeOn = false
12-14 03:23:14.562 1485 1903 I GameModeConfig: isGameModeOn = false
12-14 03:23:14.562 1485 1903 I GameModeConfig: isGameModeOn = false
12-14 03:23:14.562 1485 1903 I GameModeConfig: isGameModeOn = false
12-14 03:23:14.563 1485 1562 W Choreographer: Frame time is 0.26501 ms in the future! Check that graphics HAL is generating vsync timestamps using the correct timebase.
12-14 03:23:14.570 1485 1485 I GameModeConfig: isGameModeOn = false
12-14 03:23:14.570 1485 1485 E NotificationService: Muting recently noisy 0|com.android.systemui|2048|null|10082
12-14 03:23:14.572 3766 3766 V GameMode_GameTypeUtils: judge isGame:com.android.settings
12-14 03:23:14.572 3766 3766 E GameMode_GameModeNotificationListenerService: title :content :,PackageName:com.android.systemui,isGameModeOn:false,isBulletScreenOn:false,isBulletScreenPackage:false
12-14 03:23:14.584 1994 1994 W View : requestLayout() improperly called by android.widget.TextView{71ee83f V.ED..... ..S...ID 0,38-136,68 #7f0b00a4 app:id/app_label} during layout: running second layout pass
12-14 03:23:14.584 1994 1994 W View : requestLayout() improperly called by com.android.systemui.util.animation.UniqueObjectHostView{7ac528b V.E...... ......ID 0,0-636,344} during layout: running second layout pass
12-14 03:23:14.586 1994 1994 W View : requestLayout() improperly called by android.widget.TextView{71ee83f V.ED..... ..S...ID 0,38-136,68 #7f0b00a4 app:id/app_label} during second layout pass: posting in next frame
12-14 03:23:14.588 1994 1994 D InterruptionStateProvider: No bubble up: not allowed to bubble: 0|com.android.systemui|2048|null|10082
12-14 03:23:14.589 1994 1994 D InterruptionStateProvider: No heads up: unimportant notification: 0|com.android.systemui|2048|null|10082
12-14 03:23:14.589 1485 1485 I GameModeConfig: isGameModeOn = false
12-14 03:23:14.590 1485 1485 E NotificationService: Muting recently noisy 0|com.android.systemui|2048|null|10082
12-14 03:23:14.592 3766 3766 V GameMode_GameTypeUtils: judge isGame:com.android.settings
12-14 03:23:14.592 1994 2426 D PeopleSpaceWidgetMgr: Sbn doesn't contain valid PeopleTileKey: null/0/com.android.systemui
12-14 03:23:14.592 3766 3766 E GameMode_GameModeNotificationListenerService: title :content :,PackageName:com.android.systemui,isGameModeOn:false,isBulletScreenOn:false,isBulletScreenPackage:false
12-14 03:23:14.602 1485 1485 I GameModeConfig: isGameModeOn = false
12-14 03:23:14.602 1485 1485 E NotificationService: Muting recently noisy 0|com.android.systemui|2048|null|10082
12-14 03:23:14.604 1994 1994 D StatusBar: disable disable2
12-14 03:23:14.607 1994 1994 D InterruptionStateProvider: No bubble up: not allowed to bubble: 0|com.android.systemui|2048|null|10082
12-14 03:23:14.607 1994 1994 D InterruptionStateProvider: No heads up: unimportant notification: 0|com.android.systemui|2048|null|10082
12-14 03:23:14.611 1994 2426 D PeopleSpaceWidgetMgr: Sbn doesn't contain valid PeopleTileKey: null/0/com.android.systemui
12-14 03:23:14.611 1994 1994 W View : requestLayout() improperly called by android.widget.TextView{71ee83f V.ED..... ......ID 0,38-136,68 #7f0b00a4 app:id/app_label} during second layout pass: posting in next frame
12-14 03:23:14.613 3766 3766 V GameMode_GameTypeUtils: judge isGame:com.android.settings
12-14 03:23:14.613 1485 1903 I GameModeConfig: isGameModeOn = false
12-14 03:23:14.613 3766 3766 E GameMode_GameModeNotificationListenerService: title :content :,PackageName:com.android.systemui,isGameModeOn:false,isBulletScreenOn:false,isBulletScreenPackage:false
12-14 03:23:14.613 1485 1903 I GameModeConfig: isGameModeOn = false
12-14 03:23:14.613 1485 1903 I GameModeConfig: isGameModeOn = false
12-14 03:23:14.613 1485 1903 I GameModeConfig: isGameModeOn = false
12-14 03:23:14.616 1485 1485 I GameModeConfig: isGameModeOn = false
12-14 03:23:14.616 1485 1485 E NotificationService: Muting recently noisy 0|com.android.systemui|2048|null|10082
12-14 03:23:14.620 1994 1994 W View : requestLayout() improperly called by android.widget.TextView{71ee83f V.ED..... ..S...ID 0,38-136,68 #7f0b00a4 app:id/app_label} during layout: running second layout pass
12-14 03:23:14.620 1994 1994 W View : requestLayout() improperly called by com.android.systemui.util.animation.UniqueObjectHostView{7ac528b V.E...... ......ID 0,0-636,344} during layout: running second layout pass
12-14 03:23:14.624 1485 1509 W System : A resource failed to call release.
12-14 03:23:14.624 1485 1509 W System : A resource failed to call close.
12-14 03:23:14.624 1485 1509 W System : A resource failed to call close.
12-14 03:23:14.625 1994 1994 D InterruptionStateProvider: No bubble up: not allowed to bubble: 0|com.android.systemui|2048|null|10082
12-14 03:23:14.625 1994 1994 D InterruptionStateProvider: No heads up: unimportant notification: 0|com.android.systemui|2048|null|10082
12-14 03:23:14.626 3766 3766 V GameMode_GameTypeUtils: judge isGame:com.android.settings
12-14 03:23:14.626 3766 3766 E GameMode_GameModeNotificationListenerService: title :content :,PackageName:com.android.systemui,isGameModeOn:false,isBulletScreenOn:false,isBulletScreenPackage:false
12-14 03:23:14.628 1994 2426 D PeopleSpaceWidgetMgr: Sbn doesn't contain valid PeopleTileKey: null/0/com.android.systemui
12-14 03:23:14.630 1994 1994 D InterruptionStateProvider: No bubble up: not allowed to bubble: 0|com.android.systemui|2048|null|10082
12-14 03:23:14.630 1994 1994 D InterruptionStateProvider: No heads up: unimportant notification: 0|com.android.systemui|2048|null|10082
12-14 03:23:14.633 1485 1485 I GameModeConfig: isGameModeOn = false
12-14 03:23:14.633 1485 1485 E NotificationService: Muting recently noisy 0|com.android.systemui|2048|null|10082
12-14 03:23:14.633 1994 2426 D PeopleSpaceWidgetMgr: Sbn doesn't contain valid PeopleTileKey: null/0/com.android.systemui
12-14 03:23:14.634 1994 1994 V KeyguardUpdateMonitor: *** unregister callback for com.android.keyguard.CarrierTextManager$2@442ac08
12-14 03:23:14.635 3766 3766 V GameMode_GameTypeUtils: judge isGame:com.android.settings
12-14 03:23:14.635 3766 3766 E GameMode_GameModeNotificationListenerService: title :content :,PackageName:com.android.systemui,isGameModeOn:false,isBulletScreenOn:false,isBulletScreenPackage:false
01-01 08:22:38.198 0 0 D : mv2112_read_status
01-01 08:22:38.198 0 0 D mv2112_update_link: 3.0x901(1G): 0x84
01-01 08:22:38.199 0 0 D mv2112_update_link: 3.0x8109(100M): 0xc
01-01 08:22:38.199 0 0 D mv2112_update_link: link 0x4
01-01 08:22:38.199 0 0 D mv2112_read_status: autoneg is disabled
12-14 03:23:14.639 1994 1994 W View : requestLayout() improperly called by android.widget.TextView{71ee83f V.ED..... ..S...ID 0,38-136,68 #7f0b00a4 app:id/app_label} during second layout pass: posting in next frame
12-14 03:23:14.640 1994 1994 D InterruptionStateProvider: No bubble up: not allowed to bubble: 0|com.android.systemui|2048|null|10082
12-14 03:23:14.641 1994 1994 D InterruptionStateProvider: No heads up: unimportant notification: 0|com.android.systemui|2048|null|10082
12-14 03:23:14.644 1994 2426 D PeopleSpaceWidgetMgr: Sbn doesn't contain valid PeopleTileKey: null/0/com.android.systemui
12-14 03:23:14.653 1994 1994 D InterruptionStateProvider: No bubble up: not allowed to bubble: 0|com.android.systemui|2048|null|10082
12-14 03:23:14.653 1994 1994 D InterruptionStateProvider: No heads up: unimportant notification: 0|com.android.systemui|2048|null|10082
12-14 03:23:14.654 1485 1485 I GameModeConfig: isGameModeOn = false
12-14 03:23:14.654 1485 1485 E NotificationService: Muting recently noisy 0|com.android.systemui|2048|null|10082
12-14 03:23:14.656 3766 3766 V GameMode_GameTypeUtils: judge isGame:com.android.settings
12-14 03:23:14.656 3766 3766 E GameMode_GameModeNotificationListenerService: title :content :,PackageName:com.android.systemui,isGameModeOn:false,isBulletScreenOn:false,isBulletScreenPackage:false
12-14 03:23:14.657 1994 2426 D PeopleSpaceWidgetMgr: Sbn doesn't contain valid PeopleTileKey: null/0/com.android.systemui
12-14 03:23:14.667 1485 1485 I GameModeConfig: isGameModeOn = false
12-14 03:23:14.667 1485 1485 E NotificationService: Muting recently noisy 0|com.android.systemui|2048|null|10082
12-14 03:23:14.669 1994 1994 D InterruptionStateProvider: No bubble up: not allowed to bubble: 0|com.android.systemui|2048|null|10082
12-14 03:23:14.669 1994 1994 D InterruptionStateProvider: No heads up: unimportant notification: 0|com.android.systemui|2048|null|10082
12-14 03:23:14.670 3766 3766 V GameMode_GameTypeUtils: judge isGame:com.android.settings
12-14 03:23:14.670 3766 3766 E GameMode_GameModeNotificationListenerService: title :content :,PackageName:com.android.systemui,isGameModeOn:false,isBulletScreenOn:false,isBulletScreenPackage:false
12-14 03:23:14.673 1994 2426 D PeopleSpaceWidgetMgr: Sbn doesn't contain valid PeopleTileKey: null/0/com.android.systemui
12-14 03:23:14.674 1994 1994 D InterruptionStateProvider: No bubble up: not allowed to bubble: 0|com.android.systemui|2048|null|10082
12-14 03:23:14.674 1994 1994 D InterruptionStateProvider: No heads up: unimportant notification: 0|com.android.systemui|2048|null|10082
12-14 03:23:14.677 1994 2426 D PeopleSpaceWidgetMgr: Sbn doesn't contain valid PeopleTileKey: null/0/com.android.systemui
12-14 03:23:14.683 1485 1485 I GameModeConfig: isGameModeOn = false
12-14 03:23:14.683 1485 1485 E NotificationService: Muting recently noisy 0|com.android.systemui|2048|null|10082
12-14 03:23:14.686 1994 1994 D InterruptionStateProvider: No bubble up: not allowed to bubble: 0|com.android.systemui|2048|null|10082
12-14 03:23:14.686 1994 1994 D InterruptionStateProvider: No heads up: unimportant notification: 0|com.android.systemui|2048|null|10082
12-14 03:23:14.686 3766 3766 V GameMode_GameTypeUtils: judge isGame:com.android.settings
12-14 03:23:14.686 3766 3766 E GameMode_GameModeNotificationListenerService: title :content :,PackageName:com.android.systemui,isGameModeOn:false,isBulletScreenOn:false,isBulletScreenPackage:false
12-14 03:23:14.690 1994 2426 D PeopleSpaceWidgetMgr: Sbn doesn't contain valid PeopleTileKey: null/0/com.android.systemui
12-14 03:23:14.705 1994 1994 D InterruptionStateProvider: No bubble up: not allowed to bubble: 0|com.android.systemui|2048|null|10082
12-14 03:23:14.705 1994 1994 D InterruptionStateProvider: No heads up: unimportant notification: 0|com.android.systemui|2048|null|10082
12-14 03:23:14.706 1485 1485 I GameModeConfig: isGameModeOn = false
12-14 03:23:14.707 1485 1485 E NotificationService: Muting recently noisy 0|com.android.systemui|2048|null|10082
12-14 03:23:14.710 1994 2426 D PeopleSpaceWidgetMgr: Sbn doesn't contain valid PeopleTileKey: null/0/com.android.systemui
12-14 03:23:14.710 3766 3766 V GameMode_GameTypeUtils: judge isGame:com.android.settings
12-14 03:23:14.710 3766 3766 E GameMode_GameModeNotificationListenerService: title :content :,PackageName:com.android.systemui,isGameModeOn:false,isBulletScreenOn:false,isBulletScreenPackage:false
12-14 03:23:14.719 1485 1485 I GameModeConfig: isGameModeOn = false
12-14 03:23:14.719 1485 1485 E NotificationService: Muting recently noisy 0|com.android.systemui|2048|null|10082
12-14 03:23:14.722 3766 3766 V GameMode_GameTypeUtils: judge isGame:com.android.settings
12-14 03:23:14.723 3766 3766 E GameMode_GameModeNotificationListenerService: title :content :,PackageName:com.android.systemui,isGameModeOn:false,isBulletScreenOn:false,isBulletScreenPackage:false
12-14 03:23:14.723 1994 1994 D InterruptionStateProvider: No bubble up: not allowed to bubble: 0|com.android.systemui|2048|null|10082
12-14 03:23:14.724 1994 1994 D InterruptionStateProvider: No heads up: unimportant notification: 0|com.android.systemui|2048|null|10082
12-14 03:23:14.730 1994 2426 D PeopleSpaceWidgetMgr: Sbn doesn't contain valid PeopleTileKey: null/0/com.android.systemui
12-14 03:23:14.736 1994 1994 D InterruptionStateProvider: No bubble up: not allowed to bubble: 0|com.android.systemui|2048|null|10082
12-14 03:23:14.736 1994 1994 D InterruptionStateProvider: No heads up: unimportant notification: 0|com.android.systemui|2048|null|10082
12-14 03:23:14.738 1485 1485 I GameModeConfig: isGameModeOn = false
12-14 03:23:14.738 1485 1485 E NotificationService: Muting recently noisy 0|com.android.systemui|2048|null|10082
12-14 03:23:14.741 3766 3766 V GameMode_GameTypeUtils: judge isGame:com.android.settings
12-14 03:23:14.741 3766 3766 E GameMode_GameModeNotificationListenerService: title :content :,PackageName:com.android.systemui,isGameModeOn:false,isBulletScreenOn:false,isBulletScreenPackage:false
12-14 03:23:14.742 1994 2426 D PeopleSpaceWidgetMgr: Sbn doesn't contain valid PeopleTileKey: null/0/com.android.systemui
12-14 03:23:14.758 1485 1485 I GameModeConfig: isGameModeOn = false
12-14 03:23:14.758 1485 1485 E NotificationService: Muting recently noisy 0|com.android.systemui|2048|null|10082
12-14 03:23:14.761 3766 3766 V GameMode_GameTypeUtils: judge isGame:com.android.settings
12-14 03:23:14.761 3766 3766 E GameMode_GameModeNotificationListenerService: title :content :,PackageName:com.android.systemui,isGameModeOn:false,isBulletScreenOn:false,isBulletScreenPackage:false
12-14 03:23:14.764 1994 1994 D InterruptionStateProvider: No bubble up: not allowed to bubble: 0|com.android.systemui|2048|null|10082
12-14 03:23:14.764 1994 1994 D InterruptionStateProvider: No heads up: unimportant notification: 0|com.android.systemui|2048|null|10082
12-14 03:23:14.770 1994 1994 D InterruptionStateProvider: No bubble up: not allowed to bubble: 0|com.android.systemui|2048|null|10082
12-14 03:23:14.770 1994 1994 D InterruptionStateProvider: No heads up: unimportant notification: 0|com.android.systemui|2048|null|10082
12-14 03:23:14.773 1994 2426 D PeopleSpaceWidgetMgr: Sbn doesn't contain valid PeopleTileKey: null/0/com.android.systemui
12-14 03:23:14.778 1994 2426 D PeopleSpaceWidgetMgr: Sbn doesn't contain valid PeopleTileKey: null/0/com.android.systemui
12-14 03:23:14.811 1485 1485 I GameModeConfig: isGameModeOn = false
12-14 03:23:14.812 1485 1485 E NotificationService: Muting recently noisy 0|com.android.systemui|2048|null|10082
12-14 03:23:14.814 3766 3766 V GameMode_GameTypeUtils: judge isGame:com.android.settings
12-14 03:23:14.814 3766 3766 E GameMode_GameModeNotificationListenerService: title :content :,PackageName:com.android.systemui,isGameModeOn:false,isBulletScreenOn:false,isBulletScreenPackage:false
12-14 03:23:14.815 1994 1994 D InterruptionStateProvider: No bubble up: not allowed to bubble: 0|com.android.systemui|2048|null|10082
12-14 03:23:14.816 1994 1994 D InterruptionStateProvider: No heads up: unimportant notification: 0|com.android.systemui|2048|null|10082
12-14 03:23:14.819 1994 2426 D PeopleSpaceWidgetMgr: Sbn doesn't contain valid PeopleTileKey: null/0/com.android.systemui
12-14 03:23:15.370 639 654 I mpu_uart: [MSG-P:RECV]:No message received in 1000 ms
12-14 03:23:15.647 2378 4211 I OpenGLRenderer: Davey! duration=9223371972447ms; Flags=0, FrameTimelineVsyncId=3817, IntendedVsync=64406707278, Vsync=64406707278, InputEventId=0, HandleInputStart=64407399922, AnimationStart=64407402474, PerformTraversalsStart=64407405807, DrawStart=64407500443, FrameDeadline=64423373944, FrameInterval=64407391328, FrameStartTime=16666666, SyncQueued=64413547786, SyncStart=64413659349, IssueDrawCommandsStart=64415172786, SwapBuffers=64420651953, FrameCompleted=9223372036854775807, DequeueBufferDuration=41875, QueueBufferDuration=2315052, GpuCompleted=9223372036854775807, SwapBuffersCompleted=64424051120, DisplayPresentTime=0,
01-01 08:22:39.219 0 0 D : mv2112_read_status
01-01 08:22:39.219 0 0 D mv2112_update_link: 3.0x901(1G): 0x84
01-01 08:22:39.219 0 0 D mv2112_update_link: 3.0x8109(100M): 0xc
01-01 08:22:39.219 0 0 D mv2112_update_link: link 0x4
01-01 08:22:39.219 0 0 D mv2112_read_status: autoneg is disabled
01-01 08:22:39.354 0 0 I [schedu][0x4c72b092][03:23:15.793816] wlan: [3588:I:OSIF] vdev 0, scan id 40964 type COMPLETED(1) reason COMPLETED(1) scan found 79 bss
12-14 03:23:15.792 1395 3862 D LOWI-9.0.0.87.a: [LOWI-Scan] wait_event:Wait done with Cmd 34
12-14 03:23:15.792 1395 3862 D LOWI-9.0.0.87.a: [LOWI-Scan] do_listen_events: Rcvd valid Netlink Cmd 34 Err 0
12-14 03:23:15.792 1485 3427 D WifiNl80211Manager: Scan result ready event
12-14 03:23:15.792 1485 3427 D WifiNative: Scan result ready event
12-14 03:23:15.793 1395 3862 D LOWI-9.0.0.87.a: [LOWI-Scan]
12-14 03:23:15.793 1395 3862 D LOWI-9.0.0.87.a: [LOWI-Scan] print_bss_handler: Report Probe TSF 63167589 as it greater than Beacon TSF 60244123
12-14 03:23:15.793 1395 3862 D LOWI-9.0.0.87.a: [LOWI-Scan] decode_rsn_wpa_ie: LOWI_ENCRYPTION_TYPE_WPA_PSK
12-14 03:23:15.793 1395 3862 D LOWI-9.0.0.87.a: [LOWI-Scan] is_qcom_ie, bss_age: 0
12-14 03:23:15.793 1395 3862 D LOWI-9.0.0.87.a: [LOWI-Scan] BSS 62:ae:8f:61:d1:2e LOWI_PHY_MODE_11AC_VHT80(10), Beacon Interval: 100, LOWI_ENCRYPTION_TYPE_WPA_PSK 11mcRanging: No, ANQP: No, LCI: No, Civic: No, capability(0x1031): ESS Privacy ShortPreamble
12-14 03:23:15.793 1395 3862 D LOWI-9.0.0.87.a: [LOWI-Scan] BSS 62:ae:8f:61:d1:2e FREQ: 5180, cFreq1[40:80:160] = [5190:5210:0] cFreq2 = 0 Country Code =
12-14 03:23:15.793 1395 3862 D LOWI-9.0.0.87.a: [LOWI-Scan] BSS 62:ae:8f:61:d1:2e (wlan0) ASSO: NO AddInfo: 0x0, TSF 0, 00:01:03.167, RSSI: -124, CPL: 127, AGE: 1416, SSID GM_VCU_MM_5G, TSFDelta: 0x28cd26b1, TXRate: 0
12-14 03:23:15.793 1395 3862 D LOWI-9.0.0.87.a: [LOWI-Scan]
12-14 03:23:15.793 1395 3862 D LOWI-9.0.0.87.a: [LOWI-Scan] print_bss_handler: Report beacon TSF 63211960 as it greater than probe TSF 63172311
12-14 03:23:15.793 1395 3862 D LOWI-9.0.0.87.a: [LOWI-Scan] decode_rsn_wpa_ie: LOWI_ENCRYPTION_TYPE_WPA_PSK
12-14 03:23:15.793 1395 3862 D LOWI-9.0.0.87.a: [LOWI-Scan] is_qcom_ie, bss_age: 0
12-14 03:23:15.793 1395 3862 D LOWI-9.0.0.87.a: [LOWI-Scan] BSS 18:6f:2d:81:18:90 LOWI_PHY_MODE_11AC_VHT20(8), Beacon Interval: 100, LOWI_ENCRYPTION_TYPE_WPA_PSK 11mcRanging: No, ANQP: No, LCI: No, Civic: No, capability(0x0111): ESS Privacy SpectrumMgmt
12-14 03:23:15.793 1395 3862 D LOWI-9.0.0.87.a: [LOWI-Scan] BSS 18:6f:2d:81:18:90 FREQ: 5180, cFreq1[40:80:160] = [5180:0:0] cFreq2 = 0 Country Code = CN
12-14 03:23:15.793 1395 3862 D LOWI-9.0.0.87.a: [LOWI-Scan] BSS 18:6f:2d:81:18:90 (wlan0) ASSO: NO AddInfo: 0x1, TSF 0, 00:01:03.211, RSSI: -150, CPL: 127, AGE: 1372, SSID Testing , TSFDelta: 0x706048c5, TXRate: 0
12-14 03:23:15.793 1395 3862 D LOWI-9.0.0.87.a: [LOWI-Scan]
12-14 03:23:15.793 1395 3862 D LOWI-9.0.0.87.a: [LOWI-Scan] print_bss_handler: Report beacon TSF 63212061 as it greater than probe TSF 63172351
12-14 03:23:15.793 1395 3862 D LOWI-9.0.0.87.a: [LOWI-Scan] is_qcom_ie, bss_age: 0
12-14 03:23:15.793 1395 3862 D LOWI-9.0.0.87.a: [LOWI-Scan] BSS 18:6f:2d:81:18:91 LOWI_PHY_MODE_11AC_VHT20(8), Beacon Interval: 100, LOWI_ENCRYPTION_TYPE_OPEN 11mcRanging: No, ANQP: No, LCI: No, Civic: No, capability(0x0101): ESS SpectrumMgmt
12-14 03:23:15.793 1395 3862 D LOWI-9.0.0.87.a: [LOWI-Scan] BSS 18:6f:2d:81:18:91 FREQ: 5180, cFreq1[40:80:160] = [5180:0:0] cFreq2 = 0 Country Code = CN
12-14 03:23:15.794 1395 3862 D LOWI-9.0.0.87.a: [LOWI-Scan] BSS 18:6f:2d:81:18:91 (wlan0) ASSO: NO AddInfo: 0x1, TSF 0, 00:01:03.212, RSSI: -150, CPL: 127, AGE: 1368, SSID Guest, TSFDelta: 0x70632ca2, TXRate: 0
12-14 03:23:15.794 1395 3862 D LOWI-9.0.0.87.a: [LOWI-Scan]
12-14 03:23:15.794 1395 3862 D LOWI-9.0.0.87.a: [LOWI-Scan] print_bss_handler: Report beacon TSF 63212107 as it greater than probe TSF 63172375
12-14 03:23:15.794 1395 3862 D LOWI-9.0.0.87.a: [LOWI-Scan] decode_rsn_wpa_ie: LOWI_ENCRYPTION_TYPE_WPA_PSK
12-14 03:23:15.794 1395 3862 D LOWI-9.0.0.87.a: [LOWI-Scan] is_qcom_ie, bss_age: 0
12-14 03:23:15.794 1395 3862 D LOWI-9.0.0.87.a: [LOWI-Scan] BSS 18:6f:2d:81:18:92 LOWI_PHY_MODE_11AC_VHT20(8), Beacon Interval: 100, LOWI_ENCRYPTION_TYPE_WPA_PSK 11mcRanging: No, ANQP: No, LCI: No, Civic: No, capability(0x0111): ESS Privacy SpectrumMgmt
12-14 03:23:15.794 1395 3862 D LOWI-9.0.0.87.a: [LOWI-Scan] BSS 18:6f:2d:81:18:92 FREQ: 5180, cFreq1[40:80:160] = [5180:0:0] cFreq2 = 0 Country Code = CN
12-14 03:23:15.794 1395 3862 D LOWI-9.0.0.87.a: [LOWI-Scan] BSS 18:6f:2d:81:18:92 (wlan0) ASSO: NO AddInfo: 0x1, TSF 0, 00:01:03.212, RSSI: -150, CPL: 127, AGE: 1368, SSID ZXHY, TSFDelta: 0x7065d507, TXRate: 0
12-14 03:23:15.794 1395 3862 D LOWI-9.0.0.87.a: [LOWI-Scan]
12-14 03:23:15.794 1395 3862 D LOWI-9.0.0.87.a: [LOWI-Scan] print_bss_handler: Report beacon TSF 63212634 as it greater than probe TSF 63172399
12-14 03:23:15.794 1395 3862 D LOWI-9.0.0.87.a: [LOWI-Scan] decode_rsn_wpa_ie: LOWI_ENCRYPTION_TYPE_WPA_PSK
12-14 03:23:15.794 1395 3862 D LOWI-9.0.0.87.a: [LOWI-Scan] is_qcom_ie, bss_age: 0
12-14 03:23:15.799 1395 3862 D LOWI-9.0.0.87.a: [LOWI-Scan] BSS 18:6f:2d:81:18:93 LOWI_PHY_MODE_11AC_VHT20(8), Beacon Interval: 100, LOWI_ENCRYPTION_TYPE_WPA_PSK 11mcRanging: No, ANQP: No, LCI: No, Civic: No, capability(0x0111): ESS Privacy SpectrumMgmt
12-14 03:23:15.799 1395 3862 D LOWI-9.0.0.87.a: [LOWI-Scan] BSS 18:6f:2d:81:18:93 FREQ: 5180, cFreq1[40:80:160] = [5180:0:0] cFreq2 = 0 Country Code = CN
12-14 03:23:15.799 1395 3862 D LOWI-9.0.0.87.a: [LOWI-Scan] BSS 18:6f:2d:81:18:93 (wlan0) ASSO: NO AddInfo: 0x1, TSF 0, 00:01:03.212, RSSI: -150, CPL: 127, AGE: 1368, SSID Fanya, TSFDelta: 0x7068978d, TXRate: 0
12-14 03:23:15.799 1395 3862 D LOWI-9.0.0.87.a: [LOWI-Scan]
12-14 03:23:15.799 1395 3862 D LOWI-9.0.0.87.a: [LOWI-Scan] print_bss_handler: Report Probe TSF 63172422 as it greater than Beacon TSF 15988092
12-14 03:23:15.799 1395 3862 D LOWI-9.0.0.87.a: [LOWI-Scan] decode_rsn_wpa_ie: LOWI_ENCRYPTION_TYPE_WPA_PSK
12-14 03:23:15.799 1395 3862 D LOWI-9.0.0.87.a: [LOWI-Scan] is_qcom_ie, bss_age: 0
12-14 03:23:15.799 1395 3862 D LOWI-9.0.0.87.a: [LOWI-Scan] BSS 18:6f:2d:81:18:94 LOWI_PHY_MODE_11AC_VHT20(8), Beacon Interval: 100, LOWI_ENCRYPTION_TYPE_WPA_PSK 11mcRanging: No, ANQP: No, LCI: No, Civic: No, capability(0x0111): ESS Privacy SpectrumMgmt
12-14 03:23:15.799 1395 3862 D LOWI-9.0.0.87.a: [LOWI-Scan] BSS 18:6f:2d:81:18:94 FREQ: 5180, cFreq1[40:80:160] = [5180:0:0] cFreq2 = 0 Country Code = CN
12-14 03:23:15.799 1395 3862 D LOWI-9.0.0.87.a: [LOWI-Scan] BSS 18:6f:2d:81:18:94 (wlan0) ASSO: NO AddInfo: 0x0, TSF 0, 00:01:03.172, RSSI: -150, CPL: 127, AGE: 1408, SSID ThunderSoft, TSFDelta: 0x706b5a12, TXRate: 0
12-14 03:23:15.799 1395 3862 D LOWI-9.0.0.87.a: [LOWI-Scan]
12-14 03:23:15.799 1395 3862 D LOWI-9.0.0.87.a: [LOWI-Scan] print_bss_handler: Report beacon TSF 63212998 as it greater than probe TSF 63172467
12-14 03:23:15.799 1395 3862 D LOWI-9.0.0.87.a: [LOWI-Scan] decode_rsn_wpa_ie: LOWI_ENCRYPTION_TYPE_WPA_PSK
12-14 03:23:15.799 1395 3862 D LOWI-9.0.0.87.a: [LOWI-Scan] is_qcom_ie, bss_age: 0
12-14 03:23:15.799 1395 3862 D LOWI-9.0.0.87.a: [LOWI-Scan] BSS 18:6f:2d:81:18:95 LOWI_PHY_MODE_11AC_VHT20(8), Beacon Interval: 100, LOWI_ENCRYPTION_TYPE_WPA_PSK 11mcRanging: No, ANQP: No, LCI: No, Civic: No, capability(0x0111): ESS Privacy SpectrumMgmt
12-14 03:23:15.799 1395 3862 D LOWI-9.0.0.87.a: [LOWI-Scan] BSS 18:6f:2d:81:18:95 FREQ: 5180, cFreq1[40:80:160] = [5180:0:0] cFreq2 = 0 Country Code = CN
12-14 03:23:15.799 1395 3862 D LOWI-9.0.0.87.a: [LOWI-Scan] BSS 18:6f:2d:81:18:95 (wlan0) ASSO: NO AddInfo: 0x1, TSF 0, 00:01:03.212, RSSI: -152, CPL: 127, AGE: 1368, SSID GM, TSFDelta: 0x706f0188, TXRate: 0
12-14 03:23:15.799 1395 3862 D LOWI-9.0.0.87.a: [LOWI-Scan]
12-14 03:23:15.799 1395 3862 D LOWI-9.0.0.87.a: [LOWI-Scan] print_bss_handler: Report beacon TSF 56151065 as it greater than probe TSF 56151065
12-14 03:23:15.799 1395 3862 D LOWI-9.0.0.87.a: [LOWI-Scan] decode_rsn_wpa_ie: LOWI_ENCRYPTION_TYPE_WPA_PSK
12-14 03:23:15.799 1395 3862 D LOWI-9.0.0.87.a: [LOWI-Scan] is_qcom_ie, bss_age: 0
12-14 03:23:15.799 1395 3862 D LOWI-9.0.0.87.a: [LOWI-Scan] BSS 5a:41:20:2d:fe:87 LOWI_PHY_MODE_11AC_VHT40_2G(12), Beacon Interval: 100, LOWI_ENCRYPTION_TYPE_WPA_PSK 11mcRanging: No, ANQP: No, LCI: No, Civic: No, capability(0x1411): ESS Privacy ShortSlotTime
12-14 03:23:15.799 1395 3862 D LOWI-9.0.0.87.a: [LOWI-Scan] BSS 5a:41:20:2d:fe:87 FREQ: 2412, cFreq1[40:80:160] = [2422:0:0] cFreq2 = 0 Country Code = CN
12-14 03:23:15.799 1395 3862 D LOWI-9.0.0.87.a: [LOWI-Scan] BSS 5a:41:20:2d:fe:87 (wlan0) ASSO: NO AddInfo: 0x1, TSF 0, 00:00:56.151, RSSI: -124, CPL: 127, AGE: 8437, SSID , TSFDelta: 0x7a78aaf, TXRate: 0
12-14 03:23:15.800 1395 3862 D LOWI-9.0.0.87.a: [LOWI-Scan]
12-14 03:23:15.800 1395 3862 D LOWI-9.0.0.87.a: [LOWI-Scan] print_bss_handler: Report Probe TSF 63213076 as it greater than Beacon TSF 56160893
12-14 03:23:15.800 1395 3862 D LOWI-9.0.0.87.a: [LOWI-Scan] decode_rsn_wpa_ie: LOWI_ENCRYPTION_TYPE_WPA_PSK
12-14 03:23:15.800 1395 3862 D LOWI-9.0.0.87.a: [LOWI-Scan] is_qcom_ie, bss_age: 0
12-14 03:23:15.800 1395 3862 D LOWI-9.0.0.87.a: [LOWI-Scan] BSS 18:6f:2d:81:20:60 LOWI_PHY_MODE_11NG_HT20(5), Beacon Interval: 100, LOWI_ENCRYPTION_TYPE_WPA_PSK 11mcRanging: No, ANQP: No, LCI: No, Civic: No, capability(0x0531): ESS Privacy ShortPreamble SpectrumMgmt ShortSlotTime
12-14 03:23:15.800 1395 3862 D LOWI-9.0.0.87.a: [LOWI-Scan] BSS 18:6f:2d:81:20:60 FREQ: 2412, cFreq1[40:80:160] = [2412:0:0] cFreq2 = 0 Country Code = CN
12-14 03:23:15.800 1395 3862 D LOWI-9.0.0.87.a: [LOWI-Scan] BSS 18:6f:2d:81:20:60 (wlan0) ASSO: NO AddInfo: 0x0, TSF 0, 00:01:03.213, RSSI: -136, CPL: 127, AGE: 1368, SSID Testing , TSFDelta: 0xee03793a, TXRate: 0
12-14 03:23:15.800 1395 3862 D LOWI-9.0.0.87.a: [LOWI-Scan]
12-14 03:23:15.800 1395 3862 D LOWI-9.0.0.87.a: [LOWI-Scan] print_bss_handler: Report Probe TSF 63217903 as it greater than Beacon TSF 0
12-14 03:23:15.800 1395 3862 D LOWI-9.0.0.87.a: [LOWI-Scan] is_qcom_ie, bss_age: 0
12-14 03:23:15.800 1395 3862 D LOWI-9.0.0.87.a: [LOWI-Scan] BSS 18:6f:2d:81:20:61 LOWI_PHY_MODE_11NG_HT20(5), Beacon Interval: 100, LOWI_ENCRYPTION_TYPE_OPEN 11mcRanging: No, ANQP: No, LCI: No, Civic: No, capability(0x0521): ESS ShortPreamble SpectrumMgmt ShortSlotTime
12-14 03:23:15.800 1395 3862 D LOWI-9.0.0.87.a: [LOWI-Scan] BSS 18:6f:2d:81:20:61 FREQ: 2412, cFreq1[40:80:160] = [2412:0:0] cFreq2 = 0 Country Code = CN
12-14 03:23:15.800 1395 3862 D LOWI-9.0.0.87.a: [LOWI-Scan] BSS 18:6f:2d:81:20:61 (wlan0) ASSO: NO AddInfo: 0x0, TSF 0, 00:01:03.217, RSSI: -136, CPL: 127, AGE: 1364, SSID Guest, TSFDelta: 0xee2e4ae8, TXRate: 0
12-14 03:23:15.800 1395 3862 D LOWI-9.0.0.87.a: [LOWI-Scan]
12-14 03:23:15.800 1395 3862 D LOWI-9.0.0.87.a: [LOWI-Scan] print_bss_handler: Report Probe TSF 63224268 as it greater than Beacon TSF 60265277
12-14 03:23:15.800 1395 3862 D LOWI-9.0.0.87.a: [LOWI-Scan] decode_rsn_wpa_ie: LOWI_ENCRYPTION_TYPE_WPA_PSK
12-14 03:23:15.800 1395 3862 D LOWI-9.0.0.87.a: [LOWI-Scan] is_qcom_ie, bss_age: 0
12-14 03:23:15.800 1395 3862 D LOWI-9.0.0.87.a: [LOWI-Scan] BSS 18:6f:2d:81:16:e0 LOWI_PHY_MODE_11NG_HT20(5), Beacon Interval: 100, LOWI_ENCRYPTION_TYPE_WPA_PSK 11mcRanging: No, ANQP: No, LCI: No, Civic: No, capability(0x0531): ESS Privacy ShortPreamble SpectrumMgmt ShortSlotTime
12-14 03:23:15.800 1395 3862 D LOWI-9.0.0.87.a: [LOWI-Scan] BSS 18:6f:2d:81:16:e0 FREQ: 2412, cFreq1[40:80:160] = [2412:0:0] cFreq2 = 0 Country Code = CN
12-14 03:23:15.800 1395 3862 D LOWI-9.0.0.87.a: [LOWI-Scan] BSS 18:6f:2d:81:16:e0 (wlan0) ASSO: NO AddInfo: 0x0, TSF 0, 00:01:03.224, RSSI: -124, CPL: 127, AGE: 1356, SSID Testing , TSFDelta: 0xebf31e9d, TXRate: 0
12-14 03:23:15.800 1395 3862 D LOWI-9.0.0.87.a: [LOWI-Scan]
12-14 03:23:15.800 1395 3862 D LOWI-9.0.0.87.a: [LOWI-Scan] print_bss_handler: Report Probe TSF 63239972 as it greater than Beacon TSF 16047810
12-14 03:23:15.800 1395 3862 D LOWI-9.0.0.87.a: [LOWI-Scan] decode_rsn_wpa_ie: LOWI_ENCRYPTION_TYPE_WPA_PSK
12-14 03:23:15.800 1395 3862 D LOWI-9.0.0.87.a: [LOWI-Scan] is_qcom_ie, bss_age: 0
12-14 03:23:15.800 1395 3862 D LOWI-9.0.0.87.a: [LOWI-Scan] BSS 18:6f:2d:81:16:e2 LOWI_PHY_MODE_11NG_HT20(5), Beacon Interval: 100, LOWI_ENCRYPTION_TYPE_WPA_PSK 11mcRanging: No, ANQP: No, LCI: No, Civic: No, capability(0x0531): ESS Privacy ShortPreamble SpectrumMgmt ShortSlotTime
12-14 03:23:15.800 1395 3862 D LOWI-9.0.0.87.a: [LOWI-Scan] BSS 18:6f:2d:81:16:e2 FREQ: 2412, cFreq1[40:80:160] = [2412:0:0] cFreq2 = 0 Country Code = CN
12-14 03:23:15.800 1395 3862 D LOWI-9.0.0.87.a: [LOWI-Scan] BSS 18:6f:2d:81:16:e2 (wlan0) ASSO: NO AddInfo: 0x0, TSF 0, 00:01:03.239, RSSI: -124, CPL: 127, AGE: 1344, SSID ThunderSoft_2.4G, TSFDelta: 0xec64227b, TXRate: 0
12-14 03:23:15.801 1395 3862 D LOWI-9.0.0.87.a: [LOWI-Scan]
12-14 03:23:15.801 1395 3862 D LOWI-9.0.0.87.a: [LOWI-Scan] print_bss_handler: Report Probe TSF 63397289 as it greater than Beacon TSF 60473555
12-14 03:23:15.801 1395 3862 D LOWI-9.0.0.87.a: [LOWI-Scan] decode_rsn_wpa_ie: LOWI_ENCRYPTION_TYPE_WPA_PSK
12-14 03:23:15.801 1395 3862 D LOWI-9.0.0.87.a: [LOWI-Scan] is_qcom_ie, bss_age: 0
12-14 03:23:15.801 1395 3862 D LOWI-9.0.0.87.a: [LOWI-Scan] BSS 5c:02:14:f9:4f:d3 LOWI_PHY_MODE_11AC_VHT80(10), Beacon Interval: 100, LOWI_ENCRYPTION_TYPE_WPA_PSK 11mcRanging: No, ANQP: Yes, LCI: No, Civic: No, capability(0x1931): ESS Privacy ShortPreamble SpectrumMgmt APSD
12-14 03:23:15.801 1395 3862 D LOWI-9.0.0.87.a: [LOWI-Scan] BSS 5c:02:14:f9:4f:d3 FREQ: 5745, cFreq1[40:80:160] = [5755:5775:0] cFreq2 = 0 Country Code = CN
12-14 03:23:15.801 1395 3862 D LOWI-9.0.0.87.a: [LOWI-Scan] BSS 5c:02:14:f9:4f:d3 (wlan0) ASSO: NO AddInfo: 0x0, TSF 0, 00:01:03.397, RSSI: -92, CPL: 127, AGE: 1184, SSID ThunderSoft_XTS_5G, TSFDelta: 0xc90e579b, TXRate: 0
12-14 03:23:15.801 1395 3862 D LOWI-9.0.0.87.a: [LOWI-Scan]
12-14 03:23:15.801 1395 3862 D LOWI-9.0.0.87.a: [LOWI-Scan] print_bss_handler: Report Probe TSF 63397192 as it greater than Beacon TSF 0
12-14 03:23:15.801 1395 3862 D LOWI-9.0.0.87.a: [LOWI-Scan] decode_rsn_wpa_ie: LOWI_ENCRYPTION_TYPE_WPA_PSK
12-14 03:23:15.801 1395 3862 D LOWI-9.0.0.87.a: [LOWI-Scan] is_qcom_ie, bss_age: 0
12-14 03:23:15.801 1395 3862 D LOWI-9.0.0.87.a: [LOWI-Scan] BSS 62:e6:f0:dd:03:c7 LOWI_PHY_MODE_11AC_VHT80(10), Beacon Interval: 100, LOWI_ENCRYPTION_TYPE_WPA_PSK 11mcRanging: No, ANQP: Yes, LCI: No, Civic: No, capability(0x0111): ESS Privacy SpectrumMgmt
12-14 03:23:15.801 1395 3862 D LOWI-9.0.0.87.a: [LOWI-Scan] BSS 62:e6:f0:dd:03:c7 FREQ: 5745, cFreq1[40:80:160] = [5755:5775:0] cFreq2 = 0 Country Code = AE
12-14 03:23:15.801 1395 3862 D LOWI-9.0.0.87.a: [LOWI-Scan] BSS 62:e6:f0:dd:03:c7 (wlan0) ASSO: NO AddInfo: 0x0, TSF 0, 00:01:03.397, RSSI: -164, CPL: 127, AGE: 1184, SSID myGMC 03C7, TSFDelta: 0xf703be07, TXRate: 0
12-14 03:23:15.801 1395 3862 D LOWI-9.0.0.87.a: [LOWI-Scan]
12-14 03:23:15.801 1395 3862 D LOWI-9.0.0.87.a: [LOWI-Scan] print_bss_handler: Report Probe TSF 63475513 as it greater than Beacon TSF 60533984
12-14 03:23:15.801 1395 3862 D LOWI-9.0.0.87.a: [LOWI-Scan] decode_rsn_wpa_ie: LOWI_ENCRYPTION_TYPE_WPA_PSK
12-14 03:23:15.801 1395 3862 D LOWI-9.0.0.87.a: [LOWI-Scan] is_qcom_ie, bss_age: 0
12-14 03:23:15.801 1395 3862 D LOWI-9.0.0.87.a: [LOWI-Scan] BSS 44:94:fc:3d:da:94 LOWI_PHY_MODE_11AC_VHT80(10), Beacon Interval: 100, LOWI_ENCRYPTION_TYPE_WPA_PSK 11mcRanging: No, ANQP: No, LCI: No, Civic: No, capability(0x1011): ESS Privacy
12-14 03:23:15.801 1395 3862 D LOWI-9.0.0.87.a: [LOWI-Scan] BSS 44:94:fc:3d:da:94 FREQ: 5765, cFreq1[40:80:160] = [5755:5775:0] cFreq2 = 0 Country Code =
12-14 03:23:15.801 1395 3862 D LOWI-9.0.0.87.a: [LOWI-Scan] BSS 44:94:fc:3d:da:94 (wlan0) ASSO: NO AddInfo: 0x0, TSF 0, 00:01:03.475, RSSI: -158, CPL: 127, AGE: 1108, SSID WIFI_debug_cjw_5G, TSFDelta: 0xc7218322, TXRate: 0
12-14 03:23:15.801 1395 3862 D LOWI-9.0.0.87.a: [LOWI-Scan]
12-14 03:23:15.801 1395 3862 D LOWI-9.0.0.87.a: [LOWI-Scan] print_bss_handler: Report Probe TSF 63475691 as it greater than Beacon TSF 56383098
12-14 03:23:15.801 1395 3862 D LOWI-9.0.0.87.a: [LOWI-Scan] decode_rsn_wpa_ie: LOWI_ENCRYPTION_TYPE_WPA_PSK
12-14 03:23:15.801 1395 3862 D LOWI-9.0.0.87.a: [LOWI-Scan] is_qcom_ie, bss_age: 0
12-14 03:23:15.801 1395 3862 D LOWI-9.0.0.87.a: [LOWI-Scan] BSS 64:6e:97:1c:71:47 LOWI_PHY_MODE_11AC_VHT80(10), Beacon Interval: 100, LOWI_ENCRYPTION_TYPE_WPA_PSK 11mcRanging: No, ANQP: No, LCI: No, Civic: No, capability(0x0011): ESS Privacy
12-14 03:23:15.801 1395 3862 D LOWI-9.0.0.87.a: [LOWI-Scan] BSS 64:6e:97:1c:71:47 FREQ: 5765, cFreq1[40:80:160] = [5755:5775:0] cFreq2 = 0 Country Code = CN
12-14 03:23:15.801 1395 3862 D LOWI-9.0.0.87.a: [LOWI-Scan] BSS 64:6e:97:1c:71:47 (wlan0) ASSO: NO AddInfo: 0x0, TSF 0, 00:01:03.475, RSSI: -170, CPL: 127, AGE: 1108, SSID TP-LINK_5G_7145, TSFDelta: 0x3b4dc31e, TXRate: 0
12-14 03:23:15.802 1395 3862 D LOWI-9.0.0.87.a: [LOWI-Scan]
12-14 03:23:15.802 1395 3862 D LOWI-9.0.0.87.a: [LOWI-Scan] print_bss_handler: Report Probe TSF 60510892 as it greater than Beacon TSF 56421189
12-14 03:23:15.802 1395 3862 D LOWI-9.0.0.87.a: [LOWI-Scan] decode_rsn_wpa_ie: LOWI_ENCRYPTION_TYPE_WPA_PSK
12-14 03:23:15.802 1395 3862 D LOWI-9.0.0.87.a: [LOWI-Scan] is_qcom_ie, bss_age: 0
