12-14 03:23:17.935 2282 2282 W WifiDebugService: find wifi : ThunderSoft_2.4G
12-14 03:23:17.935 2282 2282 W WifiDebugService: find wifi : ZXHY
12-14 03:23:17.935 2282 2282 W WifiDebugService: find wifi : Fanya
12-14 03:23:17.935 2282 2282 W WifiDebugService: can not find target wifi ap : hht_test_wifi_fc4318c9
12-14 03:23:17.947 1485 1903 I GameModeConfig: isGameModeOn = false
12-14 03:23:17.947 1485 1903 I GameModeConfig: isGameModeOn = false
12-14 03:23:17.951 1485 2696 E TaskPersister: File error accessing recents directory (directory doesn't exist?).
12-14 03:23:17.959 1485 1903 I GameModeConfig: isGameModeOn = false
12-14 03:23:17.984 1485 1903 I GameModeConfig: isGameModeOn = false
12-14 03:23:18.004 1485 1903 I GameModeConfig: isGameModeOn = false
12-14 03:23:18.007 1485 1903 I GameModeConfig: isGameModeOn = false
12-14 03:23:18.026 1485 1903 I GameModeConfig: isGameModeOn = false
12-14 03:23:18.037 1485 1903 I GameModeConfig: isGameModeOn = false
12-14 03:23:18.056 1485 1903 I GameModeConfig: isGameModeOn = false
12-14 03:23:18.065 1485 1903 I GameModeConfig: isGameModeOn = false
12-14 03:23:18.076 1485 1903 I GameModeConfig: isGameModeOn = false
12-14 03:23:18.087 1485 1903 I GameModeConfig: isGameModeOn = false
12-14 03:23:18.107 1485 1903 I GameModeConfig: isGameModeOn = false
12-14 03:23:18.122 1485 1485 I GameModeConfig: isGameModeOn = false
12-14 03:23:18.125 1485 1485 W NotificationHistory: Attempted to add notif for locked/gone/disabled user 0
12-14 03:23:18.126 1485 1903 I GameModeConfig: isGameModeOn = false
12-14 03:23:18.131 3766 3766 V GameMode_GameTypeUtils: judge isGame:com.android.launcher3
12-14 03:23:18.131 3766 3766 E GameMode_GameModeNotificationListenerService: title :连接到开放的 WLAN 网络content :Guest,PackageName:android,isGameModeOn:false,isBulletScreenOn:false,isBulletScreenPackage:false
12-14 03:23:18.144 1485 1903 I GameModeConfig: isGameModeOn = false
12-14 03:23:18.154 1994 1994 D InterruptionStateProvider: No bubble up: not allowed to bubble: 0|android|17303299|com.android.wifi|1000
12-14 03:23:18.155 1994 1994 D InterruptionStateProvider: No heads up: unimportant notification: 0|android|17303299|com.android.wifi|1000
12-14 03:23:18.155 1994 2426 D PeopleSpaceWidgetMgr: Sbn doesn't contain valid PeopleTileKey: null/0/android
12-14 03:23:18.162 1485 1903 I GameModeConfig: isGameModeOn = false
12-14 03:23:18.187 1485 1903 I GameModeConfig: isGameModeOn = false
12-14 03:23:18.208 1485 1903 I GameModeConfig: isGameModeOn = false
12-14 03:23:18.229 1485 1903 I GameModeConfig: isGameModeOn = false
12-14 03:23:18.258 1485 1903 I GameModeConfig: isGameModeOn = false
12-14 03:23:18.275 2701 2701 W hpplay-java: [main]:AsyncHttpJob:http request timeout
12-14 03:23:18.280 1485 1903 I GameModeConfig: isGameModeOn = false
12-14 03:23:18.372 639 654 I mpu_uart: [MSG-P:RECV]:No message received in 1000 ms
12-14 03:23:18.381 1485 1718 D CompatibilityInfo: mCompatibilityFlags - 4
12-14 03:23:18.381 1485 1718 D CompatibilityInfo: applicationDensity - 240
12-14 03:23:18.381 1485 1718 D CompatibilityInfo: applicationScale - 1.0
12-14 03:23:18.389 1395 4221 D LOWI-9.0.0.87.a: [LOWI-Scan] wait_event:Wait done with Cmd 33
12-14 03:23:18.389 1395 4221 D LOWI-9.0.0.87.a: [LOWI-Scan] do_listen_events: Rcvd valid Netlink Cmd 0 Err 0
01-01 08:22:41.998 0 0 I [schedu][0x4f793ab4][03:23:18.437577] wlan: [3588:I:OSIF] scan start scan id 40967
01-01 08:22:42.291 0 0 D : mv2112_read_status
01-01 08:22:42.291 0 0 D mv2112_update_link: 3.0x901(1G): 0x84
01-01 08:22:42.291 0 0 D mv2112_update_link: 3.0x8109(100M): 0xc
01-01 08:22:42.291 0 0 D mv2112_update_link: link 0x4
01-01 08:22:42.291 0 0 D mv2112_read_status: autoneg is disabled
12-14 03:23:18.772 2701 2701 W hpplay-java: [main]:AsyncHttpJob:http request timeout
12-14 03:23:18.773 2701 2701 W hpplay-java: [main]:AsyncHttpJob:http request timeout
12-14 03:23:18.827 0 0 W swapper/3: type=1400 audit(0.0:292): avc: denied { kill } for capability=5 scontext=u:r:kernel:s0 tcontext=u:r:kernel:s0 tclass=capability permissive=0
12-14 03:23:19.372 639 654 I mpu_uart: [MSG-P:RECV]:No message received in 1000 ms
01-01 08:22:43.177 0 0 I [schedu][0x50d2b0f3][03:23:19.616754] wlan: [3588:I:OSIF] vdev 0, scan id 40967 type COMPLETED(1) reason COMPLETED(1) scan found 107 bss
12-14 03:23:19.617 1395 4221 D LOWI-9.0.0.87.a: [LOWI-Scan] wait_event:Wait done with Cmd 34
12-14 03:23:19.618 1395 4221 D LOWI-9.0.0.87.a: [LOWI-Scan] do_listen_events: Rcvd valid Netlink Cmd 34 Err 0
12-14 03:23:19.618 1485 1910 D WifiNl80211Manager: Scan result ready event
12-14 03:23:19.618 1485 1910 D WifiNative: Scan result ready event
12-14 03:23:19.618 1395 4221 D LOWI-9.0.0.87.a: [LOWI-Scan]
12-14 03:23:19.618 1395 4221 D LOWI-9.0.0.87.a: [LOWI-Scan] print_bss_handler: Report Probe TSF 67274437 as it greater than Beacon TSF 65450989
12-14 03:23:19.618 1395 4221 D LOWI-9.0.0.87.a: [LOWI-Scan] decode_rsn_wpa_ie: LOWI_ENCRYPTION_TYPE_WPA_PSK
12-14 03:23:19.618 1395 4221 D LOWI-9.0.0.87.a: [LOWI-Scan] is_qcom_ie, bss_age: 0
12-14 03:23:19.618 1395 4221 D LOWI-9.0.0.87.a: [LOWI-Scan] BSS 62:ae:8f:61:d1:2e LOWI_PHY_MODE_11AC_VHT80(10), Beacon Interval: 100, LOWI_ENCRYPTION_TYPE_WPA_PSK 11mcRanging: No, ANQP: No, LCI: No, Civic: No, capability(0x1031): ESS Privacy ShortPreamble
12-14 03:23:19.618 1395 4221 D LOWI-9.0.0.87.a: [LOWI-Scan] BSS 62:ae:8f:61:d1:2e FREQ: 5180, cFreq1[40:80:160] = [5190:5210:0] cFreq2 = 0 Country Code =
12-14 03:23:19.618 1395 4221 D LOWI-9.0.0.87.a: [LOWI-Scan] BSS 62:ae:8f:61:d1:2e (wlan0) ASSO: NO AddInfo: 0x0, TSF 0, 00:01:07.274, RSSI: -118, CPL: 127, AGE: 1136, SSID GM_VCU_MM_5G, TSFDelta: 0x2995f0e3, TXRate: 0
12-14 03:23:19.619 1395 4221 D LOWI-9.0.0.87.a: [LOWI-Scan]
12-14 03:23:19.619 1395 4221 D LOWI-9.0.0.87.a: [LOWI-Scan] print_bss_handler: Report Probe TSF 67275950 as it greater than Beacon TSF 65448111
12-14 03:23:19.619 1395 4221 D LOWI-9.0.0.87.a: [LOWI-Scan] decode_rsn_wpa_ie: LOWI_ENCRYPTION_TYPE_WPA_PSK
12-14 03:23:19.619 1395 4221 D LOWI-9.0.0.87.a: [LOWI-Scan] is_qcom_ie, bss_age: 0
12-14 03:23:19.619 1395 4221 D LOWI-9.0.0.87.a: [LOWI-Scan] BSS 18:6f:2d:81:18:90 LOWI_PHY_MODE_11AC_VHT20(8), Beacon Interval: 100, LOWI_ENCRYPTION_TYPE_WPA_PSK 11mcRanging: No, ANQP: No, LCI: No, Civic: No, capability(0x0111): ESS Privacy SpectrumMgmt
12-14 03:23:19.619 1395 4221 D LOWI-9.0.0.87.a: [LOWI-Scan] BSS 18:6f:2d:81:18:90 FREQ: 5180, cFreq1[40:80:160] = [5180:0:0] cFreq2 = 0 Country Code = CN
12-14 03:23:19.619 1395 4221 D LOWI-9.0.0.87.a: [LOWI-Scan] BSS 18:6f:2d:81:18:90 (wlan0) ASSO: NO AddInfo: 0x0, TSF 0, 00:01:07.275, RSSI: -152, CPL: 127, AGE: 1136, SSID Testing , TSFDelta: 0x7125ba59, TXRate: 0
12-14 03:23:19.619 1395 4221 D LOWI-9.0.0.87.a: [LOWI-Scan]
12-14 03:23:19.619 1395 4221 D LOWI-9.0.0.87.a: [LOWI-Scan] print_bss_handler: Report Probe TSF 67276552 as it greater than Beacon TSF 65448256
12-14 03:23:19.619 1395 4221 D LOWI-9.0.0.87.a: [LOWI-Scan] is_qcom_ie, bss_age: 0
12-14 03:23:19.619 1395 4221 D LOWI-9.0.0.87.a: [LOWI-Scan] BSS 18:6f:2d:81:18:91 LOWI_PHY_MODE_11AC_VHT20(8), Beacon Interval: 100, LOWI_ENCRYPTION_TYPE_OPEN 11mcRanging: No, ANQP: No, LCI: No, Civic: No, capability(0x0101): ESS SpectrumMgmt
12-14 03:23:19.619 1395 4221 D LOWI-9.0.0.87.a: [LOWI-Scan] BSS 18:6f:2d:81:18:91 FREQ: 5180, cFreq1[40:80:160] = [5180:0:0] cFreq2 = 0 Country Code = CN
12-14 03:23:19.619 1395 4221 D LOWI-9.0.0.87.a: [LOWI-Scan] BSS 18:6f:2d:81:18:91 (wlan0) ASSO: NO AddInfo: 0x0, TSF 0, 00:01:07.276, RSSI: -152, CPL: 127, AGE: 1132, SSID Guest, TSFDelta: 0x71289e75, TXRate: 0
12-14 03:23:19.619 1395 4221 D LOWI-9.0.0.87.a: [LOWI-Scan]
12-14 03:23:19.619 1395 4221 D LOWI-9.0.0.87.a: [LOWI-Scan] print_bss_handler: Report Probe TSF 67276815 as it greater than Beacon TSF 65449600
12-14 03:23:19.619 1395 4221 D LOWI-9.0.0.87.a: [LOWI-Scan] decode_rsn_wpa_ie: LOWI_ENCRYPTION_TYPE_WPA_PSK
12-14 03:23:19.619 1395 4221 D LOWI-9.0.0.87.a: [LOWI-Scan] is_qcom_ie, bss_age: 0
12-14 03:23:19.619 1395 4221 D LOWI-9.0.0.87.a: [LOWI-Scan] BSS 18:6f:2d:81:18:92 LOWI_PHY_MODE_11AC_VHT20(8), Beacon Interval: 100, LOWI_ENCRYPTION_TYPE_WPA_PSK 11mcRanging: No, ANQP: No, LCI: No, Civic: No, capability(0x0111): ESS Privacy SpectrumMgmt
12-14 03:23:19.619 1395 4221 D LOWI-9.0.0.87.a: [LOWI-Scan] BSS 18:6f:2d:81:18:92 FREQ: 5180, cFreq1[40:80:160] = [5180:0:0] cFreq2 = 0 Country Code = CN
12-14 03:23:19.619 1395 4221 D LOWI-9.0.0.87.a: [LOWI-Scan] BSS 18:6f:2d:81:18:92 (wlan0) ASSO: NO AddInfo: 0x0, TSF 0, 00:01:07.276, RSSI: -152, CPL: 127, AGE: 1132, SSID ZXHY, TSFDelta: 0x712b5732, TXRate: 0
12-14 03:23:19.619 1395 4221 D LOWI-9.0.0.87.a: [LOWI-Scan]
12-14 03:23:19.619 1395 4221 D LOWI-9.0.0.87.a: [LOWI-Scan] print_bss_handler: Report Probe TSF 67277306 as it greater than Beacon TSF 63212634
12-14 03:23:19.619 1395 4221 D LOWI-9.0.0.87.a: [LOWI-Scan] decode_rsn_wpa_ie: LOWI_ENCRYPTION_TYPE_WPA_PSK
12-14 03:23:19.619 1395 4221 D LOWI-9.0.0.87.a: [LOWI-Scan] is_qcom_ie, bss_age: 0
12-14 03:23:19.619 1395 4221 D LOWI-9.0.0.87.a: [LOWI-Scan] BSS 18:6f:2d:81:18:93 LOWI_PHY_MODE_11AC_VHT20(8), Beacon Interval: 100, LOWI_ENCRYPTION_TYPE_WPA_PSK 11mcRanging: No, ANQP: No, LCI: No, Civic: No, capability(0x0111): ESS Privacy SpectrumMgmt
12-14 03:23:19.620 1395 4221 D LOWI-9.0.0.87.a: [LOWI-Scan] BSS 18:6f:2d:81:18:93 FREQ: 5180, cFreq1[40:80:160] = [5180:0:0] cFreq2 = 0 Country Code = CN
12-14 03:23:19.620 1395 4221 D LOWI-9.0.0.87.a: [LOWI-Scan] BSS 18:6f:2d:81:18:93 (wlan0) ASSO: NO AddInfo: 0x0, TSF 0, 00:01:07.277, RSSI: -152, CPL: 127, AGE: 1132, SSID Fanya, TSFDelta: 0x712e4c5c, TXRate: 0
12-14 03:23:19.620 1395 4221 D LOWI-9.0.0.87.a: [LOWI-Scan]
12-14 03:23:19.620 1395 4221 D LOWI-9.0.0.87.a: [LOWI-Scan] print_bss_handler: Report Probe TSF 67277634 as it greater than Beacon TSF 15988092
12-14 03:23:19.620 1395 4221 D LOWI-9.0.0.87.a: [LOWI-Scan] decode_rsn_wpa_ie: LOWI_ENCRYPTION_TYPE_WPA_PSK
12-14 03:23:19.620 1395 4221 D LOWI-9.0.0.87.a: [LOWI-Scan] is_qcom_ie, bss_age: 0
12-14 03:23:19.620 1395 4221 D LOWI-9.0.0.87.a: [LOWI-Scan] BSS 18:6f:2d:81:18:94 LOWI_PHY_MODE_11AC_VHT20(8), Beacon Interval: 100, LOWI_ENCRYPTION_TYPE_WPA_PSK 11mcRanging: No, ANQP: No, LCI: No, Civic: No, capability(0x0111): ESS Privacy SpectrumMgmt
12-14 03:23:19.620 1395 4221 D LOWI-9.0.0.87.a: [LOWI-Scan] BSS 18:6f:2d:81:18:94 FREQ: 5180, cFreq1[40:80:160] = [5180:0:0] cFreq2 = 0 Country Code = CN
12-14 03:23:19.620 1395 4221 D LOWI-9.0.0.87.a: [LOWI-Scan] BSS 18:6f:2d:81:18:94 (wlan0) ASSO: NO AddInfo: 0x0, TSF 0, 00:01:07.277, RSSI: -152, CPL: 127, AGE: 1132, SSID ThunderSoft, TSFDelta: 0x71316683, TXRate: 0
12-14 03:23:19.620 1395 4221 D LOWI-9.0.0.87.a: [LOWI-Scan]
12-14 03:23:19.620 1395 4221 D LOWI-9.0.0.87.a: [LOWI-Scan] print_bss_handler: Report Probe TSF 67278419 as it greater than Beacon TSF 63212998
12-14 03:23:19.620 1395 4221 D LOWI-9.0.0.87.a: [LOWI-Scan] decode_rsn_wpa_ie: LOWI_ENCRYPTION_TYPE_WPA_PSK
12-14 03:23:19.620 1395 4221 D LOWI-9.0.0.87.a: [LOWI-Scan] is_qcom_ie, bss_age: 0
12-14 03:23:19.620 1395 4221 D LOWI-9.0.0.87.a: [LOWI-Scan] BSS 18:6f:2d:81:18:95 LOWI_PHY_MODE_11AC_VHT20(8), Beacon Interval: 100, LOWI_ENCRYPTION_TYPE_WPA_PSK 11mcRanging: No, ANQP: No, LCI: No, Civic: No, capability(0x0111): ESS Privacy SpectrumMgmt
12-14 03:23:19.620 1395 4221 D LOWI-9.0.0.87.a: [LOWI-Scan] BSS 18:6f:2d:81:18:95 FREQ: 5180, cFreq1[40:80:160] = [5180:0:0] cFreq2 = 0 Country Code = CN
12-14 03:23:19.620 1395 4221 D LOWI-9.0.0.87.a: [LOWI-Scan] BSS 18:6f:2d:81:18:95 (wlan0) ASSO: NO AddInfo: 0x0, TSF 0, 00:01:07.278, RSSI: -152, CPL: 127, AGE: 1132, SSID GM, TSFDelta: 0x7136aa4c, TXRate: 0
12-14 03:23:19.620 1395 4221 D LOWI-9.0.0.87.a: [LOWI-Scan]
12-14 03:23:19.620 1395 4221 D LOWI-9.0.0.87.a: [LOWI-Scan] print_bss_handler: Report beacon TSF 56151065 as it greater than probe TSF 56151065
12-14 03:23:19.620 1395 4221 D LOWI-9.0.0.87.a: [LOWI-Scan] decode_rsn_wpa_ie: LOWI_ENCRYPTION_TYPE_WPA_PSK
12-14 03:23:19.620 1395 4221 D LOWI-9.0.0.87.a: [LOWI-Scan] is_qcom_ie, bss_age: 0
12-14 03:23:19.620 1395 4221 D LOWI-9.0.0.87.a: [LOWI-Scan] adjust_age:AP AGE upper limit reached. Dont store
12-14 03:23:19.620 1395 4221 D LOWI-9.0.0.87.a: [LOWI-Scan] BSS 5a:41:20:2d:fe:87 LOWI_PHY_MODE_11AC_VHT40_2G(12), Beacon Interval: 100, LOWI_ENCRYPTION_TYPE_WPA_PSK 11mcRanging: No, ANQP: No, LCI: No, Civic: No, capability(0x1411): ESS Privacy ShortSlotTime
12-14 03:23:19.620 1395 4221 D LOWI-9.0.0.87.a: [LOWI-Scan] BSS 5a:41:20:2d:fe:87 FREQ: 2412, cFreq1[40:80:160] = [2422:0:0] cFreq2 = 0 Country Code = CN
12-14 03:23:19.620 1395 4221 D LOWI-9.0.0.87.a: [LOWI-Scan] BSS 5a:41:20:2d:fe:87 (wlan0) ASSO: NO AddInfo: 0x1, TSF 0, 00:00:56.151, RSSI: -124, CPL: 127, AGE: 12260, SSID , TSFDelta: 0x7a78aaf, TXRate: 0
12-14 03:23:19.620 1395 4221 D LOWI-9.0.0.87.a: [LOWI-Scan]
12-14 03:23:19.620 1395 4221 D LOWI-9.0.0.87.a: [LOWI-Scan] print_bss_handler: Report beacon TSF 67318729 as it greater than probe TSF 65476615
12-14 03:23:19.621 1395 4221 D LOWI-9.0.0.87.a: [LOWI-Scan] decode_rsn_wpa_ie: LOWI_ENCRYPTION_TYPE_WPA_PSK
12-14 03:23:19.621 1395 4221 D LOWI-9.0.0.87.a: [LOWI-Scan] is_qcom_ie, bss_age: 0
12-14 03:23:19.621 1395 4221 D LOWI-9.0.0.87.a: [LOWI-Scan] BSS 18:6f:2d:81:20:60 LOWI_PHY_MODE_11NG_HT20(5), Beacon Interval: 100, LOWI_ENCRYPTION_TYPE_WPA_PSK 11mcRanging: No, ANQP: No, LCI: No, Civic: No, capability(0x0531): ESS Privacy ShortPreamble SpectrumMgmt ShortSlotTime
12-14 03:23:19.621 1395 4221 D LOWI-9.0.0.87.a: [LOWI-Scan] BSS 18:6f:2d:81:20:60 FREQ: 2412, cFreq1[40:80:160] = [2412:0:0] cFreq2 = 0 Country Code = CN
12-14 03:23:19.621 1395 4221 D LOWI-9.0.0.87.a: [LOWI-Scan] BSS 18:6f:2d:81:20:60 (wlan0) ASSO: NO AddInfo: 0x1, TSF 0, 00:01:07.318, RSSI: -136, CPL: 127, AGE: 1092, SSID Testing , TSFDelta: 0xee876bdd, TXRate: 0
12-14 03:23:19.621 1395 4221 D LOWI-9.0.0.87.a: [LOWI-Scan]
12-14 03:23:19.621 1395 4221 D LOWI-9.0.0.87.a: [LOWI-Scan] print_bss_handler: Report beacon TSF 67336381 as it greater than probe TSF 65478371
12-14 03:23:19.621 1395 4221 D LOWI-9.0.0.87.a: [LOWI-Scan] is_qcom_ie, bss_age: 0
12-14 03:23:19.621 1395 4221 D LOWI-9.0.0.87.a: [LOWI-Scan] BSS 18:6f:2d:81:20:61 LOWI_PHY_MODE_11NG_HT20(5), Beacon Interval: 100, LOWI_ENCRYPTION_TYPE_OPEN 11mcRanging: No, ANQP: No, LCI: No, Civic: No, capability(0x0521): ESS ShortPreamble SpectrumMgmt ShortSlotTime
12-14 03:23:19.621 1395 4221 D LOWI-9.0.0.87.a: [LOWI-Scan] BSS 18:6f:2d:81:20:61 FREQ: 2412, cFreq1[40:80:160] = [2412:0:0] cFreq2 = 0 Country Code = CN
12-14 03:23:19.621 1395 4221 D LOWI-9.0.0.87.a: [LOWI-Scan] BSS 18:6f:2d:81:20:61 (wlan0) ASSO: NO AddInfo: 0x1, TSF 0, 00:01:07.336, RSSI: -134, CPL: 127, AGE: 1072, SSID Guest, TSFDelta: 0xee957ff2, TXRate: 0
12-14 03:23:19.621 1395 4221 D LOWI-9.0.0.87.a: [LOWI-Scan]
12-14 03:23:19.621 1395 4221 D LOWI-9.0.0.87.a: [LOWI-Scan] print_bss_handler: Report Probe TSF 67310897 as it greater than Beacon TSF 67290476
12-14 03:23:19.621 1395 4221 D LOWI-9.0.0.87.a: [LOWI-Scan] decode_rsn_wpa_ie: LOWI_ENCRYPTION_TYPE_WPA_PSK
12-14 03:23:19.621 1395 4221 D LOWI-9.0.0.87.a: [LOWI-Scan] is_qcom_ie, bss_age: 0
12-14 03:23:19.621 1395 4221 D LOWI-9.0.0.87.a: [LOWI-Scan] BSS 18:6f:2d:81:16:e0 LOWI_PHY_MODE_11NG_HT20(5), Beacon Interval: 100, LOWI_ENCRYPTION_TYPE_WPA_PSK 11mcRanging: No, ANQP: No, LCI: No, Civic: No, capability(0x0531): ESS Privacy ShortPreamble SpectrumMgmt ShortSlotTime
12-14 03:23:19.621 1395 4221 D LOWI-9.0.0.87.a: [LOWI-Scan] BSS 18:6f:2d:81:16:e0 FREQ: 2412, cFreq1[40:80:160] = [2412:0:0] cFreq2 = 0 Country Code = CN
12-14 03:23:19.621 1395 4221 D LOWI-9.0.0.87.a: [LOWI-Scan] BSS 18:6f:2d:81:16:e0 (wlan0) ASSO: NO AddInfo: 0x0, TSF 0, 00:01:07.310, RSSI: -126, CPL: 127, AGE: 1100, SSID Testing , TSFDelta: 0xec1a77dd, TXRate: 0
12-14 03:23:19.621 1395 4221 D LOWI-9.0.0.87.a: [LOWI-Scan]
12-14 03:23:19.621 1395 4221 D LOWI-9.0.0.87.a: [LOWI-Scan] print_bss_handler: Report Probe TSF 67290338 as it greater than Beacon TSF 65438143
12-14 03:23:19.621 1395 4221 D LOWI-9.0.0.87.a: [LOWI-Scan] decode_rsn_wpa_ie: LOWI_ENCRYPTION_TYPE_WPA_PSK
12-14 03:23:19.621 1395 4221 D LOWI-9.0.0.87.a: [LOWI-Scan] is_qcom_ie, bss_age: 0
12-14 03:23:19.621 1395 4221 D LOWI-9.0.0.87.a: [LOWI-Scan] BSS 18:6f:2d:81:16:e2 LOWI_PHY_MODE_11NG_HT20(5), Beacon Interval: 100, LOWI_ENCRYPTION_TYPE_WPA_PSK 11mcRanging: No, ANQP: No, LCI: No, Civic: No, capability(0x0531): ESS Privacy ShortPreamble SpectrumMgmt ShortSlotTime
12-14 03:23:19.621 1395 4221 D LOWI-9.0.0.87.a: [LOWI-Scan] BSS 18:6f:2d:81:16:e2 FREQ: 2412, cFreq1[40:80:160] = [2412:0:0] cFreq2 = 0 Country Code = CN
12-14 03:23:19.629 1395 4221 D LOWI-9.0.0.87.a: [LOWI-Scan] BSS 18:6f:2d:81:16:e2 (wlan0) ASSO: NO AddInfo: 0x0, TSF 0, 00:01:07.290, RSSI: -124, CPL: 127, AGE: 1120, SSID ThunderSoft_2.4G, TSFDelta: 0xeb32df8d, TXRate: 0
12-14 03:23:19.629 1395 4221 D LOWI-9.0.0.87.a: [LOWI-Scan]
12-14 03:23:19.629 1395 4221 D LOWI-9.0.0.87.a: [LOWI-Scan] print_bss_handler: Report Probe TSF 67463198 as it greater than Beacon TSF 60473555
12-14 03:23:19.629 1395 4221 D LOWI-9.0.0.87.a: [LOWI-Scan] decode_rsn_wpa_ie: LOWI_ENCRYPTION_TYPE_WPA_PSK
12-14 03:23:19.630 1395 4221 D LOWI-9.0.0.87.a: [LOWI-Scan] is_qcom_ie, bss_age: 0
12-14 03:23:19.630 1395 4221 D LOWI-9.0.0.87.a: [LOWI-Scan] BSS 5c:02:14:f9:4f:d3 LOWI_PHY_MODE_11AC_VHT80(10), Beacon Interval: 100, LOWI_ENCRYPTION_TYPE_WPA_PSK 11mcRanging: No, ANQP: Yes, LCI: No, Civic: No, capability(0x1931): ESS Privacy ShortPreamble SpectrumMgmt APSD
12-14 03:23:19.630 1395 4221 D LOWI-9.0.0.87.a: [LOWI-Scan] BSS 5c:02:14:f9:4f:d3 FREQ: 5745, cFreq1[40:80:160] = [5755:5775:0] cFreq2 = 0 Country Code = CN
12-14 03:23:19.630 1395 4221 D LOWI-9.0.0.87.a: [LOWI-Scan] BSS 5c:02:14:f9:4f:d3 (wlan0) ASSO: NO AddInfo: 0x0, TSF 0, 00:01:07.463, RSSI: -88, CPL: 127, AGE: 948, SSID ThunderSoft_XTS_5G, TSFDelta: 0xc8c47864, TXRate: 0
12-14 03:23:19.630 1395 4221 D LOWI-9.0.0.87.a: [LOWI-Scan]
12-14 03:23:19.630 1395 4221 D LOWI-9.0.0.87.a: [LOWI-Scan] print_bss_handler: Report Probe TSF 67461364 as it greater than Beacon TSF 67450888
12-14 03:23:19.630 1395 4221 D LOWI-9.0.0.87.a: [LOWI-Scan] decode_rsn_wpa_ie: LOWI_ENCRYPTION_TYPE_WPA_PSK
12-14 03:23:19.630 1395 4221 D LOWI-9.0.0.87.a: [LOWI-Scan] is_qcom_ie, bss_age: 0
12-14 03:23:19.630 1395 4221 D LOWI-9.0.0.87.a: [LOWI-Scan] BSS 62:e6:f0:dd:03:c7 LOWI_PHY_MODE_11AC_VHT80(10), Beacon Interval: 100, LOWI_ENCRYPTION_TYPE_WPA_PSK 11mcRanging: No, ANQP: Yes, LCI: No, Civic: No, capability(0x0111): ESS Privacy SpectrumMgmt
12-14 03:23:19.630 1395 4221 D LOWI-9.0.0.87.a: [LOWI-Scan] BSS 62:e6:f0:dd:03:c7 FREQ: 5745, cFreq1[40:80:160] = [5755:5775:0] cFreq2 = 0 Country Code = AE
12-14 03:23:19.630 1395 4221 D LOWI-9.0.0.87.a: [LOWI-Scan] BSS 62:e6:f0:dd:03:c7 (wlan0) ASSO: NO AddInfo: 0x0, TSF 0, 00:01:07.461, RSSI: -144, CPL: 127, AGE: 948, SSID myGMC 03C7, TSFDelta: 0xf6b5ddbc, TXRate: 0
12-14 03:23:19.630 1395 4221 D LOWI-9.0.0.87.a: [LOWI-Scan]
12-14 03:23:19.630 1395 4221 D LOWI-9.0.0.87.a: [LOWI-Scan] print_bss_handler: Report Probe TSF 67511615 as it greater than Beacon TSF 60533984
12-14 03:23:19.630 1395 4221 D LOWI-9.0.0.87.a: [LOWI-Scan] decode_rsn_wpa_ie: LOWI_ENCRYPTION_TYPE_WPA_PSK
12-14 03:23:19.630 1395 4221 D LOWI-9.0.0.87.a: [LOWI-Scan] is_qcom_ie, bss_age: 0
12-14 03:23:19.630 1395 4221 D LOWI-9.0.0.87.a: [LOWI-Scan] BSS 44:94:fc:3d:da:94 LOWI_PHY_MODE_11AC_VHT80(10), Beacon Interval: 100, LOWI_ENCRYPTION_TYPE_WPA_PSK 11mcRanging: No, ANQP: No, LCI: No, Civic: No, capability(0x1011): ESS Privacy
12-14 03:23:19.630 1395 4221 D LOWI-9.0.0.87.a: [LOWI-Scan] BSS 44:94:fc:3d:da:94 FREQ: 5765, cFreq1[40:80:160] = [5755:5775:0] cFreq2 = 0 Country Code =
12-14 03:23:19.630 1395 4221 D LOWI-9.0.0.87.a: [LOWI-Scan] BSS 44:94:fc:3d:da:94 (wlan0) ASSO: NO AddInfo: 0x0, TSF 0, 00:01:07.511, RSSI: -160, CPL: 127, AGE: 900, SSID WIFI_debug_cjw_5G, TSFDelta: 0xc65d68ea, TXRate: 0
12-14 03:23:19.630 1395 4221 D LOWI-9.0.0.87.a: [LOWI-Scan]
12-14 03:23:19.630 1395 4221 D LOWI-9.0.0.87.a: [LOWI-Scan] print_bss_handler: Report Probe TSF 67511778 as it greater than Beacon TSF 65697416
12-14 03:23:19.630 1395 4221 D LOWI-9.0.0.87.a: [LOWI-Scan] decode_rsn_wpa_ie: LOWI_ENCRYPTION_TYPE_WPA_PSK
12-14 03:23:19.630 1395 4221 D LOWI-9.0.0.87.a: [LOWI-Scan] is_qcom_ie, bss_age: 0
12-14 03:23:19.630 1395 4221 D LOWI-9.0.0.87.a: [LOWI-Scan] BSS 64:6e:97:1c:71:47 LOWI_PHY_MODE_11AC_VHT80(10), Beacon Interval: 100, LOWI_ENCRYPTION_TYPE_WPA_PSK 11mcRanging: No, ANQP: No, LCI: No, Civic: No, capability(0x0011): ESS Privacy
12-14 03:23:19.630 1395 4221 D LOWI-9.0.0.87.a: [LOWI-Scan] BSS 64:6e:97:1c:71:47 FREQ: 5765, cFreq1[40:80:160] = [5755:5775:0] cFreq2 = 0 Country Code = CN
12-14 03:23:19.630 1395 4221 D LOWI-9.0.0.87.a: [LOWI-Scan] BSS 64:6e:97:1c:71:47 (wlan0) ASSO: NO AddInfo: 0x0, TSF 0, 00:01:07.511, RSSI: -170, CPL: 127, AGE: 900, SSID TP-LINK_5G_7145, TSFDelta: 0x3a8d77af, TXRate: 0
12-14 03:23:19.631 1395 4221 D LOWI-9.0.0.87.a: [LOWI-Scan]
12-14 03:23:19.631 1395 4221 D LOWI-9.0.0.87.a: [LOWI-Scan] print_bss_handler: Report Probe TSF 67490450 as it greater than Beacon TSF 56421189
12-14 03:23:19.631 1395 4221 D LOWI-9.0.0.87.a: [LOWI-Scan] decode_rsn_wpa_ie: LOWI_ENCRYPTION_TYPE_WPA_PSK
12-14 03:23:19.631 1395 4221 D LOWI-9.0.0.87.a: [LOWI-Scan] is_qcom_ie, bss_age: 0
12-14 03:23:19.631 1395 4221 D LOWI-9.0.0.87.a: [LOWI-Scan] BSS dc:fe:18:77:4e:9c LOWI_PHY_MODE_11AC_VHT80(10), Beacon Interval: 100, LOWI_ENCRYPTION_TYPE_WPA_PSK 11mcRanging: No, ANQP: No, LCI: No, Civic: No, capability(0x0511): ESS Privacy SpectrumMgmt ShortSlotTime
12-14 03:23:19.631 1395 4221 D LOWI-9.0.0.87.a: [LOWI-Scan] BSS dc:fe:18:77:4e:9c FREQ: 5765, cFreq1[40:80:160] = [5755:5775:0] cFreq2 = 0 Country Code =
12-14 03:23:19.631 1395 4221 D LOWI-9.0.0.87.a: [LOWI-Scan] BSS dc:fe:18:77:4e:9c (wlan0) ASSO: NO AddInfo: 0x0, TSF 0, 00:01:07.490, RSSI: -154, CPL: 127, AGE: 920, SSID TP-LINK_5G_4E9A, TSFDelta: 0xb8af4430, TXRate: 0
12-14 03:23:19.631 1395 4221 D LOWI-9.0.0.87.a: [LOWI-Scan]
12-14 03:23:19.631 1395 4221 D LOWI-9.0.0.87.a: [LOWI-Scan] print_bss_handler: Report Probe TSF 67582074 as it greater than Beacon TSF 67557894
12-14 03:23:19.631 1395 4221 D LOWI-9.0.0.87.a: [LOWI-Scan] decode_rsn_wpa_ie: LOWI_ENCRYPTION_TYPE_WPA_PSK
12-14 03:23:19.631 1395 4221 D LOWI-9.0.0.87.a: [LOWI-Scan] is_qcom_ie, bss_age: 0
12-14 03:23:19.631 1395 4221 D LOWI-9.0.0.87.a: [LOWI-Scan] BSS 18:6f:2d:0a:b8:40 LOWI_PHY_MODE_11NG_HT20(5), Beacon Interval: 100, LOWI_ENCRYPTION_TYPE_WPA_PSK 11mcRanging: No, ANQP: No, LCI: No, Civic: No, capability(0x0531): ESS Privacy ShortPreamble SpectrumMgmt ShortSlotTime
12-14 03:23:19.631 1395 4221 D LOWI-9.0.0.87.a: [LOWI-Scan] BSS 18:6f:2d:0a:b8:40 FREQ: 2427, cFreq1[40:80:160] = [2427:0:0] cFreq2 = 0 Country Code = CN
12-14 03:23:19.631 1395 4221 D LOWI-9.0.0.87.a: [LOWI-Scan] BSS 18:6f:2d:0a:b8:40 (wlan0) ASSO: NO AddInfo: 0x0, TSF 0, 00:01:07.582, RSSI: -116, CPL: 127, AGE: 828, SSID Testing , TSFDelta: 0xff06a8f6, TXRate: 0
12-14 03:23:19.631 1395 4221 D LOWI-9.0.0.87.a: [LOWI-Scan]
12-14 03:23:19.631 1395 4221 D LOWI-9.0.0.87.a: [LOWI-Scan] print_bss_handler: Report Probe TSF 67556339 as it greater than Beacon TSF 67534388
12-14 03:23:19.631 1395 4221 D LOWI-9.0.0.87.a: [LOWI-Scan] decode_rsn_wpa_ie: LOWI_ENCRYPTION_TYPE_WPA_PSK
12-14 03:23:19.631 1395 4221 D LOWI-9.0.0.87.a: [LOWI-Scan] is_qcom_ie, bss_age: 0
12-14 03:23:19.631 1395 4221 D LOWI-9.0.0.87.a: [LOWI-Scan] BSS 8c:de:f9:3f:0d:ab LOWI_PHY_MODE_11AC_VHT80(10), Beacon Interval: 100, LOWI_ENCRYPTION_TYPE_WPA_PSK 11mcRanging: No, ANQP: No, LCI: No, Civic: No, capability(0x0031): ESS Privacy ShortPreamble
12-14 03:23:19.631 1395 4221 D LOWI-9.0.0.87.a: [LOWI-Scan] BSS 8c:de:f9:3f:0d:ab FREQ: 5785, cFreq1[40:80:160] = [5795:5775:0] cFreq2 = 0 Country Code = CN
12-14 03:23:19.631 1395 4221 D LOWI-9.0.0.87.a: [LOWI-Scan] BSS 8c:de:f9:3f:0d:ab (wlan0) ASSO: NO AddInfo: 0x0, TSF 0, 00:01:07.556, RSSI: -136, CPL: 127, AGE: 852, SSID Xiaomi_0DA9_5G, TSFDelta: 0x5227cf4a, TXRate: 0
12-14 03:23:19.632 1395 4221 D LOWI-9.0.0.87.a: [LOWI-Scan]
12-14 03:23:19.632 1395 4221 D LOWI-9.0.0.87.a: [LOWI-Scan] print_bss_handler: Report beacon TSF 65750349 as it greater than probe TSF 65750349
12-14 03:23:19.632 1395 4221 D LOWI-9.0.0.87.a: [LOWI-Scan] decode_rsn_wpa_ie: LOWI_ENCRYPTION_TYPE_WPA_PSK
12-14 03:23:19.632 1395 4221 D LOWI-9.0.0.87.a: [LOWI-Scan] is_qcom_ie, bss_age: 0
12-14 03:23:19.632 1395 4221 D LOWI-9.0.0.87.a: [LOWI-Scan] BSS f0:55:01:67:de:f2 LOWI_PHY_MODE_11AC_VHT80(10), Beacon Interval: 100, LOWI_ENCRYPTION_TYPE_WPA_PSK 11mcRanging: No, ANQP: No, LCI: No, Civic: No, capability(0x1931): ESS Privacy ShortPreamble SpectrumMgmt APSD
12-14 03:23:19.632 1395 4221 D LOWI-9.0.0.87.a: [LOWI-Scan] BSS f0:55:01:67:de:f2 FREQ: 5785, cFreq1[40:80:160] = [5795:5775:0] cFreq2 = 0 Country Code =
12-14 03:23:19.632 1395 4221 D LOWI-9.0.0.87.a: [LOWI-Scan] BSS f0:55:01:67:de:f2 (wlan0) ASSO: NO AddInfo: 0x1, TSF 0, 00:01:05.750, RSSI: -172, CPL: 127, AGE: 2656, SSID , TSFDelta: 0x74c7d5b1, TXRate: 0
12-14 03:23:19.632 1395 4221 D LOWI-9.0.0.87.a: [LOWI-Scan]
12-14 03:23:19.632 1395 4221 D LOWI-9.0.0.87.a: [LOWI-Scan] print_bss_handler: Report Probe TSF 67658387 as it greater than Beacon TSF 67636423
12-14 03:23:19.632 1395 4221 D LOWI-9.0.0.87.a: [LOWI-Scan] decode_rsn_wpa_ie: LOWI_ENCRYPTION_TYPE_WPA_PSK
12-14 03:23:19.632 1395 4221 D LOWI-9.0.0.87.a: [LOWI-Scan] is_qcom_ie, bss_age: 0
12-14 03:23:19.632 1395 4221 D LOWI-9.0.0.87.a: [LOWI-Scan] BSS 58:d9:d5:44:ba:d8 LOWI_PHY_MODE_11G(1), Beacon Interval: 100, LOWI_ENCRYPTION_TYPE_WPA_PSK 11mcRanging: No, ANQP: No, LCI: No, Civic: No, capability(0x0011): ESS Privacy
12-14 03:23:19.632 1395 4221 D LOWI-9.0.0.87.a: [LOWI-Scan] BSS 58:d9:d5:44:ba:d8 FREQ: 2432, cFreq1[40:80:160] = [0:0:0] cFreq2 = 0 Country Code =
12-14 03:23:19.632 1395 4221 D LOWI-9.0.0.87.a: [LOWI-Scan] BSS 58:d9:d5:44:ba:d8 (wlan0) ASSO: NO AddInfo: 0x0, TSF 0, 00:01:07.658, RSSI: -14, CPL: 127, AGE: 752, SSID TD-2.4G, TSFDelta: 0x53924094, TXRate: 0
12-14 03:23:19.632 1395 4221 D LOWI-9.0.0.87.a: [LOWI-Scan]
12-14 03:23:19.632 1395 4221 D LOWI-9.0.0.87.a: [LOWI-Scan] print_bss_handler: Report Probe TSF 67656454 as it greater than Beacon TSF 67645785
12-14 03:23:19.632 1395 4221 D LOWI-9.0.0.87.a: [LOWI-Scan] decode_rsn_wpa_ie: LOWI_ENCRYPTION_TYPE_WPA_PSK
12-14 03:23:19.632 1395 4221 D LOWI-9.0.0.87.a: [LOWI-Scan] is_qcom_ie, bss_age: 0
12-14 03:23:19.632 1395 4221 D LOWI-9.0.0.87.a: [LOWI-Scan] BSS 18:6f:2d:81:18:40 LOWI_PHY_MODE_11NG_HT20(5), Beacon Interval: 100, LOWI_ENCRYPTION_TYPE_WPA_PSK 11mcRanging: No, ANQP: No, LCI: No, Civic: No, capability(0x0531): ESS Privacy ShortPreamble SpectrumMgmt ShortSlotTime
12-14 03:23:19.632 1395 4221 D LOWI-9.0.0.87.a: [LOWI-Scan] BSS 18:6f:2d:81:18:40 FREQ: 2432, cFreq1[40:80:160] = [2432:0:0] cFreq2 = 0 Country Code = CN
12-14 03:23:19.632 1395 4221 D LOWI-9.0.0.87.a: [LOWI-Scan] BSS 18:6f:2d:81:18:40 (wlan0) ASSO: NO AddInfo: 0x0, TSF 0, 00:01:07.656, RSSI: -136, CPL: 127, AGE: 752, SSID Testing , TSFDelta: 0xfb062208, TXRate: 0
12-14 03:23:19.632 1395 4221 D LOWI-9.0.0.87.a: [LOWI-Scan]
12-14 03:23:19.632 1395 4221 D LOWI-9.0.0.87.a: [LOWI-Scan] print_bss_handler: Report Probe TSF 67656777 as it greater than Beacon TSF 67646438
12-14 03:23:19.632 1395 4221 D LOWI-9.0.0.87.a: [LOWI-Scan] is_qcom_ie, bss_age: 0
12-14 03:23:19.632 1395 4221 D LOWI-9.0.0.87.a: [LOWI-Scan] BSS 18:6f:2d:81:18:41 LOWI_PHY_MODE_11NG_HT20(5), Beacon Interval: 100, LOWI_ENCRYPTION_TYPE_OPEN 11mcRanging: No, ANQP: No, LCI: No, Civic: No, capability(0x0521): ESS ShortPreamble SpectrumMgmt ShortSlotTime
12-14 03:23:19.632 1395 4221 D LOWI-9.0.0.87.a: [LOWI-Scan] BSS 18:6f:2d:81:18:41 FREQ: 2432, cFreq1[40:80:160] = [2432:0:0] cFreq2 = 0 Country Code = CN
12-14 03:23:19.632 1395 4221 D LOWI-9.0.0.87.a: [LOWI-Scan] BSS 18:6f:2d:81:18:41 (wlan0) ASSO: NO AddInfo: 0x0, TSF 0, 00:01:07.656, RSSI: -136, CPL: 127, AGE: 752, SSID Guest, TSFDelta: 0xfb0b5908, TXRate: 0
12-14 03:23:19.633 1395 4221 D LOWI-9.0.0.87.a: [LOWI-Scan]
12-14 03:23:19.633 1395 4221 D LOWI-9.0.0.87.a: [LOWI-Scan] print_bss_handler: Report Probe TSF 67659197 as it greater than Beacon TSF 67647205
12-14 03:23:19.633 1395 4221 D LOWI-9.0.0.87.a: [LOWI-Scan] decode_rsn_wpa_ie: LOWI_ENCRYPTION_TYPE_WPA_PSK
12-14 03:23:19.633 1395 4221 D LOWI-9.0.0.87.a: [LOWI-Scan] is_qcom_ie, bss_age: 0
12-14 03:23:19.633 1395 4221 D LOWI-9.0.0.87.a: [LOWI-Scan] BSS 18:6f:2d:81:18:42 LOWI_PHY_MODE_11NG_HT20(5), Beacon Interval: 100, LOWI_ENCRYPTION_TYPE_WPA_PSK 11mcRanging: No, ANQP: No, LCI: No, Civic: No, capability(0x0531): ESS Privacy ShortPreamble SpectrumMgmt ShortSlotTime
12-14 03:23:19.633 1395 4221 D LOWI-9.0.0.87.a: [LOWI-Scan] BSS 18:6f:2d:81:18:42 FREQ: 2432, cFreq1[40:80:160] = [2432:0:0] cFreq2 = 0 Country Code = CN
12-14 03:23:19.633 1395 4221 D LOWI-9.0.0.87.a: [LOWI-Scan] BSS 18:6f:2d:81:18:42 (wlan0) ASSO: NO AddInfo: 0x0, TSF 0, 00:01:07.659, RSSI: -136, CPL: 127, AGE: 752, SSID ThunderSoft_2.4G, TSFDelta: 0xfb1ce947, TXRate: 0
12-14 03:23:19.633 1395 4221 D LOWI-9.0.0.87.a: [LOWI-Scan]
12-14 03:23:19.633 1395 4221 D LOWI-9.0.0.87.a: [LOWI-Scan] print_bss_handler: Report Probe TSF 67659894 as it greater than Beacon TSF 65786342
12-14 03:23:19.633 1395 4221 D LOWI-9.0.0.87.a: [LOWI-Scan] decode_rsn_wpa_ie: LOWI_ENCRYPTION_TYPE_WPA_PSK
12-14 03:23:19.633 1395 4221 D LOWI-9.0.0.87.a: [LOWI-Scan] is_qcom_ie, bss_age: 0
12-14 03:23:19.633 1395 4221 D LOWI-9.0.0.87.a: [LOWI-Scan] BSS 18:6f:2d:81:18:43 LOWI_PHY_MODE_11NG_HT20(5), Beacon Interval: 100, LOWI_ENCRYPTION_TYPE_WPA_PSK 11mcRanging: No, ANQP: No, LCI: No, Civic: No, capability(0x0531): ESS Privacy ShortPreamble SpectrumMgmt ShortSlotTime
12-14 03:23:19.633 1395 4221 D LOWI-9.0.0.87.a: [LOWI-Scan] BSS 18:6f:2d:81:18:43 FREQ: 2432, cFreq1[40:80:160] = [2432:0:0] cFreq2 = 0 Country Code = CN
12-14 03:23:19.633 1395 4221 D LOWI-9.0.0.87.a: [LOWI-Scan] BSS 18:6f:2d:81:18:43 (wlan0) ASSO: NO AddInfo: 0x0, TSF 0, 00:01:07.659, RSSI: -136, CPL: 127, AGE: 752, SSID ZXHY, TSFDelta: 0xfb2214c8, TXRate: 0
12-14 03:23:19.633 1395 4221 D LOWI-9.0.0.87.a: [LOWI-Scan]
12-14 03:23:19.633 1395 4221 D LOWI-9.0.0.87.a: [LOWI-Scan] print_bss_handler: Report beacon TSF 67651309 as it greater than probe TSF 67644774
12-14 03:23:19.633 1395 4221 D LOWI-9.0.0.87.a: [LOWI-Scan] decode_rsn_wpa_ie: LOWI_ENCRYPTION_TYPE_WPA_PSK
12-14 03:23:19.633 1395 4221 D LOWI-9.0.0.87.a: [LOWI-Scan] is_qcom_ie, bss_age: 0
12-14 03:23:19.633 1395 4221 D LOWI-9.0.0.87.a: [LOWI-Scan] BSS 18:6f:2d:81:18:44 LOWI_PHY_MODE_11NG_HT20(5), Beacon Interval: 100, LOWI_ENCRYPTION_TYPE_WPA_PSK 11mcRanging: No, ANQP: No, LCI: No, Civic: No, capability(0x0531): ESS Privacy ShortPreamble SpectrumMgmt ShortSlotTime
12-14 03:23:19.633 1395 4221 D LOWI-9.0.0.87.a: [LOWI-Scan] BSS 18:6f:2d:81:18:44 FREQ: 2432, cFreq1[40:80:160] = [2432:0:0] cFreq2 = 0 Country Code = CN
12-14 03:23:19.633 1395 4221 D LOWI-9.0.0.87.a: [LOWI-Scan] BSS 18:6f:2d:81:18:44 (wlan0) ASSO: NO AddInfo: 0x1, TSF 0, 00:01:07.651, RSSI: -138, CPL: 127, AGE: 760, SSID Fanya, TSFDelta: 0xfab3d09a, TXRate: 0
12-14 03:23:19.634 1395 4221 D LOWI-9.0.0.87.a: [LOWI-Scan]
12-14 03:23:19.634 1395 4221 D LOWI-9.0.0.87.a: [LOWI-Scan] print_bss_handler: Report Probe TSF 67668260 as it greater than Beacon TSF 67651983
12-14 03:23:19.634 1395 4221 D LOWI-9.0.0.87.a: [LOWI-Scan] decode_rsn_wpa_ie: LOWI_ENCRYPTION_TYPE_WPA_PSK
12-14 03:23:19.634 1395 4221 D LOWI-9.0.0.87.a: [LOWI-Scan] is_qcom_ie, bss_age: 0
12-14 03:23:19.634 1395 4221 D LOWI-9.0.0.87.a: [LOWI-Scan] BSS 18:6f:2d:81:18:45 LOWI_PHY_MODE_11NG_HT20(5), Beacon Interval: 100, LOWI_ENCRYPTION_TYPE_WPA_PSK 11mcRanging: No, ANQP: No, LCI: No, Civic: No, capability(0x0531): ESS Privacy ShortPreamble SpectrumMgmt ShortSlotTime
12-14 03:23:19.634 1395 4221 D LOWI-9.0.0.87.a: [LOWI-Scan] BSS 18:6f:2d:81:18:45 FREQ: 2432, cFreq1[40:80:160] = [2432:0:0] cFreq2 = 0 Country Code = CN
12-14 03:23:19.634 1395 4221 D LOWI-9.0.0.87.a: [LOWI-Scan] BSS 18:6f:2d:81:18:45 (wlan0) ASSO: NO AddInfo: 0x0, TSF 0, 00:01:07.668, RSSI: -134, CPL: 127, AGE: 740, SSID 123, TSFDelta: 0xfb5cf22f, TXRate: 0
12-14 03:23:19.634 1395 4221 D LOWI-9.0.0.87.a: [LOWI-Scan]
12-14 03:23:19.634 1395 4221 D LOWI-9.0.0.87.a: [LOWI-Scan] print_bss_handler: Report beacon TSF 67736366 as it greater than probe TSF 16461692
12-14 03:23:19.634 1395 4221 D LOWI-9.0.0.87.a: [LOWI-Scan] decode_rsn_wpa_ie: LOWI_ENCRYPTION_TYPE_WPA_PSK
12-14 03:23:19.634 1395 4221 D LOWI-9.0.0.87.a: [LOWI-Scan] is_qcom_ie, bss_age: 0
12-14 03:23:19.634 1395 4221 D LOWI-9.0.0.87.a: [LOWI-Scan] BSS 18:6f:2d:0a:b8:50 LOWI_PHY_MODE_11AC_VHT20(8), Beacon Interval: 100, LOWI_ENCRYPTION_TYPE_WPA_PSK 11mcRanging: No, ANQP: No, LCI: No, Civic: No, capability(0x0111): ESS Privacy SpectrumMgmt
12-14 03:23:19.634 1395 4221 D LOWI-9.0.0.87.a: [LOWI-Scan] BSS 18:6f:2d:0a:b8:50 FREQ: 5260, cFreq1[40:80:160] = [5260:0:0] cFreq2 = 0 Country Code = CN
12-14 03:23:19.634 1395 4221 D LOWI-9.0.0.87.a: [LOWI-Scan] BSS 18:6f:2d:0a:b8:50 (wlan0) ASSO: NO AddInfo: 0x1, TSF 0, 00:01:07.736, RSSI: -142, CPL: 127, AGE: 672, SSID Testing , TSFDelta: 0xf74640cc, TXRate: 0
12-14 03:23:19.634 1395 4221 D LOWI-9.0.0.87.a: [LOWI-Scan]
12-14 03:23:19.634 1395 4221 D LOWI-9.0.0.87.a: [LOWI-Scan] print_bss_handler: Report beacon TSF 67736447 as it greater than probe TSF 67736447
12-14 03:23:19.634 1395 4221 D LOWI-9.0.0.87.a: [LOWI-Scan] is_qcom_ie, bss_age: 0
12-14 03:23:19.634 1395 4221 D LOWI-9.0.0.87.a: [LOWI-Scan] BSS 18:6f:2d:0a:b8:51 LOWI_PHY_MODE_11AC_VHT20(8), Beacon Interval: 100, LOWI_ENCRYPTION_TYPE_OPEN 11mcRanging: No, ANQP: No, LCI: No, Civic: No, capability(0x0101): ESS SpectrumMgmt
12-14 03:23:19.634 1395 4221 D LOWI-9.0.0.87.a: [LOWI-Scan] BSS 18:6f:2d:0a:b8:51 FREQ: 5260, cFreq1[40:80:160] = [5260:0:0] cFreq2 = 0 Country Code = CN
12-14 03:23:19.634 1395 4221 D LOWI-9.0.0.87.a: [LOWI-Scan] BSS 18:6f:2d:0a:b8:51 (wlan0) ASSO: NO AddInfo: 0x1, TSF 0, 00:01:07.736, RSSI: -140, CPL: 127, AGE: 672, SSID Guest, TSFDelta: 0xf37f93d1, TXRate: 0
12-14 03:23:19.634 1395 4221 D LOWI-9.0.0.87.a: [LOWI-Scan]
12-14 03:23:19.634 1395 4221 D LOWI-9.0.0.87.a: [LOWI-Scan] print_bss_handler: Report Probe TSF 67740197 as it greater than Beacon TSF 67713641
12-14 03:23:19.634 1395 4221 D LOWI-9.0.0.87.a: [LOWI-Scan] decode_rsn_wpa_ie: LOWI_ENCRYPTION_TYPE_WPA_PSK
12-14 03:23:19.634 1395 4221 D LOWI-9.0.0.87.a: [LOWI-Scan] is_qcom_ie, bss_age: 0
12-14 03:23:19.634 1395 4221 D LOWI-9.0.0.87.a: [LOWI-Scan] BSS 18:6f:2d:81:18:52 LOWI_PHY_MODE_11AC_VHT20(8), Beacon Interval: 100, LOWI_ENCRYPTION_TYPE_WPA_PSK 11mcRanging: No, ANQP: No, LCI: No, Civic: No, capability(0x0111): ESS Privacy SpectrumMgmt
12-14 03:23:19.634 1395 4221 D LOWI-9.0.0.87.a: [LOWI-Scan] BSS 18:6f:2d:81:18:52 FREQ: 5260, cFreq1[40:80:160] = [5260:0:0] cFreq2 = 0 Country Code = CN
12-14 03:23:19.634 1395 4221 D LOWI-9.0.0.87.a: [LOWI-Scan] BSS 18:6f:2d:81:18:52 (wlan0) ASSO: NO AddInfo: 0x0, TSF 0, 00:01:07.740, RSSI: -146, CPL: 127, AGE: 668, SSID ZXHY, TSFDelta: 0x75730848, TXRate: 0
12-14 03:23:19.634 1395 4221 D LOWI-9.0.0.87.a: [LOWI-Scan]
12-14 03:23:19.634 1395 4221 D LOWI-9.0.0.87.a: [LOWI-Scan] print_bss_handler: Report Probe TSF 67741565 as it greater than Beacon TSF 67714081
12-14 03:23:19.634 1395 4221 D LOWI-9.0.0.87.a: [LOWI-Scan] decode_rsn_wpa_ie: LOWI_ENCRYPTION_TYPE_WPA_PSK
12-14 03:23:19.634 1395 4221 D LOWI-9.0.0.87.a: [LOWI-Scan] is_qcom_ie, bss_age: 0
12-14 03:23:19.634 1395 4221 D LOWI-9.0.0.87.a: [LOWI-Scan] BSS 18:6f:2d:81:18:54 LOWI_PHY_MODE_11AC_VHT20(8), Beacon Interval: 100, LOWI_ENCRYPTION_TYPE_WPA_PSK 11mcRanging: No, ANQP: No, LCI: No, Civic: No, capability(0x0111): ESS Privacy SpectrumMgmt
12-14 03:23:19.634 1395 4221 D LOWI-9.0.0.87.a: [LOWI-Scan] BSS 18:6f:2d:81:18:54 FREQ: 5260, cFreq1[40:80:160] = [5260:0:0] cFreq2 = 0 Country Code = CN
12-14 03:23:19.634 1395 4221 D LOWI-9.0.0.87.a: [LOWI-Scan] BSS 18:6f:2d:81:18:54 (wlan0) ASSO: NO AddInfo: 0x0, TSF 0, 00:01:07.741, RSSI: -148, CPL: 127, AGE: 668, SSID ThunderSoft, TSFDelta: 0x757de322, TXRate: 0
12-14 03:23:19.635 1395 4221 D LOWI-9.0.0.87.a: [LOWI-Scan]
12-14 03:23:19.635 1395 4221 D LOWI-9.0.0.87.a: [LOWI-Scan] print_bss_handler: Report Probe TSF 67739783 as it greater than Beacon TSF 67712552
12-14 03:23:19.635 1395 4221 D LOWI-9.0.0.87.a: [LOWI-Scan] decode_rsn_wpa_ie: LOWI_ENCRYPTION_TYPE_WPA_PSK
12-14 03:23:19.635 1395 4221 D LOWI-9.0.0.87.a: [LOWI-Scan] is_qcom_ie, bss_age: 0
12-14 03:23:19.635 1395 4221 D LOWI-9.0.0.87.a: [LOWI-Scan] BSS 18:6f:2d:81:18:50 LOWI_PHY_MODE_11AC_VHT20(8), Beacon Interval: 100, LOWI_ENCRYPTION_TYPE_WPA_PSK 11mcRanging: No, ANQP: No, LCI: No, Civic: No, capability(0x0111): ESS Privacy SpectrumMgmt
12-14 03:23:19.635 1395 4221 D LOWI-9.0.0.87.a: [LOWI-Scan] BSS 18:6f:2d:81:18:50 FREQ: 5260, cFreq1[40:80:160] = [5260:0:0] cFreq2 = 0 Country Code = CN
12-14 03:23:19.635 1395 4221 D LOWI-9.0.0.87.a: [LOWI-Scan] BSS 18:6f:2d:81:18:50 (wlan0) ASSO: NO AddInfo: 0x0, TSF 0, 00:01:07.739, RSSI: -146, CPL: 127, AGE: 672, SSID Testing , TSFDelta: 0x756d68c1, TXRate: 0
12-14 03:23:19.635 1395 4221 D LOWI-9.0.0.87.a: [LOWI-Scan]
12-14 03:23:19.635 1395 4221 D LOWI-9.0.0.87.a: [LOWI-Scan] print_bss_handler: Report Probe TSF 67739853 as it greater than Beacon TSF 67713567
12-14 03:23:19.635 1395 4221 D LOWI-9.0.0.87.a: [LOWI-Scan] is_qcom_ie, bss_age: 0
12-14 03:23:19.635 1395 4221 D LOWI-9.0.0.87.a: [LOWI-Scan] BSS 18:6f:2d:81:18:51 LOWI_PHY_MODE_11AC_VHT20(8), Beacon Interval: 100, LOWI_ENCRYPTION_TYPE_OPEN 11mcRanging: No, ANQP: No, LCI: No, Civic: No, capability(0x0101): ESS SpectrumMgmt
12-14 03:23:19.635 1395 4221 D LOWI-9.0.0.87.a: [LOWI-Scan] BSS 18:6f:2d:81:18:51 FREQ: 5260, cFreq1[40:80:160] = [5260:0:0] cFreq2 = 0 Country Code = CN
12-14 03:23:19.635 1395 4221 D LOWI-9.0.0.87.a: [LOWI-Scan] BSS 18:6f:2d:81:18:51 (wlan0) ASSO: NO AddInfo: 0x0, TSF 0, 00:01:07.739, RSSI: -148, CPL: 127, AGE: 672, SSID Guest, TSFDelta: 0x75701a48, TXRate: 0
12-14 03:23:19.635 1395 4221 D LOWI-9.0.0.87.a: [LOWI-Scan]
12-14 03:23:19.635 1395 4221 D LOWI-9.0.0.87.a: [LOWI-Scan] print_bss_handler: Report beacon TSF 67880514 as it greater than probe TSF 67840393
12-14 03:23:19.635 1395 4221 D LOWI-9.0.0.87.a: [LOWI-Scan] decode_rsn_wpa_ie: LOWI_ENCRYPTION_TYPE_WPA_PSK
12-14 03:23:19.635 1395 4221 D LOWI-9.0.0.87.a: [LOWI-Scan] is_qcom_ie, bss_age: 0
12-14 03:23:19.635 1395 4221 D LOWI-9.0.0.87.a: [LOWI-Scan] BSS 18:6f:2d:80:dd:70 LOWI_PHY_MODE_11AC_VHT20(8), Beacon Interval: 100, LOWI_ENCRYPTION_TYPE_WPA_PSK 11mcRanging: No, ANQP: No, LCI: No, Civic: No, capability(0x0111): ESS Privacy SpectrumMgmt
12-14 03:23:19.635 1395 4221 D LOWI-9.0.0.87.a: [LOWI-Scan] BSS 18:6f:2d:80:dd:70 FREQ: 5280, cFreq1[40:80:160] = [5280:0:0] cFreq2 = 0 Country Code = CN
12-14 03:23:19.635 1395 4221 D LOWI-9.0.0.87.a: [LOWI-Scan] BSS 18:6f:2d:80:dd:70 (wlan0) ASSO: NO AddInfo: 0x1, TSF 0, 00:01:07.880, RSSI: -126, CPL: 127, AGE: 528, SSID Testing , TSFDelta: 0xf43c0dff, TXRate: 0
12-14 03:23:19.635 1395 4221 D LOWI-9.0.0.87.a: [LOWI-Scan]
12-14 03:23:19.635 1395 4221 D LOWI-9.0.0.87.a: [LOWI-Scan] print_bss_handler: Report beacon TSF 67880616 as it greater than probe TSF 67840775
12-14 03:23:19.635 1395 4221 D LOWI-9.0.0.87.a: [LOWI-Scan] is_qcom_ie, bss_age: 0
12-14 03:23:19.635 1395 4221 D LOWI-9.0.0.87.a: [LOWI-Scan] BSS 18:6f:2d:80:dd:71 LOWI_PHY_MODE_11AC_VHT20(8), Beacon Interval: 100, LOWI_ENCRYPTION_TYPE_OPEN 11mcRanging: No, ANQP: No, LCI: No, Civic: No, capability(0x0101): ESS SpectrumMgmt
12-14 03:23:19.635 1395 4221 D LOWI-9.0.0.87.a: [LOWI-Scan] BSS 18:6f:2d:80:dd:71 FREQ: 5280, cFreq1[40:80:160] = [5280:0:0] cFreq2 = 0 Country Code = CN
12-14 03:23:19.635 1395 4221 D LOWI-9.0.0.87.a: [LOWI-Scan] BSS 18:6f:2d:80:dd:71 (wlan0) ASSO: NO AddInfo: 0x1, TSF 0, 00:01:07.880, RSSI: -126, CPL: 127, AGE: 528, SSID Guest, TSFDelta: 0xf43f3f82, TXRate: 0
12-14 03:23:19.635 1395 4221 D LOWI-9.0.0.87.a: [LOWI-Scan]
12-14 03:23:19.635 1395 4221 D LOWI-9.0.0.87.a: [LOWI-Scan] print_bss_handler: Report beacon TSF 67880679 as it greater than probe TSF 67841451
12-14 03:23:19.635 1395 4221 D LOWI-9.0.0.87.a: [LOWI-Scan] decode_rsn_wpa_ie: LOWI_ENCRYPTION_TYPE_WPA_PSK
12-14 03:23:19.635 1395 4221 D LOWI-9.0.0.87.a: [LOWI-Scan] is_qcom_ie, bss_age: 0
12-14 03:23:19.635 1395 4221 D LOWI-9.0.0.87.a: [LOWI-Scan] BSS 18:6f:2d:80:dd:72 LOWI_PHY_MODE_11AC_VHT20(8), Beacon Interval: 100, LOWI_ENCRYPTION_TYPE_WPA_PSK 11mcRanging: No, ANQP: No, LCI: No, Civic: No, capability(0x0111): ESS Privacy SpectrumMgmt
12-14 03:23:19.635 1395 4221 D LOWI-9.0.0.87.a: [LOWI-Scan] BSS 18:6f:2d:80:dd:72 FREQ: 5280, cFreq1[40:80:160] = [5280:0:0] cFreq2 = 0 Country Code = CN
12-14 03:23:19.635 1395 4221 D LOWI-9.0.0.87.a: [LOWI-Scan] BSS 18:6f:2d:80:dd:72 (wlan0) ASSO: NO AddInfo: 0x1, TSF 0, 00:01:07.880, RSSI: -126, CPL: 127, AGE: 528, SSID ZXHY, TSFDelta: 0xf444aa6e, TXRate: 0
12-14 03:23:19.636 1395 4221 D LOWI-9.0.0.87.a: [LOWI-Scan]
12-14 03:23:19.636 1395 4221 D LOWI-9.0.0.87.a: [LOWI-Scan] print_bss_handler: Report beacon TSF 67880738 as it greater than probe TSF 67842147
12-14 03:23:19.636 1395 4221 D LOWI-9.0.0.87.a: [LOWI-Scan] decode_rsn_wpa_ie: LOWI_ENCRYPTION_TYPE_WPA_PSK
12-14 03:23:19.636 1395 4221 D LOWI-9.0.0.87.a: [LOWI-Scan] is_qcom_ie, bss_age: 0
12-14 03:23:19.636 1395 4221 D LOWI-9.0.0.87.a: [LOWI-Scan] BSS 18:6f:2d:80:dd:73 LOWI_PHY_MODE_11AC_VHT20(8), Beacon Interval: 100, LOWI_ENCRYPTION_TYPE_WPA_PSK 11mcRanging: No, ANQP: No, LCI: No, Civic: No, capability(0x0111): ESS Privacy SpectrumMgmt
12-14 03:23:19.636 1395 4221 D LOWI-9.0.0.87.a: [LOWI-Scan] BSS 18:6f:2d:80:dd:73 FREQ: 5280, cFreq1[40:80:160] = [5280:0:0] cFreq2 = 0 Country Code = CN
12-14 03:23:19.636 1395 4221 D LOWI-9.0.0.87.a: [LOWI-Scan] BSS 18:6f:2d:80:dd:73 (wlan0) ASSO: NO AddInfo: 0x1, TSF 0, 00:01:07.880, RSSI: -128, CPL: 127, AGE: 528, SSID Fanya, TSFDelta: 0xf449ec65, TXRate: 0
12-14 03:23:19.636 1395 4221 D LOWI-9.0.0.87.a: [LOWI-Scan]
12-14 03:23:19.636 1395 4221 D LOWI-9.0.0.87.a: [LOWI-Scan] print_bss_handler: Report beacon TSF 67880797 as it greater than probe TSF 67842957
12-14 03:23:19.636 1395 4221 D LOWI-9.0.0.87.a: [LOWI-Scan] decode_rsn_wpa_ie: LOWI_ENCRYPTION_TYPE_WPA_PSK
12-14 03:23:19.636 1395 4221 D LOWI-9.0.0.87.a: [LOWI-Scan] is_qcom_ie, bss_age: 0
12-14 03:23:19.636 1395 4221 D LOWI-9.0.0.87.a: [LOWI-Scan] BSS 18:6f:2d:80:dd:74 LOWI_PHY_MODE_11AC_VHT20(8), Beacon Interval: 100, LOWI_ENCRYPTION_TYPE_WPA_PSK 11mcRanging: No, ANQP: No, LCI: No, Civic: No, capability(0x0111): ESS Privacy SpectrumMgmt
12-14 03:23:19.636 1395 4221 D LOWI-9.0.0.87.a: [LOWI-Scan] BSS 18:6f:2d:80:dd:74 FREQ: 5280, cFreq1[40:80:160] = [5280:0:0] cFreq2 = 0 Country Code = CN
12-14 03:23:19.636 1395 4221 D LOWI-9.0.0.87.a: [LOWI-Scan] BSS 18:6f:2d:80:dd:74 (wlan0) ASSO: NO AddInfo: 0x1, TSF 0, 00:01:07.880, RSSI: -126, CPL: 127, AGE: 540, SSID ThunderSoft, TSFDelta: 0xf44f4fdb, TXRate: 0
12-14 03:23:19.636 1395 4221 D LOWI-9.0.0.87.a: [LOWI-Scan]
12-14 03:23:19.636 1395 4221 D LOWI-9.0.0.87.a: [LOWI-Scan] print_bss_handler: Report beacon TSF 67880882 as it greater than probe TSF 67843644
12-14 03:23:19.636 1395 4221 D LOWI-9.0.0.87.a: [LOWI-Scan] decode_rsn_wpa_ie: LOWI_ENCRYPTION_TYPE_WPA_PSK
12-14 03:23:19.636 1395 4221 D LOWI-9.0.0.87.a: [LOWI-Scan] is_qcom_ie, bss_age: 0
12-14 03:23:19.636 1395 4221 D LOWI-9.0.0.87.a: [LOWI-Scan] BSS 18:6f:2d:80:dd:75 LOWI_PHY_MODE_11AC_VHT20(8), Beacon Interval: 100, LOWI_ENCRYPTION_TYPE_WPA_PSK 11mcRanging: No, ANQP: No, LCI: No, Civic: No, capability(0x0111): ESS Privacy SpectrumMgmt
12-14 03:23:19.636 1395 4221 D LOWI-9.0.0.87.a: [LOWI-Scan] BSS 18:6f:2d:80:dd:75 FREQ: 5280, cFreq1[40:80:160] = [5280:0:0] cFreq2 = 0 Country Code = CN
12-14 03:23:19.636 1395 4221 D LOWI-9.0.0.87.a: [LOWI-Scan] BSS 18:6f:2d:80:dd:75 (wlan0) ASSO: NO AddInfo: 0x1, TSF 0, 00:01:07.880, RSSI: -126, CPL: 127, AGE: 540, SSID GM, TSFDelta: 0xf454c27c, TXRate: 0
12-14 03:23:19.636 1395 4221 D LOWI-9.0.0.87.a: [LOWI-Scan]
12-14 03:23:19.636 1395 4221 D LOWI-9.0.0.87.a: [LOWI-Scan] print_bss_handler: Report Probe TSF 67840325 as it greater than Beacon TSF 67814579
12-14 03:23:19.636 1395 4221 D LOWI-9.0.0.87.a: [LOWI-Scan] decode_rsn_wpa_ie: LOWI_ENCRYPTION_TYPE_WPA_PSK
12-14 03:23:19.636 1395 4221 D LOWI-9.0.0.87.a: [LOWI-Scan] is_qcom_ie, bss_age: 0
12-14 03:23:19.636 1395 4221 D LOWI-9.0.0.87.a: [LOWI-Scan] BSS 18:6f:2d:81:16:f0 LOWI_PHY_MODE_11AC_VHT20(8), Beacon Interval: 100, LOWI_ENCRYPTION_TYPE_WPA_PSK 11mcRanging: No, ANQP: No, LCI: No, Civic: No, capability(0x0111): ESS Privacy SpectrumMgmt
12-14 03:23:19.636 1395 4221 D LOWI-9.0.0.87.a: [LOWI-Scan] BSS 18:6f:2d:81:16:f0 FREQ: 5280, cFreq1[40:80:160] = [5280:0:0] cFreq2 = 0 Country Code = CN
12-14 03:23:19.636 1395 4221 D LOWI-9.0.0.87.a: [LOWI-Scan] BSS 18:6f:2d:81:16:f0 (wlan0) ASSO: NO AddInfo: 0x0, TSF 0, 00:01:07.840, RSSI: -142, CPL: 127, AGE: 580, SSID Testing , TSFDelta: 0xf4758335, TXRate: 0
12-14 03:23:19.638 1395 4221 D LOWI-9.0.0.87.a: [LOWI-Scan]
12-14 03:23:19.638 1395 4221 D LOWI-9.0.0.87.a: [LOWI-Scan] print_bss_handler: Report Probe TSF 67841120 as it greater than Beacon TSF 67814947
12-14 03:23:19.638 1395 4221 D LOWI-9.0.0.87.a: [LOWI-Scan] is_qcom_ie, bss_age: 0
12-14 03:23:19.638 1395 4221 D LOWI-9.0.0.87.a: [LOWI-Scan] BSS 18:6f:2d:81:16:f1 LOWI_PHY_MODE_11AC_VHT20(8), Beacon Interval: 100, LOWI_ENCRYPTION_TYPE_OPEN 11mcRanging: No, ANQP: No, LCI: No, Civic: No, capability(0x0101): ESS SpectrumMgmt
12-14 03:23:19.638 1395 4221 D LOWI-9.0.0.87.a: [LOWI-Scan] BSS 18:6f:2d:81:16:f1 FREQ: 5280, cFreq1[40:80:160] = [5280:0:0] cFreq2 = 0 Country Code = CN
12-14 03:23:19.638 1395 4221 D LOWI-9.0.0.87.a: [LOWI-Scan] BSS 18:6f:2d:81:16:f1 (wlan0) ASSO: NO AddInfo: 0x0, TSF 0, 00:01:07.841, RSSI: -142, CPL: 127, AGE: 580, SSID Guest, TSFDelta: 0xf47dbaa1, TXRate: 0
12-14 03:23:19.638 1395 4221 D LOWI-9.0.0.87.a: [LOWI-Scan]
12-14 03:23:19.638 1395 4221 D LOWI-9.0.0.87.a: [LOWI-Scan] print_bss_handler: Report Probe TSF 67841773 as it greater than Beacon TSF 67815288
12-14 03:23:19.638 1395 4221 D LOWI-9.0.0.87.a: [LOWI-Scan] decode_rsn_wpa_ie: LOWI_ENCRYPTION_TYPE_WPA_PSK
12-14 03:23:19.638 1395 4221 D LOWI-9.0.0.87.a: [LOWI-Scan] is_qcom_ie, bss_age: 0
12-14 03:23:19.638 1395 4221 D LOWI-9.0.0.87.a: [LOWI-Scan] BSS 18:6f:2d:81:16:f2 LOWI_PHY_MODE_11AC_VHT20(8), Beacon Interval: 100, LOWI_ENCRYPTION_TYPE_WPA_PSK 11mcRanging: No, ANQP: No, LCI: No, Civic: No, capability(0x0111): ESS Privacy SpectrumMgmt
12-14 03:23:19.638 1395 4221 D LOWI-9.0.0.87.a: [LOWI-Scan] BSS 18:6f:2d:81:16:f2 FREQ: 5280, cFreq1[40:80:160] = [5280:0:0] cFreq2 = 0 Country Code = CN
12-14 03:23:19.638 1395 4221 D LOWI-9.0.0.87.a: [LOWI-Scan] BSS 18:6f:2d:81:16:f2 (wlan0) ASSO: NO AddInfo: 0x0, TSF 0, 00:01:07.841, RSSI: -144, CPL: 127, AGE: 580, SSID ZXHY, TSFDelta: 0xf483619d, TXRate: 0
12-14 03:23:19.638 1395 4221 D LOWI-9.0.0.87.a: [LOWI-Scan]
12-14 03:23:19.638 1395 4221 D LOWI-9.0.0.87.a: [LOWI-Scan] print_bss_handler: Report Probe TSF 67842503 as it greater than Beacon TSF 67815848
12-14 03:23:19.638 1395 4221 D LOWI-9.0.0.87.a: [LOWI-Scan] decode_rsn_wpa_ie: LOWI_ENCRYPTION_TYPE_WPA_PSK
12-14 03:23:19.638 1395 4221 D LOWI-9.0.0.87.a: [LOWI-Scan] is_qcom_ie, bss_age: 0
12-14 03:23:19.638 1395 4221 D LOWI-9.0.0.87.a: [LOWI-Scan] BSS 18:6f:2d:81:16:f3 LOWI_PHY_MODE_11AC_VHT20(8), Beacon Interval: 100, LOWI_ENCRYPTION_TYPE_WPA_PSK 11mcRanging: No, ANQP: No, LCI: No, Civic: No, capability(0x0111): ESS Privacy SpectrumMgmt
12-14 03:23:19.638 1395 4221 D LOWI-9.0.0.87.a: [LOWI-Scan] BSS 18:6f:2d:81:16:f3 FREQ: 5280, cFreq1[40:80:160] = [5280:0:0] cFreq2 = 0 Country Code = CN
12-14 03:23:19.638 1395 4221 D LOWI-9.0.0.87.a: [LOWI-Scan] BSS 18:6f:2d:81:16:f3 (wlan0) ASSO: NO AddInfo: 0x0, TSF 0, 00:01:07.842, RSSI: -142, CPL: 127, AGE: 580, SSID Fanya, TSFDelta: 0xf488c55b, TXRate: 0
12-14 03:23:19.638 1395 4221 D LOWI-9.0.0.87.a: [LOWI-Scan]
12-14 03:23:19.638 1395 4221 D LOWI-9.0.0.87.a: [LOWI-Scan] print_bss_handler: Report Probe TSF 67843254 as it greater than Beacon TSF 67816085
12-14 03:23:19.638 1395 4221 D LOWI-9.0.0.87.a: [LOWI-Scan] decode_rsn_wpa_ie: LOWI_ENCRYPTION_TYPE_WPA_PSK
12-14 03:23:19.638 1395 4221 D LOWI-9.0.0.87.a: [LOWI-Scan] is_qcom_ie, bss_age: 0
12-14 03:23:19.638 1395 4221 D LOWI-9.0.0.87.a: [LOWI-Scan] BSS 18:6f:2d:81:16:f4 LOWI_PHY_MODE_11AC_VHT20(8), Beacon Interval: 100, LOWI_ENCRYPTION_TYPE_WPA_PSK 11mcRanging: No, ANQP: No, LCI: No, Civic: No, capability(0x0111): ESS Privacy SpectrumMgmt
12-14 03:23:19.638 1395 4221 D LOWI-9.0.0.87.a: [LOWI-Scan] BSS 18:6f:2d:81:16:f4 FREQ: 5280, cFreq1[40:80:160] = [5280:0:0] cFreq2 = 0 Country Code = CN
12-14 03:23:19.638 1395 4221 D LOWI-9.0.0.87.a: [LOWI-Scan] BSS 18:6f:2d:81:16:f4 (wlan0) ASSO: NO AddInfo: 0x0, TSF 0, 00:01:07.843, RSSI: -142, CPL: 127, AGE: 580, SSID ThunderSoft, TSFDelta: 0xf48e304d, TXRate: 0
12-14 03:23:19.638 1395 4221 D LOWI-9.0.0.87.a: [LOWI-Scan]
12-14 03:23:19.638 1395 4221 D LOWI-9.0.0.87.a: [LOWI-Scan] print_bss_handler: Report Probe TSF 67845711 as it greater than Beacon TSF 67816164
12-14 03:23:19.638 1395 4221 D LOWI-9.0.0.87.a: [LOWI-Scan] decode_rsn_wpa_ie: LOWI_ENCRYPTION_TYPE_WPA_PSK
12-14 03:23:19.639 1395 4221 D LOWI-9.0.0.87.a: [LOWI-Scan] is_qcom_ie, bss_age: 0
12-14 03:23:19.639 1395 4221 D LOWI-9.0.0.87.a: [LOWI-Scan] BSS 18:6f:2d:81:16:f5 LOWI_PHY_MODE_11AC_VHT20(8), Beacon Interval: 100, LOWI_ENCRYPTION_TYPE_WPA_PSK 11mcRanging: No, ANQP: No, LCI: No, Civic: No, capability(0x0111): ESS Privacy SpectrumMgmt
12-14 03:23:19.639 1395 4221 D LOWI-9.0.0.87.a: [LOWI-Scan] BSS 18:6f:2d:81:16:f5 FREQ: 5280, cFreq1[40:80:160] = [5280:0:0] cFreq2 = 0 Country Code = CN
12-14 03:23:19.639 1395 4221 D LOWI-9.0.0.87.a: [LOWI-Scan] BSS 18:6f:2d:81:16:f5 (wlan0) ASSO: NO AddInfo: 0x0, TSF 0, 00:01:07.845, RSSI: -144, CPL: 127, AGE: 576, SSID GM, TSFDelta: 0xf493722f, TXRate: 0
