01-01 08:21:49.630 0 0 D cnss : Memory for FW, va: 0x0000000000000000, pa: 0x00000000a1000000, size: 0x5e0000, type: 1
01-01 08:21:49.630 0 0 D cnss : Memory for FW, va: 0x0000000000000000, pa: 0x00000000a1600000, size: 0xd8000, type: 4
01-01 08:21:49.633 0 0 D cnss : PM relax, state: 0x11, count: 0
01-01 08:21:49.635 0 0 D cnss : Received QMI WLFW FW memory ready indication
01-01 08:21:49.635 0 0 D cnss : Posting event: FW_MEM_READY(3), state: 0x11 flags: 0x0
01-01 08:21:49.635 0 0 D cnss : PM stay awake, state: 0x11, count: 1
01-01 08:21:49.635 0 0 D cnss : PM relax, state: 0x11, count: 0
01-01 08:21:49.635 0 0 D cnss : PM stay awake, state: 0x11, count: 1
01-01 08:21:49.635 0 0 D cnss : Processing driver event: FW_MEM_READY(3), state: 0x11
01-01 08:21:49.635 0 0 D cnss : Sending target capability message, state: 0x13
01-01 08:21:49.646 0 0 D cnss : Voltage for CPR: 948mV
01-01 08:21:49.646 0 0 D cnss : Update TCS CMD data address 0x000000000b2e5844 with voltage 950mV
01-01 08:21:49.646 0 0 D cnss : Device frequency is 24000000 HZ
01-01 08:21:49.646 0 0 D cnss : Target capability: chip_id: 0x0, chip_family: 0xb, board_id: 0xff, soc_id: 0xffffffff, fw_version: 0x101a0521, fw_build_timestamp: 2021-12-20 07:54, fw_build_id: QC_IMAGE_VERSION_STRING=WLAN.HST.1.0.1.r1-01313-QCAHSTSWPL_SILICONZ-1, otp_version: 0x480020
01-01 08:21:49.646 0 0 D cnss : Sending BDF download message, state: 0x13, type: 4
01-01 08:21:49.646 0 0 D cnss : FW name added with prefix: qca6390/regdb.bin
01-01 08:21:49.646 0 0 W cnss2 b0000000.qcom,cnss-qca6390: Falling back to syfs fallback for: qca6390/regdb.bin
01-01 08:21:49.658 0 0 I ueventd : firmware: loading 'qca6390/regdb.bin' for '/devices/platform/soc/b0000000.qcom,cnss-qca6390/firmware/qca6390!regdb.bin'
01-01 08:21:49.662 0 0 E ueventd : firmware: could not find firmware for qca6390/regdb.bin
01-01 08:21:49.662 0 0 E ueventd : firmware: attempted /etc/firmware/qca6390/regdb.bin, open failed: No such file or directory
01-01 08:21:49.662 0 0 E ueventd : firmware: attempted /odm/firmware/qca6390/regdb.bin, open failed: No such file or directory
01-01 08:21:49.662 0 0 E ueventd : firmware: attempted /vendor/firmware/qca6390/regdb.bin, open failed: No such file or directory
01-01 08:21:49.662 0 0 E ueventd : firmware: attempted /firmware/image/qca6390/regdb.bin, open failed: No such file or directory
01-01 08:21:49.662 0 0 E ueventd : firmware: attempted /vendor/firmware_mnt/image/qca6390/regdb.bin, open failed: No such file or directory
01-01 08:21:49.662 0 0 I ueventd : loading /devices/platform/soc/b0000000.qcom,cnss-qca6390/firmware/qca6390!regdb.bin took 4ms
01-01 08:21:49.662 0 0 E cnss : Failed to load BDF: qca6390/regdb.bin
01-01 08:21:49.662 0 0 D cnss : Sending BDF download message, state: 0x13, type: 1
01-01 08:21:49.662 0 0 D cnss : FW name added with prefix: qca6390/bdwlan.elf
01-01 08:21:49.662 0 0 W cnss2 b0000000.qcom,cnss-qca6390: Falling back to syfs fallback for: qca6390/bdwlan.elf
01-01 08:21:49.672 0 0 D cnss : Downloading BDF: qca6390/bdwlan.elf, size: 57908
12-14 03:22:26.122 1485 3427 I ActivityManager: com.android.packageinstaller is exempt from freezer
12-14 03:22:26.123 1485 3427 D CompatibilityChangeReporter: Compat change id reported: 135634846; UID 10025; state: DISABLED
12-14 03:22:26.123 1485 3427 D CompatibilityChangeReporter: Compat change id reported: 177438394; UID 10025; state: DISABLED
12-14 03:22:26.123 1485 3427 D CompatibilityChangeReporter: Compat change id reported: 135772972; UID 10025; state: DISABLED
12-14 03:22:26.123 1485 3427 D CompatibilityChangeReporter: Compat change id reported: 135754954; UID 10025; state: ENABLED
12-14 03:22:26.123 1485 1577 D CompatibilityChangeReporter: Compat change id reported: 143937733; UID 10025; state: ENABLED
12-14 03:22:26.129 1485 1577 I ActivityManager: Start proc 3562:com.android.packageinstaller/u0a25 for broadcast {com.android.packageinstaller/com.android.packageinstaller.TemporaryFileManager}
01-01 08:21:49.704 0 0 I binder : 3562:3562 ioctl 40046210 7fef98ccd4 returned -22
01-01 08:21:49.712 0 0 D cnss : Sending M3 information message, state: 0x13
01-01 08:21:49.712 0 0 D cnss : M3 memory, va: 0x0000000000000000, pa: 0x00000000a1800000, size: 0x411bc
01-01 08:21:49.714 0 0 D cnss : Received QMI WLFW FW initialization done indication
01-01 08:21:49.714 0 0 D cnss : Posting event: FW_READY(4), state: 0x13 flags: 0x0
01-01 08:21:49.716 0 0 D cnss : Processing driver event: FW_READY(4), state: 0x13
01-01 08:21:49.716 0 0 D cnss : PCIE Gen speed not setup
12-14 03:22:26.152 1485 2754 D CompatibilityChangeReporter: Compat change id reported: 168419799; UID 10025; state: DISABLED
01-01 08:21:49.718 0 0 W : (NULL device *): Falling back to syfs fallback for: wlan/qca_cld/qca6390/WCNSS_qcom_cfg.ini
12-14 03:22:26.161 1485 2754 D CompatibilityChangeReporter: Compat change id reported: 168419799; UID 10032; state: DISABLED
01-01 08:21:49.726 0 0 I [kworke][0x13a72174][03:22:26.165454] wlan: [786:I:HDD] hdd_pm_qos_add_request: 9360: Set cpu_mask 0f for affine_cores
01-01 08:21:49.726 0 0 I [kworke][0x13a721d0][03:22:26.165459] wlan: [786:I:HDD] hdd_pm_qos_add_request: 9362: Set cpu_mask 0f for affine_cores
01-01 08:21:49.726 0 0 D cnss : Sending ini sync request, state: 0x17, fw_log_mode: 1
01-01 08:21:49.733 0 0 I [kworke][0x13a92fc0][03:22:26.172472] wlan: [786:I:HIF] Initializing Runtime PM wakelock &sc->prevent_linkdown_lock
01-01 08:21:49.733 0 0 I [kworke][0x13a93090][03:22:26.172482] wlan: [786:I:HIF] hif_pci_enable_bus: con_mode = 0x0, WLAN_SOC_device_id = 0x1101
01-01 08:21:49.733 0 0 I [kworke][0x13a93108][03:22:26.172488] wlan: [786:I:HIF] hif_pci_enable_bus: hif_enable_pci done
01-01 08:21:49.733 0 0 I [kworke][0x13a93543][03:22:26.172545] wlan: [786:I:HIF] *********** QCA6390 *************
01-01 08:21:49.733 0 0 I [kworke][0x13a935f4][03:22:26.172554] wlan: [786:I:HIF] hif_pci_enable_bus: hif_type = 0x12, target_type = 0x17
01-01 08:21:49.733 0 0 I [kworke][0x13a93641][03:22:26.172558] wlan: [786:I:HIF] hif_register_tbl_attach: HIF_TYPE_QCA6390
01-01 08:21:49.733 0 0 I [kworke][0x13a9366e][03:22:26.172560] wlan: [786:I:HIF] hif_target_register_tbl_attach: TARGET_TYPE_QCA6390
01-01 08:21:49.733 0 0 I [kworke][0x13a93695][03:22:26.172562] wlan: [786:I:HIF] hif_pci_enable_bus:Skip tgt_wake up for srng devices
01-01 08:21:49.733 0 0 E [kworke][0x13a93fa6][03:22:26.172683] wlan: [786:E:TXRX] hif_print_hal_shadow_register_cfg: num_config 28
01-01 08:21:49.733 0 0 I [kworke][0x13a94022][03:22:26.172690] wlan: [786:I:TXRX] hif_print_hal_shadow_register_cfg: i 0, val a3b034
01-01 08:21:49.733 0 0 I [kworke][0x13a94045][03:22:26.172691] wlan: [786:I:TXRX] hif_print_hal_shadow_register_cfg: i 1, val a3b03c
01-01 08:21:49.733 0 0 I [kworke][0x13a9406a][03:22:26.172693] wlan: [786:I:TXRX] hif_print_hal_shadow_register_cfg: i 2, val a3b044
01-01 08:21:49.733 0 0 I [kworke][0x13a94089][03:22:26.172695] wlan: [786:I:TXRX] hif_print_hal_shadow_register_cfg: i 3, val a3b04c
01-01 08:21:49.733 0 0 I [kworke][0x13a940a8][03:22:26.172697] wlan: [786:I:TXRX] hif_print_hal_shadow_register_cfg: i 4, val a3b054
01-01 08:21:49.733 0 0 I [kworke][0x13a940c6][03:22:26.172698] wlan: [786:I:TXRX] hif_print_hal_shadow_register_cfg: i 5, val a3b028
01-01 08:21:49.733 0 0 I [kworke][0x13a940e5][03:22:26.172700] wlan: [786:I:TXRX] hif_print_hal_shadow_register_cfg: i 6, val a3b020
01-01 08:21:49.733 0 0 I [kworke][0x13a94102][03:22:26.172701] wlan: [786:I:TXRX] hif_print_hal_shadow_register_cfg: i 7, val a3b06c
01-01 08:21:49.733 0 0 I [kworke][0x13a94120][03:22:26.172703] wlan: [786:I:TXRX] hif_print_hal_shadow_register_cfg: i 8, val a46000
01-01 08:21:49.733 0 0 I [kworke][0x13a9413e][03:22:26.172704] wlan: [786:I:TXRX] hif_print_hal_shadow_register_cfg: i 9, val a46008
01-01 08:21:49.733 0 0 I [kworke][0x13a9415d][03:22:26.172706] wlan: [786:I:TXRX] hif_print_hal_shadow_register_cfg: i 10, val a46010
01-01 08:21:49.733 0 0 I [kworke][0x13a9417d][03:22:26.172708] wlan: [786:I:TXRX] hif_print_hal_shadow_register_cfg: i 11, val a46018
01-01 08:21:49.733 0 0 I [kworke][0x13a9419b][03:22:26.172709] wlan: [786:I:TXRX] hif_print_hal_shadow_register_cfg: i 12, val a46034
01-01 08:21:49.733 0 0 I [kworke][0x13a941ba][03:22:26.172711] wlan: [786:I:TXRX] hif_print_hal_shadow_register_cfg: i 13, val a370b0
01-01 08:21:49.733 0 0 I [kworke][0x13a941d9][03:22:26.172713] wlan: [786:I:TXRX] hif_print_hal_shadow_register_cfg: i 14, val a37018
01-01 08:21:49.733 0 0 I [kworke][0x13a941f7][03:22:26.172714] wlan: [786:I:TXRX] hif_print_hal_shadow_register_cfg: i 15, val a370c4
01-01 08:21:49.733 0 0 I [kworke][0x13a94217][03:22:26.172716] wlan: [786:I:TXRX] hif_print_hal_shadow_register_cfg: i 16, val a370cc
01-01 08:21:49.733 0 0 I [kworke][0x13a94235][03:22:26.172717] wlan: [786:I:TXRX] hif_print_hal_shadow_register_cfg: i 17, val a370d4
01-01 08:21:49.733 0 0 I [kworke][0x13a94253][03:22:26.172719] wlan: [786:I:TXRX] hif_print_hal_shadow_register_cfg: i 18, val a370dc
01-01 08:21:49.733 0 0 I [kworke][0x13a94271][03:22:26.172720] wlan: [786:I:TXRX] hif_print_hal_shadow_register_cfg: i 19, val a00400
01-01 08:21:49.733 0 0 I [kworke][0x13a94294][03:22:26.172722] wlan: [786:I:TXRX] hif_print_hal_shadow_register_cfg: i 20, val a03400
01-01 08:21:49.733 0 0 I [kworke][0x13a942b2][03:22:26.172724] wlan: [786:I:TXRX] hif_print_hal_shadow_register_cfg: i 21, val a0340c
01-01 08:21:49.733 0 0 I [kworke][0x13a942d0][03:22:26.172725] wlan: [786:I:TXRX] hif_print_hal_shadow_register_cfg: i 22, val a05400
01-01 08:21:49.733 0 0 I [kworke][0x13a942ef][03:22:26.172727] wlan: [786:I:TXRX] hif_print_hal_shadow_register_cfg: i 23, val a0540c
01-01 08:21:49.733 0 0 I [kworke][0x13a9430f][03:22:26.172729] wlan: [786:I:TXRX] hif_print_hal_shadow_register_cfg: i 24, val a06400
01-01 08:21:49.733 0 0 I [kworke][0x13a9432d][03:22:26.172730] wlan: [786:I:TXRX] hif_print_hal_shadow_register_cfg: i 25, val a08400
01-01 08:21:49.733 0 0 I [kworke][0x13a9434b][03:22:26.172732] wlan: [786:I:TXRX] hif_print_hal_shadow_register_cfg: i 26, val a0b400
01-01 08:21:49.733 0 0 I [kworke][0x13a94369][03:22:26.172733] wlan: [786:I:TXRX] hif_print_hal_shadow_register_cfg: i 27, val a0b40c
01-01 08:21:49.733 0 0 D cnss : Mode: 0, config: 0000000000000000, host_version: 5.2.022.10G
01-01 08:21:49.733 0 0 D cnss : Sending WLAN config message, state: 0x17
01-01 08:21:49.735 0 0 D cnss : Sending mode message, mode: MISSION(0), state: 0x17
01-01 08:21:49.758 0 0 D cnss : Received QMI WLFW pin connect result indication
01-01 08:21:49.758 0 0 D cnss : Pin connect Result: pwr_pin: 0x1 phy_io_pin: 0x0 rf_io_pin: 0x0
01-01 08:21:49.758 0 0 D cnss : Assign MSI to user: CE, num_vectors: 10, user_base_data: 803, base_vector: 3
01-01 08:21:49.758 0 0 I [kworke][0x13b07a57][03:22:26.197359] wlan: [786:I:HIF] ce_srng_dest_ring_setup: ce_id 1
01-01 08:21:49.758 0 0 D cnss : Assign MSI to user: CE, num_vectors: 10, user_base_data: 803, base_vector: 3
01-01 08:21:49.758 0 0 I [kworke][0x13b08158][03:22:26.197452] wlan: [786:I:HIF] ce_srng_status_ring_setup: ce_id 1
01-01 08:21:49.758 0 0 D cnss : Assign MSI to user: CE, num_vectors: 10, user_base_data: 803, base_vector: 3
01-01 08:21:49.758 0 0 I [kworke][0x13b08621][03:22:26.197516] wlan: [786:I:HIF] ce_srng_dest_ring_setup: ce_id 2
01-01 08:21:49.758 0 0 D cnss : Assign MSI to user: CE, num_vectors: 10, user_base_data: 803, base_vector: 3
01-01 08:21:49.758 0 0 I [kworke][0x13b08bc3][03:22:26.197591] wlan: [786:I:HIF] ce_srng_status_ring_setup: ce_id 2
01-01 08:21:49.758 0 0 D cnss : Assign MSI to user: CE, num_vectors: 10, user_base_data: 803, base_vector: 3
01-01 08:21:49.758 0 0 D cnss : Assign MSI to user: CE, num_vectors: 10, user_base_data: 803, base_vector: 3
01-01 08:21:49.758 0 0 I [kworke][0x13b098fd][03:22:26.197768] wlan: [786:I:HIF] ce_srng_dest_ring_setup: ce_id 5
01-01 08:21:49.758 0 0 D cnss : Assign MSI to user: CE, num_vectors: 10, user_base_data: 803, base_vector: 3
01-01 08:21:49.758 0 0 I [kworke][0x13b09ea8][03:22:26.197843] wlan: [786:I:HIF] ce_srng_status_ring_setup: ce_id 5
01-01 08:21:49.758 0 0 D cnss : Assign MSI to user: CE, num_vectors: 10, user_base_data: 803, base_vector: 3
01-01 08:21:49.758 0 0 I [kworke][0x13b0a4ac][03:22:26.197924] wlan: [786:I:HIF] hif_configure_irq: E
01-01 08:21:49.758 0 0 D cnss : Assign MSI to user: WAKE, num_vectors: 1, user_base_data: 813, base_vector: 13
01-01 08:21:49.758 0 0 D cnss : Get IRQ number 363 for vector index 13
01-01 08:21:49.758 0 0 D cnss : Assign MSI to user: CE, num_vectors: 10, user_base_data: 803, base_vector: 3
01-01 08:21:49.759 0 0 D cnss : Get IRQ number 353 for vector index 3
01-01 08:21:49.759 0 0 D cnss : Get IRQ number 354 for vector index 4
01-01 08:21:49.759 0 0 D cnss : Get IRQ number 355 for vector index 5
01-01 08:21:49.759 0 0 D cnss : Get IRQ number 356 for vector index 6
01-01 08:21:49.759 0 0 D cnss : Get IRQ number 358 for vector index 8
01-01 08:21:49.759 0 0 D cnss : Get IRQ number 359 for vector index 9
01-01 08:21:49.759 0 0 D cnss : Get IRQ number 361 for vector index 11
01-01 08:21:49.759 0 0 E [kworke][0x13b0b103][03:22:26.198088] wlan: [786:E:mlme] mlme_init_reg_cfg: 2374: null pdev
01-01 08:21:49.759 0 0 E [kworke][0x13b0b245][03:22:26.198105] wlan: [786:E:WMI] WMI handle is NULL
01-01 08:21:49.759 0 0 I [kworke][0x13b0b2eb][03:22:26.198113] wlan: [786:I:HIF] Initializing Runtime PM wakelock &p2p_soc_obj->roc_runtime_lock
01-01 08:21:49.759 0 0 D cnss : Platform cap_flag is 0x4
01-01 08:21:49.759 0 0 E [kworke][0x13b0b38a][03:22:26.198122] wlan: [786:E:QDF] cds_get_context: 1486: Module ID 66 context is Null
01-01 08:21:49.760 0 0 E [kworke][0x13b10b62][03:22:26.199293] wlan: [786:E:QDF] cds_get_context: 1486: Module ID 66 context is Null
01-01 08:21:49.760 0 0 I [kworke][0x13b129d1][03:22:26.199699] wlan: [786:I:HIF] Initializing Runtime PM wakelock &psoc_wakelock->wmi_cmd_rsp_runtime_lock
01-01 08:21:49.760 0 0 F [kworke][0x13b12e0b][03:22:26.199755] wlan: [786:F:WMA] WMA --> wmi_unified_attach - success
01-01 08:21:49.760 0 0 I [kworke][0x13b131a2][03:22:26.199803] wlan: [786:I:HIF] Initializing Runtime PM wakelock &vdev->vdev_set_key_runtime_wakelock
01-01 08:21:49.760 0 0 I [kworke][0x13b133ea][03:22:26.199833] wlan: [786:I:HIF] Initializing Runtime PM wakelock &vdev->vdev_set_key_runtime_wakelock
01-01 08:21:49.760 0 0 I [kworke][0x13b13635][03:22:26.199864] wlan: [786:I:HIF] Initializing Runtime PM wakelock &vdev->vdev_set_key_runtime_wakelock
01-01 08:21:49.760 0 0 I [kworke][0x13b138d4][03:22:26.199899] wlan: [786:I:HIF] Initializing Runtime PM wakelock &vdev->vdev_set_key_runtime_wakelock
01-01 08:21:49.760 0 0 I [kworke][0x13b13a5f][03:22:26.199919] wlan: [786:I:HIF] Initializing Runtime PM wakelock &vdev->vdev_set_key_runtime_wakelock
01-01 08:21:49.760 0 0 I [kworke][0x13b13bc2][03:22:26.199938] wlan: [786:I:HIF] Initializing Runtime PM wakelock &vdev->vdev_set_key_runtime_wakelock
01-01 08:21:49.761 0 0 I [kworke][0x13b14119][03:22:26.200009] wlan: [786:I:HIF] Initializing Runtime PM wakelock &wma_handle->wmi_cmd_rsp_runtime_lock
01-01 08:21:49.761 0 0 I [kworke][0x13b141cd][03:22:26.200019] wlan: [786:I:HIF] Initializing Runtime PM wakelock &wma_handle->sap_prevent_runtime_pm_lock
01-01 08:21:49.761 0 0 E [kworke][0x13b18533][03:22:26.200917] wlan: [786:E:QDF] htc_wait_target: 684: Target Ready! TX resource : 1 size:2176, MaxMsgsPerHTCBundle = 1
01-01 08:21:49.761 0 0 E [kworke][0x13b185a5][03:22:26.200923] wlan: [786:E:QDF] htc_setup_target_buffer_assignments: 576: SVS Index : 1 TX : 0x100 : alloc:1
01-01 08:21:49.762 0 0 D cnss : Assign MSI to user: DP, num_vectors: 18, user_base_data: 814, base_vector: 14
01-01 08:21:49.762 0 0 I [kworke][0x13b19373][03:22:26.201107] wlan: [786:I:HIF] +hif_update_pipe_callback pipeid 5
01-01 08:21:49.762 0 0 I [kworke][0x13b193d7][03:22:26.201112] wlan: [786:I:HIF] -hif_update_pipe_callback
01-01 08:21:49.762 0 0 D cnss : Assign MSI to user: DP, num_vectors: 18, user_base_data: 814, base_vector: 14
01-01 08:21:49.762 0 0 E [kworke][0x13b1af0f][03:22:26.201475] wlan: [786:E:DP] dp_srng_get_str_from_hal_ring_type: 7726: Invalid ring type
01-01 08:21:49.762 0 0 D cnss : Assign MSI to user: DP, num_vectors: 18, user_base_data: 814, base_vector: 14
01-01 08:21:49.763 0 0 D cnss : Assign MSI to user: DP, num_vectors: 18, user_base_data: 814, base_vector: 14
01-01 08:21:49.763 0 0 D cnss : Assign MSI to user: DP, num_vectors: 18, user_base_data: 814, base_vector: 14
01-01 08:21:49.763 0 0 D cnss : Assign MSI to user: DP, num_vectors: 18, user_base_data: 814, base_vector: 14
01-01 08:21:49.763 0 0 D cnss : Assign MSI to user: DP, num_vectors: 18, user_base_data: 814, base_vector: 14
01-01 08:21:49.763 0 0 D cnss : Assign MSI to user: DP, num_vectors: 18, user_base_data: 814, base_vector: 14
01-01 08:21:49.763 0 0 D cnss : Assign MSI to user: DP, num_vectors: 18, user_base_data: 814, base_vector: 14
01-01 08:21:49.763 0 0 D cnss : Assign MSI to user: DP, num_vectors: 18, user_base_data: 814, base_vector: 14
01-01 08:21:49.763 0 0 I [kworke][0x13b1ff70][03:22:26.202547] wlan: [786:I:DP] dp_tx_soc_attach Tx Desc Alloc num_pool = 4, descs = 4096
01-01 08:21:49.763 0 0 I [kworke][0x13b20c26][03:22:26.202717] wlan: [786:I:DP] dp_tx_soc_attach MSDU Ext Desc Alloc 4, descs = 4096
01-01 08:21:49.764 0 0 I [kworke][0x13b2201f][03:22:26.202983] wlan: [786:I:DP] dp_tx_soc_attach HAL Tx init Success
01-01 08:21:49.764 0 0 D cnss : Assign MSI to user: DP, num_vectors: 18, user_base_data: 814, base_vector: 14
01-01 08:21:49.764 0 0 D cnss : Assign MSI to user: DP, num_vectors: 18, user_base_data: 814, base_vector: 14
01-01 08:21:49.764 0 0 I [kworke][0x13b228a5][03:22:26.203096] wlan: [786:I:DP] dp_soc_cmn_setup: 3274: num_reo_dest_rings 4
01-01 08:21:49.764 0 0 D cnss : Assign MSI to user: DP, num_vectors: 18, user_base_data: 814, base_vector: 14
01-01 08:21:49.764 0 0 D cnss : Assign MSI to user: DP, num_vectors: 18, user_base_data: 814, base_vector: 14
01-01 08:21:49.764 0 0 D cnss : Assign MSI to user: DP, num_vectors: 18, user_base_data: 814, base_vector: 14
01-01 08:21:49.764 0 0 D cnss : Assign MSI to user: DP, num_vectors: 18, user_base_data: 814, base_vector: 14
01-01 08:21:49.764 0 0 D cnss : Assign MSI to user: DP, num_vectors: 18, user_base_data: 814, base_vector: 14
01-01 08:21:49.764 0 0 D cnss : Assign MSI to user: DP, num_vectors: 18, user_base_data: 814, base_vector: 14
01-01 08:21:49.764 0 0 D cnss : Assign MSI to user: DP, num_vectors: 18, user_base_data: 814, base_vector: 14
01-01 08:21:49.764 0 0 D cnss : Assign MSI to user: DP, num_vectors: 18, user_base_data: 814, base_vector: 14
01-01 08:21:49.764 0 0 D cnss : Assign MSI to user: DP, num_vectors: 18, user_base_data: 814, base_vector: 14
01-01 08:21:49.764 0 0 D cnss : Assign MSI to user: DP, num_vectors: 18, user_base_data: 814, base_vector: 14
01-01 08:21:49.764 0 0 D cnss : Assign MSI to user: DP, num_vectors: 18, user_base_data: 814, base_vector: 14
01-01 08:21:49.764 0 0 I [kworke][0x13b25714][03:22:26.203716] wlan: [786:I:HAL] hal_reo_set_err_dst_remap_6390: 1024: HWIO_REO_R0_ERROR_DESTINATION_MAPPING_IX_0 0x28005b6d
01-01 08:21:49.764 0 0 D cnss : Assign MSI to user: DP, num_vectors: 18, user_base_data: 814, base_vector: 14
01-01 08:21:49.764 0 0 D cnss : Assign MSI to user: DP, num_vectors: 18, user_base_data: 814, base_vector: 14
01-01 08:21:49.764 0 0 D cnss : Assign MSI to user: DP, num_vectors: 18, user_base_data: 814, base_vector: 14
01-01 08:21:49.764 0 0 D cnss : Assign MSI to user: DP, num_vectors: 18, user_base_data: 814, base_vector: 14
01-01 08:21:49.764 0 0 D cnss : Assign MSI to user: DP, num_vectors: 18, user_base_data: 814, base_vector: 14
01-01 08:21:49.764 0 0 D cnss : Assign MSI to user: DP, num_vectors: 18, user_base_data: 814, base_vector: 14
01-01 08:21:49.767 0 0 I [kworke][0x13b31657][03:22:26.206266] wlan: [786:I:DP] Peer pool init
01-01 08:21:49.767 0 0 W [kworke][0x13b31d98][03:22:26.206362] wlan: [786:W:DP] dp_rx_pdev_mon_attach: pdev attach id=0
01-01 08:21:49.768 0 0 D cnss : Assign MSI to user: DP, num_vectors: 18, user_base_data: 814, base_vector: 14
01-01 08:21:49.768 0 0 D cnss : Get IRQ number 364 for vector index 14
01-01 08:21:49.768 0 0 D cnss : Assign MSI to user: DP, num_vectors: 18, user_base_data: 814, base_vector: 14
01-01 08:21:49.768 0 0 D cnss : Get IRQ number 365 for vector index 15
01-01 08:21:49.768 0 0 D cnss : Assign MSI to user: DP, num_vectors: 18, user_base_data: 814, base_vector: 14
01-01 08:21:49.768 0 0 D cnss : Get IRQ number 366 for vector index 16
01-01 08:21:49.768 0 0 D cnss : Assign MSI to user: DP, num_vectors: 18, user_base_data: 814, base_vector: 14
01-01 08:21:49.768 0 0 D cnss : Get IRQ number 367 for vector index 17
01-01 08:21:49.768 0 0 D cnss : Assign MSI to user: DP, num_vectors: 18, user_base_data: 814, base_vector: 14
01-01 08:21:49.768 0 0 D cnss : Assign MSI to user: DP, num_vectors: 18, user_base_data: 814, base_vector: 14
01-01 08:21:49.768 0 0 D cnss : Get IRQ number 369 for vector index 19
01-01 08:21:49.768 0 0 D cnss : Assign MSI to user: DP, num_vectors: 18, user_base_data: 814, base_vector: 14
01-01 08:21:49.768 0 0 D cnss : Get IRQ number 370 for vector index 20
01-01 08:21:49.770 0 0 I [kworke][0x13b3f6f3][03:22:26.209261] wlan: [334:I:WMA] wma_rx_service_ready_event: Firmware build version : 101a0521
01-01 08:21:49.770 0 0 I [kworke][0x13b3f7a8][03:22:26.209270] wlan: [334:I:WMA] wma_rx_service_ready_event: Board id: 0, Board version: 8 0 0 0 6
01-01 08:21:49.771 0 0 I [kworke][0x13b436a5][03:22:26.210110] wlan: [334:I:WMA] wma_is_dbs_mandatory: 5417: MAC0 does not support both bands 2 DBS is mandatory
01-01 08:21:49.771 0 0 E [kworke][0x13b4380d][03:22:26.210129] wlan: [334:E:QDF] copy_fw_abi_version_tlv: 6979: copy_fw_abi_version_tlv: INIT_CMD version: 1, 0, 0x5f414351, 0x4c4d, 0x0, 0x0
12-14 03:22:26.241 1485 2353 D CompatibilityChangeReporter: Compat change id reported: 135634846; UID 10094; state: DISABLED
12-14 03:22:26.241 1485 2353 D CompatibilityChangeReporter: Compat change id reported: 177438394; UID 10094; state: DISABLED
12-14 03:22:26.241 1485 2353 D CompatibilityChangeReporter: Compat change id reported: 135772972; UID 10094; state: DISABLED
12-14 03:22:26.241 1485 2353 D CompatibilityChangeReporter: Compat change id reported: 135754954; UID 10094; state: DISABLED
12-14 03:22:26.241 1485 1577 D CompatibilityChangeReporter: Compat change id reported: 143937733; UID 10094; state: DISABLED
12-14 03:22:26.246 1485 1577 I ActivityManager: Start proc 3596:com.android.permissioncontroller/u0a94 for broadcast {com.android.permissioncontroller/com.android.permissioncontroller.permission.service.LocationAccessCheck$SetupPeriodicBackgroundLocationAccessCheck}
01-01 08:21:49.821 0 0 I binder : 3596:3596 ioctl 40046210 7fef98ccd4 returned -22
12-14 03:22:26.272 1485 2353 D CompatibilityChangeReporter: Compat change id reported: 168419799; UID 10094; state: DISABLED
12-14 03:22:26.349 1485 2618 D AdbDebuggingManager: Received connected key message: QAAAAOOUWvE1rygT0Ixj09RTp24JWgkxZV3u3V5jhSubR6C/WZQYa7ffTQdyuAiwoA8CIjxxaldaBT3yckdDduN8UKRA/N2VB7S4noZ+Y2n2yO5bbprEDw0ABkd2gtmQVJvQGkF/SsLYyleswkYJRYYK5EKrXFOuH92bfdfLj/KtLnr7T3v2AUdb23LBgCGP5DCECooEicIv/2hGURcyXHqsS/py+4zD4EXKEY1h3uIZKnWvNRVIilPspAK6sFwLMo/T5qcXjVgUuxq5YbmOEaHRe6TH2I+MJ3kzhy5lerS49XPfdThPy/of5E+0LSS2a/thu/nljtqM02hxPEbPUa2JcuCj0KWNIZZsDMV2SPBNxBiA7v+JNPojfE5gP0Jy7cMfO2SbC708x7p3HqU6ENqF5koA7sjcpK68qYfG0Fi6FDh+1XTnPGDk5AIo5eXy2hTc7hNdbURist5VKYTnYpEs4pz4Zj92FBpIiNj99gBzobpk75owQxis11c7bJZq1pCJiSmFEPTcDrv02X3oDIzj7Cs73UA0PD14oMkdQYK7uW+MASmqxEHa0+XnLi5mNXsp3dkaFdEMcDK6wSwC+0yOssdlETEpC4cZts9SQ37E7eMDKfF9m5Gju22KKv3T64iPrmBwhvngKOwxWqahWIHg3ajbUKAe0QY3sLgcEscEi0eFLWD+QgEAAQA= @unknown
12-14 03:22:26.350 1485 1558 D AdbDebuggingManager: Logging key QAAAAOOUWvE1rygT0Ixj09RTp24JWgkxZV3u3V5jhSubR6C/WZQYa7ffTQdyuAiwoA8CIjxxaldaBT3yckdDduN8UKRA/N2VB7S4noZ+Y2n2yO5bbprEDw0ABkd2gtmQVJvQGkF/SsLYyleswkYJRYYK5EKrXFOuH92bfdfLj/KtLnr7T3v2AUdb23LBgCGP5DCECooEicIv/2hGURcyXHqsS/py+4zD4EXKEY1h3uIZKnWvNRVIilPspAK6sFwLMo/T5qcXjVgUuxq5YbmOEaHRe6TH2I+MJ3kzhy5lerS49XPfdThPy/of5E+0LSS2a/thu/nljtqM02hxPEbPUa2JcuCj0KWNIZZsDMV2SPBNxBiA7v+JNPojfE5gP0Jy7cMfO2SbC708x7p3HqU6ENqF5koA7sjcpK68qYfG0Fi6FDh+1XTnPGDk5AIo5eXy2hTc7hNdbURist5VKYTnYpEs4pz4Zj92FBpIiNj99gBzobpk75owQxis11c7bJZq1pCJiSmFEPTcDrv02X3oDIzj7Cs73UA0PD14oMkdQYK7uW+MASmqxEHa0+XnLi5mNXsp3dkaFdEMcDK6wSwC+0yOssdlETEpC4cZts9SQ37E7eMDKfF9m5Gju22KKv3T64iPrmBwhvngKOwxWqahWIHg3ajbUKAe0QY3sLgcEscEi0eFLWD+QgEAAQA= @unknown, state = 4, alwaysAllow = true, lastConnectionTime = 1670959346350, authWindow = 604800000
01-01 08:21:49.961 0 0 E [kworke][0x13ec0c92][03:22:26.400696] wlan: [334:E:QDF] ready_extract_init_status_tlv: 8884: ready_extract_init_status_tlv:0
01-01 08:21:49.961 0 0 E [kworke][0x13ec1206][03:22:26.400768] wlan: [334:E:QDF] cds_get_context: 1486: Module ID 65 context is Null
01-01 08:21:49.961 0 0 F [kworke][0x13ec12bb][03:22:26.400778] wlan: [334:F:DP] cdp_ipa_set_uc_tx_partition_base invalid instance
01-01 08:21:49.961 0 0 I [kworke][0x13ec13a7][03:22:26.400790] wlan: [334:I:WMA] wma_he_update_tgt_services: 996: 11ax is enabled
01-01 08:21:49.963 0 0 I [kworke][0x13ec9706][03:22:26.402542] wlan: [334:I:HIF] Initializing Runtime PM wakelock &mgmt_txrx_pdev_ctx->wakelock_tx_runtime_cmp
01-01 08:21:49.963 0 0 I [kworke][0x13eca149][03:22:26.402678] wlan: [334:I:dfs] WLAN_DEBUG_DFS_ALWAYS : wlan_dfs_pdev_obj_create_notification: 421: dfs_offload 1
01-01 08:21:49.963 0 0 I [kworke][0x13eca22f][03:22:26.402690] wlan: [334:I:SPECTRAL] null_get_capability: 1715: SPECTRAL : get_capability not registered
01-01 08:21:49.963 0 0 I [kworke][0x13eca2a0][03:22:26.402696] wlan: [334:I:SPECTRAL] target_if_pdev_spectral_init: 2249: HAL_CAP_PHYDIAG : Capable
01-01 08:21:49.963 0 0 I [kworke][0x13eca30f][03:22:26.402702] wlan: [334:I:SPECTRAL] null_get_capability: 1715: SPECTRAL : get_capability not registered
01-01 08:21:49.963 0 0 I [kworke][0x13eca37b][03:22:26.402708] wlan: [334:I:SPECTRAL] target_if_pdev_spectral_init: 2253: HAL_CAP_RADAR : Capable
01-01 08:21:49.963 0 0 I [kworke][0x13eca3e7][03:22:26.402713] wlan: [334:I:SPECTRAL] null_get_capability: 1715: SPECTRAL : get_capability not registered
01-01 08:21:49.963 0 0 I [kworke][0x13eca453][03:22:26.402719] wlan: [334:I:SPECTRAL] target_if_pdev_spectral_init: 2258: HAL_CAP_SPECTRAL_SCAN : Capable
01-01 08:21:49.963 0 0 I [kworke][0x13eca4c1][03:22:26.402725] wlan: [334:I:SPECTRAL] null_get_tsf64: 1703: SPECTRAL : get_tsf64 not registered
01-01 08:21:49.963 0 0 I [kworke][0x13eca58d][03:22:26.402735] wlan: [334:I:GREEN_AP] wlan_green_ap_pdev_obj_create_notification: 106: Green AP creation successful, green ap ctx: 0000000000000000, pdev: 0000000000000000
01-01 08:21:49.963 0 0 I [kworke][0x13eca750][03:22:26.402759] wlan: [334:I:IPA] wlan_ipa_wdi_init: 540: ipa_over_gsi: 1, is_smmu_enabled: 1
01-01 08:21:49.964 0 0 I [kworke][0x13ecd925][03:22:26.403423] wlan: [334:I:REGULATORY] reg_set_band: 483: set band bitmap: 3
01-01 08:21:49.964 0 0 I [kworke][0x13ecee67][03:22:26.403707] wlan: [334:I:HIF] Initializing Runtime PM wakelock &ctx->dfs
01-01 08:21:49.964 0 0 I [kworke][0x13eceee5][03:22:26.403713] wlan: [334:I:HIF] Initializing Runtime PM wakelock &ctx->connect
01-01 08:21:49.964 0 0 I [kworke][0x13ecefe9][03:22:26.403727] wlan: [334:I:HIF] Initializing Runtime PM wakelock &ctx->user
01-01 08:21:49.964 0 0 I [kworke][0x13ecf05f][03:22:26.403733] wlan: [334:I:HIF] Initializing Runtime PM wakelock &scan_priv->runtime_pm_lock
01-01 08:21:49.964 0 0 I [kworke][0x13ecf20b][03:22:26.403755] wlan: [334:I:GREEN_AP] target_if_green_ap_register_egap_event_handler: 131: Set the Enhance Green AP event handler
01-01 08:21:49.964 0 0 E [kworke][0x13ecf2ed][03:22:26.403767] wlan: [334:E:QDF] dp_peer_map_attach_wifi3: 10048: dp_peer_map_attach_wifi3 max_peers 55, max_ast_index: 144
01-01 08:21:49.964 0 0 I [kworke][0x13ecf3e9][03:22:26.403780] wlan: [334:I:DP]
01-01 08:21:49.964 0 0 I : <=== cfg max peer id 55 ====>
01-01 08:21:49.964 0 0 I [kworke][0x13ecf47c][03:22:26.403788] wlan: [334:I:DP]
01-01 08:21:49.964 0 0 I : <=== cfg max ast idx 144 ====>
01-01 08:21:49.964 0 0 I [kworke][0x13ecf4ee][03:22:26.403794] wlan: [334:I:DP] ast hash_elems: 512, max_ast_idx: 144
01-01 08:21:49.964 0 0 I [kworke][0x13ecf717][03:22:26.403822] wlan: [786:I:WMA] wma_wait_for_ready_event: 6926: FW ready event received
01-01 08:21:49.965 0 0 E [kworke][0x13ed1d7e][03:22:26.404334] wlan: [786:E:WMI] send_action_oui_cmd_tlv: 220: Invalid action id
01-01 08:21:49.965 0 0 E [kworke][0x13ed1dfe][03:22:26.404341] wlan: [786:E:action_oui] ucfg_action_oui_send: 160: Failed to send: 7
01-01 08:21:49.965 0 0 E [kworke][0x13ed1e4c][03:22:26.404345] wlan: [786:E:WMI] send_action_oui_cmd_tlv: 220: Invalid action id
01-01 08:21:49.965 0 0 E [kworke][0x13ed1e95][03:22:26.404349] wlan: [786:E:action_oui] ucfg_action_oui_send: 160: Failed to send: 9
01-01 08:21:49.965 0 0 E [kworke][0x13ed1ecd][03:22:26.404352] wlan: [786:E:HDD] hdd_action_oui_send: 13281: Failed to send one or all action_ouis
12-14 03:22:26.406 1485 2754 D CompatibilityChangeReporter: Compat change id reported: 135634846; UID 10019; state: DISABLED
12-14 03:22:26.406 1485 2754 D CompatibilityChangeReporter: Compat change id reported: 177438394; UID 10019; state: DISABLED
12-14 03:22:26.406 1485 2754 D CompatibilityChangeReporter: Compat change id reported: 135772972; UID 10019; state: DISABLED
12-14 03:22:26.406 1485 2754 D CompatibilityChangeReporter: Compat change id reported: 135754954; UID 10019; state: ENABLED
12-14 03:22:26.407 1485 1577 D CompatibilityChangeReporter: Compat change id reported: 143937733; UID 10019; state: ENABLED
01-01 08:21:49.966 0 0 D cnss : dma-coherent is enabled
01-01 08:21:49.966 0 0 D cnss : IOMMU map: iova b0000000, len 4096
01-01 08:21:49.966 0 0 D cnss : IOMMU map: iova_addr b0000040
01-01 08:21:49.966 0 0 D cnss : dma-coherent is enabled
01-01 08:21:49.966 0 0 D cnss : IOMMU map: iova b0001000, len 4096
01-01 08:21:49.966 0 0 D cnss : IOMMU map: iova_addr b0001018
01-01 08:21:49.966 0 0 I [kworke][0x13ed7f65][03:22:26.405640] wlan: [786:I:SYS] Creating periodic timer for OLBC UPDATE CACHE TIMEOUT
01-01 08:21:49.966 0 0 E [kworke][0x13ed8422][03:22:26.405703] wlan: [786:E:TXRX] dp_rxdma_ring_config: 5022: DBS enabled max_mac_rings 2
01-01 08:21:49.966 0 0 E [kworke][0x13ed8475][03:22:26.405707] wlan: [786:E:TXRX] dp_rxdma_ring_config: 5033: pdev_id 0 max_mac_rings 2
01-01 08:21:49.966 0 0 E [kworke][0x13ed84ac][03:22:26.405710] wlan: [786:E:TXRX] dp_rxdma_ring_config: 5050: mac_id 0
01-01 08:21:49.966 0 0 E [kworke][0x13ed8626][03:22:26.405730] wlan: [786:E:TXRX] dp_rxdma_ring_config: 5050: mac_id 1
01-01 08:21:49.966 0 0 I [kworke][0x13ed8c2f][03:22:26.405810] wlan: [786:I:POLICY_MGR] policy_mgr_update_5g_scc_prefer: 398: overwrite pm_second_connection_pcl_dbs_2x2_table, index 2 mode 3 system prefer 0 new pcl 6
01-01 08:21:49.966 0 0 I [kworke][0x13ed8c56][03:22:26.405812] wlan: [786:I:POLICY_MGR] policy_mgr_update_5g_scc_prefer: 404: overwrite pm_second_connection_pcl_dbs_2x2_table, index 3 mode 3 system prefer 0 new pcl 6
01-01 08:21:49.966 0 0 E [kworke][0x13ed93d7][03:22:26.405912] wlan: [786:E:REGULATORY] reg_freq_width_to_chan_op_class: 512: no op class for frequency 5745
01-01 08:21:49.967 0 0 I [kworke][0x13ed9b23][03:22:26.406010] wlan: [786:I:HIF] hif_pm_runtime_start: Enabling RUNTIME PM, Delay: 500 ms
01-01 08:21:49.967 0 0 E cnss_utils: WLAN MAC address is not set, type 0
01-01 08:21:49.967 0 0 W cnss_pci 0000: 01:00.0: Falling back to syfs fallback for: wlan/qca_cld/qca6390/wlan_mac.bin
01-01 08:21:49.969 0 0 I [kworke][0x13ee6eb2][03:22:26.408831] wlan: [786:I:HDD] hdd_initialize_mac_address: 12589: using default MAC address
12-14 03:22:26.412 824 824 I android.hardware.wifi@1.0-service: Wifi HAL started
01-01 08:21:49.971 0 0 D cnss : Host time = 17417680 us, device time = 2482200 us, offset = 14935480 us
01-01 08:21:49.971 0 0 D cnss : Updated time sync regs [0x984] = 0xe3e5b8, [0x988] = 0x0
01-01 08:21:49.971 0 0 D cnss : Removing vote for Regulator vdd-wlan-rfa2
01-01 08:21:49.971 0 0 D cnss : Removing vote for Regulator vdd-wlan-rfa1
01-01 08:21:49.971 0 0 D cnss : Removing vote for Regulator vdd-wlan-dig
01-01 08:21:49.971 0 0 D cnss : Removing vote for Regulator vdd-wlan-aon
01-01 08:21:49.971 0 0 D cnss : Removing vote for Regulator vdd-wlan-io
01-01 08:21:49.971 0 0 D cnss : PM relax, state: 0x107, count: 0
01-01 08:21:49.971 0 0 D cnss : PM stay awake, state: 0x107, count: 1
01-01 08:21:49.971 0 0 D cnss : PM relax, state: 0x107, count: 0
12-14 03:22:26.414 1485 1577 I ActivityManager: Start proc 3621:com.android.providers.calendar/u0a19 for broadcast {com.android.providers.calendar/com.android.providers.calendar.CalendarReceiver}
01-01 08:21:49.991 0 0 I : Wifi Turning On from UI
01-01 08:21:49.992 0 0 I [wifi@1][0x13f5143a][03:22:26.431518] wlan: [824:I:DP] dp_vdev_attach_wifi3: wlan_cfg_ap_bridge_enabled 0
01-01 08:21:49.992 0 0 I [wifi@1][0x13f5178c][03:22:26.431562] wlan: [824:I:DP] 00000000: 91 04 71 aa 29 5e 41 63 2d ff 95 04 ea 8d e5 54
01-01 08:21:49.992 0 0 I [wifi@1][0x13f517fe][03:22:26.431568] wlan: [824:I:DP] 00000010: 6f fa bd 58
01-01 08:21:49.992 0 0 I [wifi@1][0x13f518b1][03:22:26.431577] wlan: [824:I:DP] 00000000: ca e6 a1 7b 80 1b dd 99 b3 23 58 ed 03 8d 27 e2
01-01 08:21:49.992 0 0 I [wifi@1][0x13f51920][03:22:26.431583] wlan: [824:I:DP] 00000010: a7 a3 3f 49 45 08 dc 78 3e 62 41 2e 3e 53 20 18
01-01 08:21:49.992 0 0 I [wifi@1][0x13f51989][03:22:26.431588] wlan: [824:I:DP] 00000020: 34 6f 67 06 20 7a 1e 2e 72 7d 6c 3e
01-01 08:21:49.995 0 0 I IPv6 : ADDRCONF(NETDEV_UP): wlan0: link is not ready
01-01 08:21:49.999 0 0 I binder : 3621:3621 ioctl 40046210 7fef98ccd4 returned -22
12-14 03:22:26.442 824 824 I android.hardware.wifi@1.0-service: Adding interface handle for wlan0
12-14 03:22:26.442 824 824 I android.hardware.wifi@1.0-service: Adding interface handle for wifi-aware0
12-14 03:22:26.442 824 824 I android.hardware.wifi@1.0-service: Adding interface handle for p2p0
12-14 03:22:26.442 824 824 W android.hardware.wifi@1.0-service: No active wlan interfaces in use! Using default
12-14 03:22:26.442 824 824 W android.hardware.wifi@1.0-service: No active wlan interfaces in use! Using default
12-14 03:22:26.443 824 824 I android.hardware.wifi@1.0-service: Configured chip in mode 3
12-14 03:22:26.443 824 824 W android.hardware.wifi@1.0-service: No active wlan interfaces in use! Using default
12-14 03:22:26.446 1485 3427 D CompatibilityChangeReporter: Compat change id reported: 168419799; UID 10019; state: DISABLED
12-14 03:22:26.448 824 824 W android.hardware.wifi@1.0-service: No active wlan interfaces in use! Using default
01-01 08:21:50.007 0 0 I [lowi-s][0x13f987d6][03:22:26.446712] wlan: [1427:I:wifipos] wifi_pos_get_ch_info: 461: num channels: 26
01-01 08:21:50.014 0 0 E [wifi@1][0x13fb5e54][03:22:26.452986] wlan: [3634:E:wifipos] wifi_pos_process_app_reg_req: 608: Received App Req Req pid(377488184), len(16)
01-01 08:21:50.014 0 0 I [wifi@1][0x13fb71bb][03:22:26.453244] wlan: [3634:I:wifipos] wifi_pos_get_ch_info: 461: num channels: 26
01-01 08:21:50.014 0 0 I [wifi@1][0x13fb7c67][03:22:26.453387] wlan: [3634:I:wifipos] wifi_pos_get_ch_info: 461: num channels: 26
01-01 08:21:50.019 0 0 I [wifi@1][0x13fcd5d6][03:22:26.457992] wlan: [824:I:DP] dp_vdev_attach_wifi3: wlan_cfg_ap_bridge_enabled 1
01-01 08:21:50.019 0 0 E [wifi@1][0x13fcddc9][03:22:26.458098] wlan: [824:E:PMO] pmo_register_wow_wakeup_events: 88: Skipping wake event configuration for vdev_opmode 16
01-01 08:21:50.019 0 0 E [wifi@1][0x13fce0c4][03:22:26.458138] wlan: [824:E:SME] sme_get_nss_chain_shift: 4045: Device mode 16 invalid
01-01 08:21:50.019 0 0 E [wifi@1][0x13fce104][03:22:26.458141] wlan: [824:E:SME] sme_get_nss_chain_shift: 4045: Device mode 16 invalid
01-01 08:21:50.019 0 0 I IPv6 : ADDRCONF(NETDEV_UP): wifi-aware0: link is not ready
12-14 03:22:26.461 1197 1197 I wificond: createClientInterface: wiphy_index 0 iface_name wlan0
12-14 03:22:26.461 1485 1955 D CompatibilityChangeReporter: Compat change id reported: 171306433; UID 1000; state: ENABLED
12-14 03:22:26.463 1197 1197 I wificond: create scanner for interface with index: 17
12-14 03:22:26.463 1197 1197 I wificond: subscribe scan result for interface with index: 17
12-14 03:22:26.465 1197 1197 I wificond: add channel type 0 support at wiphy index: 0
12-14 03:22:26.465 1197 1197 I wificond: add channel type 1 support at wiphy index: 0
01-01 08:21:50.069 0 0 I init : starting service 'wpa_supplicant'...
01-01 08:21:50.070 0 0 I init : Created socket '/dev/socket/vendor_wpa_wlan0', mode 660, user 1010, group 1010
01-01 08:21:50.075 0 0 I init : Control message: Processed ctl.interface_start for 'android.hardware.wifi.supplicant@1.0::ISupplicant/default' from pid: 501 (/system/bin/hwservicemanager)
12-14 03:22:26.525 1485 2353 D CompatibilityChangeReporter: Compat change id reported: 171306433; UID 10019; state: ENABLED
12-14 03:22:26.529 1485 2801 D CompatibilityChangeReporter: Compat change id reported: 168419799; UID 10018; state: DISABLED
12-14 03:22:26.529 1485 3427 D CompatibilityChangeReporter: Compat change id reported: 143231523; UID 10019; state: DISABLED
01-01 08:21:50.106 0 0 D : mv2112_read_status
01-01 08:21:50.107 0 0 D mv2112_update_link: 3.0x901(1G): 0x84
01-01 08:21:50.107 0 0 D mv2112_update_link: 3.0x8109(100M): 0xc
01-01 08:21:50.107 0 0 D mv2112_update_link: link 0x4
01-01 08:21:50.107 0 0 D mv2112_read_status: autoneg is disabled
01-01 08:21:50.111 0 0 I IRQ 5 : no longer affine to CPU6
12-14 03:22:26.555 1485 2801 D CompatibilityChangeReporter: Compat change id reported: 168419799; UID 1000; state: DISABLED
12-14 03:22:26.577 1485 2801 I ActivityManager: com.android.shell is exempt from freezer
12-14 03:22:26.577 1485 2801 D CompatibilityChangeReporter: Compat change id reported: 135634846; UID 2000; state: DISABLED
12-14 03:22:26.577 1485 2801 D CompatibilityChangeReporter: Compat change id reported: 177438394; UID 2000; state: DISABLED
12-14 03:22:26.577 1485 2801 D CompatibilityChangeReporter: Compat change id reported: 135772972; UID 2000; state: DISABLED
12-14 03:22:26.577 1485 2801 D CompatibilityChangeReporter: Compat change id reported: 135754954; UID 2000; state: ENABLED
12-14 03:22:26.586 1485 1577 I ActivityManager: Start proc 3650:com.android.shell/2000 for broadcast {com.android.shell/com.android.shell.HeapDumpReceiver}
01-01 08:21:50.166 0 0 I binder : 3650:3650 ioctl 40046210 7fef98ccd4 returned -22
12-14 03:22:26.612 1485 2801 D CompatibilityChangeReporter: Compat change id reported: 168419799; UID 2000; state: DISABLED
12-14 03:22:26.685 1485 2801 D CompatibilityChangeReporter: Compat change id reported: 135634846; UID 1001; state: DISABLED
12-14 03:22:26.686 1485 2801 D CompatibilityChangeReporter: Compat change id reported: 177438394; UID 1001; state: DISABLED
12-14 03:22:26.686 1485 2801 D CompatibilityChangeReporter: Compat change id reported: 135772972; UID 1001; state: DISABLED
12-14 03:22:26.686 1485 2801 D CompatibilityChangeReporter: Compat change id reported: 135754954; UID 1001; state: ENABLED
12-14 03:22:26.696 1485 1577 I Watchdog: Interesting Java process com.android.phone started. Pid 3667
12-14 03:22:26.696 1485 1577 I ActivityManager: Start proc 3667:com.android.phone/1001 for broadcast {com.android.stk/com.android.stk.BootCompletedReceiver}
01-01 08:21:50.271 0 0 I binder : 3667:3667 ioctl 40046210 7fef98ccd4 returned -22
12-14 03:22:26.773 1485 2801 W BroadcastQueue: Permission Denial: receiving Intent { act=android.intent.action.BOOT_COMPLETED flg=0x89000010 (has extras) } to com.baidu.input/.directboot.DirectBootReceiver requires android.permission.RECEIVE_BOOT_COMPLETED due to sender null (uid 1000)
12-14 03:22:26.774 1485 1576 W BroadcastQueue: Permission Denial: receiving Intent { act=android.intent.action.BOOT_COMPLETED flg=0x89000010 (has extras) } to com.baidu.input/.switchguide.InputMethodChangedReceiver requires android.permission.RECEIVE_BOOT_COMPLETED due to sender null (uid 1000)
12-14 03:22:26.776 1485 1576 D CompatibilityChangeReporter: Compat change id reported: 168419799; UID 10089; state: DISABLED
12-14 03:22:26.781 1485 2801 D CompatibilityChangeReporter: Compat change id reported: 135634846; UID 10078; state: DISABLED
12-14 03:22:26.781 1485 2801 D CompatibilityChangeReporter: Compat change id reported: 177438394; UID 10078; state: DISABLED
12-14 03:22:26.781 1485 2801 D CompatibilityChangeReporter: Compat change id reported: 135772972; UID 10078; state: DISABLED
12-14 03:22:26.781 1485 2801 D CompatibilityChangeReporter: Compat change id reported: 135754954; UID 10078; state: ENABLED
12-14 03:22:26.781 1485 1577 D CompatibilityChangeReporter: Compat change id reported: 143937733; UID 10078; state: ENABLED
12-14 03:22:26.790 1485 1577 I ActivityManager: Start proc 3686:com.qti.ltebc/u0a78 for broadcast {com.qti.ltebc/com.qualcomm.ltebc.LTEBroadcastBootReceiver}
12-14 03:22:26.793 1485 2801 D CompatibilityChangeReporter: Compat change id reported: 149924527; UID 10089; state: ENABLED
12-14 03:22:26.793 1485 2801 D CompatibilityChangeReporter: Compat change id reported: 132649864; UID 10089; state: DISABLED
01-01 08:21:50.366 0 0 I binder : 3686:3686 ioctl 40046210 7fef98ccd4 returned -22
12-14 03:22:26.811 1485 2801 D CompatibilityChangeReporter: Compat change id reported: 168419799; UID 10078; state: DISABLED
01-01 08:21:50.424 0 0 I [schedu][0x1473a76c][03:22:26.863560] wlan: [3588:I:HIF] Deinitializing Runtime PM wakelock &vdev->vdev_set_key_runtime_wakelock
01-01 08:21:50.425 0 0 I [schedu][0x1473d571][03:22:26.864174] wlan: [3588:I:HIF] Initializing Runtime PM wakelock &vdev->vdev_set_key_runtime_wakelock
01-01 08:21:50.482 0 0 I [schedu][0x14849b4a][03:22:26.921425] wlan: [3588:I:HIF] Deinitializing Runtime PM wakelock &vdev->vdev_set_key_runtime_wakelock
01-01 08:21:50.483 0 0 I [schedu][0x1484c4dd][03:22:26.921979] wlan: [3588:I:HIF] Initializing Runtime PM wakelock &vdev->vdev_set_key_runtime_wakelock
01-01 08:21:50.491 0 0 I [wifi@1][0x14873c73][03:22:26.930401] wlan: [824:I:DP] dp_vdev_attach_wifi3: wlan_cfg_ap_bridge_enabled 0
01-01 08:21:50.500 0 0 E [wifi@1][0x1489d74c][03:22:26.939292] wlan: [3634:E:wifipos] wifi_pos_process_app_reg_req: 608: Received App Req Req pid(377488184), len(16)
01-01 08:21:50.500 0 0 I [wifi@1][0x1489f302][03:22:26.939661] wlan: [3634:I:wifipos] wifi_pos_get_ch_info: 461: num channels: 26
01-01 08:21:50.500 0 0 I [wifi@1][0x148a0810][03:22:26.939942] wlan: [3634:I:wifipos] wifi_pos_get_ch_info: 461: num channels: 26
12-14 03:22:27.046 2701 3710 E ActivityThread: Failed to find provider info for com.tcl.xian.StartandroidService.MyContentProvider
01-01 08:21:50.686 0 0 W audit : audit_lost=19 audit_rate_limit=5 audit_backlog_limit=64
01-01 08:21:50.686 0 0 E audit : rate limit exceeded
01-01 08:21:50.714 0 0 I [schedu][0x14c894ab][03:22:27.153444] wlan: [3588:I:OSIF] scan start scan id 40961
12-14 03:22:27.195 1485 1485 W Looper : Slow dispatch took 355ms main h=android.app.ActivityThread$H c=android.app.LoadedApk$ReceiverDispatcher$Args$$ExternalSyntheticLambda0@42e2192 m=0
12-14 03:22:27.195 1485 1485 W Looper : Slow delivery took 356ms main h=android.app.ActivityThread$H c=android.app.LoadedApk$ReceiverDispatcher$Args$$ExternalSyntheticLambda0@ecaf763 m=0
12-14 03:22:27.211 1485 1485 W Looper : Drained
12-14 03:22:27.222 1485 1485 I Telecom : BluetoothDeviceManager: Got BluetoothHeadset: com.android.server.telecom.BluetoothHeadsetProxy@e233551: BMSL.oSC@ABY
12-14 03:22:27.233 1485 1903 I GameModeConfig: isGameModeOn = false
12-14 03:22:27.233 1485 1903 I GameModeConfig: isGameModeOn = false
12-14 03:22:27.233 1485 1903 I GameModeConfig: isGameModeOn = false
12-14 03:22:27.237 1485 3427 D CompatibilityChangeReporter: Compat change id reported: 171306433; UID 10078; state: ENABLED
12-14 03:22:27.240 1485 1910 D CompatibilityChangeReporter: Compat change id reported: 168419799; UID 10056; state: DISABLED
12-14 03:22:27.248 1485 1910 D CompatibilityChangeReporter: Compat change id reported: 168419799; UID 10079; state: DISABLED
12-14 03:22:27.253 1485 1910 D CompatibilityChangeReporter: Compat change id reported: 168419799; UID 10073; state: DISABLED
12-14 03:22:27.260 1485 2074 D CompatibilityChangeReporter: Compat change id reported: 168419799; UID 10087; state: DISABLED
12-14 03:22:27.262 1485 3427 W BluetoothManagerService: psc is not null in bindBluetoothProfileService
12-14 03:22:27.264 1485 2074 D CompatibilityChangeReporter: Compat change id reported: 135634846; UID 10058; state: DISABLED
12-14 03:22:27.264 1485 1577 D CompatibilityChangeReporter: Compat change id reported: 143937733; UID 10058; state: DISABLED
12-14 03:22:27.268 1485 1577 I ActivityManager: Start proc 3740:com.qualcomm.qti.qms.service.connectionsecurity/u0a58 for broadcast {com.qualcomm.qti.qms.service.connectionsecurity/com.qualcomm.qti.qms.service.connectionsecurity.ConnSecBroadcastReceiver}
12-14 03:22:27.271 1485 3427 I ActivityManager: Process com.qti.ltebc (pid 3686) has died: cch+5 CEM
01-01 08:21:50.845 0 0 I binder : 3740:3740 ioctl 40046210 ffd5e168 returned -22
12-14 03:22:27.291 1485 1910 D CompatibilityChangeReporter: Compat change id reported: 168419799; UID 10058; state: DISABLED
12-14 03:22:27.302 1485 1561 D ColorDisplayService: NightDisplayTintController Animation cancelled: false to matrix:
12-14 03:22:27.302 1485 1561 D ColorDisplayService: 1.000000 0.000000 0.000000 0.000000 0.000000 1.000000 0.000000 0.000000 0.000000 0.000000 1.000000 0.000000 0.000000 0.000000 0.000000 1.000000 min matrix coefficients:
12-14 03:22:27.302 1485 1561 D ColorDisplayService: 1.000000 0.000000 0.000000 0.000000 0.000000 1.000000 0.000000 0.000000 0.000000 0.000000 1.000000 0.000000 0.000000 0.000000 0.000000 1.000000 max matrix coefficients:
12-14 03:22:27.302 1485 1561 D ColorDisplayService: 1.000000 0.000000 0.000000 0.000000 0.000000 1.000000 0.000000 0.000000 0.000000 0.000000 1.000000 0.000000 0.000000 0.000000 0.000000 1.000000
12-14 03:22:27.345 1485 2039 D CompatibilityChangeReporter: Compat change id reported: 168419799; UID 1001; state: DISABLED
12-14 03:22:27.349 1485 2039 D CompatibilityChangeReporter: Compat change id reported: 168419799; UID 10085; state: DISABLED
01-01 08:21:50.911 0 0 I binder : 2799:2799 ioctl 40046210 7fef98c384 returned -22
12-14 03:22:27.360 1485 2353 D CompatibilityChangeReporter: Compat change id reported: 168419799; UID 10086; state: DISABLED
12-14 03:22:27.381 1485 2039 D CompatibilityChangeReporter: Compat change id reported: 135634846; UID 1000; state: DISABLED
12-14 03:22:27.381 1485 2039 D CompatibilityChangeReporter: Compat change id reported: 177438394; UID 1000; state: DISABLED
12-14 03:22:27.381 1485 2039 D CompatibilityChangeReporter: Compat change id reported: 135772972; UID 1000; state: DISABLED
12-14 03:22:27.382 1485 2039 D CompatibilityChangeReporter: Compat change id reported: 135754954; UID 1000; state: ENABLED
12-14 03:22:27.387 1485 1577 I ActivityManager: Start proc 3766:com.thundercomm.gamemode/1000 for broadcast {com.thundercomm.gamemode/com.thundercomm.gamemode.ingame.services.BootCompletedReceiver}
01-01 08:21:50.961 0 0 I binder : 3766:3766 ioctl 40046210 7fef98ccd4 returned -22
12-14 03:22:27.479 1485 2688 D CompatibilityChangeReporter: Compat change id reported: 135634846; UID 1000; state: DISABLED
12-14 03:22:27.479 1485 2688 D CompatibilityChangeReporter: Compat change id reported: 177438394; UID 1000; state: DISABLED
12-14 03:22:27.479 1485 2688 D CompatibilityChangeReporter: Compat change id reported: 135772972; UID 1000; state: DISABLED
12-14 03:22:27.479 1485 2688 D CompatibilityChangeReporter: Compat change id reported: 135754954; UID 1000; state: ENABLED
12-14 03:22:27.486 1485 1577 I ActivityManager: Start proc 3785:com.android.localtransport/1000 for service {com.android.localtransport/com.android.localtransport.LocalTransportService}
12-14 03:22:27.496 1485 2039 D CompatibilityChangeReporter: Compat change id reported: 168419799; UID 1000; state: DISABLED
12-14 03:22:27.506 1485 2353 I ActivityManager: Finished processing BOOT_COMPLETED for u0
12-14 03:22:27.507 1485 2353 W BroadcastQueue: Background execution not allowed: receiving Intent { act=android.intent.action.INPUT_METHOD_CHANGED flg=0x20000010 (has extras) } to com.baidu.input/.switchguide.InputMethodChangedReceiver
01-01 08:21:51.073 0 0 I binder : 3785:3785 ioctl 40046210 7fef98ccd4 returned -22
12-14 03:22:27.517 1485 2039 D CompatibilityChangeReporter: Compat change id reported: 135634846; UID 10029; state: DISABLED
12-14 03:22:27.517 1485 2039 D CompatibilityChangeReporter: Compat change id reported: 177438394; UID 10029; state: DISABLED
12-14 03:22:27.517 1485 2039 D CompatibilityChangeReporter: Compat change id reported: 135772972; UID 10029; state: DISABLED
12-14 03:22:27.517 1485 2039 D CompatibilityChangeReporter: Compat change id reported: 135754954; UID 10029; state: ENABLED
12-14 03:22:27.517 1485 1577 D CompatibilityChangeReporter: Compat change id reported: 143937733; UID 10029; state: ENABLED
12-14 03:22:27.524 1485 1577 I ActivityManager: Start proc 3807:com.android.externalstorage/u0a29 for broadcast {com.android.externalstorage/com.android.externalstorage.MountReceiver}
12-14 03:22:27.528 3766 3766 W ContextImpl: Calling a method in the system process without a qualified user: android.app.ContextImpl.startService:1816 android.content.ContextWrapper.startService:774 com.thundercomm.gamemode.ingame.services.GameModeActionUtils.startGameModeService:99 com.thundercomm.gamemode.ingame.services.GameModeActionUtils.startGameModeEntry:22 com.thundercomm.gamemode.ingame.services.ActivityMonitoringService$1.onActivityLaunch:127
12-14 03:22:27.533 1485 1485 I GameModeConfig: Current uri is uri = content://com.thundercomm.gamemode.api/gamemode_settings/gamemode_isgaming
