12-14 03:23:10.696 1978 2117 I bt_core_module: module_clean_up Cleaning up module "bt_utils_module"
12-14 03:23:10.696 1978 2117 I bt_core_module: module_clean_up Cleanup of module "bt_utils_module" completed
12-14 03:23:10.696 1978 2117 I bt_core_module: module_clean_up Cleaning up module "osi_module"
12-14 03:23:10.696 1978 2132 D bt_osi_alarm: callback_dispatch Callback thread exited
12-14 03:23:10.696 1978 2132 W bt_osi_thread: run_thread: thread id 2132, thread name alarm_dispatcher exited
12-14 03:23:10.696 1978 2128 W bt_osi_thread: run_thread: thread id 2128, thread name alarm_default_ca exited
12-14 03:23:10.697 1978 2117 I bt_core_module: module_clean_up Cleanup of module "osi_module" completed
12-14 03:23:10.697 1978 2117 I bt_stack_manager: event_clean_up_stack finished
12-14 03:23:10.697 1978 1978 I BluetoothServiceJni: cleanupNative: return from cleanup
12-14 03:23:10.699 1978 1978 W BluetoothVendorJni: Cleaning up Bluetooth Vendor Interface...
12-14 03:23:10.699 1978 1978 I bt_btif_vendor: cleanup
12-14 03:23:10.699 1978 1978 W BluetoothVendorJni: Cleaning up Bluetooth Vendor callback object
12-14 03:23:10.699 1978 1978 W BluetoothVendorSocketJni: Cleaning up Bluetooth Vendor Interface...
12-14 03:23:10.699 1978 1978 I bt_btif_vendor_socket: cleanup
12-14 03:23:10.699 1978 1978 W BluetoothVendorSocketJni: Cleaning up Bluetooth Vendor callback object
12-14 03:23:10.700 1978 1978 D BluetoothActiveDeviceManager: cleanup()
12-14 03:23:10.701 1978 1978 D BluetoothAdapterService: onDestroy()
12-14 03:23:10.702 1978 1978 I BluetoothAdapterService: Force exit to cleanup internal state in Bluetooth stack
12-14 03:23:10.703 1978 1978 I droid.bluetoot: System.exit called, status: 0
12-14 03:23:10.703 1978 1978 I AndroidRuntime: VM exiting with result code 0, cleanup skipped.
12-14 03:23:10.735 1485 2801 W AudioService.PlaybackActivityMonitor: client died
12-14 03:23:10.736 1485 2039 I ActivityManager: Process com.android.bluetooth (pid 1978) has died: fg SVC
12-14 03:23:10.736 660 660 I Zygote : Process 1978 exited cleanly (0)
12-14 03:23:10.736 1485 1578 I libprocessgroup: Successfully killed process cgroup uid 1002 pid 1978 in 0ms
12-14 03:23:10.763 1485 2696 E TaskPersister: File error accessing recents directory (directory doesn't exist?).
12-14 03:23:10.827 0 0 W swapper/1: type=1400 audit(0.0:287): avc: denied { kill } for capability=5 scontext=u:r:kernel:s0 tcontext=u:r:kernel:s0 tclass=capability permissive=0
12-14 03:23:11.143 1994 1994 V KeyguardUpdateMonitor: *** register callback for com.android.systemui.qs.tiles.dialog.InternetDialogController$1@2f6e35d
12-14 03:23:11.143 1994 1994 V KeyguardUpdateMonitor: *** unregister callback for null
12-14 03:23:11.148 1485 2039 D CompatibilityChangeReporter: Compat change id reported: 183164979; UID 10082; state: ENABLED
12-14 03:23:11.148 1485 2039 D ConnectivityService: requestNetwork for uid/pid:10082/1994 activeRequest: null callbackRequest: 40 [NetworkRequest [ REQUEST id=41, [ Capabilities: INTERNET&NOT_RESTRICTED&TRUSTED&NOT_VCN_MANAGED Uid: 10082 RequestorUid: 10082 RequestorPkg: com.android.systemui] ]] callback flags: 0 priority: 2147483647
12-14 03:23:11.150 1485 1898 D ConnectivityService: NetReassign [41 : null → 100]
12-14 03:23:11.151 1485 2039 D CompatibilityChangeReporter: Compat change id reported: 168419799; UID 10082; state: DISABLED
12-14 03:23:11.152 1485 1956 D Ethernet: got request NetworkRequest [ REQUEST id=41, [ Capabilities: INTERNET&NOT_RESTRICTED&TRUSTED&NOT_VCN_MANAGED Uid: 10082 RequestorUid: 10082 RequestorPkg: com.android.systemui] ]
12-14 03:23:11.152 1485 1956 D EthernetNetworkFactory: acceptRequest, request: NetworkRequest [ REQUEST id=41, [ Capabilities: INTERNET&NOT_RESTRICTED&TRUSTED&NOT_VCN_MANAGED Uid: 10082 RequestorUid: 10082 RequestorPkg: com.android.systemui] ]
12-14 03:23:11.152 1485 1956 I EthernetNetworkFactory: networkForRequest, request: NetworkRequest [ REQUEST id=41, [ Capabilities: INTERNET&NOT_RESTRICTED&TRUSTED&NOT_VCN_MANAGED Uid: 10082 RequestorUid: 10082 RequestorPkg: com.android.systemui] ], network: NetworkInterfaceState{ refCount: 4, iface: eth0, up: true, hwAddress: 00:80:0f:74:31:00, networkCapabilities: [ Transports: ETHERNET Capabilities: NOT_METERED&INTERNET&NOT_RESTRICTED&TRUSTED&NOT_VPN&NOT_ROAMING&NOT_CONGESTED&NOT_SUSPENDED&NOT_VCN_MANAGED LinkUpBandwidth>=100000Kbps LinkDnBandwidth>=100000Kbps], networkAgent: com.android.server.ethernet.EthernetNetworkFactory$NetworkInterfaceState$1@ee55332, score: 70, ipClient: android.net.ip.IIpClient$Stub$Proxy@46e3649,linkProperties: {InterfaceName: eth0 LinkAddresses: [ fe80::75d6:35f9:4f9e:8663/64,192.168.0.18/24 ] DnsAddresses: [ /1.1.1.1,/192.168.0.1 ] Domains: null MTU: 0 ServerAddress: /192.168.0.1 TcpBufferSizes: 524288,1048576,3145728,524288,1048576,2097152 Routes: [ fe80::/64 -> :: eth0 mtu 0,192.168.0.0/24 -> 0.0.0.0 eth0 mtu 0,0.0.0.0/0 -> 192.168.0.1 eth0 mtu 0 ]}}
12-14 03:23:11.153 1485 1956 I EthernetNetworkFactory: networkForRequest, request: NetworkRequest [ REQUEST id=41, [ Capabilities: INTERNET&NOT_RESTRICTED&TRUSTED&NOT_VCN_MANAGED Uid: 10082 RequestorUid: 10082 RequestorPkg: com.android.systemui] ], network: NetworkInterfaceState{ refCount: 4, iface: eth0, up: true, hwAddress: 00:80:0f:74:31:00, networkCapabilities: [ Transports: ETHERNET Capabilities: NOT_METERED&INTERNET&NOT_RESTRICTED&TRUSTED&NOT_VPN&NOT_ROAMING&NOT_CONGESTED&NOT_SUSPENDED&NOT_VCN_MANAGED LinkUpBandwidth>=100000Kbps LinkDnBandwidth>=100000Kbps], networkAgent: com.android.server.ethernet.EthernetNetworkFactory$NetworkInterfaceState$1@ee55332, score: 70, ipClient: android.net.ip.IIpClient$Stub$Proxy@46e3649,linkProperties: {InterfaceName: eth0 LinkAddresses: [ fe80::75d6:35f9:4f9e:8663/64,192.168.0.18/24 ] DnsAddresses: [ /1.1.1.1,/192.168.0.1 ] Domains: null MTU: 0 ServerAddress: /192.168.0.1 TcpBufferSizes: 524288,1048576,3145728,524288,1048576,2097152 Routes: [ fe80::/64 -> :: eth0 mtu 0,192.168.0.0/24 -> 0.0.0.0 eth0 mtu 0,0.0.0.0/0 -> 192.168.0.1 eth0 mtu 0 ]}}
12-14 03:23:11.153 1485 1846 D UntrustedWifiNetworkFactory: got request NetworkRequest [ REQUEST id=41, [ Capabilities: INTERNET&NOT_RESTRICTED&TRUSTED&NOT_VCN_MANAGED Uid: 10082 RequestorUid: 10082 RequestorPkg: com.android.systemui] ]
12-14 03:23:11.154 1485 1846 D OemPaidWifiNetworkFactory: got request NetworkRequest [ REQUEST id=41, [ Capabilities: INTERNET&NOT_RESTRICTED&TRUSTED&NOT_VCN_MANAGED Uid: 10082 RequestorUid: 10082 RequestorPkg: com.android.systemui] ]
12-14 03:23:11.182 1485 2039 I WifiService: setWifiEnabled package=com.android.systemui uid=10082 enable=true
12-14 03:23:11.182 1485 1846 D WifiActiveModeWarden: Switching all client mode managers
12-14 03:23:11.183 2806 2863 D CompatibilityChangeReporter: Compat change id reported: 150939131; UID 10079; state: ENABLED
12-14 03:23:11.184 1485 2039 D ConnectivityService: requestNetwork for uid/pid:10082/1994 activeRequest: null callbackRequest: 43 [NetworkRequest [ REQUEST id=44, [ Capabilities: INTERNET&NOT_RESTRICTED&TRUSTED&NOT_VCN_MANAGED Uid: 10082 RequestorUid: 10082 RequestorPkg: com.android.systemui] ]] callback flags: 0 priority: 2147483647
12-14 03:23:11.185 1485 1898 D ConnectivityService: NetReassign [no changes]
12-14 03:23:11.187 2806 2902 E OsAgent : Wifi Scan Always Available: 0
12-14 03:23:11.188 2806 2902 D OsAgent : [bool_dataitem_update][2966] [HC] =>> [HS]
12-14 03:23:11.188 812 812 V LocSvc_HIDL_IzatSubscription: [boolDataItemUpdate][223] [HS] <<<<= [HC]
12-14 03:23:11.190 2806 2902 E OsAgent : Wifi Scan Always Available: 0
12-14 03:23:11.190 2806 2902 D OsAgent : [bool_dataitem_update][2966] [HC] =>> [HS]
12-14 03:23:11.191 812 812 V LocSvc_HIDL_IzatSubscription: [boolDataItemUpdate][223] [HS] <<<<= [HC]
12-14 03:23:11.191 1485 1898 D ConnectivityService: NetReassign [44 : null → 100]
12-14 03:23:11.193 1485 1956 D Ethernet: got request NetworkRequest [ REQUEST id=44, [ Capabilities: INTERNET&NOT_RESTRICTED&TRUSTED&NOT_VCN_MANAGED Uid: 10082 RequestorUid: 10082 RequestorPkg: com.android.systemui] ]
12-14 03:23:11.194 1485 1956 D EthernetNetworkFactory: acceptRequest, request: NetworkRequest [ REQUEST id=44, [ Capabilities: INTERNET&NOT_RESTRICTED&TRUSTED&NOT_VCN_MANAGED Uid: 10082 RequestorUid: 10082 RequestorPkg: com.android.systemui] ]
12-14 03:23:11.194 1485 1956 I EthernetNetworkFactory: networkForRequest, request: NetworkRequest [ REQUEST id=44, [ Capabilities: INTERNET&NOT_RESTRICTED&TRUSTED&NOT_VCN_MANAGED Uid: 10082 RequestorUid: 10082 RequestorPkg: com.android.systemui] ], network: NetworkInterfaceState{ refCount: 5, iface: eth0, up: true, hwAddress: 00:80:0f:74:31:00, networkCapabilities: [ Transports: ETHERNET Capabilities: NOT_METERED&INTERNET&NOT_RESTRICTED&TRUSTED&NOT_VPN&NOT_ROAMING&NOT_CONGESTED&NOT_SUSPENDED&NOT_VCN_MANAGED LinkUpBandwidth>=100000Kbps LinkDnBandwidth>=100000Kbps], networkAgent: com.android.server.ethernet.EthernetNetworkFactory$NetworkInterfaceState$1@ee55332, score: 70, ipClient: android.net.ip.IIpClient$Stub$Proxy@46e3649,linkProperties: {InterfaceName: eth0 LinkAddresses: [ fe80::75d6:35f9:4f9e:8663/64,192.168.0.18/24 ] DnsAddresses: [ /1.1.1.1,/192.168.0.1 ] Domains: null MTU: 0 ServerAddress: /192.168.0.1 TcpBufferSizes: 524288,1048576,3145728,524288,1048576,2097152 Routes: [ fe80::/64 -> :: eth0 mtu 0,192.168.0.0/24 -> 0.0.0.0 eth0 mtu 0,0.0.0.0/0 -> 192.168.0.1 eth0 mtu 0 ]}}
12-14 03:23:11.194 1485 1956 I EthernetNetworkFactory: networkForRequest, request: NetworkRequest [ REQUEST id=44, [ Capabilities: INTERNET&NOT_RESTRICTED&TRUSTED&NOT_VCN_MANAGED Uid: 10082 RequestorUid: 10082 RequestorPkg: com.android.systemui] ], network: NetworkInterfaceState{ refCount: 5, iface: eth0, up: true, hwAddress: 00:80:0f:74:31:00, networkCapabilities: [ Transports: ETHERNET Capabilities: NOT_METERED&INTERNET&NOT_RESTRICTED&TRUSTED&NOT_VPN&NOT_ROAMING&NOT_CONGESTED&NOT_SUSPENDED&NOT_VCN_MANAGED LinkUpBandwidth>=100000Kbps LinkDnBandwidth>=100000Kbps], networkAgent: com.android.server.ethernet.EthernetNetworkFactory$NetworkInterfaceState$1@ee55332, score: 70, ipClient: android.net.ip.IIpClient$Stub$Proxy@46e3649,linkProperties: {InterfaceName: eth0 LinkAddresses: [ fe80::75d6:35f9:4f9e:8663/64,192.168.0.18/24 ] DnsAddresses: [ /1.1.1.1,/192.168.0.1 ] Domains: null MTU: 0 ServerAddress: /192.168.0.1 TcpBufferSizes: 524288,1048576,3145728,524288,1048576,2097152 Routes: [ fe80::/64 -> :: eth0 mtu 0,192.168.0.0/24 -> 0.0.0.0 eth0 mtu 0,0.0.0.0/0 -> 192.168.0.1 eth0 mtu 0 ]}}
12-14 03:23:11.201 1485 1846 D UntrustedWifiNetworkFactory: got request NetworkRequest [ REQUEST id=44, [ Capabilities: INTERNET&NOT_RESTRICTED&TRUSTED&NOT_VCN_MANAGED Uid: 10082 RequestorUid: 10082 RequestorPkg: com.android.systemui] ]
12-14 03:23:11.201 1485 1846 D OemPaidWifiNetworkFactory: got request NetworkRequest [ REQUEST id=44, [ Capabilities: INTERNET&NOT_RESTRICTED&TRUSTED&NOT_VCN_MANAGED Uid: 10082 RequestorUid: 10082 RequestorPkg: com.android.systemui] ]
12-14 03:23:11.360 1485 2039 I WifiService: startScan uid=10082
12-14 03:23:11.367 639 654 I mpu_uart: [MSG-P:RECV]:No message received in 1000 ms
12-14 03:23:11.369 1395 3862 D LOWI-9.0.0.87.a: [LOWI-Scan] wait_event:Wait done with Cmd 33
12-14 03:23:11.369 1395 3862 D LOWI-9.0.0.87.a: [LOWI-Scan] do_listen_events: Rcvd valid Netlink Cmd 0 Err 0
12-14 03:23:11.385 639 653 I mpu_uart: [MSG-P:R]:recv sync frame timeout
01-01 08:22:34.966 0 0 I [schedu][0x476ced2c][03:23:11.405077] wlan: [3588:I:OSIF] scan start scan id 40963
01-01 08:22:35.123 0 0 D : mv2112_read_status
01-01 08:22:35.123 0 0 D mv2112_update_link: 3.0x901(1G): 0x84
01-01 08:22:35.123 0 0 D mv2112_update_link: 3.0x8109(100M): 0xc
01-01 08:22:35.123 0 0 D mv2112_update_link: link 0x4
01-01 08:22:35.123 0 0 D mv2112_read_status: autoneg is disabled
12-14 03:23:11.827 0 0 W swapper/1: type=1400 audit(0.0:288): avc: denied { kill } for capability=5 scontext=u:r:kernel:s0 tcontext=u:r:kernel:s0 tclass=capability permissive=0
12-14 03:23:12.117 1994 2737 I OpenGLRenderer: Davey! duration=9223371975973ms; Flags=0, FrameTimelineVsyncId=3374, IntendedVsync=60881524142, Vsync=60881524142, InputEventId=0, HandleInputStart=60881898309, AnimationStart=60881900704, PerformTraversalsStart=60882055236, DrawStart=60891040704, FrameDeadline=60898190808, FrameInterval=60881892892, FrameStartTime=16666666, SyncQueued=60891934246, SyncStart=60892027892, IssueDrawCommandsStart=60892299507, SwapBuffers=60894769767, FrameCompleted=9223372036854775807, DequeueBufferDuration=19844, QueueBufferDuration=2667344, GpuCompleted=9223372036854775807, SwapBuffersCompleted=60897915340, DisplayPresentTime=72057628414510418,
12-14 03:23:12.303 2701 2701 I hpplay-java: [main]:ServiceUpdater:upLoadServiceInfo invalid deviceCode:, port:53388
12-14 03:23:12.367 639 654 I mpu_uart: [MSG-P:RECV]:No message received in 1000 ms
01-01 08:22:36.147 0 0 D : mv2112_read_status
01-01 08:22:36.147 0 0 D mv2112_update_link: 3.0x901(1G): 0x84
01-01 08:22:36.147 0 0 D mv2112_update_link: 3.0x8109(100M): 0xc
01-01 08:22:36.147 0 0 D mv2112_update_link: link 0x4
01-01 08:22:36.147 0 0 D mv2112_read_status: autoneg is disabled
12-14 03:23:12.921 1395 3862 D LOWI-9.0.0.87.a: [LOWI-Scan] wait_event:Wait done with Cmd 34
12-14 03:23:12.921 1395 3862 D LOWI-9.0.0.87.a: [LOWI-Scan] do_listen_events: Rcvd valid Netlink Cmd 34 Err 0
01-01 08:22:36.482 0 0 I [schedu][0x49292fdf][03:23:12.921486] wlan: [3588:I:OSIF] vdev 0, scan id 40963 type COMPLETED(1) reason COMPLETED(1) scan found 68 bss
12-14 03:23:12.923 1395 3862 D LOWI-9.0.0.87.a: [LOWI-Scan]
12-14 03:23:12.923 1395 3862 D LOWI-9.0.0.87.a: [LOWI-Scan] print_bss_handler: Report Probe TSF 60244167 as it greater than Beacon TSF 60244123
12-14 03:23:12.923 1395 3862 D LOWI-9.0.0.87.a: [LOWI-Scan] decode_rsn_wpa_ie: LOWI_ENCRYPTION_TYPE_WPA_PSK
12-14 03:23:12.923 1395 3862 D LOWI-9.0.0.87.a: [LOWI-Scan] is_qcom_ie, bss_age: 0
12-14 03:23:12.923 1395 3862 D LOWI-9.0.0.87.a: [LOWI-Scan] BSS 62:ae:8f:61:d1:2e LOWI_PHY_MODE_11AC_VHT80(10), Beacon Interval: 100, LOWI_ENCRYPTION_TYPE_WPA_PSK 11mcRanging: No, ANQP: No, LCI: No, Civic: No, capability(0x1031): ESS Privacy ShortPreamble
12-14 03:23:12.923 1395 3862 D LOWI-9.0.0.87.a: [LOWI-Scan] BSS 62:ae:8f:61:d1:2e FREQ: 5180, cFreq1[40:80:160] = [5190:5210:0] cFreq2 = 0 Country Code =
12-14 03:23:12.923 1395 3862 D LOWI-9.0.0.87.a: [LOWI-Scan] BSS 62:ae:8f:61:d1:2e (wlan0) ASSO: NO AddInfo: 0x0, TSF 0, 00:01:00.244, RSSI: -122, CPL: 127, AGE: 1468, SSID GM_VCU_MM_5G, TSFDelta: 0x2987aba7, TXRate: 0
12-14 03:23:12.923 1485 2039 D WifiNl80211Manager: Scan result ready event
12-14 03:23:12.923 1395 3862 D LOWI-9.0.0.87.a: [LOWI-Scan]
12-14 03:23:12.923 1395 3862 D LOWI-9.0.0.87.a: [LOWI-Scan] print_bss_handler: Report Probe TSF 56138188 as it greater than Beacon TSF 15986842
12-14 03:23:12.923 1395 3862 D LOWI-9.0.0.87.a: [LOWI-Scan] decode_rsn_wpa_ie: LOWI_ENCRYPTION_TYPE_WPA_PSK
12-14 03:23:12.923 1485 2039 D WifiNative: Scan result ready event
12-14 03:23:12.923 1395 3862 D LOWI-9.0.0.87.a: [LOWI-Scan] is_qcom_ie, bss_age: 0
12-14 03:23:12.923 1395 3862 D LOWI-9.0.0.87.a: [LOWI-Scan] BSS 18:6f:2d:81:18:90 LOWI_PHY_MODE_11AC_VHT20(8), Beacon Interval: 100, LOWI_ENCRYPTION_TYPE_WPA_PSK 11mcRanging: No, ANQP: No, LCI: No, Civic: No, capability(0x0111): ESS Privacy SpectrumMgmt
12-14 03:23:12.923 1395 3862 D LOWI-9.0.0.87.a: [LOWI-Scan] BSS 18:6f:2d:81:18:90 FREQ: 5180, cFreq1[40:80:160] = [5180:0:0] cFreq2 = 0 Country Code = CN
12-14 03:23:12.923 1395 3862 D LOWI-9.0.0.87.a: [LOWI-Scan] BSS 18:6f:2d:81:18:90 (wlan0) ASSO: NO AddInfo: 0x0, TSF 0, 00:00:56.138, RSSI: -150, CPL: 127, AGE: 5575, SSID Testing , TSFDelta: 0x714b0a4a, TXRate: 0
12-14 03:23:12.924 1395 3862 D LOWI-9.0.0.87.a: [LOWI-Scan]
12-14 03:23:12.924 1395 3862 D LOWI-9.0.0.87.a: [LOWI-Scan] print_bss_handler: Report Probe TSF 56138246 as it greater than Beacon TSF 15987130
12-14 03:23:12.924 1395 3862 D LOWI-9.0.0.87.a: [LOWI-Scan] is_qcom_ie, bss_age: 0
12-14 03:23:12.924 1395 3862 D LOWI-9.0.0.87.a: [LOWI-Scan] BSS 18:6f:2d:81:18:91 LOWI_PHY_MODE_11AC_VHT20(8), Beacon Interval: 100, LOWI_ENCRYPTION_TYPE_OPEN 11mcRanging: No, ANQP: No, LCI: No, Civic: No, capability(0x0101): ESS SpectrumMgmt
12-14 03:23:12.924 1395 3862 D LOWI-9.0.0.87.a: [LOWI-Scan] BSS 18:6f:2d:81:18:91 FREQ: 5180, cFreq1[40:80:160] = [5180:0:0] cFreq2 = 0 Country Code = CN
12-14 03:23:12.924 1395 3862 D LOWI-9.0.0.87.a: [LOWI-Scan] BSS 18:6f:2d:81:18:91 (wlan0) ASSO: NO AddInfo: 0x0, TSF 0, 00:00:56.138, RSSI: -150, CPL: 127, AGE: 5575, SSID Guest, TSFDelta: 0x714dee4e, TXRate: 0
12-14 03:23:12.924 1395 3862 D LOWI-9.0.0.87.a: [LOWI-Scan]
12-14 03:23:12.924 1395 3862 D LOWI-9.0.0.87.a: [LOWI-Scan] print_bss_handler: Report Probe TSF 56138283 as it greater than Beacon TSF 15987381
12-14 03:23:12.924 1395 3862 D LOWI-9.0.0.87.a: [LOWI-Scan] decode_rsn_wpa_ie: LOWI_ENCRYPTION_TYPE_WPA_PSK
12-14 03:23:12.924 1395 3862 D LOWI-9.0.0.87.a: [LOWI-Scan] is_qcom_ie, bss_age: 0
12-14 03:23:12.924 1395 3862 D LOWI-9.0.0.87.a: [LOWI-Scan] BSS 18:6f:2d:81:18:92 LOWI_PHY_MODE_11AC_VHT20(8), Beacon Interval: 100, LOWI_ENCRYPTION_TYPE_WPA_PSK 11mcRanging: No, ANQP: No, LCI: No, Civic: No, capability(0x0111): ESS Privacy SpectrumMgmt
12-14 03:23:12.924 1395 3862 D LOWI-9.0.0.87.a: [LOWI-Scan] BSS 18:6f:2d:81:18:92 FREQ: 5180, cFreq1[40:80:160] = [5180:0:0] cFreq2 = 0 Country Code = CN
12-14 03:23:12.924 1395 3862 D LOWI-9.0.0.87.a: [LOWI-Scan] BSS 18:6f:2d:81:18:92 (wlan0) ASSO: NO AddInfo: 0x0, TSF 0, 00:00:56.138, RSSI: -150, CPL: 127, AGE: 5574, SSID ZXHY, TSFDelta: 0x71507506, TXRate: 0
12-14 03:23:12.924 1395 3862 D LOWI-9.0.0.87.a: [LOWI-Scan]
12-14 03:23:12.924 1395 3862 D LOWI-9.0.0.87.a: [LOWI-Scan] print_bss_handler: Report Probe TSF 56138321 as it greater than Beacon TSF 15987725
12-14 03:23:12.924 1395 3862 D LOWI-9.0.0.87.a: [LOWI-Scan] decode_rsn_wpa_ie: LOWI_ENCRYPTION_TYPE_WPA_PSK
12-14 03:23:12.924 1395 3862 D LOWI-9.0.0.87.a: [LOWI-Scan] is_qcom_ie, bss_age: 0
12-14 03:23:12.924 1395 3862 D LOWI-9.0.0.87.a: [LOWI-Scan] BSS 18:6f:2d:81:18:93 LOWI_PHY_MODE_11AC_VHT20(8), Beacon Interval: 100, LOWI_ENCRYPTION_TYPE_WPA_PSK 11mcRanging: No, ANQP: No, LCI: No, Civic: No, capability(0x0111): ESS Privacy SpectrumMgmt
12-14 03:23:12.924 1395 3862 D LOWI-9.0.0.87.a: [LOWI-Scan] BSS 18:6f:2d:81:18:93 FREQ: 5180, cFreq1[40:80:160] = [5180:0:0] cFreq2 = 0 Country Code = CN
12-14 03:23:12.924 1395 3862 D LOWI-9.0.0.87.a: [LOWI-Scan] BSS 18:6f:2d:81:18:93 (wlan0) ASSO: NO AddInfo: 0x0, TSF 0, 00:00:56.138, RSSI: -152, CPL: 127, AGE: 5575, SSID Fanya, TSFDelta: 0x71535929, TXRate: 0
12-14 03:23:12.924 1395 3862 D LOWI-9.0.0.87.a: [LOWI-Scan]
12-14 03:23:12.924 1395 3862 D LOWI-9.0.0.87.a: [LOWI-Scan] print_bss_handler: Report Probe TSF 56138402 as it greater than Beacon TSF 15988092
12-14 03:23:12.924 1395 3862 D LOWI-9.0.0.87.a: [LOWI-Scan] decode_rsn_wpa_ie: LOWI_ENCRYPTION_TYPE_WPA_PSK
12-14 03:23:12.924 1395 3862 D LOWI-9.0.0.87.a: [LOWI-Scan] is_qcom_ie, bss_age: 0
12-14 03:23:12.924 1395 3862 D LOWI-9.0.0.87.a: [LOWI-Scan] BSS 18:6f:2d:81:18:94 LOWI_PHY_MODE_11AC_VHT20(8), Beacon Interval: 100, LOWI_ENCRYPTION_TYPE_WPA_PSK 11mcRanging: No, ANQP: No, LCI: No, Civic: No, capability(0x0111): ESS Privacy SpectrumMgmt
12-14 03:23:12.924 1395 3862 D LOWI-9.0.0.87.a: [LOWI-Scan] BSS 18:6f:2d:81:18:94 FREQ: 5180, cFreq1[40:80:160] = [5180:0:0] cFreq2 = 0 Country Code = CN
12-14 03:23:12.924 1395 3862 D LOWI-9.0.0.87.a: [LOWI-Scan] BSS 18:6f:2d:81:18:94 (wlan0) ASSO: NO AddInfo: 0x0, TSF 0, 00:00:56.138, RSSI: -150, CPL: 127, AGE: 5575, SSID ThunderSoft, TSFDelta: 0x71561b4f, TXRate: 0
12-14 03:23:12.925 1395 3862 D LOWI-9.0.0.87.a: [LOWI-Scan]
12-14 03:23:12.925 1395 3862 D LOWI-9.0.0.87.a: [LOWI-Scan] print_bss_handler: Report beacon TSF 60243968 as it greater than probe TSF 56138443
12-14 03:23:12.925 1395 3862 D LOWI-9.0.0.87.a: [LOWI-Scan] decode_rsn_wpa_ie: LOWI_ENCRYPTION_TYPE_WPA_PSK
12-14 03:23:12.925 1395 3862 D LOWI-9.0.0.87.a: [LOWI-Scan] is_qcom_ie, bss_age: 0
12-14 03:23:12.925 1395 3862 D LOWI-9.0.0.87.a: [LOWI-Scan] BSS 18:6f:2d:81:18:95 LOWI_PHY_MODE_11AC_VHT20(8), Beacon Interval: 100, LOWI_ENCRYPTION_TYPE_WPA_PSK 11mcRanging: No, ANQP: No, LCI: No, Civic: No, capability(0x0111): ESS Privacy SpectrumMgmt
12-14 03:23:12.925 1395 3862 D LOWI-9.0.0.87.a: [LOWI-Scan] BSS 18:6f:2d:81:18:95 FREQ: 5180, cFreq1[40:80:160] = [5180:0:0] cFreq2 = 0 Country Code = CN
12-14 03:23:12.925 1395 3862 D LOWI-9.0.0.87.a: [LOWI-Scan] BSS 18:6f:2d:81:18:95 (wlan0) ASSO: NO AddInfo: 0x1, TSF 0, 00:01:00.243, RSSI: -150, CPL: 127, AGE: 1472, SSID GM, TSFDelta: 0x715b56d5, TXRate: 0
12-14 03:23:12.925 1395 3862 D LOWI-9.0.0.87.a: [LOWI-Scan]
12-14 03:23:12.925 1395 3862 D LOWI-9.0.0.87.a: [LOWI-Scan] print_bss_handler: Report beacon TSF 56151065 as it greater than probe TSF 56151065
12-14 03:23:12.925 1395 3862 D LOWI-9.0.0.87.a: [LOWI-Scan] decode_rsn_wpa_ie: LOWI_ENCRYPTION_TYPE_WPA_PSK
12-14 03:23:12.925 1395 3862 D LOWI-9.0.0.87.a: [LOWI-Scan] is_qcom_ie, bss_age: 0
12-14 03:23:12.925 1395 3862 D LOWI-9.0.0.87.a: [LOWI-Scan] BSS 5a:41:20:2d:fe:87 LOWI_PHY_MODE_11AC_VHT40_2G(12), Beacon Interval: 100, LOWI_ENCRYPTION_TYPE_WPA_PSK 11mcRanging: No, ANQP: No, LCI: No, Civic: No, capability(0x1411): ESS Privacy ShortSlotTime
12-14 03:23:12.925 1395 3862 D LOWI-9.0.0.87.a: [LOWI-Scan] BSS 5a:41:20:2d:fe:87 FREQ: 2412, cFreq1[40:80:160] = [2422:0:0] cFreq2 = 0 Country Code = CN
12-14 03:23:12.925 1395 3862 D LOWI-9.0.0.87.a: [LOWI-Scan] BSS 5a:41:20:2d:fe:87 (wlan0) ASSO: NO AddInfo: 0x1, TSF 0, 00:00:56.151, RSSI: -124, CPL: 127, AGE: 5563, SSID , TSFDelta: 0x7a78aaf, TXRate: 0
12-14 03:23:12.925 1395 3862 D LOWI-9.0.0.87.a: [LOWI-Scan]
12-14 03:23:12.925 1395 3862 D LOWI-9.0.0.87.a: [LOWI-Scan] print_bss_handler: Report Probe TSF 56207516 as it greater than Beacon TSF 56160893
12-14 03:23:12.925 1395 3862 D LOWI-9.0.0.87.a: [LOWI-Scan] decode_rsn_wpa_ie: LOWI_ENCRYPTION_TYPE_WPA_PSK
12-14 03:23:12.925 1395 3862 D LOWI-9.0.0.87.a: [LOWI-Scan] is_qcom_ie, bss_age: 0
12-14 03:23:12.925 1395 3862 D LOWI-9.0.0.87.a: [LOWI-Scan] BSS 18:6f:2d:81:20:60 LOWI_PHY_MODE_11NG_HT20(5), Beacon Interval: 100, LOWI_ENCRYPTION_TYPE_WPA_PSK 11mcRanging: No, ANQP: No, LCI: No, Civic: No, capability(0x0531): ESS Privacy ShortPreamble SpectrumMgmt ShortSlotTime
12-14 03:23:12.925 1395 3862 D LOWI-9.0.0.87.a: [LOWI-Scan] BSS 18:6f:2d:81:20:60 FREQ: 2412, cFreq1[40:80:160] = [2412:0:0] cFreq2 = 0 Country Code = CN
12-14 03:23:12.925 1395 3862 D LOWI-9.0.0.87.a: [LOWI-Scan] BSS 18:6f:2d:81:20:60 (wlan0) ASSO: NO AddInfo: 0x0, TSF 0, 00:00:56.207, RSSI: -134, CPL: 127, AGE: 5507, SSID Testing , TSFDelta: 0xefd99dfb, TXRate: 0
12-14 03:23:12.925 1395 3862 D LOWI-9.0.0.87.a: [LOWI-Scan]
12-14 03:23:12.925 1395 3862 D LOWI-9.0.0.87.a: [LOWI-Scan] print_bss_handler: Report Probe TSF 56207443 as it greater than Beacon TSF 0
12-14 03:23:12.925 1395 3862 D LOWI-9.0.0.87.a: [LOWI-Scan] is_qcom_ie, bss_age: 0
12-14 03:23:12.926 1395 3862 D LOWI-9.0.0.87.a: [LOWI-Scan] BSS 18:6f:2d:81:20:61 LOWI_PHY_MODE_11NG_HT20(5), Beacon Interval: 100, LOWI_ENCRYPTION_TYPE_OPEN 11mcRanging: No, ANQP: No, LCI: No, Civic: No, capability(0x0521): ESS ShortPreamble SpectrumMgmt ShortSlotTime
12-14 03:23:12.926 1395 3862 D LOWI-9.0.0.87.a: [LOWI-Scan] BSS 18:6f:2d:81:20:61 FREQ: 2412, cFreq1[40:80:160] = [2412:0:0] cFreq2 = 0 Country Code = CN
12-14 03:23:12.926 1395 3862 D LOWI-9.0.0.87.a: [LOWI-Scan] BSS 18:6f:2d:81:20:61 (wlan0) ASSO: NO AddInfo: 0x0, TSF 0, 00:00:56.207, RSSI: -122, CPL: 127, AGE: 5506, SSID Guest, TSFDelta: 0xef935209, TXRate: 0
12-14 03:23:12.926 1395 3862 D LOWI-9.0.0.87.a: [LOWI-Scan]
12-14 03:23:12.926 1395 3862 D LOWI-9.0.0.87.a: [LOWI-Scan] print_bss_handler: Report beacon TSF 60265277 as it greater than probe TSF 60264725
12-14 03:23:12.926 1395 3862 D LOWI-9.0.0.87.a: [LOWI-Scan] decode_rsn_wpa_ie: LOWI_ENCRYPTION_TYPE_WPA_PSK
12-14 03:23:12.926 1395 3862 D LOWI-9.0.0.87.a: [LOWI-Scan] is_qcom_ie, bss_age: 0
12-14 03:23:12.926 1395 3862 D LOWI-9.0.0.87.a: [LOWI-Scan] BSS 18:6f:2d:81:16:e0 LOWI_PHY_MODE_11NG_HT20(5), Beacon Interval: 100, LOWI_ENCRYPTION_TYPE_WPA_PSK 11mcRanging: No, ANQP: No, LCI: No, Civic: No, capability(0x0531): ESS Privacy ShortPreamble SpectrumMgmt ShortSlotTime
12-14 03:23:12.926 1395 3862 D LOWI-9.0.0.87.a: [LOWI-Scan] BSS 18:6f:2d:81:16:e0 FREQ: 2412, cFreq1[40:80:160] = [2412:0:0] cFreq2 = 0 Country Code = CN
12-14 03:23:12.926 1395 3862 D LOWI-9.0.0.87.a: [LOWI-Scan] BSS 18:6f:2d:81:16:e0 (wlan0) ASSO: NO AddInfo: 0x1, TSF 0, 00:01:00.265, RSSI: -124, CPL: 127, AGE: 1448, SSID Testing , TSFDelta: 0xeb8ccbbf, TXRate: 0
12-14 03:23:12.926 1395 3862 D LOWI-9.0.0.87.a: [LOWI-Scan]
12-14 03:23:12.926 1395 3862 D LOWI-9.0.0.87.a: [LOWI-Scan] print_bss_handler: Report Probe TSF 60299152 as it greater than Beacon TSF 16047810
12-14 03:23:12.926 1395 3862 D LOWI-9.0.0.87.a: [LOWI-Scan] decode_rsn_wpa_ie: LOWI_ENCRYPTION_TYPE_WPA_PSK
12-14 03:23:12.926 1395 3862 D LOWI-9.0.0.87.a: [LOWI-Scan] is_qcom_ie, bss_age: 0
12-14 03:23:12.926 1395 3862 D LOWI-9.0.0.87.a: [LOWI-Scan] BSS 18:6f:2d:81:16:e2 LOWI_PHY_MODE_11NG_HT20(5), Beacon Interval: 100, LOWI_ENCRYPTION_TYPE_WPA_PSK 11mcRanging: No, ANQP: No, LCI: No, Civic: No, capability(0x0531): ESS Privacy ShortPreamble SpectrumMgmt ShortSlotTime
12-14 03:23:12.926 1395 3862 D LOWI-9.0.0.87.a: [LOWI-Scan] BSS 18:6f:2d:81:16:e2 FREQ: 2412, cFreq1[40:80:160] = [2412:0:0] cFreq2 = 0 Country Code = CN
12-14 03:23:12.926 1395 3862 D LOWI-9.0.0.87.a: [LOWI-Scan] BSS 18:6f:2d:81:16:e2 (wlan0) ASSO: NO AddInfo: 0x0, TSF 0, 00:01:00.299, RSSI: -126, CPL: 127, AGE: 1416, SSID ThunderSoft_2.4G, TSFDelta: 0xec1483d8, TXRate: 0
12-14 03:23:12.926 1395 3862 D LOWI-9.0.0.87.a: [LOWI-Scan]
12-14 03:23:12.926 1395 3862 D LOWI-9.0.0.87.a: [LOWI-Scan] print_bss_handler: Report Probe TSF 60473912 as it greater than Beacon TSF 60473555
12-14 03:23:12.926 1395 3862 D LOWI-9.0.0.87.a: [LOWI-Scan] decode_rsn_wpa_ie: LOWI_ENCRYPTION_TYPE_WPA_PSK
12-14 03:23:12.926 1395 3862 D LOWI-9.0.0.87.a: [LOWI-Scan] is_qcom_ie, bss_age: 0
12-14 03:23:12.926 1395 3862 D LOWI-9.0.0.87.a: [LOWI-Scan] BSS 5c:02:14:f9:4f:d3 LOWI_PHY_MODE_11AC_VHT80(10), Beacon Interval: 100, LOWI_ENCRYPTION_TYPE_WPA_PSK 11mcRanging: No, ANQP: Yes, LCI: No, Civic: No, capability(0x1931): ESS Privacy ShortPreamble SpectrumMgmt APSD
12-14 03:23:12.926 1395 3862 D LOWI-9.0.0.87.a: [LOWI-Scan] BSS 5c:02:14:f9:4f:d3 FREQ: 5745, cFreq1[40:80:160] = [5755:5775:0] cFreq2 = 0 Country Code = CN
12-14 03:23:12.926 1395 3862 D LOWI-9.0.0.87.a: [LOWI-Scan] BSS 5c:02:14:f9:4f:d3 (wlan0) ASSO: NO AddInfo: 0x0, TSF 0, 00:01:00.473, RSSI: -90, CPL: 127, AGE: 1240, SSID ThunderSoft_XTS_5G, TSFDelta: 0xc9c0c301, TXRate: 0
12-14 03:23:12.926 1395 3862 D LOWI-9.0.0.87.a: [LOWI-Scan]
12-14 03:23:12.926 1395 3862 D LOWI-9.0.0.87.a: [LOWI-Scan] print_bss_handler: Report Probe TSF 60425592 as it greater than Beacon TSF 0
12-14 03:23:12.927 1395 3862 D LOWI-9.0.0.87.a: [LOWI-Scan] decode_rsn_wpa_ie: LOWI_ENCRYPTION_TYPE_WPA_PSK
12-14 03:23:12.927 1395 3862 D LOWI-9.0.0.87.a: [LOWI-Scan] is_qcom_ie, bss_age: 0
12-14 03:23:12.927 1395 3862 D LOWI-9.0.0.87.a: [LOWI-Scan] BSS 62:e6:f0:dd:03:c7 LOWI_PHY_MODE_11AC_VHT80(10), Beacon Interval: 100, LOWI_ENCRYPTION_TYPE_WPA_PSK 11mcRanging: No, ANQP: Yes, LCI: No, Civic: No, capability(0x0111): ESS Privacy SpectrumMgmt
12-14 03:23:12.927 1395 3862 D LOWI-9.0.0.87.a: [LOWI-Scan] BSS 62:e6:f0:dd:03:c7 FREQ: 5745, cFreq1[40:80:160] = [5755:5775:0] cFreq2 = 0 Country Code = AE
12-14 03:23:12.927 1395 3862 D LOWI-9.0.0.87.a: [LOWI-Scan] BSS 62:e6:f0:dd:03:c7 (wlan0) ASSO: NO AddInfo: 0x0, TSF 0, 00:01:00.425, RSSI: -164, CPL: 127, AGE: 1288, SSID myGMC 03C7, TSFDelta: 0xf6b08a54, TXRate: 0
12-14 03:23:12.927 1395 3862 D LOWI-9.0.0.87.a: [LOWI-Scan]
12-14 03:23:12.927 1395 3862 D LOWI-9.0.0.87.a: [LOWI-Scan] print_bss_handler: Report beacon TSF 60533984 as it greater than probe TSF 60511929
12-14 03:23:12.927 1395 3862 D LOWI-9.0.0.87.a: [LOWI-Scan] decode_rsn_wpa_ie: LOWI_ENCRYPTION_TYPE_WPA_PSK
12-14 03:23:12.927 1395 3862 D LOWI-9.0.0.87.a: [LOWI-Scan] is_qcom_ie, bss_age: 0
12-14 03:23:12.927 1395 3862 D LOWI-9.0.0.87.a: [LOWI-Scan] BSS 44:94:fc:3d:da:94 LOWI_PHY_MODE_11AC_VHT80(10), Beacon Interval: 100, LOWI_ENCRYPTION_TYPE_WPA_PSK 11mcRanging: No, ANQP: No, LCI: No, Civic: No, capability(0x1011): ESS Privacy
12-14 03:23:12.927 1395 3862 D LOWI-9.0.0.87.a: [LOWI-Scan] BSS 44:94:fc:3d:da:94 FREQ: 5765, cFreq1[40:80:160] = [5755:5775:0] cFreq2 = 0 Country Code =
12-14 03:23:12.932 1395 3862 D LOWI-9.0.0.87.a: [LOWI-Scan] BSS 44:94:fc:3d:da:94 (wlan0) ASSO: NO AddInfo: 0x1, TSF 0, 00:01:00.533, RSSI: -158, CPL: 127, AGE: 1180, SSID WIFI_debug_cjw_5G, TSFDelta: 0xc7720b32, TXRate: 0
12-14 03:23:12.932 1395 3862 D LOWI-9.0.0.87.a: [LOWI-Scan]
12-14 03:23:12.932 1395 3862 D LOWI-9.0.0.87.a: [LOWI-Scan] print_bss_handler: Report Probe TSF 60511427 as it greater than Beacon TSF 56383098
12-14 03:23:12.932 1395 3862 D LOWI-9.0.0.87.a: [LOWI-Scan] decode_rsn_wpa_ie: LOWI_ENCRYPTION_TYPE_WPA_PSK
12-14 03:23:12.932 1395 3862 D LOWI-9.0.0.87.a: [LOWI-Scan] is_qcom_ie, bss_age: 0
12-14 03:23:12.932 1395 3862 D LOWI-9.0.0.87.a: [LOWI-Scan] BSS 64:6e:97:1c:71:47 LOWI_PHY_MODE_11AC_VHT80(10), Beacon Interval: 100, LOWI_ENCRYPTION_TYPE_WPA_PSK 11mcRanging: No, ANQP: No, LCI: No, Civic: No, capability(0x0011): ESS Privacy
12-14 03:23:12.932 1395 3862 D LOWI-9.0.0.87.a: [LOWI-Scan] BSS 64:6e:97:1c:71:47 FREQ: 5765, cFreq1[40:80:160] = [5755:5775:0] cFreq2 = 0 Country Code = CN
12-14 03:23:12.932 1395 3862 D LOWI-9.0.0.87.a: [LOWI-Scan] BSS 64:6e:97:1c:71:47 (wlan0) ASSO: NO AddInfo: 0x0, TSF 0, 00:01:00.511, RSSI: -170, CPL: 127, AGE: 1204, SSID TP-LINK_5G_7145, TSFDelta: 0x3b962571, TXRate: 0
12-14 03:23:12.932 1395 3862 D LOWI-9.0.0.87.a: [LOWI-Scan]
12-14 03:23:12.932 1395 3862 D LOWI-9.0.0.87.a: [LOWI-Scan] print_bss_handler: Report Probe TSF 60510892 as it greater than Beacon TSF 56421189
12-14 03:23:12.932 1395 3862 D LOWI-9.0.0.87.a: [LOWI-Scan] decode_rsn_wpa_ie: LOWI_ENCRYPTION_TYPE_WPA_PSK
12-14 03:23:12.932 1395 3862 D LOWI-9.0.0.87.a: [LOWI-Scan] is_qcom_ie, bss_age: 0
12-14 03:23:12.932 1395 3862 D LOWI-9.0.0.87.a: [LOWI-Scan] BSS dc:fe:18:77:4e:9c LOWI_PHY_MODE_11AC_VHT80(10), Beacon Interval: 100, LOWI_ENCRYPTION_TYPE_WPA_PSK 11mcRanging: No, ANQP: No, LCI: No, Civic: No, capability(0x0511): ESS Privacy SpectrumMgmt ShortSlotTime
12-14 03:23:12.932 1395 3862 D LOWI-9.0.0.87.a: [LOWI-Scan] BSS dc:fe:18:77:4e:9c FREQ: 5765, cFreq1[40:80:160] = [5755:5775:0] cFreq2 = 0 Country Code =
12-14 03:23:12.932 1395 3862 D LOWI-9.0.0.87.a: [LOWI-Scan] BSS dc:fe:18:77:4e:9c (wlan0) ASSO: NO AddInfo: 0x0, TSF 0, 00:01:00.510, RSSI: -152, CPL: 127, AGE: 1204, SSID TP-LINK_5G_4E9A, TSFDelta: 0xba4746b4, TXRate: 0
12-14 03:23:12.933 1395 3862 D LOWI-9.0.0.87.a: [LOWI-Scan]
12-14 03:23:12.933 1395 3862 D LOWI-9.0.0.87.a: [LOWI-Scan] print_bss_handler: Report Probe TSF 60603120 as it greater than Beacon TSF 0
12-14 03:23:12.933 1395 3862 D LOWI-9.0.0.87.a: [LOWI-Scan] decode_rsn_wpa_ie: LOWI_ENCRYPTION_TYPE_WPA_PSK
12-14 03:23:12.933 1395 3862 D LOWI-9.0.0.87.a: [LOWI-Scan] is_qcom_ie, bss_age: 0
12-14 03:23:12.933 1395 3862 D LOWI-9.0.0.87.a: [LOWI-Scan] BSS 18:6f:2d:0a:b8:40 LOWI_PHY_MODE_11NG_HT20(5), Beacon Interval: 100, LOWI_ENCRYPTION_TYPE_WPA_PSK 11mcRanging: No, ANQP: No, LCI: No, Civic: No, capability(0x0531): ESS Privacy ShortPreamble SpectrumMgmt ShortSlotTime
12-14 03:23:12.933 1395 3862 D LOWI-9.0.0.87.a: [LOWI-Scan] BSS 18:6f:2d:0a:b8:40 FREQ: 2427, cFreq1[40:80:160] = [2427:0:0] cFreq2 = 0 Country Code = CN
12-14 03:23:12.933 1395 3862 D LOWI-9.0.0.87.a: [LOWI-Scan] BSS 18:6f:2d:0a:b8:40 (wlan0) ASSO: NO AddInfo: 0x0, TSF 0, 00:01:00.603, RSSI: -120, CPL: 127, AGE: 1112, SSID Testing , TSFDelta: 0xffa40f04, TXRate: 0
12-14 03:23:12.933 1395 3862 D LOWI-9.0.0.87.a: [LOWI-Scan]
12-14 03:23:12.933 1395 3862 D LOWI-9.0.0.87.a: [LOWI-Scan] print_bss_handler: Report Probe TSF 60603047 as it greater than Beacon TSF 0
12-14 03:23:12.933 1395 3862 D LOWI-9.0.0.87.a: [LOWI-Scan] decode_rsn_wpa_ie: LOWI_ENCRYPTION_TYPE_WPA_PSK
12-14 03:23:12.933 1395 3862 D LOWI-9.0.0.87.a: [LOWI-Scan] is_qcom_ie, bss_age: 0
12-14 03:23:12.933 1395 3862 D LOWI-9.0.0.87.a: [LOWI-Scan] BSS 8c:de:f9:3f:0d:ab LOWI_PHY_MODE_11AC_VHT80(10), Beacon Interval: 100, LOWI_ENCRYPTION_TYPE_WPA_PSK 11mcRanging: No, ANQP: No, LCI: No, Civic: No, capability(0x0031): ESS Privacy ShortPreamble
12-14 03:23:12.933 1395 3862 D LOWI-9.0.0.87.a: [LOWI-Scan] BSS 8c:de:f9:3f:0d:ab FREQ: 5785, cFreq1[40:80:160] = [5795:5775:0] cFreq2 = 0 Country Code = CN
12-14 03:23:12.933 1395 3862 D LOWI-9.0.0.87.a: [LOWI-Scan] BSS 8c:de:f9:3f:0d:ab (wlan0) ASSO: NO AddInfo: 0x0, TSF 0, 00:01:00.603, RSSI: -140, CPL: 127, AGE: 1112, SSID Xiaomi_0DA9_5G, TSFDelta: 0x537e82df, TXRate: 0
12-14 03:23:12.934 1395 3862 D LOWI-9.0.0.87.a: [LOWI-Scan]
12-14 03:23:12.934 1395 3862 D LOWI-9.0.0.87.a: [LOWI-Scan] print_bss_handler: Report beacon TSF 56431949 as it greater than probe TSF 56431949
12-14 03:23:12.934 1395 3862 D LOWI-9.0.0.87.a: [LOWI-Scan] decode_rsn_wpa_ie: LOWI_ENCRYPTION_TYPE_WPA_PSK
12-14 03:23:12.934 1395 3862 D LOWI-9.0.0.87.a: [LOWI-Scan] is_qcom_ie, bss_age: 0
12-14 03:23:12.934 1395 3862 D LOWI-9.0.0.87.a: [LOWI-Scan] BSS f0:55:01:67:de:f2 LOWI_PHY_MODE_11AC_VHT80(10), Beacon Interval: 100, LOWI_ENCRYPTION_TYPE_WPA_PSK 11mcRanging: No, ANQP: No, LCI: No, Civic: No, capability(0x1931): ESS Privacy ShortPreamble SpectrumMgmt APSD
12-14 03:23:12.934 1395 3862 D LOWI-9.0.0.87.a: [LOWI-Scan] BSS f0:55:01:67:de:f2 FREQ: 5785, cFreq1[40:80:160] = [5795:5775:0] cFreq2 = 0 Country Code =
12-14 03:23:12.934 1395 3862 D LOWI-9.0.0.87.a: [LOWI-Scan] BSS f0:55:01:67:de:f2 (wlan0) ASSO: NO AddInfo: 0x1, TSF 0, 00:00:56.431, RSSI: -170, CPL: 127, AGE: 5287, SSID , TSFDelta: 0x75370f77, TXRate: 0
12-14 03:23:12.934 1395 3862 D LOWI-9.0.0.87.a: [LOWI-Scan]
12-14 03:23:12.934 1395 3862 D LOWI-9.0.0.87.a: [LOWI-Scan] print_bss_handler: Report Probe TSF 56680834 as it greater than Beacon TSF 56678922
12-14 03:23:12.934 1395 3862 D LOWI-9.0.0.87.a: [LOWI-Scan] decode_rsn_wpa_ie: LOWI_ENCRYPTION_TYPE_WPA_PSK
12-14 03:23:12.934 1395 3862 D LOWI-9.0.0.87.a: [LOWI-Scan] is_qcom_ie, bss_age: 0
12-14 03:23:12.934 1395 3862 D LOWI-9.0.0.87.a: [LOWI-Scan] BSS 58:d9:d5:44:ba:d8 LOWI_PHY_MODE_11G(1), Beacon Interval: 100, LOWI_ENCRYPTION_TYPE_WPA_PSK 11mcRanging: No, ANQP: No, LCI: No, Civic: No, capability(0x0011): ESS Privacy
12-14 03:23:12.934 1395 3862 D LOWI-9.0.0.87.a: [LOWI-Scan] BSS 58:d9:d5:44:ba:d8 FREQ: 2432, cFreq1[40:80:160] = [0:0:0] cFreq2 = 0 Country Code =
12-14 03:23:12.934 1395 3862 D LOWI-9.0.0.87.a: [LOWI-Scan] BSS 58:d9:d5:44:ba:d8 (wlan0) ASSO: NO AddInfo: 0x0, TSF 0, 00:00:56.680, RSSI: -12, CPL: 127, AGE: 5036, SSID TD-2.4G, TSFDelta: 0x590c896f, TXRate: 0
12-14 03:23:12.934 1395 3862 D LOWI-9.0.0.87.a: [LOWI-Scan]
12-14 03:23:12.935 1395 3862 D LOWI-9.0.0.87.a: [LOWI-Scan] print_bss_handler: Report Probe TSF 60712289 as it greater than Beacon TSF 56719276
12-14 03:23:12.935 1395 3862 D LOWI-9.0.0.87.a: [LOWI-Scan] decode_rsn_wpa_ie: LOWI_ENCRYPTION_TYPE_WPA_PSK
12-14 03:23:12.935 1395 3862 D LOWI-9.0.0.87.a: [LOWI-Scan] is_qcom_ie, bss_age: 0
12-14 03:23:12.935 1395 3862 D LOWI-9.0.0.87.a: [LOWI-Scan] BSS 18:6f:2d:81:18:40 LOWI_PHY_MODE_11NG_HT20(5), Beacon Interval: 100, LOWI_ENCRYPTION_TYPE_WPA_PSK 11mcRanging: No, ANQP: No, LCI: No, Civic: No, capability(0x0531): ESS Privacy ShortPreamble SpectrumMgmt ShortSlotTime
12-14 03:23:12.935 1395 3862 D LOWI-9.0.0.87.a: [LOWI-Scan] BSS 18:6f:2d:81:18:40 FREQ: 2432, cFreq1[40:80:160] = [2432:0:0] cFreq2 = 0 Country Code = CN
12-14 03:23:12.935 1395 3862 D LOWI-9.0.0.87.a: [LOWI-Scan] BSS 18:6f:2d:81:18:40 (wlan0) ASSO: NO AddInfo: 0x0, TSF 0, 00:01:00.712, RSSI: -136, CPL: 127, AGE: 1000, SSID Testing , TSFDelta: 0xfd14721b, TXRate: 0
12-14 03:23:12.935 1395 3862 D LOWI-9.0.0.87.a: [LOWI-Scan]
12-14 03:23:12.935 1395 3862 D LOWI-9.0.0.87.a: [LOWI-Scan] print_bss_handler: Report Probe TSF 56718369 as it greater than Beacon TSF 0
12-14 03:23:12.935 1395 3862 D LOWI-9.0.0.87.a: [LOWI-Scan] is_qcom_ie, bss_age: 0
12-14 03:23:12.935 1395 3862 D LOWI-9.0.0.87.a: [LOWI-Scan] BSS 18:6f:2d:81:18:41 LOWI_PHY_MODE_11NG_HT20(5), Beacon Interval: 100, LOWI_ENCRYPTION_TYPE_OPEN 11mcRanging: No, ANQP: No, LCI: No, Civic: No, capability(0x0521): ESS ShortPreamble SpectrumMgmt ShortSlotTime
12-14 03:23:12.935 1395 3862 D LOWI-9.0.0.87.a: [LOWI-Scan] BSS 18:6f:2d:81:18:41 FREQ: 2432, cFreq1[40:80:160] = [2432:0:0] cFreq2 = 0 Country Code = CN
12-14 03:23:12.935 1395 3862 D LOWI-9.0.0.87.a: [LOWI-Scan] BSS 18:6f:2d:81:18:41 (wlan0) ASSO: NO AddInfo: 0x0, TSF 0, 00:00:56.718, RSSI: -140, CPL: 127, AGE: 4975, SSID Guest, TSFDelta: 0xb97fd8, TXRate: 0
12-14 03:23:12.937 1395 3862 D LOWI-9.0.0.87.a: [LOWI-Scan]
12-14 03:23:12.937 1395 3862 D LOWI-9.0.0.87.a: [LOWI-Scan] print_bss_handler: Report Probe TSF 56718433 as it greater than Beacon TSF 0
12-14 03:23:12.937 1395 3862 D LOWI-9.0.0.87.a: [LOWI-Scan] decode_rsn_wpa_ie: LOWI_ENCRYPTION_TYPE_WPA_PSK
12-14 03:23:12.937 1395 3862 D LOWI-9.0.0.87.a: [LOWI-Scan] is_qcom_ie, bss_age: 0
12-14 03:23:12.937 1395 3862 D LOWI-9.0.0.87.a: [LOWI-Scan] BSS 18:6f:2d:81:18:42 LOWI_PHY_MODE_11NG_HT20(5), Beacon Interval: 100, LOWI_ENCRYPTION_TYPE_WPA_PSK 11mcRanging: No, ANQP: No, LCI: No, Civic: No, capability(0x0531): ESS Privacy ShortPreamble SpectrumMgmt ShortSlotTime
12-14 03:23:12.937 1395 3862 D LOWI-9.0.0.87.a: [LOWI-Scan] BSS 18:6f:2d:81:18:42 FREQ: 2432, cFreq1[40:80:160] = [2432:0:0] cFreq2 = 0 Country Code = CN
12-14 03:23:12.937 1395 3862 D LOWI-9.0.0.87.a: [LOWI-Scan] BSS 18:6f:2d:81:18:42 (wlan0) ASSO: NO AddInfo: 0x0, TSF 0, 00:00:56.718, RSSI: -136, CPL: 127, AGE: 4977, SSID ThunderSoft_2.4G, TSFDelta: 0xbe8650, TXRate: 0
12-14 03:23:12.937 1395 3862 D LOWI-9.0.0.87.a: [LOWI-Scan]
12-14 03:23:12.937 1395 3862 D LOWI-9.0.0.87.a: [LOWI-Scan] print_bss_handler: Report Probe TSF 56718470 as it greater than Beacon TSF 0
12-14 03:23:12.937 1395 3862 D LOWI-9.0.0.87.a: [LOWI-Scan] decode_rsn_wpa_ie: LOWI_ENCRYPTION_TYPE_WPA_PSK
12-14 03:23:12.937 1395 3862 D LOWI-9.0.0.87.a: [LOWI-Scan] is_qcom_ie, bss_age: 0
12-14 03:23:12.937 1395 3862 D LOWI-9.0.0.87.a: [LOWI-Scan] BSS 18:6f:2d:81:18:43 LOWI_PHY_MODE_11NG_HT20(5), Beacon Interval: 100, LOWI_ENCRYPTION_TYPE_WPA_PSK 11mcRanging: No, ANQP: No, LCI: No, Civic: No, capability(0x0531): ESS Privacy ShortPreamble SpectrumMgmt ShortSlotTime
12-14 03:23:12.937 1395 3862 D LOWI-9.0.0.87.a: [LOWI-Scan] BSS 18:6f:2d:81:18:43 FREQ: 2432, cFreq1[40:80:160] = [2432:0:0] cFreq2 = 0 Country Code = CN
12-14 03:23:12.938 1395 3862 D LOWI-9.0.0.87.a: [LOWI-Scan] BSS 18:6f:2d:81:18:43 (wlan0) ASSO: NO AddInfo: 0x0, TSF 0, 00:00:56.718, RSSI: -140, CPL: 127, AGE: 4977, SSID ZXHY, TSFDelta: 0xc3d2fc, TXRate: 0
12-14 03:23:12.938 1395 3862 D LOWI-9.0.0.87.a: [LOWI-Scan]
12-14 03:23:12.938 1395 3862 D LOWI-9.0.0.87.a: [LOWI-Scan] print_bss_handler: Report Probe TSF 56718656 as it greater than Beacon TSF 0
12-14 03:23:12.938 1395 3862 D LOWI-9.0.0.87.a: [LOWI-Scan] decode_rsn_wpa_ie: LOWI_ENCRYPTION_TYPE_WPA_PSK
12-14 03:23:12.938 1395 3862 D LOWI-9.0.0.87.a: [LOWI-Scan] is_qcom_ie, bss_age: 0
12-14 03:23:12.938 1395 3862 D LOWI-9.0.0.87.a: [LOWI-Scan] BSS 18:6f:2d:81:18:44 LOWI_PHY_MODE_11NG_HT20(5), Beacon Interval: 100, LOWI_ENCRYPTION_TYPE_WPA_PSK 11mcRanging: No, ANQP: No, LCI: No, Civic: No, capability(0x0531): ESS Privacy ShortPreamble SpectrumMgmt ShortSlotTime
12-14 03:23:12.938 1395 3862 D LOWI-9.0.0.87.a: [LOWI-Scan] BSS 18:6f:2d:81:18:44 FREQ: 2432, cFreq1[40:80:160] = [2432:0:0] cFreq2 = 0 Country Code = CN
12-14 03:23:12.938 1395 3862 D LOWI-9.0.0.87.a: [LOWI-Scan] BSS 18:6f:2d:81:18:44 (wlan0) ASSO: NO AddInfo: 0x0, TSF 0, 00:00:56.718, RSSI: -138, CPL: 127, AGE: 4977, SSID Fanya, TSFDelta: 0xcef9b3, TXRate: 0
12-14 03:23:12.938 1395 3862 D LOWI-9.0.0.87.a: [LOWI-Scan]
12-14 03:23:12.938 1395 3862 D LOWI-9.0.0.87.a: [LOWI-Scan] print_bss_handler: Report Probe TSF 56718710 as it greater than Beacon TSF 0
12-14 03:23:12.938 1395 3862 D LOWI-9.0.0.87.a: [LOWI-Scan] decode_rsn_wpa_ie: LOWI_ENCRYPTION_TYPE_WPA_PSK
12-14 03:23:12.938 1395 3862 D LOWI-9.0.0.87.a: [LOWI-Scan] is_qcom_ie, bss_age: 0
12-14 03:23:12.938 1395 3862 D LOWI-9.0.0.87.a: [LOWI-Scan] BSS 18:6f:2d:81:18:45 LOWI_PHY_MODE_11NG_HT20(5), Beacon Interval: 100, LOWI_ENCRYPTION_TYPE_WPA_PSK 11mcRanging: No, ANQP: No, LCI: No, Civic: No, capability(0x0531): ESS Privacy ShortPreamble SpectrumMgmt ShortSlotTime
12-14 03:23:12.938 1395 3862 D LOWI-9.0.0.87.a: [LOWI-Scan] BSS 18:6f:2d:81:18:45 FREQ: 2432, cFreq1[40:80:160] = [2432:0:0] cFreq2 = 0 Country Code = CN
12-14 03:23:12.938 1395 3862 D LOWI-9.0.0.87.a: [LOWI-Scan] BSS 18:6f:2d:81:18:45 (wlan0) ASSO: NO AddInfo: 0x0, TSF 0, 00:00:56.718, RSSI: -138, CPL: 127, AGE: 4978, SSID 123, TSFDelta: 0xd428fc, TXRate: 0
12-14 03:23:12.939 1395 3862 D LOWI-9.0.0.87.a: [LOWI-Scan]
12-14 03:23:12.939 1395 3862 D LOWI-9.0.0.87.a: [LOWI-Scan] print_bss_handler: Report beacon TSF 60773771 as it greater than probe TSF 16461692
12-14 03:23:12.939 1395 3862 D LOWI-9.0.0.87.a: [LOWI-Scan] decode_rsn_wpa_ie: LOWI_ENCRYPTION_TYPE_WPA_PSK
12-14 03:23:12.939 1395 3862 D LOWI-9.0.0.87.a: [LOWI-Scan] is_qcom_ie, bss_age: 0
12-14 03:23:12.939 1395 3862 D LOWI-9.0.0.87.a: [LOWI-Scan] BSS 18:6f:2d:0a:b8:50 LOWI_PHY_MODE_11AC_VHT20(8), Beacon Interval: 100, LOWI_ENCRYPTION_TYPE_WPA_PSK 11mcRanging: No, ANQP: No, LCI: No, Civic: No, capability(0x0111): ESS Privacy SpectrumMgmt
12-14 03:23:12.939 1395 3862 D LOWI-9.0.0.87.a: [LOWI-Scan] BSS 18:6f:2d:0a:b8:50 FREQ: 5260, cFreq1[40:80:160] = [5260:0:0] cFreq2 = 0 Country Code = CN
12-14 03:23:12.939 1395 3862 D LOWI-9.0.0.87.a: [LOWI-Scan] BSS 18:6f:2d:0a:b8:50 (wlan0) ASSO: NO AddInfo: 0x1, TSF 0, 00:01:00.773, RSSI: -146, CPL: 127, AGE: 940, SSID Testing , TSFDelta: 0xf74640cc, TXRate: 0
12-14 03:23:12.939 1395 3862 D LOWI-9.0.0.87.a: [LOWI-Scan]
12-14 03:23:12.939 1395 3862 D LOWI-9.0.0.87.a: [LOWI-Scan] print_bss_handler: Report beacon TSF 60774865 as it greater than probe TSF 60774865
12-14 03:23:12.939 1395 3862 D LOWI-9.0.0.87.a: [LOWI-Scan] is_qcom_ie, bss_age: 0
12-14 03:23:12.939 1395 3862 D LOWI-9.0.0.87.a: [LOWI-Scan] BSS 18:6f:2d:0a:b8:51 LOWI_PHY_MODE_11AC_VHT20(8), Beacon Interval: 100, LOWI_ENCRYPTION_TYPE_OPEN 11mcRanging: No, ANQP: No, LCI: No, Civic: No, capability(0x0101): ESS SpectrumMgmt
12-14 03:23:12.939 1395 3862 D LOWI-9.0.0.87.a: [LOWI-Scan] BSS 18:6f:2d:0a:b8:51 FREQ: 5260, cFreq1[40:80:160] = [5260:0:0] cFreq2 = 0 Country Code = CN
12-14 03:23:12.939 1395 3862 D LOWI-9.0.0.87.a: [LOWI-Scan] BSS 18:6f:2d:0a:b8:51 (wlan0) ASSO: NO AddInfo: 0x1, TSF 0, 00:01:00.774, RSSI: -146, CPL: 127, AGE: 940, SSID Guest, TSFDelta: 0xf58fd12b, TXRate: 0
12-14 03:23:12.939 1395 3862 D LOWI-9.0.0.87.a: [LOWI-Scan]
12-14 03:23:12.939 1395 3862 D LOWI-9.0.0.87.a: [LOWI-Scan] print_bss_handler: Report beacon TSF 60766296 as it greater than probe TSF 16446165
12-14 03:23:12.939 1395 3862 D LOWI-9.0.0.87.a: [LOWI-Scan] decode_rsn_wpa_ie: LOWI_ENCRYPTION_TYPE_WPA_PSK
12-14 03:23:12.939 1395 3862 D LOWI-9.0.0.87.a: [LOWI-Scan] is_qcom_ie, bss_age: 0
12-14 03:23:12.939 1395 3862 D LOWI-9.0.0.87.a: [LOWI-Scan] BSS 18:6f:2d:81:18:52 LOWI_PHY_MODE_11AC_VHT20(8), Beacon Interval: 100, LOWI_ENCRYPTION_TYPE_WPA_PSK 11mcRanging: No, ANQP: No, LCI: No, Civic: No, capability(0x0111): ESS Privacy SpectrumMgmt
12-14 03:23:12.939 1395 3862 D LOWI-9.0.0.87.a: [LOWI-Scan] BSS 18:6f:2d:81:18:52 FREQ: 5260, cFreq1[40:80:160] = [5260:0:0] cFreq2 = 0 Country Code = CN
12-14 03:23:12.939 1395 3862 D LOWI-9.0.0.87.a: [LOWI-Scan] BSS 18:6f:2d:81:18:52 (wlan0) ASSO: NO AddInfo: 0x1, TSF 0, 00:01:00.766, RSSI: -146, CPL: 127, AGE: 948, SSID ZXHY, TSFDelta: 0x7897743e, TXRate: 0
12-14 03:23:12.940 1395 3862 D LOWI-9.0.0.87.a: [LOWI-Scan]
12-14 03:23:12.940 1395 3862 D LOWI-9.0.0.87.a: [LOWI-Scan] print_bss_handler: Report Probe TSF 60822196 as it greater than Beacon TSF 56677411
12-14 03:23:12.940 1395 3862 D LOWI-9.0.0.87.a: [LOWI-Scan] decode_rsn_wpa_ie: LOWI_ENCRYPTION_TYPE_WPA_PSK
12-14 03:23:12.940 1395 3862 D LOWI-9.0.0.87.a: [LOWI-Scan] is_qcom_ie, bss_age: 0
12-14 03:23:12.940 1395 3862 D LOWI-9.0.0.87.a: [LOWI-Scan] BSS 18:6f:2d:81:18:54 LOWI_PHY_MODE_11AC_VHT20(8), Beacon Interval: 100, LOWI_ENCRYPTION_TYPE_WPA_PSK 11mcRanging: No, ANQP: No, LCI: No, Civic: No, capability(0x0111): ESS Privacy SpectrumMgmt
12-14 03:23:12.940 1395 3862 D LOWI-9.0.0.87.a: [LOWI-Scan] BSS 18:6f:2d:81:18:54 FREQ: 5260, cFreq1[40:80:160] = [5260:0:0] cFreq2 = 0 Country Code = CN
12-14 03:23:12.940 1395 3862 D LOWI-9.0.0.87.a: [LOWI-Scan] BSS 18:6f:2d:81:18:54 (wlan0) ASSO: NO AddInfo: 0x0, TSF 0, 00:01:00.822, RSSI: -146, CPL: 127, AGE: 892, SSID ThunderSoft, TSFDelta: 0x77c8fed9, TXRate: 0
12-14 03:23:12.940 1395 3862 D LOWI-9.0.0.87.a: [LOWI-Scan]
12-14 03:23:12.940 1395 3862 D LOWI-9.0.0.87.a: [LOWI-Scan] print_bss_handler: Report beacon TSF 60766139 as it greater than probe TSF 56678399
12-14 03:23:12.940 1395 3862 D LOWI-9.0.0.87.a: [LOWI-Scan] decode_rsn_wpa_ie: LOWI_ENCRYPTION_TYPE_WPA_PSK
12-14 03:23:12.940 1395 3862 D LOWI-9.0.0.87.a: [LOWI-Scan] is_qcom_ie, bss_age: 0
12-14 03:23:12.940 1395 3862 D LOWI-9.0.0.87.a: [LOWI-Scan] BSS 18:6f:2d:81:18:50 LOWI_PHY_MODE_11AC_VHT20(8), Beacon Interval: 100, LOWI_ENCRYPTION_TYPE_WPA_PSK 11mcRanging: No, ANQP: No, LCI: No, Civic: No, capability(0x0111): ESS Privacy SpectrumMgmt
12-14 03:23:12.940 1395 3862 D LOWI-9.0.0.87.a: [LOWI-Scan] BSS 18:6f:2d:81:18:50 FREQ: 5260, cFreq1[40:80:160] = [5260:0:0] cFreq2 = 0 Country Code = CN
12-14 03:23:12.940 1395 3862 D LOWI-9.0.0.87.a: [LOWI-Scan] BSS 18:6f:2d:81:18:50 (wlan0) ASSO: NO AddInfo: 0x1, TSF 0, 00:01:00.766, RSSI: -148, CPL: 127, AGE: 948, SSID Testing , TSFDelta: 0x787b3648, TXRate: 0
12-14 03:23:12.940 1395 3862 D LOWI-9.0.0.87.a: [LOWI-Scan]
12-14 03:23:12.940 1395 3862 D LOWI-9.0.0.87.a: [LOWI-Scan] print_bss_handler: Report beacon TSF 60766216 as it greater than probe TSF 16461660
12-14 03:23:12.940 1395 3862 D LOWI-9.0.0.87.a: [LOWI-Scan] is_qcom_ie, bss_age: 0
12-14 03:23:12.940 1395 3862 D LOWI-9.0.0.87.a: [LOWI-Scan] BSS 18:6f:2d:81:18:51 LOWI_PHY_MODE_11AC_VHT20(8), Beacon Interval: 100, LOWI_ENCRYPTION_TYPE_OPEN 11mcRanging: No, ANQP: No, LCI: No, Civic: No, capability(0x0101): ESS SpectrumMgmt
12-14 03:23:12.941 1395 3862 D LOWI-9.0.0.87.a: [LOWI-Scan] BSS 18:6f:2d:81:18:51 FREQ: 5260, cFreq1[40:80:160] = [5260:0:0] cFreq2 = 0 Country Code = CN
12-14 03:23:12.941 1395 3862 D LOWI-9.0.0.87.a: [LOWI-Scan] BSS 18:6f:2d:81:18:51 (wlan0) ASSO: NO AddInfo: 0x1, TSF 0, 00:01:00.766, RSSI: -146, CPL: 127, AGE: 948, SSID Guest, TSFDelta: 0x791c1255, TXRate: 0
12-14 03:23:12.941 1395 3862 D LOWI-9.0.0.87.a: [LOWI-Scan]
12-14 03:23:12.941 1395 3862 D LOWI-9.0.0.87.a: [LOWI-Scan] print_bss_handler: Report beacon TSF 60915589 as it greater than probe TSF 60908218
12-14 03:23:12.941 1395 3862 D LOWI-9.0.0.87.a: [LOWI-Scan] decode_rsn_wpa_ie: LOWI_ENCRYPTION_TYPE_WPA_PSK
12-14 03:23:12.941 1395 3862 D LOWI-9.0.0.87.a: [LOWI-Scan] is_qcom_ie, bss_age: 0
12-14 03:23:12.941 1395 3862 D LOWI-9.0.0.87.a: [LOWI-Scan] BSS 18:6f:2d:80:dd:70 LOWI_PHY_MODE_11AC_VHT20(8), Beacon Interval: 100, LOWI_ENCRYPTION_TYPE_WPA_PSK 11mcRanging: No, ANQP: No, LCI: No, Civic: No, capability(0x0111): ESS Privacy SpectrumMgmt
12-14 03:23:12.941 1395 3862 D LOWI-9.0.0.87.a: [LOWI-Scan] BSS 18:6f:2d:80:dd:70 FREQ: 5280, cFreq1[40:80:160] = [5280:0:0] cFreq2 = 0 Country Code = CN
12-14 03:23:12.941 1395 3862 D LOWI-9.0.0.87.a: [LOWI-Scan] BSS 18:6f:2d:80:dd:70 (wlan0) ASSO: NO AddInfo: 0x1, TSF 0, 00:01:00.915, RSSI: -126, CPL: 127, AGE: 800, SSID Testing , TSFDelta: 0xf726022f, TXRate: 0
12-14 03:23:12.941 1395 3862 D LOWI-9.0.0.87.a: [LOWI-Scan]
12-14 03:23:12.941 1395 3862 D LOWI-9.0.0.87.a: [LOWI-Scan] print_bss_handler: Report beacon TSF 60916025 as it greater than probe TSF 60910398
12-14 03:23:12.941 1395 3862 D LOWI-9.0.0.87.a: [LOWI-Scan] is_qcom_ie, bss_age: 0
12-14 03:23:12.941 1395 3862 D LOWI-9.0.0.87.a: [LOWI-Scan] BSS 18:6f:2d:80:dd:71 LOWI_PHY_MODE_11AC_VHT20(8), Beacon Interval: 100, LOWI_ENCRYPTION_TYPE_OPEN 11mcRanging: No, ANQP: No, LCI: No, Civic: No, capability(0x0101): ESS SpectrumMgmt
12-14 03:23:12.941 1395 3862 D LOWI-9.0.0.87.a: [LOWI-Scan] BSS 18:6f:2d:80:dd:71 FREQ: 5280, cFreq1[40:80:160] = [5280:0:0] cFreq2 = 0 Country Code = CN
12-14 03:23:12.941 1395 3862 D LOWI-9.0.0.87.a: [LOWI-Scan] BSS 18:6f:2d:80:dd:71 (wlan0) ASSO: NO AddInfo: 0x1, TSF 0, 00:01:00.916, RSSI: -126, CPL: 127, AGE: 796, SSID Guest, TSFDelta: 0xf72dc133, TXRate: 0
12-14 03:23:12.942 1395 3862 D LOWI-9.0.0.87.a: [LOWI-Scan]
12-14 03:23:12.942 1395 3862 D LOWI-9.0.0.87.a: [LOWI-Scan] print_bss_handler: Report beacon TSF 60916321 as it greater than probe TSF 60910441
12-14 03:23:12.942 1395 3862 D LOWI-9.0.0.87.a: [LOWI-Scan] decode_rsn_wpa_ie: LOWI_ENCRYPTION_TYPE_WPA_PSK
12-14 03:23:12.942 1395 3862 D LOWI-9.0.0.87.a: [LOWI-Scan] is_qcom_ie, bss_age: 0
12-14 03:23:12.942 1395 3862 D LOWI-9.0.0.87.a: [LOWI-Scan] BSS 18:6f:2d:80:dd:72 LOWI_PHY_MODE_11AC_VHT20(8), Beacon Interval: 100, LOWI_ENCRYPTION_TYPE_WPA_PSK 11mcRanging: No, ANQP: No, LCI: No, Civic: No, capability(0x0111): ESS Privacy SpectrumMgmt
12-14 03:23:12.942 1395 3862 D LOWI-9.0.0.87.a: [LOWI-Scan] BSS 18:6f:2d:80:dd:72 FREQ: 5280, cFreq1[40:80:160] = [5280:0:0] cFreq2 = 0 Country Code = CN
12-14 03:23:12.942 1395 3862 D LOWI-9.0.0.87.a: [LOWI-Scan] BSS 18:6f:2d:80:dd:72 (wlan0) ASSO: NO AddInfo: 0x1, TSF 0, 00:01:00.916, RSSI: -126, CPL: 127, AGE: 796, SSID ZXHY, TSFDelta: 0xf73317d2, TXRate: 0
12-14 03:23:12.942 1395 3862 D LOWI-9.0.0.87.a: [LOWI-Scan]
12-14 03:23:12.942 1395 3862 D LOWI-9.0.0.87.a: [LOWI-Scan] print_bss_handler: Report beacon TSF 60916659 as it greater than probe TSF 60910504
