12-14 03:22:22.962 1485 1485 V StorageManagerService: Package com.android.soundpicker does not have legacy storage
12-14 03:22:22.963 1485 1485 V StorageManagerService: Package com.android.dreams.phototable does not have legacy storage
12-14 03:22:22.963 1485 1485 V StorageManagerService: Package com.thundercomm.screensaver does not have legacy storage
12-14 03:22:22.963 1485 1485 V StorageManagerService: Package com.android.wallpaper.livepicker does not have legacy storage
12-14 03:22:22.963 1485 1485 V StorageManagerService: Package com.android.apps.tag does not have legacy storage
12-14 03:22:22.963 1485 1485 V StorageManagerService: Package com.android.storagemanager does not have legacy storage
12-14 03:22:22.963 1485 1485 V StorageManagerService: Package com.android.bookmarkprovider does not have legacy storage
12-14 03:22:22.963 1485 1485 V StorageManagerService: Package com.android.settings does not have legacy storage
12-14 03:22:22.963 1485 1485 V StorageManagerService: Package com.android.networkstack.permissionconfig does not have legacy storage
12-14 03:22:22.963 1485 1485 V StorageManagerService: Package com.qualcomm.location does not have legacy storage
12-14 03:22:22.963 1485 1485 V StorageManagerService: Package com.android.cts.ctsshim does not have legacy storage
12-14 03:22:22.963 1485 1485 V StorageManagerService: Package com.qti.diagservices does not have legacy storage
12-14 03:22:22.963 1485 1485 V StorageManagerService: Package com.android.vpndialogs does not have legacy storage
12-14 03:22:22.963 1485 1485 V StorageManagerService: Package com.qualcomm.location.XT does not have legacy storage
12-14 03:22:22.963 1485 1485 V StorageManagerService: Package com.android.music does not have legacy storage
12-14 03:22:22.963 1485 1485 V StorageManagerService: Package com.android.shell does not have legacy storage
12-14 03:22:22.964 1485 1485 V StorageManagerService: Package com.android.wallpaperbackup does not have legacy storage
12-14 03:22:22.964 1485 1485 V StorageManagerService: Package com.android.providers.userdictionary does not have legacy storage
12-14 03:22:22.964 1485 1485 V StorageManagerService: Package com.android.providers.media.module does not have legacy storage
12-14 03:22:22.964 1485 1485 V StorageManagerService: Package com.android.emergency does not have legacy storage
12-14 03:22:22.964 1485 1485 V StorageManagerService: Package com.android.hotspot2.osulogin does not have legacy storage
12-14 03:22:22.964 1485 1485 V StorageManagerService: Package com.qualcomm.qti.qdma does not have legacy storage
12-14 03:22:22.964 1485 1485 V StorageManagerService: Package com.qualcomm.qti.xrcb does not have legacy storage
12-14 03:22:22.964 1485 1485 V StorageManagerService: Package com.android.internal.systemui.navbar.gestural does not have legacy storage
12-14 03:22:22.964 1485 1485 V StorageManagerService: Package com.android.location.fused does not have legacy storage
12-14 03:22:22.964 1485 1485 V StorageManagerService: Package com.android.deskclock does not have legacy storage
12-14 03:22:22.964 1485 1485 V StorageManagerService: Package com.android.systemui does not have legacy storage
12-14 03:22:22.964 1485 1485 V StorageManagerService: Package com.android.bluetoothmidiservice does not have legacy storage
12-14 03:22:22.964 1485 1485 V StorageManagerService: Package com.qti.ltebc does not have legacy storage
12-14 03:22:22.964 1485 1485 V StorageManagerService: Package com.android.permissioncontroller does not have legacy storage
12-14 03:22:22.964 1485 1485 V StorageManagerService: Package com.android.traceur does not have legacy storage
12-14 03:22:22.965 1485 1485 V StorageManagerService: Package com.qualcomm.qti.qccauthmgr does not have legacy storage
12-14 03:22:22.965 1485 1485 V StorageManagerService: Package com.qualcomm.qti.qms.service.trustzoneaccess does not have legacy storage
12-14 03:22:22.965 1485 1485 V StorageManagerService: Package com.qualcomm.qtil.aptxui does not have legacy storage
12-14 03:22:22.965 1485 1485 V StorageManagerService: Package com.android.bluetooth does not have legacy storage
12-14 03:22:22.965 1485 1485 V StorageManagerService: Package com.qualcomm.timeservice does not have legacy storage
12-14 03:22:22.965 1485 1485 V StorageManagerService: Package com.qualcomm.embms does not have legacy storage
12-14 03:22:22.965 1485 1485 V StorageManagerService: Package com.android.providers.contacts does not have legacy storage
12-14 03:22:22.965 1485 1485 V StorageManagerService: Package com.android.captiveportallogin does not have legacy storage
12-14 03:22:22.966 1485 1485 V StorageManagerService: Package com.android.internal.systemui.navbar.gestural_narrow_back does not have legacy storage
12-14 03:22:22.966 1485 1485 V StorageManagerService: Package com.android.cellbroadcastreceiver.overlay.common does not have legacy storage
12-14 03:22:22.966 1485 1485 I SystemServerTiming: ssm.onStartUser-0_com.android.server.usage.StorageStatsService$Lifecycle
12-14 03:22:22.966 1485 1485 I SystemServerTiming: ssm.onStartUser-0_com.android.server.UiModeManagerService
12-14 03:22:22.966 1485 1485 I SystemServerTiming: ssm.onStartUser-0_com.android.server.locksettings.LockSettingsService$Lifecycle
12-14 03:22:22.966 1485 1485 I SystemServerTiming: ssm.onStartUser-0_com.android.server.PersistentDataBlockService
12-14 03:22:22.966 1485 1485 I SystemServerTiming: ssm.onStartUser-0_com.android.server.testharness.TestHarnessModeService
12-14 03:22:22.966 1485 1485 I SystemServerTiming: ssm.onStartUser-0_com.android.server.oemlock.OemLockService
12-14 03:22:22.966 1485 1485 I SystemServerTiming: ssm.onStartUser-0_com.android.server.DeviceIdleController
12-14 03:22:22.966 1485 1485 I SystemServerTiming: ssm.onStartUser-0_com.android.server.devicepolicy.DevicePolicyManagerService$Lifecycle
12-14 03:22:22.966 1485 1485 I SystemServerTiming: ssm.onStartUser-0_com.android.server.texttospeech.TextToSpeechManagerService
12-14 03:22:22.966 1485 1485 I SystemServerTiming: ssm.onStartUser-0_com.android.server.speech.SpeechRecognitionManagerService
12-14 03:22:22.966 1485 1485 I SystemServerTiming: ssm.onStartUser-0_com.android.server.searchui.SearchUiManagerService
12-14 03:22:22.966 1485 1485 I SystemServerTiming: ssm.onStartUser-0_com.android.server.smartspace.SmartspaceManagerService
12-14 03:22:22.966 1485 1485 I SystemServerTiming: ssm.onStartUser-0_com.android.server.graphics.fonts.FontManagerService$Lifecycle
12-14 03:22:22.966 1485 1485 I SystemServerTiming: ssm.onStartUser-0_com.android.server.textservices.TextServicesManagerService$Lifecycle
12-14 03:22:22.967 1485 1485 I SystemServerTiming: ssm.onStartUser-0_com.android.server.textclassifier.TextClassificationManagerService$Lifecycle
12-14 03:22:22.967 1485 1485 I SystemServerTiming: ssm.onStartUser-0_com.android.server.NetworkScoreService$Lifecycle
12-14 03:22:22.967 1485 1485 I SystemServerTiming: ssm.onStartUser-0_com.android.server.wifi.WifiService
12-14 03:22:22.967 1485 1485 I SystemServerTiming: ssm.onStartUser-0_com.android.server.wifi.scanner.WifiScanningService
12-14 03:22:22.967 1485 1485 I SystemServerTiming: ssm.onStartUser-0_com.android.server.wifi.rtt.RttService
12-14 03:22:22.967 1485 1485 I SystemServerTiming: ssm.onStartUser-0_com.android.server.wifi.aware.WifiAwareService
12-14 03:22:22.967 1485 1485 I SystemServerTiming: ssm.onStartUser-0_com.android.server.wifi.p2p.WifiP2pService
12-14 03:22:22.967 1485 1485 I SystemServerTiming: ssm.onStartUser-0_com.android.server.ethernet.EthernetService
12-14 03:22:22.967 1485 1485 I SystemServerTiming: ssm.onStartUser-0_com.android.server.ConnectivityServiceInitializer
12-14 03:22:22.967 1485 1485 I SystemServerTiming: ssm.onStartUser-0_com.android.server.notification.NotificationManagerService
12-14 03:22:22.967 1485 1485 I SystemServerTiming: ssm.onStartUser-0_com.android.server.storage.DeviceStorageMonitorService
12-14 03:22:22.967 1485 1485 I SystemServerTiming: ssm.onStartUser-0_com.android.server.location.LocationManagerService$Lifecycle
12-14 03:22:22.968 1485 1485 I SystemServerTiming: ssm.onStartUser-0_com.android.server.timedetector.TimeDetectorService$Lifecycle
12-14 03:22:22.968 1485 1485 I SystemServerTiming: ssm.onStartUser-0_com.android.server.timezonedetector.TimeZoneDetectorService$Lifecycle
12-14 03:22:22.968 1485 1485 I SystemServerTiming: ssm.onStartUser-0_com.android.server.timezonedetector.location.LocationTimeZoneManagerService$Lifecycle
12-14 03:22:22.968 1485 1485 I SystemServerTiming: ssm.onStartUser-0_com.android.server.search.SearchManagerService$Lifecycle
12-14 03:22:22.968 1485 1485 I SystemServerTiming: ssm.onStartUser-0_com.android.server.wallpaper.WallpaperManagerService$Lifecycle
12-14 03:22:22.968 1485 1485 I SystemServerTiming: ssm.onStartUser-0_com.android.server.audio.AudioService$Lifecycle
12-14 03:22:22.968 1485 1485 I SystemServerTiming: ssm.onStartUser-0_com.android.server.soundtrigger_middleware.SoundTriggerMiddlewareService$Lifecycle
12-14 03:22:22.968 1485 1485 I SystemServerTiming: ssm.onStartUser-0_com.android.server.DockObserver
12-14 03:22:22.968 1485 1485 I SystemServerTiming: ssm.onStartUser-0_com.android.server.midi.MidiService$Lifecycle
12-14 03:22:22.968 1485 1485 I SystemServerTiming: ssm.onStartUser-0_com.android.server.adb.AdbService$Lifecycle
12-14 03:22:22.968 1485 1485 I SystemServerTiming: ssm.onStartUser-0_com.android.server.usb.UsbService$Lifecycle
12-14 03:22:22.968 1485 1485 I SystemServerTiming: ssm.onStartUser-0_com.android.server.twilight.TwilightService
12-14 03:22:22.968 1485 1485 I SystemServerTiming: ssm.onStartUser-0_com.android.server.display.color.ColorDisplayService
12-14 03:22:22.968 2031 2031 D iorap.prefetcherd: Installing minijail
12-14 03:22:22.968 1485 1485 I SystemServerTiming: ssm.onStartUser-0_com.android.server.job.JobSchedulerService
12-14 03:22:22.968 1485 1485 I SystemServerTiming: ssm.onStartUser-0_com.android.server.soundtrigger.SoundTriggerService
12-14 03:22:22.968 1485 1485 I SystemServerTiming: ssm.onStartUser-0_com.android.server.trust.TrustManagerService
12-14 03:22:22.968 1485 1485 I SystemServerTiming: ssm.onStartUser-0_com.android.server.backup.BackupManagerService$Lifecycle
12-14 03:22:22.968 1485 1485 I SystemServerTiming: ssm.onStartUser-0_com.android.server.appwidget.AppWidgetService
12-14 03:22:22.968 1485 1485 I SystemServerTiming: ssm.onStartUser-0_com.android.server.voiceinteraction.VoiceInteractionManagerService
12-14 03:22:22.968 1485 1577 W ActivityManager: Slow operation: 112ms so far, now at startProcess: returned from zygote!
12-14 03:22:22.968 1485 1577 W ActivityManager: Slow operation: 112ms so far, now at startProcess: done updating battery stats
12-14 03:22:22.968 1485 1485 W VoiceInteractionManager: no available voice recognition services found for user 0
12-14 03:22:22.968 1485 1577 W ActivityManager: Slow operation: 112ms so far, now at startProcess: building log message
12-14 03:22:22.968 2031 2031 W iorap.prefetcherd: No seccomp filter defined for this architecture.
12-14 03:22:22.968 1485 1577 I ActivityManager: Start proc 2044:WebViewLoader-armeabi-v7a/1037 [android.webkit.WebViewLibraryLoader$RelroFileCreator] for null
12-14 03:22:22.968 1485 1577 W ActivityManager: Slow operation: 113ms so far, now at startProcess: starting to update pids map
12-14 03:22:22.969 1485 1577 W ActivityManager: Slow operation: 113ms so far, now at startProcess: done updating pids map
12-14 03:22:22.969 1485 1577 W ActivityManager: Slow operation: 112ms so far, now at startProcess: asking zygote to start proc
12-14 03:22:22.970 1485 1485 I SystemServerTiming: ssm.onStartUser-0_com.android.server.apphibernation.AppHibernationService
12-14 03:22:22.970 1485 1485 I SystemServerTiming: ssm.onStartUser-0_com.android.server.GestureLauncherService
12-14 03:22:22.970 1485 1485 I SystemServerTiming: ssm.onStartUser-0_com.android.server.SensorNotificationService
12-14 03:22:22.970 1485 1485 I SystemServerTiming: ssm.onStartUser-0_com.android.server.emergency.EmergencyAffordanceService
12-14 03:22:22.970 1485 1485 I SystemServerTiming: ssm.onStartUser-0_com.android.server.blob.BlobStoreManagerService
12-14 03:22:22.970 1485 1485 I SystemServerTiming: ssm.onStartUser-0_com.android.server.dreams.DreamManagerService
12-14 03:22:22.970 1485 1485 I SystemServerTiming: ssm.onStartUser-0_com.android.server.companion.CompanionDeviceManagerService
12-14 03:22:22.970 1485 1485 I SystemServerTiming: ssm.onStartUser-0_com.android.server.restrictions.RestrictionsManagerService
12-14 03:22:22.970 1485 1485 I SystemServerTiming: ssm.onStartUser-0_com.android.server.media.MediaSessionService
12-14 03:22:22.970 1485 1485 I SystemServerTiming: ssm.onStartUser-0_com.android.server.media.MediaResourceMonitorService
12-14 03:22:22.970 1485 1485 I SystemServerTiming: ssm.onStartUser-0_com.android.server.biometrics.sensors.fingerprint.FingerprintService
12-14 03:22:22.970 1485 1485 I SystemServerTiming: ssm.onStartUser-0_com.android.server.biometrics.BiometricService
12-14 03:22:22.970 1485 1485 I SystemServerTiming: ssm.onStartUser-0_com.android.server.biometrics.AuthService
12-14 03:22:22.970 1485 1485 I SystemServerTiming: ssm.onStartUser-0_com.android.server.pm.ShortcutService$Lifecycle
12-14 03:22:22.970 1485 1485 I SystemServerTiming: ssm.onStartUser-0_com.android.server.pm.LauncherAppsService
12-14 03:22:22.970 1485 1485 I SystemServerTiming: ssm.onStartUser-0_com.android.server.pm.CrossProfileAppsService
12-14 03:22:22.970 1485 1485 I SystemServerTiming: ssm.onStartUser-0_com.android.server.people.PeopleService
12-14 03:22:22.970 1485 1485 I SystemServerTiming: ssm.onStartUser-0_com.android.server.media.metrics.MediaMetricsManagerService
12-14 03:22:22.970 1485 1485 I SystemServerTiming: ssm.onStartUser-0_com.android.server.media.projection.MediaProjectionManagerService
12-14 03:22:22.970 1485 1485 I SystemServerTiming: ssm.onStartUser-0_com.android.server.slice.SliceManagerService$Lifecycle
12-14 03:22:22.970 1485 1485 I SystemServerTiming: ssm.onStartUser-0_com.android.server.stats.StatsCompanion$Lifecycle
12-14 03:22:22.970 1485 1485 I SystemServerTiming: ssm.onStartUser-0_com.android.server.scheduling.RebootReadinessManagerService$Lifecycle
12-14 03:22:22.971 1485 1485 I SystemServerTiming: ssm.onStartUser-0_com.android.server.stats.pull.StatsPullAtomService
12-14 03:22:22.971 1485 1485 I SystemServerTiming: ssm.onStartUser-0_com.android.server.incident.IncidentCompanionService
12-14 03:22:22.971 1485 1485 I SystemServerTiming: ssm.onStartUser-0_com.android.server.MmsServiceBroker
12-14 03:22:22.971 1485 1485 I SystemServerTiming: ssm.onStartUser-0_com.android.server.autofill.AutofillManagerService
12-14 03:22:22.971 1485 1485 I SystemServerTiming: ssm.onStartUser-0_com.android.server.clipboard.ClipboardService
12-14 03:22:22.971 1485 1485 I SystemServerTiming: ssm.onStartUser-0_com.android.server.appbinding.AppBindingService$Lifecycle
12-14 03:22:22.971 1485 1485 W AppBindingService: [Default SMS app] u0 Target package not found
12-14 03:22:22.971 1485 1485 I SystemServerTiming: ssm.onStartUser-0_com.android.server.tracing.TracingServiceProxy
12-14 03:22:22.971 1485 1485 I SystemServerTiming: ssm.onStartUser-0_com.android.server.policy.PermissionPolicyService
12-14 03:22:22.971 1485 1485 I SystemServerTiming: ssm.onStartUser-0_com.android.server.pm.StagingManager$Lifecycle
12-14 03:22:22.971 1485 1485 I SystemServerTiming: ssm.onStartUser-0_com.android.server.app.GameManagerService$Lifecycle
12-14 03:22:22.972 1485 1577 W ActivityManager: Slow operation: 115ms so far, now at startProcess: returned from zygote!
12-14 03:22:22.972 1485 1577 W ActivityManager: Slow operation: 115ms so far, now at startProcess: done updating battery stats
12-14 03:22:22.972 1485 1577 W ActivityManager: Slow operation: 115ms so far, now at startProcess: building log message
12-14 03:22:22.972 1485 1577 I ActivityManager: Start proc 2045:WebViewLoader-arm64-v8a/1037 [android.webkit.WebViewLibraryLoader$RelroFileCreator] for null
12-14 03:22:22.972 1485 1577 W ActivityManager: Slow operation: 115ms so far, now at startProcess: starting to update pids map
12-14 03:22:22.973 1485 1577 W ActivityManager: Slow operation: 116ms so far, now at startProcess: done updating pids map
12-14 03:22:22.973 1485 1485 V GameManagerService: Settings file doesn't exists, skip reading
12-14 03:22:22.973 1485 1485 I SystemServerTiming: ssm.onStartUser-0_com.android.server.appsearch.AppSearchManagerService
12-14 03:22:22.973 1485 1485 I SystemServerTiming: ssm.onStartUser-0_com.android.server.media.MediaCommunicationService
12-14 03:22:22.973 1485 1485 I SystemServerTiming: startPersistentApps
12-14 03:22:22.974 1485 1485 D CompatibilityChangeReporter: Compat change id reported: 135754954; UID 1000; state: ENABLED
12-14 03:22:22.976 1485 1485 D CompatibilityChangeReporter: Compat change id reported: 135634846; UID 1001; state: DISABLED
12-14 03:22:22.976 1485 1485 D CompatibilityChangeReporter: Compat change id reported: 177438394; UID 1001; state: DISABLED
12-14 03:22:22.976 1485 1485 D CompatibilityChangeReporter: Compat change id reported: 135772972; UID 1001; state: DISABLED
12-14 03:22:22.976 1485 1485 D CompatibilityChangeReporter: Compat change id reported: 135754954; UID 1001; state: ENABLED
12-14 03:22:22.977 1485 1485 D CompatibilityChangeReporter: Compat change id reported: 135634846; UID 10054; state: DISABLED
12-14 03:22:22.977 1485 1485 D CompatibilityChangeReporter: Compat change id reported: 177438394; UID 10054; state: DISABLED
12-14 03:22:22.977 1485 1485 D CompatibilityChangeReporter: Compat change id reported: 135772972; UID 10054; state: DISABLED
12-14 03:22:22.977 1485 1485 D CompatibilityChangeReporter: Compat change id reported: 135754954; UID 10054; state: DISABLED
12-14 03:22:22.988 1485 1485 D CompatibilityChangeReporter: Compat change id reported: 135634846; UID 10084; state: DISABLED
12-14 03:22:22.989 1485 1485 D CompatibilityChangeReporter: Compat change id reported: 177438394; UID 10084; state: DISABLED
12-14 03:22:22.989 1485 1485 D CompatibilityChangeReporter: Compat change id reported: 135772972; UID 10084; state: DISABLED
12-14 03:22:22.989 1485 1485 D CompatibilityChangeReporter: Compat change id reported: 135754954; UID 10084; state: DISABLED
12-14 03:22:22.991 1485 1485 D CompatibilityChangeReporter: Compat change id reported: 135634846; UID 1068; state: DISABLED
12-14 03:22:22.994 1485 1485 D CompatibilityChangeReporter: Compat change id reported: 135634846; UID 10069; state: DISABLED
12-14 03:22:22.994 1485 1485 D CompatibilityChangeReporter: Compat change id reported: 177438394; UID 10069; state: DISABLED
12-14 03:22:22.995 1485 1485 D CompatibilityChangeReporter: Compat change id reported: 135772972; UID 10069; state: DISABLED
12-14 03:22:22.995 1485 1485 D CompatibilityChangeReporter: Compat change id reported: 135754954; UID 10069; state: ENABLED
12-14 03:22:22.996 1485 1485 I SystemServerTiming: startHomeOnAllDisplays
01-01 08:21:46.556 0 0 I binder : 2044:2044 ioctl 40046210 ffd5e168 returned -22
12-14 03:22:22.997 1485 1485 I ActivityTaskManager: START u0 {act=android.intent.action.MAIN cat=[android.intent.category.HOME] flg=0x10000100 cmp=com.android.settings/.FallbackHome (has extras)} from uid 0
01-01 08:21:46.558 0 0 I binder : 2045:2045 ioctl 40046210 7fef98ccd4 returned -22
12-14 03:22:23.003 1485 1485 D CompatibilityChangeReporter: Compat change id reported: 174042980; UID 1000; state: DISABLED
01-01 08:21:46.567 0 0 E init : Control message: Could not find 'vendor.qti.hardware.iop@2.0::IIop/default' for ctl.interface_start from pid: 501 (/system/bin/hwservicemanager)
01-01 08:21:46.570 0 0 I binder : 2046:2046 ioctl 40046210 7fef98ccd4 returned -22
12-14 03:22:23.022 1485 1574 D CountryDetector: Using custom country detector class: com.android.server.location.ComprehensiveCountryDetector
12-14 03:22:23.022 1485 1574 E CountryDetector: Could not instantiate the custom country detector class
12-14 03:22:23.022 1485 1574 D CountryDetector: Using default country detector
12-14 03:22:23.024 1485 2090 W ContextImpl: Calling a method in the system process without a qualified user: android.app.ContextImpl.bindService:1895 android.content.ContextWrapper.bindService:810 com.qualcomm.qti.activityextension.ActivityNotifier.bindToDynamicDDSService:103 com.qualcomm.qti.activityextension.ActivityNotifier.handleSendActivityInvokeNotification:184 com.qualcomm.qti.activityextension.ActivityNotifier.access$300:26
12-14 03:22:23.025 1485 1485 I ActivityTaskManager: FOREGROUND_APPLICATION_CHANGED to com.android.settings.FallbackHome
12-14 03:22:23.026 1485 1485 I SystemServerTiming: showSystemReadyErrorDialogs
12-14 03:22:23.052 1485 1485 I SystemServerTiming: sendUserStartBroadcast
12-14 03:22:23.052 1485 1485 I SystemServerTiming: resumeTopActivities
12-14 03:22:23.053 1485 1485 I SystemServerTiming: sendUserSwitchBroadcasts
12-14 03:22:23.053 1485 1485 I SystemServerTiming: setBinderProxies
12-14 03:22:23.053 1485 1485 I SystemServerTiming: StartSystemUI
12-14 03:22:23.053 1485 1577 W ActivityManager: Slow operation: 117ms so far, now at startProcess: done updating battery stats
12-14 03:22:23.053 1485 1577 W ActivityManager: Slow operation: 117ms so far, now at startProcess: building log message
12-14 03:22:23.053 1485 1577 I ActivityManager: Start proc 2046:com.android.networkstack.process/1073 for service {com.android.networkstack/com.android.server.NetworkStackService}
12-14 03:22:23.053 1485 1577 W ActivityManager: Slow operation: 117ms so far, now at startProcess: starting to update pids map
12-14 03:22:23.053 1485 1577 W ActivityManager: Slow operation: 117ms so far, now at startProcess: done updating pids map
12-14 03:22:23.053 1485 1577 W ActivityManager: Slow operation: 81ms so far, now at startProcess: asking zygote to start proc
01-01 08:21:46.621 0 0 I binder : 1198:1198 ioctl 40046210 7fd42df9e4 returned -22
01-01 08:21:46.624 0 0 E init : Control message: Could not find 'vendor.qti.hardware.iop@2.0::IIop/default' for ctl.interface_start from pid: 501 (/system/bin/hwservicemanager)
12-14 03:22:23.065 1485 1512 D CompatibilityChangeReporter: Compat change id reported: 181136395; UID 1000; state: DISABLED
12-14 03:22:23.065 1485 1577 W ActivityManager: Slow operation: 92ms so far, now at startProcess: returned from zygote!
12-14 03:22:23.065 1485 1512 D CompatibilityChangeReporter: Compat change id reported: 174042936; UID 1000; state: DISABLED
12-14 03:22:23.067 1485 1742 D CompatibilityChangeReporter: Compat change id reported: 168419799; UID 1073; state: DISABLED
12-14 03:22:23.070 1485 1742 D CompatibilityChangeReporter: Compat change id reported: 168419799; UID 1073; state: DISABLED
12-14 03:22:23.071 1485 1561 D CompatibilityChangeReporter: Compat change id reported: 135634846; UID 1000; state: DISABLED
12-14 03:22:23.071 1485 1561 D CompatibilityChangeReporter: Compat change id reported: 177438394; UID 1000; state: DISABLED
12-14 03:22:23.071 1485 1561 D CompatibilityChangeReporter: Compat change id reported: 135772972; UID 1000; state: DISABLED
12-14 03:22:23.071 1485 1561 D CompatibilityChangeReporter: Compat change id reported: 135754954; UID 1000; state: ENABLED
12-14 03:22:23.072 1485 2090 W ContextImpl: Calling a method in the system process without a qualified user: android.app.ContextImpl.bindService:1895 android.content.ContextWrapper.bindService:810 com.qualcomm.qti.activityextension.ActivityNotifier.bindToDynamicDDSService:103 com.qualcomm.qti.activityextension.ActivityNotifier.handleSendActivityInvokeNotification:184 com.qualcomm.qti.activityextension.ActivityNotifier.access$300:26
12-14 03:22:23.072 1485 1577 W ActivityManager: Slow operation: 99ms so far, now at startProcess: done updating battery stats
12-14 03:22:23.072 1485 1577 W ActivityManager: Slow operation: 100ms so far, now at startProcess: building log message
12-14 03:22:23.072 1485 1577 I ActivityManager: Start proc 2098:com.thundercomm.microservice/1000 for added application com.thundercomm.microservice
12-14 03:22:23.072 1485 1577 W ActivityManager: Slow operation: 100ms so far, now at startProcess: starting to update pids map
12-14 03:22:23.072 1485 1577 W ActivityManager: Slow operation: 100ms so far, now at startProcess: done updating pids map
12-14 03:22:23.072 1485 1577 W ActivityManager: Slow operation: 98ms so far, now at startProcess: asking zygote to start proc
12-14 03:22:23.081 1485 2074 W PackageManager: Loading a package that does not exist for the calling user. package=null, user=0
12-14 03:22:23.082 1485 2074 W PackageManager: Loading a package that does not exist for the calling user. package=null, user=0
12-14 03:22:23.082 1485 1485 I SystemServerTiming: startMicroService
12-14 03:22:23.084 1485 1485 I SystemServerTiming: startRemoteControlService
12-14 03:22:23.084 1485 2090 W ContextImpl: Calling a method in the system process without a qualified user: android.app.ContextImpl.bindService:1895 android.content.ContextWrapper.bindService:810 com.qualcomm.qti.activityextension.ActivityNotifier.bindToDynamicDDSService:103 com.qualcomm.qti.activityextension.ActivityNotifier.handleSendActivityInvokeNotification:184 com.qualcomm.qti.activityextension.ActivityNotifier.access$300:26
12-14 03:22:23.085 1485 1577 W ActivityManager: Slow operation: 110ms so far, now at startProcess: returned from zygote!
12-14 03:22:23.087 1485 1577 W ActivityManager: Slow operation: 112ms so far, now at startProcess: done updating battery stats
12-14 03:22:23.087 1485 1577 W ActivityManager: Slow operation: 112ms so far, now at startProcess: building log message
12-14 03:22:23.087 1485 1577 I ActivityManager: Start proc 2105:com.thundercomm.microsettings/1000 for added application com.thundercomm.microsettings
12-14 03:22:23.087 1485 1577 W ActivityManager: Slow operation: 112ms so far, now at startProcess: starting to update pids map
12-14 03:22:23.087 1485 1577 W ActivityManager: Slow operation: 112ms so far, now at startProcess: done updating pids map
12-14 03:22:23.087 1485 1577 W ActivityManager: Slow operation: 111ms so far, now at startProcess: asking zygote to start proc
12-14 03:22:23.088 1485 1485 I SystemServerTiming: startTcService
12-14 03:22:23.091 1485 1485 W Looper : Slow delivery took 1828ms main h=android.app.PropertyInvalidatedCache$AutoCorker$1 c=null m=0
12-14 03:22:23.093 1485 1577 W ActivityManager: Slow operation: 117ms so far, now at startProcess: returned from zygote!
12-14 03:22:23.093 1485 1577 W ActivityManager: Slow operation: 117ms so far, now at startProcess: done updating battery stats
12-14 03:22:23.093 1485 1577 W ActivityManager: Slow operation: 117ms so far, now at startProcess: building log message
12-14 03:22:23.093 1485 1577 I ActivityManager: Start proc 2108:.dataservices/1001 for added application .dataservices
12-14 03:22:23.093 1485 1577 W ActivityManager: Slow operation: 117ms so far, now at startProcess: starting to update pids map
12-14 03:22:23.093 1485 1577 W ActivityManager: Slow operation: 117ms so far, now at startProcess: done updating pids map
12-14 03:22:23.093 1485 1577 W ActivityManager: Slow operation: 116ms so far, now at startProcess: asking zygote to start proc
12-14 03:22:23.093 1485 1577 D CompatibilityChangeReporter: Compat change id reported: 143937733; UID 10054; state: DISABLED
12-14 03:22:23.101 1485 1485 D ConditionProviders.SCP: onConnected
12-14 03:22:23.102 1485 1485 I GameModeConfig: isGameModeOn = false
12-14 03:22:23.102 1485 1485 D ConditionProviders: Subscribing to condition://android/event?userId=-10000&calendar=&reply=1 with ComponentInfo{android/com.android.server.notification.EventConditionProvider}
12-14 03:22:23.103 1485 1485 D ConditionProviders: Subscribing to condition://android/schedule?days=1.2.3.4.5.6.7&start=22.0&end=7.0&exitAtAlarm=true with ComponentInfo{android/com.android.server.notification.ScheduleConditionProvider}
01-01 08:21:46.667 0 0 E init : Control message: Could not find 'vendor.qti.hardware.iop@2.0::IIop/default' for ctl.interface_start from pid: 501 (/system/bin/hwservicemanager)
12-14 03:22:23.108 1485 1577 W ActivityManager: Slow operation: 131ms so far, now at startProcess: returned from zygote!
01-01 08:21:46.670 0 0 I binder : 2098:2098 ioctl 40046210 7fef98ccd4 returned -22
12-14 03:22:23.109 1485 1485 D CompatibilityChangeReporter: Compat change id reported: 135634846; UID 10096; state: DISABLED
12-14 03:22:23.109 1485 1485 D CompatibilityChangeReporter: Compat change id reported: 177438394; UID 10096; state: DISABLED
12-14 03:22:23.110 1485 1485 D CompatibilityChangeReporter: Compat change id reported: 135772972; UID 10096; state: DISABLED
12-14 03:22:23.110 1485 1485 D CompatibilityChangeReporter: Compat change id reported: 135754954; UID 10096; state: ENABLED
12-14 03:22:23.110 1485 1577 W ActivityManager: Slow operation: 133ms so far, now at startProcess: done updating battery stats
12-14 03:22:23.110 1485 1577 W ActivityManager: Slow operation: 133ms so far, now at startProcess: building log message
12-14 03:22:23.110 1485 1577 I ActivityManager: Start proc 2129:.qtidataservices/u0a54 for added application .qtidataservices
12-14 03:22:23.110 1485 1577 W ActivityManager: Slow operation: 133ms so far, now at startProcess: starting to update pids map
12-14 03:22:23.111 1485 1577 W ActivityManager: Slow operation: 134ms so far, now at startProcess: done updating pids map
12-14 03:22:23.111 1485 1577 W ActivityManager: Slow operation: 133ms so far, now at startProcess: asking zygote to start proc
12-14 03:22:23.112 1485 1485 I GameModeConfig: isGameModeOn = false
12-14 03:22:23.113 1485 2074 D CompatibilityChangeReporter: Compat change id reported: 168419799; UID 1000; state: DISABLED
01-01 08:21:46.675 0 0 I binder : 2105:2105 ioctl 40046210 7fef98ccd4 returned -22
12-14 03:22:23.116 1485 1577 W ActivityManager: Slow operation: 138ms so far, now at startProcess: returned from zygote!
12-14 03:22:23.116 1485 1577 W ActivityManager: Slow operation: 138ms so far, now at startProcess: done updating battery stats
12-14 03:22:23.116 1485 1577 W ActivityManager: Slow operation: 139ms so far, now at startProcess: building log message
12-14 03:22:23.116 1485 1577 I ActivityManager: Start proc 2150:com.thundercomm.tchttpserver/1000 for added application com.thundercomm.tchttpserver
12-14 03:22:23.116 1485 1577 W ActivityManager: Slow operation: 139ms so far, now at startProcess: starting to update pids map
12-14 03:22:23.117 1485 1577 W ActivityManager: Slow operation: 139ms so far, now at startProcess: done updating pids map
12-14 03:22:23.117 1485 1577 W ActivityManager: Slow operation: 138ms so far, now at startProcess: asking zygote to start proc
01-01 08:21:46.679 0 0 I binder : 2108:2108 ioctl 40046210 7fef98ccd4 returned -22
12-14 03:22:23.122 1485 2074 D CompatibilityChangeReporter: Compat change id reported: 168419799; UID 1000; state: DISABLED
12-14 03:22:23.126 1485 1742 D CompatibilityChangeReporter: Compat change id reported: 168419799; UID 1001; state: DISABLED
12-14 03:22:23.128 1485 1742 D CompatibilityChangeReporter: Compat change id reported: 168419799; UID 1001; state: DISABLED
12-14 03:22:23.132 1485 1577 W ActivityManager: Slow operation: 153ms so far, now at startProcess: returned from zygote!
12-14 03:22:23.132 1485 1577 W ActivityManager: Slow operation: 153ms so far, now at startProcess: done updating battery stats
12-14 03:22:23.132 1485 1577 W ActivityManager: Slow operation: 153ms so far, now at startProcess: building log message
12-14 03:22:23.132 1485 1577 I ActivityManager: Start proc 2162:com.tc.logclient/1000 for added application com.tc.logclient
12-14 03:22:23.132 1485 1577 W ActivityManager: Slow operation: 153ms so far, now at startProcess: starting to update pids map
12-14 03:22:23.132 1485 1577 W ActivityManager: Slow operation: 153ms so far, now at startProcess: done updating pids map
12-14 03:22:23.132 1485 1577 W ActivityManager: Slow operation: 152ms so far, now at startProcess: asking zygote to start proc
12-14 03:22:23.138 1485 1577 W ActivityManager: Slow operation: 158ms so far, now at startProcess: returned from zygote!
12-14 03:22:23.138 1485 1577 W ActivityManager: Slow operation: 158ms so far, now at startProcess: done updating battery stats
12-14 03:22:23.138 1485 1577 W ActivityManager: Slow operation: 158ms so far, now at startProcess: building log message
12-14 03:22:23.138 1485 1577 I ActivityManager: Start proc 2173:com.thundercomm.tcsetupwizard/1000 for added application com.thundercomm.tcsetupwizard
12-14 03:22:23.138 1485 1577 W ActivityManager: Slow operation: 158ms so far, now at startProcess: starting to update pids map
12-14 03:22:23.140 1485 1577 W ActivityManager: Slow operation: 160ms so far, now at startProcess: done updating pids map
12-14 03:22:23.140 1485 1577 W ActivityManager: Slow operation: 158ms so far, now at startProcess: asking zygote to start proc
12-14 03:22:23.147 1485 1577 W ActivityManager: Slow operation: 165ms so far, now at startProcess: returned from zygote!
12-14 03:22:23.147 1485 1577 W ActivityManager: Slow operation: 165ms so far, now at startProcess: done updating battery stats
12-14 03:22:23.147 1485 1577 W ActivityManager: Slow operation: 165ms so far, now at startProcess: building log message
12-14 03:22:23.147 1485 1577 I ActivityManager: Start proc 2176:vendor.qti.qesdk.sysservice/1000 for added application vendor.qti.qesdk.sysservice
12-14 03:22:23.147 1485 1577 W ActivityManager: Slow operation: 165ms so far, now at startProcess: starting to update pids map
01-01 08:21:46.709 0 0 I binder : 2150:2150 ioctl 40046210 7fef98ccd4 returned -22
12-14 03:22:23.147 1485 1577 W ActivityManager: Slow operation: 165ms so far, now at startProcess: done updating pids map
12-14 03:22:23.147 1485 1577 W ActivityManager: Slow operation: 161ms so far, now at startProcess: asking zygote to start proc
12-14 03:22:23.147 1485 1577 D CompatibilityChangeReporter: Compat change id reported: 143937733; UID 10084; state: DISABLED
01-01 08:21:46.725 0 0 I binder : 2176:2176 ioctl 40046210 7fef98ccd4 returned -22
01-01 08:21:46.725 0 0 I binder : 2129:2129 ioctl 40046210 7fef98ccd4 returned -22
12-14 03:22:23.157 1485 2074 D CompatibilityChangeReporter: Compat change id reported: 168419799; UID 1000; state: DISABLED
01-01 08:21:46.733 0 0 E init : Control message: Could not find 'vendor.qti.hardware.iop@2.0::IIop/default' for ctl.interface_start from pid: 501 (/system/bin/hwservicemanager)
12-14 03:22:23.171 1485 1577 W ActivityManager: Slow operation: 184ms so far, now at startProcess: returned from zygote!
12-14 03:22:23.171 1485 1577 W ActivityManager: Slow operation: 184ms so far, now at startProcess: done updating battery stats
12-14 03:22:23.171 1485 1577 W ActivityManager: Slow operation: 184ms so far, now at startProcess: building log message
12-14 03:22:23.171 1485 1577 I ActivityManager: Start proc 2228:com.qti.qualcomm.mstatssystemservice/u0a84 for added application com.qti.qualcomm.mstatssystemservice
12-14 03:22:23.171 1485 1577 W ActivityManager: Slow operation: 184ms so far, now at startProcess: starting to update pids map
12-14 03:22:23.171 1485 1577 W ActivityManager: Slow operation: 185ms so far, now at startProcess: done updating pids map
12-14 03:22:23.171 1485 1577 W ActivityManager: Slow operation: 182ms so far, now at startProcess: asking zygote to start proc
12-14 03:22:23.173 1485 2074 D CompatibilityChangeReporter: Compat change id reported: 168419799; UID 1000; state: DISABLED
01-01 08:21:46.734 0 0 I binder : 2173:2173 ioctl 40046210 7fef98ccd4 returned -22
12-14 03:22:23.177 1485 1577 W ActivityManager: Slow operation: 188ms so far, now at startProcess: returned from zygote!
12-14 03:22:23.181 1485 1512 D CompatibilityChangeReporter: Compat change id reported: 168419799; UID 10054; state: DISABLED
01-01 08:21:46.742 0 0 I binder : 2162:2162 ioctl 40046210 7fef98ccd4 returned -22
12-14 03:22:23.183 1485 1577 W ActivityManager: Slow operation: 193ms so far, now at startProcess: done updating battery stats
12-14 03:22:23.183 1485 1577 W ActivityManager: Slow operation: 193ms so far, now at startProcess: building log message
12-14 03:22:23.183 1485 1577 I ActivityManager: Start proc 2236:com.android.se/1068 for added application com.android.se
12-14 03:22:23.183 1485 1577 W ActivityManager: Slow operation: 193ms so far, now at startProcess: starting to update pids map
12-14 03:22:23.183 1485 1577 W ActivityManager: Slow operation: 193ms so far, now at startProcess: done updating pids map
12-14 03:22:23.183 1485 1577 W ActivityManager: Slow operation: 191ms so far, now at startProcess: asking zygote to start proc
12-14 03:22:23.184 1485 2070 D CompatibilityChangeReporter: Compat change id reported: 168419799; UID 1000; state: DISABLED
12-14 03:22:23.188 1485 2074 D CompatibilityChangeReporter: Compat change id reported: 168419799; UID 1000; state: DISABLED
12-14 03:22:23.188 1485 1577 W ActivityManager: Slow operation: 196ms so far, now at startProcess: returned from zygote!
01-01 08:21:46.755 0 0 E init : Control message: Could not find 'vendor.qti.hardware.iop@2.0::IIop/default' for ctl.interface_start from pid: 501 (/system/bin/hwservicemanager)
12-14 03:22:23.192 1485 1577 W ActivityManager: Slow operation: 201ms so far, now at startProcess: done updating battery stats
12-14 03:22:23.192 1485 1577 W ActivityManager: Slow operation: 201ms so far, now at startProcess: building log message
12-14 03:22:23.192 1485 1577 I ActivityManager: Start proc 2250:com.thundercomm.remotecontrolservice/1000 for added application com.thundercomm.remotecontrolservice
12-14 03:22:23.192 1485 1577 W ActivityManager: Slow operation: 201ms so far, now at startProcess: starting to update pids map
12-14 03:22:23.193 1485 1577 W ActivityManager: Slow operation: 201ms so far, now at startProcess: done updating pids map
12-14 03:22:23.193 1485 1577 W ActivityManager: Slow operation: 200ms so far, now at startProcess: asking zygote to start proc
12-14 03:22:23.201 1485 1512 I ActivityManager: Process WebViewLoader-armeabi-v7a (pid 2044) has died: psvc PER
01-01 08:21:46.772 0 0 I binder : 2250:2250 ioctl 40046210 7fef98ccd4 returned -22
01-01 08:21:46.775 0 0 I binder : 2108:2266 ioctl 40046210 798ac5e9e4 returned -22
12-14 03:22:23.205 1485 1586 E KernelCpuSpeedReader: Failed to read cpu-freq: /sys/devices/system/cpu/cpu4/cpufreq/stats/time_in_state: open failed: ENOENT (No such file or directory)
12-14 03:22:23.205 1485 1586 E KernelCpuSpeedReader: Failed to read cpu-freq: /sys/devices/system/cpu/cpu0/cpufreq/stats/time_in_state: open failed: ENOENT (No such file or directory)
12-14 03:22:23.208 1485 1485 I PackageWatchdog: Syncing health check requests for packages: {}
12-14 03:22:23.208 1485 1485 I ExplicitHealthCheckController: Service not ready to get health check supported packages. Binding...
12-14 03:22:23.209 1485 1577 W ActivityManager: Slow operation: 216ms so far, now at startProcess: returned from zygote!
12-14 03:22:23.209 1485 1577 W ActivityManager: Slow operation: 216ms so far, now at startProcess: done updating battery stats
12-14 03:22:23.209 1485 1577 W ActivityManager: Slow operation: 216ms so far, now at startProcess: building log message
12-14 03:22:23.209 1485 1577 I ActivityManager: Start proc 2282:com.thundercomm.tcservice/1000 for added application com.thundercomm.tcservice
12-14 03:22:23.209 1485 1577 W ActivityManager: Slow operation: 216ms so far, now at startProcess: starting to update pids map
01-01 08:21:46.785 0 0 I binder : 2228:2228 ioctl 40046210 7fef98ccd4 returned -22
12-14 03:22:23.210 1485 1577 W ActivityManager: Slow operation: 217ms so far, now at startProcess: done updating pids map
12-14 03:22:23.210 1485 1577 W ActivityManager: Slow operation: 216ms so far, now at startProcess: asking zygote to start proc
12-14 03:22:23.210 1485 1577 D CompatibilityChangeReporter: Compat change id reported: 143937733; UID 10069; state: ENABLED
12-14 03:22:23.211 1485 1485 I ExplicitHealthCheckController: Explicit health check service is bound
12-14 03:22:23.216 1485 1512 D CompatibilityChangeReporter: Compat change id reported: 171306433; UID 1000; state: ENABLED
12-14 03:22:23.223 1485 1512 D CompatibilityChangeReporter: Compat change id reported: 168419799; UID 1000; state: DISABLED
12-14 03:22:23.230 1485 1577 W ActivityManager: Slow operation: 236ms so far, now at startProcess: returned from zygote!
01-01 08:21:46.787 0 0 I binder : 1978:1978 ioctl 40046210 7fef98c344 returned -22
01-01 08:21:46.793 0 0 I binder : 2236:2236 ioctl 40046210 7fef98ccd4 returned -22
12-14 03:22:23.234 1485 1577 W ActivityManager: Slow operation: 240ms so far, now at startProcess: done updating battery stats
12-14 03:22:23.234 1485 1577 W ActivityManager: Slow operation: 240ms so far, now at startProcess: building log message
12-14 03:22:23.234 1485 1577 I ActivityManager: Start proc 2311:com.qualcomm.qti.devicestatisticsservice/u0a69 for added application com.qualcomm.qti.devicestatisticsservice
12-14 03:22:23.234 1485 1577 W ActivityManager: Slow operation: 240ms so far, now at startProcess: starting to update pids map
12-14 03:22:23.234 1485 1577 W ActivityManager: Slow operation: 240ms so far, now at startProcess: done updating pids map
12-14 03:22:23.235 1485 1577 W ActivityManager: Slow operation: 240ms so far, now at startProcess: asking zygote to start proc
01-01 08:21:46.798 0 0 I binder : 2282:2282 ioctl 40046210 7fef98ccd4 returned -22
12-14 03:22:23.244 1485 2039 D CompatibilityChangeReporter: Compat change id reported: 168419799; UID 1068; state: DISABLED
12-14 03:22:23.248 1485 1512 D CompatibilityChangeReporter: Compat change id reported: 168419799; UID 10084; state: DISABLED
12-14 03:22:23.251 1485 2074 D CompatibilityChangeReporter: Compat change id reported: 182478738; UID 1073; state: DISABLED
01-01 08:21:46.811 0 0 I binder : 2311:2311 ioctl 40046210 7fef98ccd4 returned -22
12-14 03:22:23.254 1485 2070 D CompatibilityChangeReporter: Compat change id reported: 168419799; UID 1000; state: DISABLED
12-14 03:22:23.257 1994 1994 W OneHandedController: Device doesn't support OneHanded feature
12-14 03:22:23.263 1485 1512 I ActivityManager: Process WebViewLoader-arm64-v8a (pid 2045) has died: psvc PER
12-14 03:22:23.265 1485 1485 I SystemServerTiming: ManagedServices.unbindOtherUserServices_current0
12-14 03:22:23.265 1485 1485 I SystemServerTiming: ManagedServices.unbindOtherUserServices_current0
12-14 03:22:23.266 1485 1485 I SystemServerTiming: ManagedServices.unbindOtherUserServices_current0
12-14 03:22:23.266 1485 1485 V NotificationAssistants: enabling notification assistant for 0: ComponentInfo{android.ext.services/android.ext.services.notification.Assistant}
12-14 03:22:23.266 1485 1485 V NotificationAssistants: binding: Intent { act=android.service.notification.NotificationAssistantService cmp=android.ext.services/.notification.Assistant (has extras) }
12-14 03:22:23.270 1485 2074 D CompatibilityChangeReporter: Compat change id reported: 168419799; UID 10069; state: DISABLED
12-14 03:22:23.278 1485 1577 W ActivityManager: Slow operation: 284ms so far, now at startProcess: returned from zygote!
12-14 03:22:23.279 1485 1577 W ActivityManager: Slow operation: 284ms so far, now at startProcess: done updating battery stats
12-14 03:22:23.279 1485 1577 W ActivityManager: Slow operation: 284ms so far, now at startProcess: building log message
12-14 03:22:23.279 1485 1577 I ActivityManager: Start proc 2374:com.qualcomm.qti.qdma/1000 for added application com.qualcomm.qti.qdma
12-14 03:22:23.279 1485 1577 W ActivityManager: Slow operation: 284ms so far, now at startProcess: starting to update pids map
12-14 03:22:23.279 1485 1577 W ActivityManager: Slow operation: 284ms so far, now at startProcess: done updating pids map
12-14 03:22:23.279 1485 1577 W ActivityManager: Slow operation: 208ms so far, now at startProcess: asking zygote to start proc
12-14 03:22:23.287 1485 1577 W ActivityManager: Slow operation: 216ms so far, now at startProcess: returned from zygote!
12-14 03:22:23.287 1485 1577 W ActivityManager: Slow operation: 216ms so far, now at startProcess: done updating battery stats
12-14 03:22:23.287 1485 1577 W ActivityManager: Slow operation: 216ms so far, now at startProcess: building log message
12-14 03:22:23.287 1485 1577 I ActivityManager: Start proc 2378:com.android.settings/1000 for top-activity {com.android.settings/com.android.settings.FallbackHome}
12-14 03:22:23.287 1485 1577 W ActivityManager: Slow operation: 216ms so far, now at startProcess: starting to update pids map
12-14 03:22:23.287 1485 1577 W ActivityManager: Slow operation: 216ms so far, now at startProcess: done updating pids map
12-14 03:22:23.287 1485 1577 W ActivityManager: Slow operation: 179ms so far, now at startProcess: asking zygote to start proc
12-14 03:22:23.287 1485 1577 D CompatibilityChangeReporter: Compat change id reported: 143937733; UID 10096; state: ENABLED
01-01 08:21:46.856 0 0 I binder : 2236:2236 ioctl 40046210 7fef98bc84 returned -22
12-14 03:22:23.302 1485 1577 W ActivityManager: Slow operation: 195ms so far, now at startProcess: returned from zygote!
12-14 03:22:23.303 1485 1577 W ActivityManager: Slow operation: 195ms so far, now at startProcess: done updating battery stats
12-14 03:22:23.303 1485 1577 W ActivityManager: Slow operation: 195ms so far, now at startProcess: building log message
12-14 03:22:23.303 1485 1577 I ActivityManager: Start proc 2385:android.ext.services/u0a96 for service {android.ext.services/android.ext.services.autofill.InlineSuggestionRenderServiceImpl}
12-14 03:22:23.303 1485 1577 W ActivityManager: Slow operation: 195ms so far, now at startProcess: starting to update pids map
12-14 03:22:23.303 1485 1577 W ActivityManager: Slow operation: 195ms so far, now at startProcess: done updating pids map
12-14 03:22:23.312 2105 2105 W ContextImpl: Calling a method in the system process without a qualified user: android.app.ContextImpl.startService:1816 android.content.ContextWrapper.startService:774 com.thundercomm.microsettings.service.SettingsApplication.onCreate:30 android.app.Instrumentation.callApplicationOnCreate:1212 android.app.ActivityThread.handleBindApplication:6744
12-14 03:22:23.312 1485 2039 W ActivityManager: Unable to start service Intent { act=com.thundercomm.microsettings.SETTING_SERVICE pkg=com.thundercomm.microsettings } U=0: not found
12-14 03:22:23.313 2105 2105 W ContextImpl: Calling a method in the system process without a qualified user: android.app.ContextImpl.startService:1816 android.content.ContextWrapper.startService:774 com.thundercomm.microsettings.service.SettingsApplication.onCreate:36 android.app.Instrumentation.callApplicationOnCreate:1212 android.app.ActivityThread.handleBindApplication:6744
12-14 03:22:23.313 1485 2039 W ActivityManager: Unable to start service Intent { act=com.thundercomm.microsettings.EOL_SERVICE pkg=com.thundercomm.microsettings } U=0: not found
01-01 08:21:46.880 0 0 I binder : 2374:2374 ioctl 40046210 7fef98ccd4 returned -22
01-01 08:21:46.882 0 0 I binder : 2378:2378 ioctl 40046210 7fef98ccd4 returned -22
12-14 03:22:23.323 1485 2074 D CompatibilityChangeReporter: Compat change id reported: 168419799; UID 1000; state: DISABLED
12-14 03:22:23.329 1485 2039 D CompatibilityChangeReporter: Compat change id reported: 168419799; UID 1000; state: DISABLED
01-01 08:21:46.895 0 0 I binder : 2385:2385 ioctl 40046210 7fef98ccd4 returned -22
01-01 08:21:46.896 0 0 I binder : 2282:2282 ioctl 40046210 7fef98b844 returned -22
12-14 03:22:23.337 2105 2105 D MicroServiceManager: add linkToDeath
12-14 03:22:23.338 2105 2105 D MicroServiceManager: bindMicroService: called already get service
12-14 03:22:23.342 1485 1512 D CompatibilityChangeReporter: Compat change id reported: 168419799; UID 10096; state: DISABLED
12-14 03:22:23.347 2282 2282 W ContextImpl: Calling a method in the system process without a qualified user: android.app.ContextImpl.startService:1816 android.content.ContextWrapper.startService:774 com.thundercomm.tcservice.TCService.init:46 com.thundercomm.tcservice.TCService.onCreate:33 android.app.ActivityThread.handleCreateService:4488
12-14 03:22:23.351 2105 2105 I MicroServiceManager: addCommonCallbackListener add listener
12-14 03:22:23.351 2105 2105 I MicroServiceManager: addConnectChangedListener add listener
01-01 08:21:46.917 0 0 I : Wifi Turning On from UI
12-14 03:22:23.364 2105 2105 W ContextImpl: Calling a method in the system process without a qualified user: android.app.ContextImpl.sendBroadcast:1173 android.content.ContextWrapper.sendBroadcast:479 com.thundercomm.microsettings.service.SettingsService.sendSystemUI:59 com.thundercomm.microsettings.service.SettingsService.onCreate:50 android.app.ActivityThread.handleCreateService:4488
12-14 03:22:23.364 2105 2105 W ContextImpl: Calling a method in the system process without a qualified user: android.app.ContextImpl.bindService:1895 android.content.ContextWrapper.bindService:810 com.thundercomm.microsettings.manager.SoundManager.bindService:206 com.thundercomm.microsettings.manager.SoundManager.connect:197 com.thundercomm.microsettings.service.SettingsService.onStartCommand:80
12-14 03:22:23.365 2105 2105 W ContextImpl: Calling a method in the system process without a qualified user: android.app.ContextImpl.bindService:1895 android.content.ContextWrapper.bindService:810 com.thundercomm.microsettings.manager.DisplayManager.bindService:188 com.thundercomm.microsettings.manager.DisplayManager.connect:179 com.thundercomm.microsettings.service.SettingsService.onStartCommand:81
12-14 03:22:23.372 1485 2074 D CompatibilityChangeReporter: Compat change id reported: 157233955; UID 10082; state: ENABLED
