12-14 03:23:52.622 1395 4221 D LOWI-9.0.0.87.a: [LOWI-Scan] decode_rsn_wpa_ie: LOWI_ENCRYPTION_TYPE_WPA_PSK
12-14 03:23:52.622 1395 4221 D LOWI-9.0.0.87.a: [LOWI-Scan] is_qcom_ie, bss_age: 0
12-14 03:23:52.622 1395 4221 D LOWI-9.0.0.87.a: [LOWI-Scan] BSS 18:6f:2d:81:0d:83 LOWI_PHY_MODE_11NG_HT20(5), Beacon Interval: 100, LOWI_ENCRYPTION_TYPE_WPA_PSK 11mcRanging: No, ANQP: No, LCI: No, Civic: No, capability(0x0531): ESS Privacy ShortPreamble SpectrumMgmt ShortSlotTime
12-14 03:23:52.622 1395 4221 D LOWI-9.0.0.87.a: [LOWI-Scan] BSS 18:6f:2d:81:0d:83 FREQ: 2422, cFreq1[40:80:160] = [2422:0:0] cFreq2 = 0 Country Code = CN
12-14 03:23:52.622 1395 4221 D LOWI-9.0.0.87.a: [LOWI-Scan] BSS 18:6f:2d:81:0d:83 (wlan0) ASSO: NO AddInfo: 0x0, TSF 0, 00:01:40.469, RSSI: -128, CPL: 127, AGE: 940, SSID ZXHY, TSFDelta: 0xd6737a37, TXRate: 0
12-14 03:23:52.622 1395 4221 D LOWI-9.0.0.87.a: [LOWI-Scan]
12-14 03:23:52.623 1395 4221 D LOWI-9.0.0.87.a: [LOWI-Scan] print_bss_handler: Report Probe TSF 100470432 as it greater than Beacon TSF 0
12-14 03:23:52.623 1395 4221 D LOWI-9.0.0.87.a: [LOWI-Scan] decode_rsn_wpa_ie: LOWI_ENCRYPTION_TYPE_WPA_PSK
12-14 03:23:52.623 1395 4221 D LOWI-9.0.0.87.a: [LOWI-Scan] is_qcom_ie, bss_age: 0
12-14 03:23:52.623 1395 4221 D LOWI-9.0.0.87.a: [LOWI-Scan] BSS 18:6f:2d:81:0d:84 LOWI_PHY_MODE_11NG_HT20(5), Beacon Interval: 100, LOWI_ENCRYPTION_TYPE_WPA_PSK 11mcRanging: No, ANQP: No, LCI: No, Civic: No, capability(0x0531): ESS Privacy ShortPreamble SpectrumMgmt ShortSlotTime
12-14 03:23:52.623 1395 4221 D LOWI-9.0.0.87.a: [LOWI-Scan] BSS 18:6f:2d:81:0d:84 FREQ: 2422, cFreq1[40:80:160] = [2422:0:0] cFreq2 = 0 Country Code = CN
12-14 03:23:52.623 1395 4221 D LOWI-9.0.0.87.a: [LOWI-Scan] BSS 18:6f:2d:81:0d:84 (wlan0) ASSO: NO AddInfo: 0x0, TSF 0, 00:01:40.470, RSSI: -132, CPL: 127, AGE: 940, SSID Fanya, TSFDelta: 0xd678bcdc, TXRate: 0
12-14 03:23:52.623 1395 4221 D LOWI-9.0.0.87.a: [LOWI-Scan]
12-14 03:23:52.623 1395 4221 D LOWI-9.0.0.87.a: [LOWI-Scan] print_bss_handler: Report Probe TSF 100708144 as it greater than Beacon TSF 100687787
12-14 03:23:52.623 1395 4221 D LOWI-9.0.0.87.a: [LOWI-Scan] decode_rsn_wpa_ie: LOWI_ENCRYPTION_TYPE_WPA_PSK
12-14 03:23:52.623 1395 4221 D LOWI-9.0.0.87.a: [LOWI-Scan] is_qcom_ie, bss_age: 0
12-14 03:23:52.623 1395 4221 D LOWI-9.0.0.87.a: [LOWI-Scan] BSS 18:6f:2d:81:18:55 LOWI_PHY_MODE_11AC_VHT20(8), Beacon Interval: 100, LOWI_ENCRYPTION_TYPE_WPA_PSK 11mcRanging: No, ANQP: No, LCI: No, Civic: No, capability(0x0111): ESS Privacy SpectrumMgmt
12-14 03:23:52.623 1395 4221 D LOWI-9.0.0.87.a: [LOWI-Scan] BSS 18:6f:2d:81:18:55 FREQ: 5260, cFreq1[40:80:160] = [5260:0:0] cFreq2 = 0 Country Code = CN
12-14 03:23:52.623 1395 4221 D LOWI-9.0.0.87.a: [LOWI-Scan] BSS 18:6f:2d:81:18:55 (wlan0) ASSO: NO AddInfo: 0x0, TSF 0, 00:01:40.708, RSSI: -148, CPL: 127, AGE: 700, SSID GM, TSFDelta: 0x730b46ff, TXRate: 0
12-14 03:23:52.623 1395 4221 D LOWI-9.0.0.87.a: [LOWI-Scan]
12-14 03:23:52.623 1395 4221 D LOWI-9.0.0.87.a: [LOWI-Scan] print_bss_handler: Report Probe TSF 100708206 as it greater than Beacon TSF 100688036
12-14 03:23:52.623 1395 4221 D LOWI-9.0.0.87.a: [LOWI-Scan] decode_rsn_wpa_ie: LOWI_ENCRYPTION_TYPE_WPA_PSK
12-14 03:23:52.623 1395 4221 D LOWI-9.0.0.87.a: [LOWI-Scan] is_qcom_ie, bss_age: 0
12-14 03:23:52.623 1395 4221 D LOWI-9.0.0.87.a: [LOWI-Scan] BSS 18:6f:2d:81:18:56 LOWI_PHY_MODE_11AC_VHT20(8), Beacon Interval: 100, LOWI_ENCRYPTION_TYPE_WPA_PSK 11mcRanging: No, ANQP: No, LCI: No, Civic: No, capability(0x0111): ESS Privacy SpectrumMgmt
12-14 03:23:52.623 1395 4221 D LOWI-9.0.0.87.a: [LOWI-Scan] BSS 18:6f:2d:81:18:56 FREQ: 5260, cFreq1[40:80:160] = [5260:0:0] cFreq2 = 0 Country Code = CN
12-14 03:23:52.623 1395 4221 D LOWI-9.0.0.87.a: [LOWI-Scan] BSS 18:6f:2d:81:18:56 (wlan0) ASSO: NO AddInfo: 0x0, TSF 0, 00:01:40.708, RSSI: -148, CPL: 127, AGE: 700, SSID 123, TSFDelta: 0x7316c592, TXRate: 0
12-14 03:23:52.623 1395 4221 D LOWI-9.0.0.87.a: [LOWI-Scan]
12-14 03:23:52.623 1395 4221 D LOWI-9.0.0.87.a: [LOWI-Scan] print_bss_handler: Report Probe TSF 100749153 as it greater than Beacon TSF 73373053
12-14 03:23:52.623 1395 4221 D LOWI-9.0.0.87.a: [LOWI-Scan] is_qcom_ie, bss_age: 0
12-14 03:23:52.623 1395 4221 D LOWI-9.0.0.87.a: [LOWI-Scan] BSS ec:88:8f:86:24:e0 LOWI_PHY_MODE_11NG_HT40(7), Beacon Interval: 100, LOWI_ENCRYPTION_TYPE_OPEN 11mcRanging: No, ANQP: No, LCI: No, Civic: No, capability(0x0431): ESS Privacy ShortPreamble ShortSlotTime
12-14 03:23:52.623 1395 4221 D LOWI-9.0.0.87.a: [LOWI-Scan] BSS ec:88:8f:86:24:e0 FREQ: 2437, cFreq1[40:80:160] = [2447:0:0] cFreq2 = 0 Country Code = US
12-14 03:23:52.623 1395 4221 D LOWI-9.0.0.87.a: [LOWI-Scan] BSS ec:88:8f:86:24:e0 (wlan0) ASSO: NO AddInfo: 0x0, TSF 0, 00:01:40.749, RSSI: -120, CPL: 127, AGE: 660, SSID FW_xts, TSFDelta: 0xe4501553, TXRate: 0
12-14 03:23:52.623 1395 4221 D LOWI-9.0.0.87.a: [LOWI-Scan]
12-14 03:23:52.623 1395 4221 D LOWI-9.0.0.87.a: [LOWI-Scan] print_bss_handler: Report beacon TSF 73801587 as it greater than probe TSF 73801587
12-14 03:23:52.623 1395 4221 D LOWI-9.0.0.87.a: [LOWI-Scan] decode_rsn_wpa_ie: LOWI_ENCRYPTION_TYPE_WPA_PSK
12-14 03:23:52.623 1395 4221 D LOWI-9.0.0.87.a: [LOWI-Scan] is_qcom_ie, bss_age: 0
12-14 03:23:52.623 1395 4221 D LOWI-9.0.0.87.a: [LOWI-Scan] adjust_age:AP AGE upper limit reached. Dont store
12-14 03:23:52.623 1395 4221 D LOWI-9.0.0.87.a: [LOWI-Scan] BSS f8:af:05:82:ca:58 LOWI_PHY_MODE_11AC_VHT40_2G(12), Beacon Interval: 100, LOWI_ENCRYPTION_TYPE_WPA_PSK 11mcRanging: No, ANQP: No, LCI: No, Civic: No, capability(0x1431): ESS Privacy ShortPreamble ShortSlotTime
12-14 03:23:52.623 1395 4221 D LOWI-9.0.0.87.a: [LOWI-Scan] BSS f8:af:05:82:ca:58 FREQ: 2462, cFreq1[40:80:160] = [2452:0:0] cFreq2 = 0 Country Code =
12-14 03:23:52.623 1395 4221 D LOWI-9.0.0.87.a: [LOWI-Scan] BSS f8:af:05:82:ca:58 (wlan0) ASSO: NO AddInfo: 0x1, TSF 0, 00:01:13.801, RSSI: -162, CPL: 127, AGE: 27608, SSID RIO-WIFI-2.4G, TSFDelta: 0x76391a91, TXRate: 0
12-14 03:23:52.623 1395 4221 D LOWI-9.0.0.87.a: [LOWI-Scan]
12-14 03:23:52.623 1395 4221 D LOWI-9.0.0.87.a: [LOWI-Scan] print_bss_handler: Report Probe TSF 101196828 as it greater than Beacon TSF 101173747
12-14 03:23:52.623 1395 4221 D LOWI-9.0.0.87.a: [LOWI-Scan] decode_rsn_wpa_ie: LOWI_ENCRYPTION_TYPE_WPA_PSK
12-14 03:23:52.623 1395 4221 D LOWI-9.0.0.87.a: [LOWI-Scan] is_qcom_ie, bss_age: 0
12-14 03:23:52.623 1395 4221 D LOWI-9.0.0.87.a: [LOWI-Scan] BSS 44:f9:71:c8:27:97 LOWI_PHY_MODE_11NG_HT20(5), Beacon Interval: 100, LOWI_ENCRYPTION_TYPE_WPA_PSK 11mcRanging: No, ANQP: No, LCI: No, Civic: No, capability(0x0411): ESS Privacy ShortSlotTime
12-14 03:23:52.623 1395 4221 D LOWI-9.0.0.87.a: [LOWI-Scan] BSS 44:f9:71:c8:27:97 FREQ: 2462, cFreq1[40:80:160] = [0:0:0] cFreq2 = 0 Country Code = CN
12-14 03:23:52.623 1395 4221 D LOWI-9.0.0.87.a: [LOWI-Scan] BSS 44:f9:71:c8:27:97 (wlan0) ASSO: NO AddInfo: 0x0, TSF 0, 00:01:41.196, RSSI: -116, CPL: 127, AGE: 212, SSID zzzzzz, TSFDelta: 0x91c2570c, TXRate: 0
12-14 03:23:52.623 1395 4221 D LOWI-9.0.0.87.a: [LOWI-Scan]
12-14 03:23:52.623 1395 4221 D LOWI-9.0.0.87.a: [LOWI-Scan] print_bss_handler: Report beacon TSF 72901078 as it greater than probe TSF 72901078
12-14 03:23:52.623 1395 4221 D LOWI-9.0.0.87.a: [LOWI-Scan] decode_rsn_wpa_ie: LOWI_ENCRYPTION_TYPE_WPA_PSK
12-14 03:23:52.623 1395 4221 D LOWI-9.0.0.87.a: [LOWI-Scan] is_qcom_ie, bss_age: 0
12-14 03:23:52.623 1395 4221 D LOWI-9.0.0.87.a: [LOWI-Scan] adjust_age:AP AGE upper limit reached. Dont store
12-14 03:23:52.623 1395 4221 D LOWI-9.0.0.87.a: [LOWI-Scan] BSS e2:a6:91:5c:d1:2a LOWI_PHY_MODE_11NG_HT20(5), Beacon Interval: 100, LOWI_ENCRYPTION_TYPE_WPA_PSK 11mcRanging: No, ANQP: No, LCI: No, Civic: No, capability(0x1c31): ESS Privacy ShortPreamble ShortSlotTime APSD
12-14 03:23:52.623 1395 4221 D LOWI-9.0.0.87.a: [LOWI-Scan] BSS e2:a6:91:5c:d1:2a FREQ: 2412, cFreq1[40:80:160] = [2412:0:0] cFreq2 = 0 Country Code =
12-14 03:23:52.623 1395 4221 D LOWI-9.0.0.87.a: [LOWI-Scan] BSS e2:a6:91:5c:d1:2a (wlan0) ASSO: NO AddInfo: 0x1, TSF 0, 00:01:12.901, RSSI: -146, CPL: 127, AGE: 28508, SSID HUAWEI-GM-test1, TSFDelta: 0x12bd7452, TXRate: 0
12-14 03:23:52.623 1395 4221 D LOWI-9.0.0.87.a: [LOWI-Scan]
12-14 03:23:52.623 1395 4221 D LOWI-9.0.0.87.a: [LOWI-Scan] print_bss_handler: Report Probe TSF 72945847 as it greater than Beacon TSF 0
12-14 03:23:52.623 1395 4221 D LOWI-9.0.0.87.a: [LOWI-Scan] decode_rsn_wpa_ie: LOWI_ENCRYPTION_TYPE_WPA_PSK
12-14 03:23:52.623 1395 4221 D LOWI-9.0.0.87.a: [LOWI-Scan] is_qcom_ie, bss_age: 0
12-14 03:23:52.623 1395 4221 D LOWI-9.0.0.87.a: [LOWI-Scan] adjust_age:AP AGE upper limit reached. Dont store
12-14 03:23:52.623 1395 4221 D LOWI-9.0.0.87.a: [LOWI-Scan] BSS 6c:b0:ce:42:57:6f LOWI_PHY_MODE_11NG_HT20(5), Beacon Interval: 100, LOWI_ENCRYPTION_TYPE_WPA_PSK 11mcRanging: No, ANQP: No, LCI: No, Civic: No, capability(0x1411): ESS Privacy ShortSlotTime
12-14 03:23:52.623 1395 4221 D LOWI-9.0.0.87.a: [LOWI-Scan] BSS 6c:b0:ce:42:57:6f FREQ: 2412, cFreq1[40:80:160] = [0:0:0] cFreq2 = 0 Country Code =
12-14 03:23:52.623 1395 4221 D LOWI-9.0.0.87.a: [LOWI-Scan] BSS 6c:b0:ce:42:57:6f (wlan0) ASSO: NO AddInfo: 0x0, TSF 0, 00:01:12.945, RSSI: -136, CPL: 127, AGE: 28464, SSID NETGEAR60, TSFDelta: 0xa7ac9cbf, TXRate: 0
12-14 03:23:52.623 1395 4221 D LOWI-9.0.0.87.a: [LOWI-Scan]
12-14 03:23:52.623 1395 4221 D LOWI-9.0.0.87.a: [LOWI-Scan] print_bss_handler: Report beacon TSF 100296056 as it greater than probe TSF 100296056
12-14 03:23:52.623 1395 4221 D LOWI-9.0.0.87.a: [LOWI-Scan] decode_rsn_wpa_ie: LOWI_ENCRYPTION_TYPE_WPA_PSK
12-14 03:23:52.623 1395 4221 D LOWI-9.0.0.87.a: [LOWI-Scan] is_qcom_ie, bss_age: 0
12-14 03:23:52.623 1395 4221 D LOWI-9.0.0.87.a: [LOWI-Scan] BSS f0:55:01:67:de:ec LOWI_PHY_MODE_11NG_HT40(7), Beacon Interval: 100, LOWI_ENCRYPTION_TYPE_WPA_PSK 11mcRanging: No, ANQP: No, LCI: No, Civic: No, capability(0x1d31): ESS Privacy ShortPreamble SpectrumMgmt ShortSlotTime APSD
12-14 03:23:52.623 1395 4221 D LOWI-9.0.0.87.a: [LOWI-Scan] BSS f0:55:01:67:de:ec FREQ: 2412, cFreq1[40:80:160] = [2422:0:0] cFreq2 = 0 Country Code =
12-14 03:23:52.623 1395 4221 D LOWI-9.0.0.87.a: [LOWI-Scan] BSS f0:55:01:67:de:ec (wlan0) ASSO: NO AddInfo: 0x1, TSF 0, 00:01:40.296, RSSI: -164, CPL: 127, AGE: 1112, SSID xTS, TSFDelta: 0x29191668, TXRate: 0
12-14 03:23:52.623 1395 4221 D LOWI-9.0.0.87.a: [LOWI-Scan]
12-14 03:23:52.623 1395 4221 D LOWI-9.0.0.87.a: [LOWI-Scan] print_bss_handler: Report Probe TSF 100492824 as it greater than Beacon TSF 73123206
12-14 03:23:52.623 1395 4221 D LOWI-9.0.0.87.a: [LOWI-Scan] decode_rsn_wpa_ie: LOWI_ENCRYPTION_TYPE_WPA_PSK
12-14 03:23:52.623 1395 4221 D LOWI-9.0.0.87.a: [LOWI-Scan] is_qcom_ie, bss_age: 0
12-14 03:23:52.623 1395 4221 D LOWI-9.0.0.87.a: [LOWI-Scan] BSS 18:6f:2d:0a:ae:00 LOWI_PHY_MODE_11NG_HT20(5), Beacon Interval: 100, LOWI_ENCRYPTION_TYPE_WPA_PSK 11mcRanging: No, ANQP: No, LCI: No, Civic: No, capability(0x0531): ESS Privacy ShortPreamble SpectrumMgmt ShortSlotTime
12-14 03:23:52.623 1395 4221 D LOWI-9.0.0.87.a: [LOWI-Scan] BSS 18:6f:2d:0a:ae:00 FREQ: 2422, cFreq1[40:80:160] = [2422:0:0] cFreq2 = 0 Country Code = CN
12-14 03:23:52.623 1395 4221 D LOWI-9.0.0.87.a: [LOWI-Scan] BSS 18:6f:2d:0a:ae:00 (wlan0) ASSO: NO AddInfo: 0x0, TSF 0, 00:01:40.492, RSSI: -152, CPL: 127, AGE: 916, SSID Testing , TSFDelta: 0x32b016b9, TXRate: 0
12-14 03:23:52.623 1395 4221 D LOWI-9.0.0.87.a: [LOWI-Scan]
12-14 03:23:52.623 1395 4221 D LOWI-9.0.0.87.a: [LOWI-Scan] print_bss_handler: Report beacon TSF 73124612 as it greater than probe TSF 65671075
12-14 03:23:52.623 1395 4221 D LOWI-9.0.0.87.a: [LOWI-Scan] is_qcom_ie, bss_age: 0
12-14 03:23:52.623 1395 4221 D LOWI-9.0.0.87.a: [LOWI-Scan] adjust_age:AP AGE upper limit reached. Dont store
12-14 03:23:52.623 1395 4221 D LOWI-9.0.0.87.a: [LOWI-Scan] BSS 18:6f:2d:0a:ae:01 LOWI_PHY_MODE_11NG_HT20(5), Beacon Interval: 100, LOWI_ENCRYPTION_TYPE_OPEN 11mcRanging: No, ANQP: No, LCI: No, Civic: No, capability(0x0521): ESS ShortPreamble SpectrumMgmt ShortSlotTime
12-14 03:23:52.623 1395 4221 D LOWI-9.0.0.87.a: [LOWI-Scan] BSS 18:6f:2d:0a:ae:01 FREQ: 2422, cFreq1[40:80:160] = [2422:0:0] cFreq2 = 0 Country Code = CN
12-14 03:23:52.623 1395 4221 D LOWI-9.0.0.87.a: [LOWI-Scan] BSS 18:6f:2d:0a:ae:01 (wlan0) ASSO: NO AddInfo: 0x1, TSF 0, 00:01:13.124, RSSI: -148, CPL: 127, AGE: 28284, SSID Guest, TSFDelta: 0x34d8af2d, TXRate: 0
12-14 03:23:52.623 1395 4221 D LOWI-9.0.0.87.a: [LOWI-Scan]
12-14 03:23:52.623 1395 4221 D LOWI-9.0.0.87.a: [LOWI-Scan] print_bss_handler: Report Probe TSF 100436643 as it greater than Beacon TSF 73124798
12-14 03:23:52.623 1395 4221 D LOWI-9.0.0.87.a: [LOWI-Scan] decode_rsn_wpa_ie: LOWI_ENCRYPTION_TYPE_WPA_PSK
12-14 03:23:52.623 1395 4221 D LOWI-9.0.0.87.a: [LOWI-Scan] is_qcom_ie, bss_age: 0
12-14 03:23:52.623 1395 4221 D LOWI-9.0.0.87.a: [LOWI-Scan] BSS 18:6f:2d:0a:ae:02 LOWI_PHY_MODE_11NG_HT20(5), Beacon Interval: 100, LOWI_ENCRYPTION_TYPE_WPA_PSK 11mcRanging: No, ANQP: No, LCI: No, Civic: No, capability(0x0531): ESS Privacy ShortPreamble SpectrumMgmt ShortSlotTime
12-14 03:23:52.623 1395 4221 D LOWI-9.0.0.87.a: [LOWI-Scan] BSS 18:6f:2d:0a:ae:02 FREQ: 2422, cFreq1[40:80:160] = [2422:0:0] cFreq2 = 0 Country Code = CN
12-14 03:23:52.623 1395 4221 D LOWI-9.0.0.87.a: [LOWI-Scan] BSS 18:6f:2d:0a:ae:02 (wlan0) ASSO: NO AddInfo: 0x0, TSF 0, 00:01:40.436, RSSI: -148, CPL: 127, AGE: 972, SSID ThunderSoft_2.4G, TSFDelta: 0x317691f6, TXRate: 0
12-14 03:23:52.623 1395 4221 D LOWI-9.0.0.87.a: [LOWI-Scan]
12-14 03:23:52.623 1395 4221 D LOWI-9.0.0.87.a: [LOWI-Scan] print_bss_handler: Report Probe TSF 100441187 as it greater than Beacon TSF 73125258
12-14 03:23:52.623 1395 4221 D LOWI-9.0.0.87.a: [LOWI-Scan] decode_rsn_wpa_ie: LOWI_ENCRYPTION_TYPE_WPA_PSK
12-14 03:23:52.623 1395 4221 D LOWI-9.0.0.87.a: [LOWI-Scan] is_qcom_ie, bss_age: 0
12-14 03:23:52.623 1395 4221 D LOWI-9.0.0.87.a: [LOWI-Scan] BSS 18:6f:2d:0a:ae:04 LOWI_PHY_MODE_11NG_HT20(5), Beacon Interval: 100, LOWI_ENCRYPTION_TYPE_WPA_PSK 11mcRanging: No, ANQP: No, LCI: No, Civic: No, capability(0x0531): ESS Privacy ShortPreamble SpectrumMgmt ShortSlotTime
12-14 03:23:52.623 1395 4221 D LOWI-9.0.0.87.a: [LOWI-Scan] BSS 18:6f:2d:0a:ae:04 FREQ: 2422, cFreq1[40:80:160] = [2422:0:0] cFreq2 = 0 Country Code = CN
12-14 03:23:52.623 1395 4221 D LOWI-9.0.0.87.a: [LOWI-Scan] BSS 18:6f:2d:0a:ae:04 (wlan0) ASSO: NO AddInfo: 0x0, TSF 0, 00:01:40.441, RSSI: -154, CPL: 127, AGE: 968, SSID Fanya, TSFDelta: 0x3197769a, TXRate: 0
12-14 03:23:52.623 1395 4221 D LOWI-9.0.0.87.a: [LOWI-Scan]
12-14 03:23:52.623 1395 4221 D LOWI-9.0.0.87.a: [LOWI-Scan] print_bss_handler: Report Probe TSF 100754332 as it greater than Beacon TSF 100753066
12-14 03:23:52.623 1395 4221 D LOWI-9.0.0.87.a: [LOWI-Scan] decode_rsn_wpa_ie: LOWI_ENCRYPTION_TYPE_WPA_PSK
12-14 03:23:52.623 1395 4221 D LOWI-9.0.0.87.a: [LOWI-Scan] is_qcom_ie, bss_age: 0
12-14 03:23:52.623 1395 4221 D LOWI-9.0.0.87.a: [LOWI-Scan] BSS 18:6f:2d:81:25:44 LOWI_PHY_MODE_11NG_HT20(5), Beacon Interval: 100, LOWI_ENCRYPTION_TYPE_WPA_PSK 11mcRanging: No, ANQP: No, LCI: No, Civic: No, capability(0x0531): ESS Privacy ShortPreamble SpectrumMgmt ShortSlotTime
12-14 03:23:52.623 1395 4221 D LOWI-9.0.0.87.a: [LOWI-Scan] BSS 18:6f:2d:81:25:44 FREQ: 2437, cFreq1[40:80:160] = [2437:0:0] cFreq2 = 0 Country Code = CN
12-14 03:23:52.623 1395 4221 D LOWI-9.0.0.87.a: [LOWI-Scan] BSS 18:6f:2d:81:25:44 (wlan0) ASSO: NO AddInfo: 0x0, TSF 0, 00:01:40.754, RSSI: -102, CPL: 127, AGE: 656, SSID Fanya, TSFDelta: 0xdc639b4f, TXRate: 0
12-14 03:23:52.624 1395 4221 D LOWI-9.0.0.87.a: [LOWI-Scan]
12-14 03:23:52.624 1395 4221 D LOWI-9.0.0.87.a: [LOWI-Scan] print_bss_handler: Report beacon TSF 100807584 as it greater than probe TSF 100807584
12-14 03:23:52.624 1395 4221 D LOWI-9.0.0.87.a: [LOWI-Scan] decode_rsn_wpa_ie: LOWI_ENCRYPTION_TYPE_WPA_PSK
12-14 03:23:52.624 1395 4221 D LOWI-9.0.0.87.a: [LOWI-Scan] is_qcom_ie, bss_age: 0
12-14 03:23:52.624 1395 4221 D LOWI-9.0.0.87.a: [LOWI-Scan] BSS 18:6f:2d:81:16:44 LOWI_PHY_MODE_11NG_HT20(5), Beacon Interval: 100, LOWI_ENCRYPTION_TYPE_WPA_PSK 11mcRanging: No, ANQP: No, LCI: No, Civic: No, capability(0x0531): ESS Privacy ShortPreamble SpectrumMgmt ShortSlotTime
12-14 03:23:52.624 1395 4221 D LOWI-9.0.0.87.a: [LOWI-Scan] BSS 18:6f:2d:81:16:44 FREQ: 2442, cFreq1[40:80:160] = [2442:0:0] cFreq2 = 0 Country Code = CN
12-14 03:23:52.624 1395 4221 D LOWI-9.0.0.87.a: [LOWI-Scan] BSS 18:6f:2d:81:16:44 (wlan0) ASSO: NO AddInfo: 0x1, TSF 0, 00:01:40.807, RSSI: -158, CPL: 127, AGE: 604, SSID Fanya, TSFDelta: 0xe11de0df, TXRate: 0
12-14 03:23:52.624 1395 4221 D LOWI-9.0.0.87.a: [LOWI-Scan]
12-14 03:23:52.624 1395 4221 D LOWI-9.0.0.87.a: [LOWI-Scan] print_bss_handler: Report beacon TSF 72886716 as it greater than probe TSF 72886716
12-14 03:23:52.624 1395 4221 D LOWI-9.0.0.87.a: [LOWI-Scan] decode_rsn_wpa_ie: LOWI_ENCRYPTION_TYPE_WPA_PSK
12-14 03:23:52.624 1395 4221 D LOWI-9.0.0.87.a: [LOWI-Scan] is_qcom_ie, bss_age: 0
12-14 03:23:52.624 1395 4221 D LOWI-9.0.0.87.a: [LOWI-Scan] adjust_age:AP AGE upper limit reached. Dont store
12-14 03:23:52.624 1395 4221 D LOWI-9.0.0.87.a: [LOWI-Scan] BSS 6c:b1:58:f8:a2:d4 LOWI_PHY_MODE_11AC_VHT40_2G(12), Beacon Interval: 100, LOWI_ENCRYPTION_TYPE_WPA_PSK 11mcRanging: No, ANQP: No, LCI: No, Civic: No, capability(0x1411): ESS Privacy ShortSlotTime
12-14 03:23:52.624 1395 4221 D LOWI-9.0.0.87.a: [LOWI-Scan] BSS 6c:b1:58:f8:a2:d4 FREQ: 2412, cFreq1[40:80:160] = [2422:0:0] cFreq2 = 0 Country Code = CN
12-14 03:23:52.624 1395 4221 D LOWI-9.0.0.87.a: [LOWI-Scan] BSS 6c:b1:58:f8:a2:d4 (wlan0) ASSO: NO AddInfo: 0x1, TSF 0, 00:01:12.886, RSSI: -154, CPL: 127, AGE: 28524, SSID TP-LINK_A2D4, TSFDelta: 0xac583eef, TXRate: 0
12-14 03:23:52.624 1395 4221 D LOWI-9.0.0.87.a: [LOWI-Scan]
12-14 03:23:52.624 1395 4221 D LOWI-9.0.0.87.a: [LOWI-Scan] print_bss_handler: Report Probe TSF 100438910 as it greater than Beacon TSF 73125196
12-14 03:23:52.624 1395 4221 D LOWI-9.0.0.87.a: [LOWI-Scan] decode_rsn_wpa_ie: LOWI_ENCRYPTION_TYPE_WPA_PSK
12-14 03:23:52.624 1395 4221 D LOWI-9.0.0.87.a: [LOWI-Scan] is_qcom_ie, bss_age: 0
12-14 03:23:52.624 1395 4221 D LOWI-9.0.0.87.a: [LOWI-Scan] BSS 18:6f:2d:0a:ae:03 LOWI_PHY_MODE_11NG_HT20(5), Beacon Interval: 100, LOWI_ENCRYPTION_TYPE_WPA_PSK 11mcRanging: No, ANQP: No, LCI: No, Civic: No, capability(0x0531): ESS Privacy ShortPreamble SpectrumMgmt ShortSlotTime
12-14 03:23:52.624 1395 4221 D LOWI-9.0.0.87.a: [LOWI-Scan] BSS 18:6f:2d:0a:ae:03 FREQ: 2422, cFreq1[40:80:160] = [2422:0:0] cFreq2 = 0 Country Code = CN
12-14 03:23:52.624 1395 4221 D LOWI-9.0.0.87.a: [LOWI-Scan] BSS 18:6f:2d:0a:ae:03 (wlan0) ASSO: NO AddInfo: 0x0, TSF 0, 00:01:40.438, RSSI: -152, CPL: 127, AGE: 972, SSID ZXHY, TSFDelta: 0x3185c37c, TXRate: 0
12-14 03:23:52.624 1395 4221 D LOWI-9.0.0.87.a: [LOWI-Scan]
12-14 03:23:52.624 1395 4221 D LOWI-9.0.0.87.a: [LOWI-Scan] print_bss_handler: Report Probe TSF 100551316 as it greater than Beacon TSF 73174921
12-14 03:23:52.624 1395 4221 D LOWI-9.0.0.87.a: [LOWI-Scan] decode_rsn_wpa_ie: LOWI_ENCRYPTION_TYPE_WPA_PSK
12-14 03:23:52.624 1395 4221 D LOWI-9.0.0.87.a: [LOWI-Scan] is_qcom_ie, bss_age: 0
12-14 03:23:52.624 1395 4221 D LOWI-9.0.0.87.a: [LOWI-Scan] BSS f0:55:01:67:de:f0 LOWI_PHY_MODE_11AC_VHT80(10), Beacon Interval: 100, LOWI_ENCRYPTION_TYPE_WPA_PSK 11mcRanging: No, ANQP: No, LCI: No, Civic: No, capability(0x1d31): ESS Privacy ShortPreamble SpectrumMgmt ShortSlotTime APSD
12-14 03:23:52.624 1395 4221 D LOWI-9.0.0.87.a: [LOWI-Scan] BSS f0:55:01:67:de:f0 FREQ: 5785, cFreq1[40:80:160] = [5795:5775:0] cFreq2 = 0 Country Code =
12-14 03:23:52.624 1395 4221 D LOWI-9.0.0.87.a: [LOWI-Scan] BSS f0:55:01:67:de:f0 (wlan0) ASSO: NO AddInfo: 0x0, TSF 0, 00:01:40.551, RSSI: -172, CPL: 127, AGE: 860, SSID xTS_5G, TSFDelta: 0x726521f5, TXRate: 0
12-14 03:23:52.624 1395 4221 D LOWI-9.0.0.87.a: [LOWI-Scan]
12-14 03:23:52.624 1395 4221 D LOWI-9.0.0.87.a: [LOWI-Scan] print_bss_handler: Report beacon TSF 100689620 as it greater than probe TSF 100689620
12-14 03:23:52.624 1395 4221 D LOWI-9.0.0.87.a: [LOWI-Scan] decode_rsn_wpa_ie: LOWI_ENCRYPTION_TYPE_WPA_PSK
12-14 03:23:52.624 1395 4221 D LOWI-9.0.0.87.a: [LOWI-Scan] is_qcom_ie, bss_age: 0
12-14 03:23:52.624 1395 4221 D LOWI-9.0.0.87.a: [LOWI-Scan] BSS 1a:51:7e:52:1a:23 LOWI_PHY_MODE_11AC_VHT20_2G(11), Beacon Interval: 100, LOWI_ENCRYPTION_TYPE_WPA_PSK 11mcRanging: No, ANQP: Yes, LCI: No, Civic: No, capability(0x1c31): ESS Privacy ShortPreamble ShortSlotTime APSD
12-14 03:23:52.624 1395 4221 D LOWI-9.0.0.87.a: [LOWI-Scan] BSS 1a:51:7e:52:1a:23 FREQ: 2437, cFreq1[40:80:160] = [0:0:0] cFreq2 = 0 Country Code = CN
12-14 03:23:52.624 1395 4221 D LOWI-9.0.0.87.a: [LOWI-Scan] BSS 1a:51:7e:52:1a:23 (wlan0) ASSO: NO AddInfo: 0x1, TSF 0, 00:01:40.689, RSSI: -156, CPL: 127, AGE: 720, SSID H3C_EPOCH, TSFDelta: 0x78814a7e, TXRate: 0
12-14 03:23:52.624 1395 4221 D LOWI-9.0.0.87.a: [LOWI-Scan]
12-14 03:23:52.624 1395 4221 D LOWI-9.0.0.87.a: [LOWI-Scan] print_bss_handler: Report beacon TSF 73445836 as it greater than probe TSF 73445836
12-14 03:23:52.624 1395 4221 D LOWI-9.0.0.87.a: [LOWI-Scan] decode_rsn_wpa_ie: LOWI_ENCRYPTION_TYPE_WPA_PSK
12-14 03:23:52.624 1395 4221 D LOWI-9.0.0.87.a: [LOWI-Scan] is_qcom_ie, bss_age: 0
12-14 03:23:52.624 1395 4221 D LOWI-9.0.0.87.a: [LOWI-Scan] adjust_age:AP AGE upper limit reached. Dont store
12-14 03:23:52.624 1395 4221 D LOWI-9.0.0.87.a: [LOWI-Scan] BSS 18:6f:2d:81:16:40 LOWI_PHY_MODE_11NG_HT20(5), Beacon Interval: 100, LOWI_ENCRYPTION_TYPE_WPA_PSK 11mcRanging: No, ANQP: No, LCI: No, Civic: No, capability(0x0531): ESS Privacy ShortPreamble SpectrumMgmt ShortSlotTime
12-14 03:23:52.624 1395 4221 D LOWI-9.0.0.87.a: [LOWI-Scan] BSS 18:6f:2d:81:16:40 FREQ: 2442, cFreq1[40:80:160] = [2442:0:0] cFreq2 = 0 Country Code = CN
12-14 03:23:52.624 1395 4221 D LOWI-9.0.0.87.a: [LOWI-Scan] BSS 18:6f:2d:81:16:40 (wlan0) ASSO: NO AddInfo: 0x1, TSF 0, 00:01:13.445, RSSI: -160, CPL: 127, AGE: 27964, SSID Testing , TSFDelta: 0xe265425d, TXRate: 0
12-14 03:23:52.624 1395 4221 D LOWI-9.0.0.87.a: [LOWI-Scan]
12-14 03:23:52.624 1395 4221 D LOWI-9.0.0.87.a: [LOWI-Scan] print_bss_handler: Report Probe TSF 101321112 as it greater than Beacon TSF 0
12-14 03:23:52.624 1395 4221 D LOWI-9.0.0.87.a: [LOWI-Scan] is_qcom_ie, bss_age: 0
12-14 03:23:52.624 1395 4221 D LOWI-9.0.0.87.a: [LOWI-Scan] BSS 18:6f:2d:81:18:81 LOWI_PHY_MODE_11NG_HT20(5), Beacon Interval: 100, LOWI_ENCRYPTION_TYPE_OPEN 11mcRanging: No, ANQP: No, LCI: No, Civic: No, capability(0x0521): ESS ShortPreamble SpectrumMgmt ShortSlotTime
12-14 03:23:52.624 1395 4221 D LOWI-9.0.0.87.a: [LOWI-Scan] BSS 18:6f:2d:81:18:81 FREQ: 2472, cFreq1[40:80:160] = [2472:0:0] cFreq2 = 0 Country Code = CN
12-14 03:23:52.624 1395 4221 D LOWI-9.0.0.87.a: [LOWI-Scan] BSS 18:6f:2d:81:18:81 (wlan0) ASSO: NO AddInfo: 0x0, TSF 0, 00:01:41.321, RSSI: -136, CPL: 127, AGE: 88, SSID Guest, TSFDelta: 0xf0cf0361, TXRate: 0
12-14 03:23:52.624 1395 4221 D LOWI-9.0.0.87.a: [LOWI-Scan]
12-14 03:23:52.624 1395 4221 D LOWI-9.0.0.87.a: [LOWI-Scan] print_bss_handler: Report beacon TSF 101364480 as it greater than probe TSF 68357227
12-14 03:23:52.624 1395 4221 D LOWI-9.0.0.87.a: [LOWI-Scan] decode_rsn_wpa_ie: LOWI_ENCRYPTION_TYPE_WPA_PSK
12-14 03:23:52.624 1395 4221 D LOWI-9.0.0.87.a: [LOWI-Scan] is_qcom_ie, bss_age: 0
12-14 03:23:52.624 1395 4221 D LOWI-9.0.0.87.a: [LOWI-Scan] BSS 18:6f:2d:81:18:83 LOWI_PHY_MODE_11NG_HT20(5), Beacon Interval: 100, LOWI_ENCRYPTION_TYPE_WPA_PSK 11mcRanging: No, ANQP: No, LCI: No, Civic: No, capability(0x0531): ESS Privacy ShortPreamble SpectrumMgmt ShortSlotTime
12-14 03:23:52.624 1395 4221 D LOWI-9.0.0.87.a: [LOWI-Scan] BSS 18:6f:2d:81:18:83 FREQ: 2472, cFreq1[40:80:160] = [2472:0:0] cFreq2 = 0 Country Code = CN
12-14 03:23:52.624 1395 4221 D LOWI-9.0.0.87.a: [LOWI-Scan] BSS 18:6f:2d:81:18:83 (wlan0) ASSO: NO AddInfo: 0x1, TSF 0, 00:01:41.364, RSSI: -146, CPL: 127, AGE: 44, SSID ZXHY, TSFDelta: 0xf318020c, TXRate: 0
12-14 03:23:52.624 1395 4221 D LOWI-9.0.0.87.a: [LOWI-Scan]
12-14 03:23:52.624 1395 4221 D LOWI-9.0.0.87.a: [LOWI-Scan] print_bss_handler: Report Probe TSF 101350188 as it greater than Beacon TSF 68395211
12-14 03:23:52.624 1395 4221 D LOWI-9.0.0.87.a: [LOWI-Scan] decode_rsn_wpa_ie: LOWI_ENCRYPTION_TYPE_WPA_PSK
12-14 03:23:52.624 1395 4221 D LOWI-9.0.0.87.a: [LOWI-Scan] is_qcom_ie, bss_age: 0
12-14 03:23:52.624 1395 4221 D LOWI-9.0.0.87.a: [LOWI-Scan] BSS 18:6f:2d:81:18:85 LOWI_PHY_MODE_11NG_HT20(5), Beacon Interval: 100, LOWI_ENCRYPTION_TYPE_WPA_PSK 11mcRanging: No, ANQP: No, LCI: No, Civic: No, capability(0x0531): ESS Privacy ShortPreamble SpectrumMgmt ShortSlotTime
12-14 03:23:52.624 1395 4221 D LOWI-9.0.0.87.a: [LOWI-Scan] BSS 18:6f:2d:81:18:85 FREQ: 2472, cFreq1[40:80:160] = [2472:0:0] cFreq2 = 0 Country Code = CN
12-14 03:23:52.624 1395 4221 D LOWI-9.0.0.87.a: [LOWI-Scan] BSS 18:6f:2d:81:18:85 (wlan0) ASSO: NO AddInfo: 0x0, TSF 0, 00:01:41.350, RSSI: -148, CPL: 127, AGE: 60, SSID GM_2.4G, TSFDelta: 0xf1a30aa5, TXRate: 0
12-14 03:23:52.624 1395 4221 D LOWI-9.0.0.87.a: [LOWI-Scan]
12-14 03:23:52.624 1395 4221 D LOWI-9.0.0.87.a: [LOWI-Scan] print_bss_handler: Report beacon TSF 72907095 as it greater than probe TSF 72907095
12-14 03:23:52.624 1395 4221 D LOWI-9.0.0.87.a: [LOWI-Scan] decode_rsn_wpa_ie: LOWI_ENCRYPTION_TYPE_WPA_PSK
12-14 03:23:52.624 1395 4221 D LOWI-9.0.0.87.a: [LOWI-Scan] is_qcom_ie, bss_age: 0
12-14 03:23:52.624 1395 4221 D LOWI-9.0.0.87.a: [LOWI-Scan] adjust_age:AP AGE upper limit reached. Dont store
12-14 03:23:52.624 1395 4221 D LOWI-9.0.0.87.a: [LOWI-Scan] BSS 7c:b5:9b:6b:a4:31 LOWI_PHY_MODE_11AC_VHT40_2G(12), Beacon Interval: 100, LOWI_ENCRYPTION_TYPE_WPA_PSK 11mcRanging: No, ANQP: Yes, LCI: No, Civic: No, capability(0x1431): ESS Privacy ShortPreamble ShortSlotTime
12-14 03:23:52.624 1395 4221 D LOWI-9.0.0.87.a: [LOWI-Scan] BSS 7c:b5:9b:6b:a4:31 FREQ: 2412, cFreq1[40:80:160] = [2422:0:0] cFreq2 = 0 Country Code = CN
12-14 03:23:52.624 1395 4221 D LOWI-9.0.0.87.a: [LOWI-Scan] BSS 7c:b5:9b:6b:a4:31 (wlan0) ASSO: NO AddInfo: 0x1, TSF 0, 00:01:12.907, RSSI: -160, CPL: 127, AGE: 28504, SSID testzz, TSFDelta: 0xcf5082b8, TXRate: 0
12-14 03:23:52.624 1395 4221 D LOWI-9.0.0.87.a: [LOWI-Scan]
12-14 03:23:52.624 1395 4221 D LOWI-9.0.0.87.a: [LOWI-Scan] print_bss_handler: Report beacon TSF 72920633 as it greater than probe TSF 72920633
12-14 03:23:52.624 1395 4221 D LOWI-9.0.0.87.a: [LOWI-Scan] is_qcom_ie, bss_age: 0
12-14 03:23:52.624 1395 4221 D LOWI-9.0.0.87.a: [LOWI-Scan] adjust_age:AP AGE upper limit reached. Dont store
12-14 03:23:52.624 1395 4221 D LOWI-9.0.0.87.a: [LOWI-Scan] BSS 7e:b5:9b:1b:a4:31 LOWI_PHY_MODE_11AC_VHT40_2G(12), Beacon Interval: 100, LOWI_ENCRYPTION_TYPE_OPEN 11mcRanging: No, ANQP: Yes, LCI: No, Civic: No, capability(0x1421): ESS ShortPreamble ShortSlotTime
12-14 03:23:52.624 1395 4221 D LOWI-9.0.0.87.a: [LOWI-Scan] BSS 7e:b5:9b:1b:a4:31 FREQ: 2412, cFreq1[40:80:160] = [2422:0:0] cFreq2 = 0 Country Code = CN
12-14 03:23:52.624 1395 4221 D LOWI-9.0.0.87.a: [LOWI-Scan] BSS 7e:b5:9b:1b:a4:31 (wlan0) ASSO: NO AddInfo: 0x1, TSF 0, 00:01:12.920, RSSI: -168, CPL: 127, AGE: 28488, SSID TPGuest_A431, TSFDelta: 0xcf6360b6, TXRate: 0
12-14 03:23:52.624 1395 4221 D LOWI-9.0.0.87.a: [LOWI-Scan]
12-14 03:23:52.624 1395 4221 D LOWI-9.0.0.87.a: [LOWI-Scan] print_bss_handler: Report Probe TSF 101319340 as it greater than Beacon TSF 0
12-14 03:23:52.624 1395 4221 D LOWI-9.0.0.87.a: [LOWI-Scan] decode_rsn_wpa_ie: LOWI_ENCRYPTION_TYPE_WPA_PSK
12-14 03:23:52.624 1395 4221 D LOWI-9.0.0.87.a: [LOWI-Scan] is_qcom_ie, bss_age: 0
12-14 03:23:52.625 1395 4221 D LOWI-9.0.0.87.a: [LOWI-Scan] BSS 18:6f:2d:81:18:80 LOWI_PHY_MODE_11NG_HT20(5), Beacon Interval: 100, LOWI_ENCRYPTION_TYPE_WPA_PSK 11mcRanging: No, ANQP: No, LCI: No, Civic: No, capability(0x0531): ESS Privacy ShortPreamble SpectrumMgmt ShortSlotTime
12-14 03:23:52.625 1395 4221 D LOWI-9.0.0.87.a: [LOWI-Scan] BSS 18:6f:2d:81:18:80 FREQ: 2472, cFreq1[40:80:160] = [2472:0:0] cFreq2 = 0 Country Code = CN
12-14 03:23:52.625 1395 4221 D LOWI-9.0.0.87.a: [LOWI-Scan] BSS 18:6f:2d:81:18:80 (wlan0) ASSO: NO AddInfo: 0x0, TSF 0, 00:01:41.319, RSSI: -140, CPL: 127, AGE: 92, SSID Testing , TSFDelta: 0xf0c10910, TXRate: 0
12-14 03:23:52.625 1395 4221 D LOWI-9.0.0.87.a: [LOWIDiagLog] Log: lowiMeasResult->request: invalid null argument
12-14 03:23:52.625 1395 4221 I LOWI-9.0.0.87.a: [LOWI-Scan] lowi_close_record:Scan done in 86172ms, 75 APs in scan results
12-14 03:23:52.625 1395 4221 D LOWI-9.0.0.87.a: [LOWI-Scan] WipsScanUsingNL: passive scan cached 0, took 27343 ms, err 0
12-14 03:23:52.625 1395 4221 D LOWI-9.0.0.87.a: [LOWI-Scan] lowi_proc_req_passive_scan_with_live_meas - No WLAN Frames to be parsed
12-14 03:23:52.625 1395 4221 D LOWI-9.0.0.87.a: [LOWIScanResultReceiver] Send scan meas to listener
12-14 03:23:52.625 1395 4221 D LOWI-9.0.0.87.a: [LOWIScanResultReceiver] Enter passive listening mode
12-14 03:23:52.625 1395 4221 D LOWI-9.0.0.87.a: [LOWIWifiDriverInterface] getMeasurements - Passive listening mode
12-14 03:23:52.625 1395 4221 D LOWI-9.0.0.87.a: [LOWI-Scan] WipsScanUsingNL:wait -1 sec for netlink message
12-14 03:23:52.625 1395 1427 D LOWI-9.0.0.87.a: [LOWIEventReceiver] handleEvent:FROM:NA, TO:NA, REQ:NA, IREQ:NA, REQ_ID:0, RESP:NA, INFO:NA
12-14 03:23:52.625 1395 1427 D LOWI-9.0.0.87.a: [LOWIBackgroundScanMgr] isRspForBgScanMgr: evt(LOWI_NO_EVT) - not handled
12-14 03:23:52.625 1395 1427 D LOWI-9.0.0.87.a: [LOWIScheduler] manageMsg: NULL results or NULL request in results
12-14 03:23:52.625 1395 1427 D LOWI-9.0.0.87.a: [LOWIController] Measurements received
12-14 03:23:52.625 1395 1427 D LOWI-9.0.0.87.a: [LOWICacheManager] putInCache:Num of Meas to add: 75
12-14 03:23:52.627 1395 1427 D LOWI-9.0.0.87.a: [LOWIController] processMeasurementResults: No current Request. Cache measurements
12-14 03:23:52.627 1395 1427 D LOWI-9.0.0.87.a: [LOWIController] sendAsyncScanResponse: Request FreeWifiScanObserver_0 is from a different client.
12-14 03:23:52.628 1395 1427 D LOWI-9.0.0.87.a: [LOWIController] generateResponse: Type (ASYNC_DISCOVERY_SCAN_RESULTS) ScanStatus (1) request FreeWifiScanObserver_0
12-14 03:23:52.628 1395 1427 D LOWI-9.0.0.87.a: [LOWIEventDispatcher] sendResponse - originator = FreeWifiScanObserver
12-14 03:23:52.628 1395 1427 D LOWI-9.0.0.87.a: [LOWIUtils] injectScanMeasurements - num of APs = 75
12-14 03:23:52.629 1395 1427 I LOWI-9.0.0.87.a: [LOWIUtils] responseToOutPostcard - TO: FreeWifiScanObserver, FROM: LOWI-SERVER, RESP: LOWI_ASYNC_DISCOVERY_SCAN_RESULTS
12-14 03:23:52.630 1395 1427 D LOWI-9.0.0.87.a: [LOWIControllerExtn] sendLOWILpDiscoveryScanResponse: Not a discovery scan response
12-14 03:23:52.633 1485 1876 D WificondScannerImpl: Filtering out 11 scan results.
12-14 03:23:52.650 2282 2282 D WifiDebugService: onScanResultsAvailable
12-14 03:23:52.651 1485 1846 D PasspointManager: ANQP entry not found for: 62:e6:f0:dd:03:c7:
12-14 03:23:52.652 1485 1846 D PasspointManager: ANQP entry not found for: d8:32:14:df:f6:03:
12-14 03:23:52.653 1485 1846 D PasspointManager: ANQP entry not found for: 96:0b:e4:6f:e0:30:
12-14 03:23:52.691 2282 2282 D WifiDebugService: connect wifi SSID is :
12-14 03:23:52.703 2282 2282 W WifiDebugService: find wifi : Guest
12-14 03:23:52.703 2282 2282 W WifiDebugService: find wifi : Fanya
12-14 03:23:52.703 2282 2282 W WifiDebugService: find wifi : Testing
12-14 03:23:52.703 2282 2282 W WifiDebugService: find wifi : ThunderSoft
12-14 03:23:52.703 2282 2282 W WifiDebugService: find wifi : GM
12-14 03:23:52.703 2282 2282 W WifiDebugService: find wifi : Testing
12-14 03:23:52.703 2282 2282 W WifiDebugService: find wifi : Guest
12-14 03:23:52.703 2282 2282 W WifiDebugService: find wifi : ThunderSoft_2.4G
12-14 03:23:52.703 2282 2282 W WifiDebugService: find wifi : ZXHY
12-14 03:23:52.703 2282 2282 W WifiDebugService: find wifi : Fanya
12-14 03:23:52.703 2282 2282 W WifiDebugService: find wifi : 123
12-14 03:23:52.704 2282 2282 W WifiDebugService: find wifi :
12-14 03:23:52.704 2282 2282 W WifiDebugService: find wifi : TP-LINK_Figure_6d0405
12-14 03:23:52.704 2282 2282 W WifiDebugService: find wifi : Testing
12-14 03:23:52.704 2282 2282 W WifiDebugService: find wifi : Guest
12-14 03:23:52.704 2282 2282 W WifiDebugService: find wifi : ThunderSoft_2.4G
12-14 03:23:52.704 2282 2282 W WifiDebugService: find wifi : ZXHY
12-14 03:23:52.704 2282 2282 W WifiDebugService: find wifi : Fanya
12-14 03:23:52.704 2282 2282 W WifiDebugService: can not find target wifi ap : hht_test_wifi_fc4318c9
12-14 03:23:52.710 1485 1509 W System : A resource failed to call release.
12-14 03:23:52.710 1485 1509 W System : A resource failed to call close.
12-14 03:23:52.710 1485 1509 W System : A resource failed to call close.
12-14 03:23:52.710 1485 1509 W System : A resource failed to call close.
12-14 03:23:52.711 1485 1509 W System : A resource failed to call close.
12-14 03:23:52.711 1485 1509 W System : A resource failed to call close.
01-01 08:23:16.371 0 0 I IRQ 5 : no longer affine to CPU7
12-14 03:23:52.827 0 0 W swapper/3: type=1400 audit(0.0:321): avc: denied { kill } for capability=5 scontext=u:r:kernel:s0 tcontext=u:r:kernel:s0 tclass=capability permissive=0
12-14 03:23:53.010 1383 1383 I update_engine: [INFO:partition_writer_factory_android.cc(44)] Virtual AB Compression disabled, using Partition Writer for `cmnlib`
12-14 03:23:53.012 1383 1383 I update_engine: [INFO:partition_writer.cc(295)] Opening /dev/block/bootdevice/by-name/cmnlib_b partition without O_DSYNC
12-14 03:23:53.014 1383 1383 I update_engine: [INFO:partition_writer.cc(100)] Caching writes.
12-14 03:23:53.015 1383 1383 I update_engine: [INFO:partition_writer.cc(307)] Applying 1 operations to partition "cmnlib"
12-14 03:23:53.064 1383 1383 I update_engine: [INFO:partition_writer_factory_android.cc(44)] Virtual AB Compression disabled, using Partition Writer for `cmnlib64`
12-14 03:23:53.064 1383 1383 I update_engine: [INFO:partition_writer.cc(295)] Opening /dev/block/bootdevice/by-name/cmnlib64_b partition without O_DSYNC
12-14 03:23:53.066 1383 1383 I update_engine: [INFO:partition_writer.cc(100)] Caching writes.
12-14 03:23:53.066 1383 1383 I update_engine: [INFO:partition_writer.cc(307)] Applying 1 operations to partition "cmnlib64"
12-14 03:23:53.110 1383 1383 I update_engine: [INFO:partition_writer_factory_android.cc(44)] Virtual AB Compression disabled, using Partition Writer for `devcfg`
12-14 03:23:53.111 1383 1383 I update_engine: [INFO:partition_writer.cc(295)] Opening /dev/block/bootdevice/by-name/devcfg_b partition without O_DSYNC
12-14 03:23:53.113 1383 1383 I update_engine: [INFO:partition_writer.cc(100)] Caching writes.
12-14 03:23:53.114 1383 1383 I update_engine: [INFO:partition_writer.cc(307)] Applying 1 operations to partition "devcfg"
12-14 03:23:53.123 1383 1383 I update_engine: [INFO:partition_writer_factory_android.cc(44)] Virtual AB Compression disabled, using Partition Writer for `dsp`
12-14 03:23:53.124 1383 1383 I update_engine: [INFO:partition_writer.cc(295)] Opening /dev/block/bootdevice/by-name/dsp_b partition without O_DSYNC
12-14 03:23:53.125 1383 1383 I update_engine: [INFO:partition_writer.cc(100)] Caching writes.
12-14 03:23:53.126 1383 1383 I update_engine: [INFO:partition_writer.cc(307)] Applying 32 operations to partition "dsp"
12-14 03:23:53.384 639 654 I mpu_uart: [MSG-P:RECV]:No message received in 1000 ms
12-14 03:23:53.425 639 653 I mpu_uart: [MSG-P:R]:recv sync frame timeout
01-01 08:23:17.107 0 0 D : mv2112_read_status
01-01 08:23:17.107 0 0 D mv2112_update_link: 3.0x901(1G): 0x84
01-01 08:23:17.107 0 0 D mv2112_update_link: 3.0x8109(100M): 0xc
01-01 08:23:17.107 0 0 D mv2112_update_link: link 0x4
01-01 08:23:17.107 0 0 D mv2112_read_status: autoneg is disabled
12-14 03:23:53.827 0 0 W swapper/3: type=1400 audit(0.0:322): avc: denied { kill } for capability=5 scontext=u:r:kernel:s0 tcontext=u:r:kernel:s0 tclass=capability permissive=0
12-14 03:23:54.385 639 654 I mpu_uart: [MSG-P:RECV]:No message received in 1000 ms
01-01 08:23:18.131 0 0 D : mv2112_read_status
01-01 08:23:18.131 0 0 D mv2112_update_link: 3.0x901(1G): 0x84
01-01 08:23:18.131 0 0 D mv2112_update_link: 3.0x8109(100M): 0xc
01-01 08:23:18.131 0 0 D mv2112_update_link: link 0x4
01-01 08:23:18.131 0 0 D mv2112_read_status: autoneg is disabled
12-14 03:23:54.624 4346 4346 I update_engine_client: [INFO:update_engine_client_android.cc(92)] onStatusUpdate(UPDATE_STATUS_DOWNLOADING (3), 0.0200441)
12-14 03:23:54.827 0 0 W swapper/3: type=1400 audit(0.0:323): avc: denied { kill } for capability=5 scontext=u:r:kernel:s0 tcontext=u:r:kernel:s0 tclass=capability permissive=0
12-14 03:23:55.197 1383 1383 I update_engine: [INFO:partition_writer_factory_android.cc(44)] Virtual AB Compression disabled, using Partition Writer for `dtbo`
12-14 03:23:55.198 1383 1383 I update_engine: [INFO:partition_writer.cc(295)] Opening /dev/block/bootdevice/by-name/dtbo_b partition without O_DSYNC
12-14 03:23:55.200 1383 1383 I update_engine: [INFO:partition_writer.cc(100)] Caching writes.
12-14 03:23:55.201 1383 1383 I update_engine: [INFO:partition_writer.cc(307)] Applying 4 operations to partition "dtbo"
12-14 03:23:55.295 1383 1383 I update_engine: [INFO:partition_writer_factory_android.cc(44)] Virtual AB Compression disabled, using Partition Writer for `featenabler`
12-14 03:23:55.296 1383 1383 I update_engine: [INFO:partition_writer.cc(295)] Opening /dev/block/bootdevice/by-name/featenabler_b partition without O_DSYNC
12-14 03:23:55.297 1383 1383 I update_engine: [INFO:partition_writer.cc(100)] Caching writes.
12-14 03:23:55.298 1383 1383 I update_engine: [INFO:partition_writer.cc(307)] Applying 1 operations to partition "featenabler"
12-14 03:23:55.306 1383 1383 I update_engine: [INFO:partition_writer_factory_android.cc(44)] Virtual AB Compression disabled, using Partition Writer for `hyp`
12-14 03:23:55.307 1383 1383 I update_engine: [INFO:partition_writer.cc(295)] Opening /dev/block/bootdevice/by-name/hyp_b partition without O_DSYNC
12-14 03:23:55.308 1383 1383 I update_engine: [INFO:partition_writer.cc(100)] Caching writes.
12-14 03:23:55.309 1383 1383 I update_engine: [INFO:partition_writer.cc(307)] Applying 1 operations to partition "hyp"
12-14 03:23:55.337 1383 1383 I update_engine: [INFO:partition_writer_factory_android.cc(44)] Virtual AB Compression disabled, using Partition Writer for `imagefv`
12-14 03:23:55.338 1383 1383 I update_engine: [INFO:partition_writer.cc(295)] Opening /dev/block/bootdevice/by-name/imagefv_b partition without O_DSYNC
12-14 03:23:55.340 1383 1383 I update_engine: [INFO:partition_writer.cc(100)] Caching writes.
12-14 03:23:55.340 1383 1383 I update_engine: [INFO:partition_writer.cc(307)] Applying 1 operations to partition "imagefv"
12-14 03:23:55.346 1383 1383 I update_engine: [INFO:partition_writer_factory_android.cc(44)] Virtual AB Compression disabled, using Partition Writer for `keymaster`
12-14 03:23:55.346 1383 1383 I update_engine: [INFO:partition_writer.cc(295)] Opening /dev/block/bootdevice/by-name/keymaster_b partition without O_DSYNC
12-14 03:23:55.348 1383 1383 I update_engine: [INFO:partition_writer.cc(100)] Caching writes.
12-14 03:23:55.349 1383 1383 I update_engine: [INFO:partition_writer.cc(307)] Applying 1 operations to partition "keymaster"
12-14 03:23:55.371 1383 1383 I update_engine: [INFO:partition_writer_factory_android.cc(44)] Virtual AB Compression disabled, using Partition Writer for `modem`
12-14 03:23:55.372 1383 1383 I update_engine: [INFO:partition_writer.cc(295)] Opening /dev/block/bootdevice/by-name/modem_b partition without O_DSYNC
12-14 03:23:55.374 1383 1383 I update_engine: [INFO:partition_writer.cc(100)] Caching writes.
12-14 03:23:55.376 1383 1383 I update_engine: [INFO:partition_writer.cc(307)] Applying 36 operations to partition "modem"
12-14 03:23:55.385 639 654 I mpu_uart: [MSG-P:RECV]:No message received in 1000 ms
01-01 08:23:19.155 0 0 D : mv2112_read_status
01-01 08:23:19.155 0 0 D mv2112_update_link: 3.0x901(1G): 0x84
01-01 08:23:19.155 0 0 D mv2112_update_link: 3.0x8109(100M): 0xc
01-01 08:23:19.155 0 0 D mv2112_update_link: link 0x4
01-01 08:23:19.155 0 0 D mv2112_read_status: autoneg is disabled
12-14 03:23:55.626 2701 2701 I hpplay-java: [main]:Upgrade:upgrade not be allowed
12-14 03:23:55.645 2701 2701 I hpplay-java: [main]:ServerBusiness:get deviceCode:
12-14 03:23:55.645 2701 2701 W hpplay-java: [main]:ServerBusiness:startDeviceService ignore,invalid deviceCode
12-14 03:23:55.827 0 0 W swapper/3: type=1400 audit(0.0:324): avc: denied { kill } for capability=5 scontext=u:r:kernel:s0 tcontext=u:r:kernel:s0 tclass=capability permissive=0
12-14 03:23:56.385 639 654 I mpu_uart: [MSG-P:RECV]:No message received in 1000 ms
12-14 03:23:56.428 639 653 I mpu_uart: [MSG-P:R]:recv sync frame timeout
01-01 08:23:20.179 0 0 D : mv2112_read_status
01-01 08:23:20.179 0 0 D mv2112_update_link: 3.0x901(1G): 0x84
01-01 08:23:20.179 0 0 D mv2112_update_link: 3.0x8109(100M): 0xc
01-01 08:23:20.179 0 0 D mv2112_update_link: link 0x4
01-01 08:23:20.179 0 0 D mv2112_read_status: autoneg is disabled
12-14 03:23:56.827 0 0 W swapper/3: type=1400 audit(0.0:325): avc: denied { kill } for capability=5 scontext=u:r:kernel:s0 tcontext=u:r:kernel:s0 tclass=capability permissive=0
12-14 03:23:57.282 4346 4346 I update_engine_client: [INFO:update_engine_client_android.cc(92)] onStatusUpdate(UPDATE_STATUS_DOWNLOADING (3), 0.0300575)
12-14 03:23:57.385 639 654 I mpu_uart: [MSG-P:RECV]:No message received in 1000 ms
01-01 08:23:21.203 0 0 D : mv2112_read_status
01-01 08:23:21.203 0 0 D mv2112_update_link: 3.0x901(1G): 0x84
01-01 08:23:21.203 0 0 D mv2112_update_link: 3.0x8109(100M): 0xc
01-01 08:23:21.203 0 0 D mv2112_update_link: link 0x4
01-01 08:23:21.203 0 0 D mv2112_read_status: autoneg is disabled
12-14 03:23:57.827 0 0 W swapper/3: type=1400 audit(0.0:326): avc: denied { kill } for capability=5 scontext=u:r:kernel:s0 tcontext=u:r:kernel:s0 tclass=capability permissive=0
12-14 03:23:58.386 639 654 I mpu_uart: [MSG-P:RECV]:No message received in 1000 ms
12-14 03:23:58.479 1485 2801 D ConnectivityService: Data stall detected with methods: 1
12-14 03:23:58.480 2046 3253 D NetworkMonitor/100: isDataStall: result=1, tcp packets received=0, latest tcp fail rate=-1, consecutive dns timeout count=23
12-14 03:23:58.480 2046 3253 D NetworkMonitor/100: Suspecting data stall, reevaluate
12-14 03:23:58.481 2046 4387 D NetworkMonitor/100: Validation disabled.
12-14 03:23:58.485 1485 1898 D ConnectivityService: [100 ETHERNET] validation passed
01-01 08:23:22.227 0 0 D : mv2112_read_status
01-01 08:23:22.227 0 0 D mv2112_update_link: 3.0x901(1G): 0x84
01-01 08:23:22.227 0 0 D mv2112_update_link: 3.0x8109(100M): 0xc
01-01 08:23:22.227 0 0 D mv2112_update_link: link 0x4
01-01 08:23:22.227 0 0 D mv2112_read_status: autoneg is disabled
12-14 03:23:58.827 1383 1383 W update_engine: type=1400 audit(0.0:327): avc: denied { kill } for capability=5 scontext=u:r:update_engine:s0 tcontext=u:r:update_engine:s0 tclass=capability permissive=0
12-14 03:23:59.386 639 654 I mpu_uart: [MSG-P:RECV]:No message received in 1000 ms
12-14 03:23:59.430 639 653 I mpu_uart: [MSG-P:R]:recv sync frame timeout
01-01 08:23:23.251 0 0 D : mv2112_read_status
01-01 08:23:23.251 0 0 D mv2112_update_link: 3.0x901(1G): 0x84
01-01 08:23:23.251 0 0 D mv2112_update_link: 3.0x8109(100M): 0xc
01-01 08:23:23.251 0 0 D mv2112_update_link: link 0x4
01-01 08:23:23.251 0 0 D mv2112_read_status: autoneg is disabled
12-14 03:23:59.827 0 0 W swapper/3: type=1400 audit(0.0:328): avc: denied { kill } for capability=5 scontext=u:r:kernel:s0 tcontext=u:r:kernel:s0 tclass=capability permissive=0
12-14 03:23:59.834 1383 1383 I update_engine: [INFO:partition_writer_factory_android.cc(44)] Virtual AB Compression disabled, using Partition Writer for `multiimgoem`
12-14 03:23:59.836 1383 1383 I update_engine: [INFO:partition_writer.cc(295)] Opening /dev/block/bootdevice/by-name/multiimgoem_b partition without O_DSYNC
12-14 03:23:59.838 1383 1383 I update_engine: [INFO:partition_writer.cc(100)] Caching writes.
12-14 03:23:59.840 1383 1383 I update_engine: [INFO:partition_writer.cc(307)] Applying 1 operations to partition "multiimgoem"
12-14 03:23:59.844 1383 1383 I update_engine: [INFO:partition_writer_factory_android.cc(44)] Virtual AB Compression disabled, using Partition Writer for `odm`
12-14 03:23:59.844 1383 1383 I update_engine: [INFO:partition_writer.cc(295)] Opening /dev/block/dm-13 partition without O_DSYNC
12-14 03:23:59.846 1383 1383 I update_engine: [INFO:partition_writer.cc(100)] Caching writes.
12-14 03:23:59.847 1383 1383 I update_engine: [INFO:partition_writer.cc(307)] Applying 1 operations to partition "odm"
12-14 03:23:59.902 1383 1383 I update_engine: [INFO:partition_writer_factory_android.cc(44)] Virtual AB Compression disabled, using Partition Writer for `product`
12-14 03:23:59.902 1383 1383 I update_engine: [INFO:partition_writer.cc(295)] Opening /dev/block/dm-16 partition without O_DSYNC
12-14 03:23:59.904 1383 1383 I update_engine: [INFO:partition_writer.cc(100)] Caching writes.
12-14 03:23:59.904 1383 1383 I update_engine: [INFO:partition_writer.cc(307)] Applying 106 operations to partition "product"
12-14 03:24:00.003 2374 2374 W QCC:PeriodicCI: [ERROR] Current time is wrong, status=3
12-14 03:24:00.006 1994 1994 D KeyguardUpdateMonitor: received broadcast android.intent.action.TIME_TICK
12-14 03:24:00.006 1994 1994 D KeyguardUpdateMonitor: handleTimeUpdate
12-14 03:24:00.050 1994 4116 I OpenGLRenderer: Davey! duration=9223371928041ms; Flags=0, FrameTimelineVsyncId=5451, IntendedVsync=108813090229, Vsync=108813090229, InputEventId=0, HandleInputStart=108813777822, AnimationStart=108813780842, PerformTraversalsStart=108813782509, DrawStart=108818898030, FrameDeadline=108846423561, FrameInterval=108813765322, FrameStartTime=16666666, SyncQueued=108819467145, SyncStart=108819539280, IssueDrawCommandsStart=108820540322, SwapBuffers=108825592665, FrameCompleted=9223372036854775807, DequeueBufferDuration=45052, QueueBufferDuration=1040104, GpuCompleted=9223372036854775807, SwapBuffersCompleted=108827170790, DisplayPresentTime=72902040442896384,
12-14 03:24:00.051 1994 4116 I OpenGLRenderer: Davey! duration=9223371928035ms; Flags=0, FrameTimelineVsyncId=5451, IntendedVsync=108813090229, Vsync=108813090229, InputEventId=0, HandleInputStart=108813777822, AnimationStart=108813780842, PerformTraversalsStart=108813782509, DrawStart=108821287874, FrameDeadline=108846423561, FrameInterval=108813765322, FrameStartTime=16666666, SyncQueued=108821396780, SyncStart=108827410530, IssueDrawCommandsStart=108827474072, SwapBuffers=108827738030, FrameCompleted=9223372036854775807, DequeueBufferDuration=24531, QueueBufferDuration=451823, GpuCompleted=9223372036854775807, SwapBuffersCompleted=108828732405, DisplayPresentTime=0,
12-14 03:24:00.054 4346 4346 I update_engine_client: [INFO:update_engine_client_android.cc(92)] onStatusUpdate(UPDATE_STATUS_DOWNLOADING (3), 0.0400708)
12-14 03:24:00.389 639 654 I mpu_uart: [MSG-P:RECV]:No message received in 1000 ms
12-14 03:24:00.625 2701 2701 I hpplay-java: [main]:ServerTaskManager:task run out of time
12-14 03:24:00.625 2701 2701 I hpplay-java: [main]:ServerTaskManager:cancelTimeOutCheck
12-14 03:24:00.625 2701 2701 I hpplay-java: [main]:ServerTaskManager:exeTask ignore, reason: TaskList is clear
01-01 08:23:24.275 0 0 D : mv2112_read_status
01-01 08:23:24.275 0 0 D mv2112_update_link: 3.0x901(1G): 0x84
01-01 08:23:24.275 0 0 D mv2112_update_link: 3.0x8109(100M): 0xc
01-01 08:23:24.275 0 0 D mv2112_update_link: link 0x4
01-01 08:23:24.275 0 0 D mv2112_read_status: autoneg is disabled
12-14 03:24:00.747 2701 4335 D hpplay-base: [LelinkMDNS:766] devicePermissionPublic leboPermissionCheck:-2
12-14 03:24:00.747 2701 4335 D hpplay-base: [jniBridge:1125] com_hpplay_sdk_sink_protocol_Bridge_WHAT_SERVER_ERROR
12-14 03:24:00.747 2701 4335 D hpplay-base: [jniBridge:1726] notifyJava, what:204, castType:0, mimeType:0 baseStatus:2
12-14 03:24:00.747 2701 4335 D hpplay-base: [jniBridge:1727] notifyJava sessionID:(null)
12-14 03:24:00.748 2701 4335 I hpplay-java: [Thread-20]:Bridge:notify: what: 204
12-14 03:24:00.749 2701 4335 I hpplay-java: [Thread-20]:Bridge:notify: out: OutParameters:{audioSessionId=-1, audiotrackIndex=0, castHandleType=-1, castType=0, deviceName='', dlnaName='', dramaID='', extra=-2002, frameHandleType=-1, handleInside=true, headduration=0, header='', headers=null, isAD=false, isMultiMirror=false, lelinkVer='', limitTime=0, , mediaAlbum='null', mediaAlbumArtURI='', mediaArtist='null', mediaAssets='', mediaTitle='null', mimeType=0, multiSession=null, period=0, pinCode='', playSpeed=0.0, playerChoice=0, plugin=0, port=0, position=0.0, positionUnit=2, protocol=0, realSessionID='', regType='', , sinkIp='', sourceAPPVersion='', sourceChannel='', sourceClientInfo='', sourceDeviceInfo='', sourceDeviceModel='', sourceDeviceName='', sourceDeviceType=0, sourceHID='', , sourceInfo='', , , sourceOSVersion='', sourceSDKVersion='', sourceUid='', stopDetail=0, stopReason=0, tailduration=0, url='', urlID='', urls=null, userAgent='', videoDecoder=0, volume=0, what=204}com.hpplay.sdk.sink.protocol.OutParameters@4b074fa
12-14 03:24:00.749 2701 4335 I hpplay-java: [Thread-20]:Bridge:notify: address:102902443
12-14 03:24:00.749 2701 4335 I hpplay-base: [mDNSEmbeded:79] embedded_mDNSLoop stopmDNSNow:0 nPublish:-2 nExitFlag:6 tid is 4335
12-14 03:24:00.749 2701 2701 I hpplay-java: [main]:Bridge:findServiceID start out: 102902443
12-14 03:24:00.750 2701 2701 I hpplay-java: [main]:Bridge:findServiceID end
12-14 03:24:00.750 2701 2701 E hpplay-java: [main]:ServerTaskManager:onError 204/-2002 com.hht.lebocast.LelinkHelper$e@7bd531e
12-14 03:24:00.750 2701 2701 I hpplay-java: [main]:ServerTaskManager:cancelTimeOutCheck
12-14 03:24:00.751 2701 2701 W hpplay-java: [main]:ServerTaskManager:onErrorDispatcher errorCode:-2002
12-14 03:24:00.751 2701 2701 I hpplay-java: [main]:ServerTaskManager:onError retry later
