01-01 08:21:43.910 0 0 E msm-auxpcm-dev soc: qcom,msm-pri-auxpcm: ASoC: Failed to add route AUX PCM Capture -> direct -> AUX_PCM_TX
01-01 08:21:43.910 0 0 E msm-auxpcm-dev soc: qcom,msm-sec-auxpcm: ASoC: no source widget found for SEC_AUX_PCM_RX
01-01 08:21:43.910 0 0 E msm-auxpcm-dev soc: qcom,msm-sec-auxpcm: ASoC: Failed to add route SEC_AUX_PCM_RX -> direct -> Sec AUX PCM Playback
01-01 08:21:43.910 0 0 E msm-auxpcm-dev soc: qcom,msm-sec-auxpcm: ASoC: no sink widget found for SEC_AUX_PCM_TX
01-01 08:21:43.910 0 0 E msm-auxpcm-dev soc: qcom,msm-sec-auxpcm: ASoC: Failed to add route Sec AUX PCM Capture -> direct -> SEC_AUX_PCM_TX
01-01 08:21:43.910 0 0 E msm-auxpcm-dev soc: qcom,msm-tert-auxpcm: ASoC: no source widget found for TERT_AUX_PCM_RX
01-01 08:21:43.910 0 0 E msm-auxpcm-dev soc: qcom,msm-tert-auxpcm: ASoC: Failed to add route TERT_AUX_PCM_RX -> direct -> Tert AUX PCM Playback
01-01 08:21:43.910 0 0 E msm-auxpcm-dev soc: qcom,msm-tert-auxpcm: ASoC: no sink widget found for TERT_AUX_PCM_TX
01-01 08:21:43.910 0 0 E msm-auxpcm-dev soc: qcom,msm-tert-auxpcm: ASoC: Failed to add route Tert AUX PCM Capture -> direct -> TERT_AUX_PCM_TX
01-01 08:21:43.910 0 0 E msm-auxpcm-dev soc: qcom,msm-quat-auxpcm: ASoC: no source widget found for QUAT_AUX_PCM_RX
01-01 08:21:43.910 0 0 E msm-auxpcm-dev soc: qcom,msm-quat-auxpcm: ASoC: Failed to add route QUAT_AUX_PCM_RX -> direct -> Quat AUX PCM Playback
01-01 08:21:43.910 0 0 E msm-auxpcm-dev soc: qcom,msm-quat-auxpcm: ASoC: no sink widget found for QUAT_AUX_PCM_TX
01-01 08:21:43.910 0 0 E msm-auxpcm-dev soc: qcom,msm-quat-auxpcm: ASoC: Failed to add route Quat AUX PCM Capture -> direct -> QUAT_AUX_PCM_TX
01-01 08:21:43.910 0 0 E msm-auxpcm-dev soc: qcom,msm-quin-auxpcm: ASoC: no source widget found for QUIN_AUX_PCM_RX
01-01 08:21:43.910 0 0 E msm-auxpcm-dev soc: qcom,msm-quin-auxpcm: ASoC: Failed to add route QUIN_AUX_PCM_RX -> direct -> Quin AUX PCM Playback
01-01 08:21:43.910 0 0 E msm-auxpcm-dev soc: qcom,msm-quin-auxpcm: ASoC: no sink widget found for QUIN_AUX_PCM_TX
01-01 08:21:43.910 0 0 E msm-auxpcm-dev soc: qcom,msm-quin-auxpcm: ASoC: Failed to add route Quin AUX PCM Capture -> direct -> QUIN_AUX_PCM_TX
01-01 08:21:43.910 0 0 E msm-auxpcm-dev soc: qcom,msm-sen-auxpcm: ASoC: no source widget found for SEN_AUX_PCM_RX
01-01 08:21:43.910 0 0 E msm-auxpcm-dev soc: qcom,msm-sen-auxpcm: ASoC: Failed to add route SEN_AUX_PCM_RX -> direct -> Sen AUX PCM Playback
01-01 08:21:43.910 0 0 E msm-auxpcm-dev soc: qcom,msm-sen-auxpcm: ASoC: no sink widget found for SEN_AUX_PCM_TX
01-01 08:21:43.910 0 0 E msm-auxpcm-dev soc: qcom,msm-sen-auxpcm: ASoC: Failed to add route Sen AUX PCM Capture -> direct -> SEN_AUX_PCM_TX
01-01 08:21:43.910 0 0 W msm-dai-q6-hdmi soc: qcom,msm-dai-q6-dp: DAI driver id is not set
01-01 08:21:43.195 1136 1136 I gsid : no DSU: No such file or directory
01-01 08:21:44.045 0 0 E bolero-codec soc: qcom,msm-audio-apr:qcom,q6core-audio:bolero-cdc: ASoC: unknown pin WSA AIF VI
01-01 08:21:44.049 0 0 E kona-asoc-snd soc: qcom,msm-audio-apr:qcom,q6core-audio:sound: ASoC: no source widget found for MIC BIAS1
01-01 08:21:44.049 0 0 E kona-asoc-snd soc: qcom,msm-audio-apr:qcom,q6core-audio:sound: ASoC: Failed to add route MIC BIAS1 -> direct -> AMIC1
01-01 08:21:44.049 0 0 E kona-asoc-snd soc: qcom,msm-audio-apr:qcom,q6core-audio:sound: ASoC: no sink widget found for MIC BIAS1
01-01 08:21:44.049 0 0 E kona-asoc-snd soc: qcom,msm-audio-apr:qcom,q6core-audio:sound: ASoC: Failed to add route Analog Mic1 -> direct -> MIC BIAS1
01-01 08:21:44.049 0 0 E kona-asoc-snd soc: qcom,msm-audio-apr:qcom,q6core-audio:sound: ASoC: no source widget found for MIC BIAS2
01-01 08:21:44.049 0 0 E kona-asoc-snd soc: qcom,msm-audio-apr:qcom,q6core-audio:sound: ASoC: Failed to add route MIC BIAS2 -> direct -> AMIC2
01-01 08:21:44.049 0 0 E kona-asoc-snd soc: qcom,msm-audio-apr:qcom,q6core-audio:sound: ASoC: no sink widget found for MIC BIAS2
01-01 08:21:44.049 0 0 E kona-asoc-snd soc: qcom,msm-audio-apr:qcom,q6core-audio:sound: ASoC: Failed to add route Analog Mic2 -> direct -> MIC BIAS2
01-01 08:21:44.049 0 0 E kona-asoc-snd soc: qcom,msm-audio-apr:qcom,q6core-audio:sound: ASoC: no source widget found for MIC BIAS3
01-01 08:21:44.049 0 0 E kona-asoc-snd soc: qcom,msm-audio-apr:qcom,q6core-audio:sound: ASoC: Failed to add route MIC BIAS3 -> direct -> AMIC3
01-01 08:21:44.049 0 0 E kona-asoc-snd soc: qcom,msm-audio-apr:qcom,q6core-audio:sound: ASoC: no sink widget found for MIC BIAS3
01-01 08:21:44.049 0 0 E kona-asoc-snd soc: qcom,msm-audio-apr:qcom,q6core-audio:sound: ASoC: Failed to add route Analog Mic3 -> direct -> MIC BIAS3
01-01 08:21:44.049 0 0 E kona-asoc-snd soc: qcom,msm-audio-apr:qcom,q6core-audio:sound: ASoC: no source widget found for MIC BIAS3
01-01 08:21:44.049 0 0 E kona-asoc-snd soc: qcom,msm-audio-apr:qcom,q6core-audio:sound: ASoC: Failed to add route MIC BIAS3 -> direct -> AMIC4
01-01 08:21:44.049 0 0 E kona-asoc-snd soc: qcom,msm-audio-apr:qcom,q6core-audio:sound: ASoC: no sink widget found for MIC BIAS3
01-01 08:21:44.049 0 0 E kona-asoc-snd soc: qcom,msm-audio-apr:qcom,q6core-audio:sound: ASoC: Failed to add route Analog Mic4 -> direct -> MIC BIAS3
01-01 08:21:44.049 0 0 E kona-asoc-snd soc: qcom,msm-audio-apr:qcom,q6core-audio:sound: ASoC: no source widget found for MIC BIAS4
01-01 08:21:44.049 0 0 E kona-asoc-snd soc: qcom,msm-audio-apr:qcom,q6core-audio:sound: ASoC: Failed to add route MIC BIAS4 -> direct -> AMIC5
01-01 08:21:44.049 0 0 E kona-asoc-snd soc: qcom,msm-audio-apr:qcom,q6core-audio:sound: ASoC: no sink widget found for MIC BIAS4
01-01 08:21:44.049 0 0 E kona-asoc-snd soc: qcom,msm-audio-apr:qcom,q6core-audio:sound: ASoC: Failed to add route Analog Mic5 -> direct -> MIC BIAS4
01-01 08:21:44.049 0 0 E kona-asoc-snd soc: qcom,msm-audio-apr:qcom,q6core-audio:sound: ASoC: no source widget found for MIC BIAS3
01-01 08:21:44.049 0 0 E kona-asoc-snd soc: qcom,msm-audio-apr:qcom,q6core-audio:sound: ASoC: Failed to add route MIC BIAS3 -> direct -> TX DMIC0
01-01 08:21:44.049 0 0 E kona-asoc-snd soc: qcom,msm-audio-apr:qcom,q6core-audio:sound: ASoC: no sink widget found for MIC BIAS3
01-01 08:21:44.049 0 0 E kona-asoc-snd soc: qcom,msm-audio-apr:qcom,q6core-audio:sound: ASoC: Failed to add route Digital Mic0 -> direct -> MIC BIAS3
01-01 08:21:44.049 0 0 E kona-asoc-snd soc: qcom,msm-audio-apr:qcom,q6core-audio:sound: ASoC: no source widget found for MIC BIAS3
01-01 08:21:44.049 0 0 E kona-asoc-snd soc: qcom,msm-audio-apr:qcom,q6core-audio:sound: ASoC: Failed to add route MIC BIAS3 -> direct -> TX DMIC1
01-01 08:21:44.049 0 0 E kona-asoc-snd soc: qcom,msm-audio-apr:qcom,q6core-audio:sound: ASoC: no sink widget found for MIC BIAS3
01-01 08:21:44.049 0 0 E kona-asoc-snd soc: qcom,msm-audio-apr:qcom,q6core-audio:sound: ASoC: Failed to add route Digital Mic1 -> direct -> MIC BIAS3
01-01 08:21:44.049 0 0 E kona-asoc-snd soc: qcom,msm-audio-apr:qcom,q6core-audio:sound: ASoC: no source widget found for MIC BIAS1
01-01 08:21:44.049 0 0 E kona-asoc-snd soc: qcom,msm-audio-apr:qcom,q6core-audio:sound: ASoC: Failed to add route MIC BIAS1 -> direct -> TX DMIC2
01-01 08:21:44.049 0 0 E kona-asoc-snd soc: qcom,msm-audio-apr:qcom,q6core-audio:sound: ASoC: no sink widget found for MIC BIAS1
01-01 08:21:44.049 0 0 E kona-asoc-snd soc: qcom,msm-audio-apr:qcom,q6core-audio:sound: ASoC: Failed to add route Digital Mic2 -> direct -> MIC BIAS1
01-01 08:21:44.049 0 0 E kona-asoc-snd soc: qcom,msm-audio-apr:qcom,q6core-audio:sound: ASoC: no source widget found for MIC BIAS1
01-01 08:21:44.049 0 0 E kona-asoc-snd soc: qcom,msm-audio-apr:qcom,q6core-audio:sound: ASoC: Failed to add route MIC BIAS1 -> direct -> TX DMIC3
01-01 08:21:44.050 0 0 E kona-asoc-snd soc: qcom,msm-audio-apr:qcom,q6core-audio:sound: ASoC: no sink widget found for MIC BIAS1
01-01 08:21:44.050 0 0 E kona-asoc-snd soc: qcom,msm-audio-apr:qcom,q6core-audio:sound: ASoC: Failed to add route Digital Mic3 -> direct -> MIC BIAS1
01-01 08:21:44.050 0 0 E kona-asoc-snd soc: qcom,msm-audio-apr:qcom,q6core-audio:sound: ASoC: no source widget found for MIC BIAS4
01-01 08:21:44.050 0 0 E kona-asoc-snd soc: qcom,msm-audio-apr:qcom,q6core-audio:sound: ASoC: Failed to add route MIC BIAS4 -> direct -> TX DMIC4
01-01 08:21:44.050 0 0 E kona-asoc-snd soc: qcom,msm-audio-apr:qcom,q6core-audio:sound: ASoC: no sink widget found for MIC BIAS4
01-01 08:21:44.050 0 0 E kona-asoc-snd soc: qcom,msm-audio-apr:qcom,q6core-audio:sound: ASoC: Failed to add route Digital Mic4 -> direct -> MIC BIAS4
01-01 08:21:44.050 0 0 E kona-asoc-snd soc: qcom,msm-audio-apr:qcom,q6core-audio:sound: ASoC: no source widget found for MIC BIAS4
01-01 08:21:44.050 0 0 E kona-asoc-snd soc: qcom,msm-audio-apr:qcom,q6core-audio:sound: ASoC: Failed to add route MIC BIAS4 -> direct -> TX DMIC5
01-01 08:21:44.050 0 0 E kona-asoc-snd soc: qcom,msm-audio-apr:qcom,q6core-audio:sound: ASoC: no sink widget found for MIC BIAS4
01-01 08:21:44.050 0 0 E kona-asoc-snd soc: qcom,msm-audio-apr:qcom,q6core-audio:sound: ASoC: Failed to add route Digital Mic5 -> direct -> MIC BIAS4
01-01 08:21:44.050 0 0 E kona-asoc-snd soc: qcom,msm-audio-apr:qcom,q6core-audio:sound: ASoC: no sink widget found for IN1_HPHL
01-01 08:21:44.050 0 0 E kona-asoc-snd soc: qcom,msm-audio-apr:qcom,q6core-audio:sound: ASoC: Failed to add route HPHL_OUT -> direct -> IN1_HPHL
01-01 08:21:44.050 0 0 E kona-asoc-snd soc: qcom,msm-audio-apr:qcom,q6core-audio:sound: ASoC: no sink widget found for IN2_HPHR
01-01 08:21:44.050 0 0 E kona-asoc-snd soc: qcom,msm-audio-apr:qcom,q6core-audio:sound: ASoC: Failed to add route HPHR_OUT -> direct -> IN2_HPHR
01-01 08:21:44.050 0 0 E kona-asoc-snd soc: qcom,msm-audio-apr:qcom,q6core-audio:sound: ASoC: no sink widget found for IN3_AUX
01-01 08:21:44.050 0 0 E kona-asoc-snd soc: qcom,msm-audio-apr:qcom,q6core-audio:sound: ASoC: Failed to add route AUX_OUT -> direct -> IN3_AUX
01-01 08:21:44.050 0 0 E kona-asoc-snd soc: qcom,msm-audio-apr:qcom,q6core-audio:sound: ASoC: no source widget found for ADC1_OUTPUT
01-01 08:21:44.050 0 0 E kona-asoc-snd soc: qcom,msm-audio-apr:qcom,q6core-audio:sound: ASoC: Failed to add route ADC1_OUTPUT -> direct -> TX SWR_ADC0
01-01 08:21:44.050 0 0 E kona-asoc-snd soc: qcom,msm-audio-apr:qcom,q6core-audio:sound: ASoC: no source widget found for ADC2_OUTPUT
01-01 08:21:44.050 0 0 E kona-asoc-snd soc: qcom,msm-audio-apr:qcom,q6core-audio:sound: ASoC: Failed to add route ADC2_OUTPUT -> direct -> TX SWR_ADC1
01-01 08:21:44.050 0 0 E kona-asoc-snd soc: qcom,msm-audio-apr:qcom,q6core-audio:sound: ASoC: no source widget found for ADC3_OUTPUT
01-01 08:21:44.050 0 0 E kona-asoc-snd soc: qcom,msm-audio-apr:qcom,q6core-audio:sound: ASoC: Failed to add route ADC3_OUTPUT -> direct -> TX SWR_ADC2
01-01 08:21:44.050 0 0 E kona-asoc-snd soc: qcom,msm-audio-apr:qcom,q6core-audio:sound: ASoC: no source widget found for ADC4_OUTPUT
01-01 08:21:44.050 0 0 E kona-asoc-snd soc: qcom,msm-audio-apr:qcom,q6core-audio:sound: ASoC: Failed to add route ADC4_OUTPUT -> direct -> TX SWR_ADC3
01-01 08:21:44.050 0 0 E kona-asoc-snd soc: qcom,msm-audio-apr:qcom,q6core-audio:sound: ASoC: no source widget found for DMIC1_OUTPUT
01-01 08:21:44.050 0 0 E kona-asoc-snd soc: qcom,msm-audio-apr:qcom,q6core-audio:sound: ASoC: Failed to add route DMIC1_OUTPUT -> direct -> TX SWR_DMIC0
01-01 08:21:44.050 0 0 E kona-asoc-snd soc: qcom,msm-audio-apr:qcom,q6core-audio:sound: ASoC: no source widget found for DMIC2_OUTPUT
01-01 08:21:44.050 0 0 E kona-asoc-snd soc: qcom,msm-audio-apr:qcom,q6core-audio:sound: ASoC: Failed to add route DMIC2_OUTPUT -> direct -> TX SWR_DMIC1
01-01 08:21:44.050 0 0 E kona-asoc-snd soc: qcom,msm-audio-apr:qcom,q6core-audio:sound: ASoC: no source widget found for DMIC3_OUTPUT
01-01 08:21:44.050 0 0 E kona-asoc-snd soc: qcom,msm-audio-apr:qcom,q6core-audio:sound: ASoC: Failed to add route DMIC3_OUTPUT -> direct -> TX SWR_DMIC2
01-01 08:21:44.050 0 0 E kona-asoc-snd soc: qcom,msm-audio-apr:qcom,q6core-audio:sound: ASoC: no source widget found for DMIC4_OUTPUT
01-01 08:21:44.050 0 0 E kona-asoc-snd soc: qcom,msm-audio-apr:qcom,q6core-audio:sound: ASoC: Failed to add route DMIC4_OUTPUT -> direct -> TX SWR_DMIC3
01-01 08:21:44.050 0 0 E kona-asoc-snd soc: qcom,msm-audio-apr:qcom,q6core-audio:sound: ASoC: no source widget found for DMIC5_OUTPUT
01-01 08:21:44.050 0 0 E kona-asoc-snd soc: qcom,msm-audio-apr:qcom,q6core-audio:sound: ASoC: Failed to add route DMIC5_OUTPUT -> direct -> TX SWR_DMIC4
01-01 08:21:44.050 0 0 E kona-asoc-snd soc: qcom,msm-audio-apr:qcom,q6core-audio:sound: ASoC: no source widget found for DMIC6_OUTPUT
01-01 08:21:44.050 0 0 E kona-asoc-snd soc: qcom,msm-audio-apr:qcom,q6core-audio:sound: ASoC: Failed to add route DMIC6_OUTPUT -> direct -> TX SWR_DMIC5
01-01 08:21:44.050 0 0 E kona-asoc-snd soc: qcom,msm-audio-apr:qcom,q6core-audio:sound: ASoC: no source widget found for DMIC7_OUTPUT
01-01 08:21:44.050 0 0 E kona-asoc-snd soc: qcom,msm-audio-apr:qcom,q6core-audio:sound: ASoC: Failed to add route DMIC7_OUTPUT -> direct -> TX SWR_DMIC6
01-01 08:21:44.050 0 0 E kona-asoc-snd soc: qcom,msm-audio-apr:qcom,q6core-audio:sound: ASoC: no source widget found for DMIC8_OUTPUT
01-01 08:21:44.050 0 0 E kona-asoc-snd soc: qcom,msm-audio-apr:qcom,q6core-audio:sound: ASoC: Failed to add route DMIC8_OUTPUT -> direct -> TX SWR_DMIC7
01-01 08:21:44.050 0 0 E kona-asoc-snd soc: qcom,msm-audio-apr:qcom,q6core-audio:sound: ASoC: no sink widget found for SpkrLeft IN
01-01 08:21:44.050 0 0 E kona-asoc-snd soc: qcom,msm-audio-apr:qcom,q6core-audio:sound: ASoC: Failed to add route WSA_SPK1 OUT -> direct -> SpkrLeft IN
01-01 08:21:44.050 0 0 E kona-asoc-snd soc: qcom,msm-audio-apr:qcom,q6core-audio:sound: ASoC: no sink widget found for SpkrRight IN
01-01 08:21:44.050 0 0 E kona-asoc-snd soc: qcom,msm-audio-apr:qcom,q6core-audio:sound: ASoC: Failed to add route WSA_SPK2 OUT -> direct -> SpkrRight IN
01-01 08:21:44.050 0 0 E kona-asoc-snd soc: qcom,msm-audio-apr:qcom,q6core-audio:sound: ASoC: no sink widget found for VA MIC BIAS3
01-01 08:21:44.050 0 0 E kona-asoc-snd soc: qcom,msm-audio-apr:qcom,q6core-audio:sound: ASoC: Failed to add route Digital Mic0 -> direct -> VA MIC BIAS3
01-01 08:21:44.050 0 0 E kona-asoc-snd soc: qcom,msm-audio-apr:qcom,q6core-audio:sound: ASoC: no sink widget found for VA MIC BIAS3
01-01 08:21:44.050 0 0 E kona-asoc-snd soc: qcom,msm-audio-apr:qcom,q6core-audio:sound: ASoC: Failed to add route Digital Mic1 -> direct -> VA MIC BIAS3
01-01 08:21:44.050 0 0 E kona-asoc-snd soc: qcom,msm-audio-apr:qcom,q6core-audio:sound: ASoC: no sink widget found for VA MIC BIAS4
01-01 08:21:44.050 0 0 E kona-asoc-snd soc: qcom,msm-audio-apr:qcom,q6core-audio:sound: ASoC: Failed to add route Digital Mic4 -> direct -> VA MIC BIAS4
01-01 08:21:44.050 0 0 E kona-asoc-snd soc: qcom,msm-audio-apr:qcom,q6core-audio:sound: ASoC: no sink widget found for VA MIC BIAS4
01-01 08:21:44.050 0 0 E kona-asoc-snd soc: qcom,msm-audio-apr:qcom,q6core-audio:sound: ASoC: Failed to add route Digital Mic5 -> direct -> VA MIC BIAS4
01-01 08:21:44.050 0 0 E kona-asoc-snd soc: qcom,msm-audio-apr:qcom,q6core-audio:sound: ASoC: no source widget found for VA MIC BIAS3
01-01 08:21:44.050 0 0 E kona-asoc-snd soc: qcom,msm-audio-apr:qcom,q6core-audio:sound: ASoC: Failed to add route VA MIC BIAS3 -> direct -> VA DMIC0
01-01 08:21:44.050 0 0 E kona-asoc-snd soc: qcom,msm-audio-apr:qcom,q6core-audio:sound: ASoC: no source widget found for VA MIC BIAS3
01-01 08:21:44.050 0 0 E kona-asoc-snd soc: qcom,msm-audio-apr:qcom,q6core-audio:sound: ASoC: Failed to add route VA MIC BIAS3 -> direct -> VA DMIC1
01-01 08:21:44.050 0 0 E kona-asoc-snd soc: qcom,msm-audio-apr:qcom,q6core-audio:sound: ASoC: no source widget found for VA MIC BIAS4
01-01 08:21:44.050 0 0 E kona-asoc-snd soc: qcom,msm-audio-apr:qcom,q6core-audio:sound: ASoC: Failed to add route VA MIC BIAS4 -> direct -> VA DMIC4
01-01 08:21:44.050 0 0 E kona-asoc-snd soc: qcom,msm-audio-apr:qcom,q6core-audio:sound: ASoC: no source widget found for VA MIC BIAS4
01-01 08:21:44.050 0 0 E kona-asoc-snd soc: qcom,msm-audio-apr:qcom,q6core-audio:sound: ASoC: Failed to add route VA MIC BIAS4 -> direct -> VA DMIC5
01-01 08:21:44.050 0 0 E kona-asoc-snd soc: qcom,msm-audio-apr:qcom,q6core-audio:sound: ASoC: no source widget found for ADC1_OUTPUT
01-01 08:21:44.050 0 0 E kona-asoc-snd soc: qcom,msm-audio-apr:qcom,q6core-audio:sound: ASoC: Failed to add route ADC1_OUTPUT -> direct -> VA SWR_ADC0
01-01 08:21:44.051 0 0 E kona-asoc-snd soc: qcom,msm-audio-apr:qcom,q6core-audio:sound: ASoC: no source widget found for ADC2_OUTPUT
01-01 08:21:44.051 0 0 E kona-asoc-snd soc: qcom,msm-audio-apr:qcom,q6core-audio:sound: ASoC: Failed to add route ADC2_OUTPUT -> direct -> VA SWR_ADC1
01-01 08:21:44.051 0 0 E kona-asoc-snd soc: qcom,msm-audio-apr:qcom,q6core-audio:sound: ASoC: no source widget found for ADC3_OUTPUT
01-01 08:21:44.051 0 0 E kona-asoc-snd soc: qcom,msm-audio-apr:qcom,q6core-audio:sound: ASoC: Failed to add route ADC3_OUTPUT -> direct -> VA SWR_ADC2
01-01 08:21:44.051 0 0 E kona-asoc-snd soc: qcom,msm-audio-apr:qcom,q6core-audio:sound: ASoC: no source widget found for ADC4_OUTPUT
01-01 08:21:44.051 0 0 E kona-asoc-snd soc: qcom,msm-audio-apr:qcom,q6core-audio:sound: ASoC: Failed to add route ADC4_OUTPUT -> direct -> VA SWR_ADC3
01-01 08:21:44.051 0 0 E kona-asoc-snd soc: qcom,msm-audio-apr:qcom,q6core-audio:sound: ASoC: no source widget found for DMIC1_OUTPUT
01-01 08:21:44.051 0 0 E kona-asoc-snd soc: qcom,msm-audio-apr:qcom,q6core-audio:sound: ASoC: Failed to add route DMIC1_OUTPUT -> direct -> VA SWR_MIC0
01-01 08:21:44.051 0 0 E kona-asoc-snd soc: qcom,msm-audio-apr:qcom,q6core-audio:sound: ASoC: no source widget found for DMIC2_OUTPUT
01-01 08:21:44.051 0 0 E kona-asoc-snd soc: qcom,msm-audio-apr:qcom,q6core-audio:sound: ASoC: Failed to add route DMIC2_OUTPUT -> direct -> VA SWR_MIC1
01-01 08:21:44.051 0 0 E kona-asoc-snd soc: qcom,msm-audio-apr:qcom,q6core-audio:sound: ASoC: no source widget found for DMIC3_OUTPUT
01-01 08:21:44.051 0 0 E kona-asoc-snd soc: qcom,msm-audio-apr:qcom,q6core-audio:sound: ASoC: Failed to add route DMIC3_OUTPUT -> direct -> VA SWR_MIC2
01-01 08:21:44.051 0 0 E kona-asoc-snd soc: qcom,msm-audio-apr:qcom,q6core-audio:sound: ASoC: no source widget found for DMIC4_OUTPUT
01-01 08:21:44.051 0 0 E kona-asoc-snd soc: qcom,msm-audio-apr:qcom,q6core-audio:sound: ASoC: Failed to add route DMIC4_OUTPUT -> direct -> VA SWR_MIC3
01-01 08:21:44.051 0 0 E kona-asoc-snd soc: qcom,msm-audio-apr:qcom,q6core-audio:sound: ASoC: no source widget found for DMIC5_OUTPUT
01-01 08:21:44.051 0 0 E kona-asoc-snd soc: qcom,msm-audio-apr:qcom,q6core-audio:sound: ASoC: Failed to add route DMIC5_OUTPUT -> direct -> VA SWR_MIC4
01-01 08:21:44.051 0 0 E kona-asoc-snd soc: qcom,msm-audio-apr:qcom,q6core-audio:sound: ASoC: no source widget found for DMIC6_OUTPUT
01-01 08:21:44.051 0 0 E kona-asoc-snd soc: qcom,msm-audio-apr:qcom,q6core-audio:sound: ASoC: Failed to add route DMIC6_OUTPUT -> direct -> VA SWR_MIC5
01-01 08:21:44.051 0 0 E kona-asoc-snd soc: qcom,msm-audio-apr:qcom,q6core-audio:sound: ASoC: no source widget found for DMIC7_OUTPUT
01-01 08:21:44.051 0 0 E kona-asoc-snd soc: qcom,msm-audio-apr:qcom,q6core-audio:sound: ASoC: Failed to add route DMIC7_OUTPUT -> direct -> VA SWR_MIC6
01-01 08:21:44.051 0 0 E kona-asoc-snd soc: qcom,msm-audio-apr:qcom,q6core-audio:sound: ASoC: no source widget found for DMIC8_OUTPUT
01-01 08:21:44.051 0 0 E kona-asoc-snd soc: qcom,msm-audio-apr:qcom,q6core-audio:sound: ASoC: Failed to add route DMIC8_OUTPUT -> direct -> VA SWR_MIC7
01-01 08:21:44.074 0 0 I kona-asoc-snd soc: qcom,msm-audio-apr:qcom,q6core-audio:sound: msm_asoc_machine_probe: Sound card kona-mtp-snd-card registered
01-01 08:21:44.075 0 0 E : [drm:dp_display_init_aux_switch][msm-dp-err][79 ]failed to register notifier (-22)
01-01 08:21:44.075 0 0 E register_client_adhoc: find path.src 1 dest 589
01-01 08:21:44.075 0 0 E register_client_adhoc: Failed to find path.src 1 dest 589
01-01 08:21:44.082 0 0 E swr-wcd rx_swr_ctrl: swrm_get_logical_dev_num: device 0xd01170224 is not ready
01-01 08:21:44.082 0 0 E swr_get_logical_dev_num: Error -22 to get logical addr for device d01170224
01-01 08:21:44.082 0 0 E swr-wcd rx_swr_ctrl: swrm_get_logical_dev_num: device 0xd01170224 is not ready
01-01 08:21:44.082 0 0 E swr_get_logical_dev_num: Error -22 to get logical addr for device d01170224
01-01 08:21:44.082 0 0 E swr-wcd rx_swr_ctrl: swrm_get_logical_dev_num: device 0xd01170224 is not ready
01-01 08:21:44.082 0 0 E swr_get_logical_dev_num: Error -22 to get logical addr for device d01170224
01-01 08:21:44.082 0 0 E swr-wcd rx_swr_ctrl: swrm_get_logical_dev_num: device 0xd01170224 is not ready
01-01 08:21:44.082 0 0 E swr_get_logical_dev_num: Error -22 to get logical addr for device d01170224
01-01 08:21:44.083 0 0 E swr-wcd rx_swr_ctrl: swrm_get_logical_dev_num: device 0xd01170224 is not ready
01-01 08:21:44.083 0 0 E swr_get_logical_dev_num: Error -22 to get logical addr for device d01170224
01-01 08:21:44.083 0 0 E wcd938x_codec wcd938x-codec: wcd938x_bind: Slave bind failed, ret = -517
01-01 08:21:44.086 0 0 I : read descriptors
01-01 08:21:44.086 0 0 I : read strings
01-01 08:21:44.093 0 0 W subsys-pil-tz soc: qcom,kgsl-hyp: Falling back to syfs fallback for: a650_zap.mdt
01-01 08:21:44.109 0 0 I binder : 1157:1157 ioctl 40046210 ff988f58 returned -22
01-01 08:21:43.345 1159 1159 I iorapd : iorapd (the prefetchening) firing up
01-01 08:21:43.355 1159 1159 I iorapd : Opened existing database at '/data/misc/iorapd/sqlite.db'
01-01 08:21:43.356 1159 1159 W iorapd : Reconnect to package manager service: 1 times
01-01 08:21:44.125 0 0 I binder : 1159:1159 ioctl 40046210 7fcb82a3b4 returned -22
01-01 08:21:44.141 0 0 W QSEECOM : qseecom_load_app: App (featenabler) does'nt exist, loading apps for first time
01-01 08:21:43.401 1189 1189 I installd: installd firing up
01-01 08:21:44.168 0 0 I binder : 1187:1187 ioctl 40046210 7fc6ad00a4 returned -22
01-01 08:21:44.178 0 0 I binder : 1189:1189 ioctl 40046210 7fdc361564 returned -22
01-01 08:21:44.178 0 0 W QSEECOM : qseecom_load_app: App with id 5 (featenabler) now loaded
01-01 08:21:44.190 0 0 I binder : 1183:1183 ioctl 40046210 7fc433ace4 returned -22
01-01 08:21:44.200 0 0 I binder : 1203:1203 ioctl 40046210 7fe7874104 returned -22
01-01 08:21:44.211 0 0 I binder : 1191:1191 ioctl 40046210 7fc0127194 returned -22
01-01 08:21:43.465 1197 1197 I wificond: wificond is starting up...
01-01 08:21:44.234 0 0 I binder : 1197:1197 ioctl 40046210 7ffc88c674 returned -22
01-01 08:21:44.248 0 0 I binder : 1198:1198 ioctl 40046210 7fd42e0424 returned -22
01-01 08:21:44.248 0 0 I binder : 1197:1197 ioctl 40046210 7ffc88c5f4 returned -22
01-01 08:21:43.482 1197 1197 I HidlServiceManagement: Registered android.system.wifi.keystore@1.0::IKeystore/default
01-01 08:21:44.252 0 0 W healthd : No battery devices found
01-01 08:21:44.254 0 0 I lan743x 0001: 01:00.0 eth0: using MSIX interrupts, number of vectors = 6
01-01 08:21:43.494 0 0 W healthd : battery none chg=
01-01 08:21:43.495 0 0 I binder : 1190:1190 ioctl 40046210 7fdc531b44 returned -22
01-01 08:21:43.503 0 0 I mv2112_config_aneg: autoneg 1
01-01 08:21:43.503 0 0 I : mv2112_restart_aneg
01-01 08:21:43.504 0 0 D : mv2112_read_status
01-01 08:21:43.504 0 0 D mv2112_update_link: 3.0x901(1G): 0x80
01-01 08:21:43.504 0 0 D mv2112_update_link: 3.0x8109(100M): 0x0
01-01 08:21:43.504 0 0 D mv2112_update_link: link 0x0
01-01 08:21:43.509 0 0 I subsys-pil-tz soc: qcom,kgsl-hyp: a650_zap: loading from 0x00000000fcd00000 to 0x00000000fcd01000
01-01 08:21:43.512 0 0 W subsys-pil-tz soc: qcom,kgsl-hyp: Falling back to syfs fallback for: a650_zap.b02
01-01 08:21:43.518 1232 1232 I imsrcsd : Uce Service HAL is starting up...
01-01 08:21:43.519 1232 1232 I imsrcsd : Uce Service HAL loading imsrcsbaseimpl
01-01 08:21:43.520 0 0 I binder : 1196:1196 ioctl 40046210 7fe150da34 returned -22
01-01 08:21:43.524 0 0 I lan743x 0001: 01:00.0 eth0: successfully registered ptp clock
01-01 08:21:43.525 0 0 E wlan : Loading driver v5.2.022.10G; 2022-12-14T05:10:59Z; cld:; cmn:;
01-01 08:21:43.527 1196 1196 W storaged: health: invalid battery status
01-01 08:21:43.527 0 0 I IPv6 : ADDRCONF(NETDEV_UP): eth0: link is not ready
01-01 08:21:43.534 0 0 I binder : 1196:1196 ioctl 40046210 7fe150d964 returned -22
01-01 08:21:43.544 0 0 I subsys-pil-tz soc: qcom,kgsl-hyp: a650_zap: Brought out of reset
01-01 08:21:43.559 0 0 E ipa3_uc_reg_rdyCB: 2973 bad parm. inout=0000000000000000
01-01 08:21:43.559 0 0 I : wlan_hdd_state wlan major(476) initialized
01-01 08:21:43.559 0 0 D cnss : Start to wait for calibration to complete
01-01 08:21:43.559 0 0 I binder : 1094:1119 ioctl 40046210 7962d3b144 returned -22
01-01 08:21:43.596 0 0 I cnss-daemon: interop issues ap: read_iot_ap_file: No such file /data/vendor/wifi/iotap_ps.bin
01-01 08:21:43.596 0 0 I cnss-daemon: interop issues ap: read_iot_ap_ps_from_file, read file error
01-01 08:21:43.599 0 0 I cnss-daemon: NL group_id 10, cnss_nl.family_id 28
01-01 08:21:43.599 0 0 I cnss-daemon: wlfw_start: Starting
01-01 08:21:43.600 0 0 I cnss-daemon: no interop issues ap currently
01-01 08:21:43.601 0 0 I cnss-daemon: wlfw_service_request: Start the pthread: 0x0K
01-01 08:21:43.608 0 0 I cnss-daemon: ro.baseband : [apq]
01-01 08:21:43.608 0 0 I cnss-daemon: Hardware supports external modem
01-01 08:21:43.608 0 0 I cnss-daemon: pm_release_vote: pm_handle is NULL
01-01 08:21:43.622 1232 1232 I imsrcsd : Starting Service for First Time imsbaseimpl
01-01 08:21:43.641 1232 1232 I imsrcsd : Interface com.qualcomm.qti.uceservice@2.3::IUceService com.qualcomm.qti.uceservice is found in manifest
01-01 08:21:43.654 1232 1232 I HidlServiceManagement: Registered com.qualcomm.qti.uceservice@2.3::IUceService/com.qualcomm.qti.uceservice (start delay of 233ms)
01-01 08:21:43.608 0 0 I cnss-daemon: pm_release_vote: pm_handle is NULL
01-01 08:21:43.631 0 0 D cnss : Received QMI WLFW request memory indication
01-01 08:21:43.631 0 0 D cnss : FW requests for memory, size: 0x5e0000, type: 1
01-01 08:21:43.631 0 0 D cnss : FW requests for memory, size: 0xd8000, type: 4
01-01 08:21:43.631 0 0 D cnss : Posting event: REQUEST_MEM(2), state: 0x9 flags: 0x0
01-01 08:21:43.631 0 0 D cnss : PM stay awake, state: 0x9, count: 1
01-01 08:21:43.631 0 0 D cnss : PM relax, state: 0x9, count: 0
01-01 08:21:43.631 0 0 D cnss : PM stay awake, state: 0x9, count: 1
01-01 08:21:43.631 0 0 D cnss : Processing driver event: REQUEST_MEM(2), state: 0x9
01-01 08:21:43.637 0 0 D cnss : Sending respond memory message, state: 0x9
01-01 08:21:43.637 0 0 D cnss : Memory for FW, va: 0x0000000000000000, pa: 0x00000000a1000000, size: 0x5e0000, type: 1
01-01 08:21:43.637 0 0 D cnss : Memory for FW, va: 0x0000000000000000, pa: 0x00000000a1600000, size: 0xd8000, type: 4
01-01 08:21:43.641 0 0 I binder : 1256:1256 ioctl 40046210 7fef653f44 returned -22
01-01 08:21:43.643 0 0 D cnss : PM relax, state: 0x9, count: 0
01-01 08:21:43.645 0 0 D cnss : Received QMI WLFW FW memory ready indication
01-01 08:21:43.645 0 0 D cnss : Posting event: FW_MEM_READY(3), state: 0x9 flags: 0x0
01-01 08:21:43.645 0 0 D cnss : PM stay awake, state: 0x9, count: 1
01-01 08:21:43.645 0 0 D cnss : PM relax, state: 0x9, count: 0
01-01 08:21:43.645 0 0 D cnss : PM stay awake, state: 0x9, count: 1
01-01 08:21:43.645 0 0 D cnss : Processing driver event: FW_MEM_READY(3), state: 0x9
01-01 08:21:43.645 0 0 D cnss : Sending target capability message, state: 0xb
01-01 08:21:43.656 0 0 D cnss : Voltage for CPR: 948mV
01-01 08:21:43.656 0 0 D cnss : Got voltage 800mV from i: 0, j: 0
01-01 08:21:43.656 0 0 D cnss : Got voltage 1012mV from i: 4, j: 1
01-01 08:21:43.656 0 0 D cnss : Update TCS CMD data address 0x000000000b2e5844 with voltage 950mV
01-01 08:21:43.656 0 0 D cnss : Device frequency is 24000000 HZ
01-01 08:21:43.656 0 0 D cnss : Target capability: chip_id: 0x0, chip_family: 0xb, board_id: 0xff, soc_id: 0xffffffff, fw_version: 0x101a0521, fw_build_timestamp: 2021-12-20 07:54, fw_build_id: QC_IMAGE_VERSION_STRING=WLAN.HST.1.0.1.r1-01313-QCAHSTSWPL_SILICONZ-1, otp_version: 0x480020
01-01 08:21:43.656 0 0 D cnss : Sending BDF download message, state: 0xb, type: 4
01-01 08:21:43.656 0 0 D cnss : FW name added with prefix: qca6390/regdb.bin
01-01 08:21:43.656 0 0 W cnss2 b0000000.qcom,cnss-qca6390: Falling back to syfs fallback for: qca6390/regdb.bin
01-01 08:21:43.664 0 0 E cnss : Failed to load BDF: qca6390/regdb.bin
01-01 08:21:43.664 0 0 D cnss : Sending BDF download message, state: 0xb, type: 1
01-01 08:21:43.664 0 0 D cnss : FW name added with prefix: qca6390/bdwlan.elf
01-01 08:21:43.664 0 0 W cnss2 b0000000.qcom,cnss-qca6390: Falling back to syfs fallback for: qca6390/bdwlan.elf
01-01 08:21:43.688 1232 1232 I imsrcsd : Interface com.qualcomm.qti.imscmservice@2.2::IImsCmService qti.ims.connectionmanagerservice is found in manifest
01-01 08:21:43.689 1232 1232 I HidlServiceManagement: Registered com.qualcomm.qti.imscmservice@2.2::IImsCmService/qti.ims.connectionmanagerservice (start delay of 268ms)
01-01 08:21:43.672 0 0 D cnss : Downloading BDF: qca6390/bdwlan.elf, size: 57908
01-01 08:21:43.682 0 0 I binder : 1193:1193 ioctl 40046210 ffea1828 returned -22
01-01 08:21:43.687 0 0 I binder : 1193:1193 ioctl 40046210 ffea1810 returned -22
01-01 08:21:43.694 1232 1232 I imsrcsd : Interface vendor.qti.ims.factory@1.1::IImsFactory default is not found in manifest
01-01 08:21:43.699 1232 1232 I imsrcsd : Interface vendor.qti.ims.factory@1.0::IImsFactory default is found in manifest
01-01 08:21:43.701 1232 1232 I HidlServiceManagement: Registered vendor.qti.ims.factory@1.0::IImsFactory/default (start delay of 280ms)
01-01 08:21:43.702 1232 1232 I imsrcsd : Interface vendor.qti.ims.callinfo@1.0::IService default is found in manifest
01-01 08:21:43.704 0 0 D cnss : FW name added with prefix: qca6390/m3.bin
01-01 08:21:43.704 0 0 W cnss_pci 0000: 01:00.0: Falling back to syfs fallback for: qca6390/m3.bin
01-01 08:21:43.704 1232 1232 I HidlServiceManagement: Registered vendor.qti.ims.callinfo@1.0::IService/default (start delay of 283ms)
01-01 08:21:43.704 1232 1232 I imsrcsd : ImsRcsBaseImpl ImsCallInfo After Registering Service
01-01 08:21:43.717 0 0 D qbt : qbt_open: entry minor_no=0 fd_available=1
01-01 08:21:43.717 0 0 D qbt : qbt_open: exit : 0 fd_available=0
01-01 08:21:43.717 0 0 D qbt : qbt_open: entry minor_no=1 fd_available=0
01-01 08:21:43.717 0 0 D qbt : qbt_open: exit : 0 fd_available=0
01-01 08:21:43.717 0 0 D qbt : qbt_ioctl: cmd received 102
01-01 08:21:43.717 0 0 D qbt : qbt_ioctl: qbt_ioctl: QBT_ENABLE_IPC
01-01 08:21:43.727 0 0 D qbt : qbt_ioctl: cmd received 107
01-01 08:21:43.727 0 0 D qbt : qbt_ioctl: Acquiring wakelock
01-01 08:21:43.727 0 0 D cnss : Sending M3 information message, state: 0xb
01-01 08:21:43.727 0 0 D cnss : M3 memory, va: 0x0000000000000000, pa: 0x00000000a1800000, size: 0x411bc
01-01 08:21:43.728 0 0 I binder : 1383:1383 ioctl 40046210 7fc8436ae4 returned -22
01-01 08:21:43.729 0 0 I binder : 1383:1383 ioctl 40046210 7fc84366e4 returned -22
01-01 08:21:43.730 0 0 I android_work: did not send uevent (0 0 0000000000000000)
01-01 08:21:43.733 0 0 D cnss : PM relax, state: 0xb, count: 0
01-01 08:21:43.733 0 0 D cnss : Received QMI WLFW FW initialization done indication
01-01 08:21:43.733 0 0 D cnss : Posting event: FW_READY(4), state: 0xb flags: 0x0
01-01 08:21:43.733 0 0 D cnss : PM stay awake, state: 0xb, count: 1
01-01 08:21:43.733 0 0 D cnss : PM relax, state: 0xb, count: 0
01-01 08:21:43.733 0 0 D cnss : PM stay awake, state: 0xb, count: 1
01-01 08:21:43.733 0 0 D cnss : Processing driver event: FW_READY(4), state: 0xb
01-01 08:21:43.733 0 0 D cnss : PCIE Gen speed not setup
01-01 08:21:43.733 0 0 D cnss : Sending antenna switch sync request, state: 0xf
01-01 08:21:43.735 0 0 E cnss : Antenna switch request failed, result: 1, err: 94
01-01 08:21:43.735 0 0 D cnss : Sending mode message, mode: CALIBRATION(7), state: 0xf
01-01 08:21:43.738 0 0 I binder : 1378:1378 ioctl 40046210 7fe628b934 returned -22
01-01 08:21:43.739 0 0 I binder : 1378:1378 ioctl 40046210 7fe628b764 returned -22
01-01 08:21:43.739 1398 1398 I TLOC : [main ]"TLOC DAEMON main thread"
01-01 08:21:43.739 1398 1398 D TLOC : [TLOCDaemon ]"---------- TLOC Daemon Starts ----------"
01-01 08:21:43.748 1398 1398 D TLOC : [TLOCChannel]"The channel was initialized successfully for TLOCD"
01-01 08:21:43.768 0 0 I binder : 1384:1384 ioctl 40046210 7ff35a21f4 returned -22
01-01 08:21:43.769 1398 1398 D TLOC : [TLOCChannel]"The channel was initialized successfully for TLOCL"
01-01 08:21:43.769 1398 1398 D TLOC : [TLOCChannel]"The channel was initialized successfully for MODEM"
01-01 08:21:43.769 1398 1398 D TLOC : [TLOCChannel]"TLOCChannel was initialized successfully"
01-01 08:21:43.769 1398 1398 D TLOC : [TLOCChannel] "TLOCChannel is already initialized"
01-01 08:21:43.797 0 0 W QSEECOM : qseecom_load_app: App (fingerpr) does'nt exist, loading apps for first time
01-01 08:21:43.803 0 0 I binder : 1179:1179 ioctl 40046210 7fcb039d14 returned -22
01-01 08:21:43.804 0 0 I binder : 1179:1179 ioctl 40046210 7fcb039d34 returned -22
01-01 08:21:43.841 0 0 E msm-dwc3 a600000.ssusb: Could not get usb psy
01-01 08:21:43.871 0 0 I capability: warning: `msm_irqbalance' uses 32-bit capabilities (legacy support in use)
01-01 08:21:43.898 0 0 D cnss : Received QMI WLFW pin connect result indication
01-01 08:21:43.898 0 0 D cnss : Pin connect Result: pwr_pin: 0x1 phy_io_pin: 0x0 rf_io_pin: 0x0
01-01 08:21:43.898 0 0 D cnss : Removing vote for Regulator vdd-wlan-rfa2
01-01 08:21:43.898 0 0 D cnss : Removing vote for Regulator vdd-wlan-rfa1
01-01 08:21:43.898 0 0 D cnss : Removing vote for Regulator vdd-wlan-dig
01-01 08:21:43.898 0 0 D cnss : Removing vote for Regulator vdd-wlan-aon
01-01 08:21:43.898 0 0 D cnss : Removing vote for Regulator vdd-wlan-io
01-01 08:21:43.898 0 0 D cnss : PM relax, state: 0xf, count: 0
01-01 08:21:43.913 0 0 I IPv6 : ADDRCONF(NETDEV_UP): vlan0: link is not ready
01-01 08:21:43.936 0 0 E msm-dwc3 a600000.ssusb: Could not get usb psy
01-01 08:21:43.958 0 0 W QSEECOM : qseecom_load_app: App with id 6 (fingerpr) now loaded
01-01 08:21:44.023 0 0 I android_work: sent uevent USB_STATE=CONNECTED
01-01 08:21:44.043 0 0 E msm-dwc3 a600000.ssusb: Could not get usb psy
01-01 08:21:44.095 0 0 I binder : 1485:1485 ioctl 40046210 7fef98d014 returned -22
01-01 08:21:44.118 0 0 I configfs-gadget gadget: high-speed config #1: b
01-01 08:21:44.119 0 0 E msm-dwc3 a600000.ssusb: Could not get usb psy
01-01 08:21:44.119 0 0 I android_work: sent uevent USB_STATE=CONFIGURED
01-01 08:21:44.135 1485 1485 I SystemServerTiming: InitBeforeStartServices
01-01 08:21:44.137 1485 1485 I SystemServer: Entered the Android system server!
01-01 08:21:44.149 0 0 I IPv6 : ADDRCONF(NETDEV_UP): vlan1: link is not ready
01-01 08:21:44.172 0 0 W QSEECOM : __qseecom_unload_app: App (6) is unloaded
01-01 08:21:44.173 0 0 D qbt : qbt_release: entry minor_no=0 fd_available=0
01-01 08:21:44.173 0 0 D qbt : qbt_release: Releasing wakelock
01-01 08:21:44.173 0 0 D qbt : qbt_release: exit : fd_available=1
01-01 08:21:44.173 0 0 D qbt : qbt_release: entry minor_no=1 fd_available=1
01-01 08:21:44.173 0 0 D qbt : qbt_release: exit : fd_available=1
01-01 08:21:44.270 1485 1485 I SystemServerInitThreadPool: Creating instance with 8 threads
01-01 08:21:44.294 0 0 E : msm_qti_pp_get_rms_value_control, back not active to query rms be_idx:3
01-01 08:21:44.311 0 0 I core_get_license_status: cmdrsp_license_result.result = 0x15 for module 0x131ff
01-01 08:21:44.312 0 0 E msm_ext_disp_update_audio_ops: Display not found (EXT_DISPLAY_TYPE_DP) ctld (0) stream (0)
01-01 08:21:44.312 0 0 E msm_ext_disp_update_audio_ops: Display not found (EXT_DISPLAY_TYPE_HDMI) ctld (0) stream (0)
01-01 08:21:44.312 0 0 E msm_ext_disp_update_audio_ops: Display not found (EXT_DISPLAY_TYPE_DP) ctld (0) stream (0)
01-01 08:21:44.312 0 0 E msm_ext_disp_update_audio_ops: Display not found (EXT_DISPLAY_TYPE_DP) ctld (0) stream (0)
01-01 08:21:44.312 0 0 E msm_ext_disp_update_audio_ops: Display not found (EXT_DISPLAY_TYPE_DP) ctld (0) stream (0)
01-01 08:21:44.312 0 0 E msm-ext-disp-audio-codec-rx soc: qcom,msm-ext-disp:qcom,msm-ext-disp-audio-codec-rx: msm_ext_disp_audio_type_get: get_audio_edid_blk() or get_intf_id is NULL
01-01 08:21:44.313 0 0 E msm_ext_disp_update_audio_ops: Display not found (EXT_DISPLAY_TYPE_DP) ctld (0) stream (0)
01-01 08:21:44.313 0 0 E msm-ext-disp-audio-codec-rx soc: qcom,msm-ext-disp:qcom,msm-ext-disp-audio-codec-rx: msm_ext_disp_audio_type_get: get_audio_edid_blk() or get_intf_id is NULL
01-01 08:21:44.313 0 0 E msm_ext_disp_update_audio_ops: Display not found (EXT_DISPLAY_TYPE_DP) ctld (0) stream (0)
01-01 08:21:44.313 0 0 E msm-ext-disp-audio-codec-rx soc: qcom,msm-ext-disp:qcom,msm-ext-disp-audio-codec-rx: msm_ext_disp_audio_type_get: get_audio_edid_blk() or get_intf_id is NULL
01-01 08:21:44.314 0 0 E msm-ext-disp-audio-codec-rx soc: qcom,msm-ext-disp:qcom,msm-ext-disp-audio-codec-rx: msm_ext_disp_audio_device_get: invalid dai id: 4
01-01 08:21:44.345 0 0 E : msm_qti_pp_get_rms_value_control, back not active to query rms be_idx:3
01-01 08:21:44.347 0 0 I IPv6 : ADDRCONF(NETDEV_UP): vlan2: link is not ready
01-01 08:21:44.354 0 0 I core_get_license_status: cmdrsp_license_result.result = 0x15 for module 0x131ff
01-01 08:21:44.356 0 0 E msm_ext_disp_update_audio_ops: Display not found (EXT_DISPLAY_TYPE_DP) ctld (0) stream (0)
01-01 08:21:44.356 0 0 E msm_ext_disp_update_audio_ops: Display not found (EXT_DISPLAY_TYPE_HDMI) ctld (0) stream (0)
01-01 08:21:44.356 0 0 E msm_ext_disp_update_audio_ops: Display not found (EXT_DISPLAY_TYPE_DP) ctld (0) stream (0)
01-01 08:21:44.357 0 0 E msm_ext_disp_update_audio_ops: Display not found (EXT_DISPLAY_TYPE_DP) ctld (0) stream (0)
01-01 08:21:44.357 0 0 E msm_ext_disp_update_audio_ops: Display not found (EXT_DISPLAY_TYPE_DP) ctld (0) stream (0)
01-01 08:21:44.357 0 0 E msm-ext-disp-audio-codec-rx soc: qcom,msm-ext-disp:qcom,msm-ext-disp-audio-codec-rx: msm_ext_disp_audio_type_get: get_audio_edid_blk() or get_intf_id is NULL
01-01 08:21:44.358 0 0 E msm_ext_disp_update_audio_ops: Display not found (EXT_DISPLAY_TYPE_DP) ctld (0) stream (0)
01-01 08:21:44.358 0 0 E msm-ext-disp-audio-codec-rx soc: qcom,msm-ext-disp:qcom,msm-ext-disp-audio-codec-rx: msm_ext_disp_audio_type_get: get_audio_edid_blk() or get_intf_id is NULL
01-01 08:21:44.359 0 0 E msm_ext_disp_update_audio_ops: Display not found (EXT_DISPLAY_TYPE_DP) ctld (0) stream (0)
01-01 08:21:44.359 0 0 E msm-ext-disp-audio-codec-rx soc: qcom,msm-ext-disp:qcom,msm-ext-disp-audio-codec-rx: msm_ext_disp_audio_type_get: get_audio_edid_blk() or get_intf_id is NULL
01-01 08:21:44.363 0 0 E msm-ext-disp-audio-codec-rx soc: qcom,msm-ext-disp:qcom,msm-ext-disp-audio-codec-rx: msm_ext_disp_audio_device_get: invalid dai id: 4
01-01 08:21:44.369 0 0 E : msm_pcm_volume_ctl_get substream not found
01-01 08:21:44.434 0 0 E : msm_pcm_volume_ctl_get substream not found
01-01 08:21:44.504 1485 1485 I SystemServerTiming: StartServices
01-01 08:21:44.504 1485 1485 I SystemServerTiming: startBootstrapServices
01-01 08:21:44.504 1485 1485 I SystemServerTiming: StartWatchdog
01-01 08:21:44.514 1485 1485 I SystemServer: Reading configuration...
01-01 08:21:44.514 1485 1485 I SystemServerTiming: ReadingSystemConfig
01-01 08:21:44.515 1485 1485 I SystemServerTiming: PlatformCompat
01-01 08:21:44.515 1485 1566 I SystemServerTimingAsync: InitThreadPoolExec:ReadingSystemConfig
01-01 08:21:44.517 1485 1485 D CompatConfig: Found a config file: /system/etc/compatconfig/framework-platform-compat-config.xml
01-01 08:21:44.517 1485 1566 I SystemConfig: Reading permissions from /system/etc/sysconfig/framework-sysconfig.xml
01-01 08:21:44.519 1485 1485 D CompatConfig: Adding: com.android.server.compat.config.Change@13be833
01-01 08:21:44.520 1485 1485 D CompatConfig: Adding: com.android.server.compat.config.Change@1b397f0
01-01 08:21:44.520 1485 1485 D CompatConfig: Adding: com.android.server.compat.config.Change@5630169
01-01 08:21:44.520 1485 1566 I SystemConfig: Reading permissions from /system/etc/sysconfig/preinstalled-packages-platform.xml
01-01 08:21:44.520 1485 1485 D CompatConfig: Adding: com.android.server.compat.config.Change@ec2d48f
01-01 08:21:44.521 1485 1485 D CompatConfig: Adding: com.android.server.compat.config.Change@b52431c
01-01 08:21:44.521 1485 1485 D CompatConfig: Adding: com.android.server.compat.config.Change@6214b25
01-01 08:21:44.522 1485 1485 D CompatConfig: Adding: com.android.server.compat.config.Change@4b074fa
01-01 08:21:44.522 1485 1485 D CompatConfig: Adding: com.android.server.compat.config.Change@6222aab
01-01 08:21:44.522 1485 1485 D CompatConfig: Adding: com.android.server.compat.config.Change@ce7508
01-01 08:21:44.522 1485 1485 D CompatConfig: Adding: com.android.server.compat.config.Change@bc074a1
01-01 08:21:44.522 1485 1485 D CompatConfig: Adding: com.android.server.compat.config.Change@a00e6c6
01-01 08:21:44.523 1485 1485 D CompatConfig: Adding: com.android.server.compat.config.Change@bd6c687
01-01 08:21:44.523 1485 1485 D CompatConfig: Adding: com.android.server.compat.config.Change@e59d9b4
01-01 08:21:44.523 1485 1485 D CompatConfig: Adding: com.android.server.compat.config.Change@1ceb9dd
01-01 08:21:44.524 1485 1485 D CompatConfig: Adding: com.android.server.compat.config.Change@f94a952
01-01 08:21:44.524 1485 1566 I SystemConfig: Reading permissions from /system/etc/sysconfig/preinstalled-packages-com.android.providers.media.module.xml
01-01 08:21:44.524 1485 1485 D CompatConfig: Adding: com.android.server.compat.config.Change@f94dd20
01-01 08:21:44.524 1485 1485 D CompatConfig: Adding: com.android.server.compat.config.Change@48216d9
01-01 08:21:44.524 1485 1485 D CompatConfig: Adding: com.android.server.compat.config.Change@330089e
01-01 08:21:44.525 1485 1485 D CompatConfig: Adding: com.android.server.compat.config.Change@647ff7f
01-01 08:21:44.525 1485 1485 D CompatConfig: Adding: com.android.server.compat.config.Change@7baab4c
01-01 08:21:44.525 1485 1485 D CompatConfig: Adding: com.android.server.compat.config.Change@3744795
01-01 08:21:44.526 1485 1485 D CompatConfig: Adding: com.android.server.compat.config.Change@7e7149b
01-01 08:21:44.526 1485 1485 D CompatConfig: Adding: com.android.server.compat.config.Change@8d3038
01-01 08:21:44.526 1485 1485 D CompatConfig: Adding: com.android.server.compat.config.Change@41ec811
01-01 08:21:44.526 1485 1485 D CompatConfig: Adding: com.android.server.compat.config.Change@368d76
01-01 08:21:44.527 1485 1485 D CompatConfig: Adding: com.android.server.compat.config.Change@5985f77
01-01 08:21:44.527 1485 1485 D CompatConfig: Adding: com.android.server.compat.config.Change@c0117e4
01-01 08:21:44.527 1485 1566 I SystemConfig: Reading permissions from /system/etc/sysconfig/hiddenapi-package-whitelist.xml
01-01 08:21:44.527 1485 1485 D CompatConfig: Adding: com.android.server.compat.config.Change@16d44d
01-01 08:21:44.527 1485 1485 D CompatConfig: Adding: com.android.server.compat.config.Change@ef60b02
01-01 08:21:44.527 1485 1485 D CompatConfig: Adding: com.android.server.compat.config.Change@ba97c13
01-01 08:21:44.528 1485 1485 D CompatConfig: Adding: com.android.server.compat.config.Change@4a9ce50
01-01 08:21:44.528 1485 1485 D CompatConfig: Adding: com.android.server.compat.config.Change@b096849
01-01 08:21:44.528 1485 1485 D CompatConfig: Adding: com.android.server.compat.config.Change@23dd54e
01-01 08:21:44.529 1485 1485 D CompatConfig: Adding: com.android.server.compat.config.Change@3a5c66f
01-01 08:21:44.529 1485 1485 D CompatConfig: Adding: com.android.server.compat.config.Change@8e57f7c
01-01 08:21:44.529 1485 1485 D CompatConfig: Adding: com.android.server.compat.config.Change@c774005
01-01 08:21:44.529 1485 1485 D CompatConfig: Adding: com.android.server.compat.config.Change@a725a8b
01-01 08:21:44.529 1485 1485 D CompatConfig: Adding: com.android.server.compat.config.Change@cc91768
01-01 08:21:44.529 1485 1566 I SystemConfig: Reading permissions from /system/etc/sysconfig/qti_whitelist.xml
01-01 08:21:44.530 1485 1485 D CompatConfig: Adding: com.android.server.compat.config.Change@930d781
01-01 08:21:44.530 1485 1485 D CompatConfig: Adding: com.android.server.compat.config.Change@a3b4026
01-01 08:21:44.530 1485 1485 D CompatConfig: Adding: com.android.server.compat.config.Change@c2a1467
01-01 08:21:44.531 1485 1485 D CompatConfig: Adding: com.android.server.compat.config.Change@ecc4214
01-01 08:21:44.531 1485 1566 I SystemConfig: Reading permissions from /system/etc/sysconfig/preinstalled-packages-platform-full-base.xml
01-01 08:21:44.531 1485 1485 D CompatConfig: Adding: com.android.server.compat.config.Change@e0b38b2
01-01 08:21:44.532 1485 1485 D CompatConfig: Adding: com.android.server.compat.config.Change@1b99003
01-01 08:21:44.532 1485 1485 D CompatConfig: Adding: com.android.server.compat.config.Change@b356b80
01-01 08:21:44.532 1485 1485 D CompatConfig: Adding: com.android.server.compat.config.Change@17ff5b9
01-01 08:21:44.533 1485 1566 I SystemConfig: Reading permissions from /system/etc/permissions/com.android.networkstack.xml
01-01 08:21:44.533 1485 1485 D CompatConfig: Adding: com.android.server.compat.config.Change@c3b295f
01-01 08:21:44.533 1485 1566 I SystemConfig: Reading permissions from /system/etc/permissions/com.baidu.input.xml
01-01 08:21:44.534 1485 1485 D CompatConfig: Adding: com.android.server.compat.config.Change@b213475
01-01 08:21:44.534 1485 1566 I SystemConfig: Reading permissions from /system/etc/permissions/com.android.media.remotedisplay.xml
01-01 08:21:44.534 1485 1485 D CompatConfig: Adding: com.android.server.compat.config.Change@a12fc7b
01-01 08:21:44.532 0 0 E swr-wcd wsa_swr_ctrl: swrm_runtime_suspend: clk stop mode not supported or SSR entry
01-01 08:21:44.535 1485 1485 D CompatConfig: Adding: com.android.server.compat.config.Change@5252a98
01-01 08:21:44.535 1485 1566 I SystemConfig: Reading permissions from /system/etc/permissions/javax.obex.xml
01-01 08:21:44.535 1485 1485 D CompatConfig: Adding: com.android.server.compat.config.Change@fe9fed6
01-01 08:21:44.536 1485 1485 D CompatConfig: Adding: com.android.server.compat.config.Change@1cae557
01-01 08:21:44.536 1485 1566 I SystemConfig: Reading permissions from /system/etc/permissions/org.apache.http.legacy.xml
01-01 08:21:44.536 1485 1485 D CompatConfig: Adding: com.android.server.compat.config.Change@d187d2d
01-01 08:21:44.536 1485 1485 D CompatConfig: Adding: com.android.server.compat.config.Change@75f3262
01-01 08:21:44.537 1485 1566 I SystemConfig: Reading permissions from /system/etc/permissions/android.test.runner.xml
01-01 08:21:44.537 1485 1485 D CompatConfig: Adding: com.android.server.compat.config.Change@43ab4b0
01-01 08:21:44.537 1485 1566 I SystemConfig: Reading permissions from /system/etc/permissions/com.android.nfc_extras.xml
01-01 08:21:44.538 1485 1485 D CompatConfig: Adding: com.android.server.compat.config.Change@80212ae
01-01 08:21:44.538 1485 1485 D CompatConfig: Adding: com.android.server.compat.config.Change@b27284f
01-01 08:21:44.538 1485 1566 I SystemConfig: Reading permissions from /system/etc/permissions/android.test.mock.xml
01-01 08:21:44.539 1485 1485 D CompatConfig: Adding: com.android.server.compat.config.Change@52924e5
01-01 08:21:44.539 1485 1566 I SystemConfig: Reading permissions from /system/etc/permissions/com.android.future.usb.accessory.xml
01-01 08:21:44.539 1485 1485 D CompatConfig: Found a config file: /system/etc/compatconfig/icu4j-platform-compat-config.xml
01-01 08:21:44.540 1485 1485 D CompatConfig: Adding: com.android.server.compat.config.Change@80469c8
01-01 08:21:44.540 1485 1566 I SystemConfig: Reading permissions from /system/etc/permissions/android.software.live_wallpaper.xml
01-01 08:21:44.540 1485 1485 D CompatConfig: Found a config file: /system/etc/compatconfig/services-platform-compat-config.xml
01-01 08:21:44.541 1485 1566 I SystemConfig: Reading permissions from /system/etc/permissions/com.android.location.provider.xml
01-01 08:21:44.541 1485 1566 I SystemConfig: Reading permissions from /system/etc/permissions/com.thundercomm.tcservice.xml
01-01 08:21:44.541 1485 1566 I SystemConfig: Reading permissions from /system/etc/permissions/android.software.webview.xml
01-01 08:21:44.542 1485 1485 D CompatConfig: Adding: com.android.server.compat.config.Change@e3cf812
01-01 08:21:44.542 1485 1566 I SystemConfig: Reading permissions from /system/etc/permissions/com.android.networkstack.tethering.xml
01-01 08:21:44.542 1485 1485 D CompatConfig: Adding: com.android.server.compat.config.Change@77ca9e0
01-01 08:21:44.543 1485 1566 I SystemConfig: Reading permissions from /system/etc/permissions/privapp-permissions-platform.xml
01-01 08:21:44.543 1485 1485 D CompatConfig: Adding: com.android.server.compat.config.Change@f16c499
01-01 08:21:44.543 1485 1485 D CompatConfig: Adding: com.android.server.compat.config.Change@148c33f
01-01 08:21:44.544 1485 1566 I SystemConfig: Reading permissions from /system/etc/permissions/privapp-permissions-qti.xml
01-01 08:21:44.544 1485 1485 D CompatConfig: Adding: com.android.server.compat.config.Change@c061155
01-01 08:21:44.545 1485 1485 D CompatConfig: Adding: com.android.server.compat.config.Change@49b776a
01-01 08:21:44.545 1485 1566 I SystemConfig: Reading permissions from /system/etc/permissions/android.software.freeform_window_management.xml
01-01 08:21:44.545 1485 1485 D CompatConfig: Adding: com.android.server.compat.config.Change@289d4f8
01-01 08:21:44.546 1485 1566 I SystemConfig: Reading permissions from /system/etc/permissions/com.android.documentsui.xml
01-01 08:21:44.546 1485 1485 D CompatConfig: Adding: com.android.server.compat.config.Change@d71a036
01-01 08:21:44.546 1485 1566 I SystemConfig: Reading permissions from /system/etc/permissions/com.thundercomm.mcuupgrade.xml
