12-14 03:23:15.817 1395 3862 D LOWI-9.0.0.87.a: [LOWI-Scan] decode_rsn_wpa_ie: LOWI_ENCRYPTION_TYPE_WPA_PSK
12-14 03:23:15.817 1395 3862 D LOWI-9.0.0.87.a: [LOWI-Scan] is_qcom_ie, bss_age: 0
12-14 03:23:15.817 1395 3862 D LOWI-9.0.0.87.a: [LOWI-Scan] BSS ba:9f:09:60:32:1f LOWI_PHY_MODE_11AC_VHT80(10), Beacon Interval: 100, LOWI_ENCRYPTION_TYPE_WPA_PSK 11mcRanging: No, ANQP: Yes, LCI: No, Civic: No, capability(0x0111): ESS Privacy SpectrumMgmt
12-14 03:23:15.817 1395 3862 D LOWI-9.0.0.87.a: [LOWI-Scan] BSS ba:9f:09:60:32:1f FREQ: 5220, cFreq1[40:80:160] = [5230:5210:0] cFreq2 = 0 Country Code = US
12-14 03:23:15.817 1395 3862 D LOWI-9.0.0.87.a: [LOWI-Scan] BSS ba:9f:09:60:32:1f (wlan0) ASSO: NO AddInfo: 0x0, TSF 0, 00:01:00.322, RSSI: -172, CPL: 127, AGE: 4276, SSID myGMC 321F, TSFDelta: 0x8029bf7c, TXRate: 0
12-14 03:23:15.818 1395 3862 D LOWI-9.0.0.87.a: [LOWI-Scan]
12-14 03:23:15.818 1395 3862 D LOWI-9.0.0.87.a: [LOWI-Scan] print_bss_handler: Report beacon TSF 60473361 as it greater than probe TSF 60473361
12-14 03:23:15.818 1395 3862 D LOWI-9.0.0.87.a: [LOWI-Scan] decode_rsn_wpa_ie: LOWI_ENCRYPTION_TYPE_WPA_PSK
12-14 03:23:15.818 1395 3862 D LOWI-9.0.0.87.a: [LOWI-Scan] is_qcom_ie, bss_age: 0
12-14 03:23:15.818 1395 3862 D LOWI-9.0.0.87.a: [LOWI-Scan] BSS a4:1a:3a:00:9f:37 LOWI_PHY_MODE_11AC_VHT80(10), Beacon Interval: 100, LOWI_ENCRYPTION_TYPE_WPA_PSK 11mcRanging: No, ANQP: No, LCI: No, Civic: No, capability(0x1011): ESS Privacy
12-14 03:23:15.818 1395 3862 D LOWI-9.0.0.87.a: [LOWI-Scan] BSS a4:1a:3a:00:9f:37 FREQ: 5745, cFreq1[40:80:160] = [5755:5775:0] cFreq2 = 0 Country Code = CN
12-14 03:23:15.818 1395 3862 D LOWI-9.0.0.87.a: [LOWI-Scan] BSS a4:1a:3a:00:9f:37 (wlan0) ASSO: NO AddInfo: 0x1, TSF 0, 00:01:00.473, RSSI: -172, CPL: 127, AGE: 4124, SSID TP-LINK_9F35, TSFDelta: 0x890eb3a5, TXRate: 0
12-14 03:23:15.818 1395 3862 D LOWI-9.0.0.87.a: [LOWI-Scan]
12-14 03:23:15.818 1395 3862 D LOWI-9.0.0.87.a: [LOWI-Scan] print_bss_handler: Report Probe TSF 63475023 as it greater than Beacon TSF 0
12-14 03:23:15.818 1395 3862 D LOWI-9.0.0.87.a: [LOWI-Scan] decode_rsn_wpa_ie: LOWI_ENCRYPTION_TYPE_WPA_PSK
12-14 03:23:15.818 1395 3862 D LOWI-9.0.0.87.a: [LOWI-Scan] is_qcom_ie, bss_age: 0
12-14 03:23:15.818 1395 3862 D LOWI-9.0.0.87.a: [LOWI-Scan] BSS 18:6f:2d:81:0d:80 LOWI_PHY_MODE_11NG_HT20(5), Beacon Interval: 100, LOWI_ENCRYPTION_TYPE_WPA_PSK 11mcRanging: No, ANQP: No, LCI: No, Civic: No, capability(0x0531): ESS Privacy ShortPreamble SpectrumMgmt ShortSlotTime
12-14 03:23:15.818 1395 3862 D LOWI-9.0.0.87.a: [LOWI-Scan] BSS 18:6f:2d:81:0d:80 FREQ: 2422, cFreq1[40:80:160] = [2422:0:0] cFreq2 = 0 Country Code = CN
12-14 03:23:15.818 1395 3862 D LOWI-9.0.0.87.a: [LOWI-Scan] BSS 18:6f:2d:81:0d:80 (wlan0) ASSO: NO AddInfo: 0x0, TSF 0, 00:01:03.475, RSSI: -138, CPL: 127, AGE: 1128, SSID Testing , TSFDelta: 0xd9a97b77, TXRate: 0
12-14 03:23:15.818 1395 3862 D LOWI-9.0.0.87.a: [LOWI-Scan]
12-14 03:23:15.818 1395 3862 D LOWI-9.0.0.87.a: [LOWI-Scan] print_bss_handler: Report Probe TSF 63475141 as it greater than Beacon TSF 0
12-14 03:23:15.818 1395 3862 D LOWI-9.0.0.87.a: [LOWI-Scan] is_qcom_ie, bss_age: 0
12-14 03:23:15.818 1395 3862 D LOWI-9.0.0.87.a: [LOWI-Scan] BSS 18:6f:2d:81:0d:81 LOWI_PHY_MODE_11NG_HT20(5), Beacon Interval: 100, LOWI_ENCRYPTION_TYPE_OPEN 11mcRanging: No, ANQP: No, LCI: No, Civic: No, capability(0x0521): ESS ShortPreamble SpectrumMgmt ShortSlotTime
12-14 03:23:15.818 1395 3862 D LOWI-9.0.0.87.a: [LOWI-Scan] BSS 18:6f:2d:81:0d:81 FREQ: 2422, cFreq1[40:80:160] = [2422:0:0] cFreq2 = 0 Country Code = CN
12-14 03:23:15.818 1395 3862 D LOWI-9.0.0.87.a: [LOWI-Scan] BSS 18:6f:2d:81:0d:81 (wlan0) ASSO: NO AddInfo: 0x0, TSF 0, 00:01:03.475, RSSI: -132, CPL: 127, AGE: 1128, SSID Guest, TSFDelta: 0xd9af072c, TXRate: 0
12-14 03:23:15.818 1395 3862 D LOWI-9.0.0.87.a: [LOWI-Scan]
12-14 03:23:15.818 1395 3862 D LOWI-9.0.0.87.a: [LOWI-Scan] print_bss_handler: Report Probe TSF 63475247 as it greater than Beacon TSF 0
12-14 03:23:15.818 1395 3862 D LOWI-9.0.0.87.a: [LOWI-Scan] decode_rsn_wpa_ie: LOWI_ENCRYPTION_TYPE_WPA_PSK
12-14 03:23:15.818 1395 3862 D LOWI-9.0.0.87.a: [LOWI-Scan] is_qcom_ie, bss_age: 0
12-14 03:23:15.818 1395 3862 D LOWI-9.0.0.87.a: [LOWI-Scan] BSS 18:6f:2d:81:0d:82 LOWI_PHY_MODE_11NG_HT20(5), Beacon Interval: 100, LOWI_ENCRYPTION_TYPE_WPA_PSK 11mcRanging: No, ANQP: No, LCI: No, Civic: No, capability(0x0531): ESS Privacy ShortPreamble SpectrumMgmt ShortSlotTime
12-14 03:23:15.818 1395 3862 D LOWI-9.0.0.87.a: [LOWI-Scan] BSS 18:6f:2d:81:0d:82 FREQ: 2422, cFreq1[40:80:160] = [2422:0:0] cFreq2 = 0 Country Code = CN
12-14 03:23:15.818 1395 3862 D LOWI-9.0.0.87.a: [LOWI-Scan] BSS 18:6f:2d:81:0d:82 (wlan0) ASSO: NO AddInfo: 0x0, TSF 0, 00:01:03.475, RSSI: -134, CPL: 127, AGE: 1128, SSID ThunderSoft_2.4G, TSFDelta: 0xd9b43c10, TXRate: 0
12-14 03:23:15.818 1395 3862 D LOWI-9.0.0.87.a: [LOWI-Scan]
12-14 03:23:15.818 1395 3862 D LOWI-9.0.0.87.a: [LOWI-Scan] print_bss_handler: Report Probe TSF 63550883 as it greater than Beacon TSF 0
12-14 03:23:15.818 1395 3862 D LOWI-9.0.0.87.a: [LOWI-Scan] is_qcom_ie, bss_age: 0
12-14 03:23:15.819 1395 3862 D LOWI-9.0.0.87.a: [LOWI-Scan] BSS 18:6f:2d:0a:b8:41 LOWI_PHY_MODE_11NG_HT20(5), Beacon Interval: 100, LOWI_ENCRYPTION_TYPE_OPEN 11mcRanging: No, ANQP: No, LCI: No, Civic: No, capability(0x0521): ESS ShortPreamble SpectrumMgmt ShortSlotTime
12-14 03:23:15.819 1395 3862 D LOWI-9.0.0.87.a: [LOWI-Scan] BSS 18:6f:2d:0a:b8:41 FREQ: 2427, cFreq1[40:80:160] = [2427:0:0] cFreq2 = 0 Country Code = CN
12-14 03:23:15.819 1395 3862 D LOWI-9.0.0.87.a: [LOWI-Scan] BSS 18:6f:2d:0a:b8:41 (wlan0) ASSO: NO AddInfo: 0x0, TSF 0, 00:01:03.550, RSSI: -124, CPL: 127, AGE: 1052, SSID Guest, TSFDelta: 0x3b9586, TXRate: 0
12-14 03:23:15.819 1395 3862 D LOWI-9.0.0.87.a: [LOWI-Scan]
12-14 03:23:15.819 1395 3862 D LOWI-9.0.0.87.a: [LOWI-Scan] print_bss_handler: Report Probe TSF 63550937 as it greater than Beacon TSF 0
12-14 03:23:15.819 1395 3862 D LOWI-9.0.0.87.a: [LOWI-Scan] decode_rsn_wpa_ie: LOWI_ENCRYPTION_TYPE_WPA_PSK
12-14 03:23:15.819 1395 3862 D LOWI-9.0.0.87.a: [LOWI-Scan] is_qcom_ie, bss_age: 0
12-14 03:23:15.819 1395 3862 D LOWI-9.0.0.87.a: [LOWI-Scan] BSS 18:6f:2d:0a:b8:42 LOWI_PHY_MODE_11NG_HT20(5), Beacon Interval: 100, LOWI_ENCRYPTION_TYPE_WPA_PSK 11mcRanging: No, ANQP: No, LCI: No, Civic: No, capability(0x0531): ESS Privacy ShortPreamble SpectrumMgmt ShortSlotTime
12-14 03:23:15.819 1395 3862 D LOWI-9.0.0.87.a: [LOWI-Scan] BSS 18:6f:2d:0a:b8:42 FREQ: 2427, cFreq1[40:80:160] = [2427:0:0] cFreq2 = 0 Country Code = CN
12-14 03:23:15.819 1395 3862 D LOWI-9.0.0.87.a: [LOWI-Scan] BSS 18:6f:2d:0a:b8:42 (wlan0) ASSO: NO AddInfo: 0x0, TSF 0, 00:01:03.550, RSSI: -122, CPL: 127, AGE: 1052, SSID ThunderSoft_2.4G, TSFDelta: 0x40f03f, TXRate: 0
12-14 03:23:15.819 1395 3862 D LOWI-9.0.0.87.a: [LOWI-Scan]
12-14 03:23:15.819 1395 3862 D LOWI-9.0.0.87.a: [LOWI-Scan] print_bss_handler: Report Probe TSF 63550987 as it greater than Beacon TSF 0
12-14 03:23:15.819 1395 3862 D LOWI-9.0.0.87.a: [LOWI-Scan] decode_rsn_wpa_ie: LOWI_ENCRYPTION_TYPE_WPA_PSK
12-14 03:23:15.819 1395 3862 D LOWI-9.0.0.87.a: [LOWI-Scan] is_qcom_ie, bss_age: 0
12-14 03:23:15.819 1395 3862 D LOWI-9.0.0.87.a: [LOWI-Scan] BSS 18:6f:2d:0a:b8:43 LOWI_PHY_MODE_11NG_HT20(5), Beacon Interval: 100, LOWI_ENCRYPTION_TYPE_WPA_PSK 11mcRanging: No, ANQP: No, LCI: No, Civic: No, capability(0x0531): ESS Privacy ShortPreamble SpectrumMgmt ShortSlotTime
12-14 03:23:15.819 1395 3862 D LOWI-9.0.0.87.a: [LOWI-Scan] BSS 18:6f:2d:0a:b8:43 FREQ: 2427, cFreq1[40:80:160] = [2427:0:0] cFreq2 = 0 Country Code = CN
12-14 03:23:15.819 1395 3862 D LOWI-9.0.0.87.a: [LOWI-Scan] BSS 18:6f:2d:0a:b8:43 (wlan0) ASSO: NO AddInfo: 0x0, TSF 0, 00:01:03.550, RSSI: -122, CPL: 127, AGE: 1052, SSID ZXHY, TSFDelta: 0x462320, TXRate: 0
12-14 03:23:15.819 1395 3862 D LOWI-9.0.0.87.a: [LOWI-Scan]
12-14 03:23:15.819 1395 3862 D LOWI-9.0.0.87.a: [LOWI-Scan] print_bss_handler: Report Probe TSF 60603290 as it greater than Beacon TSF 0
12-14 03:23:15.819 1395 3862 D LOWI-9.0.0.87.a: [LOWI-Scan] decode_rsn_wpa_ie: LOWI_ENCRYPTION_TYPE_WPA_PSK
12-14 03:23:15.819 1395 3862 D LOWI-9.0.0.87.a: [LOWI-Scan] is_qcom_ie, bss_age: 0
12-14 03:23:15.819 1395 3862 D LOWI-9.0.0.87.a: [LOWI-Scan] BSS 18:6f:2d:0a:b8:44 LOWI_PHY_MODE_11NG_HT20(5), Beacon Interval: 100, LOWI_ENCRYPTION_TYPE_WPA_PSK 11mcRanging: No, ANQP: No, LCI: No, Civic: No, capability(0x0531): ESS Privacy ShortPreamble SpectrumMgmt ShortSlotTime
12-14 03:23:15.819 1395 3862 D LOWI-9.0.0.87.a: [LOWI-Scan] BSS 18:6f:2d:0a:b8:44 FREQ: 2427, cFreq1[40:80:160] = [2427:0:0] cFreq2 = 0 Country Code = CN
12-14 03:23:15.819 1395 3862 D LOWI-9.0.0.87.a: [LOWI-Scan] BSS 18:6f:2d:0a:b8:44 (wlan0) ASSO: NO AddInfo: 0x0, TSF 0, 00:01:00.603, RSSI: -120, CPL: 127, AGE: 3996, SSID Fanya, TSFDelta: 0xffb92ac4, TXRate: 0
12-14 03:23:15.819 1395 3862 D LOWI-9.0.0.87.a: [LOWI-Scan]
12-14 03:23:15.819 1395 3862 D LOWI-9.0.0.87.a: [LOWI-Scan] print_bss_handler: Report Probe TSF 60771438 as it greater than Beacon TSF 0
12-14 03:23:15.819 1395 3862 D LOWI-9.0.0.87.a: [LOWI-Scan] decode_rsn_wpa_ie: LOWI_ENCRYPTION_TYPE_WPA_PSK
12-14 03:23:15.819 1395 3862 D LOWI-9.0.0.87.a: [LOWI-Scan] is_qcom_ie, bss_age: 0
12-14 03:23:15.819 1395 3862 D LOWI-9.0.0.87.a: [LOWI-Scan] BSS 18:6f:2d:81:25:40 LOWI_PHY_MODE_11NG_HT20(5), Beacon Interval: 100, LOWI_ENCRYPTION_TYPE_WPA_PSK 11mcRanging: No, ANQP: No, LCI: No, Civic: No, capability(0x0531): ESS Privacy ShortPreamble SpectrumMgmt ShortSlotTime
12-14 03:23:15.819 1395 3862 D LOWI-9.0.0.87.a: [LOWI-Scan] BSS 18:6f:2d:81:25:40 FREQ: 2437, cFreq1[40:80:160] = [2437:0:0] cFreq2 = 0 Country Code = CN
12-14 03:23:15.819 1395 3862 D LOWI-9.0.0.87.a: [LOWI-Scan] BSS 18:6f:2d:81:25:40 (wlan0) ASSO: NO AddInfo: 0x0, TSF 0, 00:01:00.771, RSSI: -102, CPL: 127, AGE: 3828, SSID Testing , TSFDelta: 0xdf4f8bc9, TXRate: 0
12-14 03:23:15.819 1395 3862 D LOWI-9.0.0.87.a: [LOWI-Scan]
12-14 03:23:15.819 1395 3862 D LOWI-9.0.0.87.a: [LOWI-Scan] print_bss_handler: Report beacon TSF 63743835 as it greater than probe TSF 63743835
12-14 03:23:15.819 1395 3862 D LOWI-9.0.0.87.a: [LOWI-Scan] decode_rsn_wpa_ie: LOWI_ENCRYPTION_TYPE_WPA_PSK
12-14 03:23:15.819 1395 3862 D LOWI-9.0.0.87.a: [LOWI-Scan] is_qcom_ie, bss_age: 0
12-14 03:23:15.819 1395 3862 D LOWI-9.0.0.87.a: [LOWI-Scan] BSS 18:6f:2d:0a:b8:52 LOWI_PHY_MODE_11AC_VHT20(8), Beacon Interval: 100, LOWI_ENCRYPTION_TYPE_WPA_PSK 11mcRanging: No, ANQP: No, LCI: No, Civic: No, capability(0x0111): ESS Privacy SpectrumMgmt
12-14 03:23:15.819 1395 3862 D LOWI-9.0.0.87.a: [LOWI-Scan] BSS 18:6f:2d:0a:b8:52 FREQ: 5260, cFreq1[40:80:160] = [5260:0:0] cFreq2 = 0 Country Code = CN
12-14 03:23:15.819 1395 3862 D LOWI-9.0.0.87.a: [LOWI-Scan] BSS 18:6f:2d:0a:b8:52 (wlan0) ASSO: NO AddInfo: 0x1, TSF 0, 00:01:03.743, RSSI: -144, CPL: 127, AGE: 860, SSID ZXHY, TSFDelta: 0xf5fc8955, TXRate: 0
12-14 03:23:15.820 1395 3862 D LOWI-9.0.0.87.a: [LOWI-Scan]
12-14 03:23:15.820 1395 3862 D LOWI-9.0.0.87.a: [LOWI-Scan] print_bss_handler: Report beacon TSF 63744176 as it greater than probe TSF 60822241
12-14 03:23:15.820 1395 3862 D LOWI-9.0.0.87.a: [LOWI-Scan] decode_rsn_wpa_ie: LOWI_ENCRYPTION_TYPE_WPA_PSK
12-14 03:23:15.820 1395 3862 D LOWI-9.0.0.87.a: [LOWI-Scan] is_qcom_ie, bss_age: 0
12-14 03:23:15.820 1395 3862 D LOWI-9.0.0.87.a: [LOWI-Scan] BSS 18:6f:2d:0a:b8:53 LOWI_PHY_MODE_11AC_VHT20(8), Beacon Interval: 100, LOWI_ENCRYPTION_TYPE_WPA_PSK 11mcRanging: No, ANQP: No, LCI: No, Civic: No, capability(0x0111): ESS Privacy SpectrumMgmt
12-14 03:23:15.820 1395 3862 D LOWI-9.0.0.87.a: [LOWI-Scan] BSS 18:6f:2d:0a:b8:53 FREQ: 5260, cFreq1[40:80:160] = [5260:0:0] cFreq2 = 0 Country Code = CN
12-14 03:23:15.820 1395 3862 D LOWI-9.0.0.87.a: [LOWI-Scan] BSS 18:6f:2d:0a:b8:53 (wlan0) ASSO: NO AddInfo: 0x1, TSF 0, 00:01:03.744, RSSI: -144, CPL: 127, AGE: 856, SSID Fanya, TSFDelta: 0xf5f90e5e, TXRate: 0
12-14 03:23:15.820 1395 3862 D LOWI-9.0.0.87.a: [LOWI-Scan]
12-14 03:23:15.820 1395 3862 D LOWI-9.0.0.87.a: [LOWI-Scan] print_bss_handler: Report beacon TSF 63744762 as it greater than probe TSF 60822284
12-14 03:23:15.820 1395 3862 D LOWI-9.0.0.87.a: [LOWI-Scan] decode_rsn_wpa_ie: LOWI_ENCRYPTION_TYPE_WPA_PSK
12-14 03:23:15.820 1395 3862 D LOWI-9.0.0.87.a: [LOWI-Scan] is_qcom_ie, bss_age: 0
12-14 03:23:15.820 1395 3862 D LOWI-9.0.0.87.a: [LOWI-Scan] BSS 18:6f:2d:0a:b8:54 LOWI_PHY_MODE_11AC_VHT20(8), Beacon Interval: 100, LOWI_ENCRYPTION_TYPE_WPA_PSK 11mcRanging: No, ANQP: No, LCI: No, Civic: No, capability(0x0111): ESS Privacy SpectrumMgmt
12-14 03:23:15.820 1395 3862 D LOWI-9.0.0.87.a: [LOWI-Scan] BSS 18:6f:2d:0a:b8:54 FREQ: 5260, cFreq1[40:80:160] = [5260:0:0] cFreq2 = 0 Country Code = CN
12-14 03:23:15.820 1395 3862 D LOWI-9.0.0.87.a: [LOWI-Scan] BSS 18:6f:2d:0a:b8:54 (wlan0) ASSO: NO AddInfo: 0x1, TSF 0, 00:01:03.744, RSSI: -144, CPL: 127, AGE: 856, SSID ThunderSoft, TSFDelta: 0xf60a7d4c, TXRate: 0
12-14 03:23:15.820 1395 3862 D LOWI-9.0.0.87.a: [LOWI-Scan]
12-14 03:23:15.820 1395 3862 D LOWI-9.0.0.87.a: [LOWI-Scan] print_bss_handler: Report beacon TSF 63744834 as it greater than probe TSF 60822325
12-14 03:23:15.820 1395 3862 D LOWI-9.0.0.87.a: [LOWI-Scan] decode_rsn_wpa_ie: LOWI_ENCRYPTION_TYPE_WPA_PSK
12-14 03:23:15.820 1395 3862 D LOWI-9.0.0.87.a: [LOWI-Scan] is_qcom_ie, bss_age: 0
12-14 03:23:15.820 1395 3862 D LOWI-9.0.0.87.a: [LOWI-Scan] BSS 18:6f:2d:0a:b8:55 LOWI_PHY_MODE_11AC_VHT20(8), Beacon Interval: 100, LOWI_ENCRYPTION_TYPE_WPA_PSK 11mcRanging: No, ANQP: No, LCI: No, Civic: No, capability(0x0111): ESS Privacy SpectrumMgmt
12-14 03:23:15.820 1395 3862 D LOWI-9.0.0.87.a: [LOWI-Scan] BSS 18:6f:2d:0a:b8:55 FREQ: 5260, cFreq1[40:80:160] = [5260:0:0] cFreq2 = 0 Country Code = CN
12-14 03:23:15.820 1395 3862 D LOWI-9.0.0.87.a: [LOWI-Scan] BSS 18:6f:2d:0a:b8:55 (wlan0) ASSO: NO AddInfo: 0x1, TSF 0, 00:01:03.744, RSSI: -144, CPL: 127, AGE: 856, SSID GM, TSFDelta: 0xf6121afb, TXRate: 0
12-14 03:23:15.820 1395 3862 D LOWI-9.0.0.87.a: [LOWI-Scan]
12-14 03:23:15.820 1395 3862 D LOWI-9.0.0.87.a: [LOWI-Scan] print_bss_handler: Report Probe TSF 60779537 as it greater than Beacon TSF 0
12-14 03:23:15.820 1395 3862 D LOWI-9.0.0.87.a: [LOWI-Scan] is_qcom_ie, bss_age: 0
12-14 03:23:15.820 1395 3862 D LOWI-9.0.0.87.a: [LOWI-Scan] BSS 18:6f:2d:81:25:41 LOWI_PHY_MODE_11NG_HT20(5), Beacon Interval: 100, LOWI_ENCRYPTION_TYPE_OPEN 11mcRanging: No, ANQP: No, LCI: No, Civic: No, capability(0x0521): ESS ShortPreamble SpectrumMgmt ShortSlotTime
12-14 03:23:15.820 1395 3862 D LOWI-9.0.0.87.a: [LOWI-Scan] BSS 18:6f:2d:81:25:41 FREQ: 2437, cFreq1[40:80:160] = [2437:0:0] cFreq2 = 0 Country Code = CN
12-14 03:23:15.820 1395 3862 D LOWI-9.0.0.87.a: [LOWI-Scan] BSS 18:6f:2d:81:25:41 (wlan0) ASSO: NO AddInfo: 0x0, TSF 0, 00:01:00.779, RSSI: -102, CPL: 127, AGE: 3820, SSID Guest, TSFDelta: 0xdf8a866f, TXRate: 0
12-14 03:23:15.820 1395 3862 D LOWI-9.0.0.87.a: [LOWI-Scan]
12-14 03:23:15.820 1395 3862 D LOWI-9.0.0.87.a: [LOWI-Scan] print_bss_handler: Report Probe TSF 60782118 as it greater than Beacon TSF 0
12-14 03:23:15.820 1395 3862 D LOWI-9.0.0.87.a: [LOWI-Scan] decode_rsn_wpa_ie: LOWI_ENCRYPTION_TYPE_WPA_PSK
12-14 03:23:15.820 1395 3862 D LOWI-9.0.0.87.a: [LOWI-Scan] is_qcom_ie, bss_age: 0
12-14 03:23:15.820 1395 3862 D LOWI-9.0.0.87.a: [LOWI-Scan] BSS 18:6f:2d:81:25:42 LOWI_PHY_MODE_11NG_HT20(5), Beacon Interval: 100, LOWI_ENCRYPTION_TYPE_WPA_PSK 11mcRanging: No, ANQP: No, LCI: No, Civic: No, capability(0x0531): ESS Privacy ShortPreamble SpectrumMgmt ShortSlotTime
12-14 03:23:15.820 1395 3862 D LOWI-9.0.0.87.a: [LOWI-Scan] BSS 18:6f:2d:81:25:42 FREQ: 2437, cFreq1[40:80:160] = [2437:0:0] cFreq2 = 0 Country Code = CN
12-14 03:23:15.820 1395 3862 D LOWI-9.0.0.87.a: [LOWI-Scan] BSS 18:6f:2d:81:25:42 (wlan0) ASSO: NO AddInfo: 0x0, TSF 0, 00:01:00.782, RSSI: -106, CPL: 127, AGE: 3815, SSID ThunderSoft_2.4G, TSFDelta: 0xdf9aac2c, TXRate: 0
12-14 03:23:15.820 1395 3862 D LOWI-9.0.0.87.a: [LOWI-Scan]
12-14 03:23:15.820 1395 3862 D LOWI-9.0.0.87.a: [LOWI-Scan] print_bss_handler: Report Probe TSF 60821943 as it greater than Beacon TSF 0
12-14 03:23:15.820 1395 3862 D LOWI-9.0.0.87.a: [LOWI-Scan] decode_rsn_wpa_ie: LOWI_ENCRYPTION_TYPE_WPA_PSK
12-14 03:23:15.820 1395 3862 D LOWI-9.0.0.87.a: [LOWI-Scan] is_qcom_ie, bss_age: 0
12-14 03:23:15.820 1395 3862 D LOWI-9.0.0.87.a: [LOWI-Scan] BSS 18:6f:2d:81:25:43 LOWI_PHY_MODE_11NG_HT20(5), Beacon Interval: 100, LOWI_ENCRYPTION_TYPE_WPA_PSK 11mcRanging: No, ANQP: No, LCI: No, Civic: No, capability(0x0531): ESS Privacy ShortPreamble SpectrumMgmt ShortSlotTime
12-14 03:23:15.820 1395 3862 D LOWI-9.0.0.87.a: [LOWI-Scan] BSS 18:6f:2d:81:25:43 FREQ: 2437, cFreq1[40:80:160] = [2437:0:0] cFreq2 = 0 Country Code = CN
12-14 03:23:15.820 1395 3862 D LOWI-9.0.0.87.a: [LOWI-Scan] BSS 18:6f:2d:81:25:43 (wlan0) ASSO: NO AddInfo: 0x0, TSF 0, 00:01:00.821, RSSI: -106, CPL: 127, AGE: 3775, SSID ZXHY, TSFDelta: 0xdfa8f09e, TXRate: 0
12-14 03:23:15.821 1395 3862 D LOWI-9.0.0.87.a: [LOWI-Scan]
12-14 03:23:15.821 1395 3862 D LOWI-9.0.0.87.a: [LOWI-Scan] print_bss_handler: Report beacon TSF 63734295 as it greater than probe TSF 60822126
12-14 03:23:15.821 1395 3862 D LOWI-9.0.0.87.a: [LOWI-Scan] decode_rsn_wpa_ie: LOWI_ENCRYPTION_TYPE_WPA_PSK
12-14 03:23:15.821 1395 3862 D LOWI-9.0.0.87.a: [LOWI-Scan] is_qcom_ie, bss_age: 0
12-14 03:23:15.821 1395 3862 D LOWI-9.0.0.87.a: [LOWI-Scan] BSS 18:6f:2d:81:18:53 LOWI_PHY_MODE_11AC_VHT20(8), Beacon Interval: 100, LOWI_ENCRYPTION_TYPE_WPA_PSK 11mcRanging: No, ANQP: No, LCI: No, Civic: No, capability(0x0111): ESS Privacy SpectrumMgmt
12-14 03:23:15.821 1395 3862 D LOWI-9.0.0.87.a: [LOWI-Scan] BSS 18:6f:2d:81:18:53 FREQ: 5260, cFreq1[40:80:160] = [5260:0:0] cFreq2 = 0 Country Code = CN
12-14 03:23:15.821 1395 3862 D LOWI-9.0.0.87.a: [LOWI-Scan] BSS 18:6f:2d:81:18:53 (wlan0) ASSO: NO AddInfo: 0x1, TSF 0, 00:01:03.734, RSSI: -146, CPL: 127, AGE: 868, SSID Fanya, TSFDelta: 0x77c3c51d, TXRate: 0
12-14 03:23:15.821 1395 3862 D LOWI-9.0.0.87.a: [LOWI-Scan]
12-14 03:23:15.821 1395 3862 D LOWI-9.0.0.87.a: [LOWI-Scan] print_bss_handler: Report Probe TSF 64558128 as it greater than Beacon TSF 0
12-14 03:23:15.821 1395 3862 D LOWI-9.0.0.87.a: [LOWI-Scan] decode_rsn_wpa_ie: LOWI_ENCRYPTION_TYPE_WPA_PSK
12-14 03:23:15.821 1395 3862 D LOWI-9.0.0.87.a: [LOWI-Scan] is_qcom_ie, bss_age: 0
12-14 03:23:15.821 1395 3862 D LOWI-9.0.0.87.a: [LOWI-Scan] BSS 18:6f:2d:80:dd:60 LOWI_PHY_MODE_11NG_HT20(5), Beacon Interval: 100, LOWI_ENCRYPTION_TYPE_WPA_PSK 11mcRanging: No, ANQP: No, LCI: No, Civic: No, capability(0x0531): ESS Privacy ShortPreamble SpectrumMgmt ShortSlotTime
12-14 03:23:15.821 1395 3862 D LOWI-9.0.0.87.a: [LOWI-Scan] BSS 18:6f:2d:80:dd:60 FREQ: 2472, cFreq1[40:80:160] = [2472:0:0] cFreq2 = 0 Country Code = CN
12-14 03:23:15.821 1395 3862 D LOWI-9.0.0.87.a: [LOWI-Scan] BSS 18:6f:2d:80:dd:60 (wlan0) ASSO: NO AddInfo: 0x0, TSF 0, 00:01:04.558, RSSI: -118, CPL: 127, AGE: 44, SSID Testing , TSFDelta: 0xfbbac403, TXRate: 0
12-14 03:23:15.821 1395 3862 D LOWI-9.0.0.87.a: [LOWI-Scan]
12-14 03:23:15.821 1395 3862 D LOWI-9.0.0.87.a: [LOWI-Scan] print_bss_handler: Report Probe TSF 64571641 as it greater than Beacon TSF 0
12-14 03:23:15.821 1395 3862 D LOWI-9.0.0.87.a: [LOWI-Scan] is_qcom_ie, bss_age: 0
12-14 03:23:15.821 1395 3862 D LOWI-9.0.0.87.a: [LOWI-Scan] BSS 18:6f:2d:80:dd:61 LOWI_PHY_MODE_11NG_HT20(5), Beacon Interval: 100, LOWI_ENCRYPTION_TYPE_OPEN 11mcRanging: No, ANQP: No, LCI: No, Civic: No, capability(0x0521): ESS ShortPreamble SpectrumMgmt ShortSlotTime
12-14 03:23:15.821 1395 3862 D LOWI-9.0.0.87.a: [LOWI-Scan] BSS 18:6f:2d:80:dd:61 FREQ: 2472, cFreq1[40:80:160] = [2472:0:0] cFreq2 = 0 Country Code = CN
12-14 03:23:15.821 1395 3862 D LOWI-9.0.0.87.a: [LOWI-Scan] BSS 18:6f:2d:80:dd:61 (wlan0) ASSO: NO AddInfo: 0x0, TSF 0, 00:01:04.571, RSSI: -118, CPL: 127, AGE: 32, SSID Guest, TSFDelta: 0xfc2c7353, TXRate: 0
12-14 03:23:15.821 1395 3862 D LOWI-9.0.0.87.a: [LOWI-Scan]
12-14 03:23:15.821 1395 3862 D LOWI-9.0.0.87.a: [LOWI-Scan] print_bss_handler: Report Probe TSF 61754520 as it greater than Beacon TSF 0
12-14 03:23:15.821 1395 3862 D LOWI-9.0.0.87.a: [LOWI-Scan] decode_rsn_wpa_ie: LOWI_ENCRYPTION_TYPE_WPA_PSK
12-14 03:23:15.821 1395 3862 D LOWI-9.0.0.87.a: [LOWI-Scan] is_qcom_ie, bss_age: 0
12-14 03:23:15.822 1395 3862 D LOWI-9.0.0.87.a: [LOWI-Scan] BSS 18:6f:2d:80:dd:62 LOWI_PHY_MODE_11NG_HT20(5), Beacon Interval: 100, LOWI_ENCRYPTION_TYPE_WPA_PSK 11mcRanging: No, ANQP: No, LCI: No, Civic: No, capability(0x0531): ESS Privacy ShortPreamble SpectrumMgmt ShortSlotTime
12-14 03:23:15.822 1395 3862 D LOWI-9.0.0.87.a: [LOWI-Scan] BSS 18:6f:2d:80:dd:62 FREQ: 2472, cFreq1[40:80:160] = [2472:0:0] cFreq2 = 0 Country Code = CN
12-14 03:23:15.822 1395 3862 D LOWI-9.0.0.87.a: [LOWI-Scan] BSS 18:6f:2d:80:dd:62 (wlan0) ASSO: NO AddInfo: 0x0, TSF 0, 00:01:01.754, RSSI: -118, CPL: 127, AGE: 2852, SSID ThunderSoft_2.4G, TSFDelta: 0xfefb004e, TXRate: 0
12-14 03:23:15.822 1395 3862 D LOWI-9.0.0.87.a: [LOWI-Scan]
12-14 03:23:15.822 1395 3862 D LOWI-9.0.0.87.a: [LOWI-Scan] print_bss_handler: Report Probe TSF 61687715 as it greater than Beacon TSF 0
12-14 03:23:15.822 1395 3862 D LOWI-9.0.0.87.a: [LOWI-Scan] decode_rsn_wpa_ie: LOWI_ENCRYPTION_TYPE_WPA_PSK
12-14 03:23:15.822 1395 3862 D LOWI-9.0.0.87.a: [LOWI-Scan] is_qcom_ie, bss_age: 0
12-14 03:23:15.822 1395 3862 D LOWI-9.0.0.87.a: [LOWI-Scan] BSS 18:6f:2d:80:dd:63 LOWI_PHY_MODE_11NG_HT20(5), Beacon Interval: 100, LOWI_ENCRYPTION_TYPE_WPA_PSK 11mcRanging: No, ANQP: No, LCI: No, Civic: No, capability(0x0531): ESS Privacy ShortPreamble SpectrumMgmt ShortSlotTime
12-14 03:23:15.822 1395 3862 D LOWI-9.0.0.87.a: [LOWI-Scan] BSS 18:6f:2d:80:dd:63 FREQ: 2472, cFreq1[40:80:160] = [2472:0:0] cFreq2 = 0 Country Code = CN
12-14 03:23:15.822 1395 3862 D LOWI-9.0.0.87.a: [LOWI-Scan] BSS 18:6f:2d:80:dd:63 (wlan0) ASSO: NO AddInfo: 0x0, TSF 0, 00:01:01.687, RSSI: -120, CPL: 127, AGE: 2919, SSID ZXHY, TSFDelta: 0xfe335ca1, TXRate: 0
12-14 03:23:15.822 1395 3862 D LOWI-9.0.0.87.a: [LOWI-Scan]
12-14 03:23:15.822 1395 3862 D LOWI-9.0.0.87.a: [LOWI-Scan] print_bss_handler: Report Probe TSF 61688572 as it greater than Beacon TSF 0
12-14 03:23:15.822 1395 3862 D LOWI-9.0.0.87.a: [LOWI-Scan] decode_rsn_wpa_ie: LOWI_ENCRYPTION_TYPE_WPA_PSK
12-14 03:23:15.822 1395 3862 D LOWI-9.0.0.87.a: [LOWI-Scan] is_qcom_ie, bss_age: 0
12-14 03:23:15.822 1395 3862 D LOWI-9.0.0.87.a: [LOWI-Scan] BSS 18:6f:2d:80:dd:64 LOWI_PHY_MODE_11NG_HT20(5), Beacon Interval: 100, LOWI_ENCRYPTION_TYPE_WPA_PSK 11mcRanging: No, ANQP: No, LCI: No, Civic: No, capability(0x0531): ESS Privacy ShortPreamble SpectrumMgmt ShortSlotTime
12-14 03:23:15.822 1395 3862 D LOWI-9.0.0.87.a: [LOWI-Scan] BSS 18:6f:2d:80:dd:64 FREQ: 2472, cFreq1[40:80:160] = [2472:0:0] cFreq2 = 0 Country Code = CN
12-14 03:23:15.822 1395 3862 D LOWI-9.0.0.87.a: [LOWI-Scan] BSS 18:6f:2d:80:dd:64 (wlan0) ASSO: NO AddInfo: 0x0, TSF 0, 00:01:01.688, RSSI: -120, CPL: 127, AGE: 2916, SSID Fanya, TSFDelta: 0xfe388d91, TXRate: 0
12-14 03:23:15.822 1395 3862 D LOWI-9.0.0.87.a: [LOWI-Scan]
12-14 03:23:15.822 1395 3862 D LOWI-9.0.0.87.a: [LOWI-Scan] print_bss_handler: Report Probe TSF 63226983 as it greater than Beacon TSF 0
12-14 03:23:15.822 1395 3862 D LOWI-9.0.0.87.a: [LOWI-Scan] decode_rsn_wpa_ie: LOWI_ENCRYPTION_TYPE_WPA_PSK
12-14 03:23:15.822 1395 3862 D LOWI-9.0.0.87.a: [LOWI-Scan] is_qcom_ie, bss_age: 0
12-14 03:23:15.822 1395 3862 D LOWI-9.0.0.87.a: [LOWI-Scan] BSS 18:6f:2d:81:20:62 LOWI_PHY_MODE_11NG_HT20(5), Beacon Interval: 100, LOWI_ENCRYPTION_TYPE_WPA_PSK 11mcRanging: No, ANQP: No, LCI: No, Civic: No, capability(0x0531): ESS Privacy ShortPreamble SpectrumMgmt ShortSlotTime
12-14 03:23:15.822 1395 3862 D LOWI-9.0.0.87.a: [LOWI-Scan] BSS 18:6f:2d:81:20:62 FREQ: 2412, cFreq1[40:80:160] = [2412:0:0] cFreq2 = 0 Country Code = CN
12-14 03:23:15.822 1395 3862 D LOWI-9.0.0.87.a: [LOWI-Scan] BSS 18:6f:2d:81:20:62 (wlan0) ASSO: NO AddInfo: 0x0, TSF 0, 00:01:03.226, RSSI: -138, CPL: 127, AGE: 1380, SSID ThunderSoft_2.4G, TSFDelta: 0xee692ff5, TXRate: 0
12-14 03:23:15.822 1395 3862 D LOWI-9.0.0.87.a: [LOWI-Scan]
12-14 03:23:15.822 1395 3862 D LOWI-9.0.0.87.a: [LOWI-Scan] print_bss_handler: Report Probe TSF 63227957 as it greater than Beacon TSF 0
12-14 03:23:15.822 1395 3862 D LOWI-9.0.0.87.a: [LOWI-Scan] decode_rsn_wpa_ie: LOWI_ENCRYPTION_TYPE_WPA_PSK
12-14 03:23:15.822 1395 3862 D LOWI-9.0.0.87.a: [LOWI-Scan] is_qcom_ie, bss_age: 0
12-14 03:23:15.822 1395 3862 D LOWI-9.0.0.87.a: [LOWI-Scan] BSS 18:6f:2d:81:20:63 LOWI_PHY_MODE_11NG_HT20(5), Beacon Interval: 100, LOWI_ENCRYPTION_TYPE_WPA_PSK 11mcRanging: No, ANQP: No, LCI: No, Civic: No, capability(0x0531): ESS Privacy ShortPreamble SpectrumMgmt ShortSlotTime
12-14 03:23:15.822 1395 3862 D LOWI-9.0.0.87.a: [LOWI-Scan] BSS 18:6f:2d:81:20:63 FREQ: 2412, cFreq1[40:80:160] = [2412:0:0] cFreq2 = 0 Country Code = CN
12-14 03:23:15.822 1395 3862 D LOWI-9.0.0.87.a: [LOWI-Scan] BSS 18:6f:2d:81:20:63 (wlan0) ASSO: NO AddInfo: 0x0, TSF 0, 00:01:03.227, RSSI: -136, CPL: 127, AGE: 1380, SSID ZXHY, TSFDelta: 0xee77679e, TXRate: 0
12-14 03:23:15.823 1395 3862 D LOWI-9.0.0.87.a: [LOWI-Scan]
12-14 03:23:15.823 1395 3862 D LOWI-9.0.0.87.a: [LOWI-Scan] print_bss_handler: Report Probe TSF 63397317 as it greater than Beacon TSF 0
12-14 03:23:15.823 1395 3862 D LOWI-9.0.0.87.a: [LOWI-Scan] decode_rsn_wpa_ie: LOWI_ENCRYPTION_TYPE_WPA_PSK
12-14 03:23:15.823 1395 3862 D LOWI-9.0.0.87.a: [LOWI-Scan] is_qcom_ie, bss_age: 0
12-14 03:23:15.823 1395 3862 D LOWI-9.0.0.87.a: [LOWI-Scan] BSS 6c:b1:58:0f:7d:3b LOWI_PHY_MODE_11AC_VHT80(10), Beacon Interval: 100, LOWI_ENCRYPTION_TYPE_WPA_PSK 11mcRanging: No, ANQP: No, LCI: No, Civic: No, capability(0x1011): ESS Privacy
12-14 03:23:15.823 1395 3862 D LOWI-9.0.0.87.a: [LOWI-Scan] BSS 6c:b1:58:0f:7d:3b FREQ: 5745, cFreq1[40:80:160] = [5755:5775:0] cFreq2 = 0 Country Code = CN
12-14 03:23:15.823 1395 3862 D LOWI-9.0.0.87.a: [LOWI-Scan] BSS 6c:b1:58:0f:7d:3b (wlan0) ASSO: NO AddInfo: 0x0, TSF 0, 00:01:03.397, RSSI: -20, CPL: 127, AGE: 1208, SSID TP-LINK_Figure_6d0405, TSFDelta: 0xfb9d3731, TXRate: 0
12-14 03:23:15.823 1395 3862 D LOWI-9.0.0.87.a: [LOWI-Scan]
12-14 03:23:15.823 1395 3862 D LOWI-9.0.0.87.a: [LOWI-Scan] print_bss_handler: Report Probe TSF 63475336 as it greater than Beacon TSF 0
12-14 03:23:15.823 1395 3862 D LOWI-9.0.0.87.a: [LOWI-Scan] decode_rsn_wpa_ie: LOWI_ENCRYPTION_TYPE_WPA_PSK
12-14 03:23:15.823 1395 3862 D LOWI-9.0.0.87.a: [LOWI-Scan] is_qcom_ie, bss_age: 0
12-14 03:23:15.823 1395 3862 D LOWI-9.0.0.87.a: [LOWI-Scan] BSS 18:6f:2d:81:0d:83 LOWI_PHY_MODE_11NG_HT20(5), Beacon Interval: 100, LOWI_ENCRYPTION_TYPE_WPA_PSK 11mcRanging: No, ANQP: No, LCI: No, Civic: No, capability(0x0531): ESS Privacy ShortPreamble SpectrumMgmt ShortSlotTime
12-14 03:23:15.823 1395 3862 D LOWI-9.0.0.87.a: [LOWI-Scan] BSS 18:6f:2d:81:0d:83 FREQ: 2422, cFreq1[40:80:160] = [2422:0:0] cFreq2 = 0 Country Code = CN
12-14 03:23:15.823 1395 3862 D LOWI-9.0.0.87.a: [LOWI-Scan] BSS 18:6f:2d:81:0d:83 (wlan0) ASSO: NO AddInfo: 0x0, TSF 0, 00:01:03.475, RSSI: -132, CPL: 127, AGE: 1132, SSID ZXHY, TSFDelta: 0xd9b99432, TXRate: 0
12-14 03:23:15.823 1395 3862 D LOWI-9.0.0.87.a: [LOWI-Scan]
12-14 03:23:15.823 1395 3862 D LOWI-9.0.0.87.a: [LOWI-Scan] print_bss_handler: Report Probe TSF 63475419 as it greater than Beacon TSF 0
12-14 03:23:15.823 1395 3862 D LOWI-9.0.0.87.a: [LOWI-Scan] decode_rsn_wpa_ie: LOWI_ENCRYPTION_TYPE_WPA_PSK
12-14 03:23:15.823 1395 3862 D LOWI-9.0.0.87.a: [LOWI-Scan] is_qcom_ie, bss_age: 0
12-14 03:23:15.823 1395 3862 D LOWI-9.0.0.87.a: [LOWI-Scan] BSS 18:6f:2d:81:0d:84 LOWI_PHY_MODE_11NG_HT20(5), Beacon Interval: 100, LOWI_ENCRYPTION_TYPE_WPA_PSK 11mcRanging: No, ANQP: No, LCI: No, Civic: No, capability(0x0531): ESS Privacy ShortPreamble SpectrumMgmt ShortSlotTime
12-14 03:23:15.823 1395 3862 D LOWI-9.0.0.87.a: [LOWI-Scan] BSS 18:6f:2d:81:0d:84 FREQ: 2422, cFreq1[40:80:160] = [2422:0:0] cFreq2 = 0 Country Code = CN
12-14 03:23:15.823 1395 3862 D LOWI-9.0.0.87.a: [LOWI-Scan] BSS 18:6f:2d:81:0d:84 (wlan0) ASSO: NO AddInfo: 0x0, TSF 0, 00:01:03.475, RSSI: -134, CPL: 127, AGE: 1132, SSID Fanya, TSFDelta: 0xd9bed878, TXRate: 0
12-14 03:23:15.823 1395 3862 D LOWI-9.0.0.87.a: [LOWI-Scan]
12-14 03:23:15.823 1395 3862 D LOWI-9.0.0.87.a: [LOWI-Scan] print_bss_handler: Report beacon TSF 63735610 as it greater than probe TSF 63735610
12-14 03:23:15.823 1395 3862 D LOWI-9.0.0.87.a: [LOWI-Scan] decode_rsn_wpa_ie: LOWI_ENCRYPTION_TYPE_WPA_PSK
12-14 03:23:15.823 1395 3862 D LOWI-9.0.0.87.a: [LOWI-Scan] is_qcom_ie, bss_age: 0
12-14 03:23:15.823 1395 3862 D LOWI-9.0.0.87.a: [LOWI-Scan] BSS 18:6f:2d:81:18:55 LOWI_PHY_MODE_11AC_VHT20(8), Beacon Interval: 100, LOWI_ENCRYPTION_TYPE_WPA_PSK 11mcRanging: No, ANQP: No, LCI: No, Civic: No, capability(0x0111): ESS Privacy SpectrumMgmt
12-14 03:23:15.823 1395 3862 D LOWI-9.0.0.87.a: [LOWI-Scan] BSS 18:6f:2d:81:18:55 FREQ: 5260, cFreq1[40:80:160] = [5260:0:0] cFreq2 = 0 Country Code = CN
12-14 03:23:15.823 1395 3862 D LOWI-9.0.0.87.a: [LOWI-Scan] BSS 18:6f:2d:81:18:55 (wlan0) ASSO: NO AddInfo: 0x1, TSF 0, 00:01:03.735, RSSI: -146, CPL: 127, AGE: 872, SSID GM, TSFDelta: 0x77279bec, TXRate: 0
12-14 03:23:15.823 1395 3862 D LOWI-9.0.0.87.a: [LOWI-Scan]
12-14 03:23:15.823 1395 3862 D LOWI-9.0.0.87.a: [LOWI-Scan] print_bss_handler: Report Probe TSF 63788072 as it greater than Beacon TSF 63735669
12-14 03:23:15.823 1395 3862 D LOWI-9.0.0.87.a: [LOWI-Scan] decode_rsn_wpa_ie: LOWI_ENCRYPTION_TYPE_WPA_PSK
12-14 03:23:15.823 1395 3862 D LOWI-9.0.0.87.a: [LOWI-Scan] is_qcom_ie, bss_age: 0
12-14 03:23:15.823 1395 3862 D LOWI-9.0.0.87.a: [LOWI-Scan] BSS 18:6f:2d:81:18:56 LOWI_PHY_MODE_11AC_VHT20(8), Beacon Interval: 100, LOWI_ENCRYPTION_TYPE_WPA_PSK 11mcRanging: No, ANQP: No, LCI: No, Civic: No, capability(0x0111): ESS Privacy SpectrumMgmt
12-14 03:23:15.823 1395 3862 D LOWI-9.0.0.87.a: [LOWI-Scan] BSS 18:6f:2d:81:18:56 FREQ: 5260, cFreq1[40:80:160] = [5260:0:0] cFreq2 = 0 Country Code = CN
12-14 03:23:15.823 1395 3862 D LOWI-9.0.0.87.a: [LOWI-Scan] BSS 18:6f:2d:81:18:56 (wlan0) ASSO: NO AddInfo: 0x0, TSF 0, 00:01:03.788, RSSI: -148, CPL: 127, AGE: 816, SSID 123, TSFDelta: 0x783cfa28, TXRate: 0
12-14 03:23:15.823 1395 3862 D LOWI-9.0.0.87.a: [LOWI-Scan]
12-14 03:23:15.823 1395 3862 D LOWI-9.0.0.87.a: [LOWI-Scan] print_bss_handler: Report beacon TSF 63787984 as it greater than probe TSF 63787984
12-14 03:23:15.824 1395 3862 D LOWI-9.0.0.87.a: [LOWI-Scan] is_qcom_ie, bss_age: 0
12-14 03:23:15.824 1395 3862 D LOWI-9.0.0.87.a: [LOWI-Scan] BSS ec:88:8f:86:24:e0 LOWI_PHY_MODE_11NG_HT40(7), Beacon Interval: 100, LOWI_ENCRYPTION_TYPE_OPEN 11mcRanging: No, ANQP: No, LCI: No, Civic: No, capability(0x0531): ESS Privacy ShortPreamble SpectrumMgmt ShortSlotTime
12-14 03:23:15.824 1395 3862 D LOWI-9.0.0.87.a: [LOWI-Scan] BSS ec:88:8f:86:24:e0 FREQ: 2437, cFreq1[40:80:160] = [2447:0:0] cFreq2 = 0 Country Code = US
12-14 03:23:15.824 1395 3862 D LOWI-9.0.0.87.a: [LOWI-Scan] BSS ec:88:8f:86:24:e0 (wlan0) ASSO: NO AddInfo: 0x1, TSF 0, 00:01:03.787, RSSI: -128, CPL: 127, AGE: 820, SSID FW_xts, TSFDelta: 0xe835aa18, TXRate: 0
12-14 03:23:15.824 1395 3862 D LOWI-9.0.0.87.a: [LOWI-Scan]
12-14 03:23:15.824 1395 3862 D LOWI-9.0.0.87.a: [LOWI-Scan] print_bss_handler: Report beacon TSF 64162498 as it greater than probe TSF 64162498
12-14 03:23:15.824 1395 3862 D LOWI-9.0.0.87.a: [LOWI-Scan] is_qcom_ie, bss_age: 0
12-14 03:23:15.824 1395 3862 D LOWI-9.0.0.87.a: [LOWI-Scan] BSS 30:80:9b:cb:a2:73 LOWI_PHY_MODE_11NG_HT20(5), Beacon Interval: 100, LOWI_ENCRYPTION_TYPE_OPEN 11mcRanging: No, ANQP: No, LCI: No, Civic: No, capability(0x0401): ESS ShortSlotTime
12-14 03:23:15.824 1395 3862 D LOWI-9.0.0.87.a: [LOWI-Scan] BSS 30:80:9b:cb:a2:73 FREQ: 2457, cFreq1[40:80:160] = [2457:0:0] cFreq2 = 0 Country Code =
12-14 03:23:15.824 1395 3862 D LOWI-9.0.0.87.a: [LOWI-Scan] BSS 30:80:9b:cb:a2:73 (wlan0) ASSO: NO AddInfo: 0x1, TSF 0, 00:01:04.162, RSSI: -160, CPL: 127, AGE: 444, SSID , TSFDelta: 0x4ec81c2, TXRate: 0
12-14 03:23:15.824 1395 3862 D LOWI-9.0.0.87.a: [LOWI-Scan]
12-14 03:23:15.824 1395 3862 D LOWI-9.0.0.87.a: [LOWI-Scan] print_bss_handler: Report beacon TSF 64274908 as it greater than probe TSF 64274908
12-14 03:23:15.824 1395 3862 D LOWI-9.0.0.87.a: [LOWI-Scan] decode_rsn_wpa_ie: LOWI_ENCRYPTION_TYPE_WPA_PSK
12-14 03:23:15.824 1395 3862 D LOWI-9.0.0.87.a: [LOWI-Scan] is_qcom_ie, bss_age: 0
12-14 03:23:15.824 1395 3862 D LOWI-9.0.0.87.a: [LOWI-Scan] BSS f8:af:05:82:ca:58 LOWI_PHY_MODE_11AC_VHT40_2G(12), Beacon Interval: 100, LOWI_ENCRYPTION_TYPE_WPA_PSK 11mcRanging: No, ANQP: No, LCI: No, Civic: No, capability(0x1431): ESS Privacy ShortPreamble ShortSlotTime
12-14 03:23:15.824 1395 3862 D LOWI-9.0.0.87.a: [LOWI-Scan] BSS f8:af:05:82:ca:58 FREQ: 2462, cFreq1[40:80:160] = [2452:0:0] cFreq2 = 0 Country Code =
12-14 03:23:15.824 1395 3862 D LOWI-9.0.0.87.a: [LOWI-Scan] BSS f8:af:05:82:ca:58 (wlan0) ASSO: NO AddInfo: 0x1, TSF 0, 00:01:04.274, RSSI: -152, CPL: 127, AGE: 332, SSID RIO-WIFI-2.4G, TSFDelta: 0x7bda0db4, TXRate: 0
12-14 03:23:15.824 1395 3862 D LOWI-9.0.0.87.a: [LOWI-Scan]
12-14 03:23:15.824 1395 3862 D LOWI-9.0.0.87.a: [LOWI-Scan] print_bss_handler: Report beacon TSF 64278836 as it greater than probe TSF 64278836
12-14 03:23:15.824 1395 3862 D LOWI-9.0.0.87.a: [LOWI-Scan] decode_rsn_wpa_ie: LOWI_ENCRYPTION_TYPE_WPA_PSK
12-14 03:23:15.824 1395 3862 D LOWI-9.0.0.87.a: [LOWI-Scan] is_qcom_ie, bss_age: 0
12-14 03:23:15.824 1395 3862 D LOWI-9.0.0.87.a: [LOWI-Scan] BSS a4:1a:3a:00:9f:35 LOWI_PHY_MODE_11NG_HT40(7), Beacon Interval: 100, LOWI_ENCRYPTION_TYPE_WPA_PSK 11mcRanging: No, ANQP: No, LCI: No, Civic: No, capability(0x1411): ESS Privacy ShortSlotTime
12-14 03:23:15.824 1395 3862 D LOWI-9.0.0.87.a: [LOWI-Scan] BSS a4:1a:3a:00:9f:35 FREQ: 2462, cFreq1[40:80:160] = [2452:0:0] cFreq2 = 0 Country Code = CN
12-14 03:23:15.824 1395 3862 D LOWI-9.0.0.87.a: [LOWI-Scan] BSS a4:1a:3a:00:9f:35 (wlan0) ASSO: NO AddInfo: 0x1, TSF 0, 00:01:04.278, RSSI: -154, CPL: 127, AGE: 328, SSID TP-LINK_9F35, TSFDelta: 0xa7f9f6ba, TXRate: 0
12-14 03:23:15.824 1395 3862 D LOWI-9.0.0.87.a: [LOWI-Scan]
12-14 03:23:15.824 1395 3862 D LOWI-9.0.0.87.a: [LOWI-Scan] print_bss_handler: Report Probe TSF 64288701 as it greater than Beacon TSF 0
12-14 03:23:15.824 1395 3862 D LOWI-9.0.0.87.a: [LOWI-Scan] decode_rsn_wpa_ie: LOWI_ENCRYPTION_TYPE_WPA_PSK
12-14 03:23:15.824 1395 3862 D LOWI-9.0.0.87.a: [LOWI-Scan] is_qcom_ie, bss_age: 0
12-14 03:23:15.824 1395 3862 D LOWI-9.0.0.87.a: [LOWI-Scan] BSS 44:f9:71:c8:27:97 LOWI_PHY_MODE_11NG_HT20(5), Beacon Interval: 100, LOWI_ENCRYPTION_TYPE_WPA_PSK 11mcRanging: No, ANQP: No, LCI: No, Civic: No, capability(0x0411): ESS Privacy ShortSlotTime
12-14 03:23:15.824 1395 3862 D LOWI-9.0.0.87.a: [LOWI-Scan] BSS 44:f9:71:c8:27:97 FREQ: 2462, cFreq1[40:80:160] = [0:0:0] cFreq2 = 0 Country Code = CN
12-14 03:23:15.824 1395 3862 D LOWI-9.0.0.87.a: [LOWI-Scan] BSS 44:f9:71:c8:27:97 (wlan0) ASSO: NO AddInfo: 0x0, TSF 0, 00:01:04.288, RSSI: -142, CPL: 127, AGE: 316, SSID zzzzzz, TSFDelta: 0x981d4b7d, TXRate: 0
12-14 03:23:15.824 1395 3862 D LOWI-9.0.0.87.a: [LOWI-Scan]
12-14 03:23:15.824 1395 3862 D LOWI-9.0.0.87.a: [LOWI-Scan] print_bss_handler: Report Probe TSF 64328820 as it greater than Beacon TSF 0
12-14 03:23:15.824 1395 3862 D LOWI-9.0.0.87.a: [LOWI-Scan] decode_rsn_wpa_ie: LOWI_ENCRYPTION_TYPE_WPA_PSK
12-14 03:23:15.824 1395 3862 D LOWI-9.0.0.87.a: [LOWI-Scan] is_qcom_ie, bss_age: 0
12-14 03:23:15.824 1395 3862 D LOWI-9.0.0.87.a: [LOWI-Scan] BSS 84:db:ac:2d:18:a8 LOWI_PHY_MODE_11NG_HT20(5), Beacon Interval: 100, LOWI_ENCRYPTION_TYPE_WPA_PSK 11mcRanging: No, ANQP: No, LCI: No, Civic: No, capability(0x0411): ESS Privacy ShortSlotTime
12-14 03:23:15.824 1395 3862 D LOWI-9.0.0.87.a: [LOWI-Scan] BSS 84:db:ac:2d:18:a8 FREQ: 2462, cFreq1[40:80:160] = [0:0:0] cFreq2 = 0 Country Code =
12-14 03:23:15.824 1395 3862 D LOWI-9.0.0.87.a: [LOWI-Scan] BSS 84:db:ac:2d:18:a8 (wlan0) ASSO: NO AddInfo: 0x0, TSF 0, 00:01:04.328, RSSI: -162, CPL: 127, AGE: 276, SSID HUAWEI-XJ2FLJ, TSFDelta: 0x4347c6d6, TXRate: 0
12-14 03:23:15.825 1395 3862 D LOWI-9.0.0.87.a: [LOWI-Scan]
12-14 03:23:15.825 1395 3862 D LOWI-9.0.0.87.a: [LOWI-Scan] print_bss_handler: Report Probe TSF 64314429 as it greater than Beacon TSF 0
12-14 03:23:15.825 1395 3862 D LOWI-9.0.0.87.a: [LOWI-Scan] decode_rsn_wpa_ie: LOWI_ENCRYPTION_TYPE_WPA_PSK
12-14 03:23:15.825 1395 3862 D LOWI-9.0.0.87.a: [LOWI-Scan] is_qcom_ie, bss_age: 0
12-14 03:23:15.825 1395 3862 D LOWI-9.0.0.87.a: [LOWI-Scan] BSS 18:6f:2d:25:0e:62 LOWI_PHY_MODE_11G(1), Beacon Interval: 100, LOWI_ENCRYPTION_TYPE_WPA_PSK 11mcRanging: No, ANQP: No, LCI: No, Civic: No, capability(0x0531): ESS Privacy ShortPreamble SpectrumMgmt ShortSlotTime
12-14 03:23:15.825 1395 3862 D LOWI-9.0.0.87.a: [LOWI-Scan] BSS 18:6f:2d:25:0e:62 FREQ: 2462, cFreq1[40:80:160] = [0:0:0] cFreq2 = 0 Country Code = CN
12-14 03:23:15.825 1395 3862 D LOWI-9.0.0.87.a: [LOWI-Scan] BSS 18:6f:2d:25:0e:62 (wlan0) ASSO: NO AddInfo: 0x0, TSF 0, 00:01:04.314, RSSI: -168, CPL: 127, AGE: 292, SSID ThunderSoft_2.4G, TSFDelta: 0xfe3a6d50, TXRate: 0
12-14 03:23:15.825 1395 3862 D LOWI-9.0.0.87.a: [LOWIDiagLog] Log: lowiMeasResult->request: invalid null argument
12-14 03:23:15.825 1395 3862 I LOWI-9.0.0.87.a: [LOWI-Scan] lowi_close_record:Scan done in 49372ms, 75 APs in scan results
12-14 03:23:15.825 1395 3862 D LOWI-9.0.0.87.a: [LOWI-Scan] WipsScanUsingNL: passive scan cached 0, took 2865 ms, err 0
12-14 03:23:15.825 1395 3862 D LOWI-9.0.0.87.a: [LOWI-Scan] lowi_proc_req_passive_scan_with_live_meas - No WLAN Frames to be parsed
12-14 03:23:15.825 1395 3862 D LOWI-9.0.0.87.a: [LOWIScanResultReceiver] Send scan meas to listener
12-14 03:23:15.825 1395 3862 D LOWI-9.0.0.87.a: [LOWIScanResultReceiver] Enter passive listening mode
12-14 03:23:15.825 1395 3862 D LOWI-9.0.0.87.a: [LOWIWifiDriverInterface] getMeasurements - Passive listening mode
12-14 03:23:15.825 1395 3862 D LOWI-9.0.0.87.a: [LOWI-Scan] WipsScanUsingNL:wait -1 sec for netlink message
12-14 03:23:15.825 1395 1427 D LOWI-9.0.0.87.a: [LOWIEventReceiver] handleEvent:FROM:NA, TO:NA, REQ:NA, IREQ:NA, REQ_ID:0, RESP:NA, INFO:NA
12-14 03:23:15.825 1395 1427 D LOWI-9.0.0.87.a: [LOWIBackgroundScanMgr] isRspForBgScanMgr: evt(LOWI_NO_EVT) - not handled
12-14 03:23:15.825 1395 1427 D LOWI-9.0.0.87.a: [LOWIScheduler] manageMsg: NULL results or NULL request in results
12-14 03:23:15.825 1395 1427 D LOWI-9.0.0.87.a: [LOWIController] Measurements received
12-14 03:23:15.825 1395 1427 D LOWI-9.0.0.87.a: [LOWICacheManager] putInCache:Num of Meas to add: 75
12-14 03:23:15.827 1395 1427 D LOWI-9.0.0.87.a: [LOWIController] processMeasurementResults: No current Request. Cache measurements
12-14 03:23:15.827 1395 1427 D LOWI-9.0.0.87.a: [LOWIController] sendAsyncScanResponse: Request FreeWifiScanObserver_0 is from a different client.
12-14 03:23:15.827 1395 1427 D LOWI-9.0.0.87.a: [LOWIController] generateResponse: Type (ASYNC_DISCOVERY_SCAN_RESULTS) ScanStatus (1) request FreeWifiScanObserver_0
12-14 03:23:15.827 1395 1427 D LOWI-9.0.0.87.a: [LOWIEventDispatcher] sendResponse - originator = FreeWifiScanObserver
12-14 03:23:15.827 1395 1427 D LOWI-9.0.0.87.a: [LOWIUtils] injectScanMeasurements - num of APs = 75
12-14 03:23:15.829 1395 1427 I LOWI-9.0.0.87.a: [LOWIUtils] responseToOutPostcard - TO: FreeWifiScanObserver, FROM: LOWI-SERVER, RESP: LOWI_ASYNC_DISCOVERY_SCAN_RESULTS
12-14 03:23:15.830 1395 1427 D LOWI-9.0.0.87.a: [LOWIControllerExtn] sendLOWILpDiscoveryScanResponse: Not a discovery scan response
12-14 03:23:15.827 0 0 W swapper/0: type=1400 audit(0.0:290): avc: denied { kill } for capability=5 scontext=u:r:kernel:s0 tcontext=u:r:kernel:s0 tclass=capability permissive=0
12-14 03:23:15.836 1485 1876 D WificondScannerImpl: Filtering out 25 scan results.
12-14 03:23:15.851 1485 1846 D PasspointManager: ANQP entry not found for: 62:e6:f0:dd:03:c7:
12-14 03:23:15.854 2282 2282 D WifiDebugService: onScanResultsAvailable
12-14 03:23:15.885 2282 2282 D WifiDebugService: connect wifi SSID is : "TP-LINK_Figure_6d0405"
12-14 03:23:15.903 2282 2282 W WifiDebugService: find wifi : Guest
12-14 03:23:15.903 2282 2282 W WifiDebugService: find wifi : ZXHY
12-14 03:23:15.903 2282 2282 W WifiDebugService: find wifi : Fanya
12-14 03:23:15.903 2282 2282 W WifiDebugService: find wifi : ThunderSoft
12-14 03:23:15.903 2282 2282 W WifiDebugService: find wifi : GM
12-14 03:23:15.903 2282 2282 W WifiDebugService: find wifi : Testing
12-14 03:23:15.903 2282 2282 W WifiDebugService: find wifi : Guest
12-14 03:23:15.903 2282 2282 W WifiDebugService: find wifi : ThunderSoft_2.4G
12-14 03:23:15.903 2282 2282 W WifiDebugService: find wifi : ZXHY
12-14 03:23:15.903 2282 2282 W WifiDebugService: find wifi : 123
12-14 03:23:15.903 2282 2282 W WifiDebugService: find wifi : Testing
12-14 03:23:15.903 2282 2282 W WifiDebugService: find wifi : Guest
12-14 03:23:15.903 2282 2282 W WifiDebugService: find wifi :
12-14 03:23:15.903 2282 2282 W WifiDebugService: find wifi : TP-LINK_Figure_6d0405
12-14 03:23:15.903 2282 2282 W WifiDebugService: can not find target wifi ap : hht_test_wifi_fc4318c9
12-14 03:23:15.939 2378 2378 D WifiDetailsPrefCtrl2: Update UI!
12-14 03:23:15.943 2378 2378 D WifiDetailsPrefCtrl2: Wifi Type 4
12-14 03:23:15.944 2378 2378 D DashboardFragment: Preference key is null in Controller WifiDetailPreferenceController2
12-14 03:23:16.005 2378 2378 W SettingsMetricsFeature: action(Pair... taggedData) is deprecated, Use action(int, int, int, String, int) instead.
12-14 03:23:16.006 1485 2754 I WifiService: forget uid=1000
12-14 03:23:16.014 1485 2801 D ActivityTrigger: ActivityTrigger activityPauseTrigger
12-14 03:23:16.021 1485 1561 I EventSequenceValidator: dec AccIntentStartedEvents to 0
12-14 03:23:16.024 1485 1956 I EthernetNetworkFactory: networkForRequest, request: NetworkRequest [ REQUEST id=52, [ Capabilities: INTERNET&NOT_RESTRICTED&TRUSTED&NOT_VCN_MANAGED Uid: 1000 RequestorUid: 1000 RequestorPkg: com.android.settings] ], network: NetworkInterfaceState{ refCount: 2, iface: eth0, up: true, hwAddress: 00:80:0f:74:31:00, networkCapabilities: [ Transports: ETHERNET Capabilities: NOT_METERED&INTERNET&NOT_RESTRICTED&TRUSTED&NOT_VPN&NOT_ROAMING&NOT_CONGESTED&NOT_SUSPENDED&NOT_VCN_MANAGED LinkUpBandwidth>=100000Kbps LinkDnBandwidth>=100000Kbps], networkAgent: com.android.server.ethernet.EthernetNetworkFactory$NetworkInterfaceState$1@ee55332, score: 70, ipClient: android.net.ip.IIpClient$Stub$Proxy@46e3649,linkProperties: {InterfaceName: eth0 LinkAddresses: [ fe80::75d6:35f9:4f9e:8663/64,192.168.0.18/24 ] DnsAddresses: [ /1.1.1.1,/192.168.0.1 ] Domains: null MTU: 0 ServerAddress: /192.168.0.1 TcpBufferSizes: 524288,1048576,3145728,524288,1048576,2097152 Routes: [ fe80::/64 -> :: eth0 mtu 0,192.168.0.0/24 -> 0.0.0.0 eth0 mtu 0,0.0.0.0/0 -> 192.168.0.1 eth0 mtu 0 ]}}
12-14 03:23:16.035 1485 1846 W FileUtils: Failed to chmod(/data/misc_ce/0/apexdata/com.android.wifi/WifiConfigStoreNetworkSuggestions.xml, 384):
12-14 03:23:16.035 1485 1846 W FileUtils: android.system.ErrnoException: chmod failed: ENOENT (No such file or directory)
12-14 03:23:16.035 1485 1846 W FileUtils: at libcore.io.Linux.chmod(Native Method)
12-14 03:23:16.035 1485 1846 W FileUtils: at libcore.io.ForwardingOs.chmod(ForwardingOs.java:168)
12-14 03:23:16.035 1485 1846 W FileUtils: at libcore.io.BlockGuardOs.chmod(BlockGuardOs.java:83)
12-14 03:23:16.035 1485 1846 W FileUtils: at android.system.Os.chmod(Os.java:121)
12-14 03:23:16.035 1485 1846 W FileUtils: at com.android.server.wifi.util.FileUtils.chmod(FileUtils.java:44)
12-14 03:23:16.035 1485 1846 W FileUtils: at com.android.server.wifi.WifiConfigStore$StoreFile.writeBufferedRawData(WifiConfigStore.java:941)
12-14 03:23:16.035 1485 1846 W FileUtils: at com.android.server.wifi.WifiConfigStore.writeBufferedData(WifiConfigStore.java:510)
12-14 03:23:16.035 1485 1846 W FileUtils: at com.android.server.wifi.WifiConfigStore.write(WifiConfigStore.java:430)
12-14 03:23:16.035 1485 1846 W FileUtils: at com.android.server.wifi.WifiConfigManager.saveToStore(WifiConfigManager.java:3388)
12-14 03:23:16.035 1485 1846 W FileUtils: at com.android.server.wifi.WifiNetworkSuggestionsManager.saveToStore(WifiNetworkSuggestionsManager.java:698)
12-14 03:23:16.035 1485 1846 W FileUtils: at com.android.server.wifi.WifiNetworkSuggestionsManager.onUserConnectChoiceRemove(WifiNetworkSuggestionsManager.java:2583)
12-14 03:23:16.035 1485 1846 W FileUtils: at com.android.server.wifi.WifiNetworkSuggestionsManager.access$100(WifiNetworkSuggestionsManager.java:94)
12-14 03:23:16.035 1485 1846 W FileUtils: at com.android.server.wifi.WifiNetworkSuggestionsManager$OnNetworkUpdateListener.onConnectChoiceRemoved(WifiNetworkSuggestionsManager.java:175)
12-14 03:23:16.035 1485 1846 W FileUtils: at com.android.server.wifi.WifiConfigManager.removeConnectChoiceFromAllNetworks(WifiConfigManager.java:2207)
12-14 03:23:16.035 1485 1846 W FileUtils: at com.android.server.wifi.WifiConfigManager.removeNetworkInternal(WifiConfigManager.java:1565)
12-14 03:23:16.035 1485 1846 W FileUtils: at com.android.server.wifi.WifiConfigManager.removeNetwork(WifiConfigManager.java:1602)
12-14 03:23:16.035 1485 1846 W FileUtils: at com.android.server.wifi.WifiServiceImpl.lambda$forget$109(WifiServiceImpl.java:5063)
12-14 03:23:16.035 1485 1846 W FileUtils: at com.android.server.wifi.WifiServiceImpl.$r8$lambda$WdoLbiwh44HopuCBPTcaSOWzrAY(Unknown Source:0)
12-14 03:23:16.035 1485 1846 W FileUtils: at com.android.server.wifi.WifiServiceImpl$$ExternalSyntheticLambda20.run(Unknown Source:8)
12-14 03:23:16.035 1485 1846 W FileUtils: at android.os.Handler.handleCallback(Handler.java:938)
12-14 03:23:16.035 1485 1846 W FileUtils: at android.os.Handler.dispatchMessage(Handler.java:99)
12-14 03:23:16.035 1485 1846 W FileUtils: at android.os.Looper.loopOnce(Looper.java:201)
12-14 03:23:16.035 1485 1846 W FileUtils: at android.os.Looper.loop(Looper.java:288)
12-14 03:23:16.035 1485 1846 W FileUtils: at android.os.HandlerThread.run(HandlerThread.java:67)
12-14 03:23:16.037 1485 1846 D WifiConfigStore: Writing to stores completed in 22 ms.
12-14 03:23:16.039 1485 2801 I ActivityTaskManager: FOREGROUND_APPLICATION_CHANGED to com.android.launcher3.uioverrides.QuickstepLauncher
12-14 03:23:16.044 1485 1846 D WifiConfigStore: Writing to stores completed in 3 ms.
12-14 03:23:16.046 3766 3855 I GameMode_ActivityMonitoringService: onForegroundActivitiesChanged uid 10080 pid 2519 fg true
12-14 03:23:16.048 1485 1846 D WifiConfigStore: Writing to stores completed in 1 ms.
12-14 03:23:16.049 1485 1846 D SupplicantStaIfaceHal: Remove cached HAL data for config id 0
12-14 03:23:16.050 1485 1846 E WifiConfigManager: Cannot find network with networkId 0
12-14 03:23:16.050 1485 1846 E WifiConfigManager: Cannot find network with networkId 0
12-14 03:23:16.050 1485 1846 E WifiConfigManager: Cannot find network with networkId 0
12-14 03:23:16.050 3766 3786 I GameMode_ActivityMonitoringService: Updating top task to: TaskInfoContainer [topActivity=ComponentInfo{com.android.launcher3/com.android.launcher3.uioverrides.QuickstepLauncher}, taskId=12, stackId=1, userId=0, displayId=0, position=6
12-14 03:23:16.050 976 976 I BpBinder: onLastStrongRef automatically unlinking death recipients:
12-14 03:23:16.053 3766 3786 I GameMode_ActivityMonitoringService: Notifying about top task: TaskInfoContainer [topActivity=ComponentInfo{com.android.launcher3/com.android.launcher3.uioverrides.QuickstepLauncher}, taskId=12, stackId=1, userId=0, displayId=0, position=6
12-14 03:23:16.053 3766 3786 E GameMode_ActivityMonitoringService: onActivityLaunch:com.android.launcher3
12-14 03:23:16.053 3766 3786 V GameMode_GameTypeUtils: judge isGame:com.android.launcher3
01-01 08:22:39.617 0 0 I [wpa_su][0x4cbfad18][03:23:16.056596] wlan: [3645:I:HDD] wlan0(vdevid-0): Received Disconnect reason:3 WLAN_REASON_DEAUTH_LEAVING
01-01 08:22:39.617 0 0 I [schedu][0x4cbfb946][03:23:16.056758] wlan: [3588:I:PE] Deauth TX: vdev 0 seq_num 2055 reason 3 waitForAck 1 to 6c:b1:58:0f:7d:39 from de:ac:2a:27:19:ee
12-14 03:23:16.055 1485 1846 W ContextImpl: Calling a method in the system process without a qualified user: android.app.ContextImpl.sendBroadcastMultiplePermissions:1206 android.content.Context.sendBroadcastWithMultiplePermissions:2262 com.android.server.wifi.WifiServiceImpl.broadcastWifiCredentialChanged:4925 com.android.server.wifi.WifiServiceImpl.lambda$forget$109:5067 com.android.server.wifi.WifiServiceImpl.$r8$lambda$WdoLbiwh44HopuCBPTcaSOWzrAY:0
12-14 03:23:16.058 3766 3786 V GameMode_GpuUtils: fps:60
12-14 03:23:16.059 1485 3427 D WifiMemoryStoreImpl: Remove cluster Gf124368131513a90: SUCCESS deleted: 3
12-14 03:23:16.060 3766 3786 D GameMode_GameModeActionUtils: Show GameMode entry by service!
12-14 03:23:16.061 3766 3786 W ContextImpl: Calling a method in the system process without a qualified user: android.app.ContextImpl.startService:1816 android.content.ContextWrapper.startService:774 com.thundercomm.gamemode.ingame.services.GameModeActionUtils.startGameModeService:99 com.thundercomm.gamemode.ingame.services.GameModeActionUtils.startGameModeEntry:22 com.thundercomm.gamemode.ingame.services.ActivityMonitoringService$1.onActivityLaunch:127
12-14 03:23:16.062 3766 3766 D GameMode_GameModeService: type=hide_entry
12-14 03:23:16.064 3766 3786 D GameModeIF_GameModeSettings: getUriFor setting_content_uri_root = content://com.thundercomm.gamemode.api/gamemode_settings , name = gamemode_isgaming
12-14 03:23:16.066 3766 3766 D GameMode_GameSettingsObserver: Game Data change!!!! uri = content://com.thundercomm.gamemode.api/gamemode_settings/gamemode_isgaming
12-14 03:23:16.066 3766 3766 D GameModeIF_GameModeSettings: getUriFor setting_content_uri_root = content://com.thundercomm.gamemode.api/gamemode_settings , name = gamemode_isgaming
12-14 03:23:16.070 1485 1485 I GameModeConfig: Current uri is uri = content://com.thundercomm.gamemode.api/gamemode_settings/gamemode_isgaming
