12-14 03:22:27.536 1485 1485 I GameModeConfig: isGameModeOn = false
12-14 03:22:27.536 1485 1485 I GameModeConfig: isGameModeOn = false
12-14 03:22:27.536 1485 1485 I GameModeConfig: isDisableVoice = true
12-14 03:22:27.537 1485 1903 I GameModeConfig: isGameModeOn = false
12-14 03:22:27.537 1485 1903 I GameModeConfig: isGameModeOn = false
12-14 03:22:27.537 1485 1903 I GameModeConfig: isGameModeOn = false
01-01 08:21:51.106 0 0 I binder : 3807:3807 ioctl 40046210 7fef98ccd4 returned -22
01-01 08:21:51.106 0 0 D : mv2112_read_status
01-01 08:21:51.107 0 0 D mv2112_update_link: 3.0x901(1G): 0x84
01-01 08:21:51.107 0 0 D mv2112_update_link: 3.0x8109(100M): 0xc
01-01 08:21:51.107 0 0 D mv2112_update_link: link 0x4
01-01 08:21:51.107 0 0 D mv2112_read_status: autoneg is disabled
12-14 03:22:27.552 1485 2353 D CompatibilityChangeReporter: Compat change id reported: 168419799; UID 10029; state: DISABLED
12-14 03:22:27.578 1485 1485 I TransportClient: LocalTransportService#0: Notifying [TransportManager.registerTransport()] transport = IBackupTransport
12-14 03:22:27.580 1485 2688 D BackupTransportManager: Transport com.android.localtransport/.LocalTransportService registered
12-14 03:22:27.580 1485 2688 D BackupManagerService: [UserID:0] Transport com.android.localtransport/.LocalTransport registered 3118ms after first request (delay = 3000ms)
12-14 03:22:27.584 1485 2688 I BackupManagerService: [UserID:0] Found 1 stale backup journal(s), scheduling.
12-14 03:22:27.585 1485 2688 V BackupManagerConstants: getKeyValueBackupIntervalMilliseconds(...) returns 14400000
12-14 03:22:27.585 1485 2688 V BackupManagerConstants: getKeyValueBackupFuzzMilliseconds(...) returns 600000
12-14 03:22:27.585 1485 2688 V BackupManagerConstants: getKeyValueBackupRequiredNetworkType(...) returns 1
12-14 03:22:27.585 1485 2688 V BackupManagerConstants: getKeyValueBackupRequireCharging(...) returns true
12-14 03:22:27.585 1485 2688 V KeyValueBackupJob: Scheduling k/v pass in 246 minutes
12-14 03:22:27.587 1485 2688 I BackupManagerService: [UserID:0] Stale backup journals: Scheduled 9 package(s) total
12-14 03:22:27.613 1485 2353 D CompatibilityChangeReporter: Compat change id reported: 135634846; UID 10078; state: DISABLED
12-14 03:22:27.614 1485 2353 D CompatibilityChangeReporter: Compat change id reported: 177438394; UID 10078; state: DISABLED
12-14 03:22:27.614 1485 2353 D CompatibilityChangeReporter: Compat change id reported: 135772972; UID 10078; state: DISABLED
12-14 03:22:27.614 1485 2353 D CompatibilityChangeReporter: Compat change id reported: 135754954; UID 10078; state: ENABLED
12-14 03:22:27.614 1485 1577 D CompatibilityChangeReporter: Compat change id reported: 143937733; UID 10078; state: ENABLED
12-14 03:22:27.620 1485 1577 I ActivityManager: Start proc 3827:com.qti.ltebc/u0a78 for broadcast {com.qti.ltebc/com.qualcomm.ltebc.LTEBroadcastReceiver}
01-01 08:21:51.201 0 0 I binder : 3827:3827 ioctl 40046210 7fef98ccd4 returned -22
12-14 03:22:27.646 1485 2353 D CompatibilityChangeReporter: Compat change id reported: 168419799; UID 10078; state: DISABLED
01-01 08:21:51.470 0 0 I binder : 3766:3845 ioctl 40046210 7989c70124 returned -22
12-14 03:22:28.009 1485 2070 I ActivityManager: Process com.qti.ltebc (pid 3827) has died: fg RCVR
01-01 08:21:51.902 0 0 I [schedu][0x162491dc][03:22:28.341246] wlan: [3588:I:OSIF] vdev 0, scan id 40961 type COMPLETED(1) reason COMPLETED(1) scan found 99 bss
01-01 08:21:52.101 0 0 I [schedu][0x165efb79][03:22:28.540628] wlan: [3588:I:HIF] Deinitializing Runtime PM wakelock &vdev->vdev_set_key_runtime_wakelock
01-01 08:21:52.103 0 0 I [schedu][0x165f6264][03:22:28.542000] wlan: [3588:I:HIF] Initializing Runtime PM wakelock &vdev->vdev_set_key_runtime_wakelock
12-14 03:22:28.551 824 824 D android.hardware.wifi@1.0-service: Successfully SetMacAddress.
01-01 08:21:52.112 0 0 I [wifi@1][0x16624258][03:22:28.551812] wlan: [824:I:DP] dp_vdev_attach_wifi3: wlan_cfg_ap_bridge_enabled 0
01-01 08:21:52.115 0 0 D : mv2112_read_status
01-01 08:21:52.115 0 0 D mv2112_update_link: 3.0x901(1G): 0x84
01-01 08:21:52.116 0 0 D mv2112_update_link: 3.0x8109(100M): 0xc
01-01 08:21:52.116 0 0 D mv2112_update_link: link 0x4
01-01 08:21:52.116 0 0 D mv2112_read_status: autoneg is disabled
12-14 03:22:28.560 1197 1197 W wificond: Scan is not started. Ignore abort request
01-01 08:21:52.130 0 0 E [wifi@1][0x166751e4][03:22:28.569086] wlan: [3634:E:wifipos] wifi_pos_process_app_reg_req: 608: Received App Req Req pid(377488184), len(16)
01-01 08:21:52.130 0 0 I [wifi@1][0x166774ac][03:22:28.569550] wlan: [3634:I:wifipos] wifi_pos_get_ch_info: 461: num channels: 26
01-01 08:21:52.131 0 0 I [wifi@1][0x16679abb][03:22:28.570058] wlan: [3634:I:wifipos] wifi_pos_get_ch_info: 461: num channels: 26
01-01 08:21:52.344 0 0 I [wpa_su][0x16a643f1][03:22:28.783940] wlan: [3645:I:SME] vdev-0: Connecting to TP-LINK_Figure_6d0405 6c:b1:58:0f:7d:39 rssi: -6 freq: 2462 akm 9 cipher: uc 6 mc 6, CC:
01-01 08:21:52.345 0 0 E [wpa_su][0x16a64e75][03:22:28.784081] wlan: [3645:E:QDF] Cannot malloc 0 bytes @ csr_get_cfg_max_tx_power:14199
01-01 08:21:52.349 0 0 I [schedu][0x16a7858c][03:22:28.788229] wlan: [3588:I:WMI] send_vdev_start_cmd_tlv: 1062: send_vdev_start_cmd_tlv: vdev_id 0 freq 2462 chanmode 7 ch_info: 0x7 is_dfs 0 beacon interval 100 dtim 0 center_chan 2452 center_freq2 0 reg_info_1: 0x140000 reg_info_2: 0x1400, req->max_txpow: 0x14 Tx SS 1, Rx SS 1, ldpc_rx: 0, cac 0, regd 4, HE ops: 0req->dis_hw_ack: 0
01-01 08:21:52.370 0 0 I [soft_i][0x16adaf7e][03:22:28.809268] wlan: [0:I:TXRX] HTT_T2H_MSG_TYPE_PEER_MAP msg for peer id 8 vdev id 0 n
01-01 08:21:52.370 0 0 E [soft_i][0x16adb1cc][03:22:28.809299] wlan: [0:E:DP] dp_peer_find_add_id: peer 0000000000000000 ID 8 vid 0 mac 6c:b1:58:0f:7d:39
01-01 08:21:52.370 0 0 I [soft_i][0x16adb4d2][03:22:28.809339] wlan: [0:I:DP] dp_peer_find_add_id: ref_cnt: 2
01-01 08:21:52.370 0 0 E [soft_i][0x16adb5ac][03:22:28.809350] wlan: [0:E:DP] dp_peer_map_ast: peer 0000000000000000 ID 112 vid 0 mac 6c:b1:58:0f:7d:39
01-01 08:21:52.547 0 0 I [schedu][0x16e19841][03:22:28.986451] wlan: [3588:I:PE] Auth TX: seq 1 seq num 2049 status 0 WEP 0 to 6c:b1:58:0f:7d:39
01-01 08:21:52.549 0 0 I [schedu][0x16e245c5][03:22:28.988765] wlan: [3588:I:PE] Auth TX: success
12-14 03:22:29.019 1197 1197 I wificond: Regulatory domain changed to country: CN on wiphy_index: 0
12-14 03:22:29.023 1197 1197 I wificond: 2.4Ghz frequencies: 2412 2417 2422 2427 2432 2437 2442 2447 2452 2457 2462 2467 2472
12-14 03:22:29.023 1197 1197 I wificond: 5Ghz non-DFS frequencies: 5180 5200 5220 5240 5745 5765 5785 5805 5825
12-14 03:22:29.023 1197 1197 I wificond: 5Ghz DFS frequencies: 5260 5280 5300 5320
12-14 03:22:29.023 1197 1197 I wificond: 6Ghz frequencies:
12-14 03:22:29.023 1197 1197 I wificond: 60Ghz frequencies:
01-01 08:21:52.583 0 0 I [schedu][0x16ec366f][03:22:29.022694] wlan: [3588:I:PE] Auth RX: vdev 0 sys role 3 lim_state 5 from 6c:b1:58:0f:7d:39 rssi -6 auth_alg 0 seq 209
01-01 08:21:52.583 0 0 I [schedu][0x16ec458b][03:22:29.022895] wlan: [3588:I:PE] Assoc req TX: vdev 0 to 6c:b1:58:0f:7d:39 seq num 2050
01-01 08:21:52.587 0 0 I [schedu][0x16ed5993][03:22:29.026576] wlan: [3588:I:PE] Assoc req TX: success
01-01 08:21:52.626 0 0 I [schedu][0x16f8d5c9][03:22:29.065778] wlan: [3588:I:PE] Assoc rsp RX: subtype 0 vdev 0 sys role 3 lim state 10 rssi -5 from 6c:b1:58:0f:7d:39
01-01 08:21:52.638 0 0 E [schedu][0x16fc3d6c][03:22:29.077400] wlan: [3588:E:QDF] Cannot malloc 0 bytes @ csr_get_cfg_max_tx_power:14199
01-01 08:21:52.638 0 0 E [schedu][0x16fc3f6d][03:22:29.077427] wlan: [3588:E:QDF] Cannot malloc 0 bytes @ csr_get_cfg_max_tx_power:14199
01-01 08:21:52.639 0 0 E [soft_i][0x16fc9147][03:22:29.078518] wlan: [0:E:DP] dp_tx_initialize_threshold: tx flow control threshold is set, pool size is 4096
01-01 08:21:52.639 0 0 I [schedu][0x16fca4e5][03:22:29.078780] wlan: [3588:I:HDD] wlan0(vdevid-0): de:ac:2a:27:19:ee connected to 6c:b1:58:0f:7d:39
01-01 08:21:52.841 0 0 I [dp_rx_][0x1737c918][03:22:29.280649] wlan: [3591:I:QDF] EAPOL-1 RX: SA:6c:b1:58:0f:7d:39 DA:de:ac:2a:27:19:ee
01-01 08:21:52.849 0 0 I [soft_i][0x173a2304][03:22:29.288675] wlan: [0:I:DP] dp_addba_requestprocess_wifi3 restore BA win 64 based on addba req
01-01 08:21:52.850 0 0 I [soft_i][0x173a42b1][03:22:29.289097] wlan: [0:I:QDF] EAPOL-2 TX: SA:de:ac:2a:27:19:ee DA:6c:b1:58:0f:7d:39 msdu_id:0 status: succ
01-01 08:21:52.937 0 0 I [dp_rx_][0x1753f053][03:22:29.376746] wlan: [3591:I:QDF] EAPOL-3 RX: SA:6c:b1:58:0f:7d:39 DA:de:ac:2a:27:19:ee
01-01 08:21:52.940 0 0 I [soft_i][0x1754a863][03:22:29.379200] wlan: [0:I:QDF] EAPOL-4 TX: SA:de:ac:2a:27:19:ee DA:6c:b1:58:0f:7d:39 msdu_id:0 status: succ
01-01 08:21:52.948 0 0 E [schedu][0x175712e3][03:22:29.387446] wlan: [3588:E:QDF] Cannot malloc 0 bytes @ csr_get_cfg_max_tx_power:14199
01-01 08:21:52.960 0 0 I [schedu][0x175a917b][03:22:29.399374] wlan: [3588:I:WMI] LFR3:OKC enabled
01-01 08:21:52.960 0 0 I [schedu][0x175a92be][03:22:29.399391] wlan: [3588:I:WMI] LFR3:PMKSA caching enabled
01-01 08:21:52.987 0 0 E [schedu][0x176266dd][03:22:29.426113] wlan: [3588:E:PE] OBSS Scan Indication bssid 6c:b1:58:0f:7d:39
01-01 08:21:52.987 0 0 E [schedu][0x17626c88][03:22:29.426188] wlan: [3588:E:WMA] cmdlen 140 vdev_id 0 channel count 13 iefield_len 0
01-01 08:21:52.987 0 0 E [schedu][0x17626d99][03:22:29.426203] wlan: [3588:E:WMA] scantype 1 active_time 10 passive 20 Obss interval 300
01-01 08:21:53.072 0 0 E [wifi@1][0x177b4bc9][03:22:29.511085] wlan: [824:E:HDD] hdd_enable_ns_offload: 484: Failed to cache ns request; status:4
01-01 08:21:53.142 0 0 D : mv2112_read_status
01-01 08:21:53.143 0 0 D mv2112_update_link: 3.0x901(1G): 0x84
01-01 08:21:53.143 0 0 D mv2112_update_link: 3.0x8109(100M): 0xc
01-01 08:21:53.143 0 0 D mv2112_update_link: link 0x4
01-01 08:21:53.143 0 0 D mv2112_read_status: autoneg is disabled
01-01 08:21:53.205 0 0 I [soft_i][0x17a266c0][03:22:29.644565] wlan: [0:I:QDF] DHCP-R TX: SA:de:ac:2a:27:19:ee DA:ff:ff:ff:ff:ff:ff msdu_id:2 status: succ
01-01 08:21:54.067 0 0 I [soft_i][0x189f094b][03:22:30.506892] wlan: [0:I:QDF] DHCP-R TX: SA:de:ac:2a:27:19:ee DA:ff:ff:ff:ff:ff:ff msdu_id:1 status: succ
01-01 08:21:54.163 0 0 D : mv2112_read_status
01-01 08:21:54.163 0 0 D mv2112_update_link: 3.0x901(1G): 0x84
01-01 08:21:54.163 0 0 D mv2112_update_link: 3.0x8109(100M): 0xc
01-01 08:21:54.163 0 0 D mv2112_update_link: link 0x4
01-01 08:21:54.163 0 0 D mv2112_read_status: autoneg is disabled
12-14 03:22:31.529 1485 1576 D CompatibilityChangeReporter: Compat change id reported: 168419799; UID 10019; state: DISABLED
01-01 08:21:55.187 0 0 D : mv2112_read_status
01-01 08:21:55.187 0 0 D mv2112_update_link: 3.0x901(1G): 0x84
01-01 08:21:55.187 0 0 D mv2112_update_link: 3.0x8109(100M): 0xc
01-01 08:21:55.187 0 0 D mv2112_update_link: link 0x4
01-01 08:21:55.187 0 0 D mv2112_read_status: autoneg is disabled
01-01 08:21:55.450 0 0 I init : Sending signal 9 to service 'idmap2d' (pid 1183) process group...
12-14 03:22:31.894 1485 2353 W OverlayManager: service 'idmap' died
01-01 08:21:55.456 0 0 I libprocessgroup: Successfully killed process cgroup uid 1000 pid 1183 in 5ms
01-01 08:21:55.457 0 0 I init : Control message: Processed ctl.stop for 'idmap2d' from pid: 1485 (system_server)
01-01 08:21:55.458 0 0 I init : Service 'idmap2d' (pid 1183) received signal 9
12-14 03:22:32.240 1485 1576 D CompatibilityChangeReporter: Compat change id reported: 135634846; UID 10078; state: DISABLED
12-14 03:22:32.240 1485 1576 D CompatibilityChangeReporter: Compat change id reported: 177438394; UID 10078; state: DISABLED
12-14 03:22:32.240 1485 1576 D CompatibilityChangeReporter: Compat change id reported: 135772972; UID 10078; state: DISABLED
12-14 03:22:32.240 1485 1576 D CompatibilityChangeReporter: Compat change id reported: 135754954; UID 10078; state: ENABLED
12-14 03:22:32.241 1485 1577 D CompatibilityChangeReporter: Compat change id reported: 143937733; UID 10078; state: ENABLED
12-14 03:22:32.257 1485 1577 I ActivityManager: Start proc 3922:com.qti.ltebc/u0a78 for broadcast {com.qti.ltebc/com.qualcomm.ltebc.LTEBroadcastAlarmReceiver}
01-01 08:21:55.843 0 0 I binder : 3922:3922 ioctl 40046210 7fef98ccd4 returned -22
12-14 03:22:32.288 1485 2353 D CompatibilityChangeReporter: Compat change id reported: 168419799; UID 10078; state: DISABLED
01-01 08:21:55.945 0 0 I binder : 2162:3938 ioctl 40046210 79f0ce5f04 returned -22
01-01 08:21:55.959 0 0 I : tsnv nv_initialize successfully!
01-01 08:21:56.005 0 0 I init : processing action (sys.tlog.pstore.active=1) from (/system/etc/init/tlogd.rc:122)
01-01 08:21:56.006 0 0 I init : Command 'start pstore_save' action=sys.tlog.pstore.active=1 (/system/etc/init/tlogd.rc:124) took 0ms and failed: Could not start service: Could not get process context
12-14 03:22:32.645 1485 2353 D CompatibilityChangeReporter: Compat change id reported: 135634846; UID 10055; state: DISABLED
12-14 03:22:32.645 1485 2353 D CompatibilityChangeReporter: Compat change id reported: 177438394; UID 10055; state: DISABLED
12-14 03:22:32.645 1485 2353 D CompatibilityChangeReporter: Compat change id reported: 135772972; UID 10055; state: DISABLED
12-14 03:22:32.645 1485 2353 D CompatibilityChangeReporter: Compat change id reported: 135754954; UID 10055; state: DISABLED
12-14 03:22:32.645 1485 1577 D CompatibilityChangeReporter: Compat change id reported: 143937733; UID 10055; state: DISABLED
01-01 08:21:56.212 0 0 D : mv2112_read_status
01-01 08:21:56.212 0 0 D mv2112_update_link: 3.0x901(1G): 0x84
01-01 08:21:56.212 0 0 D mv2112_update_link: 3.0x8109(100M): 0xc
01-01 08:21:56.212 0 0 D mv2112_update_link: link 0x4
01-01 08:21:56.212 0 0 D mv2112_read_status: autoneg is disabled
12-14 03:22:32.665 1485 1577 I ActivityManager: Start proc 3952:com.qualcomm.qti.qms.service.trustzoneaccess/u0a55 for service {com.qualcomm.qti.qms.service.trustzoneaccess/com.qualcomm.qti.qms.service.trustzoneaccess.TZAccessService}
01-01 08:21:56.252 0 0 I binder : 3952:3952 ioctl 40046210 7fef98ccd4 returned -22
12-14 03:22:32.698 1485 2353 D CompatibilityChangeReporter: Compat change id reported: 168419799; UID 10055; state: DISABLED
01-01 08:21:56.285 0 0 I [soft_i][0x1b28cdc5][03:22:32.724766] wlan: [0:I:QDF] DHCP-R TX: SA:de:ac:2a:27:19:ee DA:ff:ff:ff:ff:ff:ff msdu_id:0 status: succ
01-01 08:21:56.295 0 0 I [dp_rx_][0x1b2bb211][03:22:32.734636] wlan: [3591:I:QDF] DHCP-NA RX: SA:6c:b1:58:0f:7d:39 DA:ff:ff:ff:ff:ff:ff
01-01 08:21:56.304 0 0 I [soft_i][0x1b2e27ba][03:22:32.743031] wlan: [0:I:QDF] DHCP-D TX: SA:de:ac:2a:27:19:ee DA:ff:ff:ff:ff:ff:ff msdu_id:0 status: succ
12-14 03:22:32.816 1485 2070 I ActivityManager: Process com.qti.ltebc (pid 3922) has died: cch+5 CEM
01-01 08:21:56.905 0 0 I [dp_rx_][0x1bde53b7][03:22:33.344365] wlan: [3591:I:QDF] DHCP-O RX: SA:6c:b1:58:0f:7d:39 DA:de:ac:2a:27:19:ee
01-01 08:21:56.919 0 0 I [soft_i][0x1be2547a][03:22:33.358028] wlan: [0:I:QDF] DHCP-R TX: SA:de:ac:2a:27:19:ee DA:ff:ff:ff:ff:ff:ff msdu_id:0 status: succ
01-01 08:21:56.925 0 0 I [dp_rx_][0x1be451f1][03:22:33.364821] wlan: [3591:I:QDF] DHCP-A RX: SA:6c:b1:58:0f:7d:39 DA:de:ac:2a:27:19:ee
12-14 03:22:33.471 1485 1898 D CompatibilityChangeReporter: Compat change id reported: 171306433; UID 1000; state: ENABLED
01-01 08:21:57.062 0 0 E [wifi@1][0x1c0c732a][03:22:33.501797] wlan: [824:E:QDF] Cannot malloc 0 bytes @ csr_get_cfg_max_tx_power:14199
01-01 08:21:57.062 0 0 E [wifi@1][0x1c0c7cc4][03:22:33.501925] wlan: [824:E:QDF] Cannot malloc 0 bytes @ csr_get_cfg_max_tx_power:14199
01-01 08:21:57.063 0 0 I [schedu][0x1c0cb685][03:22:33.502695] wlan: [3588:I:WMI] LFR3:OKC enabled
01-01 08:21:57.063 0 0 I [schedu][0x1c0cb6ff][03:22:33.502701] wlan: [3588:I:WMI] LFR3:PMKSA caching enabled
01-01 08:21:57.064 0 0 I [schedu][0x1c0ccb34][03:22:33.502971] wlan: [3588:I:WMI] LFR3:OKC enabled
01-01 08:21:57.064 0 0 I [schedu][0x1c0ccb9c][03:22:33.502976] wlan: [3588:I:WMI] LFR3:PMKSA caching enabled
12-14 03:22:33.531 1485 1903 I GameModeConfig: isGameModeOn = false
12-14 03:22:33.531 1485 1903 I GameModeConfig: isGameModeOn = false
12-14 03:22:33.531 1485 1903 I GameModeConfig: isGameModeOn = false
01-01 08:21:57.193 0 0 I init : Untracked pid 3996 exited with status 0
12-14 03:22:33.649 1485 1903 I GameModeConfig: isGameModeOn = false
01-01 08:21:57.235 0 0 D : mv2112_read_status
01-01 08:21:57.235 0 0 D mv2112_update_link: 3.0x901(1G): 0x84
01-01 08:21:57.235 0 0 D mv2112_update_link: 3.0x8109(100M): 0xc
01-01 08:21:57.235 0 0 D mv2112_update_link: link 0x4
01-01 08:21:57.235 0 0 D mv2112_read_status: autoneg is disabled
12-14 03:22:33.734 1485 1485 I GameModeConfig: isGameModeOn = false
12-14 03:22:33.738 1485 1485 W NotificationHistory: Attempted to add notif for locked/gone/disabled user 0
01-01 08:21:58.259 0 0 D : mv2112_read_status
01-01 08:21:58.259 0 0 D mv2112_update_link: 3.0x901(1G): 0x84
01-01 08:21:58.259 0 0 D mv2112_update_link: 3.0x8109(100M): 0xc
12-14 03:22:34.701 1485 1903 I GameModeConfig: isGameModeOn = false
01-01 08:21:58.259 0 0 D mv2112_update_link: link 0x4
01-01 08:21:58.259 0 0 D mv2112_read_status: autoneg is disabled
12-14 03:22:34.726 1485 1903 I GameModeConfig: isGameModeOn = false
12-14 03:22:34.901 1485 1903 I GameModeConfig: isGameModeOn = false
12-14 03:22:34.901 1485 1903 I GameModeConfig: isGameModeOn = false
12-14 03:22:35.062 1485 1903 I GameModeConfig: isGameModeOn = false
12-14 03:22:35.063 1485 1903 I GameModeConfig: isGameModeOn = false
12-14 03:22:35.164 1485 1903 I GameModeConfig: isGameModeOn = false
12-14 03:22:35.164 1485 1903 I GameModeConfig: isGameModeOn = false
12-14 03:22:35.165 1485 1903 I GameModeConfig: isGameModeOn = false
12-14 03:22:35.166 1485 1903 I GameModeConfig: isGameModeOn = false
12-14 03:22:35.166 1485 1903 I GameModeConfig: isGameModeOn = false
12-14 03:22:35.166 1485 1903 I GameModeConfig: isGameModeOn = false
12-14 03:22:35.174 1485 1903 I GameModeConfig: isGameModeOn = false
12-14 03:22:35.175 1485 1903 I GameModeConfig: isGameModeOn = false
12-14 03:22:35.698 1485 1903 I GameModeConfig: isGameModeOn = false
12-14 03:22:35.698 1485 1903 I GameModeConfig: isGameModeOn = false
01-01 08:21:59.283 0 0 D : mv2112_read_status
01-01 08:21:59.283 0 0 D mv2112_update_link: 3.0x901(1G): 0x84
01-01 08:21:59.283 0 0 D mv2112_update_link: 3.0x8109(100M): 0xc
01-01 08:21:59.283 0 0 D mv2112_update_link: link 0x4
01-01 08:21:59.283 0 0 D mv2112_read_status: autoneg is disabled
12-14 03:22:35.984 1485 1903 I GameModeConfig: isGameModeOn = false
12-14 03:22:35.985 1485 1903 I GameModeConfig: isGameModeOn = false
01-01 08:21:59.650 0 0 I [soft_i][0x1f029c00][03:22:36.089648] wlan: [0:I:DP] dp_addba_requestprocess_wifi3 restore BA win 64 based on addba req
01-01 08:21:59.651 0 0 I [soft_i][0x1f02f231][03:22:36.090797] wlan: [0:I:DP] dp_addba_requestprocess_wifi3 restore BA win 64 based on addba req
01-01 08:21:59.652 0 0 I [soft_i][0x1f03119e][03:22:36.091216] wlan: [0:I:DP] dp_addba_requestprocess_wifi3 restore BA win 64 based on addba req
01-01 08:22:00.308 0 0 D : mv2112_read_status
01-01 08:22:00.308 0 0 D mv2112_update_link: 3.0x901(1G): 0x84
01-01 08:22:00.308 0 0 D mv2112_update_link: 3.0x8109(100M): 0xc
01-01 08:22:00.308 0 0 D mv2112_update_link: link 0x4
01-01 08:22:00.308 0 0 D mv2112_read_status: autoneg is disabled
12-14 03:22:37.239 1485 1903 I GameModeConfig: isGameModeOn = false
12-14 03:22:37.240 1485 1903 I GameModeConfig: isGameModeOn = false
12-14 03:22:37.539 1485 1903 I GameModeConfig: isGameModeOn = false
12-14 03:22:37.539 1485 1903 I GameModeConfig: isGameModeOn = false
01-01 08:22:01.331 0 0 D : mv2112_read_status
01-01 08:22:01.331 0 0 D mv2112_update_link: 3.0x901(1G): 0x84
01-01 08:22:01.331 0 0 D mv2112_update_link: 3.0x8109(100M): 0xc
01-01 08:22:01.331 0 0 D mv2112_update_link: link 0x4
01-01 08:22:01.331 0 0 D mv2112_read_status: autoneg is disabled
01-01 08:22:02.355 0 0 D : mv2112_read_status
01-01 08:22:02.355 0 0 D mv2112_update_link: 3.0x901(1G): 0x84
01-01 08:22:02.355 0 0 D mv2112_update_link: 3.0x8109(100M): 0xc
01-01 08:22:02.355 0 0 D mv2112_update_link: link 0x4
01-01 08:22:02.355 0 0 D mv2112_read_status: autoneg is disabled
01-01 08:22:03.379 0 0 D : mv2112_read_status
01-01 08:22:03.379 0 0 D mv2112_update_link: 3.0x901(1G): 0x84
01-01 08:22:03.379 0 0 D mv2112_update_link: 3.0x8109(100M): 0xc
01-01 08:22:03.379 0 0 D mv2112_update_link: link 0x4
01-01 08:22:03.379 0 0 D mv2112_read_status: autoneg is disabled
12-14 03:22:40.278 1485 1576 I ActivityManager: Waited long enough for: ServiceRecord{1362185 u0 com.qti.diagservices/.QTIDiagServices}
01-01 08:22:04.403 0 0 D : mv2112_read_status
01-01 08:22:04.403 0 0 D mv2112_update_link: 3.0x901(1G): 0x84
01-01 08:22:04.403 0 0 D mv2112_update_link: 3.0x8109(100M): 0xc
01-01 08:22:04.403 0 0 D mv2112_update_link: link 0x4
01-01 08:22:04.403 0 0 D mv2112_read_status: autoneg is disabled
01-01 08:22:05.427 0 0 D : mv2112_read_status
01-01 08:22:05.427 0 0 D mv2112_update_link: 3.0x901(1G): 0x84
01-01 08:22:05.427 0 0 D mv2112_update_link: 3.0x8109(100M): 0xc
01-01 08:22:05.427 0 0 D mv2112_update_link: link 0x4
01-01 08:22:05.427 0 0 D mv2112_read_status: autoneg is disabled
12-14 03:22:42.497 1485 1576 I ActivityManager: Waited long enough for: ServiceRecord{13d74c7 u0 com.thundercomm.gamemode/.ingame.services.ActivityMonitoringService}
12-14 03:22:42.532 1485 1576 I ActivityManager: Waited long enough for: ServiceRecord{fcae8bc u0 com.thundercomm.gamemode/.ingame.services.GameModeService}
01-01 08:22:06.451 0 0 D : mv2112_read_status
01-01 08:22:06.451 0 0 D mv2112_update_link: 3.0x901(1G): 0x84
01-01 08:22:06.451 0 0 D mv2112_update_link: 3.0x8109(100M): 0xc
01-01 08:22:06.451 0 0 D mv2112_update_link: link 0x4
01-01 08:22:06.451 0 0 D mv2112_read_status: autoneg is disabled
12-14 03:22:43.561 1485 1903 I GameModeConfig: isGameModeOn = false
12-14 03:22:43.562 1485 1903 I GameModeConfig: isGameModeOn = false
12-14 03:22:43.735 1485 1903 I GameModeConfig: isGameModeOn = false
01-01 08:22:07.475 0 0 D : mv2112_read_status
01-01 08:22:07.475 0 0 D mv2112_update_link: 3.0x901(1G): 0x84
01-01 08:22:07.475 0 0 D mv2112_update_link: 3.0x8109(100M): 0xc
01-01 08:22:07.475 0 0 D mv2112_update_link: link 0x4
01-01 08:22:07.475 0 0 D mv2112_read_status: autoneg is disabled
01-01 08:22:08.499 0 0 D : mv2112_read_status
01-01 08:22:08.499 0 0 D mv2112_update_link: 3.0x901(1G): 0x84
01-01 08:22:08.499 0 0 D mv2112_update_link: 3.0x8109(100M): 0xc
01-01 08:22:08.499 0 0 D mv2112_update_link: link 0x4
01-01 08:22:08.499 0 0 D mv2112_read_status: autoneg is disabled
01-01 08:22:08.531 0 0 I display_panel_avdd: disabling
01-01 08:22:08.531 0 0 I vdd_tof : disabling
01-01 08:22:09.523 0 0 D : mv2112_read_status
01-01 08:22:09.523 0 0 D mv2112_update_link: 3.0x901(1G): 0x84
01-01 08:22:09.523 0 0 D mv2112_update_link: 3.0x8109(100M): 0xc
01-01 08:22:09.523 0 0 D mv2112_update_link: link 0x4
01-01 08:22:09.523 0 0 D mv2112_read_status: autoneg is disabled
12-14 03:22:46.010 1485 1576 W BroadcastQueue: Permission Denial: broadcasting Intent { act=android.net.conn.CONNECTIVITY_CHANGE flg=0x4200010 (has extras) } from null (pid=-1, uid=-1) requires com.baidu.input.permission.sofire.RECEIVE due to registered receiver BroadcastFilter{2bd4f74 10032/u0 ReceiverList{beb7b47 3112 com.baidu.input/10032/u0 remote:2d87686}}
12-14 03:22:46.327 3112 3550 E ActivityThread: Failed to find provider info for telephony
01-01 08:22:10.547 0 0 D : mv2112_read_status
01-01 08:22:10.547 0 0 D mv2112_update_link: 3.0x901(1G): 0x84
01-01 08:22:10.547 0 0 D mv2112_update_link: 3.0x8109(100M): 0xc
01-01 08:22:10.547 0 0 D mv2112_update_link: link 0x4
01-01 08:22:10.547 0 0 D mv2112_read_status: autoneg is disabled
01-01 08:22:11.571 0 0 D : mv2112_read_status
01-01 08:22:11.571 0 0 D mv2112_update_link: 3.0x901(1G): 0x84
01-01 08:22:11.571 0 0 D mv2112_update_link: 3.0x8109(100M): 0xc
01-01 08:22:11.571 0 0 D mv2112_update_link: link 0x4
01-01 08:22:11.571 0 0 D mv2112_read_status: autoneg is disabled
12-14 03:22:48.773 1485 2039 W ActivityManager: Unable to start service Intent { act=android.intent.action.START_LEBO_SERVICE pkg=com.hpplay.happyplay.aw } U=0: not found
01-01 08:22:12.595 0 0 D : mv2112_read_status
01-01 08:22:12.595 0 0 D mv2112_update_link: 3.0x901(1G): 0x84
01-01 08:22:12.595 0 0 D mv2112_update_link: 3.0x8109(100M): 0xc
01-01 08:22:12.595 0 0 D mv2112_update_link: link 0x4
01-01 08:22:12.595 0 0 D mv2112_read_status: autoneg is disabled
01-01 08:22:13.619 0 0 D : mv2112_read_status
01-01 08:22:13.619 0 0 D mv2112_update_link: 3.0x901(1G): 0x84
01-01 08:22:13.619 0 0 D mv2112_update_link: 3.0x8109(100M): 0xc
01-01 08:22:13.619 0 0 D mv2112_update_link: link 0x4
01-01 08:22:13.619 0 0 D mv2112_read_status: autoneg is disabled
01-01 08:22:14.642 0 0 D : mv2112_read_status
01-01 08:22:14.643 0 0 D mv2112_update_link: 3.0x901(1G): 0x84
01-01 08:22:14.643 0 0 D mv2112_update_link: 3.0x8109(100M): 0xc
01-01 08:22:14.643 0 0 D mv2112_update_link: link 0x4
01-01 08:22:14.643 0 0 D mv2112_read_status: autoneg is disabled
01-01 08:22:15.667 0 0 D : mv2112_read_status
01-01 08:22:15.667 0 0 D mv2112_update_link: 3.0x901(1G): 0x84
01-01 08:22:15.667 0 0 D mv2112_update_link: 3.0x8109(100M): 0xc
01-01 08:22:15.667 0 0 D mv2112_update_link: link 0x4
01-01 08:22:15.667 0 0 D mv2112_read_status: autoneg is disabled
01-01 08:22:16.691 0 0 D : mv2112_read_status
01-01 08:22:16.691 0 0 D mv2112_update_link: 3.0x901(1G): 0x84
01-01 08:22:16.691 0 0 D mv2112_update_link: 3.0x8109(100M): 0xc
01-01 08:22:16.691 0 0 D mv2112_update_link: link 0x4
01-01 08:22:16.691 0 0 D mv2112_read_status: autoneg is disabled
01-01 08:22:17.213 0 0 I msm_vidc: high: 00000001: h264d: Closed video instance: 0000000000000000
01-01 08:22:17.237 0 0 E q6asm_callback: cmd = 0x10bce returned error = 0xa
01-01 08:22:17.237 0 0 E __q6asm_cmd: DSP returned error[ADSP_ENOTREADY] opcode 68558
01-01 08:22:17.239 0 0 I afe_close: port_id = 0x9000
01-01 08:22:17.274 0 0 I binder : undelivered transaction 107332, process died.
01-01 08:22:17.275 0 0 I init : Service 'bootanim' (pid 1094) exited with status 0 oneshot service took 34.366001 seconds in background
01-01 08:22:17.275 0 0 I init : Sending signal 9 to service 'bootanim' (pid 1094) process group...
01-01 08:22:17.275 0 0 I libprocessgroup: Successfully killed process cgroup uid 1003 pid 1094 in 0ms
01-01 08:22:17.715 0 0 D : mv2112_read_status
01-01 08:22:17.715 0 0 D mv2112_update_link: 3.0x901(1G): 0x84
01-01 08:22:17.715 0 0 D mv2112_update_link: 3.0x8109(100M): 0xc
01-01 08:22:17.715 0 0 D mv2112_update_link: link 0x4
01-01 08:22:17.715 0 0 D mv2112_read_status: autoneg is disabled
01-01 08:22:18.739 0 0 D : mv2112_read_status
01-01 08:22:18.739 0 0 D mv2112_update_link: 3.0x901(1G): 0x84
01-01 08:22:18.739 0 0 D mv2112_update_link: 3.0x8109(100M): 0xc
01-01 08:22:18.739 0 0 D mv2112_update_link: link 0x4
01-01 08:22:18.739 0 0 D mv2112_read_status: autoneg is disabled
01-01 08:22:18.741 0 0 I msm_vidc: err : ffffffff: .....: DBLP Set: status 0
01-01 08:22:19.763 0 0 D : mv2112_read_status
01-01 08:22:19.763 0 0 D mv2112_update_link: 3.0x901(1G): 0x84
01-01 08:22:19.763 0 0 D mv2112_update_link: 3.0x8109(100M): 0xc
01-01 08:22:19.763 0 0 D mv2112_update_link: link 0x4
01-01 08:22:19.763 0 0 D mv2112_read_status: autoneg is disabled
01-01 08:22:20.787 0 0 D : mv2112_read_status
01-01 08:22:20.787 0 0 D mv2112_update_link: 3.0x901(1G): 0x84
01-01 08:22:20.787 0 0 D mv2112_update_link: 3.0x8109(100M): 0xc
01-01 08:22:20.787 0 0 D mv2112_update_link: link 0x4
01-01 08:22:20.787 0 0 D mv2112_read_status: autoneg is disabled
01-01 08:22:21.811 0 0 D : mv2112_read_status
01-01 08:22:21.811 0 0 D mv2112_update_link: 3.0x901(1G): 0x84
01-01 08:22:21.811 0 0 D mv2112_update_link: 3.0x8109(100M): 0xc
01-01 08:22:21.811 0 0 D mv2112_update_link: link 0x4
01-01 08:22:21.811 0 0 D mv2112_read_status: autoneg is disabled
01-01 08:22:22.835 0 0 D : mv2112_read_status
01-01 08:22:22.835 0 0 D mv2112_update_link: 3.0x901(1G): 0x84
01-01 08:22:22.835 0 0 D mv2112_update_link: 3.0x8109(100M): 0xc
01-01 08:22:22.835 0 0 D mv2112_update_link: link 0x4
01-01 08:22:22.835 0 0 D mv2112_read_status: autoneg is disabled
01-01 08:22:23.022 0 0 I [schedu][0x39c1ab79][03:22:59.460948] wlan: [3588:I:WMA] [03:22:59.429000] [NEIGH_RPT_REQ] VDEV[0]
01-01 08:22:23.022 0 0 I [schedu][0x39c1ad6b][03:22:59.460974] wlan: [3588:I:WMA] [03:22:59.438000] [NEIGH_RPT_RSP] VDEV[0] { 5745 }
01-01 08:22:23.859 0 0 D : mv2112_read_status
01-01 08:22:23.859 0 0 D mv2112_update_link: 3.0x901(1G): 0x84
01-01 08:22:23.859 0 0 D mv2112_update_link: 3.0x8109(100M): 0xc
01-01 08:22:23.859 0 0 D mv2112_update_link: link 0x4
01-01 08:22:23.859 0 0 D mv2112_read_status: autoneg is disabled
01-01 08:22:24.883 0 0 D : mv2112_read_status
01-01 08:22:24.883 0 0 D mv2112_update_link: 3.0x901(1G): 0x84
01-01 08:22:24.883 0 0 D mv2112_update_link: 3.0x8109(100M): 0xc
01-01 08:22:24.883 0 0 D mv2112_update_link: link 0x4
01-01 08:22:24.883 0 0 D mv2112_read_status: autoneg is disabled
01-01 08:22:25.907 0 0 D : mv2112_read_status
01-01 08:22:25.907 0 0 D mv2112_update_link: 3.0x901(1G): 0x84
01-01 08:22:25.907 0 0 D mv2112_update_link: 3.0x8109(100M): 0xc
01-01 08:22:25.907 0 0 D mv2112_update_link: link 0x4
01-01 08:22:25.907 0 0 D mv2112_read_status: autoneg is disabled
01-01 08:22:26.931 0 0 D : mv2112_read_status
01-01 08:22:26.931 0 0 D mv2112_update_link: 3.0x901(1G): 0x84
01-01 08:22:26.931 0 0 D mv2112_update_link: 3.0x8109(100M): 0xc
01-01 08:22:26.931 0 0 D mv2112_update_link: link 0x4
01-01 08:22:26.931 0 0 D mv2112_read_status: autoneg is disabled
01-01 08:22:27.955 0 0 D : mv2112_read_status
01-01 08:22:27.955 0 0 D mv2112_update_link: 3.0x901(1G): 0x84
01-01 08:22:27.955 0 0 D mv2112_update_link: 3.0x8109(100M): 0xc
01-01 08:22:27.955 0 0 D mv2112_update_link: link 0x4
01-01 08:22:27.955 0 0 D mv2112_read_status: autoneg is disabled
01-01 08:22:28.979 0 0 D : mv2112_read_status
01-01 08:22:28.979 0 0 D mv2112_update_link: 3.0x901(1G): 0x84
01-01 08:22:28.979 0 0 D mv2112_update_link: 3.0x8109(100M): 0xc
01-01 08:22:28.979 0 0 D mv2112_update_link: link 0x4
01-01 08:22:28.979 0 0 D mv2112_read_status: autoneg is disabled
12-14 03:23:06.033 1485 2353 D CompatibilityChangeReporter: Compat change id reported: 171306433; UID 10032; state: DISABLED
01-01 08:22:30.003 0 0 D : mv2112_read_status
01-01 08:22:30.003 0 0 D mv2112_update_link: 3.0x901(1G): 0x84
01-01 08:22:30.003 0 0 D mv2112_update_link: 3.0x8109(100M): 0xc
01-01 08:22:30.003 0 0 D mv2112_update_link: link 0x4
01-01 08:22:30.003 0 0 D mv2112_read_status: autoneg is disabled
12-14 03:23:06.740 1485 2070 I ActivityTaskManager: START u0 {act=android.intent.action.MAIN cat=[android.intent.category.LAUNCHER] flg=0x10200000 cmp=com.android.settings/.Settings bnds=[2128,710][2314,910]} from uid 10080
12-14 03:23:06.747 1485 2070 W ActivityTaskManager: Can't find TaskDisplayArea to determine support for multi window. Task id=13 attached=false
12-14 03:23:06.750 1485 2070 D CompatibilityChangeReporter: Compat change id reported: 174042980; UID 1000; state: DISABLED
12-14 03:23:06.752 1485 2070 D CompatibilityChangeReporter: Compat change id reported: 168419799; UID 1000; state: DISABLED
12-14 03:23:06.762 1485 2353 I ActivityTaskManager: FOREGROUND_APPLICATION_CHANGED to com.android.settings.homepage.SettingsHomepageActivity
12-14 03:23:06.763 1485 2353 I ActivityTaskManager: The Process com.android.settings Already Exists in BG. So sending its PID: 2378
12-14 03:23:06.763 1485 2353 W ActivityTaskManager: Tried to set launchTime (0) < mLastActivityLaunchTime (12121)
12-14 03:23:06.765 1994 2161 W StartingSurfaceDrawer: Window background is transparent, fill background with black color
12-14 03:23:06.767 1485 2353 D CompatibilityChangeReporter: Compat change id reported: 181136395; UID 1000; state: DISABLED
12-14 03:23:06.767 1485 2353 D CompatibilityChangeReporter: Compat change id reported: 174042936; UID 1000; state: DISABLED
12-14 03:23:06.790 3766 3786 W ContextImpl: Calling a method in the system process without a qualified user: android.app.ContextImpl.startService:1816 android.content.ContextWrapper.startService:774 com.thundercomm.gamemode.ingame.services.GameModeActionUtils.startGameModeService:99 com.thundercomm.gamemode.ingame.services.GameModeActionUtils.startGameModeEntry:22 com.thundercomm.gamemode.ingame.services.ActivityMonitoringService$1.onActivityLaunch:127
12-14 03:23:06.798 1485 1485 I GameModeConfig: Current uri is uri = content://com.thundercomm.gamemode.api/gamemode_settings/gamemode_isgaming
12-14 03:23:06.800 1485 1485 I GameModeConfig: isGameModeOn = false
12-14 03:23:06.800 1485 1485 I GameModeConfig: isGameModeOn = false
12-14 03:23:06.800 1485 1485 I GameModeConfig: isDisableVoice = true
12-14 03:23:06.877 3766 3786 W ContextImpl: Calling a method in the system process without a qualified user: android.app.ContextImpl.startService:1816 android.content.ContextWrapper.startService:774 com.thundercomm.gamemode.ingame.services.GameModeActionUtils.startGameModeService:99 com.thundercomm.gamemode.ingame.services.GameModeActionUtils.startGameModeEntry:22 com.thundercomm.gamemode.ingame.services.ActivityMonitoringService$1.onActivityLaunch:127
12-14 03:23:06.886 1485 1485 I GameModeConfig: Current uri is uri = content://com.thundercomm.gamemode.api/gamemode_settings/gamemode_isgaming
12-14 03:23:06.888 1485 1485 I GameModeConfig: isGameModeOn = false
12-14 03:23:06.888 1485 1485 I GameModeConfig: isGameModeOn = false
12-14 03:23:06.888 1485 1485 I GameModeConfig: isDisableVoice = true
12-14 03:23:06.945 1485 2039 E UserRestrictionsUtils: Unknown restriction queried by uid 1000 (com.qti.diagservices et al): null
12-14 03:23:06.945 1485 2039 E UserRestrictionsUtils: Unknown restriction queried by uid 1000 (com.qti.diagservices et al): null
12-14 03:23:06.946 1485 2039 E UserRestrictionsUtils: Unknown restriction queried by uid 1000 (com.qti.diagservices et al): null
12-14 03:23:06.946 1485 2070 E UserRestrictionsUtils: Unknown restriction queried by uid 1000 (com.qti.diagservices et al): null
12-14 03:23:06.946 1485 2070 E UserRestrictionsUtils: Unknown restriction queried by uid 1000 (com.qti.diagservices et al): null
12-14 03:23:06.947 1485 2039 E UserRestrictionsUtils: Unknown restriction queried by uid 1000 (com.qti.diagservices et al): null
12-14 03:23:06.947 1485 2039 E UserRestrictionsUtils: Unknown restriction queried by uid 1000 (com.qti.diagservices et al): null
12-14 03:23:06.947 1485 2039 E UserRestrictionsUtils: Unknown restriction queried by uid 1000 (com.qti.diagservices et al): null
12-14 03:23:06.947 1485 2039 E UserRestrictionsUtils: Unknown restriction queried by uid 1000 (com.qti.diagservices et al): null
12-14 03:23:06.948 1485 2039 E UserRestrictionsUtils: Unknown restriction queried by uid 1000 (com.qti.diagservices et al): null
12-14 03:23:06.948 1485 2039 E UserRestrictionsUtils: Unknown restriction queried by uid 1000 (com.qti.diagservices et al): null
12-14 03:23:06.948 1485 2039 E UserRestrictionsUtils: Unknown restriction queried by uid 1000 (com.qti.diagservices et al): null
12-14 03:23:06.948 1485 2039 E UserRestrictionsUtils: Unknown restriction queried by uid 1000 (com.qti.diagservices et al): null
12-14 03:23:06.949 1485 2039 E UserRestrictionsUtils: Unknown restriction queried by uid 1000 (com.qti.diagservices et al): null
12-14 03:23:06.949 1485 2039 E UserRestrictionsUtils: Unknown restriction queried by uid 1000 (com.qti.diagservices et al): null
12-14 03:23:06.949 1485 2039 E UserRestrictionsUtils: Unknown restriction queried by uid 1000 (com.qti.diagservices et al): null
12-14 03:23:06.949 1485 2039 E UserRestrictionsUtils: Unknown restriction queried by uid 1000 (com.qti.diagservices et al): null
12-14 03:23:06.949 1485 2039 E UserRestrictionsUtils: Unknown restriction queried by uid 1000 (com.qti.diagservices et al): null
12-14 03:23:07.142 1485 2039 E UserRestrictionsUtils: Unknown restriction queried by uid 1000 (com.qti.diagservices et al): null
01-01 08:22:30.751 0 0 I IRQ 5 : no longer affine to CPU7
01-01 08:22:30.838 0 0 I [schedu][0x42b385e4][03:23:07.276980] wlan: [3588:I:OSIF] scan start scan id 40962 --------- beginning of main
12-14 03:23:07.292 2701 3888 I hpplay-java: [AsyncTask #26]:IPManager:getIPAddress IP_ETH0
12-14 03:23:07.292 2701 3888 I hpplay-java: [AsyncTask #26]:Preference:checkFeature none
12-14 03:23:07.292 2701 3888 I hpplay-java: [AsyncTask #26]:SWI:dlna tip
12-14 03:23:07.292 2701 3888 I hpplay-java: [AsyncTask #26]:SWI:lefp tip
12-14 03:23:07.292 2701 3888 I hpplay-java: [AsyncTask #26]:Bridge:assembleInParameters none alias name use device name: 高合娱乐副屏
12-14 03:23:07.292 2701 3888 I hpplay-java: [AsyncTask #26]:Feature:isSendAdvertisement
12-14 03:23:07.292 2701 3888 I hpplay-java: [AsyncTask #26]:Preference:checkFeature none
12-14 03:23:07.292 2701 3888 I hpplay-java: [AsyncTask #26]:Preference:checkFeature none
12-14 03:23:07.292 2701 3888 I hpplay-java: [AsyncTask #26]:Bridge:backupHpplayDat bakPath:
12-14 03:23:07.292 2701 3888 I hpplay-java: [AsyncTask #26]:Bridge:path:/data/user/0/com.hht.lebocast/files/hpplay/file/happyplay.dat
12-14 03:23:07.292 2701 3888 I hpplay-java: [AsyncTask #26]:Bridge:mAppId:21409
12-14 03:23:07.293 2701 3888 I hpplay-java: [AsyncTask #26]:Bridge:mode:3
12-14 03:23:07.293 2701 3888 I hpplay-java: [AsyncTask #26]:Bridge:type:1
12-14 03:23:07.293 2701 3888 I hpplay-java: [AsyncTask #26]:Bridge:SN:
12-14 03:23:07.293 2701 3888 I hpplay-java: [AsyncTask #26]:Preference:checkFeature none
12-14 03:23:07.293 2701 3888 I hpplay-java: [AsyncTask #26]:Bridge:backPath:
12-14 03:23:07.293 2701 3888 I hpplay-java: [AsyncTask #26]:DeviceUtil:getPermissionDid: 1
12-14 03:23:07.293 2701 3888 I hpplay-java: [AsyncTask #26]:DeviceUtil:getPermissionDid: 1
12-14 03:23:07.293 2701 3888 I hpplay-java: [AsyncTask #26]:Preference:checkFeature none
12-14 03:23:07.293 2701 3888 I hpplay-java: [AsyncTask #26]:Preference:checkFeature none
12-14 03:23:07.293 2701 3888 I hpplay-java: [AsyncTask #26]:Preference:checkFeature none
12-14 03:23:07.293 2701 3888 I hpplay-java: [AsyncTask #26]:Preference:checkFeature none
12-14 03:23:07.293 2701 3888 I hpplay-java: [AsyncTask #26]:Preference:checkFeature none
12-14 03:23:07.293 2701 3888 I hpplay-java: [AsyncTask #26]:Preference:checkFeature none
12-14 03:23:07.296 2701 4156 I hpplay-java: NanoHTTPDNanoHTTPD:server is started
12-14 03:23:07.301 2701 3883 W hpplay-java: [AsyncTask #24]:ServerBusiness:startDaemonBusiness start LelinkHTTPD sucess 52288
12-14 03:23:07.302 2701 3888 W hpplay-java: [AsyncTask #26]:DeviceUtils:getDomain create lb domain
12-14 03:23:07.303 2701 3888 I hpplay-java: [AsyncTask #26]:Feature:getMirrorAudioVideoSync DISABLE
12-14 03:23:07.303 2701 3888 I hpplay-java: [AsyncTask #26]:Feature:checkSupportRedirectOtherApp,no set redirect api
12-14 03:23:07.303 2701 3888 I hpplay-java: [AsyncTask #26]:Feature:getRedirectSearchFlag,value: 0
12-14 03:23:07.304 2701 3888 I hpplay-java: [AsyncTask #26]:Bridge:mIn: InParameters{appInfo='0', appKey='21409', authMode=0, authPwd='null', broadcastDirection=0, broadcastState=1, broadcastTimeout=3, buildType='release', cacheAVPath='/data/user/0/com.hht.lebocast/cache/hpplay/av', cachePhotoPath='/data/user/0/com.hht.lebocast/cache/hpplay/image', channel='LEBO-APK--60146-25915', desPath='', , deviceName='高合娱乐副屏', dlna=1, dlnaCompany='null', dlnaCompanyURL='null', dlnaDeviceDescribe='null', dlnaDeviceName='null', dlnaDeviceURL='null', dlnaLelinkSwitch=1, dlnaManufacturer=0, dlnaName='高合娱乐副屏', dlnaUPC='', dlnaUUID='3f288de6-db6d-9afc-e832-b026316f0220', domain='Lebo-figure-3a22098011c4', drainage=0, feature='6655', fps=60, height=1080, host='null', , keyPath='/data/user/0/com.hht.lebocast/files/hpplay/file', lelinkfp=1, lelinkfp2=0, logBaseState=1, logPath='/storage/emulated/0/com.hht.lebocast/sink/sdk/common', , mdnsEnable=1, mirrorSyncType=0, netCastVer='2.0', packageName='com.hht.lebocast', packagePath='/data/user/0/com.hht.lebocast', permissionDid='3a:22:09:80:11:c4', permissionMode=3, permissionPreSN='', port=0, preemptMode=0, regType='_leboremote._tcp.', serverPorts=null, sockWaitTimeOut=45, teleControlPort=53388, tunnels=3, txtKeys=null, txtValues=null, uid='6835581672879883255', videoFrameType=1001, width=1920}com.hpplay.sdk.sink.protocol.InParameters@e2aadfc
12-14 03:23:07.305 2701 2701 I hpplay-java: [main]:Bridge:startServer state: 0
12-14 03:23:07.305 2701 2701 D hpplay-base: [jniBridge:185] not conference version
12-14 03:23:07.305 2701 2701 I hpplay-base: [jniBridge:241] 1initServer nSettingWidth=1920 nSettingHeight=1080 nSettingMaxFPS=60 dlnaEnable=1 lelinkFpEnable=1
12-14 03:23:07.305 2701 2701 D hpplay-base: [jniBridge:283] 1initServer cfg.leLinkIp=192.168.0.18
12-14 03:23:07.305 2701 2701 D hpplay-base: [jniBridge:286] 1initServer cfg.mPermissionMode=3
12-14 03:23:07.305 2701 2701 D hpplay-base: [jniBridge:304] 1initServer cfg.permissionDid=3a:22:09:80:11:c4000000000000000
12-14 03:23:07.305 2701 2701 D hpplay-base: [jniBridge:313] 1initServer cfg.mPermissionPreSN=00000000000000000000000000000000
12-14 03:23:07.305 2701 2701 D hpplay-base: [jniBridge:317] Bridge___1initServer status:0
12-14 03:23:07.305 2701 2701 I hpplay-base: [jniBridge:325] 1initServer cfg.feature=6655
12-14 03:23:07.305 2701 2701 D hpplay-base: [jniBridge:377] 1initServer isSendBroadCast=3
12-14 03:23:07.305 2701 2701 D hpplay-base: [jniBridge:380] 1initServer broadcastDirection=0
12-14 03:23:07.305 2701 2701 D hpplay-base: [jniBridge:382] 1initServer ipBroadcast direction=0
12-14 03:23:07.305 2701 2701 D hpplay-base: [jniBridge:387] 1initServer tunnel=3
12-14 03:23:07.305 2701 2701 D hpplay-base: [jniBridge:390] 1initServer drainage=0
12-14 03:23:07.305 2701 2701 D hpplay-base: [jniBridge:401] 1initServer mDNSEnable=1
12-14 03:23:07.305 2701 2701 D hpplay-base: [jniBridge:406] 1initServer nSockWaitTimeOut=45
12-14 03:23:07.305 2701 2701 D hpplay-base: [jniBridge:410] 1initServer nMirrorAudioVideoSync=0
12-14 03:23:07.305 2701 2701 I hpplay-base: [sign_check:168] checkSign strPackageName:com.hht.lebocast
12-14 03:23:07.305 2701 2701 I hpplay-base: [sign_check:169] checkSign buildType:release
12-14 03:23:07.305 2701 2701 I hpplay-base: [sign_check:170] checkSign appKey:21409
12-14 03:23:07.305 2701 2701 D hpplay-base: [LelinkBase:405] bridgeInit port: 0, lelinkfp: 0
12-14 03:23:07.305 2701 2701 D hpplay-base: [LelinkBase:462] bridgeInit mPackagePath =/data/user/0/com.hht.lebocast
12-14 03:23:07.305 2701 2701 D hpplay-base: [LelinkBase:463] bridgeInit mKeyPath =/data/user/0/com.hht.lebocast/files/hpplay/file
12-14 03:23:07.305 2701 2701 D hpplay-base: [SinkContext:97] initSinkContext mPackagePath =/data/user/0/com.hht.lebocast
12-14 03:23:07.305 2701 2701 D hpplay-base: [SinkContext:98] initSinkContext mKeyPath =/data/user/0/com.hht.lebocast/files/hpplay/file
12-14 03:23:07.305 2701 2701 D hpplay-base: [jniBridge:478] Java_com_hpplay_sdk_sink_protocol_Bridge__1initServer end
12-14 03:23:07.305 2701 2701 D hpplay-base: [jniBridge:869] Bridge__1startServer status:1
12-14 03:23:07.305 2701 2701 D hpplay-base: [LelinkBase:492] startAllServer at base
12-14 03:23:07.306 2701 2701 D hpplay-base: [lelinkSinkServer:152] httpPlugins_SetServerPort TYPE_SERVER_LELINK:52266
12-14 03:23:07.306 2701 2701 D hpplay-base: [network.c:362] protocol bind host :192.168.0.18 port:52266 curent bind port:52266
12-14 03:23:07.306 2701 2701 D hpplay-base: [lelinkSinkServer:681] HTTP Server real at:52266
12-14 03:23:07.306 2701 4161 D hpplay-base: [lelinkSinkServer:644] Connected Service Type:0
12-14 03:23:07.306 2701 2701 D hpplay-base: [ScreenStream:1285] current bind port:7100
12-14 03:23:07.306 2701 4161 I hpplay-base: : (server.c.315) startServer listen_ing....:
12-14 03:23:07.306 2701 4161 D hpplay-base: [Server:371] startHttpServer srv_sockets.used:1 nCurrentFd:70, tid is 4161
12-14 03:23:07.306 2701 2701 D hpplay-base: [LelinkBase:515] startAllServer pBaseContext->config.dlnaEnable:1
12-14 03:23:07.306 2701 2701 D hpplay-base: [lelinkDlna:324] addDMRCallback end
12-14 03:23:07.306 2701 4162 D hpplay-base: [stream_mirror_compat:759] compat mirror stream begin to run,server fd:71,thread_id:3046859200!!
12-14 03:23:07.307 2701 2701 E hpplay-base-dlna: miniserver.c:788::dlna_port(ipv4: 49152 ipv6:0)
12-14 03:23:07.308 2701 2701 D hpplay-base-dlna: [lebodlna-dlnaframe:166] succeed to load lebodlnaplugin
12-14 03:23:07.308 2701 2701 D hpplay-base-dlna: [lebodlna-dlnaframe:232] Succeed to load specified plugin:lebodlna_plugin
12-14 03:23:07.308 2701 2701 D hpplay-base: [lelinkDlna:328] startDLNAServer ret=0
12-14 03:23:07.308 2701 2701 D hpplay-base: [LelinkBase:531] startDLNAServer ret= 0
12-14 03:23:07.308 2701 2701 D hpplay-base: [lelinkDlna:342] setDMRFriendlyName 高合娱乐副屏
12-14 03:23:07.308 2701 2701 D hpplay-base-dlna: [lebodlna-dlna_android:136] setBroadcastTimeout mBroadcastTimeOut=66 status=3!
12-14 03:23:07.308 2701 2701 D hpplay-base-dlna: [lebodlna_api:32] start DMR
12-14 03:23:07.308 2701 2701 D hpplay-base-dlna: [UpnpDefine:434] RegisterDMRender invalid lelink info
12-14 03:23:07.308 2701 2701 D hpplay-base-dlna: [UpnpDefine:467] DLNA DEFAULT_DESCRIPTION
12-14 03:23:07.309 2701 2701 E hpplay-base-dlna: upnpapi.c:1078::Exiting RegisterRootDevice2 *Hnd =1, return value == 0
12-14 03:23:07.309 2701 2701 D hpplay-base-dlna: [CUpnpDevice:41] Register Root Device 2:0
12-14 03:23:07.309 2701 2701 D hpplay-base-dlna: [UpnpDefine:794] ESDMRender:Register success
12-14 03:23:07.309 2701 2701 D hpplay-base-dlna: [lebodlna_api:41] sendBroadcast mBroadcastTimeOut=3
12-14 03:23:07.309 2701 2701 D hpplay-base-dlna: [lebodlna_api:44] sendBroadcast timeout=66
12-14 03:23:07.363 2519 2519 D StateManager: goToState: Normal
12-14 03:23:07.364 2701 2701 D hpplay-base: [lelinkDlna:361] startDLNADevice dlnaManufacturer:0 ret=0
12-14 03:23:07.364 2701 2701 D hpplay-base: [LelinkBase:535] lelinkSetDlnaInfo ret= 0
12-14 03:23:07.364 2701 2701 D hpplay-base: [LelinkBase:547] startAllServer pBaseContext->config.mDNSEnable:1
12-14 03:23:07.365 639 654 I mpu_uart: [MSG-P:RECV]:No message received in 1000 ms
12-14 03:23:07.368 2701 2701 D hpplay-base: [base_mdns:509] mdns net.hostname:
12-14 03:23:07.368 2701 2701 D hpplay-base: [base_mdns:529] mdns namelabel:-00-80-0F-74-31-00
12-14 03:23:07.368 2701 2701 D hpplay-base: [base_mdns:509] mdns net.hostname:
12-14 03:23:07.368 2701 2701 D hpplay-base: [base_mdns:529] mdns namelabel:-00-80-0F-74-31-00
12-14 03:23:07.368 2701 2701 D hpplay-base: [mdns:813] mdns start bind port:0
12-14 03:23:07.370 2701 2701 D hpplay-base: [mdns:813] mdns start bind port:5353
12-14 03:23:07.370 2701 2701 D hpplay-base: [mdns:813] mdns start bind port:5353
12-14 03:23:07.370 2701 2701 D hpplay-base: [mdns:813] mdns start bind port:5353
12-14 03:23:07.370 2701 2701 D hpplay-base: [mdns:813] mdns start bind port:5353
12-14 03:23:07.370 2701 2701 D hpplay-base: [mdns:813] mdns start bind port:5353
12-14 03:23:07.370 2701 2701 D hpplay-base: [mdns:813] mdns start bind port:5353
12-14 03:23:07.370 2701 2701 D hpplay-base: [mdns:813] mdns start bind port:5353
12-14 03:23:07.370 2701 2701 D hpplay-base: [mdns:813] mdns start bind port:5353
12-14 03:23:07.370 2701 2701 I hpplay-base: [mDNSEmbeded:57] embedded_mDNSInit stopmDNSNow:0 status:0
12-14 03:23:07.371 2701 2701 D hpplay-base: [mDNSEmbeded:436] startmDNSServer end nRet=0
12-14 03:23:07.371 2701 2701 D hpplay-base: [LelinkBase:555] lelink broadcast_on_off:1 log2java_on_off:1
12-14 03:23:07.371 2701 2701 D hpplay-base: [AEventUtils:595] request to start event handle service!!
12-14 03:23:07.371 2701 4182 I hpplay-base: [mDNSEmbeded:268] start lelink publish server, tid is 4182
12-14 03:23:07.371 2701 4181 D hpplay-base: [LelinkMDNS:729] leboAuthorizationCheck strUuid=3a:22:09:80:11:c4000000000000000
12-14 03:23:07.371 2701 4181 D hpplay-base: [LelinkMDNS:730] leboAuthorizationCheck mPermissionDid=3a:22:09:80:11:c4000000000000000
12-14 03:23:07.371 2701 4181 D hpplay-base: [LelinkMDNS:755] leboAuthorizationCheck mPermissionMac=3a:22:09:80:11:c4000000000000000
12-14 03:23:07.372 2701 4183 D hpplay-base: [mDNSEmbeded:197] http_port bind check 197 http_port_check
12-14 03:23:07.372 2701 2701 D hpplay-base: [AEventUtils:603] start_event_handle_service,begin to run!!
12-14 03:23:07.372 2701 2701 D hpplay-base: [REventUtils:210] start_event_handle_service,begin to run!!
12-14 03:23:07.372 2701 2701 D hpplay-base: [LelinkBase:576] startAllServer success .
12-14 03:23:07.372 2701 2701 D hpplay-base: [jniBridge:894] startDlna_link:http://192.168.0.18:49152/description.xml
12-14 03:23:07.372 2701 4185 D hpplay-base: [AEventUtils:171] create handle AEvent thread ok!!,tid is 4185
12-14 03:23:07.373 2701 4186 D hpplay-base: [REventUtils:59] create handleREventThread thread ok!!,tid is 4186
12-14 03:23:07.373 2701 4183 D hpplay-base: [mDNSEmbeded:217] http_port bind check 217 http_port_check
12-14 03:23:07.373 2701 4183 D hpplay-base: [mDNSEmbeded:222] http_port bind check 222 http_port_check
12-14 03:23:07.373 2701 4187 D hpplay-base: [jniBridge:1081] notifyJavaDlnalink:http://192.168.0.18:49152/description.xml
12-14 03:23:07.373 2701 4187 D hpplay-base: [jniBridge:1726] notifyJava, what:207, castType:0, mimeType:0 baseStatus:2
12-14 03:23:07.373 2701 4187 D hpplay-base: [jniBridge:1727] notifyJava sessionID:(null)
12-14 03:23:07.373 3766 4023 I GameMode_ActivityMonitoringService: onForegroundActivitiesChanged uid 10080 pid 2519 fg false
12-14 03:23:07.374 2701 4183 D hpplay-base: [mDNSEmbeded:234] http_port bind check 234 http_port_check port:52266
12-14 03:23:07.374 2701 4187 I hpplay-java: [Thread-11]:Bridge:notify: what: 207
12-14 03:23:07.374 2701 4183 D hpplay-base: [mDNSEmbeded:237] http_port bind check 237 http_port_check
12-14 03:23:07.374 2701 4188 D hpplay-base: [lelinkSinkServer:93] new client connection from 127.0.0.1 38040, fd=108
