12-14 03:23:45.305 2701 4310 D hpplay-base-dlna: [lebodlna-dlnaframe:253] dlnaservice Destroy 253 static ERROR_TYPE IDlnaFrame::DestroyDlnaFrame(IDlnaFrame *)
12-14 03:23:45.305 2701 4310 D hpplay-base-dlna: [lebodlna-dlna_android:51] dlnaservice Destroy 51 int CDlnaService::Destroy()
12-14 03:23:45.305 2701 4310 D hpplay-base-dlna: [lebodlna-dlna_android:194] stopDLNA end
01-01 08:23:08.915 0 0 D : mv2112_read_status
01-01 08:23:08.915 0 0 D mv2112_update_link: 3.0x901(1G): 0x84
01-01 08:23:08.915 0 0 D mv2112_update_link: 3.0x8109(100M): 0xc
01-01 08:23:08.915 0 0 D mv2112_update_link: link 0x4
01-01 08:23:08.915 0 0 D mv2112_read_status: autoneg is disabled
12-14 03:23:45.381 639 654 I mpu_uart: [MSG-P:RECV]:No message received in 1000 ms
12-14 03:23:45.413 2378 4148 I OpenGLRenderer: Davey! duration=9223371942678ms; Flags=0, FrameTimelineVsyncId=5377, IntendedVsync=94175772296, Vsync=94175772296, InputEventId=0, HandleInputStart=94180620223, AnimationStart=94180621786, PerformTraversalsStart=94180966890, DrawStart=94181003661, FrameDeadline=94209105628, FrameInterval=94180617775, FrameStartTime=16666666, SyncQueued=94182786525, SyncStart=94182854025, IssueDrawCommandsStart=94183698869, SwapBuffers=94186534129, FrameCompleted=9223372036854775807, DequeueBufferDuration=46562, QueueBufferDuration=884688, GpuCompleted=9223372036854775807, SwapBuffersCompleted=94187977931, DisplayPresentTime=0,
12-14 03:23:45.606 2701 4310 D hpplay-base: [stream_mirror_compat:1489] request to stop screen stream session!!
12-14 03:23:45.606 2701 4310 D hpplay-base: [AEventUtils:625] begin to stop event handle service!!
12-14 03:23:45.606 2701 4310 D hpplay-base: [AEventUtils:628] stop event handle service ok!!
12-14 03:23:45.606 2701 4310 D hpplay-base: [REventUtils:231] begin to stop report handle service!!
12-14 03:23:45.606 2701 4310 D hpplay-base: [REventUtils:234] stop report handle service ok!!
12-14 03:23:45.606 2701 4310 D hpplay-base: [lelinkSinkServer:711] HTTP Server stopSinkServer End .
12-14 03:23:45.606 2701 4310 D hpplay-base: [jniBridge:1135] notifyJavaServerStoped
12-14 03:23:45.606 2701 4310 D hpplay-base: [jniBridge:1726] notifyJava, what:202, castType:0, mimeType:0 baseStatus:4
12-14 03:23:45.606 2701 4310 D hpplay-base: [jniBridge:1727] notifyJava sessionID:(null)
12-14 03:23:45.608 2701 4310 I hpplay-java: [Thread-17]:Bridge:notify: what: 202
12-14 03:23:45.610 2701 4310 I hpplay-java: [Thread-17]:Bridge:notify: out: OutParameters:{audioSessionId=-1, audiotrackIndex=0, castHandleType=-1, castType=0, deviceName='', dlnaName='', dramaID='', extra=0, frameHandleType=-1, handleInside=true, headduration=0, header='', headers=null, isAD=false, isMultiMirror=false, lelinkVer='', limitTime=0, , mediaAlbum='null', mediaAlbumArtURI='', mediaArtist='null', mediaAssets='', mediaTitle='null', mimeType=0, multiSession=null, period=0, pinCode='', playSpeed=0.0, playerChoice=0, plugin=0, port=0, position=0.0, positionUnit=2, protocol=0, realSessionID='', regType='', , sinkIp='', sourceAPPVersion='', sourceChannel='', sourceClientInfo='', sourceDeviceInfo='', sourceDeviceModel='', sourceDeviceName='', sourceDeviceType=0, sourceHID='', , sourceInfo='', , , sourceOSVersion='', sourceSDKVersion='', sourceUid='', stopDetail=0, stopReason=0, tailduration=0, url='', urlID='', urls=null, userAgent='', videoDecoder=0, volume=0, what=202}com.hpplay.sdk.sink.protocol.OutParameters@56edd31
12-14 03:23:45.610 2701 4310 I hpplay-java: [Thread-17]:Bridge:notify: address:209669142
12-14 03:23:45.610 2701 4310 D hpplay-base: [LelinkBase:645] stopServerThreadFunc notifyJavaServerStoped!
12-14 03:23:45.611 2701 2701 I hpplay-java: [main]:ServerTaskManager:startTimeOutCheck
12-14 03:23:45.611 2701 2701 I hpplay-java: [main]:ServerBusiness:stopDaemonBusiness
12-14 03:23:45.611 2701 2701 I hpplay-java: [main]:SinkDataReport:logout
12-14 03:23:45.612 2701 2701 I hpplay-java: [main]:EPControl:release
12-14 03:23:45.615 2701 2701 I hpplay-java: [main]:Dispatcher:notifyAllReverseControlsStop
12-14 03:23:45.615 2701 2701 I hpplay-java: [main]:Preference:checkFeature none
12-14 03:23:45.616 2701 2701 I hpplay-java: [main]:Dispatcher:notifyAllUIControlsStop set: []
12-14 03:23:45.616 2701 2701 I hpplay-java: [main]:Bridge:findServiceID start out: 209669142
12-14 03:23:45.616 2701 4263 W hpplay-java: NanoHTTPDServerRunnable:Communication with the client broken
12-14 03:23:45.616 2701 4263 W hpplay-java: java.net.SocketException: Socket closed
12-14 03:23:45.616 2701 4263 W hpplay-java: at java.net.PlainSocketImpl.socketAccept(PlainSocketImpl.java:213)
12-14 03:23:45.616 2701 4263 W hpplay-java: at java.net.AbstractPlainSocketImpl.accept(AbstractPlainSocketImpl.java:451)
12-14 03:23:45.616 2701 4263 W hpplay-java: at java.net.ServerSocket.implAccept(ServerSocket.java:547)
12-14 03:23:45.616 2701 4263 W hpplay-java: at java.net.ServerSocket.accept(ServerSocket.java:515)
12-14 03:23:45.616 2701 4263 W hpplay-java: at com.hpplay.nanohttpd.protocols.http.ServerRunnable.run(SourceFile:118)
12-14 03:23:45.616 2701 4263 W hpplay-java: at java.lang.Thread.run(Thread.java:920)
12-14 03:23:45.616 2701 2701 I hpplay-java: [main]:Bridge:findServiceID end
12-14 03:23:45.616 2701 3873 W hpplay-java: [AsyncTask #19]:HttpRequest:
12-14 03:23:45.616 2701 2701 I hpplay-java: [main]:ServerTaskManager:onStop retry:true
12-14 03:23:45.616 2701 2701 I hpplay-java: [main]:ServerTaskManager:cancelTimeOutCheck
12-14 03:23:45.616 2701 4263 I hpplay-java: NanoHTTPDNanoHTTPD:server is stoped
12-14 03:23:45.617 2701 4263 I hpplay-java: NanoHTTPDNanoHTTPD:clear obj
12-14 03:23:45.617 2701 3873 W hpplay-java: [AsyncTask #19]:HttpRequest:
12-14 03:23:45.618 2701 2701 I hpplay-java: [main]:IPManager:getActiveNets type: Ethernet
12-14 03:23:45.618 2701 2701 I hpplay-java: [main]:IPManager:getActiveNets eth0:true wifi:false mobile:false ap:false
12-14 03:23:45.618 2701 2701 I hpplay-java: [main]:IPManager:getIPAddress IP_ETH0
12-14 03:23:45.619 2701 3873 W hpplay-java: [AsyncTask #19]:HttpRequest:
12-14 03:23:45.622 2701 4312 I hpplay-java: [AsyncTask #34]:GlideCreator:clearCache clearDiskCache
12-14 03:23:45.623 2701 2701 I hpplay-java: [main]:IPManager:updateIPAddress getIPAddress: 192.168.4.16 name:vlan4
12-14 03:23:45.623 2701 2701 I hpplay-java: [main]:IPManager:updateIPAddress getIPAddress: 192.168.8.16 name:vlan8
12-14 03:23:45.623 2701 2701 I hpplay-java: [main]:IPManager:updateIPAddress getIPAddress: 192.168.11.16 name:vlan11
12-14 03:23:45.623 2701 2701 I hpplay-java: [main]:IPManager:updateIPAddress getIPAddress: 192.168.0.18 name:eth0
12-14 03:23:45.623 2701 2701 I hpplay-java: [main]:IPManager:updateIPAddress getIPAddress: 192.168.0.16 name:vlan0
12-14 03:23:45.623 2701 2701 I hpplay-java: [main]:IPManager:updateIPAddress getIPAddress: 192.168.2.16 name:vlan2
12-14 03:23:45.623 2701 2701 I hpplay-java: [main]:IPManager:updateIPAddress getIPAddress: 192.168.1.16 name:vlan1
12-14 03:23:45.624 2701 2701 I hpplay-java: [main]:ServerTaskManager:exeTask startServer
12-14 03:23:45.624 2701 2701 I hpplay-java: [main]:ServerTaskManager:startTimeOutCheck
12-14 03:23:45.624 2701 3715 I hpplay-java: [AsyncTask #9]:ServerBusiness:startDaemonBusiness
12-14 03:23:45.624 2701 3715 I hpplay-java: [AsyncTask #9]:TimeOutCheckUtil:addTask id:upgrade
12-14 03:23:45.625 2701 3715 I hpplay-java: [AsyncTask #9]:TimeOutCheckUtil:addTask id:ijkupgrade
12-14 03:23:45.625 2701 4312 I hpplay-java: [AsyncTask #34]:Bridge:assembleInParameters
12-14 03:23:45.626 2701 4313 I hpplay-java: NanoHTTPDNanoHTTPD:server is started
12-14 03:23:45.627 2701 4312 I hpplay-java: [AsyncTask #34]:Bridge:createDeviceId deviceId:OTM6MmE6ZWQ6OWE6ODg6ZjQ=
12-14 03:23:45.628 2701 4312 I hpplay-java: [AsyncTask #34]:IPManager:getActiveNets type: Ethernet
12-14 03:23:45.628 2701 4312 I hpplay-java: [AsyncTask #34]:IPManager:getActiveNets eth0:true wifi:false mobile:false ap:false
12-14 03:23:45.628 2701 4312 I hpplay-java: [AsyncTask #34]:IPManager:getIPAddress IP_ETH0
12-14 03:23:45.628 2701 4312 I hpplay-java: [AsyncTask #34]:Preference:checkFeature none
12-14 03:23:45.628 2701 4312 I hpplay-java: [AsyncTask #34]:SWI:dlna tip
12-14 03:23:45.628 2701 4312 I hpplay-java: [AsyncTask #34]:SWI:lefp tip
12-14 03:23:45.628 2701 4312 I hpplay-java: [AsyncTask #34]:Bridge:assembleInParameters none alias name use device name: 高合娱乐副屏
12-14 03:23:45.629 2701 4312 I hpplay-java: [AsyncTask #34]:Feature:isSendAdvertisement
12-14 03:23:45.629 2701 4312 I hpplay-java: [AsyncTask #34]:Preference:checkFeature none
12-14 03:23:45.630 2701 4312 I hpplay-java: [AsyncTask #34]:Preference:checkFeature none
12-14 03:23:45.630 2701 4312 I hpplay-java: [AsyncTask #34]:Bridge:backupHpplayDat bakPath:
12-14 03:23:45.630 2701 4312 I hpplay-java: [AsyncTask #34]:Bridge:path:/data/user/0/com.hht.lebocast/files/hpplay/file/happyplay.dat
12-14 03:23:45.630 2701 4312 I hpplay-java: [AsyncTask #34]:Bridge:mAppId:21409
12-14 03:23:45.630 2701 4312 I hpplay-java: [AsyncTask #34]:Bridge:mode:3
12-14 03:23:45.630 2701 4312 I hpplay-java: [AsyncTask #34]:Bridge:type:1
12-14 03:23:45.630 2701 4312 I hpplay-java: [AsyncTask #34]:Bridge:SN:
12-14 03:23:45.630 2701 4312 I hpplay-java: [AsyncTask #34]:Preference:checkFeature none
12-14 03:23:45.630 2701 4312 I hpplay-java: [AsyncTask #34]:Bridge:backPath:
12-14 03:23:45.630 2701 4312 I hpplay-java: [AsyncTask #34]:DeviceUtil:getPermissionDid: 1
12-14 03:23:45.630 2701 4312 I hpplay-java: [AsyncTask #34]:DeviceUtil:getPermissionDid: 1
12-14 03:23:45.630 2701 4312 I hpplay-java: [AsyncTask #34]:Preference:checkFeature none
12-14 03:23:45.630 2701 4312 I hpplay-java: [AsyncTask #34]:Preference:checkFeature none
12-14 03:23:45.631 2701 4312 I hpplay-java: [AsyncTask #34]:Preference:checkFeature none
12-14 03:23:45.631 2701 4312 I hpplay-java: [AsyncTask #34]:Preference:checkFeature none
12-14 03:23:45.631 2701 4312 I hpplay-java: [AsyncTask #34]:Preference:checkFeature none
12-14 03:23:45.631 2701 4312 I hpplay-java: [AsyncTask #34]:Preference:checkFeature none
12-14 03:23:45.636 2701 3715 W hpplay-java: [AsyncTask #9]:ServerBusiness:startDaemonBusiness start LelinkHTTPD sucess 52288
12-14 03:23:45.645 1194 4309 I selfinstaller: TC GetUpdateState 0 1
12-14 03:23:45.647 2701 4312 W hpplay-java: [AsyncTask #34]:DeviceUtils:getDomain create lb domain
12-14 03:23:45.647 2701 4312 I hpplay-java: [AsyncTask #34]:Feature:getMirrorAudioVideoSync DISABLE
12-14 03:23:45.647 2701 4312 I hpplay-java: [AsyncTask #34]:Feature:checkSupportRedirectOtherApp,no set redirect api
12-14 03:23:45.647 2701 4312 I hpplay-java: [AsyncTask #34]:Feature:getRedirectSearchFlag,value: 0
12-14 03:23:45.648 2701 4312 I hpplay-java: [AsyncTask #34]:Bridge:mIn: InParameters{appInfo='0', appKey='21409', authMode=0, authPwd='null', broadcastDirection=0, broadcastState=1, broadcastTimeout=3, buildType='release', cacheAVPath='/data/user/0/com.hht.lebocast/cache/hpplay/av', cachePhotoPath='/data/user/0/com.hht.lebocast/cache/hpplay/image', channel='LEBO-APK--60146-25915', desPath='', , deviceName='高合娱乐副屏', dlna=1, dlnaCompany='null', dlnaCompanyURL='null', dlnaDeviceDescribe='null', dlnaDeviceName='null', dlnaDeviceURL='null', dlnaLelinkSwitch=1, dlnaManufacturer=0, dlnaName='高合娱乐副屏', dlnaUPC='', dlnaUUID='3f288de6-db6d-9afc-e832-b026316f0220', domain='Lebo-figure-3a22098011c4', drainage=0, feature='6655', fps=60, height=1080, host='null', , keyPath='/data/user/0/com.hht.lebocast/files/hpplay/file', lelinkfp=1, lelinkfp2=0, logBaseState=1, logPath='/storage/emulated/0/com.hht.lebocast/sink/sdk/common', , mdnsEnable=1, mirrorSyncType=0, netCastVer='2.0', packageName='com.hht.lebocast', packagePath='/data/user/0/com.hht.lebocast', permissionDid='3a:22:09:80:11:c4', permissionMode=3, permissionPreSN='', port=0, preemptMode=0, regType='_leboremote._tcp.', serverPorts=null, sockWaitTimeOut=45, teleControlPort=53388, tunnels=3, txtKeys=null, txtValues=null, uid='6835581672879883255', videoFrameType=1001, width=1920}com.hpplay.sdk.sink.protocol.InParameters@e2aadfc
12-14 03:23:45.648 2701 2701 I hpplay-java: [main]:Bridge:startServer state: 0
12-14 03:23:45.649 2701 2701 D hpplay-base: [jniBridge:185] not conference version
12-14 03:23:45.649 2701 2701 I hpplay-base: [jniBridge:241] 1initServer nSettingWidth=1920 nSettingHeight=1080 nSettingMaxFPS=60 dlnaEnable=1 lelinkFpEnable=1
12-14 03:23:45.649 2701 2701 D hpplay-base: [jniBridge:283] 1initServer cfg.leLinkIp=192.168.0.18
12-14 03:23:45.649 2701 2701 D hpplay-base: [jniBridge:286] 1initServer cfg.mPermissionMode=3
12-14 03:23:45.649 2701 2701 D hpplay-base: [jniBridge:304] 1initServer cfg.permissionDid=3a:22:09:80:11:c4000000000000000
12-14 03:23:45.649 2701 2701 D hpplay-base: [jniBridge:313] 1initServer cfg.mPermissionPreSN=00000000000000000000000000000000
12-14 03:23:45.649 2701 2701 D hpplay-base: [jniBridge:317] Bridge___1initServer status:0
12-14 03:23:45.649 2701 2701 I hpplay-base: [jniBridge:325] 1initServer cfg.feature=6655
12-14 03:23:45.649 2701 2701 D hpplay-base: [jniBridge:377] 1initServer isSendBroadCast=3
12-14 03:23:45.649 2701 2701 D hpplay-base: [jniBridge:380] 1initServer broadcastDirection=0
12-14 03:23:45.649 2701 2701 D hpplay-base: [jniBridge:382] 1initServer ipBroadcast direction=0
12-14 03:23:45.649 2701 2701 D hpplay-base: [jniBridge:387] 1initServer tunnel=3
12-14 03:23:45.649 2701 2701 D hpplay-base: [jniBridge:390] 1initServer drainage=0
12-14 03:23:45.649 2701 2701 D hpplay-base: [jniBridge:401] 1initServer mDNSEnable=1
12-14 03:23:45.649 2701 2701 D hpplay-base: [jniBridge:406] 1initServer nSockWaitTimeOut=45
12-14 03:23:45.649 2701 2701 D hpplay-base: [jniBridge:410] 1initServer nMirrorAudioVideoSync=0
12-14 03:23:45.649 2701 2701 I hpplay-base: [sign_check:168] checkSign strPackageName:com.hht.lebocast
12-14 03:23:45.649 2701 2701 I hpplay-base: [sign_check:169] checkSign buildType:release
12-14 03:23:45.649 2701 2701 I hpplay-base: [sign_check:170] checkSign appKey:21409
12-14 03:23:45.649 2701 2701 D hpplay-base: [LelinkBase:405] bridgeInit port: 0, lelinkfp: 0
12-14 03:23:45.649 2701 2701 D hpplay-base: [LelinkBase:462] bridgeInit mPackagePath =/data/user/0/com.hht.lebocast
12-14 03:23:45.649 2701 2701 D hpplay-base: [LelinkBase:463] bridgeInit mKeyPath =/data/user/0/com.hht.lebocast/files/hpplay/file
12-14 03:23:45.649 2701 2701 D hpplay-base: [SinkContext:97] initSinkContext mPackagePath =/data/user/0/com.hht.lebocast
12-14 03:23:45.649 2701 2701 D hpplay-base: [SinkContext:98] initSinkContext mKeyPath =/data/user/0/com.hht.lebocast/files/hpplay/file
12-14 03:23:45.649 2701 2701 D hpplay-base: [jniBridge:478] Java_com_hpplay_sdk_sink_protocol_Bridge__1initServer end
12-14 03:23:45.649 2701 2701 D hpplay-base: [jniBridge:869] Bridge__1startServer status:1
12-14 03:23:45.649 2701 2701 D hpplay-base: [LelinkBase:492] startAllServer at base
12-14 03:23:45.650 2701 2701 D hpplay-base: [lelinkSinkServer:152] httpPlugins_SetServerPort TYPE_SERVER_LELINK:52266
12-14 03:23:45.650 2701 2701 D hpplay-base: [network.c:362] protocol bind host :192.168.0.18 port:52266 curent bind port:52266
12-14 03:23:45.650 2701 2701 D hpplay-base: [lelinkSinkServer:681] HTTP Server real at:52266
12-14 03:23:45.650 2701 4318 D hpplay-base: [lelinkSinkServer:644] Connected Service Type:0
12-14 03:23:45.650 2701 2701 D hpplay-base: [ScreenStream:1285] current bind port:7100
12-14 03:23:45.650 2701 4318 I hpplay-base: : (server.c.315) startServer listen_ing....:
12-14 03:23:45.650 2701 4318 D hpplay-base: [Server:371] startHttpServer srv_sockets.used:1 nCurrentFd:67, tid is 4318
12-14 03:23:45.650 2701 2701 D hpplay-base: [LelinkBase:515] startAllServer pBaseContext->config.dlnaEnable:1
12-14 03:23:45.650 2701 2701 D hpplay-base: [lelinkDlna:324] addDMRCallback end
12-14 03:23:45.650 2701 4319 D hpplay-base: [stream_mirror_compat:759] compat mirror stream begin to run,server fd:70,thread_id:3050017216!!
12-14 03:23:45.651 2701 2701 E hpplay-base-dlna: miniserver.c:788::dlna_port(ipv4: 49152 ipv6:0)
12-14 03:23:45.652 2701 2701 D hpplay-base-dlna: [lebodlna-dlnaframe:166] succeed to load lebodlnaplugin
12-14 03:23:45.652 2701 2701 D hpplay-base-dlna: [lebodlna-dlnaframe:232] Succeed to load specified plugin:lebodlna_plugin
12-14 03:23:45.652 2701 2701 D hpplay-base: [lelinkDlna:328] startDLNAServer ret=0
12-14 03:23:45.652 2701 2701 D hpplay-base: [LelinkBase:531] startDLNAServer ret= 0
12-14 03:23:45.652 2701 2701 D hpplay-base: [lelinkDlna:342] setDMRFriendlyName 高合娱乐副屏
12-14 03:23:45.652 2701 2701 D hpplay-base-dlna: [lebodlna-dlna_android:136] setBroadcastTimeout mBroadcastTimeOut=66 status=3!
12-14 03:23:45.652 2701 2701 D hpplay-base-dlna: [lebodlna_api:32] start DMR
12-14 03:23:45.652 2701 2701 D hpplay-base-dlna: [UpnpDefine:434] RegisterDMRender invalid lelink info
12-14 03:23:45.652 2701 2701 D hpplay-base-dlna: [UpnpDefine:467] DLNA DEFAULT_DESCRIPTION
12-14 03:23:45.653 2701 2701 E hpplay-base-dlna: upnpapi.c:1078::Exiting RegisterRootDevice2 *Hnd =1, return value == 0
12-14 03:23:45.653 2701 2701 D hpplay-base-dlna: [CUpnpDevice:41] Register Root Device 2:0
12-14 03:23:45.653 2701 2701 D hpplay-base-dlna: [UpnpDefine:794] ESDMRender:Register success
12-14 03:23:45.653 2701 2701 D hpplay-base-dlna: [lebodlna_api:41] sendBroadcast mBroadcastTimeOut=3
12-14 03:23:45.653 2701 2701 D hpplay-base-dlna: [lebodlna_api:44] sendBroadcast timeout=66
12-14 03:23:45.708 2701 2701 D hpplay-base: [lelinkDlna:361] startDLNADevice dlnaManufacturer:0 ret=0
12-14 03:23:45.709 2701 2701 D hpplay-base: [LelinkBase:535] lelinkSetDlnaInfo ret= 0
12-14 03:23:45.709 2701 2701 D hpplay-base: [LelinkBase:547] startAllServer pBaseContext->config.mDNSEnable:1
12-14 03:23:45.709 2701 2701 D hpplay-base: [base_mdns:509] mdns net.hostname:
12-14 03:23:45.709 2701 2701 D hpplay-base: [base_mdns:529] mdns namelabel:-00-80-0F-74-31-00
12-14 03:23:45.709 2701 2701 D hpplay-base: [base_mdns:509] mdns net.hostname:
12-14 03:23:45.710 2701 2701 D hpplay-base: [base_mdns:529] mdns namelabel:-00-80-0F-74-31-00
12-14 03:23:45.710 2701 2701 D hpplay-base: [mdns:813] mdns start bind port:0
12-14 03:23:45.713 2701 2701 D hpplay-base: [mdns:813] mdns start bind port:5353
12-14 03:23:45.713 2701 2701 D hpplay-base: [mdns:813] mdns start bind port:5353
12-14 03:23:45.713 2701 2701 D hpplay-base: [mdns:813] mdns start bind port:5353
12-14 03:23:45.713 2701 2701 D hpplay-base: [mdns:813] mdns start bind port:5353
12-14 03:23:45.714 2701 2701 D hpplay-base: [mdns:813] mdns start bind port:5353
12-14 03:23:45.714 2701 2701 D hpplay-base: [mdns:813] mdns start bind port:5353
12-14 03:23:45.714 2701 2701 D hpplay-base: [mdns:813] mdns start bind port:5353
12-14 03:23:45.714 2701 2701 I hpplay-base: [mDNSEmbeded:57] embedded_mDNSInit stopmDNSNow:0 status:0
12-14 03:23:45.715 2701 2701 D hpplay-base: [mDNSEmbeded:436] startmDNSServer end nRet=0
12-14 03:23:45.715 2701 2701 D hpplay-base: [LelinkBase:555] lelink broadcast_on_off:1 log2java_on_off:1
12-14 03:23:45.715 2701 4335 D hpplay-base: [LelinkMDNS:729] leboAuthorizationCheck strUuid=3a:22:09:80:11:c4000000000000000
12-14 03:23:45.715 2701 4335 D hpplay-base: [LelinkMDNS:730] leboAuthorizationCheck mPermissionDid=3a:22:09:80:11:c4000000000000000
12-14 03:23:45.715 2701 4335 D hpplay-base: [LelinkMDNS:755] leboAuthorizationCheck mPermissionMac=3a:22:09:80:11:c4000000000000000
12-14 03:23:45.715 2701 2701 D hpplay-base: [AEventUtils:595] request to start event handle service!!
12-14 03:23:45.715 2701 2701 D hpplay-base: [AEventUtils:603] start_event_handle_service,begin to run!!
12-14 03:23:45.715 2701 4336 I hpplay-base: [mDNSEmbeded:268] start lelink publish server, tid is 4336
12-14 03:23:45.715 2701 2701 D hpplay-base: [REventUtils:210] start_event_handle_service,begin to run!!
12-14 03:23:45.715 2701 4337 D hpplay-base: [mDNSEmbeded:197] http_port bind check 197 http_port_check
12-14 03:23:45.716 2701 2701 D hpplay-base: [LelinkBase:576] startAllServer success .
12-14 03:23:45.716 2701 2701 D hpplay-base: [jniBridge:894] startDlna_link:http://192.168.0.18:49152/description.xml
12-14 03:23:45.716 2701 4338 D hpplay-base: [AEventUtils:171] create handle AEvent thread ok!!,tid is 4338
12-14 03:23:45.716 2701 4339 D hpplay-base: [REventUtils:59] create handleREventThread thread ok!!,tid is 4339
12-14 03:23:45.717 2701 4340 D hpplay-base: [jniBridge:1081] notifyJavaDlnalink:http://192.168.0.18:49152/description.xml
12-14 03:23:45.717 2701 4340 D hpplay-base: [jniBridge:1726] notifyJava, what:207, castType:0, mimeType:0 baseStatus:2
12-14 03:23:45.717 2701 4340 D hpplay-base: [jniBridge:1727] notifyJava sessionID:(null)
12-14 03:23:45.717 2701 4337 D hpplay-base: [mDNSEmbeded:217] http_port bind check 217 http_port_check
12-14 03:23:45.717 2701 4340 I hpplay-java: [Thread-19]:Bridge:notify: what: 207
12-14 03:23:45.717 2701 4337 D hpplay-base: [mDNSEmbeded:222] http_port bind check 222 http_port_check
12-14 03:23:45.718 2701 4340 I hpplay-java: [Thread-19]:Bridge:notify: out: OutParameters:{audioSessionId=-1, audiotrackIndex=0, castHandleType=-1, castType=0, deviceName='http://192.168.0.18:49152/description.xml', dlnaName='', dramaID='', extra=0, frameHandleType=-1, handleInside=true, headduration=0, header='', headers=null, isAD=false, isMultiMirror=false, lelinkVer='', limitTime=0, , mediaAlbum='null', mediaAlbumArtURI='', mediaArtist='null', mediaAssets='', mediaTitle='null', mimeType=0, multiSession=null, period=0, pinCode='', playSpeed=0.0, playerChoice=0, plugin=0, port=0, position=0.0, positionUnit=2, protocol=0, realSessionID='', regType='', , sinkIp='', sourceAPPVersion='', sourceChannel='', sourceClientInfo='', sourceDeviceInfo='', sourceDeviceModel='', sourceDeviceName='', sourceDeviceType=0, sourceHID='', , sourceInfo='', , , sourceOSVersion='', sourceSDKVersion='', sourceUid='', stopDetail=0, stopReason=0, tailduration=0, url='', urlID='', urls=null, userAgent='', videoDecoder=0, volume=0, what=207}com.hpplay.sdk.sink.protocol.OutParameters@b52431c
12-14 03:23:45.718 2701 4340 I hpplay-java: [Thread-19]:Bridge:notify: address:102845221
12-14 03:23:45.720 2701 4337 D hpplay-base: [mDNSEmbeded:234] http_port bind check 234 http_port_check port:52266
12-14 03:23:45.720 2701 4337 D hpplay-base: [mDNSEmbeded:237] http_port bind check 237 http_port_check
12-14 03:23:45.720 2701 4342 D hpplay-base: [lelinkSinkServer:93] new client connection from 127.0.0.1 46232, fd=102
12-14 03:23:45.721 2701 4342 D hpplay-base: [SinkContext:137] addSinkContextSession,begin to run!!
12-14 03:23:45.721 2701 4342 D hpplay-base: [SinkContext:142] addSinkContextSession,begin to get lock!!
12-14 03:23:45.721 2701 4342 D hpplay-base: [SinkContext:144] addSinkContextSession,get lock ok!!
12-14 03:23:45.721 2701 4342 D hpplay-base: [SinkContext:149] addSinkContextSession,session list is null,begin to malloc!!
12-14 03:23:45.721 2701 4342 D hpplay-base: [SinkContext:156] addSinkContextSession,begin to update!!
12-14 03:23:45.721 2701 4342 D hpplay-base: [SinkContext:160] addSinkContextSession,begin to update header!!
12-14 03:23:45.721 2701 4342 D hpplay-base: [SinkContext:172] addSinkContextSession,begin to unlock!!
12-14 03:23:45.721 2701 4342 D hpplay-base: [SinkContext:174] addSinkContextSession,unlock ok!!
12-14 03:23:45.721 2701 4342 D hpplay-base: [LelinkReceiver:4908] get ping !!!
12-14 03:23:45.721 2701 4337 D hpplay-base: [mDNSEmbeded:240] http_port bind check 240 http_port_check recieved:64
12-14 03:23:45.721 2701 4337 D hpplay-base: [mDNSEmbeded:243] http_port bind check 243 http_port_check
12-14 03:23:45.721 2701 4337 D hpplay-base: [mDNSEmbeded:244] http_port bind check ok!
12-14 03:23:45.831 0 0 W swapper/0: type=1400 audit(0.0:315): avc: denied { kill } for capability=5 scontext=u:r:kernel:s0 tcontext=u:r:kernel:s0 tclass=capability permissive=0
12-14 03:23:45.922 2701 4342 I hpplay-base: [LelinkReceiver:14605] _connectionFinalize (102)
12-14 03:23:45.922 2701 4342 D hpplay-base: [LelinkReceiver:14752] ###connectionFinalize,release ok!!###
01-01 08:23:09.939 0 0 D : mv2112_read_status
12-14 03:23:46.381 639 654 I mpu_uart: [MSG-P:RECV]:No message received in 1000 ms
01-01 08:23:09.939 0 0 D mv2112_update_link: 3.0x901(1G): 0x84
01-01 08:23:09.939 0 0 D mv2112_update_link: 3.0x8109(100M): 0xc
01-01 08:23:09.939 0 0 D mv2112_update_link: link 0x4
01-01 08:23:09.939 0 0 D mv2112_read_status: autoneg is disabled
12-14 03:23:46.417 2378 4148 I OpenGLRenderer: Davey! duration=9223371941676ms; Flags=0, FrameTimelineVsyncId=5382, IntendedVsync=95178179296, Vsync=95178179296, InputEventId=0, HandleInputStart=95182172671, AnimationStart=95182173973, PerformTraversalsStart=95182526681, DrawStart=95182565014, FrameDeadline=95211512628, FrameInterval=95182169962, FrameStartTime=16666666, SyncQueued=95184675014, SyncStart=95184877514, IssueDrawCommandsStart=95185776473, SwapBuffers=95188619337, FrameCompleted=9223372036854775807, DequeueBufferDuration=46562, QueueBufferDuration=896771, GpuCompleted=9223372036854775807, SwapBuffersCompleted=95190073816, DisplayPresentTime=0,
12-14 03:23:46.596 2701 3920 W hpplay-java: [AsyncTask #27]:HttpRequest:
12-14 03:23:46.599 2701 3920 W hpplay-java: [AsyncTask #27]:HttpRequest:
12-14 03:23:46.600 2701 3920 W hpplay-java: [AsyncTask #27]:HttpRequest:
12-14 03:23:46.652 1194 1305 I selfinstaller: TC Upgrade()
12-14 03:23:46.652 1194 1305 I selfinstaller: UpdateHandler calling !
12-14 03:23:46.652 1194 1305 I selfinstaller: path:/data/ota/update.zip, accessable!
12-14 03:23:46.652 1194 1305 I selfinstaller: path:/data/ota/update.zip, accessable!
12-14 03:23:46.652 1194 1305 I selfinstaller: ExecShellCmd running:unzip /data/ota/update.zip payload_properties.txt -d /data/ota/!
12-14 03:23:46.692 1194 1305 I selfinstaller: ExecShellCmd get:Archive: /data/ota/update.zip
12-14 03:23:46.692 1194 1305 I selfinstaller: inflating: /data/ota/payload_properties.txt!
12-14 03:23:46.692 1194 1305 I selfinstaller: ExecShellCmd running:unzip /data/ota/update.zip META-INF/com/android/metadata -d /data/ota/!
12-14 03:23:46.710 1194 1305 I selfinstaller: ExecShellCmd get:Archive: /data/ota/update.zip
12-14 03:23:46.710 1194 1305 I selfinstaller: inflating: /data/ota/META-INF/com/android/metadata!
12-14 03:23:46.710 1194 1305 I selfinstaller: opening header file:/data/ota/payload_properties.txt!
12-14 03:23:46.710 1194 1305 I selfinstaller: get headers(155):FILE_HASH=j0AkNbOSp1cGXCr9oc/UH89qXLC2oxofrEwDLR/Nh90=
12-14 03:23:46.710 1194 1305 I selfinstaller: FILE_SIZE=1071720775
12-14 03:23:46.710 1194 1305 I selfinstaller: METADATA_HASH=eW0wNszXmdh9UGgNRWvtR/F/vzHi6aFVWDuMbbPLBn4=
12-14 03:23:46.710 1194 1305 I selfinstaller: METADATA_SIZE=90394
12-14 03:23:46.710 1194 1305 I selfinstaller: !
12-14 03:23:46.710 1194 1305 I selfinstaller: path:/data/ota/META-INF/com/android/metadata, accessable!
12-14 03:23:46.710 1194 1305 I selfinstaller: ota-property-files=payload_metadata.bin:2261:90661,payload.bin:2261:1071720775,payload_properties.txt:1071723094:155,care_map.pb:1704:510,metadata:69:596,metadata.pb:733:876
12-14 03:23:46.710 1194 1305 I selfinstaller: token: 2261!
12-14 03:23:46.710 1194 1305 I selfinstaller: get payload_offset:2261!
12-14 03:23:46.710 1194 1305 I selfinstaller: token: 1071720775,payload_properties.txt!
12-14 03:23:46.710 1194 1305 I selfinstaller: get payload_size:1071720775!
12-14 03:23:46.710 1194 1305 I selfinstaller: --offset=2261!
12-14 03:23:46.710 1194 1305 I selfinstaller: --size=1071720775!
12-14 03:23:46.710 1194 1305 I selfinstaller: --headers=FILE_HASH=j0AkNbOSp1cGXCr9oc/UH89qXLC2oxofrEwDLR/Nh90=
12-14 03:23:46.710 1194 1305 I selfinstaller: FILE_SIZE=1071720775
12-14 03:23:46.710 1194 1305 I selfinstaller: METADATA_HASH=eW0wNszXmdh9UGgNRWvtR/F/vzHi6aFVWDuMbbPLBn4=
12-14 03:23:46.710 1194 1305 I selfinstaller: METADATA_SIZE=90394
12-14 03:23:46.710 1194 1305 I selfinstaller: !
12-14 03:23:46.710 1194 1305 I selfinstaller: get final cmd(276):update_engine_client --update --follow --payload=file:///data/ota/update.zip --offset=2261 --size=1071720775 --headers="FILE_HASH=j0AkNbOSp1cGXCr9oc/UH89qXLC2oxofrEwDLR/Nh90=
12-14 03:23:46.710 1194 1305 I selfinstaller: FILE_SIZE=1071720775
12-14 03:23:46.710 1194 1305 I selfinstaller: METADATA_HASH=eW0wNszXmdh9UGgNRWvtR/F/vzHi6aFVWDuMbbPLBn4=
12-14 03:23:46.710 1194 1305 I selfinstaller: METADATA_SIZE=90394
12-14 03:23:46.710 1194 1305 I selfinstaller: "!
12-14 03:23:46.710 1194 1305 I selfinstaller: running:update_engine_client --update --follow --payload=file:///data/ota/update.zip --offset=2261 --size=1071720775 --headers="FILE_HASH=j0AkNbOSp1cGXCr9oc/UH89qXLC2oxofrEwDLR/Nh90=
12-14 03:23:46.710 1194 1305 I selfinstaller: FILE_SIZE=1071720775
12-14 03:23:46.710 1194 1305 I selfinstaller: METADATA_HASH=eW0wNszXmdh9UGgNRWvtR/F/vzHi6aFVWDuMbbPLBn4=
12-14 03:23:46.710 1194 1305 I selfinstaller: METADATA_SIZE=90394
12-14 03:23:46.710 1194 1305 I selfinstaller: "!
12-14 03:23:46.746 4346 4346 D ProcessState: Binder ioctl to enable oneway spam detection failed: Invalid argument
01-01 08:23:10.307 0 0 I binder : 4346:4346 ioctl 40046210 7fc048df84 returned -22
12-14 03:23:46.751 1383 1383 I update_engine: [INFO:update_attempter_android.cc(282)] Using this install plan:
12-14 03:23:46.757 1383 1383 I update_engine: [INFO:install_plan.cc(79)] InstallPlan:
12-14 03:23:46.757 1383 1383 I update_engine: type: new_update
12-14 03:23:46.757 1383 1383 I update_engine: version:
12-14 03:23:46.757 1383 1383 I update_engine: source_slot: A
12-14 03:23:46.757 1383 1383 I update_engine: target_slot: B
12-14 03:23:46.757 1383 1383 I update_engine: initial url: file:///data/ota/update.zip
12-14 03:23:46.757 1383 1383 I update_engine: hash_checks_mandatory: true
12-14 03:23:46.757 1383 1383 I update_engine: powerwash_required: false
12-14 03:23:46.757 1383 1383 I update_engine: switch_slot_on_reboot: true
12-14 03:23:46.757 1383 1383 I update_engine: run_post_install: true
12-14 03:23:46.757 1383 1383 I update_engine: is_rollback: false
12-14 03:23:46.757 1383 1383 I update_engine: rollback_data_save_requested: false
12-14 03:23:46.757 1383 1383 I update_engine: write_verity: true
12-14 03:23:46.757 1383 1383 I update_engine: Payload: 0
12-14 03:23:46.757 1383 1383 I update_engine: urls: ()
12-14 03:23:46.757 1383 1383 I update_engine: size: 1071720775
12-14 03:23:46.757 1383 1383 I update_engine: metadata_size: 90394
12-14 03:23:46.757 1383 1383 I update_engine: metadata_signature:
12-14 03:23:46.757 1383 1383 I update_engine: hash: 8F402435B392A757065C2AFDA1CFD41FCF6A5CB0B6A31A1FAC4C032D1FCD87DD
12-14 03:23:46.757 1383 1383 I update_engine: type: unknown
12-14 03:23:46.757 1383 1383 I update_engine: fingerprint:
12-14 03:23:46.757 1383 1383 I update_engine: app_id:
12-14 03:23:46.757 1383 1383 I update_engine: already_applied: false
12-14 03:23:46.758 1383 1383 I update_engine: [INFO:postinstall_runner_action.cc(67)] postinstall mount point: /postinstall
12-14 03:23:46.759 1383 1383 I update_engine: [INFO:metrics_utils.cc(318)] Number of Reboots during current update attempt = 0
12-14 03:23:46.761 1383 1383 I update_engine: [INFO:metrics_utils.cc(326)] Payload Attempt Number = 1
12-14 03:23:46.762 1383 1383 I update_engine: [INFO:metrics_utils.cc(343)] Update Monotonic Timestamp Start = 1/1/1970 0:01:35 GMT
12-14 03:23:46.763 1383 1383 I update_engine: [INFO:metrics_utils.cc(352)] Update Boot Timestamp Start = 1/1/1970 0:01:35 GMT
12-14 03:23:46.764 1383 1383 I update_engine: [INFO:update_attempter_android.cc(680)] Scheduling an action processor start.
12-14 03:23:46.765 1383 1383 I update_engine: [INFO:action_processor.cc(51)] ActionProcessor: starting UpdateBootFlagsAction
12-14 03:23:46.765 4346 4346 I update_engine_client: [INFO:update_engine_client_android.cc(92)] onStatusUpdate(UPDATE_STATUS_IDLE (0), 0)
12-14 03:23:46.766 4346 4346 I update_engine_client: [INFO:update_engine_client_android.cc(92)] onStatusUpdate(UPDATE_STATUS_UPDATE_AVAILABLE (2), 0)
12-14 03:23:46.766 1383 1383 I update_engine: [INFO:update_boot_flags_action.cc(45)] Marking booted slot as good.
12-14 03:23:46.829 1383 1383 I update_engine: [INFO:action_processor.cc(116)] ActionProcessor: finished UpdateBootFlagsAction with code ErrorCode::kSuccess
12-14 03:23:46.829 4346 4346 I update_engine_client: [INFO:update_engine_client_android.cc(92)] onStatusUpdate(UPDATE_STATUS_CLEANUP_PREVIOUS_UPDATE (11), 0)
12-14 03:23:46.830 1383 1383 I update_engine: [INFO:action_processor.cc(143)] ActionProcessor: starting CleanupPreviousUpdateAction
12-14 03:23:46.831 1383 1383 I update_engine: [INFO:cleanup_previous_update_action.cc(149)] Starting/resuming CleanupPreviousUpdateAction
12-14 03:23:46.827 0 0 W swapper/0: type=1400 audit(0.0:316): avc: denied { kill } for capability=5 scontext=u:r:kernel:s0 tcontext=u:r:kernel:s0 tclass=capability permissive=0
12-14 03:23:46.832 1383 1383 I update_engine: [INFO:cleanup_previous_update_action.cc(189)] Boot completed, waiting on markBootSuccessful()
12-14 03:23:46.834 1383 1383 I update_engine: EnsureMetadataMounted does nothing in Android mode.
12-14 03:23:46.835 1383 1383 I update_engine: Read merge statistics file failed: No such file or directory
12-14 03:23:46.837 1383 1383 I update_engine: [INFO:cleanup_previous_update_action.cc(261)] Waiting for any previous merge request to complete. This can take up to several minutes.
12-14 03:23:46.838 1383 1383 E update_engine: Read state file failed: No such file or directory
12-14 03:23:46.839 1383 1383 E update_engine: Read state file failed: No such file or directory
12-14 03:23:46.840 1383 1383 I update_engine: CheckMergeState for snapshots returned: 0
12-14 03:23:46.841 1383 1383 I update_engine: ProcessUpdateState handling state: 0
12-14 03:23:46.843 1383 1383 I update_engine: [INFO:cleanup_previous_update_action.cc(287)] Can't find any snapshot to merge.
12-14 03:23:46.844 1383 1383 E update_engine: Read state file failed: No such file or directory
12-14 03:23:46.845 1383 1383 I update_engine: [INFO:cleanup_previous_update_action.cc(130)] Stopping/suspending/completing CleanupPreviousUpdateAction
12-14 03:23:46.846 1383 1383 I update_engine: [INFO:cleanup_previous_update_action.cc(469)] Not reporting merge stats because state is None
12-14 03:23:46.847 1383 1383 I update_engine: [INFO:cleanup_previous_update_action.cc(130)] Stopping/suspending/completing CleanupPreviousUpdateAction
12-14 03:23:46.848 1383 1383 I update_engine: [INFO:action_processor.cc(116)] ActionProcessor: finished CleanupPreviousUpdateAction with code ErrorCode::kSuccess
12-14 03:23:46.849 1383 1383 I update_engine: [INFO:action_processor.cc(143)] ActionProcessor: starting InstallPlanAction
12-14 03:23:46.850 1383 1383 I update_engine: [INFO:action_processor.cc(116)] ActionProcessor: finished InstallPlanAction with code ErrorCode::kSuccess
12-14 03:23:46.851 1383 1383 I update_engine: [INFO:action_processor.cc(143)] ActionProcessor: starting DownloadAction
12-14 03:23:46.852 1383 1383 I update_engine: [INFO:install_plan.cc(79)] InstallPlan:
12-14 03:23:46.852 1383 1383 I update_engine: type: new_update
12-14 03:23:46.852 1383 1383 I update_engine: version:
12-14 03:23:46.852 1383 1383 I update_engine: source_slot: A
12-14 03:23:46.852 1383 1383 I update_engine: target_slot: B
12-14 03:23:46.852 1383 1383 I update_engine: initial url: file:///data/ota/update.zip
12-14 03:23:46.852 1383 1383 I update_engine: hash_checks_mandatory: true
12-14 03:23:46.852 1383 1383 I update_engine: powerwash_required: false
12-14 03:23:46.852 1383 1383 I update_engine: switch_slot_on_reboot: true
12-14 03:23:46.852 1383 1383 I update_engine: run_post_install: true
12-14 03:23:46.852 1383 1383 I update_engine: is_rollback: false
12-14 03:23:46.852 1383 1383 I update_engine: rollback_data_save_requested: false
12-14 03:23:46.852 1383 1383 I update_engine: write_verity: true
12-14 03:23:46.852 1383 1383 I update_engine: Payload: 0
12-14 03:23:46.852 1383 1383 I update_engine: urls: ()
12-14 03:23:46.852 1383 1383 I update_engine: size: 1071720775
12-14 03:23:46.852 1383 1383 I update_engine: metadata_size: 90394
12-14 03:23:46.852 1383 1383 I update_engine: metadata_signature:
12-14 03:23:46.852 1383 1383 I update_engine: hash: 8F402435B392A757065C2AFDA1CFD41FCF6A5CB0B6A31A1FAC4C032D1FCD87DD
12-14 03:23:46.852 1383 1383 I update_engine: type: unknown
12-14 03:23:46.852 1383 1383 I update_engine: fingerprint:
12-14 03:23:46.852 1383 1383 I update_engine: app_id:
12-14 03:23:46.852 1383 1383 I update_engine: already_applied: false
12-14 03:23:46.853 1383 1383 I update_engine: [INFO:download_action.cc(84)] Marking new slot as unbootable
12-14 03:23:46.967 1383 1383 I update_engine: [INFO:multi_range_http_fetcher.cc(45)] starting first transfer
12-14 03:23:46.968 1383 1383 I update_engine: [INFO:multi_range_http_fetcher.cc(74)] starting transfer of range 2261+1071720775
12-14 03:23:46.970 4346 4346 I update_engine_client: [INFO:update_engine_client_android.cc(92)] onStatusUpdate(UPDATE_STATUS_DOWNLOADING (3), 1.73973e-05)
12-14 03:23:46.970 1383 1383 I update_engine: [INFO:delta_performer.cc(115)] Completed 0/? operations, 16384/1071720775 bytes downloaded (0%), overall progress 0%
12-14 03:23:46.972 1383 1383 I update_engine: [INFO:delta_performer.cc(346)] Manifest size in payload matches expected value from Omaha
12-14 03:23:46.973 1383 1383 I update_engine: [INFO:delta_performer.cc(1009)] Verifying using certificates: /system/etc/security/otacerts.zip
12-14 03:23:46.975 1383 1383 I update_engine: [INFO:payload_verifier.cc(102)] signature blob size = 267
12-14 03:23:46.976 1383 1383 I update_engine: [INFO:payload_verifier.cc(118)] Truncating the signature to its unpadded size: 256.
12-14 03:23:46.977 1383 1383 I update_engine: [INFO:payload_verifier.cc(129)] Verified correct signature 1 out of 1 signatures.
12-14 03:23:46.978 1383 1383 I update_engine: [INFO:payload_metadata.cc(221)] Metadata hash signature matches value in Omaha response.
12-14 03:23:46.982 1383 1383 I update_engine: [INFO:delta_performer.cc(1046)] Detected a 'full' payload.
12-14 03:23:46.984 1383 1383 I update_engine: [INFO:delta_performer.cc(1117)] abl does't have version, skipping downgrade check.
12-14 03:23:46.984 1383 1383 I update_engine: [INFO:delta_performer.cc(1117)] aop does't have version, skipping downgrade check.
12-14 03:23:46.985 1383 1383 I update_engine: [INFO:delta_performer.cc(1117)] bluetooth does't have version, skipping downgrade check.
12-14 03:23:46.986 1383 1383 I update_engine: [INFO:delta_performer.cc(1117)] cmnlib does't have version, skipping downgrade check.
12-14 03:23:46.986 1383 1383 I update_engine: [INFO:delta_performer.cc(1117)] cmnlib64 does't have version, skipping downgrade check.
12-14 03:23:46.987 1383 1383 I update_engine: [INFO:delta_performer.cc(1117)] devcfg does't have version, skipping downgrade check.
12-14 03:23:46.988 1383 1383 I update_engine: [INFO:delta_performer.cc(1117)] dsp does't have version, skipping downgrade check.
12-14 03:23:46.988 1383 1383 I update_engine: [INFO:delta_performer.cc(1117)] dtbo does't have version, skipping downgrade check.
12-14 03:23:46.989 1383 1383 I update_engine: [INFO:delta_performer.cc(1117)] featenabler does't have version, skipping downgrade check.
12-14 03:23:46.990 1383 1383 I update_engine: [INFO:delta_performer.cc(1117)] hyp does't have version, skipping downgrade check.
12-14 03:23:46.991 1383 1383 I update_engine: [INFO:delta_performer.cc(1117)] imagefv does't have version, skipping downgrade check.
12-14 03:23:46.991 1383 1383 I update_engine: [INFO:delta_performer.cc(1117)] keymaster does't have version, skipping downgrade check.
12-14 03:23:46.992 1383 1383 I update_engine: [INFO:delta_performer.cc(1117)] modem does't have version, skipping downgrade check.
12-14 03:23:46.993 1383 1383 I update_engine: [INFO:delta_performer.cc(1117)] multiimgoem does't have version, skipping downgrade check.
12-14 03:23:46.994 1383 1383 I update_engine: [INFO:delta_performer.cc(1117)] qupfw does't have version, skipping downgrade check.
12-14 03:23:46.994 1383 1383 I update_engine: [INFO:delta_performer.cc(1117)] recovery does't have version, skipping downgrade check.
12-14 03:23:46.995 1383 1383 I update_engine: [INFO:delta_performer.cc(1117)] tz does't have version, skipping downgrade check.
12-14 03:23:46.996 1383 1383 I update_engine: [INFO:delta_performer.cc(1117)] uefisecapp does't have version, skipping downgrade check.
12-14 03:23:46.996 1383 1383 I update_engine: [INFO:delta_performer.cc(1117)] vbmeta does't have version, skipping downgrade check.
12-14 03:23:46.997 1383 1383 I update_engine: [INFO:delta_performer.cc(1117)] vbmeta_system does't have version, skipping downgrade check.
12-14 03:23:46.998 1383 1383 I update_engine: [INFO:delta_performer.cc(1117)] xbl does't have version, skipping downgrade check.
12-14 03:23:46.999 1383 1383 I update_engine: [INFO:delta_performer.cc(1117)] xbl_config does't have version, skipping downgrade check.
12-14 03:23:47.002 1383 1383 I update_engine: [INFO:delta_performer.cc(808)] Preparing partitions for new update. last hash = , new hash = j0AkNbOSp1cGXCr9oc/UH89qXLC2oxofrEwDLR/Nh90=eW0wNszXmdh9UGgNRWvtR/F/vzHi6aFVWDuMbbPLBn4=
12-14 03:23:47.004 1383 1383 I update_engine: [INFO:delta_performer.cc(1389)] Resetting recorded hash for prepared partitions.
12-14 03:23:47.005 1383 1383 I update_engine: EnsureMetadataMounted does nothing in Android mode.
12-14 03:23:47.006 1383 1383 I update_engine: [INFO:dynamic_partition_control_android.cc(762)] Erasing AVB footer of system_other partition before update.
12-14 03:23:47.006 1383 1383 E update_engine: [libfs_mgr]ReadFstabFromFile(): cannot open file: '/system/etc/fstab.postinstall': No such file or directory
12-14 03:23:47.007 1383 1383 W update_engine: [WARNING:dynamic_partition_control_android.cc(636)] Cannot read fstab from /system/etc/fstab.postinstall: No such file or directory (2)
12-14 03:23:47.008 1383 1383 I update_engine: [INFO:dynamic_partition_control_android.cc(663)] AVB is not enabled on system_other. Skip erasing.
12-14 03:23:47.009 1383 1383 I update_engine: [libfs_mgr]dt_fstab: Skip disabled entry for partition vendor
12-14 03:23:47.010 1383 1383 I update_engine: [libfs_mgr]GetFstabPath()fstab_path:/odm/etc/fstab.default
12-14 03:23:47.010 1383 1383 I update_engine: [libfs_mgr]GetFstabPath()fstab_path:/vendor/etc/fstab.default
12-14 03:23:47.011 1383 1383 I update_engine: [libfs_mgr]GetFstabPath()fstab_path:/system/etc/fstab.default
12-14 03:23:47.012 1383 1383 I update_engine: [libfs_mgr]GetFstabPath()fstab_path:/first_stage_ramdisk/system/etc/fstab.default
12-14 03:23:47.013 1383 1383 I update_engine: [libfs_mgr]GetFstabPath()fstab_path:/fstab.default
12-14 03:23:47.013 1383 1383 I update_engine: [libfs_mgr]GetFstabPath()fstab_path:/first_stage_ramdisk/fstab.default
12-14 03:23:47.014 1383 1383 I update_engine: [libfs_mgr]GetFstabPath()fstab_path:/odm/etc/fstab.qcom
12-14 03:23:47.015 1383 1383 I update_engine: [libfs_mgr]GetFstabPath()fstab_path:/vendor/etc/fstab.qcom
12-14 03:23:47.015 1383 1383 I update_engine: [libfs_mgr]GetFstabPath()fstab_path.c_str():/vendor/etc/fstab.qcom
12-14 03:23:47.017 1383 1383 I update_engine: [INFO:dynamic_partition_control_android.cc(331)] Loaded metadata from slot A in /dev/block/bootdevice/by-name/super
12-14 03:23:47.018 1383 1383 E update_engine: Read state file failed: No such file or directory
12-14 03:23:47.019 500 500 I servicemanager: Since 'gsiservice' could not be found, trying to start it as a lazy AIDL service
01-01 08:23:10.581 0 0 I init : starting service 'gsid'...
01-01 08:23:10.586 0 0 I init : Control message: Processed ctl.interface_start for 'aidl/gsiservice' from pid: 500 (/system/bin/servicemanager)
12-14 03:23:47.042 4348 4348 D ProcessState: Binder ioctl to enable oneway spam detection failed: Invalid argument
12-14 03:23:47.042 4348 4348 I AidlLazyServiceRegistrar: Registering service gsiservice
01-01 08:23:10.603 0 0 I binder : 4348:4348 ioctl 40046210 7fdccb40c4 returned -22
12-14 03:23:47.382 639 654 I mpu_uart: [MSG-P:RECV]:No message received in 1000 ms
01-01 08:23:10.963 0 0 D : mv2112_read_status
01-01 08:23:10.963 0 0 D mv2112_update_link: 3.0x901(1G): 0x84
01-01 08:23:10.963 0 0 D mv2112_update_link: 3.0x8109(100M): 0xc
01-01 08:23:10.963 0 0 D mv2112_update_link: link 0x4
01-01 08:23:10.963 0 0 D mv2112_read_status: autoneg is disabled
12-14 03:23:47.420 639 653 I mpu_uart: [MSG-P:R]:recv sync frame timeout
12-14 03:23:47.421 2378 4148 I OpenGLRenderer: Davey! duration=9223371940673ms; Flags=0, FrameTimelineVsyncId=5387, IntendedVsync=96180582296, Vsync=96180582296, InputEventId=0, HandleInputStart=96185716524, AnimationStart=96185718660, PerformTraversalsStart=96186275326, DrawStart=96186321316, FrameDeadline=96213915628, FrameInterval=96185712983, FrameStartTime=16666666, SyncQueued=96188939024, SyncStart=96189213608, IssueDrawCommandsStart=96190384597, SwapBuffers=96194605483, FrameCompleted=9223372036854775807, DequeueBufferDuration=61511, QueueBufferDuration=1473437, GpuCompleted=9223372036854775807, SwapBuffersCompleted=96196991524, DisplayPresentTime=0,
12-14 03:23:48.020 1383 1383 W ServiceManager: Waited one second for gsiservice (is service started? are binder threads started and available?)
12-14 03:23:48.025 500 500 I BpBinder: onLastStrongRef automatically unlinking death recipients:
12-14 03:23:48.027 1383 1383 E update_engine: Read state file failed: No such file or directory
12-14 03:23:48.033 566 566 I android.hardware.boot@1.1-service: [libfs_mgr]dt_fstab: Skip disabled entry for partition vendor
12-14 03:23:48.034 566 566 W android.hardware.boot@1.1-service: [libfs_mgr]Warning: unknown flag: resize
12-14 03:23:48.036 566 566 I android.hardware.boot@1.1-service: [libfs_mgr]dt_fstab: Skip disabled entry for partition vendor
12-14 03:23:48.037 566 566 W android.hardware.boot@1.1-service: [libfs_mgr]Warning: unknown flag: resize
12-14 03:23:48.039 566 566 I bootcontrolhal: set_snapshot_merge_status: MergeStatus = 0, current_slot = 0, returning: true
12-14 03:23:48.041 1383 1383 I update_engine: [liblp]Partition product_b will resize from 222670848 bytes to 221921280 bytes
12-14 03:23:48.043 1383 1383 I update_engine: [liblp]Partition system_b will resize from 1429790720 bytes to 1429295104 bytes
12-14 03:23:48.045 1383 1383 I update_engine: [liblp]Partition system_ext_b will resize from 500297728 bytes to 500355072 bytes
12-14 03:23:48.046 1383 1383 I update_engine: dap_metadata.cow_version(): 0 writer.GetCowVersion(): 2
12-14 03:23:48.048 1383 1383 I update_engine: Remaining free space for COW: 3542614016 bytes
12-14 03:23:48.050 1383 1383 I update_engine: For partition odm_b, device size = 1101824, snapshot size = 1101824, cow partition size = 1114112, cow file size = 0
12-14 03:23:48.052 1383 1383 I update_engine: [liblp]Partition odm_b-cow will resize from 0 bytes to 1114112 bytes
12-14 03:23:48.054 1383 1383 I update_engine: Successfully created snapshot partition for odm_b
12-14 03:23:48.055 1383 1383 I update_engine: Remaining free space for COW: 3541041152 bytes
12-14 03:23:48.109 1383 1383 I update_engine: For partition product_b, device size = 221921280, snapshot size = 221921280, cow partition size = 222793728, cow file size = 0
12-14 03:23:48.112 1383 1383 I update_engine: [liblp]Partition product_b-cow will resize from 0 bytes to 222793728 bytes
12-14 03:23:48.113 1383 1383 I update_engine: Successfully created snapshot partition for product_b
12-14 03:23:48.113 1383 1383 I update_engine: Remaining free space for COW: 3318218752 bytes
12-14 03:23:48.382 639 654 I mpu_uart: [MSG-P:RECV]:No message received in 1000 ms
01-01 08:23:11.987 0 0 D : mv2112_read_status
01-01 08:23:11.987 0 0 D mv2112_update_link: 3.0x901(1G): 0x84
01-01 08:23:11.987 0 0 D mv2112_update_link: 3.0x8109(100M): 0xc
01-01 08:23:11.987 0 0 D mv2112_update_link: link 0x4
01-01 08:23:11.987 0 0 D mv2112_read_status: autoneg is disabled
12-14 03:23:48.480 1383 1383 I update_engine: For partition system_b, device size = 1429295104, snapshot size = 1429295104, cow partition size = 1434886144, cow file size = 0
12-14 03:23:48.484 1383 1383 I update_engine: [liblp]Partition system_b-cow will resize from 0 bytes to 1434886144 bytes
12-14 03:23:48.485 1383 1383 I update_engine: Successfully created snapshot partition for system_b
12-14 03:23:48.486 1383 1383 I update_engine: Remaining free space for COW: 1883242496 bytes
12-14 03:23:48.602 1383 1383 I update_engine: For partition system_ext_b, device size = 500355072, snapshot size = 500355072, cow partition size = 502317056, cow file size = 0
12-14 03:23:48.606 1383 1383 I update_engine: [liblp]Partition system_ext_b-cow will resize from 0 bytes to 502317056 bytes
12-14 03:23:48.607 1383 1383 I update_engine: Successfully created snapshot partition for system_ext_b
12-14 03:23:48.608 1383 1383 I update_engine: Remaining free space for COW: 1380450304 bytes
12-14 03:23:48.776 1383 1383 I update_engine: For partition vendor_b, device size = 743239680, snapshot size = 743239680, cow partition size = 746147840, cow file size = 0
12-14 03:23:48.779 1383 1383 I update_engine: [liblp]Partition vendor_b-cow will resize from 0 bytes to 746147840 bytes
12-14 03:23:48.780 1383 1383 I update_engine: Successfully created snapshot partition for vendor_b
12-14 03:23:48.781 1383 1383 I update_engine: Allocating CoW images.
12-14 03:23:48.782 1383 1383 I update_engine: Successfully created snapshot for odm_b
12-14 03:23:48.783 1383 1383 I update_engine: Successfully created snapshot for product_b
12-14 03:23:48.784 1383 1383 I update_engine: Successfully created snapshot for system_b
12-14 03:23:48.785 1383 1383 I update_engine: Successfully created snapshot for system_ext_b
12-14 03:23:48.786 1383 1383 I update_engine: Successfully created snapshot for vendor_b
12-14 03:23:48.788 1383 1383 I update_engine: Successfully unmapped snapshot odm_b
12-14 03:23:48.795 513 552 D vold : Disk at 252:11 changed
