01-01 10:04:23.715 1483 1483 D CompatConfig: Adding: com.android.server.compat.config.Change@9145fa7
01-01 10:04:23.716 1483 1483 D CompatConfig: Adding: com.android.server.compat.config.Change@4fbcc54
01-01 10:04:23.716 1483 1483 D CompatConfig: Adding: com.android.server.compat.config.Change@46fc7fd
01-01 10:04:23.716 1483 1483 D CompatConfig: Adding: com.android.server.compat.config.Change@d356cf2
01-01 10:04:23.717 1483 1483 D CompatConfig: Adding: com.android.server.compat.config.Change@c1d4f43
01-01 10:04:23.717 1483 1593 I SystemConfig: Reading permissions from /system/etc/permissions/android.software.freeform_window_management.xml
01-01 10:04:23.717 1483 1483 D CompatConfig: Adding: com.android.server.compat.config.Change@bf5e6f9
01-01 10:04:23.717 1483 1483 D CompatConfig: Adding: com.android.server.compat.config.Change@1a9663e
01-01 10:04:23.717 1483 1483 D CompatConfig: Adding: com.android.server.compat.config.Change@43b9c9f
01-01 10:04:23.717 1483 1483 D CompatConfig: Adding: com.android.server.compat.config.Change@91451ec
01-01 10:04:23.718 1483 1483 D CompatConfig: Found a config file: /system/etc/compatconfig/documents-ui-compat-config.xml
01-01 10:04:23.718 1483 1483 D CompatConfig: Adding: com.android.server.compat.config.Change@ec763bb
01-01 10:04:23.718 1483 1593 I SystemConfig: Reading permissions from /system/etc/permissions/com.android.documentsui.xml
01-01 10:04:23.719 1483 1483 D CompatConfig: Found a config file: /system/etc/compatconfig/calendar-provider-compat-config.xml
01-01 10:04:23.719 1483 1593 I SystemConfig: Reading permissions from /system/etc/permissions/com.thundercomm.mcuupgrade.xml
01-01 10:04:23.719 1483 1483 D CompatConfig: Adding: com.android.server.compat.config.Change@989ff16
01-01 10:04:23.720 1483 1483 D CompatConfig: Found a config file: /system/system_ext/etc/compatconfig/settings-platform-compat-config.xml
01-01 10:04:23.720 1483 1593 I SystemConfig: Reading permissions from /system/etc/permissions/com.android.mediadrm.signer.xml
01-01 10:04:23.720 1483 1483 D CompatConfig: Adding: com.android.server.compat.config.Change@aa7aa6d
01-01 10:04:23.720 1483 1593 I SystemConfig: Reading permissions from /system/etc/permissions/android.test.base.xml
01-01 10:04:23.721 1483 1593 I SystemConfig: Reading permissions from /system/etc/permissions/platform.xml
01-01 10:04:23.721 1483 1483 D CompatConfig: No directory /apex/com.android.vndk.v30/etc/compatconfig, skipping
01-01 10:04:23.721 1483 1483 D CompatConfig: No directory /apex/com.android.wifi/etc/compatconfig, skipping
01-01 10:04:23.721 1483 1483 D CompatConfig: No directory /apex/com.android.vndk.v31/etc/compatconfig, skipping
01-01 10:04:23.721 1483 1483 D CompatConfig: No directory /apex/com.android.tzdata/etc/compatconfig, skipping
01-01 10:04:23.721 1483 1483 D CompatConfig: No directory /apex/com.android.tethering/etc/compatconfig, skipping
01-01 10:04:23.721 1483 1483 D CompatConfig: No directory /apex/com.android.sdkext/etc/compatconfig, skipping
01-01 10:04:23.721 1483 1483 D CompatConfig: No directory /apex/com.android.scheduling/etc/compatconfig, skipping
01-01 10:04:23.722 1483 1483 D CompatConfig: No directory /apex/com.android.runtime/etc/compatconfig, skipping
01-01 10:04:23.722 1483 1483 D CompatConfig: No directory /apex/com.android.resolv/etc/compatconfig, skipping
01-01 10:04:23.722 1483 1483 D CompatConfig: No directory /apex/com.android.permission/etc/compatconfig, skipping
01-01 10:04:23.722 1483 1483 D CompatConfig: No directory /apex/com.android.os.statsd/etc/compatconfig, skipping
01-01 10:04:23.722 1483 1483 D CompatConfig: No directory /apex/com.android.neuralnetworks/etc/compatconfig, skipping
01-01 10:04:23.723 1483 1483 D CompatConfig: Found a config file: /apex/com.android.mediaprovider/etc/compatconfig/media-provider-platform-compat-config.xml
01-01 10:04:23.723 1483 1593 I SystemConfig: Reading permissions from /vendor/etc/permissions/android.hardware.sensor.accelerometer.xml
01-01 10:04:23.723 1483 1483 D CompatConfig: Adding: com.android.server.compat.config.Change@d19daee
01-01 10:04:23.723 1483 1593 I SystemConfig: Reading permissions from /vendor/etc/permissions/android.hardware.wifi.direct.xml
01-01 10:04:23.724 1483 1483 D CompatConfig: Adding: com.android.server.compat.config.Change@7c60e1c
01-01 10:04:23.724 1483 1483 D CompatConfig: Adding: com.android.server.compat.config.Change@d48ba25
01-01 10:04:23.724 1483 1593 I SystemConfig: Reading permissions from /vendor/etc/permissions/android.hardware.sensor.ambient_temperature.xml
01-01 10:04:23.724 1483 1483 D CompatConfig: Adding: com.android.server.compat.config.Change@c14b1ab
01-01 10:04:23.724 1483 1593 I SystemConfig: Reading permissions from /vendor/etc/permissions/android.software.ipsec_tunnels.xml
01-01 10:04:23.724 1483 1483 D CompatConfig: Adding: com.android.server.compat.config.Change@f6fd3a1
01-01 10:04:23.725 1483 1483 D CompatConfig: Adding: com.android.server.compat.config.Change@49e59c6
01-01 10:04:23.725 1483 1593 I SystemConfig: Reading permissions from /vendor/etc/permissions/android.software.device_id_attestation.xml
01-01 10:04:23.725 1483 1483 D CompatConfig: Adding: com.android.server.compat.config.Change@61c04b4
01-01 10:04:23.725 1483 1483 D CompatConfig: No directory /apex/com.android.media.swcodec/etc/compatconfig, skipping
01-01 10:04:23.725 1483 1593 I SystemConfig: Reading permissions from /vendor/etc/permissions/android.hardware.vulkan.compute-0.xml
01-01 10:04:23.725 1483 1483 D CompatConfig: No directory /apex/com.android.media/etc/compatconfig, skipping
01-01 10:04:23.725 1483 1483 D CompatConfig: No directory /apex/com.android.ipsec/etc/compatconfig, skipping
01-01 10:04:23.725 1483 1483 D CompatConfig: No directory /apex/com.android.i18n/etc/compatconfig, skipping
01-01 10:04:23.726 1483 1483 D CompatConfig: No directory /apex/com.android.extservices/etc/compatconfig, skipping
01-01 10:04:23.726 1483 1483 D CompatConfig: No directory /apex/com.android.conscrypt/etc/compatconfig, skipping
01-01 10:04:23.723 0 0 E swr-wcd wsa_swr_ctrl: swrm_runtime_suspend: clk stop mode not supported or SSR entry
01-01 10:04:23.726 1483 1593 I SystemConfig: Reading permissions from /vendor/etc/permissions/android.hardware.sensor.barometer.xml
01-01 10:04:23.726 1483 1593 I SystemConfig: Reading permissions from /vendor/etc/permissions/qti_fingerprint_interface.xml
01-01 10:04:23.727 1483 1593 I SystemConfig: Reading permissions from /vendor/etc/permissions/android.hardware.usb.host.xml
01-01 10:04:23.727 1483 1593 I SystemConfig: Reading permissions from /vendor/etc/permissions/android.software.vulkan.deqp.level.xml
01-01 10:04:23.727 1483 1593 I SystemConfig: Reading permissions from /vendor/etc/permissions/vendor-qti-hardware-sensorscalibrate.xml
01-01 10:04:23.728 1483 1593 I SystemConfig: Reading permissions from /vendor/etc/permissions/android.hardware.sensor.compass.xml
01-01 10:04:23.728 1483 1593 I SystemConfig: Reading permissions from /vendor/etc/permissions/android.hardware.bluetooth.xml
01-01 10:04:23.729 1483 1593 I SystemConfig: Reading permissions from /vendor/etc/permissions/handheld_core_hardware.xml
01-01 10:04:23.729 1483 1593 I SystemConfig: Reading permissions from /vendor/etc/permissions/android.hardware.sensor.hifi_sensors.xml
01-01 10:04:23.730 1483 1593 I SystemConfig: Reading permissions from /vendor/etc/permissions/android.hardware.light.xml
01-01 10:04:23.730 1483 1483 D CompatConfig: Found a config file: /apex/com.android.art/etc/compatconfig/libcore-platform-compat-config.xml
01-01 10:04:23.731 1483 1593 I SystemConfig: Reading permissions from /vendor/etc/permissions/android.hardware.vulkan.level-1.xml
01-01 10:04:23.731 1483 1483 D CompatConfig: Adding: com.android.server.compat.config.Change@296c076
01-01 10:04:23.731 1483 1483 D CompatConfig: Adding: com.android.server.compat.config.Change@a2402e4
01-01 10:04:23.731 1483 1593 I SystemConfig: Reading permissions from /vendor/etc/permissions/android.hardware.audio.pro.xml
01-01 10:04:23.731 1483 1483 D CompatConfig: Adding: com.android.server.compat.config.Change@a8ee34d
01-01 10:04:23.731 1483 1483 D CompatConfig: Adding: com.android.server.compat.config.Change@2a66e02
01-01 10:04:23.731 1483 1593 I SystemConfig: Reading permissions from /vendor/etc/permissions/android.hardware.bluetooth_le.xml
01-01 10:04:23.732 1483 1483 D CompatConfig: Adding: com.android.server.compat.config.Change@9906950
01-01 10:04:23.732 1483 1593 I SystemConfig: Reading permissions from /vendor/etc/permissions/android.hardware.opengles.aep.xml
01-01 10:04:23.732 1483 1483 D CompatConfig: No directory /apex/com.android.appsearch/etc/compatconfig, skipping
01-01 10:04:23.732 1483 1593 I SystemConfig: Reading permissions from /vendor/etc/permissions/android.hardware.se.omapi.uicc.xml
01-01 10:04:23.732 1483 1483 D CompatConfig: No directory /apex/com.android.adbd/etc/compatconfig, skipping
01-01 10:04:23.733 1483 1593 I SystemConfig: Reading permissions from /vendor/etc/permissions/android.hardware.sensor.gyroscope.xml
01-01 10:04:23.733 1483 1593 I SystemConfig: Reading permissions from /vendor/etc/permissions/android.hardware.fingerprint.xml
01-01 10:04:23.734 1483 1593 I SystemConfig: Reading permissions from /vendor/etc/permissions/android.hardware.wifi.aware.xml
01-01 10:04:23.734 1483 1593 I SystemConfig: Reading permissions from /vendor/etc/permissions/android.hardware.touchscreen.multitouch.jazzhand.xml
01-01 10:04:23.735 1483 1593 I SystemConfig: Reading permissions from /vendor/etc/permissions/android.software.midi.xml
01-01 10:04:23.735 1483 1593 I SystemConfig: Reading permissions from /vendor/etc/permissions/android.hardware.se.omapi.ese.xml
01-01 10:04:23.735 1483 1593 I SystemConfig: Reading permissions from /vendor/etc/permissions/android.software.verified_boot.xml
01-01 10:04:23.736 1483 1593 I SystemConfig: Reading permissions from /vendor/etc/permissions/android.hardware.wifi.passpoint.xml
01-01 10:04:23.736 1483 1593 I SystemConfig: Reading permissions from /vendor/etc/permissions/android.hardware.wifi.rtt.xml
01-01 10:04:23.737 1483 1593 I SystemConfig: Reading permissions from /vendor/etc/permissions/android.hardware.wifi.xml
01-01 10:04:23.737 1483 1593 I SystemConfig: Reading permissions from /vendor/etc/permissions/android.hardware.usb.accessory.xml
01-01 10:04:23.737 1483 1593 I SystemConfig: Reading permissions from /vendor/etc/permissions/vendor.qti.hardware.factory.xml
01-01 10:04:23.738 1483 1593 I SystemConfig: Reading permissions from /vendor/etc/permissions/android.hardware.audio.low_latency.xml
01-01 10:04:23.738 1483 1593 I SystemConfig: Reading permissions from /vendor/etc/permissions/android.hardware.sensor.relative_humidity.xml
01-01 10:04:23.738 1483 1483 I SystemServerTiming: StartFileIntegrityService
01-01 10:04:23.738 1483 1483 I SystemServiceManager: Starting com.android.server.security.FileIntegrityService
01-01 10:04:23.739 1483 1593 I SystemConfig: Reading permissions from /vendor/etc/permissions/android.hardware.vulkan.version-1_1.xml
01-01 10:04:23.739 1483 1593 I SystemConfig: Reading permissions from /vendor/etc/permissions/android.hardware.location.gps.xml
01-01 10:04:23.741 1483 1593 I SystemConfig: Reading permissions from /product/etc/sysconfig/preinstalled-packages-platform-overlays.xml
01-01 10:04:23.744 1483 1593 I SystemConfig: Reading permissions from /product/etc/sysconfig/preinstalled-packages-platform-handheld-product.xml
01-01 10:04:23.745 1483 1483 I SystemServerTiming: StartInstaller
01-01 10:04:23.745 1483 1483 I SystemServiceManager: Starting com.android.server.pm.Installer
01-01 10:04:23.746 1483 1483 I SystemServerTiming: DeviceIdentifiersPolicyService
01-01 10:04:23.746 1483 1483 I SystemServiceManager: Starting com.android.server.os.DeviceIdentifiersPolicyService
01-01 10:04:23.746 1483 1593 I SystemConfig: Reading permissions from /product/etc/permissions/com.android.settings.intelligence.xml
01-01 10:04:23.747 1483 1483 I SystemServerTiming: UriGrantsManagerService
01-01 10:04:23.747 1483 1483 I SystemServiceManager: Starting com.android.server.uri.UriGrantsManagerService$Lifecycle
01-01 10:04:23.747 1483 1483 I SystemServerTiming: StartPowerStatsService
01-01 10:04:23.747 1483 1483 I SystemServiceManager: Starting com.android.server.powerstats.PowerStatsService
01-01 10:04:23.751 1483 1593 I SystemConfig: Reading permissions from /product/etc/permissions/vendor.qti.hardware.data.connection-V1.0-java.xml
01-01 10:04:23.751 1483 1483 I SystemServerTiming: StartIStatsService
01-01 10:04:23.752 1483 1593 I SystemConfig: Reading permissions from /product/etc/permissions/UimService.xml
01-01 10:04:23.753 1483 1593 I SystemConfig: Reading permissions from /product/etc/permissions/privapp-permissions-soundrecorder.xml
01-01 10:04:23.753 1483 1483 I SystemServerTiming: MemtrackProxyService
01-01 10:04:23.753 1483 1593 I SystemConfig: Reading permissions from /product/etc/permissions/telephony_product_privapp-permissions-qti.xml
01-01 10:04:23.750 0 0 I binder : 1483:1483 ioctl 40046210 7fe6bbbb24 returned -22
01-01 10:04:23.754 1483 1593 I SystemConfig: Reading permissions from /product/etc/permissions/com.qti.snapdragon.sdk.display.xml
01-01 10:04:23.754 1483 1593 I SystemConfig: Reading permissions from /product/etc/permissions/ims_ext_common.xml
01-01 10:04:23.755 1483 1593 I SystemConfig: Reading permissions from /product/etc/permissions/vendor.qti.hardware.data.connection-V1.1-java.xml
01-01 10:04:23.755 1483 1593 I SystemConfig: Reading permissions from /system_ext/etc/sysconfig/qti_whitelist_system_ext.xml
01-01 10:04:23.756 1483 1593 I SystemConfig: Reading permissions from /system_ext/etc/sysconfig/qti_telephony_system_packages_config.xml
01-01 10:04:23.757 1483 1593 I SystemConfig: Reading permissions from /system_ext/etc/permissions/wfd-system-ext-privapp-permissions-qti.xml
01-01 10:04:23.757 1483 1593 I SystemConfig: Reading permissions from /system_ext/etc/permissions/telephony_system-ext_privapp-permissions-qti.xml
01-01 10:04:23.758 1483 1593 I SystemConfig: Reading permissions from /system_ext/etc/permissions/com.hht.lebocast.xml
01-01 10:04:23.759 1483 1593 I SystemConfig: Reading permissions from /system_ext/etc/permissions/qti_permissions.xml
01-01 10:04:23.759 1483 1593 I SystemConfig: Reading permissions from /system_ext/etc/permissions/com.qualcomm.qti.imscmservice-V2.2-java.xml
01-01 10:04:23.760 1483 1593 I SystemConfig: Reading permissions from /system_ext/etc/permissions/com.qualcomm.qti.imscmservice-V2.1-java.xml
01-01 10:04:23.760 1483 1483 I SystemServerTiming: StartActivityManager
01-01 10:04:23.760 1483 1483 I SystemServiceManager: Starting com.android.server.wm.ActivityTaskManagerService$Lifecycle
01-01 10:04:23.760 1483 1593 I SystemConfig: Reading permissions from /system_ext/etc/permissions/com.qti.media.secureprocessor.xml
01-01 10:04:23.761 1483 1593 I SystemConfig: Reading permissions from /system_ext/etc/permissions/com.qualcomm.qti.imscmservice.xml
01-01 10:04:23.761 1483 1593 I SystemConfig: Reading permissions from /system_ext/etc/permissions/com.android.systemui.xml
01-01 10:04:23.762 1483 1593 I SystemConfig: Reading permissions from /system_ext/etc/permissions/com.qualcomm.qmapbridge.xml
01-01 10:04:23.763 1483 1593 I SystemConfig: Reading permissions from /system_ext/etc/permissions/com.android.emergency.xml
01-01 10:04:23.765 1483 1483 I SystemServiceManager: Starting com.android.server.am.ActivityManagerService$Lifecycle
01-01 10:04:23.769 1483 1593 I SystemConfig: Reading permissions from /system_ext/etc/permissions/vendor.qti.ims.rcsservice.xml
01-01 10:04:23.770 1483 1593 I SystemConfig: Reading permissions from /system_ext/etc/permissions/privapp-permissions-com.qualcomm.location.xml
01-01 10:04:23.772 1483 1593 I SystemConfig: Reading permissions from /system_ext/etc/permissions/embms-noship_product_privapp_permissions_qti.xml
01-01 10:04:23.772 1483 1593 I SystemConfig: Reading permissions from /system_ext/etc/permissions/com.thundercomm.microsettings.xml
01-01 10:04:23.773 1483 1483 I ActivityManager: Memory class: 512
01-01 10:04:23.773 1483 1593 I SystemConfig: Reading permissions from /system_ext/etc/permissions/com.qti.dpmframework.xml
01-01 10:04:23.774 1483 1593 I SystemConfig: Reading permissions from /system_ext/etc/permissions/com.android.storagemanager.xml
01-01 10:04:23.774 1483 1593 I SystemConfig: Reading permissions from /system_ext/etc/permissions/audiosphere.xml
01-01 10:04:23.775 1483 1609 I Binder : Setting heavy hitter watcher config: false, 0, 0.0
01-01 10:04:23.775 1483 1593 I SystemConfig: Reading permissions from /system_ext/etc/permissions/com.android.launcher3.xml
01-01 10:04:23.776 1483 1593 I SystemConfig: Reading permissions from /system_ext/etc/permissions/com.android.provision.xml
01-01 10:04:23.778 1483 1593 I SystemConfig: Reading permissions from /system_ext/etc/permissions/com.qualcomm.location.xml
01-01 10:04:23.778 1483 1593 I SystemConfig: Reading permissions from /system_ext/etc/permissions/izat.xt.srv.xml
01-01 10:04:23.779 1483 1593 I SystemConfig: Reading permissions from /system_ext/etc/permissions/qti_supplicant_interface.xml
01-01 10:04:23.780 1483 1593 I SystemConfig: Reading permissions from /system_ext/etc/permissions/com.qti.location.sdk.xml
01-01 10:04:23.780 1483 1593 I SystemConfig: Reading permissions from /system_ext/etc/permissions/privapp-permissions-qti-system-ext.xml
01-01 10:04:23.781 1483 1593 I SystemConfig: Reading permissions from /system_ext/etc/permissions/embms.xml
01-01 10:04:23.781 1483 1593 I SystemConfig: Reading permissions from /system_ext/etc/permissions/com.qualcomm.qti.imscmservice-V2.0-java.xml
01-01 10:04:23.781 1483 1593 I SystemConfig: Reading permissions from /system_ext/etc/permissions/android.software.verified_boot.xml
01-01 10:04:23.782 1483 1593 I SystemConfig: Reading permissions from /system_ext/etc/permissions/com.qualcomm.qti.izattools.xml
01-01 10:04:23.782 1483 1593 I SystemConfig: Reading permissions from /system_ext/etc/permissions/dpmapi.xml
01-01 10:04:23.783 1483 1593 I SystemConfig: Reading permissions from /system_ext/etc/permissions/privapp-permissions-aptxals.xml
01-01 10:04:23.783 1483 1593 I SystemConfig: Reading permissions from /system_ext/etc/permissions/qti_libpermissions.xml
01-01 10:04:23.784 1483 1593 I SystemConfig: Reading permissions from /system_ext/etc/permissions/com.android.settings.xml
01-01 10:04:23.784 1483 1593 I SystemConfig: Reading permissions from /system_ext/etc/permissions/com.nxp.nfc.nq.xml
01-01 10:04:23.790 1483 1593 I SystemConfig: Reading permissions from /apex/com.android.ipsec/etc/permissions/android.net.ipsec.ike.xml
01-01 10:04:23.805 0 0 I IPv6 : ADDRCONF(NETDEV_UP): vlan11: link is not ready
01-01 10:04:23.809 1483 1483 D BatteryStatsImpl: Reading daily items from /data/system/batterystats-daily.xml
01-01 10:04:23.819 1483 1620 I KernelCpuUidFreqTimeReader: mPerClusterTimesAvailable=false
01-01 10:04:23.821 1483 1620 E KernelCpuSpeedReader: Failed to read cpu-freq: /sys/devices/system/cpu/cpu4/cpufreq/stats/time_in_state: open failed: ENOENT (No such file or directory)
01-01 10:04:23.821 1483 1620 E KernelCpuSpeedReader: Failed to read cpu-freq: /sys/devices/system/cpu/cpu0/cpufreq/stats/time_in_state: open failed: ENOENT (No such file or directory)
01-01 10:04:23.835 1483 1620 W KernelMemoryBandwidthStats: No kernel memory bandwidth stats available
01-01 10:04:23.912 1483 1483 I IntentFirewall: Read new rules (A:0 B:0 S:0)
01-01 10:04:23.918 1483 1483 D AppOps : AppOpsService published
01-01 10:04:23.918 1483 1483 I SystemServerTiming: StartDataLoaderManagerService
01-01 10:04:23.918 1483 1483 I SystemServiceManager: Starting com.android.server.pm.DataLoaderManagerService
01-01 10:04:23.919 1483 1483 I SystemServerTiming: StartIncrementalService
01-01 10:04:23.922 0 0 W : ------------[ cut here ]------------
01-01 10:04:23.922 0 0 W : Unbalanced enable for IRQ 401
01-01 10:04:23.922 0 0 W : WARNING: CPU: 3 PID: 1402 at kernel/irq/manage.c:621 enable_irq+0x90/0xe8
01-01 10:04:23.922 0 0 W : Modules linked in: wlan(O+) tsnv(O) machine_dlkm(O) wcd938x_slave_dlkm(O) wcd938x_dlkm(O) wcd9xxx_dlkm(O) mbhc_dlkm(O) tx_macro_dlkm(O) rx_macro_dlkm(O) va_macro_dlkm(O) wsa_macro_dlkm(O) swr_ctrl_dlkm(O) bolero_cdc_dlkm(O) wsa881x_dlkm(O) wcd_core_dlkm(O) stub_dlkm(O) hdmi_dlkm(O) swr_dlkm(O) pinctrl_lpi_dlkm(O) pinctrl_wcd_dlkm(O) usf_dlkm(O) native_dlkm(O) platform_dlkm(O) q6_dlkm(O) adsp_loader_dlkm(O) apr_dlkm(O) snd_event_dlkm(O) q6_notifier_dlkm(O) q6_pdr_dlkm(O) msm_11ad_proxy
01-01 10:04:23.923 0 0 W : CPU: 3 PID: 1402 Comm: kworker/3:6 Tainted: G S O 4.19.157-perf+ #1
01-01 10:04:23.923 0 0 W Hardware name: Qualcomm Technologies, Inc. kona MTP-RmPM8150b. VX1(MCE) EVT2 (DT)
01-01 10:04:23.923 0 0 W Workqueue: pm pm_runtime_work
01-01 10:04:23.923 0 0 W pstate : 60c00085 (nZCv daIf +PAN +UAO)
01-01 10:04:23.923 0 0 W pc : enable_irq+0x90/0xe8
01-01 10:04:23.923 0 0 W lr : enable_irq+0x90/0xe8
01-01 10:04:23.923 0 0 W sp : ffffff80145e3bb0
01-01 10:04:23.923 0 0 W : x29: ffffff80145e3bc0 x28: 0000000000000002
01-01 10:04:23.923 0 0 W : x27: 00000000000001b7 x26: 0000000000000000
01-01 10:04:23.923 0 0 W : x25: 0000000000000000 x24: ffffffc6f235f37d
01-01 10:04:23.923 0 0 W : x23: ffffffc6f235dca1 x22: ffffffc6f235f248
01-01 10:04:23.923 0 0 W : x21: ffffffc6f233fc10 x20: 0000000000000191
01-01 10:04:23.923 0 0 W : x19: ffffffc6ea9f4000 x18: 0000000000000030
01-01 10:04:23.923 0 0 W : x17: ffffff9b4ca20000 x16: 00000000fffc35d8
01-01 10:04:23.923 0 0 W : x15: 00000000000c35d8 x14: 0000000000000086
01-01 10:04:23.923 0 0 W : x13: 0000000000000030 x12: 0000000000000000
01-01 10:04:23.923 0 0 W : x11: 0000000000000000 x10: 0000000000000007
01-01 10:04:23.923 0 0 W : x9 : fcb6ca7319049c00 x8 : fcb6ca7319049c00
01-01 10:04:23.923 0 0 W : x7 : 0000000000000000 x6 : ffffffc73987ca55
01-01 10:04:23.923 0 0 W : x5 : 0000000000000000 x4 : 0000000000000006
01-01 10:04:23.923 0 0 W : x3 : 0000000000000031 x2 : 0000000000000007
01-01 10:04:23.923 0 0 W : x1 : 0000000000000007 x0 : 000000000000001d
01-01 10:04:23.923 0 0 W Call trace:
01-01 10:04:23.923 0 0 W : enable_irq+0x90/0xe8
01-01 10:04:23.923 0 0 W : swrm_runtime_suspend+0x428/0x4d8 [swr_ctrl_dlkm]
01-01 10:04:23.923 0 0 W : pm_generic_runtime_suspend+0x24/0x38
01-01 10:04:23.923 0 0 W : __rpm_callback+0x124/0x228
01-01 10:04:23.923 0 0 W : rpm_suspend+0x464/0x818
01-01 10:04:23.923 0 0 W : pm_runtime_work+0x90/0xa0
01-01 10:04:23.923 0 0 W : process_one_work+0x278/0x440
01-01 10:04:23.923 0 0 W : worker_thread+0x260/0x4a8
01-01 10:04:23.923 0 0 W : kthread+0x140/0x150
01-01 10:04:23.923 0 0 W : ret_from_fork+0x10/0x18
01-01 10:04:23.923 0 0 W : ---[ end trace fdeeb1ab1dfce03d ]---
01-01 10:04:23.924 1483 1483 I SystemServerTiming: StartPowerManager
01-01 10:04:23.924 1483 1483 I SystemServiceManager: Starting com.android.server.power.PowerManagerService
01-01 10:04:23.935 1483 1483 I SystemServerTiming: StartThermalManager
01-01 10:04:23.935 1483 1483 I SystemServiceManager: Starting com.android.server.power.ThermalManagerService
01-01 10:04:23.935 1483 1483 I SystemServerTiming: StartHintManager
01-01 10:04:23.935 1483 1483 I SystemServiceManager: Starting com.android.server.power.hint.HintManagerService
01-01 10:04:23.936 1483 1483 I SystemServerTiming: InitPowerManagement
01-01 10:04:23.937 1483 1483 I SystemServerTiming: StartRecoverySystemService
01-01 10:04:23.937 1483 1483 I SystemServiceManager: Starting com.android.server.recoverysystem.RecoverySystemService$Lifecycle
01-01 10:04:23.938 1483 1483 I PackageWatchdog: Syncing state, reason: added new observer
01-01 10:04:23.938 1483 1483 I PackageWatchdog: Not pruning observers, elapsed time: 0ms
01-01 10:04:23.938 1483 1483 I PackageWatchdog: Cancelling state sync, nothing to sync
01-01 10:04:23.938 1483 1607 I PackageWatchdog: Saving observer state to file
01-01 10:04:23.939 1483 1483 I SystemServerTiming: StartLightsService
01-01 10:04:23.939 1483 1483 I SystemServiceManager: Starting com.android.server.lights.LightsService
01-01 10:04:23.943 1483 1483 I SystemServerTiming: StartSidekickService
01-01 10:04:23.943 1483 1483 I SystemServerTiming: StartDisplayManager
01-01 10:04:23.943 1483 1483 I SystemServiceManager: Starting com.android.server.display.DisplayManagerService
01-01 10:04:23.949 1483 1483 I SystemServerTiming: WaitForDisplay
01-01 10:04:23.949 1483 1483 I SystemServiceManager: Starting phase 100
01-01 10:04:23.949 1483 1483 I SystemServerTiming: OnBootPhase_100
01-01 10:04:23.949 1483 1483 I SystemServerTiming: OnBootPhase_100_com.android.server.security.FileIntegrityService
01-01 10:04:23.949 1483 1483 I SystemServerTiming: OnBootPhase_100_com.android.server.pm.Installer
01-01 10:04:23.949 1483 1483 I SystemServerTiming: OnBootPhase_100_com.android.server.os.DeviceIdentifiersPolicyService
01-01 10:04:23.949 1483 1483 I SystemServerTiming: OnBootPhase_100_com.android.server.uri.UriGrantsManagerService$Lifecycle
01-01 10:04:23.949 1483 1483 I SystemServerTiming: OnBootPhase_100_com.android.server.powerstats.PowerStatsService
01-01 10:04:23.949 1483 1483 I SystemServerTiming: OnBootPhase_100_com.android.server.wm.ActivityTaskManagerService$Lifecycle
01-01 10:04:23.949 1483 1483 I SystemServerTiming: OnBootPhase_100_com.android.server.am.ActivityManagerService$Lifecycle
01-01 10:04:23.949 1483 1483 I SystemServerTiming: OnBootPhase_100_com.android.server.pm.DataLoaderManagerService
01-01 10:04:23.949 1483 1483 I SystemServerTiming: OnBootPhase_100_com.android.server.power.PowerManagerService
01-01 10:04:23.949 1483 1483 I SystemServerTiming: OnBootPhase_100_com.android.server.power.ThermalManagerService
01-01 10:04:23.949 1483 1483 I SystemServerTiming: OnBootPhase_100_com.android.server.power.hint.HintManagerService
01-01 10:04:23.949 1483 1483 I SystemServerTiming: OnBootPhase_100_com.android.server.recoverysystem.RecoverySystemService$Lifecycle
01-01 10:04:23.949 1483 1483 I SystemServerTiming: OnBootPhase_100_com.android.server.lights.LightsService
01-01 10:04:23.949 1483 1483 I SystemServerTiming: OnBootPhase_100_com.android.server.display.DisplayManagerService
01-01 10:04:23.957 1483 1588 I DisplayDeviceRepository: Display device added: DisplayDeviceInfo{"内置屏幕": uniqueId="local:4630946370410392961", 2380 x 1020, modeId 1, defaultModeId 1, supportedModes [{id=1, width=2380, height=1020, fps=60.000004, alternativeRefreshRates=[]}], colorMode 0, supportedColorModes [0], hdrCapabilities HdrCapabilities{mSupportedHdrTypes=[2, 3, 4], mMaxLuminance=500.0, mMaxAverageLuminance=500.0, mMinLuminance=0.0}, allmSupported false, gameContentTypeSupported false, density 240, 319.851 x 319.851 dpi, appVsyncOff 1000000, presDeadline 16666666, touch INTERNAL, rotation 0, type INTERNAL, address {port=129, model=0x40446d3026322d}, deviceProductInfo DeviceProductInfo{name=, manufacturerPnpId=QCM, productId=1, modelYear=null, manufactureDate=ManufactureDate{week=27, year=2006}, connectionToSinkType=0}, state UNKNOWN, frameRateOverride , brightnessMinimum 0.0, brightnessMaximum 1.0, brightnessDefault 1.0, FLAG_DEFAULT_DISPLAY, FLAG_ROTATES_WITH_CONTENT, FLAG_SECURE, FLAG_SUPPORTS_PROTECTED_BUFFERS}
01-01 10:04:23.958 1483 1588 I LogicalDisplayMapper: Applying layout: [{addr: {port=129, model=0x40446d3026322d}, dispId: 0(ON)}], Previous layout: null
01-01 10:04:23.960 1483 1588 I LogicalDisplayMapper: Adding new display: 0: DisplayInfo{"内置屏幕", displayId 0", displayGroupId -1, FLAG_SECURE, FLAG_SUPPORTS_PROTECTED_BUFFERS, FLAG_TRUSTED, real 2380 x 1020, largest app 2380 x 1020, smallest app 2380 x 1020, appVsyncOff 1000000, presDeadline 16666666, mode 1, defaultMode 1, modes [{id=1, width=2380, height=1020, fps=60.000004, alternativeRefreshRates=[]}], hdrCapabilities HdrCapabilities{mSupportedHdrTypes=[2, 3, 4], mMaxLuminance=500.0, mMaxAverageLuminance=500.0, mMinLuminance=0.0}, userDisabledHdrTypes [], minimalPostProcessingSupported false, rotation 0, state UNKNOWN, type INTERNAL, uniqueId "local:4630946370410392961", app 2380 x 1020, density 240 (319.851 x 319.851) dpi, layerStack 0, colorMode 0, supportedColorModes [0], address {port=129, model=0x40446d3026322d}, deviceProductInfo DeviceProductInfo{name=, manufacturerPnpId=QCM, productId=1, modelYear=null, manufactureDate=ManufactureDate{week=27, year=2006}, connectionToSinkType=0}, removeMode 0, refreshRateOverride 0.0, brightnessMinimum 0.0, brightnessMaximum 1.0, brightnessDefault 1.0}
01-01 10:04:23.961 1483 1588 I LogicalDisplayMapper: Setting new display group 0 for display 0, from previous group: null
01-01 10:04:23.962 1483 1588 E DisplayDeviceConfig: requesting nits when no mapping exists.
01-01 10:04:23.964 0 0 E init : Control message: Could not find 'android.frameworks.sensorservice@1.0::ISensorManager/default' for ctl.interface_start from pid: 500 (/system/bin/hwservicemanager)
01-01 10:04:23.967 1483 1588 E DisplayDeviceConfig: requesting nits when no mapping exists.
01-01 10:04:23.967 0 0 E init : Control message: Could not find 'android.frameworks.sensorservice@1.0::ISensorManager/default' for ctl.interface_start from pid: 500 (/system/bin/hwservicemanager)
01-01 10:04:23.968 1483 1483 I SystemServerTiming: StartDomainVerificationService
01-01 10:04:23.968 1483 1588 I DisplayDeviceRepository: Display device changed state: "内置屏幕", ON
01-01 10:04:23.972 1483 1483 I SystemServerTiming: StartPackageManagerService
01-01 10:04:23.972 1483 1483 I Watchdog: Pausing HandlerChecker: main thread for reason: packagemanagermain. Pause count: 1
01-01 10:04:23.975 1483 1483 I PackageManagerTiming: create package manager
01-01 10:04:23.977 1483 1483 I PackageManagerTiming: readListOfPackagesToBeDisabled
01-01 10:04:23.978 1483 1483 D PackageManager: Disabling packages for wifi-only device, source: /vendor/etc/telephony_packages.xml
01-01 10:04:23.978 1483 1483 I PackageManagerTiming: createSubComponents
01-01 10:04:23.990 1483 1483 I PackageManagerTiming: addSharedUsers
01-01 10:04:23.991 1483 1483 I PackageManagerTiming: get system config
01-01 10:04:23.993 1483 1483 D PackageManager: Directories scanned as system partitions: [/system:0, /vendor:524288, /odm:4194304, /oem:262144, /product:1048576, /system_ext:2097152, /apex/com.android.vndk.v30:8388608, /apex/com.android.wifi:8388608, /apex/com.android.vndk.v31:8388608, /apex/com.android.tzdata:8388608, /apex/com.android.tethering:8388608, /apex/com.android.sdkext:8388608, /apex/com.android.scheduling:8388608, /apex/com.android.runtime:8388608, /apex/com.android.resolv:8388608, /apex/com.android.permission:8388608, /apex/com.android.os.statsd:8388608, /apex/com.android.neuralnetworks:8388608, /apex/com.android.mediaprovider:8388608, /apex/com.android.media.swcodec:8388608, /apex/com.android.media:8388608, /apex/com.android.ipsec:8388608, /apex/com.android.i18n:8388608, /apex/com.android.extservices:8388608, /apex/com.android.conscrypt:8388608, /apex/com.android.art:8388608, /apex/com.android.appsearch:8388608, /apex/com.android.adbd:8388608]
01-01 10:04:23.995 1483 1483 D SELinuxMMAC: Using policy file /system/etc/selinux/plat_mac_permissions.xml
01-01 10:04:23.996 1483 1483 D SELinuxMMAC: Using policy file /system_ext/etc/selinux/system_ext_mac_permissions.xml
01-01 10:04:23.997 1483 1483 D SELinuxMMAC: Using policy file /product/etc/selinux/product_mac_permissions.xml
01-01 10:04:23.998 1483 1483 D SELinuxMMAC: Using policy file /vendor/etc/selinux/vendor_mac_permissions.xml
01-01 10:04:23.999 1483 1483 D SELinuxMMAC: Using policy file /odm/etc/selinux/odm_mac_permissions.xml
01-01 10:04:24.000 1483 1483 I PackageManagerTiming: loadFallbacks
01-01 10:04:24.001 1483 1483 I PackageManagerTiming: read user settings
01-01 10:04:24.028 1483 1624 W ProcessCpuTracker: Failed to stat(/proc/1622): android.system.ErrnoException: stat failed: ENOENT (No such file or directory)
01-01 10:04:24.028 1483 1624 W ProcessCpuTracker: Skipping unknown process pid 1622
01-01 10:04:24.071 1483 1483 W android.permission.PermissionManager: Missing ActivityManager; assuming 1000 holds android.permission.SET_PREFERRED_APPLICATIONS
01-01 10:04:24.072 1483 1483 W android.permission.PermissionManager: Missing ActivityManager; assuming 1000 holds android.permission.SET_PREFERRED_APPLICATIONS
01-01 10:04:24.072 1483 1483 W android.permission.PermissionManager: Missing ActivityManager; assuming 1000 holds android.permission.SET_PREFERRED_APPLICATIONS
01-01 10:04:24.072 1483 1483 W android.permission.PermissionManager: Missing ActivityManager; assuming 1000 holds android.permission.SET_PREFERRED_APPLICATIONS
01-01 10:04:24.072 1483 1483 W android.permission.PermissionManager: Missing ActivityManager; assuming 1000 holds android.permission.SET_PREFERRED_APPLICATIONS
01-01 10:04:24.073 1483 1483 W android.permission.PermissionManager: Missing ActivityManager; assuming 1000 holds android.permission.SET_PREFERRED_APPLICATIONS
01-01 10:04:24.073 1483 1483 W android.permission.PermissionManager: Missing ActivityManager; assuming 1000 holds android.permission.SET_PREFERRED_APPLICATIONS
01-01 10:04:24.073 1483 1483 W android.permission.PermissionManager: Missing ActivityManager; assuming 1000 holds android.permission.SET_PREFERRED_APPLICATIONS
01-01 10:04:24.073 1483 1483 W android.permission.PermissionManager: Missing ActivityManager; assuming 1000 holds android.permission.SET_PREFERRED_APPLICATIONS
01-01 10:04:24.074 1483 1483 W android.permission.PermissionManager: Missing ActivityManager; assuming 1000 holds android.permission.SET_PREFERRED_APPLICATIONS
01-01 10:04:24.074 1483 1483 W android.permission.PermissionManager: Missing ActivityManager; assuming 1000 holds android.permission.SET_PREFERRED_APPLICATIONS
01-01 10:04:24.074 1483 1483 W android.permission.PermissionManager: Missing ActivityManager; assuming 1000 holds android.permission.SET_PREFERRED_APPLICATIONS
01-01 10:04:24.075 1483 1483 W android.permission.PermissionManager: Missing ActivityManager; assuming 1000 holds android.permission.SET_PREFERRED_APPLICATIONS
01-01 10:04:24.075 1483 1483 W android.permission.PermissionManager: Missing ActivityManager; assuming 1000 holds android.permission.SET_PREFERRED_APPLICATIONS
01-01 10:04:24.075 1483 1483 W android.permission.PermissionManager: Missing ActivityManager; assuming 1000 holds android.permission.SET_PREFERRED_APPLICATIONS
01-01 10:04:24.075 1483 1483 W android.permission.PermissionManager: Missing ActivityManager; assuming 1000 holds android.permission.SET_PREFERRED_APPLICATIONS
01-01 10:04:24.076 1483 1483 W android.permission.PermissionManager: Missing ActivityManager; assuming 1000 holds android.permission.SET_PREFERRED_APPLICATIONS
01-01 10:04:24.076 1483 1483 W android.permission.PermissionManager: Missing ActivityManager; assuming 1000 holds android.permission.SET_PREFERRED_APPLICATIONS
01-01 10:04:24.076 1483 1483 W android.permission.PermissionManager: Missing ActivityManager; assuming 1000 holds android.permission.SET_PREFERRED_APPLICATIONS
01-01 10:04:24.076 1483 1483 W android.permission.PermissionManager: Missing ActivityManager; assuming 1000 holds android.permission.SET_PREFERRED_APPLICATIONS
01-01 10:04:24.076 1483 1483 W android.permission.PermissionManager: Missing ActivityManager; assuming 1000 holds android.permission.SET_PREFERRED_APPLICATIONS
01-01 10:04:24.077 1483 1483 W android.permission.PermissionManager: Missing ActivityManager; assuming 1000 holds android.permission.SET_PREFERRED_APPLICATIONS
01-01 10:04:24.077 1483 1483 W android.permission.PermissionManager: Missing ActivityManager; assuming 1000 holds android.permission.SET_PREFERRED_APPLICATIONS
01-01 10:04:24.077 1483 1483 W android.permission.PermissionManager: Missing ActivityManager; assuming 1000 holds android.permission.SET_PREFERRED_APPLICATIONS
01-01 10:04:24.077 1483 1483 W android.permission.PermissionManager: Missing ActivityManager; assuming 1000 holds android.permission.SET_PREFERRED_APPLICATIONS
01-01 10:04:24.078 1483 1483 W android.permission.PermissionManager: Missing ActivityManager; assuming 1000 holds android.permission.SET_PREFERRED_APPLICATIONS
01-01 10:04:24.078 1483 1483 W android.permission.PermissionManager: Missing ActivityManager; assuming 1000 holds android.permission.SET_PREFERRED_APPLICATIONS
01-01 10:04:24.078 1483 1483 W android.permission.PermissionManager: Missing ActivityManager; assuming 1000 holds android.permission.SET_PREFERRED_APPLICATIONS
01-01 10:04:24.079 1483 1483 W android.permission.PermissionManager: Missing ActivityManager; assuming 1000 holds android.permission.SET_PREFERRED_APPLICATIONS
01-01 10:04:24.079 1483 1483 W android.permission.PermissionManager: Missing ActivityManager; assuming 1000 holds android.permission.SET_PREFERRED_APPLICATIONS
01-01 10:04:24.079 1483 1483 W android.permission.PermissionManager: Missing ActivityManager; assuming 1000 holds android.permission.SET_PREFERRED_APPLICATIONS
01-01 10:04:24.079 1483 1483 W android.permission.PermissionManager: Missing ActivityManager; assuming 1000 holds android.permission.SET_PREFERRED_APPLICATIONS
01-01 10:04:24.080 1483 1483 W android.permission.PermissionManager: Missing ActivityManager; assuming 1000 holds android.permission.SET_PREFERRED_APPLICATIONS
01-01 10:04:24.080 1483 1483 W android.permission.PermissionManager: Missing ActivityManager; assuming 1000 holds android.permission.SET_PREFERRED_APPLICATIONS
01-01 10:04:24.080 1483 1483 W android.permission.PermissionManager: Missing ActivityManager; assuming 1000 holds android.permission.SET_PREFERRED_APPLICATIONS
01-01 10:04:24.081 1483 1483 W android.permission.PermissionManager: Missing ActivityManager; assuming 1000 holds android.permission.SET_PREFERRED_APPLICATIONS
01-01 10:04:24.081 1483 1483 W android.permission.PermissionManager: Missing ActivityManager; assuming 1000 holds android.permission.SET_PREFERRED_APPLICATIONS
01-01 10:04:24.081 1483 1483 W android.permission.PermissionManager: Missing ActivityManager; assuming 1000 holds android.permission.SET_PREFERRED_APPLICATIONS
01-01 10:04:24.081 1483 1483 W android.permission.PermissionManager: Missing ActivityManager; assuming 1000 holds android.permission.SET_PREFERRED_APPLICATIONS
01-01 10:04:24.082 1483 1483 W android.permission.PermissionManager: Missing ActivityManager; assuming 1000 holds android.permission.SET_PREFERRED_APPLICATIONS
01-01 10:04:24.082 1483 1483 W android.permission.PermissionManager: Missing ActivityManager; assuming 1000 holds android.permission.SET_PREFERRED_APPLICATIONS
01-01 10:04:24.082 1483 1483 W android.permission.PermissionManager: Missing ActivityManager; assuming 1000 holds android.permission.SET_PREFERRED_APPLICATIONS
01-01 10:04:24.083 1483 1483 W android.permission.PermissionManager: Missing ActivityManager; assuming 1000 holds android.permission.SET_PREFERRED_APPLICATIONS
01-01 10:04:24.083 1483 1483 W android.permission.PermissionManager: Missing ActivityManager; assuming 1000 holds android.permission.SET_PREFERRED_APPLICATIONS
01-01 10:04:24.083 1483 1483 W android.permission.PermissionManager: Missing ActivityManager; assuming 1000 holds android.permission.SET_PREFERRED_APPLICATIONS
01-01 10:04:24.083 1483 1483 W android.permission.PermissionManager: Missing ActivityManager; assuming 1000 holds android.permission.SET_PREFERRED_APPLICATIONS
01-01 10:04:24.084 1483 1483 W android.permission.PermissionManager: Missing ActivityManager; assuming 1000 holds android.permission.SET_PREFERRED_APPLICATIONS
01-01 10:04:24.084 1483 1483 W android.permission.PermissionManager: Missing ActivityManager; assuming 1000 holds android.permission.SET_PREFERRED_APPLICATIONS
01-01 10:04:24.084 1483 1483 W android.permission.PermissionManager: Missing ActivityManager; assuming 1000 holds android.permission.SET_PREFERRED_APPLICATIONS
01-01 10:04:24.084 1483 1483 W android.permission.PermissionManager: Missing ActivityManager; assuming 1000 holds android.permission.SET_PREFERRED_APPLICATIONS
01-01 10:04:24.085 1483 1483 W android.permission.PermissionManager: Missing ActivityManager; assuming 1000 holds android.permission.SET_PREFERRED_APPLICATIONS
01-01 10:04:24.085 1483 1483 W android.permission.PermissionManager: Missing ActivityManager; assuming 1000 holds android.permission.SET_PREFERRED_APPLICATIONS
01-01 10:04:24.085 1483 1483 W android.permission.PermissionManager: Missing ActivityManager; assuming 1000 holds android.permission.SET_PREFERRED_APPLICATIONS
01-01 10:04:24.086 1483 1483 W android.permission.PermissionManager: Missing ActivityManager; assuming 1000 holds android.permission.SET_PREFERRED_APPLICATIONS
01-01 10:04:24.086 1483 1483 W android.permission.PermissionManager: Missing ActivityManager; assuming 1000 holds android.permission.SET_PREFERRED_APPLICATIONS
01-01 10:04:24.087 1483 1483 W android.permission.PermissionManager: Missing ActivityManager; assuming 1000 holds android.permission.SET_PREFERRED_APPLICATIONS
01-01 10:04:24.087 1483 1483 W android.permission.PermissionManager: Missing ActivityManager; assuming 1000 holds android.permission.SET_PREFERRED_APPLICATIONS
01-01 10:04:24.087 1483 1483 W android.permission.PermissionManager: Missing ActivityManager; assuming 1000 holds android.permission.SET_PREFERRED_APPLICATIONS
01-01 10:04:24.087 1483 1483 W android.permission.PermissionManager: Missing ActivityManager; assuming 1000 holds android.permission.SET_PREFERRED_APPLICATIONS
01-01 10:04:24.088 1483 1483 W android.permission.PermissionManager: Missing ActivityManager; assuming 1000 holds android.permission.SET_PREFERRED_APPLICATIONS
01-01 10:04:24.088 1483 1483 W android.permission.PermissionManager: Missing ActivityManager; assuming 1000 holds android.permission.SET_PREFERRED_APPLICATIONS
01-01 10:04:24.088 1483 1483 W android.permission.PermissionManager: Missing ActivityManager; assuming 1000 holds android.permission.SET_PREFERRED_APPLICATIONS
01-01 10:04:24.088 1483 1483 W android.permission.PermissionManager: Missing ActivityManager; assuming 1000 holds android.permission.SET_PREFERRED_APPLICATIONS
01-01 10:04:24.089 1483 1483 W android.permission.PermissionManager: Missing ActivityManager; assuming 1000 holds android.permission.SET_PREFERRED_APPLICATIONS
01-01 10:04:24.089 1483 1483 W android.permission.PermissionManager: Missing ActivityManager; assuming 1000 holds android.permission.SET_PREFERRED_APPLICATIONS
01-01 10:04:24.089 1483 1483 W android.permission.PermissionManager: Missing ActivityManager; assuming 1000 holds android.permission.SET_PREFERRED_APPLICATIONS
01-01 10:04:24.089 1483 1483 W android.permission.PermissionManager: Missing ActivityManager; assuming 1000 holds android.permission.SET_PREFERRED_APPLICATIONS
01-01 10:04:24.090 1483 1483 W android.permission.PermissionManager: Missing ActivityManager; assuming 1000 holds android.permission.SET_PREFERRED_APPLICATIONS
01-01 10:04:24.090 1483 1483 W android.permission.PermissionManager: Missing ActivityManager; assuming 1000 holds android.permission.SET_PREFERRED_APPLICATIONS
01-01 10:04:24.091 1483 1483 W android.permission.PermissionManager: Missing ActivityManager; assuming 1000 holds android.permission.SET_PREFERRED_APPLICATIONS
01-01 10:04:24.091 1483 1483 W android.permission.PermissionManager: Missing ActivityManager; assuming 1000 holds android.permission.SET_PREFERRED_APPLICATIONS
01-01 10:04:24.091 1483 1483 W android.permission.PermissionManager: Missing ActivityManager; assuming 1000 holds android.permission.SET_PREFERRED_APPLICATIONS
01-01 10:04:24.092 1483 1483 W android.permission.PermissionManager: Missing ActivityManager; assuming 1000 holds android.permission.SET_PREFERRED_APPLICATIONS
01-01 10:04:24.092 1483 1483 W android.permission.PermissionManager: Missing ActivityManager; assuming 1000 holds android.permission.SET_PREFERRED_APPLICATIONS
01-01 10:04:24.093 1483 1483 W android.permission.PermissionManager: Missing ActivityManager; assuming 1000 holds android.permission.SET_PREFERRED_APPLICATIONS
01-01 10:04:24.093 1483 1483 W android.permission.PermissionManager: Missing ActivityManager; assuming 1000 holds android.permission.SET_PREFERRED_APPLICATIONS
01-01 10:04:24.093 1483 1483 W android.permission.PermissionManager: Missing ActivityManager; assuming 1000 holds android.permission.SET_PREFERRED_APPLICATIONS
01-01 10:04:24.095 1483 1483 W android.permission.PermissionManager: Missing ActivityManager; assuming 1000 holds android.permission.SET_PREFERRED_APPLICATIONS
01-01 10:04:24.095 1483 1483 W android.permission.PermissionManager: Missing ActivityManager; assuming 1000 holds android.permission.SET_PREFERRED_APPLICATIONS
01-01 10:04:24.095 1483 1483 W android.permission.PermissionManager: Missing ActivityManager; assuming 1000 holds android.permission.SET_PREFERRED_APPLICATIONS
01-01 10:04:24.096 1483 1483 W android.permission.PermissionManager: Missing ActivityManager; assuming 1000 holds android.permission.SET_PREFERRED_APPLICATIONS
01-01 10:04:24.096 1483 1483 W android.permission.PermissionManager: Missing ActivityManager; assuming 1000 holds android.permission.SET_PREFERRED_APPLICATIONS
01-01 10:04:24.096 1483 1483 W android.permission.PermissionManager: Missing ActivityManager; assuming 1000 holds android.permission.SET_PREFERRED_APPLICATIONS
01-01 10:04:24.096 1483 1483 W android.permission.PermissionManager: Missing ActivityManager; assuming 1000 holds android.permission.SET_PREFERRED_APPLICATIONS
01-01 10:04:24.097 1483 1483 W android.permission.PermissionManager: Missing ActivityManager; assuming 1000 holds android.permission.SET_PREFERRED_APPLICATIONS
01-01 10:04:24.097 1483 1483 W android.permission.PermissionManager: Missing ActivityManager; assuming 1000 holds android.permission.SET_PREFERRED_APPLICATIONS
01-01 10:04:24.097 1483 1483 W android.permission.PermissionManager: Missing ActivityManager; assuming 1000 holds android.permission.SET_PREFERRED_APPLICATIONS
01-01 10:04:24.097 1483 1483 W android.permission.PermissionManager: Missing ActivityManager; assuming 1000 holds android.permission.SET_PREFERRED_APPLICATIONS
01-01 10:04:24.098 1483 1483 W android.permission.PermissionManager: Missing ActivityManager; assuming 1000 holds android.permission.SET_PREFERRED_APPLICATIONS
01-01 10:04:24.098 1483 1483 W android.permission.PermissionManager: Missing ActivityManager; assuming 1000 holds android.permission.SET_PREFERRED_APPLICATIONS
01-01 10:04:24.098 1483 1483 W android.permission.PermissionManager: Missing ActivityManager; assuming 1000 holds android.permission.SET_PREFERRED_APPLICATIONS
01-01 10:04:24.098 1483 1483 W android.permission.PermissionManager: Missing ActivityManager; assuming 1000 holds android.permission.SET_PREFERRED_APPLICATIONS
01-01 10:04:24.099 1483 1483 W android.permission.PermissionManager: Missing ActivityManager; assuming 1000 holds android.permission.SET_PREFERRED_APPLICATIONS
01-01 10:04:24.099 1483 1483 W android.permission.PermissionManager: Missing ActivityManager; assuming 1000 holds android.permission.SET_PREFERRED_APPLICATIONS
01-01 10:04:24.099 1483 1483 W android.permission.PermissionManager: Missing ActivityManager; assuming 1000 holds android.permission.SET_PREFERRED_APPLICATIONS
01-01 10:04:24.099 1483 1483 W android.permission.PermissionManager: Missing ActivityManager; assuming 1000 holds android.permission.SET_PREFERRED_APPLICATIONS
01-01 10:04:24.100 1483 1483 W android.permission.PermissionManager: Missing ActivityManager; assuming 1000 holds android.permission.SET_PREFERRED_APPLICATIONS
01-01 10:04:24.101 1483 1483 W android.permission.PermissionManager: Missing ActivityManager; assuming 1000 holds android.permission.SET_PREFERRED_APPLICATIONS
01-01 10:04:24.101 1483 1483 W android.permission.PermissionManager: Missing ActivityManager; assuming 1000 holds android.permission.SET_PREFERRED_APPLICATIONS
01-01 10:04:24.101 1483 1483 W android.permission.PermissionManager: Missing ActivityManager; assuming 1000 holds android.permission.SET_PREFERRED_APPLICATIONS
01-01 10:04:24.102 1483 1483 W android.permission.PermissionManager: Missing ActivityManager; assuming 1000 holds android.permission.SET_PREFERRED_APPLICATIONS
01-01 10:04:24.102 1483 1483 W android.permission.PermissionManager: Missing ActivityManager; assuming 1000 holds android.permission.SET_PREFERRED_APPLICATIONS
01-01 10:04:24.103 1483 1483 W android.permission.PermissionManager: Missing ActivityManager; assuming 1000 holds android.permission.SET_PREFERRED_APPLICATIONS
01-01 10:04:24.104 1483 1483 W android.permission.PermissionManager: Missing ActivityManager; assuming 1000 holds android.permission.SET_PREFERRED_APPLICATIONS
01-01 10:04:24.104 1483 1483 W android.permission.PermissionManager: Missing ActivityManager; assuming 1000 holds android.permission.SET_PREFERRED_APPLICATIONS
01-01 10:04:24.105 1483 1483 W android.permission.PermissionManager: Missing ActivityManager; assuming 1000 holds android.permission.SET_PREFERRED_APPLICATIONS
01-01 10:04:24.105 1483 1483 W android.permission.PermissionManager: Missing ActivityManager; assuming 1000 holds android.permission.SET_PREFERRED_APPLICATIONS
01-01 10:04:24.106 1483 1483 W android.permission.PermissionManager: Missing ActivityManager; assuming 1000 holds android.permission.SET_PREFERRED_APPLICATIONS
01-01 10:04:24.106 1483 1483 W android.permission.PermissionManager: Missing ActivityManager; assuming 1000 holds android.permission.SET_PREFERRED_APPLICATIONS
01-01 10:04:24.107 1483 1483 W android.permission.PermissionManager: Missing ActivityManager; assuming 1000 holds android.permission.SET_PREFERRED_APPLICATIONS
01-01 10:04:24.107 1483 1483 W android.permission.PermissionManager: Missing ActivityManager; assuming 1000 holds android.permission.SET_PREFERRED_APPLICATIONS
01-01 10:04:24.107 1483 1483 W android.permission.PermissionManager: Missing ActivityManager; assuming 1000 holds android.permission.SET_PREFERRED_APPLICATIONS
