01-01 10:05:40.042 0 0 D : mv2112_read_status
01-01 10:05:40.042 0 0 D mv2112_update_link: 3.0x901(1G): 0x80
01-01 10:05:40.042 0 0 D mv2112_update_link: 3.0x8109(100M): 0x8
01-01 10:05:40.042 0 0 D mv2112_update_link: link 0x0
01-01 10:05:40.042 0 0 D mv2112_read_status: autoneg is disabled
01-01 10:05:41.066 0 0 D : mv2112_read_status
01-01 10:05:41.067 0 0 D mv2112_update_link: 3.0x901(1G): 0x80
01-01 10:05:41.067 0 0 D mv2112_update_link: 3.0x8109(100M): 0x8
01-01 10:05:41.067 0 0 D mv2112_update_link: link 0x0
01-01 10:05:41.067 0 0 D mv2112_read_status: autoneg is disabled
01-01 10:05:42.090 0 0 D : mv2112_read_status
01-01 10:05:42.090 0 0 D mv2112_update_link: 3.0x901(1G): 0x80
01-01 10:05:42.090 0 0 D mv2112_update_link: 3.0x8109(100M): 0x8
01-01 10:05:42.090 0 0 D mv2112_update_link: link 0x0
01-01 10:05:42.090 0 0 D mv2112_read_status: autoneg is disabled
01-01 10:05:43.114 0 0 D : mv2112_read_status
01-01 10:05:43.114 0 0 D mv2112_update_link: 3.0x901(1G): 0x80
01-01 10:05:43.115 0 0 D mv2112_update_link: 3.0x8109(100M): 0x8
01-01 10:05:43.115 0 0 D mv2112_update_link: link 0x0
01-01 10:05:43.115 0 0 D mv2112_read_status: autoneg is disabled
01-01 10:05:44.138 0 0 D : mv2112_read_status
01-01 10:05:44.138 0 0 D mv2112_update_link: 3.0x901(1G): 0x80
01-01 10:05:44.138 0 0 D mv2112_update_link: 3.0x8109(100M): 0x8
01-01 10:05:44.138 0 0 D mv2112_update_link: link 0x0
01-01 10:05:44.138 0 0 D mv2112_read_status: autoneg is disabled
01-01 10:05:45.162 0 0 D : mv2112_read_status
01-01 10:05:45.162 0 0 D mv2112_update_link: 3.0x901(1G): 0x80
01-01 10:05:45.163 0 0 D mv2112_update_link: 3.0x8109(100M): 0x8
01-01 10:05:45.163 0 0 D mv2112_update_link: link 0x0
01-01 10:05:45.163 0 0 D mv2112_read_status: autoneg is disabled
01-01 10:05:46.186 0 0 D : mv2112_read_status
01-01 10:05:46.186 0 0 D mv2112_update_link: 3.0x901(1G): 0x80
01-01 10:05:46.186 0 0 D mv2112_update_link: 3.0x8109(100M): 0x8
01-01 10:05:46.186 0 0 D mv2112_update_link: link 0x0
01-01 10:05:46.186 0 0 D mv2112_read_status: autoneg is disabled
01-01 10:05:47.210 0 0 D : mv2112_read_status
01-01 10:05:47.210 0 0 D mv2112_update_link: 3.0x901(1G): 0x80
01-01 10:05:47.211 0 0 D mv2112_update_link: 3.0x8109(100M): 0x8
01-01 10:05:47.211 0 0 D mv2112_update_link: link 0x0
01-01 10:05:47.211 0 0 D mv2112_read_status: autoneg is disabled
01-01 10:05:48.234 0 0 D : mv2112_read_status
01-01 10:05:48.234 0 0 D mv2112_update_link: 3.0x901(1G): 0x80
01-01 10:05:48.234 0 0 D mv2112_update_link: 3.0x8109(100M): 0x8
01-01 10:05:48.234 0 0 D mv2112_update_link: link 0x0
01-01 10:05:48.234 0 0 D mv2112_read_status: autoneg is disabled
01-01 10:05:49.258 0 0 D : mv2112_read_status
01-01 10:05:49.258 0 0 D mv2112_update_link: 3.0x901(1G): 0x80
01-01 10:05:49.258 0 0 D mv2112_update_link: 3.0x8109(100M): 0x8
01-01 10:05:49.258 0 0 D mv2112_update_link: link 0x0
01-01 10:05:49.258 0 0 D mv2112_read_status: autoneg is disabled
01-01 10:05:50.282 0 0 D : mv2112_read_status
01-01 10:05:50.282 0 0 D mv2112_update_link: 3.0x901(1G): 0x80
01-01 10:05:50.282 0 0 D mv2112_update_link: 3.0x8109(100M): 0x8
01-01 10:05:50.282 0 0 D mv2112_update_link: link 0x0
01-01 10:05:50.282 0 0 D mv2112_read_status: autoneg is disabled
01-01 10:05:51.306 0 0 D : mv2112_read_status
01-01 10:05:51.306 0 0 D mv2112_update_link: 3.0x901(1G): 0x80
01-01 10:05:51.306 0 0 D mv2112_update_link: 3.0x8109(100M): 0x8
01-01 10:05:51.306 0 0 D mv2112_update_link: link 0x0
01-01 10:05:51.306 0 0 D mv2112_read_status: autoneg is disabled
01-01 10:05:52.330 0 0 D : mv2112_read_status
01-01 10:05:52.330 0 0 D mv2112_update_link: 3.0x901(1G): 0x80
01-01 10:05:52.330 0 0 D mv2112_update_link: 3.0x8109(100M): 0x8
01-01 10:05:52.330 0 0 D mv2112_update_link: link 0x0
01-01 10:05:52.330 0 0 D mv2112_read_status: autoneg is disabled
01-01 10:05:53.354 0 0 D : mv2112_read_status
01-01 10:05:53.354 0 0 D mv2112_update_link: 3.0x901(1G): 0x80
01-01 10:05:53.354 0 0 D mv2112_update_link: 3.0x8109(100M): 0x8
01-01 10:05:53.354 0 0 D mv2112_update_link: link 0x0
01-01 10:05:53.354 0 0 D mv2112_read_status: autoneg is disabled
01-01 10:05:54.378 0 0 D : mv2112_read_status
01-01 10:05:54.378 0 0 D mv2112_update_link: 3.0x901(1G): 0x80
01-01 10:05:54.379 0 0 D mv2112_update_link: 3.0x8109(100M): 0x8
01-01 10:05:54.379 0 0 D mv2112_update_link: link 0x0
01-01 10:05:54.379 0 0 D mv2112_read_status: autoneg is disabled
01-01 10:05:55.339 0 0 I : boot log copy done
01-01 10:05:55.402 0 0 D : mv2112_read_status
01-01 10:05:55.402 0 0 D mv2112_update_link: 3.0x901(1G): 0x80
01-01 10:05:55.402 0 0 D mv2112_update_link: 3.0x8109(100M): 0x8
01-01 10:05:55.402 0 0 D mv2112_update_link: link 0x0
01-01 10:05:55.402 0 0 D mv2112_read_status: autoneg is disabled
01-01 10:05:56.431 0 0 D : mv2112_read_status
01-01 10:05:56.431 0 0 D mv2112_update_link: 3.0x901(1G): 0x80
01-01 10:05:56.431 0 0 D mv2112_update_link: 3.0x8109(100M): 0x8
01-01 10:05:56.431 0 0 D mv2112_update_link: link 0x0
01-01 10:05:56.431 0 0 D mv2112_read_status: autoneg is disabled
01-01 10:05:57.452 0 0 D : mv2112_read_status
01-01 10:05:57.453 0 0 D mv2112_update_link: 3.0x901(1G): 0x80
01-01 10:05:57.453 0 0 D mv2112_update_link: 3.0x8109(100M): 0x8
01-01 10:05:57.453 0 0 D mv2112_update_link: link 0x0
01-01 10:05:57.453 0 0 D mv2112_read_status: autoneg is disabled
01-01 10:05:58.474 0 0 D : mv2112_read_status
01-01 10:05:58.474 0 0 D mv2112_update_link: 3.0x901(1G): 0x80
01-01 10:05:58.474 0 0 D mv2112_update_link: 3.0x8109(100M): 0x8
01-01 10:05:58.474 0 0 D mv2112_update_link: link 0x0
01-01 10:05:58.474 0 0 D mv2112_read_status: autoneg is disabled
01-01 10:05:59.498 0 0 D : mv2112_read_status
01-01 10:05:59.498 0 0 D mv2112_update_link: 3.0x901(1G): 0x80
01-01 10:05:59.498 0 0 D mv2112_update_link: 3.0x8109(100M): 0x8
01-01 10:05:59.498 0 0 D mv2112_update_link: link 0x0
01-01 10:05:59.498 0 0 D mv2112_read_status: autoneg is disabled
01-01 10:06:00.522 0 0 D : mv2112_read_status
01-01 10:06:00.522 0 0 D mv2112_update_link: 3.0x901(1G): 0x80
01-01 10:06:00.522 0 0 D mv2112_update_link: 3.0x8109(100M): 0x8
01-01 10:06:00.522 0 0 D mv2112_update_link: link 0x0
01-01 10:06:00.522 0 0 D mv2112_read_status: autoneg is disabled
01-01 10:06:01.546 0 0 D : mv2112_read_status
01-01 10:06:01.546 0 0 D mv2112_update_link: 3.0x901(1G): 0x80
01-01 10:06:01.546 0 0 D mv2112_update_link: 3.0x8109(100M): 0x8
01-01 10:06:01.546 0 0 D mv2112_update_link: link 0x0
01-01 10:06:01.546 0 0 D mv2112_read_status: autoneg is disabled
01-01 10:06:02.570 0 0 D : mv2112_read_status
01-01 10:06:02.570 0 0 D mv2112_update_link: 3.0x901(1G): 0x80
01-01 10:06:02.570 0 0 D mv2112_update_link: 3.0x8109(100M): 0x8
01-01 10:06:02.570 0 0 D mv2112_update_link: link 0x0
01-01 10:06:02.570 0 0 D mv2112_read_status: autoneg is disabled
12-14 03:23:59.686 1483 1630 V DisplayPowerController[0]: Brightness [0.05] reason changing to: 'manual [ dim ]', previous reason: 'manual'.
12-14 03:23:59.687 1483 1978 E DisplayDeviceConfig: requesting nits when no mapping exists.
12-14 03:23:59.688 1483 1978 E DisplayDeviceConfig: requesting nits when no mapping exists.
12-14 03:23:59.690 1483 1609 I DropBoxManagerService: add tag=system_server_wtf isTagEnabled=true flags=0x2
12-14 03:23:59.693 1483 1609 I DropBoxManagerService: add tag=system_server_wtf isTagEnabled=true flags=0x2
01-01 10:06:03.594 0 0 D : mv2112_read_status
01-01 10:06:03.594 0 0 D mv2112_update_link: 3.0x901(1G): 0x80
01-01 10:06:03.594 0 0 D mv2112_update_link: 3.0x8109(100M): 0x8
01-01 10:06:03.594 0 0 D mv2112_update_link: link 0x0
01-01 10:06:03.594 0 0 D mv2112_read_status: autoneg is disabled
01-01 10:06:04.618 0 0 D : mv2112_read_status
01-01 10:06:04.618 0 0 D mv2112_update_link: 3.0x901(1G): 0x80
01-01 10:06:04.618 0 0 D mv2112_update_link: 3.0x8109(100M): 0x8
01-01 10:06:04.618 0 0 D mv2112_update_link: link 0x0
01-01 10:06:04.618 0 0 D mv2112_read_status: autoneg is disabled
12-14 03:24:01.633 1483 1719 D CompatibilityChangeReporter: Compat change id reported: 168419799; UID 10032; state: DISABLED
01-01 10:06:05.642 0 0 D : mv2112_read_status
01-01 10:06:05.642 0 0 D mv2112_update_link: 3.0x901(1G): 0x80
01-01 10:06:05.642 0 0 D mv2112_update_link: 3.0x8109(100M): 0x8
01-01 10:06:05.642 0 0 D mv2112_update_link: link 0x0
01-01 10:06:05.642 0 0 D mv2112_read_status: autoneg is disabled
01-01 10:06:06.666 0 0 D : mv2112_read_status
01-01 10:06:06.666 0 0 D mv2112_update_link: 3.0x901(1G): 0x80
01-01 10:06:06.667 0 0 D mv2112_update_link: 3.0x8109(100M): 0x8
01-01 10:06:06.667 0 0 D mv2112_update_link: link 0x0
01-01 10:06:06.667 0 0 D mv2112_read_status: autoneg is disabled
01-01 10:06:07.690 0 0 D : mv2112_read_status
01-01 10:06:07.690 0 0 D mv2112_update_link: 3.0x901(1G): 0x80
01-01 10:06:07.691 0 0 D mv2112_update_link: 3.0x8109(100M): 0x8
01-01 10:06:07.691 0 0 D mv2112_update_link: link 0x0
01-01 10:06:07.691 0 0 D mv2112_read_status: autoneg is disabled
01-01 10:06:08.714 0 0 D : mv2112_read_status
01-01 10:06:08.714 0 0 D mv2112_update_link: 3.0x901(1G): 0x80
01-01 10:06:08.714 0 0 D mv2112_update_link: 3.0x8109(100M): 0x8
01-01 10:06:08.714 0 0 D mv2112_update_link: link 0x0
01-01 10:06:08.714 0 0 D mv2112_read_status: autoneg is disabled
12-14 03:24:06.677 1483 1630 I PowerManagerService: Napping display group (groupId=0, uid=1000)...
12-14 03:24:06.678 1483 1630 I PowerManagerService: Nap time (uid 1000)...
01-01 10:06:09.739 0 0 D : mv2112_read_status
01-01 10:06:09.739 0 0 D mv2112_update_link: 3.0x901(1G): 0x80
01-01 10:06:09.740 0 0 D mv2112_update_link: 3.0x8109(100M): 0x8
01-01 10:06:09.740 0 0 D mv2112_update_link: link 0x0
01-01 10:06:09.740 0 0 D mv2112_read_status: autoneg is disabled
12-14 03:24:06.681 1483 1630 I DreamManagerService: Entering dreamland.
12-14 03:24:06.683 1483 1630 I PowerManagerService: Dreaming...
12-14 03:24:06.688 1483 1585 I DreamController: Starting dream: name=ComponentInfo{com.thundercomm.screensaver/com.thundercomm.saverclock.service.ClockScreensaver}, isTest=false, canDoze=false, userId=0
12-14 03:24:06.692 1483 1585 D CompatibilityChangeReporter: Compat change id reported: 135634846; UID 10052; state: DISABLED
12-14 03:24:06.692 1483 1585 D CompatibilityChangeReporter: Compat change id reported: 177438394; UID 10052; state: DISABLED
12-14 03:24:06.692 1483 1585 D CompatibilityChangeReporter: Compat change id reported: 135772972; UID 10052; state: DISABLED
12-14 03:24:06.692 1483 1585 D CompatibilityChangeReporter: Compat change id reported: 135754954; UID 10052; state: ENABLED
12-14 03:24:06.693 1483 1610 D CompatibilityChangeReporter: Compat change id reported: 143937733; UID 10052; state: ENABLED
12-14 03:24:06.713 1483 1610 I ActivityManager: Start proc 4336:com.thundercomm.screensaver/u0a52 for service {com.thundercomm.screensaver/com.thundercomm.saverclock.service.ClockScreensaver}
01-01 10:06:09.803 0 0 I binder : 4336:4336 ioctl 40046210 7fe6bbc0e4 returned -22
12-14 03:24:06.746 1483 1523 D CompatibilityChangeReporter: Compat change id reported: 168419799; UID 10052; state: DISABLED
12-14 03:24:06.941 4336 4336 D MicroServiceManager: add linkToDeath
12-14 03:24:06.942 4336 4336 D MicroServiceManager: bindMicroService: called already get service
12-14 03:24:06.942 4336 4336 I MicroServiceManager: addCommonCallbackListener add listener
12-14 03:24:06.942 4336 4336 I MicroServiceManager: addConnectChangedListener add listener
12-14 03:24:06.945 1483 1523 I ActivityTaskManager: START u0 {flg=0x10000000 pkg=com.thundercomm.screensaver cmp=com.thundercomm.screensaver/android.service.dreams.DreamActivity (has extras)} from uid 10052
12-14 03:24:06.949 1483 1523 D CompatibilityChangeReporter: Compat change id reported: 184838306; UID 10052; state: DISABLED
12-14 03:24:06.950 1483 1523 D CompatibilityChangeReporter: Compat change id reported: 185004937; UID 10052; state: DISABLED
12-14 03:24:06.950 1483 1523 D CompatibilityChangeReporter: Compat change id reported: 181136395; UID 10052; state: DISABLED
12-14 03:24:06.951 1483 1523 D CompatibilityChangeReporter: Compat change id reported: 174042936; UID 10052; state: DISABLED
12-14 03:24:06.951 1483 1523 D CompatibilityChangeReporter: Compat change id reported: 174042980; UID 10052; state: DISABLED
12-14 03:24:06.952 1483 1523 W ActivityTaskManager: Can't find TaskDisplayArea to determine support for multi window. Task id=21 attached=false
12-14 03:24:06.972 1483 1960 I ActivityTaskManager: FOREGROUND_APPLICATION_CHANGED to android.service.dreams.DreamActivity
12-14 03:24:06.973 1483 1960 I ActivityTaskManager: The Process com.thundercomm.screensaver Already Exists in BG. So sending its PID: 4336
12-14 03:24:06.993 3783 3800 W ContextImpl: Calling a method in the system process without a qualified user: android.app.ContextImpl.startService:1816 android.content.ContextWrapper.startService:774 com.thundercomm.gamemode.ingame.services.GameModeActionUtils.startGameModeService:99 com.thundercomm.gamemode.ingame.services.GameModeActionUtils.startGameModeEntry:22 com.thundercomm.gamemode.ingame.services.ActivityMonitoringService$1.onActivityLaunch:127
12-14 03:24:07.000 1483 1483 I GameModeConfig: Current uri is uri = content://com.thundercomm.gamemode.api/gamemode_settings/gamemode_isgaming
12-14 03:24:07.002 1483 1483 I GameModeConfig: isGameModeOn = false
12-14 03:24:07.003 1483 1483 I GameModeConfig: isGameModeOn = false
12-14 03:24:07.003 1483 1483 I GameModeConfig: isDisableVoice = true
12-14 03:24:07.008 1483 1523 W WindowManager: Failed looking up window session=Session{28db83b 4336:u0a10052} callers=com.android.server.wm.WindowManagerService.windowForClientLocked:5628 com.android.server.wm.Session.insetsModified:629 android.view.IWindowSession$Stub.onTransact:1151
12-14 03:24:07.074 1483 1912 I GameModeConfig: isGameModeOn = false
12-14 03:24:07.074 1483 1912 I GameModeConfig: isGameModeOn = false
12-14 03:24:07.074 1483 1912 I GameModeConfig: isGameModeOn = false
12-14 03:24:07.074 1483 1912 I GameModeConfig: isGameModeOn = false
12-14 03:24:07.089 3783 3800 W ContextImpl: Calling a method in the system process without a qualified user: android.app.ContextImpl.startService:1816 android.content.ContextWrapper.startService:774 com.thundercomm.gamemode.ingame.services.GameModeActionUtils.startGameModeService:99 com.thundercomm.gamemode.ingame.services.GameModeActionUtils.startGameModeEntry:22 com.thundercomm.gamemode.ingame.services.ActivityMonitoringService$1.onActivityLaunch:127
12-14 03:24:07.093 1483 1483 I GameModeConfig: Current uri is uri = content://com.thundercomm.gamemode.api/gamemode_settings/gamemode_isgaming
01-01 10:06:10.157 0 0 I binder : 4336:4356 ioctl 40046210 78ac3a61f4 returned -22
12-14 03:24:07.095 1483 1483 I GameModeConfig: isGameModeOn = false
12-14 03:24:07.096 1483 1483 I GameModeConfig: isGameModeOn = false
12-14 03:24:07.096 1483 1483 I GameModeConfig: isDisableVoice = true
12-14 03:24:07.107 1483 4369 I DropBoxManagerService: add tag=system_app_wtf isTagEnabled=true flags=0x2
12-14 03:24:07.139 1483 1630 V DisplayPowerController[0]: Brightness [1.0] reason changing to: 'manual', previous reason: 'manual [ dim ]'.
12-14 03:24:07.146 1483 1978 E DisplayDeviceConfig: requesting nits when no mapping exists.
12-14 03:24:07.147 1483 1978 E DisplayDeviceConfig: requesting nits when no mapping exists.
12-14 03:24:07.152 1483 1609 I DropBoxManagerService: add tag=system_server_wtf isTagEnabled=true flags=0x2
12-14 03:24:07.158 1483 1609 I DropBoxManagerService: add tag=system_server_wtf isTagEnabled=true flags=0x2
12-14 03:24:07.164 1483 1978 E DisplayDeviceConfig: requesting nits when no mapping exists.
12-14 03:24:07.164 1483 1978 E DisplayDeviceConfig: requesting nits when no mapping exists.
12-14 03:24:07.180 1483 1978 E DisplayDeviceConfig: requesting nits when no mapping exists.
12-14 03:24:07.185 1483 1978 E DisplayDeviceConfig: requesting nits when no mapping exists.
12-14 03:24:07.197 1483 1978 E DisplayDeviceConfig: requesting nits when no mapping exists.
12-14 03:24:07.198 1483 1978 E DisplayDeviceConfig: requesting nits when no mapping exists.
12-14 03:24:07.213 1483 1978 E DisplayDeviceConfig: requesting nits when no mapping exists.
12-14 03:24:07.214 1483 1978 E DisplayDeviceConfig: requesting nits when no mapping exists.
12-14 03:24:07.230 1483 1978 E DisplayDeviceConfig: requesting nits when no mapping exists.
12-14 03:24:07.231 1483 1978 E DisplayDeviceConfig: requesting nits when no mapping exists.
12-14 03:24:07.248 1483 1978 E DisplayDeviceConfig: requesting nits when no mapping exists.
12-14 03:24:07.249 1483 1978 E DisplayDeviceConfig: requesting nits when no mapping exists.
12-14 03:24:07.264 1483 1978 E DisplayDeviceConfig: requesting nits when no mapping exists.
12-14 03:24:07.264 1483 1978 E DisplayDeviceConfig: requesting nits when no mapping exists.
12-14 03:24:07.278 1483 1483 I GameModeConfig: isGameModeOn = false
12-14 03:24:07.280 1483 1978 E DisplayDeviceConfig: requesting nits when no mapping exists.
12-14 03:24:07.280 1483 1978 E DisplayDeviceConfig: requesting nits when no mapping exists.
12-14 03:24:07.299 1483 1978 E DisplayDeviceConfig: requesting nits when no mapping exists.
12-14 03:24:07.300 1483 1978 E DisplayDeviceConfig: requesting nits when no mapping exists.
12-14 03:24:07.314 1483 1978 E DisplayDeviceConfig: requesting nits when no mapping exists.
12-14 03:24:07.315 1483 1978 E DisplayDeviceConfig: requesting nits when no mapping exists.
12-14 03:24:07.330 1483 1978 E DisplayDeviceConfig: requesting nits when no mapping exists.
12-14 03:24:07.330 1483 1978 E DisplayDeviceConfig: requesting nits when no mapping exists.
12-14 03:24:07.348 1483 1978 E DisplayDeviceConfig: requesting nits when no mapping exists.
12-14 03:24:07.348 1483 1978 E DisplayDeviceConfig: requesting nits when no mapping exists.
12-14 03:24:07.363 1483 1978 E DisplayDeviceConfig: requesting nits when no mapping exists.
12-14 03:24:07.364 1483 1978 E DisplayDeviceConfig: requesting nits when no mapping exists.
12-14 03:24:07.382 1483 1978 E DisplayDeviceConfig: requesting nits when no mapping exists.
12-14 03:24:07.383 1483 1978 E DisplayDeviceConfig: requesting nits when no mapping exists.
12-14 03:24:07.397 1483 1978 E DisplayDeviceConfig: requesting nits when no mapping exists.
12-14 03:24:07.397 1483 1978 E DisplayDeviceConfig: requesting nits when no mapping exists.
12-14 03:24:07.413 1483 1978 E DisplayDeviceConfig: requesting nits when no mapping exists.
12-14 03:24:07.414 1483 1978 E DisplayDeviceConfig: requesting nits when no mapping exists.
12-14 03:24:07.430 1483 1978 E DisplayDeviceConfig: requesting nits when no mapping exists.
12-14 03:24:07.430 1483 1978 E DisplayDeviceConfig: requesting nits when no mapping exists.
12-14 03:24:07.448 1483 1978 E DisplayDeviceConfig: requesting nits when no mapping exists.
12-14 03:24:07.449 1483 1978 E DisplayDeviceConfig: requesting nits when no mapping exists.
12-14 03:24:07.464 1483 1978 E DisplayDeviceConfig: requesting nits when no mapping exists.
12-14 03:24:07.464 1483 1978 E DisplayDeviceConfig: requesting nits when no mapping exists.
12-14 03:24:07.482 1483 1978 E DisplayDeviceConfig: requesting nits when no mapping exists.
12-14 03:24:07.482 1483 1978 E DisplayDeviceConfig: requesting nits when no mapping exists.
12-14 03:24:07.497 1483 1978 E DisplayDeviceConfig: requesting nits when no mapping exists.
12-14 03:24:07.498 1483 1978 E DisplayDeviceConfig: requesting nits when no mapping exists.
12-14 03:24:07.514 1483 1978 E DisplayDeviceConfig: requesting nits when no mapping exists.
12-14 03:24:07.516 1483 1978 E DisplayDeviceConfig: requesting nits when no mapping exists.
12-14 03:24:07.532 1483 1978 E DisplayDeviceConfig: requesting nits when no mapping exists.
12-14 03:24:07.532 1483 1978 E DisplayDeviceConfig: requesting nits when no mapping exists.
12-14 03:24:07.548 1483 1978 E DisplayDeviceConfig: requesting nits when no mapping exists.
12-14 03:24:07.549 1483 1978 E DisplayDeviceConfig: requesting nits when no mapping exists.
12-14 03:24:07.564 1483 1978 E DisplayDeviceConfig: requesting nits when no mapping exists.
12-14 03:24:07.565 1483 1978 E DisplayDeviceConfig: requesting nits when no mapping exists.
12-14 03:24:07.582 1483 1978 E DisplayDeviceConfig: requesting nits when no mapping exists.
12-14 03:24:07.582 1483 1978 E DisplayDeviceConfig: requesting nits when no mapping exists.
12-14 03:24:07.597 1483 1978 E DisplayDeviceConfig: requesting nits when no mapping exists.
12-14 03:24:07.597 1483 1978 E DisplayDeviceConfig: requesting nits when no mapping exists.
12-14 03:24:07.614 1483 1978 E DisplayDeviceConfig: requesting nits when no mapping exists.
12-14 03:24:07.615 1483 1978 E DisplayDeviceConfig: requesting nits when no mapping exists.
12-14 03:24:07.633 1483 1978 E DisplayDeviceConfig: requesting nits when no mapping exists.
12-14 03:24:07.634 1483 1978 E DisplayDeviceConfig: requesting nits when no mapping exists.
12-14 03:24:07.655 1483 1978 E DisplayDeviceConfig: requesting nits when no mapping exists.
12-14 03:24:07.656 1483 1978 E DisplayDeviceConfig: requesting nits when no mapping exists.
12-14 03:24:07.664 1483 1978 E DisplayDeviceConfig: requesting nits when no mapping exists.
12-14 03:24:07.664 1483 1978 E DisplayDeviceConfig: requesting nits when no mapping exists.
12-14 03:24:07.681 1483 1978 E DisplayDeviceConfig: requesting nits when no mapping exists.
12-14 03:24:07.681 1483 1978 E DisplayDeviceConfig: requesting nits when no mapping exists.
12-14 03:24:07.699 3783 3800 W ContextImpl: Calling a method in the system process without a qualified user: android.app.ContextImpl.startService:1816 android.content.ContextWrapper.startService:774 com.thundercomm.gamemode.ingame.services.GameModeActionUtils.startGameModeService:99 com.thundercomm.gamemode.ingame.services.GameModeActionUtils.startGameModeEntry:22 com.thundercomm.gamemode.ingame.services.ActivityMonitoringService$1.onActivityLaunch:127
12-14 03:24:07.700 1483 1978 E DisplayDeviceConfig: requesting nits when no mapping exists.
12-14 03:24:07.700 1483 1978 E DisplayDeviceConfig: requesting nits when no mapping exists.
12-14 03:24:07.703 1483 1483 I GameModeConfig: Current uri is uri = content://com.thundercomm.gamemode.api/gamemode_settings/gamemode_isgaming
01-01 10:06:10.762 0 0 D : mv2112_read_status
01-01 10:06:10.762 0 0 D mv2112_update_link: 3.0x901(1G): 0x80
01-01 10:06:10.762 0 0 D mv2112_update_link: 3.0x8109(100M): 0x8
01-01 10:06:10.762 0 0 D mv2112_update_link: link 0x0
01-01 10:06:10.762 0 0 D mv2112_read_status: autoneg is disabled
12-14 03:24:07.706 1483 1483 I GameModeConfig: isGameModeOn = false
12-14 03:24:07.706 1483 1483 I GameModeConfig: isGameModeOn = false
12-14 03:24:07.706 1483 1483 I GameModeConfig: isDisableVoice = true
12-14 03:24:07.715 1483 1978 E DisplayDeviceConfig: requesting nits when no mapping exists.
12-14 03:24:07.716 1483 1978 E DisplayDeviceConfig: requesting nits when no mapping exists.
12-14 03:24:07.736 1483 1978 E DisplayDeviceConfig: requesting nits when no mapping exists.
12-14 03:24:07.736 1483 1978 E DisplayDeviceConfig: requesting nits when no mapping exists.
12-14 03:24:07.750 1483 1978 E DisplayDeviceConfig: requesting nits when no mapping exists.
12-14 03:24:07.750 1483 1978 E DisplayDeviceConfig: requesting nits when no mapping exists.
12-14 03:24:07.767 1483 1978 E DisplayDeviceConfig: requesting nits when no mapping exists.
12-14 03:24:07.767 1483 1978 E DisplayDeviceConfig: requesting nits when no mapping exists.
12-14 03:24:07.781 1483 1978 E DisplayDeviceConfig: requesting nits when no mapping exists.
12-14 03:24:07.782 1483 1978 E DisplayDeviceConfig: requesting nits when no mapping exists.
12-14 03:24:07.798 1483 1978 E DisplayDeviceConfig: requesting nits when no mapping exists.
12-14 03:24:07.799 1483 1978 E DisplayDeviceConfig: requesting nits when no mapping exists.
12-14 03:24:07.820 1483 1978 E DisplayDeviceConfig: requesting nits when no mapping exists.
12-14 03:24:07.822 1483 1978 E DisplayDeviceConfig: requesting nits when no mapping exists.
12-14 03:24:07.833 1483 1978 E DisplayDeviceConfig: requesting nits when no mapping exists.
12-14 03:24:07.834 1483 1978 E DisplayDeviceConfig: requesting nits when no mapping exists.
12-14 03:24:07.848 1483 1978 E DisplayDeviceConfig: requesting nits when no mapping exists.
12-14 03:24:07.848 1483 1978 E DisplayDeviceConfig: requesting nits when no mapping exists.
12-14 03:24:07.869 1483 1978 E DisplayDeviceConfig: requesting nits when no mapping exists.
12-14 03:24:07.870 1483 1978 E DisplayDeviceConfig: requesting nits when no mapping exists.
12-14 03:24:07.882 1483 1978 E DisplayDeviceConfig: requesting nits when no mapping exists.
12-14 03:24:07.883 1483 1978 E DisplayDeviceConfig: requesting nits when no mapping exists.
12-14 03:24:07.899 1483 1978 E DisplayDeviceConfig: requesting nits when no mapping exists.
12-14 03:24:07.899 1483 1978 E DisplayDeviceConfig: requesting nits when no mapping exists.
12-14 03:24:07.915 1483 1978 E DisplayDeviceConfig: requesting nits when no mapping exists.
12-14 03:24:07.916 1483 1978 E DisplayDeviceConfig: requesting nits when no mapping exists.
12-14 03:24:07.932 1483 1978 E DisplayDeviceConfig: requesting nits when no mapping exists.
12-14 03:24:07.932 1483 1978 E DisplayDeviceConfig: requesting nits when no mapping exists.
12-14 03:24:07.949 1483 1978 E DisplayDeviceConfig: requesting nits when no mapping exists.
12-14 03:24:07.949 1483 1978 E DisplayDeviceConfig: requesting nits when no mapping exists.
12-14 03:24:07.971 1483 1978 E DisplayDeviceConfig: requesting nits when no mapping exists.
12-14 03:24:07.971 1483 1978 E DisplayDeviceConfig: requesting nits when no mapping exists.
12-14 03:24:07.983 1483 1978 E DisplayDeviceConfig: requesting nits when no mapping exists.
12-14 03:24:07.984 1483 1978 E DisplayDeviceConfig: requesting nits when no mapping exists.
12-14 03:24:07.999 1483 1978 E DisplayDeviceConfig: requesting nits when no mapping exists.
12-14 03:24:08.000 1483 1978 E DisplayDeviceConfig: requesting nits when no mapping exists.
12-14 03:24:08.015 1483 1978 E DisplayDeviceConfig: requesting nits when no mapping exists.
12-14 03:24:08.016 1483 1978 E DisplayDeviceConfig: requesting nits when no mapping exists.
12-14 03:24:08.033 1483 1978 E DisplayDeviceConfig: requesting nits when no mapping exists.
12-14 03:24:08.033 1483 1978 E DisplayDeviceConfig: requesting nits when no mapping exists.
12-14 03:24:08.054 1483 1978 E DisplayDeviceConfig: requesting nits when no mapping exists.
12-14 03:24:08.055 1483 1978 E DisplayDeviceConfig: requesting nits when no mapping exists.
12-14 03:24:08.066 1483 1978 E DisplayDeviceConfig: requesting nits when no mapping exists.
12-14 03:24:08.066 1483 1978 E DisplayDeviceConfig: requesting nits when no mapping exists.
12-14 03:24:08.082 1483 1978 E DisplayDeviceConfig: requesting nits when no mapping exists.
12-14 03:24:08.083 1483 1978 E DisplayDeviceConfig: requesting nits when no mapping exists.
12-14 03:24:08.099 1483 1978 E DisplayDeviceConfig: requesting nits when no mapping exists.
12-14 03:24:08.099 1483 1978 E DisplayDeviceConfig: requesting nits when no mapping exists.
01-01 10:06:11.786 0 0 D : mv2112_read_status
01-01 10:06:11.786 0 0 D mv2112_update_link: 3.0x901(1G): 0x80
01-01 10:06:11.786 0 0 D mv2112_update_link: 3.0x8109(100M): 0x8
01-01 10:06:11.786 0 0 D mv2112_update_link: link 0x0
01-01 10:06:11.786 0 0 D mv2112_read_status: autoneg is disabled
01-01 10:06:12.810 0 0 D : mv2112_read_status
01-01 10:06:12.810 0 0 D mv2112_update_link: 3.0x901(1G): 0x80
01-01 10:06:12.810 0 0 D mv2112_update_link: 3.0x8109(100M): 0x8
01-01 10:06:12.810 0 0 D mv2112_update_link: link 0x0
01-01 10:06:12.810 0 0 D mv2112_read_status: autoneg is disabled
01-01 10:06:13.834 0 0 D : mv2112_read_status
01-01 10:06:13.834 0 0 D mv2112_update_link: 3.0x901(1G): 0x80
01-01 10:06:13.835 0 0 D mv2112_update_link: 3.0x8109(100M): 0x8
01-01 10:06:13.835 0 0 D mv2112_update_link: link 0x0
01-01 10:06:13.835 0 0 D mv2112_read_status: autoneg is disabled
01-01 10:06:14.858 0 0 D : mv2112_read_status
01-01 10:06:14.858 0 0 D mv2112_update_link: 3.0x901(1G): 0x80
01-01 10:06:14.858 0 0 D mv2112_update_link: 3.0x8109(100M): 0x8
01-01 10:06:14.858 0 0 D mv2112_update_link: link 0x0
01-01 10:06:14.858 0 0 D mv2112_read_status: autoneg is disabled
01-01 10:06:15.882 0 0 D : mv2112_read_status
01-01 10:06:15.882 0 0 D mv2112_update_link: 3.0x901(1G): 0x80
01-01 10:06:15.883 0 0 D mv2112_update_link: 3.0x8109(100M): 0x8
01-01 10:06:15.883 0 0 D mv2112_update_link: link 0x0
01-01 10:06:15.883 0 0 D mv2112_read_status: autoneg is disabled
01-01 10:06:16.906 0 0 D : mv2112_read_status
01-01 10:06:16.906 0 0 D mv2112_update_link: 3.0x901(1G): 0x80
01-01 10:06:16.906 0 0 D mv2112_update_link: 3.0x8109(100M): 0x8
01-01 10:06:16.906 0 0 D mv2112_update_link: link 0x0
01-01 10:06:16.906 0 0 D mv2112_read_status: autoneg is disabled
01-01 10:06:17.930 0 0 D : mv2112_read_status
01-01 10:06:17.930 0 0 D mv2112_update_link: 3.0x901(1G): 0x80
01-01 10:06:17.931 0 0 D mv2112_update_link: 3.0x8109(100M): 0x8
01-01 10:06:17.931 0 0 D mv2112_update_link: link 0x0
01-01 10:06:17.931 0 0 D mv2112_read_status: autoneg is disabled
01-01 10:06:18.954 0 0 D : mv2112_read_status
01-01 10:06:18.954 0 0 D mv2112_update_link: 3.0x901(1G): 0x80
01-01 10:06:18.954 0 0 D mv2112_update_link: 3.0x8109(100M): 0x8
01-01 10:06:18.954 0 0 D mv2112_update_link: link 0x0
01-01 10:06:18.954 0 0 D mv2112_read_status: autoneg is disabled
01-01 10:06:19.978 0 0 D : mv2112_read_status
01-01 10:06:19.978 0 0 D mv2112_update_link: 3.0x901(1G): 0x80
01-01 10:06:19.978 0 0 D mv2112_update_link: 3.0x8109(100M): 0x8
01-01 10:06:19.978 0 0 D mv2112_update_link: link 0x0
01-01 10:06:19.978 0 0 D mv2112_read_status: autoneg is disabled
12-14 03:24:17.309 1483 1912 I GameModeConfig: isGameModeOn = false
01-01 10:06:21.002 0 0 D : mv2112_read_status
01-01 10:06:21.002 0 0 D mv2112_update_link: 3.0x901(1G): 0x80
01-01 10:06:21.002 0 0 D mv2112_update_link: 3.0x8109(100M): 0x8
01-01 10:06:21.002 0 0 D mv2112_update_link: link 0x0
01-01 10:06:21.002 0 0 D mv2112_read_status: autoneg is disabled
01-01 10:06:22.026 0 0 D : mv2112_read_status
01-01 10:06:22.026 0 0 D mv2112_update_link: 3.0x901(1G): 0x80
01-01 10:06:22.026 0 0 D mv2112_update_link: 3.0x8109(100M): 0x8
01-01 10:06:22.026 0 0 D mv2112_update_link: link 0x0
01-01 10:06:22.026 0 0 D mv2112_read_status: autoneg is disabled
01-01 10:06:23.050 0 0 D : mv2112_read_status
01-01 10:06:23.050 0 0 D mv2112_update_link: 3.0x901(1G): 0x80
01-01 10:06:23.050 0 0 D mv2112_update_link: 3.0x8109(100M): 0x8
01-01 10:06:23.050 0 0 D mv2112_update_link: link 0x0
01-01 10:06:23.050 0 0 D mv2112_read_status: autoneg is disabled
01-01 10:06:24.074 0 0 D : mv2112_read_status
01-01 10:06:24.074 0 0 D mv2112_update_link: 3.0x901(1G): 0x80
01-01 10:06:24.075 0 0 D mv2112_update_link: 3.0x8109(100M): 0x8
01-01 10:06:24.075 0 0 D mv2112_update_link: link 0x0
01-01 10:06:24.075 0 0 D mv2112_read_status: autoneg is disabled
12-14 03:24:21.697 1483 1609 W BroadcastQueue: Permission Denial: broadcasting Intent { act=android.net.conn.CONNECTIVITY_CHANGE flg=0x4200010 (has extras) } from null (pid=-1, uid=-1) requires com.baidu.input.permission.sofire.RECEIVE due to registered receiver BroadcastFilter{997e305 10032/u0 ReceiverList{766ce7c 3157 com.baidu.input/10032/u0 remote:72ef16f}}
01-01 10:06:25.098 0 0 D : mv2112_read_status
01-01 10:06:25.098 0 0 D mv2112_update_link: 3.0x901(1G): 0x80
01-01 10:06:25.098 0 0 D mv2112_update_link: 3.0x8109(100M): 0x8
01-01 10:06:25.098 0 0 D mv2112_update_link: link 0x0
01-01 10:06:25.098 0 0 D mv2112_read_status: autoneg is disabled
01-01 10:06:26.122 0 0 D : mv2112_read_status
01-01 10:06:26.122 0 0 D mv2112_update_link: 3.0x901(1G): 0x80
01-01 10:06:26.123 0 0 D mv2112_update_link: 3.0x8109(100M): 0x8
01-01 10:06:26.123 0 0 D mv2112_update_link: link 0x0
01-01 10:06:26.123 0 0 D mv2112_read_status: autoneg is disabled
01-01 10:06:27.146 0 0 D : mv2112_read_status
01-01 10:06:27.146 0 0 D mv2112_update_link: 3.0x901(1G): 0x80
01-01 10:06:27.146 0 0 D mv2112_update_link: 3.0x8109(100M): 0x8
01-01 10:06:27.146 0 0 D mv2112_update_link: link 0x0
01-01 10:06:27.146 0 0 D mv2112_read_status: autoneg is disabled
01-01 10:06:28.170 0 0 D : mv2112_read_status
01-01 10:06:28.170 0 0 D mv2112_update_link: 3.0x901(1G): 0x80
01-01 10:06:28.171 0 0 D mv2112_update_link: 3.0x8109(100M): 0x8
01-01 10:06:28.171 0 0 D mv2112_update_link: link 0x0
01-01 10:06:28.171 0 0 D mv2112_read_status: autoneg is disabled
01-01 10:06:29.194 0 0 D : mv2112_read_status
01-01 10:06:29.194 0 0 D mv2112_update_link: 3.0x901(1G): 0x80
01-01 10:06:29.195 0 0 D mv2112_update_link: 3.0x8109(100M): 0x8
01-01 10:06:29.195 0 0 D mv2112_update_link: link 0x0
01-01 10:06:29.195 0 0 D mv2112_read_status: autoneg is disabled
01-01 10:06:30.218 0 0 D : mv2112_read_status
01-01 10:06:30.219 0 0 D mv2112_update_link: 3.0x901(1G): 0x80
01-01 10:06:30.219 0 0 D mv2112_update_link: 3.0x8109(100M): 0x8
01-01 10:06:30.219 0 0 D mv2112_update_link: link 0x0
01-01 10:06:30.219 0 0 D mv2112_read_status: autoneg is disabled
01-01 10:06:31.242 0 0 D : mv2112_read_status
01-01 10:06:31.242 0 0 D mv2112_update_link: 3.0x901(1G): 0x80
01-01 10:06:31.243 0 0 D mv2112_update_link: 3.0x8109(100M): 0x8
01-01 10:06:31.243 0 0 D mv2112_update_link: link 0x0
01-01 10:06:31.243 0 0 D mv2112_read_status: autoneg is disabled
01-01 10:06:32.266 0 0 D : mv2112_read_status
01-01 10:06:32.266 0 0 D mv2112_update_link: 3.0x901(1G): 0x80
01-01 10:06:32.266 0 0 D mv2112_update_link: 3.0x8109(100M): 0x8
01-01 10:06:32.266 0 0 D mv2112_update_link: link 0x0
01-01 10:06:32.266 0 0 D mv2112_read_status: autoneg is disabled
01-01 10:06:33.290 0 0 D : mv2112_read_status
01-01 10:06:33.290 0 0 D mv2112_update_link: 3.0x901(1G): 0x80
01-01 10:06:33.290 0 0 D mv2112_update_link: 3.0x8109(100M): 0x8
01-01 10:06:33.290 0 0 D mv2112_update_link: link 0x0
01-01 10:06:33.290 0 0 D mv2112_read_status: autoneg is disabled
01-01 10:06:34.314 0 0 D : mv2112_read_status
01-01 10:06:34.314 0 0 D mv2112_update_link: 3.0x901(1G): 0x80
01-01 10:06:34.314 0 0 D mv2112_update_link: 3.0x8109(100M): 0x8
01-01 10:06:34.314 0 0 D mv2112_update_link: link 0x0
01-01 10:06:34.314 0 0 D mv2112_read_status: autoneg is disabled
01-01 10:06:35.338 0 0 D : mv2112_read_status
01-01 10:06:35.338 0 0 D mv2112_update_link: 3.0x901(1G): 0x80
01-01 10:06:35.339 0 0 D mv2112_update_link: 3.0x8109(100M): 0x8
01-01 10:06:35.339 0 0 D mv2112_update_link: link 0x0
01-01 10:06:35.339 0 0 D mv2112_read_status: autoneg is disabled
01-01 10:06:36.362 0 0 D : mv2112_read_status
01-01 10:06:36.362 0 0 D mv2112_update_link: 3.0x901(1G): 0x80
01-01 10:06:36.363 0 0 D mv2112_update_link: 3.0x8109(100M): 0x8
01-01 10:06:36.363 0 0 D mv2112_update_link: link 0x0
01-01 10:06:36.363 0 0 D mv2112_read_status: autoneg is disabled
01-01 10:06:37.386 0 0 D : mv2112_read_status
01-01 10:06:37.387 0 0 D mv2112_update_link: 3.0x901(1G): 0x80
01-01 10:06:37.387 0 0 D mv2112_update_link: 3.0x8109(100M): 0x8
01-01 10:06:37.387 0 0 D mv2112_update_link: link 0x0
01-01 10:06:37.387 0 0 D mv2112_read_status: autoneg is disabled
01-01 10:06:38.410 0 0 D : mv2112_read_status
01-01 10:06:38.410 0 0 D mv2112_update_link: 3.0x901(1G): 0x80
01-01 10:06:38.410 0 0 D mv2112_update_link: 3.0x8109(100M): 0x8
01-01 10:06:38.410 0 0 D mv2112_update_link: link 0x0
01-01 10:06:38.411 0 0 D mv2112_read_status: autoneg is disabled
01-01 10:06:39.434 0 0 D : mv2112_read_status
01-01 10:06:39.434 0 0 D mv2112_update_link: 3.0x901(1G): 0x80
01-01 10:06:39.435 0 0 D mv2112_update_link: 3.0x8109(100M): 0x8
01-01 10:06:39.435 0 0 D mv2112_update_link: link 0x0
01-01 10:06:39.435 0 0 D mv2112_read_status: autoneg is disabled
01-01 10:06:40.458 0 0 D : mv2112_read_status
01-01 10:06:40.458 0 0 D mv2112_update_link: 3.0x901(1G): 0x80
01-01 10:06:40.458 0 0 D mv2112_update_link: 3.0x8109(100M): 0x8
01-01 10:06:40.458 0 0 D mv2112_update_link: link 0x0
01-01 10:06:40.458 0 0 D mv2112_read_status: autoneg is disabled
01-01 10:06:41.482 0 0 D : mv2112_read_status
01-01 10:06:41.482 0 0 D mv2112_update_link: 3.0x901(1G): 0x80
01-01 10:06:41.483 0 0 D mv2112_update_link: 3.0x8109(100M): 0x8
01-01 10:06:41.483 0 0 D mv2112_update_link: link 0x0
01-01 10:06:41.483 0 0 D mv2112_read_status: autoneg is disabled
01-01 10:06:42.506 0 0 D : mv2112_read_status
01-01 10:06:42.506 0 0 D mv2112_update_link: 3.0x901(1G): 0x80
01-01 10:06:42.506 0 0 D mv2112_update_link: 3.0x8109(100M): 0x8
01-01 10:06:42.506 0 0 D mv2112_update_link: link 0x0
01-01 10:06:42.506 0 0 D mv2112_read_status: autoneg is disabled
01-01 10:06:43.530 0 0 D : mv2112_read_status
01-01 10:06:43.530 0 0 D mv2112_update_link: 3.0x901(1G): 0x80
01-01 10:06:43.531 0 0 D mv2112_update_link: 3.0x8109(100M): 0x8
01-01 10:06:43.531 0 0 D mv2112_update_link: link 0x0
01-01 10:06:43.531 0 0 D mv2112_read_status: autoneg is disabled
01-01 10:06:44.554 0 0 D : mv2112_read_status
01-01 10:06:44.554 0 0 D mv2112_update_link: 3.0x901(1G): 0x80
01-01 10:06:44.555 0 0 D mv2112_update_link: 3.0x8109(100M): 0x8
01-01 10:06:44.555 0 0 D mv2112_update_link: link 0x0
01-01 10:06:44.555 0 0 D mv2112_read_status: autoneg is disabled
01-01 10:06:45.578 0 0 D : mv2112_read_status
01-01 10:06:45.578 0 0 D mv2112_update_link: 3.0x901(1G): 0x80
01-01 10:06:45.579 0 0 D mv2112_update_link: 3.0x8109(100M): 0x8
01-01 10:06:45.579 0 0 D mv2112_update_link: link 0x0
01-01 10:06:45.579 0 0 D mv2112_read_status: autoneg is disabled
01-01 10:06:46.602 0 0 D : mv2112_read_status
01-01 10:06:46.602 0 0 D mv2112_update_link: 3.0x901(1G): 0x80
01-01 10:06:46.603 0 0 D mv2112_update_link: 3.0x8109(100M): 0x8
01-01 10:06:46.603 0 0 D mv2112_update_link: link 0x0
01-01 10:06:46.603 0 0 D mv2112_read_status: autoneg is disabled
01-01 10:06:47.626 0 0 D : mv2112_read_status
01-01 10:06:47.626 0 0 D mv2112_update_link: 3.0x901(1G): 0x80
01-01 10:06:47.626 0 0 D mv2112_update_link: 3.0x8109(100M): 0x8
01-01 10:06:47.626 0 0 D mv2112_update_link: link 0x0
01-01 10:06:47.626 0 0 D mv2112_read_status: autoneg is disabled
01-01 10:06:48.650 0 0 D : mv2112_read_status
01-01 10:06:48.650 0 0 D mv2112_update_link: 3.0x901(1G): 0x80
01-01 10:06:48.651 0 0 D mv2112_update_link: 3.0x8109(100M): 0x8
01-01 10:06:48.651 0 0 D mv2112_update_link: link 0x0
01-01 10:06:48.651 0 0 D mv2112_read_status: autoneg is disabled
01-01 10:06:49.674 0 0 D : mv2112_read_status
01-01 10:06:49.674 0 0 D mv2112_update_link: 3.0x901(1G): 0x80
01-01 10:06:49.674 0 0 D mv2112_update_link: 3.0x8109(100M): 0x8
01-01 10:06:49.674 0 0 D mv2112_update_link: link 0x0
01-01 10:06:49.674 0 0 D mv2112_read_status: autoneg is disabled
01-01 10:06:50.698 0 0 D : mv2112_read_status
01-01 10:06:50.698 0 0 D mv2112_update_link: 3.0x901(1G): 0x80
01-01 10:06:50.698 0 0 D mv2112_update_link: 3.0x8109(100M): 0x8
01-01 10:06:50.698 0 0 D mv2112_update_link: link 0x0
01-01 10:06:50.698 0 0 D mv2112_read_status: autoneg is disabled
01-01 10:06:51.722 0 0 D : mv2112_read_status
01-01 10:06:51.722 0 0 D mv2112_update_link: 3.0x901(1G): 0x80
01-01 10:06:51.723 0 0 D mv2112_update_link: 3.0x8109(100M): 0x8
01-01 10:06:51.723 0 0 D mv2112_update_link: link 0x0
01-01 10:06:51.723 0 0 D mv2112_read_status: autoneg is disabled
01-01 10:06:52.746 0 0 D : mv2112_read_status
01-01 10:06:52.746 0 0 D mv2112_update_link: 3.0x901(1G): 0x80
01-01 10:06:52.746 0 0 D mv2112_update_link: 3.0x8109(100M): 0x8
01-01 10:06:52.746 0 0 D mv2112_update_link: link 0x0
01-01 10:06:52.746 0 0 D mv2112_read_status: autoneg is disabled
01-01 10:06:53.770 0 0 D : mv2112_read_status
01-01 10:06:53.770 0 0 D mv2112_update_link: 3.0x901(1G): 0x80
01-01 10:06:53.771 0 0 D mv2112_update_link: 3.0x8109(100M): 0x8
01-01 10:06:53.771 0 0 D mv2112_update_link: link 0x0
01-01 10:06:53.771 0 0 D mv2112_read_status: autoneg is disabled
01-01 10:06:54.794 0 0 D : mv2112_read_status
01-01 10:06:54.794 0 0 D mv2112_update_link: 3.0x901(1G): 0x80
01-01 10:06:54.795 0 0 D mv2112_update_link: 3.0x8109(100M): 0x8
01-01 10:06:54.795 0 0 D mv2112_update_link: link 0x0
01-01 10:06:54.795 0 0 D mv2112_read_status: autoneg is disabled
01-01 10:06:55.818 0 0 D : mv2112_read_status
01-01 10:06:55.818 0 0 D mv2112_update_link: 3.0x901(1G): 0x80
01-01 10:06:55.819 0 0 D mv2112_update_link: 3.0x8109(100M): 0x8
01-01 10:06:55.819 0 0 D mv2112_update_link: link 0x0
01-01 10:06:55.819 0 0 D mv2112_read_status: autoneg is disabled
01-01 10:06:56.842 0 0 D : mv2112_read_status
01-01 10:06:56.842 0 0 D mv2112_update_link: 3.0x901(1G): 0x80
01-01 10:06:56.843 0 0 D mv2112_update_link: 3.0x8109(100M): 0x8
01-01 10:06:56.843 0 0 D mv2112_update_link: link 0x0
01-01 10:06:56.843 0 0 D mv2112_read_status: autoneg is disabled
01-01 10:06:57.866 0 0 D : mv2112_read_status
01-01 10:06:57.866 0 0 D mv2112_update_link: 3.0x901(1G): 0x80
01-01 10:06:57.867 0 0 D mv2112_update_link: 3.0x8109(100M): 0x8
01-01 10:06:57.867 0 0 D mv2112_update_link: link 0x0
01-01 10:06:57.867 0 0 D mv2112_read_status: autoneg is disabled
01-01 10:06:58.890 0 0 D : mv2112_read_status
01-01 10:06:58.890 0 0 D mv2112_update_link: 3.0x901(1G): 0x80
01-01 10:06:58.891 0 0 D mv2112_update_link: 3.0x8109(100M): 0x8
01-01 10:06:58.891 0 0 D mv2112_update_link: link 0x0
01-01 10:06:58.891 0 0 D mv2112_read_status: autoneg is disabled
01-01 10:06:59.914 0 0 D : mv2112_read_status
01-01 10:06:59.914 0 0 D mv2112_update_link: 3.0x901(1G): 0x80
01-01 10:06:59.914 0 0 D mv2112_update_link: 3.0x8109(100M): 0x8
01-01 10:06:59.914 0 0 D mv2112_update_link: link 0x0
01-01 10:06:59.914 0 0 D mv2112_read_status: autoneg is disabled
01-01 10:07:00.938 0 0 D : mv2112_read_status
01-01 10:07:00.938 0 0 D mv2112_update_link: 3.0x901(1G): 0x80
01-01 10:07:00.938 0 0 D mv2112_update_link: 3.0x8109(100M): 0x8
01-01 10:07:00.938 0 0 D mv2112_update_link: link 0x0
01-01 10:07:00.938 0 0 D mv2112_read_status: autoneg is disabled
01-01 10:07:01.962 0 0 D : mv2112_read_status
01-01 10:07:01.962 0 0 D mv2112_update_link: 3.0x901(1G): 0x80
01-01 10:07:01.962 0 0 D mv2112_update_link: 3.0x8109(100M): 0x8
01-01 10:07:01.962 0 0 D mv2112_update_link: link 0x0
01-01 10:07:01.962 0 0 D mv2112_read_status: autoneg is disabled
01-01 10:07:02.986 0 0 D : mv2112_read_status
01-01 10:07:02.986 0 0 D mv2112_update_link: 3.0x901(1G): 0x80
01-01 10:07:02.986 0 0 D mv2112_update_link: 3.0x8109(100M): 0x8
01-01 10:07:02.986 0 0 D mv2112_update_link: link 0x0
01-01 10:07:02.986 0 0 D mv2112_read_status: autoneg is disabled
01-01 10:07:04.010 0 0 D : mv2112_read_status
01-01 10:07:04.010 0 0 D mv2112_update_link: 3.0x901(1G): 0x80
01-01 10:07:04.011 0 0 D mv2112_update_link: 3.0x8109(100M): 0x8
01-01 10:07:04.011 0 0 D mv2112_update_link: link 0x0
01-01 10:07:04.011 0 0 D mv2112_read_status: autoneg is disabled
01-01 10:07:05.034 0 0 D : mv2112_read_status
01-01 10:07:05.034 0 0 D mv2112_update_link: 3.0x901(1G): 0x80
01-01 10:07:05.034 0 0 D mv2112_update_link: 3.0x8109(100M): 0x8
01-01 10:07:05.034 0 0 D mv2112_update_link: link 0x0
01-01 10:07:05.034 0 0 D mv2112_read_status: autoneg is disabled
01-01 10:07:06.058 0 0 D : mv2112_read_status
01-01 10:07:06.058 0 0 D mv2112_update_link: 3.0x901(1G): 0x80
01-01 10:07:06.058 0 0 D mv2112_update_link: 3.0x8109(100M): 0x8
01-01 10:07:06.058 0 0 D mv2112_update_link: link 0x0
01-01 10:07:06.058 0 0 D mv2112_read_status: autoneg is disabled
01-01 10:07:07.082 0 0 D : mv2112_read_status
01-01 10:07:07.082 0 0 D mv2112_update_link: 3.0x901(1G): 0x80
01-01 10:07:07.082 0 0 D mv2112_update_link: 3.0x8109(100M): 0x8
01-01 10:07:07.082 0 0 D mv2112_update_link: link 0x0
01-01 10:07:07.083 0 0 D mv2112_read_status: autoneg is disabled
01-01 10:07:08.106 0 0 D : mv2112_read_status
01-01 10:07:08.106 0 0 D mv2112_update_link: 3.0x901(1G): 0x80
01-01 10:07:08.107 0 0 D mv2112_update_link: 3.0x8109(100M): 0x8
01-01 10:07:08.107 0 0 D mv2112_update_link: link 0x0
01-01 10:07:08.107 0 0 D mv2112_read_status: autoneg is disabled
01-01 10:07:09.130 0 0 D : mv2112_read_status
01-01 10:07:09.130 0 0 D mv2112_update_link: 3.0x901(1G): 0x80
01-01 10:07:09.130 0 0 D mv2112_update_link: 3.0x8109(100M): 0x8
01-01 10:07:09.130 0 0 D mv2112_update_link: link 0x0
01-01 10:07:09.130 0 0 D mv2112_read_status: autoneg is disabled
01-01 10:07:10.154 0 0 D : mv2112_read_status
01-01 10:07:10.154 0 0 D mv2112_update_link: 3.0x901(1G): 0x80
01-01 10:07:10.154 0 0 D mv2112_update_link: 3.0x8109(100M): 0x8
01-01 10:07:10.154 0 0 D mv2112_update_link: link 0x0
01-01 10:07:10.154 0 0 D mv2112_read_status: autoneg is disabled
01-01 10:07:11.178 0 0 D : mv2112_read_status
01-01 10:07:11.178 0 0 D mv2112_update_link: 3.0x901(1G): 0x80
01-01 10:07:11.178 0 0 D mv2112_update_link: 3.0x8109(100M): 0x8
01-01 10:07:11.178 0 0 D mv2112_update_link: link 0x0
01-01 10:07:11.178 0 0 D mv2112_read_status: autoneg is disabled
01-01 10:07:12.202 0 0 D : mv2112_read_status
01-01 10:07:12.202 0 0 D mv2112_update_link: 3.0x901(1G): 0x80
01-01 10:07:12.203 0 0 D mv2112_update_link: 3.0x8109(100M): 0x8
01-01 10:07:12.203 0 0 D mv2112_update_link: link 0x0
01-01 10:07:12.203 0 0 D mv2112_read_status: autoneg is disabled
01-01 10:07:13.226 0 0 D : mv2112_read_status
01-01 10:07:13.226 0 0 D mv2112_update_link: 3.0x901(1G): 0x80
01-01 10:07:13.227 0 0 D mv2112_update_link: 3.0x8109(100M): 0x8
01-01 10:07:13.227 0 0 D mv2112_update_link: link 0x0
01-01 10:07:13.227 0 0 D mv2112_read_status: autoneg is disabled
01-01 10:07:14.250 0 0 D : mv2112_read_status
01-01 10:07:14.250 0 0 D mv2112_update_link: 3.0x901(1G): 0x80
01-01 10:07:14.251 0 0 D mv2112_update_link: 3.0x8109(100M): 0x8
01-01 10:07:14.251 0 0 D mv2112_update_link: link 0x0
01-01 10:07:14.251 0 0 D mv2112_read_status: autoneg is disabled
01-01 10:07:15.274 0 0 D : mv2112_read_status
01-01 10:07:15.274 0 0 D mv2112_update_link: 3.0x901(1G): 0x80
01-01 10:07:15.274 0 0 D mv2112_update_link: 3.0x8109(100M): 0x8
01-01 10:07:15.274 0 0 D mv2112_update_link: link 0x0
01-01 10:07:15.274 0 0 D mv2112_read_status: autoneg is disabled
01-01 10:07:16.298 0 0 D : mv2112_read_status
01-01 10:07:16.298 0 0 D mv2112_update_link: 3.0x901(1G): 0x80
01-01 10:07:16.299 0 0 D mv2112_update_link: 3.0x8109(100M): 0x8
01-01 10:07:16.299 0 0 D mv2112_update_link: link 0x0
01-01 10:07:16.299 0 0 D mv2112_read_status: autoneg is disabled
01-01 10:07:17.322 0 0 D : mv2112_read_status
01-01 10:07:17.322 0 0 D mv2112_update_link: 3.0x901(1G): 0x80
01-01 10:07:17.322 0 0 D mv2112_update_link: 3.0x8109(100M): 0x8
01-01 10:07:17.322 0 0 D mv2112_update_link: link 0x0
01-01 10:07:17.322 0 0 D mv2112_read_status: autoneg is disabled
01-01 10:07:18.346 0 0 D : mv2112_read_status
01-01 10:07:18.346 0 0 D mv2112_update_link: 3.0x901(1G): 0x80
01-01 10:07:18.346 0 0 D mv2112_update_link: 3.0x8109(100M): 0x8
01-01 10:07:18.346 0 0 D mv2112_update_link: link 0x0
01-01 10:07:18.346 0 0 D mv2112_read_status: autoneg is disabled
01-01 10:07:19.370 0 0 D : mv2112_read_status
01-01 10:07:19.370 0 0 D mv2112_update_link: 3.0x901(1G): 0x80
01-01 10:07:19.370 0 0 D mv2112_update_link: 3.0x8109(100M): 0x8
01-01 10:07:19.370 0 0 D mv2112_update_link: link 0x0
01-01 10:07:19.370 0 0 D mv2112_read_status: autoneg is disabled
01-01 10:07:20.394 0 0 D : mv2112_read_status
01-01 10:07:20.394 0 0 D mv2112_update_link: 3.0x901(1G): 0x80
01-01 10:07:20.395 0 0 D mv2112_update_link: 3.0x8109(100M): 0x8
01-01 10:07:20.395 0 0 D mv2112_update_link: link 0x0
01-01 10:07:20.395 0 0 D mv2112_read_status: autoneg is disabled
01-01 10:07:21.418 0 0 D : mv2112_read_status
01-01 10:07:21.418 0 0 D mv2112_update_link: 3.0x901(1G): 0x80
01-01 10:07:21.418 0 0 D mv2112_update_link: 3.0x8109(100M): 0x8
01-01 10:07:21.418 0 0 D mv2112_update_link: link 0x0
01-01 10:07:21.418 0 0 D mv2112_read_status: autoneg is disabled
01-01 10:07:22.442 0 0 D : mv2112_read_status
01-01 10:07:22.442 0 0 D mv2112_update_link: 3.0x901(1G): 0x80
01-01 10:07:22.443 0 0 D mv2112_update_link: 3.0x8109(100M): 0x8
01-01 10:07:22.443 0 0 D mv2112_update_link: link 0x0
01-01 10:07:22.443 0 0 D mv2112_read_status: autoneg is disabled
01-01 10:07:23.466 0 0 D : mv2112_read_status
01-01 10:07:23.466 0 0 D mv2112_update_link: 3.0x901(1G): 0x80
01-01 10:07:23.466 0 0 D mv2112_update_link: 3.0x8109(100M): 0x8
01-01 10:07:23.466 0 0 D mv2112_update_link: link 0x0
01-01 10:07:23.466 0 0 D mv2112_read_status: autoneg is disabled
01-01 10:07:24.490 0 0 D : mv2112_read_status
01-01 10:07:24.490 0 0 D mv2112_update_link: 3.0x901(1G): 0x80
01-01 10:07:24.490 0 0 D mv2112_update_link: 3.0x8109(100M): 0x8
01-01 10:07:24.490 0 0 D mv2112_update_link: link 0x0
01-01 10:07:24.490 0 0 D mv2112_read_status: autoneg is disabled
01-01 10:07:25.514 0 0 D : mv2112_read_status
01-01 10:07:25.514 0 0 D mv2112_update_link: 3.0x901(1G): 0x80
01-01 10:07:25.514 0 0 D mv2112_update_link: 3.0x8109(100M): 0x8
01-01 10:07:25.514 0 0 D mv2112_update_link: link 0x0
01-01 10:07:25.514 0 0 D mv2112_read_status: autoneg is disabled
01-01 10:07:26.538 0 0 D : mv2112_read_status
01-01 10:07:26.538 0 0 D mv2112_update_link: 3.0x901(1G): 0x80
01-01 10:07:26.538 0 0 D mv2112_update_link: 3.0x8109(100M): 0x8
01-01 10:07:26.538 0 0 D mv2112_update_link: link 0x0
01-01 10:07:26.538 0 0 D mv2112_read_status: autoneg is disabled
01-01 10:07:27.562 0 0 D : mv2112_read_status
01-01 10:07:27.562 0 0 D mv2112_update_link: 3.0x901(1G): 0x80
01-01 10:07:27.562 0 0 D mv2112_update_link: 3.0x8109(100M): 0x8
01-01 10:07:27.562 0 0 D mv2112_update_link: link 0x0
01-01 10:07:27.562 0 0 D mv2112_read_status: autoneg is disabled
01-01 10:07:28.586 0 0 D : mv2112_read_status
01-01 10:07:28.586 0 0 D mv2112_update_link: 3.0x901(1G): 0x80
01-01 10:07:28.587 0 0 D mv2112_update_link: 3.0x8109(100M): 0x8
01-01 10:07:28.587 0 0 D mv2112_update_link: link 0x0
01-01 10:07:28.587 0 0 D mv2112_read_status: autoneg is disabled
01-01 10:07:29.610 0 0 D : mv2112_read_status
01-01 10:07:29.610 0 0 D mv2112_update_link: 3.0x901(1G): 0x80
