12-14 03:22:22.173 1483 1607 E PinnerService: Could not pin file /system/lib64/libsurfaceflinger.so
12-14 03:22:22.173 1483 1607 E PinnerService: android.system.ErrnoException: open failed: ENOENT (No such file or directory)
12-14 03:22:22.173 1483 1607 E PinnerService: at libcore.io.Linux.open(Native Method)
12-14 03:22:22.173 1483 1607 E PinnerService: at libcore.io.ForwardingOs.open(ForwardingOs.java:567)
12-14 03:22:22.173 1483 1607 E PinnerService: at libcore.io.BlockGuardOs.open(BlockGuardOs.java:273)
12-14 03:22:22.173 1483 1607 E PinnerService: at android.system.Os.open(Os.java:501)
12-14 03:22:22.173 1483 1607 E PinnerService: at com.android.server.PinnerService.pinFileRanges(PinnerService.java:939)
12-14 03:22:22.173 1483 1607 E PinnerService: at com.android.server.PinnerService.pinFile(PinnerService.java:814)
12-14 03:22:22.173 1483 1607 E PinnerService: at com.android.server.PinnerService.handlePinOnStart(PinnerService.java:273)
12-14 03:22:22.173 1483 1607 E PinnerService: at com.android.server.PinnerService.access$1600(PinnerService.java:91)
12-14 03:22:22.173 1483 1607 E PinnerService: at com.android.server.PinnerService$PinnerHandler.handleMessage(PinnerService.java:1183)
12-14 03:22:22.173 1483 1607 E PinnerService: at android.os.Handler.dispatchMessage(Handler.java:106)
12-14 03:22:22.173 1483 1607 E PinnerService: at android.os.Looper.loopOnce(Looper.java:201)
12-14 03:22:22.173 1483 1607 E PinnerService: at android.os.Looper.loop(Looper.java:288)
12-14 03:22:22.173 1483 1607 E PinnerService: at android.os.HandlerThread.run(HandlerThread.java:67)
12-14 03:22:22.174 1483 1607 E PinnerService: Failed to pin file = /system/lib64/libsurfaceflinger.so
12-14 03:22:22.174 1483 1483 I DevicePolicyManager: Set ro.organization_owned property to false
12-14 03:22:22.175 1483 1804 E PersistentDataBlockService: not able to find package com.google.android.gms
12-14 03:22:22.175 1483 1804 E PersistentDataBlockService: android.content.pm.PackageManager$NameNotFoundException: com.google.android.gms
12-14 03:22:22.175 1483 1804 E PersistentDataBlockService: at android.app.ApplicationPackageManager.getPackageUidAsUser(ApplicationPackageManager.java:364)
12-14 03:22:22.175 1483 1804 E PersistentDataBlockService: at com.android.server.PersistentDataBlockService.getAllowedUid(PersistentDataBlockService.java:162)
12-14 03:22:22.175 1483 1804 E PersistentDataBlockService: at com.android.server.PersistentDataBlockService.lambda$onStart$0$PersistentDataBlockService(PersistentDataBlockService.java:176)
12-14 03:22:22.175 1483 1804 E PersistentDataBlockService: at com.android.server.PersistentDataBlockService$$ExternalSyntheticLambda0.run(Unknown Source:2)
12-14 03:22:22.175 1483 1804 E PersistentDataBlockService: at com.android.server.SystemServerInitThreadPool.lambda$submitTask$0$SystemServerInitThreadPool(SystemServerInitThreadPool.java:105)
12-14 03:22:22.175 1483 1804 E PersistentDataBlockService: at com.android.server.SystemServerInitThreadPool$$ExternalSyntheticLambda0.run(Unknown Source:6)
12-14 03:22:22.175 1483 1804 E PersistentDataBlockService: at java.util.concurrent.Executors$RunnableAdapter.call(Executors.java:462)
12-14 03:22:22.175 1483 1804 E PersistentDataBlockService: at java.util.concurrent.FutureTask.run(FutureTask.java:266)
12-14 03:22:22.175 1483 1804 E PersistentDataBlockService: at java.util.concurrent.ThreadPoolExecutor.runWorker(ThreadPoolExecutor.java:1167)
12-14 03:22:22.175 1483 1804 E PersistentDataBlockService: at java.util.concurrent.ThreadPoolExecutor$Worker.run(ThreadPoolExecutor.java:641)
12-14 03:22:22.175 1483 1804 E PersistentDataBlockService: at com.android.internal.util.ConcurrentUtils$1$1.run(ConcurrentUtils.java:65)
12-14 03:22:22.176 1483 1483 I SystemServerTiming: StartStatusBarManagerService
12-14 03:22:22.177 1483 1483 D SystemServer: MusicRecognitionManagerService not defined by OEM or disabled by flag
12-14 03:22:22.177 1483 1483 D SystemServer: ContentCaptureService disabled because resource is not overlaid
12-14 03:22:22.177 1483 1483 D SystemServer: AttentionService is not configured on this device
12-14 03:22:22.177 1483 1483 D SystemServer: RotationResolverService is not configured on this device
12-14 03:22:22.177 1483 1483 D SystemServer: SystemCaptionsManagerService disabled because resource is not overlaid
12-14 03:22:22.177 1483 1483 I SystemServerTiming: StartTextToSpeechManagerService
12-14 03:22:22.177 1483 1483 I SystemServiceManager: Starting com.android.server.texttospeech.TextToSpeechManagerService
12-14 03:22:22.183 1483 1483 I SystemServerTiming: StartSpeechRecognitionManagerService
12-14 03:22:22.183 1483 1483 I SystemServiceManager: Starting com.android.server.speech.SpeechRecognitionManagerService
12-14 03:22:22.184 1483 1483 D SystemServer: AppPredictionService not defined by OEM
12-14 03:22:22.185 1483 1483 D SystemServer: ContentSuggestionsService not defined by OEM
12-14 03:22:22.185 1483 1483 I SystemServerTiming: StartSearchUiService
12-14 03:22:22.185 1483 1483 I SystemServiceManager: Starting com.android.server.searchui.SearchUiManagerService
12-14 03:22:22.186 1483 1483 I SystemServerTiming: StartSmartspaceService
12-14 03:22:22.186 1483 1483 I SystemServiceManager: Starting com.android.server.smartspace.SmartspaceManagerService
12-14 03:22:22.188 1483 1483 I SystemServerTiming: InitConnectivityModuleConnector
12-14 03:22:22.188 1483 1483 D ConnectivityModuleConnector: Network stack init
01-01 10:04:25.251 0 0 I msm_vidc: high: 00000001: ....e: Opening video instance: 0000000000000000, 0
01-01 10:04:25.251 0 0 I msm_vidc: err : 00000001: ....e: Failed to create debugfs for msm_vidc
12-14 03:22:22.190 1483 1483 I SystemServerTiming: InitNetworkStackClient
12-14 03:22:22.190 1483 1483 I SystemServerTiming: StartNetworkManagementService
12-14 03:22:22.195 1483 1483 I SystemServerTiming: StartIpSecService
12-14 03:22:22.196 1483 1483 I SystemServerTiming: StartFontManagerService
01-01 10:04:25.258 0 0 I msm_vidc: high: 00000001: h265e: Closed video instance: 0000000000000000
01-01 10:04:25.276 0 0 I msm_vidc: high: 00000001: ....d: Opening video instance: 0000000000000000, 1
01-01 10:04:25.276 0 0 I msm_vidc: err : 00000001: ....d: Failed to create debugfs for msm_vidc
01-01 10:04:25.280 0 0 I msm_vidc: high: 00000001: h264d: Closed video instance: 0000000000000000
01-01 10:04:25.300 0 0 I msm_vidc: high: 00000001: ....d: Opening video instance: 0000000000000000, 1
01-01 10:04:25.300 0 0 I msm_vidc: err : 00000001: ....d: Failed to create debugfs for msm_vidc
01-01 10:04:25.309 0 0 I msm_vidc: high: 00000001: h264d: Closed video instance: 0000000000000000
01-01 10:04:25.344 0 0 I msm_vidc: high: 00000001: ....d: Opening video instance: 0000000000000000, 1
01-01 10:04:25.344 0 0 I msm_vidc: err : 00000001: ....d: Failed to create debugfs for msm_vidc
01-01 10:04:25.350 0 0 I msm_vidc: high: 00000001: h265d: Closed video instance: 0000000000000000
01-01 10:04:25.360 0 0 I msm_vidc: high: 00000001: ....d: Opening video instance: 0000000000000000, 1
01-01 10:04:25.360 0 0 I msm_vidc: err : 00000001: ....d: Failed to create debugfs for msm_vidc
01-01 10:04:25.365 0 0 I msm_vidc: high: 00000001: h265d: Closed video instance: 0000000000000000
12-14 03:22:22.310 1483 1483 I SystemServerTiming: StartTextServicesManager
12-14 03:22:22.310 1483 1483 I SystemServiceManager: Starting com.android.server.textservices.TextServicesManagerService$Lifecycle
12-14 03:22:22.311 1483 1483 I SystemServerTiming: StartTextClassificationManagerService
12-14 03:22:22.311 1483 1483 I SystemServiceManager: Starting com.android.server.textclassifier.TextClassificationManagerService$Lifecycle
12-14 03:22:22.311 1483 1483 I SystemServerTiming: StartNetworkScoreService
12-14 03:22:22.311 1483 1483 I SystemServiceManager: Starting com.android.server.NetworkScoreService$Lifecycle
12-14 03:22:22.312 1483 1483 I SystemServerTiming: StartNetworkStatsService
12-14 03:22:22.314 1483 1483 I SystemServerTiming: StartNetworkPolicyManagerService
01-01 10:04:25.378 0 0 I msm_vidc: high: 00000001: ....d: Opening video instance: 0000000000000000, 1
01-01 10:04:25.378 0 0 I msm_vidc: err : 00000001: ....d: Failed to create debugfs for msm_vidc
01-01 10:04:25.385 0 0 I msm_vidc: high: 00000001: mpg2d: Closed video instance: 0000000000000000
12-14 03:22:22.324 1483 1483 I SystemServerTiming: StartWifi
01-01 10:04:25.389 0 0 I msm_vidc: high: 00000001: ....d: Opening video instance: 0000000000000000, 1
01-01 10:04:25.389 0 0 I msm_vidc: err : 00000001: ....d: Failed to create debugfs for msm_vidc
01-01 10:04:25.394 0 0 I msm_vidc: high: 00000001: mpg2d: Closed video instance: 0000000000000000
12-14 03:22:22.345 1483 1483 I SystemServiceManager: Starting com.android.server.wifi.WifiService
01-01 10:04:25.413 0 0 I msm_vidc: high: 00000001: ....d: Opening video instance: 0000000000000000, 1
01-01 10:04:25.413 0 0 I msm_vidc: err : 00000001: ....d: Failed to create debugfs for msm_vidc
01-01 10:04:25.417 0 0 I msm_vidc: high: 00000001: vp8d: Closed video instance: 0000000000000000
01-01 10:04:25.435 0 0 I msm_vidc: high: 00000001: ....d: Opening video instance: 0000000000000000, 1
01-01 10:04:25.435 0 0 I msm_vidc: err : 00000001: ....d: Failed to create debugfs for msm_vidc
01-01 10:04:25.439 0 0 I msm_vidc: high: 00000001: vp9d: Closed video instance: 0000000000000000
01-01 10:04:25.446 0 0 I msm_vidc: high: 00000001: ....d: Opening video instance: 0000000000000000, 1
01-01 10:04:25.446 0 0 I msm_vidc: err : 00000001: ....d: Failed to create debugfs for msm_vidc
01-01 10:04:25.450 0 0 I msm_vidc: high: 00000001: vp9d: Closed video instance: 0000000000000000
01-01 10:04:25.464 0 0 I msm_vidc: high: 00000001: ....e: Opening video instance: 0000000000000000, 0
01-01 10:04:25.464 0 0 I msm_vidc: err : 00000001: ....e: Failed to create debugfs for msm_vidc
01-01 10:04:25.468 0 0 I msm_vidc: high: 00000001: h264e: Closed video instance: 0000000000000000
12-14 03:22:22.435 1206 1206 I wificond: New wificond event callback registered
12-14 03:22:22.438 1483 1483 V HistoricalRegistry: Interaction before persistence initialized
12-14 03:22:22.440 1483 1483 I SystemServerTiming: StartWifiScanning
12-14 03:22:22.440 1483 1483 I SystemServiceManager: Starting com.android.server.wifi.scanner.WifiScanningService
01-01 10:04:25.508 0 0 I msm_vidc: high: 00000001: ....e: Opening video instance: 0000000000000000, 0
01-01 10:04:25.508 0 0 I msm_vidc: err : 00000001: ....e: Failed to create debugfs for msm_vidc
12-14 03:22:22.449 1483 1483 I SystemServerTiming: StartRttService
12-14 03:22:22.449 1483 1483 I SystemServiceManager: Starting com.android.server.wifi.rtt.RttService
12-14 03:22:22.449 1483 1483 I SystemServerTiming: StartWifiAware
12-14 03:22:22.450 1483 1483 I SystemServiceManager: Starting com.android.server.wifi.aware.WifiAwareService
12-14 03:22:22.450 1483 1483 I SystemServerTiming: StartWifiP2P
12-14 03:22:22.450 1483 1483 I SystemServiceManager: Starting com.android.server.wifi.p2p.WifiP2pService
12-14 03:22:22.452 1483 1483 I SystemServerTiming: StartEthernet
12-14 03:22:22.453 1483 1483 I SystemServiceManager: Starting com.android.server.ethernet.EthernetService
01-01 10:04:25.513 0 0 I msm_vidc: high: 00000001: h265e: Closed video instance: 0000000000000000
12-14 03:22:22.456 1483 1483 I SystemServerTiming: StartPacProxyService
12-14 03:22:22.457 1483 1483 I SystemServerTiming: StartConnectivityService
01-01 10:04:25.525 0 0 I msm_vidc: high: 00000001: ....e: Opening video instance: 0000000000000000, 0
01-01 10:04:25.525 0 0 I msm_vidc: err : 00000001: ....e: Failed to create debugfs for msm_vidc
12-14 03:22:22.467 1483 1483 I SystemServiceManager: Starting com.android.server.ConnectivityServiceInitializer
01-01 10:04:25.529 0 0 I msm_vidc: high: 00000001: h265e: Closed video instance: 0000000000000000
12-14 03:22:22.499 1483 1483 D CompatibilityChangeReporter: Compat change id reported: 182478738; UID 1000; state: ENABLED
01-01 10:04:25.559 0 0 I msm_vidc: high: 00000001: ....e: Opening video instance: 0000000000000000, 0
01-01 10:04:25.559 0 0 I msm_vidc: err : 00000001: ....e: Failed to create debugfs for msm_vidc
01-01 10:04:25.559 0 0 I msm_vidc: err : 00000001: ....e: msm_vidc_comm_update_ctrl: failed: control name Ltr Count, min 0, max 0, step 0, default_value 0
01-01 10:04:25.563 0 0 I msm_vidc: high: 00000001: vp8e: Closed video instance: 0000000000000000
12-14 03:22:22.504 1483 1483 I SystemServerTiming: StartVpnManagerService
12-14 03:22:22.507 1483 1483 I SystemServerTiming: StartVcnManagementService
12-14 03:22:22.511 1483 1483 I SystemServerTiming: StartNsdService
12-14 03:22:22.512 1483 1483 D NsdService: Network service discovery is enabled
12-14 03:22:22.514 1483 1483 I SystemServerTiming: StartSystemUpdateManagerService
12-14 03:22:22.514 1483 1483 I SystemUpdateManagerService: No existing info file /data/system/system-update-info.xml
12-14 03:22:22.515 1483 1483 I SystemServerTiming: StartUpdateLockService
12-14 03:22:22.515 1483 1483 I SystemServerTiming: StartNotificationManager
12-14 03:22:22.515 1483 1483 I SystemServiceManager: Starting com.android.server.notification.NotificationManagerService
12-14 03:22:22.520 1483 1483 D ConditionProviders.SCP: new ScheduleConditionProvider()
12-14 03:22:22.531 1483 1483 I NotificationAssistants: Read notification assistant permissions from xml
12-14 03:22:22.531 1483 1483 I ConditionProviders: Read condition provider permissions from xml
12-14 03:22:22.531 1483 1483 I ConditionProviders: Read condition provider permissions from xml
12-14 03:22:22.531 1483 1483 D NotificationAssistants: Approving default notification assistant for user 0
12-14 03:22:22.532 1483 1483 I ConditionProviders: Allowing condition provider android.ext.services/android.ext.services.notification.Assistant (userSet: true)
12-14 03:22:22.532 1483 1483 I GameModeConfig: isGameModeOn cache is null
12-14 03:22:22.533 1483 1483 I GameModeConfig: isGameModeOn = false
12-14 03:22:22.534 1483 1483 D CompatibilityChangeReporter: Compat change id reported: 157233955; UID 1000; state: ENABLED
12-14 03:22:22.539 1483 1483 I SystemServerTiming: StartDeviceMonitor
12-14 03:22:22.539 1483 1483 I SystemServiceManager: Starting com.android.server.storage.DeviceStorageMonitorService
12-14 03:22:22.540 1483 1483 I SystemServerTiming: StartLocationManagerService
12-14 03:22:22.540 1483 1483 I SystemServiceManager: Starting com.android.server.location.LocationManagerService$Lifecycle
12-14 03:22:22.543 1483 1483 I SystemServerTiming: StartCountryDetectorService
12-14 03:22:22.543 1483 1483 I SystemServerTiming: StartTimeDetectorService
12-14 03:22:22.543 1483 1483 I SystemServiceManager: Starting com.android.server.timedetector.TimeDetectorService$Lifecycle
12-14 03:22:22.544 1483 1483 I SystemServerTiming: StartTimeZoneDetectorService
12-14 03:22:22.544 1483 1483 I SystemServiceManager: Starting com.android.server.timezonedetector.TimeZoneDetectorService$Lifecycle
12-14 03:22:22.545 1483 1483 I SystemServerTiming: StartLocationTimeZoneManagerService
12-14 03:22:22.545 1483 1483 I SystemServiceManager: Starting com.android.server.timezonedetector.location.LocationTimeZoneManagerService$Lifecycle
12-14 03:22:22.545 1483 1483 I SystemServerTiming: StartSearchManagerService
12-14 03:22:22.546 1483 1483 I SystemServiceManager: Starting com.android.server.search.SearchManagerService$Lifecycle
12-14 03:22:22.546 1483 1483 I SystemServerTiming: StartWallpaperManagerService
12-14 03:22:22.546 1483 1483 I SystemServiceManager: Starting com.android.server.wallpaper.WallpaperManagerService$Lifecycle
12-14 03:22:22.547 1483 1483 I SystemServerTiming: StartAudioService
12-14 03:22:22.548 1483 1483 I SystemServiceManager: Starting com.android.server.audio.AudioService$Lifecycle
12-14 03:22:22.581 1483 1483 I SystemServerTiming: StartSoundTriggerMiddlewareService
12-14 03:22:22.581 1483 1483 I SystemServiceManager: Starting com.android.server.soundtrigger_middleware.SoundTriggerMiddlewareService$Lifecycle
12-14 03:22:22.587 1483 1483 I SystemServerTiming: StartDockObserver
12-14 03:22:22.587 1483 1483 I SystemServiceManager: Starting com.android.server.DockObserver
12-14 03:22:22.588 1483 1483 W DockObserver: This kernel does not have dock station support
12-14 03:22:22.588 1483 1483 I SystemServerTiming: StartWiredAccessoryManager
12-14 03:22:22.588 1483 1483 W WiredAccessoryManager: This kernel does not have usb audio support
12-14 03:22:22.589 1483 1483 W WiredAccessoryManager: This kernel does not have HDMI audio support
12-14 03:22:22.589 1483 1483 E WiredAccessoryManager: file /sys/devices/platform/soc/soc:qcom,msm-ext-disp/extcon/extcon3/name not found
12-14 03:22:22.589 1483 1483 W WiredAccessoryManager: Conn soc:qcom,msm-ext-disp/3/0 does not have DP audio support
12-14 03:22:22.589 1483 1483 E WiredAccessoryManager: file /sys/devices/platform/soc/soc:qcom,msm-ext-disp/extcon/extcon2/name not found
12-14 03:22:22.589 1483 1483 W WiredAccessoryManager: Conn soc:qcom,msm-ext-disp/2/0 does not have DP audio support
12-14 03:22:22.589 1483 1483 E WiredAccessoryManager: set dev_index 1
12-14 03:22:22.589 1483 1483 W WiredAccessoryManager: checkCableIndex set cable 0
12-14 03:22:22.590 1483 1483 E WiredAccessoryManager: set dev_index 0
12-14 03:22:22.590 1483 1483 W WiredAccessoryManager: checkCableIndex set cable 0
12-14 03:22:22.590 1483 1483 I SystemServerTiming: StartMidiManager
12-14 03:22:22.590 1483 1483 I SystemServiceManager: Starting com.android.server.midi.MidiService$Lifecycle
12-14 03:22:22.590 1483 1483 I SystemServerTiming: StartAdbService
12-14 03:22:22.590 1483 1483 I SystemServiceManager: Starting com.android.server.adb.AdbService$Lifecycle
12-14 03:22:22.591 1483 1483 I SystemServerTiming: StartUsbService
12-14 03:22:22.592 1483 1483 I SystemServiceManager: Starting com.android.server.usb.UsbService$Lifecycle
12-14 03:22:22.592 1483 1483 I SystemServerTiming: StartSerialService
12-14 03:22:22.592 1483 1593 I SystemServerTimingAsync: InitThreadPoolExec:UsbService$Lifecycle#onStart
12-14 03:22:22.592 1483 1483 I SystemServerTiming: StartHardwarePropertiesManagerService
12-14 03:22:22.593 1483 1593 E UsbDeviceManager: failed to write to /sys/class/android_usb/android0/f_rndis/ethaddr
12-14 03:22:22.595 1483 1593 I UsbDeviceManager: USB GADGET HAL not present in the device
12-14 03:22:22.595 1483 1593 I UsbDeviceManager: java.util.NoSuchElementException
12-14 03:22:22.595 1483 1593 I UsbDeviceManager: at android.os.HwBinder.getService(Native Method)
12-14 03:22:22.595 1483 1593 I UsbDeviceManager: at android.hardware.usb.gadget.V1_0.IUsbGadget.getService(IUsbGadget.java:57)
12-14 03:22:22.595 1483 1593 I UsbDeviceManager: at android.hardware.usb.gadget.V1_0.IUsbGadget.getService(IUsbGadget.java:64)
12-14 03:22:22.595 1483 1593 I UsbDeviceManager: at com.android.server.usb.UsbDeviceManager.(UsbDeviceManager.java:293)
12-14 03:22:22.595 1483 1593 I UsbDeviceManager: at com.android.server.usb.UsbService.(UsbService.java:178)
12-14 03:22:22.595 1483 1593 I UsbDeviceManager: at com.android.server.usb.UsbService$Lifecycle.lambda$onStart$0$UsbService$Lifecycle(UsbService.java:92)
12-14 03:22:22.595 1483 1593 I UsbDeviceManager: at com.android.server.usb.UsbService$Lifecycle$$ExternalSyntheticLambda1.run(Unknown Source:2)
12-14 03:22:22.595 1483 1593 I UsbDeviceManager: at com.android.server.SystemServerInitThreadPool.lambda$submitTask$0$SystemServerInitThreadPool(SystemServerInitThreadPool.java:105)
12-14 03:22:22.595 1483 1593 I UsbDeviceManager: at com.android.server.SystemServerInitThreadPool$$ExternalSyntheticLambda0.run(Unknown Source:6)
12-14 03:22:22.595 1483 1593 I UsbDeviceManager: at java.util.concurrent.Executors$RunnableAdapter.call(Executors.java:462)
12-14 03:22:22.595 1483 1593 I UsbDeviceManager: at java.util.concurrent.FutureTask.run(FutureTask.java:266)
12-14 03:22:22.595 1483 1593 I UsbDeviceManager: at java.util.concurrent.ThreadPoolExecutor.runWorker(ThreadPoolExecutor.java:1167)
12-14 03:22:22.595 1483 1593 I UsbDeviceManager: at java.util.concurrent.ThreadPoolExecutor$Worker.run(ThreadPoolExecutor.java:641)
12-14 03:22:22.595 1483 1593 I UsbDeviceManager: at com.android.internal.util.ConcurrentUtils$1$1.run(ConcurrentUtils.java:65)
12-14 03:22:22.595 1483 1593 E UsbDeviceManager: Failed to open control for mtp
12-14 03:22:22.595 1483 1593 E UsbDeviceManager: Failed to open control for ptp
12-14 03:22:22.597 1483 1483 I SystemServerTiming: StartTwilightService
12-14 03:22:22.597 1483 1483 I SystemServiceManager: Starting com.android.server.twilight.TwilightService
12-14 03:22:22.597 1483 1483 I SystemServerTiming: StartColorDisplay
12-14 03:22:22.597 1483 1483 I SystemServiceManager: Starting com.android.server.display.color.ColorDisplayService
12-14 03:22:22.597 1483 1593 W StorageManagerService: No primary storage defined yet; hacking together a stub
12-14 03:22:22.599 1483 1483 I SystemServerTiming: StartJobScheduler
12-14 03:22:22.599 1483 1483 I SystemServiceManager: Starting com.android.server.job.JobSchedulerService
01-01 10:04:25.660 0 0 I : acc_open
01-01 10:04:25.660 0 0 I : acc_release
12-14 03:22:22.606 1483 1483 D JobStore: Start tag: job-info
12-14 03:22:22.610 1483 1776 I UsbPortManager: Usb hal service started android.hardware.usb@1.0::IUsb default
12-14 03:22:22.610 1483 1483 W JobStore: Periodic job for uid='10094' persisted run-time is too big [360:00:27, 720:00:27]. Clamping to [360:00:11,720:00:11]
12-14 03:22:22.614 1483 1483 W JobStore: Periodic job for uid='1000' persisted run-time is too big [24:00:23, 48:00:23]. Clamping to [24:00:11,48:00:11]
12-14 03:22:22.614 1483 1776 I UsbPortManager: USB HAL version: 12
12-14 03:22:22.615 1483 1483 I JobStore: Read 5 jobs
12-14 03:22:22.623 1483 1483 V HistoricalRegistry: Interaction before persistence initialized
12-14 03:22:22.623 1483 1483 V HistoricalRegistry: Interaction before persistence initialized
12-14 03:22:22.623 1483 1483 W JobScheduler: !!! RTC not yet good; tracking time updates for job scheduling
12-14 03:22:22.624 1483 1483 I SystemServerTiming: StartSoundTrigger
12-14 03:22:22.624 1483 1483 I SystemServiceManager: Starting com.android.server.soundtrigger.SoundTriggerService
12-14 03:22:22.625 1483 1483 I SystemServerTiming: StartTrustManager
12-14 03:22:22.625 1483 1483 I SystemServiceManager: Starting com.android.server.trust.TrustManagerService
12-14 03:22:22.626 1483 1483 I SystemServerTiming: StartBackupManager
12-14 03:22:22.626 1483 1483 I SystemServiceManager: Starting com.android.server.backup.BackupManagerService$Lifecycle
12-14 03:22:22.629 1483 1483 I SystemServerTiming: StartAppWidgetService
12-14 03:22:22.629 1483 1483 I SystemServiceManager: Starting com.android.server.appwidget.AppWidgetService
12-14 03:22:22.632 1483 1483 I SystemServerTiming: StartVoiceRecognitionManager
12-14 03:22:22.632 1483 1483 I SystemServiceManager: Starting com.android.server.voiceinteraction.VoiceInteractionManagerService
12-14 03:22:22.647 1483 1483 I SystemServerTiming: StartAppHibernationService
12-14 03:22:22.647 1483 1483 I SystemServiceManager: Starting com.android.server.apphibernation.AppHibernationService
12-14 03:22:22.650 1483 1483 I SystemServerTiming: StartGestureLauncher
12-14 03:22:22.650 1483 1483 I SystemServiceManager: Starting com.android.server.GestureLauncherService
12-14 03:22:22.650 1483 1483 I SystemServerTiming: StartSensorNotification
12-14 03:22:22.650 1483 1483 I SystemServiceManager: Starting com.android.server.SensorNotificationService
12-14 03:22:22.650 1483 1483 I SystemServerTiming: StartDiskStatsService
12-14 03:22:22.651 1483 1483 I SystemServerTiming: RuntimeService
12-14 03:22:22.652 1483 1483 I SystemServerTiming: StartNetworkTimeUpdateService
12-14 03:22:22.660 1483 1483 I SystemServerTiming: CertBlacklister
12-14 03:22:22.661 1483 1483 I SystemServerTiming: StartEmergencyAffordanceService
12-14 03:22:22.661 1483 1483 I SystemServiceManager: Starting com.android.server.emergency.EmergencyAffordanceService
12-14 03:22:22.661 1483 1483 I SystemServerTiming: startBlobStoreManagerService
12-14 03:22:22.662 1483 1483 I SystemServiceManager: Starting com.android.server.blob.BlobStoreManagerService
12-14 03:22:22.664 1483 1483 I SystemServerTiming: StartDreamManager
12-14 03:22:22.664 1483 1483 I SystemServiceManager: Starting com.android.server.dreams.DreamManagerService
12-14 03:22:22.665 1483 1483 I SystemServerTiming: AddGraphicsStatsService
12-14 03:22:22.668 1483 1483 I SystemServerTiming: StartCompanionDeviceManager
12-14 03:22:22.668 1483 1483 I SystemServiceManager: Starting com.android.server.companion.CompanionDeviceManagerService
12-14 03:22:22.670 1483 1483 I SystemServerTiming: StartRestrictionManager
12-14 03:22:22.670 1483 1483 I SystemServiceManager: Starting com.android.server.restrictions.RestrictionsManagerService
12-14 03:22:22.670 1483 1483 I SystemServerTiming: StartMediaSessionService
12-14 03:22:22.671 1483 1483 I SystemServiceManager: Starting com.android.server.media.MediaSessionService
12-14 03:22:22.672 1483 1483 I SystemServerTiming: StartMediaResourceMonitor
12-14 03:22:22.672 1483 1483 I SystemServiceManager: Starting com.android.server.media.MediaResourceMonitorService
12-14 03:22:22.672 1483 1483 I SystemServerTiming: StartMediaRouterService
12-14 03:22:22.672 1483 1483 V HistoricalRegistry: Interaction before persistence initialized
12-14 03:22:22.674 1483 1483 I SystemServerTiming: StartFingerprintSensor
12-14 03:22:22.674 1483 1483 I SystemServiceManager: Starting com.android.server.biometrics.sensors.fingerprint.FingerprintService
12-14 03:22:22.674 1483 1483 I SystemServerTiming: StartBiometricService
12-14 03:22:22.674 1483 1483 I SystemServiceManager: Starting com.android.server.biometrics.BiometricService
12-14 03:22:22.675 1483 1483 I SystemServerTiming: StartAuthService
12-14 03:22:22.675 1483 1483 I SystemServiceManager: Starting com.android.server.biometrics.AuthService
12-14 03:22:22.676 1483 1483 D AuthService: Registering HIDL ID: 0 Modality: 2 Strength: 15
12-14 03:22:22.676 1483 1483 D AuthService: Registering HIDL ID: 1 Modality: 8 Strength: 15
12-14 03:22:22.682 1483 1483 E AuthService: HIDL face configuration exists, but FaceService is null.
12-14 03:22:22.683 1483 1483 I SystemServerTiming: StartBackgroundDexOptService
12-14 03:22:22.683 1483 1483 W BackgroundDexOptService: SysProp pm.dexopt.downgrade_after_inactive_days not set
12-14 03:22:22.684 1483 1483 I SystemServerTiming: StartDynamicCodeLoggingService
12-14 03:22:22.684 1483 1483 I SystemServerTiming: StartPruneInstantAppsJobService
12-14 03:22:22.684 1483 1483 I SystemServerTiming: StartShortcutServiceLifecycle
12-14 03:22:22.684 1483 1483 I SystemServiceManager: Starting com.android.server.pm.ShortcutService$Lifecycle
12-14 03:22:22.685 1483 1937 D BiometricService: Registering ID: 0 Modality: 2 Strength: 15
12-14 03:22:22.685 1483 1937 D BiometricStrengthController: updateStrengths: revert sensorId=0 to oemStrength=15
12-14 03:22:22.685 1483 1937 D BiometricService/Sensor: updateStrength: Before(ID(0), oemStrength: 15, updatedStrength: 15, modality 2, state: 0, cookie: 0, props: ID: 0, Strength: 2, Type: 1) After(ID(0), oemStrength: 15, updatedStrength: 15, modality 2, state: 0, cookie: 0, props: ID: 0, Strength: 2, Type: 1)
12-14 03:22:22.685 1483 1483 V HistoricalRegistry: Interaction before persistence initialized
12-14 03:22:22.686 1483 1483 I SystemServerTiming: StartLauncherAppsService
12-14 03:22:22.686 1483 1483 I SystemServiceManager: Starting com.android.server.pm.LauncherAppsService
12-14 03:22:22.687 1483 1483 I SystemServerTiming: StartCrossProfileAppsService
12-14 03:22:22.687 1483 1483 I SystemServiceManager: Starting com.android.server.pm.CrossProfileAppsService
12-14 03:22:22.687 1483 1483 I SystemServerTiming: StartPeopleService
12-14 03:22:22.687 1483 1483 I SystemServiceManager: Starting com.android.server.people.PeopleService
12-14 03:22:22.688 1483 1483 I SystemServerTiming: StartMediaMetricsManager
12-14 03:22:22.688 1483 1483 I SystemServiceManager: Starting com.android.server.media.metrics.MediaMetricsManagerService
12-14 03:22:22.689 1483 1483 I SystemServerTiming: StartMediaProjectionManager
12-14 03:22:22.689 1483 1483 I SystemServiceManager: Starting com.android.server.media.projection.MediaProjectionManagerService
12-14 03:22:22.692 1483 1483 I SystemServerTiming: StartSliceManagerService
12-14 03:22:22.692 1483 1483 I SystemServiceManager: Starting com.android.server.slice.SliceManagerService$Lifecycle
12-14 03:22:22.696 1483 1483 I SystemServerTiming: StartStatsCompanion
12-14 03:22:22.702 1483 1483 I SystemServiceManager: Starting com.android.server.stats.StatsCompanion$Lifecycle
12-14 03:22:22.704 1483 1483 I SystemServerTiming: StartRebootReadinessManagerService
12-14 03:22:22.730 1483 1483 I SystemServiceManager: Starting com.android.server.scheduling.RebootReadinessManagerService$Lifecycle
12-14 03:22:22.734 1483 1483 I SystemServerTiming: StartStatsPullAtomService
12-14 03:22:22.734 1483 1483 I SystemServiceManager: Starting com.android.server.stats.pull.StatsPullAtomService
12-14 03:22:22.734 1483 1483 I SystemServerTiming: StartIncidentCompanionService
12-14 03:22:22.734 1483 1483 I SystemServiceManager: Starting com.android.server.incident.IncidentCompanionService
12-14 03:22:22.735 1483 1483 I SystemServerTiming: StartMmsService
12-14 03:22:22.735 1483 1483 I SystemServiceManager: Starting com.android.server.MmsServiceBroker
12-14 03:22:22.736 1483 1483 I SystemServerTiming: StartAutoFillService
12-14 03:22:22.736 1483 1483 I SystemServiceManager: Starting com.android.server.autofill.AutofillManagerService
12-14 03:22:22.739 1483 1483 D SystemServer: TranslationService not defined by OEM
12-14 03:22:22.739 1483 1483 I SystemServerTiming: StartClipboardService
12-14 03:22:22.740 1483 1483 I SystemServiceManager: Starting com.android.server.clipboard.ClipboardService
12-14 03:22:22.745 1483 1483 I SystemServerTiming: AppServiceManager
12-14 03:22:22.745 1483 1483 I SystemServiceManager: Starting com.android.server.appbinding.AppBindingService$Lifecycle
12-14 03:22:22.746 1483 1483 I SystemServerTiming: startTracingServiceProxy
12-14 03:22:22.746 1483 1483 I SystemServiceManager: Starting com.android.server.tracing.TracingServiceProxy
12-14 03:22:22.748 1483 1483 I SystemServerTiming: MakeLockSettingsServiceReady
12-14 03:22:22.755 1483 1483 I SyntheticPasswordManager: Device does not support weaver
12-14 03:22:22.755 1483 1483 I LockSettingsService: Device doesn't implement AuthSecret HAL
12-14 03:22:22.756 1483 1524 E ActivityManager: Attempt to launch receivers of broadcast intent Intent { act=android.app.action.STATSD_STARTED flg=0x1000000 } before boot completion
12-14 03:22:22.757 1483 1483 I SystemServerTiming: StartBootPhaseLockSettingsReady
12-14 03:22:22.757 1483 1483 I SystemServiceManager: Starting phase 480
12-14 03:22:22.757 1483 1483 I SystemServerTiming: OnBootPhase_480
12-14 03:22:22.757 1483 1483 I SystemServerTiming: OnBootPhase_480_com.android.server.security.FileIntegrityService
12-14 03:22:22.757 1483 1483 I SystemServerTiming: OnBootPhase_480_com.android.server.pm.Installer
12-14 03:22:22.757 1483 1483 I SystemServerTiming: OnBootPhase_480_com.android.server.os.DeviceIdentifiersPolicyService
12-14 03:22:22.757 1483 1483 I SystemServerTiming: OnBootPhase_480_com.android.server.uri.UriGrantsManagerService$Lifecycle
12-14 03:22:22.757 1483 1483 I SystemServerTiming: OnBootPhase_480_com.android.server.powerstats.PowerStatsService
12-14 03:22:22.757 1483 1483 I SystemServerTiming: OnBootPhase_480_com.android.server.wm.ActivityTaskManagerService$Lifecycle
12-14 03:22:22.757 1483 1483 I SystemServerTiming: OnBootPhase_480_com.android.server.am.ActivityManagerService$Lifecycle
12-14 03:22:22.757 1483 1483 I SystemServerTiming: OnBootPhase_480_com.android.server.pm.DataLoaderManagerService
12-14 03:22:22.757 1483 1483 I SystemServerTiming: OnBootPhase_480_com.android.server.power.PowerManagerService
12-14 03:22:22.757 1483 1483 I SystemServerTiming: OnBootPhase_480_com.android.server.power.ThermalManagerService
12-14 03:22:22.757 1483 1483 I SystemServerTiming: OnBootPhase_480_com.android.server.power.hint.HintManagerService
12-14 03:22:22.757 1483 1483 I SystemServerTiming: OnBootPhase_480_com.android.server.recoverysystem.RecoverySystemService$Lifecycle
12-14 03:22:22.757 1483 1483 I SystemServerTiming: OnBootPhase_480_com.android.server.lights.LightsService
12-14 03:22:22.757 1483 1483 I SystemServerTiming: OnBootPhase_480_com.android.server.display.DisplayManagerService
12-14 03:22:22.757 1483 1483 I SystemServerTiming: OnBootPhase_480_com.android.server.pm.verify.domain.DomainVerificationService
12-14 03:22:22.757 1483 1483 I SystemServerTiming: OnBootPhase_480_com.android.server.pm.PackageInstallerService$Lifecycle
12-14 03:22:22.757 1483 1483 I SystemServerTiming: OnBootPhase_480_com.android.server.pm.UserManagerService$LifeCycle
12-14 03:22:22.757 1483 1483 I SystemServerTiming: OnBootPhase_480_com.android.server.om.OverlayManagerService
12-14 03:22:22.757 1483 1483 I SystemServerTiming: OnBootPhase_480_com.android.server.SensorPrivacyService
12-14 03:22:22.757 1483 1483 I SystemServerTiming: OnBootPhase_480_com.android.server.sensors.SensorService
12-14 03:22:22.757 1483 1483 I SystemServerTiming: OnBootPhase_480_com.android.server.SystemConfigService
12-14 03:22:22.757 1483 1483 I SystemServerTiming: OnBootPhase_480_com.android.server.BatteryService
12-14 03:22:22.757 1483 1483 I SystemServerTiming: OnBootPhase_480_com.android.server.usage.UsageStatsService
12-14 03:22:22.757 1483 1483 I SystemServerTiming: OnBootPhase_480_com.android.server.webkit.WebViewUpdateService
12-14 03:22:22.757 1483 1483 I SystemServerTiming: OnBootPhase_480_com.android.server.CachedDeviceStateService
12-14 03:22:22.757 1483 1483 I SystemServerTiming: OnBootPhase_480_com.android.server.BinderCallsStatsService$LifeCycle
12-14 03:22:22.757 1483 1483 I SystemServerTiming: OnBootPhase_480_com.android.server.LooperStatsService$Lifecycle
12-14 03:22:22.757 1483 1483 I SystemServerTiming: OnBootPhase_480_com.android.server.rollback.RollbackManagerService
12-14 03:22:22.757 1483 1483 I SystemServerTiming: OnBootPhase_480_com.android.server.os.NativeTombstoneManagerService
12-14 03:22:22.757 1483 1483 I SystemServerTiming: OnBootPhase_480_com.android.server.os.BugreportManagerService
12-14 03:22:22.757 1483 1483 I SystemServerTiming: OnBootPhase_480_com.android.server.gpu.GpuService
12-14 03:22:22.757 1483 1483 I SystemServerTiming: OnBootPhase_480_com.android.server.security.KeyChainSystemService
12-14 03:22:22.757 1483 1483 I SystemServerTiming: OnBootPhase_480_com.android.server.telecom.TelecomLoaderService
12-14 03:22:22.757 1483 1483 I SystemServerTiming: OnBootPhase_480_com.android.server.accounts.AccountManagerService$Lifecycle
12-14 03:22:22.757 1483 1483 I SystemServerTiming: OnBootPhase_480_com.android.server.content.ContentService$Lifecycle
12-14 03:22:22.757 1483 1483 I SystemServerTiming: OnBootPhase_480_com.android.server.DropBoxManagerService
12-14 03:22:22.757 1483 1483 I SystemServerTiming: OnBootPhase_480_com.android.role.RoleService
12-14 03:22:22.758 1483 1483 I SystemServerTiming: OnBootPhase_480_com.android.server.vibrator.VibratorManagerService$Lifecycle
12-14 03:22:22.758 1483 1483 I SystemServerTiming: OnBootPhase_480_com.android.server.alarm.AlarmManagerService
12-14 03:22:22.758 1483 1483 I SystemServerTiming: OnBootPhase_480_com.android.server.devicestate.DeviceStateManagerService
12-14 03:22:22.758 1483 1483 I SystemServerTiming: OnBootPhase_480_com.android.server.camera.CameraServiceProxy
12-14 03:22:22.758 1483 1483 I SystemServerTiming: OnBootPhase_480_com.android.server.BluetoothService
12-14 03:22:22.758 1483 1483 I SystemServerTiming: OnBootPhase_480_com.android.server.connectivity.IpConnectivityMetrics
12-14 03:22:22.758 1483 1483 I SystemServerTiming: OnBootPhase_480_com.android.server.net.watchlist.NetworkWatchlistService$Lifecycle
12-14 03:22:22.758 1483 1483 I SystemServerTiming: OnBootPhase_480_com.android.server.PinnerService
12-14 03:22:22.758 1483 1483 I SystemServerTiming: OnBootPhase_480_com.google.android.startop.iorap.IorapForwardingService
12-14 03:22:22.758 1483 1483 I SystemServerTiming: OnBootPhase_480_com.android.server.ActivityTriggerService
12-14 03:22:22.758 1483 1483 I SystemServerTiming: OnBootPhase_480_com.android.server.integrity.AppIntegrityManagerService
12-14 03:22:22.758 1483 1483 I SystemServerTiming: OnBootPhase_480_com.android.server.inputmethod.InputMethodManagerService$Lifecycle
12-14 03:22:22.758 1483 1483 I SystemServerTiming: OnBootPhase_480_com.android.server.accessibility.AccessibilityManagerService$Lifecycle
12-14 03:22:22.758 1483 1483 I SystemServerTiming: OnBootPhase_480_com.android.server.StorageManagerService$Lifecycle
12-14 03:22:22.758 1483 1483 I SystemServerTiming: OnBootPhase_480_com.android.server.usage.StorageStatsService$Lifecycle
12-14 03:22:22.758 1483 1483 I SystemServerTiming: OnBootPhase_480_com.android.server.UiModeManagerService
12-14 03:22:22.758 1483 1483 I SystemServerTiming: OnBootPhase_480_com.android.server.locksettings.LockSettingsService$Lifecycle
12-14 03:22:22.758 1483 1483 I SystemServerTiming: OnBootPhase_480_com.android.server.PersistentDataBlockService
12-14 03:22:22.758 1483 1483 I SystemServerTiming: OnBootPhase_480_com.android.server.testharness.TestHarnessModeService
12-14 03:22:22.758 1483 1483 I SystemServerTiming: OnBootPhase_480_com.android.server.oemlock.OemLockService
12-14 03:22:22.758 1483 1483 I SystemServerTiming: OnBootPhase_480_com.android.server.DeviceIdleController
12-14 03:22:22.758 1483 1483 I SystemServerTiming: OnBootPhase_480_com.android.server.devicepolicy.DevicePolicyManagerService$Lifecycle
12-14 03:22:22.761 1483 1483 I DevicePolicyManager: Current version 2, latest version 2, not upgrading.
12-14 03:22:22.767 1483 1483 I SystemServerTiming: OnBootPhase_480_com.android.server.texttospeech.TextToSpeechManagerService
12-14 03:22:22.768 1483 1675 I SystemServerTimingAsync: InitThreadPoolExec:DevicePolicyManager
12-14 03:22:22.768 1483 1483 I SystemServerTiming: OnBootPhase_480_com.android.server.speech.SpeechRecognitionManagerService
12-14 03:22:22.768 1483 1483 I SystemServerTiming: OnBootPhase_480_com.android.server.searchui.SearchUiManagerService
12-14 03:22:22.768 1483 1483 I SystemServerTiming: OnBootPhase_480_com.android.server.smartspace.SmartspaceManagerService
12-14 03:22:22.768 1483 1483 I SystemServerTiming: OnBootPhase_480_com.android.server.graphics.fonts.FontManagerService$Lifecycle
12-14 03:22:22.768 1483 1483 I SystemServerTiming: OnBootPhase_480_com.android.server.textservices.TextServicesManagerService$Lifecycle
12-14 03:22:22.768 1483 1483 I SystemServerTiming: OnBootPhase_480_com.android.server.textclassifier.TextClassificationManagerService$Lifecycle
12-14 03:22:22.768 1483 1483 I SystemServerTiming: OnBootPhase_480_com.android.server.NetworkScoreService$Lifecycle
12-14 03:22:22.768 1483 1483 I SystemServerTiming: OnBootPhase_480_com.android.server.wifi.WifiService
12-14 03:22:22.768 1483 1483 I SystemServerTiming: OnBootPhase_480_com.android.server.wifi.scanner.WifiScanningService
12-14 03:22:22.768 1483 1483 I SystemServerTiming: OnBootPhase_480_com.android.server.wifi.rtt.RttService
12-14 03:22:22.768 1483 1483 I SystemServerTiming: OnBootPhase_480_com.android.server.wifi.aware.WifiAwareService
12-14 03:22:22.768 1483 1483 I SystemServerTiming: OnBootPhase_480_com.android.server.wifi.p2p.WifiP2pService
12-14 03:22:22.768 1483 1483 I SystemServerTiming: OnBootPhase_480_com.android.server.ethernet.EthernetService
12-14 03:22:22.768 1483 1483 I SystemServerTiming: OnBootPhase_480_com.android.server.ConnectivityServiceInitializer
12-14 03:22:22.768 1483 1483 I SystemServerTiming: OnBootPhase_480_com.android.server.notification.NotificationManagerService
12-14 03:22:22.768 1483 1483 I SystemServerTiming: OnBootPhase_480_com.android.server.storage.DeviceStorageMonitorService
12-14 03:22:22.768 1483 1483 I SystemServerTiming: OnBootPhase_480_com.android.server.location.LocationManagerService$Lifecycle
12-14 03:22:22.768 1483 1483 I SystemServerTiming: OnBootPhase_480_com.android.server.timedetector.TimeDetectorService$Lifecycle
12-14 03:22:22.768 1483 1483 I SystemServerTiming: OnBootPhase_480_com.android.server.timezonedetector.TimeZoneDetectorService$Lifecycle
12-14 03:22:22.768 1483 1483 I SystemServerTiming: OnBootPhase_480_com.android.server.timezonedetector.location.LocationTimeZoneManagerService$Lifecycle
12-14 03:22:22.768 1483 1483 I SystemServerTiming: OnBootPhase_480_com.android.server.search.SearchManagerService$Lifecycle
12-14 03:22:22.768 1483 1483 I SystemServerTiming: OnBootPhase_480_com.android.server.wallpaper.WallpaperManagerService$Lifecycle
12-14 03:22:22.768 1483 1483 I SystemServerTiming: OnBootPhase_480_com.android.server.audio.AudioService$Lifecycle
12-14 03:22:22.768 1483 1483 I SystemServerTiming: OnBootPhase_480_com.android.server.soundtrigger_middleware.SoundTriggerMiddlewareService$Lifecycle
12-14 03:22:22.768 1483 1483 I SystemServerTiming: OnBootPhase_480_com.android.server.DockObserver
12-14 03:22:22.768 1483 1483 I SystemServerTiming: OnBootPhase_480_com.android.server.midi.MidiService$Lifecycle
12-14 03:22:22.768 1483 1483 I SystemServerTiming: OnBootPhase_480_com.android.server.adb.AdbService$Lifecycle
12-14 03:22:22.768 1483 1483 I SystemServerTiming: OnBootPhase_480_com.android.server.usb.UsbService$Lifecycle
12-14 03:22:22.768 1483 1483 I SystemServerTiming: OnBootPhase_480_com.android.server.twilight.TwilightService
12-14 03:22:22.768 1483 1483 I SystemServerTiming: OnBootPhase_480_com.android.server.display.color.ColorDisplayService
12-14 03:22:22.768 1483 1483 I SystemServerTiming: OnBootPhase_480_com.android.server.job.JobSchedulerService
12-14 03:22:22.768 1483 1483 I SystemServerTiming: OnBootPhase_480_com.android.server.soundtrigger.SoundTriggerService
12-14 03:22:22.768 1483 1483 D SoundTriggerService: onBootPhase: 480 : false
12-14 03:22:22.768 1483 1483 I SystemServerTiming: OnBootPhase_480_com.android.server.trust.TrustManagerService
12-14 03:22:22.768 1483 1483 I SystemServerTiming: OnBootPhase_480_com.android.server.backup.BackupManagerService$Lifecycle
12-14 03:22:22.768 1483 1483 I SystemServerTiming: OnBootPhase_480_com.android.server.appwidget.AppWidgetService
12-14 03:22:22.768 1483 1483 I SystemServerTiming: OnBootPhase_480_com.android.server.voiceinteraction.VoiceInteractionManagerService
12-14 03:22:22.768 1483 1483 I SystemServerTiming: OnBootPhase_480_com.android.server.apphibernation.AppHibernationService
12-14 03:22:22.768 1483 1483 I SystemServerTiming: OnBootPhase_480_com.android.server.GestureLauncherService
12-14 03:22:22.768 1483 1483 I SystemServerTiming: OnBootPhase_480_com.android.server.SensorNotificationService
12-14 03:22:22.768 1483 1483 I SystemServerTiming: OnBootPhase_480_com.android.server.emergency.EmergencyAffordanceService
12-14 03:22:22.768 1483 1483 I SystemServerTiming: OnBootPhase_480_com.android.server.blob.BlobStoreManagerService
12-14 03:22:22.768 1483 1483 I SystemServerTiming: OnBootPhase_480_com.android.server.dreams.DreamManagerService
12-14 03:22:22.768 1483 1483 I SystemServerTiming: OnBootPhase_480_com.android.server.companion.CompanionDeviceManagerService
12-14 03:22:22.768 1483 1483 I SystemServerTiming: OnBootPhase_480_com.android.server.restrictions.RestrictionsManagerService
12-14 03:22:22.768 1483 1483 I SystemServerTiming: OnBootPhase_480_com.android.server.media.MediaSessionService
12-14 03:22:22.768 1483 1483 I SystemServerTiming: OnBootPhase_480_com.android.server.media.MediaResourceMonitorService
12-14 03:22:22.768 1483 1483 I SystemServerTiming: OnBootPhase_480_com.android.server.biometrics.sensors.fingerprint.FingerprintService
12-14 03:22:22.768 1483 1483 I SystemServerTiming: OnBootPhase_480_com.android.server.biometrics.BiometricService
12-14 03:22:22.768 1483 1483 I SystemServerTiming: OnBootPhase_480_com.android.server.biometrics.AuthService
12-14 03:22:22.768 1483 1483 I SystemServerTiming: OnBootPhase_480_com.android.server.pm.ShortcutService$Lifecycle
12-14 03:22:22.772 1483 1483 W ShortcutService: Clock rewound
12-14 03:22:22.772 1483 1483 I SystemServerTiming: OnBootPhase_480_com.android.server.pm.LauncherAppsService
12-14 03:22:22.772 1483 1483 I SystemServerTiming: OnBootPhase_480_com.android.server.pm.CrossProfileAppsService
12-14 03:22:22.772 1483 1483 I SystemServerTiming: OnBootPhase_480_com.android.server.people.PeopleService
12-14 03:22:22.772 1483 1483 I SystemServerTiming: OnBootPhase_480_com.android.server.media.metrics.MediaMetricsManagerService
12-14 03:22:22.772 1483 1483 I SystemServerTiming: OnBootPhase_480_com.android.server.media.projection.MediaProjectionManagerService
12-14 03:22:22.772 1483 1483 I SystemServerTiming: OnBootPhase_480_com.android.server.slice.SliceManagerService$Lifecycle
12-14 03:22:22.772 1483 1483 I SystemServerTiming: OnBootPhase_480_com.android.server.stats.StatsCompanion$Lifecycle
12-14 03:22:22.772 1483 1483 I SystemServerTiming: OnBootPhase_480_com.android.server.scheduling.RebootReadinessManagerService$Lifecycle
12-14 03:22:22.772 1483 1483 I SystemServerTiming: OnBootPhase_480_com.android.server.stats.pull.StatsPullAtomService
12-14 03:22:22.772 1483 1483 I SystemServerTiming: OnBootPhase_480_com.android.server.incident.IncidentCompanionService
12-14 03:22:22.772 1483 1483 I SystemServerTiming: OnBootPhase_480_com.android.server.MmsServiceBroker
12-14 03:22:22.772 1483 1483 I SystemServerTiming: OnBootPhase_480_com.android.server.autofill.AutofillManagerService
12-14 03:22:22.772 1483 1483 I SystemServerTiming: OnBootPhase_480_com.android.server.clipboard.ClipboardService
12-14 03:22:22.772 1483 1483 I SystemServerTiming: OnBootPhase_480_com.android.server.appbinding.AppBindingService$Lifecycle
12-14 03:22:22.772 1483 1483 I SystemServerTiming: OnBootPhase_480_com.android.server.tracing.TracingServiceProxy
12-14 03:22:22.772 1483 1483 I SystemServerTiming: StartBootPhaseSystemServicesReady
12-14 03:22:22.772 1483 1483 I SystemServiceManager: Starting phase 500
12-14 03:22:22.772 1483 1483 I SystemServerTiming: OnBootPhase_500
12-14 03:22:22.772 1483 1483 I SystemServerTiming: OnBootPhase_500_com.android.server.security.FileIntegrityService
12-14 03:22:22.773 1483 1483 I SystemServerTiming: OnBootPhase_500_com.android.server.pm.Installer
12-14 03:22:22.773 1483 1483 I SystemServerTiming: OnBootPhase_500_com.android.server.os.DeviceIdentifiersPolicyService
12-14 03:22:22.773 1483 1483 I SystemServerTiming: OnBootPhase_500_com.android.server.uri.UriGrantsManagerService$Lifecycle
12-14 03:22:22.773 1483 1483 I SystemServerTiming: OnBootPhase_500_com.android.server.powerstats.PowerStatsService
12-14 03:22:22.773 1483 1483 E StatsPullAtomCallbackImpl: Failed to start PowerStatsService statsd pullers
12-14 03:22:22.773 1483 1483 I SystemServerTiming: OnBootPhase_500_com.android.server.wm.ActivityTaskManagerService$Lifecycle
12-14 03:22:22.773 1483 1483 I SystemServerTiming: OnBootPhase_500_com.android.server.am.ActivityManagerService$Lifecycle
12-14 03:22:22.776 1483 1483 E BatteryStatsService: Could not register PowerStatsInternal
01-01 10:04:25.836 0 0 I msm_vidc: high: 00000001: ....d: Opening video instance: 0000000000000000, 1
01-01 10:04:25.836 0 0 I msm_vidc: err : 00000001: ....d: Failed to create debugfs for msm_vidc
12-14 03:22:22.778 1483 1483 I SystemServerTiming: OnBootPhase_500_com.android.server.pm.DataLoaderManagerService
12-14 03:22:22.778 1483 1483 I SystemServerTiming: OnBootPhase_500_com.android.server.power.PowerManagerService
12-14 03:22:22.778 1483 1483 I SystemServerTiming: OnBootPhase_500_com.android.server.power.ThermalManagerService
12-14 03:22:22.778 1483 1483 I SystemServerTiming: OnBootPhase_500_com.android.server.power.hint.HintManagerService
12-14 03:22:22.778 1483 1483 V HintManagerService: Initializing HintManager service...
12-14 03:22:22.778 1483 1483 V HistoricalRegistry: Interaction before persistence initialized
12-14 03:22:22.778 1483 1483 I SystemServerTiming: OnBootPhase_500_com.android.server.recoverysystem.RecoverySystemService$Lifecycle
12-14 03:22:22.779 1483 1483 I SystemServerTiming: OnBootPhase_500_com.android.server.lights.LightsService
12-14 03:22:22.779 1483 1483 I SystemServerTiming: OnBootPhase_500_com.android.server.display.DisplayManagerService
12-14 03:22:22.779 1483 1483 I SystemServerTiming: OnBootPhase_500_com.android.server.pm.verify.domain.DomainVerificationService
12-14 03:22:22.779 1483 1483 I SystemServerTiming: OnBootPhase_500_com.android.server.pm.PackageInstallerService$Lifecycle
12-14 03:22:22.779 1483 1483 I SystemServerTiming: OnBootPhase_500_com.android.server.pm.UserManagerService$LifeCycle
12-14 03:22:22.779 1483 1483 I SystemServerTiming: OnBootPhase_500_com.android.server.om.OverlayManagerService
12-14 03:22:22.779 1483 1483 I SystemServerTiming: OnBootPhase_500_com.android.server.SensorPrivacyService
12-14 03:22:22.782 1483 1483 I SystemServerTiming: OnBootPhase_500_com.android.server.sensors.SensorService
12-14 03:22:22.782 1483 1483 I SystemServerTiming: OnBootPhase_500_com.android.server.SystemConfigService
12-14 03:22:22.782 1483 1483 I SystemServerTiming: OnBootPhase_500_com.android.server.BatteryService
12-14 03:22:22.782 1483 1483 I SystemServerTiming: OnBootPhase_500_com.android.server.usage.UsageStatsService
12-14 03:22:22.789 1483 1483 D AppStandbyController: Setting app idle enabled state
12-14 03:22:22.799 1483 1483 V HistoricalRegistry: Interaction before persistence initialized
12-14 03:22:22.799 1483 1483 I SystemServerTiming: OnBootPhase_500_com.android.server.webkit.WebViewUpdateService
12-14 03:22:22.799 1483 1483 I SystemServerTiming: OnBootPhase_500_com.android.server.CachedDeviceStateService
