12-14 03:22:23.296 1483 1483 V StorageManagerService: Package com.android.se does not have legacy storage
12-14 03:22:23.296 1483 1483 V StorageManagerService: Package com.android.inputdevices does not have legacy storage
12-14 03:22:23.296 1483 1483 V StorageManagerService: Package com.android.bips does not have legacy storage
12-14 03:22:23.296 1483 1483 V StorageManagerService: Package com.qti.dpmserviceapp does not have legacy storage
12-14 03:22:23.296 1483 1483 V StorageManagerService: Package com.thundercomm.remotecontrolservice does not have legacy storage
12-14 03:22:23.296 1483 1483 V StorageManagerService: Package com.android.musicfx does not have legacy storage
12-14 03:22:23.296 1483 1483 V StorageManagerService: Package com.android.settings.overlay.common does not have legacy storage
12-14 03:22:23.296 1483 1483 V StorageManagerService: Package com.qualcomm.qti.qccnetstat does not have legacy storage
12-14 03:22:23.296 1483 1483 V StorageManagerService: Package android.ext.shared does not have legacy storage
12-14 03:22:23.296 1483 1483 V StorageManagerService: Package com.android.onetimeinitializer does not have legacy storage
12-14 03:22:23.296 1483 1483 V StorageManagerService: Package com.android.server.telecom does not have legacy storage
12-14 03:22:23.296 1483 1483 V StorageManagerService: Package com.android.keychain does not have legacy storage
12-14 03:22:23.297 1483 1483 V StorageManagerService: Package com.qti.snapdragon.qdcm_ff does not have legacy storage
12-14 03:22:23.297 1483 1483 V StorageManagerService: Package com.android.wifi.resources.overlay.target does not have legacy storage
12-14 03:22:23.297 1483 1483 V StorageManagerService: Package com.android.printservice.recommendation does not have legacy storage
12-14 03:22:23.297 1483 1483 V StorageManagerService: Package com.thundercomm.mcuupgrade does not have legacy storage
12-14 03:22:23.297 1483 1483 V StorageManagerService: Package com.android.gallery3d has legacy storage
12-14 03:22:23.297 1483 1483 V StorageManagerService: Package android.ext.services does not have legacy storage
12-14 03:22:23.297 1483 1483 V StorageManagerService: Package com.android.wifi.resources does not have legacy storage
12-14 03:22:23.297 1483 1483 V StorageManagerService: Package com.baidu.input does not have legacy storage
12-14 03:22:23.297 1483 1483 V StorageManagerService: Package com.android.systemui.overlay.common does not have legacy storage
12-14 03:22:23.297 1483 1483 V StorageManagerService: Package com.android.cameraextensions does not have legacy storage
12-14 03:22:23.297 1483 1483 V StorageManagerService: Package com.thundercomm.tcservice does not have legacy storage
12-14 03:22:23.297 1483 1483 V StorageManagerService: Package com.android.localtransport does not have legacy storage
12-14 03:22:23.297 1483 1483 V StorageManagerService: Package com.android.packageinstaller does not have legacy storage
12-14 03:22:23.297 1483 1483 V StorageManagerService: Package com.qualcomm.qti.devicestatisticsservice does not have legacy storage
12-14 03:22:23.297 1483 1483 V StorageManagerService: Package com.android.theme.font.notoserifsource does not have legacy storage
12-14 03:22:23.297 1483 1483 V StorageManagerService: Package com.android.proxyhandler does not have legacy storage
12-14 03:22:23.297 1483 1483 V StorageManagerService: Package com.android.internal.display.cutout.emulation.waterfall does not have legacy storage
12-14 03:22:23.297 1483 1483 V StorageManagerService: Package com.qualcomm.qti.workloadclassifier does not have legacy storage
12-14 03:22:23.297 1483 1483 V StorageManagerService: Package com.android.inputmethod.latin does not have legacy storage
12-14 03:22:23.298 1483 1483 V StorageManagerService: Package com.android.providers.settings.overlay does not have legacy storage
12-14 03:22:23.298 1483 1483 V StorageManagerService: Package com.android.managedprovisioning does not have legacy storage
12-14 03:22:23.298 1483 1483 V StorageManagerService: Package com.android.networkstack.tethering does not have legacy storage
12-14 03:22:23.298 1483 1483 V StorageManagerService: Package com.android.soundpicker does not have legacy storage
12-14 03:22:23.298 1483 1483 V StorageManagerService: Package com.android.dreams.phototable does not have legacy storage
12-14 03:22:23.298 1483 1483 V StorageManagerService: Package com.thundercomm.screensaver does not have legacy storage
12-14 03:22:23.298 1483 1483 V StorageManagerService: Package com.android.wallpaper.livepicker does not have legacy storage
12-14 03:22:23.298 1483 1483 V StorageManagerService: Package com.android.apps.tag does not have legacy storage
12-14 03:22:23.298 1483 1483 V StorageManagerService: Package com.android.storagemanager does not have legacy storage
12-14 03:22:23.298 1483 1483 V StorageManagerService: Package com.android.bookmarkprovider does not have legacy storage
12-14 03:22:23.298 1483 1483 V StorageManagerService: Package com.android.settings does not have legacy storage
12-14 03:22:23.298 1483 1483 V StorageManagerService: Package com.android.networkstack.permissionconfig does not have legacy storage
12-14 03:22:23.298 1483 1483 V StorageManagerService: Package com.qualcomm.location does not have legacy storage
12-14 03:22:23.298 1483 1483 V StorageManagerService: Package com.android.cts.ctsshim does not have legacy storage
12-14 03:22:23.298 1483 1483 V StorageManagerService: Package com.qti.diagservices does not have legacy storage
12-14 03:22:23.299 1483 1483 V StorageManagerService: Package com.android.vpndialogs does not have legacy storage
12-14 03:22:23.299 1483 1483 V StorageManagerService: Package com.qualcomm.location.XT does not have legacy storage
12-14 03:22:23.299 1483 1483 V StorageManagerService: Package com.android.music does not have legacy storage
12-14 03:22:23.299 1483 1483 V StorageManagerService: Package com.android.shell does not have legacy storage
12-14 03:22:23.299 1483 1483 V StorageManagerService: Package com.android.wallpaperbackup does not have legacy storage
12-14 03:22:23.299 1483 1483 V StorageManagerService: Package com.android.providers.userdictionary does not have legacy storage
12-14 03:22:23.299 1483 1483 V StorageManagerService: Package com.android.providers.media.module does not have legacy storage
12-14 03:22:23.299 1483 1483 V StorageManagerService: Package com.android.emergency does not have legacy storage
12-14 03:22:23.299 1483 1483 V StorageManagerService: Package com.android.hotspot2.osulogin does not have legacy storage
12-14 03:22:23.299 1483 1483 V StorageManagerService: Package com.qualcomm.qti.qdma does not have legacy storage
12-14 03:22:23.299 1483 1483 V StorageManagerService: Package com.qualcomm.qti.xrcb does not have legacy storage
12-14 03:22:23.299 1483 1483 V StorageManagerService: Package com.android.internal.systemui.navbar.gestural does not have legacy storage
12-14 03:22:23.299 1483 1483 V StorageManagerService: Package com.android.location.fused does not have legacy storage
12-14 03:22:23.299 1483 1483 V StorageManagerService: Package com.android.deskclock does not have legacy storage
12-14 03:22:23.299 1483 1483 V StorageManagerService: Package com.android.systemui does not have legacy storage
12-14 03:22:23.299 1483 1483 V StorageManagerService: Package com.android.bluetoothmidiservice does not have legacy storage
12-14 03:22:23.300 1483 1483 V StorageManagerService: Package com.qti.ltebc does not have legacy storage
12-14 03:22:23.300 1483 1483 V StorageManagerService: Package com.android.permissioncontroller does not have legacy storage
12-14 03:22:23.300 1483 1483 V StorageManagerService: Package com.android.traceur does not have legacy storage
12-14 03:22:23.300 1483 1483 V StorageManagerService: Package com.qualcomm.qti.qccauthmgr does not have legacy storage
12-14 03:22:23.300 1483 1483 V StorageManagerService: Package com.qualcomm.qti.qms.service.trustzoneaccess does not have legacy storage
12-14 03:22:23.300 1483 1483 V StorageManagerService: Package com.qualcomm.qtil.aptxui does not have legacy storage
12-14 03:22:23.300 1483 1483 V StorageManagerService: Package com.android.bluetooth does not have legacy storage
12-14 03:22:23.300 1483 1483 V StorageManagerService: Package com.qualcomm.timeservice does not have legacy storage
12-14 03:22:23.300 1483 1483 V StorageManagerService: Package com.qualcomm.embms does not have legacy storage
01-01 10:04:26.360 0 0 I binder : 2081:2081 ioctl 40046210 7fe6bbc0e4 returned -22
12-14 03:22:23.300 1483 1483 V StorageManagerService: Package com.android.providers.contacts does not have legacy storage
12-14 03:22:23.300 1483 1483 V StorageManagerService: Package com.android.captiveportallogin does not have legacy storage
12-14 03:22:23.300 1483 1483 V StorageManagerService: Package com.android.internal.systemui.navbar.gestural_narrow_back does not have legacy storage
12-14 03:22:23.300 1483 1483 V StorageManagerService: Package com.android.cellbroadcastreceiver.overlay.common does not have legacy storage
12-14 03:22:23.300 1483 1483 I SystemServerTiming: ssm.onStartUser-0_com.android.server.usage.StorageStatsService$Lifecycle
12-14 03:22:23.301 1483 1483 I SystemServerTiming: ssm.onStartUser-0_com.android.server.UiModeManagerService
12-14 03:22:23.301 1483 1483 I SystemServerTiming: ssm.onStartUser-0_com.android.server.locksettings.LockSettingsService$Lifecycle
12-14 03:22:23.301 1483 1483 I SystemServerTiming: ssm.onStartUser-0_com.android.server.PersistentDataBlockService
12-14 03:22:23.301 1483 1483 I SystemServerTiming: ssm.onStartUser-0_com.android.server.testharness.TestHarnessModeService
12-14 03:22:23.301 1483 1483 I SystemServerTiming: ssm.onStartUser-0_com.android.server.oemlock.OemLockService
12-14 03:22:23.301 1483 1483 I SystemServerTiming: ssm.onStartUser-0_com.android.server.DeviceIdleController
12-14 03:22:23.301 1483 1483 I SystemServerTiming: ssm.onStartUser-0_com.android.server.devicepolicy.DevicePolicyManagerService$Lifecycle
12-14 03:22:23.301 1483 1483 I SystemServerTiming: ssm.onStartUser-0_com.android.server.texttospeech.TextToSpeechManagerService
12-14 03:22:23.301 1483 1483 I SystemServerTiming: ssm.onStartUser-0_com.android.server.speech.SpeechRecognitionManagerService
12-14 03:22:23.301 1483 1483 I SystemServerTiming: ssm.onStartUser-0_com.android.server.searchui.SearchUiManagerService
12-14 03:22:23.301 1483 1483 I SystemServerTiming: ssm.onStartUser-0_com.android.server.smartspace.SmartspaceManagerService
12-14 03:22:23.301 1483 1483 I SystemServerTiming: ssm.onStartUser-0_com.android.server.graphics.fonts.FontManagerService$Lifecycle
12-14 03:22:23.301 1483 1483 I SystemServerTiming: ssm.onStartUser-0_com.android.server.textservices.TextServicesManagerService$Lifecycle
12-14 03:22:23.301 1483 1483 I SystemServerTiming: ssm.onStartUser-0_com.android.server.textclassifier.TextClassificationManagerService$Lifecycle
12-14 03:22:23.302 1483 1483 I SystemServerTiming: ssm.onStartUser-0_com.android.server.NetworkScoreService$Lifecycle
12-14 03:22:23.302 1483 1483 I SystemServerTiming: ssm.onStartUser-0_com.android.server.wifi.WifiService
12-14 03:22:23.302 1483 1483 I SystemServerTiming: ssm.onStartUser-0_com.android.server.wifi.scanner.WifiScanningService
12-14 03:22:23.302 1483 1483 I SystemServerTiming: ssm.onStartUser-0_com.android.server.wifi.rtt.RttService
12-14 03:22:23.302 1483 1483 I SystemServerTiming: ssm.onStartUser-0_com.android.server.wifi.aware.WifiAwareService
12-14 03:22:23.302 1483 1483 I SystemServerTiming: ssm.onStartUser-0_com.android.server.wifi.p2p.WifiP2pService
12-14 03:22:23.302 1483 1483 I SystemServerTiming: ssm.onStartUser-0_com.android.server.ethernet.EthernetService
12-14 03:22:23.302 1483 1483 I SystemServerTiming: ssm.onStartUser-0_com.android.server.ConnectivityServiceInitializer
12-14 03:22:23.302 1483 1483 I SystemServerTiming: ssm.onStartUser-0_com.android.server.notification.NotificationManagerService
12-14 03:22:23.302 1483 1483 I SystemServerTiming: ssm.onStartUser-0_com.android.server.storage.DeviceStorageMonitorService
12-14 03:22:23.302 1483 1483 I SystemServerTiming: ssm.onStartUser-0_com.android.server.location.LocationManagerService$Lifecycle
12-14 03:22:23.302 1483 1483 I SystemServerTiming: ssm.onStartUser-0_com.android.server.timedetector.TimeDetectorService$Lifecycle
12-14 03:22:23.302 1483 1483 I SystemServerTiming: ssm.onStartUser-0_com.android.server.timezonedetector.TimeZoneDetectorService$Lifecycle
12-14 03:22:23.302 1483 1483 I SystemServerTiming: ssm.onStartUser-0_com.android.server.timezonedetector.location.LocationTimeZoneManagerService$Lifecycle
12-14 03:22:23.302 1483 1483 I SystemServerTiming: ssm.onStartUser-0_com.android.server.search.SearchManagerService$Lifecycle
12-14 03:22:23.302 1483 1483 I SystemServerTiming: ssm.onStartUser-0_com.android.server.wallpaper.WallpaperManagerService$Lifecycle
12-14 03:22:23.303 1483 1483 I SystemServerTiming: ssm.onStartUser-0_com.android.server.audio.AudioService$Lifecycle
12-14 03:22:23.303 1483 1483 I SystemServerTiming: ssm.onStartUser-0_com.android.server.soundtrigger_middleware.SoundTriggerMiddlewareService$Lifecycle
12-14 03:22:23.303 1483 1483 I SystemServerTiming: ssm.onStartUser-0_com.android.server.DockObserver
12-14 03:22:23.303 1483 1483 I SystemServerTiming: ssm.onStartUser-0_com.android.server.midi.MidiService$Lifecycle
12-14 03:22:23.303 1483 1483 I SystemServerTiming: ssm.onStartUser-0_com.android.server.adb.AdbService$Lifecycle
12-14 03:22:23.303 1483 1483 I SystemServerTiming: ssm.onStartUser-0_com.android.server.usb.UsbService$Lifecycle
12-14 03:22:23.303 1483 1483 I SystemServerTiming: ssm.onStartUser-0_com.android.server.twilight.TwilightService
12-14 03:22:23.303 1483 1483 I SystemServerTiming: ssm.onStartUser-0_com.android.server.display.color.ColorDisplayService
12-14 03:22:23.303 1483 1483 I SystemServerTiming: ssm.onStartUser-0_com.android.server.job.JobSchedulerService
12-14 03:22:23.303 1483 1483 I SystemServerTiming: ssm.onStartUser-0_com.android.server.soundtrigger.SoundTriggerService
12-14 03:22:23.303 1483 1483 I SystemServerTiming: ssm.onStartUser-0_com.android.server.trust.TrustManagerService
12-14 03:22:23.303 1483 1483 I SystemServerTiming: ssm.onStartUser-0_com.android.server.backup.BackupManagerService$Lifecycle
12-14 03:22:23.303 1483 1483 I SystemServerTiming: ssm.onStartUser-0_com.android.server.appwidget.AppWidgetService
12-14 03:22:23.303 1483 1483 I SystemServerTiming: ssm.onStartUser-0_com.android.server.voiceinteraction.VoiceInteractionManagerService
12-14 03:22:23.303 1483 1483 W VoiceInteractionManager: no available voice recognition services found for user 0
12-14 03:22:23.303 1483 1483 I SystemServerTiming: ssm.onStartUser-0_com.android.server.apphibernation.AppHibernationService
12-14 03:22:23.303 1483 1483 I SystemServerTiming: ssm.onStartUser-0_com.android.server.GestureLauncherService
12-14 03:22:23.303 1483 1483 I SystemServerTiming: ssm.onStartUser-0_com.android.server.SensorNotificationService
12-14 03:22:23.303 1483 1483 I SystemServerTiming: ssm.onStartUser-0_com.android.server.emergency.EmergencyAffordanceService
12-14 03:22:23.303 1483 1483 I SystemServerTiming: ssm.onStartUser-0_com.android.server.blob.BlobStoreManagerService
12-14 03:22:23.303 1483 1483 I SystemServerTiming: ssm.onStartUser-0_com.android.server.dreams.DreamManagerService
12-14 03:22:23.303 1483 1483 I SystemServerTiming: ssm.onStartUser-0_com.android.server.companion.CompanionDeviceManagerService
12-14 03:22:23.303 1483 1483 I SystemServerTiming: ssm.onStartUser-0_com.android.server.restrictions.RestrictionsManagerService
12-14 03:22:23.303 1483 1483 I SystemServerTiming: ssm.onStartUser-0_com.android.server.media.MediaSessionService
12-14 03:22:23.303 1483 1483 I SystemServerTiming: ssm.onStartUser-0_com.android.server.media.MediaResourceMonitorService
12-14 03:22:23.304 1483 1483 I SystemServerTiming: ssm.onStartUser-0_com.android.server.biometrics.sensors.fingerprint.FingerprintService
12-14 03:22:23.304 1483 1483 I SystemServerTiming: ssm.onStartUser-0_com.android.server.biometrics.BiometricService
12-14 03:22:23.304 1483 1483 I SystemServerTiming: ssm.onStartUser-0_com.android.server.biometrics.AuthService
12-14 03:22:23.304 1483 1483 I SystemServerTiming: ssm.onStartUser-0_com.android.server.pm.ShortcutService$Lifecycle
12-14 03:22:23.304 1483 1483 I SystemServerTiming: ssm.onStartUser-0_com.android.server.pm.LauncherAppsService
12-14 03:22:23.304 1483 1483 I SystemServerTiming: ssm.onStartUser-0_com.android.server.pm.CrossProfileAppsService
12-14 03:22:23.304 1483 1483 I SystemServerTiming: ssm.onStartUser-0_com.android.server.people.PeopleService
12-14 03:22:23.304 1483 1483 I SystemServerTiming: ssm.onStartUser-0_com.android.server.media.metrics.MediaMetricsManagerService
12-14 03:22:23.304 1483 1483 I SystemServerTiming: ssm.onStartUser-0_com.android.server.media.projection.MediaProjectionManagerService
12-14 03:22:23.304 1483 1483 I SystemServerTiming: ssm.onStartUser-0_com.android.server.slice.SliceManagerService$Lifecycle
12-14 03:22:23.304 1483 1483 I SystemServerTiming: ssm.onStartUser-0_com.android.server.stats.StatsCompanion$Lifecycle
12-14 03:22:23.304 1483 1483 I SystemServerTiming: ssm.onStartUser-0_com.android.server.scheduling.RebootReadinessManagerService$Lifecycle
12-14 03:22:23.304 1483 1483 I SystemServerTiming: ssm.onStartUser-0_com.android.server.stats.pull.StatsPullAtomService
12-14 03:22:23.304 1483 1483 I SystemServerTiming: ssm.onStartUser-0_com.android.server.incident.IncidentCompanionService
12-14 03:22:23.304 1483 1483 I SystemServerTiming: ssm.onStartUser-0_com.android.server.MmsServiceBroker
12-14 03:22:23.304 1483 1483 I SystemServerTiming: ssm.onStartUser-0_com.android.server.autofill.AutofillManagerService
12-14 03:22:23.304 1483 1483 I SystemServerTiming: ssm.onStartUser-0_com.android.server.clipboard.ClipboardService
12-14 03:22:23.304 1483 1483 I SystemServerTiming: ssm.onStartUser-0_com.android.server.appbinding.AppBindingService$Lifecycle
12-14 03:22:23.304 1483 1483 W AppBindingService: [Default SMS app] u0 Target package not found
12-14 03:22:23.304 1483 1483 I SystemServerTiming: ssm.onStartUser-0_com.android.server.tracing.TracingServiceProxy
12-14 03:22:23.304 1483 1483 I SystemServerTiming: ssm.onStartUser-0_com.android.server.policy.PermissionPolicyService
12-14 03:22:23.304 1483 1483 I SystemServerTiming: ssm.onStartUser-0_com.android.server.pm.StagingManager$Lifecycle
12-14 03:22:23.304 1483 1483 I SystemServerTiming: ssm.onStartUser-0_com.android.server.app.GameManagerService$Lifecycle
12-14 03:22:23.306 1483 1483 V GameManagerService: Settings file doesn't exists, skip reading
12-14 03:22:23.306 1483 1483 I SystemServerTiming: ssm.onStartUser-0_com.android.server.appsearch.AppSearchManagerService
12-14 03:22:23.306 1483 1483 I SystemServerTiming: ssm.onStartUser-0_com.android.server.media.MediaCommunicationService
12-14 03:22:23.306 1483 1483 I SystemServerTiming: startPersistentApps
12-14 03:22:23.307 1483 1483 D CompatibilityChangeReporter: Compat change id reported: 135634846; UID 1000; state: DISABLED
12-14 03:22:23.307 1483 1483 D CompatibilityChangeReporter: Compat change id reported: 177438394; UID 1000; state: DISABLED
12-14 03:22:23.307 1483 1483 D CompatibilityChangeReporter: Compat change id reported: 135772972; UID 1000; state: DISABLED
12-14 03:22:23.307 1483 1483 D CompatibilityChangeReporter: Compat change id reported: 135754954; UID 1000; state: ENABLED
12-14 03:22:23.311 1483 1483 D CompatibilityChangeReporter: Compat change id reported: 135634846; UID 1001; state: DISABLED
12-14 03:22:23.311 1483 1483 D CompatibilityChangeReporter: Compat change id reported: 177438394; UID 1001; state: DISABLED
12-14 03:22:23.311 1483 1483 D CompatibilityChangeReporter: Compat change id reported: 135772972; UID 1001; state: DISABLED
12-14 03:22:23.312 1483 1483 D CompatibilityChangeReporter: Compat change id reported: 135754954; UID 1001; state: ENABLED
12-14 03:22:23.312 1483 1483 D CompatibilityChangeReporter: Compat change id reported: 135634846; UID 10054; state: DISABLED
12-14 03:22:23.312 1483 1483 D CompatibilityChangeReporter: Compat change id reported: 177438394; UID 10054; state: DISABLED
12-14 03:22:23.313 1483 1483 D CompatibilityChangeReporter: Compat change id reported: 135772972; UID 10054; state: DISABLED
12-14 03:22:23.313 1483 1483 D CompatibilityChangeReporter: Compat change id reported: 135754954; UID 10054; state: DISABLED
12-14 03:22:23.321 1483 1483 D CompatibilityChangeReporter: Compat change id reported: 135634846; UID 10083; state: DISABLED
12-14 03:22:23.321 1483 1483 D CompatibilityChangeReporter: Compat change id reported: 177438394; UID 10083; state: DISABLED
12-14 03:22:23.321 1483 1483 D CompatibilityChangeReporter: Compat change id reported: 135772972; UID 10083; state: DISABLED
12-14 03:22:23.321 1483 1483 D CompatibilityChangeReporter: Compat change id reported: 135754954; UID 10083; state: DISABLED
12-14 03:22:23.322 1483 1483 D CompatibilityChangeReporter: Compat change id reported: 135634846; UID 1068; state: DISABLED
12-14 03:22:23.324 1483 1483 D CompatibilityChangeReporter: Compat change id reported: 135634846; UID 10069; state: DISABLED
12-14 03:22:23.324 1483 1483 D CompatibilityChangeReporter: Compat change id reported: 177438394; UID 10069; state: DISABLED
12-14 03:22:23.324 1483 1483 D CompatibilityChangeReporter: Compat change id reported: 135772972; UID 10069; state: DISABLED
12-14 03:22:23.325 1483 1483 D CompatibilityChangeReporter: Compat change id reported: 135754954; UID 10069; state: ENABLED
12-14 03:22:23.326 1483 1483 I SystemServerTiming: startHomeOnAllDisplays
12-14 03:22:23.327 1483 1483 I ActivityTaskManager: START u0 {act=android.intent.action.MAIN cat=[android.intent.category.HOME] flg=0x10000100 cmp=com.android.settings/.FallbackHome (has extras)} from uid 0
12-14 03:22:23.340 1483 1483 D CompatibilityChangeReporter: Compat change id reported: 174042980; UID 1000; state: DISABLED
01-01 10:04:26.403 0 0 I binder : 2107:2107 ioctl 40046210 7fe6bbc0e4 returned -22
01-01 10:04:26.404 0 0 E init : Control message: Could not find 'vendor.qti.hardware.iop@2.0::IIop/default' for ctl.interface_start from pid: 500 (/system/bin/hwservicemanager)
12-14 03:22:23.352 1483 1483 D CompatibilityChangeReporter: Compat change id reported: 168419799; UID 1000; state: DISABLED
12-14 03:22:23.353 1483 1483 I ActivityTaskManager: FOREGROUND_APPLICATION_CHANGED to com.android.settings.FallbackHome
12-14 03:22:23.354 1483 2134 W ContextImpl: Calling a method in the system process without a qualified user: android.app.ContextImpl.bindService:1895 android.content.ContextWrapper.bindService:810 com.qualcomm.qti.activityextension.ActivityNotifier.bindToDynamicDDSService:103 com.qualcomm.qti.activityextension.ActivityNotifier.handleSendActivityInvokeNotification:184 com.qualcomm.qti.activityextension.ActivityNotifier.access$300:26
12-14 03:22:23.355 1483 1483 I SystemServerTiming: showSystemReadyErrorDialogs
12-14 03:22:23.373 1483 1607 D CountryDetector: Using custom country detector class: com.android.server.location.ComprehensiveCountryDetector
12-14 03:22:23.373 1483 1607 E CountryDetector: Could not instantiate the custom country detector class
12-14 03:22:23.373 1483 1607 D CountryDetector: Using default country detector
12-14 03:22:23.390 1483 1483 I SystemServerTiming: sendUserStartBroadcast
12-14 03:22:23.390 1483 1483 I SystemServerTiming: resumeTopActivities
12-14 03:22:23.391 1483 1483 I SystemServerTiming: sendUserSwitchBroadcasts
12-14 03:22:23.391 1483 1483 I SystemServerTiming: setBinderProxies
12-14 03:22:23.391 1483 1483 I SystemServerTiming: StartSystemUI
12-14 03:22:23.391 1483 1960 W ActivityManager: No pending application record for pid 2081 (IApplicationThread android.app.IApplicationThread$Stub$Proxy@e75daad); dropping process
01-01 10:04:26.455 0 0 E init : Control message: Could not find 'vendor.qti.hardware.iop@2.0::IIop/default' for ctl.interface_start from pid: 500 (/system/bin/hwservicemanager)
12-14 03:22:23.392 1483 1610 W ActivityManager: Slow operation: 86ms so far, now at startProcess: done updating battery stats
12-14 03:22:23.392 1483 1610 W ActivityManager: Slow operation: 86ms so far, now at startProcess: building log message
12-14 03:22:23.392 1483 1610 I ActivityManager: Start proc 2107:com.thundercomm.microservice/1000 for added application com.thundercomm.microservice
12-14 03:22:23.392 1483 1610 W ActivityManager: Slow operation: 86ms so far, now at startProcess: starting to update pids map
12-14 03:22:23.392 1483 1610 W ActivityManager: Slow operation: 86ms so far, now at startProcess: done updating pids map
12-14 03:22:23.392 1483 1610 W ActivityManager: Slow operation: 82ms so far, now at startProcess: asking zygote to start proc
12-14 03:22:23.392 1483 1524 I ActivityManager: Process WebViewLoader-armeabi-v7a (pid 2048) has died: psvc PER
12-14 03:22:23.397 1483 1610 W ActivityManager: Slow operation: 87ms so far, now at startProcess: returned from zygote!
12-14 03:22:23.401 1483 2134 W ContextImpl: Calling a method in the system process without a qualified user: android.app.ContextImpl.bindService:1895 android.content.ContextWrapper.bindService:810 com.qualcomm.qti.activityextension.ActivityNotifier.bindToDynamicDDSService:103 com.qualcomm.qti.activityextension.ActivityNotifier.handleSendActivityInvokeNotification:184 com.qualcomm.qti.activityextension.ActivityNotifier.access$300:26
12-14 03:22:23.401 1483 2134 W ContextImpl: Calling a method in the system process without a qualified user: android.app.ContextImpl.bindService:1895 android.content.ContextWrapper.bindService:810 com.qualcomm.qti.activityextension.ActivityNotifier.bindToDynamicDDSService:103 com.qualcomm.qti.activityextension.ActivityNotifier.handleSendActivityInvokeNotification:184 com.qualcomm.qti.activityextension.ActivityNotifier.access$300:26
12-14 03:22:23.402 1483 1588 D CompatibilityChangeReporter: Compat change id reported: 135634846; UID 1000; state: DISABLED
12-14 03:22:23.402 1483 1588 D CompatibilityChangeReporter: Compat change id reported: 177438394; UID 1000; state: DISABLED
12-14 03:22:23.402 1483 1588 D CompatibilityChangeReporter: Compat change id reported: 135772972; UID 1000; state: DISABLED
12-14 03:22:23.402 1483 1588 D CompatibilityChangeReporter: Compat change id reported: 135754954; UID 1000; state: ENABLED
12-14 03:22:23.404 1483 1610 W ActivityManager: Slow operation: 94ms so far, now at startProcess: done updating battery stats
01-01 10:04:26.469 0 0 I binder : undelivered TRANSACTION_COMPLETE
12-14 03:22:23.404 1483 1610 W ActivityManager: Slow operation: 94ms so far, now at startProcess: building log message
12-14 03:22:23.404 1483 1610 I ActivityManager: Start proc 2163:com.thundercomm.microsettings/1000 for added application com.thundercomm.microsettings
12-14 03:22:23.404 1483 1610 W ActivityManager: Slow operation: 94ms so far, now at startProcess: starting to update pids map
12-14 03:22:23.404 1483 1610 W ActivityManager: Slow operation: 95ms so far, now at startProcess: done updating pids map
12-14 03:22:23.404 1483 1610 W ActivityManager: Slow operation: 94ms so far, now at startProcess: asking zygote to start proc
12-14 03:22:23.407 1483 2143 I ActivityManager: Process WebViewLoader-arm64-v8a (pid 2050) has died: psvc PER
12-14 03:22:23.409 1483 1610 W ActivityManager: Slow operation: 98ms so far, now at startProcess: returned from zygote!
12-14 03:22:23.409 1483 1610 W ActivityManager: Slow operation: 98ms so far, now at startProcess: done updating battery stats
12-14 03:22:23.409 1483 1610 W ActivityManager: Slow operation: 98ms so far, now at startProcess: building log message
12-14 03:22:23.409 1483 1610 I ActivityManager: Start proc 2168:.dataservices/1001 for added application .dataservices
12-14 03:22:23.409 1483 1610 W ActivityManager: Slow operation: 98ms so far, now at startProcess: starting to update pids map
01-01 10:04:26.469 0 0 I binder : undelivered transaction 20724, process died.
01-01 10:04:26.470 0 0 E init : Control message: Could not find 'vendor.qti.hardware.iop@2.0::IIop/default' for ctl.interface_start from pid: 500 (/system/bin/hwservicemanager)
12-14 03:22:23.410 1483 1610 W ActivityManager: Slow operation: 100ms so far, now at startProcess: done updating pids map
12-14 03:22:23.410 1483 1610 W ActivityManager: Slow operation: 99ms so far, now at startProcess: asking zygote to start proc
12-14 03:22:23.410 1483 1610 D CompatibilityChangeReporter: Compat change id reported: 143937733; UID 10054; state: DISABLED
12-14 03:22:23.412 1483 1483 I SystemServerTiming: startMicroService
12-14 03:22:23.414 1483 1483 I SystemServerTiming: startRemoteControlService
12-14 03:22:23.414 1483 1483 I SystemServerTiming: startTcService
12-14 03:22:23.415 1483 1483 W Looper : Slow delivery took 2441ms main h=android.app.PropertyInvalidatedCache$AutoCorker$1 c=null m=0
12-14 03:22:23.420 1483 1610 W ActivityManager: Slow operation: 109ms so far, now at startProcess: returned from zygote!
12-14 03:22:23.421 1483 1610 W ActivityManager: Slow operation: 109ms so far, now at startProcess: done updating battery stats
12-14 03:22:23.421 1483 1610 W ActivityManager: Slow operation: 109ms so far, now at startProcess: building log message
12-14 03:22:23.421 1483 1610 I ActivityManager: Start proc 2174:.qtidataservices/u0a54 for added application .qtidataservices
12-14 03:22:23.421 1483 1610 W ActivityManager: Slow operation: 109ms so far, now at startProcess: starting to update pids map
12-14 03:22:23.421 1483 1610 W ActivityManager: Slow operation: 109ms so far, now at startProcess: done updating pids map
12-14 03:22:23.421 1483 1610 W ActivityManager: Slow operation: 107ms so far, now at startProcess: asking zygote to start proc
12-14 03:22:23.422 1483 1483 D ConditionProviders.SCP: onConnected
12-14 03:22:23.424 1483 1483 I GameModeConfig: isGameModeOn = false
12-14 03:22:23.424 1483 1483 D ConditionProviders: Subscribing to condition://android/event?userId=-10000&calendar=&reply=1 with ComponentInfo{android/com.android.server.notification.EventConditionProvider}
12-14 03:22:23.424 1483 1483 D ConditionProviders: Subscribing to condition://android/schedule?days=1.2.3.4.5.6.7&start=22.0&end=7.0&exitAtAlarm=true with ComponentInfo{android/com.android.server.notification.ScheduleConditionProvider}
12-14 03:22:23.428 1483 1483 D CompatibilityChangeReporter: Compat change id reported: 135634846; UID 10096; state: DISABLED
12-14 03:22:23.428 1483 1483 D CompatibilityChangeReporter: Compat change id reported: 177438394; UID 10096; state: DISABLED
12-14 03:22:23.428 1483 1483 D CompatibilityChangeReporter: Compat change id reported: 135772972; UID 10096; state: DISABLED
12-14 03:22:23.428 1483 1483 D CompatibilityChangeReporter: Compat change id reported: 135754954; UID 10096; state: ENABLED
12-14 03:22:23.431 1483 1483 I GameModeConfig: isGameModeOn = false
12-14 03:22:23.433 1483 1610 W ActivityManager: Slow operation: 119ms so far, now at startProcess: returned from zygote!
12-14 03:22:23.433 1483 1610 W ActivityManager: Slow operation: 120ms so far, now at startProcess: done updating battery stats
12-14 03:22:23.433 1483 1610 W ActivityManager: Slow operation: 120ms so far, now at startProcess: building log message
01-01 10:04:26.497 0 0 I binder : 2168:2168 ioctl 40046210 7fe6bbc0e4 returned -22
01-01 10:04:26.497 0 0 I binder : 2163:2163 ioctl 40046210 7fe6bbc0e4 returned -22
01-01 10:04:26.501 0 0 I binder : 1994:1994 ioctl 40046210 7fe6bbb754 returned -22
12-14 03:22:23.433 1483 1610 I ActivityManager: Start proc 2186:com.thundercomm.tchttpserver/1000 for added application com.thundercomm.tchttpserver
12-14 03:22:23.433 1483 1610 W ActivityManager: Slow operation: 120ms so far, now at startProcess: starting to update pids map
12-14 03:22:23.434 1483 1610 W ActivityManager: Slow operation: 120ms so far, now at startProcess: done updating pids map
12-14 03:22:23.434 1483 1610 W ActivityManager: Slow operation: 119ms so far, now at startProcess: asking zygote to start proc
12-14 03:22:23.444 1483 1610 W ActivityManager: Slow operation: 129ms so far, now at startProcess: returned from zygote!
12-14 03:22:23.444 1483 2029 D CompatibilityChangeReporter: Compat change id reported: 168419799; UID 1001; state: DISABLED
12-14 03:22:23.447 1483 2029 D CompatibilityChangeReporter: Compat change id reported: 181136395; UID 1000; state: DISABLED
12-14 03:22:23.449 1483 1981 D CompatibilityChangeReporter: Compat change id reported: 171306433; UID 1000; state: ENABLED
12-14 03:22:23.450 1483 2029 D CompatibilityChangeReporter: Compat change id reported: 174042936; UID 1000; state: DISABLED
12-14 03:22:23.451 1483 2029 D CompatibilityChangeReporter: Compat change id reported: 168419799; UID 1001; state: DISABLED
12-14 03:22:23.453 1483 1610 W ActivityManager: Slow operation: 138ms so far, now at startProcess: done updating battery stats
12-14 03:22:23.453 1483 1610 W ActivityManager: Slow operation: 138ms so far, now at startProcess: building log message
12-14 03:22:23.453 1483 1610 I ActivityManager: Start proc 2211:com.tc.logclient/1000 for added application com.tc.logclient
12-14 03:22:23.453 1483 1610 W ActivityManager: Slow operation: 138ms so far, now at startProcess: starting to update pids map
01-01 10:04:26.517 0 0 I binder : 2174:2174 ioctl 40046210 7fe6bbc0e4 returned -22
12-14 03:22:23.455 1483 1610 W ActivityManager: Slow operation: 141ms so far, now at startProcess: done updating pids map
12-14 03:22:23.456 1483 1610 W ActivityManager: Slow operation: 140ms so far, now at startProcess: asking zygote to start proc
12-14 03:22:23.459 1483 2143 D CompatibilityChangeReporter: Compat change id reported: 168419799; UID 1000; state: DISABLED
01-01 10:04:26.524 0 0 I binder : 2186:2186 ioctl 40046210 7fe6bbc0e4 returned -22
12-14 03:22:23.466 1483 1610 W ActivityManager: Slow operation: 150ms so far, now at startProcess: returned from zygote!
12-14 03:22:23.466 1483 1523 D CompatibilityChangeReporter: Compat change id reported: 168419799; UID 10054; state: DISABLED
12-14 03:22:23.470 1483 1610 W ActivityManager: Slow operation: 154ms so far, now at startProcess: done updating battery stats
12-14 03:22:23.470 1483 1610 W ActivityManager: Slow operation: 154ms so far, now at startProcess: building log message
12-14 03:22:23.470 1483 1610 I ActivityManager: Start proc 2239:com.android.networkstack.process/1073 for added application com.android.networkstack.process
12-14 03:22:23.470 1483 1610 W ActivityManager: Slow operation: 154ms so far, now at startProcess: starting to update pids map
12-14 03:22:23.470 1483 1610 W ActivityManager: Slow operation: 154ms so far, now at startProcess: done updating pids map
12-14 03:22:23.470 1483 1610 W ActivityManager: Slow operation: 153ms so far, now at startProcess: asking zygote to start proc
12-14 03:22:23.472 1483 2029 D CompatibilityChangeReporter: Compat change id reported: 168419799; UID 1000; state: DISABLED
12-14 03:22:23.479 2011 2011 W OneHandedController: Device doesn't support OneHanded feature
12-14 03:22:23.482 1483 1610 W ActivityManager: Slow operation: 165ms so far, now at startProcess: returned from zygote!
12-14 03:22:23.482 1483 1610 W ActivityManager: Slow operation: 165ms so far, now at startProcess: done updating battery stats
12-14 03:22:23.482 1483 1610 W ActivityManager: Slow operation: 165ms so far, now at startProcess: building log message
12-14 03:22:23.482 1483 1610 I ActivityManager: Start proc 2258:com.thundercomm.tcsetupwizard/1000 for added application com.thundercomm.tcsetupwizard
12-14 03:22:23.482 1483 1610 W ActivityManager: Slow operation: 166ms so far, now at startProcess: starting to update pids map
12-14 03:22:23.484 1483 1610 W ActivityManager: Slow operation: 167ms so far, now at startProcess: done updating pids map
12-14 03:22:23.484 1483 1610 W ActivityManager: Slow operation: 167ms so far, now at startProcess: asking zygote to start proc
01-01 10:04:26.546 0 0 I binder : 2211:2211 ioctl 40046210 7fe6bbc0e4 returned -22
12-14 03:22:23.491 1483 1610 W ActivityManager: Slow operation: 173ms so far, now at startProcess: returned from zygote!
01-01 10:04:26.548 0 0 I binder : 2239:2239 ioctl 40046210 7fe6bbc0e4 returned -22
12-14 03:22:23.492 1483 1523 D CompatibilityChangeReporter: Compat change id reported: 168419799; UID 1073; state: DISABLED
12-14 03:22:23.497 1483 1523 D CompatibilityChangeReporter: Compat change id reported: 168419799; UID 1073; state: DISABLED
12-14 03:22:23.498 1483 1610 W ActivityManager: Slow operation: 181ms so far, now at startProcess: done updating battery stats
12-14 03:22:23.499 1483 1610 W ActivityManager: Slow operation: 181ms so far, now at startProcess: building log message
12-14 03:22:23.499 1483 1610 I ActivityManager: Start proc 2274:vendor.qti.qesdk.sysservice/1000 for added application vendor.qti.qesdk.sysservice
12-14 03:22:23.499 1483 1610 W ActivityManager: Slow operation: 181ms so far, now at startProcess: starting to update pids map
12-14 03:22:23.499 1483 1610 W ActivityManager: Slow operation: 182ms so far, now at startProcess: done updating pids map
12-14 03:22:23.499 1483 1610 W ActivityManager: Slow operation: 180ms so far, now at startProcess: asking zygote to start proc
12-14 03:22:23.499 1483 1610 D CompatibilityChangeReporter: Compat change id reported: 143937733; UID 10083; state: DISABLED
12-14 03:22:23.502 1483 2029 D CompatibilityChangeReporter: Compat change id reported: 168419799; UID 1000; state: DISABLED
12-14 03:22:23.507 1483 1483 I PackageWatchdog: Syncing health check requests for packages: {}
12-14 03:22:23.507 1483 1483 I ExplicitHealthCheckController: Service not ready to get health check supported packages. Binding...
12-14 03:22:23.508 1483 1483 I ExplicitHealthCheckController: Explicit health check service is bound
12-14 03:22:23.508 1483 1610 W ActivityManager: Slow operation: 188ms so far, now at startProcess: returned from zygote!
12-14 03:22:23.509 1483 1610 W ActivityManager: Slow operation: 189ms so far, now at startProcess: done updating battery stats
12-14 03:22:23.509 1483 1610 W ActivityManager: Slow operation: 189ms so far, now at startProcess: building log message
12-14 03:22:23.509 1483 1610 I ActivityManager: Start proc 2280:com.qti.qualcomm.mstatssystemservice/u0a83 for added application com.qti.qualcomm.mstatssystemservice
12-14 03:22:23.509 1483 1610 W ActivityManager: Slow operation: 189ms so far, now at startProcess: starting to update pids map
12-14 03:22:23.509 1483 1610 W ActivityManager: Slow operation: 190ms so far, now at startProcess: done updating pids map
12-14 03:22:23.510 1483 1610 W ActivityManager: Slow operation: 188ms so far, now at startProcess: asking zygote to start proc
01-01 10:04:26.576 0 0 I binder : 2274:2274 ioctl 40046210 7fe6bbc0e4 returned -22
01-01 10:04:26.583 0 0 I binder : 2258:2258 ioctl 40046210 7fe6bbc0e4 returned -22
12-14 03:22:23.522 1483 1610 W ActivityManager: Slow operation: 201ms so far, now at startProcess: returned from zygote!
12-14 03:22:23.523 1483 1610 W ActivityManager: Slow operation: 201ms so far, now at startProcess: done updating battery stats
12-14 03:22:23.523 1483 1610 W ActivityManager: Slow operation: 201ms so far, now at startProcess: building log message
12-14 03:22:23.523 1483 1610 I ActivityManager: Start proc 2307:com.android.se/1068 for added application com.android.se
12-14 03:22:23.523 1483 1610 W ActivityManager: Slow operation: 201ms so far, now at startProcess: starting to update pids map
12-14 03:22:23.523 1483 1610 W ActivityManager: Slow operation: 201ms so far, now at startProcess: done updating pids map
12-14 03:22:23.523 1483 1610 W ActivityManager: Slow operation: 201ms so far, now at startProcess: asking zygote to start proc
12-14 03:22:23.525 1483 1524 D CompatibilityChangeReporter: Compat change id reported: 168419799; UID 1000; state: DISABLED
12-14 03:22:23.529 1483 2029 D CompatibilityChangeReporter: Compat change id reported: 168419799; UID 1000; state: DISABLED
01-01 10:04:26.593 0 0 I binder : 2280:2280 ioctl 40046210 7fe6bbc0e4 returned -22
12-14 03:22:23.540 1483 1523 D CompatibilityChangeReporter: Compat change id reported: 168419799; UID 10083; state: DISABLED
12-14 03:22:23.541 1483 1610 W ActivityManager: Slow operation: 219ms so far, now at startProcess: returned from zygote!
01-01 10:04:26.605 0 0 I binder : 2168:2329 ioctl 40046210 78ae7cc9e4 returned -22
01-01 10:04:26.605 0 0 I binder : 2307:2307 ioctl 40046210 7fe6bbc0e4 returned -22
12-14 03:22:23.545 1483 1610 W ActivityManager: Slow operation: 223ms so far, now at startProcess: done updating battery stats
12-14 03:22:23.545 1483 1610 W ActivityManager: Slow operation: 223ms so far, now at startProcess: building log message
12-14 03:22:23.545 1483 1610 I ActivityManager: Start proc 2340:com.thundercomm.remotecontrolservice/1000 for added application com.thundercomm.remotecontrolservice
12-14 03:22:23.545 1483 1610 W ActivityManager: Slow operation: 223ms so far, now at startProcess: starting to update pids map
12-14 03:22:23.546 1483 1610 W ActivityManager: Slow operation: 225ms so far, now at startProcess: done updating pids map
12-14 03:22:23.546 1483 1610 W ActivityManager: Slow operation: 224ms so far, now at startProcess: asking zygote to start proc
12-14 03:22:23.554 1483 1483 I SystemServerTiming: ManagedServices.unbindOtherUserServices_current0
12-14 03:22:23.554 1483 1483 I SystemServerTiming: ManagedServices.unbindOtherUserServices_current0
12-14 03:22:23.555 1483 1483 I SystemServerTiming: ManagedServices.unbindOtherUserServices_current0
12-14 03:22:23.555 1483 1483 V NotificationAssistants: enabling notification assistant for 0: ComponentInfo{android.ext.services/android.ext.services.notification.Assistant}
12-14 03:22:23.555 1483 1483 V NotificationAssistants: binding: Intent { act=android.service.notification.NotificationAssistantService cmp=android.ext.services/.notification.Assistant (has extras) }
12-14 03:22:23.555 1483 2029 D CompatibilityChangeReporter: Compat change id reported: 168419799; UID 1068; state: DISABLED
12-14 03:22:23.556 1483 1610 W ActivityManager: Slow operation: 233ms so far, now at startProcess: returned from zygote!
12-14 03:22:23.560 1483 1610 W ActivityManager: Slow operation: 237ms so far, now at startProcess: done updating battery stats
12-14 03:22:23.560 1483 1610 W ActivityManager: Slow operation: 237ms so far, now at startProcess: building log message
12-14 03:22:23.560 1483 1610 I ActivityManager: Start proc 2352:com.thundercomm.tcservice/1000 for added application com.thundercomm.tcservice
12-14 03:22:23.560 1483 1610 W ActivityManager: Slow operation: 237ms so far, now at startProcess: starting to update pids map
12-14 03:22:23.560 1483 1610 W ActivityManager: Slow operation: 237ms so far, now at startProcess: done updating pids map
12-14 03:22:23.560 1483 1610 W ActivityManager: Slow operation: 236ms so far, now at startProcess: asking zygote to start proc
12-14 03:22:23.560 1483 1610 D CompatibilityChangeReporter: Compat change id reported: 143937733; UID 10069; state: ENABLED
12-14 03:22:23.567 1483 1610 W ActivityManager: Slow operation: 243ms so far, now at startProcess: returned from zygote!
12-14 03:22:23.568 1483 1610 W ActivityManager: Slow operation: 244ms so far, now at startProcess: done updating battery stats
12-14 03:22:23.568 1483 1610 W ActivityManager: Slow operation: 244ms so far, now at startProcess: building log message
12-14 03:22:23.568 1483 1610 I ActivityManager: Start proc 2355:com.qualcomm.qti.devicestatisticsservice/u0a69 for added application com.qualcomm.qti.devicestatisticsservice
12-14 03:22:23.568 1483 1610 W ActivityManager: Slow operation: 244ms so far, now at startProcess: starting to update pids map
12-14 03:22:23.568 1483 1610 W ActivityManager: Slow operation: 244ms so far, now at startProcess: done updating pids map
12-14 03:22:23.568 1483 1610 W ActivityManager: Slow operation: 243ms so far, now at startProcess: asking zygote to start proc
12-14 03:22:23.568 2163 2163 W ContextImpl: Calling a method in the system process without a qualified user: android.app.ContextImpl.startService:1816 android.content.ContextWrapper.startService:774 com.thundercomm.microsettings.service.SettingsApplication.onCreate:30 android.app.Instrumentation.callApplicationOnCreate:1212 android.app.ActivityThread.handleBindApplication:6744
12-14 03:22:23.569 1483 2029 W ActivityManager: Unable to start service Intent { act=com.thundercomm.microsettings.SETTING_SERVICE pkg=com.thundercomm.microsettings } U=0: not found
12-14 03:22:23.571 2163 2163 W ContextImpl: Calling a method in the system process without a qualified user: android.app.ContextImpl.startService:1816 android.content.ContextWrapper.startService:774 com.thundercomm.microsettings.service.SettingsApplication.onCreate:36 android.app.Instrumentation.callApplicationOnCreate:1212 android.app.ActivityThread.handleBindApplication:6744
12-14 03:22:23.572 1483 1524 W ActivityManager: Unable to start service Intent { act=com.thundercomm.microsettings.EOL_SERVICE pkg=com.thundercomm.microsettings } U=0: not found
12-14 03:22:23.579 1483 1610 W ActivityManager: Slow operation: 254ms so far, now at startProcess: returned from zygote!
12-14 03:22:23.579 1483 1610 W ActivityManager: Slow operation: 254ms so far, now at startProcess: done updating battery stats
12-14 03:22:23.579 1483 1610 W ActivityManager: Slow operation: 254ms so far, now at startProcess: building log message
12-14 03:22:23.579 1483 1610 I ActivityManager: Start proc 2362:com.qualcomm.qti.qdma/1000 for added application com.qualcomm.qti.qdma
12-14 03:22:23.579 1483 1610 W ActivityManager: Slow operation: 254ms so far, now at startProcess: starting to update pids map
12-14 03:22:23.579 1483 1610 W ActivityManager: Slow operation: 255ms so far, now at startProcess: done updating pids map
12-14 03:22:23.579 1483 1610 W ActivityManager: Slow operation: 178ms so far, now at startProcess: asking zygote to start proc
01-01 10:04:26.645 0 0 I binder : 2340:2340 ioctl 40046210 7fe6bbc0e4 returned -22
01-01 10:04:26.653 0 0 I binder : 2352:2352 ioctl 40046210 7fe6bbc0e4 returned -22
12-14 03:22:23.596 1483 2143 D CompatibilityChangeReporter: Compat change id reported: 168419799; UID 1000; state: DISABLED
12-14 03:22:23.598 1483 1610 W ActivityManager: Slow operation: 196ms so far, now at startProcess: returned from zygote!
12-14 03:22:23.599 1483 1610 W ActivityManager: Slow operation: 197ms so far, now at startProcess: done updating battery stats
12-14 03:22:23.599 1483 1610 W ActivityManager: Slow operation: 197ms so far, now at startProcess: building log message
12-14 03:22:23.599 1483 1610 I ActivityManager: Start proc 2381:com.android.settings/1000 for top-activity {com.android.settings/com.android.settings.FallbackHome}
12-14 03:22:23.599 1483 1610 W ActivityManager: Slow operation: 197ms so far, now at startProcess: starting to update pids map
12-14 03:22:23.600 1483 1610 W ActivityManager: Slow operation: 198ms so far, now at startProcess: done updating pids map
12-14 03:22:23.600 1483 1610 W ActivityManager: Slow operation: 172ms so far, now at startProcess: asking zygote to start proc
12-14 03:22:23.600 1483 1610 D CompatibilityChangeReporter: Compat change id reported: 143937733; UID 10096; state: ENABLED
01-01 10:04:26.660 0 0 I binder : 2381:2381 ioctl 40046210 7fe6bbc0e4 returned -22
01-01 10:04:26.661 0 0 I binder : 2355:2355 ioctl 40046210 7fe6bbc0e4 returned -22
12-14 03:22:23.605 1483 1610 W ActivityManager: Slow operation: 177ms so far, now at startProcess: returned from zygote!
12-14 03:22:23.605 1483 1610 W ActivityManager: Slow operation: 177ms so far, now at startProcess: done updating battery stats
12-14 03:22:23.605 1483 1610 W ActivityManager: Slow operation: 177ms so far, now at startProcess: building log message
12-14 03:22:23.605 1483 1610 I ActivityManager: Start proc 2421:android.ext.services/u0a96 for service {android.ext.services/android.ext.services.autofill.InlineSuggestionRenderServiceImpl}
12-14 03:22:23.605 1483 1610 W ActivityManager: Slow operation: 177ms so far, now at startProcess: starting to update pids map
12-14 03:22:23.605 1483 1610 W ActivityManager: Slow operation: 178ms so far, now at startProcess: done updating pids map
12-14 03:22:23.606 1483 2029 D CompatibilityChangeReporter: Compat change id reported: 168419799; UID 1000; state: DISABLED
12-14 03:22:23.606 2163 2163 D MicroServiceManager: add linkToDeath
12-14 03:22:23.607 2163 2163 D MicroServiceManager: bindMicroService: called already get service
12-14 03:22:23.611 1483 1523 D CompatibilityChangeReporter: Compat change id reported: 168419799; UID 10069; state: DISABLED
01-01 10:04:26.673 0 0 I binder : 2307:2307 ioctl 40046210 7fe6bbb094 returned -22
12-14 03:22:23.617 1483 1524 D CompatibilityChangeReporter: Compat change id reported: 168419799; UID 1000; state: DISABLED
01-01 10:04:26.687 0 0 I binder : 2362:2362 ioctl 40046210 7fe6bbc0e4 returned -22
12-14 03:22:23.633 1483 1979 D CompatibilityChangeReporter: Compat change id reported: 157233955; UID 10082; state: ENABLED
12-14 03:22:23.635 1483 2029 D CompatibilityChangeReporter: Compat change id reported: 168419799; UID 1000; state: DISABLED
01-01 10:04:26.706 0 0 I binder : 2421:2421 ioctl 40046210 7fe6bbc0e4 returned -22
12-14 03:22:23.661 1483 1979 D CompatibilityChangeReporter: Compat change id reported: 182478738; UID 1073; state: DISABLED
12-14 03:22:23.662 1483 2029 D CompatibilityChangeReporter: Compat change id reported: 168419799; UID 10096; state: DISABLED
01-01 10:04:26.728 0 0 I binder : 2352:2352 ioctl 40046210 7fe6bbac54 returned -22
