12-14 03:34:45.016 1398 5729 D LOWI-9.0.0.87.a: [LOWI-Scan] BSS 76:54:3b:54:38:4d LOWI_PHY_MODE_11NG_HT20(5), Beacon Interval: 100, LOWI_ENCRYPTION_TYPE_WPA_PSK 11mcRanging: No, ANQP: Yes, LCI: No, Civic: No, capability(0x1431): ESS Privacy ShortPreamble ShortSlotTime
12-14 03:34:45.016 1398 5729 D LOWI-9.0.0.87.a: [LOWI-Scan] BSS 76:54:3b:54:38:4d FREQ: 2437, cFreq1[40:80:160] = [0:0:0] cFreq2 = 0 Country Code = US
12-14 03:34:45.016 1398 5729 D LOWI-9.0.0.87.a: [LOWI-Scan] BSS 76:54:3b:54:38:4d (wlan0) ASSO: NO AddInfo: 0x1, TSF 0, 00:12:22.829, RSSI: -176, CPL: 127, AGE: 11308, SSID CADILLAC_8915, TSFDelta: 0xd0f3e5da, TXRate: 0
12-14 03:34:45.016 1398 5729 D LOWI-9.0.0.87.a: [LOWI-Scan]
12-14 03:34:45.016 1398 5729 D LOWI-9.0.0.87.a: [LOWI-Scan] print_bss_handler: Report beacon TSF 753266896 as it greater than probe TSF 753266896
12-14 03:34:45.016 1398 5729 D LOWI-9.0.0.87.a: [LOWI-Scan] decode_rsn_wpa_ie: LOWI_ENCRYPTION_TYPE_WPA_PSK
12-14 03:34:45.016 1398 5729 D LOWI-9.0.0.87.a: [LOWI-Scan] is_qcom_ie, bss_age: 0
12-14 03:34:45.016 1398 5729 D LOWI-9.0.0.87.a: [LOWI-Scan] BSS 36:80:9b:cb:a2:73 LOWI_PHY_MODE_11NG_HT20(5), Beacon Interval: 100, LOWI_ENCRYPTION_TYPE_WPA_PSK 11mcRanging: No, ANQP: No, LCI: No, Civic: No, capability(0x0411): ESS Privacy ShortSlotTime
12-14 03:34:45.016 1398 5729 D LOWI-9.0.0.87.a: [LOWI-Scan] BSS 36:80:9b:cb:a2:73 FREQ: 2457, cFreq1[40:80:160] = [2457:0:0] cFreq2 = 0 Country Code =
12-14 03:34:45.016 1398 5729 D LOWI-9.0.0.87.a: [LOWI-Scan] BSS 36:80:9b:cb:a2:73 (wlan0) ASSO: NO AddInfo: 0x1, TSF 0, 00:12:33.266, RSSI: -160, CPL: 127, AGE: 872, SSID FW, TSFDelta: 0xa484be2f, TXRate: 0
12-14 03:34:45.016 1398 5729 D LOWI-9.0.0.87.a: [LOWI-Scan]
12-14 03:34:45.016 1398 5729 D LOWI-9.0.0.87.a: [LOWI-Scan] print_bss_handler: Report beacon TSF 752366279 as it greater than probe TSF 752366279
12-14 03:34:45.016 1398 5729 D LOWI-9.0.0.87.a: [LOWI-Scan] is_qcom_ie, bss_age: 0
12-14 03:34:45.016 1398 5729 D LOWI-9.0.0.87.a: [LOWI-Scan] BSS 7c:de:78:ab:ce:08 LOWI_PHY_MODE_11NG_HT20(5), Beacon Interval: 100, LOWI_ENCRYPTION_TYPE_OPEN 11mcRanging: No, ANQP: No, LCI: No, Civic: No, capability(0x0411): ESS Privacy ShortSlotTime
12-14 03:34:45.016 1398 5729 D LOWI-9.0.0.87.a: [LOWI-Scan] BSS 7c:de:78:ab:ce:08 FREQ: 2412, cFreq1[40:80:160] = [0:0:0] cFreq2 = 0 Country Code =
12-14 03:34:45.016 1398 5729 D LOWI-9.0.0.87.a: [LOWI-Scan] BSS 7c:de:78:ab:ce:08 (wlan0) ASSO: NO AddInfo: 0x1, TSF 0, 00:12:32.366, RSSI: -170, CPL: 127, AGE: 1772, SSID Perceiveeyes, TSFDelta: 0x8e6b42ad, TXRate: 0
12-14 03:34:45.016 1398 5729 D LOWI-9.0.0.87.a: [LOWI-Scan]
12-14 03:34:45.016 1398 5729 D LOWI-9.0.0.87.a: [LOWI-Scan] print_bss_handler: Report Probe TSF 752493757 as it greater than Beacon TSF 752467298
12-14 03:34:45.016 1398 5729 D LOWI-9.0.0.87.a: [LOWI-Scan] decode_rsn_wpa_ie: LOWI_ENCRYPTION_TYPE_WPA_PSK
12-14 03:34:45.016 1398 5729 D LOWI-9.0.0.87.a: [LOWI-Scan] is_qcom_ie, bss_age: 0
12-14 03:34:45.016 1398 5729 D LOWI-9.0.0.87.a: [LOWI-Scan] BSS 18:6f:2d:25:4a:76 LOWI_PHY_MODE_11AC_VHT20(8), Beacon Interval: 200, LOWI_ENCRYPTION_TYPE_WPA_PSK 11mcRanging: No, ANQP: No, LCI: No, Civic: No, capability(0x0111): ESS Privacy SpectrumMgmt
12-14 03:34:45.016 1398 5729 D LOWI-9.0.0.87.a: [LOWI-Scan] BSS 18:6f:2d:25:4a:76 FREQ: 5200, cFreq1[40:80:160] = [5200:0:0] cFreq2 = 0 Country Code = CN
12-14 03:34:45.016 1398 5729 D LOWI-9.0.0.87.a: [LOWI-Scan] BSS 18:6f:2d:25:4a:76 (wlan0) ASSO: NO AddInfo: 0x0, TSF 0, 00:12:32.493, RSSI: -172, CPL: 127, AGE: 1644, SSID 123, TSFDelta: 0xcf01b2c, TXRate: 0
12-14 03:34:45.017 1398 5729 D LOWI-9.0.0.87.a: [LOWI-Scan]
12-14 03:34:45.017 1398 5729 D LOWI-9.0.0.87.a: [LOWI-Scan] print_bss_handler: Report Probe TSF 752488617 as it greater than Beacon TSF 0
12-14 03:34:45.017 1398 5729 D LOWI-9.0.0.87.a: [LOWI-Scan] decode_rsn_wpa_ie: LOWI_ENCRYPTION_TYPE_WPA_PSK
12-14 03:34:45.017 1398 5729 D LOWI-9.0.0.87.a: [LOWI-Scan] is_qcom_ie, bss_age: 0
12-14 03:34:45.017 1398 5729 D LOWI-9.0.0.87.a: [LOWI-Scan] BSS 18:6f:2d:25:4a:70 LOWI_PHY_MODE_11AC_VHT20(8), Beacon Interval: 200, LOWI_ENCRYPTION_TYPE_WPA_PSK 11mcRanging: No, ANQP: No, LCI: No, Civic: No, capability(0x0111): ESS Privacy SpectrumMgmt
12-14 03:34:45.017 1398 5729 D LOWI-9.0.0.87.a: [LOWI-Scan] BSS 18:6f:2d:25:4a:70 FREQ: 5200, cFreq1[40:80:160] = [5200:0:0] cFreq2 = 0 Country Code = CN
12-14 03:34:45.017 1398 5729 D LOWI-9.0.0.87.a: [LOWI-Scan] BSS 18:6f:2d:25:4a:70 (wlan0) ASSO: NO AddInfo: 0x0, TSF 0, 00:12:32.488, RSSI: -172, CPL: 127, AGE: 1648, SSID Testing , TSFDelta: 0xcc6d7d0, TXRate: 0
12-14 03:34:45.017 1398 5729 D LOWI-9.0.0.87.a: [LOWI-Scan]
12-14 03:34:45.017 1398 5729 D LOWI-9.0.0.87.a: [LOWI-Scan] print_bss_handler: Report Probe TSF 752490508 as it greater than Beacon TSF 0
12-14 03:34:45.017 1398 5729 D LOWI-9.0.0.87.a: [LOWI-Scan] decode_rsn_wpa_ie: LOWI_ENCRYPTION_TYPE_WPA_PSK
12-14 03:34:45.017 1398 5729 D LOWI-9.0.0.87.a: [LOWI-Scan] is_qcom_ie, bss_age: 0
12-14 03:34:45.017 1398 5729 D LOWI-9.0.0.87.a: [LOWI-Scan] BSS 18:6f:2d:25:4a:72 LOWI_PHY_MODE_11AC_VHT20(8), Beacon Interval: 200, LOWI_ENCRYPTION_TYPE_WPA_PSK 11mcRanging: No, ANQP: No, LCI: No, Civic: No, capability(0x0111): ESS Privacy SpectrumMgmt
12-14 03:34:45.017 1398 5729 D LOWI-9.0.0.87.a: [LOWI-Scan] BSS 18:6f:2d:25:4a:72 FREQ: 5200, cFreq1[40:80:160] = [5200:0:0] cFreq2 = 0 Country Code = CN
12-14 03:34:45.017 1398 5729 D LOWI-9.0.0.87.a: [LOWI-Scan] BSS 18:6f:2d:25:4a:72 (wlan0) ASSO: NO AddInfo: 0x0, TSF 0, 00:12:32.490, RSSI: -172, CPL: 127, AGE: 1648, SSID ZXHY, TSFDelta: 0xcd85e83, TXRate: 0
12-14 03:34:45.017 1398 5729 D LOWI-9.0.0.87.a: [LOWI-Scan]
12-14 03:34:45.017 1398 5729 D LOWI-9.0.0.87.a: [LOWI-Scan] print_bss_handler: Report Probe TSF 752491321 as it greater than Beacon TSF 0
12-14 03:34:45.017 1398 5729 D LOWI-9.0.0.87.a: [LOWI-Scan] decode_rsn_wpa_ie: LOWI_ENCRYPTION_TYPE_WPA_PSK
12-14 03:34:45.017 1398 5729 D LOWI-9.0.0.87.a: [LOWI-Scan] is_qcom_ie, bss_age: 0
12-14 03:34:45.017 1398 5729 D LOWI-9.0.0.87.a: [LOWI-Scan] BSS 18:6f:2d:25:4a:73 LOWI_PHY_MODE_11AC_VHT20(8), Beacon Interval: 200, LOWI_ENCRYPTION_TYPE_WPA_PSK 11mcRanging: No, ANQP: No, LCI: No, Civic: No, capability(0x0111): ESS Privacy SpectrumMgmt
12-14 03:34:45.017 1398 5729 D LOWI-9.0.0.87.a: [LOWI-Scan] BSS 18:6f:2d:25:4a:73 FREQ: 5200, cFreq1[40:80:160] = [5200:0:0] cFreq2 = 0 Country Code = CN
12-14 03:34:45.017 1398 5729 D LOWI-9.0.0.87.a: [LOWI-Scan] BSS 18:6f:2d:25:4a:73 (wlan0) ASSO: NO AddInfo: 0x0, TSF 0, 00:12:32.491, RSSI: -170, CPL: 127, AGE: 1648, SSID Fanya, TSFDelta: 0xcddd75e, TXRate: 0
12-14 03:34:45.017 1398 5729 D LOWI-9.0.0.87.a: [LOWI-Scan]
12-14 03:34:45.017 1398 5729 D LOWI-9.0.0.87.a: [LOWI-Scan] print_bss_handler: Report Probe TSF 752491716 as it greater than Beacon TSF 0
12-14 03:34:45.017 1398 5729 D LOWI-9.0.0.87.a: [LOWI-Scan] decode_rsn_wpa_ie: LOWI_ENCRYPTION_TYPE_WPA_PSK
12-14 03:34:45.017 1398 5729 D LOWI-9.0.0.87.a: [LOWI-Scan] is_qcom_ie, bss_age: 0
12-14 03:34:45.017 1398 5729 D LOWI-9.0.0.87.a: [LOWI-Scan] BSS 18:6f:2d:25:4a:74 LOWI_PHY_MODE_11AC_VHT20(8), Beacon Interval: 200, LOWI_ENCRYPTION_TYPE_WPA_PSK 11mcRanging: No, ANQP: No, LCI: No, Civic: No, capability(0x0111): ESS Privacy SpectrumMgmt
12-14 03:34:45.017 1398 5729 D LOWI-9.0.0.87.a: [LOWI-Scan] BSS 18:6f:2d:25:4a:74 FREQ: 5200, cFreq1[40:80:160] = [5200:0:0] cFreq2 = 0 Country Code = CN
12-14 03:34:45.017 1398 5729 D LOWI-9.0.0.87.a: [LOWI-Scan] BSS 18:6f:2d:25:4a:74 (wlan0) ASSO: NO AddInfo: 0x0, TSF 0, 00:12:32.491, RSSI: -174, CPL: 127, AGE: 1648, SSID ThunderSoft, TSFDelta: 0xce0aa8a, TXRate: 0
12-14 03:34:45.017 1398 5729 D LOWI-9.0.0.87.a: [LOWI-Scan]
12-14 03:34:45.017 1398 5729 D LOWI-9.0.0.87.a: [LOWI-Scan] print_bss_handler: Report Probe TSF 752492127 as it greater than Beacon TSF 0
12-14 03:34:45.017 1398 5729 D LOWI-9.0.0.87.a: [LOWI-Scan] decode_rsn_wpa_ie: LOWI_ENCRYPTION_TYPE_WPA_PSK
12-14 03:34:45.018 1398 5729 D LOWI-9.0.0.87.a: [LOWI-Scan] is_qcom_ie, bss_age: 0
12-14 03:34:45.018 1398 5729 D LOWI-9.0.0.87.a: [LOWI-Scan] BSS 18:6f:2d:25:4a:75 LOWI_PHY_MODE_11AC_VHT20(8), Beacon Interval: 200, LOWI_ENCRYPTION_TYPE_WPA_PSK 11mcRanging: No, ANQP: No, LCI: No, Civic: No, capability(0x0111): ESS Privacy SpectrumMgmt
12-14 03:34:45.018 1398 5729 D LOWI-9.0.0.87.a: [LOWI-Scan] BSS 18:6f:2d:25:4a:75 FREQ: 5200, cFreq1[40:80:160] = [5200:0:0] cFreq2 = 0 Country Code = CN
12-14 03:34:45.018 1398 5729 D LOWI-9.0.0.87.a: [LOWI-Scan] BSS 18:6f:2d:25:4a:75 (wlan0) ASSO: NO AddInfo: 0x0, TSF 0, 00:12:32.492, RSSI: -174, CPL: 127, AGE: 1648, SSID GM, TSFDelta: 0xce3a803, TXRate: 0
12-14 03:34:45.018 1398 5729 D LOWI-9.0.0.87.a: [LOWI-Scan]
12-14 03:34:45.018 1398 5729 D LOWI-9.0.0.87.a: [LOWI-Scan] print_bss_handler: Report beacon TSF 752577840 as it greater than probe TSF 752577840
12-14 03:34:45.018 1398 5729 D LOWI-9.0.0.87.a: [LOWI-Scan] decode_rsn_wpa_ie: LOWI_ENCRYPTION_TYPE_WPA_PSK
12-14 03:34:45.018 1398 5729 D LOWI-9.0.0.87.a: [LOWI-Scan] is_qcom_ie, bss_age: 0
12-14 03:34:45.018 1398 5729 D LOWI-9.0.0.87.a: [LOWI-Scan] BSS 18:6f:2d:0a:ae:04 LOWI_PHY_MODE_11NG_HT20(5), Beacon Interval: 100, LOWI_ENCRYPTION_TYPE_WPA_PSK 11mcRanging: No, ANQP: No, LCI: No, Civic: No, capability(0x0531): ESS Privacy ShortPreamble SpectrumMgmt ShortSlotTime
12-14 03:34:45.018 1398 5729 D LOWI-9.0.0.87.a: [LOWI-Scan] BSS 18:6f:2d:0a:ae:04 FREQ: 2422, cFreq1[40:80:160] = [2422:0:0] cFreq2 = 0 Country Code = CN
12-14 03:34:45.018 1398 5729 D LOWI-9.0.0.87.a: [LOWI-Scan] BSS 18:6f:2d:0a:ae:04 (wlan0) ASSO: NO AddInfo: 0x1, TSF 0, 00:12:32.577, RSSI: -158, CPL: 127, AGE: 1564, SSID Fanya, TSFDelta: 0xd3ce000b, TXRate: 0
12-14 03:34:45.018 1398 5729 D LOWI-9.0.0.87.a: [LOWI-Scan]
12-14 03:34:45.018 1398 5729 D LOWI-9.0.0.87.a: [LOWI-Scan] print_bss_handler: Report beacon TSF 752894173 as it greater than probe TSF 752894173
12-14 03:34:45.018 1398 5729 D LOWI-9.0.0.87.a: [LOWI-Scan] decode_rsn_wpa_ie: LOWI_ENCRYPTION_TYPE_WPA_PSK
12-14 03:34:45.018 1398 5729 D LOWI-9.0.0.87.a: [LOWI-Scan] is_qcom_ie, bss_age: 0
12-14 03:34:45.018 1398 5729 D LOWI-9.0.0.87.a: [LOWI-Scan] BSS 96:f4:1b:6f:e0:30 LOWI_PHY_MODE_11NG_HT20(5), Beacon Interval: 100, LOWI_ENCRYPTION_TYPE_WPA_PSK 11mcRanging: No, ANQP: Yes, LCI: No, Civic: No, capability(0x1431): ESS Privacy ShortPreamble ShortSlotTime
12-14 03:34:45.018 1398 5729 D LOWI-9.0.0.87.a: [LOWI-Scan] BSS 96:f4:1b:6f:e0:30 FREQ: 2437, cFreq1[40:80:160] = [0:0:0] cFreq2 = 0 Country Code = CN
12-14 03:34:45.018 1398 5729 D LOWI-9.0.0.87.a: [LOWI-Scan] BSS 96:f4:1b:6f:e0:30 (wlan0) ASSO: NO AddInfo: 0x1, TSF 0, 00:12:32.894, RSSI: -158, CPL: 127, AGE: 1248, SSID CHEVROLET_5170, TSFDelta: 0xd21472d2, TXRate: 0
12-14 03:34:45.018 1398 5729 D LOWI-9.0.0.87.a: [LOWI-Scan]
12-14 03:34:45.018 1398 5729 D LOWI-9.0.0.87.a: [LOWI-Scan] print_bss_handler: Report Probe TSF 752894655 as it greater than Beacon TSF 0
12-14 03:34:45.018 1398 5729 D LOWI-9.0.0.87.a: [LOWI-Scan] decode_rsn_wpa_ie: LOWI_ENCRYPTION_TYPE_WPA_PSK
12-14 03:34:45.018 1398 5729 D LOWI-9.0.0.87.a: [LOWI-Scan] is_qcom_ie, bss_age: 0
12-14 03:34:45.018 1398 5729 D LOWI-9.0.0.87.a: [LOWI-Scan] BSS 44:94:fc:3d:da:94 LOWI_PHY_MODE_11AC_VHT80(10), Beacon Interval: 100, LOWI_ENCRYPTION_TYPE_WPA_PSK 11mcRanging: No, ANQP: No, LCI: No, Civic: No, capability(0x1011): ESS Privacy
12-14 03:34:45.018 1398 5729 D LOWI-9.0.0.87.a: [LOWI-Scan] BSS 44:94:fc:3d:da:94 FREQ: 5765, cFreq1[40:80:160] = [5755:5775:0] cFreq2 = 0 Country Code =
12-14 03:34:45.018 1398 5729 D LOWI-9.0.0.87.a: [LOWI-Scan] BSS 44:94:fc:3d:da:94 (wlan0) ASSO: NO AddInfo: 0x0, TSF 0, 00:12:32.894, RSSI: -162, CPL: 127, AGE: 1248, SSID WIFI_debug_cjw_5G, TSFDelta: 0x70db195f, TXRate: 0
12-14 03:34:45.018 1398 5729 D LOWI-9.0.0.87.a: [LOWI-Scan]
12-14 03:34:45.018 1398 5729 D LOWI-9.0.0.87.a: [LOWI-Scan] print_bss_handler: Report Probe TSF 753010260 as it greater than Beacon TSF 0
12-14 03:34:45.018 1398 5729 D LOWI-9.0.0.87.a: [LOWI-Scan] decode_rsn_wpa_ie: LOWI_ENCRYPTION_TYPE_WPA_PSK
12-14 03:34:45.018 1398 5729 D LOWI-9.0.0.87.a: [LOWI-Scan] is_qcom_ie, bss_age: 0
12-14 03:34:45.018 1398 5729 D LOWI-9.0.0.87.a: [LOWI-Scan] BSS f0:55:01:67:de:f0 LOWI_PHY_MODE_11AC_VHT80(10), Beacon Interval: 100, LOWI_ENCRYPTION_TYPE_WPA_PSK 11mcRanging: No, ANQP: No, LCI: No, Civic: No, capability(0x1d31): ESS Privacy ShortPreamble SpectrumMgmt ShortSlotTime APSD
12-14 03:34:45.018 1398 5729 D LOWI-9.0.0.87.a: [LOWI-Scan] BSS f0:55:01:67:de:f0 FREQ: 5785, cFreq1[40:80:160] = [5795:5775:0] cFreq2 = 0 Country Code =
12-14 03:34:45.018 1398 5729 D LOWI-9.0.0.87.a: [LOWI-Scan] BSS f0:55:01:67:de:f0 (wlan0) ASSO: NO AddInfo: 0x0, TSF 0, 00:12:33.010, RSSI: -164, CPL: 127, AGE: 1132, SSID xTS_5G, TSFDelta: 0x206cd0cd, TXRate: 0
12-14 03:34:45.018 1398 5729 D LOWI-9.0.0.87.a: [LOWI-Scan]
12-14 03:34:45.018 1398 5729 D LOWI-9.0.0.87.a: [LOWI-Scan] print_bss_handler: Report beacon TSF 753307380 as it greater than probe TSF 753307380
12-14 03:34:45.019 1398 5729 D LOWI-9.0.0.87.a: [LOWI-Scan] is_qcom_ie, bss_age: 0
12-14 03:34:45.019 1398 5729 D LOWI-9.0.0.87.a: [LOWI-Scan] BSS 38:80:9b:cb:a2:73 LOWI_PHY_MODE_11NG_HT20(5), Beacon Interval: 100, LOWI_ENCRYPTION_TYPE_OPEN 11mcRanging: No, ANQP: No, LCI: No, Civic: No, capability(0x0401): ESS ShortSlotTime
12-14 03:34:45.019 1398 5729 D LOWI-9.0.0.87.a: [LOWI-Scan] BSS 38:80:9b:cb:a2:73 FREQ: 2457, cFreq1[40:80:160] = [2457:0:0] cFreq2 = 0 Country Code =
12-14 03:34:45.019 1398 5729 D LOWI-9.0.0.87.a: [LOWI-Scan] BSS 38:80:9b:cb:a2:73 (wlan0) ASSO: NO AddInfo: 0x1, TSF 0, 00:12:33.307, RSSI: -162, CPL: 127, AGE: 836, SSID Lenovo12, TSFDelta: 0xa57c339c, TXRate: 0
12-14 03:34:45.019 1398 5729 D LOWI-9.0.0.87.a: [LOWIDiagLog] Log: lowiMeasResult->request: invalid null argument
12-14 03:34:45.019 1398 5729 I LOWI-9.0.0.87.a: [LOWI-Scan] lowi_close_record:Scan done in 738704ms, 75 APs in scan results
12-14 03:34:45.019 1398 5729 D LOWI-9.0.0.87.a: [LOWI-Scan] WipsScanUsingNL: passive scan cached 0, took 10033 ms, err 0
12-14 03:34:45.019 1398 5729 D LOWI-9.0.0.87.a: [LOWI-Scan] lowi_proc_req_passive_scan_with_live_meas - No WLAN Frames to be parsed
12-14 03:34:45.019 1398 5729 D LOWI-9.0.0.87.a: [LOWIScanResultReceiver] Send scan meas to listener
12-14 03:34:45.019 1398 5729 D LOWI-9.0.0.87.a: [LOWIScanResultReceiver] Enter passive listening mode
12-14 03:34:45.019 1398 5729 D LOWI-9.0.0.87.a: [LOWIWifiDriverInterface] getMeasurements - Passive listening mode
12-14 03:34:45.019 1398 5729 D LOWI-9.0.0.87.a: [LOWI-Scan] WipsScanUsingNL:wait -1 sec for netlink message
12-14 03:34:45.020 1398 1442 D LOWI-9.0.0.87.a: [LOWIEventReceiver] handleEvent:FROM:NA, TO:NA, REQ:NA, IREQ:NA, REQ_ID:0, RESP:NA, INFO:NA
12-14 03:34:45.020 1398 1442 D LOWI-9.0.0.87.a: [LOWIBackgroundScanMgr] isRspForBgScanMgr: evt(LOWI_NO_EVT) - not handled
12-14 03:34:45.020 1398 1442 D LOWI-9.0.0.87.a: [LOWIScheduler] manageMsg: NULL results or NULL request in results
12-14 03:34:45.020 1398 1442 D LOWI-9.0.0.87.a: [LOWIController] Measurements received
12-14 03:34:45.020 1398 1442 D LOWI-9.0.0.87.a: [LOWICacheManager] putInCache:Num of Meas to add: 75
12-14 03:34:45.023 1483 1883 W IE_Capabilities: Unknown RSN cipher suite: 6ac0f00
12-14 03:34:45.023 1398 1442 D LOWI-9.0.0.87.a: [LOWIController] processMeasurementResults: No current Request. Cache measurements
12-14 03:34:45.023 1398 1442 D LOWI-9.0.0.87.a: [LOWIController] sendAsyncScanResponse: Request FreeWifiScanObserver_0 is from a different client.
12-14 03:34:45.023 1398 1442 D LOWI-9.0.0.87.a: [LOWIController] generateResponse: Type (ASYNC_DISCOVERY_SCAN_RESULTS) ScanStatus (1) request FreeWifiScanObserver_0
12-14 03:34:45.023 1398 1442 D LOWI-9.0.0.87.a: [LOWIEventDispatcher] sendResponse - originator = FreeWifiScanObserver
12-14 03:34:45.023 1398 1442 D LOWI-9.0.0.87.a: [LOWIUtils] injectScanMeasurements - num of APs = 75
12-14 03:34:45.025 1398 1442 I LOWI-9.0.0.87.a: [LOWIUtils] responseToOutPostcard - TO: FreeWifiScanObserver, FROM: LOWI-SERVER, RESP: LOWI_ASYNC_DISCOVERY_SCAN_RESULTS
12-14 03:34:45.026 1398 1442 D LOWI-9.0.0.87.a: [LOWIControllerExtn] sendLOWILpDiscoveryScanResponse: Not a discovery scan response
12-14 03:34:45.034 1483 1883 D WificondScannerImpl: Filtering out 23 scan results.
12-14 03:34:45.065 2352 2352 D WifiDebugService: onScanResultsAvailable
12-14 03:34:45.066 1483 1854 D PasspointManager: ANQP entry not found for: 62:e6:f0:dd:03:c7:
12-14 03:34:45.069 1483 1854 D PasspointManager: ANQP entry not found for: 96:0b:e4:6f:e0:30:
12-14 03:34:45.070 1483 1854 D PasspointManager: ANQP entry not found for: 76:ab:c4:54:38:4d:
12-14 03:34:45.070 1483 1854 D PasspointManager: ANQP entry not found for: 7c:b5:9b:6b:a4:33:
12-14 03:34:45.071 1483 1854 D PasspointManager: ANQP entry not found for: ba:9f:09:60:32:1f:
12-14 03:34:45.071 1483 1854 D PasspointManager: ANQP entry not found for: d8:32:14:df:f6:03:
12-14 03:34:45.072 1483 1854 D PasspointManager: ANQP entry not found for: 96:f4:1b:6f:e0:30:
12-14 03:34:45.098 2352 2352 D WifiDebugService: connect wifi SSID is : "TP-LINK_Figure_6d0405"
12-14 03:34:45.113 2352 2352 W WifiDebugService: find wifi : Guest
12-14 03:34:45.113 2352 2352 W WifiDebugService: find wifi : Fanya
12-14 03:34:45.113 2352 2352 W WifiDebugService: find wifi : Guest
12-14 03:34:45.113 2352 2352 W WifiDebugService: find wifi : ZXHY
12-14 03:34:45.113 2352 2352 W WifiDebugService: find wifi : Fanya
12-14 03:34:45.113 2352 2352 W WifiDebugService: find wifi : ThunderSoft
12-14 03:34:45.113 2352 2352 W WifiDebugService: find wifi : GM
12-14 03:34:45.113 2352 2352 W WifiDebugService: find wifi : Testing
12-14 03:34:45.113 2352 2352 W WifiDebugService: find wifi : Guest
12-14 03:34:45.113 2352 2352 W WifiDebugService: find wifi : ThunderSoft_2.4G
12-14 03:34:45.113 2352 2352 W WifiDebugService: find wifi : ZXHY
12-14 03:34:45.113 2352 2352 W WifiDebugService: find wifi : Fanya
12-14 03:34:45.113 2352 2352 W WifiDebugService: find wifi : Testing
12-14 03:34:45.113 2352 2352 W WifiDebugService: find wifi : 123
12-14 03:34:45.113 2352 2352 W WifiDebugService: find wifi : Guest
12-14 03:34:45.113 2352 2352 W WifiDebugService: find wifi : ThunderSoft_2.4G
12-14 03:34:45.113 2352 2352 W WifiDebugService: find wifi : ZXHY
12-14 03:34:45.113 2352 2352 W WifiDebugService: find wifi : Fanya
12-14 03:34:45.113 2352 2352 W WifiDebugService: find wifi :
12-14 03:34:45.113 2352 2352 W WifiDebugService: find wifi : TP-LINK_Figure_6d0405
12-14 03:34:45.113 2352 2352 W WifiDebugService: find wifi : Testing
12-14 03:34:45.114 2352 2352 W WifiDebugService: find wifi : Guest
12-14 03:34:45.114 2352 2352 W WifiDebugService: find wifi : ThunderSoft_2.4G
12-14 03:34:45.114 2352 2352 W WifiDebugService: find wifi : ZXHY
12-14 03:34:45.114 2352 2352 W WifiDebugService: find wifi : Fanya
12-14 03:34:45.114 2352 2352 W WifiDebugService: find wifi : CHEVROLET_5170
12-14 03:34:45.114 2352 2352 W WifiDebugService: can not find target wifi ap : hht_test_wifi_fc4318c9
12-14 03:34:45.141 2381 2381 D WifiDetailsPrefCtrl2: Update UI!
12-14 03:34:45.145 2381 2381 D WifiDetailsPrefCtrl2: Wifi Type 5
12-14 03:34:45.147 2381 2381 D DashboardFragment: Preference key is null in Controller WifiDetailPreferenceController2
12-14 03:34:45.646 642 656 I mpu_uart: [MSG-P:RECV]:No message received in 1000 ms
01-01 10:16:48.714 0 0 D : mv2112_read_status
01-01 10:16:48.714 0 0 D mv2112_update_link: 3.0x901(1G): 0x80
01-01 10:16:48.714 0 0 D mv2112_update_link: 3.0x8109(100M): 0x8
01-01 10:16:48.714 0 0 D mv2112_update_link: link 0x0
01-01 10:16:48.714 0 0 D mv2112_read_status: autoneg is disabled
12-14 03:34:45.955 0 0 W swapper/2: type=1400 audit(0.0:1057): avc: denied { kill } for capability=5 scontext=u:r:kernel:s0 tcontext=u:r:kernel:s0 tclass=capability permissive=0
12-14 03:34:46.180 642 655 I mpu_uart: [MSG-P:R]:recv sync frame timeout
12-14 03:34:46.646 642 656 I mpu_uart: [MSG-P:RECV]:No message received in 1000 ms
01-01 10:16:49.738 0 0 D : mv2112_read_status
01-01 10:16:49.738 0 0 D mv2112_update_link: 3.0x901(1G): 0x80
01-01 10:16:49.739 0 0 D mv2112_update_link: 3.0x8109(100M): 0x8
01-01 10:16:49.739 0 0 D mv2112_update_link: link 0x0
01-01 10:16:49.739 0 0 D mv2112_read_status: autoneg is disabled
12-14 03:34:46.795 2381 2415 I OpenGLRenderer: Davey! duration=9223371280961ms; Flags=0, FrameTimelineVsyncId=13703, IntendedVsync=755893272272, Vsync=755893272272, InputEventId=0, HandleInputStart=755894157834, AnimationStart=755894161220, PerformTraversalsStart=755894163876, DrawStart=755894267991, FrameDeadline=755926605604, FrameInterval=755894150491, FrameStartTime=16666666, SyncQueued=755897506116, SyncStart=755897646845, IssueDrawCommandsStart=755898705907, SwapBuffers=755902972782, FrameCompleted=9223372036854775807, DequeueBufferDuration=55990, QueueBufferDuration=1430157, GpuCompleted=9223372036854775807, SwapBuffersCompleted=755905173720, DisplayPresentTime=0,
12-14 03:34:46.951 0 0 W swapper/2: type=1400 audit(0.0:1058): avc: denied { kill } for capability=5 scontext=u:r:kernel:s0 tcontext=u:r:kernel:s0 tclass=capability permissive=0
12-14 03:34:47.647 642 656 I mpu_uart: [MSG-P:RECV]:No message received in 1000 ms
01-01 10:16:50.762 0 0 D : mv2112_read_status
01-01 10:16:50.762 0 0 D mv2112_update_link: 3.0x901(1G): 0x80
01-01 10:16:50.762 0 0 D mv2112_update_link: 3.0x8109(100M): 0x8
01-01 10:16:50.762 0 0 D mv2112_update_link: link 0x0
01-01 10:16:50.762 0 0 D mv2112_read_status: autoneg is disabled
12-14 03:34:47.781 2800 2800 I hpplay-java: [main]:ServiceUpdater:upLoadServiceInfo invalid deviceCode:, port:53388
12-14 03:34:47.955 0 0 W swapper/1: type=1400 audit(0.0:1059): avc: denied { kill } for capability=5 scontext=u:r:kernel:s0 tcontext=u:r:kernel:s0 tclass=capability permissive=0
12-14 03:34:48.647 642 656 I mpu_uart: [MSG-P:RECV]:No message received in 1000 ms
01-01 10:16:51.786 0 0 D : mv2112_read_status
01-01 10:16:51.786 0 0 D mv2112_update_link: 3.0x901(1G): 0x80
01-01 10:16:51.786 0 0 D mv2112_update_link: 3.0x8109(100M): 0x8
01-01 10:16:51.786 0 0 D mv2112_update_link: link 0x0
01-01 10:16:51.786 0 0 D mv2112_read_status: autoneg is disabled
12-14 03:34:48.955 0 0 W swapper/1: type=1400 audit(0.0:1060): avc: denied { kill } for capability=5 scontext=u:r:kernel:s0 tcontext=u:r:kernel:s0 tclass=capability permissive=0
12-14 03:34:49.183 642 655 I mpu_uart: [MSG-P:R]:recv sync frame timeout
12-14 03:34:49.648 642 656 I mpu_uart: [MSG-P:RECV]:No message received in 1000 ms
01-01 10:16:52.810 0 0 D : mv2112_read_status
01-01 10:16:52.810 0 0 D mv2112_update_link: 3.0x901(1G): 0x80
01-01 10:16:52.811 0 0 D mv2112_update_link: 3.0x8109(100M): 0x8
01-01 10:16:52.811 0 0 D mv2112_update_link: link 0x0
01-01 10:16:52.811 0 0 D mv2112_read_status: autoneg is disabled
12-14 03:34:49.955 0 0 W swapper/1: type=1400 audit(0.0:1061): avc: denied { kill } for capability=5 scontext=u:r:kernel:s0 tcontext=u:r:kernel:s0 tclass=capability permissive=0
12-14 03:34:50.648 642 656 I mpu_uart: [MSG-P:RECV]:No message received in 1000 ms
01-01 10:16:53.834 0 0 D : mv2112_read_status
01-01 10:16:53.834 0 0 D mv2112_update_link: 3.0x901(1G): 0x80
01-01 10:16:53.835 0 0 D mv2112_update_link: 3.0x8109(100M): 0x8
01-01 10:16:53.835 0 0 D mv2112_update_link: link 0x0
01-01 10:16:53.835 0 0 D mv2112_read_status: autoneg is disabled
12-14 03:34:50.951 0 0 W swapper/1: type=1400 audit(0.0:1062): avc: denied { kill } for capability=5 scontext=u:r:kernel:s0 tcontext=u:r:kernel:s0 tclass=capability permissive=0
12-14 03:34:51.648 642 656 I mpu_uart: [MSG-P:RECV]:No message received in 1000 ms
01-01 10:16:54.858 0 0 D : mv2112_read_status
01-01 10:16:54.858 0 0 D mv2112_update_link: 3.0x901(1G): 0x80
01-01 10:16:54.859 0 0 D mv2112_update_link: 3.0x8109(100M): 0x8
01-01 10:16:54.859 0 0 D mv2112_update_link: link 0x0
01-01 10:16:54.859 0 0 D mv2112_read_status: autoneg is disabled
12-14 03:34:51.951 0 0 W swapper/1: type=1400 audit(0.0:1063): avc: denied { kill } for capability=5 scontext=u:r:kernel:s0 tcontext=u:r:kernel:s0 tclass=capability permissive=0
12-14 03:34:52.186 642 655 I mpu_uart: [MSG-P:R]:recv sync frame timeout
12-14 03:34:52.649 642 656 I mpu_uart: [MSG-P:RECV]:No message received in 1000 ms
12-14 03:34:52.769 2800 2800 I hpplay-java: [main]:Upgrade:upgrade not be allowed
12-14 03:34:52.790 2800 2800 I hpplay-java: [main]:ServerBusiness:get deviceCode:
12-14 03:34:52.790 2800 2800 W hpplay-java: [main]:ServerBusiness:startDeviceService ignore,invalid deviceCode
01-01 10:16:55.882 0 0 D : mv2112_read_status
01-01 10:16:55.882 0 0 D mv2112_update_link: 3.0x901(1G): 0x80
01-01 10:16:55.882 0 0 D mv2112_update_link: 3.0x8109(100M): 0x8
01-01 10:16:55.882 0 0 D mv2112_update_link: link 0x0
01-01 10:16:55.882 0 0 D mv2112_read_status: autoneg is disabled
12-14 03:34:52.951 0 0 W swapper/1: type=1400 audit(0.0:1064): avc: denied { kill } for capability=5 scontext=u:r:kernel:s0 tcontext=u:r:kernel:s0 tclass=capability permissive=0
12-14 03:34:53.171 1483 1960 I WifiService: startScan uid=1000
12-14 03:34:53.181 1398 5729 D LOWI-9.0.0.87.a: [LOWI-Scan] wait_event:Wait done with Cmd 33
12-14 03:34:53.182 1398 5729 D LOWI-9.0.0.87.a: [LOWI-Scan] do_listen_events: Rcvd valid Netlink Cmd 0 Err 0
01-01 10:16:56.293 0 0 I [schedu][0x36afc9ae8][03:34:53.232570] wlan: [5714:I:OSIF] scan start scan id 40967
12-14 03:34:53.475 2800 2800 W hpplay-java: [main]:AsyncHttpJob:http request timeout
12-14 03:34:53.649 642 656 I mpu_uart: [MSG-P:RECV]:No message received in 1000 ms
01-01 10:16:56.906 0 0 D : mv2112_read_status
01-01 10:16:56.906 0 0 D mv2112_update_link: 3.0x901(1G): 0x80
01-01 10:16:56.906 0 0 D mv2112_update_link: 3.0x8109(100M): 0x8
01-01 10:16:56.906 0 0 D mv2112_update_link: link 0x0
01-01 10:16:56.906 0 0 D mv2112_read_status: autoneg is disabled
12-14 03:34:53.955 0 0 W swapper/1: type=1400 audit(0.0:1065): avc: denied { kill } for capability=5 scontext=u:r:kernel:s0 tcontext=u:r:kernel:s0 tclass=capability permissive=0
12-14 03:34:54.102 827 827 E WifiHAL : wifi_get_link_stats: requestResponse Error:-7
12-14 03:34:54.103 1483 1854 E WifiVendorHal: getWifiLinkLayerStats_1_3_Internal(l.1168) failed {.code = ERROR_UNKNOWN, .description = , timed out}
01-01 10:16:57.162 0 0 E [wifi@1][0x36bfb4698][03:34:54.101845] wlan: [827:E:HDD] wlan_hdd_send_ll_stats_req: 1597: Target response timed out request id 0 request bitmap 0x1
01-01 10:16:57.162 0 0 E [wifi@1][0x36bfb51ef][03:34:54.101997] wlan: [827:E:HDD] __wlan_hdd_cfg80211_ll_stats_get: 1742: Failed to send LL stats request (id:0)
12-14 03:34:54.650 642 656 I mpu_uart: [MSG-P:RECV]:No message received in 1000 ms
01-01 10:16:57.930 0 0 D : mv2112_read_status
01-01 10:16:57.930 0 0 D mv2112_update_link: 3.0x901(1G): 0x80
01-01 10:16:57.931 0 0 D mv2112_update_link: 3.0x8109(100M): 0x8
01-01 10:16:57.931 0 0 D mv2112_update_link: link 0x0
01-01 10:16:57.931 0 0 D mv2112_read_status: autoneg is disabled
12-14 03:34:54.955 0 0 W swapper/1: type=1400 audit(0.0:1066): avc: denied { kill } for capability=5 scontext=u:r:kernel:s0 tcontext=u:r:kernel:s0 tclass=capability permissive=0
12-14 03:34:55.009 1398 5729 D LOWI-9.0.0.87.a: [LOWI-Scan] wait_event:Wait done with Cmd 34
12-14 03:34:55.009 1398 5729 D LOWI-9.0.0.87.a: [LOWI-Scan] do_listen_events: Rcvd valid Netlink Cmd 34 Err 0
01-01 10:16:58.069 0 0 I [schedu][0x36d0504cf][03:34:55.008915] wlan: [5714:I:OSIF] vdev 0, scan id 40967 type COMPLETED(1) reason COMPLETED(1) scan found 111 bss
12-14 03:34:55.011 1483 1960 D WifiNl80211Manager: Scan result ready event
12-14 03:34:55.011 1483 1960 D WifiNative: Scan result ready event
12-14 03:34:55.011 1398 5729 D LOWI-9.0.0.87.a: [LOWI-Scan]
12-14 03:34:55.011 1398 5729 D LOWI-9.0.0.87.a: [LOWI-Scan] print_bss_handler: Report Probe TSF 762417220 as it greater than Beacon TSF 0
12-14 03:34:55.011 1398 5729 D LOWI-9.0.0.87.a: [LOWI-Scan] decode_rsn_wpa_ie: LOWI_ENCRYPTION_TYPE_WPA_PSK
12-14 03:34:55.011 1398 5729 D LOWI-9.0.0.87.a: [LOWI-Scan] is_qcom_ie, bss_age: 0
12-14 03:34:55.012 1398 5729 D LOWI-9.0.0.87.a: [LOWI-Scan] BSS 62:ae:8f:61:d1:2e LOWI_PHY_MODE_11AC_VHT80(10), Beacon Interval: 100, LOWI_ENCRYPTION_TYPE_WPA_PSK 11mcRanging: No, ANQP: No, LCI: No, Civic: No, capability(0x1031): ESS Privacy ShortPreamble
12-14 03:34:55.012 1398 5729 D LOWI-9.0.0.87.a: [LOWI-Scan] BSS 62:ae:8f:61:d1:2e FREQ: 5180, cFreq1[40:80:160] = [5190:5210:0] cFreq2 = 0 Country Code =
12-14 03:34:55.012 1398 5729 D LOWI-9.0.0.87.a: [LOWI-Scan] BSS 62:ae:8f:61:d1:2e (wlan0) ASSO: NO AddInfo: 0x0, TSF 0, 00:12:42.417, RSSI: -116, CPL: 127, AGE: 1724, SSID GM_VCU_MM_5G, TSFDelta: 0xcca129be, TXRate: 0
12-14 03:34:55.012 1398 5729 D LOWI-9.0.0.87.a: [LOWI-Scan]
12-14 03:34:55.012 1398 5729 D LOWI-9.0.0.87.a: [LOWI-Scan] print_bss_handler: Report Probe TSF 762417322 as it greater than Beacon TSF 716150374
12-14 03:34:55.012 1398 5729 D LOWI-9.0.0.87.a: [LOWI-Scan] decode_rsn_wpa_ie: LOWI_ENCRYPTION_TYPE_WPA_PSK
12-14 03:34:55.012 1398 5729 D LOWI-9.0.0.87.a: [LOWI-Scan] is_qcom_ie, bss_age: 0
12-14 03:34:55.012 1398 5729 D LOWI-9.0.0.87.a: [LOWI-Scan] BSS 18:6f:2d:81:16:e0 LOWI_PHY_MODE_11NG_HT20(5), Beacon Interval: 100, LOWI_ENCRYPTION_TYPE_WPA_PSK 11mcRanging: No, ANQP: No, LCI: No, Civic: No, capability(0x0531): ESS Privacy ShortPreamble SpectrumMgmt ShortSlotTime
12-14 03:34:55.012 1398 5729 D LOWI-9.0.0.87.a: [LOWI-Scan] BSS 18:6f:2d:81:16:e0 FREQ: 2412, cFreq1[40:80:160] = [2412:0:0] cFreq2 = 0 Country Code = CN
12-14 03:34:55.012 1398 5729 D LOWI-9.0.0.87.a: [LOWI-Scan] BSS 18:6f:2d:81:16:e0 (wlan0) ASSO: NO AddInfo: 0x0, TSF 0, 00:12:42.417, RSSI: -126, CPL: 127, AGE: 1724, SSID Testing , TSFDelta: 0x8adb840f, TXRate: 0
12-14 03:34:55.012 1398 5729 D LOWI-9.0.0.87.a: [LOWI-Scan]
12-14 03:34:55.012 1398 5729 D LOWI-9.0.0.87.a: [LOWI-Scan] print_bss_handler: Report Probe TSF 762418909 as it greater than Beacon TSF 16150626
12-14 03:34:55.012 1398 5729 D LOWI-9.0.0.87.a: [LOWI-Scan] decode_rsn_wpa_ie: LOWI_ENCRYPTION_TYPE_WPA_PSK
12-14 03:34:55.012 1398 5729 D LOWI-9.0.0.87.a: [LOWI-Scan] is_qcom_ie, bss_age: 0
12-14 03:34:55.012 1398 5729 D LOWI-9.0.0.87.a: [LOWI-Scan] BSS 58:41:20:1d:fe:89 LOWI_PHY_MODE_11AC_VHT80(10), Beacon Interval: 100, LOWI_ENCRYPTION_TYPE_WPA_PSK 11mcRanging: No, ANQP: No, LCI: No, Civic: No, capability(0x1011): ESS Privacy
12-14 03:34:55.012 1398 5729 D LOWI-9.0.0.87.a: [LOWI-Scan] BSS 58:41:20:1d:fe:89 FREQ: 5180, cFreq1[40:80:160] = [5190:5210:0] cFreq2 = 0 Country Code = CN
12-14 03:34:55.012 1398 5729 D LOWI-9.0.0.87.a: [LOWI-Scan] BSS 58:41:20:1d:fe:89 (wlan0) ASSO: NO AddInfo: 0x0, TSF 0, 00:12:42.418, RSSI: -152, CPL: 127, AGE: 1724, SSID TP-LINK_5G_FE87, TSFDelta: 0xab12100f, TXRate: 0
12-14 03:34:55.012 1398 5729 D LOWI-9.0.0.87.a: [LOWI-Scan]
12-14 03:34:55.012 1398 5729 D LOWI-9.0.0.87.a: [LOWI-Scan] print_bss_handler: Report Probe TSF 762420749 as it greater than Beacon TSF 752381253
12-14 03:34:55.012 1398 5729 D LOWI-9.0.0.87.a: [LOWI-Scan] decode_rsn_wpa_ie: LOWI_ENCRYPTION_TYPE_WPA_PSK
12-14 03:34:55.012 1398 5729 D LOWI-9.0.0.87.a: [LOWI-Scan] is_qcom_ie, bss_age: 0
12-14 03:34:55.012 1398 5729 D LOWI-9.0.0.87.a: [LOWI-Scan] BSS 18:6f:2d:81:18:90 LOWI_PHY_MODE_11AC_VHT20(8), Beacon Interval: 100, LOWI_ENCRYPTION_TYPE_WPA_PSK 11mcRanging: No, ANQP: No, LCI: No, Civic: No, capability(0x0111): ESS Privacy SpectrumMgmt
12-14 03:34:55.012 1398 5729 D LOWI-9.0.0.87.a: [LOWI-Scan] BSS 18:6f:2d:81:18:90 FREQ: 5180, cFreq1[40:80:160] = [5180:0:0] cFreq2 = 0 Country Code = CN
12-14 03:34:55.012 1398 5729 D LOWI-9.0.0.87.a: [LOWI-Scan] BSS 18:6f:2d:81:18:90 (wlan0) ASSO: NO AddInfo: 0x0, TSF 0, 00:12:42.420, RSSI: -152, CPL: 127, AGE: 1720, SSID Testing , TSFDelta: 0x143f2105, TXRate: 0
12-14 03:34:55.012 1398 5729 D LOWI-9.0.0.87.a: [LOWI-Scan]
12-14 03:34:55.012 1398 5729 D LOWI-9.0.0.87.a: [LOWI-Scan] print_bss_handler: Report Probe TSF 762421062 as it greater than Beacon TSF 752381469
12-14 03:34:55.012 1398 5729 D LOWI-9.0.0.87.a: [LOWI-Scan] is_qcom_ie, bss_age: 0
12-14 03:34:55.013 1398 5729 D LOWI-9.0.0.87.a: [LOWI-Scan] BSS 18:6f:2d:81:18:91 LOWI_PHY_MODE_11AC_VHT20(8), Beacon Interval: 100, LOWI_ENCRYPTION_TYPE_OPEN 11mcRanging: No, ANQP: No, LCI: No, Civic: No, capability(0x0101): ESS SpectrumMgmt
12-14 03:34:55.013 1398 5729 D LOWI-9.0.0.87.a: [LOWI-Scan] BSS 18:6f:2d:81:18:91 FREQ: 5180, cFreq1[40:80:160] = [5180:0:0] cFreq2 = 0 Country Code = CN
12-14 03:34:55.013 1398 5729 D LOWI-9.0.0.87.a: [LOWI-Scan] BSS 18:6f:2d:81:18:91 (wlan0) ASSO: NO AddInfo: 0x0, TSF 0, 00:12:42.421, RSSI: -148, CPL: 127, AGE: 1720, SSID Guest, TSFDelta: 0x1442055a, TXRate: 0
12-14 03:34:55.013 1398 5729 D LOWI-9.0.0.87.a: [LOWI-Scan]
12-14 03:34:55.013 1398 5729 D LOWI-9.0.0.87.a: [LOWI-Scan] print_bss_handler: Report Probe TSF 762421462 as it greater than Beacon TSF 752381802
12-14 03:34:55.013 1398 5729 D LOWI-9.0.0.87.a: [LOWI-Scan] decode_rsn_wpa_ie: LOWI_ENCRYPTION_TYPE_WPA_PSK
12-14 03:34:55.013 1398 5729 D LOWI-9.0.0.87.a: [LOWI-Scan] is_qcom_ie, bss_age: 0
12-14 03:34:55.013 1398 5729 D LOWI-9.0.0.87.a: [LOWI-Scan] BSS 18:6f:2d:81:18:92 LOWI_PHY_MODE_11AC_VHT20(8), Beacon Interval: 100, LOWI_ENCRYPTION_TYPE_WPA_PSK 11mcRanging: No, ANQP: No, LCI: No, Civic: No, capability(0x0111): ESS Privacy SpectrumMgmt
12-14 03:34:55.013 1398 5729 D LOWI-9.0.0.87.a: [LOWI-Scan] BSS 18:6f:2d:81:18:92 FREQ: 5180, cFreq1[40:80:160] = [5180:0:0] cFreq2 = 0 Country Code = CN
12-14 03:34:55.013 1398 5729 D LOWI-9.0.0.87.a: [LOWI-Scan] BSS 18:6f:2d:81:18:92 (wlan0) ASSO: NO AddInfo: 0x0, TSF 0, 00:12:42.421, RSSI: -150, CPL: 127, AGE: 1720, SSID ZXHY, TSFDelta: 0x14449ce8, TXRate: 0
12-14 03:34:55.013 1398 5729 D LOWI-9.0.0.87.a: [LOWI-Scan]
12-14 03:34:55.013 1398 5729 D LOWI-9.0.0.87.a: [LOWI-Scan] print_bss_handler: Report Probe TSF 762421817 as it greater than Beacon TSF 762419635
12-14 03:34:55.013 1398 5729 D LOWI-9.0.0.87.a: [LOWI-Scan] decode_rsn_wpa_ie: LOWI_ENCRYPTION_TYPE_WPA_PSK
12-14 03:34:55.013 1398 5729 D LOWI-9.0.0.87.a: [LOWI-Scan] is_qcom_ie, bss_age: 0
12-14 03:34:55.013 1398 5729 D LOWI-9.0.0.87.a: [LOWI-Scan] BSS 18:6f:2d:81:18:93 LOWI_PHY_MODE_11AC_VHT20(8), Beacon Interval: 100, LOWI_ENCRYPTION_TYPE_WPA_PSK 11mcRanging: No, ANQP: No, LCI: No, Civic: No, capability(0x0111): ESS Privacy SpectrumMgmt
12-14 03:34:55.013 1398 5729 D LOWI-9.0.0.87.a: [LOWI-Scan] BSS 18:6f:2d:81:18:93 FREQ: 5180, cFreq1[40:80:160] = [5180:0:0] cFreq2 = 0 Country Code = CN
12-14 03:34:55.013 1398 5729 D LOWI-9.0.0.87.a: [LOWI-Scan] BSS 18:6f:2d:81:18:93 (wlan0) ASSO: NO AddInfo: 0x0, TSF 0, 00:12:42.421, RSSI: -150, CPL: 127, AGE: 1720, SSID Fanya, TSFDelta: 0x1447923a, TXRate: 0
12-14 03:34:55.013 1398 5729 D LOWI-9.0.0.87.a: [LOWI-Scan]
12-14 03:34:55.013 1398 5729 D LOWI-9.0.0.87.a: [LOWI-Scan] print_bss_handler: Report Probe TSF 762422254 as it greater than Beacon TSF 752382792
12-14 03:34:55.013 1398 5729 D LOWI-9.0.0.87.a: [LOWI-Scan] decode_rsn_wpa_ie: LOWI_ENCRYPTION_TYPE_WPA_PSK
12-14 03:34:55.013 1398 5729 D LOWI-9.0.0.87.a: [LOWI-Scan] is_qcom_ie, bss_age: 0
12-14 03:34:55.013 1398 5729 D LOWI-9.0.0.87.a: [LOWI-Scan] BSS 18:6f:2d:81:18:94 LOWI_PHY_MODE_11AC_VHT20(8), Beacon Interval: 100, LOWI_ENCRYPTION_TYPE_WPA_PSK 11mcRanging: No, ANQP: No, LCI: No, Civic: No, capability(0x0111): ESS Privacy SpectrumMgmt
12-14 03:34:55.013 1398 5729 D LOWI-9.0.0.87.a: [LOWI-Scan] BSS 18:6f:2d:81:18:94 FREQ: 5180, cFreq1[40:80:160] = [5180:0:0] cFreq2 = 0 Country Code = CN
12-14 03:34:55.014 1398 5729 D LOWI-9.0.0.87.a: [LOWI-Scan] BSS 18:6f:2d:81:18:94 (wlan0) ASSO: NO AddInfo: 0x0, TSF 0, 00:12:42.422, RSSI: -150, CPL: 127, AGE: 1720, SSID ThunderSoft, TSFDelta: 0x144a5507, TXRate: 0
12-14 03:34:55.015 1398 5729 D LOWI-9.0.0.87.a: [LOWI-Scan]
12-14 03:34:55.015 1398 5729 D LOWI-9.0.0.87.a: [LOWI-Scan] print_bss_handler: Report Probe TSF 762422862 as it greater than Beacon TSF 752383012
12-14 03:34:55.015 1398 5729 D LOWI-9.0.0.87.a: [LOWI-Scan] decode_rsn_wpa_ie: LOWI_ENCRYPTION_TYPE_WPA_PSK
12-14 03:34:55.015 1398 5729 D LOWI-9.0.0.87.a: [LOWI-Scan] is_qcom_ie, bss_age: 0
12-14 03:34:55.015 1398 5729 D LOWI-9.0.0.87.a: [LOWI-Scan] BSS 18:6f:2d:81:18:95 LOWI_PHY_MODE_11AC_VHT20(8), Beacon Interval: 100, LOWI_ENCRYPTION_TYPE_WPA_PSK 11mcRanging: No, ANQP: No, LCI: No, Civic: No, capability(0x0111): ESS Privacy SpectrumMgmt
12-14 03:34:55.015 1398 5729 D LOWI-9.0.0.87.a: [LOWI-Scan] BSS 18:6f:2d:81:18:95 FREQ: 5180, cFreq1[40:80:160] = [5180:0:0] cFreq2 = 0 Country Code = CN
12-14 03:34:55.015 1398 5729 D LOWI-9.0.0.87.a: [LOWI-Scan] BSS 18:6f:2d:81:18:95 (wlan0) ASSO: NO AddInfo: 0x0, TSF 0, 00:12:42.422, RSSI: -148, CPL: 127, AGE: 1720, SSID GM, TSFDelta: 0x144d40ba, TXRate: 0
12-14 03:34:55.015 1398 5729 D LOWI-9.0.0.87.a: [LOWI-Scan]
12-14 03:34:55.015 1398 5729 D LOWI-9.0.0.87.a: [LOWI-Scan] print_bss_handler: Report beacon TSF 762475218 as it greater than probe TSF 752375873
12-14 03:34:55.015 1398 5729 D LOWI-9.0.0.87.a: [LOWI-Scan] decode_rsn_wpa_ie: LOWI_ENCRYPTION_TYPE_WPA_PSK
12-14 03:34:55.015 1398 5729 D LOWI-9.0.0.87.a: [LOWI-Scan] is_qcom_ie, bss_age: 0
12-14 03:34:55.015 1398 5729 D LOWI-9.0.0.87.a: [LOWI-Scan] BSS 18:6f:2d:81:20:60 LOWI_PHY_MODE_11NG_HT20(5), Beacon Interval: 100, LOWI_ENCRYPTION_TYPE_WPA_PSK 11mcRanging: No, ANQP: No, LCI: No, Civic: No, capability(0x0531): ESS Privacy ShortPreamble SpectrumMgmt ShortSlotTime
12-14 03:34:55.015 1398 5729 D LOWI-9.0.0.87.a: [LOWI-Scan] BSS 18:6f:2d:81:20:60 FREQ: 2412, cFreq1[40:80:160] = [2412:0:0] cFreq2 = 0 Country Code = CN
12-14 03:34:55.015 1398 5729 D LOWI-9.0.0.87.a: [LOWI-Scan] BSS 18:6f:2d:81:20:60 (wlan0) ASSO: NO AddInfo: 0x1, TSF 0, 00:12:42.475, RSSI: -142, CPL: 127, AGE: 1668, SSID Testing , TSFDelta: 0x8dd96788, TXRate: 0
12-14 03:34:55.015 1398 5729 D LOWI-9.0.0.87.a: [LOWI-Scan]
12-14 03:34:55.016 1398 5729 D LOWI-9.0.0.87.a: [LOWI-Scan] print_bss_handler: Report Probe TSF 762455121 as it greater than Beacon TSF 762408930
12-14 03:34:55.016 1398 5729 D LOWI-9.0.0.87.a: [LOWI-Scan] decode_rsn_wpa_ie: LOWI_ENCRYPTION_TYPE_WPA_PSK
12-14 03:34:55.016 1398 5729 D LOWI-9.0.0.87.a: [LOWI-Scan] is_qcom_ie, bss_age: 0
12-14 03:34:55.016 1398 5729 D LOWI-9.0.0.87.a: [LOWI-Scan] BSS 6c:b0:ce:42:57:6f LOWI_PHY_MODE_11NG_HT20(5), Beacon Interval: 100, LOWI_ENCRYPTION_TYPE_WPA_PSK 11mcRanging: No, ANQP: No, LCI: No, Civic: No, capability(0x1411): ESS Privacy ShortSlotTime
12-14 03:34:55.016 1398 5729 D LOWI-9.0.0.87.a: [LOWI-Scan] BSS 6c:b0:ce:42:57:6f FREQ: 2412, cFreq1[40:80:160] = [0:0:0] cFreq2 = 0 Country Code =
12-14 03:34:55.016 1398 5729 D LOWI-9.0.0.87.a: [LOWI-Scan] BSS 6c:b0:ce:42:57:6f (wlan0) ASSO: NO AddInfo: 0x0, TSF 0, 00:12:42.455, RSSI: -130, CPL: 127, AGE: 1688, SSID NETGEAR60, TSFDelta: 0x493330ae, TXRate: 0
12-14 03:34:55.016 1398 5729 D LOWI-9.0.0.87.a: [LOWI-Scan]
12-14 03:34:55.016 1398 5729 D LOWI-9.0.0.87.a: [LOWI-Scan] print_bss_handler: Report Probe TSF 762447938 as it greater than Beacon TSF 706030559
12-14 03:34:55.016 1398 5729 D LOWI-9.0.0.87.a: [LOWI-Scan] is_qcom_ie, bss_age: 0
12-14 03:34:55.016 1398 5729 D LOWI-9.0.0.87.a: [LOWI-Scan] BSS 18:6f:2d:81:16:e1 LOWI_PHY_MODE_11NG_HT20(5), Beacon Interval: 100, LOWI_ENCRYPTION_TYPE_OPEN 11mcRanging: No, ANQP: No, LCI: No, Civic: No, capability(0x0521): ESS ShortPreamble SpectrumMgmt ShortSlotTime
12-14 03:34:55.016 1398 5729 D LOWI-9.0.0.87.a: [LOWI-Scan] BSS 18:6f:2d:81:16:e1 FREQ: 2412, cFreq1[40:80:160] = [2412:0:0] cFreq2 = 0 Country Code = CN
12-14 03:34:55.016 1398 5729 D LOWI-9.0.0.87.a: [LOWI-Scan] BSS 18:6f:2d:81:16:e1 (wlan0) ASSO: NO AddInfo: 0x0, TSF 0, 00:12:42.447, RSSI: -130, CPL: 127, AGE: 1696, SSID Guest, TSFDelta: 0x8b2249c5, TXRate: 0
12-14 03:34:55.016 1398 5729 D LOWI-9.0.0.87.a: [LOWI-Scan]
12-14 03:34:55.016 1398 5729 D LOWI-9.0.0.87.a: [LOWI-Scan] print_bss_handler: Report Probe TSF 752411138 as it greater than Beacon TSF 0
12-14 03:34:55.016 1398 5729 D LOWI-9.0.0.87.a: [LOWI-Scan] is_qcom_ie, bss_age: 0
12-14 03:34:55.016 1398 5729 D LOWI-9.0.0.87.a: [LOWI-Scan] adjust_age:AP AGE upper limit reached. Dont store
12-14 03:34:55.016 1398 5729 D LOWI-9.0.0.87.a: [LOWI-Scan] BSS 18:6f:2d:81:20:61 LOWI_PHY_MODE_11NG_HT20(5), Beacon Interval: 100, LOWI_ENCRYPTION_TYPE_OPEN 11mcRanging: No, ANQP: No, LCI: No, Civic: No, capability(0x0521): ESS ShortPreamble SpectrumMgmt ShortSlotTime
12-14 03:34:55.016 1398 5729 D LOWI-9.0.0.87.a: [LOWI-Scan] BSS 18:6f:2d:81:20:61 FREQ: 2412, cFreq1[40:80:160] = [2412:0:0] cFreq2 = 0 Country Code = CN
12-14 03:34:55.016 1398 5729 D LOWI-9.0.0.87.a: [LOWI-Scan] BSS 18:6f:2d:81:20:61 (wlan0) ASSO: NO AddInfo: 0x0, TSF 0, 00:12:32.411, RSSI: -140, CPL: 127, AGE: 11732, SSID Guest, TSFDelta: 0x8e4ef549, TXRate: 0
12-14 03:34:55.017 1398 5729 D LOWI-9.0.0.87.a: [LOWI-Scan]
12-14 03:34:55.017 1398 5729 D LOWI-9.0.0.87.a: [LOWI-Scan] print_bss_handler: Report Probe TSF 762452394 as it greater than Beacon TSF 762452201
12-14 03:34:55.017 1398 5729 D LOWI-9.0.0.87.a: [LOWI-Scan] decode_rsn_wpa_ie: LOWI_ENCRYPTION_TYPE_WPA_PSK
12-14 03:34:55.017 1398 5729 D LOWI-9.0.0.87.a: [LOWI-Scan] is_qcom_ie, bss_age: 0
12-14 03:34:55.017 1398 5729 D LOWI-9.0.0.87.a: [LOWI-Scan] BSS 18:6f:2d:81:16:e4 LOWI_PHY_MODE_11NG_HT20(5), Beacon Interval: 100, LOWI_ENCRYPTION_TYPE_WPA_PSK 11mcRanging: No, ANQP: No, LCI: No, Civic: No, capability(0x0531): ESS Privacy ShortPreamble SpectrumMgmt ShortSlotTime
12-14 03:34:55.017 1398 5729 D LOWI-9.0.0.87.a: [LOWI-Scan] BSS 18:6f:2d:81:16:e4 FREQ: 2412, cFreq1[40:80:160] = [2412:0:0] cFreq2 = 0 Country Code = CN
12-14 03:34:55.017 1398 5729 D LOWI-9.0.0.87.a: [LOWI-Scan] BSS 18:6f:2d:81:16:e4 (wlan0) ASSO: NO AddInfo: 0x0, TSF 0, 00:12:42.452, RSSI: -130, CPL: 127, AGE: 1688, SSID Fanya, TSFDelta: 0x8bd9d451, TXRate: 0
12-14 03:34:55.017 1398 5729 D LOWI-9.0.0.87.a: [LOWI-Scan]
12-14 03:34:55.017 1398 5729 D LOWI-9.0.0.87.a: [LOWI-Scan] print_bss_handler: Report beacon TSF 762450057 as it greater than probe TSF 762449094
12-14 03:34:55.017 1398 5729 D LOWI-9.0.0.87.a: [LOWI-Scan] decode_rsn_wpa_ie: LOWI_ENCRYPTION_TYPE_WPA_PSK
12-14 03:34:55.017 1398 5729 D LOWI-9.0.0.87.a: [LOWI-Scan] is_qcom_ie, bss_age: 0
12-14 03:34:55.017 1398 5729 D LOWI-9.0.0.87.a: [LOWI-Scan] BSS 18:6f:2d:81:16:e2 LOWI_PHY_MODE_11NG_HT20(5), Beacon Interval: 100, LOWI_ENCRYPTION_TYPE_WPA_PSK 11mcRanging: No, ANQP: No, LCI: No, Civic: No, capability(0x0531): ESS Privacy ShortPreamble SpectrumMgmt ShortSlotTime
12-14 03:34:55.017 1398 5729 D LOWI-9.0.0.87.a: [LOWI-Scan] BSS 18:6f:2d:81:16:e2 FREQ: 2412, cFreq1[40:80:160] = [2412:0:0] cFreq2 = 0 Country Code = CN
12-14 03:34:55.017 1398 5729 D LOWI-9.0.0.87.a: [LOWI-Scan] BSS 18:6f:2d:81:16:e2 (wlan0) ASSO: NO AddInfo: 0x1, TSF 0, 00:12:42.450, RSSI: -128, CPL: 127, AGE: 1692, SSID ThunderSoft_2.4G, TSFDelta: 0x8b705c05, TXRate: 0
12-14 03:34:55.018 1398 5729 D LOWI-9.0.0.87.a: [LOWI-Scan]
12-14 03:34:55.018 1398 5729 D LOWI-9.0.0.87.a: [LOWI-Scan] print_bss_handler: Report beacon TSF 762450232 as it greater than probe TSF 762449644
12-14 03:34:55.018 1398 5729 D LOWI-9.0.0.87.a: [LOWI-Scan] decode_rsn_wpa_ie: LOWI_ENCRYPTION_TYPE_WPA_PSK
12-14 03:34:55.018 1398 5729 D LOWI-9.0.0.87.a: [LOWI-Scan] is_qcom_ie, bss_age: 0
12-14 03:34:55.018 1398 5729 D LOWI-9.0.0.87.a: [LOWI-Scan] BSS 18:6f:2d:81:16:e3 LOWI_PHY_MODE_11NG_HT20(5), Beacon Interval: 100, LOWI_ENCRYPTION_TYPE_WPA_PSK 11mcRanging: No, ANQP: No, LCI: No, Civic: No, capability(0x0531): ESS Privacy ShortPreamble SpectrumMgmt ShortSlotTime
12-14 03:34:55.018 1398 5729 D LOWI-9.0.0.87.a: [LOWI-Scan] BSS 18:6f:2d:81:16:e3 FREQ: 2412, cFreq1[40:80:160] = [2412:0:0] cFreq2 = 0 Country Code = CN
12-14 03:34:55.018 1398 5729 D LOWI-9.0.0.87.a: [LOWI-Scan] BSS 18:6f:2d:81:16:e3 (wlan0) ASSO: NO AddInfo: 0x1, TSF 0, 00:12:42.450, RSSI: -130, CPL: 127, AGE: 1692, SSID ZXHY, TSFDelta: 0x8b7ead30, TXRate: 0
12-14 03:34:55.018 1398 5729 D LOWI-9.0.0.87.a: [LOWI-Scan]
12-14 03:34:55.018 1398 5729 D LOWI-9.0.0.87.a: [LOWI-Scan] print_bss_handler: Report Probe TSF 762680639 as it greater than Beacon TSF 742611149
12-14 03:34:55.018 1398 5729 D LOWI-9.0.0.87.a: [LOWI-Scan] is_qcom_ie, bss_age: 0
12-14 03:34:55.018 1398 5729 D LOWI-9.0.0.87.a: [LOWI-Scan] BSS 18:6f:2d:81:0d:81 LOWI_PHY_MODE_11NG_HT20(5), Beacon Interval: 100, LOWI_ENCRYPTION_TYPE_OPEN 11mcRanging: No, ANQP: No, LCI: No, Civic: No, capability(0x0521): ESS ShortPreamble SpectrumMgmt ShortSlotTime
12-14 03:34:55.018 1398 5729 D LOWI-9.0.0.87.a: [LOWI-Scan] BSS 18:6f:2d:81:0d:81 FREQ: 2422, cFreq1[40:80:160] = [2422:0:0] cFreq2 = 0 Country Code = CN
12-14 03:34:55.018 1398 5729 D LOWI-9.0.0.87.a: [LOWI-Scan] BSS 18:6f:2d:81:0d:81 (wlan0) ASSO: NO AddInfo: 0x0, TSF 0, 00:12:42.680, RSSI: -126, CPL: 127, AGE: 1460, SSID Guest, TSFDelta: 0x7a0ea663, TXRate: 0
12-14 03:34:55.019 1398 5729 D LOWI-9.0.0.87.a: [LOWI-Scan]
12-14 03:34:55.019 1398 5729 D LOWI-9.0.0.87.a: [LOWI-Scan] print_bss_handler: Report Probe TSF 762681092 as it greater than Beacon TSF 752646003
12-14 03:34:55.019 1398 5729 D LOWI-9.0.0.87.a: [LOWI-Scan] decode_rsn_wpa_ie: LOWI_ENCRYPTION_TYPE_WPA_PSK
12-14 03:34:55.019 1398 5729 D LOWI-9.0.0.87.a: [LOWI-Scan] is_qcom_ie, bss_age: 0
12-14 03:34:55.019 1398 5729 D LOWI-9.0.0.87.a: [LOWI-Scan] BSS 18:6f:2d:81:0d:82 LOWI_PHY_MODE_11NG_HT20(5), Beacon Interval: 100, LOWI_ENCRYPTION_TYPE_WPA_PSK 11mcRanging: No, ANQP: No, LCI: No, Civic: No, capability(0x0531): ESS Privacy ShortPreamble SpectrumMgmt ShortSlotTime
12-14 03:34:55.019 1398 5729 D LOWI-9.0.0.87.a: [LOWI-Scan] BSS 18:6f:2d:81:0d:82 FREQ: 2422, cFreq1[40:80:160] = [2422:0:0] cFreq2 = 0 Country Code = CN
12-14 03:34:55.019 1398 5729 D LOWI-9.0.0.87.a: [LOWI-Scan] BSS 18:6f:2d:81:0d:82 (wlan0) ASSO: NO AddInfo: 0x0, TSF 0, 00:12:42.681, RSSI: -128, CPL: 127, AGE: 1460, SSID ThunderSoft_2.4G, TSFDelta: 0x7a139b1b, TXRate: 0
12-14 03:34:55.019 1398 5729 D LOWI-9.0.0.87.a: [LOWI-Scan]
12-14 03:34:55.019 1398 5729 D LOWI-9.0.0.87.a: [LOWI-Scan] print_bss_handler: Report beacon TSF 762680313 as it greater than probe TSF 762627706
12-14 03:34:55.019 1398 5729 D LOWI-9.0.0.87.a: [LOWI-Scan] decode_rsn_wpa_ie: LOWI_ENCRYPTION_TYPE_WPA_PSK
12-14 03:34:55.019 1398 5729 D LOWI-9.0.0.87.a: [LOWI-Scan] is_qcom_ie, bss_age: 0
12-14 03:34:55.019 1398 5729 D LOWI-9.0.0.87.a: [LOWI-Scan] BSS 18:6f:2d:81:0d:83 LOWI_PHY_MODE_11NG_HT20(5), Beacon Interval: 100, LOWI_ENCRYPTION_TYPE_WPA_PSK 11mcRanging: No, ANQP: No, LCI: No, Civic: No, capability(0x0531): ESS Privacy ShortPreamble SpectrumMgmt ShortSlotTime
12-14 03:34:55.019 1398 5729 D LOWI-9.0.0.87.a: [LOWI-Scan] BSS 18:6f:2d:81:0d:83 FREQ: 2422, cFreq1[40:80:160] = [2422:0:0] cFreq2 = 0 Country Code = CN
12-14 03:34:55.019 1398 5729 D LOWI-9.0.0.87.a: [LOWI-Scan] BSS 18:6f:2d:81:0d:83 (wlan0) ASSO: NO AddInfo: 0x1, TSF 0, 00:12:42.680, RSSI: -132, CPL: 127, AGE: 1460, SSID ZXHY, TSFDelta: 0x798f3bfe, TXRate: 0
12-14 03:34:55.020 1398 5729 D LOWI-9.0.0.87.a: [LOWI-Scan]
12-14 03:34:55.020 1398 5729 D LOWI-9.0.0.87.a: [LOWI-Scan] print_bss_handler: Report beacon TSF 762680420 as it greater than probe TSF 762628520
12-14 03:34:55.020 1398 5729 D LOWI-9.0.0.87.a: [LOWI-Scan] decode_rsn_wpa_ie: LOWI_ENCRYPTION_TYPE_WPA_PSK
12-14 03:34:55.020 1398 5729 D LOWI-9.0.0.87.a: [LOWI-Scan] is_qcom_ie, bss_age: 0
12-14 03:34:55.020 1398 5729 D LOWI-9.0.0.87.a: [LOWI-Scan] BSS 18:6f:2d:81:0d:84 LOWI_PHY_MODE_11NG_HT20(5), Beacon Interval: 100, LOWI_ENCRYPTION_TYPE_WPA_PSK 11mcRanging: No, ANQP: No, LCI: No, Civic: No, capability(0x0531): ESS Privacy ShortPreamble SpectrumMgmt ShortSlotTime
12-14 03:34:55.020 1398 5729 D LOWI-9.0.0.87.a: [LOWI-Scan] BSS 18:6f:2d:81:0d:84 FREQ: 2422, cFreq1[40:80:160] = [2422:0:0] cFreq2 = 0 Country Code = CN
12-14 03:34:55.020 1398 5729 D LOWI-9.0.0.87.a: [LOWI-Scan] BSS 18:6f:2d:81:0d:84 (wlan0) ASSO: NO AddInfo: 0x1, TSF 0, 00:12:42.680, RSSI: -134, CPL: 127, AGE: 1460, SSID Fanya, TSFDelta: 0x799477fe, TXRate: 0
12-14 03:34:55.021 1398 5729 D LOWI-9.0.0.87.a: [LOWI-Scan]
12-14 03:34:55.021 1398 5729 D LOWI-9.0.0.87.a: [LOWI-Scan] print_bss_handler: Report Probe TSF 762680584 as it greater than Beacon TSF 742610976
12-14 03:34:55.021 1398 5729 D LOWI-9.0.0.87.a: [LOWI-Scan] decode_rsn_wpa_ie: LOWI_ENCRYPTION_TYPE_WPA_PSK
12-14 03:34:55.021 1398 5729 D LOWI-9.0.0.87.a: [LOWI-Scan] is_qcom_ie, bss_age: 0
12-14 03:34:55.021 1398 5729 D LOWI-9.0.0.87.a: [LOWI-Scan] BSS 18:6f:2d:81:0d:80 LOWI_PHY_MODE_11NG_HT20(5), Beacon Interval: 100, LOWI_ENCRYPTION_TYPE_WPA_PSK 11mcRanging: No, ANQP: No, LCI: No, Civic: No, capability(0x0531): ESS Privacy ShortPreamble SpectrumMgmt ShortSlotTime
12-14 03:34:55.021 1398 5729 D LOWI-9.0.0.87.a: [LOWI-Scan] BSS 18:6f:2d:81:0d:80 FREQ: 2422, cFreq1[40:80:160] = [2422:0:0] cFreq2 = 0 Country Code = CN
12-14 03:34:55.021 1398 5729 D LOWI-9.0.0.87.a: [LOWI-Scan] BSS 18:6f:2d:81:0d:80 (wlan0) ASSO: NO AddInfo: 0x0, TSF 0, 00:12:42.680, RSSI: -134, CPL: 127, AGE: 1460, SSID Testing , TSFDelta: 0x7a0979ec, TXRate: 0
12-14 03:34:55.021 1398 5729 D LOWI-9.0.0.87.a: [LOWI-Scan]
12-14 03:34:55.021 1398 5729 D LOWI-9.0.0.87.a: [LOWI-Scan] print_bss_handler: Report Probe TSF 762843902 as it greater than Beacon TSF 762843323
12-14 03:34:55.021 1398 5729 D LOWI-9.0.0.87.a: [LOWI-Scan] decode_rsn_wpa_ie: LOWI_ENCRYPTION_TYPE_WPA_PSK
12-14 03:34:55.021 1398 5729 D LOWI-9.0.0.87.a: [LOWI-Scan] is_qcom_ie, bss_age: 0
12-14 03:34:55.021 1398 5729 D LOWI-9.0.0.87.a: [LOWI-Scan] BSS 5c:02:14:f9:4f:d3 LOWI_PHY_MODE_11AC_VHT80(10), Beacon Interval: 100, LOWI_ENCRYPTION_TYPE_WPA_PSK 11mcRanging: No, ANQP: Yes, LCI: No, Civic: No, capability(0x1931): ESS Privacy ShortPreamble SpectrumMgmt APSD
12-14 03:34:55.021 1398 5729 D LOWI-9.0.0.87.a: [LOWI-Scan] BSS 5c:02:14:f9:4f:d3 FREQ: 5745, cFreq1[40:80:160] = [5755:5775:0] cFreq2 = 0 Country Code = CN
12-14 03:34:55.022 1398 5729 D LOWI-9.0.0.87.a: [LOWI-Scan] BSS 5c:02:14:f9:4f:d3 (wlan0) ASSO: NO AddInfo: 0x0, TSF 0, 00:12:42.843, RSSI: -112, CPL: 127, AGE: 1300, SSID ThunderSoft_XTS_5G, TSFDelta: 0x7299e143, TXRate: 0
