12-14 03:33:33.163 1483 1712 I ActivityManager: Killing 3625:com.android.permissioncontroller/u0a94 (adj 905): Unable to freeze binder interface
01-01 10:15:36.223 0 0 I binder : 1483:1712 ioctl c00c620f 7880bc55b8 returned -22
01-01 10:15:37.034 0 0 D : mv2112_read_status
01-01 10:15:37.034 0 0 D mv2112_update_link: 3.0x901(1G): 0x80
01-01 10:15:37.034 0 0 D mv2112_update_link: 3.0x8109(100M): 0x8
01-01 10:15:37.034 0 0 D mv2112_update_link: link 0x0
01-01 10:15:37.034 0 0 D mv2112_read_status: autoneg is disabled
01-01 10:15:38.058 0 0 D : mv2112_read_status
01-01 10:15:38.058 0 0 D mv2112_update_link: 3.0x901(1G): 0x80
01-01 10:15:38.058 0 0 D mv2112_update_link: 3.0x8109(100M): 0x8
01-01 10:15:38.058 0 0 D mv2112_update_link: link 0x0
01-01 10:15:38.058 0 0 D mv2112_read_status: autoneg is disabled
01-01 10:15:39.082 0 0 D : mv2112_read_status
01-01 10:15:39.082 0 0 D mv2112_update_link: 3.0x901(1G): 0x80
01-01 10:15:39.083 0 0 D mv2112_update_link: 3.0x8109(100M): 0x8
01-01 10:15:39.083 0 0 D mv2112_update_link: link 0x0
01-01 10:15:39.083 0 0 D mv2112_read_status: autoneg is disabled
01-01 10:15:40.106 0 0 D : mv2112_read_status
01-01 10:15:40.106 0 0 D mv2112_update_link: 3.0x901(1G): 0x80
01-01 10:15:40.107 0 0 D mv2112_update_link: 3.0x8109(100M): 0x8
01-01 10:15:40.107 0 0 D mv2112_update_link: link 0x0
01-01 10:15:40.107 0 0 D mv2112_read_status: autoneg is disabled
01-01 10:15:41.130 0 0 D : mv2112_read_status
01-01 10:15:41.130 0 0 D mv2112_update_link: 3.0x901(1G): 0x80
01-01 10:15:41.130 0 0 D mv2112_update_link: 3.0x8109(100M): 0x8
01-01 10:15:41.130 0 0 D mv2112_update_link: link 0x0
01-01 10:15:41.130 0 0 D mv2112_read_status: autoneg is disabled
01-01 10:15:42.154 0 0 D : mv2112_read_status
01-01 10:15:42.154 0 0 D mv2112_update_link: 3.0x901(1G): 0x80
01-01 10:15:42.155 0 0 D mv2112_update_link: 3.0x8109(100M): 0x8
01-01 10:15:42.155 0 0 D mv2112_update_link: link 0x0
01-01 10:15:42.155 0 0 D mv2112_read_status: autoneg is disabled
01-01 10:15:43.178 0 0 D : mv2112_read_status
01-01 10:15:43.178 0 0 D mv2112_update_link: 3.0x901(1G): 0x80
01-01 10:15:43.178 0 0 D mv2112_update_link: 3.0x8109(100M): 0x8
01-01 10:15:43.178 0 0 D mv2112_update_link: link 0x0
01-01 10:15:43.178 0 0 D mv2112_read_status: autoneg is disabled
01-01 10:15:44.202 0 0 D : mv2112_read_status
01-01 10:15:44.202 0 0 D mv2112_update_link: 3.0x901(1G): 0x80
01-01 10:15:44.203 0 0 D mv2112_update_link: 3.0x8109(100M): 0x8
01-01 10:15:44.203 0 0 D mv2112_update_link: link 0x0
01-01 10:15:44.203 0 0 D mv2112_read_status: autoneg is disabled
12-14 03:33:41.539 1483 1912 I GameModeConfig: isGameModeOn = false
01-01 10:15:45.226 0 0 D : mv2112_read_status
01-01 10:15:45.226 0 0 D mv2112_update_link: 3.0x901(1G): 0x80
01-01 10:15:45.227 0 0 D mv2112_update_link: 3.0x8109(100M): 0x8
01-01 10:15:45.227 0 0 D mv2112_update_link: link 0x0
01-01 10:15:45.227 0 0 D mv2112_read_status: autoneg is disabled
01-01 10:15:46.250 0 0 D : mv2112_read_status
01-01 10:15:46.250 0 0 D mv2112_update_link: 3.0x901(1G): 0x80
01-01 10:15:46.251 0 0 D mv2112_update_link: 3.0x8109(100M): 0x8
01-01 10:15:46.251 0 0 D mv2112_update_link: link 0x0
01-01 10:15:46.251 0 0 D mv2112_read_status: autoneg is disabled
01-01 10:15:47.274 0 0 D : mv2112_read_status
01-01 10:15:47.274 0 0 D mv2112_update_link: 3.0x901(1G): 0x80
01-01 10:15:47.275 0 0 D mv2112_update_link: 3.0x8109(100M): 0x8
01-01 10:15:47.275 0 0 D mv2112_update_link: link 0x0
01-01 10:15:47.275 0 0 D mv2112_read_status: autoneg is disabled
12-14 03:33:45.146 1483 1981 I DreamManagerService: Gently waking up from dream.
12-14 03:33:45.147 1483 1585 I DreamManagerService: Performing gentle wake from dream.
12-14 03:33:45.149 1483 1981 I ActivityTaskManager: FOREGROUND_APPLICATION_CHANGED to com.android.settings.homepage.SettingsHomepageActivity
12-14 03:33:45.168 3783 3800 W ContextImpl: Calling a method in the system process without a qualified user: android.app.ContextImpl.startService:1816 android.content.ContextWrapper.startService:774 com.thundercomm.gamemode.ingame.services.GameModeActionUtils.startGameModeService:99 com.thundercomm.gamemode.ingame.services.GameModeActionUtils.startGameModeEntry:22 com.thundercomm.gamemode.ingame.services.ActivityMonitoringService$1.onActivityLaunch:127
12-14 03:33:45.174 1483 1483 I GameModeConfig: Current uri is uri = content://com.thundercomm.gamemode.api/gamemode_settings/gamemode_isgaming
12-14 03:33:45.177 1483 1609 W BroadcastQueue: Permission Denial: broadcasting Intent { act=android.net.conn.CONNECTIVITY_CHANGE flg=0x4200010 (has extras) } from null (pid=-1, uid=-1) requires android.permission.CHANGE_NETWORK_STATE due to registered receiver BroadcastFilter{85a94fb 1000/u0 ReceiverList{259d68a 2381 com.android.settings/1000/u0 remote:793f8f5}}
12-14 03:33:45.177 1483 1609 W BroadcastQueue: Permission Denial: broadcasting Intent { act=android.net.wifi.STATE_CHANGE flg=0x4000010 (has extras) } from null (pid=-1, uid=-1) requires android.permission.CHANGE_NETWORK_STATE due to registered receiver BroadcastFilter{85a94fb 1000/u0 ReceiverList{259d68a 2381 com.android.settings/1000/u0 remote:793f8f5}}
12-14 03:33:45.178 1483 1609 W BroadcastQueue: Permission Denial: broadcasting Intent { act=android.net.conn.CONNECTIVITY_CHANGE flg=0x4200010 (has extras) } from null (pid=-1, uid=-1) requires android.permission.CHANGE_NETWORK_STATE due to registered receiver BroadcastFilter{306d156 1000/u0 ReceiverList{b782f71 2381 com.android.settings/1000/u0 remote:d181918}}
12-14 03:33:45.178 1483 1609 W BroadcastQueue: Permission Denial: broadcasting Intent { act=android.net.wifi.STATE_CHANGE flg=0x4000010 (has extras) } from null (pid=-1, uid=-1) requires android.permission.CHANGE_NETWORK_STATE due to registered receiver BroadcastFilter{306d156 1000/u0 ReceiverList{b782f71 2381 com.android.settings/1000/u0 remote:d181918}}
12-14 03:33:45.178 1483 1483 I GameModeConfig: isGameModeOn = false
12-14 03:33:45.178 1483 1483 I GameModeConfig: isGameModeOn = false
12-14 03:33:45.179 1483 1483 I GameModeConfig: isDisableVoice = true
12-14 03:33:45.217 1483 1630 I PowerManagerService: Powering on display group fromDreaming (groupId=0, uid=1000, reason=WAKE_REASON_UNKNOWN, details=android.server.power:DREAM_FINISHED)...
12-14 03:33:45.217 1483 1630 I PowerManagerService: Waking up from Dreaming (uid=1000, reason=WAKE_REASON_UNKNOWN, details=android.server.power:DREAM_FINISHED)...
01-01 10:15:48.298 0 0 D : mv2112_read_status
01-01 10:15:48.298 0 0 D mv2112_update_link: 3.0x901(1G): 0x80
01-01 10:15:48.298 0 0 D mv2112_update_link: 3.0x8109(100M): 0x8
01-01 10:15:48.298 0 0 D mv2112_update_link: link 0x0
01-01 10:15:48.298 0 0 D mv2112_read_status: autoneg is disabled
12-14 03:33:45.265 3783 3800 W ContextImpl: Calling a method in the system process without a qualified user: android.app.ContextImpl.startService:1816 android.content.ContextWrapper.startService:774 com.thundercomm.gamemode.ingame.services.GameModeActionUtils.startGameModeService:99 com.thundercomm.gamemode.ingame.services.GameModeActionUtils.startGameModeEntry:22 com.thundercomm.gamemode.ingame.services.ActivityMonitoringService$1.onActivityLaunch:127
12-14 03:33:45.271 1483 1483 I GameModeConfig: Current uri is uri = content://com.thundercomm.gamemode.api/gamemode_settings/gamemode_isgaming
12-14 03:33:45.273 1483 1483 I GameModeConfig: isGameModeOn = false
12-14 03:33:45.273 1483 1483 I GameModeConfig: isGameModeOn = false
12-14 03:33:45.273 1483 1483 I GameModeConfig: isDisableVoice = true
12-14 03:33:45.738 3783 3800 W ContextImpl: Calling a method in the system process without a qualified user: android.app.ContextImpl.startService:1816 android.content.ContextWrapper.startService:774 com.thundercomm.gamemode.ingame.services.GameModeActionUtils.startGameModeService:99 com.thundercomm.gamemode.ingame.services.GameModeActionUtils.startGameModeEntry:22 com.thundercomm.gamemode.ingame.services.ActivityMonitoringService$1.onActivityLaunch:127
12-14 03:33:45.744 1483 1483 I GameModeConfig: Current uri is uri = content://com.thundercomm.gamemode.api/gamemode_settings/gamemode_isgaming
12-14 03:33:45.748 1483 1483 I GameModeConfig: isGameModeOn = false
12-14 03:33:45.748 1483 1483 I GameModeConfig: isGameModeOn = false
12-14 03:33:45.748 1483 1483 I GameModeConfig: isDisableVoice = true
12-14 03:33:45.752 1483 2944 I DreamManagerService: Leaving dreamland.
12-14 03:33:45.754 1483 1585 I DreamManagerService: Performing gentle wake from dream.
12-14 03:33:45.754 1483 1585 I DreamController: Stopping dream: name=ComponentInfo{com.thundercomm.screensaver/com.thundercomm.saverclock.service.ClockScreensaver}, isTest=false, canDoze=false, userId=0, reason='finished self'(from 'finished self')
12-14 03:33:45.766 1483 1590 W ActivityTaskManager: Can't find TaskDisplayArea to determine support for multi window. Task id=22 attached=false
01-01 10:15:49.322 0 0 D : mv2112_read_status
01-01 10:15:49.322 0 0 D mv2112_update_link: 3.0x901(1G): 0x80
01-01 10:15:49.322 0 0 D mv2112_update_link: 3.0x8109(100M): 0x8
01-01 10:15:49.322 0 0 D mv2112_update_link: link 0x0
01-01 10:15:49.322 0 0 D mv2112_read_status: autoneg is disabled
01-01 10:15:50.346 0 0 D : mv2112_read_status
01-01 10:15:50.346 0 0 D mv2112_update_link: 3.0x901(1G): 0x80
01-01 10:15:50.346 0 0 D mv2112_update_link: 3.0x8109(100M): 0x8
01-01 10:15:50.346 0 0 D mv2112_update_link: link 0x0
01-01 10:15:50.346 0 0 D mv2112_read_status: autoneg is disabled
01-01 10:15:51.370 0 0 D : mv2112_read_status
01-01 10:15:51.370 0 0 D mv2112_update_link: 3.0x901(1G): 0x80
01-01 10:15:51.370 0 0 D mv2112_update_link: 3.0x8109(100M): 0x8
01-01 10:15:51.370 0 0 D mv2112_update_link: link 0x0
01-01 10:15:51.370 0 0 D mv2112_read_status: autoneg is disabled
01-01 10:15:52.395 0 0 D : mv2112_read_status
01-01 10:15:52.395 0 0 D mv2112_update_link: 3.0x901(1G): 0x80
01-01 10:15:52.395 0 0 D mv2112_update_link: 3.0x8109(100M): 0x8
01-01 10:15:52.395 0 0 D mv2112_update_link: link 0x0
01-01 10:15:52.395 0 0 D mv2112_read_status: autoneg is disabled
01-01 10:15:53.418 0 0 D : mv2112_read_status
01-01 10:15:53.418 0 0 D mv2112_update_link: 3.0x901(1G): 0x80
01-01 10:15:53.418 0 0 D mv2112_update_link: 3.0x8109(100M): 0x8
01-01 10:15:53.418 0 0 D mv2112_update_link: link 0x0
01-01 10:15:53.418 0 0 D mv2112_read_status: autoneg is disabled
01-01 10:15:54.442 0 0 D : mv2112_read_status
01-01 10:15:54.442 0 0 D mv2112_update_link: 3.0x901(1G): 0x80
01-01 10:15:54.442 0 0 D mv2112_update_link: 3.0x8109(100M): 0x8
01-01 10:15:54.442 0 0 D mv2112_update_link: link 0x0
01-01 10:15:54.442 0 0 D mv2112_read_status: autoneg is disabled
01-01 10:15:55.466 0 0 D : mv2112_read_status
01-01 10:15:55.466 0 0 D mv2112_update_link: 3.0x901(1G): 0x80
01-01 10:15:55.466 0 0 D mv2112_update_link: 3.0x8109(100M): 0x8
01-01 10:15:55.466 0 0 D mv2112_update_link: link 0x0
01-01 10:15:55.466 0 0 D mv2112_read_status: autoneg is disabled
12-14 03:33:52.418 1483 1912 I GameModeConfig: isGameModeOn = false
12-14 03:33:52.418 1483 1912 I GameModeConfig: isGameModeOn = false
12-14 03:33:52.419 1483 1912 I GameModeConfig: isGameModeOn = false
12-14 03:33:52.419 1483 1912 I GameModeConfig: isGameModeOn = false
12-14 03:33:52.476 1483 1912 I GameModeConfig: isGameModeOn = false
12-14 03:33:52.476 1483 1912 I GameModeConfig: isGameModeOn = false
12-14 03:33:52.476 1483 1912 I GameModeConfig: isGameModeOn = false
12-14 03:33:52.476 1483 1912 I GameModeConfig: isGameModeOn = false
12-14 03:33:52.503 1483 1912 I GameModeConfig: isGameModeOn = false
12-14 03:33:52.503 1483 1912 I GameModeConfig: isGameModeOn = false
12-14 03:33:52.504 1483 1912 I GameModeConfig: isGameModeOn = false
12-14 03:33:52.504 1483 1912 I GameModeConfig: isGameModeOn = false
12-14 03:33:52.525 1483 1912 I GameModeConfig: isGameModeOn = false
12-14 03:33:52.525 1483 1912 I GameModeConfig: isGameModeOn = false
12-14 03:33:52.526 1483 1912 I GameModeConfig: isGameModeOn = false
12-14 03:33:52.526 1483 1912 I GameModeConfig: isGameModeOn = false
12-14 03:33:52.566 1483 1912 I GameModeConfig: isGameModeOn = false
12-14 03:33:52.566 1483 1912 I GameModeConfig: isGameModeOn = false
12-14 03:33:52.566 1483 1912 I GameModeConfig: isGameModeOn = false
12-14 03:33:52.566 1483 1912 I GameModeConfig: isGameModeOn = false
12-14 03:33:52.589 1483 1912 I GameModeConfig: isGameModeOn = false
12-14 03:33:52.589 1483 1912 I GameModeConfig: isGameModeOn = false
12-14 03:33:52.590 1483 1912 I GameModeConfig: isGameModeOn = false
12-14 03:33:52.590 1483 1912 I GameModeConfig: isGameModeOn = false
12-14 03:33:52.607 1483 1912 I GameModeConfig: isGameModeOn = false
12-14 03:33:52.607 1483 1912 I GameModeConfig: isGameModeOn = false
12-14 03:33:52.607 1483 1912 I GameModeConfig: isGameModeOn = false
12-14 03:33:52.607 1483 1912 I GameModeConfig: isGameModeOn = false
12-14 03:33:52.622 1483 1912 I GameModeConfig: isGameModeOn = false
12-14 03:33:52.622 1483 1912 I GameModeConfig: isGameModeOn = false
12-14 03:33:52.622 1483 1912 I GameModeConfig: isGameModeOn = false
12-14 03:33:52.622 1483 1912 I GameModeConfig: isGameModeOn = false
12-14 03:33:52.623 1483 1483 I GameModeConfig: isGameModeOn = false
12-14 03:33:52.677 1483 1483 I GameModeConfig: isGameModeOn = false
12-14 03:33:52.677 1483 1483 E NotificationService: Muting recently noisy 0|com.android.systemui|2048|null|10082
12-14 03:33:52.707 1483 1483 I GameModeConfig: isGameModeOn = false
12-14 03:33:52.707 1483 1483 E NotificationService: Muting recently noisy 0|com.android.systemui|2048|null|10082
12-14 03:33:52.728 1483 1483 I GameModeConfig: isGameModeOn = false
12-14 03:33:52.728 1483 1483 E NotificationService: Muting recently noisy 0|com.android.systemui|2048|null|10082
12-14 03:33:52.768 1483 1483 I GameModeConfig: isGameModeOn = false
12-14 03:33:52.769 1483 1483 E NotificationService: Muting recently noisy 0|com.android.systemui|2048|null|10082
12-14 03:33:52.793 1483 1483 I GameModeConfig: isGameModeOn = false
12-14 03:33:52.794 1483 1483 E NotificationService: Muting recently noisy 0|com.android.systemui|2048|null|10082
12-14 03:33:52.809 1483 1483 I GameModeConfig: isGameModeOn = false
12-14 03:33:52.809 1483 1483 E NotificationService: Muting recently noisy 0|com.android.systemui|2048|null|10082
12-14 03:33:52.825 1483 1483 I GameModeConfig: isGameModeOn = false
12-14 03:33:52.825 1483 1483 E NotificationService: Muting recently noisy 0|com.android.systemui|2048|null|10082
01-01 10:15:56.490 0 0 D : mv2112_read_status
01-01 10:15:56.490 0 0 D mv2112_update_link: 3.0x901(1G): 0x80
01-01 10:15:56.490 0 0 D mv2112_update_link: 3.0x8109(100M): 0x8
01-01 10:15:56.490 0 0 D mv2112_update_link: link 0x0
01-01 10:15:56.490 0 0 D mv2112_read_status: autoneg is disabled
12-14 03:33:53.692 1483 1524 D CompatibilityChangeReporter: Compat change id reported: 183164979; UID 10082; state: ENABLED
01-01 10:15:57.514 0 0 D : mv2112_read_status
01-01 10:15:57.514 0 0 D mv2112_update_link: 3.0x901(1G): 0x80
01-01 10:15:57.514 0 0 D mv2112_update_link: 3.0x8109(100M): 0x8
01-01 10:15:57.514 0 0 D mv2112_update_link: link 0x0
01-01 10:15:57.514 0 0 D mv2112_read_status: autoneg is disabled
12-14 03:33:55.326 827 827 D android.hardware.wifi@1.0-service: Initialize legacy HAL
12-14 03:33:55.327 827 827 I android.hardware.wifi@1.0-service: Wifi HAL started
01-01 10:15:58.386 0 0 I : Wifi Turning On from UI
12-14 03:33:55.336 827 827 D android.hardware.wifi@1.0-service: Waiting for the driver ready
01-01 10:15:58.397 0 0 I : Wifi Turning On from UI
12-14 03:33:55.337 827 827 D android.hardware.wifi@1.0-service: Starting legacy HAL
01-01 10:15:58.398 0 0 D cnss : Doing idle restart
01-01 10:15:58.398 0 0 D cnss : Posting event: IDLE_RESTART(13)-sync, state: 0x100 flags: 0x3
01-01 10:15:58.398 0 0 D cnss : PM stay awake, state: 0x100, count: 1
01-01 10:15:58.398 0 0 D cnss : Processing driver event: IDLE_RESTART-sync(13), state: 0x100
01-01 10:15:58.398 0 0 D cnss : Regulator vdd-wlan-io is being enabled
01-01 10:15:58.398 0 0 D cnss : Regulator wlan-ant-switch is being enabled
01-01 10:15:58.398 0 0 D cnss : Regulator vdd-wlan-aon is being enabled
01-01 10:15:58.398 0 0 D cnss : Regulator vdd-wlan-dig is being enabled
01-01 10:15:58.399 0 0 D cnss : Regulator vdd-wlan-rfa1 is being enabled
01-01 10:15:58.399 0 0 D cnss : Regulator vdd-wlan-rfa2 is being enabled
01-01 10:15:58.399 0 0 D cnss : BT_EN_GPIO State: On
01-01 10:15:58.400 0 0 D cnss : Assert WLAN_EN GPIO successfully
01-01 10:15:58.400 0 0 D cnss : Resuming PCI link
01-01 10:15:58.400 0 0 I msm_pcie_enable: PCIe: Assert the reset of endpoint of RC0.
01-01 10:15:58.404 0 0 I msm_pcie_enable: PCIe: RC0: PCIE20_PARF_INT_ALL_MASK: 0x7f80d202
01-01 10:15:58.406 0 0 I pcie_phy_init: PCIe RC0 PHY is ready!
01-01 10:15:58.416 0 0 I msm_pcie_enable: PCIe: Release the reset of endpoint of RC0.
01-01 10:15:58.433 0 0 I msm_pcie_link_train: PCIe RC0 link initialized
01-01 10:15:58.450 0 0 I cnss_pci 0000: 01:00.0: enabling device (0000 -> 0002)
01-01 10:15:58.451 0 0 D cnss : Config PCIe remap window register to 0x4000003f
01-01 10:15:58.451 0 0 D cnss : Read register offset 0x1f8031c, val = 0x6
01-01 10:15:58.451 0 0 D cnss : Write val 0x2 to register offset 0x1f8031c
01-01 10:15:58.451 0 0 D cnss : Setting MHI state: INIT(0)
01-01 10:15:58.451 0 0 D cnss : Setting MHI state: POWER_ON(2)
01-01 10:15:58.452 0 0 W cnss_pci 0000: 01:00.0: Falling back to syfs fallback for: qca6390/amss20.bin
01-01 10:15:58.465 0 0 I ueventd : firmware: loading 'qca6390/amss20.bin' for '/devices/platform/soc/1c00000.qcom,pcie/pci0000:00/0000:00:00.0/0000:01:00.0/firmware/qca6390!amss20.bin'
01-01 10:15:58.476 0 0 I ueventd : loading /devices/platform/soc/1c00000.qcom,pcie/pci0000:00/0000:00:00.0/0000:01:00.0/firmware/qca6390!amss20.bin took 11ms
01-01 10:15:58.538 0 0 D : mv2112_read_status
01-01 10:15:58.538 0 0 D mv2112_update_link: 3.0x901(1G): 0x80
01-01 10:15:58.539 0 0 D mv2112_update_link: 3.0x8109(100M): 0x8
01-01 10:15:58.539 0 0 D mv2112_update_link: link 0x0
01-01 10:15:58.539 0 0 D mv2112_read_status: autoneg is disabled
01-01 10:15:58.857 0 0 D cnss : MHI status cb is called with reason MISSION_MODE(6)
01-01 10:15:58.858 0 0 D cnss : Completed event: IDLE_RESTART(13), state: 0x140, ret: 0/0
01-01 10:15:58.858 0 0 D cnss : PM relax, state: 0x140, count: 0
01-01 10:15:58.860 0 0 E register_client_adhoc: find path.src 1 dest 589
01-01 10:15:58.860 0 0 E register_client_adhoc: Failed to find path.src 1 dest 589
01-01 10:15:58.866 0 0 E : [drm:dp_display_init_aux_switch][msm-dp-err][4909]failed to register notifier (-22)
01-01 10:15:58.876 0 0 E swr-wcd rx_swr_ctrl: swrm_get_logical_dev_num: device 0xd01170224 is not ready
01-01 10:15:58.876 0 0 E swr_get_logical_dev_num: Error -22 to get logical addr for device d01170224
01-01 10:15:58.876 0 0 E swr-wcd rx_swr_ctrl: swrm_get_logical_dev_num: device 0xd01170224 is not ready
01-01 10:15:58.876 0 0 E swr_get_logical_dev_num: Error -22 to get logical addr for device d01170224
01-01 10:15:58.876 0 0 E swr-wcd rx_swr_ctrl: swrm_get_logical_dev_num: device 0xd01170224 is not ready
01-01 10:15:58.876 0 0 E swr_get_logical_dev_num: Error -22 to get logical addr for device d01170224
01-01 10:15:58.877 0 0 E swr-wcd rx_swr_ctrl: swrm_get_logical_dev_num: device 0xd01170224 is not ready
01-01 10:15:58.877 0 0 E swr_get_logical_dev_num: Error -22 to get logical addr for device d01170224
01-01 10:15:58.877 0 0 E swr-wcd rx_swr_ctrl: swrm_get_logical_dev_num: device 0xd01170224 is not ready
01-01 10:15:58.877 0 0 E swr_get_logical_dev_num: Error -22 to get logical addr for device d01170224
01-01 10:15:58.877 0 0 E wcd938x_codec wcd938x-codec: wcd938x_bind: Slave bind failed, ret = -517
01-01 10:15:58.877 0 0 E register_client_adhoc: find path.src 1 dest 589
01-01 10:15:58.877 0 0 E register_client_adhoc: Failed to find path.src 1 dest 589
01-01 10:15:58.909 0 0 D cnss : WLFW server arriving: node 7 port 1
01-01 10:15:58.909 0 0 D cnss : Posting event: SERVER_ARRIVE(0), state: 0x140 flags: 0x0
01-01 10:15:58.909 0 0 D cnss : PM stay awake, state: 0x140, count: 1
01-01 10:15:58.909 0 0 D cnss : PM relax, state: 0x140, count: 0
01-01 10:15:58.909 0 0 D cnss : PM stay awake, state: 0x140, count: 1
01-01 10:15:58.909 0 0 D cnss : Processing driver event: SERVER_ARRIVE(0), state: 0x140
01-01 10:15:58.909 0 0 I cnss : QMI WLFW service connected, state: 0x141
01-01 10:15:58.909 0 0 D cnss : Sending indication register message, state: 0x141
01-01 10:15:58.912 0 0 D cnss : Sending host capability message, state: 0x141
01-01 10:15:58.912 0 0 D cnss : Number of clients is 2
01-01 10:15:58.912 0 0 D cnss : Assign MSI to user: WAKE, num_vectors: 1, user_base_data: 813, base_vector: 13
01-01 10:15:58.912 0 0 D cnss : WAKE MSI base data is 813
01-01 10:15:58.912 0 0 D cnss : Calibration done is 1
01-01 10:15:58.912 0 0 D cnss : Sending iova starting 0xa0000000 with size 0x10010000
01-01 10:15:58.914 0 0 D cnss : PM relax, state: 0x141, count: 0
01-01 10:15:58.915 0 0 W cnss-daemon: pm_release_vote: pm_handle is NULL
01-01 10:15:58.915 0 0 W cnss-daemon: pm_release_vote: pm_handle is NULL
01-01 10:15:58.915 0 0 W cnss-daemon: wlfw_build_cal_table: not read /data/vendor/wifi/wlfw_cal_00.bin
01-01 10:15:58.918 0 0 W cnss-daemon: wlfw_build_cal_table: not read /data/vendor/wifi/wlfw_cal_02.bin
01-01 10:15:58.918 0 0 W cnss-daemon: wlfw_build_cal_table: not read /data/vendor/wifi/wlfw_cal_03.bin
01-01 10:15:58.918 0 0 W cnss-daemon: wlfw_build_cal_table: not read /data/vendor/wifi/wlfw_cal_04.bin
01-01 10:15:58.924 0 0 D cnss : Received QMI WLFW request memory indication
01-01 10:15:58.924 0 0 D cnss : FW requests for memory, size: 0x5e0000, type: 1
01-01 10:15:58.924 0 0 D cnss : FW requests for memory, size: 0xd8000, type: 4
01-01 10:15:58.924 0 0 D cnss : Posting event: REQUEST_MEM(2), state: 0x141 flags: 0x0
01-01 10:15:58.924 0 0 D cnss : PM stay awake, state: 0x141, count: 1
01-01 10:15:58.924 0 0 D cnss : PM relax, state: 0x141, count: 0
01-01 10:15:58.924 0 0 D cnss : PM stay awake, state: 0x141, count: 1
01-01 10:15:58.924 0 0 D cnss : Processing driver event: REQUEST_MEM(2), state: 0x141
01-01 10:15:58.924 0 0 D cnss : Sending respond memory message, state: 0x141
01-01 10:15:58.924 0 0 D cnss : Memory for FW, va: 0x0000000000000000, pa: 0x00000000a1000000, size: 0x5e0000, type: 1
01-01 10:15:58.924 0 0 D cnss : Memory for FW, va: 0x0000000000000000, pa: 0x00000000a1600000, size: 0xd8000, type: 4
01-01 10:15:58.927 0 0 D cnss : PM relax, state: 0x141, count: 0
01-01 10:15:58.928 0 0 W cnss-daemon: wlfw_qmi_ind_cb: Receive Ind : 0x37
01-01 10:15:58.929 0 0 D cnss : Received QMI WLFW FW memory ready indication
01-01 10:15:58.929 0 0 D cnss : Posting event: FW_MEM_READY(3), state: 0x141 flags: 0x0
01-01 10:15:58.929 0 0 D cnss : PM stay awake, state: 0x141, count: 1
01-01 10:15:58.929 0 0 D cnss : PM relax, state: 0x141, count: 0
01-01 10:15:58.929 0 0 D cnss : PM stay awake, state: 0x141, count: 1
01-01 10:15:58.929 0 0 D cnss : Processing driver event: FW_MEM_READY(3), state: 0x141
01-01 10:15:58.929 0 0 D cnss : Sending target capability message, state: 0x143
01-01 10:15:58.940 0 0 D cnss : Voltage for CPR: 948mV
01-01 10:15:58.940 0 0 D cnss : Update TCS CMD data address 0x000000000b2e5844 with voltage 950mV
01-01 10:15:58.940 0 0 D cnss : Device frequency is 24000000 HZ
01-01 10:15:58.940 0 0 D cnss : Target capability: chip_id: 0x0, chip_family: 0xb, board_id: 0xff, soc_id: 0xffffffff, fw_version: 0x101a0521, fw_build_timestamp: 2021-12-20 07:54, fw_build_id: QC_IMAGE_VERSION_STRING=WLAN.HST.1.0.1.r1-01313-QCAHSTSWPL_SILICONZ-1, otp_version: 0x480020
01-01 10:15:58.940 0 0 D cnss : Sending BDF download message, state: 0x143, type: 4
01-01 10:15:58.940 0 0 D cnss : FW name added with prefix: qca6390/regdb.bin
01-01 10:15:58.940 0 0 W cnss2 b0000000.qcom,cnss-qca6390: Falling back to syfs fallback for: qca6390/regdb.bin
01-01 10:15:58.946 0 0 I ueventd : firmware: loading 'qca6390/regdb.bin' for '/devices/platform/soc/b0000000.qcom,cnss-qca6390/firmware/qca6390!regdb.bin'
01-01 10:15:58.947 0 0 E ueventd : firmware: could not find firmware for qca6390/regdb.bin
01-01 10:15:58.947 0 0 E ueventd : firmware: attempted /etc/firmware/qca6390/regdb.bin, open failed: No such file or directory
01-01 10:15:58.948 0 0 E ueventd : firmware: attempted /odm/firmware/qca6390/regdb.bin, open failed: No such file or directory
01-01 10:15:58.948 0 0 E ueventd : firmware: attempted /vendor/firmware/qca6390/regdb.bin, open failed: No such file or directory
01-01 10:15:58.948 0 0 E ueventd : firmware: attempted /firmware/image/qca6390/regdb.bin, open failed: No such file or directory
01-01 10:15:58.948 0 0 E ueventd : firmware: attempted /vendor/firmware_mnt/image/qca6390/regdb.bin, open failed: No such file or directory
01-01 10:15:58.948 0 0 I ueventd : loading /devices/platform/soc/b0000000.qcom,cnss-qca6390/firmware/qca6390!regdb.bin took 1ms
01-01 10:15:58.948 0 0 E cnss : Failed to load BDF: qca6390/regdb.bin
01-01 10:15:58.948 0 0 D cnss : Sending BDF download message, state: 0x143, type: 1
01-01 10:15:58.948 0 0 D cnss : FW name added with prefix: qca6390/bdwlan.elf
01-01 10:15:58.948 0 0 W cnss2 b0000000.qcom,cnss-qca6390: Falling back to syfs fallback for: qca6390/bdwlan.elf
01-01 10:15:58.956 0 0 D cnss : Downloading BDF: qca6390/bdwlan.elf, size: 57908
01-01 10:15:58.987 0 0 D cnss : Sending M3 information message, state: 0x143
01-01 10:15:58.987 0 0 D cnss : M3 memory, va: 0x0000000000000000, pa: 0x00000000a1800000, size: 0x411bc
01-01 10:15:58.990 0 0 D cnss : PM relax, state: 0x143, count: 0
01-01 10:15:58.990 0 0 D cnss : Received QMI WLFW FW initialization done indication
01-01 10:15:58.990 0 0 D cnss : Posting event: FW_READY(4), state: 0x143 flags: 0x0
01-01 10:15:58.990 0 0 D cnss : PM stay awake, state: 0x143, count: 1
01-01 10:15:58.990 0 0 D cnss : PM relax, state: 0x143, count: 0
01-01 10:15:58.990 0 0 D cnss : PM stay awake, state: 0x143, count: 1
01-01 10:15:58.990 0 0 D cnss : Processing driver event: FW_READY(4), state: 0x143
01-01 10:15:58.990 0 0 D cnss : PCIE Gen speed not setup
01-01 10:15:58.990 0 0 I [kworke][0x32968d94e][03:33:55.930361] wlan: [782:I:HDD] hdd_pm_qos_add_request: 9360: Set cpu_mask 0f for affine_cores
01-01 10:15:58.990 0 0 I [kworke][0x32968dac3][03:33:55.930381] wlan: [782:I:HDD] hdd_pm_qos_add_request: 9362: Set cpu_mask 0f for affine_cores
01-01 10:15:58.991 0 0 D cnss : Sending ini sync request, state: 0x147, fw_log_mode: 1
01-01 10:15:58.993 0 0 I [kworke][0x32969bcc2][03:33:55.933395] wlan: [782:I:HIF] Initializing Runtime PM wakelock &sc->prevent_linkdown_lock
01-01 10:15:58.993 0 0 I [kworke][0x32969beb4][03:33:55.933420] wlan: [782:I:HIF] hif_pci_enable_bus: con_mode = 0x0, WLAN_SOC_device_id = 0x1101
01-01 10:15:58.993 0 0 I [kworke][0x32969c048][03:33:55.933441] wlan: [782:I:HIF] hif_pci_enable_bus: hif_enable_pci done
01-01 10:15:58.994 0 0 I [kworke][0x32969d3c8][03:33:55.933701] wlan: [782:I:HIF] *********** QCA6390 *************
01-01 10:15:58.994 0 0 I [kworke][0x32969d4ed][03:33:55.933716] wlan: [782:I:HIF] hif_pci_enable_bus: hif_type = 0x12, target_type = 0x17
01-01 10:15:58.994 0 0 I [kworke][0x32969d60e][03:33:55.933731] wlan: [782:I:HIF] hif_register_tbl_attach: HIF_TYPE_QCA6390
01-01 10:15:58.994 0 0 I [kworke][0x32969dcbd][03:33:55.933821] wlan: [782:I:HIF] hif_target_register_tbl_attach: TARGET_TYPE_QCA6390
01-01 10:15:58.994 0 0 I [kworke][0x32969ddfc][03:33:55.933837] wlan: [782:I:HIF] hif_pci_enable_bus:Skip tgt_wake up for srng devices
01-01 10:15:58.997 0 0 E [kworke][0x3296abf05][03:33:55.936838] wlan: [782:E:TXRX] hif_print_hal_shadow_register_cfg: num_config 28
01-01 10:15:58.997 0 0 I [kworke][0x3296ac160][03:33:55.936869] wlan: [782:I:TXRX] hif_print_hal_shadow_register_cfg: i 0, val a3b034
01-01 10:15:58.997 0 0 I [kworke][0x3296ac286][03:33:55.936884] wlan: [782:I:TXRX] hif_print_hal_shadow_register_cfg: i 1, val a3b03c
01-01 10:15:58.997 0 0 I [kworke][0x3296ac39e][03:33:55.936899] wlan: [782:I:TXRX] hif_print_hal_shadow_register_cfg: i 2, val a3b044
01-01 10:15:58.997 0 0 I [kworke][0x3296ac4b0][03:33:55.936913] wlan: [782:I:TXRX] hif_print_hal_shadow_register_cfg: i 3, val a3b04c
01-01 10:15:58.997 0 0 I [kworke][0x3296ac5bb][03:33:55.936927] wlan: [782:I:TXRX] hif_print_hal_shadow_register_cfg: i 4, val a3b054
01-01 10:15:58.997 0 0 I [kworke][0x3296ac6bc][03:33:55.936941] wlan: [782:I:TXRX] hif_print_hal_shadow_register_cfg: i 5, val a3b028
01-01 10:15:58.997 0 0 I [kworke][0x3296ac7bd][03:33:55.936954] wlan: [782:I:TXRX] hif_print_hal_shadow_register_cfg: i 6, val a3b020
01-01 10:15:58.997 0 0 I [kworke][0x3296ac8be][03:33:55.936967] wlan: [782:I:TXRX] hif_print_hal_shadow_register_cfg: i 7, val a3b06c
01-01 10:15:58.997 0 0 I [kworke][0x3296ac9bf][03:33:55.936981] wlan: [782:I:TXRX] hif_print_hal_shadow_register_cfg: i 8, val a46000
01-01 10:15:58.997 0 0 I [kworke][0x3296acabf][03:33:55.936994] wlan: [782:I:TXRX] hif_print_hal_shadow_register_cfg: i 9, val a46008
01-01 10:15:58.997 0 0 I [kworke][0x3296acbbf][03:33:55.937007] wlan: [782:I:TXRX] hif_print_hal_shadow_register_cfg: i 10, val a46010
01-01 10:15:58.997 0 0 I [kworke][0x3296acccd][03:33:55.937021] wlan: [782:I:TXRX] hif_print_hal_shadow_register_cfg: i 11, val a46018
01-01 10:15:58.997 0 0 I [kworke][0x3296acddc][03:33:55.937036] wlan: [782:I:TXRX] hif_print_hal_shadow_register_cfg: i 12, val a46034
01-01 10:15:58.997 0 0 I [kworke][0x3296acef0][03:33:55.937050] wlan: [782:I:TXRX] hif_print_hal_shadow_register_cfg: i 13, val a370b0
01-01 10:15:58.998 0 0 I [kworke][0x3296acff8][03:33:55.937064] wlan: [782:I:TXRX] hif_print_hal_shadow_register_cfg: i 14, val a37018
01-01 10:15:58.998 0 0 I [kworke][0x3296af52f][03:33:55.937560] wlan: [782:I:TXRX] hif_print_hal_shadow_register_cfg: i 15, val a370c4
01-01 10:15:58.998 0 0 I [kworke][0x3296af681][03:33:55.937577] wlan: [782:I:TXRX] hif_print_hal_shadow_register_cfg: i 16, val a370cc
01-01 10:15:58.998 0 0 I [kworke][0x3296af79f][03:33:55.937592] wlan: [782:I:TXRX] hif_print_hal_shadow_register_cfg: i 17, val a370d4
01-01 10:15:58.998 0 0 I [kworke][0x3296af8b7][03:33:55.937607] wlan: [782:I:TXRX] hif_print_hal_shadow_register_cfg: i 18, val a370dc
01-01 10:15:58.998 0 0 I [kworke][0x3296af9d0][03:33:55.937622] wlan: [782:I:TXRX] hif_print_hal_shadow_register_cfg: i 19, val a00400
01-01 10:15:58.998 0 0 I [kworke][0x3296afae5][03:33:55.937636] wlan: [782:I:TXRX] hif_print_hal_shadow_register_cfg: i 20, val a03400
01-01 10:15:58.998 0 0 I [kworke][0x3296afbe8][03:33:55.937649] wlan: [782:I:TXRX] hif_print_hal_shadow_register_cfg: i 21, val a0340c
01-01 10:15:58.998 0 0 I [kworke][0x3296afcea][03:33:55.937663] wlan: [782:I:TXRX] hif_print_hal_shadow_register_cfg: i 22, val a05400
01-01 10:15:58.998 0 0 I [kworke][0x3296afdf2][03:33:55.937677] wlan: [782:I:TXRX] hif_print_hal_shadow_register_cfg: i 23, val a0540c
01-01 10:15:58.998 0 0 I [kworke][0x3296afef3][03:33:55.937690] wlan: [782:I:TXRX] hif_print_hal_shadow_register_cfg: i 24, val a06400
01-01 10:15:58.998 0 0 I [kworke][0x3296afffc][03:33:55.937704] wlan: [782:I:TXRX] hif_print_hal_shadow_register_cfg: i 25, val a08400
01-01 10:15:58.998 0 0 I [kworke][0x3296b0103][03:33:55.937718] wlan: [782:I:TXRX] hif_print_hal_shadow_register_cfg: i 26, val a0b400
01-01 10:15:58.998 0 0 I [kworke][0x3296b020d][03:33:55.937731] wlan: [782:I:TXRX] hif_print_hal_shadow_register_cfg: i 27, val a0b40c
01-01 10:15:58.998 0 0 D cnss : Mode: 0, config: 0000000000000000, host_version: 5.2.022.10G
01-01 10:15:58.998 0 0 D cnss : Sending WLAN config message, state: 0x147
01-01 10:15:58.999 0 0 D cnss : Sending mode message, mode: MISSION(0), state: 0x147
01-01 10:15:59.024 0 0 D cnss : Received QMI WLFW pin connect result indication
01-01 10:15:59.024 0 0 D cnss : Pin connect Result: pwr_pin: 0x1 phy_io_pin: 0x0 rf_io_pin: 0x0
01-01 10:15:59.024 0 0 D cnss : Assign MSI to user: CE, num_vectors: 10, user_base_data: 803, base_vector: 3
01-01 10:15:59.025 0 0 I [kworke][0x32972db51][03:33:55.964522] wlan: [782:I:HIF] ce_srng_dest_ring_setup: ce_id 1
01-01 10:15:59.025 0 0 D cnss : Assign MSI to user: CE, num_vectors: 10, user_base_data: 803, base_vector: 3
01-01 10:15:59.025 0 0 I [kworke][0x32972e85f][03:33:55.964696] wlan: [782:I:HIF] ce_srng_status_ring_setup: ce_id 1
01-01 10:15:59.025 0 0 D cnss : Assign MSI to user: CE, num_vectors: 10, user_base_data: 803, base_vector: 3
01-01 10:15:59.025 0 0 I [kworke][0x32972f3c4][03:33:55.964848] wlan: [782:I:HIF] ce_srng_dest_ring_setup: ce_id 2
01-01 10:15:59.025 0 0 D cnss : Assign MSI to user: CE, num_vectors: 10, user_base_data: 803, base_vector: 3
01-01 10:15:59.025 0 0 I [kworke][0x329732002][03:33:55.965438] wlan: [782:I:HIF] ce_srng_status_ring_setup: ce_id 2
01-01 10:15:59.025 0 0 D cnss : Assign MSI to user: CE, num_vectors: 10, user_base_data: 803, base_vector: 3
01-01 10:15:59.026 0 0 D cnss : Assign MSI to user: CE, num_vectors: 10, user_base_data: 803, base_vector: 3
01-01 10:15:59.026 0 0 I [kworke][0x3297346db][03:33:55.965955] wlan: [782:I:HIF] ce_srng_dest_ring_setup: ce_id 5
01-01 10:15:59.026 0 0 D cnss : Assign MSI to user: CE, num_vectors: 10, user_base_data: 803, base_vector: 3
01-01 10:15:59.026 0 0 I [kworke][0x329735658][03:33:55.966162] wlan: [782:I:HIF] ce_srng_status_ring_setup: ce_id 5
01-01 10:15:59.026 0 0 D cnss : Assign MSI to user: CE, num_vectors: 10, user_base_data: 803, base_vector: 3
01-01 10:15:59.026 0 0 I [kworke][0x32973618d][03:33:55.966311] wlan: [782:I:HIF] hif_configure_irq: E
01-01 10:15:59.026 0 0 D cnss : Assign MSI to user: WAKE, num_vectors: 1, user_base_data: 813, base_vector: 13
01-01 10:15:59.026 0 0 D cnss : Get IRQ number 363 for vector index 13
01-01 10:15:59.026 0 0 D cnss : Assign MSI to user: CE, num_vectors: 10, user_base_data: 803, base_vector: 3
01-01 10:15:59.026 0 0 D cnss : Get IRQ number 353 for vector index 3
01-01 10:15:59.026 0 0 D cnss : Get IRQ number 354 for vector index 4
01-01 10:15:59.026 0 0 D cnss : Get IRQ number 355 for vector index 5
01-01 10:15:59.027 0 0 D cnss : Get IRQ number 356 for vector index 6
01-01 10:15:59.027 0 0 D cnss : Get IRQ number 358 for vector index 8
01-01 10:15:59.027 0 0 D cnss : Get IRQ number 359 for vector index 9
01-01 10:15:59.027 0 0 D cnss : Get IRQ number 361 for vector index 11
01-01 10:15:59.027 0 0 E [kworke][0x329738d93][03:33:55.966899] wlan: [782:E:mlme] mlme_init_reg_cfg: 2374: null pdev
01-01 10:15:59.027 0 0 E [kworke][0x329739528][03:33:55.966999] wlan: [782:E:WMI] WMI handle is NULL
01-01 10:15:59.027 0 0 I [kworke][0x329739946][03:33:55.967054] wlan: [782:I:HIF] Initializing Runtime PM wakelock &p2p_soc_obj->roc_runtime_lock
01-01 10:15:59.027 0 0 D cnss : Platform cap_flag is 0x4
01-01 10:15:59.027 0 0 E [kworke][0x32973a001][03:33:55.967144] wlan: [782:E:QDF] cds_get_context: 1486: Module ID 66 context is Null
01-01 10:15:59.031 0 0 E [kworke][0x32974d33b][03:33:55.971240] wlan: [782:E:QDF] cds_get_context: 1486: Module ID 66 context is Null
01-01 10:15:59.039 0 0 I [kworke][0x329772a51][03:33:55.979229] wlan: [782:I:HIF] Initializing Runtime PM wakelock &psoc_wakelock->wmi_cmd_rsp_runtime_lock
01-01 10:15:59.040 0 0 F [kworke][0x3297741f4][03:33:55.979544] wlan: [782:F:WMA] WMA --> wmi_unified_attach - success
01-01 10:15:59.041 0 0 I [kworke][0x32977940d][03:33:55.980638] wlan: [782:I:HIF] Initializing Runtime PM wakelock &vdev->vdev_set_key_runtime_wakelock
01-01 10:15:59.041 0 0 I [kworke][0x32977baef][03:33:55.981157] wlan: [782:I:HIF] Initializing Runtime PM wakelock &vdev->vdev_set_key_runtime_wakelock
01-01 10:15:59.042 0 0 I [kworke][0x32977e2d6][03:33:55.981689] wlan: [782:I:HIF] Initializing Runtime PM wakelock &vdev->vdev_set_key_runtime_wakelock
01-01 10:15:59.043 0 0 I [kworke][0x329783506][03:33:55.982785] wlan: [782:I:HIF] Initializing Runtime PM wakelock &vdev->vdev_set_key_runtime_wakelock
01-01 10:15:59.043 0 0 I [kworke][0x329785c2b][03:33:55.983306] wlan: [782:I:HIF] Initializing Runtime PM wakelock &vdev->vdev_set_key_runtime_wakelock
01-01 10:15:59.044 0 0 I [kworke][0x32978834d][03:33:55.983828] wlan: [782:I:HIF] Initializing Runtime PM wakelock &vdev->vdev_set_key_runtime_wakelock
01-01 10:15:59.046 0 0 I [kworke][0x329790b06][03:33:55.985638] wlan: [782:I:HIF] Initializing Runtime PM wakelock &wma_handle->wmi_cmd_rsp_runtime_lock
01-01 10:15:59.046 0 0 I [kworke][0x329790ca7][03:33:55.985659] wlan: [782:I:HIF] Initializing Runtime PM wakelock &wma_handle->sap_prevent_runtime_pm_lock
01-01 10:15:59.051 0 0 E [kworke][0x3297a93f5][03:33:55.990877] wlan: [782:E:QDF] htc_wait_target: 684: Target Ready! TX resource : 1 size:2176, MaxMsgsPerHTCBundle = 1
01-01 10:15:59.051 0 0 E [kworke][0x3297a957b][03:33:55.990897] wlan: [782:E:QDF] htc_setup_target_buffer_assignments: 576: SVS Index : 1 TX : 0x100 : alloc:1
01-01 10:15:59.051 0 0 D cnss : Assign MSI to user: DP, num_vectors: 18, user_base_data: 814, base_vector: 14
01-01 10:15:59.051 0 0 I [kworke][0x3297aa6c7][03:33:55.991128] wlan: [782:I:HIF] +hif_update_pipe_callback pipeid 5
01-01 10:15:59.051 0 0 I [kworke][0x3297aa775][03:33:55.991137] wlan: [782:I:HIF] -hif_update_pipe_callback
01-01 10:15:59.051 0 0 D cnss : Assign MSI to user: DP, num_vectors: 18, user_base_data: 814, base_vector: 14
01-01 10:15:59.053 0 0 E [kworke][0x3297b3dde][03:33:55.993142] wlan: [782:E:DP] dp_srng_get_str_from_hal_ring_type: 7726: Invalid ring type
01-01 10:15:59.053 0 0 D cnss : Assign MSI to user: DP, num_vectors: 18, user_base_data: 814, base_vector: 14
01-01 10:15:59.054 0 0 D cnss : Assign MSI to user: DP, num_vectors: 18, user_base_data: 814, base_vector: 14
01-01 10:15:59.054 0 0 D cnss : Assign MSI to user: DP, num_vectors: 18, user_base_data: 814, base_vector: 14
01-01 10:15:59.055 0 0 D cnss : Assign MSI to user: DP, num_vectors: 18, user_base_data: 814, base_vector: 14
01-01 10:15:59.055 0 0 D cnss : Assign MSI to user: DP, num_vectors: 18, user_base_data: 814, base_vector: 14
01-01 10:15:59.055 0 0 D cnss : Assign MSI to user: DP, num_vectors: 18, user_base_data: 814, base_vector: 14
01-01 10:15:59.055 0 0 D cnss : Assign MSI to user: DP, num_vectors: 18, user_base_data: 814, base_vector: 14
01-01 10:15:59.055 0 0 D cnss : Assign MSI to user: DP, num_vectors: 18, user_base_data: 814, base_vector: 14
01-01 10:15:59.055 0 0 I [kworke][0x3297be82a][03:33:55.995413] wlan: [782:I:DP] dp_tx_soc_attach Tx Desc Alloc num_pool = 4, descs = 4096
01-01 10:15:59.057 0 0 I [kworke][0x3297c4ffc][03:33:55.996797] wlan: [782:I:DP] dp_tx_soc_attach MSDU Ext Desc Alloc 4, descs = 4096
01-01 10:15:59.058 0 0 I [kworke][0x3297cc2f7][03:33:55.998330] wlan: [782:I:DP] dp_tx_soc_attach HAL Tx init Success
01-01 10:15:59.058 0 0 D cnss : Assign MSI to user: DP, num_vectors: 18, user_base_data: 814, base_vector: 14
01-01 10:15:59.059 0 0 D cnss : Assign MSI to user: DP, num_vectors: 18, user_base_data: 814, base_vector: 14
01-01 10:15:59.059 0 0 I [kworke][0x3297cec43][03:33:55.998881] wlan: [782:I:DP] dp_soc_cmn_setup: 3274: num_reo_dest_rings 4
01-01 10:15:59.059 0 0 D cnss : Assign MSI to user: DP, num_vectors: 18, user_base_data: 814, base_vector: 14
01-01 10:15:59.059 0 0 D cnss : Assign MSI to user: DP, num_vectors: 18, user_base_data: 814, base_vector: 14
01-01 10:15:59.059 0 0 D cnss : Assign MSI to user: DP, num_vectors: 18, user_base_data: 814, base_vector: 14
01-01 10:15:59.059 0 0 D cnss : Assign MSI to user: DP, num_vectors: 18, user_base_data: 814, base_vector: 14
01-01 10:15:59.060 0 0 D cnss : Assign MSI to user: DP, num_vectors: 18, user_base_data: 814, base_vector: 14
01-01 10:15:59.060 0 0 D cnss : Assign MSI to user: DP, num_vectors: 18, user_base_data: 814, base_vector: 14
01-01 10:15:59.060 0 0 D cnss : Assign MSI to user: DP, num_vectors: 18, user_base_data: 814, base_vector: 14
01-01 10:15:59.060 0 0 D cnss : Assign MSI to user: DP, num_vectors: 18, user_base_data: 814, base_vector: 14
01-01 10:15:59.060 0 0 D cnss : Assign MSI to user: DP, num_vectors: 18, user_base_data: 814, base_vector: 14
01-01 10:15:59.060 0 0 D cnss : Assign MSI to user: DP, num_vectors: 18, user_base_data: 814, base_vector: 14
01-01 10:15:59.060 0 0 D cnss : Assign MSI to user: DP, num_vectors: 18, user_base_data: 814, base_vector: 14
01-01 10:15:59.061 0 0 I [kworke][0x3297d711b][03:33:56.000652] wlan: [782:I:HAL] hal_reo_set_err_dst_remap_6390: 1024: HWIO_REO_R0_ERROR_DESTINATION_MAPPING_IX_0 0x28005b6d
01-01 10:15:59.061 0 0 D cnss : Assign MSI to user: DP, num_vectors: 18, user_base_data: 814, base_vector: 14
01-01 10:15:59.061 0 0 D cnss : Assign MSI to user: DP, num_vectors: 18, user_base_data: 814, base_vector: 14
01-01 10:15:59.061 0 0 D cnss : Assign MSI to user: DP, num_vectors: 18, user_base_data: 814, base_vector: 14
01-01 10:15:59.061 0 0 D cnss : Assign MSI to user: DP, num_vectors: 18, user_base_data: 814, base_vector: 14
01-01 10:15:59.061 0 0 D cnss : Assign MSI to user: DP, num_vectors: 18, user_base_data: 814, base_vector: 14
01-01 10:15:59.061 0 0 D cnss : Assign MSI to user: DP, num_vectors: 18, user_base_data: 814, base_vector: 14
01-01 10:15:59.073 0 0 I [kworke][0x329811a73][03:33:56.013150] wlan: [782:I:DP] Peer pool init
01-01 10:15:59.073 0 0 W [kworke][0x32981229c][03:33:56.013259] wlan: [782:W:DP] dp_rx_pdev_mon_attach: pdev attach id=0
01-01 10:15:59.077 0 0 D cnss : Assign MSI to user: DP, num_vectors: 18, user_base_data: 814, base_vector: 14
01-01 10:15:59.077 0 0 D cnss : Get IRQ number 364 for vector index 14
01-01 10:15:59.077 0 0 D cnss : Assign MSI to user: DP, num_vectors: 18, user_base_data: 814, base_vector: 14
01-01 10:15:59.077 0 0 D cnss : Get IRQ number 365 for vector index 15
01-01 10:15:59.077 0 0 D cnss : Assign MSI to user: DP, num_vectors: 18, user_base_data: 814, base_vector: 14
01-01 10:15:59.077 0 0 D cnss : Get IRQ number 366 for vector index 16
01-01 10:15:59.077 0 0 D cnss : Assign MSI to user: DP, num_vectors: 18, user_base_data: 814, base_vector: 14
01-01 10:15:59.077 0 0 D cnss : Get IRQ number 367 for vector index 17
01-01 10:15:59.077 0 0 D cnss : Assign MSI to user: DP, num_vectors: 18, user_base_data: 814, base_vector: 14
01-01 10:15:59.077 0 0 D cnss : Assign MSI to user: DP, num_vectors: 18, user_base_data: 814, base_vector: 14
01-01 10:15:59.077 0 0 D cnss : Get IRQ number 369 for vector index 19
01-01 10:15:59.077 0 0 D cnss : Assign MSI to user: DP, num_vectors: 18, user_base_data: 814, base_vector: 14
01-01 10:15:59.077 0 0 D cnss : Get IRQ number 370 for vector index 20
01-01 10:15:59.079 0 0 I [kworke][0x32982bf66][03:33:56.018763] wlan: [452:I:WMA] wma_rx_service_ready_event: Firmware build version : 101a0521
01-01 10:15:59.079 0 0 I [kworke][0x32982c390][03:33:56.018818] wlan: [452:I:WMA] wma_rx_service_ready_event: Board id: 0, Board version: 8 0 0 0 6
01-01 10:15:59.082 0 0 I [kworke][0x329839059][03:33:56.021549] wlan: [452:I:WMA] wma_is_dbs_mandatory: 5417: MAC0 does not support both bands 2 DBS is mandatory
01-01 10:15:59.082 0 0 E [kworke][0x32983969c][03:33:56.021632] wlan: [452:E:QDF] copy_fw_abi_version_tlv: 6979: copy_fw_abi_version_tlv: INIT_CMD version: 1, 0, 0x5f414351, 0x4c4d, 0x0, 0x0
01-01 10:15:59.269 0 0 E [kworke][0x329ba55dc][03:33:56.208503] wlan: [452:E:QDF] ready_extract_init_status_tlv: 8884: ready_extract_init_status_tlv:0
01-01 10:15:59.269 0 0 E [kworke][0x329ba5d4f][03:33:56.208601] wlan: [452:E:QDF] cds_get_context: 1486: Module ID 65 context is Null
01-01 10:15:59.269 0 0 F [kworke][0x329ba5ee3][03:33:56.208623] wlan: [452:F:DP] cdp_ipa_set_uc_tx_partition_base invalid instance
01-01 10:15:59.269 0 0 I [kworke][0x329ba6101][03:33:56.208651] wlan: [452:I:WMA] wma_he_update_tgt_services: 996: 11ax is enabled
01-01 10:15:59.272 0 0 I [kworke][0x329bb6853][03:33:56.212162] wlan: [452:I:HIF] Initializing Runtime PM wakelock &mgmt_txrx_pdev_ctx->wakelock_tx_runtime_cmp
01-01 10:15:59.272 0 0 I [kworke][0x329bb7ad6][03:33:56.212409] wlan: [452:I:dfs] WLAN_DEBUG_DFS_ALWAYS : wlan_dfs_pdev_obj_create_notification: 421: dfs_offload 1
01-01 10:15:59.272 0 0 I [kworke][0x329bb7c8d][03:33:56.212431] wlan: [452:I:SPECTRAL] null_get_capability: 1715: SPECTRAL : get_capability not registered
01-01 10:15:59.272 0 0 I [kworke][0x329bb7d58][03:33:56.212442] wlan: [452:I:SPECTRAL] target_if_pdev_spectral_init: 2249: HAL_CAP_PHYDIAG : Capable
01-01 10:15:59.272 0 0 I [kworke][0x329bb7e18][03:33:56.212452] wlan: [452:I:SPECTRAL] null_get_capability: 1715: SPECTRAL : get_capability not registered
01-01 10:15:59.272 0 0 I [kworke][0x329bb7ecd][03:33:56.212461] wlan: [452:I:SPECTRAL] target_if_pdev_spectral_init: 2253: HAL_CAP_RADAR : Capable
01-01 10:15:59.272 0 0 I [kworke][0x329bb7f7d][03:33:56.212471] wlan: [452:I:SPECTRAL] null_get_capability: 1715: SPECTRAL : get_capability not registered
01-01 10:15:59.272 0 0 I [kworke][0x329bb8031][03:33:56.212480] wlan: [452:I:SPECTRAL] target_if_pdev_spectral_init: 2258: HAL_CAP_SPECTRAL_SCAN : Capable
01-01 10:15:59.273 0 0 I [kworke][0x329bb80e9][03:33:56.212489] wlan: [452:I:SPECTRAL] null_get_tsf64: 1703: SPECTRAL : get_tsf64 not registered
01-01 10:15:59.273 0 0 I [kworke][0x329bb84bc][03:33:56.212540] wlan: [452:I:GREEN_AP] wlan_green_ap_pdev_obj_create_notification: 106: Green AP creation successful, green ap ctx: 0000000000000000, pdev: 0000000000000000
01-01 10:15:59.273 0 0 I [kworke][0x329bb8819][03:33:56.212585] wlan: [452:I:IPA] wlan_ipa_wdi_init: 540: ipa_over_gsi: 1, is_smmu_enabled: 1
01-01 10:15:59.274 0 0 I [kworke][0x329bbf1a9][03:33:56.213993] wlan: [452:I:REGULATORY] reg_set_band: 483: set band bitmap: 3
01-01 10:15:59.275 0 0 I [kworke][0x329bc2f7d][03:33:56.214817] wlan: [452:I:HIF] Initializing Runtime PM wakelock &ctx->dfs
01-01 10:15:59.275 0 0 I [kworke][0x329bc3055][03:33:56.214828] wlan: [452:I:HIF] Initializing Runtime PM wakelock &ctx->connect
01-01 10:15:59.275 0 0 I [kworke][0x329bc3119][03:33:56.214839] wlan: [452:I:HIF] Initializing Runtime PM wakelock &ctx->user
01-01 10:15:59.275 0 0 I [kworke][0x329bc3338][03:33:56.214867] wlan: [452:I:HIF] Initializing Runtime PM wakelock &scan_priv->runtime_pm_lock
01-01 10:15:59.275 0 0 I [kworke][0x329bc35ff][03:33:56.214904] wlan: [452:I:GREEN_AP] target_if_green_ap_register_egap_event_handler: 131: Set the Enhance Green AP event handler
01-01 10:15:59.275 0 0 E [kworke][0x329bc3771][03:33:56.214923] wlan: [452:E:QDF] dp_peer_map_attach_wifi3: 10048: dp_peer_map_attach_wifi3 max_peers 55, max_ast_index: 144
01-01 10:15:59.275 0 0 I [kworke][0x329bc38e9][03:33:56.214943] wlan: [452:I:DP]
01-01 10:15:59.275 0 0 I : <=== cfg max peer id 55 ====>
01-01 10:15:59.275 0 0 I [kworke][0x329bc39e8][03:33:56.214956] wlan: [452:I:DP]
01-01 10:15:59.275 0 0 I : <=== cfg max ast idx 144 ====>
01-01 10:15:59.275 0 0 I [kworke][0x329bc3ac0][03:33:56.214967] wlan: [452:I:DP] ast hash_elems: 512, max_ast_idx: 144
01-01 10:15:59.275 0 0 I [kworke][0x329bc4062][03:33:56.215042] wlan: [782:I:WMA] wma_wait_for_ready_event: 6926: FW ready event received
01-01 10:15:59.277 0 0 E [kworke][0x329bcdf65][03:33:56.217163] wlan: [782:E:WMI] send_action_oui_cmd_tlv: 220: Invalid action id
01-01 10:15:59.277 0 0 E [kworke][0x329bce40f][03:33:56.217225] wlan: [782:E:action_oui] ucfg_action_oui_send: 160: Failed to send: 7
01-01 10:15:59.277 0 0 E [kworke][0x329bce61b][03:33:56.217252] wlan: [782:E:WMI] send_action_oui_cmd_tlv: 220: Invalid action id
01-01 10:15:59.277 0 0 E [kworke][0x329bce7bd][03:33:56.217274] wlan: [782:E:action_oui] ucfg_action_oui_send: 160: Failed to send: 9
01-01 10:15:59.277 0 0 E [kworke][0x329bce8e0][03:33:56.217289] wlan: [782:E:HDD] hdd_action_oui_send: 13281: Failed to send one or all action_ouis
01-01 10:15:59.281 0 0 D cnss : dma-coherent is enabled
01-01 10:15:59.281 0 0 D cnss : IOMMU map: iova b0000000, len 4096
01-01 10:15:59.281 0 0 D cnss : IOMMU map: iova_addr b0000040
01-01 10:15:59.281 0 0 D cnss : dma-coherent is enabled
01-01 10:15:59.281 0 0 D cnss : IOMMU map: iova b0001000, len 4096
01-01 10:15:59.281 0 0 D cnss : IOMMU map: iova_addr b0001018
01-01 10:15:59.281 0 0 I [kworke][0x329be0f7f][03:33:56.221217] wlan: [782:I:SYS] Creating periodic timer for OLBC UPDATE CACHE TIMEOUT
01-01 10:15:59.282 0 0 E [kworke][0x329be2edf][03:33:56.221636] wlan: [782:E:TXRX] dp_rxdma_ring_config: 5022: DBS enabled max_mac_rings 2
01-01 10:15:59.282 0 0 E [kworke][0x329be304a][03:33:56.221655] wlan: [782:E:TXRX] dp_rxdma_ring_config: 5033: pdev_id 0 max_mac_rings 2
01-01 10:15:59.282 0 0 E [kworke][0x329be317b][03:33:56.221670] wlan: [782:E:TXRX] dp_rxdma_ring_config: 5050: mac_id 0
01-01 10:15:59.282 0 0 E [kworke][0x329be42e5][03:33:56.221903] wlan: [782:E:TXRX] dp_rxdma_ring_config: 5050: mac_id 1
01-01 10:15:59.283 0 0 I [kworke][0x329be7052][03:33:56.222508] wlan: [782:I:POLICY_MGR] policy_mgr_update_5g_scc_prefer: 398: overwrite pm_second_connection_pcl_dbs_2x2_table, index 2 mode 3 system prefer 0 new pcl 6
01-01 10:15:59.283 0 0 I [kworke][0x329be7147][03:33:56.222521] wlan: [782:I:POLICY_MGR] policy_mgr_update_5g_scc_prefer: 404: overwrite pm_second_connection_pcl_dbs_2x2_table, index 3 mode 3 system prefer 0 new pcl 6
01-01 10:15:59.283 0 0 E [kworke][0x329be96bb][03:33:56.223020] wlan: [782:E:REGULATORY] reg_freq_width_to_chan_op_class: 512: no op class for frequency 5745
01-01 10:15:59.284 0 0 I [kworke][0x329bec385][03:33:56.223618] wlan: [782:I:HIF] hif_pm_runtime_start: Enabling RUNTIME PM, Delay: 500 ms
01-01 10:15:59.284 0 0 D cnss : Host time = 707566250 us, device time = 866410 us, offset = 706699840 us
01-01 10:15:59.284 0 0 D cnss : Updated time sync regs [0x984] = 0x2a1f6240, [0x988] = 0x0
01-01 10:15:59.284 0 0 D cnss : Removing vote for Regulator vdd-wlan-rfa2
01-01 10:15:59.284 0 0 D cnss : Removing vote for Regulator vdd-wlan-rfa1
01-01 10:15:59.284 0 0 D cnss : Removing vote for Regulator vdd-wlan-dig
01-01 10:15:59.284 0 0 I [wifi@1][0x329bedae7][03:33:56.223929] wlan: [827:I:DP] dp_vdev_attach_wifi3: wlan_cfg_ap_bridge_enabled 0
