12-14 03:22:24.917 1483 1585 D ActivityManager: Unlocking user 0 progress 20
12-14 03:22:24.917 1483 1585 W Looper : Slow dispatch took 182ms android.fg h=android.os.Handler c=com.android.server.am.UserController$$ExternalSyntheticLambda3@223eea6 m=0
12-14 03:22:24.917 1483 1609 I SystemServerTimingAsync: ssm.UnlockingUser-0
12-14 03:22:24.917 1483 1609 I SystemServiceManager: Calling onUnlockingUser 0
12-14 03:22:24.917 1483 1609 I SystemServerTimingAsync: ssm.onUnlockingUser-0_com.android.server.security.FileIntegrityService
12-14 03:22:24.917 1483 1609 I SystemServerTimingAsync: ssm.onUnlockingUser-0_com.android.server.pm.Installer
12-14 03:22:24.917 1483 1609 I SystemServerTimingAsync: ssm.onUnlockingUser-0_com.android.server.os.DeviceIdentifiersPolicyService
12-14 03:22:24.917 1483 1609 I SystemServerTimingAsync: ssm.onUnlockingUser-0_com.android.server.uri.UriGrantsManagerService$Lifecycle
12-14 03:22:24.917 1483 1609 I SystemServerTimingAsync: ssm.onUnlockingUser-0_com.android.server.powerstats.PowerStatsService
12-14 03:22:24.917 1483 1609 I SystemServerTimingAsync: ssm.onUnlockingUser-0_com.android.server.wm.ActivityTaskManagerService$Lifecycle
12-14 03:22:24.917 1483 1609 I SystemServerTimingAsync: ssm.onUnlockingUser-0_com.android.server.am.ActivityManagerService$Lifecycle
12-14 03:22:24.917 1483 1609 I SystemServerTimingAsync: ssm.onUnlockingUser-0_com.android.server.pm.DataLoaderManagerService
12-14 03:22:24.917 1483 1609 I SystemServerTimingAsync: ssm.onUnlockingUser-0_com.android.server.power.PowerManagerService
12-14 03:22:24.917 1483 1609 I SystemServerTimingAsync: ssm.onUnlockingUser-0_com.android.server.power.ThermalManagerService
12-14 03:22:24.917 1483 1609 I SystemServerTimingAsync: ssm.onUnlockingUser-0_com.android.server.power.hint.HintManagerService
12-14 03:22:24.917 1483 1609 I SystemServerTimingAsync: ssm.onUnlockingUser-0_com.android.server.recoverysystem.RecoverySystemService$Lifecycle
12-14 03:22:24.917 1483 1609 I SystemServerTimingAsync: ssm.onUnlockingUser-0_com.android.server.lights.LightsService
12-14 03:22:24.917 1483 1609 I SystemServerTimingAsync: ssm.onUnlockingUser-0_com.android.server.display.DisplayManagerService
12-14 03:22:24.917 1483 1609 I SystemServerTimingAsync: ssm.onUnlockingUser-0_com.android.server.pm.verify.domain.DomainVerificationService
12-14 03:22:24.917 1483 1609 I SystemServerTimingAsync: ssm.onUnlockingUser-0_com.android.server.pm.PackageInstallerService$Lifecycle
12-14 03:22:24.917 1483 1609 I SystemServerTimingAsync: ssm.onUnlockingUser-0_com.android.server.pm.UserManagerService$LifeCycle
12-14 03:22:24.917 1483 1609 I SystemServerTimingAsync: ssm.onUnlockingUser-0_com.android.server.om.OverlayManagerService
12-14 03:22:24.917 1483 1609 I SystemServerTimingAsync: ssm.onUnlockingUser-0_com.android.server.SensorPrivacyService
12-14 03:22:24.917 1483 1609 I SystemServerTimingAsync: ssm.onUnlockingUser-0_com.android.server.sensors.SensorService
12-14 03:22:24.917 1483 1609 I SystemServerTimingAsync: ssm.onUnlockingUser-0_com.android.server.SystemConfigService
12-14 03:22:24.917 1483 1609 I SystemServerTimingAsync: ssm.onUnlockingUser-0_com.android.server.BatteryService
12-14 03:22:24.917 1483 1609 I SystemServerTimingAsync: ssm.onUnlockingUser-0_com.android.server.usage.UsageStatsService
12-14 03:22:24.917 1483 1609 I SystemServerTimingAsync: ssm.onUnlockingUser-0_com.android.server.webkit.WebViewUpdateService
12-14 03:22:24.917 1483 1609 I SystemServerTimingAsync: ssm.onUnlockingUser-0_com.android.server.CachedDeviceStateService
12-14 03:22:24.917 1483 1609 I SystemServerTimingAsync: ssm.onUnlockingUser-0_com.android.server.BinderCallsStatsService$LifeCycle
12-14 03:22:24.917 1483 1609 I SystemServerTimingAsync: ssm.onUnlockingUser-0_com.android.server.LooperStatsService$Lifecycle
12-14 03:22:24.918 1483 1609 I SystemServerTimingAsync: ssm.onUnlockingUser-0_com.android.server.rollback.RollbackManagerService
12-14 03:22:24.918 1483 1609 I SystemServerTimingAsync: ssm.onUnlockingUser-0_com.android.server.os.NativeTombstoneManagerService
12-14 03:22:24.918 1483 1609 I SystemServerTimingAsync: ssm.onUnlockingUser-0_com.android.server.os.BugreportManagerService
12-14 03:22:24.918 1483 1609 I SystemServerTimingAsync: ssm.onUnlockingUser-0_com.android.server.gpu.GpuService
12-14 03:22:24.918 1483 1609 I SystemServerTimingAsync: ssm.onUnlockingUser-0_com.android.server.security.KeyChainSystemService
12-14 03:22:24.918 1483 1609 I SystemServerTimingAsync: ssm.onUnlockingUser-0_com.android.server.telecom.TelecomLoaderService
12-14 03:22:24.918 1483 1609 I SystemServerTimingAsync: ssm.onUnlockingUser-0_com.android.server.accounts.AccountManagerService$Lifecycle
12-14 03:22:24.918 1483 1609 I SystemServerTimingAsync: ssm.onUnlockingUser-0_com.android.server.content.ContentService$Lifecycle
12-14 03:22:24.918 1483 1609 I SystemServerTimingAsync: ssm.onUnlockingUser-0_com.android.server.DropBoxManagerService
12-14 03:22:24.918 1483 1609 I SystemServerTimingAsync: ssm.onUnlockingUser-0_com.android.role.RoleService
12-14 03:22:24.918 1483 1609 I SystemServerTimingAsync: ssm.onUnlockingUser-0_com.android.server.vibrator.VibratorManagerService$Lifecycle
12-14 03:22:24.919 1483 1609 I SystemServerTimingAsync: ssm.onUnlockingUser-0_com.android.server.alarm.AlarmManagerService
12-14 03:22:24.919 1483 1609 I SystemServerTimingAsync: ssm.onUnlockingUser-0_com.android.server.devicestate.DeviceStateManagerService
12-14 03:22:24.919 1483 1609 I SystemServerTimingAsync: ssm.onUnlockingUser-0_com.android.server.camera.CameraServiceProxy
12-14 03:22:24.919 1483 1609 I SystemServerTimingAsync: ssm.onUnlockingUser-0_com.android.server.BluetoothService
12-14 03:22:24.919 1483 1609 D BluetoothManagerService: User 0 unlocked
12-14 03:22:24.919 1483 1609 I SystemServerTimingAsync: ssm.onUnlockingUser-0_com.android.server.connectivity.IpConnectivityMetrics
12-14 03:22:24.919 1483 1609 I SystemServerTimingAsync: ssm.onUnlockingUser-0_com.android.server.net.watchlist.NetworkWatchlistService$Lifecycle
12-14 03:22:24.919 1483 1609 I SystemServerTimingAsync: ssm.onUnlockingUser-0_com.android.server.PinnerService
12-14 03:22:24.919 1483 1587 D BluetoothManagerService: MESSAGE_USER_UNLOCKED
12-14 03:22:24.919 1483 1609 I SystemServerTimingAsync: ssm.onUnlockingUser-0_com.google.android.startop.iorap.IorapForwardingService
12-14 03:22:24.919 1483 1609 I SystemServerTimingAsync: ssm.onUnlockingUser-0_com.android.server.ActivityTriggerService
12-14 03:22:24.919 1483 1609 I SystemServerTimingAsync: ssm.onUnlockingUser-0_com.android.server.integrity.AppIntegrityManagerService
12-14 03:22:24.919 1483 1609 I SystemServerTimingAsync: ssm.onUnlockingUser-0_com.android.server.inputmethod.InputMethodManagerService$Lifecycle
12-14 03:22:24.919 1483 1609 I SystemServerTimingAsync: ssm.onUnlockingUser-0_com.android.server.accessibility.AccessibilityManagerService$Lifecycle
12-14 03:22:24.919 1483 1609 I SystemServerTimingAsync: ssm.onUnlockingUser-0_com.android.server.StorageManagerService$Lifecycle
12-14 03:22:24.919 1483 1609 D StorageManagerService: onUnlockUser 0
12-14 03:22:24.919 1483 1609 I StorageSessionController: On user unlock 0
12-14 03:22:24.919 1483 1609 I StorageSessionController: Initialialising...
12-14 03:22:24.923 512 512 I vold : onUserStarted: 0
12-14 03:22:24.923 1483 1981 V StorageManagerService: Found primary storage at VolumeInfo{emulated;0}:
12-14 03:22:24.923 1483 1981 V StorageManagerService: type=EMULATED diskId=null partGuid= mountFlags=0 mountUserId=0
12-14 03:22:24.923 1483 1981 V StorageManagerService: state=UNMOUNTED
12-14 03:22:24.923 1483 1981 V StorageManagerService: fsType=null fsUuid=null fsLabel=null
12-14 03:22:24.923 1483 1981 V StorageManagerService: path=null internalPath=null
12-14 03:22:24.924 1483 1797 I StorageManagerService: Mounting volume VolumeInfo{emulated;0}:
12-14 03:22:24.924 1483 1797 I StorageManagerService: type=EMULATED diskId=null partGuid= mountFlags=PRIMARY|VISIBLE
12-14 03:22:24.924 1483 1797 I StorageManagerService: mountUserId=0 state=UNMOUNTED
12-14 03:22:24.924 1483 1797 I StorageManagerService: fsType=null fsUuid=null fsLabel=null
12-14 03:22:24.924 1483 1797 I StorageManagerService: path=null internalPath=null
12-14 03:22:24.924 512 512 I vold : Executing sdcardfs
12-14 03:22:24.924 1483 1609 I SystemServerTimingAsync: ssm.onUnlockingUser-0_com.android.server.usage.StorageStatsService$Lifecycle
12-14 03:22:24.924 1483 1609 I SystemServerTimingAsync: ssm.onUnlockingUser-0_com.android.server.UiModeManagerService
12-14 03:22:24.924 1483 1609 I SystemServerTimingAsync: ssm.onUnlockingUser-0_com.android.server.locksettings.LockSettingsService$Lifecycle
12-14 03:22:24.924 1483 1609 I SystemServerTimingAsync: ssm.onUnlockingUser-0_com.android.server.PersistentDataBlockService
12-14 03:22:24.924 1483 1609 I SystemServerTimingAsync: ssm.onUnlockingUser-0_com.android.server.testharness.TestHarnessModeService
12-14 03:22:24.924 1483 1609 I SystemServerTimingAsync: ssm.onUnlockingUser-0_com.android.server.oemlock.OemLockService
12-14 03:22:24.924 1483 1609 I SystemServerTimingAsync: ssm.onUnlockingUser-0_com.android.server.DeviceIdleController
12-14 03:22:24.924 1483 1609 I SystemServerTimingAsync: ssm.onUnlockingUser-0_com.android.server.devicepolicy.DevicePolicyManagerService$Lifecycle
12-14 03:22:24.924 1483 1609 I SystemServerTimingAsync: ssm.onUnlockingUser-0_com.android.server.texttospeech.TextToSpeechManagerService
12-14 03:22:24.924 1483 1609 I SystemServerTimingAsync: ssm.onUnlockingUser-0_com.android.server.speech.SpeechRecognitionManagerService
12-14 03:22:24.924 512 512 D vold : Waiting for sdcardfs to spin up...
12-14 03:22:24.924 1483 1609 I SystemServerTimingAsync: ssm.onUnlockingUser-0_com.android.server.searchui.SearchUiManagerService
12-14 03:22:24.924 1483 1609 I SystemServerTimingAsync: ssm.onUnlockingUser-0_com.android.server.smartspace.SmartspaceManagerService
12-14 03:22:24.924 1483 1609 I SystemServerTimingAsync: ssm.onUnlockingUser-0_com.android.server.graphics.fonts.FontManagerService$Lifecycle
12-14 03:22:24.924 1483 1609 I SystemServerTimingAsync: ssm.onUnlockingUser-0_com.android.server.textservices.TextServicesManagerService$Lifecycle
12-14 03:22:24.928 1483 1609 I SystemServerTimingAsync: ssm.onUnlockingUser-0_com.android.server.textclassifier.TextClassificationManagerService$Lifecycle
12-14 03:22:24.929 1483 1609 I SystemServerTimingAsync: ssm.onUnlockingUser-0_com.android.server.NetworkScoreService$Lifecycle
12-14 03:22:24.929 1483 1609 I SystemServerTimingAsync: ssm.onUnlockingUser-0_com.android.server.wifi.WifiService
12-14 03:22:24.929 1483 1609 I SystemServerTimingAsync: ssm.onUnlockingUser-0_com.android.server.wifi.scanner.WifiScanningService
12-14 03:22:24.929 1483 1609 I SystemServerTimingAsync: ssm.onUnlockingUser-0_com.android.server.wifi.rtt.RttService
12-14 03:22:24.929 1483 1609 I SystemServerTimingAsync: ssm.onUnlockingUser-0_com.android.server.wifi.aware.WifiAwareService
12-14 03:22:24.929 1483 1609 I SystemServerTimingAsync: ssm.onUnlockingUser-0_com.android.server.wifi.p2p.WifiP2pService
12-14 03:22:24.929 1483 1609 I SystemServerTimingAsync: ssm.onUnlockingUser-0_com.android.server.ethernet.EthernetService
12-14 03:22:24.929 1483 1609 I SystemServerTimingAsync: ssm.onUnlockingUser-0_com.android.server.ConnectivityServiceInitializer
12-14 03:22:24.929 1483 1609 I SystemServerTimingAsync: ssm.onUnlockingUser-0_com.android.server.notification.NotificationManagerService
12-14 03:22:24.929 1483 1609 I SystemServerTimingAsync: ssm.onUnlockingUser-0_com.android.server.storage.DeviceStorageMonitorService
12-14 03:22:24.929 1483 1609 I SystemServerTimingAsync: ssm.onUnlockingUser-0_com.android.server.location.LocationManagerService$Lifecycle
12-14 03:22:24.929 1483 1609 I SystemServerTimingAsync: ssm.onUnlockingUser-0_com.android.server.timedetector.TimeDetectorService$Lifecycle
12-14 03:22:24.929 1483 1609 I SystemServerTimingAsync: ssm.onUnlockingUser-0_com.android.server.timezonedetector.TimeZoneDetectorService$Lifecycle
12-14 03:22:24.929 1483 1609 I SystemServerTimingAsync: ssm.onUnlockingUser-0_com.android.server.timezonedetector.location.LocationTimeZoneManagerService$Lifecycle
12-14 03:22:24.929 1483 1609 I SystemServerTimingAsync: ssm.onUnlockingUser-0_com.android.server.search.SearchManagerService$Lifecycle
12-14 03:22:24.929 1483 1609 I SystemServerTimingAsync: ssm.onUnlockingUser-0_com.android.server.wallpaper.WallpaperManagerService$Lifecycle
12-14 03:22:24.930 1483 1609 I WallpaperManagerService: on-unlock-user-0
12-14 03:22:24.930 1483 1609 I SystemServerTimingAsync: ssm.onUnlockingUser-0_com.android.server.audio.AudioService$Lifecycle
12-14 03:22:24.930 1483 1609 I SystemServerTimingAsync: ssm.onUnlockingUser-0_com.android.server.soundtrigger_middleware.SoundTriggerMiddlewareService$Lifecycle
12-14 03:22:24.930 1483 1609 I SystemServerTimingAsync: ssm.onUnlockingUser-0_com.android.server.DockObserver
12-14 03:22:24.930 1483 1609 I SystemServerTimingAsync: ssm.onUnlockingUser-0_com.android.server.midi.MidiService$Lifecycle
12-14 03:22:24.930 1483 1609 I SystemServerTimingAsync: ssm.onUnlockingUser-0_com.android.server.adb.AdbService$Lifecycle
12-14 03:22:24.930 1483 1609 I SystemServerTimingAsync: ssm.onUnlockingUser-0_com.android.server.usb.UsbService$Lifecycle
12-14 03:22:24.930 1483 1609 I SystemServerTimingAsync: ssm.onUnlockingUser-0_com.android.server.twilight.TwilightService
12-14 03:22:24.930 1483 1609 I SystemServerTimingAsync: ssm.onUnlockingUser-0_com.android.server.display.color.ColorDisplayService
12-14 03:22:24.930 1483 1609 I SystemServerTimingAsync: ssm.onUnlockingUser-0_com.android.server.job.JobSchedulerService
12-14 03:22:24.930 1483 1609 I SystemServerTimingAsync: ssm.onUnlockingUser-0_com.android.server.soundtrigger.SoundTriggerService
12-14 03:22:24.930 1483 1609 I SystemServerTimingAsync: ssm.onUnlockingUser-0_com.android.server.trust.TrustManagerService
12-14 03:22:24.930 1483 1609 I SystemServerTimingAsync: ssm.onUnlockingUser-0_com.android.server.backup.BackupManagerService$Lifecycle
12-14 03:22:24.931 1483 1609 I SystemServerTimingAsync: ssm.onUnlockingUser-0_com.android.server.appwidget.AppWidgetService
12-14 03:22:24.931 1483 1609 I SystemServerTimingAsync: ssm.onUnlockingUser-0_com.android.server.voiceinteraction.VoiceInteractionManagerService
12-14 03:22:24.931 1483 1609 W VoiceInteractionManager: no available voice recognition services found for user 0
12-14 03:22:24.931 1483 1609 I SystemServerTimingAsync: ssm.onUnlockingUser-0_com.android.server.apphibernation.AppHibernationService
12-14 03:22:24.932 1483 1609 I SystemServerTimingAsync: ssm.onUnlockingUser-0_com.android.server.GestureLauncherService
12-14 03:22:24.932 1483 1609 I SystemServerTimingAsync: ssm.onUnlockingUser-0_com.android.server.SensorNotificationService
12-14 03:22:24.932 1483 1609 I SystemServerTimingAsync: ssm.onUnlockingUser-0_com.android.server.emergency.EmergencyAffordanceService
12-14 03:22:24.932 1483 1609 I SystemServerTimingAsync: ssm.onUnlockingUser-0_com.android.server.blob.BlobStoreManagerService
12-14 03:22:24.932 1483 1609 I SystemServerTimingAsync: ssm.onUnlockingUser-0_com.android.server.dreams.DreamManagerService
12-14 03:22:24.932 1483 1609 I SystemServerTimingAsync: ssm.onUnlockingUser-0_com.android.server.companion.CompanionDeviceManagerService
12-14 03:22:24.932 1483 2639 I HibernationStateDiskStore: No hibernation file on disk for file /data/system_ce/0/hibernation/states
12-14 03:22:24.932 1483 1609 I CompanionDeviceManagerService: Read associations from disk: {0=[]}
12-14 03:22:24.932 1483 1609 I SystemServerTimingAsync: ssm.onUnlockingUser-0_com.android.server.restrictions.RestrictionsManagerService
12-14 03:22:24.932 1483 1609 I SystemServerTimingAsync: ssm.onUnlockingUser-0_com.android.server.media.MediaSessionService
12-14 03:22:24.932 1483 1609 I SystemServerTimingAsync: ssm.onUnlockingUser-0_com.android.server.media.MediaResourceMonitorService
12-14 03:22:24.932 1483 1609 I SystemServerTimingAsync: ssm.onUnlockingUser-0_com.android.server.biometrics.sensors.fingerprint.FingerprintService
12-14 03:22:24.932 1483 1609 I SystemServerTimingAsync: ssm.onUnlockingUser-0_com.android.server.biometrics.BiometricService
12-14 03:22:24.932 1483 1609 I SystemServerTimingAsync: ssm.onUnlockingUser-0_com.android.server.biometrics.AuthService
12-14 03:22:24.932 1483 1609 I SystemServerTimingAsync: ssm.onUnlockingUser-0_com.android.server.pm.ShortcutService$Lifecycle
12-14 03:22:24.933 1483 1609 I SystemServerTimingAsync: ssm.onUnlockingUser-0_com.android.server.pm.LauncherAppsService
12-14 03:22:24.933 1483 1609 I SystemServerTimingAsync: ssm.onUnlockingUser-0_com.android.server.pm.CrossProfileAppsService
12-14 03:22:24.933 1483 1609 I SystemServerTimingAsync: ssm.onUnlockingUser-0_com.android.server.people.PeopleService
12-14 03:22:24.933 1483 1609 I SystemServerTimingAsync: ssm.onUnlockingUser-0_com.android.server.media.metrics.MediaMetricsManagerService
12-14 03:22:24.933 1483 1609 I SystemServerTimingAsync: ssm.onUnlockingUser-0_com.android.server.media.projection.MediaProjectionManagerService
12-14 03:22:24.933 1483 1609 I SystemServerTimingAsync: ssm.onUnlockingUser-0_com.android.server.slice.SliceManagerService$Lifecycle
12-14 03:22:24.933 1483 1609 I SystemServerTimingAsync: ssm.onUnlockingUser-0_com.android.server.stats.StatsCompanion$Lifecycle
12-14 03:22:24.933 1483 1609 I SystemServerTimingAsync: ssm.onUnlockingUser-0_com.android.server.scheduling.RebootReadinessManagerService$Lifecycle
12-14 03:22:24.933 1483 1609 I SystemServerTimingAsync: ssm.onUnlockingUser-0_com.android.server.stats.pull.StatsPullAtomService
12-14 03:22:24.933 1483 1609 I SystemServerTimingAsync: ssm.onUnlockingUser-0_com.android.server.incident.IncidentCompanionService
12-14 03:22:24.933 1483 1609 I SystemServerTimingAsync: ssm.onUnlockingUser-0_com.android.server.MmsServiceBroker
12-14 03:22:24.933 1483 1609 I SystemServerTimingAsync: ssm.onUnlockingUser-0_com.android.server.autofill.AutofillManagerService
12-14 03:22:24.934 1483 1609 I SystemServerTimingAsync: ssm.onUnlockingUser-0_com.android.server.clipboard.ClipboardService
12-14 03:22:24.934 1483 1609 I SystemServerTimingAsync: ssm.onUnlockingUser-0_com.android.server.appbinding.AppBindingService$Lifecycle
12-14 03:22:24.934 1483 1609 W AppBindingService: [Default SMS app] u0 Target package not found
12-14 03:22:24.934 1483 1609 I SystemServerTimingAsync: ssm.onUnlockingUser-0_com.android.server.tracing.TracingServiceProxy
12-14 03:22:24.934 1483 1609 I SystemServerTimingAsync: ssm.onUnlockingUser-0_com.android.server.policy.PermissionPolicyService
12-14 03:22:24.934 1483 1927 I BackupManagerService: Starting service for user: 0
12-14 03:22:24.934 1483 1927 V BackupManagerService: [UserID:0] Starting with transport com.android.localtransport/.LocalTransport
12-14 03:22:24.935 1483 1927 D BackupManagerService: [UserID:0] Started thread backup-0
12-14 03:22:24.935 1483 2029 D CompatibilityChangeReporter: Compat change id reported: 168419799; UID 10083; state: DISABLED
12-14 03:22:24.938 2755 2755 W sdcard : Device explicitly enabled sdcardfs
12-14 03:22:24.938 1483 1609 I SystemServerTimingAsync: ssm.onUnlockingUser-0_com.android.server.pm.StagingManager$Lifecycle
12-14 03:22:24.938 1483 1609 I SystemServerTimingAsync: ssm.onUnlockingUser-0_com.android.server.app.GameManagerService$Lifecycle
12-14 03:22:24.938 1483 1609 I SystemServerTimingAsync: ssm.onUnlockingUser-0_com.android.server.appsearch.AppSearchManagerService
12-14 03:22:24.939 1483 1609 I SystemServerTimingAsync: ssm.onUnlockingUser-0_com.android.server.media.MediaCommunicationService
12-14 03:22:24.940 1483 1609 W ActivityManager: UserLifecycleEvent 5 received without an active userJourneySession.
12-14 03:22:24.940 1483 1609 W ActivityManager: UserLifecycleEvent 6 received without an active userJourneySession.
12-14 03:22:24.940 1483 1609 I ActivityManager: User 0 state changed from RUNNING_UNLOCKING to RUNNING_UNLOCKED
12-14 03:22:24.940 1483 1609 D SystemServerTiming: SystemUserUnlock took to complete: 206ms
12-14 03:22:24.941 1483 1585 I ActivityTaskManager: Loading recents for user 0 into memory.
01-01 10:04:27.998 0 0 I : sdcardfs version 2.0
01-01 10:04:27.998 0 0 I sdcardfs: dev_name -> /data/media
01-01 10:04:27.998 0 0 I sdcardfs: options -> fsuid=1023,fsgid=1023,multiuser,derive_gid,default_normal,unshared_obb,mask=6,userid=0,gid=1015
01-01 10:04:27.998 0 0 I sdcardfs: mnt -> 000000009bb3d2c6
01-01 10:04:27.998 0 0 I sdcardfs: mounted on top of /data/media type f2fs
01-01 10:04:27.998 0 0 I : Remount options were mask=23,gid=9997 for vfsmnt 000000007550f6b8.
01-01 10:04:27.998 0 0 I sdcardfs: options - debug:1
01-01 10:04:27.998 0 0 I sdcardfs: options - gid:9997
01-01 10:04:27.998 0 0 I sdcardfs: options - mask:23
01-01 10:04:27.998 0 0 I : Remount options were mask=7,gid=9997 for vfsmnt 0000000062ba4355.
01-01 10:04:27.998 0 0 I sdcardfs: options - debug:1
01-01 10:04:27.998 0 0 I sdcardfs: options - gid:9997
01-01 10:04:27.998 0 0 I sdcardfs: options - mask:7
01-01 10:04:27.998 0 0 I : Remount options were mask=7,gid=9997 for vfsmnt 0000000025ea02c1.
01-01 10:04:27.998 0 0 I sdcardfs: options - debug:1
01-01 10:04:27.998 0 0 I sdcardfs: options - gid:9997
01-01 10:04:27.998 0 0 I sdcardfs: options - mask:7
12-14 03:22:24.948 1483 1585 V PackageConfigPersister: loadPackages: empty list files from /data/system_ce/0/package_configs
12-14 03:22:24.949 1483 2029 D CompatibilityChangeReporter: Compat change id reported: 135634846; UID 10079; state: DISABLED
12-14 03:22:24.949 1483 2029 D CompatibilityChangeReporter: Compat change id reported: 177438394; UID 10079; state: DISABLED
12-14 03:22:24.949 1483 2029 D CompatibilityChangeReporter: Compat change id reported: 135772972; UID 10079; state: DISABLED
12-14 03:22:24.949 1483 2029 D CompatibilityChangeReporter: Compat change id reported: 135754954; UID 10079; state: ENABLED
12-14 03:22:24.950 1483 1610 D CompatibilityChangeReporter: Compat change id reported: 143937733; UID 10079; state: ENABLED
12-14 03:22:24.950 1483 1609 D CompatibilityChangeReporter: Compat change id reported: 135634846; UID 10089; state: DISABLED
12-14 03:22:24.950 1483 1609 D CompatibilityChangeReporter: Compat change id reported: 135634846; UID 10059; state: DISABLED
12-14 03:22:24.950 1483 1609 D CompatibilityChangeReporter: Compat change id reported: 177438394; UID 10059; state: DISABLED
12-14 03:22:24.950 1483 1609 D CompatibilityChangeReporter: Compat change id reported: 135772972; UID 10059; state: DISABLED
12-14 03:22:24.950 1483 1609 D CompatibilityChangeReporter: Compat change id reported: 135754954; UID 10059; state: ENABLED
12-14 03:22:24.951 1483 1609 D CompatibilityChangeReporter: Compat change id reported: 135634846; UID 10053; state: DISABLED
12-14 03:22:24.951 1483 1609 D CompatibilityChangeReporter: Compat change id reported: 177438394; UID 10053; state: DISABLED
12-14 03:22:24.951 1483 1609 D CompatibilityChangeReporter: Compat change id reported: 135772972; UID 10053; state: DISABLED
12-14 03:22:24.951 1483 1609 D CompatibilityChangeReporter: Compat change id reported: 135754954; UID 10053; state: ENABLED
12-14 03:22:24.951 1483 1609 D CompatibilityChangeReporter: Compat change id reported: 135634846; UID 10074; state: DISABLED
12-14 03:22:24.951 1483 1609 D CompatibilityChangeReporter: Compat change id reported: 177438394; UID 10074; state: DISABLED
12-14 03:22:24.951 1483 1609 D CompatibilityChangeReporter: Compat change id reported: 135772972; UID 10074; state: DISABLED
12-14 03:22:24.951 1483 1609 D CompatibilityChangeReporter: Compat change id reported: 135754954; UID 10074; state: DISABLED
12-14 03:22:24.952 1483 1609 D CompatibilityChangeReporter: Compat change id reported: 135634846; UID 10087; state: DISABLED
12-14 03:22:24.952 1483 1609 D CompatibilityChangeReporter: Compat change id reported: 177438394; UID 10087; state: DISABLED
12-14 03:22:24.952 1483 1609 D CompatibilityChangeReporter: Compat change id reported: 135772972; UID 10087; state: DISABLED
12-14 03:22:24.952 1483 1609 D CompatibilityChangeReporter: Compat change id reported: 135754954; UID 10087; state: ENABLED
12-14 03:22:24.952 1483 1609 D CompatibilityChangeReporter: Compat change id reported: 135634846; UID 10084; state: DISABLED
12-14 03:22:24.952 1483 1609 D CompatibilityChangeReporter: Compat change id reported: 177438394; UID 10084; state: DISABLED
12-14 03:22:24.952 1483 1609 D CompatibilityChangeReporter: Compat change id reported: 135772972; UID 10084; state: DISABLED
12-14 03:22:24.952 1483 1609 D CompatibilityChangeReporter: Compat change id reported: 135754954; UID 10084; state: ENABLED
12-14 03:22:24.953 1483 1609 I ActivityManager: Posting BOOT_COMPLETED user #0
01-01 10:04:28.012 0 0 I android_work: sent uevent USB_STATE=DISCONNECTED
12-14 03:22:24.954 1483 1609 I SystemServerTimingAsync: ssm.UnlockedUser-0
12-14 03:22:24.954 1483 1609 I SystemServiceManager: Calling onUnlockedUser 0
12-14 03:22:24.954 1483 1609 I SystemServerTimingAsync: ssm.onUnlockedUser-0_com.android.server.security.FileIntegrityService
12-14 03:22:24.954 1483 1609 I SystemServerTimingAsync: ssm.onUnlockedUser-0_com.android.server.pm.Installer
12-14 03:22:24.954 1483 1609 I SystemServerTimingAsync: ssm.onUnlockedUser-0_com.android.server.os.DeviceIdentifiersPolicyService
12-14 03:22:24.954 1483 1609 I SystemServerTimingAsync: ssm.onUnlockedUser-0_com.android.server.uri.UriGrantsManagerService$Lifecycle
12-14 03:22:24.954 1483 1609 I SystemServerTimingAsync: ssm.onUnlockedUser-0_com.android.server.powerstats.PowerStatsService
12-14 03:22:24.954 1483 1609 I SystemServerTimingAsync: ssm.onUnlockedUser-0_com.android.server.wm.ActivityTaskManagerService$Lifecycle
12-14 03:22:24.960 1483 1981 W StorageManagerService: Reporting emulated;0 unmounted due to system locked
12-14 03:22:24.961 1483 1610 I ActivityManager: Start proc 2797:com.qualcomm.location/u0a79 for broadcast {com.qualcomm.location/com.qualcomm.location.LocationServiceReceiver}
12-14 03:22:24.962 1483 1927 E BackupPasswordManager: Unable to read backup pw version
12-14 03:22:24.962 1483 1927 E BackupPasswordManager: Unable to read saved backup pw hash
12-14 03:22:24.962 1483 1609 I LaunchParamsPersister: Didn't find launch param folder for user 0
12-14 03:22:24.963 1483 1609 I SystemServerTimingAsync: ssm.onUnlockedUser-0_com.android.server.am.ActivityManagerService$Lifecycle
12-14 03:22:24.963 1483 1609 I SystemServerTimingAsync: ssm.onUnlockedUser-0_com.android.server.pm.DataLoaderManagerService
12-14 03:22:24.963 1483 1609 I SystemServerTimingAsync: ssm.onUnlockedUser-0_com.android.server.power.PowerManagerService
12-14 03:22:24.963 1483 1609 I SystemServerTimingAsync: ssm.onUnlockedUser-0_com.android.server.power.ThermalManagerService
12-14 03:22:24.963 1483 1609 I SystemServerTimingAsync: ssm.onUnlockedUser-0_com.android.server.power.hint.HintManagerService
12-14 03:22:24.963 1483 1609 I SystemServerTimingAsync: ssm.onUnlockedUser-0_com.android.server.recoverysystem.RecoverySystemService$Lifecycle
12-14 03:22:24.963 1483 1609 I SystemServerTimingAsync: ssm.onUnlockedUser-0_com.android.server.lights.LightsService
12-14 03:22:24.963 1483 1609 I SystemServerTimingAsync: ssm.onUnlockedUser-0_com.android.server.display.DisplayManagerService
12-14 03:22:24.963 1483 1609 I SystemServerTimingAsync: ssm.onUnlockedUser-0_com.android.server.pm.verify.domain.DomainVerificationService
12-14 03:22:24.963 1483 1609 I SystemServerTimingAsync: ssm.onUnlockedUser-0_com.android.server.pm.PackageInstallerService$Lifecycle
12-14 03:22:24.963 1483 1609 I SystemServerTimingAsync: ssm.onUnlockedUser-0_com.android.server.pm.UserManagerService$LifeCycle
12-14 03:22:24.963 1483 1609 I SystemServerTimingAsync: ssm.onUnlockedUser-0_com.android.server.om.OverlayManagerService
12-14 03:22:24.963 1483 1609 I SystemServerTimingAsync: ssm.onUnlockedUser-0_com.android.server.SensorPrivacyService
12-14 03:22:24.963 1483 1609 I SystemServerTimingAsync: ssm.onUnlockedUser-0_com.android.server.sensors.SensorService
12-14 03:22:24.963 1483 1609 I SystemServerTimingAsync: ssm.onUnlockedUser-0_com.android.server.SystemConfigService
12-14 03:22:24.963 1483 1609 I SystemServerTimingAsync: ssm.onUnlockedUser-0_com.android.server.BatteryService
12-14 03:22:24.963 1483 1609 I SystemServerTimingAsync: ssm.onUnlockedUser-0_com.android.server.usage.UsageStatsService
12-14 03:22:24.963 1483 1609 I SystemServerTimingAsync: ssm.onUnlockedUser-0_com.android.server.webkit.WebViewUpdateService
12-14 03:22:24.963 1483 1609 I SystemServerTimingAsync: ssm.onUnlockedUser-0_com.android.server.CachedDeviceStateService
12-14 03:22:24.963 1483 1609 I SystemServerTimingAsync: ssm.onUnlockedUser-0_com.android.server.BinderCallsStatsService$LifeCycle
12-14 03:22:24.963 1483 1609 I SystemServerTimingAsync: ssm.onUnlockedUser-0_com.android.server.LooperStatsService$Lifecycle
12-14 03:22:24.963 1483 1609 I SystemServerTimingAsync: ssm.onUnlockedUser-0_com.android.server.rollback.RollbackManagerService
12-14 03:22:24.963 1483 1609 I SystemServerTimingAsync: ssm.onUnlockedUser-0_com.android.server.os.NativeTombstoneManagerService
12-14 03:22:24.963 1483 1609 I SystemServerTimingAsync: ssm.onUnlockedUser-0_com.android.server.os.BugreportManagerService
12-14 03:22:24.963 1483 1609 I SystemServerTimingAsync: ssm.onUnlockedUser-0_com.android.server.gpu.GpuService
12-14 03:22:24.963 1483 1609 I SystemServerTimingAsync: ssm.onUnlockedUser-0_com.android.server.security.KeyChainSystemService
12-14 03:22:24.963 1483 1609 I SystemServerTimingAsync: ssm.onUnlockedUser-0_com.android.server.telecom.TelecomLoaderService
12-14 03:22:24.963 1483 1609 I SystemServerTimingAsync: ssm.onUnlockedUser-0_com.android.server.accounts.AccountManagerService$Lifecycle
12-14 03:22:24.963 1483 1609 I SystemServerTimingAsync: ssm.onUnlockedUser-0_com.android.server.content.ContentService$Lifecycle
12-14 03:22:24.963 1483 1609 I SystemServerTimingAsync: ssm.onUnlockedUser-0_com.android.server.DropBoxManagerService
12-14 03:22:24.963 1483 1609 I SystemServerTimingAsync: ssm.onUnlockedUser-0_com.android.role.RoleService
12-14 03:22:24.963 1483 1609 I SystemServerTimingAsync: ssm.onUnlockedUser-0_com.android.server.vibrator.VibratorManagerService$Lifecycle
12-14 03:22:24.963 1483 1609 I SystemServerTimingAsync: ssm.onUnlockedUser-0_com.android.server.alarm.AlarmManagerService
12-14 03:22:24.963 1483 1609 I SystemServerTimingAsync: ssm.onUnlockedUser-0_com.android.server.devicestate.DeviceStateManagerService
12-14 03:22:24.963 1483 1609 I SystemServerTimingAsync: ssm.onUnlockedUser-0_com.android.server.camera.CameraServiceProxy
12-14 03:22:24.963 1483 1609 I SystemServerTimingAsync: ssm.onUnlockedUser-0_com.android.server.BluetoothService
12-14 03:22:24.963 1483 1609 I SystemServerTimingAsync: ssm.onUnlockedUser-0_com.android.server.connectivity.IpConnectivityMetrics
12-14 03:22:24.963 1483 1609 I SystemServerTimingAsync: ssm.onUnlockedUser-0_com.android.server.net.watchlist.NetworkWatchlistService$Lifecycle
12-14 03:22:24.963 1483 1609 I SystemServerTimingAsync: ssm.onUnlockedUser-0_com.android.server.PinnerService
12-14 03:22:24.963 1483 1609 I SystemServerTimingAsync: ssm.onUnlockedUser-0_com.google.android.startop.iorap.IorapForwardingService
12-14 03:22:24.963 1483 1609 I SystemServerTimingAsync: ssm.onUnlockedUser-0_com.android.server.ActivityTriggerService
12-14 03:22:24.963 1483 1609 I SystemServerTimingAsync: ssm.onUnlockedUser-0_com.android.server.integrity.AppIntegrityManagerService
12-14 03:22:24.963 1483 1609 I SystemServerTimingAsync: ssm.onUnlockedUser-0_com.android.server.inputmethod.InputMethodManagerService$Lifecycle
12-14 03:22:24.963 1483 1609 I SystemServerTimingAsync: ssm.onUnlockedUser-0_com.android.server.accessibility.AccessibilityManagerService$Lifecycle
12-14 03:22:24.963 1483 1609 I SystemServerTimingAsync: ssm.onUnlockedUser-0_com.android.server.StorageManagerService$Lifecycle
12-14 03:22:24.963 1483 1609 I SystemServerTimingAsync: ssm.onUnlockedUser-0_com.android.server.usage.StorageStatsService$Lifecycle
12-14 03:22:24.963 1483 1609 I SystemServerTimingAsync: ssm.onUnlockedUser-0_com.android.server.UiModeManagerService
12-14 03:22:24.963 1483 1609 I SystemServerTimingAsync: ssm.onUnlockedUser-0_com.android.server.locksettings.LockSettingsService$Lifecycle
12-14 03:22:24.963 1483 1609 I SystemServerTimingAsync: ssm.onUnlockedUser-0_com.android.server.PersistentDataBlockService
12-14 03:22:24.963 1483 1609 I SystemServerTimingAsync: ssm.onUnlockedUser-0_com.android.server.testharness.TestHarnessModeService
12-14 03:22:24.963 1483 1609 I SystemServerTimingAsync: ssm.onUnlockedUser-0_com.android.server.oemlock.OemLockService
12-14 03:22:24.963 1483 1609 I SystemServerTimingAsync: ssm.onUnlockedUser-0_com.android.server.DeviceIdleController
12-14 03:22:24.963 1483 1609 I SystemServerTimingAsync: ssm.onUnlockedUser-0_com.android.server.devicepolicy.DevicePolicyManagerService$Lifecycle
12-14 03:22:24.963 1483 1609 I SystemServerTimingAsync: ssm.onUnlockedUser-0_com.android.server.texttospeech.TextToSpeechManagerService
12-14 03:22:24.963 1483 1609 I SystemServerTimingAsync: ssm.onUnlockedUser-0_com.android.server.speech.SpeechRecognitionManagerService
12-14 03:22:24.963 1483 1609 I SystemServerTimingAsync: ssm.onUnlockedUser-0_com.android.server.searchui.SearchUiManagerService
12-14 03:22:24.963 1483 1609 I SystemServerTimingAsync: ssm.onUnlockedUser-0_com.android.server.smartspace.SmartspaceManagerService
12-14 03:22:24.963 1483 1609 I SystemServerTimingAsync: ssm.onUnlockedUser-0_com.android.server.graphics.fonts.FontManagerService$Lifecycle
12-14 03:22:24.963 1483 1609 I SystemServerTimingAsync: ssm.onUnlockedUser-0_com.android.server.textservices.TextServicesManagerService$Lifecycle
12-14 03:22:24.963 1483 1609 I SystemServerTimingAsync: ssm.onUnlockedUser-0_com.android.server.textclassifier.TextClassificationManagerService$Lifecycle
12-14 03:22:24.963 1483 1609 I SystemServerTimingAsync: ssm.onUnlockedUser-0_com.android.server.NetworkScoreService$Lifecycle
12-14 03:22:24.963 1483 1609 I SystemServerTimingAsync: ssm.onUnlockedUser-0_com.android.server.wifi.WifiService
12-14 03:22:24.963 1483 1609 I SystemServerTimingAsync: ssm.onUnlockedUser-0_com.android.server.wifi.scanner.WifiScanningService
12-14 03:22:24.963 1483 1609 I SystemServerTimingAsync: ssm.onUnlockedUser-0_com.android.server.wifi.rtt.RttService
12-14 03:22:24.963 1483 1609 I SystemServerTimingAsync: ssm.onUnlockedUser-0_com.android.server.wifi.aware.WifiAwareService
12-14 03:22:24.963 1483 1609 I SystemServerTimingAsync: ssm.onUnlockedUser-0_com.android.server.wifi.p2p.WifiP2pService
12-14 03:22:24.963 1483 1609 I SystemServerTimingAsync: ssm.onUnlockedUser-0_com.android.server.ethernet.EthernetService
12-14 03:22:24.963 1483 1609 I SystemServerTimingAsync: ssm.onUnlockedUser-0_com.android.server.ConnectivityServiceInitializer
12-14 03:22:24.963 1483 1609 I SystemServerTimingAsync: ssm.onUnlockedUser-0_com.android.server.notification.NotificationManagerService
12-14 03:22:24.963 1483 1609 I SystemServerTimingAsync: ssm.onUnlockedUser-0_com.android.server.storage.DeviceStorageMonitorService
12-14 03:22:24.963 1483 1609 I SystemServerTimingAsync: ssm.onUnlockedUser-0_com.android.server.location.LocationManagerService$Lifecycle
12-14 03:22:24.963 1483 1609 I SystemServerTimingAsync: ssm.onUnlockedUser-0_com.android.server.timedetector.TimeDetectorService$Lifecycle
12-14 03:22:24.963 1483 1609 I SystemServerTimingAsync: ssm.onUnlockedUser-0_com.android.server.timezonedetector.TimeZoneDetectorService$Lifecycle
12-14 03:22:24.963 1483 1609 I SystemServerTimingAsync: ssm.onUnlockedUser-0_com.android.server.timezonedetector.location.LocationTimeZoneManagerService$Lifecycle
12-14 03:22:24.963 1483 1609 I SystemServerTimingAsync: ssm.onUnlockedUser-0_com.android.server.search.SearchManagerService$Lifecycle
12-14 03:22:24.963 1483 1609 I SystemServerTimingAsync: ssm.onUnlockedUser-0_com.android.server.wallpaper.WallpaperManagerService$Lifecycle
12-14 03:22:24.963 1483 1609 I SystemServerTimingAsync: ssm.onUnlockedUser-0_com.android.server.audio.AudioService$Lifecycle
12-14 03:22:24.963 1483 1609 I SystemServerTimingAsync: ssm.onUnlockedUser-0_com.android.server.soundtrigger_middleware.SoundTriggerMiddlewareService$Lifecycle
12-14 03:22:24.963 1483 1609 I SystemServerTimingAsync: ssm.onUnlockedUser-0_com.android.server.DockObserver
12-14 03:22:24.963 1483 1609 I SystemServerTimingAsync: ssm.onUnlockedUser-0_com.android.server.midi.MidiService$Lifecycle
12-14 03:22:24.963 1483 1609 I SystemServerTimingAsync: ssm.onUnlockedUser-0_com.android.server.adb.AdbService$Lifecycle
12-14 03:22:24.963 1483 1609 I SystemServerTimingAsync: ssm.onUnlockedUser-0_com.android.server.usb.UsbService$Lifecycle
12-14 03:22:24.963 1483 1609 I SystemServerTimingAsync: ssm.onUnlockedUser-0_com.android.server.twilight.TwilightService
12-14 03:22:24.963 1483 1609 I SystemServerTimingAsync: ssm.onUnlockedUser-0_com.android.server.display.color.ColorDisplayService
12-14 03:22:24.964 1483 1609 I SystemServerTimingAsync: ssm.onUnlockedUser-0_com.android.server.job.JobSchedulerService
12-14 03:22:24.964 1483 1609 I SystemServerTimingAsync: ssm.onUnlockedUser-0_com.android.server.soundtrigger.SoundTriggerService
12-14 03:22:24.964 1483 1609 I SystemServerTimingAsync: ssm.onUnlockedUser-0_com.android.server.trust.TrustManagerService
12-14 03:22:24.964 1483 1609 I SystemServerTimingAsync: ssm.onUnlockedUser-0_com.android.server.backup.BackupManagerService$Lifecycle
12-14 03:22:24.964 1483 1609 I SystemServerTimingAsync: ssm.onUnlockedUser-0_com.android.server.appwidget.AppWidgetService
12-14 03:22:24.964 1483 1609 I SystemServerTimingAsync: ssm.onUnlockedUser-0_com.android.server.voiceinteraction.VoiceInteractionManagerService
12-14 03:22:24.964 1483 1609 I SystemServerTimingAsync: ssm.onUnlockedUser-0_com.android.server.apphibernation.AppHibernationService
12-14 03:22:24.964 1483 1610 D CompatibilityChangeReporter: Compat change id reported: 143937733; UID 10089; state: ENABLED
12-14 03:22:24.964 1483 1609 I SystemServerTimingAsync: ssm.onUnlockedUser-0_com.android.server.GestureLauncherService
12-14 03:22:24.964 1483 1609 I SystemServerTimingAsync: ssm.onUnlockedUser-0_com.android.server.SensorNotificationService
12-14 03:22:24.964 1483 1609 I SystemServerTimingAsync: ssm.onUnlockedUser-0_com.android.server.emergency.EmergencyAffordanceService
12-14 03:22:24.964 1483 1609 I SystemServerTimingAsync: ssm.onUnlockedUser-0_com.android.server.blob.BlobStoreManagerService
12-14 03:22:24.964 1483 1609 I SystemServerTimingAsync: ssm.onUnlockedUser-0_com.android.server.dreams.DreamManagerService
12-14 03:22:24.964 1483 1609 I SystemServerTimingAsync: ssm.onUnlockedUser-0_com.android.server.companion.CompanionDeviceManagerService
12-14 03:22:24.964 1483 1609 I SystemServerTimingAsync: ssm.onUnlockedUser-0_com.android.server.restrictions.RestrictionsManagerService
12-14 03:22:24.964 1483 1609 I SystemServerTimingAsync: ssm.onUnlockedUser-0_com.android.server.media.MediaSessionService
12-14 03:22:24.964 1483 1609 I SystemServerTimingAsync: ssm.onUnlockedUser-0_com.android.server.media.MediaResourceMonitorService
12-14 03:22:24.964 1483 1609 I SystemServerTimingAsync: ssm.onUnlockedUser-0_com.android.server.biometrics.sensors.fingerprint.FingerprintService
12-14 03:22:24.964 1483 1609 I SystemServerTimingAsync: ssm.onUnlockedUser-0_com.android.server.biometrics.BiometricService
12-14 03:22:24.964 1483 1609 I SystemServerTimingAsync: ssm.onUnlockedUser-0_com.android.server.biometrics.AuthService
12-14 03:22:24.964 1483 1609 I SystemServerTimingAsync: ssm.onUnlockedUser-0_com.android.server.pm.ShortcutService$Lifecycle
12-14 03:22:24.964 1483 1609 I SystemServerTimingAsync: ssm.onUnlockedUser-0_com.android.server.pm.LauncherAppsService
12-14 03:22:24.964 1483 1609 I SystemServerTimingAsync: ssm.onUnlockedUser-0_com.android.server.pm.CrossProfileAppsService
12-14 03:22:24.964 1483 1609 I SystemServerTimingAsync: ssm.onUnlockedUser-0_com.android.server.people.PeopleService
12-14 03:22:24.964 1483 1609 I SystemServerTimingAsync: ssm.onUnlockedUser-0_com.android.server.media.metrics.MediaMetricsManagerService
12-14 03:22:24.965 1483 1609 I SystemServerTimingAsync: ssm.onUnlockedUser-0_com.android.server.media.projection.MediaProjectionManagerService
12-14 03:22:24.965 1483 1609 I SystemServerTimingAsync: ssm.onUnlockedUser-0_com.android.server.slice.SliceManagerService$Lifecycle
12-14 03:22:24.965 1483 1609 I SystemServerTimingAsync: ssm.onUnlockedUser-0_com.android.server.stats.StatsCompanion$Lifecycle
12-14 03:22:24.965 1483 1609 I SystemServerTimingAsync: ssm.onUnlockedUser-0_com.android.server.scheduling.RebootReadinessManagerService$Lifecycle
12-14 03:22:24.965 1483 1609 I SystemServerTimingAsync: ssm.onUnlockedUser-0_com.android.server.stats.pull.StatsPullAtomService
12-14 03:22:24.965 1483 1609 I SystemServerTimingAsync: ssm.onUnlockedUser-0_com.android.server.incident.IncidentCompanionService
12-14 03:22:24.965 1483 1609 I SystemServerTimingAsync: ssm.onUnlockedUser-0_com.android.server.MmsServiceBroker
12-14 03:22:24.965 1483 1609 I SystemServerTimingAsync: ssm.onUnlockedUser-0_com.android.server.autofill.AutofillManagerService
12-14 03:22:24.965 1483 1609 I SystemServerTimingAsync: ssm.onUnlockedUser-0_com.android.server.clipboard.ClipboardService
12-14 03:22:24.965 1483 1609 I SystemServerTimingAsync: ssm.onUnlockedUser-0_com.android.server.appbinding.AppBindingService$Lifecycle
12-14 03:22:24.965 1483 1609 I SystemServerTimingAsync: ssm.onUnlockedUser-0_com.android.server.tracing.TracingServiceProxy
12-14 03:22:24.965 1483 1609 I SystemServerTimingAsync: ssm.onUnlockedUser-0_com.android.server.policy.PermissionPolicyService
12-14 03:22:24.965 1483 1609 I SystemServerTimingAsync: ssm.onUnlockedUser-0_com.android.server.pm.StagingManager$Lifecycle
12-14 03:22:24.965 1483 1609 I SystemServerTimingAsync: ssm.onUnlockedUser-0_com.android.server.app.GameManagerService$Lifecycle
12-14 03:22:24.965 1483 1609 I SystemServerTimingAsync: ssm.onUnlockedUser-0_com.android.server.appsearch.AppSearchManagerService
12-14 03:22:24.965 1483 1609 I SystemServerTimingAsync: ssm.onUnlockedUser-0_com.android.server.media.MediaCommunicationService
12-14 03:22:24.965 1483 1609 W ActivityManager: UserLifecycleEvent 6 received without an active userJourneySession.
01-01 10:04:28.028 0 0 I devfreq-qcom-fw 18590000.qcom,devfreq-l3: qcom,cdsp-cdsp-l3-lat: Successfully started CDSP L3 governor
12-14 03:22:24.974 1483 1610 I ActivityManager: Start proc 2800:com.hht.lebocast/u0a89 for added application com.hht.lebocast
12-14 03:22:24.975 512 512 I vold : Mounting emulated fuse volume
12-14 03:22:24.978 1483 1610 D CompatibilityChangeReporter: Compat change id reported: 143937733; UID 10059; state: ENABLED
12-14 03:22:24.980 1483 2142 I ActivityTaskManager: START u0 {act=android.intent.action.MAIN cat=[android.intent.category.HOME] flg=0x10000100 cmp=com.android.launcher3/.uioverrides.QuickstepLauncher (has extras)} from uid 0
12-14 03:22:24.982 1483 2142 D CompatibilityChangeReporter: Compat change id reported: 184838306; UID 10080; state: DISABLED
12-14 03:22:24.985 512 512 I vold : Bind mounting /mnt/runtime/full/emulated to /mnt/pass_through/0/emulated
12-14 03:22:24.985 1483 2142 D CompatibilityChangeReporter: Compat change id reported: 185004937; UID 10080; state: DISABLED
12-14 03:22:24.986 1483 2142 D CompatibilityChangeReporter: Compat change id reported: 181136395; UID 10080; state: DISABLED
12-14 03:22:24.986 1483 1585 I AppWidgetServiceImpl: Processing of handleUserUnlocked u0 took 33 ms
12-14 03:22:24.986 1483 2142 D CompatibilityChangeReporter: Compat change id reported: 174042936; UID 10080; state: DISABLED
12-14 03:22:24.987 1483 2142 D CompatibilityChangeReporter: Compat change id reported: 174042980; UID 10080; state: DISABLED
12-14 03:22:24.988 1483 1797 I StorageSessionController: On volume mount VolumeInfo{emulated;0}:
12-14 03:22:24.988 1483 1797 I StorageSessionController: type=EMULATED diskId=null partGuid= mountFlags=PRIMARY|VISIBLE
12-14 03:22:24.988 1483 1797 I StorageSessionController: mountUserId=0 state=CHECKING
12-14 03:22:24.988 1483 1797 I StorageSessionController: fsType=null fsUuid=null fsLabel=null
12-14 03:22:24.988 1483 1797 I StorageSessionController: path=/storage/emulated internalPath=/data/media
12-14 03:22:24.989 1483 1797 I StorageSessionController: Creating connection for user: 0
12-14 03:22:24.989 1483 1797 I StorageSessionController: Creating and starting session with id: emulated;0
01-01 10:04:28.051 0 0 I binder : 2797:2797 ioctl 40046210 7fe6bbc0e4 returned -22
01-01 10:04:28.056 0 0 I binder : 2800:2800 ioctl 40046210 ff892bc8 returned -22
12-14 03:22:24.993 1483 1927 V BackupManagerService: [UserID:0] No ancestral data
12-14 03:22:24.995 1483 2142 I ActivityTaskManager: FOREGROUND_APPLICATION_CHANGED to com.android.launcher3.uioverrides.QuickstepLauncher
12-14 03:22:24.996 1483 1797 I StorageUserConnection: Binding to the ExternalStorageService for user 0
12-14 03:22:24.997 1483 2142 I ActivityTaskManager: The Process com.android.launcher3 Already Exists in BG. So sending its PID: 2525
12-14 03:22:24.997 1483 1610 I ActivityManager: Start proc 2815:ts.car.uart/u0a59 for added application ts.car.uart
12-14 03:22:25.001 1483 2773 V BackupManagerConstants: getKeyValueBackupIntervalMilliseconds(...) returns 14400000
12-14 03:22:25.001 1483 2773 V BackupManagerConstants: getKeyValueBackupFuzzMilliseconds(...) returns 600000
12-14 03:22:25.001 1483 2773 V BackupManagerConstants: getKeyValueBackupRequiredNetworkType(...) returns 1
12-14 03:22:25.001 1483 2773 V BackupManagerConstants: getKeyValueBackupRequireCharging(...) returns true
12-14 03:22:25.001 1483 2773 V KeyValueBackupJob: Scheduling k/v pass in 243 minutes
12-14 03:22:25.006 1483 2798 E TaskPersister: File error accessing recents directory (directory doesn't exist?).
12-14 03:22:25.007 1483 1610 W ActivityManager: Slow operation: 57ms so far, now at startProcess: done updating pids map
12-14 03:22:25.007 1483 1610 W ActivityManager: Slow operation: 56ms so far, now at startProcess: asking zygote to start proc
12-14 03:22:25.007 1483 1610 D CompatibilityChangeReporter: Compat change id reported: 143937733; UID 10053; state: ENABLED
12-14 03:22:25.008 1483 1607 I UsageStatsService: User[0] Rollover scheduled @ 2022-12-15 03:22:24(1671045744864)
12-14 03:22:25.009 1483 1607 I UsageStatsService: Time changed in by 1670951876 seconds
01-01 10:04:28.074 0 0 I binder : 2815:2815 ioctl 40046210 7fe6bbc0e4 returned -22
12-14 03:22:25.013 1483 1960 D CompatibilityChangeReporter: Compat change id reported: 168419799; UID 10079; state: DISABLED
12-14 03:22:25.014 1483 1610 W ActivityManager: Slow operation: 63ms so far, now at startProcess: returned from zygote!
12-14 03:22:25.024 1483 1607 I UsageStatsService: User[0] Flushing usage stats to disk
12-14 03:22:25.031 1483 1797 D CompatibilityChangeReporter: Compat change id reported: 135634846; UID 10095; state: DISABLED
12-14 03:22:25.031 1483 1797 D CompatibilityChangeReporter: Compat change id reported: 177438394; UID 10095; state: DISABLED
12-14 03:22:25.031 1483 1797 D CompatibilityChangeReporter: Compat change id reported: 135772972; UID 10095; state: DISABLED
12-14 03:22:25.032 1483 1797 D CompatibilityChangeReporter: Compat change id reported: 135754954; UID 10095; state: ENABLED
12-14 03:22:25.032 1483 1797 I StorageUserConnection: Bound to the ExternalStorageService for user 0
12-14 03:22:25.033 1483 2142 D CompatibilityChangeReporter: Compat change id reported: 168419799; UID 10089; state: DISABLED
01-01 10:04:28.092 0 0 I binder : 2851:2851 ioctl 40046210 7fe6bbc0e4 returned -22
12-14 03:22:25.039 1483 1927 I BackupManagerService: isBackupEnabled() => false due to absent settings file
12-14 03:22:25.039 1483 1927 D BackupManagerService: user:0 readBackupEnableState enabled:false
12-14 03:22:25.039 1483 1927 I BackupManagerService: [UserID:0] Backup enabled => false
12-14 03:22:25.040 1483 1960 W ActivityManager: Slow operation: 89ms so far, now at startProcess: done updating battery stats
12-14 03:22:25.040 1483 1960 W ActivityManager: Slow operation: 89ms so far, now at startProcess: building log message
12-14 03:22:25.040 1483 1960 I ActivityManager: Start proc 2851:.pasr/u0a53 for added application .pasr
12-14 03:22:25.040 1483 1960 W ActivityManager: Slow operation: 89ms so far, now at startProcess: starting to update pids map
12-14 03:22:25.040 1483 1960 W ActivityManager: Slow operation: 89ms so far, now at startProcess: done updating pids map
12-14 03:22:25.041 1483 1960 D CompatibilityChangeReporter: Compat change id reported: 168419799; UID 10053; state: DISABLED
12-14 03:22:25.045 1483 1610 W ActivityManager: Slow operation: 94ms so far, now at startProcess: asking zygote to start proc
12-14 03:22:25.045 1483 1610 D CompatibilityChangeReporter: Compat change id reported: 143937733; UID 10074; state: DISABLED
01-01 10:04:28.115 0 0 W QSEECOM : __qseecom_unload_app: App (7) is unloaded
01-01 10:04:28.116 0 0 D qbt : qbt_release: entry minor_no=0 fd_available=0
01-01 10:04:28.116 0 0 D qbt : qbt_release: Releasing wakelock
01-01 10:04:28.116 0 0 D qbt : qbt_release: exit : fd_available=1
01-01 10:04:28.116 0 0 D qbt : qbt_release: entry minor_no=1 fd_available=1
01-01 10:04:28.116 0 0 D qbt : qbt_release: exit : fd_available=1
01-01 10:04:28.117 0 0 E bt_ioctl: BT_CMD_PWR_CTRL pwr_cntrl:2
01-01 10:04:28.117 0 0 E bt_vreg_unvote: vreg_unvote successful for : qca,bt-vdd-rfa2
01-01 10:04:28.117 0 0 E bt_vreg_unvote: vreg_unvote successful for : qca,bt-vdd-rfa1
01-01 10:04:28.117 0 0 E bt_vreg_unvote: vreg_unvote successful for : qca,bt-vdd-dig
01-01 10:04:28.117 0 0 E bt_vreg_unvote: vreg_unvote successful for : qca,bt-vdd-aon
