12-14 03:34:34.982 1398 5729 D LOWI-9.0.0.87.a: [LOWI-Scan] BSS a4:1a:3a:00:9f:35 (wlan0) ASSO: NO AddInfo: 0x1, TSF 0, 00:12:13.329, RSSI: -160, CPL: 127, AGE: 10776, SSID TP-LINK_9F35, TSFDelta: 0x47984fb9, TXRate: 0
12-14 03:34:34.983 1398 5729 D LOWI-9.0.0.87.a: [LOWI-Scan]
12-14 03:34:34.983 1398 5729 D LOWI-9.0.0.87.a: [LOWI-Scan] print_bss_handler: Report beacon TSF 732345385 as it greater than probe TSF 732345385
12-14 03:34:34.983 1398 5729 D LOWI-9.0.0.87.a: [LOWI-Scan] is_qcom_ie, bss_age: 0
12-14 03:34:34.983 1398 5729 D LOWI-9.0.0.87.a: [LOWI-Scan] adjust_age:AP AGE upper limit reached. Dont store
12-14 03:34:34.983 1398 5729 D LOWI-9.0.0.87.a: [LOWI-Scan] BSS 7c:de:78:ab:ce:06 LOWI_PHY_MODE_11NG_HT20(5), Beacon Interval: 100, LOWI_ENCRYPTION_TYPE_OPEN 11mcRanging: No, ANQP: No, LCI: No, Civic: No, capability(0x0401): ESS ShortSlotTime
12-14 03:34:34.983 1398 5729 D LOWI-9.0.0.87.a: [LOWI-Scan] BSS 7c:de:78:ab:ce:06 FREQ: 2412, cFreq1[40:80:160] = [0:0:0] cFreq2 = 0 Country Code =
12-14 03:34:34.983 1398 5729 D LOWI-9.0.0.87.a: [LOWI-Scan] BSS 7c:de:78:ab:ce:06 (wlan0) ASSO: NO AddInfo: 0x1, TSF 0, 00:12:12.345, RSSI: -160, CPL: 127, AGE: 11760, SSID , TSFDelta: 0x90406623, TXRate: 0
12-14 03:34:34.983 1398 5729 D LOWI-9.0.0.87.a: [LOWI-Scan]
12-14 03:34:34.983 1398 5729 D LOWI-9.0.0.87.a: [LOWI-Scan] print_bss_handler: Report beacon TSF 732345651 as it greater than probe TSF 732345651
12-14 03:34:34.983 1398 5729 D LOWI-9.0.0.87.a: [LOWI-Scan] decode_rsn_wpa_ie: LOWI_ENCRYPTION_TYPE_WPA_PSK
12-14 03:34:34.983 1398 5729 D LOWI-9.0.0.87.a: [LOWI-Scan] is_qcom_ie, bss_age: 0
12-14 03:34:34.983 1398 5729 D LOWI-9.0.0.87.a: [LOWI-Scan] adjust_age:AP AGE upper limit reached. Dont store
12-14 03:34:34.983 1398 5729 D LOWI-9.0.0.87.a: [LOWI-Scan] BSS 18:6f:2d:81:1e:63 LOWI_PHY_MODE_11NG_HT20(5), Beacon Interval: 100, LOWI_ENCRYPTION_TYPE_WPA_PSK 11mcRanging: No, ANQP: No, LCI: No, Civic: No, capability(0x0531): ESS Privacy ShortPreamble SpectrumMgmt ShortSlotTime
12-14 03:34:34.983 1398 5729 D LOWI-9.0.0.87.a: [LOWI-Scan] BSS 18:6f:2d:81:1e:63 FREQ: 2412, cFreq1[40:80:160] = [2412:0:0] cFreq2 = 0 Country Code = CN
12-14 03:34:34.983 1398 5729 D LOWI-9.0.0.87.a: [LOWI-Scan] BSS 18:6f:2d:81:1e:63 (wlan0) ASSO: NO AddInfo: 0x1, TSF 0, 00:12:12.345, RSSI: -172, CPL: 127, AGE: 11760, SSID ZXHY, TSFDelta: 0x8cb9f2aa, TXRate: 0
12-14 03:34:34.983 1398 5729 D LOWI-9.0.0.87.a: [LOWI-Scan]
12-14 03:34:34.983 1398 5729 D LOWI-9.0.0.87.a: [LOWI-Scan] print_bss_handler: Report beacon TSF 732509263 as it greater than probe TSF 732502305
12-14 03:34:34.983 1398 5729 D LOWI-9.0.0.87.a: [LOWI-Scan] decode_rsn_wpa_ie: LOWI_ENCRYPTION_TYPE_WPA_PSK
12-14 03:34:34.983 1398 5729 D LOWI-9.0.0.87.a: [LOWI-Scan] is_qcom_ie, bss_age: 0
12-14 03:34:34.983 1398 5729 D LOWI-9.0.0.87.a: [LOWI-Scan] adjust_age:AP AGE upper limit reached. Dont store
12-14 03:34:34.983 1398 5729 D LOWI-9.0.0.87.a: [LOWI-Scan] BSS 18:6f:2d:0a:ae:03 LOWI_PHY_MODE_11NG_HT20(5), Beacon Interval: 100, LOWI_ENCRYPTION_TYPE_WPA_PSK 11mcRanging: No, ANQP: No, LCI: No, Civic: No, capability(0x0531): ESS Privacy ShortPreamble SpectrumMgmt ShortSlotTime
12-14 03:34:34.983 1398 5729 D LOWI-9.0.0.87.a: [LOWI-Scan] BSS 18:6f:2d:0a:ae:03 FREQ: 2422, cFreq1[40:80:160] = [2422:0:0] cFreq2 = 0 Country Code = CN
12-14 03:34:34.983 1398 5729 D LOWI-9.0.0.87.a: [LOWI-Scan] BSS 18:6f:2d:0a:ae:03 (wlan0) ASSO: NO AddInfo: 0x1, TSF 0, 00:12:12.509, RSSI: -158, CPL: 127, AGE: 11596, SSID ZXHY, TSFDelta: 0xd4991a27, TXRate: 0
12-14 03:34:34.983 1398 5729 D LOWI-9.0.0.87.a: [LOWI-Scan]
12-14 03:34:34.983 1398 5729 D LOWI-9.0.0.87.a: [LOWI-Scan] print_bss_handler: Report Probe TSF 732510073 as it greater than Beacon TSF 0
12-14 03:34:34.983 1398 5729 D LOWI-9.0.0.87.a: [LOWI-Scan] is_qcom_ie, bss_age: 0
12-14 03:34:34.983 1398 5729 D LOWI-9.0.0.87.a: [LOWI-Scan] adjust_age:AP AGE upper limit reached. Dont store
12-14 03:34:34.983 1398 5729 D LOWI-9.0.0.87.a: [LOWI-Scan] BSS 18:6f:2d:25:4a:71 LOWI_PHY_MODE_11AC_VHT20(8), Beacon Interval: 200, LOWI_ENCRYPTION_TYPE_OPEN 11mcRanging: No, ANQP: No, LCI: No, Civic: No, capability(0x0101): ESS SpectrumMgmt
12-14 03:34:34.983 1398 5729 D LOWI-9.0.0.87.a: [LOWI-Scan] BSS 18:6f:2d:25:4a:71 FREQ: 5200, cFreq1[40:80:160] = [5200:0:0] cFreq2 = 0 Country Code = CN
12-14 03:34:34.983 1398 5729 D LOWI-9.0.0.87.a: [LOWI-Scan] BSS 18:6f:2d:25:4a:71 (wlan0) ASSO: NO AddInfo: 0x0, TSF 0, 00:12:12.510, RSSI: -174, CPL: 127, AGE: 11596, SSID Guest, TSFDelta: 0xf50897c, TXRate: 0
12-14 03:34:34.983 1398 5729 D LOWI-9.0.0.87.a: [LOWI-Scan]
12-14 03:34:34.983 1398 5729 D LOWI-9.0.0.87.a: [LOWI-Scan] print_bss_handler: Report Probe TSF 732554397 as it greater than Beacon TSF 0
12-14 03:34:34.983 1398 5729 D LOWI-9.0.0.87.a: [LOWI-Scan] is_qcom_ie, bss_age: 0
12-14 03:34:34.983 1398 5729 D LOWI-9.0.0.87.a: [LOWI-Scan] adjust_age:AP AGE upper limit reached. Dont store
12-14 03:34:34.983 1398 5729 D LOWI-9.0.0.87.a: [LOWI-Scan] BSS 18:6f:2d:0a:ae:01 LOWI_PHY_MODE_11NG_HT20(5), Beacon Interval: 100, LOWI_ENCRYPTION_TYPE_OPEN 11mcRanging: No, ANQP: No, LCI: No, Civic: No, capability(0x0521): ESS ShortPreamble SpectrumMgmt ShortSlotTime
12-14 03:34:34.983 1398 5729 D LOWI-9.0.0.87.a: [LOWI-Scan] BSS 18:6f:2d:0a:ae:01 FREQ: 2422, cFreq1[40:80:160] = [2422:0:0] cFreq2 = 0 Country Code = CN
12-14 03:34:34.983 1398 5729 D LOWI-9.0.0.87.a: [LOWI-Scan] BSS 18:6f:2d:0a:ae:01 (wlan0) ASSO: NO AddInfo: 0x0, TSF 0, 00:12:12.554, RSSI: -160, CPL: 127, AGE: 11552, SSID Guest, TSFDelta: 0xd6157e95, TXRate: 0
12-14 03:34:34.983 1398 5729 D LOWI-9.0.0.87.a: [LOWI-Scan]
12-14 03:34:34.983 1398 5729 D LOWI-9.0.0.87.a: [LOWI-Scan] print_bss_handler: Report Probe TSF 732558946 as it greater than Beacon TSF 0
12-14 03:34:34.983 1398 5729 D LOWI-9.0.0.87.a: [LOWI-Scan] decode_rsn_wpa_ie: LOWI_ENCRYPTION_TYPE_WPA_PSK
12-14 03:34:34.983 1398 5729 D LOWI-9.0.0.87.a: [LOWI-Scan] is_qcom_ie, bss_age: 0
12-14 03:34:34.983 1398 5729 D LOWI-9.0.0.87.a: [LOWI-Scan] adjust_age:AP AGE upper limit reached. Dont store
12-14 03:34:34.983 1398 5729 D LOWI-9.0.0.87.a: [LOWI-Scan] BSS 18:6f:2d:0a:ae:02 LOWI_PHY_MODE_11NG_HT20(5), Beacon Interval: 100, LOWI_ENCRYPTION_TYPE_WPA_PSK 11mcRanging: No, ANQP: No, LCI: No, Civic: No, capability(0x0531): ESS Privacy ShortPreamble SpectrumMgmt ShortSlotTime
12-14 03:34:34.983 1398 5729 D LOWI-9.0.0.87.a: [LOWI-Scan] BSS 18:6f:2d:0a:ae:02 FREQ: 2422, cFreq1[40:80:160] = [2422:0:0] cFreq2 = 0 Country Code = CN
12-14 03:34:34.983 1398 5729 D LOWI-9.0.0.87.a: [LOWI-Scan] BSS 18:6f:2d:0a:ae:02 (wlan0) ASSO: NO AddInfo: 0x0, TSF 0, 00:12:12.558, RSSI: -162, CPL: 127, AGE: 11548, SSID ThunderSoft_2.4G, TSFDelta: 0xd6375bed, TXRate: 0
12-14 03:34:34.984 1398 5729 D LOWI-9.0.0.87.a: [LOWI-Scan]
12-14 03:34:34.984 1398 5729 D LOWI-9.0.0.87.a: [LOWI-Scan] print_bss_handler: Report beacon TSF 733260490 as it greater than probe TSF 733260490
12-14 03:34:34.984 1398 5729 D LOWI-9.0.0.87.a: [LOWI-Scan] decode_rsn_wpa_ie: LOWI_ENCRYPTION_TYPE_WPA_PSK
12-14 03:34:34.984 1398 5729 D LOWI-9.0.0.87.a: [LOWI-Scan] is_qcom_ie, bss_age: 0
12-14 03:34:34.984 1398 5729 D LOWI-9.0.0.87.a: [LOWI-Scan] adjust_age:AP AGE upper limit reached. Dont store
12-14 03:34:34.984 1398 5729 D LOWI-9.0.0.87.a: [LOWI-Scan] BSS 64:6e:97:5a:7e:e0 LOWI_PHY_MODE_11AC_VHT40_2G(12), Beacon Interval: 100, LOWI_ENCRYPTION_TYPE_WPA_PSK 11mcRanging: No, ANQP: No, LCI: No, Civic: No, capability(0x1411): ESS Privacy ShortSlotTime
12-14 03:34:34.984 1398 5729 D LOWI-9.0.0.87.a: [LOWI-Scan] BSS 64:6e:97:5a:7e:e0 FREQ: 2462, cFreq1[40:80:160] = [2452:0:0] cFreq2 = 0 Country Code = CN
12-14 03:34:34.984 1398 5729 D LOWI-9.0.0.87.a: [LOWI-Scan] BSS 64:6e:97:5a:7e:e0 (wlan0) ASSO: NO AddInfo: 0x1, TSF 0, 00:12:13.260, RSSI: -152, CPL: 127, AGE: 10844, SSID DMC, TSFDelta: 0xd511bdb6, TXRate: 0
12-14 03:34:34.984 1398 5729 D LOWI-9.0.0.87.a: [LOWI-Scan]
12-14 03:34:34.984 1398 5729 D LOWI-9.0.0.87.a: [LOWI-Scan] print_bss_handler: Report Probe TSF 743317634 as it greater than Beacon TSF 0
12-14 03:34:34.984 1398 5729 D LOWI-9.0.0.87.a: [LOWI-Scan] decode_rsn_wpa_ie: LOWI_ENCRYPTION_TYPE_WPA_PSK
12-14 03:34:34.984 1398 5729 D LOWI-9.0.0.87.a: [LOWI-Scan] is_qcom_ie, bss_age: 0
12-14 03:34:34.984 1398 5729 D LOWI-9.0.0.87.a: [LOWI-Scan] BSS 84:db:ac:2d:18:a8 LOWI_PHY_MODE_11NG_HT20(5), Beacon Interval: 100, LOWI_ENCRYPTION_TYPE_WPA_PSK 11mcRanging: No, ANQP: No, LCI: No, Civic: No, capability(0x0411): ESS Privacy ShortSlotTime
12-14 03:34:34.984 1398 5729 D LOWI-9.0.0.87.a: [LOWI-Scan] BSS 84:db:ac:2d:18:a8 FREQ: 2462, cFreq1[40:80:160] = [0:0:0] cFreq2 = 0 Country Code =
12-14 03:34:34.984 1398 5729 D LOWI-9.0.0.87.a: [LOWI-Scan] BSS 84:db:ac:2d:18:a8 (wlan0) ASSO: NO AddInfo: 0x0, TSF 0, 00:12:23.317, RSSI: -172, CPL: 127, AGE: 788, SSID HUAWEI-XJ2FLJ, TSFDelta: 0xe1436f5f, TXRate: 0
12-14 03:34:34.984 1398 5729 D LOWI-9.0.0.87.a: [LOWI-Scan]
12-14 03:34:34.984 1398 5729 D LOWI-9.0.0.87.a: [LOWI-Scan] print_bss_handler: Report Probe TSF 733455835 as it greater than Beacon TSF 0
12-14 03:34:34.984 1398 5729 D LOWI-9.0.0.87.a: [LOWI-Scan] decode_rsn_wpa_ie: LOWI_ENCRYPTION_TYPE_WPA_PSK
12-14 03:34:34.984 1398 5729 D LOWI-9.0.0.87.a: [LOWI-Scan] is_qcom_ie, bss_age: 0
12-14 03:34:34.984 1398 5729 D LOWI-9.0.0.87.a: [LOWI-Scan] adjust_age:AP AGE upper limit reached. Dont store
12-14 03:34:34.984 1398 5729 D LOWI-9.0.0.87.a: [LOWI-Scan] BSS 18:6f:2d:81:18:82 LOWI_PHY_MODE_11NG_HT20(5), Beacon Interval: 100, LOWI_ENCRYPTION_TYPE_WPA_PSK 11mcRanging: No, ANQP: No, LCI: No, Civic: No, capability(0x0531): ESS Privacy ShortPreamble SpectrumMgmt ShortSlotTime
12-14 03:34:34.984 1398 5729 D LOWI-9.0.0.87.a: [LOWI-Scan] BSS 18:6f:2d:81:18:82 FREQ: 2472, cFreq1[40:80:160] = [2472:0:0] cFreq2 = 0 Country Code = CN
12-14 03:34:34.984 1398 5729 D LOWI-9.0.0.87.a: [LOWI-Scan] BSS 18:6f:2d:81:18:82 (wlan0) ASSO: NO AddInfo: 0x0, TSF 0, 00:12:13.455, RSSI: -154, CPL: 127, AGE: 10652, SSID ThunderSoft_2.4G, TSFDelta: 0x9769a4c3, TXRate: 0
12-14 03:34:34.984 1398 5729 D LOWI-9.0.0.87.a: [LOWI-Scan]
12-14 03:34:34.984 1398 5729 D LOWI-9.0.0.87.a: [LOWI-Scan] print_bss_handler: Report beacon TSF 742333728 as it greater than probe TSF 742333728
12-14 03:34:34.984 1398 5729 D LOWI-9.0.0.87.a: [LOWI-Scan] decode_rsn_wpa_ie: LOWI_ENCRYPTION_TYPE_WPA_PSK
12-14 03:34:34.984 1398 5729 D LOWI-9.0.0.87.a: [LOWI-Scan] is_qcom_ie, bss_age: 0
12-14 03:34:34.984 1398 5729 D LOWI-9.0.0.87.a: [LOWI-Scan] BSS 38:a9:1c:35:03:6a LOWI_PHY_MODE_11NG_HT20(5), Beacon Interval: 100, LOWI_ENCRYPTION_TYPE_WPA_PSK 11mcRanging: No, ANQP: No, LCI: No, Civic: No, capability(0x0411): ESS Privacy ShortSlotTime
12-14 03:34:34.984 1398 5729 D LOWI-9.0.0.87.a: [LOWI-Scan] BSS 38:a9:1c:35:03:6a FREQ: 2412, cFreq1[40:80:160] = [0:0:0] cFreq2 = 0 Country Code =
12-14 03:34:34.984 1398 5729 D LOWI-9.0.0.87.a: [LOWI-Scan] BSS 38:a9:1c:35:03:6a (wlan0) ASSO: NO AddInfo: 0x1, TSF 0, 00:12:22.333, RSSI: -166, CPL: 127, AGE: 1772, SSID H3C_v2x_wifi, TSFDelta: 0xa7e98e18, TXRate: 0
12-14 03:34:34.984 1398 5729 D LOWI-9.0.0.87.a: [LOWI-Scan]
12-14 03:34:34.984 1398 5729 D LOWI-9.0.0.87.a: [LOWI-Scan] print_bss_handler: Report Probe TSF 742333793 as it greater than Beacon TSF 0
12-14 03:34:34.984 1398 5729 D LOWI-9.0.0.87.a: [LOWI-Scan] decode_rsn_wpa_ie: LOWI_ENCRYPTION_TYPE_WPA_PSK
12-14 03:34:34.984 1398 5729 D LOWI-9.0.0.87.a: [LOWI-Scan] is_qcom_ie, bss_age: 0
12-14 03:34:34.984 1398 5729 D LOWI-9.0.0.87.a: [LOWI-Scan] BSS 7c:d9:5c:9d:f7:e0 LOWI_PHY_MODE_11NG_HT20(5), Beacon Interval: 100, LOWI_ENCRYPTION_TYPE_WPA_PSK 11mcRanging: No, ANQP: No, LCI: No, Civic: No, capability(0x1431): ESS Privacy ShortPreamble ShortSlotTime
12-14 03:34:34.984 1398 5729 D LOWI-9.0.0.87.a: [LOWI-Scan] BSS 7c:d9:5c:9d:f7:e0 FREQ: 2412, cFreq1[40:80:160] = [0:0:0] cFreq2 = 0 Country Code = US
12-14 03:34:34.984 1398 5729 D LOWI-9.0.0.87.a: [LOWI-Scan] BSS 7c:d9:5c:9d:f7:e0 (wlan0) ASSO: NO AddInfo: 0x0, TSF 0, 00:12:22.333, RSSI: -128, CPL: 127, AGE: 1776, SSID Google nest wifi, TSFDelta: 0x765361bc, TXRate: 0
12-14 03:34:34.985 1398 5729 D LOWI-9.0.0.87.a: [LOWI-Scan]
12-14 03:34:34.985 1398 5729 D LOWI-9.0.0.87.a: [LOWI-Scan] print_bss_handler: Report Probe TSF 742340736 as it greater than Beacon TSF 0
12-14 03:34:34.985 1398 5729 D LOWI-9.0.0.87.a: [LOWI-Scan] is_qcom_ie, bss_age: 0
12-14 03:34:34.985 1398 5729 D LOWI-9.0.0.87.a: [LOWI-Scan] BSS 7e:b5:9b:1b:a4:31 LOWI_PHY_MODE_11AC_VHT40_2G(12), Beacon Interval: 100, LOWI_ENCRYPTION_TYPE_OPEN 11mcRanging: No, ANQP: Yes, LCI: No, Civic: No, capability(0x1421): ESS ShortPreamble ShortSlotTime
12-14 03:34:34.985 1398 5729 D LOWI-9.0.0.87.a: [LOWI-Scan] BSS 7e:b5:9b:1b:a4:31 FREQ: 2412, cFreq1[40:80:160] = [2422:0:0] cFreq2 = 0 Country Code = CN
12-14 03:34:34.985 1398 5729 D LOWI-9.0.0.87.a: [LOWI-Scan] BSS 7e:b5:9b:1b:a4:31 (wlan0) ASSO: NO AddInfo: 0x0, TSF 0, 00:12:22.340, RSSI: -146, CPL: 127, AGE: 1768, SSID TPGuest_A431, TSFDelta: 0x7236ad3c, TXRate: 0
12-14 03:34:34.985 1398 5729 D LOWI-9.0.0.87.a: [LOWI-Scan]
12-14 03:34:34.985 1398 5729 D LOWI-9.0.0.87.a: [LOWI-Scan] print_bss_handler: Report beacon TSF 742440245 as it greater than probe TSF 742440245
12-14 03:34:34.985 1398 5729 D LOWI-9.0.0.87.a: [LOWI-Scan] decode_rsn_wpa_ie: LOWI_ENCRYPTION_TYPE_WPA_PSK
12-14 03:34:34.985 1398 5729 D LOWI-9.0.0.87.a: [LOWI-Scan] is_qcom_ie, bss_age: 0
12-14 03:34:34.985 1398 5729 D LOWI-9.0.0.87.a: [LOWI-Scan] BSS 18:6f:2d:25:4a:77 LOWI_PHY_MODE_11AC_VHT20(8), Beacon Interval: 200, LOWI_ENCRYPTION_TYPE_WPA_PSK 11mcRanging: No, ANQP: No, LCI: No, Civic: No, capability(0x0111): ESS Privacy SpectrumMgmt
12-14 03:34:34.985 1398 5729 D LOWI-9.0.0.87.a: [LOWI-Scan] BSS 18:6f:2d:25:4a:77 FREQ: 5200, cFreq1[40:80:160] = [5200:0:0] cFreq2 = 0 Country Code = CN
12-14 03:34:34.985 1398 5729 D LOWI-9.0.0.87.a: [LOWI-Scan] BSS 18:6f:2d:25:4a:77 (wlan0) ASSO: NO AddInfo: 0x1, TSF 0, 00:12:22.440, RSSI: -176, CPL: 127, AGE: 1668, SSID 456, TSFDelta: 0xe0ff20d, TXRate: 0
12-14 03:34:34.985 1398 5729 D LOWI-9.0.0.87.a: [LOWI-Scan]
12-14 03:34:34.985 1398 5729 D LOWI-9.0.0.87.a: [LOWI-Scan] print_bss_handler: Report beacon TSF 742829395 as it greater than probe TSF 742829395
12-14 03:34:34.985 1398 5729 D LOWI-9.0.0.87.a: [LOWI-Scan] decode_rsn_wpa_ie: LOWI_ENCRYPTION_TYPE_WPA_PSK
12-14 03:34:34.985 1398 5729 D LOWI-9.0.0.87.a: [LOWI-Scan] is_qcom_ie, bss_age: 0
12-14 03:34:34.985 1398 5729 D LOWI-9.0.0.87.a: [LOWI-Scan] BSS 76:54:3b:54:38:4d LOWI_PHY_MODE_11NG_HT20(5), Beacon Interval: 100, LOWI_ENCRYPTION_TYPE_WPA_PSK 11mcRanging: No, ANQP: Yes, LCI: No, Civic: No, capability(0x1431): ESS Privacy ShortPreamble ShortSlotTime
12-14 03:34:34.985 1398 5729 D LOWI-9.0.0.87.a: [LOWI-Scan] BSS 76:54:3b:54:38:4d FREQ: 2437, cFreq1[40:80:160] = [0:0:0] cFreq2 = 0 Country Code = US
12-14 03:34:34.985 1398 5729 D LOWI-9.0.0.87.a: [LOWI-Scan] BSS 76:54:3b:54:38:4d (wlan0) ASSO: NO AddInfo: 0x1, TSF 0, 00:12:22.829, RSSI: -176, CPL: 127, AGE: 1280, SSID CADILLAC_8915, TSFDelta: 0xd0f3e5da, TXRate: 0
12-14 03:34:34.985 1398 5729 D LOWI-9.0.0.87.a: [LOWI-Scan]
12-14 03:34:34.985 1398 5729 D LOWI-9.0.0.87.a: [LOWI-Scan] print_bss_handler: Report beacon TSF 743231294 as it greater than probe TSF 743231294
12-14 03:34:34.985 1398 5729 D LOWI-9.0.0.87.a: [LOWI-Scan] decode_rsn_wpa_ie: LOWI_ENCRYPTION_TYPE_WPA_PSK
12-14 03:34:34.985 1398 5729 D LOWI-9.0.0.87.a: [LOWI-Scan] is_qcom_ie, bss_age: 0
12-14 03:34:34.985 1398 5729 D LOWI-9.0.0.87.a: [LOWI-Scan] BSS 36:80:9b:cb:a2:73 LOWI_PHY_MODE_11NG_HT20(5), Beacon Interval: 100, LOWI_ENCRYPTION_TYPE_WPA_PSK 11mcRanging: No, ANQP: No, LCI: No, Civic: No, capability(0x0411): ESS Privacy ShortSlotTime
12-14 03:34:34.985 1398 5729 D LOWI-9.0.0.87.a: [LOWI-Scan] BSS 36:80:9b:cb:a2:73 FREQ: 2457, cFreq1[40:80:160] = [2457:0:0] cFreq2 = 0 Country Code =
12-14 03:34:34.985 1398 5729 D LOWI-9.0.0.87.a: [LOWI-Scan] BSS 36:80:9b:cb:a2:73 (wlan0) ASSO: NO AddInfo: 0x1, TSF 0, 00:12:23.231, RSSI: -160, CPL: 127, AGE: 880, SSID FW, TSFDelta: 0xa54c8e4f, TXRate: 0
12-14 03:34:34.985 1398 5729 D LOWI-9.0.0.87.a: [LOWIDiagLog] Log: lowiMeasResult->request: invalid null argument
12-14 03:34:34.985 1398 5729 I LOWI-9.0.0.87.a: [LOWI-Scan] lowi_close_record:Scan done in 728671ms, 75 APs in scan results
12-14 03:34:34.985 1398 5729 D LOWI-9.0.0.87.a: [LOWI-Scan] WipsScanUsingNL: passive scan cached 0, took 9938 ms, err 0
12-14 03:34:34.985 1398 5729 D LOWI-9.0.0.87.a: [LOWI-Scan] lowi_proc_req_passive_scan_with_live_meas - No WLAN Frames to be parsed
12-14 03:34:34.985 1398 5729 D LOWI-9.0.0.87.a: [LOWIScanResultReceiver] Send scan meas to listener
12-14 03:34:34.985 1398 5729 D LOWI-9.0.0.87.a: [LOWIScanResultReceiver] Enter passive listening mode
12-14 03:34:34.985 1398 5729 D LOWI-9.0.0.87.a: [LOWIWifiDriverInterface] getMeasurements - Passive listening mode
12-14 03:34:34.985 1398 5729 D LOWI-9.0.0.87.a: [LOWI-Scan] WipsScanUsingNL:wait -1 sec for netlink message
12-14 03:34:34.986 1398 1442 D LOWI-9.0.0.87.a: [LOWIEventReceiver] handleEvent:FROM:NA, TO:NA, REQ:NA, IREQ:NA, REQ_ID:0, RESP:NA, INFO:NA
12-14 03:34:34.986 1398 1442 D LOWI-9.0.0.87.a: [LOWIBackgroundScanMgr] isRspForBgScanMgr: evt(LOWI_NO_EVT) - not handled
12-14 03:34:34.986 1398 1442 D LOWI-9.0.0.87.a: [LOWIScheduler] manageMsg: NULL results or NULL request in results
12-14 03:34:34.986 1398 1442 D LOWI-9.0.0.87.a: [LOWIController] Measurements received
12-14 03:34:34.986 1398 1442 D LOWI-9.0.0.87.a: [LOWICacheManager] putInCache:Num of Meas to add: 75
12-14 03:34:34.989 1398 1442 D LOWI-9.0.0.87.a: [LOWIController] processMeasurementResults: No current Request. Cache measurements
12-14 03:34:34.989 1398 1442 D LOWI-9.0.0.87.a: [LOWIController] sendAsyncScanResponse: Request FreeWifiScanObserver_0 is from a different client.
12-14 03:34:34.989 1398 1442 D LOWI-9.0.0.87.a: [LOWIController] generateResponse: Type (ASYNC_DISCOVERY_SCAN_RESULTS) ScanStatus (1) request FreeWifiScanObserver_0
12-14 03:34:34.989 1398 1442 D LOWI-9.0.0.87.a: [LOWIEventDispatcher] sendResponse - originator = FreeWifiScanObserver
12-14 03:34:34.989 1398 1442 D LOWI-9.0.0.87.a: [LOWIUtils] injectScanMeasurements - num of APs = 75
12-14 03:34:34.990 1398 1442 I LOWI-9.0.0.87.a: [LOWIUtils] responseToOutPostcard - TO: FreeWifiScanObserver, FROM: LOWI-SERVER, RESP: LOWI_ASYNC_DISCOVERY_SCAN_RESULTS
12-14 03:34:34.991 1398 1442 D LOWI-9.0.0.87.a: [LOWIControllerExtn] sendLOWILpDiscoveryScanResponse: Not a discovery scan response
12-14 03:34:34.991 1483 1883 W IE_Capabilities: Unknown RSN cipher suite: 6ac0f00
12-14 03:34:34.997 1483 1883 D WificondScannerImpl: Filtering out 42 scan results.
12-14 03:34:35.016 2352 2352 D WifiDebugService: onScanResultsAvailable
12-14 03:34:35.017 1483 1854 D PasspointManager: ANQP entry not found for: 62:e6:f0:dd:03:c7:
12-14 03:34:35.019 1483 1854 D PasspointManager: ANQP entry not found for: 96:0b:e4:6f:e0:30:
12-14 03:34:35.019 1483 1854 D PasspointManager: ANQP entry not found for: 76:ab:c4:54:38:4d:
12-14 03:34:35.020 1483 1854 D PasspointManager: ANQP entry not found for: ba:9f:09:60:32:1f:
12-14 03:34:35.021 1483 1854 D PasspointManager: ANQP entry not found for: d8:32:14:df:f6:03:
12-14 03:34:35.021 1483 1854 D PasspointManager: ANQP entry not found for: 7e:b5:9b:1b:a4:31:
12-14 03:34:35.022 1483 1854 D PasspointManager: ANQP entry not found for: 76:54:3b:54:38:4d:
12-14 03:34:35.042 2352 2352 D WifiDebugService: connect wifi SSID is : "TP-LINK_Figure_6d0405"
12-14 03:34:35.055 2352 2352 W WifiDebugService: find wifi : Guest
12-14 03:34:35.055 2352 2352 W WifiDebugService: find wifi : Fanya
12-14 03:34:35.055 2352 2352 W WifiDebugService: find wifi : ThunderSoft
12-14 03:34:35.055 2352 2352 W WifiDebugService: find wifi : GM
12-14 03:34:35.055 2352 2352 W WifiDebugService: find wifi : Testing
12-14 03:34:35.055 2352 2352 W WifiDebugService: find wifi : ZXHY
12-14 03:34:35.055 2352 2352 W WifiDebugService: find wifi : Fanya
12-14 03:34:35.055 2352 2352 W WifiDebugService: find wifi : 123
12-14 03:34:35.055 2352 2352 W WifiDebugService: find wifi : Testing
12-14 03:34:35.055 2352 2352 W WifiDebugService: find wifi : Guest
12-14 03:34:35.055 2352 2352 W WifiDebugService: find wifi : ThunderSoft_2.4G
12-14 03:34:35.055 2352 2352 W WifiDebugService: find wifi : ZXHY
12-14 03:34:35.056 2352 2352 W WifiDebugService: find wifi : Fanya
12-14 03:34:35.056 2352 2352 W WifiDebugService: find wifi : TP-LINK_Figure_6d0405
12-14 03:34:35.056 2352 2352 W WifiDebugService: find wifi : Testing
12-14 03:34:35.056 2352 2352 W WifiDebugService: find wifi : Guest
12-14 03:34:35.056 2352 2352 W WifiDebugService: find wifi : ThunderSoft_2.4G
12-14 03:34:35.056 2352 2352 W WifiDebugService: find wifi : ZXHY
12-14 03:34:35.056 2352 2352 W WifiDebugService: find wifi : Fanya
12-14 03:34:35.056 2352 2352 W WifiDebugService: can not find target wifi ap : hht_test_wifi_fc4318c9
12-14 03:34:35.093 2381 2381 D WifiDetailsPrefCtrl2: Update UI!
12-14 03:34:35.099 2381 2381 D WifiDetailsPrefCtrl2: Wifi Type 5
12-14 03:34:35.101 2381 2381 D DashboardFragment: Preference key is null in Controller WifiDetailPreferenceController2
01-01 10:16:38.474 0 0 D : mv2112_read_status
01-01 10:16:38.474 0 0 D mv2112_update_link: 3.0x901(1G): 0x80
01-01 10:16:38.475 0 0 D mv2112_update_link: 3.0x8109(100M): 0x8
01-01 10:16:38.475 0 0 D mv2112_update_link: link 0x0
01-01 10:16:38.475 0 0 D mv2112_read_status: autoneg is disabled
12-14 03:34:35.642 642 656 I mpu_uart: [MSG-P:RECV]:No message received in 1000 ms
12-14 03:34:35.951 0 0 W swapper/2: type=1400 audit(0.0:1047): avc: denied { kill } for capability=5 scontext=u:r:kernel:s0 tcontext=u:r:kernel:s0 tclass=capability permissive=0
01-01 10:16:39.498 0 0 D : mv2112_read_status
01-01 10:16:39.498 0 0 D mv2112_update_link: 3.0x901(1G): 0x80
01-01 10:16:39.499 0 0 D mv2112_update_link: 3.0x8109(100M): 0x8
01-01 10:16:39.499 0 0 D mv2112_update_link: link 0x0
01-01 10:16:39.499 0 0 D mv2112_read_status: autoneg is disabled
12-14 03:34:36.642 642 656 I mpu_uart: [MSG-P:RECV]:No message received in 1000 ms
12-14 03:34:36.951 0 0 W swapper/2: type=1400 audit(0.0:1048): avc: denied { kill } for capability=5 scontext=u:r:kernel:s0 tcontext=u:r:kernel:s0 tclass=capability permissive=0
12-14 03:34:37.169 642 655 I mpu_uart: [MSG-P:R]:recv sync frame timeout
01-01 10:16:40.522 0 0 D : mv2112_read_status
01-01 10:16:40.522 0 0 D mv2112_update_link: 3.0x901(1G): 0x80
01-01 10:16:40.522 0 0 D mv2112_update_link: 3.0x8109(100M): 0x8
01-01 10:16:40.522 0 0 D mv2112_update_link: link 0x0
01-01 10:16:40.522 0 0 D mv2112_read_status: autoneg is disabled
12-14 03:34:37.643 642 656 I mpu_uart: [MSG-P:RECV]:No message received in 1000 ms
12-14 03:34:37.951 0 0 W swapper/2: type=1400 audit(0.0:1049): avc: denied { kill } for capability=5 scontext=u:r:kernel:s0 tcontext=u:r:kernel:s0 tclass=capability permissive=0
12-14 03:34:38.486 2800 2800 I hpplay-java: [main]:ServerTaskManager:task run out of time
12-14 03:34:38.486 2800 2800 I hpplay-java: [main]:ServerTaskManager:cancelTimeOutCheck
12-14 03:34:38.486 2800 2800 I hpplay-java: [main]:ServerTaskManager:exeTask ignore, reason: TaskList is clear
01-01 10:16:41.546 0 0 D : mv2112_read_status
01-01 10:16:41.546 0 0 D mv2112_update_link: 3.0x901(1G): 0x80
01-01 10:16:41.546 0 0 D mv2112_update_link: 3.0x8109(100M): 0x8
01-01 10:16:41.546 0 0 D mv2112_update_link: link 0x0
01-01 10:16:41.546 0 0 D mv2112_read_status: autoneg is disabled
12-14 03:34:38.615 2800 5856 D hpplay-base: [LelinkMDNS:766] devicePermissionPublic leboPermissionCheck:-2
12-14 03:34:38.615 2800 5856 D hpplay-base: [jniBridge:1125] com_hpplay_sdk_sink_protocol_Bridge_WHAT_SERVER_ERROR
12-14 03:34:38.615 2800 5856 D hpplay-base: [jniBridge:1726] notifyJava, what:204, castType:0, mimeType:0 baseStatus:2
12-14 03:34:38.615 2800 5856 D hpplay-base: [jniBridge:1727] notifyJava sessionID:(null)
12-14 03:34:38.616 2800 5856 I hpplay-java: [Thread-132]:Bridge:notify: what: 204
12-14 03:34:38.617 2800 5856 I hpplay-java: [Thread-132]:Bridge:notify: out: OutParameters:{audioSessionId=-1, audiotrackIndex=0, castHandleType=-1, castType=0, deviceName='', dlnaName='', dramaID='', extra=-2002, frameHandleType=-1, handleInside=true, headduration=0, header='', headers=null, isAD=false, isMultiMirror=false, lelinkVer='', limitTime=0, , mediaAlbum='null', mediaAlbumArtURI='', mediaArtist='null', mediaAssets='', mediaTitle='null', mimeType=0, multiSession=null, period=0, pinCode='', playSpeed=0.0, playerChoice=0, plugin=0, port=0, position=0.0, positionUnit=2, protocol=0, realSessionID='', regType='', , sinkIp='', sourceAPPVersion='', sourceChannel='', sourceClientInfo='', sourceDeviceInfo='', sourceDeviceModel='', sourceDeviceName='', sourceDeviceType=0, sourceHID='', , sourceInfo='', , , sourceOSVersion='', sourceSDKVersion='', sourceUid='', stopDetail=0, stopReason=0, tailduration=0, url='', urlID='', urls=null, userAgent='', videoDecoder=0, volume=0, what=204}com.hpplay.sdk.sink.protocol.OutParameters@6fdcfc7
12-14 03:34:38.617 2800 5856 I hpplay-java: [Thread-132]:Bridge:notify: address:172640756
12-14 03:34:38.618 2800 2800 I hpplay-java: [main]:Bridge:findServiceID start out: 172640756
12-14 03:34:38.618 2800 5856 I hpplay-base: [mDNSEmbeded:79] embedded_mDNSLoop stopmDNSNow:0 nPublish:-2 nExitFlag:6 tid is 5856
12-14 03:34:38.618 2800 2800 I hpplay-java: [main]:Bridge:findServiceID end
12-14 03:34:38.618 2800 2800 E hpplay-java: [main]:ServerTaskManager:onError 204/-2002 com.hht.lebocast.LelinkHelper$e@7c3b033
12-14 03:34:38.619 2800 2800 I hpplay-java: [main]:ServerTaskManager:cancelTimeOutCheck
12-14 03:34:38.620 2800 2800 W hpplay-java: [main]:ServerTaskManager:onErrorDispatcher errorCode:-2002
12-14 03:34:38.620 2800 2800 I hpplay-java: [main]:ServerTaskManager:onError retry later
12-14 03:34:38.643 642 656 I mpu_uart: [MSG-P:RECV]:No message received in 1000 ms
12-14 03:34:38.951 0 0 W swapper/2: type=1400 audit(0.0:1050): avc: denied { kill } for capability=5 scontext=u:r:kernel:s0 tcontext=u:r:kernel:s0 tclass=capability permissive=0
12-14 03:34:39.046 1483 1609 W BroadcastQueue: Permission Denial: broadcasting Intent { act=android.net.conn.CONNECTIVITY_CHANGE flg=0x4200010 (has extras) } from null (pid=-1, uid=-1) requires com.baidu.input.permission.sofire.RECEIVE due to registered receiver BroadcastFilter{eda91f1 10032/u0 ReceiverList{1d47598 3157 com.baidu.input/10032/u0 remote:814937b}}
12-14 03:34:39.194 2800 5825 W hpplay-java: [AsyncTask #245]:HttpRequest:
12-14 03:34:39.196 2800 5825 W hpplay-java: [AsyncTask #245]:HttpRequest:
12-14 03:34:39.198 2800 5825 W hpplay-java: [AsyncTask #245]:HttpRequest:
01-01 10:16:42.570 0 0 D : mv2112_read_status
01-01 10:16:42.570 0 0 D mv2112_update_link: 3.0x901(1G): 0x80
01-01 10:16:42.571 0 0 D mv2112_update_link: 3.0x8109(100M): 0x8
01-01 10:16:42.571 0 0 D mv2112_update_link: link 0x0
01-01 10:16:42.571 0 0 D mv2112_read_status: autoneg is disabled
12-14 03:34:39.643 642 656 I mpu_uart: [MSG-P:RECV]:No message received in 1000 ms
12-14 03:34:39.955 0 0 W swapper/2: type=1400 audit(0.0:1051): avc: denied { kill } for capability=5 scontext=u:r:kernel:s0 tcontext=u:r:kernel:s0 tclass=capability permissive=0
12-14 03:34:40.173 642 655 I mpu_uart: [MSG-P:R]:recv sync frame timeout
01-01 10:16:43.594 0 0 D : mv2112_read_status
01-01 10:16:43.594 0 0 D mv2112_update_link: 3.0x901(1G): 0x80
01-01 10:16:43.594 0 0 D mv2112_update_link: 3.0x8109(100M): 0x8
01-01 10:16:43.594 0 0 D mv2112_update_link: link 0x0
01-01 10:16:43.594 0 0 D mv2112_read_status: autoneg is disabled
12-14 03:34:40.644 642 656 I mpu_uart: [MSG-P:RECV]:No message received in 1000 ms
12-14 03:34:40.955 0 0 W swapper/2: type=1400 audit(0.0:1052): avc: denied { kill } for capability=5 scontext=u:r:kernel:s0 tcontext=u:r:kernel:s0 tclass=capability permissive=0
01-01 10:16:44.618 0 0 D : mv2112_read_status
01-01 10:16:44.618 0 0 D mv2112_update_link: 3.0x901(1G): 0x80
01-01 10:16:44.619 0 0 D mv2112_update_link: 3.0x8109(100M): 0x8
01-01 10:16:44.619 0 0 D mv2112_update_link: link 0x0
01-01 10:16:44.619 0 0 D mv2112_read_status: autoneg is disabled
12-14 03:34:41.621 2800 2800 I hpplay-java: [main]:ServerTaskManager:restart by error
12-14 03:34:41.622 2800 2800 I hpplay-java: [main]:ServerTaskManager:startServer
12-14 03:34:41.622 2800 2800 I hpplay-java: [main]:ServerTaskManager:startServer add, reason: server is starting or running
12-14 03:34:41.622 2800 2800 I hpplay-java: [main]:ServerTaskManager:addStopTask
12-14 03:34:41.622 2800 2800 I hpplay-java: [main]:ServerTaskManager:addStartTask
12-14 03:34:41.622 2800 2800 I hpplay-java: [main]:ServerTaskManager:exeTask stopServer
12-14 03:34:41.622 2800 2800 I hpplay-java: [main]:Bridge:stopServer keepPush: false
12-14 03:34:41.623 2800 2800 D hpplay-base: [jniBridge:909] Bridge__1stopServer status:2
12-14 03:34:41.628 2800 2800 D hpplay-base: [LelinkBase:654] stopAllServer will start thread!
12-14 03:34:41.628 2800 5859 D hpplay-base: [AEventUtils:588] handle AEvent thread end!!,tid is 5859
12-14 03:34:41.628 2800 5877 I hpplay-base: [mDNSEmbeded:65] embedded_mDNSExit call
12-14 03:34:41.629 2800 5860 D hpplay-base: [REventUtils:197] handleREventThread thread end!!,tid is 5860
12-14 03:34:41.644 642 656 I mpu_uart: [MSG-P:RECV]:No message received in 1000 ms
12-14 03:34:41.666 2800 5842 D hpplay-base: [stream_mirror_compat:1284] mirror stream begin to exit,server fd:69,thread_id:3222139328!!
12-14 03:34:41.667 2800 5842 D hpplay-base: [stream_mirror_compat:1323] ##screen stream exit successfully!!##
12-14 03:34:41.824 2800 5841 D hpplay-base: [Server:447] startHttpServer will END srv->serverType:0
12-14 03:34:41.824 2800 5841 D hpplay-base: [Server:646] startHttpServer cond srv_shutdown:1 connectNummber:0
12-14 03:34:41.824 2800 5841 D hpplay-base: [Server:669] startHttpServer wait cond END. srv_shutdown:1 connectNummber:0
12-14 03:34:41.824 2800 5841 D hpplay-base: [Server:457] HttpServer END, tid is 5841
12-14 03:34:41.948 2800 5856 I hpplay-base: [mDNSEmbeded:140] embedded_mDNSLoop Exiting end,tid is 5856
12-14 03:34:41.949 2800 5877 D hpplay-base: [mDNSEmbeded:452] stopmDNSServer end stopmDNSNow=2, nRet=0
12-14 03:34:41.951 0 0 W swapper/2: type=1400 audit(0.0:1053): avc: denied { kill } for capability=5 scontext=u:r:kernel:s0 tcontext=u:r:kernel:s0 tclass=capability permissive=0
12-14 03:34:42.082 2800 5857 I hpplay-base: [mDNSEmbeded:376] end lelink publish server, tid is 5857
12-14 03:34:42.082 2800 5877 D hpplay-base: [mDNSEmbeded:420] stopmLelinkServer end nRet=0
12-14 03:34:42.082 2800 5877 D hpplay-base: [LelinkBase:615] lebodlna stopServerThreadFunc dlnaEnable:1
12-14 03:34:42.083 2800 5877 D hpplay-base-dlna: [lebodlna_api:49] stop DMR
12-14 03:34:42.083 2800 5877 D hpplay-base-dlna: [lebodlna_api:344] m_pRender Release
12-14 03:34:42.140 2800 5877 D hpplay-base-dlna: [UpnpDefine:867] DMRender release success
12-14 03:34:42.141 2800 5877 D hpplay-base-dlna: [lebodlna_api:352] m_pAVT Release
12-14 03:34:42.141 2800 5877 D hpplay-base-dlna: [lebodlna_api:360] m_pRCS Release
12-14 03:34:42.141 2800 5877 D hpplay-base-dlna: [lebodlna_api:365] dmrender destroydmr
12-14 03:34:42.441 2800 5877 D hpplay-base-dlna: [lebodlna-dlna_android:186] stopDLNA
12-14 03:34:42.441 2800 5877 D hpplay-base-dlna: [lebodlna-dlna_android:189] dlnaservice destroy
12-14 03:34:42.441 2800 5877 D hpplay-base-dlna: [lebodlna-dlna_android:49] dlnaservice Destroy 49 int CDlnaService::Destroy()
12-14 03:34:42.441 2800 5877 D hpplay-base-dlna: [lebodlna-dlnaframe:245] dlnaservice Destroy 245 static ERROR_TYPE IDlnaFrame::DestroyDlnaFrame(IDlnaFrame *)
12-14 03:34:42.441 2800 5877 D hpplay-base-dlna: [lebodlna-dlnaframe:179] dlnaservice Destroy 179 virtual void CDlnaFrame::Release()
12-14 03:34:42.441 2800 5877 D hpplay-base-dlna: [lebodlna-dlnaframe:190] dlnaservice Destroy 190 virtual void CDlnaFrame::Release()
12-14 03:34:42.441 2800 5877 D hpplay-base-dlna: [lebodlna-dlnaframe:192] dlnaservice Destroy 192 virtual void CDlnaFrame::Release()
12-14 03:34:42.441 2800 5877 D hpplay-base-dlna: [lebodlna-dlnaframe:247] dlnaservice Destroy 247 static ERROR_TYPE IDlnaFrame::DestroyDlnaFrame(IDlnaFrame *)
12-14 03:34:42.441 2800 5877 D hpplay-base-dlna: [lebodlna-dlnaframe:251] dlnaservice Destroy 251 static ERROR_TYPE IDlnaFrame::DestroyDlnaFrame(IDlnaFrame *)
12-14 03:34:42.445 2800 5877 E hpplay-base-dlna: upnpapi.c:655::before gminiserver ThreadPoolShutdown
12-14 03:34:42.445 2800 5877 E hpplay-base-dlna: ThreadPool.c:1047::on ThreadPoolShutdown tp->totalThreads:2
12-14 03:34:42.445 2800 5877 E hpplay-base-dlna: ThreadPool.c:1056::after ThreadPoolShutdown
12-14 03:34:42.445 2800 5877 E hpplay-base-dlna: ThreadPool.c:1057::ThreadPoolShutdown tp->totalThreads:0
12-14 03:34:42.445 2800 5877 E hpplay-base-dlna: upnpapi.c:657::after gminiserver ThreadPoolShutdown
12-14 03:34:42.445 2800 5877 E hpplay-base-dlna: upnpapi.c:659::before grecv ThreadPoolShutdown
12-14 03:34:42.446 2800 5877 E hpplay-base-dlna: ThreadPool.c:1047::on ThreadPoolShutdown tp->totalThreads:12
12-14 03:34:42.446 2800 5877 E hpplay-base-dlna: ThreadPool.c:1047::on ThreadPoolShutdown tp->totalThreads:11
12-14 03:34:42.446 2800 5877 E hpplay-base-dlna: ThreadPool.c:1047::on ThreadPoolShutdown tp->totalThreads:10
12-14 03:34:42.446 2800 5877 E hpplay-base-dlna: ThreadPool.c:1047::on ThreadPoolShutdown tp->totalThreads:9
12-14 03:34:42.447 2800 5877 E hpplay-base-dlna: ThreadPool.c:1047::on ThreadPoolShutdown tp->totalThreads:8
12-14 03:34:42.447 2800 5877 E hpplay-base-dlna: ThreadPool.c:1047::on ThreadPoolShutdown tp->totalThreads:7
12-14 03:34:42.447 2800 5877 E hpplay-base-dlna: ThreadPool.c:1047::on ThreadPoolShutdown tp->totalThreads:6
12-14 03:34:42.447 2800 5877 E hpplay-base-dlna: ThreadPool.c:1047::on ThreadPoolShutdown tp->totalThreads:5
12-14 03:34:42.448 2800 5877 E hpplay-base-dlna: ThreadPool.c:1056::after ThreadPoolShutdown
12-14 03:34:42.448 2800 5877 E hpplay-base-dlna: ThreadPool.c:1057::ThreadPoolShutdown tp->totalThreads:0
12-14 03:34:42.448 2800 5877 E hpplay-base-dlna: upnpapi.c:661::after grecv ThreadPoolShutdown
12-14 03:34:42.448 2800 5877 E hpplay-base-dlna: upnpapi.c:663::before gsend ThreadPoolShutdown
12-14 03:34:42.448 2800 5877 E hpplay-base-dlna: ThreadPool.c:1047::on ThreadPoolShutdown tp->totalThreads:2
12-14 03:34:42.448 2800 5877 E hpplay-base-dlna: ThreadPool.c:1047::on ThreadPoolShutdown tp->totalThreads:1
12-14 03:34:42.449 2800 5877 E hpplay-base-dlna: ThreadPool.c:1056::after ThreadPoolShutdown
12-14 03:34:42.449 2800 5877 E hpplay-base-dlna: ThreadPool.c:1057::ThreadPoolShutdown tp->totalThreads:0
12-14 03:34:42.449 2800 5877 E hpplay-base-dlna: upnpapi.c:665::after gsend ThreadPoolShutdown
12-14 03:34:42.449 2800 5877 D hpplay-base-dlna: [lebodlna-dlnaframe:253] dlnaservice Destroy 253 static ERROR_TYPE IDlnaFrame::DestroyDlnaFrame(IDlnaFrame *)
12-14 03:34:42.449 2800 5877 D hpplay-base-dlna: [lebodlna-dlna_android:51] dlnaservice Destroy 51 int CDlnaService::Destroy()
12-14 03:34:42.449 2800 5877 D hpplay-base-dlna: [lebodlna-dlna_android:194] stopDLNA end
01-01 10:16:45.642 0 0 D : mv2112_read_status
01-01 10:16:45.642 0 0 D mv2112_update_link: 3.0x901(1G): 0x80
01-01 10:16:45.642 0 0 D mv2112_update_link: 3.0x8109(100M): 0x8
01-01 10:16:45.642 0 0 D mv2112_update_link: link 0x0
01-01 10:16:45.642 0 0 D mv2112_read_status: autoneg is disabled
12-14 03:34:42.645 642 656 I mpu_uart: [MSG-P:RECV]:No message received in 1000 ms
12-14 03:34:42.749 2800 5877 D hpplay-base: [stream_mirror_compat:1489] request to stop screen stream session!!
12-14 03:34:42.749 2800 5877 D hpplay-base: [AEventUtils:625] begin to stop event handle service!!
12-14 03:34:42.750 2800 5877 D hpplay-base: [AEventUtils:628] stop event handle service ok!!
12-14 03:34:42.750 2800 5877 D hpplay-base: [REventUtils:231] begin to stop report handle service!!
12-14 03:34:42.750 2800 5877 D hpplay-base: [REventUtils:234] stop report handle service ok!!
12-14 03:34:42.750 2800 5877 D hpplay-base: [lelinkSinkServer:711] HTTP Server stopSinkServer End .
12-14 03:34:42.750 2800 5877 D hpplay-base: [jniBridge:1135] notifyJavaServerStoped
12-14 03:34:42.750 2800 5877 D hpplay-base: [jniBridge:1726] notifyJava, what:202, castType:0, mimeType:0 baseStatus:4
12-14 03:34:42.750 2800 5877 D hpplay-base: [jniBridge:1727] notifyJava sessionID:(null)
12-14 03:34:42.751 2800 5877 I hpplay-java: [Thread-133]:Bridge:notify: what: 202
12-14 03:34:42.752 2800 5877 I hpplay-java: [Thread-133]:Bridge:notify: out: OutParameters:{audioSessionId=-1, audiotrackIndex=0, castHandleType=-1, castType=0, deviceName='', dlnaName='', dramaID='', extra=0, frameHandleType=-1, handleInside=true, headduration=0, header='', headers=null, isAD=false, isMultiMirror=false, lelinkVer='', limitTime=0, , mediaAlbum='null', mediaAlbumArtURI='', mediaArtist='null', mediaAssets='', mediaTitle='null', mimeType=0, multiSession=null, period=0, pinCode='', playSpeed=0.0, playerChoice=0, plugin=0, port=0, position=0.0, positionUnit=2, protocol=0, realSessionID='', regType='', , sinkIp='', sourceAPPVersion='', sourceChannel='', sourceClientInfo='', sourceDeviceInfo='', sourceDeviceModel='', sourceDeviceName='', sourceDeviceType=0, sourceHID='', , sourceInfo='', , , sourceOSVersion='', sourceSDKVersion='', sourceUid='', stopDetail=0, stopReason=0, tailduration=0, url='', urlID='', urls=null, userAgent='', videoDecoder=0, volume=0, what=202}com.hpplay.sdk.sink.protocol.OutParameters@7fda163
12-14 03:34:42.752 2800 5877 I hpplay-java: [Thread-133]:Bridge:notify: address:62656864
12-14 03:34:42.753 2800 5877 D hpplay-base: [LelinkBase:645] stopServerThreadFunc notifyJavaServerStoped!
12-14 03:34:42.753 2800 2800 I hpplay-java: [main]:ServerTaskManager:startTimeOutCheck
12-14 03:34:42.753 2800 2800 I hpplay-java: [main]:ServerBusiness:stopDaemonBusiness
12-14 03:34:42.753 2800 2800 I hpplay-java: [main]:SinkDataReport:logout
12-14 03:34:42.754 2800 2800 I hpplay-java: [main]:EPControl:release
12-14 03:34:42.757 2800 5879 I hpplay-java: [AsyncTask #255]:GlideCreator:clearCache clearDiskCache
12-14 03:34:42.758 2800 2800 I hpplay-java: [main]:Dispatcher:notifyAllReverseControlsStop
12-14 03:34:42.758 2800 2800 I hpplay-java: [main]:Preference:checkFeature none
12-14 03:34:42.758 2800 2800 I hpplay-java: [main]:Dispatcher:notifyAllUIControlsStop set: []
12-14 03:34:42.758 2800 2800 I hpplay-java: [main]:Bridge:findServiceID start out: 62656864
12-14 03:34:42.759 2800 2800 I hpplay-java: [main]:Bridge:findServiceID end
12-14 03:34:42.759 2800 2800 I hpplay-java: [main]:ServerTaskManager:onStop retry:true
12-14 03:34:42.759 2800 2800 I hpplay-java: [main]:ServerTaskManager:cancelTimeOutCheck
12-14 03:34:42.759 2800 5836 W hpplay-java: NanoHTTPDServerRunnable:Communication with the client broken
12-14 03:34:42.759 2800 5836 W hpplay-java: java.net.SocketException: Socket closed
12-14 03:34:42.759 2800 5836 W hpplay-java: at java.net.PlainSocketImpl.socketAccept(PlainSocketImpl.java:213)
12-14 03:34:42.759 2800 5836 W hpplay-java: at java.net.AbstractPlainSocketImpl.accept(AbstractPlainSocketImpl.java:451)
12-14 03:34:42.759 2800 5836 W hpplay-java: at java.net.ServerSocket.implAccept(ServerSocket.java:547)
12-14 03:34:42.759 2800 5836 W hpplay-java: at java.net.ServerSocket.accept(ServerSocket.java:515)
12-14 03:34:42.759 2800 5836 W hpplay-java: at com.hpplay.nanohttpd.protocols.http.ServerRunnable.run(SourceFile:118)
12-14 03:34:42.759 2800 5836 W hpplay-java: at java.lang.Thread.run(Thread.java:920)
12-14 03:34:42.759 2800 5836 I hpplay-java: NanoHTTPDNanoHTTPD:server is stoped
12-14 03:34:42.759 2800 5836 I hpplay-java: NanoHTTPDNanoHTTPD:clear obj
12-14 03:34:42.760 2800 2800 I hpplay-java: [main]:IPManager:getActiveNets type: WIFI
12-14 03:34:42.760 2800 2800 I hpplay-java: [main]:IPManager:getActiveNets eth0:false wifi:true mobile:false ap:false
12-14 03:34:42.760 2800 2800 I hpplay-java: [main]:IPManager:getIPAddress IP_WLAN0
12-14 03:34:42.764 2800 2800 I hpplay-java: [main]:IPManager:updateIPAddress getIPAddress: 192.168.4.16 name:vlan4
12-14 03:34:42.764 2800 2800 I hpplay-java: [main]:IPManager:updateIPAddress getIPAddress: 192.168.0.18 name:wlan0
12-14 03:34:42.764 2800 2800 I hpplay-java: [main]:IPManager:updateIPAddress getIPAddress: 192.168.8.16 name:vlan8
12-14 03:34:42.764 2800 2800 I hpplay-java: [main]:IPManager:updateIPAddress getIPAddress: 192.168.11.16 name:vlan11
12-14 03:34:42.764 2800 2800 I hpplay-java: [main]:IPManager:updateIPAddress getIPAddress: 192.168.0.16 name:vlan0
12-14 03:34:42.764 2800 2800 I hpplay-java: [main]:IPManager:updateIPAddress getIPAddress: 192.168.2.16 name:vlan2
12-14 03:34:42.764 2800 2800 I hpplay-java: [main]:IPManager:updateIPAddress getIPAddress: 192.168.1.16 name:vlan1
12-14 03:34:42.765 2800 2800 I hpplay-java: [main]:ServerTaskManager:exeTask startServer
12-14 03:34:42.766 2800 2800 I hpplay-java: [main]:ServerTaskManager:startTimeOutCheck
12-14 03:34:42.766 2800 5882 I hpplay-java: [AsyncTask #258]:Bridge:assembleInParameters
12-14 03:34:42.766 2800 5881 I hpplay-java: [AsyncTask #257]:ServerBusiness:startDaemonBusiness
12-14 03:34:42.767 2800 5881 I hpplay-java: [AsyncTask #257]:TimeOutCheckUtil:addTask id:upgrade
12-14 03:34:42.767 2800 5881 I hpplay-java: [AsyncTask #257]:TimeOutCheckUtil:addTask id:ijkupgrade
12-14 03:34:42.767 2800 5882 I hpplay-java: [AsyncTask #258]:Bridge:createDeviceId deviceId:Nzg6OWI6Nzg6ODA6ZGI6ZjY=
12-14 03:34:42.768 2800 5882 I hpplay-java: [AsyncTask #258]:IPManager:getActiveNets type: WIFI
12-14 03:34:42.768 2800 5882 I hpplay-java: [AsyncTask #258]:IPManager:getActiveNets eth0:false wifi:true mobile:false ap:false
12-14 03:34:42.768 2800 5882 I hpplay-java: [AsyncTask #258]:IPManager:getIPAddress IP_WLAN0
12-14 03:34:42.768 2800 5882 I hpplay-java: [AsyncTask #258]:Preference:checkFeature none
12-14 03:34:42.768 2800 5882 I hpplay-java: [AsyncTask #258]:SWI:dlna tip
12-14 03:34:42.768 2800 5884 I hpplay-java: NanoHTTPDNanoHTTPD:server is started
12-14 03:34:42.769 2800 5882 I hpplay-java: [AsyncTask #258]:SWI:lefp tip
12-14 03:34:42.769 2800 5882 I hpplay-java: [AsyncTask #258]:Bridge:assembleInParameters none alias name use device name: 高合娱乐副屏
12-14 03:34:42.769 2800 5882 I hpplay-java: [AsyncTask #258]:Feature:isSendAdvertisement
12-14 03:34:42.769 2800 5882 I hpplay-java: [AsyncTask #258]:Preference:checkFeature none
12-14 03:34:42.770 2800 5882 I hpplay-java: [AsyncTask #258]:Preference:checkFeature none
12-14 03:34:42.770 2800 5882 I hpplay-java: [AsyncTask #258]:Bridge:backupHpplayDat bakPath:
12-14 03:34:42.770 2800 5882 I hpplay-java: [AsyncTask #258]:Bridge:path:/data/user/0/com.hht.lebocast/files/hpplay/file/happyplay.dat
12-14 03:34:42.770 2800 5882 I hpplay-java: [AsyncTask #258]:Bridge:mAppId:21409
12-14 03:34:42.771 2800 5882 I hpplay-java: [AsyncTask #258]:Bridge:mode:3
12-14 03:34:42.771 2800 5882 I hpplay-java: [AsyncTask #258]:Bridge:type:1
12-14 03:34:42.771 2800 5882 I hpplay-java: [AsyncTask #258]:Bridge:SN:
12-14 03:34:42.771 2800 5882 I hpplay-java: [AsyncTask #258]:Preference:checkFeature none
12-14 03:34:42.771 2800 5882 I hpplay-java: [AsyncTask #258]:Bridge:backPath:
12-14 03:34:42.771 2800 5882 I hpplay-java: [AsyncTask #258]:DeviceUtil:getPermissionDid: 1
12-14 03:34:42.771 2800 5882 I hpplay-java: [AsyncTask #258]:DeviceUtil:getPermissionDid: 1
12-14 03:34:42.772 2800 5882 I hpplay-java: [AsyncTask #258]:Preference:checkFeature none
12-14 03:34:42.772 2800 5882 I hpplay-java: [AsyncTask #258]:Preference:checkFeature none
12-14 03:34:42.772 2800 5882 I hpplay-java: [AsyncTask #258]:Preference:checkFeature none
12-14 03:34:42.772 2800 5882 I hpplay-java: [AsyncTask #258]:Preference:checkFeature none
12-14 03:34:42.772 2800 5882 I hpplay-java: [AsyncTask #258]:Preference:checkFeature none
12-14 03:34:42.772 2800 5882 I hpplay-java: [AsyncTask #258]:Preference:checkFeature none
12-14 03:34:42.778 2800 5881 W hpplay-java: [AsyncTask #257]:ServerBusiness:startDaemonBusiness start LelinkHTTPD sucess 52288
12-14 03:34:42.795 2800 5882 W hpplay-java: [AsyncTask #258]:DeviceUtils:getDomain create lb domain
12-14 03:34:42.795 2800 5882 I hpplay-java: [AsyncTask #258]:Feature:getMirrorAudioVideoSync DISABLE
12-14 03:34:42.796 2800 5882 I hpplay-java: [AsyncTask #258]:Feature:checkSupportRedirectOtherApp,no set redirect api
12-14 03:34:42.796 2800 5882 I hpplay-java: [AsyncTask #258]:Feature:getRedirectSearchFlag,value: 0
12-14 03:34:42.797 2800 5882 I hpplay-java: [AsyncTask #258]:Bridge:mIn: InParameters{appInfo='0', appKey='21409', authMode=0, authPwd='null', broadcastDirection=0, broadcastState=1, broadcastTimeout=3, buildType='release', cacheAVPath='/data/user/0/com.hht.lebocast/cache/hpplay/av', cachePhotoPath='/data/user/0/com.hht.lebocast/cache/hpplay/image', channel='LEBO-APK--60146-25915', desPath='', , deviceName='高合娱乐副屏', dlna=1, dlnaCompany='null', dlnaCompanyURL='null', dlnaDeviceDescribe='null', dlnaDeviceName='null', dlnaDeviceURL='null', dlnaLelinkSwitch=1, dlnaManufacturer=0, dlnaName='高合娱乐副屏', dlnaUPC='', dlnaUUID='e1dc06f8-0e14-26c5-5cd2-8ed68158c037', domain='Lebo-figure-a69c947ffd36', drainage=0, feature='6655', fps=60, height=1080, host='null', , keyPath='/data/user/0/com.hht.lebocast/files/hpplay/file', lelinkfp=1, lelinkfp2=0, logBaseState=1, logPath='/storage/emulated/0/com.hht.lebocast/sink/sdk/common', , mdnsEnable=1, mirrorSyncType=0, netCastVer='2.0', packageName='com.hht.lebocast', packagePath='/data/user/0/com.hht.lebocast', permissionDid='a6:9c:94:7f:fd:36', permissionMode=3, permissionPreSN='', port=0, preemptMode=0, regType='_leboremote._tcp.', serverPorts=null, sockWaitTimeOut=45, teleControlPort=53388, tunnels=3, txtKeys=null, txtValues=null, uid='8270434926410121175', videoFrameType=1001, width=1920}com.hpplay.sdk.sink.protocol.InParameters@cfa709e
12-14 03:34:42.797 2800 2800 I hpplay-java: [main]:Bridge:startServer state: 0
12-14 03:34:42.797 2800 2800 D hpplay-base: [jniBridge:185] not conference version
12-14 03:34:42.797 2800 2800 I hpplay-base: [jniBridge:241] 1initServer nSettingWidth=1920 nSettingHeight=1080 nSettingMaxFPS=60 dlnaEnable=1 lelinkFpEnable=1
12-14 03:34:42.797 2800 2800 D hpplay-base: [jniBridge:283] 1initServer cfg.leLinkIp=192.168.0.18
12-14 03:34:42.797 2800 2800 D hpplay-base: [jniBridge:286] 1initServer cfg.mPermissionMode=3
12-14 03:34:42.797 2800 2800 D hpplay-base: [jniBridge:304] 1initServer cfg.permissionDid=a6:9c:94:7f:fd:36000000000000000
12-14 03:34:42.797 2800 2800 D hpplay-base: [jniBridge:313] 1initServer cfg.mPermissionPreSN=00000000000000000000000000000000
12-14 03:34:42.797 2800 2800 D hpplay-base: [jniBridge:317] Bridge___1initServer status:0
12-14 03:34:42.797 2800 2800 I hpplay-base: [jniBridge:325] 1initServer cfg.feature=6655
12-14 03:34:42.797 2800 2800 D hpplay-base: [jniBridge:377] 1initServer isSendBroadCast=3
12-14 03:34:42.797 2800 2800 D hpplay-base: [jniBridge:380] 1initServer broadcastDirection=0
12-14 03:34:42.797 2800 2800 D hpplay-base: [jniBridge:382] 1initServer ipBroadcast direction=0
12-14 03:34:42.797 2800 2800 D hpplay-base: [jniBridge:387] 1initServer tunnel=3
12-14 03:34:42.797 2800 2800 D hpplay-base: [jniBridge:390] 1initServer drainage=0
12-14 03:34:42.797 2800 2800 D hpplay-base: [jniBridge:401] 1initServer mDNSEnable=1
12-14 03:34:42.797 2800 2800 D hpplay-base: [jniBridge:406] 1initServer nSockWaitTimeOut=45
12-14 03:34:42.797 2800 2800 D hpplay-base: [jniBridge:410] 1initServer nMirrorAudioVideoSync=0
12-14 03:34:42.797 2800 2800 I hpplay-base: [sign_check:168] checkSign strPackageName:com.hht.lebocast
12-14 03:34:42.797 2800 2800 I hpplay-base: [sign_check:169] checkSign buildType:release
12-14 03:34:42.797 2800 2800 I hpplay-base: [sign_check:170] checkSign appKey:21409
12-14 03:34:42.797 2800 2800 D hpplay-base: [LelinkBase:405] bridgeInit port: 0, lelinkfp: 0
12-14 03:34:42.797 2800 2800 D hpplay-base: [LelinkBase:462] bridgeInit mPackagePath =/data/user/0/com.hht.lebocast
12-14 03:34:42.797 2800 2800 D hpplay-base: [LelinkBase:463] bridgeInit mKeyPath =/data/user/0/com.hht.lebocast/files/hpplay/file
12-14 03:34:42.798 2800 2800 D hpplay-base: [SinkContext:97] initSinkContext mPackagePath =/data/user/0/com.hht.lebocast
12-14 03:34:42.798 2800 2800 D hpplay-base: [SinkContext:98] initSinkContext mKeyPath =/data/user/0/com.hht.lebocast/files/hpplay/file
12-14 03:34:42.798 2800 2800 D hpplay-base: [jniBridge:478] Java_com_hpplay_sdk_sink_protocol_Bridge__1initServer end
12-14 03:34:42.798 2800 2800 D hpplay-base: [jniBridge:869] Bridge__1startServer status:1
12-14 03:34:42.798 2800 2800 D hpplay-base: [LelinkBase:492] startAllServer at base
12-14 03:34:42.798 2800 2800 D hpplay-base: [lelinkSinkServer:152] httpPlugins_SetServerPort TYPE_SERVER_LELINK:52266
12-14 03:34:42.798 2800 2800 D hpplay-base: [network.c:362] protocol bind host :192.168.0.18 port:52266 curent bind port:52266
12-14 03:34:42.798 2800 2800 D hpplay-base: [lelinkSinkServer:681] HTTP Server real at:52266
12-14 03:34:42.798 2800 5890 D hpplay-base: [lelinkSinkServer:644] Connected Service Type:0
12-14 03:34:42.798 2800 2800 D hpplay-base: [ScreenStream:1285] current bind port:7100
12-14 03:34:42.798 2800 5890 I hpplay-base: : (server.c.315) startServer listen_ing....:
12-14 03:34:42.798 2800 5890 D hpplay-base: [Server:371] startHttpServer srv_sockets.used:1 nCurrentFd:69, tid is 5890
12-14 03:34:42.799 2800 2800 D hpplay-base: [LelinkBase:515] startAllServer pBaseContext->config.dlnaEnable:1
12-14 03:34:42.799 2800 2800 D hpplay-base: [lelinkDlna:324] addDMRCallback end
12-14 03:34:42.799 2800 5891 D hpplay-base: [stream_mirror_compat:759] compat mirror stream begin to run,server fd:70,thread_id:3211121088!!
12-14 03:34:42.800 2800 2800 E hpplay-base-dlna: miniserver.c:788::dlna_port(ipv4: 49152 ipv6:0)
12-14 03:34:42.852 2800 2800 D hpplay-base-dlna: [lebodlna-dlnaframe:166] succeed to load lebodlnaplugin
