01-01 10:04:31.434 0 0 D mv2112_update_link: link 0x0
01-01 10:04:31.434 0 0 D mv2112_read_status: autoneg is disabled
12-14 03:22:28.438 1483 1979 D CompatibilityChangeReporter: Compat change id reported: 171306433; UID 10077; state: ENABLED
12-14 03:22:28.440 1483 1960 D CompatibilityChangeReporter: Compat change id reported: 168419799; UID 10053; state: DISABLED
12-14 03:22:28.447 1483 1960 D CompatibilityChangeReporter: Compat change id reported: 168419799; UID 10079; state: DISABLED
12-14 03:22:28.453 1483 1979 D CompatibilityChangeReporter: Compat change id reported: 168419799; UID 10073; state: DISABLED
12-14 03:22:28.460 1483 1979 D CompatibilityChangeReporter: Compat change id reported: 168419799; UID 10087; state: DISABLED
12-14 03:22:28.462 1483 1979 D CompatibilityChangeReporter: Compat change id reported: 168419799; UID 1000; state: DISABLED
12-14 03:22:28.466 1483 1523 D CompatibilityChangeReporter: Compat change id reported: 135634846; UID 10058; state: DISABLED
12-14 03:22:28.466 1483 1610 D CompatibilityChangeReporter: Compat change id reported: 143937733; UID 10058; state: DISABLED
12-14 03:22:28.471 1483 1979 I ActivityManager: Process com.qti.ltebc (pid 3696) has died: cch+5 CEM
12-14 03:22:28.477 1483 1610 I ActivityManager: Start proc 3762:com.qualcomm.qti.qms.service.connectionsecurity/u0a58 for broadcast {com.qualcomm.qti.qms.service.connectionsecurity/com.qualcomm.qti.qms.service.connectionsecurity.ConnSecBroadcastReceiver}
01-01 10:04:31.550 0 0 I binder : 3762:3762 ioctl 40046210 ff892bc8 returned -22
12-14 03:22:28.498 1483 1979 D CompatibilityChangeReporter: Compat change id reported: 168419799; UID 10058; state: DISABLED
01-01 10:04:31.599 0 0 I [wpa_su][0x16c0ba61][03:22:28.539229] wlan: [3395:I:SME] vdev-0: Connecting to TP-LINK_Figure_6d0405 6c:b1:58:0f:7d:3b rssi: -14 freq: 5805 akm 9 cipher: uc 6 mc 6, CC:
01-01 10:04:31.599 0 0 E [wpa_su][0x16c0c2cb][03:22:28.539341] wlan: [3395:E:QDF] Cannot malloc 0 bytes @ csr_get_cfg_max_tx_power:14199
01-01 10:04:31.600 0 0 I [schedu][0x16c10ab1][03:22:28.540300] wlan: [3332:I:WMI] send_vdev_start_cmd_tlv: 1062: send_vdev_start_cmd_tlv: vdev_id 0 freq 5805 chanmode 10 ch_info: 0xa is_dfs 0 beacon interval 100 dtim 0 center_chan 5775 center_freq2 0 reg_info_1: 0x180000 reg_info_2: 0x1800, req->max_txpow: 0x18 Tx SS 1, Rx SS 1, ldpc_rx: 0, cac 0, regd 4, HE ops: 0req->dis_hw_ack: 0
12-14 03:22:28.553 1483 2935 D CompatibilityChangeReporter: Compat change id reported: 168419799; UID 1001; state: DISABLED
12-14 03:22:28.559 1483 2935 D CompatibilityChangeReporter: Compat change id reported: 168419799; UID 10084; state: DISABLED
01-01 10:04:31.621 0 0 I binder : 2911:2911 ioctl 40046210 7fe6bbb794 returned -22
12-14 03:22:28.565 1483 2935 D CompatibilityChangeReporter: Compat change id reported: 168419799; UID 10086; state: DISABLED
01-01 10:04:31.623 0 0 I [soft_i][0x16c7a461][03:22:28.562830] wlan: [0:I:TXRX] HTT_T2H_MSG_TYPE_PEER_MAP msg for peer id 8 vdev id 0 n
01-01 10:04:31.623 0 0 E [soft_i][0x16c7a627][03:22:28.562853] wlan: [0:E:DP] dp_peer_find_add_id: peer 0000000000000000 ID 8 vid 0 mac 6c:b1:58:0f:7d:3b
01-01 10:04:31.623 0 0 I [soft_i][0x16c7a734][03:22:28.562867] wlan: [0:I:DP] dp_peer_find_add_id: ref_cnt: 2
01-01 10:04:31.623 0 0 E [soft_i][0x16c7a909][03:22:28.562891] wlan: [0:E:DP] dp_peer_map_ast: peer 0000000000000000 ID 38 vid 0 mac 6c:b1:58:0f:7d:3b
12-14 03:22:28.584 1483 1979 D CompatibilityChangeReporter: Compat change id reported: 135634846; UID 1000; state: DISABLED
12-14 03:22:28.584 1483 1979 D CompatibilityChangeReporter: Compat change id reported: 177438394; UID 1000; state: DISABLED
12-14 03:22:28.584 1483 1979 D CompatibilityChangeReporter: Compat change id reported: 135772972; UID 1000; state: DISABLED
12-14 03:22:28.585 1483 1979 D CompatibilityChangeReporter: Compat change id reported: 135754954; UID 1000; state: ENABLED
12-14 03:22:28.592 1483 1610 I ActivityManager: Start proc 3783:com.thundercomm.gamemode/1000 for broadcast {com.thundercomm.gamemode/com.thundercomm.gamemode.ingame.services.BootCompletedReceiver}
01-01 10:04:31.675 0 0 I binder : 3783:3783 ioctl 40046210 7fe6bbc0e4 returned -22
01-01 10:04:31.743 0 0 I [schedu][0x16eac053][03:22:28.682669] wlan: [3332:I:PE] Auth TX: seq 1 seq num 2049 status 0 WEP 0 to 6c:b1:58:0f:7d:3b
01-01 10:04:31.744 0 0 I [schedu][0x16eb155f][03:22:28.683803] wlan: [3332:I:PE] Auth TX: success
01-01 10:04:31.751 0 0 I [schedu][0x16ed1c19][03:22:28.690719] wlan: [3332:I:PE] Auth RX: vdev 0 sys role 3 lim_state 5 from 6c:b1:58:0f:7d:3b rssi -15 auth_alg 0 seq 0
01-01 10:04:31.751 0 0 I [schedu][0x16ed2b9f][03:22:28.690926] wlan: [3332:I:PE] Assoc req TX: vdev 0 to 6c:b1:58:0f:7d:3b seq num 2050
01-01 10:04:31.752 0 0 I [schedu][0x16ed9567][03:22:28.692336] wlan: [3332:I:PE] Assoc req TX: success
12-14 03:22:28.710 1483 1979 D CompatibilityChangeReporter: Compat change id reported: 168419799; UID 1000; state: DISABLED
01-01 10:04:31.781 0 0 I [schedu][0x16f61c9d][03:22:28.721446] wlan: [3332:I:PE] Assoc rsp RX: subtype 0 vdev 0 sys role 3 lim state 10 rssi -15 from 6c:b1:58:0f:7d:3b
12-14 03:22:28.721 1483 1979 I ActivityManager: Finished processing BOOT_COMPLETED for u0
12-14 03:22:28.721 1483 1979 W BroadcastQueue: Background execution not allowed: receiving Intent { act=android.intent.action.INPUT_METHOD_CHANGED flg=0x20000010 (has extras) } to com.baidu.input/.switchguide.InputMethodChangedReceiver
01-01 10:04:31.789 0 0 E [schedu][0x16f85ffc][03:22:28.729171] wlan: [3332:E:QDF] Cannot malloc 0 bytes @ csr_get_cfg_max_tx_power:14199
01-01 10:04:31.789 0 0 E [schedu][0x16f861bf][03:22:28.729194] wlan: [3332:E:QDF] Cannot malloc 0 bytes @ csr_get_cfg_max_tx_power:14199
12-14 03:22:28.728 1483 2935 D CompatibilityChangeReporter: Compat change id reported: 135634846; UID 10029; state: DISABLED
12-14 03:22:28.728 1483 2935 D CompatibilityChangeReporter: Compat change id reported: 177438394; UID 10029; state: DISABLED
12-14 03:22:28.728 1483 2935 D CompatibilityChangeReporter: Compat change id reported: 135772972; UID 10029; state: DISABLED
12-14 03:22:28.728 1483 2935 D CompatibilityChangeReporter: Compat change id reported: 135754954; UID 10029; state: ENABLED
12-14 03:22:28.729 1483 1610 D CompatibilityChangeReporter: Compat change id reported: 143937733; UID 10029; state: ENABLED
01-01 10:04:31.792 0 0 E [soft_i][0x16f91906][03:22:28.731638] wlan: [0:E:DP] dp_tx_initialize_threshold: tx flow control threshold is set, pool size is 4096
01-01 10:04:31.792 0 0 I [schedu][0x16f92070][03:22:28.731737] wlan: [3332:I:HDD] wlan0(vdevid-0): be:d4:30:99:35:ec connected to 6c:b1:58:0f:7d:3b
12-14 03:22:28.739 3783 3783 W ContextImpl: Calling a method in the system process without a qualified user: android.app.ContextImpl.startService:1816 android.content.ContextWrapper.startService:774 com.thundercomm.gamemode.ingame.services.GameModeActionUtils.startGameModeService:99 com.thundercomm.gamemode.ingame.services.GameModeActionUtils.startGameModeEntry:22 com.thundercomm.gamemode.ingame.services.ActivityMonitoringService$1.onActivityLaunch:127
12-14 03:22:28.743 1483 1610 I ActivityManager: Start proc 3802:com.android.externalstorage/u0a29 for broadcast {com.android.externalstorage/com.android.externalstorage.MountReceiver}
01-01 10:04:31.804 0 0 I [dp_rx_][0x16fcada2][03:22:28.743860] wlan: [3335:I:QDF] EAPOL-1 RX: SA:6c:b1:58:0f:7d:3b DA:be:d4:30:99:35:ec
01-01 10:04:31.806 0 0 I [soft_i][0x16fd6448][03:22:28.746295] wlan: [0:I:DP] dp_addba_requestprocess_wifi3 restore BA win 64 based on addba req
12-14 03:22:28.747 1483 1483 I GameModeConfig: Current uri is uri = content://com.thundercomm.gamemode.api/gamemode_settings/gamemode_isgaming
12-14 03:22:28.753 1483 1483 I GameModeConfig: isGameModeOn = false
12-14 03:22:28.753 1483 1483 I GameModeConfig: isGameModeOn = false
12-14 03:22:28.753 1483 1483 I GameModeConfig: isDisableVoice = true
12-14 03:22:28.755 1483 1912 I GameModeConfig: isGameModeOn = false
12-14 03:22:28.755 1483 1912 I GameModeConfig: isGameModeOn = false
12-14 03:22:28.755 1483 1912 I GameModeConfig: isGameModeOn = false
01-01 10:04:31.814 0 0 I [soft_i][0x16ffb9f7][03:22:28.754264] wlan: [0:I:QDF] EAPOL-2 TX: SA:be:d4:30:99:35:ec DA:6c:b1:58:0f:7d:3b msdu_id:0 status: succ
01-01 10:04:31.826 0 0 I binder : 3802:3802 ioctl 40046210 7fe6bbc0e4 returned -22
12-14 03:22:28.771 1483 1960 D CompatibilityChangeReporter: Compat change id reported: 168419799; UID 10029; state: DISABLED
01-01 10:04:31.835 0 0 I [dp_rx_][0x1705e273][03:22:28.775284] wlan: [3335:I:QDF] EAPOL-3 RX: SA:6c:b1:58:0f:7d:3b DA:be:d4:30:99:35:ec
01-01 10:04:31.837 0 0 I [soft_i][0x170683f9][03:22:28.777438] wlan: [0:I:QDF] EAPOL-4 TX: SA:be:d4:30:99:35:ec DA:6c:b1:58:0f:7d:3b msdu_id:0 status: succ
01-01 10:04:31.845 0 0 E [schedu][0x1708a2fa][03:22:28.784677] wlan: [3332:E:QDF] Cannot malloc 0 bytes @ csr_get_cfg_max_tx_power:14199
01-01 10:04:31.854 0 0 I [schedu][0x170b8133][03:22:28.794467] wlan: [3332:I:WMI] LFR3:OKC enabled
01-01 10:04:31.854 0 0 I [schedu][0x170b825a][03:22:28.794482] wlan: [3332:I:WMI] LFR3:PMKSA caching enabled
12-14 03:22:28.822 1206 1206 I wificond: Regulatory domain changed to country: CN on wiphy_index: 0
12-14 03:22:28.827 1206 1206 I wificond: 2.4Ghz frequencies: 2412 2417 2422 2427 2432 2437 2442 2447 2452 2457 2462 2467 2472
12-14 03:22:28.827 1206 1206 I wificond: 5Ghz non-DFS frequencies: 5180 5200 5220 5240 5745 5765 5785 5805 5825
12-14 03:22:28.827 1206 1206 I wificond: 5Ghz DFS frequencies: 5260 5280 5300 5320
12-14 03:22:28.827 1206 1206 I wificond: 6Ghz frequencies:
12-14 03:22:28.827 1206 1206 I wificond: 60Ghz frequencies:
12-14 03:22:28.840 1483 1523 D CompatibilityChangeReporter: Compat change id reported: 135634846; UID 10077; state: DISABLED
12-14 03:22:28.840 1483 1523 D CompatibilityChangeReporter: Compat change id reported: 177438394; UID 10077; state: DISABLED
12-14 03:22:28.840 1483 1523 D CompatibilityChangeReporter: Compat change id reported: 135772972; UID 10077; state: DISABLED
12-14 03:22:28.840 1483 1523 D CompatibilityChangeReporter: Compat change id reported: 135754954; UID 10077; state: ENABLED
12-14 03:22:28.840 1483 1610 D CompatibilityChangeReporter: Compat change id reported: 143937733; UID 10077; state: ENABLED
12-14 03:22:28.847 1483 1610 I ActivityManager: Start proc 3824:com.qti.ltebc/u0a77 for broadcast {com.qti.ltebc/com.qualcomm.ltebc.LTEBroadcastReceiver}
12-14 03:22:28.861 1483 1524 D CompatibilityChangeReporter: Compat change id reported: 171306433; UID 1073; state: ENABLED
01-01 10:04:31.931 0 0 I binder : 3824:3824 ioctl 40046210 7fe6bbc0e4 returned -22
12-14 03:22:28.877 1483 1979 D CompatibilityChangeReporter: Compat change id reported: 168419799; UID 10077; state: DISABLED
01-01 10:04:31.944 0 0 E [wifi@1][0x1725c658][03:22:28.884135] wlan: [827:E:HDD] hdd_enable_ns_offload: 484: Failed to cache ns request; status:4
01-01 10:04:32.002 0 0 I [soft_i][0x1736ca2d][03:22:28.942214] wlan: [0:I:QDF] DHCP-R TX: SA:be:d4:30:99:35:ec DA:ff:ff:ff:ff:ff:ff msdu_id:1 status: succ
01-01 10:04:32.003 0 0 I [dp_rx_][0x173722d9][03:22:28.943396] wlan: [3335:I:QDF] DHCP-R RX: SA:be:d4:30:99:35:ec DA:ff:ff:ff:ff:ff:ff
01-01 10:04:32.008 0 0 I [dp_rx_][0x17385b2f][03:22:28.947560] wlan: [3335:I:QDF] DHCP-A RX: SA:6c:b1:58:0f:7d:39 DA:be:d4:30:99:35:ec
12-14 03:22:29.022 661 736 E NetlinkEvent: NetlinkEvent::FindParam(): Parameter 'INTERFACE' not found
12-14 03:22:29.022 661 736 E NetlinkEvent: NetlinkEvent::FindParam(): Parameter 'STATE' not found
12-14 03:22:29.022 661 736 E NetlinkEvent: NetlinkEvent::FindParam(): Parameter 'TIME_NS' not found
12-14 03:22:29.022 661 736 E NetlinkEvent: NetlinkEvent::FindParam(): Parameter 'UID' not found
12-14 03:22:29.047 1483 1893 W ContextImpl: Calling a method in the system process without a qualified user: android.app.ContextImpl.sendStickyBroadcast:1559 com.android.server.ConnectivityService.sendStickyBroadcast:2811 com.android.server.ConnectivityService.sendGeneralBroadcast:2786 com.android.server.ConnectivityService.sendConnectedBroadcast:2759 com.android.server.ConnectivityService.sendLegacyNetworkBroadcast:8704
12-14 03:22:29.058 1483 1893 W ContextImpl: Calling a method in the system process without a qualified user: android.app.ContextImpl.sendStickyBroadcast:1559 com.android.server.ConnectivityService.sendStickyBroadcast:2811 com.android.server.ConnectivityService.sendGeneralBroadcast:2786 com.android.server.ConnectivityService.sendInetConditionBroadcast:2763 com.android.server.ConnectivityService.updateInetCondition:8451
01-01 10:04:32.134 0 0 E [wifi@1][0x175d76ce][03:22:29.074222] wlan: [827:E:QDF] Cannot malloc 0 bytes @ csr_get_cfg_max_tx_power:14199
01-01 10:04:32.134 0 0 E [wifi@1][0x175d7eb4][03:22:29.074327] wlan: [827:E:QDF] Cannot malloc 0 bytes @ csr_get_cfg_max_tx_power:14199
01-01 10:04:32.135 0 0 I [schedu][0x175d97d8][03:22:29.074662] wlan: [3332:I:WMI] LFR3:OKC enabled
01-01 10:04:32.135 0 0 I [schedu][0x175d9803][03:22:29.074664] wlan: [3332:I:WMI] LFR3:PMKSA caching enabled
01-01 10:04:32.135 0 0 I [schedu][0x175d9e77][03:22:29.074750] wlan: [3332:I:WMI] LFR3:OKC enabled
01-01 10:04:32.135 0 0 I [schedu][0x175d9e99][03:22:29.074752] wlan: [3332:I:WMI] LFR3:PMKSA caching enabled
01-01 10:04:32.202 0 0 I binder : 3783:3861 ioctl 40046210 78ae8d3124 returned -22
01-01 10:04:32.230 0 0 I IRQ 5 : no longer affine to CPU4
12-14 03:22:29.213 1483 1960 I ActivityManager: Process com.qti.ltebc (pid 3824) has died: fg RCVR
12-14 03:22:29.237 1483 1960 D CompatibilityChangeReporter: Compat change id reported: 135634846; UID 10077; state: DISABLED
12-14 03:22:29.238 1483 1960 D CompatibilityChangeReporter: Compat change id reported: 177438394; UID 10077; state: DISABLED
12-14 03:22:29.238 1483 1960 D CompatibilityChangeReporter: Compat change id reported: 135772972; UID 10077; state: DISABLED
12-14 03:22:29.238 1483 1960 D CompatibilityChangeReporter: Compat change id reported: 135754954; UID 10077; state: ENABLED
12-14 03:22:29.238 1483 1610 D CompatibilityChangeReporter: Compat change id reported: 143937733; UID 10077; state: ENABLED
12-14 03:22:29.247 1483 1610 I ActivityManager: Start proc 3870:com.qti.ltebc/u0a77 for broadcast {com.qti.ltebc/com.qualcomm.ltebc.LTEBroadcastReceiver}
01-01 10:04:32.324 0 0 I binder : 3870:3870 ioctl 40046210 7fe6bbc0e4 returned -22
01-01 10:04:32.458 0 0 D : mv2112_read_status
01-01 10:04:32.458 0 0 D mv2112_update_link: 3.0x901(1G): 0x80
01-01 10:04:32.458 0 0 D mv2112_update_link: 3.0x8109(100M): 0x8
01-01 10:04:32.458 0 0 D mv2112_update_link: link 0x0
01-01 10:04:32.458 0 0 D mv2112_read_status: autoneg is disabled
12-14 03:22:29.617 1483 2935 I ActivityManager: Process com.qti.ltebc (pid 3870) has died: fg RCVR
01-01 10:04:33.482 0 0 D : mv2112_read_status
01-01 10:04:33.482 0 0 D mv2112_update_link: 3.0x901(1G): 0x80
01-01 10:04:33.482 0 0 D mv2112_update_link: 3.0x8109(100M): 0x8
01-01 10:04:33.482 0 0 D mv2112_update_link: link 0x0
01-01 10:04:33.482 0 0 D mv2112_read_status: autoneg is disabled
01-01 10:04:34.136 0 0 I logd : start watching /data/system/packages.list ...
01-01 10:04:34.506 0 0 D : mv2112_read_status
01-01 10:04:34.506 0 0 D mv2112_update_link: 3.0x901(1G): 0x80
01-01 10:04:34.506 0 0 D mv2112_update_link: 3.0x8109(100M): 0x8
01-01 10:04:34.506 0 0 D mv2112_update_link: link 0x0
01-01 10:04:34.506 0 0 D mv2112_read_status: autoneg is disabled
01-01 10:04:34.768 0 0 I [soft_i][0x1a611103][03:22:31.707958] wlan: [0:I:DP] dp_addba_requestprocess_wifi3 restore BA win 64 based on addba req
01-01 10:04:34.935 0 0 I init : Sending signal 9 to service 'idmap2d' (pid 1187) process group...
01-01 10:04:34.941 0 0 I libprocessgroup: Successfully killed process cgroup uid 1000 pid 1187 in 5ms
01-01 10:04:34.942 0 0 I init : Control message: Processed ctl.stop for 'idmap2d' from pid: 1483 (system_server)
12-14 03:22:31.882 1483 2935 W OverlayManager: service 'idmap' died
01-01 10:04:34.943 0 0 I init : Service 'idmap2d' (pid 1187) received signal 9
01-01 10:04:35.537 0 0 D : mv2112_read_status
01-01 10:04:35.537 0 0 D mv2112_update_link: 3.0x901(1G): 0x80
01-01 10:04:35.537 0 0 D mv2112_update_link: 3.0x8109(100M): 0x8
01-01 10:04:35.537 0 0 D mv2112_update_link: link 0x0
01-01 10:04:35.537 0 0 D mv2112_read_status: autoneg is disabled
12-14 03:22:32.706 1483 1609 D CompatibilityChangeReporter: Compat change id reported: 168419799; UID 10019; state: DISABLED
12-14 03:22:33.345 1483 1912 I GameModeConfig: isGameModeOn = false
12-14 03:22:33.346 1483 1912 I GameModeConfig: isGameModeOn = false
12-14 03:22:33.346 1483 1912 I GameModeConfig: isGameModeOn = false
12-14 03:22:33.441 1483 1609 D CompatibilityChangeReporter: Compat change id reported: 135634846; UID 10077; state: DISABLED
12-14 03:22:33.441 1483 1609 D CompatibilityChangeReporter: Compat change id reported: 177438394; UID 10077; state: DISABLED
12-14 03:22:33.441 1483 1609 D CompatibilityChangeReporter: Compat change id reported: 135772972; UID 10077; state: DISABLED
12-14 03:22:33.442 1483 1609 D CompatibilityChangeReporter: Compat change id reported: 135754954; UID 10077; state: ENABLED
12-14 03:22:33.442 1483 1610 D CompatibilityChangeReporter: Compat change id reported: 143937733; UID 10077; state: ENABLED
12-14 03:22:33.453 1483 1610 I ActivityManager: Start proc 3952:com.qti.ltebc/u0a77 for broadcast {com.qti.ltebc/com.qualcomm.ltebc.LTEBroadcastAlarmReceiver}
01-01 10:04:36.534 0 0 I binder : 3952:3952 ioctl 40046210 7fe6bbc0e4 returned -22
12-14 03:22:33.480 1483 1960 D CompatibilityChangeReporter: Compat change id reported: 168419799; UID 10077; state: DISABLED
01-01 10:04:36.554 0 0 D : mv2112_read_status
01-01 10:04:36.554 0 0 D mv2112_update_link: 3.0x901(1G): 0x80
01-01 10:04:36.554 0 0 D mv2112_update_link: 3.0x8109(100M): 0x8
01-01 10:04:36.554 0 0 D mv2112_update_link: link 0x0
01-01 10:04:36.554 0 0 D mv2112_read_status: autoneg is disabled
12-14 03:22:33.549 1483 1483 I GameModeConfig: isGameModeOn = false
12-14 03:22:33.552 1483 1483 W NotificationHistory: Attempted to add notif for locked/gone/disabled user 0
01-01 10:04:36.650 0 0 I binder : 2211:3967 ioctl 40046210 7911030f04 returned -22
01-01 10:04:36.661 0 0 I : tsnv nv_initialize successfully!
01-01 10:04:36.724 0 0 I init : processing action (sys.tlog.pstore.active=1) from (/system/etc/init/tlogd.rc:122)
01-01 10:04:36.725 0 0 I init : Command 'start pstore_save' action=sys.tlog.pstore.active=1 (/system/etc/init/tlogd.rc:124) took 0ms and failed: Could not start service: Could not get process context
12-14 03:22:33.769 1483 1912 I GameModeConfig: isGameModeOn = false
12-14 03:22:33.837 1483 1524 D CompatibilityChangeReporter: Compat change id reported: 135634846; UID 10055; state: DISABLED
12-14 03:22:33.837 1483 1524 D CompatibilityChangeReporter: Compat change id reported: 177438394; UID 10055; state: DISABLED
12-14 03:22:33.837 1483 1524 D CompatibilityChangeReporter: Compat change id reported: 135772972; UID 10055; state: DISABLED
12-14 03:22:33.837 1483 1524 D CompatibilityChangeReporter: Compat change id reported: 135754954; UID 10055; state: DISABLED
12-14 03:22:33.838 1483 1610 D CompatibilityChangeReporter: Compat change id reported: 143937733; UID 10055; state: DISABLED
12-14 03:22:33.850 1483 1610 I ActivityManager: Start proc 3984:com.qualcomm.qti.qms.service.trustzoneaccess/u0a55 for service {com.qualcomm.qti.qms.service.trustzoneaccess/com.qualcomm.qti.qms.service.trustzoneaccess.TZAccessService}
01-01 10:04:36.931 0 0 I binder : 3984:3984 ioctl 40046210 7fe6bbc0e4 returned -22
12-14 03:22:33.879 1483 1524 D CompatibilityChangeReporter: Compat change id reported: 168419799; UID 10055; state: DISABLED
12-14 03:22:33.994 1483 1960 I ActivityManager: Process com.qti.ltebc (pid 3952) has died: cch+5 CEM
01-01 10:04:37.578 0 0 D : mv2112_read_status
01-01 10:04:37.578 0 0 D mv2112_update_link: 3.0x901(1G): 0x80
01-01 10:04:37.578 0 0 D mv2112_update_link: 3.0x8109(100M): 0x8
01-01 10:04:37.578 0 0 D mv2112_update_link: link 0x0
01-01 10:04:37.578 0 0 D mv2112_read_status: autoneg is disabled
01-01 10:04:37.913 0 0 I init : Untracked pid 4022 exited with status 0
12-14 03:22:35.062 1483 1912 I GameModeConfig: isGameModeOn = false
12-14 03:22:35.234 1483 1912 I GameModeConfig: isGameModeOn = false
12-14 03:22:35.234 1483 1912 I GameModeConfig: isGameModeOn = false
12-14 03:22:35.234 1483 1912 I GameModeConfig: isGameModeOn = false
12-14 03:22:35.234 1483 1912 I GameModeConfig: isGameModeOn = false
12-14 03:22:35.332 1483 1912 I GameModeConfig: isGameModeOn = false
12-14 03:22:35.333 1483 1912 I GameModeConfig: isGameModeOn = false
12-14 03:22:35.536 1483 1912 I GameModeConfig: isGameModeOn = false
12-14 03:22:35.536 1483 1912 I GameModeConfig: isGameModeOn = false
01-01 10:04:38.602 0 0 D : mv2112_read_status
01-01 10:04:38.602 0 0 D mv2112_update_link: 3.0x901(1G): 0x80
01-01 10:04:38.602 0 0 D mv2112_update_link: 3.0x8109(100M): 0x8
01-01 10:04:38.602 0 0 D mv2112_update_link: link 0x0
01-01 10:04:38.602 0 0 D mv2112_read_status: autoneg is disabled
12-14 03:22:35.545 1483 1912 I GameModeConfig: isGameModeOn = false
12-14 03:22:35.545 1483 1912 I GameModeConfig: isGameModeOn = false
12-14 03:22:35.554 1483 1912 I GameModeConfig: isGameModeOn = false
12-14 03:22:35.554 1483 1912 I GameModeConfig: isGameModeOn = false
12-14 03:22:35.616 1483 1912 I GameModeConfig: isGameModeOn = false
12-14 03:22:35.616 1483 1912 I GameModeConfig: isGameModeOn = false
12-14 03:22:35.618 1483 1912 I GameModeConfig: isGameModeOn = false
12-14 03:22:35.618 1483 1912 I GameModeConfig: isGameModeOn = false
12-14 03:22:35.632 1483 1912 I GameModeConfig: isGameModeOn = false
12-14 03:22:35.633 1483 1912 I GameModeConfig: isGameModeOn = false
12-14 03:22:36.558 1483 1912 I GameModeConfig: isGameModeOn = false
12-14 03:22:36.559 1483 1912 I GameModeConfig: isGameModeOn = false
12-14 03:22:36.559 1483 1912 I GameModeConfig: isGameModeOn = false
12-14 03:22:36.559 1483 1912 I GameModeConfig: isGameModeOn = false
01-01 10:04:39.626 0 0 D : mv2112_read_status
01-01 10:04:39.626 0 0 D mv2112_update_link: 3.0x901(1G): 0x80
01-01 10:04:39.626 0 0 D mv2112_update_link: 3.0x8109(100M): 0x8
01-01 10:04:39.626 0 0 D mv2112_update_link: link 0x0
01-01 10:04:39.626 0 0 D mv2112_read_status: autoneg is disabled
12-14 03:22:36.887 1483 1912 I GameModeConfig: isGameModeOn = false
12-14 03:22:36.887 1483 1912 I GameModeConfig: isGameModeOn = false
01-01 10:04:40.654 0 0 D : mv2112_read_status
01-01 10:04:40.654 0 0 D mv2112_update_link: 3.0x901(1G): 0x80
01-01 10:04:40.654 0 0 D mv2112_update_link: 3.0x8109(100M): 0x8
01-01 10:04:40.654 0 0 D mv2112_update_link: link 0x0
01-01 10:04:40.654 0 0 D mv2112_read_status: autoneg is disabled
01-01 10:04:41.674 0 0 D : mv2112_read_status
01-01 10:04:41.674 0 0 D mv2112_update_link: 3.0x901(1G): 0x80
01-01 10:04:41.674 0 0 D mv2112_update_link: 3.0x8109(100M): 0x8
01-01 10:04:41.674 0 0 D mv2112_update_link: link 0x0
01-01 10:04:41.674 0 0 D mv2112_read_status: autoneg is disabled
12-14 03:22:38.765 1483 1912 I GameModeConfig: isGameModeOn = false
12-14 03:22:38.765 1483 1912 I GameModeConfig: isGameModeOn = false
01-01 10:04:42.698 0 0 D : mv2112_read_status
01-01 10:04:42.698 0 0 D mv2112_update_link: 3.0x901(1G): 0x80
01-01 10:04:42.698 0 0 D mv2112_update_link: 3.0x8109(100M): 0x8
01-01 10:04:42.698 0 0 D mv2112_update_link: link 0x0
01-01 10:04:42.698 0 0 D mv2112_read_status: autoneg is disabled
01-01 10:04:43.722 0 0 D : mv2112_read_status
01-01 10:04:43.722 0 0 D mv2112_update_link: 3.0x901(1G): 0x80
01-01 10:04:43.722 0 0 D mv2112_update_link: 3.0x8109(100M): 0x8
01-01 10:04:43.722 0 0 D mv2112_update_link: link 0x0
01-01 10:04:43.722 0 0 D mv2112_read_status: autoneg is disabled
12-14 03:22:40.733 1483 1609 I ActivityManager: Waited long enough for: ServiceRecord{9584095 u0 com.qti.diagservices/.QTIDiagServices}
01-01 10:04:44.746 0 0 D : mv2112_read_status
01-01 10:04:44.746 0 0 D mv2112_update_link: 3.0x901(1G): 0x80
01-01 10:04:44.746 0 0 D mv2112_update_link: 3.0x8109(100M): 0x8
01-01 10:04:44.746 0 0 D mv2112_update_link: link 0x0
01-01 10:04:44.746 0 0 D mv2112_read_status: autoneg is disabled
01-01 10:04:45.770 0 0 D : mv2112_read_status
01-01 10:04:45.771 0 0 D mv2112_update_link: 3.0x901(1G): 0x80
01-01 10:04:45.771 0 0 D mv2112_update_link: 3.0x8109(100M): 0x8
01-01 10:04:45.771 0 0 D mv2112_update_link: link 0x0
01-01 10:04:45.771 0 0 D mv2112_read_status: autoneg is disabled
12-14 03:22:43.352 1483 1912 I GameModeConfig: isGameModeOn = false
12-14 03:22:43.355 1483 1912 I GameModeConfig: isGameModeOn = false
12-14 03:22:43.551 1483 1912 I GameModeConfig: isGameModeOn = false
12-14 03:22:43.710 1483 1609 I ActivityManager: Waited long enough for: ServiceRecord{8a77a85 u0 com.thundercomm.gamemode/.ingame.services.ActivityMonitoringService}
01-01 10:04:46.794 0 0 D : mv2112_read_status
01-01 10:04:46.794 0 0 D mv2112_update_link: 3.0x901(1G): 0x80
01-01 10:04:46.794 0 0 D mv2112_update_link: 3.0x8109(100M): 0x8
01-01 10:04:46.794 0 0 D mv2112_update_link: link 0x0
01-01 10:04:46.794 0 0 D mv2112_read_status: autoneg is disabled
12-14 03:22:43.742 1483 1609 I ActivityManager: Waited long enough for: ServiceRecord{f47ae7 u0 com.thundercomm.gamemode/.ingame.services.GameModeService}
01-01 10:04:47.690 0 0 I display_panel_avdd: disabling
01-01 10:04:47.691 0 0 I vdd_tof : disabling
01-01 10:04:47.818 0 0 D : mv2112_read_status
01-01 10:04:47.818 0 0 D mv2112_update_link: 3.0x901(1G): 0x80
01-01 10:04:47.818 0 0 D mv2112_update_link: 3.0x8109(100M): 0x8
01-01 10:04:47.818 0 0 D mv2112_update_link: link 0x0
01-01 10:04:47.818 0 0 D mv2112_read_status: autoneg is disabled
01-01 10:04:48.842 0 0 D : mv2112_read_status
01-01 10:04:48.842 0 0 D mv2112_update_link: 3.0x901(1G): 0x80
01-01 10:04:48.842 0 0 D mv2112_update_link: 3.0x8109(100M): 0x8
01-01 10:04:48.842 0 0 D mv2112_update_link: link 0x0
01-01 10:04:48.842 0 0 D mv2112_read_status: autoneg is disabled
01-01 10:04:49.866 0 0 D : mv2112_read_status
01-01 10:04:49.866 0 0 D mv2112_update_link: 3.0x901(1G): 0x80
01-01 10:04:49.866 0 0 D mv2112_update_link: 3.0x8109(100M): 0x8
01-01 10:04:49.866 0 0 D mv2112_update_link: link 0x0
01-01 10:04:49.866 0 0 D mv2112_read_status: autoneg is disabled
01-01 10:04:50.890 0 0 D : mv2112_read_status
01-01 10:04:50.890 0 0 D mv2112_update_link: 3.0x901(1G): 0x80
01-01 10:04:50.891 0 0 D mv2112_update_link: 3.0x8109(100M): 0x8
01-01 10:04:50.891 0 0 D mv2112_update_link: link 0x0
01-01 10:04:50.891 0 0 D mv2112_read_status: autoneg is disabled
01-01 10:04:51.918 0 0 D : mv2112_read_status
01-01 10:04:51.918 0 0 D mv2112_update_link: 3.0x901(1G): 0x80
01-01 10:04:51.918 0 0 D mv2112_update_link: 3.0x8109(100M): 0x8
01-01 10:04:51.918 0 0 D mv2112_update_link: link 0x0
01-01 10:04:51.918 0 0 D mv2112_read_status: autoneg is disabled
01-01 10:04:52.938 0 0 D : mv2112_read_status
01-01 10:04:52.938 0 0 D mv2112_update_link: 3.0x901(1G): 0x80
01-01 10:04:52.938 0 0 D mv2112_update_link: 3.0x8109(100M): 0x8
01-01 10:04:52.938 0 0 D mv2112_update_link: link 0x0
01-01 10:04:52.938 0 0 D mv2112_read_status: autoneg is disabled
12-14 03:22:49.997 1483 1960 W ActivityManager: Unable to start service Intent { act=android.intent.action.START_LEBO_SERVICE pkg=com.hpplay.happyplay.aw } U=0: not found
01-01 10:04:53.962 0 0 D : mv2112_read_status
01-01 10:04:53.962 0 0 D mv2112_update_link: 3.0x901(1G): 0x80
01-01 10:04:53.962 0 0 D mv2112_update_link: 3.0x8109(100M): 0x8
01-01 10:04:53.962 0 0 D mv2112_update_link: link 0x0
01-01 10:04:53.962 0 0 D mv2112_read_status: autoneg is disabled
01-01 10:04:54.986 0 0 D : mv2112_read_status
01-01 10:04:54.986 0 0 D mv2112_update_link: 3.0x901(1G): 0x80
01-01 10:04:54.987 0 0 D mv2112_update_link: 3.0x8109(100M): 0x8
01-01 10:04:54.987 0 0 D mv2112_update_link: link 0x0
01-01 10:04:54.987 0 0 D mv2112_read_status: autoneg is disabled
01-01 10:04:56.010 0 0 D : mv2112_read_status
01-01 10:04:56.010 0 0 D mv2112_update_link: 3.0x901(1G): 0x80
01-01 10:04:56.010 0 0 D mv2112_update_link: 3.0x8109(100M): 0x8
01-01 10:04:56.010 0 0 D mv2112_update_link: link 0x0
01-01 10:04:56.010 0 0 D mv2112_read_status: autoneg is disabled
01-01 10:04:56.909 0 0 I msm_vidc: high: 00000001: h264d: Closed video instance: 0000000000000000
01-01 10:04:56.929 0 0 E q6asm_callback: cmd = 0x10bce returned error = 0xa
01-01 10:04:56.929 0 0 E __q6asm_cmd: DSP returned error[ADSP_ENOTREADY] opcode 68558
01-01 10:04:56.931 0 0 I afe_close: port_id = 0x9000
01-01 10:04:56.967 0 0 I init : Service 'bootanim' (pid 1095) exited with status 0 oneshot service took 34.904999 seconds in background
01-01 10:04:56.967 0 0 I init : Sending signal 9 to service 'bootanim' (pid 1095) process group...
01-01 10:04:56.968 0 0 I libprocessgroup: Successfully killed process cgroup uid 1003 pid 1095 in 0ms
01-01 10:04:57.034 0 0 D : mv2112_read_status
01-01 10:04:57.034 0 0 D mv2112_update_link: 3.0x901(1G): 0x80
01-01 10:04:57.034 0 0 D mv2112_update_link: 3.0x8109(100M): 0x8
01-01 10:04:57.034 0 0 D mv2112_update_link: link 0x0
01-01 10:04:57.034 0 0 D mv2112_read_status: autoneg is disabled
01-01 10:04:58.058 0 0 D : mv2112_read_status
01-01 10:04:58.058 0 0 D mv2112_update_link: 3.0x901(1G): 0x80
01-01 10:04:58.058 0 0 D mv2112_update_link: 3.0x8109(100M): 0x8
01-01 10:04:58.058 0 0 D mv2112_update_link: link 0x0
01-01 10:04:58.058 0 0 D mv2112_read_status: autoneg is disabled
01-01 10:04:58.412 0 0 I msm_vidc: err : ffffffff: .....: DBLP Set: status 0
01-01 10:04:59.082 0 0 D : mv2112_read_status
01-01 10:04:59.082 0 0 D mv2112_update_link: 3.0x901(1G): 0x80
01-01 10:04:59.083 0 0 D mv2112_update_link: 3.0x8109(100M): 0x8
01-01 10:04:59.083 0 0 D mv2112_update_link: link 0x0
01-01 10:04:59.083 0 0 D mv2112_read_status: autoneg is disabled
01-01 10:05:00.106 0 0 D : mv2112_read_status
01-01 10:05:00.106 0 0 D mv2112_update_link: 3.0x901(1G): 0x80
01-01 10:05:00.106 0 0 D mv2112_update_link: 3.0x8109(100M): 0x8
01-01 10:05:00.106 0 0 D mv2112_update_link: link 0x0
01-01 10:05:00.106 0 0 D mv2112_read_status: autoneg is disabled
01-01 10:05:01.130 0 0 D : mv2112_read_status
01-01 10:05:01.130 0 0 D mv2112_update_link: 3.0x901(1G): 0x80
01-01 10:05:01.130 0 0 D mv2112_update_link: 3.0x8109(100M): 0x8
01-01 10:05:01.130 0 0 D mv2112_update_link: link 0x0
01-01 10:05:01.130 0 0 D mv2112_read_status: autoneg is disabled
01-01 10:05:02.077 0 0 I [schedu][0x39a1ae36][03:22:59.016721] wlan: [3332:I:WMA] [03:22:58.854000] [NEIGH_RPT_REQ] VDEV[0]
01-01 10:05:02.077 0 0 I [schedu][0x39a1af80][03:22:59.016738] wlan: [3332:I:WMA] [03:22:58.996000] [NEIGH_RPT_RSP] VDEV[0] { 2462 }
01-01 10:05:02.154 0 0 D : mv2112_read_status
01-01 10:05:02.154 0 0 D mv2112_update_link: 3.0x901(1G): 0x80
01-01 10:05:02.154 0 0 D mv2112_update_link: 3.0x8109(100M): 0x8
01-01 10:05:02.154 0 0 D mv2112_update_link: link 0x0
01-01 10:05:02.154 0 0 D mv2112_read_status: autoneg is disabled
01-01 10:05:03.178 0 0 D : mv2112_read_status
01-01 10:05:03.178 0 0 D mv2112_update_link: 3.0x901(1G): 0x80
01-01 10:05:03.178 0 0 D mv2112_update_link: 3.0x8109(100M): 0x8
01-01 10:05:03.178 0 0 D mv2112_update_link: link 0x0
01-01 10:05:03.178 0 0 D mv2112_read_status: autoneg is disabled
01-01 10:05:04.202 0 0 D : mv2112_read_status
01-01 10:05:04.202 0 0 D mv2112_update_link: 3.0x901(1G): 0x80
01-01 10:05:04.202 0 0 D mv2112_update_link: 3.0x8109(100M): 0x8
01-01 10:05:04.202 0 0 D mv2112_update_link: link 0x0
01-01 10:05:04.202 0 0 D mv2112_read_status: autoneg is disabled
12-14 03:23:01.863 1483 1960 I ActivityTaskManager: START u0 {act=android.intent.action.MAIN cat=[android.intent.category.LAUNCHER] flg=0x10200000 cmp=com.android.settings/.Settings bnds=[2128,710][2314,910]} from uid 10080
12-14 03:23:01.868 1483 1960 W ActivityTaskManager: Can't find TaskDisplayArea to determine support for multi window. Task id=20 attached=false
12-14 03:23:01.871 1483 1960 D CompatibilityChangeReporter: Compat change id reported: 174042980; UID 1000; state: DISABLED
12-14 03:23:01.890 2011 2111 W StartingSurfaceDrawer: Window background is transparent, fill background with black color
12-14 03:23:01.897 1483 2935 I ActivityTaskManager: FOREGROUND_APPLICATION_CHANGED to com.android.settings.homepage.SettingsHomepageActivity
12-14 03:23:01.898 1483 2935 I ActivityTaskManager: The Process com.android.settings Already Exists in BG. So sending its PID: 2381
12-14 03:23:01.898 1483 2935 W ActivityTaskManager: Tried to set launchTime (0) < mLastActivityLaunchTime (12748)
12-14 03:23:01.900 1483 2935 D CompatibilityChangeReporter: Compat change id reported: 181136395; UID 1000; state: DISABLED
12-14 03:23:01.900 1483 2935 D CompatibilityChangeReporter: Compat change id reported: 174042936; UID 1000; state: DISABLED
12-14 03:23:01.931 3783 3800 W ContextImpl: Calling a method in the system process without a qualified user: android.app.ContextImpl.startService:1816 android.content.ContextWrapper.startService:774 com.thundercomm.gamemode.ingame.services.GameModeActionUtils.startGameModeService:99 com.thundercomm.gamemode.ingame.services.GameModeActionUtils.startGameModeEntry:22 com.thundercomm.gamemode.ingame.services.ActivityMonitoringService$1.onActivityLaunch:127
12-14 03:23:01.946 1483 1483 I GameModeConfig: Current uri is uri = content://com.thundercomm.gamemode.api/gamemode_settings/gamemode_isgaming
12-14 03:23:01.950 1483 1483 I GameModeConfig: isGameModeOn = false
12-14 03:23:01.951 1483 1483 I GameModeConfig: isGameModeOn = false
12-14 03:23:01.951 1483 1483 I GameModeConfig: isDisableVoice = true
12-14 03:23:02.016 3783 3800 W ContextImpl: Calling a method in the system process without a qualified user: android.app.ContextImpl.startService:1816 android.content.ContextWrapper.startService:774 com.thundercomm.gamemode.ingame.services.GameModeActionUtils.startGameModeService:99 com.thundercomm.gamemode.ingame.services.GameModeActionUtils.startGameModeEntry:22 com.thundercomm.gamemode.ingame.services.ActivityMonitoringService$1.onActivityLaunch:127
12-14 03:23:02.020 1483 1483 I GameModeConfig: Current uri is uri = content://com.thundercomm.gamemode.api/gamemode_settings/gamemode_isgaming
12-14 03:23:02.021 1483 1483 I GameModeConfig: isGameModeOn = false
12-14 03:23:02.022 1483 1483 I GameModeConfig: isGameModeOn = false
12-14 03:23:02.022 1483 1483 I GameModeConfig: isDisableVoice = true
12-14 03:23:02.080 1483 1524 E UserRestrictionsUtils: Unknown restriction queried by uid 1000 (com.android.dynsystem et al): null
12-14 03:23:02.080 1483 1524 E UserRestrictionsUtils: Unknown restriction queried by uid 1000 (com.android.dynsystem et al): null
12-14 03:23:02.081 1483 1524 E UserRestrictionsUtils: Unknown restriction queried by uid 1000 (com.android.dynsystem et al): null
12-14 03:23:02.081 1483 1524 E UserRestrictionsUtils: Unknown restriction queried by uid 1000 (com.android.dynsystem et al): null
12-14 03:23:02.081 1483 1524 E UserRestrictionsUtils: Unknown restriction queried by uid 1000 (com.android.dynsystem et al): null
12-14 03:23:02.081 1483 1524 E UserRestrictionsUtils: Unknown restriction queried by uid 1000 (com.android.dynsystem et al): null
12-14 03:23:02.082 1483 1524 E UserRestrictionsUtils: Unknown restriction queried by uid 1000 (com.android.dynsystem et al): null
12-14 03:23:02.082 1483 1524 E UserRestrictionsUtils: Unknown restriction queried by uid 1000 (com.android.dynsystem et al): null
12-14 03:23:02.082 1483 1524 E UserRestrictionsUtils: Unknown restriction queried by uid 1000 (com.android.dynsystem et al): null
12-14 03:23:02.082 1483 1524 E UserRestrictionsUtils: Unknown restriction queried by uid 1000 (com.android.dynsystem et al): null
12-14 03:23:02.082 1483 1524 E UserRestrictionsUtils: Unknown restriction queried by uid 1000 (com.android.dynsystem et al): null
12-14 03:23:02.083 1483 1524 E UserRestrictionsUtils: Unknown restriction queried by uid 1000 (com.android.dynsystem et al): null
12-14 03:23:02.083 1483 1524 E UserRestrictionsUtils: Unknown restriction queried by uid 1000 (com.android.dynsystem et al): null
12-14 03:23:02.083 1483 1524 E UserRestrictionsUtils: Unknown restriction queried by uid 1000 (com.android.dynsystem et al): null
12-14 03:23:02.083 1483 1524 E UserRestrictionsUtils: Unknown restriction queried by uid 1000 (com.android.dynsystem et al): null
12-14 03:23:02.084 1483 1524 E UserRestrictionsUtils: Unknown restriction queried by uid 1000 (com.android.dynsystem et al): null
12-14 03:23:02.084 1483 1524 E UserRestrictionsUtils: Unknown restriction queried by uid 1000 (com.android.dynsystem et al): null
12-14 03:23:02.084 1483 1524 E UserRestrictionsUtils: Unknown restriction queried by uid 1000 (com.android.dynsystem et al): null
01-01 10:05:05.226 0 0 D : mv2112_read_status
01-01 10:05:05.226 0 0 D mv2112_update_link: 3.0x901(1G): 0x80
01-01 10:05:05.226 0 0 D mv2112_update_link: 3.0x8109(100M): 0x8
01-01 10:05:05.226 0 0 D mv2112_update_link: link 0x0
01-01 10:05:05.226 0 0 D mv2112_read_status: autoneg is disabled
12-14 03:23:02.279 1483 2935 E UserRestrictionsUtils: Unknown restriction queried by uid 1000 (com.android.dynsystem et al): null
01-01 10:05:05.515 0 0 I [schedu][0x3d90efac][03:23:02.454820] wlan: [3332:I:OSIF] scan start scan id 40962
12-14 03:23:02.527 3783 3800 W ContextImpl: Calling a method in the system process without a qualified user: android.app.ContextImpl.startService:1816 android.content.ContextWrapper.startService:774 com.thundercomm.gamemode.ingame.services.GameModeActionUtils.startGameModeService:99 com.thundercomm.gamemode.ingame.services.GameModeActionUtils.startGameModeEntry:22 com.thundercomm.gamemode.ingame.services.ActivityMonitoringService$1.onActivityLaunch:127
12-14 03:23:02.531 1483 1483 I GameModeConfig: Current uri is uri = content://com.thundercomm.gamemode.api/gamemode_settings/gamemode_isgaming
12-14 03:23:02.532 1483 1483 I GameModeConfig: isGameModeOn = false
12-14 03:23:02.532 1483 1483 I GameModeConfig: isGameModeOn = false
12-14 03:23:02.532 1483 1483 I GameModeConfig: isDisableVoice = true
01-01 10:05:06.250 0 0 D : mv2112_read_status
01-01 10:05:06.250 0 0 D mv2112_update_link: 3.0x901(1G): 0x80
01-01 10:05:06.250 0 0 D mv2112_update_link: 3.0x8109(100M): 0x8
01-01 10:05:06.250 0 0 D mv2112_update_link: link 0x0
01-01 10:05:06.250 0 0 D mv2112_read_status: autoneg is disabled
01-01 10:05:07.199 0 0 I [schedu][0x3f7e6c8b][03:23:04.139258] wlan: [3332:I:OSIF] vdev 0, scan id 40962 type COMPLETED(1) reason COMPLETED(1) scan found 107 bss
01-01 10:05:07.276 0 0 D : mv2112_read_status
01-01 10:05:07.276 0 0 D mv2112_update_link: 3.0x901(1G): 0x80
01-01 10:05:07.276 0 0 D mv2112_update_link: 3.0x8109(100M): 0x8
01-01 10:05:07.276 0 0 D mv2112_update_link: link 0x0
01-01 10:05:07.276 0 0 D mv2112_read_status: autoneg is disabled
12-14 03:23:05.155 1483 1609 W BroadcastQueue: Permission Denial: broadcasting Intent { act=android.net.conn.CONNECTIVITY_CHANGE flg=0x4200010 (has extras) } from null (pid=-1, uid=-1) requires android.permission.CHANGE_NETWORK_STATE due to registered receiver BroadcastFilter{2694b07 1000/u0 ReceiverList{1f0ad46 2381 com.android.settings/1000/u0 remote:b114521}}
12-14 03:23:05.155 1483 1609 W BroadcastQueue: Permission Denial: broadcasting Intent { act=android.net.wifi.STATE_CHANGE flg=0x4000010 (has extras) } from null (pid=-1, uid=-1) requires android.permission.CHANGE_NETWORK_STATE due to registered receiver BroadcastFilter{2694b07 1000/u0 ReceiverList{1f0ad46 2381 com.android.settings/1000/u0 remote:b114521}}
12-14 03:23:05.156 1483 1609 W BroadcastQueue: Permission Denial: broadcasting Intent { act=android.net.conn.CONNECTIVITY_CHANGE flg=0x4200010 (has extras) } from null (pid=-1, uid=-1) requires android.permission.CHANGE_NETWORK_STATE due to registered receiver BroadcastFilter{fa57d2 1000/u0 ReceiverList{9c125d 2381 com.android.settings/1000/u0 remote:a1b4434}}
12-14 03:23:05.156 1483 1609 W BroadcastQueue: Permission Denial: broadcasting Intent { act=android.net.wifi.STATE_CHANGE flg=0x4000010 (has extras) } from null (pid=-1, uid=-1) requires android.permission.CHANGE_NETWORK_STATE due to registered receiver BroadcastFilter{fa57d2 1000/u0 ReceiverList{9c125d 2381 com.android.settings/1000/u0 remote:a1b4434}}
01-01 10:05:08.299 0 0 D : mv2112_read_status
01-01 10:05:08.299 0 0 D mv2112_update_link: 3.0x901(1G): 0x80
01-01 10:05:08.299 0 0 D mv2112_update_link: 3.0x8109(100M): 0x8
01-01 10:05:08.299 0 0 D mv2112_update_link: link 0x0
01-01 10:05:08.299 0 0 D mv2112_read_status: autoneg is disabled
12-14 03:23:05.895 1483 2798 E TaskPersister: File error accessing recents directory (directory doesn't exist?).
01-01 10:05:09.326 0 0 D : mv2112_read_status
01-01 10:05:09.326 0 0 D mv2112_update_link: 3.0x901(1G): 0x80
01-01 10:05:09.326 0 0 D mv2112_update_link: 3.0x8109(100M): 0x8
01-01 10:05:09.326 0 0 D mv2112_update_link: link 0x0
01-01 10:05:09.326 0 0 D mv2112_read_status: autoneg is disabled
01-01 10:05:10.346 0 0 D : mv2112_read_status
01-01 10:05:10.346 0 0 D mv2112_update_link: 3.0x901(1G): 0x80
01-01 10:05:10.346 0 0 D mv2112_update_link: 3.0x8109(100M): 0x8
01-01 10:05:10.346 0 0 D mv2112_update_link: link 0x0
01-01 10:05:10.346 0 0 D mv2112_read_status: autoneg is disabled
01-01 10:05:11.370 0 0 D : mv2112_read_status
01-01 10:05:11.370 0 0 D mv2112_update_link: 3.0x901(1G): 0x80
01-01 10:05:11.370 0 0 D mv2112_update_link: 3.0x8109(100M): 0x8
01-01 10:05:11.370 0 0 D mv2112_update_link: link 0x0
01-01 10:05:11.370 0 0 D mv2112_read_status: autoneg is disabled
12-14 03:23:09.122 1483 1609 W BroadcastQueue: Permission Denial: broadcasting Intent { act=android.net.conn.CONNECTIVITY_CHANGE flg=0x4200010 (has extras) } from null (pid=-1, uid=-1) requires com.baidu.input.permission.sofire.RECEIVE due to registered receiver BroadcastFilter{21503f7 10032/u0 ReceiverList{8e4f3f6 3157 com.baidu.input/10032/u0 remote:b84b891}}
01-01 10:05:12.394 0 0 D : mv2112_read_status
01-01 10:05:12.395 0 0 D mv2112_update_link: 3.0x901(1G): 0x80
01-01 10:05:12.395 0 0 D mv2112_update_link: 3.0x8109(100M): 0x8
01-01 10:05:12.395 0 0 D mv2112_update_link: link 0x0
01-01 10:05:12.395 0 0 D mv2112_read_status: autoneg is disabled
01-01 10:05:13.418 0 0 D : mv2112_read_status
01-01 10:05:13.418 0 0 D mv2112_update_link: 3.0x901(1G): 0x80
01-01 10:05:13.418 0 0 D mv2112_update_link: 3.0x8109(100M): 0x8
01-01 10:05:13.418 0 0 D mv2112_update_link: link 0x0
01-01 10:05:13.418 0 0 D mv2112_read_status: autoneg is disabled
01-01 10:05:14.442 0 0 D : mv2112_read_status
01-01 10:05:14.442 0 0 D mv2112_update_link: 3.0x901(1G): 0x80
01-01 10:05:14.443 0 0 D mv2112_update_link: 3.0x8109(100M): 0x8
01-01 10:05:14.443 0 0 D mv2112_update_link: link 0x0
01-01 10:05:14.443 0 0 D mv2112_read_status: autoneg is disabled
01-01 10:05:15.466 0 0 D : mv2112_read_status
01-01 10:05:15.466 0 0 D mv2112_update_link: 3.0x901(1G): 0x80
01-01 10:05:15.466 0 0 D mv2112_update_link: 3.0x8109(100M): 0x8
01-01 10:05:15.466 0 0 D mv2112_update_link: link 0x0
01-01 10:05:15.466 0 0 D mv2112_read_status: autoneg is disabled
01-01 10:05:16.490 0 0 D : mv2112_read_status
01-01 10:05:16.490 0 0 D mv2112_update_link: 3.0x901(1G): 0x80
01-01 10:05:16.490 0 0 D mv2112_update_link: 3.0x8109(100M): 0x8
01-01 10:05:16.490 0 0 D mv2112_update_link: link 0x0
01-01 10:05:16.490 0 0 D mv2112_read_status: autoneg is disabled
01-01 10:05:17.514 0 0 D : mv2112_read_status
01-01 10:05:17.514 0 0 D mv2112_update_link: 3.0x901(1G): 0x80
01-01 10:05:17.514 0 0 D mv2112_update_link: 3.0x8109(100M): 0x8
01-01 10:05:17.514 0 0 D mv2112_update_link: link 0x0
01-01 10:05:17.514 0 0 D mv2112_read_status: autoneg is disabled
01-01 10:05:18.538 0 0 D : mv2112_read_status
01-01 10:05:18.538 0 0 D mv2112_update_link: 3.0x901(1G): 0x80
01-01 10:05:18.538 0 0 D mv2112_update_link: 3.0x8109(100M): 0x8
01-01 10:05:18.538 0 0 D mv2112_update_link: link 0x0
01-01 10:05:18.538 0 0 D mv2112_read_status: autoneg is disabled
01-01 10:05:19.562 0 0 D : mv2112_read_status
01-01 10:05:19.562 0 0 D mv2112_update_link: 3.0x901(1G): 0x80
01-01 10:05:19.562 0 0 D mv2112_update_link: 3.0x8109(100M): 0x8
01-01 10:05:19.562 0 0 D mv2112_update_link: link 0x0
01-01 10:05:19.562 0 0 D mv2112_read_status: autoneg is disabled
01-01 10:05:20.586 0 0 D : mv2112_read_status
01-01 10:05:20.586 0 0 D mv2112_update_link: 3.0x901(1G): 0x80
01-01 10:05:20.587 0 0 D mv2112_update_link: 3.0x8109(100M): 0x8
01-01 10:05:20.587 0 0 D mv2112_update_link: link 0x0
01-01 10:05:20.587 0 0 D mv2112_read_status: autoneg is disabled
01-01 10:05:21.610 0 0 D : mv2112_read_status
01-01 10:05:21.610 0 0 D mv2112_update_link: 3.0x901(1G): 0x80
01-01 10:05:21.610 0 0 D mv2112_update_link: 3.0x8109(100M): 0x8
01-01 10:05:21.610 0 0 D mv2112_update_link: link 0x0
01-01 10:05:21.610 0 0 D mv2112_read_status: autoneg is disabled
01-01 10:05:22.634 0 0 D : mv2112_read_status
01-01 10:05:22.634 0 0 D mv2112_update_link: 3.0x901(1G): 0x80
01-01 10:05:22.635 0 0 D mv2112_update_link: 3.0x8109(100M): 0x8
01-01 10:05:22.635 0 0 D mv2112_update_link: link 0x0
01-01 10:05:22.635 0 0 D mv2112_read_status: autoneg is disabled
01-01 10:05:23.658 0 0 D : mv2112_read_status
01-01 10:05:23.658 0 0 D mv2112_update_link: 3.0x901(1G): 0x80
01-01 10:05:23.659 0 0 D mv2112_update_link: 3.0x8109(100M): 0x8
01-01 10:05:23.659 0 0 D mv2112_update_link: link 0x0
01-01 10:05:23.659 0 0 D mv2112_read_status: autoneg is disabled
01-01 10:05:24.682 0 0 D : mv2112_read_status
01-01 10:05:24.682 0 0 D mv2112_update_link: 3.0x901(1G): 0x80
01-01 10:05:24.683 0 0 D mv2112_update_link: 3.0x8109(100M): 0x8
01-01 10:05:24.683 0 0 D mv2112_update_link: link 0x0
01-01 10:05:24.683 0 0 D mv2112_read_status: autoneg is disabled
01-01 10:05:25.706 0 0 D : mv2112_read_status
01-01 10:05:25.706 0 0 D mv2112_update_link: 3.0x901(1G): 0x80
01-01 10:05:25.706 0 0 D mv2112_update_link: 3.0x8109(100M): 0x8
01-01 10:05:25.706 0 0 D mv2112_update_link: link 0x0
01-01 10:05:25.706 0 0 D mv2112_read_status: autoneg is disabled
12-14 03:23:22.948 1483 1585 D CompatibilityChangeReporter: Compat change id reported: 168419799; UID 10094; state: DISABLED
01-01 10:05:26.730 0 0 D : mv2112_read_status
01-01 10:05:26.730 0 0 D mv2112_update_link: 3.0x901(1G): 0x80
01-01 10:05:26.731 0 0 D mv2112_update_link: 3.0x8109(100M): 0x8
01-01 10:05:26.731 0 0 D mv2112_update_link: link 0x0
01-01 10:05:26.731 0 0 D mv2112_read_status: autoneg is disabled
01-01 10:05:27.754 0 0 D : mv2112_read_status
01-01 10:05:27.754 0 0 D mv2112_update_link: 3.0x901(1G): 0x80
01-01 10:05:27.754 0 0 D mv2112_update_link: 3.0x8109(100M): 0x8
01-01 10:05:27.754 0 0 D mv2112_update_link: link 0x0
01-01 10:05:27.754 0 0 D mv2112_read_status: autoneg is disabled
01-01 10:05:28.778 0 0 D : mv2112_read_status
01-01 10:05:28.778 0 0 D mv2112_update_link: 3.0x901(1G): 0x80
01-01 10:05:28.778 0 0 D mv2112_update_link: 3.0x8109(100M): 0x8
01-01 10:05:28.778 0 0 D mv2112_update_link: link 0x0
01-01 10:05:28.778 0 0 D mv2112_read_status: autoneg is disabled
01-01 10:05:29.802 0 0 D : mv2112_read_status
01-01 10:05:29.802 0 0 D mv2112_update_link: 3.0x901(1G): 0x80
01-01 10:05:29.803 0 0 D mv2112_update_link: 3.0x8109(100M): 0x8
01-01 10:05:29.803 0 0 D mv2112_update_link: link 0x0
01-01 10:05:29.803 0 0 D mv2112_read_status: autoneg is disabled
01-01 10:05:30.827 0 0 D : mv2112_read_status
01-01 10:05:30.827 0 0 D mv2112_update_link: 3.0x901(1G): 0x80
01-01 10:05:30.827 0 0 D mv2112_update_link: 3.0x8109(100M): 0x8
01-01 10:05:30.827 0 0 D mv2112_update_link: link 0x0
01-01 10:05:30.827 0 0 D mv2112_read_status: autoneg is disabled
01-01 10:05:31.850 0 0 D : mv2112_read_status
01-01 10:05:31.850 0 0 D mv2112_update_link: 3.0x901(1G): 0x80
01-01 10:05:31.850 0 0 D mv2112_update_link: 3.0x8109(100M): 0x8
01-01 10:05:31.850 0 0 D mv2112_update_link: link 0x0
01-01 10:05:31.850 0 0 D mv2112_read_status: autoneg is disabled
01-01 10:05:32.874 0 0 D : mv2112_read_status
01-01 10:05:32.874 0 0 D mv2112_update_link: 3.0x901(1G): 0x80
01-01 10:05:32.875 0 0 D mv2112_update_link: 3.0x8109(100M): 0x8
01-01 10:05:32.875 0 0 D mv2112_update_link: link 0x0
01-01 10:05:32.875 0 0 D mv2112_read_status: autoneg is disabled
01-01 10:05:33.898 0 0 D : mv2112_read_status
01-01 10:05:33.898 0 0 D mv2112_update_link: 3.0x901(1G): 0x80
01-01 10:05:33.899 0 0 D mv2112_update_link: 3.0x8109(100M): 0x8
01-01 10:05:33.899 0 0 D mv2112_update_link: link 0x0
01-01 10:05:33.899 0 0 D mv2112_read_status: autoneg is disabled
01-01 10:05:34.922 0 0 D : mv2112_read_status
01-01 10:05:34.922 0 0 D mv2112_update_link: 3.0x901(1G): 0x80
01-01 10:05:34.922 0 0 D mv2112_update_link: 3.0x8109(100M): 0x8
01-01 10:05:34.922 0 0 D mv2112_update_link: link 0x0
01-01 10:05:34.923 0 0 D mv2112_read_status: autoneg is disabled
01-01 10:05:35.946 0 0 D : mv2112_read_status
01-01 10:05:35.946 0 0 D mv2112_update_link: 3.0x901(1G): 0x80
01-01 10:05:35.947 0 0 D mv2112_update_link: 3.0x8109(100M): 0x8
01-01 10:05:35.947 0 0 D mv2112_update_link: link 0x0
01-01 10:05:35.947 0 0 D mv2112_read_status: autoneg is disabled
01-01 10:05:36.970 0 0 D : mv2112_read_status
01-01 10:05:36.970 0 0 D mv2112_update_link: 3.0x901(1G): 0x80
01-01 10:05:36.971 0 0 D mv2112_update_link: 3.0x8109(100M): 0x8
01-01 10:05:36.971 0 0 D mv2112_update_link: link 0x0
01-01 10:05:36.971 0 0 D mv2112_read_status: autoneg is disabled
01-01 10:05:37.994 0 0 D : mv2112_read_status
01-01 10:05:37.994 0 0 D mv2112_update_link: 3.0x901(1G): 0x80
01-01 10:05:37.995 0 0 D mv2112_update_link: 3.0x8109(100M): 0x8
01-01 10:05:37.995 0 0 D mv2112_update_link: link 0x0
01-01 10:05:37.995 0 0 D mv2112_read_status: autoneg is disabled
01-01 10:05:39.018 0 0 D : mv2112_read_status
01-01 10:05:39.018 0 0 D mv2112_update_link: 3.0x901(1G): 0x80
01-01 10:05:39.018 0 0 D mv2112_update_link: 3.0x8109(100M): 0x8
01-01 10:05:39.018 0 0 D mv2112_update_link: link 0x0
01-01 10:05:39.018 0 0 D mv2112_read_status: autoneg is disabled
