01-01 10:04:22.551 1158 1158 I iorapd : Opened existing database at '/data/misc/iorapd/sqlite.db'
01-01 10:04:22.551 1158 1158 W iorapd : Reconnect to package manager service: 1 times
01-01 10:04:23.161 0 0 I binder : 1158:1158 ioctl 40046210 7fdfa95ae4 returned -22
01-01 10:04:23.163 0 0 E ipa3_uc_reg_rdyCB: 2973 bad parm. inout=0000000000000000
01-01 10:04:23.163 0 0 I : wlan_hdd_state wlan major(476) initialized
01-01 10:04:23.163 0 0 D cnss : Start to wait for calibration to complete
01-01 10:04:23.164 0 0 I binder : 1188:1188 ioctl 40046210 7ff3ec3ed4 returned -22
01-01 10:04:23.191 0 0 E msm-dai-fe soc: qcom,msm-dai-fe: ASoC: no sink widget found for AUXPCM_DL_HL
01-01 10:04:23.191 0 0 E msm-dai-fe soc: qcom,msm-dai-fe: ASoC: Failed to add route AUXPCM_HOSTLESS Playback -> direct -> AUXPCM_DL_HL
01-01 10:04:23.191 0 0 E msm-dai-fe soc: qcom,msm-dai-fe: ASoC: no source widget found for AUXPCM_UL_HL
01-01 10:04:23.191 0 0 E msm-dai-fe soc: qcom,msm-dai-fe: ASoC: Failed to add route AUXPCM_UL_HL -> direct -> AUXPCM_HOSTLESS Capture
01-01 10:04:23.191 0 0 I binder : 1190:1190 ioctl 40046210 7fc98f8bd4 returned -22
01-01 10:04:22.595 1193 1193 I installd: installd firing up
01-01 10:04:23.204 0 0 E msm-auxpcm-dev soc: qcom,msm-pri-auxpcm: ASoC: no source widget found for AUX_PCM_RX
01-01 10:04:23.204 0 0 E msm-auxpcm-dev soc: qcom,msm-pri-auxpcm: ASoC: Failed to add route AUX_PCM_RX -> direct -> AUX PCM Playback
01-01 10:04:23.204 0 0 E msm-auxpcm-dev soc: qcom,msm-pri-auxpcm: ASoC: no sink widget found for AUX_PCM_TX
01-01 10:04:23.204 0 0 E msm-auxpcm-dev soc: qcom,msm-pri-auxpcm: ASoC: Failed to add route AUX PCM Capture -> direct -> AUX_PCM_TX
01-01 10:04:23.205 0 0 E msm-auxpcm-dev soc: qcom,msm-sec-auxpcm: ASoC: no source widget found for SEC_AUX_PCM_RX
01-01 10:04:23.205 0 0 E msm-auxpcm-dev soc: qcom,msm-sec-auxpcm: ASoC: Failed to add route SEC_AUX_PCM_RX -> direct -> Sec AUX PCM Playback
01-01 10:04:23.205 0 0 E msm-auxpcm-dev soc: qcom,msm-sec-auxpcm: ASoC: no sink widget found for SEC_AUX_PCM_TX
01-01 10:04:23.205 0 0 E msm-auxpcm-dev soc: qcom,msm-sec-auxpcm: ASoC: Failed to add route Sec AUX PCM Capture -> direct -> SEC_AUX_PCM_TX
01-01 10:04:23.205 0 0 E msm-auxpcm-dev soc: qcom,msm-tert-auxpcm: ASoC: no source widget found for TERT_AUX_PCM_RX
01-01 10:04:23.205 0 0 E msm-auxpcm-dev soc: qcom,msm-tert-auxpcm: ASoC: Failed to add route TERT_AUX_PCM_RX -> direct -> Tert AUX PCM Playback
01-01 10:04:23.205 0 0 E msm-auxpcm-dev soc: qcom,msm-tert-auxpcm: ASoC: no sink widget found for TERT_AUX_PCM_TX
01-01 10:04:23.205 0 0 E msm-auxpcm-dev soc: qcom,msm-tert-auxpcm: ASoC: Failed to add route Tert AUX PCM Capture -> direct -> TERT_AUX_PCM_TX
01-01 10:04:23.205 0 0 E msm-auxpcm-dev soc: qcom,msm-quat-auxpcm: ASoC: no source widget found for QUAT_AUX_PCM_RX
01-01 10:04:23.205 0 0 E msm-auxpcm-dev soc: qcom,msm-quat-auxpcm: ASoC: Failed to add route QUAT_AUX_PCM_RX -> direct -> Quat AUX PCM Playback
01-01 10:04:23.205 0 0 E msm-auxpcm-dev soc: qcom,msm-quat-auxpcm: ASoC: no sink widget found for QUAT_AUX_PCM_TX
01-01 10:04:23.205 0 0 E msm-auxpcm-dev soc: qcom,msm-quat-auxpcm: ASoC: Failed to add route Quat AUX PCM Capture -> direct -> QUAT_AUX_PCM_TX
01-01 10:04:23.205 0 0 E msm-auxpcm-dev soc: qcom,msm-quin-auxpcm: ASoC: no source widget found for QUIN_AUX_PCM_RX
01-01 10:04:23.205 0 0 E msm-auxpcm-dev soc: qcom,msm-quin-auxpcm: ASoC: Failed to add route QUIN_AUX_PCM_RX -> direct -> Quin AUX PCM Playback
01-01 10:04:23.205 0 0 E msm-auxpcm-dev soc: qcom,msm-quin-auxpcm: ASoC: no sink widget found for QUIN_AUX_PCM_TX
01-01 10:04:23.205 0 0 E msm-auxpcm-dev soc: qcom,msm-quin-auxpcm: ASoC: Failed to add route Quin AUX PCM Capture -> direct -> QUIN_AUX_PCM_TX
01-01 10:04:23.205 0 0 E msm-auxpcm-dev soc: qcom,msm-sen-auxpcm: ASoC: no source widget found for SEN_AUX_PCM_RX
01-01 10:04:23.205 0 0 E msm-auxpcm-dev soc: qcom,msm-sen-auxpcm: ASoC: Failed to add route SEN_AUX_PCM_RX -> direct -> Sen AUX PCM Playback
01-01 10:04:23.206 0 0 E msm-auxpcm-dev soc: qcom,msm-sen-auxpcm: ASoC: no sink widget found for SEN_AUX_PCM_TX
01-01 10:04:23.206 0 0 E msm-auxpcm-dev soc: qcom,msm-sen-auxpcm: ASoC: Failed to add route Sen AUX PCM Capture -> direct -> SEN_AUX_PCM_TX
01-01 10:04:23.206 0 0 W msm-dai-q6-hdmi soc: qcom,msm-dai-q6-dp: DAI driver id is not set
01-01 10:04:23.206 0 0 I binder : 1193:1193 ioctl 40046210 7fff76cf14 returned -22
01-01 10:04:23.212 0 0 I binder : 1187:1187 ioctl 40046210 7fcd5115c4 returned -22
01-01 10:04:23.224 0 0 I binder : 1207:1207 ioctl 40046210 7fea842d64 returned -22
01-01 10:04:23.237 0 0 I binder : 1200:1200 ioctl 40046210 7fe2a8b084 returned -22
01-01 10:04:23.240 0 0 W healthd : No battery devices found
01-01 10:04:22.634 0 0 W healthd : battery none chg=
01-01 10:04:22.642 1221 1221 I imsrcsd : Uce Service HAL is starting up...
01-01 10:04:22.643 1221 1221 I imsrcsd : Uce Service HAL loading imsrcsbaseimpl
01-01 10:04:22.649 0 0 I lan743x 0001: 01:00.0 eth0: using MSIX interrupts, number of vectors = 6
01-01 10:04:22.667 0 0 I mv2112_config_aneg: autoneg 1
01-01 10:04:22.667 0 0 I : mv2112_restart_aneg
01-01 10:04:22.668 0 0 D : mv2112_read_status
01-01 10:04:22.668 0 0 D mv2112_update_link: 3.0x901(1G): 0x80
01-01 10:04:22.668 0 0 D mv2112_update_link: 3.0x8109(100M): 0x0
01-01 10:04:22.668 0 0 D mv2112_update_link: link 0x0
01-01 10:04:22.681 0 0 I lan743x 0001: 01:00.0 eth0: successfully registered ptp clock
01-01 10:04:22.682 0 0 I IPv6 : ADDRCONF(NETDEV_UP): eth0: link is not ready
01-01 10:04:22.687 0 0 I binder : 1206:1206 ioctl 40046210 7fdfc11f04 returned -22
01-01 10:04:22.688 0 0 I binder : 1206:1206 ioctl 40046210 7fdfc11e84 returned -22
01-01 10:04:22.687 1206 1206 I wificond: wificond is starting up...
01-01 10:04:22.689 1206 1206 I HidlServiceManagement: Registered android.system.wifi.keystore@1.0::IKeystore/default
01-01 10:04:22.709 0 0 I binder : 1194:1194 ioctl 40046210 7fc80fa364 returned -22
01-01 10:04:22.725 0 0 I binder : 1205:1205 ioctl 40046210 7fecd065d4 returned -22
01-01 10:04:22.733 1221 1221 I imsrcsd : Starting Service for First Time imsbaseimpl
01-01 10:04:22.742 1205 1205 W storaged: health: invalid battery status
01-01 10:04:22.744 0 0 I binder : 1205:1205 ioctl 40046210 7fecd06504 returned -22
01-01 10:04:22.766 1221 1221 I imsrcsd : Interface com.qualcomm.qti.uceservice@2.3::IUceService com.qualcomm.qti.uceservice is found in manifest
01-01 10:04:22.767 1221 1221 I HidlServiceManagement: Registered com.qualcomm.qti.uceservice@2.3::IUceService/com.qualcomm.qti.uceservice (start delay of 167ms)
01-01 10:04:22.775 1221 1221 I imsrcsd : Interface com.qualcomm.qti.imscmservice@2.2::IImsCmService qti.ims.connectionmanagerservice is found in manifest
01-01 10:04:22.803 1221 1221 I HidlServiceManagement: Registered com.qualcomm.qti.imscmservice@2.2::IImsCmService/qti.ims.connectionmanagerservice (start delay of 202ms)
01-01 10:04:22.811 1221 1221 I imsrcsd : Interface vendor.qti.ims.factory@1.1::IImsFactory default is not found in manifest
01-01 10:04:22.828 1221 1221 I imsrcsd : Interface vendor.qti.ims.factory@1.0::IImsFactory default is found in manifest
01-01 10:04:22.829 1221 1221 I HidlServiceManagement: Registered vendor.qti.ims.factory@1.0::IImsFactory/default (start delay of 229ms)
01-01 10:04:22.830 1221 1221 I imsrcsd : Interface vendor.qti.ims.callinfo@1.0::IService default is found in manifest
01-01 10:04:22.832 1221 1221 I HidlServiceManagement: Registered vendor.qti.ims.callinfo@1.0::IService/default (start delay of 232ms)
01-01 10:04:22.832 1221 1221 I imsrcsd : ImsRcsBaseImpl ImsCallInfo After Registering Service
01-01 10:04:22.854 1370 1370 I TLOC : [main ]"TLOC DAEMON main thread"
01-01 10:04:22.854 1370 1370 D TLOC : [TLOCDaemon ]"---------- TLOC Daemon Starts ----------"
01-01 10:04:22.885 0 0 I binder : 1367:1367 ioctl 40046210 7fcfc89324 returned -22
01-01 10:04:22.886 1370 1370 D TLOC : [TLOCChannel]"The channel was initialized successfully for TLOCD"
01-01 10:04:22.898 0 0 I binder : 1184:1184 ioctl 40046210 7ffd34b8d4 returned -22
01-01 10:04:22.899 0 0 I binder : 1184:1184 ioctl 40046210 7ffd34b8f4 returned -22
01-01 10:04:22.908 0 0 I android_work: did not send uevent (0 0 0000000000000000)
01-01 10:04:22.915 0 0 E bolero-codec soc: qcom,msm-audio-apr:qcom,q6core-audio:bolero-cdc: ASoC: unknown pin WSA AIF VI
01-01 10:04:22.920 0 0 I cnss-daemon: NL group_id 10, cnss_nl.family_id 28
01-01 10:04:22.920 0 0 I cnss-daemon: wlfw_start: Starting
01-01 10:04:22.922 0 0 I cnss-daemon: no interop issues ap currently
01-01 10:04:22.923 0 0 I cnss-daemon: wlfw_service_request: Start the pthread: 0x0K
01-01 10:04:22.923 0 0 I cnss-daemon: ro.baseband : [apq]
01-01 10:04:22.923 0 0 I cnss-daemon: Hardware supports external modem
01-01 10:04:22.925 0 0 I cnss-daemon: pm_release_vote: pm_handle is NULL
01-01 10:04:22.925 0 0 I cnss-daemon: pm_release_vote: pm_handle is NULL
01-01 10:04:22.925 0 0 I cnss-daemon: wlfw_build_cal_table: not read /data/vendor/wifi/wlfw_cal_00.bin
01-01 10:04:22.927 0 0 I cnss-daemon: wlfw_build_cal_table: not read /data/vendor/wifi/wlfw_cal_02.bin
01-01 10:04:22.928 0 0 E kona-asoc-snd soc: qcom,msm-audio-apr:qcom,q6core-audio:sound: ASoC: no source widget found for MIC BIAS1
01-01 10:04:22.928 0 0 E kona-asoc-snd soc: qcom,msm-audio-apr:qcom,q6core-audio:sound: ASoC: Failed to add route MIC BIAS1 -> direct -> AMIC1
01-01 10:04:22.928 0 0 E kona-asoc-snd soc: qcom,msm-audio-apr:qcom,q6core-audio:sound: ASoC: no sink widget found for MIC BIAS1
01-01 10:04:22.928 0 0 E kona-asoc-snd soc: qcom,msm-audio-apr:qcom,q6core-audio:sound: ASoC: Failed to add route Analog Mic1 -> direct -> MIC BIAS1
01-01 10:04:22.928 0 0 E kona-asoc-snd soc: qcom,msm-audio-apr:qcom,q6core-audio:sound: ASoC: no source widget found for MIC BIAS2
01-01 10:04:22.928 0 0 E kona-asoc-snd soc: qcom,msm-audio-apr:qcom,q6core-audio:sound: ASoC: Failed to add route MIC BIAS2 -> direct -> AMIC2
01-01 10:04:22.928 0 0 E kona-asoc-snd soc: qcom,msm-audio-apr:qcom,q6core-audio:sound: ASoC: no sink widget found for MIC BIAS2
01-01 10:04:22.928 0 0 E kona-asoc-snd soc: qcom,msm-audio-apr:qcom,q6core-audio:sound: ASoC: Failed to add route Analog Mic2 -> direct -> MIC BIAS2
01-01 10:04:22.928 0 0 E kona-asoc-snd soc: qcom,msm-audio-apr:qcom,q6core-audio:sound: ASoC: no source widget found for MIC BIAS3
01-01 10:04:22.928 0 0 E kona-asoc-snd soc: qcom,msm-audio-apr:qcom,q6core-audio:sound: ASoC: Failed to add route MIC BIAS3 -> direct -> AMIC3
01-01 10:04:22.928 0 0 E kona-asoc-snd soc: qcom,msm-audio-apr:qcom,q6core-audio:sound: ASoC: no sink widget found for MIC BIAS3
01-01 10:04:22.928 0 0 E kona-asoc-snd soc: qcom,msm-audio-apr:qcom,q6core-audio:sound: ASoC: Failed to add route Analog Mic3 -> direct -> MIC BIAS3
01-01 10:04:22.928 0 0 E kona-asoc-snd soc: qcom,msm-audio-apr:qcom,q6core-audio:sound: ASoC: no source widget found for MIC BIAS3
01-01 10:04:22.928 0 0 E kona-asoc-snd soc: qcom,msm-audio-apr:qcom,q6core-audio:sound: ASoC: Failed to add route MIC BIAS3 -> direct -> AMIC4
01-01 10:04:22.928 0 0 E kona-asoc-snd soc: qcom,msm-audio-apr:qcom,q6core-audio:sound: ASoC: no sink widget found for MIC BIAS3
01-01 10:04:22.928 0 0 E kona-asoc-snd soc: qcom,msm-audio-apr:qcom,q6core-audio:sound: ASoC: Failed to add route Analog Mic4 -> direct -> MIC BIAS3
01-01 10:04:22.928 0 0 E kona-asoc-snd soc: qcom,msm-audio-apr:qcom,q6core-audio:sound: ASoC: no source widget found for MIC BIAS4
01-01 10:04:22.928 0 0 E kona-asoc-snd soc: qcom,msm-audio-apr:qcom,q6core-audio:sound: ASoC: Failed to add route MIC BIAS4 -> direct -> AMIC5
01-01 10:04:22.928 0 0 E kona-asoc-snd soc: qcom,msm-audio-apr:qcom,q6core-audio:sound: ASoC: no sink widget found for MIC BIAS4
01-01 10:04:22.928 0 0 E kona-asoc-snd soc: qcom,msm-audio-apr:qcom,q6core-audio:sound: ASoC: Failed to add route Analog Mic5 -> direct -> MIC BIAS4
01-01 10:04:22.928 0 0 E kona-asoc-snd soc: qcom,msm-audio-apr:qcom,q6core-audio:sound: ASoC: no source widget found for MIC BIAS3
01-01 10:04:22.928 0 0 E kona-asoc-snd soc: qcom,msm-audio-apr:qcom,q6core-audio:sound: ASoC: Failed to add route MIC BIAS3 -> direct -> TX DMIC0
01-01 10:04:22.928 0 0 E kona-asoc-snd soc: qcom,msm-audio-apr:qcom,q6core-audio:sound: ASoC: no sink widget found for MIC BIAS3
01-01 10:04:22.928 0 0 E kona-asoc-snd soc: qcom,msm-audio-apr:qcom,q6core-audio:sound: ASoC: Failed to add route Digital Mic0 -> direct -> MIC BIAS3
01-01 10:04:22.929 0 0 E kona-asoc-snd soc: qcom,msm-audio-apr:qcom,q6core-audio:sound: ASoC: no source widget found for MIC BIAS3
01-01 10:04:22.929 0 0 E kona-asoc-snd soc: qcom,msm-audio-apr:qcom,q6core-audio:sound: ASoC: Failed to add route MIC BIAS3 -> direct -> TX DMIC1
01-01 10:04:22.929 0 0 E kona-asoc-snd soc: qcom,msm-audio-apr:qcom,q6core-audio:sound: ASoC: no sink widget found for MIC BIAS3
01-01 10:04:22.929 0 0 E kona-asoc-snd soc: qcom,msm-audio-apr:qcom,q6core-audio:sound: ASoC: Failed to add route Digital Mic1 -> direct -> MIC BIAS3
01-01 10:04:22.929 0 0 E kona-asoc-snd soc: qcom,msm-audio-apr:qcom,q6core-audio:sound: ASoC: no source widget found for MIC BIAS1
01-01 10:04:22.929 0 0 E kona-asoc-snd soc: qcom,msm-audio-apr:qcom,q6core-audio:sound: ASoC: Failed to add route MIC BIAS1 -> direct -> TX DMIC2
01-01 10:04:22.929 0 0 E kona-asoc-snd soc: qcom,msm-audio-apr:qcom,q6core-audio:sound: ASoC: no sink widget found for MIC BIAS1
01-01 10:04:22.929 0 0 E kona-asoc-snd soc: qcom,msm-audio-apr:qcom,q6core-audio:sound: ASoC: Failed to add route Digital Mic2 -> direct -> MIC BIAS1
01-01 10:04:22.929 0 0 E kona-asoc-snd soc: qcom,msm-audio-apr:qcom,q6core-audio:sound: ASoC: no source widget found for MIC BIAS1
01-01 10:04:22.929 0 0 E kona-asoc-snd soc: qcom,msm-audio-apr:qcom,q6core-audio:sound: ASoC: Failed to add route MIC BIAS1 -> direct -> TX DMIC3
01-01 10:04:22.929 0 0 E kona-asoc-snd soc: qcom,msm-audio-apr:qcom,q6core-audio:sound: ASoC: no sink widget found for MIC BIAS1
01-01 10:04:22.929 0 0 E kona-asoc-snd soc: qcom,msm-audio-apr:qcom,q6core-audio:sound: ASoC: Failed to add route Digital Mic3 -> direct -> MIC BIAS1
01-01 10:04:22.929 0 0 E kona-asoc-snd soc: qcom,msm-audio-apr:qcom,q6core-audio:sound: ASoC: no source widget found for MIC BIAS4
01-01 10:04:22.929 0 0 E kona-asoc-snd soc: qcom,msm-audio-apr:qcom,q6core-audio:sound: ASoC: Failed to add route MIC BIAS4 -> direct -> TX DMIC4
01-01 10:04:22.929 0 0 E kona-asoc-snd soc: qcom,msm-audio-apr:qcom,q6core-audio:sound: ASoC: no sink widget found for MIC BIAS4
01-01 10:04:22.929 0 0 E kona-asoc-snd soc: qcom,msm-audio-apr:qcom,q6core-audio:sound: ASoC: Failed to add route Digital Mic4 -> direct -> MIC BIAS4
01-01 10:04:22.929 0 0 E kona-asoc-snd soc: qcom,msm-audio-apr:qcom,q6core-audio:sound: ASoC: no source widget found for MIC BIAS4
01-01 10:04:22.929 0 0 E kona-asoc-snd soc: qcom,msm-audio-apr:qcom,q6core-audio:sound: ASoC: Failed to add route MIC BIAS4 -> direct -> TX DMIC5
01-01 10:04:22.929 0 0 E kona-asoc-snd soc: qcom,msm-audio-apr:qcom,q6core-audio:sound: ASoC: no sink widget found for MIC BIAS4
01-01 10:04:22.929 0 0 E kona-asoc-snd soc: qcom,msm-audio-apr:qcom,q6core-audio:sound: ASoC: Failed to add route Digital Mic5 -> direct -> MIC BIAS4
01-01 10:04:22.929 0 0 E kona-asoc-snd soc: qcom,msm-audio-apr:qcom,q6core-audio:sound: ASoC: no sink widget found for IN1_HPHL
01-01 10:04:22.929 0 0 E kona-asoc-snd soc: qcom,msm-audio-apr:qcom,q6core-audio:sound: ASoC: Failed to add route HPHL_OUT -> direct -> IN1_HPHL
01-01 10:04:22.929 0 0 E kona-asoc-snd soc: qcom,msm-audio-apr:qcom,q6core-audio:sound: ASoC: no sink widget found for IN2_HPHR
01-01 10:04:22.929 0 0 E kona-asoc-snd soc: qcom,msm-audio-apr:qcom,q6core-audio:sound: ASoC: Failed to add route HPHR_OUT -> direct -> IN2_HPHR
01-01 10:04:22.929 0 0 E kona-asoc-snd soc: qcom,msm-audio-apr:qcom,q6core-audio:sound: ASoC: no sink widget found for IN3_AUX
01-01 10:04:22.929 0 0 E kona-asoc-snd soc: qcom,msm-audio-apr:qcom,q6core-audio:sound: ASoC: Failed to add route AUX_OUT -> direct -> IN3_AUX
01-01 10:04:22.929 0 0 E kona-asoc-snd soc: qcom,msm-audio-apr:qcom,q6core-audio:sound: ASoC: no source widget found for ADC1_OUTPUT
01-01 10:04:22.929 0 0 E kona-asoc-snd soc: qcom,msm-audio-apr:qcom,q6core-audio:sound: ASoC: Failed to add route ADC1_OUTPUT -> direct -> TX SWR_ADC0
01-01 10:04:22.929 0 0 E kona-asoc-snd soc: qcom,msm-audio-apr:qcom,q6core-audio:sound: ASoC: no source widget found for ADC2_OUTPUT
01-01 10:04:22.929 0 0 E kona-asoc-snd soc: qcom,msm-audio-apr:qcom,q6core-audio:sound: ASoC: Failed to add route ADC2_OUTPUT -> direct -> TX SWR_ADC1
01-01 10:04:22.930 0 0 E kona-asoc-snd soc: qcom,msm-audio-apr:qcom,q6core-audio:sound: ASoC: no source widget found for ADC3_OUTPUT
01-01 10:04:22.930 0 0 E kona-asoc-snd soc: qcom,msm-audio-apr:qcom,q6core-audio:sound: ASoC: Failed to add route ADC3_OUTPUT -> direct -> TX SWR_ADC2
01-01 10:04:22.930 0 0 E kona-asoc-snd soc: qcom,msm-audio-apr:qcom,q6core-audio:sound: ASoC: no source widget found for ADC4_OUTPUT
01-01 10:04:22.930 0 0 E kona-asoc-snd soc: qcom,msm-audio-apr:qcom,q6core-audio:sound: ASoC: Failed to add route ADC4_OUTPUT -> direct -> TX SWR_ADC3
01-01 10:04:22.930 0 0 E kona-asoc-snd soc: qcom,msm-audio-apr:qcom,q6core-audio:sound: ASoC: no source widget found for DMIC1_OUTPUT
01-01 10:04:22.930 0 0 E kona-asoc-snd soc: qcom,msm-audio-apr:qcom,q6core-audio:sound: ASoC: Failed to add route DMIC1_OUTPUT -> direct -> TX SWR_DMIC0
01-01 10:04:22.930 0 0 E kona-asoc-snd soc: qcom,msm-audio-apr:qcom,q6core-audio:sound: ASoC: no source widget found for DMIC2_OUTPUT
01-01 10:04:22.930 0 0 E kona-asoc-snd soc: qcom,msm-audio-apr:qcom,q6core-audio:sound: ASoC: Failed to add route DMIC2_OUTPUT -> direct -> TX SWR_DMIC1
01-01 10:04:22.930 0 0 E kona-asoc-snd soc: qcom,msm-audio-apr:qcom,q6core-audio:sound: ASoC: no source widget found for DMIC3_OUTPUT
01-01 10:04:22.930 0 0 E kona-asoc-snd soc: qcom,msm-audio-apr:qcom,q6core-audio:sound: ASoC: Failed to add route DMIC3_OUTPUT -> direct -> TX SWR_DMIC2
01-01 10:04:22.930 0 0 E kona-asoc-snd soc: qcom,msm-audio-apr:qcom,q6core-audio:sound: ASoC: no source widget found for DMIC4_OUTPUT
01-01 10:04:22.930 0 0 E kona-asoc-snd soc: qcom,msm-audio-apr:qcom,q6core-audio:sound: ASoC: Failed to add route DMIC4_OUTPUT -> direct -> TX SWR_DMIC3
01-01 10:04:22.930 0 0 E kona-asoc-snd soc: qcom,msm-audio-apr:qcom,q6core-audio:sound: ASoC: no source widget found for DMIC5_OUTPUT
01-01 10:04:22.930 0 0 E kona-asoc-snd soc: qcom,msm-audio-apr:qcom,q6core-audio:sound: ASoC: Failed to add route DMIC5_OUTPUT -> direct -> TX SWR_DMIC4
01-01 10:04:22.930 0 0 E kona-asoc-snd soc: qcom,msm-audio-apr:qcom,q6core-audio:sound: ASoC: no source widget found for DMIC6_OUTPUT
01-01 10:04:22.930 0 0 E kona-asoc-snd soc: qcom,msm-audio-apr:qcom,q6core-audio:sound: ASoC: Failed to add route DMIC6_OUTPUT -> direct -> TX SWR_DMIC5
01-01 10:04:22.930 0 0 E kona-asoc-snd soc: qcom,msm-audio-apr:qcom,q6core-audio:sound: ASoC: no source widget found for DMIC7_OUTPUT
01-01 10:04:22.930 0 0 E kona-asoc-snd soc: qcom,msm-audio-apr:qcom,q6core-audio:sound: ASoC: Failed to add route DMIC7_OUTPUT -> direct -> TX SWR_DMIC6
01-01 10:04:22.930 0 0 E kona-asoc-snd soc: qcom,msm-audio-apr:qcom,q6core-audio:sound: ASoC: no source widget found for DMIC8_OUTPUT
01-01 10:04:22.930 0 0 E kona-asoc-snd soc: qcom,msm-audio-apr:qcom,q6core-audio:sound: ASoC: Failed to add route DMIC8_OUTPUT -> direct -> TX SWR_DMIC7
01-01 10:04:22.930 0 0 E kona-asoc-snd soc: qcom,msm-audio-apr:qcom,q6core-audio:sound: ASoC: no sink widget found for SpkrLeft IN
01-01 10:04:22.930 0 0 E kona-asoc-snd soc: qcom,msm-audio-apr:qcom,q6core-audio:sound: ASoC: Failed to add route WSA_SPK1 OUT -> direct -> SpkrLeft IN
01-01 10:04:22.931 0 0 E kona-asoc-snd soc: qcom,msm-audio-apr:qcom,q6core-audio:sound: ASoC: no sink widget found for SpkrRight IN
01-01 10:04:22.931 0 0 E kona-asoc-snd soc: qcom,msm-audio-apr:qcom,q6core-audio:sound: ASoC: Failed to add route WSA_SPK2 OUT -> direct -> SpkrRight IN
01-01 10:04:22.931 0 0 E kona-asoc-snd soc: qcom,msm-audio-apr:qcom,q6core-audio:sound: ASoC: no sink widget found for VA MIC BIAS3
01-01 10:04:22.931 0 0 E kona-asoc-snd soc: qcom,msm-audio-apr:qcom,q6core-audio:sound: ASoC: Failed to add route Digital Mic0 -> direct -> VA MIC BIAS3
01-01 10:04:22.931 0 0 E kona-asoc-snd soc: qcom,msm-audio-apr:qcom,q6core-audio:sound: ASoC: no sink widget found for VA MIC BIAS3
01-01 10:04:22.931 0 0 E kona-asoc-snd soc: qcom,msm-audio-apr:qcom,q6core-audio:sound: ASoC: Failed to add route Digital Mic1 -> direct -> VA MIC BIAS3
01-01 10:04:22.931 0 0 E kona-asoc-snd soc: qcom,msm-audio-apr:qcom,q6core-audio:sound: ASoC: no sink widget found for VA MIC BIAS4
01-01 10:04:22.931 0 0 E kona-asoc-snd soc: qcom,msm-audio-apr:qcom,q6core-audio:sound: ASoC: Failed to add route Digital Mic4 -> direct -> VA MIC BIAS4
01-01 10:04:22.931 0 0 E kona-asoc-snd soc: qcom,msm-audio-apr:qcom,q6core-audio:sound: ASoC: no sink widget found for VA MIC BIAS4
01-01 10:04:22.931 0 0 E kona-asoc-snd soc: qcom,msm-audio-apr:qcom,q6core-audio:sound: ASoC: Failed to add route Digital Mic5 -> direct -> VA MIC BIAS4
01-01 10:04:22.931 0 0 E kona-asoc-snd soc: qcom,msm-audio-apr:qcom,q6core-audio:sound: ASoC: no source widget found for VA MIC BIAS3
01-01 10:04:22.931 0 0 E kona-asoc-snd soc: qcom,msm-audio-apr:qcom,q6core-audio:sound: ASoC: Failed to add route VA MIC BIAS3 -> direct -> VA DMIC0
01-01 10:04:22.931 0 0 E kona-asoc-snd soc: qcom,msm-audio-apr:qcom,q6core-audio:sound: ASoC: no source widget found for VA MIC BIAS3
01-01 10:04:22.931 0 0 E kona-asoc-snd soc: qcom,msm-audio-apr:qcom,q6core-audio:sound: ASoC: Failed to add route VA MIC BIAS3 -> direct -> VA DMIC1
01-01 10:04:22.931 0 0 E kona-asoc-snd soc: qcom,msm-audio-apr:qcom,q6core-audio:sound: ASoC: no source widget found for VA MIC BIAS4
01-01 10:04:22.931 0 0 E kona-asoc-snd soc: qcom,msm-audio-apr:qcom,q6core-audio:sound: ASoC: Failed to add route VA MIC BIAS4 -> direct -> VA DMIC4
01-01 10:04:22.931 0 0 E kona-asoc-snd soc: qcom,msm-audio-apr:qcom,q6core-audio:sound: ASoC: no source widget found for VA MIC BIAS4
01-01 10:04:22.931 0 0 E kona-asoc-snd soc: qcom,msm-audio-apr:qcom,q6core-audio:sound: ASoC: Failed to add route VA MIC BIAS4 -> direct -> VA DMIC5
01-01 10:04:22.931 0 0 E kona-asoc-snd soc: qcom,msm-audio-apr:qcom,q6core-audio:sound: ASoC: no source widget found for ADC1_OUTPUT
01-01 10:04:22.931 0 0 E kona-asoc-snd soc: qcom,msm-audio-apr:qcom,q6core-audio:sound: ASoC: Failed to add route ADC1_OUTPUT -> direct -> VA SWR_ADC0
01-01 10:04:22.931 0 0 E kona-asoc-snd soc: qcom,msm-audio-apr:qcom,q6core-audio:sound: ASoC: no source widget found for ADC2_OUTPUT
01-01 10:04:22.931 0 0 E kona-asoc-snd soc: qcom,msm-audio-apr:qcom,q6core-audio:sound: ASoC: Failed to add route ADC2_OUTPUT -> direct -> VA SWR_ADC1
01-01 10:04:22.931 0 0 E kona-asoc-snd soc: qcom,msm-audio-apr:qcom,q6core-audio:sound: ASoC: no source widget found for ADC3_OUTPUT
01-01 10:04:22.931 0 0 E kona-asoc-snd soc: qcom,msm-audio-apr:qcom,q6core-audio:sound: ASoC: Failed to add route ADC3_OUTPUT -> direct -> VA SWR_ADC2
01-01 10:04:22.932 0 0 E kona-asoc-snd soc: qcom,msm-audio-apr:qcom,q6core-audio:sound: ASoC: no source widget found for ADC4_OUTPUT
01-01 10:04:22.932 0 0 E kona-asoc-snd soc: qcom,msm-audio-apr:qcom,q6core-audio:sound: ASoC: Failed to add route ADC4_OUTPUT -> direct -> VA SWR_ADC3
01-01 10:04:22.932 0 0 E kona-asoc-snd soc: qcom,msm-audio-apr:qcom,q6core-audio:sound: ASoC: no source widget found for DMIC1_OUTPUT
01-01 10:04:22.932 0 0 E kona-asoc-snd soc: qcom,msm-audio-apr:qcom,q6core-audio:sound: ASoC: Failed to add route DMIC1_OUTPUT -> direct -> VA SWR_MIC0
01-01 10:04:22.932 0 0 E kona-asoc-snd soc: qcom,msm-audio-apr:qcom,q6core-audio:sound: ASoC: no source widget found for DMIC2_OUTPUT
01-01 10:04:22.932 0 0 E kona-asoc-snd soc: qcom,msm-audio-apr:qcom,q6core-audio:sound: ASoC: Failed to add route DMIC2_OUTPUT -> direct -> VA SWR_MIC1
01-01 10:04:22.932 0 0 E kona-asoc-snd soc: qcom,msm-audio-apr:qcom,q6core-audio:sound: ASoC: no source widget found for DMIC3_OUTPUT
01-01 10:04:22.932 0 0 E kona-asoc-snd soc: qcom,msm-audio-apr:qcom,q6core-audio:sound: ASoC: Failed to add route DMIC3_OUTPUT -> direct -> VA SWR_MIC2
01-01 10:04:22.932 0 0 E kona-asoc-snd soc: qcom,msm-audio-apr:qcom,q6core-audio:sound: ASoC: no source widget found for DMIC4_OUTPUT
01-01 10:04:22.932 0 0 E kona-asoc-snd soc: qcom,msm-audio-apr:qcom,q6core-audio:sound: ASoC: Failed to add route DMIC4_OUTPUT -> direct -> VA SWR_MIC3
01-01 10:04:22.932 0 0 E kona-asoc-snd soc: qcom,msm-audio-apr:qcom,q6core-audio:sound: ASoC: no source widget found for DMIC5_OUTPUT
01-01 10:04:22.932 0 0 E kona-asoc-snd soc: qcom,msm-audio-apr:qcom,q6core-audio:sound: ASoC: Failed to add route DMIC5_OUTPUT -> direct -> VA SWR_MIC4
01-01 10:04:22.932 0 0 E kona-asoc-snd soc: qcom,msm-audio-apr:qcom,q6core-audio:sound: ASoC: no source widget found for DMIC6_OUTPUT
01-01 10:04:22.932 0 0 E kona-asoc-snd soc: qcom,msm-audio-apr:qcom,q6core-audio:sound: ASoC: Failed to add route DMIC6_OUTPUT -> direct -> VA SWR_MIC5
01-01 10:04:22.932 0 0 E kona-asoc-snd soc: qcom,msm-audio-apr:qcom,q6core-audio:sound: ASoC: no source widget found for DMIC7_OUTPUT
01-01 10:04:22.932 0 0 E kona-asoc-snd soc: qcom,msm-audio-apr:qcom,q6core-audio:sound: ASoC: Failed to add route DMIC7_OUTPUT -> direct -> VA SWR_MIC6
01-01 10:04:22.932 0 0 E kona-asoc-snd soc: qcom,msm-audio-apr:qcom,q6core-audio:sound: ASoC: no source widget found for DMIC8_OUTPUT
01-01 10:04:22.932 0 0 E kona-asoc-snd soc: qcom,msm-audio-apr:qcom,q6core-audio:sound: ASoC: Failed to add route DMIC8_OUTPUT -> direct -> VA SWR_MIC7
01-01 10:04:22.933 0 0 D cnss : Received QMI WLFW request memory indication
01-01 10:04:22.933 0 0 D cnss : FW requests for memory, size: 0x5e0000, type: 1
01-01 10:04:22.933 0 0 D cnss : FW requests for memory, size: 0xd8000, type: 4
01-01 10:04:22.933 0 0 D cnss : Posting event: REQUEST_MEM(2), state: 0x9 flags: 0x0
01-01 10:04:22.933 0 0 D cnss : PM stay awake, state: 0x9, count: 1
01-01 10:04:22.933 0 0 D cnss : PM relax, state: 0x9, count: 0
01-01 10:04:22.933 0 0 D cnss : PM stay awake, state: 0x9, count: 1
01-01 10:04:22.933 0 0 D cnss : Processing driver event: REQUEST_MEM(2), state: 0x9
01-01 10:04:22.938 1370 1370 D TLOC : [TLOCChannel]"The channel was initialized successfully for TLOCL"
01-01 10:04:22.945 1370 1370 D TLOC : [TLOCChannel]"The channel was initialized successfully for MODEM"
01-01 10:04:22.945 1370 1370 D TLOC : [TLOCChannel]"TLOCChannel was initialized successfully"
01-01 10:04:22.945 1370 1370 D TLOC : [TLOCChannel] "TLOCChannel is already initialized"
01-01 10:04:22.949 0 0 I kona-asoc-snd soc: qcom,msm-audio-apr:qcom,q6core-audio:sound: msm_asoc_machine_probe: Sound card kona-mtp-snd-card registered
01-01 10:04:22.951 0 0 E register_client_adhoc: find path.src 1 dest 589
01-01 10:04:22.951 0 0 E register_client_adhoc: Failed to find path.src 1 dest 589
01-01 10:04:22.955 0 0 E : [drm:dp_display_init_aux_switch][msm-dp-err][89 ]failed to register notifier (-22)
01-01 10:04:22.960 0 0 I binder : 1360:1360 ioctl 40046210 7fe929a9e4 returned -22
01-01 10:04:22.961 0 0 I binder : 1360:1360 ioctl 40046210 7fe929a814 returned -22
01-01 10:04:22.962 0 0 E swr-wcd rx_swr_ctrl: swrm_get_logical_dev_num: device 0xd01170224 is not ready
01-01 10:04:22.962 0 0 E swr_get_logical_dev_num: Error -22 to get logical addr for device d01170224
01-01 10:04:22.962 0 0 E swr-wcd rx_swr_ctrl: swrm_get_logical_dev_num: device 0xd01170224 is not ready
01-01 10:04:22.962 0 0 E swr_get_logical_dev_num: Error -22 to get logical addr for device d01170224
01-01 10:04:22.963 0 0 E swr-wcd rx_swr_ctrl: swrm_get_logical_dev_num: device 0xd01170224 is not ready
01-01 10:04:22.963 0 0 E swr_get_logical_dev_num: Error -22 to get logical addr for device d01170224
01-01 10:04:22.963 0 0 E swr-wcd rx_swr_ctrl: swrm_get_logical_dev_num: device 0xd01170224 is not ready
01-01 10:04:22.963 0 0 E swr_get_logical_dev_num: Error -22 to get logical addr for device d01170224
01-01 10:04:22.963 0 0 E swr-wcd rx_swr_ctrl: swrm_get_logical_dev_num: device 0xd01170224 is not ready
01-01 10:04:22.963 0 0 E swr_get_logical_dev_num: Error -22 to get logical addr for device d01170224
01-01 10:04:22.963 0 0 E wcd938x_codec wcd938x-codec: wcd938x_bind: Slave bind failed, ret = -517
01-01 10:04:22.977 0 0 I binder : 1202:1202 ioctl 40046210 ffd8f7d8 returned -22
01-01 10:04:22.981 0 0 I binder : 1202:1202 ioctl 40046210 ffd8f7c0 returned -22
01-01 10:04:22.985 0 0 I binder : 1362:1362 ioctl 40046210 7fd9352c74 returned -22
01-01 10:04:22.986 0 0 I binder : 1281:1281 ioctl 40046210 7fe58580f4 returned -22
01-01 10:04:22.988 0 0 I binder : 1362:1362 ioctl 40046210 7fd9352874 returned -22
01-01 10:04:22.999 0 0 D qbt : qbt_open: entry minor_no=0 fd_available=1
01-01 10:04:22.999 0 0 D qbt : qbt_open: exit : 0 fd_available=0
01-01 10:04:22.999 0 0 D qbt : qbt_open: entry minor_no=1 fd_available=0
01-01 10:04:22.999 0 0 D qbt : qbt_open: exit : 0 fd_available=0
01-01 10:04:22.999 0 0 D qbt : qbt_ioctl: cmd received 102
01-01 10:04:22.999 0 0 D qbt : qbt_ioctl: qbt_ioctl: QBT_ENABLE_IPC
01-01 10:04:23.000 0 0 W QSEECOM : qseecom_load_app: App (featenabler) does'nt exist, loading apps for first time
01-01 10:04:23.001 0 0 I capability: warning: `msm_irqbalance' uses 32-bit capabilities (legacy support in use)
01-01 10:04:23.004 0 0 D cnss : Sending respond memory message, state: 0x9
01-01 10:04:23.004 0 0 D cnss : Memory for FW, va: 0x0000000000000000, pa: 0x00000000a1000000, size: 0x5e0000, type: 1
01-01 10:04:23.004 0 0 D cnss : Memory for FW, va: 0x0000000000000000, pa: 0x00000000a1600000, size: 0xd8000, type: 4
01-01 10:04:23.010 0 0 D qbt : qbt_ioctl: cmd received 107
01-01 10:04:23.010 0 0 D qbt : qbt_ioctl: Acquiring wakelock
01-01 10:04:23.011 0 0 D cnss : PM relax, state: 0x9, count: 0
01-01 10:04:23.012 0 0 D cnss : Received QMI WLFW FW memory ready indication
01-01 10:04:23.012 0 0 D cnss : Posting event: FW_MEM_READY(3), state: 0x9 flags: 0x0
01-01 10:04:23.012 0 0 D cnss : PM stay awake, state: 0x9, count: 1
01-01 10:04:23.012 0 0 D cnss : PM relax, state: 0x9, count: 0
01-01 10:04:23.012 0 0 D cnss : PM stay awake, state: 0x9, count: 1
01-01 10:04:23.012 0 0 D cnss : Processing driver event: FW_MEM_READY(3), state: 0x9
01-01 10:04:23.012 0 0 D cnss : Sending target capability message, state: 0xb
01-01 10:04:23.021 0 0 E msm-dwc3 a600000.ssusb: Could not get usb psy
01-01 10:04:23.022 0 0 D cnss : Voltage for CPR: 948mV
01-01 10:04:23.022 0 0 D cnss : Got voltage 800mV from i: 0, j: 0
01-01 10:04:23.022 0 0 D cnss : Got voltage 1012mV from i: 4, j: 1
01-01 10:04:23.022 0 0 D cnss : Update TCS CMD data address 0x000000000b2e5844 with voltage 950mV
01-01 10:04:23.022 0 0 D cnss : Device frequency is 24000000 HZ
01-01 10:04:23.022 0 0 D cnss : Target capability: chip_id: 0x0, chip_family: 0xb, board_id: 0xff, soc_id: 0xffffffff, fw_version: 0x101a0521, fw_build_timestamp: 2021-12-20 07:54, fw_build_id: QC_IMAGE_VERSION_STRING=WLAN.HST.1.0.1.r1-01313-QCAHSTSWPL_SILICONZ-1, otp_version: 0x480020
01-01 10:04:23.022 0 0 D cnss : Sending BDF download message, state: 0xb, type: 4
01-01 10:04:23.022 0 0 D cnss : FW name added with prefix: qca6390/regdb.bin
01-01 10:04:23.022 0 0 W cnss2 b0000000.qcom,cnss-qca6390: Falling back to syfs fallback for: qca6390/regdb.bin
01-01 10:04:23.030 0 0 W QSEECOM : qseecom_load_app: App with id 5 (featenabler) now loaded
01-01 10:04:23.047 0 0 I IPv6 : ADDRCONF(NETDEV_UP): vlan0: link is not ready
01-01 10:04:23.047 0 0 W subsys-pil-tz soc: qcom,kgsl-hyp: Falling back to syfs fallback for: a650_zap.mdt
01-01 10:04:23.078 0 0 W QSEECOM : qseecom_load_app: App (fingerpr) does'nt exist, loading apps for first time
01-01 10:04:23.177 0 0 E cnss : Failed to load BDF: qca6390/regdb.bin
01-01 10:04:23.177 0 0 D cnss : Sending BDF download message, state: 0xb, type: 1
01-01 10:04:23.177 0 0 D cnss : FW name added with prefix: qca6390/bdwlan.elf
01-01 10:04:23.178 0 0 W cnss2 b0000000.qcom,cnss-qca6390: Falling back to syfs fallback for: qca6390/bdwlan.elf
01-01 10:04:23.179 0 0 I subsys-pil-tz soc: qcom,kgsl-hyp: a650_zap: loading from 0x00000000fcd00000 to 0x00000000fcd01000
01-01 10:04:23.181 0 0 D cnss : Downloading BDF: qca6390/bdwlan.elf, size: 57908
01-01 10:04:23.196 0 0 W QSEECOM : qseecom_load_app: App with id 6 (fingerpr) now loaded
01-01 10:04:23.198 0 0 W subsys-pil-tz soc: qcom,kgsl-hyp: Falling back to syfs fallback for: a650_zap.b02
01-01 10:04:23.213 0 0 D cnss : FW name added with prefix: qca6390/m3.bin
01-01 10:04:23.214 0 0 W cnss_pci 0000: 01:00.0: Falling back to syfs fallback for: qca6390/m3.bin
01-01 10:04:23.215 0 0 I subsys-pil-tz soc: qcom,kgsl-hyp: a650_zap: Brought out of reset
01-01 10:04:23.218 0 0 D cnss : Sending M3 information message, state: 0xb
01-01 10:04:23.218 0 0 D cnss : M3 memory, va: 0x0000000000000000, pa: 0x00000000a1800000, size: 0x411bc
01-01 10:04:23.220 0 0 I binder : 1483:1483 ioctl 40046210 7fe6bbc424 returned -22
01-01 10:04:23.223 0 0 D cnss : PM relax, state: 0xb, count: 0
01-01 10:04:23.223 0 0 D cnss : Received QMI WLFW FW initialization done indication
01-01 10:04:23.223 0 0 D cnss : Posting event: FW_READY(4), state: 0xb flags: 0x0
01-01 10:04:23.223 0 0 D cnss : PM stay awake, state: 0xb, count: 1
01-01 10:04:23.223 0 0 D cnss : PM relax, state: 0xb, count: 0
01-01 10:04:23.223 0 0 D cnss : PM stay awake, state: 0xb, count: 1
01-01 10:04:23.223 0 0 D cnss : Processing driver event: FW_READY(4), state: 0xb
01-01 10:04:23.223 0 0 D cnss : PCIE Gen speed not setup
01-01 10:04:23.223 0 0 D cnss : Sending antenna switch sync request, state: 0xf
01-01 10:04:23.225 0 0 E cnss : Antenna switch request failed, result: 1, err: 94
01-01 10:04:23.225 0 0 D cnss : Sending mode message, mode: CALIBRATION(7), state: 0xf
01-01 10:04:23.233 0 0 I binder : 1095:1125 ioctl 40046210 7b22928144 returned -22
01-01 10:04:23.252 0 0 I IPv6 : ADDRCONF(NETDEV_UP): vlan1: link is not ready
01-01 10:04:23.254 0 0 E msm-dwc3 a600000.ssusb: Could not get usb psy
01-01 10:04:23.263 1483 1483 I SystemServerTiming: InitBeforeStartServices
01-01 10:04:23.266 1483 1483 I SystemServer: Entered the Android system server!
01-01 10:04:23.340 0 0 I android_work: sent uevent USB_STATE=CONNECTED
01-01 10:04:23.360 0 0 E msm-dwc3 a600000.ssusb: Could not get usb psy
01-01 10:04:23.370 0 0 W QSEECOM : __qseecom_unload_app: App (6) is unloaded
01-01 10:04:23.370 0 0 D qbt : qbt_release: entry minor_no=0 fd_available=0
01-01 10:04:23.370 0 0 D qbt : qbt_release: Releasing wakelock
01-01 10:04:23.370 0 0 D qbt : qbt_release: exit : fd_available=1
01-01 10:04:23.370 0 0 D qbt : qbt_release: entry minor_no=1 fd_available=1
01-01 10:04:23.370 0 0 D qbt : qbt_release: exit : fd_available=1
01-01 10:04:23.389 0 0 D cnss : Received QMI WLFW pin connect result indication
01-01 10:04:23.389 0 0 D cnss : Pin connect Result: pwr_pin: 0x1 phy_io_pin: 0x0 rf_io_pin: 0x0
01-01 10:04:23.389 0 0 D cnss : Removing vote for Regulator vdd-wlan-rfa2
01-01 10:04:23.389 0 0 D cnss : Removing vote for Regulator vdd-wlan-rfa1
01-01 10:04:23.389 0 0 D cnss : Removing vote for Regulator vdd-wlan-dig
01-01 10:04:23.389 0 0 D cnss : Removing vote for Regulator vdd-wlan-aon
01-01 10:04:23.389 0 0 D cnss : Removing vote for Regulator vdd-wlan-io
01-01 10:04:23.389 0 0 D cnss : PM relax, state: 0xf, count: 0
01-01 10:04:23.397 1483 1483 I SystemServerInitThreadPool: Creating instance with 8 threads
01-01 10:04:23.404 0 0 I IPv6 : ADDRCONF(NETDEV_UP): vlan2: link is not ready
01-01 10:04:23.438 0 0 I configfs-gadget gadget: high-speed config #1: b
01-01 10:04:23.438 0 0 E msm-dwc3 a600000.ssusb: Could not get usb psy
01-01 10:04:23.438 0 0 I android_work: sent uevent USB_STATE=CONFIGURED
01-01 10:04:23.531 0 0 I IPv6 : ADDRCONF(NETDEV_UP): vlan4: link is not ready
01-01 10:04:23.646 0 0 I IPv6 : ADDRCONF(NETDEV_UP): vlan8: link is not ready
01-01 10:04:23.676 1483 1483 I SystemServerTiming: StartServices
01-01 10:04:23.676 1483 1483 I SystemServerTiming: startBootstrapServices
01-01 10:04:23.676 1483 1483 I SystemServerTiming: StartWatchdog
01-01 10:04:23.682 1483 1483 I SystemServer: Reading configuration...
01-01 10:04:23.682 1483 1483 I SystemServerTiming: ReadingSystemConfig
01-01 10:04:23.682 1483 1483 I SystemServerTiming: PlatformCompat
01-01 10:04:23.685 1483 1483 D CompatConfig: Found a config file: /system/etc/compatconfig/framework-platform-compat-config.xml
01-01 10:04:23.685 1483 1593 I SystemServerTimingAsync: InitThreadPoolExec:ReadingSystemConfig
01-01 10:04:23.686 1483 1483 D CompatConfig: Adding: com.android.server.compat.config.Change@cee247d
01-01 10:04:23.687 1483 1483 D CompatConfig: Adding: com.android.server.compat.config.Change@631cf72
01-01 10:04:23.687 1483 1483 D CompatConfig: Adding: com.android.server.compat.config.Change@4963fc3
01-01 10:04:23.687 1483 1483 D CompatConfig: Adding: com.android.server.compat.config.Change@f38c040
01-01 10:04:23.688 1483 1483 D CompatConfig: Adding: com.android.server.compat.config.Change@73d8b79
01-01 10:04:23.688 1483 1483 D CompatConfig: Adding: com.android.server.compat.config.Change@e4970be
01-01 10:04:23.688 1483 1593 I SystemConfig: Reading permissions from /system/etc/sysconfig/framework-sysconfig.xml
01-01 10:04:23.688 1483 1483 D CompatConfig: Adding: com.android.server.compat.config.Change@209a06c
01-01 10:04:23.688 1483 1483 D CompatConfig: Adding: com.android.server.compat.config.Change@c826635
01-01 10:04:23.688 1483 1483 D CompatConfig: Adding: com.android.server.compat.config.Change@a7daca
01-01 10:04:23.689 1483 1483 D CompatConfig: Adding: com.android.server.compat.config.Change@e5de43b
01-01 10:04:23.689 1483 1483 D CompatConfig: Adding: com.android.server.compat.config.Change@a265758
01-01 10:04:23.689 1483 1483 D CompatConfig: Adding: com.android.server.compat.config.Change@70030b1
01-01 10:04:23.689 1483 1483 D CompatConfig: Adding: com.android.server.compat.config.Change@3d0d996
01-01 10:04:23.690 1483 1483 D CompatConfig: Adding: com.android.server.compat.config.Change@23c8917
01-01 10:04:23.690 1483 1483 D CompatConfig: Adding: com.android.server.compat.config.Change@4559104
01-01 10:04:23.690 1483 1483 D CompatConfig: Adding: com.android.server.compat.config.Change@7b626ed
01-01 10:04:23.690 1483 1593 I SystemConfig: Reading permissions from /system/etc/sysconfig/preinstalled-packages-platform.xml
01-01 10:04:23.690 1483 1483 D CompatConfig: Adding: com.android.server.compat.config.Change@cf69fb3
01-01 10:04:23.690 1483 1483 D CompatConfig: Adding: com.android.server.compat.config.Change@11cb970
01-01 10:04:23.691 1483 1483 D CompatConfig: Adding: com.android.server.compat.config.Change@65b44e9
01-01 10:04:23.691 1483 1483 D CompatConfig: Adding: com.android.server.compat.config.Change@911856e
01-01 10:04:23.691 1483 1483 D CompatConfig: Adding: com.android.server.compat.config.Change@431840f
01-01 10:04:23.691 1483 1483 D CompatConfig: Adding: com.android.server.compat.config.Change@1ebfc9c
01-01 10:04:23.692 1483 1483 D CompatConfig: Adding: com.android.server.compat.config.Change@51a46a5
01-01 10:04:23.692 1483 1483 D CompatConfig: Adding: com.android.server.compat.config.Change@6548a7a
01-01 10:04:23.692 1483 1483 D CompatConfig: Adding: com.android.server.compat.config.Change@88c522b
01-01 10:04:23.692 1483 1483 D CompatConfig: Adding: com.android.server.compat.config.Change@d0a4688
01-01 10:04:23.693 1483 1483 D CompatConfig: Adding: com.android.server.compat.config.Change@40da821
01-01 10:04:23.693 1483 1483 D CompatConfig: Adding: com.android.server.compat.config.Change@d90d446
01-01 10:04:23.693 1483 1483 D CompatConfig: Adding: com.android.server.compat.config.Change@b7be607
01-01 10:04:23.693 1483 1483 D CompatConfig: Adding: com.android.server.compat.config.Change@4414334
01-01 10:04:23.693 1483 1483 D CompatConfig: Adding: com.android.server.compat.config.Change@7ba55d
01-01 10:04:23.694 1483 1483 D CompatConfig: Adding: com.android.server.compat.config.Change@3f5eed2
01-01 10:04:23.694 1483 1483 D CompatConfig: Adding: com.android.server.compat.config.Change@6e6dba3
01-01 10:04:23.694 1483 1593 I SystemConfig: Reading permissions from /system/etc/sysconfig/preinstalled-packages-com.android.providers.media.module.xml
01-01 10:04:23.694 1483 1483 D CompatConfig: Adding: com.android.server.compat.config.Change@bd23a59
01-01 10:04:23.694 1483 1483 D CompatConfig: Adding: com.android.server.compat.config.Change@20261e
01-01 10:04:23.695 1483 1483 D CompatConfig: Adding: com.android.server.compat.config.Change@2818eff
01-01 10:04:23.695 1483 1483 D CompatConfig: Adding: com.android.server.compat.config.Change@2f5c4cc
01-01 10:04:23.695 1483 1483 D CompatConfig: Adding: com.android.server.compat.config.Change@6632315
01-01 10:04:23.695 1483 1483 D CompatConfig: Adding: com.android.server.compat.config.Change@424862a
01-01 10:04:23.695 1483 1483 D CompatConfig: Adding: com.android.server.compat.config.Change@2ea1c1b
01-01 10:04:23.695 1483 1483 D CompatConfig: Adding: com.android.server.compat.config.Change@a2061b8
01-01 10:04:23.696 1483 1483 D CompatConfig: Adding: com.android.server.compat.config.Change@9dfdb91
01-01 10:04:23.696 1483 1593 I SystemConfig: Reading permissions from /system/etc/sysconfig/hiddenapi-package-whitelist.xml
01-01 10:04:23.696 1483 1483 D CompatConfig: Adding: com.android.server.compat.config.Change@e845ef7
01-01 10:04:23.696 1483 1483 D CompatConfig: Adding: com.android.server.compat.config.Change@d55e164
01-01 10:04:23.696 1483 1483 D CompatConfig: Adding: com.android.server.compat.config.Change@f959fcd
01-01 10:04:23.696 1483 1483 D CompatConfig: Adding: com.android.server.compat.config.Change@ef3b082
01-01 10:04:23.697 1483 1483 D CompatConfig: Adding: com.android.server.compat.config.Change@415f393
01-01 10:04:23.697 1483 1483 D CompatConfig: Adding: com.android.server.compat.config.Change@e696bc9
01-01 10:04:23.697 1483 1593 I SystemConfig: Reading permissions from /system/etc/sysconfig/qti_whitelist.xml
01-01 10:04:23.697 1483 1483 D CompatConfig: Adding: com.android.server.compat.config.Change@83052ce
01-01 10:04:23.697 1483 1483 D CompatConfig: Adding: com.android.server.compat.config.Change@f2235ef
01-01 10:04:23.697 1483 1483 D CompatConfig: Adding: com.android.server.compat.config.Change@3d9f8fc
01-01 10:04:23.698 1483 1483 D CompatConfig: Adding: com.android.server.compat.config.Change@c93fb85
01-01 10:04:23.698 1483 1483 D CompatConfig: Adding: com.android.server.compat.config.Change@f82cdda
01-01 10:04:23.698 1483 1483 D CompatConfig: Adding: com.android.server.compat.config.Change@606420b
01-01 10:04:23.698 1483 1593 I SystemConfig: Reading permissions from /system/etc/sysconfig/preinstalled-packages-platform-full-base.xml
01-01 10:04:23.698 1483 1483 D CompatConfig: Adding: com.android.server.compat.config.Change@11dcb01
01-01 10:04:23.699 1483 1483 D CompatConfig: Adding: com.android.server.compat.config.Change@14feda6
01-01 10:04:23.699 1483 1483 D CompatConfig: Adding: com.android.server.compat.config.Change@dd4f3e7
01-01 10:04:23.699 1483 1483 D CompatConfig: Adding: com.android.server.compat.config.Change@1a66b94
01-01 10:04:23.699 1483 1483 D CompatConfig: Found a config file: /system/etc/compatconfig/icu4j-platform-compat-config.xml
01-01 10:04:23.699 1483 1593 I SystemConfig: Reading permissions from /system/etc/permissions/com.android.networkstack.xml
01-01 10:04:23.700 1483 1483 D CompatConfig: Adding: com.android.server.compat.config.Change@ff2e783
01-01 10:04:23.700 1483 1483 D CompatConfig: Found a config file: /system/etc/compatconfig/services-platform-compat-config.xml
01-01 10:04:23.700 1483 1593 I SystemConfig: Reading permissions from /system/etc/permissions/com.baidu.input.xml
01-01 10:04:23.701 1483 1593 I SystemConfig: Reading permissions from /system/etc/permissions/com.android.media.remotedisplay.xml
01-01 10:04:23.701 1483 1483 D CompatConfig: Adding: com.android.server.compat.config.Change@d7278df
01-01 10:04:23.701 1483 1483 D CompatConfig: Adding: com.android.server.compat.config.Change@60b992c
01-01 10:04:23.701 1483 1593 I SystemConfig: Reading permissions from /system/etc/permissions/javax.obex.xml
01-01 10:04:23.701 1483 1483 D CompatConfig: Adding: com.android.server.compat.config.Change@e9a618a
01-01 10:04:23.701 1483 1483 D CompatConfig: Adding: com.android.server.compat.config.Change@d2f1c18
01-01 10:04:23.702 1483 1593 I SystemConfig: Reading permissions from /system/etc/permissions/org.apache.http.legacy.xml
01-01 10:04:23.702 1483 1483 D CompatConfig: Adding: com.android.server.compat.config.Change@a2e7671
01-01 10:04:23.702 1483 1483 D CompatConfig: Adding: com.android.server.compat.config.Change@9aca4d7
01-01 10:04:23.702 1483 1593 I SystemConfig: Reading permissions from /system/etc/permissions/android.test.runner.xml
01-01 10:04:23.702 1483 1483 D CompatConfig: Adding: com.android.server.compat.config.Change@e05e1c4
01-01 10:04:23.702 1483 1483 D CompatConfig: Adding: com.android.server.compat.config.Change@4e308ad
01-01 10:04:23.703 1483 1483 D CompatConfig: Adding: com.android.server.compat.config.Change@facb773
01-01 10:04:23.703 1483 1593 I SystemConfig: Reading permissions from /system/etc/permissions/com.android.nfc_extras.xml
01-01 10:04:23.703 1483 1483 D CompatConfig: Adding: com.android.server.compat.config.Change@2615630
01-01 10:04:23.703 1483 1593 I SystemConfig: Reading permissions from /system/etc/permissions/android.test.mock.xml
01-01 10:04:23.703 1483 1483 D CompatConfig: Adding: com.android.server.compat.config.Change@601502e
01-01 10:04:23.703 1483 1483 D CompatConfig: Adding: com.android.server.compat.config.Change@69157cf
01-01 10:04:23.704 1483 1483 D CompatConfig: Adding: com.android.server.compat.config.Change@349a065
01-01 10:04:23.704 1483 1593 I SystemConfig: Reading permissions from /system/etc/permissions/com.android.future.usb.accessory.xml
01-01 10:04:23.704 1483 1483 D CompatConfig: Adding: com.android.server.compat.config.Change@856413a
01-01 10:04:23.704 1483 1483 D CompatConfig: Adding: com.android.server.compat.config.Change@175a1eb
01-01 10:04:23.704 1483 1593 I SystemConfig: Reading permissions from /system/etc/permissions/android.software.live_wallpaper.xml
01-01 10:04:23.705 1483 1593 I SystemConfig: Reading permissions from /system/etc/permissions/com.android.location.provider.xml
01-01 10:04:23.706 1483 1593 I SystemConfig: Reading permissions from /system/etc/permissions/com.thundercomm.tcservice.xml
01-01 10:04:23.706 1483 1483 D CompatConfig: Adding: com.android.server.compat.config.Change@a71c7
01-01 10:04:23.706 1483 1483 D CompatConfig: Adding: com.android.server.compat.config.Change@a0743f4
01-01 10:04:23.707 1483 1483 D CompatConfig: Adding: com.android.server.compat.config.Change@e84771d
01-01 10:04:23.707 1483 1483 D CompatConfig: Adding: com.android.server.compat.config.Change@81fbd92
01-01 10:04:23.707 1483 1483 D CompatConfig: Adding: com.android.server.compat.config.Change@b4eab60
01-01 10:04:23.707 1483 1593 I SystemConfig: Reading permissions from /system/etc/permissions/android.software.webview.xml
01-01 10:04:23.708 1483 1483 D CompatConfig: Adding: com.android.server.compat.config.Change@4f66819
01-01 10:04:23.708 1483 1483 D CompatConfig: Adding: com.android.server.compat.config.Change@cf820de
01-01 10:04:23.709 1483 1483 D CompatConfig: Adding: com.android.server.compat.config.Change@95dd2bf
01-01 10:04:23.709 1483 1483 D CompatConfig: Adding: com.android.server.compat.config.Change@1e31d8c
01-01 10:04:23.709 1483 1483 D CompatConfig: Adding: com.android.server.compat.config.Change@6fc6cd5
01-01 10:04:23.710 1483 1593 I SystemConfig: Reading permissions from /system/etc/permissions/com.android.networkstack.tethering.xml
01-01 10:04:23.710 1483 1483 D CompatConfig: Adding: com.android.server.compat.config.Change@3a6dbdb
01-01 10:04:23.710 1483 1483 D CompatConfig: Adding: com.android.server.compat.config.Change@b6a8678
01-01 10:04:23.710 1483 1483 D CompatConfig: Adding: com.android.server.compat.config.Change@a240151
01-01 10:04:23.711 1483 1483 D CompatConfig: Adding: com.android.server.compat.config.Change@f616db6
01-01 10:04:23.711 1483 1483 D CompatConfig: Adding: com.android.server.compat.config.Change@cad5ab7
01-01 10:04:23.711 1483 1483 D CompatConfig: Adding: com.android.server.compat.config.Change@7fd9224
01-01 10:04:23.711 1483 1593 I SystemConfig: Reading permissions from /system/etc/permissions/privapp-permissions-platform.xml
01-01 10:04:23.711 1483 1483 D CompatConfig: Adding: com.android.server.compat.config.Change@78eaf42
01-01 10:04:23.712 1483 1483 D CompatConfig: Adding: com.android.server.compat.config.Change@32eb53
01-01 10:04:23.712 1483 1483 D CompatConfig: Adding: com.android.server.compat.config.Change@e93ac90
01-01 10:04:23.712 1483 1483 D CompatConfig: Adding: com.android.server.compat.config.Change@ad48989
01-01 10:04:23.713 1483 1483 D CompatConfig: Adding: com.android.server.compat.config.Change@75c7d8e
01-01 10:04:23.713 1483 1483 D CompatConfig: Adding: com.android.server.compat.config.Change@a76e9af
01-01 10:04:23.713 1483 1483 D CompatConfig: Adding: com.android.server.compat.config.Change@c2f01bc
01-01 10:04:23.714 1483 1483 D CompatConfig: Adding: com.android.server.compat.config.Change@5f33545
01-01 10:04:23.714 1483 1483 D CompatConfig: Adding: com.android.server.compat.config.Change@b26e49a
01-01 10:04:23.715 1483 1593 I SystemConfig: Reading permissions from /system/etc/permissions/privapp-permissions-qti.xml
01-01 10:04:23.715 1483 1483 D CompatConfig: Adding: com.android.server.compat.config.Change@9c87da8
01-01 10:04:23.715 1483 1483 D CompatConfig: Adding: com.android.server.compat.config.Change@896e0c1
01-01 10:04:23.715 1483 1483 D CompatConfig: Adding: com.android.server.compat.config.Change@6feb066
