12-14 03:22:23.050 1483 1483 I SystemServerTiming: OnBootPhase_550_com.android.server.oemlock.OemLockService
12-14 03:22:23.050 1483 1483 I SystemServerTiming: OnBootPhase_550_com.android.server.DeviceIdleController
12-14 03:22:23.050 1483 1483 I SystemServerTiming: OnBootPhase_550_com.android.server.devicepolicy.DevicePolicyManagerService$Lifecycle
12-14 03:22:23.051 1483 1483 I SystemServerTiming: OnBootPhase_550_com.android.server.texttospeech.TextToSpeechManagerService
12-14 03:22:23.051 1483 1483 I SystemServerTiming: OnBootPhase_550_com.android.server.speech.SpeechRecognitionManagerService
12-14 03:22:23.051 1483 1483 I SystemServerTiming: OnBootPhase_550_com.android.server.searchui.SearchUiManagerService
12-14 03:22:23.051 1483 1483 I SystemServerTiming: OnBootPhase_550_com.android.server.smartspace.SmartspaceManagerService
12-14 03:22:23.051 1483 1483 I SystemServerTiming: OnBootPhase_550_com.android.server.graphics.fonts.FontManagerService$Lifecycle
12-14 03:22:23.051 1483 1483 I SystemServerTiming: OnBootPhase_550_com.android.server.textservices.TextServicesManagerService$Lifecycle
12-14 03:22:23.051 1483 1483 I SystemServerTiming: OnBootPhase_550_com.android.server.textclassifier.TextClassificationManagerService$Lifecycle
12-14 03:22:23.051 1483 1483 I SystemServerTiming: OnBootPhase_550_com.android.server.NetworkScoreService$Lifecycle
12-14 03:22:23.051 1483 1483 I SystemServerTiming: OnBootPhase_550_com.android.server.wifi.WifiService
12-14 03:22:23.051 1483 1483 I SystemServerTiming: OnBootPhase_550_com.android.server.wifi.scanner.WifiScanningService
12-14 03:22:23.051 1483 1483 I SystemServerTiming: OnBootPhase_550_com.android.server.wifi.rtt.RttService
12-14 03:22:23.051 1483 1483 I SystemServerTiming: OnBootPhase_550_com.android.server.wifi.aware.WifiAwareService
12-14 03:22:23.051 1483 1483 I SystemServerTiming: OnBootPhase_550_com.android.server.wifi.p2p.WifiP2pService
12-14 03:22:23.051 1483 1483 I SystemServerTiming: OnBootPhase_550_com.android.server.ethernet.EthernetService
12-14 03:22:23.051 1483 1483 I SystemServerTiming: OnBootPhase_550_com.android.server.ConnectivityServiceInitializer
12-14 03:22:23.051 1483 1483 I SystemServerTiming: OnBootPhase_550_com.android.server.notification.NotificationManagerService
12-14 03:22:23.051 1483 1483 I SystemServerTiming: OnBootPhase_550_com.android.server.storage.DeviceStorageMonitorService
12-14 03:22:23.051 1483 1483 I SystemServerTiming: OnBootPhase_550_com.android.server.location.LocationManagerService$Lifecycle
12-14 03:22:23.051 1483 1483 I SystemServerTiming: OnBootPhase_550_com.android.server.timedetector.TimeDetectorService$Lifecycle
12-14 03:22:23.051 1483 1483 I SystemServerTiming: OnBootPhase_550_com.android.server.timezonedetector.TimeZoneDetectorService$Lifecycle
12-14 03:22:23.051 1483 1483 I SystemServerTiming: OnBootPhase_550_com.android.server.timezonedetector.location.LocationTimeZoneManagerService$Lifecycle
12-14 03:22:23.051 1483 1483 I SystemServerTiming: OnBootPhase_550_com.android.server.search.SearchManagerService$Lifecycle
12-14 03:22:23.051 1483 1483 I SystemServerTiming: OnBootPhase_550_com.android.server.wallpaper.WallpaperManagerService$Lifecycle
12-14 03:22:23.058 1483 1483 I WallpaperManagerService: No static wallpaper imagery; defaults will be shown
12-14 03:22:23.058 1483 1483 V WallpaperManagerService: bindWallpaperComponentLocked: componentName=ComponentInfo{com.android.systemui/com.android.systemui.ImageWallpaper}
12-14 03:22:23.060 1483 1483 D CompatibilityChangeReporter: Compat change id reported: 135634846; UID 10082; state: DISABLED
12-14 03:22:23.060 1483 1483 D CompatibilityChangeReporter: Compat change id reported: 177438394; UID 10082; state: DISABLED
12-14 03:22:23.060 1483 1483 D CompatibilityChangeReporter: Compat change id reported: 135772972; UID 10082; state: DISABLED
12-14 03:22:23.060 1483 1483 D CompatibilityChangeReporter: Compat change id reported: 135754954; UID 10082; state: ENABLED
12-14 03:22:23.061 1483 1610 D CompatibilityChangeReporter: Compat change id reported: 143937733; UID 10082; state: ENABLED
12-14 03:22:23.063 1483 1483 W WallpaperManagerService: Invalid wallpaper data
12-14 03:22:23.063 1483 1483 E WallpaperManagerService: Unable to apply new wallpaper
12-14 03:22:23.064 1483 1483 I SystemServerTiming: OnBootPhase_550_com.android.server.audio.AudioService$Lifecycle
12-14 03:22:23.064 1483 1483 I SystemServerTiming: OnBootPhase_550_com.android.server.soundtrigger_middleware.SoundTriggerMiddlewareService$Lifecycle
12-14 03:22:23.064 1483 1483 I SystemServerTiming: OnBootPhase_550_com.android.server.DockObserver
12-14 03:22:23.064 1483 1483 I SystemServerTiming: OnBootPhase_550_com.android.server.midi.MidiService$Lifecycle
12-14 03:22:23.064 1483 1483 I SystemServerTiming: OnBootPhase_550_com.android.server.adb.AdbService$Lifecycle
12-14 03:22:23.064 1483 1483 I SystemServerTiming: OnBootPhase_550_com.android.server.usb.UsbService$Lifecycle
12-14 03:22:23.064 1483 1483 I SystemServerTiming: OnBootPhase_550_com.android.server.twilight.TwilightService
12-14 03:22:23.064 1483 1593 I SystemServerTimingAsync: InitThreadPoolExec:UsbService$Lifecycle#onBootPhase
12-14 03:22:23.064 1483 1483 I SystemServerTiming: OnBootPhase_550_com.android.server.display.color.ColorDisplayService
12-14 03:22:23.064 1483 1483 I SystemServerTiming: OnBootPhase_550_com.android.server.job.JobSchedulerService
12-14 03:22:23.064 1483 1483 I SystemServerTiming: OnBootPhase_550_com.android.server.soundtrigger.SoundTriggerService
12-14 03:22:23.064 1483 1483 D SoundTriggerService: onBootPhase: 550 : false
12-14 03:22:23.064 1483 1483 I SystemServerTiming: OnBootPhase_550_com.android.server.trust.TrustManagerService
12-14 03:22:23.064 1483 1483 I SystemServerTiming: OnBootPhase_550_com.android.server.backup.BackupManagerService$Lifecycle
12-14 03:22:23.064 1483 1483 I SystemServerTiming: OnBootPhase_550_com.android.server.appwidget.AppWidgetService
12-14 03:22:23.064 1483 1483 I SystemServerTiming: OnBootPhase_550_com.android.server.voiceinteraction.VoiceInteractionManagerService
12-14 03:22:23.064 1483 1483 I SystemServerTiming: OnBootPhase_550_com.android.server.apphibernation.AppHibernationService
12-14 03:22:23.064 1483 1483 I SystemServerTiming: OnBootPhase_550_com.android.server.GestureLauncherService
12-14 03:22:23.064 1483 1483 I SystemServerTiming: OnBootPhase_550_com.android.server.SensorNotificationService
12-14 03:22:23.064 1483 1483 I SystemServerTiming: OnBootPhase_550_com.android.server.emergency.EmergencyAffordanceService
12-14 03:22:23.064 1483 1483 I SystemServerTiming: OnBootPhase_550_com.android.server.blob.BlobStoreManagerService
12-14 03:22:23.065 1483 1483 I SystemServerTiming: OnBootPhase_550_com.android.server.dreams.DreamManagerService
12-14 03:22:23.065 1483 1483 I SystemServerTiming: OnBootPhase_550_com.android.server.companion.CompanionDeviceManagerService
12-14 03:22:23.065 1483 1483 I SystemServerTiming: OnBootPhase_550_com.android.server.restrictions.RestrictionsManagerService
12-14 03:22:23.065 1483 1483 I SystemServerTiming: OnBootPhase_550_com.android.server.media.MediaSessionService
12-14 03:22:23.065 1483 1483 I SystemServerTiming: OnBootPhase_550_com.android.server.media.MediaResourceMonitorService
12-14 03:22:23.065 1483 1483 I SystemServerTiming: OnBootPhase_550_com.android.server.biometrics.sensors.fingerprint.FingerprintService
12-14 03:22:23.065 1483 1483 I SystemServerTiming: OnBootPhase_550_com.android.server.biometrics.BiometricService
12-14 03:22:23.065 1483 1483 I SystemServerTiming: OnBootPhase_550_com.android.server.biometrics.AuthService
12-14 03:22:23.066 1483 1483 I SystemServerTiming: OnBootPhase_550_com.android.server.pm.ShortcutService$Lifecycle
12-14 03:22:23.066 1483 1483 I SystemServerTiming: OnBootPhase_550_com.android.server.pm.LauncherAppsService
12-14 03:22:23.066 1483 1483 I SystemServerTiming: OnBootPhase_550_com.android.server.pm.CrossProfileAppsService
12-14 03:22:23.066 1483 1483 I SystemServerTiming: OnBootPhase_550_com.android.server.people.PeopleService
12-14 03:22:23.066 1483 1483 I SystemServerTiming: OnBootPhase_550_com.android.server.media.metrics.MediaMetricsManagerService
12-14 03:22:23.066 1483 1483 I SystemServerTiming: OnBootPhase_550_com.android.server.media.projection.MediaProjectionManagerService
12-14 03:22:23.066 1483 1483 I SystemServerTiming: OnBootPhase_550_com.android.server.slice.SliceManagerService$Lifecycle
12-14 03:22:23.066 1483 1483 I SystemServerTiming: OnBootPhase_550_com.android.server.stats.StatsCompanion$Lifecycle
12-14 03:22:23.066 1483 1483 I SystemServerTiming: OnBootPhase_550_com.android.server.scheduling.RebootReadinessManagerService$Lifecycle
12-14 03:22:23.066 1483 1483 I SystemServerTiming: OnBootPhase_550_com.android.server.stats.pull.StatsPullAtomService
12-14 03:22:23.066 1483 1483 I SystemServerTiming: OnBootPhase_550_com.android.server.incident.IncidentCompanionService
12-14 03:22:23.066 1483 1483 I SystemServerTiming: OnBootPhase_550_com.android.server.MmsServiceBroker
12-14 03:22:23.066 1483 1483 I SystemServerTiming: OnBootPhase_550_com.android.server.autofill.AutofillManagerService
12-14 03:22:23.066 1483 1483 I SystemServerTiming: OnBootPhase_550_com.android.server.clipboard.ClipboardService
12-14 03:22:23.066 1483 1483 I SystemServerTiming: OnBootPhase_550_com.android.server.appbinding.AppBindingService$Lifecycle
12-14 03:22:23.066 1483 1776 I UsbPortManager: ClientCallback V1_2:
12-14 03:22:23.066 1483 1483 I AppBindingService: Updating constants with: null
12-14 03:22:23.066 1483 1585 I UsbPortManager: USB port added: port=UsbPort{id=, supportedModes=nonesupportedContaminantProtectionModes=0supportsEnableContaminantPresenceProtection=falsesupportsEnableContaminantPresenceDetection=false, status=UsbPortStatus{connected=false, currentMode=none, currentPowerRole=no-power, currentDataRole=no-data, supportedRoleCombinations=[no-power:no-data], contaminantDetectionStatus=0, contaminantProtectionStatus=0}, canChangeMode=false, canChangePowerRole=false, canChangeDataRole=false, connectedAtMillis=0, lastConnectDurationMillis=0
12-14 03:22:23.066 1483 1483 I SystemServerTiming: OnBootPhase_550_com.android.server.tracing.TracingServiceProxy
12-14 03:22:23.066 1483 1483 I SystemServerTiming: OnBootPhase_550_com.android.server.policy.PermissionPolicyService
01-01 10:04:26.151 0 0 I binder : 2011:2011 ioctl 40046210 7fe6bbc0e4 returned -22
12-14 03:22:23.097 1483 1610 I ActivityManager: Start proc 2011:com.android.systemui/u0a82 for service {com.android.systemui/com.android.systemui.ImageWallpaper}
12-14 03:22:23.098 1483 1523 D CompatibilityChangeReporter: Compat change id reported: 168419799; UID 10082; state: DISABLED
12-14 03:22:23.103 1483 1483 I PackageManager: Permission ownership changed. Updating all permissions.
12-14 03:22:23.121 1483 1483 W SystemServiceManager: Service com.android.server.policy.PermissionPolicyService took 53 ms in onBootPhase
12-14 03:22:23.121 1483 1483 I SystemServerTiming: OnBootPhase_550_com.android.server.pm.StagingManager$Lifecycle
12-14 03:22:23.122 1483 1483 I SystemServerTiming: OnBootPhase_550_com.android.server.app.GameManagerService$Lifecycle
12-14 03:22:23.122 1483 1483 I SystemServerTiming: OnBootPhase_550_com.android.server.appsearch.AppSearchManagerService
12-14 03:22:23.122 1483 1483 I SystemServerTiming: OnBootPhase_550_com.android.server.media.MediaCommunicationService
12-14 03:22:23.122 1483 1483 I SystemServerTiming: StartObservingNativeCrashes
12-14 03:22:23.122 1483 1483 I SystemServerTiming: RegisterAppOpsPolicy
12-14 03:22:23.122 1483 1917 W BluetoothManagerService: bindBluetoothProfileService:Trying to bind to profile: 1, while Bluetooth is disabled
12-14 03:22:23.124 1483 1483 I SystemServerTiming: MakeNetworkManagementServiceReady
12-14 03:22:23.124 1483 1658 I SystemServerTimingAsync: InitThreadPoolExec:WebViewFactoryPreparation
12-14 03:22:23.124 1483 1658 I SystemServer: WebViewFactoryPreparation
12-14 03:22:23.124 1483 1658 I SystemServerTimingAsync: WebViewFactoryPreparation
12-14 03:22:23.125 1483 1658 D CompatibilityChangeReporter: Compat change id reported: 135634846; UID 1000; state: DISABLED
12-14 03:22:23.125 1483 1658 D CompatibilityChangeReporter: Compat change id reported: 177438394; UID 1000; state: DISABLED
12-14 03:22:23.125 1483 1658 D CompatibilityChangeReporter: Compat change id reported: 135772972; UID 1000; state: DISABLED
12-14 03:22:23.125 1483 1658 D CompatibilityChangeReporter: Compat change id reported: 178038272; UID 1000; state: DISABLED
12-14 03:22:23.127 1483 1483 I SystemServerTiming: MakeIpSecServiceReady
12-14 03:22:23.136 1483 1840 W NetworkPolicy: setRestrictBackgroundUL: already false
12-14 03:22:23.137 1483 1483 D IpSecService: IpSecService is ready
12-14 03:22:23.137 1483 1483 I SystemServerTiming: MakeNetworkStatsServiceReady
12-14 03:22:23.151 1483 1483 I SystemServerTiming: MakeConnectivityServiceReady
12-14 03:22:23.183 1483 1483 I SystemServerTiming: MakeVpnManagerServiceReady
12-14 03:22:23.187 1483 1483 I SystemServerTiming: MakeVcnManagementServiceReady
12-14 03:22:23.191 1483 1483 I SystemServerTiming: MakeNetworkPolicyServiceReady
12-14 03:22:23.192 1483 1483 I SystemServerTiming: PhaseThirdPartyAppsCanStart
12-14 03:22:23.192 1483 1483 I SystemServiceManager: Starting phase 600
12-14 03:22:23.192 1483 1483 I SystemServerTiming: OnBootPhase_600
12-14 03:22:23.192 1483 1483 I SystemServerTiming: OnBootPhase_600_com.android.server.security.FileIntegrityService
12-14 03:22:23.192 1483 1483 I SystemServerTiming: OnBootPhase_600_com.android.server.pm.Installer
12-14 03:22:23.192 1483 1483 I SystemServerTiming: OnBootPhase_600_com.android.server.os.DeviceIdentifiersPolicyService
12-14 03:22:23.192 1483 1483 I SystemServerTiming: OnBootPhase_600_com.android.server.uri.UriGrantsManagerService$Lifecycle
12-14 03:22:23.192 1483 1483 I SystemServerTiming: OnBootPhase_600_com.android.server.powerstats.PowerStatsService
12-14 03:22:23.192 1483 1483 I SystemServerTiming: OnBootPhase_600_com.android.server.wm.ActivityTaskManagerService$Lifecycle
12-14 03:22:23.192 1483 1483 I SystemServerTiming: OnBootPhase_600_com.android.server.am.ActivityManagerService$Lifecycle
12-14 03:22:23.192 1483 1483 I ExplicitHealthCheckController: Explicit health checks enabled.
12-14 03:22:23.192 1483 1483 I PackageWatchdog: Syncing state, reason: health check state enabled
12-14 03:22:23.192 1483 1483 I PackageWatchdog: Not pruning observers, elapsed time: 0ms
12-14 03:22:23.192 1483 1483 I PackageWatchdog: Cancelling state sync, nothing to sync
12-14 03:22:23.192 1483 1483 I SystemServerTiming: OnBootPhase_600_com.android.server.pm.DataLoaderManagerService
12-14 03:22:23.192 1483 1483 I SystemServerTiming: OnBootPhase_600_com.android.server.power.PowerManagerService
12-14 03:22:23.192 1483 1607 I PackageWatchdog: Saving observer state to file
12-14 03:22:23.193 1483 1483 I SystemServerTiming: OnBootPhase_600_com.android.server.power.ThermalManagerService
12-14 03:22:23.193 1483 1483 I SystemServerTiming: OnBootPhase_600_com.android.server.power.hint.HintManagerService
12-14 03:22:23.193 1483 1483 I SystemServerTiming: OnBootPhase_600_com.android.server.recoverysystem.RecoverySystemService$Lifecycle
12-14 03:22:23.193 1483 1483 I SystemServerTiming: OnBootPhase_600_com.android.server.lights.LightsService
12-14 03:22:23.193 1483 1483 I SystemServerTiming: OnBootPhase_600_com.android.server.display.DisplayManagerService
12-14 03:22:23.193 1483 1483 I SystemServerTiming: OnBootPhase_600_com.android.server.pm.verify.domain.DomainVerificationService
12-14 03:22:23.193 1483 1483 I SystemServerTiming: OnBootPhase_600_com.android.server.pm.PackageInstallerService$Lifecycle
12-14 03:22:23.193 1483 1483 I SystemServerTiming: OnBootPhase_600_com.android.server.pm.UserManagerService$LifeCycle
12-14 03:22:23.193 1483 1483 I SystemServerTiming: OnBootPhase_600_com.android.server.om.OverlayManagerService
12-14 03:22:23.194 1483 1483 I SystemServerTiming: OnBootPhase_600_com.android.server.SensorPrivacyService
12-14 03:22:23.194 1483 1483 I SystemServerTiming: OnBootPhase_600_com.android.server.sensors.SensorService
12-14 03:22:23.194 1483 1483 I SystemServerTiming: OnBootPhase_600_com.android.server.SystemConfigService
12-14 03:22:23.194 1483 1483 I SystemServerTiming: OnBootPhase_600_com.android.server.BatteryService
12-14 03:22:23.194 1483 1483 I SystemServerTiming: OnBootPhase_600_com.android.server.usage.UsageStatsService
12-14 03:22:23.194 1483 1483 I SystemServerTiming: OnBootPhase_600_com.android.server.webkit.WebViewUpdateService
12-14 03:22:23.194 1483 1483 I SystemServerTiming: OnBootPhase_600_com.android.server.CachedDeviceStateService
12-14 03:22:23.194 1483 1483 I SystemServerTiming: OnBootPhase_600_com.android.server.BinderCallsStatsService$LifeCycle
12-14 03:22:23.194 1483 1483 I SystemServerTiming: OnBootPhase_600_com.android.server.LooperStatsService$Lifecycle
12-14 03:22:23.194 1483 1483 I SystemServerTiming: OnBootPhase_600_com.android.server.rollback.RollbackManagerService
12-14 03:22:23.194 1483 1483 I SystemServerTiming: OnBootPhase_600_com.android.server.os.NativeTombstoneManagerService
12-14 03:22:23.194 1483 1483 I SystemServerTiming: OnBootPhase_600_com.android.server.os.BugreportManagerService
12-14 03:22:23.194 1483 1483 I SystemServerTiming: OnBootPhase_600_com.android.server.gpu.GpuService
12-14 03:22:23.194 1483 1483 I SystemServerTiming: OnBootPhase_600_com.android.server.security.KeyChainSystemService
12-14 03:22:23.194 1483 1483 I SystemServerTiming: OnBootPhase_600_com.android.server.telecom.TelecomLoaderService
12-14 03:22:23.194 1483 1483 I SystemServerTiming: OnBootPhase_600_com.android.server.accounts.AccountManagerService$Lifecycle
12-14 03:22:23.194 1483 1483 I SystemServerTiming: OnBootPhase_600_com.android.server.content.ContentService$Lifecycle
12-14 03:22:23.194 1483 1483 I SystemServerTiming: OnBootPhase_600_com.android.server.DropBoxManagerService
12-14 03:22:23.194 1483 1483 I SystemServerTiming: OnBootPhase_600_com.android.role.RoleService
12-14 03:22:23.194 1483 1483 I SystemServerTiming: OnBootPhase_600_com.android.server.vibrator.VibratorManagerService$Lifecycle
12-14 03:22:23.194 1483 1483 I SystemServerTiming: OnBootPhase_600_com.android.server.alarm.AlarmManagerService
12-14 03:22:23.194 1483 1483 I SystemServerTiming: OnBootPhase_600_com.android.server.devicestate.DeviceStateManagerService
12-14 03:22:23.194 1483 1483 I SystemServerTiming: OnBootPhase_600_com.android.server.camera.CameraServiceProxy
12-14 03:22:23.194 1483 1483 I SystemServerTiming: OnBootPhase_600_com.android.server.BluetoothService
12-14 03:22:23.194 1483 1483 I SystemServerTiming: OnBootPhase_600_com.android.server.connectivity.IpConnectivityMetrics
12-14 03:22:23.194 1483 1483 I SystemServerTiming: OnBootPhase_600_com.android.server.net.watchlist.NetworkWatchlistService$Lifecycle
12-14 03:22:23.194 1483 1483 I SystemServerTiming: OnBootPhase_600_com.android.server.PinnerService
12-14 03:22:23.194 1483 1483 I SystemServerTiming: OnBootPhase_600_com.google.android.startop.iorap.IorapForwardingService
12-14 03:22:23.194 1483 1483 I SystemServerTiming: OnBootPhase_600_com.android.server.ActivityTriggerService
12-14 03:22:23.194 1483 1483 I SystemServerTiming: OnBootPhase_600_com.android.server.integrity.AppIntegrityManagerService
12-14 03:22:23.194 1483 1483 I SystemServerTiming: OnBootPhase_600_com.android.server.inputmethod.InputMethodManagerService$Lifecycle
12-14 03:22:23.194 1483 1483 I SystemServerTiming: OnBootPhase_600_com.android.server.accessibility.AccessibilityManagerService$Lifecycle
12-14 03:22:23.194 1483 1483 I SystemServerTiming: OnBootPhase_600_com.android.server.StorageManagerService$Lifecycle
12-14 03:22:23.194 1483 1483 I SystemServerTiming: OnBootPhase_600_com.android.server.usage.StorageStatsService$Lifecycle
12-14 03:22:23.194 1483 1483 I SystemServerTiming: OnBootPhase_600_com.android.server.UiModeManagerService
12-14 03:22:23.194 1483 1483 I SystemServerTiming: OnBootPhase_600_com.android.server.locksettings.LockSettingsService$Lifecycle
12-14 03:22:23.194 1483 1483 I SystemServerTiming: OnBootPhase_600_com.android.server.PersistentDataBlockService
12-14 03:22:23.194 1483 1483 I SystemServerTiming: OnBootPhase_600_com.android.server.testharness.TestHarnessModeService
12-14 03:22:23.194 1483 1483 I SystemServerTiming: OnBootPhase_600_com.android.server.oemlock.OemLockService
12-14 03:22:23.194 1483 1483 I SystemServerTiming: OnBootPhase_600_com.android.server.DeviceIdleController
12-14 03:22:23.194 1483 1483 I SystemServerTiming: OnBootPhase_600_com.android.server.devicepolicy.DevicePolicyManagerService$Lifecycle
12-14 03:22:23.194 1483 1483 I SystemServerTiming: OnBootPhase_600_com.android.server.texttospeech.TextToSpeechManagerService
12-14 03:22:23.194 1483 1483 I SystemServerTiming: OnBootPhase_600_com.android.server.speech.SpeechRecognitionManagerService
12-14 03:22:23.195 1483 1483 I SystemServerTiming: OnBootPhase_600_com.android.server.searchui.SearchUiManagerService
12-14 03:22:23.195 1483 1483 I SystemServerTiming: OnBootPhase_600_com.android.server.smartspace.SmartspaceManagerService
12-14 03:22:23.195 1483 1483 I SystemServerTiming: OnBootPhase_600_com.android.server.graphics.fonts.FontManagerService$Lifecycle
12-14 03:22:23.195 1483 1483 I SystemServerTiming: OnBootPhase_600_com.android.server.textservices.TextServicesManagerService$Lifecycle
12-14 03:22:23.195 1483 1483 I SystemServerTiming: OnBootPhase_600_com.android.server.textclassifier.TextClassificationManagerService$Lifecycle
12-14 03:22:23.195 1483 1483 I SystemServerTiming: OnBootPhase_600_com.android.server.NetworkScoreService$Lifecycle
12-14 03:22:23.195 1483 1483 I SystemServerTiming: OnBootPhase_600_com.android.server.wifi.WifiService
12-14 03:22:23.195 1483 1483 I SystemServerTiming: OnBootPhase_600_com.android.server.wifi.scanner.WifiScanningService
12-14 03:22:23.195 1483 1483 I SystemServerTiming: OnBootPhase_600_com.android.server.wifi.rtt.RttService
12-14 03:22:23.195 1483 1483 I SystemServerTiming: OnBootPhase_600_com.android.server.wifi.aware.WifiAwareService
12-14 03:22:23.195 1483 1483 I SystemServerTiming: OnBootPhase_600_com.android.server.wifi.p2p.WifiP2pService
12-14 03:22:23.195 1483 1483 I SystemServerTiming: OnBootPhase_600_com.android.server.ethernet.EthernetService
12-14 03:22:23.195 1483 1483 I SystemServerTiming: OnBootPhase_600_com.android.server.ConnectivityServiceInitializer
12-14 03:22:23.195 1483 1483 I SystemServerTiming: OnBootPhase_600_com.android.server.notification.NotificationManagerService
12-14 03:22:23.196 1483 1960 W StorageManagerService: No primary storage defined yet; hacking together a stub
12-14 03:22:23.198 1483 1483 I SystemServerTiming: OnBootPhase_600_com.android.server.storage.DeviceStorageMonitorService
12-14 03:22:23.199 1483 1483 I SystemServerTiming: OnBootPhase_600_com.android.server.location.LocationManagerService$Lifecycle
12-14 03:22:23.221 1483 1610 W ActivityManager: Slow operation: 96ms so far, now at startProcess: returned from zygote!
12-14 03:22:23.221 1483 1610 W ActivityManager: Slow operation: 97ms so far, now at startProcess: done updating battery stats
12-14 03:22:23.221 1483 1610 W ActivityManager: Slow operation: 97ms so far, now at startProcess: building log message
12-14 03:22:23.221 1483 1610 I ActivityManager: Start proc 2048:WebViewLoader-armeabi-v7a/1037 [android.webkit.WebViewLibraryLoader$RelroFileCreator] for null
12-14 03:22:23.221 1483 1610 W ActivityManager: Slow operation: 97ms so far, now at startProcess: starting to update pids map
12-14 03:22:23.222 1483 1610 W ActivityManager: Slow operation: 97ms so far, now at startProcess: done updating pids map
12-14 03:22:23.222 1483 1610 W ActivityManager: Slow operation: 96ms so far, now at startProcess: asking zygote to start proc
12-14 03:22:23.226 1483 1610 W ActivityManager: Slow operation: 100ms so far, now at startProcess: returned from zygote!
12-14 03:22:23.226 1483 1610 W ActivityManager: Slow operation: 100ms so far, now at startProcess: done updating battery stats
12-14 03:22:23.226 1483 1610 W ActivityManager: Slow operation: 100ms so far, now at startProcess: building log message
12-14 03:22:23.226 1483 1610 I ActivityManager: Start proc 2050:WebViewLoader-arm64-v8a/1037 [android.webkit.WebViewLibraryLoader$RelroFileCreator] for null
12-14 03:22:23.226 1483 1610 W ActivityManager: Slow operation: 100ms so far, now at startProcess: starting to update pids map
12-14 03:22:23.226 1483 1610 W ActivityManager: Slow operation: 100ms so far, now at startProcess: done updating pids map
12-14 03:22:23.240 1483 1483 I SystemServerTiming: OnBootPhase_600_com.android.server.timedetector.TimeDetectorService$Lifecycle
12-14 03:22:23.240 1483 1483 I SystemServerTiming: OnBootPhase_600_com.android.server.timezonedetector.TimeZoneDetectorService$Lifecycle
12-14 03:22:23.240 1483 1483 I SystemServerTiming: OnBootPhase_600_com.android.server.timezonedetector.location.LocationTimeZoneManagerService$Lifecycle
12-14 03:22:23.240 1483 1483 I SystemServerTiming: OnBootPhase_600_com.android.server.search.SearchManagerService$Lifecycle
12-14 03:22:23.240 1483 1483 I SystemServerTiming: OnBootPhase_600_com.android.server.wallpaper.WallpaperManagerService$Lifecycle
12-14 03:22:23.241 1483 1483 I WallpaperManagerService: switch-user-0
12-14 03:22:23.241 1483 1483 V WallpaperManagerService: bindWallpaperComponentLocked: componentName=ComponentInfo{com.android.systemui/com.android.systemui.ImageWallpaper}
01-01 10:04:26.299 0 0 I binder : 2048:2048 ioctl 40046210 ff892bc8 returned -22
12-14 03:22:23.243 1483 1483 I SystemServerTiming: OnBootPhase_600_com.android.server.audio.AudioService$Lifecycle
12-14 03:22:23.243 1483 1483 I SystemServerTiming: OnBootPhase_600_com.android.server.soundtrigger_middleware.SoundTriggerMiddlewareService$Lifecycle
12-14 03:22:23.243 1483 1483 I SystemServerTiming: OnBootPhase_600_com.android.server.DockObserver
12-14 03:22:23.243 1483 1483 I SystemServerTiming: OnBootPhase_600_com.android.server.midi.MidiService$Lifecycle
12-14 03:22:23.243 1483 1483 I SystemServerTiming: OnBootPhase_600_com.android.server.adb.AdbService$Lifecycle
12-14 03:22:23.243 1483 1483 I SystemServerTiming: OnBootPhase_600_com.android.server.usb.UsbService$Lifecycle
12-14 03:22:23.243 1483 1483 I SystemServerTiming: OnBootPhase_600_com.android.server.twilight.TwilightService
12-14 03:22:23.243 1483 1483 I SystemServerTiming: OnBootPhase_600_com.android.server.display.color.ColorDisplayService
12-14 03:22:23.243 1483 1483 I SystemServerTiming: OnBootPhase_600_com.android.server.job.JobSchedulerService
01-01 10:04:26.306 0 0 I binder : 2050:2050 ioctl 40046210 7fe6bbc0e4 returned -22
12-14 03:22:23.245 1483 1483 I SystemServerTiming: OnBootPhase_600_com.android.server.soundtrigger.SoundTriggerService
12-14 03:22:23.245 1483 1483 D SoundTriggerService: onBootPhase: 600 : false
12-14 03:22:23.245 1483 1483 I SystemServerTiming: OnBootPhase_600_com.android.server.trust.TrustManagerService
12-14 03:22:23.247 1483 1483 D BiometricService: Sensor ID(0), oemStrength: 15, updatedStrength: 15, modality 2, state: 0, cookie: 0, props: ID: 0, Strength: 2, Type: 1, sensorId 0, hasEnrollments: false cannot participate in Keystore operations
12-14 03:22:23.247 1483 1585 D CompatibilityChangeReporter: Compat change id reported: 168936375; UID 1000; state: ENABLED
12-14 03:22:23.248 1483 1483 I SystemServerTiming: OnBootPhase_600_com.android.server.backup.BackupManagerService$Lifecycle
12-14 03:22:23.248 1483 1585 D CompatibilityChangeReporter: Compat change id reported: 168936375; UID 1000; state: DISABLED
12-14 03:22:23.248 1483 1483 I SystemServerTiming: OnBootPhase_600_com.android.server.appwidget.AppWidgetService
12-14 03:22:23.248 1483 1483 I SystemServerTiming: OnBootPhase_600_com.android.server.voiceinteraction.VoiceInteractionManagerService
12-14 03:22:23.249 1483 1483 I SystemServerTiming: OnBootPhase_600_com.android.server.apphibernation.AppHibernationService
12-14 03:22:23.249 1483 1483 I SystemServerTiming: OnBootPhase_600_com.android.server.GestureLauncherService
12-14 03:22:23.250 1483 1483 I SystemServerTiming: OnBootPhase_600_com.android.server.SensorNotificationService
12-14 03:22:23.250 1483 1483 I SystemServerTiming: OnBootPhase_600_com.android.server.emergency.EmergencyAffordanceService
12-14 03:22:23.250 1483 1483 I SystemServerTiming: OnBootPhase_600_com.android.server.blob.BlobStoreManagerService
12-14 03:22:23.251 1483 1483 I SystemServerTiming: OnBootPhase_600_com.android.server.dreams.DreamManagerService
12-14 03:22:23.253 1483 1483 I SystemServerTiming: OnBootPhase_600_com.android.server.companion.CompanionDeviceManagerService
12-14 03:22:23.253 1483 1483 I SystemServerTiming: OnBootPhase_600_com.android.server.restrictions.RestrictionsManagerService
12-14 03:22:23.253 1483 1483 I SystemServerTiming: OnBootPhase_600_com.android.server.media.MediaSessionService
12-14 03:22:23.253 1483 1483 I SystemServerTiming: OnBootPhase_600_com.android.server.media.MediaResourceMonitorService
12-14 03:22:23.253 1483 1483 I SystemServerTiming: OnBootPhase_600_com.android.server.biometrics.sensors.fingerprint.FingerprintService
12-14 03:22:23.253 1483 1483 I SystemServerTiming: OnBootPhase_600_com.android.server.biometrics.BiometricService
12-14 03:22:23.253 1483 1483 I SystemServerTiming: OnBootPhase_600_com.android.server.biometrics.AuthService
12-14 03:22:23.253 1483 1483 I SystemServerTiming: OnBootPhase_600_com.android.server.pm.ShortcutService$Lifecycle
12-14 03:22:23.253 1483 1483 I SystemServerTiming: OnBootPhase_600_com.android.server.pm.LauncherAppsService
12-14 03:22:23.253 1483 1483 I SystemServerTiming: OnBootPhase_600_com.android.server.pm.CrossProfileAppsService
12-14 03:22:23.253 1483 1483 I SystemServerTiming: OnBootPhase_600_com.android.server.people.PeopleService
12-14 03:22:23.253 1483 1483 I SystemServerTiming: OnBootPhase_600_com.android.server.media.metrics.MediaMetricsManagerService
12-14 03:22:23.253 1483 1483 I SystemServerTiming: OnBootPhase_600_com.android.server.media.projection.MediaProjectionManagerService
12-14 03:22:23.253 1483 1483 I SystemServerTiming: OnBootPhase_600_com.android.server.slice.SliceManagerService$Lifecycle
12-14 03:22:23.253 1483 1483 I SystemServerTiming: OnBootPhase_600_com.android.server.stats.StatsCompanion$Lifecycle
12-14 03:22:23.254 1483 1483 I SystemServerTiming: OnBootPhase_600_com.android.server.scheduling.RebootReadinessManagerService$Lifecycle
12-14 03:22:23.254 1483 1483 I SystemServerTiming: OnBootPhase_600_com.android.server.stats.pull.StatsPullAtomService
12-14 03:22:23.254 1483 1483 I SystemServerTiming: OnBootPhase_600_com.android.server.incident.IncidentCompanionService
12-14 03:22:23.254 1483 1483 I SystemServerTiming: OnBootPhase_600_com.android.server.MmsServiceBroker
12-14 03:22:23.254 1483 1483 I SystemServerTiming: OnBootPhase_600_com.android.server.autofill.AutofillManagerService
12-14 03:22:23.254 1483 1607 D StatsPullAtomService: Registering NetworkStats pullers with statsd
12-14 03:22:23.255 1483 1483 I SystemServerTiming: OnBootPhase_600_com.android.server.clipboard.ClipboardService
12-14 03:22:23.255 1483 1483 I SystemServerTiming: OnBootPhase_600_com.android.server.appbinding.AppBindingService$Lifecycle
12-14 03:22:23.255 1483 1483 I SystemServerTiming: OnBootPhase_600_com.android.server.tracing.TracingServiceProxy
12-14 03:22:23.255 1483 1483 I SystemServerTiming: OnBootPhase_600_com.android.server.policy.PermissionPolicyService
12-14 03:22:23.255 1483 1483 I SystemServerTiming: OnBootPhase_600_com.android.server.pm.StagingManager$Lifecycle
12-14 03:22:23.255 1483 1483 I SystemServerTiming: OnBootPhase_600_com.android.server.app.GameManagerService$Lifecycle
12-14 03:22:23.255 1483 1483 I SystemServerTiming: OnBootPhase_600_com.android.server.appsearch.AppSearchManagerService
12-14 03:22:23.255 1483 1483 I SystemServerTiming: OnBootPhase_600_com.android.server.media.MediaCommunicationService
12-14 03:22:23.255 1483 1483 I SystemServerTiming: StartNetworkStack
12-14 03:22:23.255 1483 1483 D ConnectivityModuleConnector: Starting networking module android.net.INetworkStackConnector
12-14 03:22:23.256 1483 1483 D ConnectivityModuleConnector: Starting networking module in network_stack process
12-14 03:22:23.262 1483 2029 W PackageManager: Loading a package that does not exist for the calling user. package=null, user=0
12-14 03:22:23.263 1483 1483 D CompatibilityChangeReporter: Compat change id reported: 135634846; UID 1073; state: DISABLED
12-14 03:22:23.263 1483 1483 D CompatibilityChangeReporter: Compat change id reported: 177438394; UID 1073; state: DISABLED
12-14 03:22:23.263 1483 1483 D CompatibilityChangeReporter: Compat change id reported: 135772972; UID 1073; state: DISABLED
12-14 03:22:23.263 1483 1483 D CompatibilityChangeReporter: Compat change id reported: 135754954; UID 1073; state: ENABLED
12-14 03:22:23.264 1483 1483 D ConnectivityModuleConnector: Networking module service start requested
12-14 03:22:23.264 1483 1483 I SystemServerTiming: StartTethering
12-14 03:22:23.264 1483 1483 D ConnectivityModuleConnector: Starting networking module android.net.ITetheringConnector
12-14 03:22:23.264 1483 1483 D ConnectivityModuleConnector: Starting networking module in network_stack process
12-14 03:22:23.268 1483 1483 D ConnectivityModuleConnector: Networking module service start requested
12-14 03:22:23.269 1483 1483 I SystemServerTiming: MakeCountryDetectionServiceReady
12-14 03:22:23.269 1483 1483 I SystemServerTiming: MakeNetworkTimeUpdateReady
01-01 10:04:26.330 0 0 I binder : 1207:1207 ioctl 40046210 7fea842324 returned -22
12-14 03:22:23.270 1483 1483 I SystemServerTiming: MakeInputManagerServiceReady
12-14 03:22:23.270 1483 1610 I ActivityManager: Start proc 2081:com.android.networkstack.process/1073 for service {com.android.networkstack/com.android.server.NetworkStackService}
12-14 03:22:23.271 1483 1483 I ActivityTaskManager: Config changes=4000 {1.0 ?mcc?mnc [zh_CN] ldltr sw680dp w1586dp h584dp 240dpi lrg long hdr land finger -keyb/v/h -nav/h winConfig={ mBounds=Rect(0, 0 - 2380, 1020) mAppBounds=Rect(0, 0 - 2380, 948) mMaxBounds=Rect(0, 0 - 2380, 1020) mWindowingMode=fullscreen mDisplayWindowingMode=fullscreen mActivityType=undefined mAlwaysOnTop=undefined mRotation=ROTATION_0} s.10 fontWeightAdjustment=0}
01-01 10:04:26.333 0 0 W mv2112_read_status: autoneg not complete
01-01 10:04:26.333 0 0 I : mv2112_disable_aneg
01-01 10:04:26.333 0 0 I : mv2112_setup_forced
01-01 10:04:26.334 0 0 I lan743x 0001: 01:00.0 eth0: Link is Down
12-14 03:22:23.273 1483 1483 I WindowManager: Override config changes=4000 {1.0 ?mcc?mnc [zh_CN] ldltr sw680dp w1586dp h584dp 240dpi lrg long hdr land finger -keyb/v/h -nav/h winConfig={ mBounds=Rect(0, 0 - 2380, 1020) mAppBounds=Rect(0, 0 - 2380, 948) mMaxBounds=Rect(0, 0 - 2380, 1020) mWindowingMode=fullscreen mDisplayWindowingMode=fullscreen mActivityType=undefined mAlwaysOnTop=undefined mRotation=ROTATION_0} s.10 fontWeightAdjustment=0} for displayId=0
01-01 10:04:26.337 0 0 E init : Control message: Could not find 'vendor.qti.hardware.iop@2.0::IIop/default' for ctl.interface_start from pid: 500 (/system/bin/hwservicemanager)
12-14 03:22:23.280 1483 1483 I SystemServerTiming: MakeTelephonyRegistryReady
12-14 03:22:23.280 1483 1483 I SystemServerTiming: MakeMediaRouterServiceReady
12-14 03:22:23.280 1483 1483 I SystemServerTiming: MakeMmsServiceReady
12-14 03:22:23.280 1483 1483 I MmsServiceBroker: Delay connecting to MmsService until an API is called
12-14 03:22:23.280 1483 1483 I SystemServerTiming: IncidentDaemonReady
12-14 03:22:23.281 1483 1981 W PackageManager: Loading a package that does not exist for the calling user. package=null, user=0
12-14 03:22:23.281 1483 1483 I SystemServerTiming: MakeIncrementalServiceReady
12-14 03:22:23.281 1483 1483 I SystemServerTiming: getCurrentUser
12-14 03:22:23.281 1483 1483 I ActivityManager: Current user:0
12-14 03:22:23.281 1483 1483 I SystemServerTiming: ActivityManagerStartApps
12-14 03:22:23.282 1483 1483 I SystemServerTiming: ssm.StartUser-0
12-14 03:22:23.282 1483 1483 I SystemServiceManager: Calling onStartUser 0
12-14 03:22:23.282 1483 1483 I SystemServerTiming: ssm.onStartUser-0_com.android.server.security.FileIntegrityService
12-14 03:22:23.282 1483 1483 I SystemServerTiming: ssm.onStartUser-0_com.android.server.pm.Installer
12-14 03:22:23.282 1483 1483 I SystemServerTiming: ssm.onStartUser-0_com.android.server.os.DeviceIdentifiersPolicyService
12-14 03:22:23.282 1483 1483 I SystemServerTiming: ssm.onStartUser-0_com.android.server.uri.UriGrantsManagerService$Lifecycle
12-14 03:22:23.282 1483 1483 I SystemServerTiming: ssm.onStartUser-0_com.android.server.powerstats.PowerStatsService
12-14 03:22:23.282 1483 1483 I SystemServerTiming: ssm.onStartUser-0_com.android.server.wm.ActivityTaskManagerService$Lifecycle
12-14 03:22:23.282 1483 1483 I SystemServerTiming: ssm.onStartUser-0_com.android.server.am.ActivityManagerService$Lifecycle
12-14 03:22:23.282 1483 1483 I SystemServerTiming: ssm.onStartUser-0_com.android.server.pm.DataLoaderManagerService
12-14 03:22:23.282 1483 1483 I SystemServerTiming: ssm.onStartUser-0_com.android.server.power.PowerManagerService
12-14 03:22:23.283 1483 1483 I SystemServerTiming: ssm.onStartUser-0_com.android.server.power.ThermalManagerService
12-14 03:22:23.283 1483 1483 I SystemServerTiming: ssm.onStartUser-0_com.android.server.power.hint.HintManagerService
12-14 03:22:23.283 1483 1483 I SystemServerTiming: ssm.onStartUser-0_com.android.server.recoverysystem.RecoverySystemService$Lifecycle
12-14 03:22:23.283 1483 1483 I SystemServerTiming: ssm.onStartUser-0_com.android.server.lights.LightsService
12-14 03:22:23.283 1483 1483 I SystemServerTiming: ssm.onStartUser-0_com.android.server.display.DisplayManagerService
12-14 03:22:23.283 1483 1483 I SystemServerTiming: ssm.onStartUser-0_com.android.server.pm.verify.domain.DomainVerificationService
12-14 03:22:23.283 1483 1483 I SystemServerTiming: ssm.onStartUser-0_com.android.server.pm.PackageInstallerService$Lifecycle
12-14 03:22:23.283 1483 1483 I SystemServerTiming: ssm.onStartUser-0_com.android.server.pm.UserManagerService$LifeCycle
12-14 03:22:23.283 1483 1483 I SystemServerTiming: ssm.onStartUser-0_com.android.server.om.OverlayManagerService
12-14 03:22:23.284 1483 1483 I SystemServerTiming: ssm.onStartUser-0_com.android.server.SensorPrivacyService
12-14 03:22:23.284 1483 1483 I SystemServerTiming: ssm.onStartUser-0_com.android.server.sensors.SensorService
12-14 03:22:23.284 1483 1483 I SystemServerTiming: ssm.onStartUser-0_com.android.server.SystemConfigService
12-14 03:22:23.284 1483 1483 I SystemServerTiming: ssm.onStartUser-0_com.android.server.BatteryService
12-14 03:22:23.284 1483 1483 I SystemServerTiming: ssm.onStartUser-0_com.android.server.usage.UsageStatsService
12-14 03:22:23.284 1483 1483 I SystemServerTiming: ssm.onStartUser-0_com.android.server.webkit.WebViewUpdateService
12-14 03:22:23.284 1483 1483 I SystemServerTiming: ssm.onStartUser-0_com.android.server.CachedDeviceStateService
12-14 03:22:23.284 1483 1483 I SystemServerTiming: ssm.onStartUser-0_com.android.server.BinderCallsStatsService$LifeCycle
12-14 03:22:23.284 1483 1483 I SystemServerTiming: ssm.onStartUser-0_com.android.server.LooperStatsService$Lifecycle
12-14 03:22:23.284 1483 1483 I SystemServerTiming: ssm.onStartUser-0_com.android.server.rollback.RollbackManagerService
12-14 03:22:23.284 1483 1483 I SystemServerTiming: ssm.onStartUser-0_com.android.server.os.NativeTombstoneManagerService
12-14 03:22:23.284 1483 1483 I SystemServerTiming: ssm.onStartUser-0_com.android.server.os.BugreportManagerService
12-14 03:22:23.284 1483 1483 I SystemServerTiming: ssm.onStartUser-0_com.android.server.gpu.GpuService
12-14 03:22:23.284 1483 1483 I SystemServerTiming: ssm.onStartUser-0_com.android.server.security.KeyChainSystemService
12-14 03:22:23.284 1483 1483 I SystemServerTiming: ssm.onStartUser-0_com.android.server.telecom.TelecomLoaderService
12-14 03:22:23.284 1483 1483 I SystemServerTiming: ssm.onStartUser-0_com.android.server.accounts.AccountManagerService$Lifecycle
12-14 03:22:23.284 1483 1483 I SystemServerTiming: ssm.onStartUser-0_com.android.server.content.ContentService$Lifecycle
12-14 03:22:23.285 1483 1483 I SystemServerTiming: ssm.onStartUser-0_com.android.server.DropBoxManagerService
12-14 03:22:23.285 1483 1483 I SystemServerTiming: ssm.onStartUser-0_com.android.role.RoleService
12-14 03:22:23.286 1483 1483 I SystemServerTiming: ssm.onStartUser-0_com.android.server.vibrator.VibratorManagerService$Lifecycle
12-14 03:22:23.287 1483 1483 I SystemServerTiming: ssm.onStartUser-0_com.android.server.alarm.AlarmManagerService
12-14 03:22:23.287 1483 1483 I SystemServerTiming: ssm.onStartUser-0_com.android.server.devicestate.DeviceStateManagerService
12-14 03:22:23.287 1483 1483 I SystemServerTiming: ssm.onStartUser-0_com.android.server.camera.CameraServiceProxy
12-14 03:22:23.289 1483 1483 I SystemServerTiming: ssm.onStartUser-0_com.android.server.BluetoothService
12-14 03:22:23.289 1483 1483 I SystemServerTiming: ssm.onStartUser-0_com.android.server.connectivity.IpConnectivityMetrics
12-14 03:22:23.289 1483 1483 I SystemServerTiming: ssm.onStartUser-0_com.android.server.net.watchlist.NetworkWatchlistService$Lifecycle
12-14 03:22:23.289 1483 1483 I SystemServerTiming: ssm.onStartUser-0_com.android.server.PinnerService
12-14 03:22:23.290 1483 1483 I SystemServerTiming: ssm.onStartUser-0_com.google.android.startop.iorap.IorapForwardingService
12-14 03:22:23.290 1483 1483 I SystemServerTiming: ssm.onStartUser-0_com.android.server.ActivityTriggerService
12-14 03:22:23.290 1483 1483 I SystemServerTiming: ssm.onStartUser-0_com.android.server.integrity.AppIntegrityManagerService
12-14 03:22:23.290 1483 1483 I SystemServerTiming: ssm.onStartUser-0_com.android.server.inputmethod.InputMethodManagerService$Lifecycle
12-14 03:22:23.290 1483 1483 I SystemServerTiming: ssm.onStartUser-0_com.android.server.accessibility.AccessibilityManagerService$Lifecycle
12-14 03:22:23.290 1483 1483 I SystemServerTiming: ssm.onStartUser-0_com.android.server.StorageManagerService$Lifecycle
12-14 03:22:23.291 1483 1483 V StorageManagerService: Package com.sohu.inputmethod.sogou.car has legacy storage
12-14 03:22:23.292 1483 1483 V StorageManagerService: Package android.frameworkres.overlay does not have legacy storage
12-14 03:22:23.292 1483 1483 V StorageManagerService: Package com.android.cts.priv.ctsshim does not have legacy storage
12-14 03:22:23.292 1483 1483 V StorageManagerService: Package com.thundercomm.gamemode.provider does not have legacy storage
12-14 03:22:23.292 1483 1483 V StorageManagerService: Package com.thundercomm.gamemode does not have legacy storage
12-14 03:22:23.292 1483 1483 V StorageManagerService: Package com.thundercomm.microservice does not have legacy storage
12-14 03:22:23.292 1483 1483 V StorageManagerService: Package com.android.dynsystem does not have legacy storage
12-14 03:22:23.292 1483 1483 V StorageManagerService: Package com.hht.lebocast does not have legacy storage
12-14 03:22:23.292 1483 1483 V StorageManagerService: Package com.android.providers.calendar does not have legacy storage
12-14 03:22:23.292 1483 1483 V StorageManagerService: Package com.android.providers.media does not have legacy storage
12-14 03:22:23.292 1483 1483 V StorageManagerService: Package com.android.internal.systemui.navbar.gestural_wide_back does not have legacy storage
12-14 03:22:23.292 1483 1483 V StorageManagerService: Package com.android.wallpapercropper does not have legacy storage
12-14 03:22:23.292 1483 1483 V StorageManagerService: Package com.thundercomm.microsettings does not have legacy storage
12-14 03:22:23.292 1483 1483 V StorageManagerService: Package com.qualcomm.qti.gpudrivers.kona.api30 does not have legacy storage
12-14 03:22:23.293 1483 1483 V StorageManagerService: Package com.android.documentsui does not have legacy storage
12-14 03:22:23.293 1483 1483 V StorageManagerService: Package com.android.externalstorage does not have legacy storage
12-14 03:22:23.293 1483 1483 V StorageManagerService: Package com.android.htmlviewer does not have legacy storage
12-14 03:22:23.293 1483 1483 V StorageManagerService: Package com.qualcomm.qti.uceShimService does not have legacy storage
12-14 03:22:23.293 1483 1483 V StorageManagerService: Package com.android.companiondevicemanager does not have legacy storage
12-14 03:22:23.293 1483 1483 V StorageManagerService: Package com.qualcomm.qti.qms.service.connectionsecurity does not have legacy storage
12-14 03:22:23.293 1483 1483 V StorageManagerService: Package com.android.providers.downloads does not have legacy storage
12-14 03:22:23.293 1483 1483 V StorageManagerService: Package com.android.internal.systemui.onehanded.gestural does not have legacy storage
12-14 03:22:23.293 1483 1483 V StorageManagerService: Package vendor.qti.hardware.cacert.server does not have legacy storage
12-14 03:22:23.294 1483 1483 V StorageManagerService: Package com.thundercomm.tchttpserver does not have legacy storage
12-14 03:22:23.294 1483 1483 V StorageManagerService: Package vendor.qti.iwlan does not have legacy storage
12-14 03:22:23.294 1483 1483 V StorageManagerService: Package com.android.soundrecorder does not have legacy storage
12-14 03:22:23.294 1483 1483 V StorageManagerService: Package com.tc.logclient does not have legacy storage
12-14 03:22:23.294 1483 1483 V StorageManagerService: Package android.qvaoverlay.common does not have legacy storage
12-14 03:22:23.294 1483 1483 V StorageManagerService: Package com.android.providers.downloads.ui does not have legacy storage
12-14 03:22:23.294 1483 1483 V StorageManagerService: Package com.android.pacprocessor does not have legacy storage
12-14 03:22:23.294 1483 1483 V StorageManagerService: Package com.android.networkstack does not have legacy storage
12-14 03:22:23.294 1483 1483 V StorageManagerService: Package android.overlay.common does not have legacy storage
12-14 03:22:23.294 1483 1483 V StorageManagerService: Package com.android.connectivity.resources does not have legacy storage
12-14 03:22:23.294 1483 1483 V StorageManagerService: Package com.android.modulemetadata does not have legacy storage
12-14 03:22:23.294 1483 1483 V StorageManagerService: Package com.android.certinstaller does not have legacy storage
12-14 03:22:23.294 1483 1483 V StorageManagerService: Package android does not have legacy storage
12-14 03:22:23.294 1483 1483 V StorageManagerService: Package com.qualcomm.wfd.service does not have legacy storage
12-14 03:22:23.294 1483 1483 V StorageManagerService: Package com.thundercomm.tcsetupwizard does not have legacy storage
12-14 03:22:23.294 1483 1483 V StorageManagerService: Package ts.car.uart does not have legacy storage
12-14 03:22:23.294 1483 1483 V StorageManagerService: Package com.android.egg does not have legacy storage
12-14 03:22:23.294 1483 1483 V StorageManagerService: Package com.android.mtp does not have legacy storage
12-14 03:22:23.295 1483 1483 V StorageManagerService: Package com.android.nfc does not have legacy storage
12-14 03:22:23.295 1483 1483 V StorageManagerService: Package com.android.stk does not have legacy storage
12-14 03:22:23.295 1483 1483 V StorageManagerService: Package com.android.launcher3 does not have legacy storage
12-14 03:22:23.295 1483 1483 V StorageManagerService: Package com.android.backupconfirm does not have legacy storage
12-14 03:22:23.295 1483 1483 V StorageManagerService: Package vendor.qti.qesdk.sysservice does not have legacy storage
12-14 03:22:23.295 1483 1483 V StorageManagerService: Package com.hryt.hiphishowfsecontrol does not have legacy storage
12-14 03:22:23.295 1483 1483 V StorageManagerService: Package com.android.provision does not have legacy storage
12-14 03:22:23.295 1483 1483 V StorageManagerService: Package android.overlay.target does not have legacy storage
12-14 03:22:23.295 1483 1483 V StorageManagerService: Package com.microsoft.emmx does not have legacy storage
12-14 03:22:23.295 1483 1483 V StorageManagerService: Package com.qti.pasrservice does not have legacy storage
12-14 03:22:23.295 1483 1483 V StorageManagerService: Package com.android.settings.intelligence does not have legacy storage
12-14 03:22:23.295 1483 1483 V StorageManagerService: Package com.android.calendar does not have legacy storage
12-14 03:22:23.295 1483 1483 V StorageManagerService: Package com.android.internal.systemui.navbar.gestural_extra_wide_back does not have legacy storage
12-14 03:22:23.295 1483 1483 V StorageManagerService: Package com.qualcomm.qti.dynamicddsservice does not have legacy storage
12-14 03:22:23.295 1483 1483 V StorageManagerService: Package com.qualcomm.qti.xrvd.service does not have legacy storage
12-14 03:22:23.295 1483 1483 V StorageManagerService: Package com.android.providers.settings does not have legacy storage
12-14 03:22:23.295 1483 1483 V StorageManagerService: Package com.android.sharedstoragebackup does not have legacy storage
12-14 03:22:23.295 1483 1483 V StorageManagerService: Package com.android.printspooler does not have legacy storage
12-14 03:22:23.296 1483 1483 V StorageManagerService: Package com.qti.qualcomm.mstatssystemservice does not have legacy storage
12-14 03:22:23.296 1483 1483 V StorageManagerService: Package com.qualcomm.qti.services.systemhelper does not have legacy storage
12-14 03:22:23.296 1483 1483 V StorageManagerService: Package com.android.wifi.resources.overlay.common does not have legacy storage
12-14 03:22:23.296 1483 1483 V StorageManagerService: Package com.android.dreams.basic does not have legacy storage
12-14 03:22:23.296 1483 1483 V StorageManagerService: Package com.android.webview does not have legacy storage
