12-14 03:34:55.046 1398 5729 D LOWI-9.0.0.87.a: [LOWI-Scan] is_qcom_ie, bss_age: 0
12-14 03:34:55.046 1398 5729 D LOWI-9.0.0.87.a: [LOWI-Scan] adjust_age:AP AGE upper limit reached. Dont store
12-14 03:34:55.046 1398 5729 D LOWI-9.0.0.87.a: [LOWI-Scan] BSS 18:6f:2d:0a:ae:03 LOWI_PHY_MODE_11NG_HT20(5), Beacon Interval: 100, LOWI_ENCRYPTION_TYPE_WPA_PSK 11mcRanging: No, ANQP: No, LCI: No, Civic: No, capability(0x0531): ESS Privacy ShortPreamble SpectrumMgmt ShortSlotTime
12-14 03:34:55.046 1398 5729 D LOWI-9.0.0.87.a: [LOWI-Scan] BSS 18:6f:2d:0a:ae:03 FREQ: 2422, cFreq1[40:80:160] = [2422:0:0] cFreq2 = 0 Country Code = CN
12-14 03:34:55.046 1398 5729 D LOWI-9.0.0.87.a: [LOWI-Scan] BSS 18:6f:2d:0a:ae:03 (wlan0) ASSO: NO AddInfo: 0x1, TSF 0, 00:12:32.577, RSSI: -156, CPL: 127, AGE: 11592, SSID ZXHY, TSFDelta: 0xd4991a27, TXRate: 0
12-14 03:34:55.046 1398 5729 D LOWI-9.0.0.87.a: [LOWI-Scan]
12-14 03:34:55.046 1398 5729 D LOWI-9.0.0.87.a: [LOWI-Scan] print_bss_handler: Report Probe TSF 752489767 as it greater than Beacon TSF 0
12-14 03:34:55.046 1398 5729 D LOWI-9.0.0.87.a: [LOWI-Scan] is_qcom_ie, bss_age: 0
12-14 03:34:55.046 1398 5729 D LOWI-9.0.0.87.a: [LOWI-Scan] adjust_age:AP AGE upper limit reached. Dont store
12-14 03:34:55.046 1398 5729 D LOWI-9.0.0.87.a: [LOWI-Scan] BSS 18:6f:2d:25:4a:71 LOWI_PHY_MODE_11AC_VHT20(8), Beacon Interval: 200, LOWI_ENCRYPTION_TYPE_OPEN 11mcRanging: No, ANQP: No, LCI: No, Civic: No, capability(0x0101): ESS SpectrumMgmt
12-14 03:34:55.046 1398 5729 D LOWI-9.0.0.87.a: [LOWI-Scan] BSS 18:6f:2d:25:4a:71 FREQ: 5200, cFreq1[40:80:160] = [5200:0:0] cFreq2 = 0 Country Code = CN
12-14 03:34:55.046 1398 5729 D LOWI-9.0.0.87.a: [LOWI-Scan] BSS 18:6f:2d:25:4a:71 (wlan0) ASSO: NO AddInfo: 0x0, TSF 0, 00:12:32.489, RSSI: -174, CPL: 127, AGE: 11680, SSID Guest, TSFDelta: 0xcd2c172, TXRate: 0
12-14 03:34:55.046 1398 5729 D LOWI-9.0.0.87.a: [LOWI-Scan]
12-14 03:34:55.046 1398 5729 D LOWI-9.0.0.87.a: [LOWI-Scan] print_bss_handler: Report Probe TSF 762631259 as it greater than Beacon TSF 0
12-14 03:34:55.046 1398 5729 D LOWI-9.0.0.87.a: [LOWI-Scan] is_qcom_ie, bss_age: 0
12-14 03:34:55.046 1398 5729 D LOWI-9.0.0.87.a: [LOWI-Scan] BSS 18:6f:2d:0a:ae:01 LOWI_PHY_MODE_11NG_HT20(5), Beacon Interval: 100, LOWI_ENCRYPTION_TYPE_OPEN 11mcRanging: No, ANQP: No, LCI: No, Civic: No, capability(0x0521): ESS ShortPreamble SpectrumMgmt ShortSlotTime
12-14 03:34:55.046 1398 5729 D LOWI-9.0.0.87.a: [LOWI-Scan] BSS 18:6f:2d:0a:ae:01 FREQ: 2422, cFreq1[40:80:160] = [2422:0:0] cFreq2 = 0 Country Code = CN
12-14 03:34:55.046 1398 5729 D LOWI-9.0.0.87.a: [LOWI-Scan] BSS 18:6f:2d:0a:ae:01 (wlan0) ASSO: NO AddInfo: 0x0, TSF 0, 00:12:42.631, RSSI: -160, CPL: 127, AGE: 1540, SSID Guest, TSFDelta: 0xd4233371, TXRate: 0
12-14 03:34:55.046 1398 5729 D LOWI-9.0.0.87.a: [LOWI-Scan]
12-14 03:34:55.046 1398 5729 D LOWI-9.0.0.87.a: [LOWI-Scan] print_bss_handler: Report Probe TSF 752586982 as it greater than Beacon TSF 0
12-14 03:34:55.046 1398 5729 D LOWI-9.0.0.87.a: [LOWI-Scan] decode_rsn_wpa_ie: LOWI_ENCRYPTION_TYPE_WPA_PSK
12-14 03:34:55.046 1398 5729 D LOWI-9.0.0.87.a: [LOWI-Scan] is_qcom_ie, bss_age: 0
12-14 03:34:55.046 1398 5729 D LOWI-9.0.0.87.a: [LOWI-Scan] adjust_age:AP AGE upper limit reached. Dont store
12-14 03:34:55.046 1398 5729 D LOWI-9.0.0.87.a: [LOWI-Scan] BSS 18:6f:2d:0a:ae:02 LOWI_PHY_MODE_11NG_HT20(5), Beacon Interval: 100, LOWI_ENCRYPTION_TYPE_WPA_PSK 11mcRanging: No, ANQP: No, LCI: No, Civic: No, capability(0x0531): ESS Privacy ShortPreamble SpectrumMgmt ShortSlotTime
12-14 03:34:55.046 1398 5729 D LOWI-9.0.0.87.a: [LOWI-Scan] BSS 18:6f:2d:0a:ae:02 FREQ: 2422, cFreq1[40:80:160] = [2422:0:0] cFreq2 = 0 Country Code = CN
12-14 03:34:55.046 1398 5729 D LOWI-9.0.0.87.a: [LOWI-Scan] BSS 18:6f:2d:0a:ae:02 (wlan0) ASSO: NO AddInfo: 0x0, TSF 0, 00:12:32.586, RSSI: -160, CPL: 127, AGE: 11584, SSID ThunderSoft_2.4G, TSFDelta: 0xd4a27602, TXRate: 0
12-14 03:34:55.046 1398 5729 D LOWI-9.0.0.87.a: [LOWI-Scan]
12-14 03:34:55.046 1398 5729 D LOWI-9.0.0.87.a: [LOWI-Scan] print_bss_handler: Report Probe TSF 763377462 as it greater than Beacon TSF 733260490
12-14 03:34:55.046 1398 5729 D LOWI-9.0.0.87.a: [LOWI-Scan] decode_rsn_wpa_ie: LOWI_ENCRYPTION_TYPE_WPA_PSK
12-14 03:34:55.047 1398 5729 D LOWI-9.0.0.87.a: [LOWI-Scan] is_qcom_ie, bss_age: 0
12-14 03:34:55.047 1398 5729 D LOWI-9.0.0.87.a: [LOWI-Scan] BSS 64:6e:97:5a:7e:e0 LOWI_PHY_MODE_11AC_VHT40_2G(12), Beacon Interval: 100, LOWI_ENCRYPTION_TYPE_WPA_PSK 11mcRanging: No, ANQP: No, LCI: No, Civic: No, capability(0x1411): ESS Privacy ShortSlotTime
12-14 03:34:55.047 1398 5729 D LOWI-9.0.0.87.a: [LOWI-Scan] BSS 64:6e:97:5a:7e:e0 FREQ: 2462, cFreq1[40:80:160] = [2452:0:0] cFreq2 = 0 Country Code = CN
12-14 03:34:55.047 1398 5729 D LOWI-9.0.0.87.a: [LOWI-Scan] BSS 64:6e:97:5a:7e:e0 (wlan0) ASSO: NO AddInfo: 0x0, TSF 0, 00:12:43.377, RSSI: -162, CPL: 127, AGE: 792, SSID DMC, TSFDelta: 0xd444ae26, TXRate: 0
12-14 03:34:55.047 1398 5729 D LOWI-9.0.0.87.a: [LOWI-Scan]
12-14 03:34:55.047 1398 5729 D LOWI-9.0.0.87.a: [LOWI-Scan] print_bss_handler: Report Probe TSF 763384182 as it greater than Beacon TSF 763360418
12-14 03:34:55.047 1398 5729 D LOWI-9.0.0.87.a: [LOWI-Scan] decode_rsn_wpa_ie: LOWI_ENCRYPTION_TYPE_WPA_PSK
12-14 03:34:55.047 1398 5729 D LOWI-9.0.0.87.a: [LOWI-Scan] is_qcom_ie, bss_age: 0
12-14 03:34:55.047 1398 5729 D LOWI-9.0.0.87.a: [LOWI-Scan] BSS 84:db:ac:2d:18:a8 LOWI_PHY_MODE_11NG_HT20(5), Beacon Interval: 100, LOWI_ENCRYPTION_TYPE_WPA_PSK 11mcRanging: No, ANQP: No, LCI: No, Civic: No, capability(0x0411): ESS Privacy ShortSlotTime
12-14 03:34:55.047 1398 5729 D LOWI-9.0.0.87.a: [LOWI-Scan] BSS 84:db:ac:2d:18:a8 FREQ: 2462, cFreq1[40:80:160] = [0:0:0] cFreq2 = 0 Country Code =
12-14 03:34:55.047 1398 5729 D LOWI-9.0.0.87.a: [LOWI-Scan] BSS 84:db:ac:2d:18:a8 (wlan0) ASSO: NO AddInfo: 0x0, TSF 0, 00:12:43.384, RSSI: -172, CPL: 127, AGE: 784, SSID HUAWEI-XJ2FLJ, TSFDelta: 0xdfbd24a2, TXRate: 0
12-14 03:34:55.047 1398 5729 D LOWI-9.0.0.87.a: [LOWI-Scan]
12-14 03:34:55.047 1398 5729 D LOWI-9.0.0.87.a: [LOWI-Scan] print_bss_handler: Report beacon TSF 762409118 as it greater than probe TSF 762409118
12-14 03:34:55.047 1398 5729 D LOWI-9.0.0.87.a: [LOWI-Scan] decode_rsn_wpa_ie: LOWI_ENCRYPTION_TYPE_WPA_PSK
12-14 03:34:55.047 1398 5729 D LOWI-9.0.0.87.a: [LOWI-Scan] is_qcom_ie, bss_age: 0
12-14 03:34:55.047 1398 5729 D LOWI-9.0.0.87.a: [LOWI-Scan] BSS 38:a9:1c:35:03:6a LOWI_PHY_MODE_11NG_HT20(5), Beacon Interval: 100, LOWI_ENCRYPTION_TYPE_WPA_PSK 11mcRanging: No, ANQP: No, LCI: No, Civic: No, capability(0x0411): ESS Privacy ShortSlotTime
12-14 03:34:55.047 1398 5729 D LOWI-9.0.0.87.a: [LOWI-Scan] BSS 38:a9:1c:35:03:6a FREQ: 2412, cFreq1[40:80:160] = [0:0:0] cFreq2 = 0 Country Code =
12-14 03:34:55.047 1398 5729 D LOWI-9.0.0.87.a: [LOWI-Scan] BSS 38:a9:1c:35:03:6a (wlan0) ASSO: NO AddInfo: 0x1, TSF 0, 00:12:42.409, RSSI: -166, CPL: 127, AGE: 1760, SSID H3C_v2x_wifi, TSFDelta: 0xa663e4f0, TXRate: 0
12-14 03:34:55.047 1398 5729 D LOWI-9.0.0.87.a: [LOWI-Scan]
12-14 03:34:55.047 1398 5729 D LOWI-9.0.0.87.a: [LOWI-Scan] print_bss_handler: Report Probe TSF 762415571 as it greater than Beacon TSF 0
12-14 03:34:55.047 1398 5729 D LOWI-9.0.0.87.a: [LOWI-Scan] decode_rsn_wpa_ie: LOWI_ENCRYPTION_TYPE_WPA_PSK
12-14 03:34:55.047 1398 5729 D LOWI-9.0.0.87.a: [LOWI-Scan] is_qcom_ie, bss_age: 0
12-14 03:34:55.047 1398 5729 D LOWI-9.0.0.87.a: [LOWI-Scan] BSS 7c:d9:5c:9d:f7:e0 LOWI_PHY_MODE_11NG_HT20(5), Beacon Interval: 100, LOWI_ENCRYPTION_TYPE_WPA_PSK 11mcRanging: No, ANQP: No, LCI: No, Civic: No, capability(0x1431): ESS Privacy ShortPreamble ShortSlotTime
12-14 03:34:55.047 1398 5729 D LOWI-9.0.0.87.a: [LOWI-Scan] BSS 7c:d9:5c:9d:f7:e0 FREQ: 2412, cFreq1[40:80:160] = [0:0:0] cFreq2 = 0 Country Code = US
12-14 03:34:55.047 1398 5729 D LOWI-9.0.0.87.a: [LOWI-Scan] BSS 7c:d9:5c:9d:f7:e0 (wlan0) ASSO: NO AddInfo: 0x0, TSF 0, 00:12:42.415, RSSI: -128, CPL: 127, AGE: 1756, SSID Google nest wifi, TSFDelta: 0x751637b1, TXRate: 0
12-14 03:34:55.047 1398 5729 D LOWI-9.0.0.87.a: [LOWI-Scan]
12-14 03:34:55.047 1398 5729 D LOWI-9.0.0.87.a: [LOWI-Scan] print_bss_handler: Report Probe TSF 742340736 as it greater than Beacon TSF 0
12-14 03:34:55.047 1398 5729 D LOWI-9.0.0.87.a: [LOWI-Scan] is_qcom_ie, bss_age: 0
12-14 03:34:55.047 1398 5729 D LOWI-9.0.0.87.a: [LOWI-Scan] adjust_age:AP AGE upper limit reached. Dont store
12-14 03:34:55.047 1398 5729 D LOWI-9.0.0.87.a: [LOWI-Scan] BSS 7e:b5:9b:1b:a4:31 LOWI_PHY_MODE_11AC_VHT40_2G(12), Beacon Interval: 100, LOWI_ENCRYPTION_TYPE_OPEN 11mcRanging: No, ANQP: Yes, LCI: No, Civic: No, capability(0x1421): ESS ShortPreamble ShortSlotTime
12-14 03:34:55.047 1398 5729 D LOWI-9.0.0.87.a: [LOWI-Scan] BSS 7e:b5:9b:1b:a4:31 FREQ: 2412, cFreq1[40:80:160] = [2422:0:0] cFreq2 = 0 Country Code = CN
12-14 03:34:55.047 1398 5729 D LOWI-9.0.0.87.a: [LOWI-Scan] BSS 7e:b5:9b:1b:a4:31 (wlan0) ASSO: NO AddInfo: 0x0, TSF 0, 00:12:22.340, RSSI: -146, CPL: 127, AGE: 21828, SSID TPGuest_A431, TSFDelta: 0x7236ad3c, TXRate: 0
12-14 03:34:55.047 1398 5729 D LOWI-9.0.0.87.a: [LOWI-Scan]
12-14 03:34:55.047 1398 5729 D LOWI-9.0.0.87.a: [LOWI-Scan] print_bss_handler: Report Probe TSF 752494562 as it greater than Beacon TSF 742440245
12-14 03:34:55.047 1398 5729 D LOWI-9.0.0.87.a: [LOWI-Scan] decode_rsn_wpa_ie: LOWI_ENCRYPTION_TYPE_WPA_PSK
12-14 03:34:55.047 1398 5729 D LOWI-9.0.0.87.a: [LOWI-Scan] is_qcom_ie, bss_age: 0
12-14 03:34:55.047 1398 5729 D LOWI-9.0.0.87.a: [LOWI-Scan] adjust_age:AP AGE upper limit reached. Dont store
12-14 03:34:55.047 1398 5729 D LOWI-9.0.0.87.a: [LOWI-Scan] BSS 18:6f:2d:25:4a:77 LOWI_PHY_MODE_11AC_VHT20(8), Beacon Interval: 200, LOWI_ENCRYPTION_TYPE_WPA_PSK 11mcRanging: No, ANQP: No, LCI: No, Civic: No, capability(0x0111): ESS Privacy SpectrumMgmt
12-14 03:34:55.047 1398 5729 D LOWI-9.0.0.87.a: [LOWI-Scan] BSS 18:6f:2d:25:4a:77 FREQ: 5200, cFreq1[40:80:160] = [5200:0:0] cFreq2 = 0 Country Code = CN
12-14 03:34:55.047 1398 5729 D LOWI-9.0.0.87.a: [LOWI-Scan] BSS 18:6f:2d:25:4a:77 (wlan0) ASSO: NO AddInfo: 0x0, TSF 0, 00:12:32.494, RSSI: -170, CPL: 127, AGE: 11676, SSID 456, TSFDelta: 0xcf5e5eb, TXRate: 0
12-14 03:34:55.048 1398 5729 D LOWI-9.0.0.87.a: [LOWI-Scan]
12-14 03:34:55.048 1398 5729 D LOWI-9.0.0.87.a: [LOWI-Scan] print_bss_handler: Report beacon TSF 742829395 as it greater than probe TSF 742829395
12-14 03:34:55.048 1398 5729 D LOWI-9.0.0.87.a: [LOWI-Scan] decode_rsn_wpa_ie: LOWI_ENCRYPTION_TYPE_WPA_PSK
12-14 03:34:55.048 1398 5729 D LOWI-9.0.0.87.a: [LOWI-Scan] is_qcom_ie, bss_age: 0
12-14 03:34:55.048 1398 5729 D LOWI-9.0.0.87.a: [LOWI-Scan] adjust_age:AP AGE upper limit reached. Dont store
12-14 03:34:55.048 1398 5729 D LOWI-9.0.0.87.a: [LOWI-Scan] BSS 76:54:3b:54:38:4d LOWI_PHY_MODE_11NG_HT20(5), Beacon Interval: 100, LOWI_ENCRYPTION_TYPE_WPA_PSK 11mcRanging: No, ANQP: Yes, LCI: No, Civic: No, capability(0x1431): ESS Privacy ShortPreamble ShortSlotTime
12-14 03:34:55.048 1398 5729 D LOWI-9.0.0.87.a: [LOWI-Scan] BSS 76:54:3b:54:38:4d FREQ: 2437, cFreq1[40:80:160] = [0:0:0] cFreq2 = 0 Country Code = US
12-14 03:34:55.048 1398 5729 D LOWI-9.0.0.87.a: [LOWI-Scan] BSS 76:54:3b:54:38:4d (wlan0) ASSO: NO AddInfo: 0x1, TSF 0, 00:12:22.829, RSSI: -176, CPL: 127, AGE: 21340, SSID CADILLAC_8915, TSFDelta: 0xd0f3e5da, TXRate: 0
12-14 03:34:55.048 1398 5729 D LOWI-9.0.0.87.a: [LOWI-Scan]
12-14 03:34:55.048 1398 5729 D LOWI-9.0.0.87.a: [LOWI-Scan] print_bss_handler: Report beacon TSF 753266896 as it greater than probe TSF 753266896
12-14 03:34:55.048 1398 5729 D LOWI-9.0.0.87.a: [LOWI-Scan] decode_rsn_wpa_ie: LOWI_ENCRYPTION_TYPE_WPA_PSK
12-14 03:34:55.048 1398 5729 D LOWI-9.0.0.87.a: [LOWI-Scan] is_qcom_ie, bss_age: 0
12-14 03:34:55.048 1398 5729 D LOWI-9.0.0.87.a: [LOWI-Scan] adjust_age:AP AGE upper limit reached. Dont store
12-14 03:34:55.048 1398 5729 D LOWI-9.0.0.87.a: [LOWI-Scan] BSS 36:80:9b:cb:a2:73 LOWI_PHY_MODE_11NG_HT20(5), Beacon Interval: 100, LOWI_ENCRYPTION_TYPE_WPA_PSK 11mcRanging: No, ANQP: No, LCI: No, Civic: No, capability(0x0411): ESS Privacy ShortSlotTime
12-14 03:34:55.048 1398 5729 D LOWI-9.0.0.87.a: [LOWI-Scan] BSS 36:80:9b:cb:a2:73 FREQ: 2457, cFreq1[40:80:160] = [2457:0:0] cFreq2 = 0 Country Code =
12-14 03:34:55.048 1398 5729 D LOWI-9.0.0.87.a: [LOWI-Scan] BSS 36:80:9b:cb:a2:73 (wlan0) ASSO: NO AddInfo: 0x1, TSF 0, 00:12:33.266, RSSI: -160, CPL: 127, AGE: 10904, SSID FW, TSFDelta: 0xa484be2f, TXRate: 0
12-14 03:34:55.048 1398 5729 D LOWI-9.0.0.87.a: [LOWI-Scan]
12-14 03:34:55.048 1398 5729 D LOWI-9.0.0.87.a: [LOWI-Scan] print_bss_handler: Report beacon TSF 752366279 as it greater than probe TSF 752366279
12-14 03:34:55.048 1398 5729 D LOWI-9.0.0.87.a: [LOWI-Scan] is_qcom_ie, bss_age: 0
12-14 03:34:55.048 1398 5729 D LOWI-9.0.0.87.a: [LOWI-Scan] adjust_age:AP AGE upper limit reached. Dont store
12-14 03:34:55.048 1398 5729 D LOWI-9.0.0.87.a: [LOWI-Scan] BSS 7c:de:78:ab:ce:08 LOWI_PHY_MODE_11NG_HT20(5), Beacon Interval: 100, LOWI_ENCRYPTION_TYPE_OPEN 11mcRanging: No, ANQP: No, LCI: No, Civic: No, capability(0x0411): ESS Privacy ShortSlotTime
12-14 03:34:55.048 1398 5729 D LOWI-9.0.0.87.a: [LOWI-Scan] BSS 7c:de:78:ab:ce:08 FREQ: 2412, cFreq1[40:80:160] = [0:0:0] cFreq2 = 0 Country Code =
12-14 03:34:55.048 1398 5729 D LOWI-9.0.0.87.a: [LOWI-Scan] BSS 7c:de:78:ab:ce:08 (wlan0) ASSO: NO AddInfo: 0x1, TSF 0, 00:12:32.366, RSSI: -170, CPL: 127, AGE: 11804, SSID Perceiveeyes, TSFDelta: 0x8e6b42ad, TXRate: 0
12-14 03:34:55.048 1398 5729 D LOWI-9.0.0.87.a: [LOWI-Scan]
12-14 03:34:55.048 1398 5729 D LOWI-9.0.0.87.a: [LOWI-Scan] print_bss_handler: Report Probe TSF 752493757 as it greater than Beacon TSF 752467298
12-14 03:34:55.048 1398 5729 D LOWI-9.0.0.87.a: [LOWI-Scan] decode_rsn_wpa_ie: LOWI_ENCRYPTION_TYPE_WPA_PSK
12-14 03:34:55.048 1398 5729 D LOWI-9.0.0.87.a: [LOWI-Scan] is_qcom_ie, bss_age: 0
12-14 03:34:55.048 1398 5729 D LOWI-9.0.0.87.a: [LOWI-Scan] adjust_age:AP AGE upper limit reached. Dont store
12-14 03:34:55.048 1398 5729 D LOWI-9.0.0.87.a: [LOWI-Scan] BSS 18:6f:2d:25:4a:76 LOWI_PHY_MODE_11AC_VHT20(8), Beacon Interval: 200, LOWI_ENCRYPTION_TYPE_WPA_PSK 11mcRanging: No, ANQP: No, LCI: No, Civic: No, capability(0x0111): ESS Privacy SpectrumMgmt
12-14 03:34:55.048 1398 5729 D LOWI-9.0.0.87.a: [LOWI-Scan] BSS 18:6f:2d:25:4a:76 FREQ: 5200, cFreq1[40:80:160] = [5200:0:0] cFreq2 = 0 Country Code = CN
12-14 03:34:55.048 1398 5729 D LOWI-9.0.0.87.a: [LOWI-Scan] BSS 18:6f:2d:25:4a:76 (wlan0) ASSO: NO AddInfo: 0x0, TSF 0, 00:12:32.493, RSSI: -172, CPL: 127, AGE: 11676, SSID 123, TSFDelta: 0xcf01b2c, TXRate: 0
12-14 03:34:55.048 1398 5729 D LOWI-9.0.0.87.a: [LOWI-Scan]
12-14 03:34:55.048 1398 5729 D LOWI-9.0.0.87.a: [LOWI-Scan] print_bss_handler: Report Probe TSF 752488617 as it greater than Beacon TSF 0
12-14 03:34:55.048 1398 5729 D LOWI-9.0.0.87.a: [LOWI-Scan] decode_rsn_wpa_ie: LOWI_ENCRYPTION_TYPE_WPA_PSK
12-14 03:34:55.048 1398 5729 D LOWI-9.0.0.87.a: [LOWI-Scan] is_qcom_ie, bss_age: 0
12-14 03:34:55.048 1398 5729 D LOWI-9.0.0.87.a: [LOWI-Scan] adjust_age:AP AGE upper limit reached. Dont store
12-14 03:34:55.048 1398 5729 D LOWI-9.0.0.87.a: [LOWI-Scan] BSS 18:6f:2d:25:4a:70 LOWI_PHY_MODE_11AC_VHT20(8), Beacon Interval: 200, LOWI_ENCRYPTION_TYPE_WPA_PSK 11mcRanging: No, ANQP: No, LCI: No, Civic: No, capability(0x0111): ESS Privacy SpectrumMgmt
12-14 03:34:55.048 1398 5729 D LOWI-9.0.0.87.a: [LOWI-Scan] BSS 18:6f:2d:25:4a:70 FREQ: 5200, cFreq1[40:80:160] = [5200:0:0] cFreq2 = 0 Country Code = CN
12-14 03:34:55.048 1398 5729 D LOWI-9.0.0.87.a: [LOWI-Scan] BSS 18:6f:2d:25:4a:70 (wlan0) ASSO: NO AddInfo: 0x0, TSF 0, 00:12:32.488, RSSI: -172, CPL: 127, AGE: 11680, SSID Testing , TSFDelta: 0xcc6d7d0, TXRate: 0
12-14 03:34:55.048 1398 5729 D LOWI-9.0.0.87.a: [LOWI-Scan]
12-14 03:34:55.048 1398 5729 D LOWI-9.0.0.87.a: [LOWI-Scan] print_bss_handler: Report Probe TSF 752490508 as it greater than Beacon TSF 0
12-14 03:34:55.048 1398 5729 D LOWI-9.0.0.87.a: [LOWI-Scan] decode_rsn_wpa_ie: LOWI_ENCRYPTION_TYPE_WPA_PSK
12-14 03:34:55.048 1398 5729 D LOWI-9.0.0.87.a: [LOWI-Scan] is_qcom_ie, bss_age: 0
12-14 03:34:55.048 1398 5729 D LOWI-9.0.0.87.a: [LOWI-Scan] adjust_age:AP AGE upper limit reached. Dont store
12-14 03:34:55.048 1398 5729 D LOWI-9.0.0.87.a: [LOWI-Scan] BSS 18:6f:2d:25:4a:72 LOWI_PHY_MODE_11AC_VHT20(8), Beacon Interval: 200, LOWI_ENCRYPTION_TYPE_WPA_PSK 11mcRanging: No, ANQP: No, LCI: No, Civic: No, capability(0x0111): ESS Privacy SpectrumMgmt
12-14 03:34:55.048 1398 5729 D LOWI-9.0.0.87.a: [LOWI-Scan] BSS 18:6f:2d:25:4a:72 FREQ: 5200, cFreq1[40:80:160] = [5200:0:0] cFreq2 = 0 Country Code = CN
12-14 03:34:55.048 1398 5729 D LOWI-9.0.0.87.a: [LOWI-Scan] BSS 18:6f:2d:25:4a:72 (wlan0) ASSO: NO AddInfo: 0x0, TSF 0, 00:12:32.490, RSSI: -172, CPL: 127, AGE: 11680, SSID ZXHY, TSFDelta: 0xcd85e83, TXRate: 0
12-14 03:34:55.049 1398 5729 D LOWI-9.0.0.87.a: [LOWI-Scan]
12-14 03:34:55.049 1398 5729 D LOWI-9.0.0.87.a: [LOWI-Scan] print_bss_handler: Report Probe TSF 752491321 as it greater than Beacon TSF 0
12-14 03:34:55.049 1398 5729 D LOWI-9.0.0.87.a: [LOWI-Scan] decode_rsn_wpa_ie: LOWI_ENCRYPTION_TYPE_WPA_PSK
12-14 03:34:55.049 1398 5729 D LOWI-9.0.0.87.a: [LOWI-Scan] is_qcom_ie, bss_age: 0
12-14 03:34:55.049 1398 5729 D LOWI-9.0.0.87.a: [LOWI-Scan] adjust_age:AP AGE upper limit reached. Dont store
12-14 03:34:55.049 1398 5729 D LOWI-9.0.0.87.a: [LOWI-Scan] BSS 18:6f:2d:25:4a:73 LOWI_PHY_MODE_11AC_VHT20(8), Beacon Interval: 200, LOWI_ENCRYPTION_TYPE_WPA_PSK 11mcRanging: No, ANQP: No, LCI: No, Civic: No, capability(0x0111): ESS Privacy SpectrumMgmt
12-14 03:34:55.049 1398 5729 D LOWI-9.0.0.87.a: [LOWI-Scan] BSS 18:6f:2d:25:4a:73 FREQ: 5200, cFreq1[40:80:160] = [5200:0:0] cFreq2 = 0 Country Code = CN
12-14 03:34:55.049 1398 5729 D LOWI-9.0.0.87.a: [LOWI-Scan] BSS 18:6f:2d:25:4a:73 (wlan0) ASSO: NO AddInfo: 0x0, TSF 0, 00:12:32.491, RSSI: -170, CPL: 127, AGE: 11680, SSID Fanya, TSFDelta: 0xcddd75e, TXRate: 0
12-14 03:34:55.049 1398 5729 D LOWI-9.0.0.87.a: [LOWI-Scan]
12-14 03:34:55.049 1398 5729 D LOWI-9.0.0.87.a: [LOWI-Scan] print_bss_handler: Report Probe TSF 752491716 as it greater than Beacon TSF 0
12-14 03:34:55.049 1398 5729 D LOWI-9.0.0.87.a: [LOWI-Scan] decode_rsn_wpa_ie: LOWI_ENCRYPTION_TYPE_WPA_PSK
12-14 03:34:55.049 1398 5729 D LOWI-9.0.0.87.a: [LOWI-Scan] is_qcom_ie, bss_age: 0
12-14 03:34:55.049 1398 5729 D LOWI-9.0.0.87.a: [LOWI-Scan] adjust_age:AP AGE upper limit reached. Dont store
12-14 03:34:55.049 1398 5729 D LOWI-9.0.0.87.a: [LOWI-Scan] BSS 18:6f:2d:25:4a:74 LOWI_PHY_MODE_11AC_VHT20(8), Beacon Interval: 200, LOWI_ENCRYPTION_TYPE_WPA_PSK 11mcRanging: No, ANQP: No, LCI: No, Civic: No, capability(0x0111): ESS Privacy SpectrumMgmt
12-14 03:34:55.049 1398 5729 D LOWI-9.0.0.87.a: [LOWI-Scan] BSS 18:6f:2d:25:4a:74 FREQ: 5200, cFreq1[40:80:160] = [5200:0:0] cFreq2 = 0 Country Code = CN
12-14 03:34:55.049 1398 5729 D LOWI-9.0.0.87.a: [LOWI-Scan] BSS 18:6f:2d:25:4a:74 (wlan0) ASSO: NO AddInfo: 0x0, TSF 0, 00:12:32.491, RSSI: -174, CPL: 127, AGE: 11680, SSID ThunderSoft, TSFDelta: 0xce0aa8a, TXRate: 0
12-14 03:34:55.049 1398 5729 D LOWI-9.0.0.87.a: [LOWI-Scan]
12-14 03:34:55.049 1398 5729 D LOWI-9.0.0.87.a: [LOWI-Scan] print_bss_handler: Report Probe TSF 752492127 as it greater than Beacon TSF 0
12-14 03:34:55.049 1398 5729 D LOWI-9.0.0.87.a: [LOWI-Scan] decode_rsn_wpa_ie: LOWI_ENCRYPTION_TYPE_WPA_PSK
12-14 03:34:55.049 1398 5729 D LOWI-9.0.0.87.a: [LOWI-Scan] is_qcom_ie, bss_age: 0
12-14 03:34:55.049 1398 5729 D LOWI-9.0.0.87.a: [LOWI-Scan] adjust_age:AP AGE upper limit reached. Dont store
12-14 03:34:55.049 1398 5729 D LOWI-9.0.0.87.a: [LOWI-Scan] BSS 18:6f:2d:25:4a:75 LOWI_PHY_MODE_11AC_VHT20(8), Beacon Interval: 200, LOWI_ENCRYPTION_TYPE_WPA_PSK 11mcRanging: No, ANQP: No, LCI: No, Civic: No, capability(0x0111): ESS Privacy SpectrumMgmt
12-14 03:34:55.049 1398 5729 D LOWI-9.0.0.87.a: [LOWI-Scan] BSS 18:6f:2d:25:4a:75 FREQ: 5200, cFreq1[40:80:160] = [5200:0:0] cFreq2 = 0 Country Code = CN
12-14 03:34:55.049 1398 5729 D LOWI-9.0.0.87.a: [LOWI-Scan] BSS 18:6f:2d:25:4a:75 (wlan0) ASSO: NO AddInfo: 0x0, TSF 0, 00:12:32.492, RSSI: -174, CPL: 127, AGE: 11676, SSID GM, TSFDelta: 0xce3a803, TXRate: 0
12-14 03:34:55.049 1398 5729 D LOWI-9.0.0.87.a: [LOWI-Scan]
12-14 03:34:55.049 1398 5729 D LOWI-9.0.0.87.a: [LOWI-Scan] print_bss_handler: Report beacon TSF 752577840 as it greater than probe TSF 752577840
12-14 03:34:55.049 1398 5729 D LOWI-9.0.0.87.a: [LOWI-Scan] decode_rsn_wpa_ie: LOWI_ENCRYPTION_TYPE_WPA_PSK
12-14 03:34:55.049 1398 5729 D LOWI-9.0.0.87.a: [LOWI-Scan] is_qcom_ie, bss_age: 0
12-14 03:34:55.049 1398 5729 D LOWI-9.0.0.87.a: [LOWI-Scan] adjust_age:AP AGE upper limit reached. Dont store
12-14 03:34:55.050 1398 5729 D LOWI-9.0.0.87.a: [LOWI-Scan] BSS 18:6f:2d:0a:ae:04 LOWI_PHY_MODE_11NG_HT20(5), Beacon Interval: 100, LOWI_ENCRYPTION_TYPE_WPA_PSK 11mcRanging: No, ANQP: No, LCI: No, Civic: No, capability(0x0531): ESS Privacy ShortPreamble SpectrumMgmt ShortSlotTime
12-14 03:34:55.050 1398 5729 D LOWI-9.0.0.87.a: [LOWI-Scan] BSS 18:6f:2d:0a:ae:04 FREQ: 2422, cFreq1[40:80:160] = [2422:0:0] cFreq2 = 0 Country Code = CN
12-14 03:34:55.050 1398 5729 D LOWI-9.0.0.87.a: [LOWI-Scan] BSS 18:6f:2d:0a:ae:04 (wlan0) ASSO: NO AddInfo: 0x1, TSF 0, 00:12:32.577, RSSI: -158, CPL: 127, AGE: 11592, SSID Fanya, TSFDelta: 0xd3ce000b, TXRate: 0
12-14 03:34:55.050 1398 5729 D LOWI-9.0.0.87.a: [LOWI-Scan]
12-14 03:34:55.050 1398 5729 D LOWI-9.0.0.87.a: [LOWI-Scan] print_bss_handler: Report beacon TSF 752894173 as it greater than probe TSF 752894173
12-14 03:34:55.050 1398 5729 D LOWI-9.0.0.87.a: [LOWI-Scan] decode_rsn_wpa_ie: LOWI_ENCRYPTION_TYPE_WPA_PSK
12-14 03:34:55.050 1398 5729 D LOWI-9.0.0.87.a: [LOWI-Scan] is_qcom_ie, bss_age: 0
12-14 03:34:55.050 1398 5729 D LOWI-9.0.0.87.a: [LOWI-Scan] adjust_age:AP AGE upper limit reached. Dont store
12-14 03:34:55.050 1398 5729 D LOWI-9.0.0.87.a: [LOWI-Scan] BSS 96:f4:1b:6f:e0:30 LOWI_PHY_MODE_11NG_HT20(5), Beacon Interval: 100, LOWI_ENCRYPTION_TYPE_WPA_PSK 11mcRanging: No, ANQP: Yes, LCI: No, Civic: No, capability(0x1431): ESS Privacy ShortPreamble ShortSlotTime
12-14 03:34:55.050 1398 5729 D LOWI-9.0.0.87.a: [LOWI-Scan] BSS 96:f4:1b:6f:e0:30 FREQ: 2437, cFreq1[40:80:160] = [0:0:0] cFreq2 = 0 Country Code = CN
12-14 03:34:55.050 1398 5729 D LOWI-9.0.0.87.a: [LOWI-Scan] BSS 96:f4:1b:6f:e0:30 (wlan0) ASSO: NO AddInfo: 0x1, TSF 0, 00:12:32.894, RSSI: -158, CPL: 127, AGE: 11276, SSID CHEVROLET_5170, TSFDelta: 0xd21472d2, TXRate: 0
12-14 03:34:55.050 1398 5729 D LOWI-9.0.0.87.a: [LOWI-Scan]
12-14 03:34:55.050 1398 5729 D LOWI-9.0.0.87.a: [LOWI-Scan] print_bss_handler: Report Probe TSF 762927546 as it greater than Beacon TSF 0
12-14 03:34:55.050 1398 5729 D LOWI-9.0.0.87.a: [LOWI-Scan] decode_rsn_wpa_ie: LOWI_ENCRYPTION_TYPE_WPA_PSK
12-14 03:34:55.050 1398 5729 D LOWI-9.0.0.87.a: [LOWI-Scan] is_qcom_ie, bss_age: 0
12-14 03:34:55.050 1398 5729 D LOWI-9.0.0.87.a: [LOWI-Scan] BSS 44:94:fc:3d:da:94 LOWI_PHY_MODE_11AC_VHT80(10), Beacon Interval: 100, LOWI_ENCRYPTION_TYPE_WPA_PSK 11mcRanging: No, ANQP: No, LCI: No, Civic: No, capability(0x1011): ESS Privacy
12-14 03:34:55.050 1398 5729 D LOWI-9.0.0.87.a: [LOWI-Scan] BSS 44:94:fc:3d:da:94 FREQ: 5765, cFreq1[40:80:160] = [5755:5775:0] cFreq2 = 0 Country Code =
12-14 03:34:55.050 1398 5729 D LOWI-9.0.0.87.a: [LOWI-Scan] BSS 44:94:fc:3d:da:94 (wlan0) ASSO: NO AddInfo: 0x0, TSF 0, 00:12:42.927, RSSI: -162, CPL: 127, AGE: 1244, SSID WIFI_debug_cjw_5G, TSFDelta: 0x7142b46f, TXRate: 0
12-14 03:34:55.050 1398 5729 D LOWI-9.0.0.87.a: [LOWI-Scan]
12-14 03:34:55.051 1398 5729 D LOWI-9.0.0.87.a: [LOWI-Scan] print_bss_handler: Report Probe TSF 763049361 as it greater than Beacon TSF 0
12-14 03:34:55.051 1398 5729 D LOWI-9.0.0.87.a: [LOWI-Scan] decode_rsn_wpa_ie: LOWI_ENCRYPTION_TYPE_WPA_PSK
12-14 03:34:55.051 1398 5729 D LOWI-9.0.0.87.a: [LOWI-Scan] is_qcom_ie, bss_age: 0
12-14 03:34:55.051 1398 5729 D LOWI-9.0.0.87.a: [LOWI-Scan] BSS f0:55:01:67:de:f0 LOWI_PHY_MODE_11AC_VHT80(10), Beacon Interval: 100, LOWI_ENCRYPTION_TYPE_WPA_PSK 11mcRanging: No, ANQP: No, LCI: No, Civic: No, capability(0x1d31): ESS Privacy ShortPreamble SpectrumMgmt ShortSlotTime APSD
12-14 03:34:55.051 1398 5729 D LOWI-9.0.0.87.a: [LOWI-Scan] BSS f0:55:01:67:de:f0 FREQ: 5785, cFreq1[40:80:160] = [5795:5775:0] cFreq2 = 0 Country Code =
12-14 03:34:55.051 1398 5729 D LOWI-9.0.0.87.a: [LOWI-Scan] BSS f0:55:01:67:de:f0 (wlan0) ASSO: NO AddInfo: 0x0, TSF 0, 00:12:43.049, RSSI: -166, CPL: 127, AGE: 1120, SSID xTS_5G, TSFDelta: 0x2103bc8b, TXRate: 0
12-14 03:34:55.051 1398 5729 D LOWI-9.0.0.87.a: [LOWI-Scan]
12-14 03:34:55.051 1398 5729 D LOWI-9.0.0.87.a: [LOWI-Scan] print_bss_handler: Report beacon TSF 753307380 as it greater than probe TSF 753307380
12-14 03:34:55.051 1398 5729 D LOWI-9.0.0.87.a: [LOWI-Scan] is_qcom_ie, bss_age: 0
12-14 03:34:55.051 1398 5729 D LOWI-9.0.0.87.a: [LOWI-Scan] adjust_age:AP AGE upper limit reached. Dont store
12-14 03:34:55.051 1398 5729 D LOWI-9.0.0.87.a: [LOWI-Scan] BSS 38:80:9b:cb:a2:73 LOWI_PHY_MODE_11NG_HT20(5), Beacon Interval: 100, LOWI_ENCRYPTION_TYPE_OPEN 11mcRanging: No, ANQP: No, LCI: No, Civic: No, capability(0x0401): ESS ShortSlotTime
12-14 03:34:55.051 1398 5729 D LOWI-9.0.0.87.a: [LOWI-Scan] BSS 38:80:9b:cb:a2:73 FREQ: 2457, cFreq1[40:80:160] = [2457:0:0] cFreq2 = 0 Country Code =
12-14 03:34:55.051 1398 5729 D LOWI-9.0.0.87.a: [LOWI-Scan] BSS 38:80:9b:cb:a2:73 (wlan0) ASSO: NO AddInfo: 0x1, TSF 0, 00:12:33.307, RSSI: -162, CPL: 127, AGE: 10864, SSID Lenovo12, TSFDelta: 0xa57c339c, TXRate: 0
12-14 03:34:55.051 1398 5729 D LOWI-9.0.0.87.a: [LOWI-Scan]
12-14 03:34:55.051 1398 5729 D LOWI-9.0.0.87.a: [LOWI-Scan] print_bss_handler: Report beacon TSF 762415372 as it greater than probe TSF 762415372
12-14 03:34:55.051 1398 5729 D LOWI-9.0.0.87.a: [LOWI-Scan] decode_rsn_wpa_ie: LOWI_ENCRYPTION_TYPE_WPA_PSK
12-14 03:34:55.051 1398 5729 D LOWI-9.0.0.87.a: [LOWI-Scan] is_qcom_ie, bss_age: 0
12-14 03:34:55.051 1398 5729 D LOWI-9.0.0.87.a: [LOWI-Scan] BSS 18:6f:2d:81:1e:64 LOWI_PHY_MODE_11NG_HT20(5), Beacon Interval: 100, LOWI_ENCRYPTION_TYPE_WPA_PSK 11mcRanging: No, ANQP: No, LCI: No, Civic: No, capability(0x0531): ESS Privacy ShortPreamble SpectrumMgmt ShortSlotTime
12-14 03:34:55.051 1398 5729 D LOWI-9.0.0.87.a: [LOWI-Scan] BSS 18:6f:2d:81:1e:64 FREQ: 2412, cFreq1[40:80:160] = [2412:0:0] cFreq2 = 0 Country Code = CN
12-14 03:34:55.051 1398 5729 D LOWI-9.0.0.87.a: [LOWI-Scan] BSS 18:6f:2d:81:1e:64 (wlan0) ASSO: NO AddInfo: 0x1, TSF 0, 00:12:42.415, RSSI: -172, CPL: 127, AGE: 1756, SSID Fanya, TSFDelta: 0x8ab2f3ae, TXRate: 0
12-14 03:34:55.051 1398 5729 D LOWI-9.0.0.87.a: [LOWI-Scan]
12-14 03:34:55.051 1398 5729 D LOWI-9.0.0.87.a: [LOWI-Scan] print_bss_handler: Report Probe TSF 762721332 as it greater than Beacon TSF 0
12-14 03:34:55.051 1398 5729 D LOWI-9.0.0.87.a: [LOWI-Scan] is_qcom_ie, bss_age: 0
12-14 03:34:55.051 1398 5729 D LOWI-9.0.0.87.a: [LOWI-Scan] BSS 18:6f:2d:81:1f:d1 LOWI_PHY_MODE_11AC_VHT20(8), Beacon Interval: 100, LOWI_ENCRYPTION_TYPE_OPEN 11mcRanging: No, ANQP: No, LCI: No, Civic: No, capability(0x0101): ESS SpectrumMgmt
12-14 03:34:55.051 1398 5729 D LOWI-9.0.0.87.a: [LOWI-Scan] BSS 18:6f:2d:81:1f:d1 FREQ: 5240, cFreq1[40:80:160] = [5240:0:0] cFreq2 = 0 Country Code = CN
12-14 03:34:55.051 1398 5729 D LOWI-9.0.0.87.a: [LOWI-Scan] BSS 18:6f:2d:81:1f:d1 (wlan0) ASSO: NO AddInfo: 0x0, TSF 0, 00:12:42.721, RSSI: -176, CPL: 127, AGE: 1456, SSID Guest, TSFDelta: 0x13df9ec4, TXRate: 0
12-14 03:34:55.051 1398 5729 D LOWI-9.0.0.87.a: [LOWI-Scan]
12-14 03:34:55.051 1398 5729 D LOWI-9.0.0.87.a: [LOWI-Scan] print_bss_handler: Report Probe TSF 762726513 as it greater than Beacon TSF 0
12-14 03:34:55.051 1398 5729 D LOWI-9.0.0.87.a: [LOWI-Scan] decode_rsn_wpa_ie: LOWI_ENCRYPTION_TYPE_WPA_PSK
12-14 03:34:55.051 1398 5729 D LOWI-9.0.0.87.a: [LOWI-Scan] is_qcom_ie, bss_age: 0
12-14 03:34:55.051 1398 5729 D LOWI-9.0.0.87.a: [LOWI-Scan] BSS 18:6f:2d:81:1f:d5 LOWI_PHY_MODE_11AC_VHT20(8), Beacon Interval: 100, LOWI_ENCRYPTION_TYPE_WPA_PSK 11mcRanging: No, ANQP: No, LCI: No, Civic: No, capability(0x0111): ESS Privacy SpectrumMgmt
12-14 03:34:55.051 1398 5729 D LOWI-9.0.0.87.a: [LOWI-Scan] BSS 18:6f:2d:81:1f:d5 FREQ: 5240, cFreq1[40:80:160] = [5240:0:0] cFreq2 = 0 Country Code = CN
12-14 03:34:55.051 1398 5729 D LOWI-9.0.0.87.a: [LOWI-Scan] BSS 18:6f:2d:81:1f:d5 (wlan0) ASSO: NO AddInfo: 0x0, TSF 0, 00:12:42.726, RSSI: -174, CPL: 127, AGE: 1452, SSID GM, TSFDelta: 0x14031788, TXRate: 0
12-14 03:34:55.051 1398 5729 D LOWI-9.0.0.87.a: [LOWI-Scan]
12-14 03:34:55.051 1398 5729 D LOWI-9.0.0.87.a: [LOWI-Scan] print_bss_handler: Report Probe TSF 762934628 as it greater than Beacon TSF 0
12-14 03:34:55.051 1398 5729 D LOWI-9.0.0.87.a: [LOWI-Scan] decode_rsn_wpa_ie: LOWI_ENCRYPTION_TYPE_WPA_PSK
12-14 03:34:55.051 1398 5729 D LOWI-9.0.0.87.a: [LOWI-Scan] is_qcom_ie, bss_age: 0
12-14 03:34:55.051 1398 5729 D LOWI-9.0.0.87.a: [LOWI-Scan] BSS 18:6f:2d:25:4a:65 LOWI_PHY_MODE_11NG_HT20(5), Beacon Interval: 100, LOWI_ENCRYPTION_TYPE_WPA_PSK 11mcRanging: No, ANQP: No, LCI: No, Civic: No, capability(0x0531): ESS Privacy ShortPreamble SpectrumMgmt ShortSlotTime
12-14 03:34:55.051 1398 5729 D LOWI-9.0.0.87.a: [LOWI-Scan] BSS 18:6f:2d:25:4a:65 FREQ: 2437, cFreq1[40:80:160] = [2437:0:0] cFreq2 = 0 Country Code = CN
12-14 03:34:55.051 1398 5729 D LOWI-9.0.0.87.a: [LOWI-Scan] BSS 18:6f:2d:25:4a:65 (wlan0) ASSO: NO AddInfo: 0x0, TSF 0, 00:12:42.934, RSSI: -150, CPL: 127, AGE: 1244, SSID 123, TSFDelta: 0x88109c14, TXRate: 0
12-14 03:34:55.051 1398 5729 D LOWI-9.0.0.87.a: [LOWI-Scan]
12-14 03:34:55.051 1398 5729 D LOWI-9.0.0.87.a: [LOWI-Scan] print_bss_handler: Report Probe TSF 763256560 as it greater than Beacon TSF 0
12-14 03:34:55.051 1398 5729 D LOWI-9.0.0.87.a: [LOWI-Scan] decode_rsn_wpa_ie: LOWI_ENCRYPTION_TYPE_WPA_PSK
12-14 03:34:55.051 1398 5729 D LOWI-9.0.0.87.a: [LOWI-Scan] is_qcom_ie, bss_age: 0
12-14 03:34:55.051 1398 5729 D LOWI-9.0.0.87.a: [LOWI-Scan] BSS 18:6f:2d:81:23:c3 LOWI_PHY_MODE_11NG_HT20(5), Beacon Interval: 100, LOWI_ENCRYPTION_TYPE_WPA_PSK 11mcRanging: No, ANQP: No, LCI: No, Civic: No, capability(0x0531): ESS Privacy ShortPreamble SpectrumMgmt ShortSlotTime
12-14 03:34:55.051 1398 5729 D LOWI-9.0.0.87.a: [LOWI-Scan] BSS 18:6f:2d:81:23:c3 FREQ: 2452, cFreq1[40:80:160] = [2452:0:0] cFreq2 = 0 Country Code = CN
12-14 03:34:55.051 1398 5729 D LOWI-9.0.0.87.a: [LOWI-Scan] BSS 18:6f:2d:81:23:c3 (wlan0) ASSO: NO AddInfo: 0x0, TSF 0, 00:12:43.256, RSSI: -152, CPL: 127, AGE: 920, SSID ZXHY, TSFDelta: 0x8d7a551c, TXRate: 0
12-14 03:34:55.051 1398 5729 D LOWI-9.0.0.87.a: [LOWI-Scan]
12-14 03:34:55.051 1398 5729 D LOWI-9.0.0.87.a: [LOWI-Scan] print_bss_handler: Report beacon TSF 763614702 as it greater than probe TSF 763554235
12-14 03:34:55.051 1398 5729 D LOWI-9.0.0.87.a: [LOWI-Scan] decode_rsn_wpa_ie: LOWI_ENCRYPTION_TYPE_WPA_PSK
12-14 03:34:55.051 1398 5729 D LOWI-9.0.0.87.a: [LOWI-Scan] is_qcom_ie, bss_age: 0
12-14 03:34:55.051 1398 5729 D LOWI-9.0.0.87.a: [LOWI-Scan] BSS 18:6f:2d:81:18:80 LOWI_PHY_MODE_11NG_HT20(5), Beacon Interval: 100, LOWI_ENCRYPTION_TYPE_WPA_PSK 11mcRanging: No, ANQP: No, LCI: No, Civic: No, capability(0x0531): ESS Privacy ShortPreamble SpectrumMgmt ShortSlotTime
12-14 03:34:55.051 1398 5729 D LOWI-9.0.0.87.a: [LOWI-Scan] BSS 18:6f:2d:81:18:80 FREQ: 2472, cFreq1[40:80:160] = [2472:0:0] cFreq2 = 0 Country Code = CN
12-14 03:34:55.051 1398 5729 D LOWI-9.0.0.87.a: [LOWI-Scan] BSS 18:6f:2d:81:18:80 (wlan0) ASSO: NO AddInfo: 0x1, TSF 0, 00:12:43.614, RSSI: -150, CPL: 127, AGE: 564, SSID Testing , TSFDelta: 0x9610128a, TXRate: 0
12-14 03:34:55.051 1398 5729 D LOWI-9.0.0.87.a: [LOWIDiagLog] Log: lowiMeasResult->request: invalid null argument
12-14 03:34:55.051 1398 5729 I LOWI-9.0.0.87.a: [LOWI-Scan] lowi_close_record:Scan done in 748737ms, 75 APs in scan results
12-14 03:34:55.051 1398 5729 D LOWI-9.0.0.87.a: [LOWI-Scan] WipsScanUsingNL: passive scan cached 0, took 10032 ms, err 0
12-14 03:34:55.051 1398 5729 D LOWI-9.0.0.87.a: [LOWI-Scan] lowi_proc_req_passive_scan_with_live_meas - No WLAN Frames to be parsed
12-14 03:34:55.051 1398 5729 D LOWI-9.0.0.87.a: [LOWIScanResultReceiver] Send scan meas to listener
12-14 03:34:55.051 1398 5729 D LOWI-9.0.0.87.a: [LOWIScanResultReceiver] Enter passive listening mode
12-14 03:34:55.051 1398 5729 D LOWI-9.0.0.87.a: [LOWIWifiDriverInterface] getMeasurements - Passive listening mode
12-14 03:34:55.051 1398 5729 D LOWI-9.0.0.87.a: [LOWI-Scan] WipsScanUsingNL:wait -1 sec for netlink message
12-14 03:34:55.051 1398 1442 D LOWI-9.0.0.87.a: [LOWIEventReceiver] handleEvent:FROM:NA, TO:NA, REQ:NA, IREQ:NA, REQ_ID:0, RESP:NA, INFO:NA
12-14 03:34:55.052 1398 1442 D LOWI-9.0.0.87.a: [LOWIBackgroundScanMgr] isRspForBgScanMgr: evt(LOWI_NO_EVT) - not handled
12-14 03:34:55.052 1398 1442 D LOWI-9.0.0.87.a: [LOWIScheduler] manageMsg: NULL results or NULL request in results
12-14 03:34:55.052 1398 1442 D LOWI-9.0.0.87.a: [LOWIController] Measurements received
12-14 03:34:55.052 1398 1442 D LOWI-9.0.0.87.a: [LOWICacheManager] putInCache:Num of Meas to add: 75
12-14 03:34:55.053 1483 1883 W IE_Capabilities: Unknown RSN cipher suite: 6ac0f00
12-14 03:34:55.054 1398 1442 D LOWI-9.0.0.87.a: [LOWIController] processMeasurementResults: No current Request. Cache measurements
12-14 03:34:55.054 1398 1442 D LOWI-9.0.0.87.a: [LOWIController] sendAsyncScanResponse: Request FreeWifiScanObserver_0 is from a different client.
12-14 03:34:55.055 1398 1442 D LOWI-9.0.0.87.a: [LOWIController] generateResponse: Type (ASYNC_DISCOVERY_SCAN_RESULTS) ScanStatus (1) request FreeWifiScanObserver_0
12-14 03:34:55.055 1398 1442 D LOWI-9.0.0.87.a: [LOWIEventDispatcher] sendResponse - originator = FreeWifiScanObserver
12-14 03:34:55.055 1398 1442 D LOWI-9.0.0.87.a: [LOWIUtils] injectScanMeasurements - num of APs = 75
12-14 03:34:55.056 1398 1442 I LOWI-9.0.0.87.a: [LOWIUtils] responseToOutPostcard - TO: FreeWifiScanObserver, FROM: LOWI-SERVER, RESP: LOWI_ASYNC_DISCOVERY_SCAN_RESULTS
12-14 03:34:55.057 1398 1442 D LOWI-9.0.0.87.a: [LOWIControllerExtn] sendLOWILpDiscoveryScanResponse: Not a discovery scan response
12-14 03:34:55.058 1483 1883 D WificondScannerImpl: Filtering out 37 scan results.
12-14 03:34:55.077 2352 2352 D WifiDebugService: onScanResultsAvailable
12-14 03:34:55.079 1483 1854 D PasspointManager: ANQP entry not found for: 96:0b:e4:6f:e0:30:
12-14 03:34:55.080 1483 1854 D PasspointManager: ANQP entry not found for: 76:ab:c4:54:38:4d:
12-14 03:34:55.081 1483 1854 D PasspointManager: ANQP entry not found for: ba:9f:09:60:32:1f:
12-14 03:34:55.081 1483 1854 D PasspointManager: ANQP entry not found for: d8:32:14:df:f6:03:
12-14 03:34:55.114 2352 2352 D WifiDebugService: connect wifi SSID is : "TP-LINK_Figure_6d0405"
12-14 03:34:55.128 2352 2352 W WifiDebugService: find wifi : Guest
12-14 03:34:55.128 2352 2352 W WifiDebugService: find wifi : Fanya
12-14 03:34:55.128 2352 2352 W WifiDebugService: find wifi : ThunderSoft
12-14 03:34:55.128 2352 2352 W WifiDebugService: find wifi : GM
12-14 03:34:55.128 2352 2352 W WifiDebugService: find wifi : Testing
12-14 03:34:55.128 2352 2352 W WifiDebugService: find wifi : Guest
12-14 03:34:55.128 2352 2352 W WifiDebugService: find wifi : ThunderSoft_2.4G
12-14 03:34:55.128 2352 2352 W WifiDebugService: find wifi : ZXHY
12-14 03:34:55.128 2352 2352 W WifiDebugService: find wifi : Fanya
12-14 03:34:55.128 2352 2352 W WifiDebugService: find wifi : 123
12-14 03:34:55.128 2352 2352 W WifiDebugService: find wifi : Testing
12-14 03:34:55.128 2352 2352 W WifiDebugService: find wifi : Guest
12-14 03:34:55.128 2352 2352 W WifiDebugService: find wifi : ThunderSoft_2.4G
12-14 03:34:55.128 2352 2352 W WifiDebugService: find wifi : ZXHY
12-14 03:34:55.128 2352 2352 W WifiDebugService: find wifi : Fanya
12-14 03:34:55.128 2352 2352 W WifiDebugService: find wifi :
12-14 03:34:55.128 2352 2352 W WifiDebugService: find wifi : TP-LINK_Figure_6d0405
12-14 03:34:55.128 2352 2352 W WifiDebugService: find wifi : Testing
12-14 03:34:55.128 2352 2352 W WifiDebugService: find wifi : Guest
12-14 03:34:55.128 2352 2352 W WifiDebugService: find wifi : ThunderSoft_2.4G
12-14 03:34:55.128 2352 2352 W WifiDebugService: find wifi : ZXHY
12-14 03:34:55.128 2352 2352 W WifiDebugService: find wifi : Fanya
12-14 03:34:55.128 2352 2352 W WifiDebugService: can not find target wifi ap : hht_test_wifi_fc4318c9
12-14 03:34:55.156 2381 2381 D WifiDetailsPrefCtrl2: Update UI!
12-14 03:34:55.161 2381 2381 D WifiDetailsPrefCtrl2: Wifi Type 5
12-14 03:34:55.164 2381 2381 D DashboardFragment: Preference key is null in Controller WifiDetailPreferenceController2
12-14 03:34:55.190 642 655 I mpu_uart: [MSG-P:R]:recv sync frame timeout
12-14 03:34:55.215 2381 2415 I OpenGLRenderer: Davey! duration=9223371272539ms; Flags=0, FrameTimelineVsyncId=13739, IntendedVsync=764314525894, Vsync=764314525894, InputEventId=0, HandleInputStart=764315264654, AnimationStart=764315266269, PerformTraversalsStart=764315603977, DrawStart=764315652363, FrameDeadline=764347859226, FrameInterval=764315261008, FrameStartTime=16666666, SyncQueued=764318129133, SyncStart=764318401060, IssueDrawCommandsStart=764319419342, SwapBuffers=764323645488, FrameCompleted=9223372036854775807, DequeueBufferDuration=64948, QueueBufferDuration=1290365, GpuCompleted=9223372036854775807, SwapBuffersCompleted=764325812935, DisplayPresentTime=8143775405526073561,
12-14 03:34:55.650 642 656 I mpu_uart: [MSG-P:RECV]:No message received in 1000 ms
01-01 10:16:58.954 0 0 D : mv2112_read_status
01-01 10:16:58.954 0 0 D mv2112_update_link: 3.0x901(1G): 0x80
01-01 10:16:58.955 0 0 D mv2112_update_link: 3.0x8109(100M): 0x8
01-01 10:16:58.955 0 0 D mv2112_update_link: link 0x0
01-01 10:16:58.955 0 0 D mv2112_read_status: autoneg is disabled
12-14 03:34:55.951 0 0 W swapper/1: type=1400 audit(0.0:1067): avc: denied { kill } for capability=5 scontext=u:r:kernel:s0 tcontext=u:r:kernel:s0 tclass=capability permissive=0
12-14 03:34:56.651 642 656 I mpu_uart: [MSG-P:RECV]:No message received in 1000 ms
12-14 03:34:56.799 2381 2415 I OpenGLRenderer: Davey! duration=9223371270953ms; Flags=0, FrameTimelineVsyncId=13743, IntendedVsync=765900705606, Vsync=765900705606, InputEventId=0, HandleInputStart=765901228299, AnimationStart=765901231008, PerformTraversalsStart=765901233768, DrawStart=765901325956, FrameDeadline=765934038938, FrameInterval=765901222414, FrameStartTime=16666666, SyncQueued=765904343404, SyncStart=765904466112, IssueDrawCommandsStart=765905483768, SwapBuffers=765909556685, FrameCompleted=9223372036854775807, DequeueBufferDuration=52291, QueueBufferDuration=1151771, GpuCompleted=9223372036854775807, SwapBuffersCompleted=765911372987, DisplayPresentTime=1894883150,
01-01 10:16:59.978 0 0 D : mv2112_read_status
01-01 10:16:59.978 0 0 D mv2112_update_link: 3.0x901(1G): 0x80
01-01 10:16:59.978 0 0 D mv2112_update_link: 3.0x8109(100M): 0x8
01-01 10:16:59.978 0 0 D mv2112_update_link: link 0x0
01-01 10:16:59.978 0 0 D mv2112_read_status: autoneg is disabled
12-14 03:34:56.951 0 0 W swapper/1: type=1400 audit(0.0:1068): avc: denied { kill } for capability=5 scontext=u:r:kernel:s0 tcontext=u:r:kernel:s0 tclass=capability permissive=0
12-14 03:34:57.651 642 656 I mpu_uart: [MSG-P:RECV]:No message received in 1000 ms
12-14 03:34:57.767 2800 2800 I hpplay-java: [main]:ServerTaskManager:task run out of time
12-14 03:34:57.768 2800 2800 I hpplay-java: [main]:ServerTaskManager:cancelTimeOutCheck
12-14 03:34:57.768 2800 2800 I hpplay-java: [main]:ServerTaskManager:exeTask ignore, reason: TaskList is clear
01-01 10:17:01.002 0 0 D : mv2112_read_status
01-01 10:17:01.002 0 0 D mv2112_update_link: 3.0x901(1G): 0x80
01-01 10:17:01.003 0 0 D mv2112_update_link: 3.0x8109(100M): 0x8
01-01 10:17:01.003 0 0 D mv2112_update_link: link 0x0
01-01 10:17:01.003 0 0 D mv2112_read_status: autoneg is disabled
12-14 03:34:57.951 0 0 W swapper/1: type=1400 audit(0.0:1069): avc: denied { kill } for capability=5 scontext=u:r:kernel:s0 tcontext=u:r:kernel:s0 tclass=capability permissive=0
12-14 03:34:58.071 2800 5910 D hpplay-base: [LelinkMDNS:766] devicePermissionPublic leboPermissionCheck:-2
12-14 03:34:58.071 2800 5910 D hpplay-base: [jniBridge:1125] com_hpplay_sdk_sink_protocol_Bridge_WHAT_SERVER_ERROR
12-14 03:34:58.071 2800 5910 D hpplay-base: [jniBridge:1726] notifyJava, what:204, castType:0, mimeType:0 baseStatus:2
12-14 03:34:58.071 2800 5910 D hpplay-base: [jniBridge:1727] notifyJava sessionID:(null)
12-14 03:34:58.072 2800 5910 I hpplay-java: [Thread-136]:Bridge:notify: what: 204
12-14 03:34:58.073 2800 5910 I hpplay-java: [Thread-136]:Bridge:notify: out: OutParameters:{audioSessionId=-1, audiotrackIndex=0, castHandleType=-1, castType=0, deviceName='', dlnaName='', dramaID='', extra=-2002, frameHandleType=-1, handleInside=true, headduration=0, header='', headers=null, isAD=false, isMultiMirror=false, lelinkVer='', limitTime=0, , mediaAlbum='null', mediaAlbumArtURI='', mediaArtist='null', mediaAssets='', mediaTitle='null', mimeType=0, multiSession=null, period=0, pinCode='', playSpeed=0.0, playerChoice=0, plugin=0, port=0, position=0.0, positionUnit=2, protocol=0, realSessionID='', regType='', , sinkIp='', sourceAPPVersion='', sourceChannel='', sourceClientInfo='', sourceDeviceInfo='', sourceDeviceModel='', sourceDeviceName='', sourceDeviceType=0, sourceHID='', , sourceInfo='', , , sourceOSVersion='', sourceSDKVersion='', sourceUid='', stopDetail=0, stopReason=0, tailduration=0, url='', urlID='', urls=null, userAgent='', videoDecoder=0, volume=0, what=204}com.hpplay.sdk.sink.protocol.OutParameters@649a953
12-14 03:34:58.073 2800 5910 I hpplay-java: [Thread-136]:Bridge:notify: address:136745616
12-14 03:34:58.074 2800 2800 I hpplay-java: [main]:Bridge:findServiceID start out: 136745616
12-14 03:34:58.074 2800 5910 I hpplay-base: [mDNSEmbeded:79] embedded_mDNSLoop stopmDNSNow:0 nPublish:-2 nExitFlag:6 tid is 5910
12-14 03:34:58.074 2800 2800 I hpplay-java: [main]:Bridge:findServiceID end
12-14 03:34:58.074 2800 2800 E hpplay-java: [main]:ServerTaskManager:onError 204/-2002 com.hht.lebocast.LelinkHelper$e@7c3b033
12-14 03:34:58.074 2800 2800 I hpplay-java: [main]:ServerTaskManager:cancelTimeOutCheck
12-14 03:34:58.075 2800 2800 W hpplay-java: [main]:ServerTaskManager:onErrorDispatcher errorCode:-2002
12-14 03:34:58.075 2800 2800 I hpplay-java: [main]:ServerTaskManager:onError retry later
12-14 03:34:58.193 642 655 I mpu_uart: [MSG-P:R]:recv sync frame timeout
12-14 03:34:58.651 642 656 I mpu_uart: [MSG-P:RECV]:No message received in 1000 ms
12-14 03:34:58.955 0 0 W swapper/1: type=1400 audit(0.0:1070): avc: denied { kill } for capability=5 scontext=u:r:kernel:s0 tcontext=u:r:kernel:s0 tclass=capability permissive=0
01-01 10:17:02.026 0 0 D : mv2112_read_status
01-01 10:17:02.026 0 0 D mv2112_update_link: 3.0x901(1G): 0x80
01-01 10:17:02.027 0 0 D mv2112_update_link: 3.0x8109(100M): 0x8
01-01 10:17:02.027 0 0 D mv2112_update_link: link 0x0
01-01 10:17:02.027 0 0 D mv2112_read_status: autoneg is disabled
12-14 03:34:59.217 2800 5831 W hpplay-java: [AsyncTask #248]:HttpRequest:
12-14 03:34:59.219 2800 5831 W hpplay-java: [AsyncTask #248]:HttpRequest:
12-14 03:34:59.220 2800 5871 W hpplay-java: [AsyncTask #253]:HttpRequest:
12-14 03:34:59.221 2800 5831 W hpplay-java: [AsyncTask #248]:HttpRequest:
12-14 03:34:59.222 2800 5871 W hpplay-java: [AsyncTask #253]:HttpRequest:
12-14 03:34:59.224 2800 5871 W hpplay-java: [AsyncTask #253]:HttpRequest:
12-14 03:34:59.652 642 656 I mpu_uart: [MSG-P:RECV]:No message received in 1000 ms
12-14 03:34:59.955 0 0 W swapper/1: type=1400 audit(0.0:1071): avc: denied { kill } for capability=5 scontext=u:r:kernel:s0 tcontext=u:r:kernel:s0 tclass=capability permissive=0
01-01 10:17:03.050 0 0 D : mv2112_read_status
01-01 10:17:03.050 0 0 D mv2112_update_link: 3.0x901(1G): 0x80
01-01 10:17:03.050 0 0 D mv2112_update_link: 3.0x8109(100M): 0x8
01-01 10:17:03.050 0 0 D mv2112_update_link: link 0x0
01-01 10:17:03.050 0 0 D mv2112_read_status: autoneg is disabled
12-14 03:35:00.003 2362 2362 W QCC:PeriodicCI: [ERROR] Current time is wrong, status=3
12-14 03:35:00.006 2011 2011 D KeyguardUpdateMonitor: received broadcast android.intent.action.TIME_TICK
12-14 03:35:00.007 2011 2011 D KeyguardUpdateMonitor: handleTimeUpdate
12-14 03:35:00.652 642 656 I mpu_uart: [MSG-P:RECV]:No message received in 1000 ms
12-14 03:35:00.955 0 0 W swapper/1: type=1400 audit(0.0:1072): avc: denied { kill } for capability=5 scontext=u:r:kernel:s0 tcontext=u:r:kernel:s0 tclass=capability permissive=0
01-01 10:17:04.074 0 0 D : mv2112_read_status
01-01 10:17:04.074 0 0 D mv2112_update_link: 3.0x901(1G): 0x80
01-01 10:17:04.075 0 0 D mv2112_update_link: 3.0x8109(100M): 0x8
01-01 10:17:04.075 0 0 D mv2112_update_link: link 0x0
01-01 10:17:04.075 0 0 D mv2112_read_status: autoneg is disabled
12-14 03:35:01.077 2800 2800 I hpplay-java: [main]:ServerTaskManager:restart by error
12-14 03:35:01.077 2800 2800 I hpplay-java: [main]:ServerTaskManager:startServer
12-14 03:35:01.077 2800 2800 I hpplay-java: [main]:ServerTaskManager:startServer add, reason: server is starting or running
12-14 03:35:01.077 2800 2800 I hpplay-java: [main]:ServerTaskManager:addStopTask
12-14 03:35:01.077 2800 2800 I hpplay-java: [main]:ServerTaskManager:addStartTask
12-14 03:35:01.077 2800 2800 I hpplay-java: [main]:ServerTaskManager:exeTask stopServer
12-14 03:35:01.078 2800 2800 I hpplay-java: [main]:Bridge:stopServer keepPush: false
12-14 03:35:01.078 2800 2800 D hpplay-base: [jniBridge:909] Bridge__1stopServer status:2
12-14 03:35:01.079 2800 2800 D hpplay-base: [LelinkBase:654] stopAllServer will start thread!
12-14 03:35:01.079 2800 5913 D hpplay-base: [AEventUtils:588] handle AEvent thread end!!,tid is 5913
12-14 03:35:01.080 2800 5922 I hpplay-base: [mDNSEmbeded:65] embedded_mDNSExit call
12-14 03:35:01.080 2800 5914 D hpplay-base: [REventUtils:197] handleREventThread thread end!!,tid is 5914
12-14 03:35:01.083 2800 5910 I hpplay-base: [mDNSEmbeded:140] embedded_mDNSLoop Exiting end,tid is 5910
12-14 03:35:01.084 2800 5922 D hpplay-base: [mDNSEmbeded:452] stopmDNSServer end stopmDNSNow=2, nRet=0
12-14 03:35:01.118 2800 5911 I hpplay-base: [mDNSEmbeded:376] end lelink publish server, tid is 5911
12-14 03:35:01.118 2800 5922 D hpplay-base: [mDNSEmbeded:420] stopmLelinkServer end nRet=0
12-14 03:35:01.118 2800 5922 D hpplay-base: [LelinkBase:615] lebodlna stopServerThreadFunc dlnaEnable:1
12-14 03:35:01.118 2800 5922 D hpplay-base-dlna: [lebodlna_api:49] stop DMR
12-14 03:35:01.118 2800 5922 D hpplay-base-dlna: [lebodlna_api:344] m_pRender Release
12-14 03:35:01.161 2800 5891 D hpplay-base: [stream_mirror_compat:1284] mirror stream begin to exit,server fd:70,thread_id:3211121088!!
12-14 03:35:01.161 2800 5891 D hpplay-base: [stream_mirror_compat:1323] ##screen stream exit successfully!!##
12-14 03:35:01.164 2800 5890 D hpplay-base: [Server:447] startHttpServer will END srv->serverType:0
12-14 03:35:01.164 2800 5890 D hpplay-base: [Server:646] startHttpServer cond srv_shutdown:1 connectNummber:0
12-14 03:35:01.164 2800 5890 D hpplay-base: [Server:669] startHttpServer wait cond END. srv_shutdown:1 connectNummber:0
12-14 03:35:01.164 2800 5890 D hpplay-base: [Server:457] HttpServer END, tid is 5890
12-14 03:35:01.176 2800 5922 D hpplay-base-dlna: [UpnpDefine:867] DMRender release success
12-14 03:35:01.176 2800 5922 D hpplay-base-dlna: [lebodlna_api:352] m_pAVT Release
12-14 03:35:01.176 2800 5922 D hpplay-base-dlna: [lebodlna_api:360] m_pRCS Release
12-14 03:35:01.176 2800 5922 D hpplay-base-dlna: [lebodlna_api:365] dmrender destroydmr
12-14 03:35:01.196 642 655 I mpu_uart: [MSG-P:R]:recv sync frame timeout
12-14 03:35:01.477 2800 5922 D hpplay-base-dlna: [lebodlna-dlna_android:186] stopDLNA
12-14 03:35:01.477 2800 5922 D hpplay-base-dlna: [lebodlna-dlna_android:189] dlnaservice destroy
12-14 03:35:01.477 2800 5922 D hpplay-base-dlna: [lebodlna-dlna_android:49] dlnaservice Destroy 49 int CDlnaService::Destroy()
12-14 03:35:01.477 2800 5922 D hpplay-base-dlna: [lebodlna-dlnaframe:245] dlnaservice Destroy 245 static ERROR_TYPE IDlnaFrame::DestroyDlnaFrame(IDlnaFrame *)
12-14 03:35:01.477 2800 5922 D hpplay-base-dlna: [lebodlna-dlnaframe:179] dlnaservice Destroy 179 virtual void CDlnaFrame::Release()
12-14 03:35:01.477 2800 5922 D hpplay-base-dlna: [lebodlna-dlnaframe:190] dlnaservice Destroy 190 virtual void CDlnaFrame::Release()
12-14 03:35:01.477 2800 5922 D hpplay-base-dlna: [lebodlna-dlnaframe:192] dlnaservice Destroy 192 virtual void CDlnaFrame::Release()
12-14 03:35:01.477 2800 5922 D hpplay-base-dlna: [lebodlna-dlnaframe:247] dlnaservice Destroy 247 static ERROR_TYPE IDlnaFrame::DestroyDlnaFrame(IDlnaFrame *)
12-14 03:35:01.477 2800 5922 D hpplay-base-dlna: [lebodlna-dlnaframe:251] dlnaservice Destroy 251 static ERROR_TYPE IDlnaFrame::DestroyDlnaFrame(IDlnaFrame *)
12-14 03:35:01.481 2800 5922 E hpplay-base-dlna: upnpapi.c:655::before gminiserver ThreadPoolShutdown
12-14 03:35:01.481 2800 5922 E hpplay-base-dlna: ThreadPool.c:1047::on ThreadPoolShutdown tp->totalThreads:2
12-14 03:35:01.481 2800 5922 E hpplay-base-dlna: ThreadPool.c:1056::after ThreadPoolShutdown
12-14 03:35:01.482 2800 5922 E hpplay-base-dlna: ThreadPool.c:1057::ThreadPoolShutdown tp->totalThreads:0
12-14 03:35:01.482 2800 5922 E hpplay-base-dlna: upnpapi.c:657::after gminiserver ThreadPoolShutdown
12-14 03:35:01.482 2800 5922 E hpplay-base-dlna: upnpapi.c:659::before grecv ThreadPoolShutdown
12-14 03:35:01.482 2800 5922 E hpplay-base-dlna: ThreadPool.c:1047::on ThreadPoolShutdown tp->totalThreads:12
12-14 03:35:01.482 2800 5922 E hpplay-base-dlna: ThreadPool.c:1047::on ThreadPoolShutdown tp->totalThreads:11
12-14 03:35:01.483 2800 5922 E hpplay-base-dlna: ThreadPool.c:1047::on ThreadPoolShutdown tp->totalThreads:8
12-14 03:35:01.483 2800 5922 E hpplay-base-dlna: ThreadPool.c:1047::on ThreadPoolShutdown tp->totalThreads:5
12-14 03:35:01.483 2800 5922 E hpplay-base-dlna: ThreadPool.c:1047::on ThreadPoolShutdown tp->totalThreads:4
