01-01 10:04:29.094 0 0 I [kworke][0x13e2d7b1][03:22:26.034234] wlan: [291:I:HIF] Initializing Runtime PM wakelock &vdev->vdev_set_key_runtime_wakelock
01-01 10:04:29.095 0 0 I [kworke][0x13e2ed19][03:22:26.034519] wlan: [291:I:HIF] Initializing Runtime PM wakelock &vdev->vdev_set_key_runtime_wakelock
01-01 10:04:29.095 0 0 I [kworke][0x13e30657][03:22:26.034855] wlan: [291:I:HIF] Initializing Runtime PM wakelock &vdev->vdev_set_key_runtime_wakelock
01-01 10:04:29.095 0 0 I [kworke][0x13e3136e][03:22:26.035030] wlan: [291:I:HIF] Initializing Runtime PM wakelock &vdev->vdev_set_key_runtime_wakelock
01-01 10:04:29.095 0 0 I [kworke][0x13e32084][03:22:26.035205] wlan: [291:I:HIF] Initializing Runtime PM wakelock &vdev->vdev_set_key_runtime_wakelock
01-01 10:04:29.096 0 0 I [kworke][0x13e33935][03:22:26.035534] wlan: [291:I:HIF] Initializing Runtime PM wakelock &wma_handle->wmi_cmd_rsp_runtime_lock
01-01 10:04:29.096 0 0 I [kworke][0x13e33aeb][03:22:26.035556] wlan: [291:I:HIF] Initializing Runtime PM wakelock &wma_handle->sap_prevent_runtime_pm_lock
01-01 10:04:29.099 0 0 E [kworke][0x13e4472e][03:22:26.039134] wlan: [291:E:QDF] htc_wait_target: 684: Target Ready! TX resource : 1 size:2176, MaxMsgsPerHTCBundle = 1
01-01 10:04:29.099 0 0 E [kworke][0x13e44879][03:22:26.039151] wlan: [291:E:QDF] htc_setup_target_buffer_assignments: 576: SVS Index : 1 TX : 0x100 : alloc:1
01-01 10:04:29.099 0 0 D cnss : Assign MSI to user: DP, num_vectors: 18, user_base_data: 814, base_vector: 14
01-01 10:04:29.099 0 0 I [kworke][0x13e4591b][03:22:26.039373] wlan: [291:I:HIF] +hif_update_pipe_callback pipeid 5
01-01 10:04:29.099 0 0 I [kworke][0x13e459c6][03:22:26.039381] wlan: [291:I:HIF] -hif_update_pipe_callback
01-01 10:04:29.099 0 0 D cnss : Assign MSI to user: DP, num_vectors: 18, user_base_data: 814, base_vector: 14
01-01 10:04:29.100 0 0 E [kworke][0x13e49246][03:22:26.040135] wlan: [291:E:DP] dp_srng_get_str_from_hal_ring_type: 7726: Invalid ring type
01-01 10:04:29.100 0 0 D cnss : Assign MSI to user: DP, num_vectors: 18, user_base_data: 814, base_vector: 14
01-01 10:04:29.102 0 0 D cnss : Assign MSI to user: DP, num_vectors: 18, user_base_data: 814, base_vector: 14
01-01 10:04:29.102 0 0 D cnss : Assign MSI to user: DP, num_vectors: 18, user_base_data: 814, base_vector: 14
01-01 10:04:29.102 0 0 D cnss : Assign MSI to user: DP, num_vectors: 18, user_base_data: 814, base_vector: 14
01-01 10:04:29.102 0 0 D cnss : Assign MSI to user: DP, num_vectors: 18, user_base_data: 814, base_vector: 14
01-01 10:04:29.102 0 0 D cnss : Assign MSI to user: DP, num_vectors: 18, user_base_data: 814, base_vector: 14
01-01 10:04:29.102 0 0 D cnss : Assign MSI to user: DP, num_vectors: 18, user_base_data: 814, base_vector: 14
01-01 10:04:29.102 0 0 D cnss : Assign MSI to user: DP, num_vectors: 18, user_base_data: 814, base_vector: 14
01-01 10:04:29.102 0 0 I [kworke][0x13e53194][03:22:26.042259] wlan: [291:I:DP] dp_tx_soc_attach Tx Desc Alloc num_pool = 4, descs = 4096
01-01 10:04:29.103 0 0 I [kworke][0x13e56da8][03:22:26.043060] wlan: [291:I:DP] dp_tx_soc_attach MSDU Ext Desc Alloc 4, descs = 4096
01-01 10:04:29.104 0 0 I [kworke][0x13e5b60b][03:22:26.044025] wlan: [291:I:DP] dp_tx_soc_attach HAL Tx init Success
01-01 10:04:29.104 0 0 D cnss : Assign MSI to user: DP, num_vectors: 18, user_base_data: 814, base_vector: 14
01-01 10:04:29.104 0 0 D cnss : Assign MSI to user: DP, num_vectors: 18, user_base_data: 814, base_vector: 14
01-01 10:04:29.104 0 0 I [kworke][0x13e5c2f5][03:22:26.044197] wlan: [291:I:DP] dp_soc_cmn_setup: 3274: num_reo_dest_rings 4
01-01 10:04:29.104 0 0 D cnss : Assign MSI to user: DP, num_vectors: 18, user_base_data: 814, base_vector: 14
01-01 10:04:29.104 0 0 D cnss : Assign MSI to user: DP, num_vectors: 18, user_base_data: 814, base_vector: 14
01-01 10:04:29.104 0 0 D cnss : Assign MSI to user: DP, num_vectors: 18, user_base_data: 814, base_vector: 14
01-01 10:04:29.104 0 0 D cnss : Assign MSI to user: DP, num_vectors: 18, user_base_data: 814, base_vector: 14
01-01 10:04:29.105 0 0 D cnss : Assign MSI to user: DP, num_vectors: 18, user_base_data: 814, base_vector: 14
01-01 10:04:29.105 0 0 D cnss : Assign MSI to user: DP, num_vectors: 18, user_base_data: 814, base_vector: 14
01-01 10:04:29.105 0 0 D cnss : Assign MSI to user: DP, num_vectors: 18, user_base_data: 814, base_vector: 14
01-01 10:04:29.105 0 0 D cnss : Assign MSI to user: DP, num_vectors: 18, user_base_data: 814, base_vector: 14
01-01 10:04:29.105 0 0 D cnss : Assign MSI to user: DP, num_vectors: 18, user_base_data: 814, base_vector: 14
01-01 10:04:29.105 0 0 D cnss : Assign MSI to user: DP, num_vectors: 18, user_base_data: 814, base_vector: 14
01-01 10:04:29.105 0 0 D cnss : Assign MSI to user: DP, num_vectors: 18, user_base_data: 814, base_vector: 14
01-01 10:04:29.105 0 0 I [kworke][0x13e60833][03:22:26.045120] wlan: [291:I:HAL] hal_reo_set_err_dst_remap_6390: 1024: HWIO_REO_R0_ERROR_DESTINATION_MAPPING_IX_0 0x28005b6d
01-01 10:04:29.105 0 0 D cnss : Assign MSI to user: DP, num_vectors: 18, user_base_data: 814, base_vector: 14
01-01 10:04:29.105 0 0 D cnss : Assign MSI to user: DP, num_vectors: 18, user_base_data: 814, base_vector: 14
01-01 10:04:29.105 0 0 D cnss : Assign MSI to user: DP, num_vectors: 18, user_base_data: 814, base_vector: 14
01-01 10:04:29.105 0 0 D cnss : Assign MSI to user: DP, num_vectors: 18, user_base_data: 814, base_vector: 14
01-01 10:04:29.105 0 0 D cnss : Assign MSI to user: DP, num_vectors: 18, user_base_data: 814, base_vector: 14
01-01 10:04:29.105 0 0 D cnss : Assign MSI to user: DP, num_vectors: 18, user_base_data: 814, base_vector: 14
01-01 10:04:29.112 0 0 I [kworke][0x13e7ec11][03:22:26.051572] wlan: [291:I:DP] Peer pool init
01-01 10:04:29.112 0 0 W [kworke][0x13e7f3f8][03:22:26.051677] wlan: [291:W:DP] dp_rx_pdev_mon_attach: pdev attach id=0
01-01 10:04:29.113 0 0 D cnss : Assign MSI to user: DP, num_vectors: 18, user_base_data: 814, base_vector: 14
01-01 10:04:29.113 0 0 D cnss : Get IRQ number 364 for vector index 14
01-01 10:04:29.113 0 0 D cnss : Assign MSI to user: DP, num_vectors: 18, user_base_data: 814, base_vector: 14
01-01 10:04:29.113 0 0 D cnss : Get IRQ number 365 for vector index 15
01-01 10:04:29.113 0 0 D cnss : Assign MSI to user: DP, num_vectors: 18, user_base_data: 814, base_vector: 14
01-01 10:04:29.113 0 0 D cnss : Get IRQ number 366 for vector index 16
01-01 10:04:29.113 0 0 D cnss : Assign MSI to user: DP, num_vectors: 18, user_base_data: 814, base_vector: 14
01-01 10:04:29.113 0 0 D cnss : Get IRQ number 367 for vector index 17
01-01 10:04:29.113 0 0 D cnss : Assign MSI to user: DP, num_vectors: 18, user_base_data: 814, base_vector: 14
01-01 10:04:29.113 0 0 D cnss : Assign MSI to user: DP, num_vectors: 18, user_base_data: 814, base_vector: 14
01-01 10:04:29.113 0 0 D cnss : Get IRQ number 369 for vector index 19
01-01 10:04:29.113 0 0 D cnss : Assign MSI to user: DP, num_vectors: 18, user_base_data: 814, base_vector: 14
01-01 10:04:29.113 0 0 D cnss : Get IRQ number 370 for vector index 20
01-01 10:04:29.117 0 0 I [kworke][0x13e9a45c][03:22:26.057442] wlan: [80:I:WMA] wma_rx_service_ready_event: Firmware build version : 101a0521
01-01 10:04:29.117 0 0 I [kworke][0x13e9a56e][03:22:26.057457] wlan: [80:I:WMA] wma_rx_service_ready_event: Board id: 0, Board version: 8 0 0 0 6
01-01 10:04:29.121 0 0 I [kworke][0x13ea89ed][03:22:26.060503] wlan: [80:I:WMA] wma_is_dbs_mandatory: 5417: MAC0 does not support both bands 2 DBS is mandatory
01-01 10:04:29.121 0 0 E [kworke][0x13ea8f2a][03:22:26.060573] wlan: [80:E:QDF] copy_fw_abi_version_tlv: 6979: copy_fw_abi_version_tlv: INIT_CMD version: 1, 0, 0x5f414351, 0x4c4d, 0x0, 0x0
01-01 10:04:29.156 0 0 W audit : audit_lost=1 audit_rate_limit=5 audit_backlog_limit=64
01-01 10:04:29.156 0 0 E audit : rate limit exceeded
01-01 10:04:29.306 0 0 E [kworke][0x1420c2dd][03:22:26.245583] wlan: [333:E:QDF] ready_extract_init_status_tlv: 8884: ready_extract_init_status_tlv:0
01-01 10:04:29.306 0 0 E [kworke][0x1420cbe4][03:22:26.245703] wlan: [333:E:QDF] cds_get_context: 1486: Module ID 65 context is Null
01-01 10:04:29.306 0 0 F [kworke][0x1420ccab][03:22:26.245713] wlan: [333:F:DP] cdp_ipa_set_uc_tx_partition_base invalid instance
01-01 10:04:29.306 0 0 I [kworke][0x1420cdac][03:22:26.245727] wlan: [333:I:WMA] wma_he_update_tgt_services: 996: 11ax is enabled
01-01 10:04:29.307 0 0 I [kworke][0x14211ed7][03:22:26.246809] wlan: [333:I:HIF] Initializing Runtime PM wakelock &mgmt_txrx_pdev_ctx->wakelock_tx_runtime_cmp
01-01 10:04:29.307 0 0 I [kworke][0x142128e7][03:22:26.246943] wlan: [333:I:dfs] WLAN_DEBUG_DFS_ALWAYS : wlan_dfs_pdev_obj_create_notification: 421: dfs_offload 1
01-01 10:04:29.307 0 0 I [kworke][0x142129f8][03:22:26.246957] wlan: [333:I:SPECTRAL] null_get_capability: 1715: SPECTRAL : get_capability not registered
01-01 10:04:29.307 0 0 I [kworke][0x14212a7d][03:22:26.246964] wlan: [333:I:SPECTRAL] target_if_pdev_spectral_init: 2249: HAL_CAP_PHYDIAG : Capable
01-01 10:04:29.307 0 0 I [kworke][0x14212aee][03:22:26.246970] wlan: [333:I:SPECTRAL] null_get_capability: 1715: SPECTRAL : get_capability not registered
01-01 10:04:29.307 0 0 I [kworke][0x14212b61][03:22:26.246976] wlan: [333:I:SPECTRAL] target_if_pdev_spectral_init: 2253: HAL_CAP_RADAR : Capable
01-01 10:04:29.307 0 0 I [kworke][0x14212bd3][03:22:26.246982] wlan: [333:I:SPECTRAL] null_get_capability: 1715: SPECTRAL : get_capability not registered
01-01 10:04:29.307 0 0 I [kworke][0x14212c4b][03:22:26.246988] wlan: [333:I:SPECTRAL] target_if_pdev_spectral_init: 2258: HAL_CAP_SPECTRAL_SCAN : Capable
01-01 10:04:29.307 0 0 I [kworke][0x14212cbb][03:22:26.246994] wlan: [333:I:SPECTRAL] null_get_tsf64: 1703: SPECTRAL : get_tsf64 not registered
01-01 10:04:29.307 0 0 I [kworke][0x14212dab][03:22:26.247006] wlan: [333:I:GREEN_AP] wlan_green_ap_pdev_obj_create_notification: 106: Green AP creation successful, green ap ctx: 0000000000000000, pdev: 0000000000000000
01-01 10:04:29.307 0 0 I [kworke][0x14212fbc][03:22:26.247034] wlan: [333:I:IPA] wlan_ipa_wdi_init: 540: ipa_over_gsi: 1, is_smmu_enabled: 1
01-01 10:04:29.307 0 0 I [kworke][0x142145aa][03:22:26.247326] wlan: [333:I:REGULATORY] reg_set_band: 483: set band bitmap: 3
01-01 10:04:29.308 0 0 I [kworke][0x14215b5d][03:22:26.247616] wlan: [333:I:HIF] Initializing Runtime PM wakelock &ctx->dfs
01-01 10:04:29.308 0 0 I [kworke][0x14215bd4][03:22:26.247622] wlan: [333:I:HIF] Initializing Runtime PM wakelock &ctx->connect
01-01 10:04:29.308 0 0 I [kworke][0x14215c51][03:22:26.247628] wlan: [333:I:HIF] Initializing Runtime PM wakelock &ctx->user
01-01 10:04:29.308 0 0 I [kworke][0x14215cef][03:22:26.247637] wlan: [333:I:HIF] Initializing Runtime PM wakelock &scan_priv->runtime_pm_lock
01-01 10:04:29.308 0 0 I [kworke][0x14215efe][03:22:26.247664] wlan: [333:I:GREEN_AP] target_if_green_ap_register_egap_event_handler: 131: Set the Enhance Green AP event handler
01-01 10:04:29.308 0 0 E [kworke][0x14215fed][03:22:26.247677] wlan: [333:E:QDF] dp_peer_map_attach_wifi3: 10048: dp_peer_map_attach_wifi3 max_peers 55, max_ast_index: 144
01-01 10:04:29.308 0 0 I [kworke][0x142160e9][03:22:26.247690] wlan: [333:I:DP]
01-01 10:04:29.308 0 0 I : <=== cfg max peer id 55 ====>
01-01 10:04:29.308 0 0 I [kworke][0x1421618e][03:22:26.247698] wlan: [333:I:DP]
01-01 10:04:29.308 0 0 I : <=== cfg max ast idx 144 ====>
01-01 10:04:29.308 0 0 I [kworke][0x1421620b][03:22:26.247705] wlan: [333:I:DP] ast hash_elems: 512, max_ast_idx: 144
01-01 10:04:29.308 0 0 I [kworke][0x1421654f][03:22:26.247748] wlan: [291:I:WMA] wma_wait_for_ready_event: 6926: FW ready event received
01-01 10:04:29.309 0 0 E [kworke][0x1421baee][03:22:26.248890] wlan: [291:E:WMI] send_action_oui_cmd_tlv: 220: Invalid action id
01-01 10:04:29.309 0 0 E [kworke][0x1421bc6e][03:22:26.248910] wlan: [291:E:action_oui] ucfg_action_oui_send: 160: Failed to send: 7
01-01 10:04:29.309 0 0 E [kworke][0x1421bd90][03:22:26.248925] wlan: [291:E:WMI] send_action_oui_cmd_tlv: 220: Invalid action id
01-01 10:04:29.309 0 0 E [kworke][0x1421be7c][03:22:26.248937] wlan: [291:E:action_oui] ucfg_action_oui_send: 160: Failed to send: 9
01-01 10:04:29.309 0 0 E [kworke][0x1421bf40][03:22:26.248948] wlan: [291:E:HDD] hdd_action_oui_send: 13281: Failed to send one or all action_ouis
01-01 10:04:29.313 0 0 D cnss : dma-coherent is enabled
01-01 10:04:29.313 0 0 D cnss : IOMMU map: iova b0000000, len 4096
01-01 10:04:29.313 0 0 D cnss : IOMMU map: iova_addr b0000040
01-01 10:04:29.313 0 0 D cnss : dma-coherent is enabled
01-01 10:04:29.313 0 0 D cnss : IOMMU map: iova b0001000, len 4096
01-01 10:04:29.313 0 0 D cnss : IOMMU map: iova_addr b0001018
01-01 10:04:29.313 0 0 I [kworke][0x1422f76c][03:22:26.253110] wlan: [291:I:SYS] Creating periodic timer for OLBC UPDATE CACHE TIMEOUT
01-01 10:04:29.313 0 0 E [kworke][0x14230683][03:22:26.253311] wlan: [291:E:TXRX] dp_rxdma_ring_config: 5022: DBS enabled max_mac_rings 2
01-01 10:04:29.313 0 0 E [kworke][0x14230768][03:22:26.253323] wlan: [291:E:TXRX] dp_rxdma_ring_config: 5033: pdev_id 0 max_mac_rings 2
01-01 10:04:29.313 0 0 E [kworke][0x14230820][03:22:26.253333] wlan: [291:E:TXRX] dp_rxdma_ring_config: 5050: mac_id 0
01-01 10:04:29.313 0 0 E [kworke][0x14230e3f][03:22:26.253414] wlan: [291:E:TXRX] dp_rxdma_ring_config: 5050: mac_id 1
01-01 10:04:29.315 0 0 I [kworke][0x142368fe][03:22:26.254624] wlan: [291:I:POLICY_MGR] policy_mgr_update_5g_scc_prefer: 398: overwrite pm_second_connection_pcl_dbs_2x2_table, index 2 mode 3 system prefer 0 new pcl 6
01-01 10:04:29.315 0 0 I [kworke][0x1423699a][03:22:26.254632] wlan: [291:I:POLICY_MGR] policy_mgr_update_5g_scc_prefer: 404: overwrite pm_second_connection_pcl_dbs_2x2_table, index 3 mode 3 system prefer 0 new pcl 6
01-01 10:04:29.315 0 0 E [kworke][0x14239987][03:22:26.255271] wlan: [291:E:REGULATORY] reg_freq_width_to_chan_op_class: 512: no op class for frequency 5745
01-01 10:04:29.316 0 0 I [kworke][0x1423e1ed][03:22:26.256237] wlan: [291:I:HIF] hif_pm_runtime_start: Enabling RUNTIME PM, Delay: 500 ms
01-01 10:04:29.318 0 0 E cnss_utils: WLAN MAC address is not set, type 0
01-01 10:04:29.318 0 0 W cnss_pci 0000: 01:00.0: Falling back to syfs fallback for: wlan/qca_cld/qca6390/wlan_mac.bin
01-01 10:04:29.331 0 0 I [kworke][0x14285829][03:22:26.271466] wlan: [291:I:HDD] hdd_initialize_mac_address: 12589: using default MAC address
01-01 10:04:29.345 0 0 D cnss : Host time = 17627040 us, device time = 2316900 us, offset = 15310140 us
01-01 10:04:29.345 0 0 D cnss : Updated time sync regs [0x984] = 0xe99d3c, [0x988] = 0x0
01-01 10:04:29.345 0 0 D cnss : Removing vote for Regulator vdd-wlan-rfa2
01-01 10:04:29.345 0 0 D cnss : Removing vote for Regulator vdd-wlan-rfa1
01-01 10:04:29.345 0 0 D cnss : Removing vote for Regulator vdd-wlan-dig
01-01 10:04:29.345 0 0 D cnss : Removing vote for Regulator vdd-wlan-aon
01-01 10:04:29.345 0 0 D cnss : Removing vote for Regulator vdd-wlan-io
01-01 10:04:29.345 0 0 D cnss : PM relax, state: 0x107, count: 0
12-14 03:22:26.285 827 827 I android.hardware.wifi@1.0-service: Wifi HAL started
12-14 03:22:26.288 512 512 I vold : Bind mounting /mnt/runtime/default/emulated/0/Android/data on /mnt/user/0/emulated/0/Android/data
12-14 03:22:26.288 512 512 I vold : Bind mounted /mnt/runtime/default/emulated/0/Android/data on /mnt/user/0/emulated/0/Android/data
12-14 03:22:26.288 512 512 I vold : Bind mounting /mnt/runtime/default/emulated/0/Android/obb on /mnt/user/0/emulated/0/Android/obb
12-14 03:22:26.288 512 512 I vold : Bind mounted /mnt/runtime/default/emulated/0/Android/obb on /mnt/user/0/emulated/0/Android/obb
12-14 03:22:26.288 512 512 I vold : Bind mounting /mnt/runtime/write/emulated/0/Android/obb on /mnt/installer/0/emulated/0/Android/obb
12-14 03:22:26.289 512 512 I vold : Bind mounted /mnt/runtime/write/emulated/0/Android/obb on /mnt/installer/0/emulated/0/Android/obb
12-14 03:22:26.289 512 512 I vold : Configuring read_ahead of /mnt/user/0/emulated fuse filesystem to 256kb
12-14 03:22:26.289 512 512 I vold : Writing 256 to /sys/class/bdi/0:84/read_ahead_kb
12-14 03:22:26.289 512 512 I vold : Configuring max_ratio of /mnt/user/0/emulated fuse filesystem to 40
12-14 03:22:26.289 512 512 I vold : Writing 40 to /sys/class/bdi/0:84/max_ratio
12-14 03:22:26.289 1483 1797 I StorageManagerService: Mounted volume VolumeInfo{emulated;0}:
12-14 03:22:26.289 1483 1797 I StorageManagerService: type=EMULATED diskId=null partGuid= mountFlags=PRIMARY|VISIBLE
12-14 03:22:26.289 1483 1797 I StorageManagerService: mountUserId=0 state=MOUNTED
12-14 03:22:26.289 1483 1797 I StorageManagerService: fsType=null fsUuid=null fsLabel=null
12-14 03:22:26.289 1483 1797 I StorageManagerService: path=/storage/emulated internalPath=/data/media
12-14 03:22:26.291 1483 1797 I StorageSessionController: Notifying volume state changed for session with id: emulated;0
12-14 03:22:26.294 1483 2142 W StorageManagerService: Reporting emulated;0 unmounted due to system locked
01-01 10:04:29.356 0 0 I : Wifi Turning On from UI
12-14 03:22:26.295 1483 2142 W StorageManagerService: Reporting emulated;0 unmounted due to system locked
01-01 10:04:29.356 0 0 I [wifi@1][0x142fa394][03:22:26.296365] wlan: [827:I:DP] dp_vdev_attach_wifi3: wlan_cfg_ap_bridge_enabled 0
01-01 10:04:29.356 0 0 I [wifi@1][0x142fa706][03:22:26.296411] wlan: [827:I:DP] 00000000: ed b7 36 5e a1 91 40 e2 fa 7c 14 c9 5d 73 7a dd
01-01 10:04:29.356 0 0 I [wifi@1][0x142fa774][03:22:26.296417] wlan: [827:I:DP] 00000010: 34 3b 23 2d
01-01 10:04:29.356 0 0 I [wifi@1][0x142fa824][03:22:26.296426] wlan: [827:I:DP] 00000000: 52 c1 cc d0 c0 b0 93 af 25 d6 27 96 13 b5 10 8b
01-01 10:04:29.356 0 0 I [wifi@1][0x142fa88d][03:22:26.296432] wlan: [827:I:DP] 00000010: 21 50 d8 0a 20 56 02 03 2c da 40 ef 70 54 09 07
01-01 10:04:29.356 0 0 I [wifi@1][0x142fa8f6][03:22:26.296437] wlan: [827:I:DP] 00000020: 3e 9a 48 e2 f6 9a 10 b8 07 9a dc e8
01-01 10:04:29.361 0 0 I IPv6 : ADDRCONF(NETDEV_UP): wlan0: link is not ready
12-14 03:22:26.298 1483 2142 W StorageManagerService: Reporting emulated;0 unmounted due to system locked
12-14 03:22:26.300 1483 1797 I StorageSessionController: Notifying volume state changed for session with id: emulated;0
12-14 03:22:26.309 827 827 I android.hardware.wifi@1.0-service: Adding interface handle for p2p0
12-14 03:22:26.309 827 827 I android.hardware.wifi@1.0-service: Adding interface handle for wlan0
12-14 03:22:26.309 827 827 I android.hardware.wifi@1.0-service: Adding interface handle for wifi-aware0
12-14 03:22:26.309 827 827 W android.hardware.wifi@1.0-service: No active wlan interfaces in use! Using default
12-14 03:22:26.309 827 827 W android.hardware.wifi@1.0-service: No active wlan interfaces in use! Using default
12-14 03:22:26.310 1483 1797 I StorageSessionController: Notifying volume state changed for session with id: emulated;0
12-14 03:22:26.311 827 827 I android.hardware.wifi@1.0-service: Configured chip in mode 3
12-14 03:22:26.311 827 827 W android.hardware.wifi@1.0-service: No active wlan interfaces in use! Using default
01-01 10:04:29.373 0 0 I [lowi-s][0x1434684d][03:22:26.312642] wlan: [1442:I:wifipos] wifi_pos_get_ch_info: 461: num channels: 26
01-01 10:04:29.376 0 0 E [wifi@1][0x14356a7c][03:22:26.316084] wlan: [3355:E:wifipos] wifi_pos_process_app_reg_req: 608: Received App Req Req pid(377488187), len(16)
01-01 10:04:29.377 0 0 I [wifi@1][0x1435d222][03:22:26.317466] wlan: [3355:I:wifipos] wifi_pos_get_ch_info: 461: num channels: 26
01-01 10:04:29.378 0 0 I [wifi@1][0x1435e1c0][03:22:26.317674] wlan: [3355:I:wifipos] wifi_pos_get_ch_info: 461: num channels: 26
12-14 03:22:26.315 827 827 W android.hardware.wifi@1.0-service: No active wlan interfaces in use! Using default
12-14 03:22:26.318 1483 2029 D CompatibilityChangeReporter: Compat change id reported: 168419799; UID 10095; state: DISABLED
01-01 10:04:29.381 0 0 I [wifi@1][0x1436b7a8][03:22:26.320526] wlan: [827:I:DP] dp_vdev_attach_wifi3: wlan_cfg_ap_bridge_enabled 1
01-01 10:04:29.381 0 0 E [wifi@1][0x1436bf9c][03:22:26.320632] wlan: [827:E:PMO] pmo_register_wow_wakeup_events: 88: Skipping wake event configuration for vdev_opmode 16
01-01 10:04:29.381 0 0 E [wifi@1][0x1436c34d][03:22:26.320682] wlan: [827:E:SME] sme_get_nss_chain_shift: 4045: Device mode 16 invalid
01-01 10:04:29.381 0 0 E [wifi@1][0x1436c393][03:22:26.320685] wlan: [827:E:SME] sme_get_nss_chain_shift: 4045: Device mode 16 invalid
01-01 10:04:29.381 0 0 I IPv6 : ADDRCONF(NETDEV_UP): wifi-aware0: link is not ready
12-14 03:22:26.326 1483 1797 D StorageManagerService: Volume emulated;0 broadcasting mounted to UserHandle{0}
12-14 03:22:26.327 1483 1797 D StorageManagerService: Volume emulated;0 broadcasting checking to UserHandle{0}
01-01 10:04:29.386 0 0 D : mv2112_read_status
01-01 10:04:29.386 0 0 D mv2112_update_link: 3.0x901(1G): 0x80
01-01 10:04:29.386 0 0 D mv2112_update_link: 3.0x8109(100M): 0x8
01-01 10:04:29.386 0 0 D mv2112_update_link: link 0x0
01-01 10:04:29.386 0 0 D mv2112_read_status: autoneg is disabled
12-14 03:22:26.328 1483 1797 D StorageManagerService: Volume emulated;0 broadcasting mounted to UserHandle{0}
12-14 03:22:26.336 1206 1206 I wificond: createClientInterface: wiphy_index 0 iface_name wlan0
12-14 03:22:26.337 1206 1206 I wificond: create scanner for interface with index: 17
12-14 03:22:26.337 1206 1206 I wificond: subscribe scan result for interface with index: 17
12-14 03:22:26.337 1206 1206 I wificond: add channel type 0 support at wiphy index: 0
12-14 03:22:26.337 1206 1206 I wificond: add channel type 1 support at wiphy index: 0
12-14 03:22:26.338 1483 1965 D CompatibilityChangeReporter: Compat change id reported: 171306433; UID 1000; state: ENABLED
12-14 03:22:26.344 2163 2163 I MicroServiceManager: addCommonCallbackListener add listener
12-14 03:22:26.344 2163 2163 I MicroServiceManager: addConnectChangedListener add listener
12-14 03:22:26.348 1483 1483 I Telecom : DefaultDialerCache: Refreshing default dialer for user 0: now null: DDC.oR@ABA
12-14 03:22:26.348 1483 1483 I Telecom : MissedCallNotifierImpl: reloadAfterBootComplete: user=0: TSBCR.oR@ABE
12-14 03:22:26.351 1483 1483 I Telecom : MissedCallNotifierImpl: reloadAfterBootComplete: user=0: TSBCR.oR@ABE
12-14 03:22:26.352 1483 1483 D CompatibilityChangeReporter: Compat change id reported: 135634846; UID 10033; state: DISABLED
12-14 03:22:26.352 1483 1483 D CompatibilityChangeReporter: Compat change id reported: 177438394; UID 10033; state: DISABLED
12-14 03:22:26.352 1483 1483 D CompatibilityChangeReporter: Compat change id reported: 135772972; UID 10033; state: DISABLED
12-14 03:22:26.352 1483 1483 D CompatibilityChangeReporter: Compat change id reported: 135754954; UID 10033; state: ENABLED
12-14 03:22:26.353 1483 1610 D CompatibilityChangeReporter: Compat change id reported: 143937733; UID 10033; state: ENABLED
12-14 03:22:26.353 2163 2163 W ContextImpl: Calling a method in the system process without a qualified user: android.app.ContextImpl.sendBroadcast:1173 android.content.ContextWrapper.sendBroadcast:479 com.thundercomm.microsettings.service.SettingsService.sendSystemUI:59 com.thundercomm.microsettings.service.SettingsService.onCreate:50 android.app.ActivityThread.handleCreateService:4488
12-14 03:22:26.354 2163 2163 W ContextImpl: Calling a method in the system process without a qualified user: android.app.ContextImpl.bindService:1895 android.content.ContextWrapper.bindService:810 com.thundercomm.microsettings.manager.SoundManager.bindService:206 com.thundercomm.microsettings.manager.SoundManager.connect:197 com.thundercomm.microsettings.service.SettingsService.onStartCommand:80
12-14 03:22:26.359 2163 2163 W ContextImpl: Calling a method in the system process without a qualified user: android.app.ContextImpl.bindService:1895 android.content.ContextWrapper.bindService:810 com.thundercomm.microsettings.manager.DisplayManager.bindService:188 com.thundercomm.microsettings.manager.DisplayManager.connect:179 com.thundercomm.microsettings.service.SettingsService.onStartCommand:81
12-14 03:22:26.366 1483 1610 I ActivityManager: Start proc 3372:com.hryt.hiphishowfsecontrol/u0a33 for broadcast {com.hryt.hiphishowfsecontrol/com.hryt.hiphishowfsecontrol.receivers.HiPhiShowReceiver}
12-14 03:22:26.378 1483 2142 D CompatibilityChangeReporter: Compat change id reported: 149924527; UID 10095; state: ENABLED
12-14 03:22:26.378 1483 2142 D CompatibilityChangeReporter: Compat change id reported: 132649864; UID 10095; state: DISABLED
12-14 03:22:26.378 1483 2142 D CompatibilityChangeReporter: Compat change id reported: 182734110; UID 10095; state: DISABLED
01-01 10:04:29.456 0 0 I init : starting service 'wpa_supplicant'...
01-01 10:04:29.457 0 0 I init : Created socket '/dev/socket/vendor_wpa_wlan0', mode 660, user 1010, group 1010
01-01 10:04:29.460 0 0 I binder : 3372:3372 ioctl 40046210 7fe6bbba04 returned -22
12-14 03:22:26.403 1483 2142 D CompatibilityChangeReporter: Compat change id reported: 168419799; UID 10033; state: DISABLED
01-01 10:04:29.464 0 0 I init : Control message: Processed ctl.interface_start for 'android.hardware.wifi.supplicant@1.0::ISupplicant/default' from pid: 500 (/system/bin/hwservicemanager)
12-14 03:22:26.482 1483 2157 D CompatibilityChangeReporter: Compat change id reported: 172100307; UID 10095; state: DISABLED
12-14 03:22:26.553 1483 1912 I GameModeConfig: isGameModeOn = false
12-14 03:22:26.558 1483 1912 I GameModeConfig: isGameModeOn = false
12-14 03:22:26.559 1483 1912 I GameModeConfig: isGameModeOn = false
12-14 03:22:26.559 1483 1912 I GameModeConfig: isGameModeOn = false
12-14 03:22:26.559 1483 1912 I GameModeConfig: isGameModeOn = false
12-14 03:22:26.559 1483 1912 I GameModeConfig: isGameModeOn = false
12-14 03:22:26.587 1483 2142 D CompatibilityChangeReporter: Compat change id reported: 135634846; UID 10068; state: DISABLED
12-14 03:22:26.587 1483 2142 D CompatibilityChangeReporter: Compat change id reported: 177438394; UID 10068; state: DISABLED
12-14 03:22:26.587 1483 2142 D CompatibilityChangeReporter: Compat change id reported: 135772972; UID 10068; state: DISABLED
12-14 03:22:26.587 1483 2142 D CompatibilityChangeReporter: Compat change id reported: 135754954; UID 10068; state: DISABLED
12-14 03:22:26.588 1483 1610 D CompatibilityChangeReporter: Compat change id reported: 143937733; UID 10068; state: DISABLED
12-14 03:22:26.595 1483 1610 I ActivityManager: Start proc 3441:com.android.calendar/u0a68 for broadcast {com.android.calendar/com.android.calendar.alerts.AlertReceiver}
01-01 10:04:29.671 0 0 I binder : 3441:3441 ioctl 40046210 7fe6bbc0e4 returned -22
12-14 03:22:26.616 1483 2157 D CompatibilityChangeReporter: Compat change id reported: 168419799; UID 10068; state: DISABLED
12-14 03:22:26.622 1483 2157 D CompatibilityChangeReporter: Compat change id reported: 171306433; UID 10032; state: DISABLED
01-01 10:04:29.708 0 0 I [schedu][0x1496c565][03:22:26.648389] wlan: [3332:I:HIF] Deinitializing Runtime PM wakelock &vdev->vdev_set_key_runtime_wakelock
01-01 10:04:29.709 0 0 I [schedu][0x1496f29f][03:22:26.648993] wlan: [3332:I:HIF] Initializing Runtime PM wakelock &vdev->vdev_set_key_runtime_wakelock
01-01 10:04:29.722 0 0 I init : Service 'ethernet' (pid 2704) exited with status 1 oneshot service took 1.787000 seconds in background
01-01 10:04:29.722 0 0 I init : Sending signal 9 to service 'ethernet' (pid 2704) process group...
01-01 10:04:29.722 0 0 I libprocessgroup: Successfully killed process cgroup uid 0 pid 2704 in 0ms
12-14 03:22:26.678 1483 2029 W ShortcutService: Clock rewound
12-14 03:22:26.681 3157 3451 E ActivityThread: Failed to find provider info for telephony
12-14 03:22:26.710 1483 2029 D CompatibilityChangeReporter: Compat change id reported: 135634846; UID 1000; state: DISABLED
12-14 03:22:26.710 1483 2029 D CompatibilityChangeReporter: Compat change id reported: 177438394; UID 1000; state: DISABLED
12-14 03:22:26.710 1483 2029 D CompatibilityChangeReporter: Compat change id reported: 135772972; UID 1000; state: DISABLED
12-14 03:22:26.710 1483 2029 D CompatibilityChangeReporter: Compat change id reported: 135754954; UID 1000; state: ENABLED
12-14 03:22:26.718 1483 1610 I ActivityManager: Start proc 3477:com.android.dynsystem/1000 for broadcast {com.android.dynsystem/com.android.dynsystem.BootCompletedReceiver}
01-01 10:04:29.795 0 0 I binder : 3477:3477 ioctl 40046210 7fe6bbc0e4 returned -22
12-14 03:22:26.743 1483 2029 D CompatibilityChangeReporter: Compat change id reported: 168419799; UID 1000; state: DISABLED
01-01 10:04:29.807 0 0 I [schedu][0x14b3aa87][03:22:26.747018] wlan: [3332:I:HIF] Deinitializing Runtime PM wakelock &vdev->vdev_set_key_runtime_wakelock
01-01 10:04:29.808 0 0 I [schedu][0x14b3d804][03:22:26.747625] wlan: [3332:I:HIF] Initializing Runtime PM wakelock &vdev->vdev_set_key_runtime_wakelock
01-01 10:04:29.810 0 0 I [wifi@1][0x14b47169][03:22:26.749670] wlan: [827:I:DP] dp_vdev_attach_wifi3: wlan_cfg_ap_bridge_enabled 0
01-01 10:04:29.815 0 0 E [wifi@1][0x14b60ef1][03:22:26.755183] wlan: [3355:E:wifipos] wifi_pos_process_app_reg_req: 608: Received App Req Req pid(377488187), len(16)
01-01 10:04:29.815 0 0 I [wifi@1][0x14b624fa][03:22:26.755477] wlan: [3355:I:wifipos] wifi_pos_get_ch_info: 461: num channels: 26
01-01 10:04:29.816 0 0 I [wifi@1][0x14b6379b][03:22:26.755726] wlan: [3355:I:wifipos] wifi_pos_get_ch_info: 461: num channels: 26
12-14 03:22:26.796 1483 2029 D CompatibilityChangeReporter: Compat change id reported: 135634846; UID 1000; state: DISABLED
12-14 03:22:26.796 1483 2029 D CompatibilityChangeReporter: Compat change id reported: 177438394; UID 1000; state: DISABLED
12-14 03:22:26.796 1483 2029 D CompatibilityChangeReporter: Compat change id reported: 135772972; UID 1000; state: DISABLED
12-14 03:22:26.796 1483 2029 D CompatibilityChangeReporter: Compat change id reported: 135754954; UID 1000; state: ENABLED
12-14 03:22:26.798 1483 2029 D CompatibilityChangeReporter: Compat change id reported: 135634846; UID 10071; state: DISABLED
12-14 03:22:26.798 1483 2029 D CompatibilityChangeReporter: Compat change id reported: 177438394; UID 10071; state: DISABLED
12-14 03:22:26.798 1483 2029 D CompatibilityChangeReporter: Compat change id reported: 135772972; UID 10071; state: DISABLED
12-14 03:22:26.799 1483 2029 D CompatibilityChangeReporter: Compat change id reported: 135754954; UID 10071; state: ENABLED
12-14 03:22:26.805 1483 2640 D AdbDebuggingManager: Received connected key message: QAAAAOOUWvE1rygT0Ixj09RTp24JWgkxZV3u3V5jhSubR6C/WZQYa7ffTQdyuAiwoA8CIjxxaldaBT3yckdDduN8UKRA/N2VB7S4noZ+Y2n2yO5bbprEDw0ABkd2gtmQVJvQGkF/SsLYyleswkYJRYYK5EKrXFOuH92bfdfLj/KtLnr7T3v2AUdb23LBgCGP5DCECooEicIv/2hGURcyXHqsS/py+4zD4EXKEY1h3uIZKnWvNRVIilPspAK6sFwLMo/T5qcXjVgUuxq5YbmOEaHRe6TH2I+MJ3kzhy5lerS49XPfdThPy/of5E+0LSS2a/thu/nljtqM02hxPEbPUa2JcuCj0KWNIZZsDMV2SPBNxBiA7v+JNPojfE5gP0Jy7cMfO2SbC708x7p3HqU6ENqF5koA7sjcpK68qYfG0Fi6FDh+1XTnPGDk5AIo5eXy2hTc7hNdbURist5VKYTnYpEs4pz4Zj92FBpIiNj99gBzobpk75owQxis11c7bJZq1pCJiSmFEPTcDrv02X3oDIzj7Cs73UA0PD14oMkdQYK7uW+MASmqxEHa0+XnLi5mNXsp3dkaFdEMcDK6wSwC+0yOssdlETEpC4cZts9SQ37E7eMDKfF9m5Gju22KKv3T64iPrmBwhvngKOwxWqahWIHg3ajbUKAe0QY3sLgcEscEi0eFLWD+QgEAAQA= @unknown
12-14 03:22:26.805 1483 1585 D AdbDebuggingManager: Logging key QAAAAOOUWvE1rygT0Ixj09RTp24JWgkxZV3u3V5jhSubR6C/WZQYa7ffTQdyuAiwoA8CIjxxaldaBT3yckdDduN8UKRA/N2VB7S4noZ+Y2n2yO5bbprEDw0ABkd2gtmQVJvQGkF/SsLYyleswkYJRYYK5EKrXFOuH92bfdfLj/KtLnr7T3v2AUdb23LBgCGP5DCECooEicIv/2hGURcyXHqsS/py+4zD4EXKEY1h3uIZKnWvNRVIilPspAK6sFwLMo/T5qcXjVgUuxq5YbmOEaHRe6TH2I+MJ3kzhy5lerS49XPfdThPy/of5E+0LSS2a/thu/nljtqM02hxPEbPUa2JcuCj0KWNIZZsDMV2SPBNxBiA7v+JNPojfE5gP0Jy7cMfO2SbC708x7p3HqU6ENqF5koA7sjcpK68qYfG0Fi6FDh+1XTnPGDk5AIo5eXy2hTc7hNdbURist5VKYTnYpEs4pz4Zj92FBpIiNj99gBzobpk75owQxis11c7bJZq1pCJiSmFEPTcDrv02X3oDIzj7Cs73UA0PD14oMkdQYK7uW+MASmqxEHa0+XnLi5mNXsp3dkaFdEMcDK6wSwC+0yOssdlETEpC4cZts9SQ37E7eMDKfF9m5Gju22KKv3T64iPrmBwhvngKOwxWqahWIHg3ajbUKAe0QY3sLgcEscEi0eFLWD+QgEAAQA= @unknown, state = 4, alwaysAllow = true, lastConnectionTime = 1670959346805, authWindow = 604800000
12-14 03:22:26.807 1483 1610 I ActivityManager: Start proc 3500:com.android.dynsystem:dynsystem/1000 for service {com.android.dynsystem/com.android.dynsystem.DynamicSystemInstallationService}
12-14 03:22:26.807 1483 1610 D CompatibilityChangeReporter: Compat change id reported: 143937733; UID 10071; state: ENABLED
12-14 03:22:26.816 1483 1610 I ActivityManager: Start proc 3503:com.android.inputmethod.latin/u0a71 for broadcast {com.android.inputmethod.latin/com.android.inputmethod.latin.SystemBroadcastReceiver}
01-01 10:04:29.890 0 0 I binder : 3500:3500 ioctl 40046210 7fe6bbc0e4 returned -22
01-01 10:04:29.898 0 0 I binder : 3503:3503 ioctl 40046210 7fe6bbc0e4 returned -22
12-14 03:22:26.846 1483 2029 D CompatibilityChangeReporter: Compat change id reported: 168419799; UID 10071; state: DISABLED
01-01 10:04:29.930 0 0 I IRQ 5 : no longer affine to CPU7
12-14 03:22:26.885 1483 1912 I GameModeConfig: isGameModeOn = false
12-14 03:22:26.885 1483 1912 I GameModeConfig: isGameModeOn = false
12-14 03:22:26.885 1483 1912 I GameModeConfig: isGameModeOn = false
12-14 03:22:26.887 1483 2142 I DynamicSystemService: isInstalled(): false
12-14 03:22:26.936 1483 1620 W BatteryExternalStatsWorker: error reading modem stats:ERROR_PHONE_NOT_AVAILABLE
12-14 03:22:26.940 1483 1483 W Looper : Slow dispatch took 243ms main h=android.app.ActivityThread$H c=android.app.LoadedApk$ReceiverDispatcher$Args$$ExternalSyntheticLambda0@c5b8557 m=0
12-14 03:22:26.940 1483 1483 W Looper : Slow delivery took 243ms main h=android.app.ActivityThread$H c=android.app.LoadedApk$ReceiverDispatcher$Args$$ExternalSyntheticLambda0@de27844 m=0
12-14 03:22:26.950 1483 1483 W Looper : Drained
12-14 03:22:26.960 1483 2142 I ActivityManager: Process com.android.inputmethod.latin (pid 3503) has died: fg RCVR
12-14 03:22:26.960 1483 1483 I Telecom : BluetoothDeviceManager: Got BluetoothHeadset: com.android.server.telecom.BluetoothHeadsetProxy@dd4e986: BMSL.oSC@ABY
12-14 03:22:26.968 1483 1609 I ActivityManager: com.android.managedprovisioning is exempt from freezer
12-14 03:22:26.968 1483 1609 D CompatibilityChangeReporter: Compat change id reported: 135634846; UID 10026; state: DISABLED
12-14 03:22:26.968 1483 1609 D CompatibilityChangeReporter: Compat change id reported: 177438394; UID 10026; state: DISABLED
12-14 03:22:26.968 1483 1609 D CompatibilityChangeReporter: Compat change id reported: 135772972; UID 10026; state: DISABLED
12-14 03:22:26.968 1483 1609 D CompatibilityChangeReporter: Compat change id reported: 135754954; UID 10026; state: ENABLED
12-14 03:22:26.969 1483 1610 D CompatibilityChangeReporter: Compat change id reported: 143937733; UID 10026; state: ENABLED
12-14 03:22:26.976 1483 1610 I ActivityManager: Start proc 3539:com.android.managedprovisioning/u0a26 for broadcast {com.android.managedprovisioning/com.android.managedprovisioning.BootReminder}
01-01 10:04:30.036 0 0 I [schedu][0x14f6c548][03:22:26.976068] wlan: [3332:I:OSIF] scan start scan id 40961
01-01 10:04:30.054 0 0 I binder : 3539:3539 ioctl 40046210 7fe6bbc0e4 returned -22
12-14 03:22:27.003 1483 1524 D CompatibilityChangeReporter: Compat change id reported: 168419799; UID 10026; state: DISABLED
12-14 03:22:27.004 1483 1620 E KernelCpuSpeedReader: Failed to read cpu-freq: /sys/devices/system/cpu/cpu4/cpufreq/stats/time_in_state: open failed: ENOENT (No such file or directory)
12-14 03:22:27.005 1483 1620 E KernelCpuSpeedReader: Failed to read cpu-freq: /sys/devices/system/cpu/cpu0/cpufreq/stats/time_in_state: open failed: ENOENT (No such file or directory)
12-14 03:22:27.005 1483 1620 W BatteryStatsImpl: Attempted to remove untracked isolated uid (1037)
12-14 03:22:27.032 1483 2157 W BluetoothManagerService: psc is not null in bindBluetoothProfileService
12-14 03:22:27.102 1483 1979 D CompatibilityChangeReporter: Compat change id reported: 168419799; UID 1000; state: DISABLED
12-14 03:22:27.106 1483 1979 D CompatibilityChangeReporter: Compat change id reported: 168419799; UID 10018; state: DISABLED
12-14 03:22:27.108 1483 1979 D CompatibilityChangeReporter: Compat change id reported: 135634846; UID 10090; state: DISABLED
12-14 03:22:27.108 1483 1979 D CompatibilityChangeReporter: Compat change id reported: 177438394; UID 10090; state: DISABLED
12-14 03:22:27.108 1483 1979 D CompatibilityChangeReporter: Compat change id reported: 135772972; UID 10090; state: DISABLED
12-14 03:22:27.108 1483 1979 D CompatibilityChangeReporter: Compat change id reported: 135754954; UID 10090; state: ENABLED
12-14 03:22:27.108 1483 1610 D CompatibilityChangeReporter: Compat change id reported: 143937733; UID 10090; state: ENABLED
12-14 03:22:27.115 1483 1610 I ActivityManager: Start proc 3566:com.android.music/u0a90 for broadcast {com.android.music/com.android.music.MediaPlaybackReceiver}
01-01 10:04:30.191 0 0 I binder : 3566:3566 ioctl 40046210 7fe6bbc0e4 returned -22
12-14 03:22:27.133 1483 1960 D CompatibilityChangeReporter: Compat change id reported: 168419799; UID 10090; state: DISABLED
12-14 03:22:27.216 1483 1523 D CompatibilityChangeReporter: Compat change id reported: 135634846; UID 10060; state: DISABLED
12-14 03:22:27.216 1483 1523 D CompatibilityChangeReporter: Compat change id reported: 177438394; UID 10060; state: DISABLED
12-14 03:22:27.216 1483 1523 D CompatibilityChangeReporter: Compat change id reported: 135772972; UID 10060; state: DISABLED
12-14 03:22:27.216 1483 1523 D CompatibilityChangeReporter: Compat change id reported: 135754954; UID 10060; state: ENABLED
12-14 03:22:27.216 1483 1610 D CompatibilityChangeReporter: Compat change id reported: 143937733; UID 10060; state: ENABLED
12-14 03:22:27.223 1483 1610 I ActivityManager: Start proc 3584:com.android.onetimeinitializer/u0a60 for broadcast {com.android.onetimeinitializer/com.android.onetimeinitializer.OneTimeInitializerReceiver}
01-01 10:04:30.311 0 0 I binder : 3584:3584 ioctl 40046210 7fe6bbc0e4 returned -22
12-14 03:22:27.264 1483 1523 D CompatibilityChangeReporter: Compat change id reported: 168419799; UID 10060; state: DISABLED
12-14 03:22:27.317 1483 1960 I ActivityManager: com.android.packageinstaller is exempt from freezer
12-14 03:22:27.317 1483 1960 D CompatibilityChangeReporter: Compat change id reported: 135634846; UID 10025; state: DISABLED
12-14 03:22:27.317 1483 1960 D CompatibilityChangeReporter: Compat change id reported: 177438394; UID 10025; state: DISABLED
12-14 03:22:27.317 1483 1960 D CompatibilityChangeReporter: Compat change id reported: 135772972; UID 10025; state: DISABLED
12-14 03:22:27.317 1483 1960 D CompatibilityChangeReporter: Compat change id reported: 135754954; UID 10025; state: ENABLED
12-14 03:22:27.318 1483 1610 D CompatibilityChangeReporter: Compat change id reported: 143937733; UID 10025; state: ENABLED
12-14 03:22:27.325 1483 1610 I ActivityManager: Start proc 3610:com.android.packageinstaller/u0a25 for broadcast {com.android.packageinstaller/com.android.packageinstaller.TemporaryFileManager}
01-01 10:04:30.397 0 0 I binder : 3610:3610 ioctl 40046210 7fe6bbc0e4 returned -22
12-14 03:22:27.346 1483 1960 D CompatibilityChangeReporter: Compat change id reported: 168419799; UID 10025; state: DISABLED
01-01 10:04:30.410 0 0 D : mv2112_read_status
01-01 10:04:30.410 0 0 D mv2112_update_link: 3.0x901(1G): 0x80
01-01 10:04:30.410 0 0 D mv2112_update_link: 3.0x8109(100M): 0x8
01-01 10:04:30.410 0 0 D mv2112_update_link: link 0x0
01-01 10:04:30.410 0 0 D mv2112_read_status: autoneg is disabled
01-01 10:04:30.430 0 0 I IRQ 5 : no longer affine to CPU7
12-14 03:22:27.415 1483 1960 D CompatibilityChangeReporter: Compat change id reported: 135634846; UID 10094; state: DISABLED
12-14 03:22:27.415 1483 1960 D CompatibilityChangeReporter: Compat change id reported: 177438394; UID 10094; state: DISABLED
12-14 03:22:27.415 1483 1960 D CompatibilityChangeReporter: Compat change id reported: 135772972; UID 10094; state: DISABLED
12-14 03:22:27.415 1483 1960 D CompatibilityChangeReporter: Compat change id reported: 135754954; UID 10094; state: DISABLED
12-14 03:22:27.415 1483 1610 D CompatibilityChangeReporter: Compat change id reported: 143937733; UID 10094; state: DISABLED
12-14 03:22:27.424 1483 1610 I ActivityManager: Start proc 3625:com.android.permissioncontroller/u0a94 for broadcast {com.android.permissioncontroller/com.android.permissioncontroller.permission.service.LocationAccessCheck$SetupPeriodicBackgroundLocationAccessCheck}
01-01 10:04:30.502 0 0 I binder : 3625:3625 ioctl 40046210 7fe6bbc0e4 returned -22
12-14 03:22:27.449 1483 1960 D CompatibilityChangeReporter: Compat change id reported: 168419799; UID 10094; state: DISABLED
12-14 03:22:27.588 1483 1979 D CompatibilityChangeReporter: Compat change id reported: 135634846; UID 10019; state: DISABLED
12-14 03:22:27.588 1483 1979 D CompatibilityChangeReporter: Compat change id reported: 177438394; UID 10019; state: DISABLED
12-14 03:22:27.588 1483 1979 D CompatibilityChangeReporter: Compat change id reported: 135772972; UID 10019; state: DISABLED
12-14 03:22:27.588 1483 1979 D CompatibilityChangeReporter: Compat change id reported: 135754954; UID 10019; state: ENABLED
12-14 03:22:27.588 1483 1610 D CompatibilityChangeReporter: Compat change id reported: 143937733; UID 10019; state: ENABLED
12-14 03:22:27.601 1483 1610 I ActivityManager: Start proc 3641:com.android.providers.calendar/u0a19 for broadcast {com.android.providers.calendar/com.android.providers.calendar.CalendarReceiver}
01-01 10:04:30.681 0 0 I binder : 3641:3641 ioctl 40046210 7fe6bbc0e4 returned -22
12-14 03:22:27.630 1483 1979 D CompatibilityChangeReporter: Compat change id reported: 168419799; UID 10019; state: DISABLED
12-14 03:22:27.702 1483 1979 D CompatibilityChangeReporter: Compat change id reported: 143231523; UID 10019; state: DISABLED
12-14 03:22:27.703 1483 1979 D CompatibilityChangeReporter: Compat change id reported: 171306433; UID 10019; state: ENABLED
12-14 03:22:27.744 1483 2935 I ActivityManager: com.android.shell is exempt from freezer
12-14 03:22:27.744 1483 2935 D CompatibilityChangeReporter: Compat change id reported: 135634846; UID 2000; state: DISABLED
12-14 03:22:27.744 1483 2935 D CompatibilityChangeReporter: Compat change id reported: 177438394; UID 2000; state: DISABLED
12-14 03:22:27.744 1483 2935 D CompatibilityChangeReporter: Compat change id reported: 135772972; UID 2000; state: DISABLED
12-14 03:22:27.744 1483 2935 D CompatibilityChangeReporter: Compat change id reported: 135754954; UID 2000; state: ENABLED
12-14 03:22:27.756 1483 1610 I ActivityManager: Start proc 3662:com.android.shell/2000 for broadcast {com.android.shell/com.android.shell.HeapDumpReceiver}
12-14 03:22:27.764 1483 1588 D ColorDisplayService: NightDisplayTintController Animation cancelled: false to matrix:
12-14 03:22:27.764 1483 1588 D ColorDisplayService: 1.000000 0.000000 0.000000 0.000000 0.000000 1.000000 0.000000 0.000000 0.000000 0.000000 1.000000 0.000000 0.000000 0.000000 0.000000 1.000000 min matrix coefficients:
12-14 03:22:27.764 1483 1588 D ColorDisplayService: 1.000000 0.000000 0.000000 0.000000 0.000000 1.000000 0.000000 0.000000 0.000000 0.000000 1.000000 0.000000 0.000000 0.000000 0.000000 1.000000 max matrix coefficients:
12-14 03:22:27.764 1483 1588 D ColorDisplayService: 1.000000 0.000000 0.000000 0.000000 0.000000 1.000000 0.000000 0.000000 0.000000 0.000000 1.000000 0.000000 0.000000 0.000000 0.000000 1.000000
01-01 10:04:30.836 0 0 I binder : 3662:3662 ioctl 40046210 7fe6bbc0e4 returned -22
12-14 03:22:27.785 1483 2935 D CompatibilityChangeReporter: Compat change id reported: 168419799; UID 2000; state: DISABLED
12-14 03:22:27.836 1483 2935 D CompatibilityChangeReporter: Compat change id reported: 135634846; UID 1001; state: DISABLED
12-14 03:22:27.836 1483 2935 D CompatibilityChangeReporter: Compat change id reported: 177438394; UID 1001; state: DISABLED
12-14 03:22:27.836 1483 2935 D CompatibilityChangeReporter: Compat change id reported: 135772972; UID 1001; state: DISABLED
12-14 03:22:27.836 1483 2935 D CompatibilityChangeReporter: Compat change id reported: 135754954; UID 1001; state: ENABLED
12-14 03:22:27.847 1483 1610 I Watchdog: Interesting Java process com.android.phone started. Pid 3678
12-14 03:22:27.847 1483 1610 I ActivityManager: Start proc 3678:com.android.phone/1001 for broadcast {com.android.stk/com.android.stk.BootCompletedReceiver}
01-01 10:04:30.928 0 0 I binder : 3678:3678 ioctl 40046210 7fe6bbc0e4 returned -22
12-14 03:22:27.937 1483 2935 W BroadcastQueue: Permission Denial: receiving Intent { act=android.intent.action.BOOT_COMPLETED flg=0x89000010 (has extras) } to com.baidu.input/.directboot.DirectBootReceiver requires android.permission.RECEIVE_BOOT_COMPLETED due to sender null (uid 1000)
12-14 03:22:27.937 1483 1609 W BroadcastQueue: Permission Denial: receiving Intent { act=android.intent.action.BOOT_COMPLETED flg=0x89000010 (has extras) } to com.baidu.input/.switchguide.InputMethodChangedReceiver requires android.permission.RECEIVE_BOOT_COMPLETED due to sender null (uid 1000)
12-14 03:22:27.940 1483 1609 D CompatibilityChangeReporter: Compat change id reported: 168419799; UID 10089; state: DISABLED
12-14 03:22:27.947 1483 2935 D CompatibilityChangeReporter: Compat change id reported: 135634846; UID 10077; state: DISABLED
12-14 03:22:27.947 1483 2935 D CompatibilityChangeReporter: Compat change id reported: 177438394; UID 10077; state: DISABLED
12-14 03:22:27.947 1483 2935 D CompatibilityChangeReporter: Compat change id reported: 135772972; UID 10077; state: DISABLED
12-14 03:22:27.947 1483 2935 D CompatibilityChangeReporter: Compat change id reported: 135754954; UID 10077; state: ENABLED
12-14 03:22:27.947 1483 1610 D CompatibilityChangeReporter: Compat change id reported: 143937733; UID 10077; state: ENABLED
12-14 03:22:27.959 1483 1610 I ActivityManager: Start proc 3696:com.qti.ltebc/u0a77 for broadcast {com.qti.ltebc/com.qualcomm.ltebc.LTEBroadcastBootReceiver}
12-14 03:22:27.966 1483 2935 D CompatibilityChangeReporter: Compat change id reported: 149924527; UID 10089; state: ENABLED
12-14 03:22:27.967 1483 2935 D CompatibilityChangeReporter: Compat change id reported: 132649864; UID 10089; state: DISABLED
01-01 10:04:31.046 0 0 I binder : 3696:3696 ioctl 40046210 7fe6bbc0e4 returned -22
12-14 03:22:27.993 1483 2935 D CompatibilityChangeReporter: Compat change id reported: 168419799; UID 10077; state: DISABLED
12-14 03:22:28.002 1483 2773 D CompatibilityChangeReporter: Compat change id reported: 135634846; UID 1000; state: DISABLED
12-14 03:22:28.002 1483 2773 D CompatibilityChangeReporter: Compat change id reported: 177438394; UID 1000; state: DISABLED
12-14 03:22:28.002 1483 2773 D CompatibilityChangeReporter: Compat change id reported: 135772972; UID 1000; state: DISABLED
12-14 03:22:28.002 1483 2773 D CompatibilityChangeReporter: Compat change id reported: 135754954; UID 1000; state: ENABLED
12-14 03:22:28.013 1483 1610 I ActivityManager: Start proc 3711:com.android.localtransport/1000 for service {com.android.localtransport/com.android.localtransport.LocalTransportService}
01-01 10:04:31.101 0 0 I binder : 3711:3711 ioctl 40046210 7fe6bbc0e4 returned -22
12-14 03:22:28.091 1483 1483 I TransportClient: LocalTransportService#0: Notifying [TransportManager.registerTransport()] transport = IBackupTransport
12-14 03:22:28.095 1483 2773 D BackupTransportManager: Transport com.android.localtransport/.LocalTransportService registered
12-14 03:22:28.095 1483 2773 D BackupManagerService: [UserID:0] Transport com.android.localtransport/.LocalTransport registered 3105ms after first request (delay = 3000ms)
12-14 03:22:28.104 1483 2773 I BackupManagerService: [UserID:0] Found 2 stale backup journal(s), scheduling.
12-14 03:22:28.106 1483 2773 V BackupManagerConstants: getKeyValueBackupIntervalMilliseconds(...) returns 14400000
12-14 03:22:28.106 1483 2773 V BackupManagerConstants: getKeyValueBackupFuzzMilliseconds(...) returns 600000
12-14 03:22:28.106 1483 2773 V BackupManagerConstants: getKeyValueBackupRequiredNetworkType(...) returns 1
12-14 03:22:28.106 1483 2773 V BackupManagerConstants: getKeyValueBackupRequireCharging(...) returns true
12-14 03:22:28.106 1483 2773 V KeyValueBackupJob: Scheduling k/v pass in 248 minutes
12-14 03:22:28.109 1483 2773 I BackupManagerService: [UserID:0] Stale backup journals: Scheduled 9 package(s) total
01-01 10:04:31.213 0 0 I [schedu][0x164f7351][03:22:28.152575] wlan: [3332:I:OSIF] vdev 0, scan id 40961 type COMPLETED(1) reason COMPLETED(1) scan found 104 bss
12-14 03:22:28.284 2800 3734 E ActivityThread: Failed to find provider info for com.tcl.xian.StartandroidService.MyContentProvider
01-01 10:04:31.396 0 0 I [schedu][0x16852322][03:22:28.335826] wlan: [3332:I:HIF] Deinitializing Runtime PM wakelock &vdev->vdev_set_key_runtime_wakelock
12-14 03:22:28.344 827 827 D android.hardware.wifi@1.0-service: Successfully SetMacAddress.
01-01 10:04:31.396 0 0 I [schedu][0x16855053][03:22:28.336429] wlan: [3332:I:HIF] Initializing Runtime PM wakelock &vdev->vdev_set_key_runtime_wakelock
01-01 10:04:31.403 0 0 I logd : start watching /data/system/packages.list ...
01-01 10:04:31.404 0 0 I logd : ReadPackageList, total packages: 104
01-01 10:04:31.409 0 0 I [wifi@1][0x168903d0][03:22:28.349062] wlan: [827:I:DP] dp_vdev_attach_wifi3: wlan_cfg_ap_bridge_enabled 0
12-14 03:22:28.357 1206 1206 W wificond: Scan is not started. Ignore abort request
01-01 10:04:31.417 0 0 E [wifi@1][0x168b6093][03:22:28.357125] wlan: [3355:E:wifipos] wifi_pos_process_app_reg_req: 608: Received App Req Req pid(377488187), len(16)
01-01 10:04:31.417 0 0 I [wifi@1][0x168b6d77][03:22:28.357297] wlan: [3355:I:wifipos] wifi_pos_get_ch_info: 461: num channels: 26
01-01 10:04:31.419 0 0 I [wifi@1][0x168bfffb][03:22:28.359251] wlan: [3355:I:wifipos] wifi_pos_get_ch_info: 461: num channels: 26
01-01 10:04:31.434 0 0 D : mv2112_read_status
01-01 10:04:31.434 0 0 D mv2112_update_link: 3.0x901(1G): 0x80
01-01 10:04:31.434 0 0 D mv2112_update_link: 3.0x8109(100M): 0x8
