01-01 10:04:24.107 1483 1483 W android.permission.PermissionManager: Missing ActivityManager; assuming 1000 holds android.permission.SET_PREFERRED_APPLICATIONS
01-01 10:04:24.107 1483 1483 W android.permission.PermissionManager: Missing ActivityManager; assuming 1000 holds android.permission.SET_PREFERRED_APPLICATIONS
01-01 10:04:24.108 1483 1483 W android.permission.PermissionManager: Missing ActivityManager; assuming 1000 holds android.permission.SET_PREFERRED_APPLICATIONS
01-01 10:04:24.108 1483 1483 W android.permission.PermissionManager: Missing ActivityManager; assuming 1000 holds android.permission.SET_PREFERRED_APPLICATIONS
01-01 10:04:24.108 1483 1483 W android.permission.PermissionManager: Missing ActivityManager; assuming 1000 holds android.permission.SET_PREFERRED_APPLICATIONS
01-01 10:04:24.108 1483 1483 W android.permission.PermissionManager: Missing ActivityManager; assuming 1000 holds android.permission.SET_PREFERRED_APPLICATIONS
01-01 10:04:24.108 1483 1483 W android.permission.PermissionManager: Missing ActivityManager; assuming 1000 holds android.permission.SET_PREFERRED_APPLICATIONS
01-01 10:04:24.109 1483 1483 W android.permission.PermissionManager: Missing ActivityManager; assuming 1000 holds android.permission.SET_PREFERRED_APPLICATIONS
01-01 10:04:24.109 1483 1483 W android.permission.PermissionManager: Missing ActivityManager; assuming 1000 holds android.permission.SET_PREFERRED_APPLICATIONS
01-01 10:04:24.109 1483 1483 W android.permission.PermissionManager: Missing ActivityManager; assuming 1000 holds android.permission.SET_PREFERRED_APPLICATIONS
01-01 10:04:24.109 1483 1483 W android.permission.PermissionManager: Missing ActivityManager; assuming 1000 holds android.permission.SET_PREFERRED_APPLICATIONS
01-01 10:04:24.109 1483 1483 W android.permission.PermissionManager: Missing ActivityManager; assuming 1000 holds android.permission.SET_PREFERRED_APPLICATIONS
01-01 10:04:24.110 1483 1483 W android.permission.PermissionManager: Missing ActivityManager; assuming 1000 holds android.permission.SET_PREFERRED_APPLICATIONS
01-01 10:04:24.110 1483 1483 W android.permission.PermissionManager: Missing ActivityManager; assuming 1000 holds android.permission.SET_PREFERRED_APPLICATIONS
01-01 10:04:24.110 1483 1483 W android.permission.PermissionManager: Missing ActivityManager; assuming 1000 holds android.permission.SET_PREFERRED_APPLICATIONS
01-01 10:04:24.111 1483 1483 W android.permission.PermissionManager: Missing ActivityManager; assuming 1000 holds android.permission.SET_PREFERRED_APPLICATIONS
01-01 10:04:24.111 1483 1483 W android.permission.PermissionManager: Missing ActivityManager; assuming 1000 holds android.permission.SET_PREFERRED_APPLICATIONS
01-01 10:04:24.111 1483 1483 W android.permission.PermissionManager: Missing ActivityManager; assuming 1000 holds android.permission.SET_PREFERRED_APPLICATIONS
01-01 10:04:24.111 1483 1483 W android.permission.PermissionManager: Missing ActivityManager; assuming 1000 holds android.permission.SET_PREFERRED_APPLICATIONS
01-01 10:04:24.112 1483 1483 W android.permission.PermissionManager: Missing ActivityManager; assuming 1000 holds android.permission.SET_PREFERRED_APPLICATIONS
01-01 10:04:24.112 1483 1483 W android.permission.PermissionManager: Missing ActivityManager; assuming 1000 holds android.permission.SET_PREFERRED_APPLICATIONS
01-01 10:04:24.112 1483 1483 W android.permission.PermissionManager: Missing ActivityManager; assuming 1000 holds android.permission.SET_PREFERRED_APPLICATIONS
01-01 10:04:24.113 1483 1483 W android.permission.PermissionManager: Missing ActivityManager; assuming 1000 holds android.permission.SET_PREFERRED_APPLICATIONS
01-01 10:04:24.113 1483 1483 W android.permission.PermissionManager: Missing ActivityManager; assuming 1000 holds android.permission.SET_PREFERRED_APPLICATIONS
01-01 10:04:24.113 1483 1483 W android.permission.PermissionManager: Missing ActivityManager; assuming 1000 holds android.permission.SET_PREFERRED_APPLICATIONS
01-01 10:04:24.114 1483 1483 W android.permission.PermissionManager: Missing ActivityManager; assuming 1000 holds android.permission.SET_PREFERRED_APPLICATIONS
01-01 10:04:24.114 1483 1483 W android.permission.PermissionManager: Missing ActivityManager; assuming 1000 holds android.permission.SET_PREFERRED_APPLICATIONS
01-01 10:04:24.128 1483 1483 W PackageSettings: Missing permission state for package: android.frameworkres.overlay
01-01 10:04:24.128 1483 1483 W PackageSettings: Missing permission state for package: com.android.cts.priv.ctsshim
01-01 10:04:24.128 1483 1483 W PackageSettings: Missing permission state for package: com.thundercomm.gamemode.provider
01-01 10:04:24.128 1483 1483 W PackageSettings: Missing permission state for package: com.android.internal.systemui.navbar.gestural_wide_back
01-01 10:04:24.128 1483 1483 W PackageSettings: Missing permission state for package: com.qualcomm.qti.gpudrivers.kona.api30
01-01 10:04:24.128 1483 1483 W PackageSettings: Missing permission state for package: com.android.htmlviewer
01-01 10:04:24.128 1483 1483 W PackageSettings: Missing permission state for package: com.android.internal.systemui.onehanded.gestural
01-01 10:04:24.128 1483 1483 W PackageSettings: Missing permission state for package: android.qvaoverlay.common
01-01 10:04:24.128 1483 1483 W PackageSettings: Missing permission state for package: android.overlay.common
01-01 10:04:24.128 1483 1483 W PackageSettings: Missing permission state for package: com.android.connectivity.resources
01-01 10:04:24.128 1483 1483 W PackageSettings: Missing permission state for package: com.android.modulemetadata
01-01 10:04:24.129 1483 1483 W PackageSettings: Missing permission state for package: android.overlay.target
01-01 10:04:24.129 1483 1483 W PackageSettings: Missing permission state for package: com.android.internal.systemui.navbar.gestural_extra_wide_back
01-01 10:04:24.129 1483 1483 W PackageSettings: Missing permission state for package: com.android.wifi.resources.overlay.common
01-01 10:04:24.129 1483 1483 W PackageSettings: Missing permission state for package: com.android.dreams.basic
01-01 10:04:24.129 1483 1483 W PackageSettings: Missing permission state for package: com.android.settings.overlay.common
01-01 10:04:24.129 1483 1483 W PackageSettings: Missing permission state for package: android.ext.shared
01-01 10:04:24.129 1483 1483 W PackageSettings: Missing permission state for package: com.android.wifi.resources.overlay.target
01-01 10:04:24.129 1483 1483 W PackageSettings: Missing permission state for package: com.android.wifi.resources
01-01 10:04:24.129 1483 1483 W PackageSettings: Missing permission state for package: com.android.systemui.overlay.common
01-01 10:04:24.129 1483 1483 W PackageSettings: Missing permission state for package: com.android.cameraextensions
01-01 10:04:24.129 1483 1483 W PackageSettings: Missing permission state for package: com.android.theme.font.notoserifsource
01-01 10:04:24.129 1483 1483 W PackageSettings: Missing permission state for package: com.android.internal.display.cutout.emulation.waterfall
01-01 10:04:24.129 1483 1483 W PackageSettings: Missing permission state for package: com.android.providers.settings.overlay
01-01 10:04:24.129 1483 1483 W PackageSettings: Missing permission state for package: com.android.bookmarkprovider
01-01 10:04:24.129 1483 1483 W PackageSettings: Missing permission state for package: com.android.cts.ctsshim
01-01 10:04:24.129 1483 1483 W PackageSettings: Missing permission state for package: com.qualcomm.qti.xrcb
01-01 10:04:24.129 1483 1483 W PackageSettings: Missing permission state for package: com.android.internal.systemui.navbar.gestural
01-01 10:04:24.130 1483 1483 W PackageSettings: Missing permission state for package: com.android.internal.systemui.navbar.gestural_narrow_back
01-01 10:04:24.130 1483 1483 W PackageSettings: Missing permission state for package: com.android.cellbroadcastreceiver.overlay.common
01-01 10:04:24.130 1483 1483 W PackageSettings: Missing permission state for shared user: android.uid.log
01-01 10:04:24.130 1483 1483 W PackageSettings: Missing permission state for shared user: android.uid.uwb
01-01 10:04:24.166 1483 1483 D PackageManager: Keeping known cache e987cbdcb2344483b4dbbc393b2da64584793e32
01-01 10:04:24.170 1483 1483 W android.permission.PermissionManager: Missing ActivityManager; assuming 1000 holds android.permission.WATCH_APPOPS
01-01 10:04:24.171 1483 1483 W android.permission.PermissionManager: Missing ActivityManager; assuming 1000 holds android.permission.WATCH_APPOPS
01-01 10:04:24.189 1483 1483 D CompatibilityChangeReporter: Compat change id reported: 143539591; UID -1; state: ENABLED
01-01 10:04:24.192 0 0 E : msm_qti_pp_get_rms_value_control, back not active to query rms be_idx:3
01-01 10:04:24.203 0 0 I core_get_license_status: cmdrsp_license_result.result = 0x15 for module 0x131ff
01-01 10:04:24.204 0 0 E msm_ext_disp_update_audio_ops: Display not found (EXT_DISPLAY_TYPE_DP) ctld (0) stream (0)
01-01 10:04:24.204 0 0 E msm_ext_disp_update_audio_ops: Display not found (EXT_DISPLAY_TYPE_HDMI) ctld (0) stream (0)
01-01 10:04:24.204 0 0 E msm_ext_disp_update_audio_ops: Display not found (EXT_DISPLAY_TYPE_DP) ctld (0) stream (0)
01-01 10:04:24.204 0 0 E msm_ext_disp_update_audio_ops: Display not found (EXT_DISPLAY_TYPE_DP) ctld (0) stream (0)
01-01 10:04:24.204 0 0 E msm_ext_disp_update_audio_ops: Display not found (EXT_DISPLAY_TYPE_DP) ctld (0) stream (0)
01-01 10:04:24.204 0 0 E msm-ext-disp-audio-codec-rx soc: qcom,msm-ext-disp:qcom,msm-ext-disp-audio-codec-rx: msm_ext_disp_audio_type_get: get_audio_edid_blk() or get_intf_id is NULL
01-01 10:04:24.205 0 0 E msm_ext_disp_update_audio_ops: Display not found (EXT_DISPLAY_TYPE_DP) ctld (0) stream (0)
01-01 10:04:24.205 0 0 E msm-ext-disp-audio-codec-rx soc: qcom,msm-ext-disp:qcom,msm-ext-disp-audio-codec-rx: msm_ext_disp_audio_type_get: get_audio_edid_blk() or get_intf_id is NULL
01-01 10:04:24.205 0 0 E msm_ext_disp_update_audio_ops: Display not found (EXT_DISPLAY_TYPE_DP) ctld (0) stream (0)
01-01 10:04:24.205 0 0 E msm-ext-disp-audio-codec-rx soc: qcom,msm-ext-disp:qcom,msm-ext-disp-audio-codec-rx: msm_ext_disp_audio_type_get: get_audio_edid_blk() or get_intf_id is NULL
01-01 10:04:24.207 0 0 E msm-ext-disp-audio-codec-rx soc: qcom,msm-ext-disp:qcom,msm-ext-disp-audio-codec-rx: msm_ext_disp_audio_device_get: invalid dai id: 4
01-01 10:04:24.209 1483 1483 D CompatibilityChangeReporter: Compat change id reported: 143539591; UID -1; state: DISABLED
01-01 10:04:24.209 1483 1483 D CompatibilityChangeReporter: Compat change id reported: 168782947; UID -1; state: ENABLED
01-01 10:04:24.211 1483 1483 W PackageManager: Failed to parse /system/framework/arm64: Missing base APK in /system/framework/arm64
01-01 10:04:24.211 1483 1483 W PackageManager: Failed to parse /system/framework/oat: Missing base APK in /system/framework/oat
01-01 10:04:24.211 1483 1483 W PackageManager: Failed to parse /system/framework/arm: Missing base APK in /system/framework/arm
01-01 10:04:24.255 0 0 E : msm_pcm_volume_ctl_get substream not found
01-01 10:04:24.300 1483 1483 D CompatibilityChangeReporter: Compat change id reported: 168782947; UID -1; state: DISABLED
01-01 10:04:24.339 1483 1645 D CompatibilityChangeReporter: Compat change id reported: 150232615; UID -1; state: DISABLED
01-01 10:04:24.344 1483 1645 W PackageParsing: No actions in intent-filter at /system/priv-app/baidu_ime-mainLine-release/baidu_ime-mainLine-release.apk Binary XML file line #388
01-01 10:04:24.385 1483 1646 W PackageParsing: Ignoring duplicate uses-permissions/uses-permissions-sdk-m: android.permission.ACCESS_WIFI_STATE in package: com.microsoft.emmx at: Binary XML file line #105
01-01 10:04:24.388 1483 1647 W PackageParsing: No actions in intent-filter at /system/priv-app/BuiltInPrintService/BuiltInPrintService.apk Binary XML file line #53
01-01 10:04:24.428 1483 1647 W PackageParsing: No actions in intent-filter at /system/app/Bluetooth/Bluetooth.apk Binary XML file line #186
01-01 10:04:24.428 1483 1647 W PackageParsing: No actions in intent-filter at /system/app/Bluetooth/Bluetooth.apk Binary XML file line #210
01-01 10:04:24.428 1483 1647 W PackageParsing: No actions in intent-filter at /system/app/Bluetooth/Bluetooth.apk Binary XML file line #284
01-01 10:04:24.450 1483 1646 W PackageParsing: Ignoring duplicate uses-permissions/uses-permissions-sdk-m: android.permission.READ_EXTERNAL_STORAGE in package: com.thundercomm.screensaver at: Binary XML file line #19
01-01 10:04:24.478 1483 1483 W PackageManager: Failed to parse /vendor/app/CneApp: Missing base APK in /vendor/app/CneApp/lib/arm64
01-01 10:04:24.511 0 0 E : msm_qti_pp_get_rms_value_control, back not active to query rms be_idx:3
01-01 10:04:24.520 0 0 I core_get_license_status: cmdrsp_license_result.result = 0x15 for module 0x131ff
01-01 10:04:24.520 0 0 E msm_ext_disp_update_audio_ops: Display not found (EXT_DISPLAY_TYPE_DP) ctld (0) stream (0)
01-01 10:04:24.520 0 0 E msm_ext_disp_update_audio_ops: Display not found (EXT_DISPLAY_TYPE_HDMI) ctld (0) stream (0)
01-01 10:04:24.520 0 0 E msm_ext_disp_update_audio_ops: Display not found (EXT_DISPLAY_TYPE_DP) ctld (0) stream (0)
01-01 10:04:24.520 0 0 E msm_ext_disp_update_audio_ops: Display not found (EXT_DISPLAY_TYPE_DP) ctld (0) stream (0)
01-01 10:04:24.520 0 0 E msm_ext_disp_update_audio_ops: Display not found (EXT_DISPLAY_TYPE_DP) ctld (0) stream (0)
01-01 10:04:24.520 0 0 E msm-ext-disp-audio-codec-rx soc: qcom,msm-ext-disp:qcom,msm-ext-disp-audio-codec-rx: msm_ext_disp_audio_type_get: get_audio_edid_blk() or get_intf_id is NULL
01-01 10:04:24.521 0 0 E msm_ext_disp_update_audio_ops: Display not found (EXT_DISPLAY_TYPE_DP) ctld (0) stream (0)
01-01 10:04:24.521 0 0 E msm-ext-disp-audio-codec-rx soc: qcom,msm-ext-disp:qcom,msm-ext-disp-audio-codec-rx: msm_ext_disp_audio_type_get: get_audio_edid_blk() or get_intf_id is NULL
01-01 10:04:24.521 0 0 E msm_ext_disp_update_audio_ops: Display not found (EXT_DISPLAY_TYPE_DP) ctld (0) stream (0)
01-01 10:04:24.521 0 0 E msm-ext-disp-audio-codec-rx soc: qcom,msm-ext-disp:qcom,msm-ext-disp-audio-codec-rx: msm_ext_disp_audio_type_get: get_audio_edid_blk() or get_intf_id is NULL
01-01 10:04:24.522 0 0 E msm-ext-disp-audio-codec-rx soc: qcom,msm-ext-disp:qcom,msm-ext-disp-audio-codec-rx: msm_ext_disp_audio_device_get: invalid dai id: 4
01-01 10:04:24.557 0 0 E : msm_pcm_volume_ctl_get substream not found
01-01 10:04:24.617 1483 1644 W PackageParsing: Ignoring duplicate uses-permissions/uses-permissions-sdk-m: android.permission.CONFIGURE_WIFI_DISPLAY in package: com.android.systemui at: Binary XML file line #160
01-01 10:04:24.757 1483 1647 W PackageParsing: Ignoring duplicate uses-permissions/uses-permissions-sdk-m: android.permission.INTERACT_ACROSS_USERS in package: com.thundercomm.microsettings at: Binary XML file line #13
01-01 10:04:24.757 1483 1647 W PackageParsing: Ignoring duplicate uses-permissions/uses-permissions-sdk-m: android.permission.SET_TIME_ZONE in package: com.thundercomm.microsettings at: Binary XML file line #31
01-01 10:04:24.757 1483 1647 W PackageParsing: Ignoring duplicate uses-permissions/uses-permissions-sdk-m: android.permission.WRITE_EXTERNAL_STORAGE in package: com.thundercomm.microsettings at: Binary XML file line #37
01-01 10:04:24.758 1483 1645 W PackageParsing: No actions in intent-filter at /system_ext/app/SnapdragonMusic/SnapdragonMusic.apk Binary XML file line #82
01-01 10:04:24.759 1483 1645 W PackageParsing: No actions in intent-filter at /system_ext/app/SnapdragonMusic/SnapdragonMusic.apk Binary XML file line #205
01-01 10:04:24.814 1483 1483 I PackageManager: Finished scanning system apps. Time: 652 ms, packageCount: 139 , timePerPackage: 4 , cached: 0
01-01 10:04:24.814 1483 1483 I PackageManager: Finished scanning non-system apps. Time: 1 ms, packageCount: 0 , timePerPackage: 0 , cached: 0
01-01 10:04:24.814 1483 1483 E PackageManager: updateAllSharedLibrariesLPw failed: Package com.qualcomm.embms requires unavailable shared library com.qualcomm.qcrilhook; failing!
01-01 10:04:24.814 1483 1483 E PackageManager: updateAllSharedLibrariesLPw failed: Package com.android.systemui requires unavailable shared library com.qti.extphone.extphonelib; failing!
01-01 10:04:24.815 1483 1483 E PackageManager: updateAllSharedLibrariesLPw failed: Package com.android.settings requires unavailable shared library com.qti.extphone.extphonelib; failing!
01-01 10:04:24.815 1483 1483 E PackageManager: updateAllSharedLibrariesLPw failed: Package com.qualcomm.qti.devicestatisticsservice requires unavailable shared library qti-telephony-hidl-wrapper-prd; failing!
01-01 10:04:24.815 1483 1483 E PackageManager: updateAllSharedLibrariesLPw failed: Package com.qti.snapdragon.qdcm_ff requires unavailable shared library vendor.display.color.V1_0.IDisplayColor; failing!
01-01 10:04:24.815 1483 1483 E PackageManager: updateAllSharedLibrariesLPw failed: Package com.qti.pasrservice requires unavailable shared library vendor.qti.power.pasrmanager.V1_0.IPasrManager; failing!
01-01 10:04:24.815 1483 1483 E PackageManager: updateAllSharedLibrariesLPw failed: Package com.qualcomm.wfd.service requires unavailable shared library .WfdService; failing!
01-01 10:04:24.815 1483 1483 I PackageManager: Time to scan packages: 0.654 seconds
01-01 10:04:24.816 1483 1483 I PackageManager: Permission ownership changed. Updating all permissions.
01-01 10:04:24.826 1483 1483 V PackageManager: reconcileAppsData for null u0 0x1 migrateAppData=true
01-01 10:04:24.863 1483 1483 V PackageManager: reconcileAppsData finished 27 packages
01-01 10:04:24.863 1483 1483 I PackageManagerTiming: write settings
01-01 10:04:24.863 1483 1658 I SystemServerTimingAsync: InitThreadPoolExec:prepareAppData
01-01 10:04:24.888 1483 1483 W PackageManager: Intent filter verifier not found
01-01 10:04:24.888 1483 1483 W PackageManager: Domain verification agent not found
01-01 10:04:24.891 1483 1483 I PackageManagerTiming: GC
01-01 10:04:24.892 1483 1483 I PackageManager: Fix for b/169414761 is applied
01-01 10:04:24.892 1483 1483 V UserManagerService: Checking that all system packages are whitelisted.
01-01 10:04:24.893 1483 1483 W UserManagerService: checkWhitelistedSystemPackages(mode=ENFORCE|IMPLICIT_WHITELIST|IMPLICIT_WHITELIST_SYSTEM) has 68 warnings:
01-01 10:04:24.893 1483 1483 W UserManagerService: com.android.internal.display.cutout.emulation.corner is allowlisted but not present.
01-01 10:04:24.893 1483 1483 W UserManagerService: com.android.internal.display.cutout.emulation.double is allowlisted but not present.
01-01 10:04:24.893 1483 1483 W UserManagerService: com.android.theme.color.amethyst is allowlisted but not present.
01-01 10:04:24.893 1483 1483 W UserManagerService: com.android.theme.icon.pebble is allowlisted but not present.
01-01 10:04:24.893 1483 1483 W UserManagerService: com.android.theme.color.sand is allowlisted but not present.
01-01 10:04:24.893 1483 1483 W UserManagerService: com.android.theme.icon.vessel is allowlisted but not present.
01-01 10:04:24.893 1483 1483 W UserManagerService: com.android.theme.color.cinnamon is allowlisted but not present.
01-01 10:04:24.893 1483 1483 W UserManagerService: com.android.theme.icon_pack.victor.settings is allowlisted but not present.
01-01 10:04:24.893 1483 1483 W UserManagerService: com.android.theme.icon_pack.rounded.systemui is allowlisted but not present.
01-01 10:04:24.893 1483 1483 W UserManagerService: com.android.theme.icon.taperedrect is allowlisted but not present.
01-01 10:04:24.893 1483 1483 W UserManagerService: com.android.theme.icon_pack.rounded.android is allowlisted but not present.
01-01 10:04:24.893 1483 1483 W UserManagerService: com.qualcomm.qti.euiccresource is allowlisted but not present.
01-01 10:04:24.893 1483 1483 W UserManagerService: com.qualcomm.qti.telephonyservice is allowlisted but not present.
01-01 10:04:24.893 1483 1483 W UserManagerService: com.android.theme.icon_pack.victor.systemui is allowlisted but not present.
01-01 10:04:24.893 1483 1483 W UserManagerService: com.android.theme.icon_pack.circular.themepicker is allowlisted but not present.
01-01 10:04:24.893 1483 1483 W UserManagerService: com.android.theme.color.tangerine is allowlisted but not present.
01-01 10:04:24.893 1483 1483 W UserManagerService: com.android.theme.color.aquamarine is allowlisted but not present.
01-01 10:04:24.893 1483 1483 W UserManagerService: com.android.internal.display.cutout.emulation.hole is allowlisted but not present.
01-01 10:04:24.893 1483 1483 W UserManagerService: com.android.internal.display.cutout.emulation.tall is allowlisted but not present.
01-01 10:04:24.893 1483 1483 W UserManagerService: com.android.theme.color.black is allowlisted but not present.
01-01 10:04:24.893 1483 1483 W UserManagerService: com.android.theme.color.green is allowlisted but not present.
01-01 10:04:24.893 1483 1483 W UserManagerService: com.android.theme.color.ocean is allowlisted but not present.
01-01 10:04:24.893 1483 1483 W UserManagerService: com.android.theme.color.space is allowlisted but not present.
01-01 10:04:24.893 1483 1483 W UserManagerService: com.android.internal.systemui.navbar.threebutton is allowlisted but not present.
01-01 10:04:24.893 1483 1483 W UserManagerService: com.qti.qualcomm.datastatusnotification is allowlisted but not present.
01-01 10:04:24.893 1483 1483 W UserManagerService: com.qualcomm.qti.callfeaturessetting is allowlisted but not present.
01-01 10:04:24.893 1483 1483 W UserManagerService: com.android.theme.icon_pack.rounded.launcher is allowlisted but not present.
01-01 10:04:24.893 1483 1483 W UserManagerService: com.qti.qualcomm.deviceinfo is allowlisted but not present.
01-01 10:04:24.893 1483 1483 W UserManagerService: com.android.theme.icon_pack.kai.settings is allowlisted but not present.
01-01 10:04:24.893 1483 1483 W UserManagerService: com.android.internal.systemui.navbar.twobutton is allowlisted but not present.
01-01 10:04:24.893 1483 1483 W UserManagerService: org.codeaurora.ims is allowlisted but not present.
01-01 10:04:24.893 1483 1483 W UserManagerService: com.android.theme.icon_pack.sam.settings is allowlisted but not present.
01-01 10:04:24.893 1483 1483 W UserManagerService: com.android.theme.icon_pack.kai.themepicker is allowlisted but not present.
01-01 10:04:24.893 1483 1483 W UserManagerService: com.qualcomm.qcrilmsgtunnel is allowlisted but not present.
01-01 10:04:24.893 1483 1483 W UserManagerService: com.android.theme.icon_pack.victor.launcher is allowlisted but not present.
01-01 10:04:24.893 1483 1483 W UserManagerService: com.android.theme.icon_pack.filled.settings is allowlisted but not present.
01-01 10:04:24.893 1483 1483 W UserManagerService: com.android.theme.icon_pack.kai.systemui is allowlisted but not present.
01-01 10:04:24.893 1483 1483 W UserManagerService: com.android.theme.icon_pack.circular.settings is allowlisted but not present.
01-01 10:04:24.893 1483 1483 W UserManagerService: com.qti.xdivert is allowlisted but not present.
01-01 10:04:24.893 1483 1483 W UserManagerService: com.android.theme.icon_pack.sam.systemui is allowlisted but not present.
01-01 10:04:24.893 1483 1483 W UserManagerService: com.android.theme.icon.teardrop is allowlisted but not present.
01-01 10:04:24.893 1483 1483 W UserManagerService: com.android.theme.icon_pack.rounded.themepicker is allowlisted but not present.
01-01 10:04:24.893 1483 1483 W UserManagerService: com.android.theme.icon_pack.filled.systemui is allowlisted but not present.
01-01 10:04:24.893 1483 1483 W UserManagerService: com.qualcomm.qti.imsiprivacy.tests is allowlisted but not present.
01-01 10:04:24.893 1483 1483 W UserManagerService: com.android.theme.icon_pack.sam.android is allowlisted but not present.
01-01 10:04:24.893 1483 1483 W UserManagerService: com.android.theme.icon_pack.filled.android is allowlisted but not present.
01-01 10:04:24.893 1483 1483 W UserManagerService: com.android.theme.icon_pack.circular.systemui is allowlisted but not present.
01-01 10:04:24.893 1483 1483 W UserManagerService: com.android.theme.icon_pack.kai.android is allowlisted but not present.
01-01 10:04:24.893 1483 1483 W UserManagerService: com.android.theme.icon_pack.kai.launcher is allowlisted but not present.
01-01 10:04:24.893 1483 1483 W UserManagerService: com.qualcomm.qti.sam.service is allowlisted but not present.
01-01 10:04:24.893 1483 1483 W UserManagerService: com.android.theme.icon_pack.sam.launcher is allowlisted but not present.
01-01 10:04:24.893 1483 1483 W UserManagerService: com.android.theme.icon.squircle is allowlisted but not present.
01-01 10:04:24.893 1483 1483 W UserManagerService: com.android.theme.icon_pack.victor.android is allowlisted but not present.
01-01 10:04:24.893 1483 1483 W UserManagerService: com.android.theme.color.palette is allowlisted but not present.
01-01 10:04:24.893 1483 1483 W UserManagerService: com.android.theme.icon_pack.filled.launcher is allowlisted but not present.
01-01 10:04:24.893 1483 1483 W UserManagerService: com.android.theme.color.carbon is allowlisted but not present.
01-01 10:04:24.893 1483 1483 W UserManagerService: com.android.theme.icon_pack.circular.launcher is allowlisted but not present.
01-01 10:04:24.893 1483 1483 W UserManagerService: com.android.theme.icon_pack.filled.themepicker is allowlisted but not present.
01-01 10:04:24.893 1483 1483 W UserManagerService: com.android.theme.icon_pack.victor.themepicker is allowlisted but not present.
01-01 10:04:24.893 1483 1483 W UserManagerService: com.android.theme.color.orchid is allowlisted but not present.
01-01 10:04:24.893 1483 1483 W UserManagerService: com.android.theme.color.purple is allowlisted but not present.
01-01 10:04:24.893 1483 1483 W UserManagerService: com.qualcomm.qti.confdialer is allowlisted but not present.
01-01 10:04:24.893 1483 1483 W UserManagerService: com.android.theme.icon_pack.sam.themepicker is allowlisted but not present.
01-01 10:04:24.893 1483 1483 W UserManagerService: com.qualcomm.atfwd is allowlisted but not present.
01-01 10:04:24.893 1483 1483 W UserManagerService: com.android.theme.icon.roundedrect is allowlisted but not present.
01-01 10:04:24.893 1483 1483 W UserManagerService: com.android.theme.icon_pack.rounded.settings is allowlisted but not present.
01-01 10:04:24.893 1483 1483 W UserManagerService: org.codeaurora.qti.nrNetworkSettingApp is allowlisted but not present.
01-01 10:04:24.893 1483 1483 W UserManagerService: com.android.theme.icon_pack.circular.android is allowlisted but not present.
01-01 10:04:24.894 1483 1483 I Watchdog: Resuming HandlerChecker: main thread for reason: packagemanagermain. Pause count: 0
01-01 10:04:24.894 1483 1483 I SystemServerDexLoadReporter: Configuring system server dex reporter
01-01 10:04:24.897 1483 1483 I SystemServerTiming: StartOtaDexOptService
01-01 10:04:24.897 1483 1483 I Watchdog: Pausing HandlerChecker: main thread for reason: moveab. Pause count: 1
01-01 10:04:24.897 1483 1483 D OTADexopt: No upgrade, skipping A/B artifacts check.
01-01 10:04:24.897 1483 1483 I Watchdog: Resuming HandlerChecker: main thread for reason: moveab. Pause count: 0
01-01 10:04:24.897 1483 1483 I SystemServerTiming: StartUserManagerService
01-01 10:04:24.897 1483 1483 I SystemServiceManager: Starting com.android.server.pm.UserManagerService$LifeCycle
01-01 10:04:24.898 1483 1483 I SystemServerTiming: InitAttributerCache
01-01 10:04:24.898 1483 1483 I SystemServerTiming: SetSystemProcess
01-01 10:04:24.906 1483 1614 I ActivityManager: Connection with lmkd established
01-01 10:04:24.907 1483 1483 I SystemServerTiming: InitWatchdog
01-01 10:04:24.908 1483 1483 I SystemServerTiming: StartOverlayManagerService
01-01 10:04:24.912 0 0 I init : Control message: Processed ctl.start for 'idmap2d' from pid: 1483 (system_server)
01-01 10:04:24.915 1483 1524 V HistoricalRegistry: Interaction before persistence initialized
01-01 10:04:24.934 1483 1585 W ActivityTaskManager: Skip updateConfiguration because mWindowManager isn't set
01-01 10:04:24.938 1483 1483 I SystemServerTiming: StartSensorPrivacyService
01-01 10:04:24.941 1483 1483 I SystemServerTiming: StartSensorService
01-01 10:04:24.941 1483 1483 I SystemServiceManager: Starting com.android.server.sensors.SensorService
01-01 10:04:24.942 1483 1483 I SystemServerTiming: startCoreServices
01-01 10:04:24.942 1483 1483 I SystemServerTiming: StartSystemConfigService
01-01 10:04:24.942 1483 1483 I SystemServiceManager: Starting com.android.server.SystemConfigService
01-01 10:04:24.942 1483 1483 I SystemServerTiming: StartBatteryService
01-01 10:04:24.942 1483 1483 I SystemServiceManager: Starting com.android.server.BatteryService
01-01 10:04:24.942 1483 1675 I SystemServerTimingAsync: InitThreadPoolExec:StartNativeSensorService
01-01 10:04:24.943 1483 1675 I SystemServerTimingAsync: StartNativeSensorService
01-01 10:04:24.947 0 0 W healthd : battery none chg=
01-01 10:04:24.948 1483 1483 I HealthServiceWrapper: health: HealthServiceWrapper listening to instance default
01-01 10:04:24.948 1483 1483 I BatteryService: health: Waited 0ms and received the update.
01-01 10:04:24.949 1483 1483 I SystemServerTiming: StartUsageService
01-01 10:04:24.949 1483 1483 I SystemServiceManager: Starting com.android.server.usage.UsageStatsService
01-01 10:04:24.952 1483 1483 I SystemServerTiming: StartWebViewUpdateService
01-01 10:04:24.953 1483 1483 I SystemServiceManager: Starting com.android.server.webkit.WebViewUpdateService
01-01 10:04:24.953 1483 1483 I SystemServerTiming: StartCachedDeviceStateService
01-01 10:04:24.953 1483 1483 I SystemServiceManager: Starting com.android.server.CachedDeviceStateService
01-01 10:04:24.954 1483 1483 I SystemServerTiming: StartBinderCallsStatsService
01-01 10:04:24.954 1483 1483 I SystemServiceManager: Starting com.android.server.BinderCallsStatsService$LifeCycle
01-01 10:04:24.954 1483 1483 I SystemServerTiming: StartLooperStatsService
01-01 10:04:24.954 1483 1483 I SystemServiceManager: Starting com.android.server.LooperStatsService$Lifecycle
01-01 10:04:24.955 1483 1483 I SystemServerTiming: StartRollbackManagerService
01-01 10:04:24.955 1483 1483 I SystemServiceManager: Starting com.android.server.rollback.RollbackManagerService
01-01 10:04:24.957 1483 1483 I PackageWatchdog: Syncing state, reason: added new observer
01-01 10:04:24.957 1483 1483 I PackageWatchdog: Not pruning observers, elapsed time: 0ms
01-01 10:04:24.957 1483 1483 I PackageWatchdog: Cancelling state sync, nothing to sync
01-01 10:04:24.958 1483 1483 I SystemServerTiming: StartNativeTombstoneManagerService
01-01 10:04:24.958 1483 1483 I SystemServiceManager: Starting com.android.server.os.NativeTombstoneManagerService
01-01 10:04:24.958 1483 1607 I PackageWatchdog: Saving observer state to file
01-01 10:04:24.959 1483 1483 I SystemServerTiming: StartBugreportManagerService
01-01 10:04:24.959 1483 1483 I SystemServiceManager: Starting com.android.server.os.BugreportManagerService
01-01 10:04:24.959 1483 1483 I SystemServerTiming: GpuService
01-01 10:04:24.959 1483 1483 I SystemServiceManager: Starting com.android.server.gpu.GpuService
01-01 10:04:24.960 1483 1483 I SystemServerTiming: startOtherServices
01-01 10:04:24.960 1483 1483 I SystemServerTiming: StartKeyAttestationApplicationIdProviderService
01-01 10:04:24.960 1483 1685 I SystemServerTimingAsync: InitThreadPoolExec:SecondaryZygotePreload
01-01 10:04:24.960 1483 1685 I SystemServer: SecondaryZygotePreload
01-01 10:04:24.960 1483 1685 I SystemServerTimingAsync: SecondaryZygotePreload
01-01 10:04:24.960 1483 1483 I SystemServerTiming: StartKeyChainSystemService
01-01 10:04:24.960 1483 1483 I SystemServiceManager: Starting com.android.server.security.KeyChainSystemService
01-01 10:04:24.961 1483 1483 I SystemServerTiming: StartSchedulingPolicyService
01-01 10:04:24.961 1483 1687 I SystemServerTimingAsync: InitThreadPoolExec:SchedulingPolicyService.
01-01 10:04:24.961 1483 1483 I SystemServerTiming: StartTelecomLoaderService
01-01 10:04:24.961 1483 1483 I SystemServiceManager: Starting com.android.server.telecom.TelecomLoaderService
01-01 10:04:24.964 1483 1483 I SystemServerTiming: StartTelephonyRegistry
01-01 10:04:24.965 0 0 E init : Control message: Could not find 'android.frameworks.sensorservice@1.0::ISensorManager/default' for ctl.interface_start from pid: 500 (/system/bin/hwservicemanager)
01-01 10:04:24.965 1483 1483 I SystemServerTiming: StartEntropyMixer
01-01 10:04:24.967 1483 1483 I EntropyMixer: Writing entropy...
01-01 10:04:24.968 1483 1483 I SystemServerTiming: StartAccountManagerService
01-01 10:04:24.968 1483 1483 I SystemServiceManager: Starting com.android.server.accounts.AccountManagerService$Lifecycle
01-01 10:04:24.971 0 0 E init : Control message: Could not find 'android.frameworks.sensorservice@1.0::ISensorManager/default' for ctl.interface_start from pid: 500 (/system/bin/hwservicemanager)
01-01 10:04:24.973 1483 1483 I SystemServerTiming: StartContentService
01-01 10:04:24.973 1483 1483 I SystemServiceManager: Starting com.android.server.content.ContentService$Lifecycle
01-01 10:04:24.974 1483 1483 I SystemServerTiming: InstallSystemProviders
01-01 10:04:24.985 1205 1694 I storaged: storaged: Start
01-01 10:04:25.042 1483 1609 D ActivityManager: Freezer enabled
01-01 10:04:25.042 1483 1609 D ActivityManager: freezer override set to false
01-01 10:04:25.045 1483 1483 I SystemServerTiming: StartDropBoxManager
01-01 10:04:25.045 1483 1483 I SystemServiceManager: Starting com.android.server.DropBoxManagerService
01-01 10:04:25.046 1483 1483 I SystemServerTiming: StartRoleManagerService
01-01 10:04:25.047 1483 1483 I SystemServiceManager: Starting com.android.role.RoleService
01-01 10:04:25.049 1483 1483 I SystemServerTiming: StartVibratorManagerService
01-01 10:04:25.049 1483 1483 I SystemServiceManager: Starting com.android.server.vibrator.VibratorManagerService$Lifecycle
01-01 10:04:25.053 1483 1524 V HistoricalRegistry: Interaction before persistence initialized
01-01 10:04:25.055 1483 1483 I SystemServerTiming: StartDynamicSystemService
01-01 10:04:25.056 1483 1483 I SystemServerTiming: StartConsumerIrService
01-01 10:04:25.057 1483 1483 I SystemServerTiming: StartAlarmManagerService
01-01 10:04:25.057 1483 1483 I SystemServiceManager: Starting com.android.server.alarm.AlarmManagerService
01-01 10:04:25.060 1483 1483 I AlarmManager: Current time only 7465060, advancing to build time 1670959342000
12-14 03:22:22.003 1483 1483 I SystemServerTiming: StartInputManagerService
12-14 03:22:22.003 1483 1483 I InputManager: Initializing input manager, mUseDevInputEventForAudioJack=true
12-14 03:22:22.011 1483 1483 I SystemServerTiming: DeviceStateManagerService
12-14 03:22:22.011 1483 1483 I SystemServiceManager: Starting com.android.server.devicestate.DeviceStateManagerService
12-14 03:22:22.015 1483 1483 I SystemServerTiming: StartCameraServiceProxy
12-14 03:22:22.015 1483 1483 I SystemServiceManager: Starting com.android.server.camera.CameraServiceProxy
12-14 03:22:22.016 1483 1483 I SystemServerTiming: StartWindowManagerService
12-14 03:22:22.016 1483 1483 I SystemServiceManager: Starting phase 200
12-14 03:22:22.016 1483 1483 I SystemServerTiming: OnBootPhase_200
12-14 03:22:22.016 1483 1483 I SystemServerTiming: OnBootPhase_200_com.android.server.security.FileIntegrityService
12-14 03:22:22.016 1483 1483 I SystemServerTiming: OnBootPhase_200_com.android.server.pm.Installer
12-14 03:22:22.016 1483 1483 I SystemServerTiming: OnBootPhase_200_com.android.server.os.DeviceIdentifiersPolicyService
12-14 03:22:22.016 1483 1483 I SystemServerTiming: OnBootPhase_200_com.android.server.uri.UriGrantsManagerService$Lifecycle
12-14 03:22:22.016 1483 1483 I SystemServerTiming: OnBootPhase_200_com.android.server.powerstats.PowerStatsService
12-14 03:22:22.016 1483 1483 I SystemServerTiming: OnBootPhase_200_com.android.server.wm.ActivityTaskManagerService$Lifecycle
12-14 03:22:22.016 1483 1483 I SystemServerTiming: OnBootPhase_200_com.android.server.am.ActivityManagerService$Lifecycle
12-14 03:22:22.016 1483 1483 I SystemServerTiming: OnBootPhase_200_com.android.server.pm.DataLoaderManagerService
12-14 03:22:22.016 1483 1483 I SystemServerTiming: OnBootPhase_200_com.android.server.power.PowerManagerService
12-14 03:22:22.016 1483 1483 I SystemServerTiming: OnBootPhase_200_com.android.server.power.ThermalManagerService
12-14 03:22:22.016 1483 1483 I SystemServerTiming: OnBootPhase_200_com.android.server.power.hint.HintManagerService
12-14 03:22:22.017 1483 1483 I SystemServerTiming: OnBootPhase_200_com.android.server.recoverysystem.RecoverySystemService$Lifecycle
12-14 03:22:22.017 1483 1483 I SystemServerTiming: OnBootPhase_200_com.android.server.lights.LightsService
12-14 03:22:22.017 1483 1483 I SystemServerTiming: OnBootPhase_200_com.android.server.display.DisplayManagerService
12-14 03:22:22.017 1483 1483 I SystemServerTiming: OnBootPhase_200_com.android.server.pm.verify.domain.DomainVerificationService
12-14 03:22:22.017 1483 1483 I SystemServerTiming: OnBootPhase_200_com.android.server.pm.PackageInstallerService$Lifecycle
12-14 03:22:22.017 1483 1483 I SystemServerTiming: OnBootPhase_200_com.android.server.pm.UserManagerService$LifeCycle
12-14 03:22:22.017 1483 1483 I SystemServerTiming: OnBootPhase_200_com.android.server.om.OverlayManagerService
12-14 03:22:22.017 1483 1483 I SystemServerTiming: OnBootPhase_200_com.android.server.SensorPrivacyService
12-14 03:22:22.017 1483 1483 I SystemServerTiming: OnBootPhase_200_com.android.server.sensors.SensorService
12-14 03:22:22.017 1483 1483 I SystemServerTiming: OnBootPhase_200_com.android.server.SystemConfigService
12-14 03:22:22.017 1483 1483 I SystemServerTiming: OnBootPhase_200_com.android.server.BatteryService
12-14 03:22:22.017 1483 1483 I SystemServerTiming: OnBootPhase_200_com.android.server.usage.UsageStatsService
12-14 03:22:22.017 1483 1483 I SystemServerTiming: OnBootPhase_200_com.android.server.webkit.WebViewUpdateService
12-14 03:22:22.017 1483 1483 I SystemServerTiming: OnBootPhase_200_com.android.server.CachedDeviceStateService
12-14 03:22:22.017 1483 1483 I SystemServerTiming: OnBootPhase_200_com.android.server.BinderCallsStatsService$LifeCycle
12-14 03:22:22.017 1483 1483 I SystemServerTiming: OnBootPhase_200_com.android.server.LooperStatsService$Lifecycle
12-14 03:22:22.017 1483 1483 I SystemServerTiming: OnBootPhase_200_com.android.server.rollback.RollbackManagerService
12-14 03:22:22.017 1483 1483 I SystemServerTiming: OnBootPhase_200_com.android.server.os.NativeTombstoneManagerService
12-14 03:22:22.017 1483 1483 I SystemServerTiming: OnBootPhase_200_com.android.server.os.BugreportManagerService
12-14 03:22:22.017 1483 1483 I SystemServerTiming: OnBootPhase_200_com.android.server.gpu.GpuService
12-14 03:22:22.017 1483 1483 I SystemServerTiming: OnBootPhase_200_com.android.server.security.KeyChainSystemService
12-14 03:22:22.017 1483 1483 I SystemServerTiming: OnBootPhase_200_com.android.server.telecom.TelecomLoaderService
12-14 03:22:22.017 1483 1483 I SystemServerTiming: OnBootPhase_200_com.android.server.accounts.AccountManagerService$Lifecycle
12-14 03:22:22.017 1483 1483 I SystemServerTiming: OnBootPhase_200_com.android.server.content.ContentService$Lifecycle
12-14 03:22:22.017 1483 1483 I SystemServerTiming: OnBootPhase_200_com.android.server.DropBoxManagerService
12-14 03:22:22.017 1483 1483 I SystemServerTiming: OnBootPhase_200_com.android.role.RoleService
12-14 03:22:22.017 1483 1483 I SystemServerTiming: OnBootPhase_200_com.android.server.vibrator.VibratorManagerService$Lifecycle
12-14 03:22:22.017 1483 1483 I SystemServerTiming: OnBootPhase_200_com.android.server.alarm.AlarmManagerService
12-14 03:22:22.017 1483 1483 I SystemServerTiming: OnBootPhase_200_com.android.server.devicestate.DeviceStateManagerService
12-14 03:22:22.017 1483 1483 I SystemServerTiming: OnBootPhase_200_com.android.server.camera.CameraServiceProxy
12-14 03:22:22.018 1483 1483 I WindowManager: No existing display settings, starting empty
12-14 03:22:22.018 1483 1483 I WindowManager: No existing display settings, starting empty
12-14 03:22:22.028 1483 1483 I SystemServerTiming: SetWindowManagerService
12-14 03:22:22.062 1483 1658 I PackageManager: Deferred reconcileAppsData finished 112 packages
12-14 03:22:22.076 1483 1483 I ActivityTaskManager: Loaded persisted task ids for user 0
12-14 03:22:22.078 1483 1483 I SystemServerTiming: WindowManagerServiceOnInitReady
12-14 03:22:22.086 1483 1483 I SystemServerTiming: StartInputManager
12-14 03:22:22.086 1483 1483 I InputManager: Starting input manager
12-14 03:22:22.086 1483 1766 I SystemServerTimingAsync: InitThreadPoolExec:StartHidlServices
12-14 03:22:22.086 1483 1766 I SystemServerTimingAsync: StartHidlServices
12-14 03:22:22.088 1483 1483 I SystemServerTiming: DisplayManagerWindowManagerAndInputReady
12-14 03:22:22.088 1483 1483 I SystemServerTiming: StartBluetoothService
12-14 03:22:22.088 1483 1588 I LogicalDisplayMapper: Requesting Transition to state: 0
12-14 03:22:22.088 1483 1483 I SystemServiceManager: Starting com.android.server.BluetoothService
12-14 03:22:22.088 1483 1588 I LogicalDisplayMapper: Applying layout: [{addr: {port=129, model=0x40446d3026322d}, dispId: 0(ON)}], Previous layout: [{addr: {port=129, model=0x40446d3026322d}, dispId: 0(ON)}]
12-14 03:22:22.090 1483 1483 D BluetoothManagerService: Loading stored name and address
12-14 03:22:22.091 1483 1483 D BluetoothManagerService: Stored bluetooth Name=QCOM-BTD,Address=F0:74:E4:3A:18:78
12-14 03:22:22.091 1483 1483 D BluetoothManagerService: Bluetooth persisted state: 1
12-14 03:22:22.091 1483 1483 D BluetoothManagerService: Startup: Bluetooth persisted state is ON.
12-14 03:22:22.091 1483 1483 D BluetoothManagerService: Detected SystemUiUid: 10082
12-14 03:22:22.091 1483 1483 I SystemServerTiming: IpConnectivityMetrics
12-14 03:22:22.091 1483 1483 I SystemServiceManager: Starting com.android.server.connectivity.IpConnectivityMetrics
12-14 03:22:22.092 1483 1483 I SystemServerTiming: NetworkWatchlistService
12-14 03:22:22.092 1483 1483 I SystemServiceManager: Starting com.android.server.net.watchlist.NetworkWatchlistService$Lifecycle
12-14 03:22:22.095 1483 1483 I WatchlistSettings: Reload watchlist settings done
12-14 03:22:22.102 1483 1483 I SystemServerTiming: PinnerService
12-14 03:22:22.102 1483 1483 I SystemServiceManager: Starting com.android.server.PinnerService
12-14 03:22:22.102 1483 1483 V HistoricalRegistry: Interaction before persistence initialized
12-14 03:22:22.103 1483 1780 I WatchlistLoggingHandler: No need to aggregate record yet.
12-14 03:22:22.103 1483 1780 I WatchlistLoggingHandler: Milliseconds spent on tryAggregateRecords(): 1
12-14 03:22:22.103 1483 1483 I SystemServerTiming: IorapForwardingService
12-14 03:22:22.103 1483 1483 I SystemServiceManager: Starting com.google.android.startop.iorap.IorapForwardingService
12-14 03:22:22.103 1483 1607 D PinnerService: pinRangeStream: null
12-14 03:22:22.104 1483 1483 I SystemServiceManager: Starting com.android.server.ActivityTriggerService
12-14 03:22:22.104 1483 1483 I ActivityTriggerService: Starting ActivityTriggerService
12-14 03:22:22.108 1483 1607 D PinnerService: pinRangeStream: null
12-14 03:22:22.108 1483 1483 I SystemServerTiming: SignedConfigService
12-14 03:22:22.108 1483 1607 D PinnerService: pinRangeStream: null
12-14 03:22:22.108 1483 1607 D PinnerService: pinRangeStream: null
12-14 03:22:22.108 1483 1483 I SystemServerTiming: AppIntegrityService
12-14 03:22:22.108 1483 1483 I SystemServiceManager: Starting com.android.server.integrity.AppIntegrityManagerService
12-14 03:22:22.110 1483 1483 E IntegrityFileManager: Error creating staging and rules directory
12-14 03:22:22.111 1483 1483 I WindowManager: SAFE MODE not enabled
12-14 03:22:22.111 1483 1483 I SystemServerTiming: StartInputMethodManagerLifecycle
12-14 03:22:22.111 1483 1483 I SystemServiceManager: Starting com.android.server.inputmethod.InputMethodManagerService$Lifecycle
12-14 03:22:22.115 1483 1483 I SystemServerTiming: StartAccessibilityManagerService
12-14 03:22:22.115 1483 1483 I SystemServiceManager: Starting com.android.server.accessibility.AccessibilityManagerService$Lifecycle
12-14 03:22:22.115 1483 1524 E PowerManagerService: Tried to acquire wake lock for invalid display: 0
12-14 03:22:22.117 1483 1609 I DropBoxManagerService: add tag=system_server_wtf isTagEnabled=true flags=0x2
12-14 03:22:22.122 1483 1483 I SystemServerTiming: MakeDisplayReady
12-14 03:22:22.123 1483 1483 I ActivityTaskManager: Config changes=20005df8 {1.0 ?mcc?mnc [zh_CN] ldltr sw680dp w1586dp h584dp 240dpi lrg long land ?uimode ?night -touch -keyb/v/h -nav/h winConfig={ mBounds=Rect(0, 0 - 2380, 1020) mAppBounds=Rect(0, 0 - 2380, 948) mMaxBounds=Rect(0, 0 - 2380, 1020) mWindowingMode=fullscreen mDisplayWindowingMode=fullscreen mActivityType=undefined mAlwaysOnTop=undefined mRotation=ROTATION_0} s.2 ?fontWeightAdjustment}
12-14 03:22:22.124 1483 1483 I WindowManager: Override config changes=60007dfc {1.0 ?mcc?mnc [zh_CN] ldltr sw680dp w1586dp h584dp 240dpi lrg long land ?uimode ?night -touch -keyb/v/h -nav/h winConfig={ mBounds=Rect(0, 0 - 2380, 1020) mAppBounds=Rect(0, 0 - 2380, 948) mMaxBounds=Rect(0, 0 - 2380, 1020) mWindowingMode=fullscreen mDisplayWindowingMode=fullscreen mActivityType=undefined mAlwaysOnTop=undefined mRotation=ROTATION_0} s.2 ?fontWeightAdjustment} for displayId=0
12-14 03:22:22.129 1483 1483 I ActivityTaskManager: Config changes=8 {1.0 ?mcc?mnc [zh_CN] ldltr sw680dp w1586dp h584dp 240dpi lrg long land ?uimode ?night finger -keyb/v/h -nav/h winConfig={ mBounds=Rect(0, 0 - 2380, 1020) mAppBounds=Rect(0, 0 - 2380, 948) mMaxBounds=Rect(0, 0 - 2380, 1020) mWindowingMode=fullscreen mDisplayWindowingMode=fullscreen mActivityType=undefined mAlwaysOnTop=undefined mRotation=ROTATION_0} s.4 ?fontWeightAdjustment}
12-14 03:22:22.130 1483 1483 I WindowManager: Override config changes=8 {1.0 ?mcc?mnc [zh_CN] ldltr sw680dp w1586dp h584dp 240dpi lrg long land ?uimode ?night finger -keyb/v/h -nav/h winConfig={ mBounds=Rect(0, 0 - 2380, 1020) mAppBounds=Rect(0, 0 - 2380, 948) mMaxBounds=Rect(0, 0 - 2380, 1020) mWindowingMode=fullscreen mDisplayWindowingMode=fullscreen mActivityType=undefined mAlwaysOnTop=undefined mRotation=ROTATION_0} s.4 ?fontWeightAdjustment} for displayId=0
12-14 03:22:22.131 1483 1483 I SystemServerTiming: StartStorageManagerService
12-14 03:22:22.131 1483 1483 I SystemServiceManager: Starting com.android.server.StorageManagerService$Lifecycle
01-01 10:04:25.190 0 0 I init : processing action (sys.sysctl.extra_free_kbytes=*) from (/system/etc/init/hw/init.rc:1172)
12-14 03:22:22.142 1483 1607 D PinnerService: pinRangeStream: null
12-14 03:22:22.142 1483 1607 D PinnerService: pinRangeStream: null
12-14 03:22:22.144 1483 1607 D PinnerService: pinRangeStream: null
12-14 03:22:22.147 1483 1797 D StorageManagerService: Thinking about init, mBootCompleted=false, mDaemonConnected=true
12-14 03:22:22.147 1483 1797 D StorageManagerService: Thinking about reset, mBootCompleted=false, mDaemonConnected=true
12-14 03:22:22.148 1483 1483 I SystemServerTiming: StartStorageStatsService
12-14 03:22:22.148 1483 1483 I SystemServiceManager: Starting com.android.server.usage.StorageStatsService$Lifecycle
12-14 03:22:22.149 1483 1797 D StorageManagerService: Thinking about init, mBootCompleted=false, mDaemonConnected=true
12-14 03:22:22.149 1483 1797 D StorageManagerService: Thinking about reset, mBootCompleted=false, mDaemonConnected=true
12-14 03:22:22.152 1483 1483 I SystemServerTiming: StartUiModeManager
12-14 03:22:22.152 1483 1483 I SystemServiceManager: Starting com.android.server.UiModeManagerService
12-14 03:22:22.154 1483 1802 I SystemServerTimingAsync: InitThreadPoolExec:UiModeManager.onStart
12-14 03:22:22.154 1483 1483 I SystemServerTiming: UpdatePackagesIfNeeded
12-14 03:22:22.154 1483 1483 I Watchdog: Pausing HandlerChecker: main thread for reason: dexopt. Pause count: 1
12-14 03:22:22.154 1483 1483 I Watchdog: Resuming HandlerChecker: main thread for reason: dexopt. Pause count: 0
12-14 03:22:22.154 1483 1483 I SystemServerTiming: PerformFstrimIfNeeded
12-14 03:22:22.155 1483 1483 I SystemServerTiming: StartLockSettingsService
12-14 03:22:22.155 1483 1483 I SystemServiceManager: Starting com.android.server.locksettings.LockSettingsService$Lifecycle
12-14 03:22:22.158 1483 1607 D PinnerService: pinRangeStream: null
12-14 03:22:22.165 1483 1483 I SystemServerTiming: StartPersistentDataBlock
12-14 03:22:22.165 1483 1483 I SystemServiceManager: Starting com.android.server.PersistentDataBlockService
12-14 03:22:22.166 1483 1483 I SystemServerTiming: StartTestHarnessMode
12-14 03:22:22.166 1483 1483 I SystemServiceManager: Starting com.android.server.testharness.TestHarnessModeService
12-14 03:22:22.166 1483 1607 D PinnerService: pinRangeStream: null
12-14 03:22:22.166 1483 1483 I SystemServerTiming: StartOemLockService
12-14 03:22:22.166 1483 1607 D PinnerService: pinRangeStream: null
12-14 03:22:22.167 1483 1483 I SystemServiceManager: Starting com.android.server.oemlock.OemLockService
12-14 03:22:22.167 1483 1483 I OemLock : OemLock HAL not present on device
12-14 03:22:22.167 1483 1483 I OemLock : Using persistent data block based lock
12-14 03:22:22.168 1483 1483 I SystemServerTiming: StartDeviceIdleController
12-14 03:22:22.168 1483 1483 I SystemServiceManager: Starting com.android.server.DeviceIdleController
12-14 03:22:22.170 1483 1483 I SystemServerTiming: StartDevicePolicyManager
12-14 03:22:22.170 1483 1483 I SystemServiceManager: Starting com.android.server.devicepolicy.DevicePolicyManagerService$Lifecycle
12-14 03:22:22.172 1483 1607 D PinnerService: pinRangeStream: null
12-14 03:22:22.172 1483 1804 I SystemServerTimingAsync: InitThreadPoolExec:PersistentDataBlockService.onStart
12-14 03:22:22.173 1483 1607 D PinnerService: pinRangeStream: null
