12-14 03:35:09.706 1483 1978 E DisplayDeviceConfig: requesting nits when no mapping exists.
12-14 03:35:09.722 1483 1978 E DisplayDeviceConfig: requesting nits when no mapping exists.
12-14 03:35:09.723 1483 1978 E DisplayDeviceConfig: requesting nits when no mapping exists.
12-14 03:35:09.739 1483 1978 E DisplayDeviceConfig: requesting nits when no mapping exists.
12-14 03:35:09.740 1483 1978 E DisplayDeviceConfig: requesting nits when no mapping exists.
12-14 03:35:09.756 1483 1978 E DisplayDeviceConfig: requesting nits when no mapping exists.
12-14 03:35:09.756 1483 1978 E DisplayDeviceConfig: requesting nits when no mapping exists.
12-14 03:35:09.773 1483 1978 E DisplayDeviceConfig: requesting nits when no mapping exists.
12-14 03:35:09.773 1483 1978 E DisplayDeviceConfig: requesting nits when no mapping exists.
12-14 03:35:09.789 1483 1978 E DisplayDeviceConfig: requesting nits when no mapping exists.
12-14 03:35:09.790 1483 1978 E DisplayDeviceConfig: requesting nits when no mapping exists.
12-14 03:35:09.806 1483 1978 E DisplayDeviceConfig: requesting nits when no mapping exists.
12-14 03:35:09.807 1483 1978 E DisplayDeviceConfig: requesting nits when no mapping exists.
12-14 03:35:09.823 1483 1978 E DisplayDeviceConfig: requesting nits when no mapping exists.
12-14 03:35:09.823 1483 1978 E DisplayDeviceConfig: requesting nits when no mapping exists.
12-14 03:35:09.840 1483 1978 E DisplayDeviceConfig: requesting nits when no mapping exists.
12-14 03:35:09.840 1483 1978 E DisplayDeviceConfig: requesting nits when no mapping exists.
12-14 03:35:09.856 1483 1978 E DisplayDeviceConfig: requesting nits when no mapping exists.
12-14 03:35:09.856 1483 1978 E DisplayDeviceConfig: requesting nits when no mapping exists.
12-14 03:35:09.872 1483 1978 E DisplayDeviceConfig: requesting nits when no mapping exists.
12-14 03:35:09.873 1483 1978 E DisplayDeviceConfig: requesting nits when no mapping exists.
12-14 03:35:09.890 1483 1978 E DisplayDeviceConfig: requesting nits when no mapping exists.
12-14 03:35:09.891 1483 1978 E DisplayDeviceConfig: requesting nits when no mapping exists.
12-14 03:35:09.907 1483 1978 E DisplayDeviceConfig: requesting nits when no mapping exists.
12-14 03:35:09.908 1483 1978 E DisplayDeviceConfig: requesting nits when no mapping exists.
12-14 03:35:09.923 1483 1978 E DisplayDeviceConfig: requesting nits when no mapping exists.
12-14 03:35:09.923 1483 1978 E DisplayDeviceConfig: requesting nits when no mapping exists.
12-14 03:35:09.940 1483 1978 E DisplayDeviceConfig: requesting nits when no mapping exists.
12-14 03:35:09.940 1483 1978 E DisplayDeviceConfig: requesting nits when no mapping exists.
12-14 03:35:09.951 0 0 W swapper/1: type=1400 audit(0.0:1081): avc: denied { kill } for capability=5 scontext=u:r:kernel:s0 tcontext=u:r:kernel:s0 tclass=capability permissive=0
12-14 03:35:09.956 1483 1978 E DisplayDeviceConfig: requesting nits when no mapping exists.
12-14 03:35:09.957 1483 1978 E DisplayDeviceConfig: requesting nits when no mapping exists.
12-14 03:35:09.973 1483 1978 E DisplayDeviceConfig: requesting nits when no mapping exists.
12-14 03:35:09.974 1483 1978 E DisplayDeviceConfig: requesting nits when no mapping exists.
12-14 03:35:09.990 1483 1978 E DisplayDeviceConfig: requesting nits when no mapping exists.
12-14 03:35:09.990 1483 1978 E DisplayDeviceConfig: requesting nits when no mapping exists.
12-14 03:35:10.006 1483 1978 E DisplayDeviceConfig: requesting nits when no mapping exists.
12-14 03:35:10.007 1483 1978 E DisplayDeviceConfig: requesting nits when no mapping exists.
12-14 03:35:10.023 1483 1978 E DisplayDeviceConfig: requesting nits when no mapping exists.
12-14 03:35:10.023 1483 1978 E DisplayDeviceConfig: requesting nits when no mapping exists.
12-14 03:35:10.040 1483 1978 E DisplayDeviceConfig: requesting nits when no mapping exists.
12-14 03:35:10.041 1483 1978 E DisplayDeviceConfig: requesting nits when no mapping exists.
12-14 03:35:10.057 1483 1978 E DisplayDeviceConfig: requesting nits when no mapping exists.
12-14 03:35:10.058 1483 1978 E DisplayDeviceConfig: requesting nits when no mapping exists.
12-14 03:35:10.073 1483 1978 E DisplayDeviceConfig: requesting nits when no mapping exists.
12-14 03:35:10.074 1483 1978 E DisplayDeviceConfig: requesting nits when no mapping exists.
12-14 03:35:10.090 1483 1978 E DisplayDeviceConfig: requesting nits when no mapping exists.
12-14 03:35:10.090 1483 1978 E DisplayDeviceConfig: requesting nits when no mapping exists.
12-14 03:35:10.107 1483 1978 E DisplayDeviceConfig: requesting nits when no mapping exists.
12-14 03:35:10.107 1483 1978 E DisplayDeviceConfig: requesting nits when no mapping exists.
12-14 03:35:10.123 1483 1978 E DisplayDeviceConfig: requesting nits when no mapping exists.
12-14 03:35:10.124 1483 1978 E DisplayDeviceConfig: requesting nits when no mapping exists.
12-14 03:35:10.140 1483 1978 E DisplayDeviceConfig: requesting nits when no mapping exists.
12-14 03:35:10.141 1483 1978 E DisplayDeviceConfig: requesting nits when no mapping exists.
12-14 03:35:10.157 1483 1978 E DisplayDeviceConfig: requesting nits when no mapping exists.
12-14 03:35:10.157 1483 1978 E DisplayDeviceConfig: requesting nits when no mapping exists.
12-14 03:35:10.174 1483 1978 E DisplayDeviceConfig: requesting nits when no mapping exists.
12-14 03:35:10.174 1483 1978 E DisplayDeviceConfig: requesting nits when no mapping exists.
12-14 03:35:10.190 1483 1978 E DisplayDeviceConfig: requesting nits when no mapping exists.
12-14 03:35:10.191 1483 1978 E DisplayDeviceConfig: requesting nits when no mapping exists.
12-14 03:35:10.204 642 655 I mpu_uart: [MSG-P:R]:recv sync frame timeout
12-14 03:35:10.207 1483 1978 E DisplayDeviceConfig: requesting nits when no mapping exists.
12-14 03:35:10.207 1483 1978 E DisplayDeviceConfig: requesting nits when no mapping exists.
12-14 03:35:10.224 1483 1978 E DisplayDeviceConfig: requesting nits when no mapping exists.
12-14 03:35:10.224 1483 1978 E DisplayDeviceConfig: requesting nits when no mapping exists.
01-01 10:17:13.290 0 0 D : mv2112_read_status
01-01 10:17:13.290 0 0 D mv2112_update_link: 3.0x901(1G): 0x80
01-01 10:17:13.290 0 0 D mv2112_update_link: 3.0x8109(100M): 0x8
01-01 10:17:13.290 0 0 D mv2112_update_link: link 0x0
01-01 10:17:13.290 0 0 D mv2112_read_status: autoneg is disabled
12-14 03:35:10.240 1483 1978 E DisplayDeviceConfig: requesting nits when no mapping exists.
12-14 03:35:10.240 1483 1978 E DisplayDeviceConfig: requesting nits when no mapping exists.
12-14 03:35:10.656 642 656 I mpu_uart: [MSG-P:RECV]:No message received in 1000 ms
12-14 03:35:10.951 0 0 W swapper/1: type=1400 audit(0.0:1082): avc: denied { kill } for capability=5 scontext=u:r:kernel:s0 tcontext=u:r:kernel:s0 tclass=capability permissive=0
01-01 10:17:14.314 0 0 D : mv2112_read_status
01-01 10:17:14.314 0 0 D mv2112_update_link: 3.0x901(1G): 0x80
01-01 10:17:14.315 0 0 D mv2112_update_link: 3.0x8109(100M): 0x8
01-01 10:17:14.315 0 0 D mv2112_update_link: link 0x0
01-01 10:17:14.315 0 0 D mv2112_read_status: autoneg is disabled
12-14 03:35:11.657 642 656 I mpu_uart: [MSG-P:RECV]:No message received in 1000 ms
12-14 03:35:11.804 2800 2800 I hpplay-java: [main]:Upgrade:upgrade not be allowed
12-14 03:35:11.827 2800 2800 I hpplay-java: [main]:ServerBusiness:get deviceCode:
12-14 03:35:11.827 2800 2800 W hpplay-java: [main]:ServerBusiness:startDeviceService ignore,invalid deviceCode
12-14 03:35:11.955 0 0 W swapper/2: type=1400 audit(0.0:1083): avc: denied { kill } for capability=5 scontext=u:r:kernel:s0 tcontext=u:r:kernel:s0 tclass=capability permissive=0
01-01 10:17:15.338 0 0 D : mv2112_read_status
01-01 10:17:15.338 0 0 D mv2112_update_link: 3.0x901(1G): 0x80
01-01 10:17:15.338 0 0 D mv2112_update_link: 3.0x8109(100M): 0x8
01-01 10:17:15.338 0 0 D mv2112_update_link: link 0x0
01-01 10:17:15.338 0 0 D mv2112_read_status: autoneg is disabled
12-14 03:35:12.657 642 656 I mpu_uart: [MSG-P:RECV]:No message received in 1000 ms
12-14 03:35:12.955 0 0 W swapper/2: type=1400 audit(0.0:1084): avc: denied { kill } for capability=5 scontext=u:r:kernel:s0 tcontext=u:r:kernel:s0 tclass=capability permissive=0
12-14 03:35:13.207 642 655 I mpu_uart: [MSG-P:R]:recv sync frame timeout
12-14 03:35:13.213 1483 1960 I WifiService: startScan uid=1000
12-14 03:35:13.226 1398 5729 D LOWI-9.0.0.87.a: [LOWI-Scan] wait_event:Wait done with Cmd 33
12-14 03:35:13.226 1398 5729 D LOWI-9.0.0.87.a: [LOWI-Scan] do_listen_events: Rcvd valid Netlink Cmd 0 Err 0
01-01 10:17:16.355 0 0 I [schedu][0x381f25340][03:35:13.295187] wlan: [5714:I:OSIF] scan start scan id 40969
01-01 10:17:16.362 0 0 D : mv2112_read_status
01-01 10:17:16.362 0 0 D mv2112_update_link: 3.0x901(1G): 0x80
01-01 10:17:16.362 0 0 D mv2112_update_link: 3.0x8109(100M): 0x8
01-01 10:17:16.362 0 0 D mv2112_update_link: link 0x0
01-01 10:17:16.362 0 0 D mv2112_read_status: autoneg is disabled
12-14 03:35:13.658 642 656 I mpu_uart: [MSG-P:RECV]:No message received in 1000 ms
12-14 03:35:13.955 0 0 W swapper/2: type=1400 audit(0.0:1085): avc: denied { kill } for capability=5 scontext=u:r:kernel:s0 tcontext=u:r:kernel:s0 tclass=capability permissive=0
01-01 10:17:17.386 0 0 D : mv2112_read_status
01-01 10:17:17.386 0 0 D mv2112_update_link: 3.0x901(1G): 0x80
01-01 10:17:17.386 0 0 D mv2112_update_link: 3.0x8109(100M): 0x8
01-01 10:17:17.386 0 0 D mv2112_update_link: link 0x0
01-01 10:17:17.386 0 0 D mv2112_read_status: autoneg is disabled
12-14 03:35:14.658 642 656 I mpu_uart: [MSG-P:RECV]:No message received in 1000 ms
12-14 03:35:14.955 0 0 W swapper/2: type=1400 audit(0.0:1086): avc: denied { kill } for capability=5 scontext=u:r:kernel:s0 tcontext=u:r:kernel:s0 tclass=capability permissive=0
12-14 03:35:14.976 1398 5729 D LOWI-9.0.0.87.a: [LOWI-Scan] wait_event:Wait done with Cmd 34
12-14 03:35:14.976 1398 5729 D LOWI-9.0.0.87.a: [LOWI-Scan] do_listen_events: Rcvd valid Netlink Cmd 34 Err 0
01-01 10:17:18.036 0 0 I [schedu][0x383dec086][03:35:14.976004] wlan: [5714:I:OSIF] vdev 0, scan id 40969 type COMPLETED(1) reason COMPLETED(1) scan found 116 bss
12-14 03:35:14.977 1483 1960 D WifiNl80211Manager: Scan result ready event
12-14 03:35:14.978 1483 1960 D WifiNative: Scan result ready event
12-14 03:35:14.978 1398 5729 D LOWI-9.0.0.87.a: [LOWI-Scan]
12-14 03:35:14.978 1398 5729 D LOWI-9.0.0.87.a: [LOWI-Scan] print_bss_handler: Report Probe TSF 782477288 as it greater than Beacon TSF 782477106
12-14 03:35:14.978 1398 5729 D LOWI-9.0.0.87.a: [LOWI-Scan] decode_rsn_wpa_ie: LOWI_ENCRYPTION_TYPE_WPA_PSK
12-14 03:35:14.978 1398 5729 D LOWI-9.0.0.87.a: [LOWI-Scan] is_qcom_ie, bss_age: 0
12-14 03:35:14.978 1398 5729 D LOWI-9.0.0.87.a: [LOWI-Scan] BSS 62:ae:8f:61:d1:2e LOWI_PHY_MODE_11AC_VHT80(10), Beacon Interval: 100, LOWI_ENCRYPTION_TYPE_WPA_PSK 11mcRanging: No, ANQP: No, LCI: No, Civic: No, capability(0x1031): ESS Privacy ShortPreamble
12-14 03:35:14.978 1398 5729 D LOWI-9.0.0.87.a: [LOWI-Scan] BSS 62:ae:8f:61:d1:2e FREQ: 5180, cFreq1[40:80:160] = [5190:5210:0] cFreq2 = 0 Country Code =
12-14 03:35:14.978 1398 5729 D LOWI-9.0.0.87.a: [LOWI-Scan] BSS 62:ae:8f:61:d1:2e (wlan0) ASSO: NO AddInfo: 0x0, TSF 0, 00:13:02.477, RSSI: -116, CPL: 127, AGE: 1628, SSID GM_VCU_MM_5G, TSFDelta: 0xc9c44213, TXRate: 0
12-14 03:35:14.978 1398 5729 D LOWI-9.0.0.87.a: [LOWI-Scan]
12-14 03:35:14.978 1398 5729 D LOWI-9.0.0.87.a: [LOWI-Scan] print_bss_handler: Report Probe TSF 782511881 as it greater than Beacon TSF 782511600
12-14 03:35:14.978 1398 5729 D LOWI-9.0.0.87.a: [LOWI-Scan] decode_rsn_wpa_ie: LOWI_ENCRYPTION_TYPE_WPA_PSK
12-14 03:35:14.978 1398 5729 D LOWI-9.0.0.87.a: [LOWI-Scan] is_qcom_ie, bss_age: 0
12-14 03:35:14.978 1398 5729 D LOWI-9.0.0.87.a: [LOWI-Scan] BSS 18:6f:2d:81:16:e0 LOWI_PHY_MODE_11NG_HT20(5), Beacon Interval: 100, LOWI_ENCRYPTION_TYPE_WPA_PSK 11mcRanging: No, ANQP: No, LCI: No, Civic: No, capability(0x0531): ESS Privacy ShortPreamble SpectrumMgmt ShortSlotTime
12-14 03:35:14.978 1398 5729 D LOWI-9.0.0.87.a: [LOWI-Scan] BSS 18:6f:2d:81:16:e0 FREQ: 2412, cFreq1[40:80:160] = [2412:0:0] cFreq2 = 0 Country Code = CN
12-14 03:35:14.978 1398 5729 D LOWI-9.0.0.87.a: [LOWI-Scan] BSS 18:6f:2d:81:16:e0 (wlan0) ASSO: NO AddInfo: 0x0, TSF 0, 00:13:02.511, RSSI: -130, CPL: 127, AGE: 1596, SSID Testing , TSFDelta: 0x8aa51da5, TXRate: 0
12-14 03:35:14.978 1398 5729 D LOWI-9.0.0.87.a: [LOWI-Scan]
12-14 03:35:14.978 1398 5729 D LOWI-9.0.0.87.a: [LOWI-Scan] print_bss_handler: Report Probe TSF 782477642 as it greater than Beacon TSF 16150626
12-14 03:35:14.978 1398 5729 D LOWI-9.0.0.87.a: [LOWI-Scan] decode_rsn_wpa_ie: LOWI_ENCRYPTION_TYPE_WPA_PSK
12-14 03:35:14.978 1398 5729 D LOWI-9.0.0.87.a: [LOWI-Scan] is_qcom_ie, bss_age: 0
12-14 03:35:14.978 1398 5729 D LOWI-9.0.0.87.a: [LOWI-Scan] BSS 58:41:20:1d:fe:89 LOWI_PHY_MODE_11AC_VHT80(10), Beacon Interval: 100, LOWI_ENCRYPTION_TYPE_WPA_PSK 11mcRanging: No, ANQP: No, LCI: No, Civic: No, capability(0x1011): ESS Privacy
12-14 03:35:14.978 1398 5729 D LOWI-9.0.0.87.a: [LOWI-Scan] BSS 58:41:20:1d:fe:89 FREQ: 5180, cFreq1[40:80:160] = [5190:5210:0] cFreq2 = 0 Country Code = CN
12-14 03:35:14.978 1398 5729 D LOWI-9.0.0.87.a: [LOWI-Scan] BSS 58:41:20:1d:fe:89 (wlan0) ASSO: NO AddInfo: 0x0, TSF 0, 00:13:02.477, RSSI: -152, CPL: 127, AGE: 1628, SSID TP-LINK_5G_FE87, TSFDelta: 0xa830a75e, TXRate: 0
12-14 03:35:14.979 1398 5729 D LOWI-9.0.0.87.a: [LOWI-Scan]
12-14 03:35:14.979 1398 5729 D LOWI-9.0.0.87.a: [LOWI-Scan] print_bss_handler: Report Probe TSF 782478147 as it greater than Beacon TSF 772452316
12-14 03:35:14.979 1398 5729 D LOWI-9.0.0.87.a: [LOWI-Scan] decode_rsn_wpa_ie: LOWI_ENCRYPTION_TYPE_WPA_PSK
12-14 03:35:14.979 1398 5729 D LOWI-9.0.0.87.a: [LOWI-Scan] is_qcom_ie, bss_age: 0
12-14 03:35:14.979 1398 5729 D LOWI-9.0.0.87.a: [LOWI-Scan] BSS 18:6f:2d:81:18:90 LOWI_PHY_MODE_11AC_VHT20(8), Beacon Interval: 100, LOWI_ENCRYPTION_TYPE_WPA_PSK 11mcRanging: No, ANQP: No, LCI: No, Civic: No, capability(0x0111): ESS Privacy SpectrumMgmt
12-14 03:35:14.979 1398 5729 D LOWI-9.0.0.87.a: [LOWI-Scan] BSS 18:6f:2d:81:18:90 FREQ: 5180, cFreq1[40:80:160] = [5180:0:0] cFreq2 = 0 Country Code = CN
12-14 03:35:14.979 1398 5729 D LOWI-9.0.0.87.a: [LOWI-Scan] BSS 18:6f:2d:81:18:90 (wlan0) ASSO: NO AddInfo: 0x0, TSF 0, 00:13:02.478, RSSI: -150, CPL: 127, AGE: 1628, SSID Testing , TSFDelta: 0x11541d93, TXRate: 0
12-14 03:35:14.979 1398 5729 D LOWI-9.0.0.87.a: [LOWI-Scan]
12-14 03:35:14.979 1398 5729 D LOWI-9.0.0.87.a: [LOWI-Scan] print_bss_handler: Report Probe TSF 782478426 as it greater than Beacon TSF 772452565
12-14 03:35:14.979 1398 5729 D LOWI-9.0.0.87.a: [LOWI-Scan] is_qcom_ie, bss_age: 0
12-14 03:35:14.979 1398 5729 D LOWI-9.0.0.87.a: [LOWI-Scan] BSS 18:6f:2d:81:18:91 LOWI_PHY_MODE_11AC_VHT20(8), Beacon Interval: 100, LOWI_ENCRYPTION_TYPE_OPEN 11mcRanging: No, ANQP: No, LCI: No, Civic: No, capability(0x0101): ESS SpectrumMgmt
12-14 03:35:14.979 1398 5729 D LOWI-9.0.0.87.a: [LOWI-Scan] BSS 18:6f:2d:81:18:91 FREQ: 5180, cFreq1[40:80:160] = [5180:0:0] cFreq2 = 0 Country Code = CN
12-14 03:35:14.979 1398 5729 D LOWI-9.0.0.87.a: [LOWI-Scan] BSS 18:6f:2d:81:18:91 (wlan0) ASSO: NO AddInfo: 0x0, TSF 0, 00:13:02.478, RSSI: -150, CPL: 127, AGE: 1628, SSID Guest, TSFDelta: 0x1156e039, TXRate: 0
12-14 03:35:14.979 1398 5729 D LOWI-9.0.0.87.a: [LOWI-Scan]
12-14 03:35:14.979 1398 5729 D LOWI-9.0.0.87.a: [LOWI-Scan] print_bss_handler: Report Probe TSF 782478756 as it greater than Beacon TSF 772452903
12-14 03:35:14.979 1398 5729 D LOWI-9.0.0.87.a: [LOWI-Scan] decode_rsn_wpa_ie: LOWI_ENCRYPTION_TYPE_WPA_PSK
12-14 03:35:14.979 1398 5729 D LOWI-9.0.0.87.a: [LOWI-Scan] is_qcom_ie, bss_age: 0
12-14 03:35:14.979 1398 5729 D LOWI-9.0.0.87.a: [LOWI-Scan] BSS 18:6f:2d:81:18:92 LOWI_PHY_MODE_11AC_VHT20(8), Beacon Interval: 100, LOWI_ENCRYPTION_TYPE_WPA_PSK 11mcRanging: No, ANQP: No, LCI: No, Civic: No, capability(0x0111): ESS Privacy SpectrumMgmt
12-14 03:35:14.979 1398 5729 D LOWI-9.0.0.87.a: [LOWI-Scan] BSS 18:6f:2d:81:18:92 FREQ: 5180, cFreq1[40:80:160] = [5180:0:0] cFreq2 = 0 Country Code = CN
12-14 03:35:14.979 1398 5729 D LOWI-9.0.0.87.a: [LOWI-Scan] BSS 18:6f:2d:81:18:92 (wlan0) ASSO: NO AddInfo: 0x0, TSF 0, 00:13:02.478, RSSI: -152, CPL: 127, AGE: 1628, SSID ZXHY, TSFDelta: 0x115966f1, TXRate: 0
12-14 03:35:14.979 1398 5729 D LOWI-9.0.0.87.a: [LOWI-Scan]
12-14 03:35:14.979 1398 5729 D LOWI-9.0.0.87.a: [LOWI-Scan] print_bss_handler: Report Probe TSF 782479342 as it greater than Beacon TSF 772453211
12-14 03:35:14.979 1398 5729 D LOWI-9.0.0.87.a: [LOWI-Scan] decode_rsn_wpa_ie: LOWI_ENCRYPTION_TYPE_WPA_PSK
12-14 03:35:14.979 1398 5729 D LOWI-9.0.0.87.a: [LOWI-Scan] is_qcom_ie, bss_age: 0
12-14 03:35:14.979 1398 5729 D LOWI-9.0.0.87.a: [LOWI-Scan] BSS 18:6f:2d:81:18:93 LOWI_PHY_MODE_11AC_VHT20(8), Beacon Interval: 100, LOWI_ENCRYPTION_TYPE_WPA_PSK 11mcRanging: No, ANQP: No, LCI: No, Civic: No, capability(0x0111): ESS Privacy SpectrumMgmt
12-14 03:35:14.979 1398 5729 D LOWI-9.0.0.87.a: [LOWI-Scan] BSS 18:6f:2d:81:18:93 FREQ: 5180, cFreq1[40:80:160] = [5180:0:0] cFreq2 = 0 Country Code = CN
12-14 03:35:14.980 1398 5729 D LOWI-9.0.0.87.a: [LOWI-Scan] BSS 18:6f:2d:81:18:93 (wlan0) ASSO: NO AddInfo: 0x0, TSF 0, 00:13:02.479, RSSI: -150, CPL: 127, AGE: 1628, SSID Fanya, TSFDelta: 0x115e240f, TXRate: 0
12-14 03:35:14.980 1398 5729 D LOWI-9.0.0.87.a: [LOWI-Scan]
12-14 03:35:14.980 1398 5729 D LOWI-9.0.0.87.a: [LOWI-Scan] print_bss_handler: Report Probe TSF 782480099 as it greater than Beacon TSF 772453578
12-14 03:35:14.980 1398 5729 D LOWI-9.0.0.87.a: [LOWI-Scan] decode_rsn_wpa_ie: LOWI_ENCRYPTION_TYPE_WPA_PSK
12-14 03:35:14.980 1398 5729 D LOWI-9.0.0.87.a: [LOWI-Scan] is_qcom_ie, bss_age: 0
12-14 03:35:14.980 1398 5729 D LOWI-9.0.0.87.a: [LOWI-Scan] BSS 18:6f:2d:81:18:94 LOWI_PHY_MODE_11AC_VHT20(8), Beacon Interval: 100, LOWI_ENCRYPTION_TYPE_WPA_PSK 11mcRanging: No, ANQP: No, LCI: No, Civic: No, capability(0x0111): ESS Privacy SpectrumMgmt
12-14 03:35:14.980 1398 5729 D LOWI-9.0.0.87.a: [LOWI-Scan] BSS 18:6f:2d:81:18:94 FREQ: 5180, cFreq1[40:80:160] = [5180:0:0] cFreq2 = 0 Country Code = CN
12-14 03:35:14.980 1398 5729 D LOWI-9.0.0.87.a: [LOWI-Scan] BSS 18:6f:2d:81:18:94 (wlan0) ASSO: NO AddInfo: 0x0, TSF 0, 00:13:02.480, RSSI: -152, CPL: 127, AGE: 1624, SSID ThunderSoft, TSFDelta: 0x11624d8d, TXRate: 0
12-14 03:35:14.980 1398 5729 D LOWI-9.0.0.87.a: [LOWI-Scan]
12-14 03:35:14.980 1398 5729 D LOWI-9.0.0.87.a: [LOWI-Scan] print_bss_handler: Report Probe TSF 782480728 as it greater than Beacon TSF 752383012
12-14 03:35:14.980 1398 5729 D LOWI-9.0.0.87.a: [LOWI-Scan] decode_rsn_wpa_ie: LOWI_ENCRYPTION_TYPE_WPA_PSK
12-14 03:35:14.980 1398 5729 D LOWI-9.0.0.87.a: [LOWI-Scan] is_qcom_ie, bss_age: 0
12-14 03:35:14.980 1398 5729 D LOWI-9.0.0.87.a: [LOWI-Scan] BSS 18:6f:2d:81:18:95 LOWI_PHY_MODE_11AC_VHT20(8), Beacon Interval: 100, LOWI_ENCRYPTION_TYPE_WPA_PSK 11mcRanging: No, ANQP: No, LCI: No, Civic: No, capability(0x0111): ESS Privacy SpectrumMgmt
12-14 03:35:14.980 1398 5729 D LOWI-9.0.0.87.a: [LOWI-Scan] BSS 18:6f:2d:81:18:95 FREQ: 5180, cFreq1[40:80:160] = [5180:0:0] cFreq2 = 0 Country Code = CN
12-14 03:35:14.980 1398 5729 D LOWI-9.0.0.87.a: [LOWI-Scan] BSS 18:6f:2d:81:18:95 (wlan0) ASSO: NO AddInfo: 0x0, TSF 0, 00:13:02.480, RSSI: -152, CPL: 127, AGE: 1624, SSID GM, TSFDelta: 0x1167a1de, TXRate: 0
12-14 03:35:14.980 1398 5729 D LOWI-9.0.0.87.a: [LOWI-Scan]
12-14 03:35:14.980 1398 5729 D LOWI-9.0.0.87.a: [LOWI-Scan] print_bss_handler: Report Probe TSF 782477461 as it greater than Beacon TSF 772486251
12-14 03:35:14.980 1398 5729 D LOWI-9.0.0.87.a: [LOWI-Scan] decode_rsn_wpa_ie: LOWI_ENCRYPTION_TYPE_WPA_PSK
12-14 03:35:14.980 1398 5729 D LOWI-9.0.0.87.a: [LOWI-Scan] is_qcom_ie, bss_age: 0
12-14 03:35:14.980 1398 5729 D LOWI-9.0.0.87.a: [LOWI-Scan] BSS 18:6f:2d:81:20:60 LOWI_PHY_MODE_11NG_HT20(5), Beacon Interval: 100, LOWI_ENCRYPTION_TYPE_WPA_PSK 11mcRanging: No, ANQP: No, LCI: No, Civic: No, capability(0x0531): ESS Privacy ShortPreamble SpectrumMgmt ShortSlotTime
12-14 03:35:14.980 1398 5729 D LOWI-9.0.0.87.a: [LOWI-Scan] BSS 18:6f:2d:81:20:60 FREQ: 2412, cFreq1[40:80:160] = [2412:0:0] cFreq2 = 0 Country Code = CN
12-14 03:35:14.980 1398 5729 D LOWI-9.0.0.87.a: [LOWI-Scan] BSS 18:6f:2d:81:20:60 (wlan0) ASSO: NO AddInfo: 0x0, TSF 0, 00:13:02.477, RSSI: -142, CPL: 127, AGE: 1628, SSID Testing , TSFDelta: 0x8c29dedb, TXRate: 0
12-14 03:35:14.980 1398 5729 D LOWI-9.0.0.87.a: [LOWI-Scan]
12-14 03:35:14.981 1398 5729 D LOWI-9.0.0.87.a: [LOWI-Scan] print_bss_handler: Report beacon TSF 782466944 as it greater than probe TSF 762455121
12-14 03:35:14.981 1398 5729 D LOWI-9.0.0.87.a: [LOWI-Scan] decode_rsn_wpa_ie: LOWI_ENCRYPTION_TYPE_WPA_PSK
12-14 03:35:14.981 1398 5729 D LOWI-9.0.0.87.a: [LOWI-Scan] is_qcom_ie, bss_age: 0
12-14 03:35:14.981 1398 5729 D LOWI-9.0.0.87.a: [LOWI-Scan] BSS 6c:b0:ce:42:57:6f LOWI_PHY_MODE_11NG_HT20(5), Beacon Interval: 100, LOWI_ENCRYPTION_TYPE_WPA_PSK 11mcRanging: No, ANQP: No, LCI: No, Civic: No, capability(0x1411): ESS Privacy ShortSlotTime
12-14 03:35:14.981 1398 5729 D LOWI-9.0.0.87.a: [LOWI-Scan] BSS 6c:b0:ce:42:57:6f FREQ: 2412, cFreq1[40:80:160] = [0:0:0] cFreq2 = 0 Country Code =
12-14 03:35:14.981 1398 5729 D LOWI-9.0.0.87.a: [LOWI-Scan] BSS 6c:b0:ce:42:57:6f (wlan0) ASSO: NO AddInfo: 0x1, TSF 0, 00:13:02.466, RSSI: -130, CPL: 127, AGE: 1640, SSID NETGEAR60, TSFDelta: 0x493330ae, TXRate: 0
12-14 03:35:14.981 1398 5729 D LOWI-9.0.0.87.a: [LOWI-Scan]
12-14 03:35:14.981 1398 5729 D LOWI-9.0.0.87.a: [LOWI-Scan] print_bss_handler: Report beacon TSF 782511661 as it greater than probe TSF 772447283
12-14 03:35:14.981 1398 5729 D LOWI-9.0.0.87.a: [LOWI-Scan] is_qcom_ie, bss_age: 0
12-14 03:35:14.981 1398 5729 D LOWI-9.0.0.87.a: [LOWI-Scan] BSS 18:6f:2d:81:16:e1 LOWI_PHY_MODE_11NG_HT20(5), Beacon Interval: 100, LOWI_ENCRYPTION_TYPE_OPEN 11mcRanging: No, ANQP: No, LCI: No, Civic: No, capability(0x0521): ESS ShortPreamble SpectrumMgmt ShortSlotTime
12-14 03:35:14.981 1398 5729 D LOWI-9.0.0.87.a: [LOWI-Scan] BSS 18:6f:2d:81:16:e1 FREQ: 2412, cFreq1[40:80:160] = [2412:0:0] cFreq2 = 0 Country Code = CN
12-14 03:35:14.981 1398 5729 D LOWI-9.0.0.87.a: [LOWI-Scan] BSS 18:6f:2d:81:16:e1 (wlan0) ASSO: NO AddInfo: 0x1, TSF 0, 00:13:02.511, RSSI: -126, CPL: 127, AGE: 1596, SSID Guest, TSFDelta: 0x8a15973b, TXRate: 0
12-14 03:35:14.981 1398 5729 D LOWI-9.0.0.87.a: [LOWI-Scan]
12-14 03:35:14.981 1398 5729 D LOWI-9.0.0.87.a: [LOWI-Scan] print_bss_handler: Report Probe TSF 782511515 as it greater than Beacon TSF 0
12-14 03:35:14.981 1398 5729 D LOWI-9.0.0.87.a: [LOWI-Scan] is_qcom_ie, bss_age: 0
12-14 03:35:14.981 1398 5729 D LOWI-9.0.0.87.a: [LOWI-Scan] BSS 18:6f:2d:81:20:61 LOWI_PHY_MODE_11NG_HT20(5), Beacon Interval: 100, LOWI_ENCRYPTION_TYPE_OPEN 11mcRanging: No, ANQP: No, LCI: No, Civic: No, capability(0x0521): ESS ShortPreamble SpectrumMgmt ShortSlotTime
12-14 03:35:14.981 1398 5729 D LOWI-9.0.0.87.a: [LOWI-Scan] BSS 18:6f:2d:81:20:61 FREQ: 2412, cFreq1[40:80:160] = [2412:0:0] cFreq2 = 0 Country Code = CN
12-14 03:35:14.981 1398 5729 D LOWI-9.0.0.87.a: [LOWI-Scan] BSS 18:6f:2d:81:20:61 (wlan0) ASSO: NO AddInfo: 0x0, TSF 0, 00:13:02.511, RSSI: -138, CPL: 127, AGE: 1596, SSID Guest, TSFDelta: 0x8c77aa52, TXRate: 0
12-14 03:35:14.982 1398 5729 D LOWI-9.0.0.87.a: [LOWI-Scan]
12-14 03:35:14.982 1398 5729 D LOWI-9.0.0.87.a: [LOWI-Scan] print_bss_handler: Report Probe TSF 772459277 as it greater than Beacon TSF 762452201
12-14 03:35:14.982 1398 5729 D LOWI-9.0.0.87.a: [LOWI-Scan] decode_rsn_wpa_ie: LOWI_ENCRYPTION_TYPE_WPA_PSK
12-14 03:35:14.982 1398 5729 D LOWI-9.0.0.87.a: [LOWI-Scan] is_qcom_ie, bss_age: 0
12-14 03:35:14.982 1398 5729 D LOWI-9.0.0.87.a: [LOWI-Scan] adjust_age:AP AGE upper limit reached. Dont store
12-14 03:35:14.982 1398 5729 D LOWI-9.0.0.87.a: [LOWI-Scan] BSS 18:6f:2d:81:16:e4 LOWI_PHY_MODE_11NG_HT20(5), Beacon Interval: 100, LOWI_ENCRYPTION_TYPE_WPA_PSK 11mcRanging: No, ANQP: No, LCI: No, Civic: No, capability(0x0531): ESS Privacy ShortPreamble SpectrumMgmt ShortSlotTime
12-14 03:35:14.983 1398 5729 D LOWI-9.0.0.87.a: [LOWI-Scan] BSS 18:6f:2d:81:16:e4 FREQ: 2412, cFreq1[40:80:160] = [2412:0:0] cFreq2 = 0 Country Code = CN
12-14 03:35:14.983 1398 5729 D LOWI-9.0.0.87.a: [LOWI-Scan] BSS 18:6f:2d:81:16:e4 (wlan0) ASSO: NO AddInfo: 0x0, TSF 0, 00:12:52.459, RSSI: -128, CPL: 127, AGE: 11648, SSID Fanya, TSFDelta: 0x8a7f540e, TXRate: 0
12-14 03:35:14.983 1398 5729 D LOWI-9.0.0.87.a: [LOWI-Scan]
12-14 03:35:14.983 1398 5729 D LOWI-9.0.0.87.a: [LOWI-Scan] print_bss_handler: Report Probe TSF 782512243 as it greater than Beacon TSF 772485401
12-14 03:35:14.983 1398 5729 D LOWI-9.0.0.87.a: [LOWI-Scan] decode_rsn_wpa_ie: LOWI_ENCRYPTION_TYPE_WPA_PSK
12-14 03:35:14.983 1398 5729 D LOWI-9.0.0.87.a: [LOWI-Scan] is_qcom_ie, bss_age: 0
12-14 03:35:14.983 1398 5729 D LOWI-9.0.0.87.a: [LOWI-Scan] BSS 18:6f:2d:81:16:e2 LOWI_PHY_MODE_11NG_HT20(5), Beacon Interval: 100, LOWI_ENCRYPTION_TYPE_WPA_PSK 11mcRanging: No, ANQP: No, LCI: No, Civic: No, capability(0x0531): ESS Privacy ShortPreamble SpectrumMgmt ShortSlotTime
12-14 03:35:14.983 1398 5729 D LOWI-9.0.0.87.a: [LOWI-Scan] BSS 18:6f:2d:81:16:e2 FREQ: 2412, cFreq1[40:80:160] = [2412:0:0] cFreq2 = 0 Country Code = CN
12-14 03:35:14.983 1398 5729 D LOWI-9.0.0.87.a: [LOWI-Scan] BSS 18:6f:2d:81:16:e2 (wlan0) ASSO: NO AddInfo: 0x0, TSF 0, 00:13:02.512, RSSI: -124, CPL: 127, AGE: 1592, SSID ThunderSoft_2.4G, TSFDelta: 0x8abfc6bd, TXRate: 0
12-14 03:35:14.983 1398 5729 D LOWI-9.0.0.87.a: [LOWI-Scan]
12-14 03:35:14.983 1398 5729 D LOWI-9.0.0.87.a: [LOWI-Scan] print_bss_handler: Report beacon TSF 782511729 as it greater than probe TSF 772455002
12-14 03:35:14.983 1398 5729 D LOWI-9.0.0.87.a: [LOWI-Scan] decode_rsn_wpa_ie: LOWI_ENCRYPTION_TYPE_WPA_PSK
12-14 03:35:14.983 1398 5729 D LOWI-9.0.0.87.a: [LOWI-Scan] is_qcom_ie, bss_age: 0
12-14 03:35:14.984 1398 5729 D LOWI-9.0.0.87.a: [LOWI-Scan] BSS 18:6f:2d:81:16:e3 LOWI_PHY_MODE_11NG_HT20(5), Beacon Interval: 100, LOWI_ENCRYPTION_TYPE_WPA_PSK 11mcRanging: No, ANQP: No, LCI: No, Civic: No, capability(0x0531): ESS Privacy ShortPreamble SpectrumMgmt ShortSlotTime
12-14 03:35:14.984 1398 5729 D LOWI-9.0.0.87.a: [LOWI-Scan] BSS 18:6f:2d:81:16:e3 FREQ: 2412, cFreq1[40:80:160] = [2412:0:0] cFreq2 = 0 Country Code = CN
12-14 03:35:14.984 1398 5729 D LOWI-9.0.0.87.a: [LOWI-Scan] BSS 18:6f:2d:81:16:e3 (wlan0) ASSO: NO AddInfo: 0x1, TSF 0, 00:13:02.511, RSSI: -118, CPL: 127, AGE: 1596, SSID ZXHY, TSFDelta: 0x8a59e22e, TXRate: 0
12-14 03:35:14.984 1398 5729 D LOWI-9.0.0.87.a: [LOWI-Scan]
12-14 03:35:14.984 1398 5729 D LOWI-9.0.0.87.a: [LOWI-Scan] print_bss_handler: Report beacon TSF 782745933 as it greater than probe TSF 782675576
12-14 03:35:14.984 1398 5729 D LOWI-9.0.0.87.a: [LOWI-Scan] is_qcom_ie, bss_age: 0
12-14 03:35:14.984 1398 5729 D LOWI-9.0.0.87.a: [LOWI-Scan] BSS 18:6f:2d:81:0d:81 LOWI_PHY_MODE_11NG_HT20(5), Beacon Interval: 100, LOWI_ENCRYPTION_TYPE_OPEN 11mcRanging: No, ANQP: No, LCI: No, Civic: No, capability(0x0521): ESS ShortPreamble SpectrumMgmt ShortSlotTime
12-14 03:35:14.984 1398 5729 D LOWI-9.0.0.87.a: [LOWI-Scan] BSS 18:6f:2d:81:0d:81 FREQ: 2422, cFreq1[40:80:160] = [2422:0:0] cFreq2 = 0 Country Code = CN
12-14 03:35:14.984 1398 5729 D LOWI-9.0.0.87.a: [LOWI-Scan] BSS 18:6f:2d:81:0d:81 (wlan0) ASSO: NO AddInfo: 0x1, TSF 0, 00:13:02.745, RSSI: -124, CPL: 127, AGE: 1360, SSID Guest, TSFDelta: 0x7819509e, TXRate: 0
12-14 03:35:14.984 1398 5729 D LOWI-9.0.0.87.a: [LOWI-Scan]
12-14 03:35:14.984 1398 5729 D LOWI-9.0.0.87.a: [LOWI-Scan] print_bss_handler: Report beacon TSF 782746127 as it greater than probe TSF 782675978
12-14 03:35:14.984 1398 5729 D LOWI-9.0.0.87.a: [LOWI-Scan] decode_rsn_wpa_ie: LOWI_ENCRYPTION_TYPE_WPA_PSK
12-14 03:35:14.984 1398 5729 D LOWI-9.0.0.87.a: [LOWI-Scan] is_qcom_ie, bss_age: 0
12-14 03:35:14.984 1398 5729 D LOWI-9.0.0.87.a: [LOWI-Scan] BSS 18:6f:2d:81:0d:82 LOWI_PHY_MODE_11NG_HT20(5), Beacon Interval: 100, LOWI_ENCRYPTION_TYPE_WPA_PSK 11mcRanging: No, ANQP: No, LCI: No, Civic: No, capability(0x0531): ESS Privacy ShortPreamble SpectrumMgmt ShortSlotTime
12-14 03:35:14.984 1398 5729 D LOWI-9.0.0.87.a: [LOWI-Scan] BSS 18:6f:2d:81:0d:82 FREQ: 2422, cFreq1[40:80:160] = [2422:0:0] cFreq2 = 0 Country Code = CN
12-14 03:35:14.984 1398 5729 D LOWI-9.0.0.87.a: [LOWI-Scan] BSS 18:6f:2d:81:0d:82 (wlan0) ASSO: NO AddInfo: 0x1, TSF 0, 00:13:02.746, RSSI: -124, CPL: 127, AGE: 1360, SSID ThunderSoft_2.4G, TSFDelta: 0x781e1dc0, TXRate: 0
12-14 03:35:14.985 1398 5729 D LOWI-9.0.0.87.a: [LOWI-Scan]
12-14 03:35:14.985 1398 5729 D LOWI-9.0.0.87.a: [LOWI-Scan] print_bss_handler: Report beacon TSF 782746297 as it greater than probe TSF 782676658
12-14 03:35:14.985 1398 5729 D LOWI-9.0.0.87.a: [LOWI-Scan] decode_rsn_wpa_ie: LOWI_ENCRYPTION_TYPE_WPA_PSK
12-14 03:35:14.985 1398 5729 D LOWI-9.0.0.87.a: [LOWI-Scan] is_qcom_ie, bss_age: 0
12-14 03:35:14.985 1398 5729 D LOWI-9.0.0.87.a: [LOWI-Scan] BSS 18:6f:2d:81:0d:83 LOWI_PHY_MODE_11NG_HT20(5), Beacon Interval: 100, LOWI_ENCRYPTION_TYPE_WPA_PSK 11mcRanging: No, ANQP: No, LCI: No, Civic: No, capability(0x0531): ESS Privacy ShortPreamble SpectrumMgmt ShortSlotTime
12-14 03:35:14.985 1398 5729 D LOWI-9.0.0.87.a: [LOWI-Scan] BSS 18:6f:2d:81:0d:83 FREQ: 2422, cFreq1[40:80:160] = [2422:0:0] cFreq2 = 0 Country Code = CN
12-14 03:35:14.985 1398 5729 D LOWI-9.0.0.87.a: [LOWI-Scan] BSS 18:6f:2d:81:0d:83 (wlan0) ASSO: NO AddInfo: 0x1, TSF 0, 00:13:02.746, RSSI: -132, CPL: 127, AGE: 1360, SSID ZXHY, TSFDelta: 0x782363ca, TXRate: 0
12-14 03:35:14.985 1398 5729 D LOWI-9.0.0.87.a: [LOWI-Scan]
12-14 03:35:14.985 1398 5729 D LOWI-9.0.0.87.a: [LOWI-Scan] print_bss_handler: Report beacon TSF 782746463 as it greater than probe TSF 782677403
12-14 03:35:14.985 1398 5729 D LOWI-9.0.0.87.a: [LOWI-Scan] decode_rsn_wpa_ie: LOWI_ENCRYPTION_TYPE_WPA_PSK
12-14 03:35:14.985 1398 5729 D LOWI-9.0.0.87.a: [LOWI-Scan] is_qcom_ie, bss_age: 0
12-14 03:35:14.985 1398 5729 D LOWI-9.0.0.87.a: [LOWI-Scan] BSS 18:6f:2d:81:0d:84 LOWI_PHY_MODE_11NG_HT20(5), Beacon Interval: 100, LOWI_ENCRYPTION_TYPE_WPA_PSK 11mcRanging: No, ANQP: No, LCI: No, Civic: No, capability(0x0531): ESS Privacy ShortPreamble SpectrumMgmt ShortSlotTime
12-14 03:35:14.985 1398 5729 D LOWI-9.0.0.87.a: [LOWI-Scan] BSS 18:6f:2d:81:0d:84 FREQ: 2422, cFreq1[40:80:160] = [2422:0:0] cFreq2 = 0 Country Code = CN
12-14 03:35:14.985 1398 5729 D LOWI-9.0.0.87.a: [LOWI-Scan] BSS 18:6f:2d:81:0d:84 (wlan0) ASSO: NO AddInfo: 0x1, TSF 0, 00:13:02.746, RSSI: -128, CPL: 127, AGE: 1364, SSID Fanya, TSFDelta: 0x782875f4, TXRate: 0
12-14 03:35:14.986 1398 5729 D LOWI-9.0.0.87.a: [LOWI-Scan]
12-14 03:35:14.986 1398 5729 D LOWI-9.0.0.87.a: [LOWI-Scan] print_bss_handler: Report beacon TSF 782745732 as it greater than probe TSF 782675381
12-14 03:35:14.986 1398 5729 D LOWI-9.0.0.87.a: [LOWI-Scan] decode_rsn_wpa_ie: LOWI_ENCRYPTION_TYPE_WPA_PSK
12-14 03:35:14.986 1398 5729 D LOWI-9.0.0.87.a: [LOWI-Scan] is_qcom_ie, bss_age: 0
12-14 03:35:14.986 1398 5729 D LOWI-9.0.0.87.a: [LOWI-Scan] BSS 18:6f:2d:81:0d:80 LOWI_PHY_MODE_11NG_HT20(5), Beacon Interval: 100, LOWI_ENCRYPTION_TYPE_WPA_PSK 11mcRanging: No, ANQP: No, LCI: No, Civic: No, capability(0x0531): ESS Privacy ShortPreamble SpectrumMgmt ShortSlotTime
12-14 03:35:14.986 1398 5729 D LOWI-9.0.0.87.a: [LOWI-Scan] BSS 18:6f:2d:81:0d:80 FREQ: 2422, cFreq1[40:80:160] = [2422:0:0] cFreq2 = 0 Country Code = CN
12-14 03:35:14.986 1398 5729 D LOWI-9.0.0.87.a: [LOWI-Scan] BSS 18:6f:2d:81:0d:80 (wlan0) ASSO: NO AddInfo: 0x1, TSF 0, 00:13:02.745, RSSI: -130, CPL: 127, AGE: 1364, SSID Testing , TSFDelta: 0x78143ac2, TXRate: 0
12-14 03:35:14.986 1398 5729 D LOWI-9.0.0.87.a: [LOWI-Scan]
12-14 03:35:14.986 1398 5729 D LOWI-9.0.0.87.a: [LOWI-Scan] print_bss_handler: Report Probe TSF 782954760 as it greater than Beacon TSF 782914604
12-14 03:35:14.986 1398 5729 D LOWI-9.0.0.87.a: [LOWI-Scan] decode_rsn_wpa_ie: LOWI_ENCRYPTION_TYPE_WPA_PSK
12-14 03:35:14.986 1398 5729 D LOWI-9.0.0.87.a: [LOWI-Scan] is_qcom_ie, bss_age: 0
12-14 03:35:14.986 1398 5729 D LOWI-9.0.0.87.a: [LOWI-Scan] BSS 5c:02:14:f9:4f:d3 LOWI_PHY_MODE_11AC_VHT80(10), Beacon Interval: 100, LOWI_ENCRYPTION_TYPE_WPA_PSK 11mcRanging: No, ANQP: Yes, LCI: No, Civic: No, capability(0x1931): ESS Privacy ShortPreamble SpectrumMgmt APSD
12-14 03:35:14.986 1398 5729 D LOWI-9.0.0.87.a: [LOWI-Scan] BSS 5c:02:14:f9:4f:d3 FREQ: 5745, cFreq1[40:80:160] = [5755:5775:0] cFreq2 = 0 Country Code = CN
12-14 03:35:14.986 1398 5729 D LOWI-9.0.0.87.a: [LOWI-Scan] BSS 5c:02:14:f9:4f:d3 (wlan0) ASSO: NO AddInfo: 0x0, TSF 0, 00:13:02.954, RSSI: -112, CPL: 127, AGE: 1156, SSID ThunderSoft_XTS_5G, TSFDelta: 0x702922ef, TXRate: 0
12-14 03:35:14.987 1398 5729 D LOWI-9.0.0.87.a: [LOWI-Scan]
12-14 03:35:14.987 1398 5729 D LOWI-9.0.0.87.a: [LOWI-Scan] print_bss_handler: Report Probe TSF 782954636 as it greater than Beacon TSF 16373353
12-14 03:35:14.987 1398 5729 D LOWI-9.0.0.87.a: [LOWI-Scan] decode_rsn_wpa_ie: LOWI_ENCRYPTION_TYPE_WPA_PSK
12-14 03:35:14.987 1398 5729 D LOWI-9.0.0.87.a: [LOWI-Scan] is_qcom_ie, bss_age: 0
12-14 03:35:14.987 1398 5729 D LOWI-9.0.0.87.a: [LOWI-Scan] BSS 62:e6:f0:dd:03:c7 LOWI_PHY_MODE_11AC_VHT80(10), Beacon Interval: 100, LOWI_ENCRYPTION_TYPE_WPA_PSK 11mcRanging: No, ANQP: Yes, LCI: No, Civic: No, capability(0x0111): ESS Privacy SpectrumMgmt
12-14 03:35:14.987 1398 5729 D LOWI-9.0.0.87.a: [LOWI-Scan] BSS 62:e6:f0:dd:03:c7 FREQ: 5745, cFreq1[40:80:160] = [5755:5775:0] cFreq2 = 0 Country Code = AE
12-14 03:35:14.987 1398 5729 D LOWI-9.0.0.87.a: [LOWI-Scan] BSS 62:e6:f0:dd:03:c7 (wlan0) ASSO: NO AddInfo: 0x0, TSF 0, 00:13:02.954, RSSI: -168, CPL: 127, AGE: 1156, SSID myGMC 03C7, TSFDelta: 0x9e2420ec, TXRate: 0
12-14 03:35:14.987 1398 5729 D LOWI-9.0.0.87.a: [LOWI-Scan]
12-14 03:35:14.987 1398 5729 D LOWI-9.0.0.87.a: [LOWI-Scan] print_bss_handler: Report Probe TSF 782808374 as it greater than Beacon TSF 782754666
12-14 03:35:14.987 1398 5729 D LOWI-9.0.0.87.a: [LOWI-Scan] is_qcom_ie, bss_age: 0
12-14 03:35:14.987 1398 5729 D LOWI-9.0.0.87.a: [LOWI-Scan] BSS 18:6f:2d:0a:b8:41 LOWI_PHY_MODE_11NG_HT20(5), Beacon Interval: 100, LOWI_ENCRYPTION_TYPE_OPEN 11mcRanging: No, ANQP: No, LCI: No, Civic: No, capability(0x0521): ESS ShortPreamble SpectrumMgmt ShortSlotTime
12-14 03:35:14.987 1398 5729 D LOWI-9.0.0.87.a: [LOWI-Scan] BSS 18:6f:2d:0a:b8:41 FREQ: 2427, cFreq1[40:80:160] = [2427:0:0] cFreq2 = 0 Country Code = CN
12-14 03:35:14.987 1398 5729 D LOWI-9.0.0.87.a: [LOWI-Scan] BSS 18:6f:2d:0a:b8:41 (wlan0) ASSO: NO AddInfo: 0x0, TSF 0, 00:13:02.808, RSSI: -124, CPL: 127, AGE: 1300, SSID Guest, TSFDelta: 0x9e68cff1, TXRate: 0
12-14 03:35:14.988 1398 5729 D LOWI-9.0.0.87.a: [LOWI-Scan]
12-14 03:35:14.988 1398 5729 D LOWI-9.0.0.87.a: [LOWI-Scan] print_bss_handler: Report Probe TSF 782809560 as it greater than Beacon TSF 782755367
12-14 03:35:14.988 1398 5729 D LOWI-9.0.0.87.a: [LOWI-Scan] decode_rsn_wpa_ie: LOWI_ENCRYPTION_TYPE_WPA_PSK
12-14 03:35:14.988 1398 5729 D LOWI-9.0.0.87.a: [LOWI-Scan] is_qcom_ie, bss_age: 0
12-14 03:35:14.988 1398 5729 D LOWI-9.0.0.87.a: [LOWI-Scan] BSS 18:6f:2d:0a:b8:42 LOWI_PHY_MODE_11NG_HT20(5), Beacon Interval: 100, LOWI_ENCRYPTION_TYPE_WPA_PSK 11mcRanging: No, ANQP: No, LCI: No, Civic: No, capability(0x0531): ESS Privacy ShortPreamble SpectrumMgmt ShortSlotTime
12-14 03:35:14.988 1398 5729 D LOWI-9.0.0.87.a: [LOWI-Scan] BSS 18:6f:2d:0a:b8:42 FREQ: 2427, cFreq1[40:80:160] = [2427:0:0] cFreq2 = 0 Country Code = CN
12-14 03:35:14.988 1398 5729 D LOWI-9.0.0.87.a: [LOWI-Scan] BSS 18:6f:2d:0a:b8:42 (wlan0) ASSO: NO AddInfo: 0x0, TSF 0, 00:13:02.809, RSSI: -126, CPL: 127, AGE: 1300, SSID ThunderSoft_2.4G, TSFDelta: 0x9e6f0e03, TXRate: 0
12-14 03:35:14.988 1398 5729 D LOWI-9.0.0.87.a: [LOWI-Scan]
12-14 03:35:14.988 1398 5729 D LOWI-9.0.0.87.a: [LOWI-Scan] print_bss_handler: Report Probe TSF 782810634 as it greater than Beacon TSF 782756888
12-14 03:35:14.988 1398 5729 D LOWI-9.0.0.87.a: [LOWI-Scan] decode_rsn_wpa_ie: LOWI_ENCRYPTION_TYPE_WPA_PSK
12-14 03:35:14.988 1398 5729 D LOWI-9.0.0.87.a: [LOWI-Scan] is_qcom_ie, bss_age: 0
12-14 03:35:14.988 1398 5729 D LOWI-9.0.0.87.a: [LOWI-Scan] BSS 18:6f:2d:0a:b8:44 LOWI_PHY_MODE_11NG_HT20(5), Beacon Interval: 100, LOWI_ENCRYPTION_TYPE_WPA_PSK 11mcRanging: No, ANQP: No, LCI: No, Civic: No, capability(0x0531): ESS Privacy ShortPreamble SpectrumMgmt ShortSlotTime
12-14 03:35:14.988 1398 5729 D LOWI-9.0.0.87.a: [LOWI-Scan] BSS 18:6f:2d:0a:b8:44 FREQ: 2427, cFreq1[40:80:160] = [2427:0:0] cFreq2 = 0 Country Code = CN
12-14 03:35:14.988 1398 5729 D LOWI-9.0.0.87.a: [LOWI-Scan] BSS 18:6f:2d:0a:b8:44 (wlan0) ASSO: NO AddInfo: 0x0, TSF 0, 00:13:02.810, RSSI: -124, CPL: 127, AGE: 1300, SSID Fanya, TSFDelta: 0x9e7962cb, TXRate: 0
12-14 03:35:14.988 1398 5729 D LOWI-9.0.0.87.a: [LOWI-Scan]
12-14 03:35:14.988 1398 5729 D LOWI-9.0.0.87.a: [LOWI-Scan] print_bss_handler: Report Probe TSF 763047438 as it greater than Beacon TSF 52267135
12-14 03:35:14.988 1398 5729 D LOWI-9.0.0.87.a: [LOWI-Scan] decode_rsn_wpa_ie: LOWI_ENCRYPTION_TYPE_WPA_PSK
12-14 03:35:14.988 1398 5729 D LOWI-9.0.0.87.a: [LOWI-Scan] is_qcom_ie, bss_age: 0
12-14 03:35:14.988 1398 5729 D LOWI-9.0.0.87.a: [LOWI-Scan] adjust_age:AP AGE upper limit reached. Dont store
12-14 03:35:14.989 1398 5729 D LOWI-9.0.0.87.a: [LOWI-Scan] BSS 8c:de:f9:3f:0d:ab LOWI_PHY_MODE_11AC_VHT80(10), Beacon Interval: 100, LOWI_ENCRYPTION_TYPE_WPA_PSK 11mcRanging: No, ANQP: No, LCI: No, Civic: No, capability(0x0031): ESS Privacy ShortPreamble
12-14 03:35:14.989 1398 5729 D LOWI-9.0.0.87.a: [LOWI-Scan] BSS 8c:de:f9:3f:0d:ab FREQ: 5785, cFreq1[40:80:160] = [5795:5775:0] cFreq2 = 0 Country Code = CN
12-14 03:35:14.989 1398 5729 D LOWI-9.0.0.87.a: [LOWI-Scan] BSS 8c:de:f9:3f:0d:ab (wlan0) ASSO: NO AddInfo: 0x0, TSF 0, 00:12:43.047, RSSI: -148, CPL: 127, AGE: 21064, SSID Xiaomi_0DA9_5G, TSFDelta: 0xff2ee458, TXRate: 0
12-14 03:35:14.989 1398 5729 D LOWI-9.0.0.87.a: [LOWI-Scan] -- associated
12-14 03:35:14.989 1398 5729 D LOWI-9.0.0.87.a: [LOWI-Scan]
12-14 03:35:14.989 1398 5729 D LOWI-9.0.0.87.a: [LOWI-Scan] print_bss_handler: Report beacon TSF 783959510 as it greater than probe TSF 783195685
12-14 03:35:14.989 1398 5729 D LOWI-9.0.0.87.a: [LOWI-Scan] decode_rsn_wpa_ie: LOWI_ENCRYPTION_TYPE_WPA_PSK
12-14 03:35:14.989 1398 5729 D LOWI-9.0.0.87.a: [LOWI-Scan] is_qcom_ie, bss_age: 0
12-14 03:35:14.989 1398 5729 D LOWI-9.0.0.87.a: [LOWI-Scan] BSS 6c:b1:58:0f:7d:3b LOWI_PHY_MODE_11AC_VHT80(10), Beacon Interval: 100, LOWI_ENCRYPTION_TYPE_WPA_PSK 11mcRanging: No, ANQP: No, LCI: No, Civic: No, capability(0x1011): ESS Privacy
12-14 03:35:14.989 1398 5729 D LOWI-9.0.0.87.a: [LOWI-Scan] BSS 6c:b1:58:0f:7d:3b FREQ: 5805, cFreq1[40:80:160] = [5795:5775:0] cFreq2 = 0 Country Code = CN
12-14 03:35:14.989 1398 5729 D LOWI-9.0.0.87.a: [LOWI-Scan] BSS 6c:b1:58:0f:7d:3b (wlan0) ASSO: YES AddInfo: 0x1, TSF 0, 00:13:03.959, RSSI: -26, CPL: 127, AGE: 0, SSID TP-LINK_Figure_6d0405, TSFDelta: 0xbefbbccc, TXRate: 0
12-14 03:35:14.989 1398 5729 D LOWI-9.0.0.87.a: [LOWI-Scan]
12-14 03:35:14.989 1398 5729 D LOWI-9.0.0.87.a: [LOWI-Scan] print_bss_handler: Report Probe TSF 782915745 as it greater than Beacon TSF 782914850
12-14 03:35:14.989 1398 5729 D LOWI-9.0.0.87.a: [LOWI-Scan] decode_rsn_wpa_ie: LOWI_ENCRYPTION_TYPE_WPA_PSK
12-14 03:35:14.990 1398 5729 D LOWI-9.0.0.87.a: [LOWI-Scan] is_qcom_ie, bss_age: 0
12-14 03:35:14.990 1398 5729 D LOWI-9.0.0.87.a: [LOWI-Scan] BSS 58:d9:d5:44:ba:d8 LOWI_PHY_MODE_11G(1), Beacon Interval: 100, LOWI_ENCRYPTION_TYPE_WPA_PSK 11mcRanging: No, ANQP: No, LCI: No, Civic: No, capability(0x0011): ESS Privacy
12-14 03:35:14.990 1398 5729 D LOWI-9.0.0.87.a: [LOWI-Scan] BSS 58:d9:d5:44:ba:d8 FREQ: 2432, cFreq1[40:80:160] = [0:0:0] cFreq2 = 0 Country Code =
12-14 03:35:14.990 1398 5729 D LOWI-9.0.0.87.a: [LOWI-Scan] BSS 58:d9:d5:44:ba:d8 (wlan0) ASSO: NO AddInfo: 0x0, TSF 0, 00:13:02.915, RSSI: -12, CPL: 127, AGE: 1196, SSID TD-2.4G, TSFDelta: 0xf54a5a65, TXRate: 0
12-14 03:35:14.990 1398 5729 D LOWI-9.0.0.87.a: [LOWI-Scan]
12-14 03:35:14.990 1398 5729 D LOWI-9.0.0.87.a: [LOWI-Scan] print_bss_handler: Report Probe TSF 782954876 as it greater than Beacon TSF 752764294
12-14 03:35:14.990 1398 5729 D LOWI-9.0.0.87.a: [LOWI-Scan] decode_rsn_wpa_ie: LOWI_ENCRYPTION_TYPE_WPA_PSK
12-14 03:35:14.990 1398 5729 D LOWI-9.0.0.87.a: [LOWI-Scan] is_qcom_ie, bss_age: 0
12-14 03:35:14.990 1398 5729 D LOWI-9.0.0.87.a: [LOWI-Scan] BSS 18:6f:2d:81:18:40 LOWI_PHY_MODE_11NG_HT20(5), Beacon Interval: 100, LOWI_ENCRYPTION_TYPE_WPA_PSK 11mcRanging: No, ANQP: No, LCI: No, Civic: No, capability(0x0531): ESS Privacy ShortPreamble SpectrumMgmt ShortSlotTime
12-14 03:35:14.990 1398 5729 D LOWI-9.0.0.87.a: [LOWI-Scan] BSS 18:6f:2d:81:18:40 FREQ: 2432, cFreq1[40:80:160] = [2432:0:0] cFreq2 = 0 Country Code = CN
12-14 03:35:14.990 1398 5729 D LOWI-9.0.0.87.a: [LOWI-Scan] BSS 18:6f:2d:81:18:40 (wlan0) ASSO: NO AddInfo: 0x0, TSF 0, 00:13:02.954, RSSI: -128, CPL: 127, AGE: 1156, SSID Testing , TSFDelta: 0x9b81ee21, TXRate: 0
12-14 03:35:14.990 1398 5729 D LOWI-9.0.0.87.a: [LOWI-Scan]
12-14 03:35:14.990 1398 5729 D LOWI-9.0.0.87.a: [LOWI-Scan] print_bss_handler: Report Probe TSF 782954928 as it greater than Beacon TSF 752764407
12-14 03:35:14.990 1398 5729 D LOWI-9.0.0.87.a: [LOWI-Scan] is_qcom_ie, bss_age: 0
12-14 03:35:14.990 1398 5729 D LOWI-9.0.0.87.a: [LOWI-Scan] BSS 18:6f:2d:81:18:41 LOWI_PHY_MODE_11NG_HT20(5), Beacon Interval: 100, LOWI_ENCRYPTION_TYPE_OPEN 11mcRanging: No, ANQP: No, LCI: No, Civic: No, capability(0x0521): ESS ShortPreamble SpectrumMgmt ShortSlotTime
12-14 03:35:14.990 1398 5729 D LOWI-9.0.0.87.a: [LOWI-Scan] BSS 18:6f:2d:81:18:41 FREQ: 2432, cFreq1[40:80:160] = [2432:0:0] cFreq2 = 0 Country Code = CN
12-14 03:35:14.990 1398 5729 D LOWI-9.0.0.87.a: [LOWI-Scan] BSS 18:6f:2d:81:18:41 (wlan0) ASSO: NO AddInfo: 0x0, TSF 0, 00:13:02.954, RSSI: -124, CPL: 127, AGE: 1156, SSID Guest, TSFDelta: 0x9b872882, TXRate: 0
12-14 03:35:14.991 1398 5729 D LOWI-9.0.0.87.a: [LOWI-Scan]
12-14 03:35:14.991 1398 5729 D LOWI-9.0.0.87.a: [LOWI-Scan] print_bss_handler: Report Probe TSF 782954982 as it greater than Beacon TSF 752764465
12-14 03:35:14.991 1398 5729 D LOWI-9.0.0.87.a: [LOWI-Scan] decode_rsn_wpa_ie: LOWI_ENCRYPTION_TYPE_WPA_PSK
12-14 03:35:14.991 1398 5729 D LOWI-9.0.0.87.a: [LOWI-Scan] is_qcom_ie, bss_age: 0
12-14 03:35:14.991 1398 5729 D LOWI-9.0.0.87.a: [LOWI-Scan] BSS 18:6f:2d:81:18:42 LOWI_PHY_MODE_11NG_HT20(5), Beacon Interval: 100, LOWI_ENCRYPTION_TYPE_WPA_PSK 11mcRanging: No, ANQP: No, LCI: No, Civic: No, capability(0x0531): ESS Privacy ShortPreamble SpectrumMgmt ShortSlotTime
12-14 03:35:14.991 1398 5729 D LOWI-9.0.0.87.a: [LOWI-Scan] BSS 18:6f:2d:81:18:42 FREQ: 2432, cFreq1[40:80:160] = [2432:0:0] cFreq2 = 0 Country Code = CN
12-14 03:35:14.991 1398 5729 D LOWI-9.0.0.87.a: [LOWI-Scan] BSS 18:6f:2d:81:18:42 (wlan0) ASSO: NO AddInfo: 0x0, TSF 0, 00:13:02.954, RSSI: -126, CPL: 127, AGE: 1156, SSID ThunderSoft_2.4G, TSFDelta: 0x9b8bfdea, TXRate: 0
12-14 03:35:14.991 1398 5729 D LOWI-9.0.0.87.a: [LOWI-Scan]
12-14 03:35:14.991 1398 5729 D LOWI-9.0.0.87.a: [LOWI-Scan] print_bss_handler: Report Probe TSF 782955035 as it greater than Beacon TSF 742754438
12-14 03:35:14.991 1398 5729 D LOWI-9.0.0.87.a: [LOWI-Scan] decode_rsn_wpa_ie: LOWI_ENCRYPTION_TYPE_WPA_PSK
12-14 03:35:14.991 1398 5729 D LOWI-9.0.0.87.a: [LOWI-Scan] is_qcom_ie, bss_age: 0
12-14 03:35:14.991 1398 5729 D LOWI-9.0.0.87.a: [LOWI-Scan] BSS 18:6f:2d:81:18:43 LOWI_PHY_MODE_11NG_HT20(5), Beacon Interval: 100, LOWI_ENCRYPTION_TYPE_WPA_PSK 11mcRanging: No, ANQP: No, LCI: No, Civic: No, capability(0x0531): ESS Privacy ShortPreamble SpectrumMgmt ShortSlotTime
12-14 03:35:14.991 1398 5729 D LOWI-9.0.0.87.a: [LOWI-Scan] BSS 18:6f:2d:81:18:43 FREQ: 2432, cFreq1[40:80:160] = [2432:0:0] cFreq2 = 0 Country Code = CN
12-14 03:35:14.991 1398 5729 D LOWI-9.0.0.87.a: [LOWI-Scan] BSS 18:6f:2d:81:18:43 (wlan0) ASSO: NO AddInfo: 0x0, TSF 0, 00:13:02.955, RSSI: -126, CPL: 127, AGE: 1156, SSID ZXHY, TSFDelta: 0x9b912c02, TXRate: 0
12-14 03:35:14.991 1398 5729 D LOWI-9.0.0.87.a: [LOWI-Scan]
12-14 03:35:14.991 1398 5729 D LOWI-9.0.0.87.a: [LOWI-Scan] print_bss_handler: Report Probe TSF 782900967 as it greater than Beacon TSF 752764578
12-14 03:35:14.991 1398 5729 D LOWI-9.0.0.87.a: [LOWI-Scan] decode_rsn_wpa_ie: LOWI_ENCRYPTION_TYPE_WPA_PSK
12-14 03:35:14.991 1398 5729 D LOWI-9.0.0.87.a: [LOWI-Scan] is_qcom_ie, bss_age: 0
12-14 03:35:14.991 1398 5729 D LOWI-9.0.0.87.a: [LOWI-Scan] BSS 18:6f:2d:81:18:44 LOWI_PHY_MODE_11NG_HT20(5), Beacon Interval: 100, LOWI_ENCRYPTION_TYPE_WPA_PSK 11mcRanging: No, ANQP: No, LCI: No, Civic: No, capability(0x0531): ESS Privacy ShortPreamble SpectrumMgmt ShortSlotTime
12-14 03:35:14.991 1398 5729 D LOWI-9.0.0.87.a: [LOWI-Scan] BSS 18:6f:2d:81:18:44 FREQ: 2432, cFreq1[40:80:160] = [2432:0:0] cFreq2 = 0 Country Code = CN
12-14 03:35:14.991 1398 5729 D LOWI-9.0.0.87.a: [LOWI-Scan] BSS 18:6f:2d:81:18:44 (wlan0) ASSO: NO AddInfo: 0x0, TSF 0, 00:13:02.900, RSSI: -128, CPL: 127, AGE: 1208, SSID Fanya, TSFDelta: 0x9aef6725, TXRate: 0
12-14 03:35:14.992 1398 5729 D LOWI-9.0.0.87.a: [LOWI-Scan]
12-14 03:35:14.992 1398 5729 D LOWI-9.0.0.87.a: [LOWI-Scan] print_bss_handler: Report Probe TSF 782901653 as it greater than Beacon TSF 752781735
12-14 03:35:14.992 1398 5729 D LOWI-9.0.0.87.a: [LOWI-Scan] decode_rsn_wpa_ie: LOWI_ENCRYPTION_TYPE_WPA_PSK
12-14 03:35:14.992 1398 5729 D LOWI-9.0.0.87.a: [LOWI-Scan] is_qcom_ie, bss_age: 0
12-14 03:35:14.992 1398 5729 D LOWI-9.0.0.87.a: [LOWI-Scan] BSS 18:6f:2d:81:18:45 LOWI_PHY_MODE_11NG_HT20(5), Beacon Interval: 100, LOWI_ENCRYPTION_TYPE_WPA_PSK 11mcRanging: No, ANQP: No, LCI: No, Civic: No, capability(0x0531): ESS Privacy ShortPreamble SpectrumMgmt ShortSlotTime
12-14 03:35:14.992 1398 5729 D LOWI-9.0.0.87.a: [LOWI-Scan] BSS 18:6f:2d:81:18:45 FREQ: 2432, cFreq1[40:80:160] = [2432:0:0] cFreq2 = 0 Country Code = CN
12-14 03:35:14.992 1398 5729 D LOWI-9.0.0.87.a: [LOWI-Scan] BSS 18:6f:2d:81:18:45 (wlan0) ASSO: NO AddInfo: 0x0, TSF 0, 00:13:02.901, RSSI: -126, CPL: 127, AGE: 1208, SSID 123, TSFDelta: 0x9af477c0, TXRate: 0
12-14 03:35:14.992 1398 5729 D LOWI-9.0.0.87.a: [LOWI-Scan]
12-14 03:35:14.992 1398 5729 D LOWI-9.0.0.87.a: [LOWI-Scan] print_bss_handler: Report Probe TSF 783058524 as it greater than Beacon TSF 732780171
12-14 03:35:14.992 1398 5729 D LOWI-9.0.0.87.a: [LOWI-Scan] decode_rsn_wpa_ie: LOWI_ENCRYPTION_TYPE_WPA_PSK
12-14 03:35:14.992 1398 5729 D LOWI-9.0.0.87.a: [LOWI-Scan] is_qcom_ie, bss_age: 0
12-14 03:35:14.992 1398 5729 D LOWI-9.0.0.87.a: [LOWI-Scan] BSS 18:6f:2d:81:25:43 LOWI_PHY_MODE_11NG_HT20(5), Beacon Interval: 100, LOWI_ENCRYPTION_TYPE_WPA_PSK 11mcRanging: No, ANQP: No, LCI: No, Civic: No, capability(0x0531): ESS Privacy ShortPreamble SpectrumMgmt ShortSlotTime
12-14 03:35:14.992 1398 5729 D LOWI-9.0.0.87.a: [LOWI-Scan] BSS 18:6f:2d:81:25:43 FREQ: 2437, cFreq1[40:80:160] = [2437:0:0] cFreq2 = 0 Country Code = CN
12-14 03:35:14.992 1398 5729 D LOWI-9.0.0.87.a: [LOWI-Scan] BSS 18:6f:2d:81:25:43 (wlan0) ASSO: NO AddInfo: 0x0, TSF 0, 00:13:03.058, RSSI: -82, CPL: 127, AGE: 1052, SSID ZXHY, TSFDelta: 0x8008960a, TXRate: 0
12-14 03:35:14.992 1398 5729 D LOWI-9.0.0.87.a: [LOWI-Scan]
12-14 03:35:14.992 1398 5729 D LOWI-9.0.0.87.a: [LOWI-Scan] print_bss_handler: Report Probe TSF 783058588 as it greater than Beacon TSF 732780900
12-14 03:35:14.992 1398 5729 D LOWI-9.0.0.87.a: [LOWI-Scan] decode_rsn_wpa_ie: LOWI_ENCRYPTION_TYPE_WPA_PSK
12-14 03:35:14.992 1398 5729 D LOWI-9.0.0.87.a: [LOWI-Scan] is_qcom_ie, bss_age: 0
12-14 03:35:14.992 1398 5729 D LOWI-9.0.0.87.a: [LOWI-Scan] BSS 18:6f:2d:81:25:44 LOWI_PHY_MODE_11NG_HT20(5), Beacon Interval: 100, LOWI_ENCRYPTION_TYPE_WPA_PSK 11mcRanging: No, ANQP: No, LCI: No, Civic: No, capability(0x0531): ESS Privacy ShortPreamble SpectrumMgmt ShortSlotTime
12-14 03:35:14.992 1398 5729 D LOWI-9.0.0.87.a: [LOWI-Scan] BSS 18:6f:2d:81:25:44 FREQ: 2437, cFreq1[40:80:160] = [2437:0:0] cFreq2 = 0 Country Code = CN
12-14 03:35:14.992 1398 5729 D LOWI-9.0.0.87.a: [LOWI-Scan] BSS 18:6f:2d:81:25:44 (wlan0) ASSO: NO AddInfo: 0x0, TSF 0, 00:13:03.058, RSSI: -84, CPL: 127, AGE: 1052, SSID Fanya, TSFDelta: 0x80167637, TXRate: 0
12-14 03:35:14.993 1398 5729 D LOWI-9.0.0.87.a: [LOWI-Scan]
12-14 03:35:14.993 1398 5729 D LOWI-9.0.0.87.a: [LOWI-Scan] print_bss_handler: Report Probe TSF 783058147 as it greater than Beacon TSF 706455238
12-14 03:35:14.993 1398 5729 D LOWI-9.0.0.87.a: [LOWI-Scan] decode_rsn_wpa_ie: LOWI_ENCRYPTION_TYPE_WPA_PSK
12-14 03:35:14.993 1398 5729 D LOWI-9.0.0.87.a: [LOWI-Scan] is_qcom_ie, bss_age: 0
12-14 03:35:14.993 1398 5729 D LOWI-9.0.0.87.a: [LOWI-Scan] BSS 18:6f:2d:81:25:40 LOWI_PHY_MODE_11NG_HT20(5), Beacon Interval: 100, LOWI_ENCRYPTION_TYPE_WPA_PSK 11mcRanging: No, ANQP: No, LCI: No, Civic: No, capability(0x0531): ESS Privacy ShortPreamble SpectrumMgmt ShortSlotTime
12-14 03:35:14.993 1398 5729 D LOWI-9.0.0.87.a: [LOWI-Scan] BSS 18:6f:2d:81:25:40 FREQ: 2437, cFreq1[40:80:160] = [2437:0:0] cFreq2 = 0 Country Code = CN
12-14 03:35:14.993 1398 5729 D LOWI-9.0.0.87.a: [LOWI-Scan] BSS 18:6f:2d:81:25:40 (wlan0) ASSO: NO AddInfo: 0x0, TSF 0, 00:13:03.058, RSSI: -82, CPL: 127, AGE: 1052, SSID Testing , TSFDelta: 0x7fba72ad, TXRate: 0
12-14 03:35:14.993 1398 5729 D LOWI-9.0.0.87.a: [LOWI-Scan]
12-14 03:35:14.993 1398 5729 D LOWI-9.0.0.87.a: [LOWI-Scan] print_bss_handler: Report Probe TSF 783058311 as it greater than Beacon TSF 732779891
12-14 03:35:14.993 1398 5729 D LOWI-9.0.0.87.a: [LOWI-Scan] is_qcom_ie, bss_age: 0
12-14 03:35:14.993 1398 5729 D LOWI-9.0.0.87.a: [LOWI-Scan] BSS 18:6f:2d:81:25:41 LOWI_PHY_MODE_11NG_HT20(5), Beacon Interval: 100, LOWI_ENCRYPTION_TYPE_OPEN 11mcRanging: No, ANQP: No, LCI: No, Civic: No, capability(0x0521): ESS ShortPreamble SpectrumMgmt ShortSlotTime
12-14 03:35:14.993 1398 5729 D LOWI-9.0.0.87.a: [LOWI-Scan] BSS 18:6f:2d:81:25:41 FREQ: 2437, cFreq1[40:80:160] = [2437:0:0] cFreq2 = 0 Country Code = CN
