01-01 10:15:59.284 0 0 D cnss : Removing vote for Regulator vdd-wlan-aon
01-01 10:15:59.284 0 0 D cnss : Removing vote for Regulator vdd-wlan-io
01-01 10:15:59.284 0 0 D cnss : PM relax, state: 0x107, count: 0
01-01 10:15:59.284 0 0 I [wifi@1][0x329bedfbe][03:33:56.223994] wlan: [827:I:DP] 00000000: 0d 8c 22 e1 ff 83 c5 43 a3 8a 91 d9 e5 75 ac e5
01-01 10:15:59.284 0 0 I [wifi@1][0x329bee8a8][03:33:56.224113] wlan: [827:I:DP] 00000010: 88 ee 18 09
01-01 10:15:59.284 0 0 I [wifi@1][0x329bee9e9][03:33:56.224129] wlan: [827:I:DP] 00000000: 0f 21 3c 7f b3 ca 00 f4 47 96 72 36 0d 13 ff 71
01-01 10:15:59.284 0 0 I [wifi@1][0x329beea9f][03:33:56.224139] wlan: [827:I:DP] 00000010: 4d 58 0a c6 3c 88 c0 f5 79 6c 90 c7 ee a3 45 03
01-01 10:15:59.284 0 0 I [wifi@1][0x329beeb54][03:33:56.224148] wlan: [827:I:DP] 00000020: 13 be 63 28 b8 84 9f 67 de 30 00 f5
12-14 03:33:56.233 1206 1206 I wificond: Regulatory domain changed to country: CN on wiphy_index: 0
12-14 03:33:56.235 1206 1206 I wificond: 2.4Ghz frequencies: 2412 2417 2422 2427 2432 2437 2442 2447 2452 2457 2462 2467 2472
12-14 03:33:56.235 1206 1206 I wificond: 5Ghz non-DFS frequencies: 5180 5200 5220 5240 5745 5765 5785 5805 5825
12-14 03:33:56.235 1206 1206 I wificond: 5Ghz DFS frequencies: 5260 5280 5300 5320
12-14 03:33:56.235 1206 1206 I wificond: 6Ghz frequencies:
12-14 03:33:56.235 1206 1206 I wificond: 60Ghz frequencies:
12-14 03:33:56.243 827 5720 D android.hardware.wifi@1.0-service: Starting legacy HAL event loop
12-14 03:33:56.243 827 827 I android.hardware.wifi@1.0-service: Adding interface handle for p2p0
12-14 03:33:56.243 827 827 I android.hardware.wifi@1.0-service: Adding interface handle for wlan0
12-14 03:33:56.243 827 827 I android.hardware.wifi@1.0-service: Adding interface handle for wifi-aware0
12-14 03:33:56.244 827 827 D android.hardware.wifi@1.0-service: Legacy HAL start complete
12-14 03:33:56.244 827 827 W android.hardware.wifi@1.0-service: No active wlan interfaces in use! Using default
12-14 03:33:56.244 827 827 W android.hardware.wifi@1.0-service: No active wlan interfaces in use! Using default
12-14 03:33:56.246 827 827 I android.hardware.wifi@1.0-service: Configured chip in mode 3
12-14 03:33:56.246 827 827 W android.hardware.wifi@1.0-service: No active wlan interfaces in use! Using default
01-01 10:15:59.313 0 0 E [wifi@1][0x329c76d30][03:33:56.253186] wlan: [5720:E:wifipos] wifi_pos_process_app_reg_req: 608: Received App Req Req pid(960496443), len(16)
01-01 10:15:59.314 0 0 I [wifi@1][0x329c7ac7d][03:33:56.254031] wlan: [5720:I:wifipos] wifi_pos_get_ch_info: 461: num channels: 26
01-01 10:15:59.314 0 0 I [wifi@1][0x329c7ca31][03:33:56.254427] wlan: [5720:I:wifipos] wifi_pos_get_ch_info: 461: num channels: 26
12-14 03:33:56.263 1206 1206 I wificond: createClientInterface: wiphy_index 0 iface_name wlan0
12-14 03:33:56.264 1206 1206 I wificond: create scanner for interface with index: 17
12-14 03:33:56.264 1206 1206 I wificond: subscribe scan result for interface with index: 17
12-14 03:33:56.265 1206 1206 I wificond: add channel type 0 support at wiphy index: 0
12-14 03:33:56.265 1206 1206 I wificond: add channel type 1 support at wiphy index: 0
01-01 10:15:59.336 0 0 I init : starting service 'wpa_supplicant'...
01-01 10:15:59.337 0 0 I init : Created socket '/dev/socket/vendor_wpa_wlan0', mode 660, user 1010, group 1010
01-01 10:15:59.342 0 0 I init : Control message: Processed ctl.interface_start for 'android.hardware.wifi.supplicant@1.0::ISupplicant/default' from pid: 500 (/system/bin/hwservicemanager)
01-01 10:15:59.563 0 0 D : mv2112_read_status
01-01 10:15:59.563 0 0 D mv2112_update_link: 3.0x901(1G): 0x80
01-01 10:15:59.563 0 0 D mv2112_update_link: 3.0x8109(100M): 0x8
01-01 10:15:59.563 0 0 D mv2112_update_link: link 0x0
01-01 10:15:59.563 0 0 D mv2112_read_status: autoneg is disabled
01-01 10:15:59.595 0 0 I [schedu][0x32a19f56a][03:33:56.534896] wlan: [5714:I:HIF] Deinitializing Runtime PM wakelock &vdev->vdev_set_key_runtime_wakelock
01-01 10:15:59.596 0 0 I [schedu][0x32a1a5fb3][03:33:56.536314] wlan: [5714:I:HIF] Initializing Runtime PM wakelock &vdev->vdev_set_key_runtime_wakelock
01-01 10:15:59.609 0 0 I [wifi@1][0x32a1e34ec][03:33:56.549396] wlan: [827:I:DP] dp_vdev_attach_wifi3: wlan_cfg_ap_bridge_enabled 0
12-14 03:33:56.548 827 827 D android.hardware.wifi@1.0-service: Successfully SetMacAddress.
01-01 10:15:59.617 0 0 E [wifi@1][0x32a208758][03:33:56.557322] wlan: [5720:E:wifipos] wifi_pos_process_app_reg_req: 608: Received App Req Req pid(960496443), len(16)
01-01 10:15:59.618 0 0 I [wifi@1][0x32a20b0a1][03:33:56.557872] wlan: [5720:I:wifipos] wifi_pos_get_ch_info: 461: num channels: 26
01-01 10:15:59.618 0 0 I [wifi@1][0x32a20d203][03:33:56.558317] wlan: [5720:I:wifipos] wifi_pos_get_ch_info: 461: num channels: 26
01-01 10:15:59.891 0 0 I [schedu][0x32a70b4b1][03:33:56.830993] wlan: [5714:I:OSIF] scan start scan id 40961
12-14 03:33:56.861 1483 1483 W Looper : Slow dispatch took 367ms main h=android.app.ActivityThread$H c=android.app.LoadedApk$ReceiverDispatcher$Args$$ExternalSyntheticLambda0@629faf1 m=0
12-14 03:33:56.861 1483 1483 W Looper : Slow delivery took 367ms main h=android.app.ActivityThread$H c=android.app.LoadedApk$ReceiverDispatcher$Args$$ExternalSyntheticLambda0@1bb76d6 m=0
12-14 03:33:56.878 1483 1483 W Looper : Drained
01-01 10:16:00.586 0 0 D : mv2112_read_status
01-01 10:16:00.586 0 0 D mv2112_update_link: 3.0x901(1G): 0x80
01-01 10:16:00.586 0 0 D mv2112_update_link: 3.0x8109(100M): 0x8
01-01 10:16:00.586 0 0 D mv2112_update_link: link 0x0
01-01 10:16:00.586 0 0 D mv2112_read_status: autoneg is disabled
01-01 10:16:00.746 0 0 E [wifi@1][0x32b6b3779][03:33:57.686071] wlan: [827:E:HDD] wlan_hdd_send_ll_stats_req: 1597: Target response timed out request id 0 request bitmap 0x1
01-01 10:16:00.746 0 0 E [wifi@1][0x32b6b3ff4][03:33:57.686183] wlan: [827:E:HDD] __wlan_hdd_cfg80211_ll_stats_get: 1742: Failed to send LL stats request (id:0)
01-01 10:16:01.085 0 0 I [schedu][0x32bce97fd][03:33:58.025277] wlan: [5714:I:OSIF] vdev 0, scan id 40961 type COMPLETED(1) reason COMPLETED(1) scan found 107 bss
01-01 10:16:01.272 0 0 I [schedu][0x32c052b49][03:33:58.211561] wlan: [5714:I:HIF] Deinitializing Runtime PM wakelock &vdev->vdev_set_key_runtime_wakelock
01-01 10:16:01.273 0 0 I [schedu][0x32c057e1e][03:33:58.212666] wlan: [5714:I:HIF] Initializing Runtime PM wakelock &vdev->vdev_set_key_runtime_wakelock
12-14 03:33:58.226 827 827 D android.hardware.wifi@1.0-service: Successfully SetMacAddress.
01-01 10:16:01.287 0 0 I [wifi@1][0x32c098c26][03:33:58.226506] wlan: [827:I:DP] dp_vdev_attach_wifi3: wlan_cfg_ap_bridge_enabled 0
12-14 03:33:58.236 1206 1206 W wificond: Scan is not started. Ignore abort request
01-01 10:16:01.298 0 0 E [wifi@1][0x32c0cf3d1][03:33:58.238128] wlan: [5720:E:wifipos] wifi_pos_process_app_reg_req: 608: Received App Req Req pid(960496443), len(16)
01-01 10:16:01.299 0 0 I [wifi@1][0x32c0d191d][03:33:58.238626] wlan: [5720:I:wifipos] wifi_pos_get_ch_info: 461: num channels: 26
01-01 10:16:01.299 0 0 I [wifi@1][0x32c0d38ef][03:33:58.239050] wlan: [5720:I:wifipos] wifi_pos_get_ch_info: 461: num channels: 26
01-01 10:16:01.560 0 0 I [wpa_su][0x32c598c7c][03:33:58.499577] wlan: [5724:I:SME] vdev-0: Connecting to TP-LINK_Figure_6d0405 6c:b1:58:0f:7d:3b rssi: -14 freq: 5805 akm 9 cipher: uc 6 mc 6, CC: CN
01-01 10:16:01.560 0 0 E [wpa_su][0x32c599f6a][03:33:58.499830] wlan: [5724:E:QDF] Cannot malloc 0 bytes @ csr_get_cfg_max_tx_power:14199
01-01 10:16:01.561 0 0 I [schedu][0x32c5a1747][03:33:58.501428] wlan: [5714:I:WMI] send_vdev_start_cmd_tlv: 1062: send_vdev_start_cmd_tlv: vdev_id 0 freq 5805 chanmode 10 ch_info: 0xa is_dfs 0 beacon interval 100 dtim 0 center_chan 5775 center_freq2 0 reg_info_1: 0x180000 reg_info_2: 0x1800, req->max_txpow: 0x18 Tx SS 1, Rx SS 1, ldpc_rx: 0, cac 0, regd 4, HE ops: 0req->dis_hw_ack: 0
01-01 10:16:01.583 0 0 I [soft_i][0x32c606ace][03:33:58.523022] wlan: [0:I:TXRX] HTT_T2H_MSG_TYPE_PEER_MAP msg for peer id 6 vdev id 0 n
01-01 10:16:01.583 0 0 E [soft_i][0x32c606db4][03:33:58.523060] wlan: [0:E:DP] dp_peer_find_add_id: peer 0000000000000000 ID 6 vid 0 mac 6c:b1:58:0f:7d:3b
01-01 10:16:01.583 0 0 I [soft_i][0x32c606f89][03:33:58.523084] wlan: [0:I:DP] dp_peer_find_add_id: ref_cnt: 2
01-01 10:16:01.583 0 0 E [soft_i][0x32c607108][03:33:58.523104] wlan: [0:E:DP] dp_peer_map_ast: peer 0000000000000000 ID 38 vid 0 mac 6c:b1:58:0f:7d:3b
01-01 10:16:01.610 0 0 D : mv2112_read_status
01-01 10:16:01.610 0 0 D mv2112_update_link: 3.0x901(1G): 0x80
01-01 10:16:01.610 0 0 D mv2112_update_link: 3.0x8109(100M): 0x8
01-01 10:16:01.610 0 0 D mv2112_update_link: link 0x0
01-01 10:16:01.610 0 0 D mv2112_read_status: autoneg is disabled
01-01 10:16:01.699 0 0 I [schedu][0x32c825282][03:33:58.638751] wlan: [5714:I:PE] Auth TX: seq 1 seq num 2049 status 0 WEP 0 to 6c:b1:58:0f:7d:3b
01-01 10:16:01.701 0 0 I [schedu][0x32c82e126][03:33:58.640653] wlan: [5714:I:PE] Auth TX: success
01-01 10:16:01.708 0 0 I [schedu][0x32c84ec7d][03:33:58.647630] wlan: [5714:I:PE] Auth RX: vdev 0 sys role 3 lim_state 5 from 6c:b1:58:0f:7d:3b rssi -13 auth_alg 0 seq 0
01-01 10:16:01.708 0 0 I [schedu][0x32c84f9f4][03:33:58.647810] wlan: [5714:I:PE] Assoc req TX: vdev 0 to 6c:b1:58:0f:7d:3b seq num 2050
01-01 10:16:01.709 0 0 I [schedu][0x32c8568d6][03:33:58.649288] wlan: [5714:I:PE] Assoc req TX: success
01-01 10:16:01.738 0 0 I [schedu][0x32c8de219][03:33:58.678212] wlan: [5714:I:PE] Assoc rsp RX: subtype 0 vdev 0 sys role 3 lim state 10 rssi -13 from 6c:b1:58:0f:7d:3b
01-01 10:16:01.745 0 0 E [schedu][0x32c8ff0f4][03:33:58.685237] wlan: [5714:E:QDF] Cannot malloc 0 bytes @ csr_get_cfg_max_tx_power:14199
01-01 10:16:01.745 0 0 E [schedu][0x32c8ff255][03:33:58.685255] wlan: [5714:E:QDF] Cannot malloc 0 bytes @ csr_get_cfg_max_tx_power:14199
01-01 10:16:01.746 0 0 E [soft_i][0x32c903d1d][03:33:58.686252] wlan: [0:E:DP] dp_tx_initialize_threshold: tx flow control threshold is set, pool size is 4096
01-01 10:16:01.746 0 0 I [schedu][0x32c904420][03:33:58.686346] wlan: [5714:I:HDD] wlan0(vdevid-0): be:d4:30:99:35:ec connected to 6c:b1:58:0f:7d:3b
01-01 10:16:01.759 0 0 I [dp_rx_][0x32c93dc51][03:33:58.698615] wlan: [5716:I:QDF] EAPOL-1 RX: SA:6c:b1:58:0f:7d:3b DA:be:d4:30:99:35:ec
01-01 10:16:01.767 0 0 I [soft_i][0x32c963f45][03:33:58.706761] wlan: [0:I:QDF] EAPOL-2 TX: SA:be:d4:30:99:35:ec DA:6c:b1:58:0f:7d:3b msdu_id:0 status: succ
01-01 10:16:01.769 0 0 I [dp_rx_][0x32c96ca83][03:33:58.708618] wlan: [5716:I:QDF] EAPOL-3 RX: SA:6c:b1:58:0f:7d:3b DA:be:d4:30:99:35:ec
01-01 10:16:01.771 0 0 I [soft_i][0x32c979fe5][03:33:58.711463] wlan: [0:I:QDF] EAPOL-4 TX: SA:be:d4:30:99:35:ec DA:6c:b1:58:0f:7d:3b msdu_id:0 status: succ
01-01 10:16:01.787 0 0 E [schedu][0x32c9c48ff][03:33:58.727371] wlan: [5714:E:QDF] Cannot malloc 0 bytes @ csr_get_cfg_max_tx_power:14199
01-01 10:16:01.799 0 0 I [schedu][0x32c9f93cb][03:33:58.738608] wlan: [5714:I:WMI] LFR3:OKC enabled
01-01 10:16:01.799 0 0 I [schedu][0x32c9f947a][03:33:58.738617] wlan: [5714:I:WMI] LFR3:PMKSA caching enabled
01-01 10:16:01.819 0 0 I [soft_i][0x32ca56ce6][03:33:58.758569] wlan: [0:I:DP] dp_addba_requestprocess_wifi3 restore BA win 64 based on addba req
01-01 10:16:01.885 0 0 E [wifi@1][0x32cb8cd57][03:33:58.824709] wlan: [827:E:HDD] hdd_enable_ns_offload: 484: Failed to cache ns request; status:4
01-01 10:16:01.886 0 0 W cnss-daemon: Invalid mac address
01-01 10:16:01.887 0 0 W cnss-daemon: failed to update gateway
01-01 10:16:01.925 0 0 I [soft_i][0x32cc4b332][03:33:58.865320] wlan: [0:I:QDF] DHCP-R TX: SA:be:d4:30:99:35:ec DA:ff:ff:ff:ff:ff:ff msdu_id:1 status: succ
01-01 10:16:01.930 0 0 I [dp_rx_][0x32cc6051e][03:33:58.869826] wlan: [5716:I:QDF] DHCP-R RX: SA:be:d4:30:99:35:ec DA:ff:ff:ff:ff:ff:ff
01-01 10:16:01.930 0 0 I [dp_rx_][0x32cc613d7][03:33:58.870022] wlan: [5716:I:QDF] DHCP-A RX: SA:6c:b1:58:0f:7d:39 DA:be:d4:30:99:35:ec
01-01 10:16:01.975 0 0 I [soft_i][0x32cd35d85][03:33:58.915378] wlan: [0:I:DP] dp_addba_requestprocess_wifi3 restore BA win 64 based on addba req
12-14 03:33:58.924 1206 1206 I wificond: Regulatory domain changed to country: CN on wiphy_index: 0
12-14 03:33:58.926 1206 1206 I wificond: 2.4Ghz frequencies: 2412 2417 2422 2427 2432 2437 2442 2447 2452 2457 2462 2467 2472
12-14 03:33:58.926 1206 1206 I wificond: 5Ghz non-DFS frequencies: 5180 5200 5220 5240 5745 5765 5785 5805 5825
12-14 03:33:58.927 1206 1206 I wificond: 5Ghz DFS frequencies: 5260 5280 5300 5320
12-14 03:33:58.927 1206 1206 I wificond: 6Ghz frequencies:
12-14 03:33:58.927 1206 1206 I wificond: 60Ghz frequencies:
12-14 03:33:58.944 1483 1620 V BatteryExternalStatsWorker: WiFi energy data was reset, new WiFi energy data is WifiActivityEnergyInfo{ mTimeSinceBootMillis=708073 mStackState=3 mControllerTxDurationMillis=6 mControllerRxDurationMillis=43 mControllerScanDurationMillis=767 mControllerIdleDurationMillis=1559 mControllerEnergyUsedMicroJoules=34169 }
12-14 03:33:58.961 661 736 E NetlinkEvent: NetlinkEvent::FindParam(): Parameter 'INTERFACE' not found
12-14 03:33:58.961 661 736 E NetlinkEvent: NetlinkEvent::FindParam(): Parameter 'STATE' not found
12-14 03:33:58.961 661 736 E NetlinkEvent: NetlinkEvent::FindParam(): Parameter 'TIME_NS' not found
12-14 03:33:58.961 661 736 E NetlinkEvent: NetlinkEvent::FindParam(): Parameter 'UID' not found
12-14 03:33:58.976 1483 1893 W ContextImpl: Calling a method in the system process without a qualified user: android.app.ContextImpl.sendStickyBroadcast:1559 com.android.server.ConnectivityService.sendStickyBroadcast:2811 com.android.server.ConnectivityService.sendGeneralBroadcast:2786 com.android.server.ConnectivityService.sendConnectedBroadcast:2759 com.android.server.ConnectivityService.sendLegacyNetworkBroadcast:8704
12-14 03:33:58.989 1483 1893 W ContextImpl: Calling a method in the system process without a qualified user: android.app.ContextImpl.sendStickyBroadcast:1559 com.android.server.ConnectivityService.sendStickyBroadcast:2811 com.android.server.ConnectivityService.sendGeneralBroadcast:2786 com.android.server.ConnectivityService.sendInetConditionBroadcast:2763 com.android.server.ConnectivityService.updateInetCondition:8451
01-01 10:16:02.075 0 0 E [wifi@1][0x32cf0a1d3][03:33:59.015275] wlan: [827:E:QDF] Cannot malloc 0 bytes @ csr_get_cfg_max_tx_power:14199
01-01 10:16:02.075 0 0 E [wifi@1][0x32cf0aaeb][03:33:59.015396] wlan: [827:E:QDF] Cannot malloc 0 bytes @ csr_get_cfg_max_tx_power:14199
01-01 10:16:02.076 0 0 I [schedu][0x32cf0ccbd][03:33:59.015847] wlan: [5714:I:WMI] LFR3:OKC enabled
01-01 10:16:02.076 0 0 I [schedu][0x32cf0cd35][03:33:59.015853] wlan: [5714:I:WMI] LFR3:PMKSA caching enabled
01-01 10:16:02.076 0 0 I [schedu][0x32cf0e18f][03:33:59.016125] wlan: [5714:I:WMI] LFR3:OKC enabled
01-01 10:16:02.076 0 0 I [schedu][0x32cf0e1fb][03:33:59.016130] wlan: [5714:I:WMI] LFR3:PMKSA caching enabled
01-01 10:16:02.636 0 0 D : mv2112_read_status
01-01 10:16:02.636 0 0 D mv2112_update_link: 3.0x901(1G): 0x80
01-01 10:16:02.636 0 0 D mv2112_update_link: 3.0x8109(100M): 0x8
01-01 10:16:02.636 0 0 D mv2112_update_link: link 0x0
01-01 10:16:02.636 0 0 D mv2112_read_status: autoneg is disabled
01-01 10:16:03.658 0 0 D : mv2112_read_status
01-01 10:16:03.658 0 0 D mv2112_update_link: 3.0x901(1G): 0x80
01-01 10:16:03.658 0 0 D mv2112_update_link: 3.0x8109(100M): 0x8
01-01 10:16:03.658 0 0 D mv2112_update_link: link 0x0
01-01 10:16:03.658 0 0 D mv2112_read_status: autoneg is disabled
01-01 10:16:04.682 0 0 D : mv2112_read_status
01-01 10:16:04.682 0 0 D mv2112_update_link: 3.0x901(1G): 0x80
01-01 10:16:04.682 0 0 D mv2112_update_link: 3.0x8109(100M): 0x8
01-01 10:16:04.682 0 0 D mv2112_update_link: link 0x0
01-01 10:16:04.682 0 0 D mv2112_read_status: autoneg is disabled
12-14 03:34:02.625 1483 1912 I GameModeConfig: isGameModeOn = false
01-01 10:16:05.706 0 0 D : mv2112_read_status
01-01 10:16:05.706 0 0 D mv2112_update_link: 3.0x901(1G): 0x80
01-01 10:16:05.706 0 0 D mv2112_update_link: 3.0x8109(100M): 0x8
01-01 10:16:05.706 0 0 D mv2112_update_link: link 0x0
01-01 10:16:05.706 0 0 D mv2112_read_status: autoneg is disabled
12-14 03:34:02.677 1483 1912 I GameModeConfig: isGameModeOn = false
12-14 03:34:02.707 1483 1912 I GameModeConfig: isGameModeOn = false
12-14 03:34:02.728 1483 1912 I GameModeConfig: isGameModeOn = false
12-14 03:34:02.770 1483 1912 I GameModeConfig: isGameModeOn = false
12-14 03:34:02.794 1483 1912 I GameModeConfig: isGameModeOn = false
12-14 03:34:02.809 1483 1912 I GameModeConfig: isGameModeOn = false
12-14 03:34:02.825 1483 1912 I GameModeConfig: isGameModeOn = false
01-01 10:16:06.730 0 0 D : mv2112_read_status
01-01 10:16:06.730 0 0 D mv2112_update_link: 3.0x901(1G): 0x80
01-01 10:16:06.731 0 0 D mv2112_update_link: 3.0x8109(100M): 0x8
01-01 10:16:06.731 0 0 D mv2112_update_link: link 0x0
01-01 10:16:06.731 0 0 D mv2112_read_status: autoneg is disabled
01-01 10:16:07.754 0 0 D : mv2112_read_status
01-01 10:16:07.754 0 0 D mv2112_update_link: 3.0x901(1G): 0x80
01-01 10:16:07.754 0 0 D mv2112_update_link: 3.0x8109(100M): 0x8
01-01 10:16:07.754 0 0 D mv2112_update_link: link 0x0
01-01 10:16:07.754 0 0 D mv2112_read_status: autoneg is disabled
01-01 10:16:08.778 0 0 D : mv2112_read_status
01-01 10:16:08.779 0 0 D mv2112_update_link: 3.0x901(1G): 0x80
01-01 10:16:08.779 0 0 D mv2112_update_link: 3.0x8109(100M): 0x8
01-01 10:16:08.779 0 0 D mv2112_update_link: link 0x0
01-01 10:16:08.779 0 0 D mv2112_read_status: autoneg is disabled
12-14 03:34:06.690 1483 1712 D ActivityManager: freezing 2521 com.qualcomm.qti.qccauthmgr
12-14 03:34:06.690 1483 1712 E ActivityManager: Unable to freeze binder for 2521 com.qualcomm.qti.qccauthmgr
12-14 03:34:06.692 1483 1712 D ActivityManager: froze 2521 com.qualcomm.qti.qccauthmgr
12-14 03:34:06.692 1483 1712 E ActivityManager: Unable to freeze binder for 2521 com.qualcomm.qti.qccauthmgr
01-01 10:16:09.750 0 0 I binder : 1483:1712 ioctl 400c620e 7880bc55d8 returned -22
01-01 10:16:09.752 0 0 I binder : 1483:1712 ioctl c00c620f 7880bc55b8 returned -22
12-14 03:34:06.694 1483 1712 I ActivityManager: Killing 2521:com.qualcomm.qti.qccauthmgr/u0a85 (adj 905): Unable to freeze binder interface
01-01 10:16:09.802 0 0 D : mv2112_read_status
01-01 10:16:09.802 0 0 D mv2112_update_link: 3.0x901(1G): 0x80
01-01 10:16:09.802 0 0 D mv2112_update_link: 3.0x8109(100M): 0x8
01-01 10:16:09.802 0 0 D mv2112_update_link: link 0x0
01-01 10:16:09.802 0 0 D mv2112_read_status: autoneg is disabled
01-01 10:16:10.034 0 0 I [schedu][0x3360c5ae0][03:34:06.974222] wlan: [5714:I:OSIF] scan start scan id 40962
01-01 10:16:10.826 0 0 D : mv2112_read_status
01-01 10:16:10.826 0 0 D mv2112_update_link: 3.0x901(1G): 0x80
01-01 10:16:10.826 0 0 D mv2112_update_link: 3.0x8109(100M): 0x8
01-01 10:16:10.827 0 0 D mv2112_update_link: link 0x0
01-01 10:16:10.827 0 0 D mv2112_read_status: autoneg is disabled
01-01 10:16:11.797 0 0 I [schedu][0x33810cc22][03:34:08.737013] wlan: [5714:I:OSIF] vdev 0, scan id 40962 type COMPLETED(1) reason COMPLETED(1) scan found 97 bss
01-01 10:16:11.850 0 0 D : mv2112_read_status
01-01 10:16:11.850 0 0 D mv2112_update_link: 3.0x901(1G): 0x80
01-01 10:16:11.850 0 0 D mv2112_update_link: 3.0x8109(100M): 0x8
01-01 10:16:11.850 0 0 D mv2112_update_link: link 0x0
01-01 10:16:11.850 0 0 D mv2112_read_status: autoneg is disabled
01-01 10:16:12.874 0 0 D : mv2112_read_status
01-01 10:16:12.874 0 0 D mv2112_update_link: 3.0x901(1G): 0x80
01-01 10:16:12.875 0 0 D mv2112_update_link: 3.0x8109(100M): 0x8
01-01 10:16:12.875 0 0 D mv2112_update_link: link 0x0
01-01 10:16:12.875 0 0 D mv2112_read_status: autoneg is disabled
01-01 10:16:13.898 0 0 D : mv2112_read_status
01-01 10:16:13.898 0 0 D mv2112_update_link: 3.0x901(1G): 0x80
01-01 10:16:13.899 0 0 D mv2112_update_link: 3.0x8109(100M): 0x8
01-01 10:16:13.899 0 0 D mv2112_update_link: link 0x0
01-01 10:16:13.899 0 0 D mv2112_read_status: autoneg is disabled
01-01 10:16:14.922 0 0 D : mv2112_read_status
01-01 10:16:14.922 0 0 D mv2112_update_link: 3.0x901(1G): 0x80
01-01 10:16:14.922 0 0 D mv2112_update_link: 3.0x8109(100M): 0x8
01-01 10:16:14.922 0 0 D mv2112_update_link: link 0x0
01-01 10:16:14.922 0 0 D mv2112_read_status: autoneg is disabled
12-14 03:34:12.644 1483 2029 I ActivityTaskManager: START u0 {act=android.settings.WIFI_DETAILS_SETTINGS flg=0x14000000 cmp=com.android.settings/.Settings$WifiDetailsSettingsActivity (has extras)} from uid 10082
12-14 03:34:12.648 1483 2029 W ActivityTaskManager: Can't find TaskDisplayArea to determine support for multi window. Task id=23 attached=false
12-14 03:34:12.665 1483 1979 I ActivityTaskManager: FOREGROUND_APPLICATION_CHANGED to com.android.settings.Settings$WifiDetailsSettingsActivity
12-14 03:34:12.666 1483 1979 I ActivityTaskManager: The Process com.android.settings Already Exists in BG. So sending its PID: 2381
12-14 03:34:12.666 1483 1979 W ActivityTaskManager: Tried to set launchTime (0) < mLastActivityLaunchTime (51031)
12-14 03:34:12.707 1483 2029 D CompatibilityChangeReporter: Compat change id reported: 135634846; UID 10085; state: DISABLED
12-14 03:34:12.707 1483 2029 D CompatibilityChangeReporter: Compat change id reported: 177438394; UID 10085; state: DISABLED
12-14 03:34:12.707 1483 2029 D CompatibilityChangeReporter: Compat change id reported: 135772972; UID 10085; state: DISABLED
12-14 03:34:12.707 1483 2029 D CompatibilityChangeReporter: Compat change id reported: 135754954; UID 10085; state: ENABLED
12-14 03:34:12.707 1483 1979 I ActivityTaskManager: START u0 {act=android.settings.WIFI_DETAILS_SETTINGS flg=0x14000000 cmp=com.android.settings/.homepage.SettingsHomepageActivity (has extras)} from uid 1000
12-14 03:34:12.711 1483 1610 D CompatibilityChangeReporter: Compat change id reported: 143937733; UID 10085; state: ENABLED
12-14 03:34:12.718 1483 1524 I ActivityTaskManager: FOREGROUND_APPLICATION_CHANGED to com.android.settings.homepage.SettingsHomepageActivity
12-14 03:34:12.732 1483 1610 I ActivityManager: Start proc 5795:com.qualcomm.qti.qccauthmgr/u0a85 for content provider {com.qualcomm.qti.qccauthmgr/com.qualcomm.qti.qccauthmgr.providers.SMQContentProvider}
01-01 10:16:15.819 0 0 I binder : 5795:5795 ioctl 40046210 7fe6bbc0e4 returned -22
12-14 03:34:12.827 3783 3800 W ContextImpl: Calling a method in the system process without a qualified user: android.app.ContextImpl.startService:1816 android.content.ContextWrapper.startService:774 com.thundercomm.gamemode.ingame.services.GameModeActionUtils.startGameModeService:99 com.thundercomm.gamemode.ingame.services.GameModeActionUtils.startGameModeEntry:22 com.thundercomm.gamemode.ingame.services.ActivityMonitoringService$1.onActivityLaunch:127
12-14 03:34:12.832 1483 1483 I GameModeConfig: Current uri is uri = content://com.thundercomm.gamemode.api/gamemode_settings/gamemode_isgaming
12-14 03:34:12.834 1483 1483 I GameModeConfig: isGameModeOn = false
12-14 03:34:12.834 1483 1483 I GameModeConfig: isGameModeOn = false
12-14 03:34:12.834 1483 1483 I GameModeConfig: isDisableVoice = true
01-01 10:16:15.946 0 0 D : mv2112_read_status
01-01 10:16:15.946 0 0 D mv2112_update_link: 3.0x901(1G): 0x80
01-01 10:16:15.946 0 0 D mv2112_update_link: 3.0x8109(100M): 0x8
01-01 10:16:15.946 0 0 D mv2112_update_link: link 0x0
01-01 10:16:15.946 0 0 D mv2112_read_status: autoneg is disabled
12-14 03:34:13.021 1483 1912 I GameModeConfig: isGameModeOn = false
12-14 03:34:13.021 1483 1912 I GameModeConfig: isGameModeOn = false
12-14 03:34:13.021 1483 1912 I GameModeConfig: isGameModeOn = false
12-14 03:34:13.021 1483 1912 I GameModeConfig: isGameModeOn = false
12-14 03:34:13.038 1483 1912 I GameModeConfig: isGameModeOn = false
12-14 03:34:13.038 1483 1912 I GameModeConfig: isGameModeOn = false
12-14 03:34:13.038 1483 1912 I GameModeConfig: isGameModeOn = false
12-14 03:34:13.038 1483 1912 I GameModeConfig: isGameModeOn = false
12-14 03:34:13.059 1483 1912 I GameModeConfig: isGameModeOn = false
12-14 03:34:13.059 1483 1912 I GameModeConfig: isGameModeOn = false
12-14 03:34:13.059 1483 1912 I GameModeConfig: isGameModeOn = false
12-14 03:34:13.059 1483 1912 I GameModeConfig: isGameModeOn = false
12-14 03:34:13.071 1483 1912 I GameModeConfig: isGameModeOn = false
12-14 03:34:13.071 1483 1912 I GameModeConfig: isGameModeOn = false
12-14 03:34:13.071 1483 1912 I GameModeConfig: isGameModeOn = false
12-14 03:34:13.071 1483 1912 I GameModeConfig: isGameModeOn = false
12-14 03:34:13.087 1483 1912 I GameModeConfig: isGameModeOn = false
12-14 03:34:13.087 1483 1912 I GameModeConfig: isGameModeOn = false
12-14 03:34:13.088 1483 1912 I GameModeConfig: isGameModeOn = false
12-14 03:34:13.088 1483 1912 I GameModeConfig: isGameModeOn = false
01-01 10:16:16.166 0 0 I [schedu][0x33d10a729][03:34:13.105586] wlan: [5714:I:OSIF] scan start scan id 40963
12-14 03:34:13.107 1483 1912 I GameModeConfig: isGameModeOn = false
12-14 03:34:13.107 1483 1912 I GameModeConfig: isGameModeOn = false
12-14 03:34:13.107 1483 1912 I GameModeConfig: isGameModeOn = false
12-14 03:34:13.107 1483 1912 I GameModeConfig: isGameModeOn = false
12-14 03:34:13.121 1483 1912 I GameModeConfig: isGameModeOn = false
12-14 03:34:13.121 1483 1912 I GameModeConfig: isGameModeOn = false
12-14 03:34:13.121 1483 1912 I GameModeConfig: isGameModeOn = false
12-14 03:34:13.121 1483 1912 I GameModeConfig: isGameModeOn = false
12-14 03:34:13.137 1483 1912 I GameModeConfig: isGameModeOn = false
12-14 03:34:13.137 1483 1912 I GameModeConfig: isGameModeOn = false
12-14 03:34:13.138 1483 1912 I GameModeConfig: isGameModeOn = false
12-14 03:34:13.138 1483 1912 I GameModeConfig: isGameModeOn = false
12-14 03:34:13.153 1483 1912 I GameModeConfig: isGameModeOn = false
12-14 03:34:13.153 1483 1912 I GameModeConfig: isGameModeOn = false
12-14 03:34:13.153 1483 1912 I GameModeConfig: isGameModeOn = false
12-14 03:34:13.154 1483 1912 I GameModeConfig: isGameModeOn = false
12-14 03:34:13.170 1483 1912 I GameModeConfig: isGameModeOn = false
12-14 03:34:13.170 1483 1912 I GameModeConfig: isGameModeOn = false
12-14 03:34:13.170 1483 1912 I GameModeConfig: isGameModeOn = false
12-14 03:34:13.170 1483 1912 I GameModeConfig: isGameModeOn = false
12-14 03:34:13.187 1483 1912 I GameModeConfig: isGameModeOn = false
12-14 03:34:13.187 1483 1912 I GameModeConfig: isGameModeOn = false
12-14 03:34:13.187 1483 1912 I GameModeConfig: isGameModeOn = false
12-14 03:34:13.187 1483 1912 I GameModeConfig: isGameModeOn = false
12-14 03:34:13.204 1483 1912 I GameModeConfig: isGameModeOn = false
12-14 03:34:13.204 1483 1912 I GameModeConfig: isGameModeOn = false
12-14 03:34:13.204 1483 1912 I GameModeConfig: isGameModeOn = false
12-14 03:34:13.204 1483 1912 I GameModeConfig: isGameModeOn = false
12-14 03:34:13.220 1483 1912 I GameModeConfig: isGameModeOn = false
12-14 03:34:13.220 1483 1912 I GameModeConfig: isGameModeOn = false
12-14 03:34:13.220 1483 1912 I GameModeConfig: isGameModeOn = false
12-14 03:34:13.221 1483 1912 I GameModeConfig: isGameModeOn = false
12-14 03:34:13.224 1483 1483 I GameModeConfig: isGameModeOn = false
12-14 03:34:13.226 1483 1590 W ActivityTaskManager: Can't find TaskDisplayArea to determine support for multi window. Task id=23 attached=false
12-14 03:34:13.226 1483 1590 W ActivityTaskManager: Can't find TaskDisplayArea to determine support for multi window. Task id=23 attached=false
12-14 03:34:13.237 1483 1912 I GameModeConfig: isGameModeOn = false
12-14 03:34:13.237 1483 1912 I GameModeConfig: isGameModeOn = false
12-14 03:34:13.237 1483 1912 I GameModeConfig: isGameModeOn = false
12-14 03:34:13.237 1483 1912 I GameModeConfig: isGameModeOn = false
12-14 03:34:13.240 1483 1483 I GameModeConfig: isGameModeOn = false
12-14 03:34:13.240 1483 1483 E NotificationService: Muting recently noisy 0|com.android.systemui|2048|null|10082
12-14 03:34:13.255 1483 1483 I GameModeConfig: isGameModeOn = false
12-14 03:34:13.256 1483 1483 E NotificationService: Muting recently noisy 0|com.android.systemui|2048|null|10082
12-14 03:34:13.260 1483 1912 I GameModeConfig: isGameModeOn = false
12-14 03:34:13.260 1483 1912 I GameModeConfig: isGameModeOn = false
12-14 03:34:13.260 1483 1912 I GameModeConfig: isGameModeOn = false
12-14 03:34:13.260 1483 1912 I GameModeConfig: isGameModeOn = false
12-14 03:34:13.272 1483 1483 I GameModeConfig: isGameModeOn = false
12-14 03:34:13.273 1483 1483 E NotificationService: Muting recently noisy 0|com.android.systemui|2048|null|10082
12-14 03:34:13.277 1483 1912 I GameModeConfig: isGameModeOn = false
12-14 03:34:13.278 1483 1912 I GameModeConfig: isGameModeOn = false
12-14 03:34:13.278 1483 1912 I GameModeConfig: isGameModeOn = false
12-14 03:34:13.278 1483 1912 I GameModeConfig: isGameModeOn = false
12-14 03:34:13.293 1483 1483 I GameModeConfig: isGameModeOn = false
12-14 03:34:13.293 1483 1483 E NotificationService: Muting recently noisy 0|com.android.systemui|2048|null|10082
12-14 03:34:13.303 1483 1912 I GameModeConfig: isGameModeOn = false
12-14 03:34:13.303 1483 1912 I GameModeConfig: isGameModeOn = false
12-14 03:34:13.303 1483 1912 I GameModeConfig: isGameModeOn = false
12-14 03:34:13.303 1483 1912 I GameModeConfig: isGameModeOn = false
12-14 03:34:13.310 1483 1483 I GameModeConfig: isGameModeOn = false
12-14 03:34:13.311 1483 1483 E NotificationService: Muting recently noisy 0|com.android.systemui|2048|null|10082
12-14 03:34:13.325 1483 1483 I GameModeConfig: isGameModeOn = false
12-14 03:34:13.326 1483 1483 E NotificationService: Muting recently noisy 0|com.android.systemui|2048|null|10082
12-14 03:34:13.339 1483 1483 I GameModeConfig: isGameModeOn = false
12-14 03:34:13.339 1483 1483 E NotificationService: Muting recently noisy 0|com.android.systemui|2048|null|10082
12-14 03:34:13.356 1483 1483 I GameModeConfig: isGameModeOn = false
12-14 03:34:13.356 1483 1483 E NotificationService: Muting recently noisy 0|com.android.systemui|2048|null|10082
12-14 03:34:13.374 1483 1483 I GameModeConfig: isGameModeOn = false
12-14 03:34:13.374 1483 1483 E NotificationService: Muting recently noisy 0|com.android.systemui|2048|null|10082
12-14 03:34:13.389 1483 1483 I GameModeConfig: isGameModeOn = false
12-14 03:34:13.390 1483 1483 E NotificationService: Muting recently noisy 0|com.android.systemui|2048|null|10082
12-14 03:34:13.406 1483 1483 I GameModeConfig: isGameModeOn = false
12-14 03:34:13.407 1483 1483 E NotificationService: Muting recently noisy 0|com.android.systemui|2048|null|10082
12-14 03:34:13.423 1483 1483 I GameModeConfig: isGameModeOn = false
12-14 03:34:13.423 1483 1483 E NotificationService: Muting recently noisy 0|com.android.systemui|2048|null|10082
12-14 03:34:13.439 1483 1483 I GameModeConfig: isGameModeOn = false
12-14 03:34:13.439 1483 1483 E NotificationService: Muting recently noisy 0|com.android.systemui|2048|null|10082
12-14 03:34:13.463 1483 1483 I GameModeConfig: isGameModeOn = false
12-14 03:34:13.463 1483 1483 E NotificationService: Muting recently noisy 0|com.android.systemui|2048|null|10082
12-14 03:34:13.479 1483 1483 I GameModeConfig: isGameModeOn = false
12-14 03:34:13.480 1483 1483 E NotificationService: Muting recently noisy 0|com.android.systemui|2048|null|10082
12-14 03:34:13.509 1483 1483 I GameModeConfig: isGameModeOn = false
12-14 03:34:13.510 1483 1483 E NotificationService: Muting recently noisy 0|com.android.systemui|2048|null|10082
01-01 10:16:16.970 0 0 D : mv2112_read_status
01-01 10:16:16.970 0 0 D mv2112_update_link: 3.0x901(1G): 0x80
01-01 10:16:16.970 0 0 D mv2112_update_link: 3.0x8109(100M): 0x8
01-01 10:16:16.970 0 0 D mv2112_update_link: link 0x0
01-01 10:16:16.970 0 0 D mv2112_read_status: autoneg is disabled
01-01 10:16:17.927 0 0 I [schedu][0x33f14a5cb][03:34:14.866848] wlan: [5714:I:OSIF] vdev 0, scan id 40963 type COMPLETED(1) reason COMPLETED(1) scan found 118 bss
01-01 10:16:17.994 0 0 D : mv2112_read_status
01-01 10:16:17.994 0 0 D mv2112_update_link: 3.0x901(1G): 0x80
01-01 10:16:17.994 0 0 D mv2112_update_link: 3.0x8109(100M): 0x8
01-01 10:16:17.994 0 0 D mv2112_update_link: link 0x0
01-01 10:16:17.994 0 0 D mv2112_read_status: autoneg is disabled
01-01 10:16:19.018 0 0 D : mv2112_read_status
01-01 10:16:19.018 0 0 D mv2112_update_link: 3.0x901(1G): 0x80
01-01 10:16:19.018 0 0 D mv2112_update_link: 3.0x8109(100M): 0x8
01-01 10:16:19.018 0 0 D mv2112_update_link: link 0x0
01-01 10:16:19.018 0 0 D mv2112_read_status: autoneg is disabled
12-14 03:34:16.675 1483 2798 E TaskPersister: File error accessing recents directory (directory doesn't exist?).
01-01 10:16:20.042 0 0 D : mv2112_read_status
01-01 10:16:20.042 0 0 D mv2112_update_link: 3.0x901(1G): 0x80
01-01 10:16:20.042 0 0 D mv2112_update_link: 3.0x8109(100M): 0x8
01-01 10:16:20.043 0 0 D mv2112_update_link: link 0x0
01-01 10:16:20.043 0 0 D mv2112_read_status: autoneg is disabled
01-01 10:16:21.070 0 0 D : mv2112_read_status
01-01 10:16:21.070 0 0 D mv2112_update_link: 3.0x901(1G): 0x80
01-01 10:16:21.071 0 0 D mv2112_update_link: 3.0x8109(100M): 0x8
01-01 10:16:21.071 0 0 D mv2112_update_link: link 0x0
01-01 10:16:21.071 0 0 D mv2112_read_status: autoneg is disabled
01-01 10:16:22.090 0 0 D : mv2112_read_status
01-01 10:16:22.090 0 0 D mv2112_update_link: 3.0x901(1G): 0x80
01-01 10:16:22.090 0 0 D mv2112_update_link: 3.0x8109(100M): 0x8
01-01 10:16:22.090 0 0 D mv2112_update_link: link 0x0
01-01 10:16:22.090 0 0 D mv2112_read_status: autoneg is disabled
01-01 10:16:23.116 0 0 D : mv2112_read_status
01-01 10:16:23.117 0 0 D mv2112_update_link: 3.0x901(1G): 0x80
01-01 10:16:23.117 0 0 D mv2112_update_link: 3.0x8109(100M): 0x8
01-01 10:16:23.117 0 0 D mv2112_update_link: link 0x0
01-01 10:16:23.117 0 0 D mv2112_read_status: autoneg is disabled
01-01 10:16:24.138 0 0 D : mv2112_read_status
01-01 10:16:24.138 0 0 D mv2112_update_link: 3.0x901(1G): 0x80
01-01 10:16:24.138 0 0 D mv2112_update_link: 3.0x8109(100M): 0x8
01-01 10:16:24.138 0 0 D mv2112_update_link: link 0x0
01-01 10:16:24.138 0 0 D mv2112_read_status: autoneg is disabled
01-01 10:16:25.162 0 0 D : mv2112_read_status
01-01 10:16:25.162 0 0 D mv2112_update_link: 3.0x901(1G): 0x80
01-01 10:16:25.162 0 0 D mv2112_update_link: 3.0x8109(100M): 0x8
01-01 10:16:25.162 0 0 D mv2112_update_link: link 0x0
01-01 10:16:25.162 0 0 D mv2112_read_status: autoneg is disabled
01-01 10:16:26.186 0 0 D : mv2112_read_status
01-01 10:16:26.186 0 0 D mv2112_update_link: 3.0x901(1G): 0x80
01-01 10:16:26.186 0 0 D mv2112_update_link: 3.0x8109(100M): 0x8
01-01 10:16:26.186 0 0 D mv2112_update_link: link 0x0
01-01 10:16:26.186 0 0 D mv2112_read_status: autoneg is disabled
01-01 10:16:26.220 0 0 I [schedu][0x348922921][03:34:23.159586] wlan: [5714:I:OSIF] scan start scan id 40964
12-14 03:34:23.274 1483 1912 I GameModeConfig: isGameModeOn = false
12-14 03:34:23.274 1483 1912 I GameModeConfig: isGameModeOn = false
12-14 03:34:23.274 1483 1912 I GameModeConfig: isGameModeOn = false
12-14 03:34:23.274 1483 1912 I GameModeConfig: isGameModeOn = false
12-14 03:34:23.275 1483 1912 I GameModeConfig: isGameModeOn = false
12-14 03:34:23.275 1483 1912 I GameModeConfig: isGameModeOn = false
12-14 03:34:23.279 1483 1912 I GameModeConfig: isGameModeOn = false
12-14 03:34:23.293 1483 1912 I GameModeConfig: isGameModeOn = false
12-14 03:34:23.303 1483 1912 I GameModeConfig: isGameModeOn = false
12-14 03:34:23.311 1483 1912 I GameModeConfig: isGameModeOn = false
12-14 03:34:23.325 1483 1912 I GameModeConfig: isGameModeOn = false
12-14 03:34:23.339 1483 1912 I GameModeConfig: isGameModeOn = false
12-14 03:34:23.356 1483 1912 I GameModeConfig: isGameModeOn = false
12-14 03:34:23.374 1483 1912 I GameModeConfig: isGameModeOn = false
12-14 03:34:23.389 1483 1912 I GameModeConfig: isGameModeOn = false
12-14 03:34:23.406 1483 1912 I GameModeConfig: isGameModeOn = false
12-14 03:34:23.423 1483 1912 I GameModeConfig: isGameModeOn = false
12-14 03:34:23.439 1483 1912 I GameModeConfig: isGameModeOn = false
12-14 03:34:23.463 1483 1912 I GameModeConfig: isGameModeOn = false
12-14 03:34:23.480 1483 1912 I GameModeConfig: isGameModeOn = false
12-14 03:34:23.509 1483 1912 I GameModeConfig: isGameModeOn = false
01-01 10:16:27.210 0 0 D : mv2112_read_status
01-01 10:16:27.210 0 0 D mv2112_update_link: 3.0x901(1G): 0x80
01-01 10:16:27.210 0 0 D mv2112_update_link: 3.0x8109(100M): 0x8
01-01 10:16:27.210 0 0 D mv2112_update_link: link 0x0
01-01 10:16:27.210 0 0 D mv2112_read_status: autoneg is disabled
01-01 10:16:28.065 0 0 I [schedu][0x34aaedd20][03:34:25.005186] wlan: [5714:I:OSIF] vdev 0, scan id 40964 type COMPLETED(1) reason COMPLETED(1) scan found 103 bss
01-01 10:16:28.234 0 0 D : mv2112_read_status
01-01 10:16:28.234 0 0 D mv2112_update_link: 3.0x901(1G): 0x80
01-01 10:16:28.234 0 0 D mv2112_update_link: 3.0x8109(100M): 0x8
01-01 10:16:28.234 0 0 D mv2112_update_link: link 0x0
01-01 10:16:28.234 0 0 D mv2112_read_status: autoneg is disabled
01-01 10:16:29.258 0 0 D : mv2112_read_status
01-01 10:16:29.258 0 0 D mv2112_update_link: 3.0x901(1G): 0x80
01-01 10:16:29.258 0 0 D mv2112_update_link: 3.0x8109(100M): 0x8
01-01 10:16:29.258 0 0 D mv2112_update_link: link 0x0
01-01 10:16:29.258 0 0 D mv2112_read_status: autoneg is disabled
01-01 10:16:30.282 0 0 D : mv2112_read_status
01-01 10:16:30.282 0 0 D mv2112_update_link: 3.0x901(1G): 0x80
01-01 10:16:30.282 0 0 D mv2112_update_link: 3.0x8109(100M): 0x8
01-01 10:16:30.282 0 0 D mv2112_update_link: link 0x0
01-01 10:16:30.282 0 0 D mv2112_read_status: autoneg is disabled
01-01 10:16:31.306 0 0 D : mv2112_read_status
01-01 10:16:31.306 0 0 D mv2112_update_link: 3.0x901(1G): 0x80
01-01 10:16:31.306 0 0 D mv2112_update_link: 3.0x8109(100M): 0x8
01-01 10:16:31.306 0 0 D mv2112_update_link: link 0x0
01-01 10:16:31.306 0 0 D mv2112_read_status: autoneg is disabled
01-01 10:16:32.027 0 0 I [schedu][0x34f376b2e][03:34:28.966547] wlan: [5714:I:WMA] [03:34:28.775000] [NEIGH_RPT_REQ] VDEV[0]
01-01 10:16:32.027 0 0 I [schedu][0x34f376cfe][03:34:28.966571] wlan: [5714:I:WMA] [03:34:28.952000] [NEIGH_RPT_RSP] VDEV[0] { 2462 }
01-01 10:16:32.330 0 0 D : mv2112_read_status
01-01 10:16:32.330 0 0 D mv2112_update_link: 3.0x901(1G): 0x80
01-01 10:16:32.330 0 0 D mv2112_update_link: 3.0x8109(100M): 0x8
01-01 10:16:32.330 0 0 D mv2112_update_link: link 0x0
01-01 10:16:32.330 0 0 D mv2112_read_status: autoneg is disabled
01-01 10:16:33.354 0 0 D : mv2112_read_status
01-01 10:16:33.354 0 0 D mv2112_update_link: 3.0x901(1G): 0x80
01-01 10:16:33.354 0 0 D mv2112_update_link: 3.0x8109(100M): 0x8
01-01 10:16:33.354 0 0 D mv2112_update_link: link 0x0
01-01 10:16:33.354 0 0 D mv2112_read_status: autoneg is disabled
01-01 10:16:34.378 0 0 D : mv2112_read_status
01-01 10:16:34.378 0 0 D mv2112_update_link: 3.0x901(1G): 0x80
01-01 10:16:34.379 0 0 D mv2112_update_link: 3.0x8109(100M): 0x8
01-01 10:16:34.379 0 0 D mv2112_update_link: link 0x0
01-01 10:16:34.379 0 0 D mv2112_read_status: autoneg is disabled
01-01 10:16:35.402 0 0 D : mv2112_read_status
01-01 10:16:35.402 0 0 D mv2112_update_link: 3.0x901(1G): 0x80
01-01 10:16:35.402 0 0 D mv2112_update_link: 3.0x8109(100M): 0x8
01-01 10:16:35.402 0 0 D mv2112_update_link: link 0x0
01-01 10:16:35.402 0 0 D mv2112_read_status: autoneg is disabled
01-01 10:16:36.211 0 0 I [schedu][0x35401733b][03:34:33.151401] wlan: [5714:I:OSIF] scan start scan id 40965
01-01 10:16:36.426 0 0 D : mv2112_read_status
01-01 10:16:36.426 0 0 D mv2112_update_link: 3.0x901(1G): 0x80
01-01 10:16:36.426 0 0 D mv2112_update_link: 3.0x8109(100M): 0x8
01-01 10:16:36.426 0 0 D mv2112_update_link: link 0x0
01-01 10:16:36.426 0 0 D mv2112_read_status: autoneg is disabled
01-01 10:16:37.450 0 0 D : mv2112_read_status
01-01 10:16:37.450 0 0 D mv2112_update_link: 3.0x901(1G): 0x80
01-01 10:16:37.450 0 0 D mv2112_update_link: 3.0x8109(100M): 0x8
01-01 10:16:37.450 0 0 D mv2112_update_link: link 0x0
01-01 10:16:37.450 0 0 D mv2112_read_status: autoneg is disabled
01-01 10:16:37.999 0 0 I [schedu][0x3560d1aeb][03:34:34.938810] wlan: [5714:I:OSIF] vdev 0, scan id 40965 type COMPLETED(1) reason COMPLETED(1) scan found 108 bss --------- beginning of main
12-14 03:34:34.952 1398 5729 D LOWI-9.0.0.87.a: [LOWI-Scan] BSS 18:6f:2d:81:18:40 LOWI_PHY_MODE_11NG_HT20(5), Beacon Interval: 100, LOWI_ENCRYPTION_TYPE_WPA_PSK 11mcRanging: No, ANQP: No, LCI: No, Civic: No, capability(0x0531): ESS Privacy ShortPreamble SpectrumMgmt ShortSlotTime
12-14 03:34:34.952 1398 5729 D LOWI-9.0.0.87.a: [LOWI-Scan] BSS 18:6f:2d:81:18:40 FREQ: 2432, cFreq1[40:80:160] = [2432:0:0] cFreq2 = 0 Country Code = CN
12-14 03:34:34.952 1398 5729 D LOWI-9.0.0.87.a: [LOWI-Scan] BSS 18:6f:2d:81:18:40 (wlan0) ASSO: NO AddInfo: 0x0, TSF 0, 00:12:22.814, RSSI: -132, CPL: 127, AGE: 1256, SSID Testing , TSFDelta: 0x9dc240f1, TXRate: 0
12-14 03:34:34.952 1398 5729 D LOWI-9.0.0.87.a: [LOWI-Scan]
12-14 03:34:34.952 1398 5729 D LOWI-9.0.0.87.a: [LOWI-Scan] print_bss_handler: Report Probe TSF 742814871 as it greater than Beacon TSF 742753937
12-14 03:34:34.952 1398 5729 D LOWI-9.0.0.87.a: [LOWI-Scan] is_qcom_ie, bss_age: 0
12-14 03:34:34.952 1398 5729 D LOWI-9.0.0.87.a: [LOWI-Scan] BSS 18:6f:2d:81:18:41 LOWI_PHY_MODE_11NG_HT20(5), Beacon Interval: 100, LOWI_ENCRYPTION_TYPE_OPEN 11mcRanging: No, ANQP: No, LCI: No, Civic: No, capability(0x0521): ESS ShortPreamble SpectrumMgmt ShortSlotTime
12-14 03:34:34.952 1398 5729 D LOWI-9.0.0.87.a: [LOWI-Scan] BSS 18:6f:2d:81:18:41 FREQ: 2432, cFreq1[40:80:160] = [2432:0:0] cFreq2 = 0 Country Code = CN
12-14 03:34:34.952 1398 5729 D LOWI-9.0.0.87.a: [LOWI-Scan] BSS 18:6f:2d:81:18:41 (wlan0) ASSO: NO AddInfo: 0x0, TSF 0, 00:12:22.814, RSSI: -130, CPL: 127, AGE: 1256, SSID Guest, TSFDelta: 0x9dc777d7, TXRate: 0
12-14 03:34:34.953 1398 5729 D LOWI-9.0.0.87.a: [LOWI-Scan]
12-14 03:34:34.953 1398 5729 D LOWI-9.0.0.87.a: [LOWI-Scan] print_bss_handler: Report Probe TSF 742814928 as it greater than Beacon TSF 742754226
12-14 03:34:34.953 1398 5729 D LOWI-9.0.0.87.a: [LOWI-Scan] decode_rsn_wpa_ie: LOWI_ENCRYPTION_TYPE_WPA_PSK
12-14 03:34:34.953 1398 5729 D LOWI-9.0.0.87.a: [LOWI-Scan] is_qcom_ie, bss_age: 0
12-14 03:34:34.953 1398 5729 D LOWI-9.0.0.87.a: [LOWI-Scan] BSS 18:6f:2d:81:18:42 LOWI_PHY_MODE_11NG_HT20(5), Beacon Interval: 100, LOWI_ENCRYPTION_TYPE_WPA_PSK 11mcRanging: No, ANQP: No, LCI: No, Civic: No, capability(0x0531): ESS Privacy ShortPreamble SpectrumMgmt ShortSlotTime
12-14 03:34:34.953 1398 5729 D LOWI-9.0.0.87.a: [LOWI-Scan] BSS 18:6f:2d:81:18:42 FREQ: 2432, cFreq1[40:80:160] = [2432:0:0] cFreq2 = 0 Country Code = CN
12-14 03:34:34.953 1398 5729 D LOWI-9.0.0.87.a: [LOWI-Scan] BSS 18:6f:2d:81:18:42 (wlan0) ASSO: NO AddInfo: 0x0, TSF 0, 00:12:22.814, RSSI: -126, CPL: 127, AGE: 1256, SSID ThunderSoft_2.4G, TSFDelta: 0x9dcc803c, TXRate: 0
12-14 03:34:34.953 1398 5729 D LOWI-9.0.0.87.a: [LOWI-Scan]
12-14 03:34:34.953 1398 5729 D LOWI-9.0.0.87.a: [LOWI-Scan] print_bss_handler: Report Probe TSF 742814984 as it greater than Beacon TSF 742754438
12-14 03:34:34.953 1398 5729 D LOWI-9.0.0.87.a: [LOWI-Scan] decode_rsn_wpa_ie: LOWI_ENCRYPTION_TYPE_WPA_PSK
12-14 03:34:34.953 1398 5729 D LOWI-9.0.0.87.a: [LOWI-Scan] is_qcom_ie, bss_age: 0
12-14 03:34:34.953 1398 5729 D LOWI-9.0.0.87.a: [LOWI-Scan] BSS 18:6f:2d:81:18:43 LOWI_PHY_MODE_11NG_HT20(5), Beacon Interval: 100, LOWI_ENCRYPTION_TYPE_WPA_PSK 11mcRanging: No, ANQP: No, LCI: No, Civic: No, capability(0x0531): ESS Privacy ShortPreamble SpectrumMgmt ShortSlotTime
12-14 03:34:34.953 1398 5729 D LOWI-9.0.0.87.a: [LOWI-Scan] BSS 18:6f:2d:81:18:43 FREQ: 2432, cFreq1[40:80:160] = [2432:0:0] cFreq2 = 0 Country Code = CN
12-14 03:34:34.953 1398 5729 D LOWI-9.0.0.87.a: [LOWI-Scan] BSS 18:6f:2d:81:18:43 (wlan0) ASSO: NO AddInfo: 0x0, TSF 0, 00:12:22.814, RSSI: -126, CPL: 127, AGE: 1256, SSID ZXHY, TSFDelta: 0x9dd1c8d3, TXRate: 0
12-14 03:34:34.954 1398 5729 D LOWI-9.0.0.87.a: [LOWI-Scan]
12-14 03:34:34.954 1398 5729 D LOWI-9.0.0.87.a: [LOWI-Scan] print_bss_handler: Report Probe TSF 742815039 as it greater than Beacon TSF 742754596
12-14 03:34:34.954 1398 5729 D LOWI-9.0.0.87.a: [LOWI-Scan] decode_rsn_wpa_ie: LOWI_ENCRYPTION_TYPE_WPA_PSK
12-14 03:34:34.954 1398 5729 D LOWI-9.0.0.87.a: [LOWI-Scan] is_qcom_ie, bss_age: 0
12-14 03:34:34.954 1398 5729 D LOWI-9.0.0.87.a: [LOWI-Scan] BSS 18:6f:2d:81:18:44 LOWI_PHY_MODE_11NG_HT20(5), Beacon Interval: 100, LOWI_ENCRYPTION_TYPE_WPA_PSK 11mcRanging: No, ANQP: No, LCI: No, Civic: No, capability(0x0531): ESS Privacy ShortPreamble SpectrumMgmt ShortSlotTime
12-14 03:34:34.954 1398 5729 D LOWI-9.0.0.87.a: [LOWI-Scan] BSS 18:6f:2d:81:18:44 FREQ: 2432, cFreq1[40:80:160] = [2432:0:0] cFreq2 = 0 Country Code = CN
12-14 03:34:34.954 1398 5729 D LOWI-9.0.0.87.a: [LOWI-Scan] BSS 18:6f:2d:81:18:44 (wlan0) ASSO: NO AddInfo: 0x0, TSF 0, 00:12:22.815, RSSI: -126, CPL: 127, AGE: 1256, SSID Fanya, TSFDelta: 0x9dd6d7bc, TXRate: 0
12-14 03:34:34.954 1398 5729 D LOWI-9.0.0.87.a: [LOWI-Scan]
12-14 03:34:34.954 1398 5729 D LOWI-9.0.0.87.a: [LOWI-Scan] print_bss_handler: Report Probe TSF 742815093 as it greater than Beacon TSF 742754687
12-14 03:34:34.954 1398 5729 D LOWI-9.0.0.87.a: [LOWI-Scan] decode_rsn_wpa_ie: LOWI_ENCRYPTION_TYPE_WPA_PSK
12-14 03:34:34.954 1398 5729 D LOWI-9.0.0.87.a: [LOWI-Scan] is_qcom_ie, bss_age: 0
12-14 03:34:34.954 1398 5729 D LOWI-9.0.0.87.a: [LOWI-Scan] BSS 18:6f:2d:81:18:45 LOWI_PHY_MODE_11NG_HT20(5), Beacon Interval: 100, LOWI_ENCRYPTION_TYPE_WPA_PSK 11mcRanging: No, ANQP: No, LCI: No, Civic: No, capability(0x0531): ESS Privacy ShortPreamble SpectrumMgmt ShortSlotTime
12-14 03:34:34.954 1398 5729 D LOWI-9.0.0.87.a: [LOWI-Scan] BSS 18:6f:2d:81:18:45 FREQ: 2432, cFreq1[40:80:160] = [2432:0:0] cFreq2 = 0 Country Code = CN
12-14 03:34:34.954 1398 5729 D LOWI-9.0.0.87.a: [LOWI-Scan] BSS 18:6f:2d:81:18:45 (wlan0) ASSO: NO AddInfo: 0x0, TSF 0, 00:12:22.815, RSSI: -126, CPL: 127, AGE: 1256, SSID 123, TSFDelta: 0x9ddbf8b5, TXRate: 0
12-14 03:34:34.954 1398 5729 D LOWI-9.0.0.87.a: [LOWI-Scan]
12-14 03:34:34.954 1398 5729 D LOWI-9.0.0.87.a: [LOWI-Scan] print_bss_handler: Report Probe TSF 742916192 as it greater than Beacon TSF 732780171
12-14 03:34:34.954 1398 5729 D LOWI-9.0.0.87.a: [LOWI-Scan] decode_rsn_wpa_ie: LOWI_ENCRYPTION_TYPE_WPA_PSK
12-14 03:34:34.954 1398 5729 D LOWI-9.0.0.87.a: [LOWI-Scan] is_qcom_ie, bss_age: 0
12-14 03:34:34.954 1398 5729 D LOWI-9.0.0.87.a: [LOWI-Scan] BSS 18:6f:2d:81:25:43 LOWI_PHY_MODE_11NG_HT20(5), Beacon Interval: 100, LOWI_ENCRYPTION_TYPE_WPA_PSK 11mcRanging: No, ANQP: No, LCI: No, Civic: No, capability(0x0531): ESS Privacy ShortPreamble SpectrumMgmt ShortSlotTime
12-14 03:34:34.954 1398 5729 D LOWI-9.0.0.87.a: [LOWI-Scan] BSS 18:6f:2d:81:25:43 FREQ: 2437, cFreq1[40:80:160] = [2437:0:0] cFreq2 = 0 Country Code = CN
12-14 03:34:34.954 1398 5729 D LOWI-9.0.0.87.a: [LOWI-Scan] BSS 18:6f:2d:81:25:43 (wlan0) ASSO: NO AddInfo: 0x0, TSF 0, 00:12:22.916, RSSI: -82, CPL: 127, AGE: 1152, SSID ZXHY, TSFDelta: 0x823eb8e9, TXRate: 0
12-14 03:34:34.955 1398 5729 D LOWI-9.0.0.87.a: [LOWI-Scan]
12-14 03:34:34.955 1398 5729 D LOWI-9.0.0.87.a: [LOWI-Scan] print_bss_handler: Report Probe TSF 742916264 as it greater than Beacon TSF 732780900
12-14 03:34:34.955 1398 5729 D LOWI-9.0.0.87.a: [LOWI-Scan] decode_rsn_wpa_ie: LOWI_ENCRYPTION_TYPE_WPA_PSK
12-14 03:34:34.955 1398 5729 D LOWI-9.0.0.87.a: [LOWI-Scan] is_qcom_ie, bss_age: 0
12-14 03:34:34.955 1398 5729 D LOWI-9.0.0.87.a: [LOWI-Scan] BSS 18:6f:2d:81:25:44 LOWI_PHY_MODE_11NG_HT20(5), Beacon Interval: 100, LOWI_ENCRYPTION_TYPE_WPA_PSK 11mcRanging: No, ANQP: No, LCI: No, Civic: No, capability(0x0531): ESS Privacy ShortPreamble SpectrumMgmt ShortSlotTime
12-14 03:34:34.955 1398 5729 D LOWI-9.0.0.87.a: [LOWI-Scan] BSS 18:6f:2d:81:25:44 FREQ: 2437, cFreq1[40:80:160] = [2437:0:0] cFreq2 = 0 Country Code = CN
12-14 03:34:34.955 1398 5729 D LOWI-9.0.0.87.a: [LOWI-Scan] BSS 18:6f:2d:81:25:44 (wlan0) ASSO: NO AddInfo: 0x0, TSF 0, 00:12:22.916, RSSI: -82, CPL: 127, AGE: 1152, SSID Fanya, TSFDelta: 0x8251c154, TXRate: 0
12-14 03:34:34.955 1398 5729 D LOWI-9.0.0.87.a: [LOWI-Scan]
12-14 03:34:34.955 1398 5729 D LOWI-9.0.0.87.a: [LOWI-Scan] print_bss_handler: Report Probe TSF 742876500 as it greater than Beacon TSF 706455238
12-14 03:34:34.955 1398 5729 D LOWI-9.0.0.87.a: [LOWI-Scan] decode_rsn_wpa_ie: LOWI_ENCRYPTION_TYPE_WPA_PSK
12-14 03:34:34.955 1398 5729 D LOWI-9.0.0.87.a: [LOWI-Scan] is_qcom_ie, bss_age: 0
12-14 03:34:34.955 1398 5729 D LOWI-9.0.0.87.a: [LOWI-Scan] BSS 18:6f:2d:81:25:40 LOWI_PHY_MODE_11NG_HT20(5), Beacon Interval: 100, LOWI_ENCRYPTION_TYPE_WPA_PSK 11mcRanging: No, ANQP: No, LCI: No, Civic: No, capability(0x0531): ESS Privacy ShortPreamble SpectrumMgmt ShortSlotTime
12-14 03:34:34.955 1398 5729 D LOWI-9.0.0.87.a: [LOWI-Scan] BSS 18:6f:2d:81:25:40 FREQ: 2437, cFreq1[40:80:160] = [2437:0:0] cFreq2 = 0 Country Code = CN
12-14 03:34:34.955 1398 5729 D LOWI-9.0.0.87.a: [LOWI-Scan] BSS 18:6f:2d:81:25:40 (wlan0) ASSO: NO AddInfo: 0x0, TSF 0, 00:12:22.876, RSSI: -82, CPL: 127, AGE: 1192, SSID Testing , TSFDelta: 0x82079218, TXRate: 0
12-14 03:34:34.956 1398 5729 D LOWI-9.0.0.87.a: [LOWI-Scan]
12-14 03:34:34.956 1398 5729 D LOWI-9.0.0.87.a: [LOWI-Scan] print_bss_handler: Report Probe TSF 742915802 as it greater than Beacon TSF 732779891
12-14 03:34:34.956 1398 5729 D LOWI-9.0.0.87.a: [LOWI-Scan] is_qcom_ie, bss_age: 0
12-14 03:34:34.956 1398 5729 D LOWI-9.0.0.87.a: [LOWI-Scan] BSS 18:6f:2d:81:25:41 LOWI_PHY_MODE_11NG_HT20(5), Beacon Interval: 100, LOWI_ENCRYPTION_TYPE_OPEN 11mcRanging: No, ANQP: No, LCI: No, Civic: No, capability(0x0521): ESS ShortPreamble SpectrumMgmt ShortSlotTime
12-14 03:34:34.956 1398 5729 D LOWI-9.0.0.87.a: [LOWI-Scan] BSS 18:6f:2d:81:25:41 FREQ: 2437, cFreq1[40:80:160] = [2437:0:0] cFreq2 = 0 Country Code = CN
12-14 03:34:34.956 1398 5729 D LOWI-9.0.0.87.a: [LOWI-Scan] BSS 18:6f:2d:81:25:41 (wlan0) ASSO: NO AddInfo: 0x0, TSF 0, 00:12:22.915, RSSI: -80, CPL: 127, AGE: 1164, SSID Guest, TSFDelta: 0x821c42d4, TXRate: 0
12-14 03:34:34.956 1398 5729 D LOWI-9.0.0.87.a: [LOWI-Scan]
