01-01 10:13:15.722 0 0 D : mv2112_read_status
01-01 10:13:15.722 0 0 D mv2112_update_link: 3.0x901(1G): 0x80
01-01 10:13:15.722 0 0 D mv2112_update_link: 3.0x8109(100M): 0x8
01-01 10:13:15.722 0 0 D mv2112_update_link: link 0x0
01-01 10:13:15.722 0 0 D mv2112_read_status: autoneg is disabled
01-01 10:13:16.746 0 0 D : mv2112_read_status
01-01 10:13:16.746 0 0 D mv2112_update_link: 3.0x901(1G): 0x80
01-01 10:13:16.747 0 0 D mv2112_update_link: 3.0x8109(100M): 0x8
01-01 10:13:16.747 0 0 D mv2112_update_link: link 0x0
01-01 10:13:16.747 0 0 D mv2112_read_status: autoneg is disabled
01-01 10:13:17.770 0 0 D : mv2112_read_status
01-01 10:13:17.770 0 0 D mv2112_update_link: 3.0x901(1G): 0x80
01-01 10:13:17.771 0 0 D mv2112_update_link: 3.0x8109(100M): 0x8
01-01 10:13:17.771 0 0 D mv2112_update_link: link 0x0
01-01 10:13:17.771 0 0 D mv2112_read_status: autoneg is disabled
01-01 10:13:18.794 0 0 D : mv2112_read_status
01-01 10:13:18.794 0 0 D mv2112_update_link: 3.0x901(1G): 0x80
01-01 10:13:18.794 0 0 D mv2112_update_link: 3.0x8109(100M): 0x8
01-01 10:13:18.794 0 0 D mv2112_update_link: link 0x0
01-01 10:13:18.794 0 0 D mv2112_read_status: autoneg is disabled
01-01 10:13:19.818 0 0 D : mv2112_read_status
01-01 10:13:19.818 0 0 D mv2112_update_link: 3.0x901(1G): 0x80
01-01 10:13:19.818 0 0 D mv2112_update_link: 3.0x8109(100M): 0x8
01-01 10:13:19.818 0 0 D mv2112_update_link: link 0x0
01-01 10:13:19.818 0 0 D mv2112_read_status: autoneg is disabled
01-01 10:13:20.842 0 0 D : mv2112_read_status
01-01 10:13:20.842 0 0 D mv2112_update_link: 3.0x901(1G): 0x80
01-01 10:13:20.842 0 0 D mv2112_update_link: 3.0x8109(100M): 0x8
01-01 10:13:20.842 0 0 D mv2112_update_link: link 0x0
01-01 10:13:20.842 0 0 D mv2112_read_status: autoneg is disabled
01-01 10:13:21.866 0 0 D : mv2112_read_status
01-01 10:13:21.866 0 0 D mv2112_update_link: 3.0x901(1G): 0x80
01-01 10:13:21.867 0 0 D mv2112_update_link: 3.0x8109(100M): 0x8
01-01 10:13:21.867 0 0 D mv2112_update_link: link 0x0
01-01 10:13:21.867 0 0 D mv2112_read_status: autoneg is disabled
01-01 10:13:22.890 0 0 D : mv2112_read_status
01-01 10:13:22.890 0 0 D mv2112_update_link: 3.0x901(1G): 0x80
01-01 10:13:22.891 0 0 D mv2112_update_link: 3.0x8109(100M): 0x8
01-01 10:13:22.891 0 0 D mv2112_update_link: link 0x0
01-01 10:13:22.891 0 0 D mv2112_read_status: autoneg is disabled
01-01 10:13:23.914 0 0 D : mv2112_read_status
01-01 10:13:23.914 0 0 D mv2112_update_link: 3.0x901(1G): 0x80
01-01 10:13:23.915 0 0 D mv2112_update_link: 3.0x8109(100M): 0x8
01-01 10:13:23.915 0 0 D mv2112_update_link: link 0x0
01-01 10:13:23.915 0 0 D mv2112_read_status: autoneg is disabled
01-01 10:13:24.938 0 0 D : mv2112_read_status
01-01 10:13:24.938 0 0 D mv2112_update_link: 3.0x901(1G): 0x80
01-01 10:13:24.938 0 0 D mv2112_update_link: 3.0x8109(100M): 0x8
01-01 10:13:24.938 0 0 D mv2112_update_link: link 0x0
01-01 10:13:24.938 0 0 D mv2112_read_status: autoneg is disabled
01-01 10:13:25.962 0 0 D : mv2112_read_status
01-01 10:13:25.962 0 0 D mv2112_update_link: 3.0x901(1G): 0x80
01-01 10:13:25.963 0 0 D mv2112_update_link: 3.0x8109(100M): 0x8
01-01 10:13:25.963 0 0 D mv2112_update_link: link 0x0
01-01 10:13:25.963 0 0 D mv2112_read_status: autoneg is disabled
01-01 10:13:26.986 0 0 D : mv2112_read_status
01-01 10:13:26.986 0 0 D mv2112_update_link: 3.0x901(1G): 0x80
01-01 10:13:26.987 0 0 D mv2112_update_link: 3.0x8109(100M): 0x8
01-01 10:13:26.987 0 0 D mv2112_update_link: link 0x0
01-01 10:13:26.987 0 0 D mv2112_read_status: autoneg is disabled
01-01 10:13:28.010 0 0 D : mv2112_read_status
01-01 10:13:28.010 0 0 D mv2112_update_link: 3.0x901(1G): 0x80
01-01 10:13:28.011 0 0 D mv2112_update_link: 3.0x8109(100M): 0x8
01-01 10:13:28.011 0 0 D mv2112_update_link: link 0x0
01-01 10:13:28.011 0 0 D mv2112_read_status: autoneg is disabled
01-01 10:13:29.034 0 0 D : mv2112_read_status
01-01 10:13:29.035 0 0 D mv2112_update_link: 3.0x901(1G): 0x80
01-01 10:13:29.035 0 0 D mv2112_update_link: 3.0x8109(100M): 0x8
01-01 10:13:29.035 0 0 D mv2112_update_link: link 0x0
01-01 10:13:29.035 0 0 D mv2112_read_status: autoneg is disabled
01-01 10:13:30.058 0 0 D : mv2112_read_status
01-01 10:13:30.058 0 0 D mv2112_update_link: 3.0x901(1G): 0x80
01-01 10:13:30.058 0 0 D mv2112_update_link: 3.0x8109(100M): 0x8
01-01 10:13:30.058 0 0 D mv2112_update_link: link 0x0
01-01 10:13:30.058 0 0 D mv2112_read_status: autoneg is disabled
01-01 10:13:31.082 0 0 D : mv2112_read_status
01-01 10:13:31.082 0 0 D mv2112_update_link: 3.0x901(1G): 0x80
01-01 10:13:31.083 0 0 D mv2112_update_link: 3.0x8109(100M): 0x8
01-01 10:13:31.083 0 0 D mv2112_update_link: link 0x0
01-01 10:13:31.083 0 0 D mv2112_read_status: autoneg is disabled
01-01 10:13:32.106 0 0 D : mv2112_read_status
01-01 10:13:32.106 0 0 D mv2112_update_link: 3.0x901(1G): 0x80
01-01 10:13:32.106 0 0 D mv2112_update_link: 3.0x8109(100M): 0x8
01-01 10:13:32.106 0 0 D mv2112_update_link: link 0x0
01-01 10:13:32.106 0 0 D mv2112_read_status: autoneg is disabled
01-01 10:13:33.130 0 0 D : mv2112_read_status
01-01 10:13:33.130 0 0 D mv2112_update_link: 3.0x901(1G): 0x80
01-01 10:13:33.130 0 0 D mv2112_update_link: 3.0x8109(100M): 0x8
01-01 10:13:33.130 0 0 D mv2112_update_link: link 0x0
01-01 10:13:33.130 0 0 D mv2112_read_status: autoneg is disabled
01-01 10:13:34.154 0 0 D : mv2112_read_status
01-01 10:13:34.154 0 0 D mv2112_update_link: 3.0x901(1G): 0x80
01-01 10:13:34.155 0 0 D mv2112_update_link: 3.0x8109(100M): 0x8
01-01 10:13:34.155 0 0 D mv2112_update_link: link 0x0
01-01 10:13:34.155 0 0 D mv2112_read_status: autoneg is disabled
01-01 10:13:35.178 0 0 D : mv2112_read_status
01-01 10:13:35.178 0 0 D mv2112_update_link: 3.0x901(1G): 0x80
01-01 10:13:35.179 0 0 D mv2112_update_link: 3.0x8109(100M): 0x8
01-01 10:13:35.179 0 0 D mv2112_update_link: link 0x0
01-01 10:13:35.179 0 0 D mv2112_read_status: autoneg is disabled
01-01 10:13:36.202 0 0 D : mv2112_read_status
01-01 10:13:36.202 0 0 D mv2112_update_link: 3.0x901(1G): 0x80
01-01 10:13:36.203 0 0 D mv2112_update_link: 3.0x8109(100M): 0x8
01-01 10:13:36.203 0 0 D mv2112_update_link: link 0x0
01-01 10:13:36.203 0 0 D mv2112_read_status: autoneg is disabled
01-01 10:13:37.226 0 0 D : mv2112_read_status
01-01 10:13:37.226 0 0 D mv2112_update_link: 3.0x901(1G): 0x80
01-01 10:13:37.227 0 0 D mv2112_update_link: 3.0x8109(100M): 0x8
01-01 10:13:37.227 0 0 D mv2112_update_link: link 0x0
01-01 10:13:37.227 0 0 D mv2112_read_status: autoneg is disabled
01-01 10:13:38.250 0 0 D : mv2112_read_status
01-01 10:13:38.250 0 0 D mv2112_update_link: 3.0x901(1G): 0x80
01-01 10:13:38.251 0 0 D mv2112_update_link: 3.0x8109(100M): 0x8
01-01 10:13:38.251 0 0 D mv2112_update_link: link 0x0
01-01 10:13:38.251 0 0 D mv2112_read_status: autoneg is disabled
01-01 10:13:39.274 0 0 D : mv2112_read_status
01-01 10:13:39.274 0 0 D mv2112_update_link: 3.0x901(1G): 0x80
01-01 10:13:39.275 0 0 D mv2112_update_link: 3.0x8109(100M): 0x8
01-01 10:13:39.275 0 0 D mv2112_update_link: link 0x0
01-01 10:13:39.275 0 0 D mv2112_read_status: autoneg is disabled
01-01 10:13:40.298 0 0 D : mv2112_read_status
01-01 10:13:40.298 0 0 D mv2112_update_link: 3.0x901(1G): 0x80
01-01 10:13:40.299 0 0 D mv2112_update_link: 3.0x8109(100M): 0x8
01-01 10:13:40.299 0 0 D mv2112_update_link: link 0x0
01-01 10:13:40.299 0 0 D mv2112_read_status: autoneg is disabled
01-01 10:13:41.322 0 0 D : mv2112_read_status
01-01 10:13:41.322 0 0 D mv2112_update_link: 3.0x901(1G): 0x80
01-01 10:13:41.322 0 0 D mv2112_update_link: 3.0x8109(100M): 0x8
01-01 10:13:41.322 0 0 D mv2112_update_link: link 0x0
01-01 10:13:41.322 0 0 D mv2112_read_status: autoneg is disabled
01-01 10:13:42.346 0 0 D : mv2112_read_status
01-01 10:13:42.346 0 0 D mv2112_update_link: 3.0x901(1G): 0x80
01-01 10:13:42.346 0 0 D mv2112_update_link: 3.0x8109(100M): 0x8
01-01 10:13:42.346 0 0 D mv2112_update_link: link 0x0
01-01 10:13:42.346 0 0 D mv2112_read_status: autoneg is disabled
01-01 10:13:43.370 0 0 D : mv2112_read_status
01-01 10:13:43.370 0 0 D mv2112_update_link: 3.0x901(1G): 0x80
01-01 10:13:43.370 0 0 D mv2112_update_link: 3.0x8109(100M): 0x8
01-01 10:13:43.370 0 0 D mv2112_update_link: link 0x0
01-01 10:13:43.370 0 0 D mv2112_read_status: autoneg is disabled
01-01 10:13:44.394 0 0 D : mv2112_read_status
01-01 10:13:44.394 0 0 D mv2112_update_link: 3.0x901(1G): 0x80
01-01 10:13:44.394 0 0 D mv2112_update_link: 3.0x8109(100M): 0x8
01-01 10:13:44.394 0 0 D mv2112_update_link: link 0x0
01-01 10:13:44.394 0 0 D mv2112_read_status: autoneg is disabled
01-01 10:13:45.418 0 0 D : mv2112_read_status
01-01 10:13:45.418 0 0 D mv2112_update_link: 3.0x901(1G): 0x80
01-01 10:13:45.418 0 0 D mv2112_update_link: 3.0x8109(100M): 0x8
01-01 10:13:45.418 0 0 D mv2112_update_link: link 0x0
01-01 10:13:45.418 0 0 D mv2112_read_status: autoneg is disabled
01-01 10:13:46.442 0 0 D : mv2112_read_status
01-01 10:13:46.442 0 0 D mv2112_update_link: 3.0x901(1G): 0x80
01-01 10:13:46.442 0 0 D mv2112_update_link: 3.0x8109(100M): 0x8
01-01 10:13:46.442 0 0 D mv2112_update_link: link 0x0
01-01 10:13:46.442 0 0 D mv2112_read_status: autoneg is disabled
01-01 10:13:47.466 0 0 D : mv2112_read_status
01-01 10:13:47.466 0 0 D mv2112_update_link: 3.0x901(1G): 0x80
01-01 10:13:47.466 0 0 D mv2112_update_link: 3.0x8109(100M): 0x8
01-01 10:13:47.466 0 0 D mv2112_update_link: link 0x0
01-01 10:13:47.466 0 0 D mv2112_read_status: autoneg is disabled
01-01 10:13:48.490 0 0 D : mv2112_read_status
01-01 10:13:48.490 0 0 D mv2112_update_link: 3.0x901(1G): 0x80
01-01 10:13:48.490 0 0 D mv2112_update_link: 3.0x8109(100M): 0x8
01-01 10:13:48.490 0 0 D mv2112_update_link: link 0x0
01-01 10:13:48.490 0 0 D mv2112_read_status: autoneg is disabled
01-01 10:13:49.514 0 0 D : mv2112_read_status
01-01 10:13:49.514 0 0 D mv2112_update_link: 3.0x901(1G): 0x80
01-01 10:13:49.515 0 0 D mv2112_update_link: 3.0x8109(100M): 0x8
01-01 10:13:49.515 0 0 D mv2112_update_link: link 0x0
01-01 10:13:49.515 0 0 D mv2112_read_status: autoneg is disabled
01-01 10:13:50.538 0 0 D : mv2112_read_status
01-01 10:13:50.538 0 0 D mv2112_update_link: 3.0x901(1G): 0x80
01-01 10:13:50.538 0 0 D mv2112_update_link: 3.0x8109(100M): 0x8
01-01 10:13:50.538 0 0 D mv2112_update_link: link 0x0
01-01 10:13:50.538 0 0 D mv2112_read_status: autoneg is disabled
01-01 10:13:51.562 0 0 D : mv2112_read_status
01-01 10:13:51.562 0 0 D mv2112_update_link: 3.0x901(1G): 0x80
01-01 10:13:51.562 0 0 D mv2112_update_link: 3.0x8109(100M): 0x8
01-01 10:13:51.562 0 0 D mv2112_update_link: link 0x0
01-01 10:13:51.562 0 0 D mv2112_read_status: autoneg is disabled
01-01 10:13:52.586 0 0 D : mv2112_read_status
01-01 10:13:52.586 0 0 D mv2112_update_link: 3.0x901(1G): 0x80
01-01 10:13:52.586 0 0 D mv2112_update_link: 3.0x8109(100M): 0x8
01-01 10:13:52.586 0 0 D mv2112_update_link: link 0x0
01-01 10:13:52.586 0 0 D mv2112_read_status: autoneg is disabled
01-01 10:13:53.610 0 0 D : mv2112_read_status
01-01 10:13:53.610 0 0 D mv2112_update_link: 3.0x901(1G): 0x80
01-01 10:13:53.610 0 0 D mv2112_update_link: 3.0x8109(100M): 0x8
01-01 10:13:53.610 0 0 D mv2112_update_link: link 0x0
01-01 10:13:53.610 0 0 D mv2112_read_status: autoneg is disabled
01-01 10:13:54.634 0 0 D : mv2112_read_status
01-01 10:13:54.634 0 0 D mv2112_update_link: 3.0x901(1G): 0x80
01-01 10:13:54.634 0 0 D mv2112_update_link: 3.0x8109(100M): 0x8
01-01 10:13:54.634 0 0 D mv2112_update_link: link 0x0
01-01 10:13:54.634 0 0 D mv2112_read_status: autoneg is disabled
01-01 10:13:55.658 0 0 D : mv2112_read_status
01-01 10:13:55.658 0 0 D mv2112_update_link: 3.0x901(1G): 0x80
01-01 10:13:55.658 0 0 D mv2112_update_link: 3.0x8109(100M): 0x8
01-01 10:13:55.658 0 0 D mv2112_update_link: link 0x0
01-01 10:13:55.658 0 0 D mv2112_read_status: autoneg is disabled
01-01 10:13:56.682 0 0 D : mv2112_read_status
01-01 10:13:56.682 0 0 D mv2112_update_link: 3.0x901(1G): 0x80
01-01 10:13:56.682 0 0 D mv2112_update_link: 3.0x8109(100M): 0x8
01-01 10:13:56.682 0 0 D mv2112_update_link: link 0x0
01-01 10:13:56.682 0 0 D mv2112_read_status: autoneg is disabled
01-01 10:13:57.706 0 0 D : mv2112_read_status
01-01 10:13:57.706 0 0 D mv2112_update_link: 3.0x901(1G): 0x80
01-01 10:13:57.706 0 0 D mv2112_update_link: 3.0x8109(100M): 0x8
01-01 10:13:57.706 0 0 D mv2112_update_link: link 0x0
01-01 10:13:57.706 0 0 D mv2112_read_status: autoneg is disabled
01-01 10:13:58.730 0 0 D : mv2112_read_status
01-01 10:13:58.730 0 0 D mv2112_update_link: 3.0x901(1G): 0x80
01-01 10:13:58.730 0 0 D mv2112_update_link: 3.0x8109(100M): 0x8
01-01 10:13:58.730 0 0 D mv2112_update_link: link 0x0
01-01 10:13:58.730 0 0 D mv2112_read_status: autoneg is disabled
01-01 10:13:59.754 0 0 D : mv2112_read_status
01-01 10:13:59.754 0 0 D mv2112_update_link: 3.0x901(1G): 0x80
01-01 10:13:59.754 0 0 D mv2112_update_link: 3.0x8109(100M): 0x8
01-01 10:13:59.754 0 0 D mv2112_update_link: link 0x0
01-01 10:13:59.754 0 0 D mv2112_read_status: autoneg is disabled
01-01 10:14:00.778 0 0 D : mv2112_read_status
01-01 10:14:00.778 0 0 D mv2112_update_link: 3.0x901(1G): 0x80
01-01 10:14:00.778 0 0 D mv2112_update_link: 3.0x8109(100M): 0x8
01-01 10:14:00.778 0 0 D mv2112_update_link: link 0x0
01-01 10:14:00.778 0 0 D mv2112_read_status: autoneg is disabled
01-01 10:14:01.802 0 0 D : mv2112_read_status
01-01 10:14:01.802 0 0 D mv2112_update_link: 3.0x901(1G): 0x80
01-01 10:14:01.802 0 0 D mv2112_update_link: 3.0x8109(100M): 0x8
01-01 10:14:01.802 0 0 D mv2112_update_link: link 0x0
01-01 10:14:01.802 0 0 D mv2112_read_status: autoneg is disabled
01-01 10:14:02.826 0 0 D : mv2112_read_status
01-01 10:14:02.826 0 0 D mv2112_update_link: 3.0x901(1G): 0x80
01-01 10:14:02.826 0 0 D mv2112_update_link: 3.0x8109(100M): 0x8
01-01 10:14:02.826 0 0 D mv2112_update_link: link 0x0
01-01 10:14:02.826 0 0 D mv2112_read_status: autoneg is disabled
01-01 10:14:03.850 0 0 D : mv2112_read_status
01-01 10:14:03.850 0 0 D mv2112_update_link: 3.0x901(1G): 0x80
01-01 10:14:03.850 0 0 D mv2112_update_link: 3.0x8109(100M): 0x8
01-01 10:14:03.850 0 0 D mv2112_update_link: link 0x0
01-01 10:14:03.850 0 0 D mv2112_read_status: autoneg is disabled
01-01 10:14:04.874 0 0 D : mv2112_read_status
01-01 10:14:04.874 0 0 D mv2112_update_link: 3.0x901(1G): 0x80
01-01 10:14:04.874 0 0 D mv2112_update_link: 3.0x8109(100M): 0x8
01-01 10:14:04.874 0 0 D mv2112_update_link: link 0x0
01-01 10:14:04.874 0 0 D mv2112_read_status: autoneg is disabled
01-01 10:14:05.898 0 0 D : mv2112_read_status
01-01 10:14:05.898 0 0 D mv2112_update_link: 3.0x901(1G): 0x80
01-01 10:14:05.899 0 0 D mv2112_update_link: 3.0x8109(100M): 0x8
01-01 10:14:05.899 0 0 D mv2112_update_link: link 0x0
01-01 10:14:05.899 0 0 D mv2112_read_status: autoneg is disabled
01-01 10:14:06.922 0 0 D : mv2112_read_status
01-01 10:14:06.922 0 0 D mv2112_update_link: 3.0x901(1G): 0x80
01-01 10:14:06.922 0 0 D mv2112_update_link: 3.0x8109(100M): 0x8
01-01 10:14:06.922 0 0 D mv2112_update_link: link 0x0
01-01 10:14:06.922 0 0 D mv2112_read_status: autoneg is disabled
01-01 10:14:07.946 0 0 D : mv2112_read_status
01-01 10:14:07.946 0 0 D mv2112_update_link: 3.0x901(1G): 0x80
01-01 10:14:07.946 0 0 D mv2112_update_link: 3.0x8109(100M): 0x8
01-01 10:14:07.946 0 0 D mv2112_update_link: link 0x0
01-01 10:14:07.946 0 0 D mv2112_read_status: autoneg is disabled
01-01 10:14:08.970 0 0 D : mv2112_read_status
01-01 10:14:08.970 0 0 D mv2112_update_link: 3.0x901(1G): 0x80
01-01 10:14:08.970 0 0 D mv2112_update_link: 3.0x8109(100M): 0x8
01-01 10:14:08.970 0 0 D mv2112_update_link: link 0x0
01-01 10:14:08.970 0 0 D mv2112_read_status: autoneg is disabled
01-01 10:14:09.994 0 0 D : mv2112_read_status
01-01 10:14:09.994 0 0 D mv2112_update_link: 3.0x901(1G): 0x80
01-01 10:14:09.994 0 0 D mv2112_update_link: 3.0x8109(100M): 0x8
01-01 10:14:09.994 0 0 D mv2112_update_link: link 0x0
01-01 10:14:09.994 0 0 D mv2112_read_status: autoneg is disabled
01-01 10:14:11.018 0 0 D : mv2112_read_status
01-01 10:14:11.018 0 0 D mv2112_update_link: 3.0x901(1G): 0x80
01-01 10:14:11.018 0 0 D mv2112_update_link: 3.0x8109(100M): 0x8
01-01 10:14:11.018 0 0 D mv2112_update_link: link 0x0
01-01 10:14:11.018 0 0 D mv2112_read_status: autoneg is disabled
01-01 10:14:12.042 0 0 D : mv2112_read_status
01-01 10:14:12.042 0 0 D mv2112_update_link: 3.0x901(1G): 0x80
01-01 10:14:12.043 0 0 D mv2112_update_link: 3.0x8109(100M): 0x8
01-01 10:14:12.043 0 0 D mv2112_update_link: link 0x0
01-01 10:14:12.043 0 0 D mv2112_read_status: autoneg is disabled
01-01 10:14:13.066 0 0 D : mv2112_read_status
01-01 10:14:13.066 0 0 D mv2112_update_link: 3.0x901(1G): 0x80
01-01 10:14:13.066 0 0 D mv2112_update_link: 3.0x8109(100M): 0x8
01-01 10:14:13.066 0 0 D mv2112_update_link: link 0x0
01-01 10:14:13.066 0 0 D mv2112_read_status: autoneg is disabled
01-01 10:14:14.090 0 0 D : mv2112_read_status
01-01 10:14:14.090 0 0 D mv2112_update_link: 3.0x901(1G): 0x80
01-01 10:14:14.090 0 0 D mv2112_update_link: 3.0x8109(100M): 0x8
01-01 10:14:14.090 0 0 D mv2112_update_link: link 0x0
01-01 10:14:14.090 0 0 D mv2112_read_status: autoneg is disabled
01-01 10:14:15.114 0 0 D : mv2112_read_status
01-01 10:14:15.114 0 0 D mv2112_update_link: 3.0x901(1G): 0x80
01-01 10:14:15.114 0 0 D mv2112_update_link: 3.0x8109(100M): 0x8
01-01 10:14:15.114 0 0 D mv2112_update_link: link 0x0
01-01 10:14:15.114 0 0 D mv2112_read_status: autoneg is disabled
01-01 10:14:16.138 0 0 D : mv2112_read_status
01-01 10:14:16.138 0 0 D mv2112_update_link: 3.0x901(1G): 0x80
01-01 10:14:16.138 0 0 D mv2112_update_link: 3.0x8109(100M): 0x8
01-01 10:14:16.138 0 0 D mv2112_update_link: link 0x0
01-01 10:14:16.138 0 0 D mv2112_read_status: autoneg is disabled
01-01 10:14:17.162 0 0 D : mv2112_read_status
01-01 10:14:17.162 0 0 D mv2112_update_link: 3.0x901(1G): 0x80
01-01 10:14:17.162 0 0 D mv2112_update_link: 3.0x8109(100M): 0x8
01-01 10:14:17.162 0 0 D mv2112_update_link: link 0x0
01-01 10:14:17.162 0 0 D mv2112_read_status: autoneg is disabled
01-01 10:14:18.186 0 0 D : mv2112_read_status
01-01 10:14:18.186 0 0 D mv2112_update_link: 3.0x901(1G): 0x80
01-01 10:14:18.186 0 0 D mv2112_update_link: 3.0x8109(100M): 0x8
01-01 10:14:18.186 0 0 D mv2112_update_link: link 0x0
01-01 10:14:18.186 0 0 D mv2112_read_status: autoneg is disabled
01-01 10:14:19.210 0 0 D : mv2112_read_status
01-01 10:14:19.210 0 0 D mv2112_update_link: 3.0x901(1G): 0x80
01-01 10:14:19.210 0 0 D mv2112_update_link: 3.0x8109(100M): 0x8
01-01 10:14:19.210 0 0 D mv2112_update_link: link 0x0
01-01 10:14:19.210 0 0 D mv2112_read_status: autoneg is disabled
01-01 10:14:20.234 0 0 D : mv2112_read_status
01-01 10:14:20.234 0 0 D mv2112_update_link: 3.0x901(1G): 0x80
01-01 10:14:20.234 0 0 D mv2112_update_link: 3.0x8109(100M): 0x8
01-01 10:14:20.234 0 0 D mv2112_update_link: link 0x0
01-01 10:14:20.234 0 0 D mv2112_read_status: autoneg is disabled
01-01 10:14:21.258 0 0 D : mv2112_read_status
01-01 10:14:21.258 0 0 D mv2112_update_link: 3.0x901(1G): 0x80
01-01 10:14:21.258 0 0 D mv2112_update_link: 3.0x8109(100M): 0x8
01-01 10:14:21.258 0 0 D mv2112_update_link: link 0x0
01-01 10:14:21.258 0 0 D mv2112_read_status: autoneg is disabled
01-01 10:14:22.282 0 0 D : mv2112_read_status
01-01 10:14:22.282 0 0 D mv2112_update_link: 3.0x901(1G): 0x80
01-01 10:14:22.282 0 0 D mv2112_update_link: 3.0x8109(100M): 0x8
01-01 10:14:22.282 0 0 D mv2112_update_link: link 0x0
01-01 10:14:22.282 0 0 D mv2112_read_status: autoneg is disabled
01-01 10:14:23.306 0 0 D : mv2112_read_status
01-01 10:14:23.306 0 0 D mv2112_update_link: 3.0x901(1G): 0x80
01-01 10:14:23.306 0 0 D mv2112_update_link: 3.0x8109(100M): 0x8
01-01 10:14:23.306 0 0 D mv2112_update_link: link 0x0
01-01 10:14:23.306 0 0 D mv2112_read_status: autoneg is disabled
01-01 10:14:24.330 0 0 D : mv2112_read_status
01-01 10:14:24.330 0 0 D mv2112_update_link: 3.0x901(1G): 0x80
01-01 10:14:24.330 0 0 D mv2112_update_link: 3.0x8109(100M): 0x8
01-01 10:14:24.330 0 0 D mv2112_update_link: link 0x0
01-01 10:14:24.330 0 0 D mv2112_read_status: autoneg is disabled
01-01 10:14:25.354 0 0 D : mv2112_read_status
01-01 10:14:25.354 0 0 D mv2112_update_link: 3.0x901(1G): 0x80
01-01 10:14:25.354 0 0 D mv2112_update_link: 3.0x8109(100M): 0x8
01-01 10:14:25.354 0 0 D mv2112_update_link: link 0x0
01-01 10:14:25.354 0 0 D mv2112_read_status: autoneg is disabled
01-01 10:14:26.378 0 0 D : mv2112_read_status
01-01 10:14:26.378 0 0 D mv2112_update_link: 3.0x901(1G): 0x80
01-01 10:14:26.378 0 0 D mv2112_update_link: 3.0x8109(100M): 0x8
01-01 10:14:26.378 0 0 D mv2112_update_link: link 0x0
01-01 10:14:26.378 0 0 D mv2112_read_status: autoneg is disabled
01-01 10:14:27.402 0 0 D : mv2112_read_status
01-01 10:14:27.402 0 0 D mv2112_update_link: 3.0x901(1G): 0x80
01-01 10:14:27.402 0 0 D mv2112_update_link: 3.0x8109(100M): 0x8
01-01 10:14:27.402 0 0 D mv2112_update_link: link 0x0
01-01 10:14:27.402 0 0 D mv2112_read_status: autoneg is disabled
01-01 10:14:28.426 0 0 D : mv2112_read_status
01-01 10:14:28.426 0 0 D mv2112_update_link: 3.0x901(1G): 0x80
01-01 10:14:28.426 0 0 D mv2112_update_link: 3.0x8109(100M): 0x8
01-01 10:14:28.426 0 0 D mv2112_update_link: link 0x0
01-01 10:14:28.426 0 0 D mv2112_read_status: autoneg is disabled
12-14 03:32:25.572 1483 1712 D ActivityManager: freezing 3114 com.android.traceur
12-14 03:32:25.572 1483 1712 E ActivityManager: Unable to freeze binder for 3114 com.android.traceur
01-01 10:14:28.633 0 0 I binder : 1483:1712 ioctl 400c620e 7880bc55d8 returned -22
12-14 03:32:25.574 1483 1712 D ActivityManager: froze 3114 com.android.traceur
12-14 03:32:25.575 1483 1712 E ActivityManager: Unable to freeze binder for 3114 com.android.traceur
01-01 10:14:28.635 0 0 I binder : 1483:1712 ioctl c00c620f 7880bc55b8 returned -22
12-14 03:32:25.576 1483 1712 I ActivityManager: Killing 3114:com.android.traceur/u0a34 (adj 975): Unable to freeze binder interface
01-01 10:14:29.450 0 0 D : mv2112_read_status
01-01 10:14:29.450 0 0 D mv2112_update_link: 3.0x901(1G): 0x80
01-01 10:14:29.450 0 0 D mv2112_update_link: 3.0x8109(100M): 0x8
01-01 10:14:29.450 0 0 D mv2112_update_link: link 0x0
01-01 10:14:29.450 0 0 D mv2112_read_status: autoneg is disabled
01-01 10:14:29.686 0 0 I binder : 1483:1712 ioctl 400c620e 7880bc55d8 returned -22
12-14 03:32:26.625 1483 1712 D ActivityManager: freezing 3372 com.hryt.hiphishowfsecontrol
12-14 03:32:26.626 1483 1712 E ActivityManager: Unable to freeze binder for 3372 com.hryt.hiphishowfsecontrol
12-14 03:32:26.627 1483 1712 D ActivityManager: froze 3372 com.hryt.hiphishowfsecontrol
12-14 03:32:26.627 1483 1712 E ActivityManager: Unable to freeze binder for 3372 com.hryt.hiphishowfsecontrol
12-14 03:32:26.628 1483 1712 I ActivityManager: Killing 3372:com.hryt.hiphishowfsecontrol/u0a33 (adj 975): Unable to freeze binder interface
01-01 10:14:29.688 0 0 I binder : 1483:1712 ioctl c00c620f 7880bc55b8 returned -22
12-14 03:32:26.671 1483 1712 D ActivityManager: freezing 3441 com.android.calendar
12-14 03:32:26.671 1483 1712 E ActivityManager: Unable to freeze binder for 3441 com.android.calendar
12-14 03:32:26.672 1483 1712 D ActivityManager: froze 3441 com.android.calendar
12-14 03:32:26.672 1483 1712 E ActivityManager: Unable to freeze binder for 3441 com.android.calendar
01-01 10:14:29.732 0 0 I binder : 1483:1712 ioctl 400c620e 7880bc55d8 returned -22
01-01 10:14:29.733 0 0 I binder : 1483:1712 ioctl c00c620f 7880bc55b8 returned -22
12-14 03:32:26.673 1483 1712 I ActivityManager: Killing 3441:com.android.calendar/u0a68 (adj 965): Unable to freeze binder interface
12-14 03:32:26.826 1483 1712 D ActivityManager: freezing 3477 com.android.dynsystem
12-14 03:32:26.827 1483 1712 E ActivityManager: Unable to freeze binder for 3477 com.android.dynsystem
12-14 03:32:26.828 1483 1712 D ActivityManager: froze 3477 com.android.dynsystem
12-14 03:32:26.828 1483 1712 E ActivityManager: Unable to freeze binder for 3477 com.android.dynsystem
12-14 03:32:26.829 1483 1712 I ActivityManager: Killing 3477:com.android.dynsystem/1000 (adj 965): Unable to freeze binder interface
01-01 10:14:29.887 0 0 I binder : 1483:1712 ioctl 400c620e 7880bc55d8 returned -22
01-01 10:14:29.888 0 0 I binder : 1483:1712 ioctl c00c620f 7880bc55b8 returned -22
12-14 03:32:26.931 1483 1712 D ActivityManager: freezing 3500 com.android.dynsystem:dynsystem
12-14 03:32:26.931 1483 1712 E ActivityManager: Unable to freeze binder for 3500 com.android.dynsystem:dynsystem
01-01 10:14:29.991 0 0 I binder : 1483:1712 ioctl 400c620e 7880bc55d8 returned -22
01-01 10:14:29.993 0 0 I binder : 1483:1712 ioctl c00c620f 7880bc55b8 returned -22
12-14 03:32:26.933 1483 1712 D ActivityManager: froze 3500 com.android.dynsystem:dynsystem
12-14 03:32:26.933 1483 1712 E ActivityManager: Unable to freeze binder for 3500 com.android.dynsystem:dynsystem
12-14 03:32:26.934 1483 1712 I ActivityManager: Killing 3500:com.android.dynsystem:dynsystem/1000 (adj 995): Unable to freeze binder interface
12-14 03:32:27.216 1483 1712 D ActivityManager: freezing 2964 com.android.keychain
12-14 03:32:27.216 1483 1712 E ActivityManager: Unable to freeze binder for 2964 com.android.keychain
01-01 10:14:30.276 0 0 I binder : 1483:1712 ioctl 400c620e 7880bc55d8 returned -22
12-14 03:32:27.218 1483 1712 D ActivityManager: froze 2964 com.android.keychain
12-14 03:32:27.218 1483 1712 E ActivityManager: Unable to freeze binder for 2964 com.android.keychain
12-14 03:32:27.219 1483 1712 I ActivityManager: Killing 2964:com.android.keychain/1000 (adj 975): Unable to freeze binder interface
01-01 10:14:30.278 0 0 I binder : 1483:1712 ioctl c00c620f 7880bc55b8 returned -22
12-14 03:32:27.222 1483 1712 D ActivityManager: freezing 3566 com.android.music
12-14 03:32:27.222 1483 1712 E ActivityManager: Unable to freeze binder for 3566 com.android.music
12-14 03:32:27.223 1483 1712 D ActivityManager: froze 3566 com.android.music
12-14 03:32:27.223 1483 1712 E ActivityManager: Unable to freeze binder for 3566 com.android.music
12-14 03:32:27.224 1483 1712 I ActivityManager: Killing 3566:com.android.music/u0a90 (adj 985): Unable to freeze binder interface
01-01 10:14:30.283 0 0 I binder : 1483:1712 ioctl 400c620e 7880bc55d8 returned -22
01-01 10:14:30.284 0 0 I binder : 1483:1712 ioctl c00c620f 7880bc55b8 returned -22
12-14 03:32:27.360 1483 1712 D ActivityManager: freezing 3584 com.android.onetimeinitializer
12-14 03:32:27.360 1483 1712 E ActivityManager: Unable to freeze binder for 3584 com.android.onetimeinitializer
01-01 10:14:30.420 0 0 I binder : 1483:1712 ioctl 400c620e 7880bc55d8 returned -22
01-01 10:14:30.421 0 0 I binder : 1483:1712 ioctl c00c620f 7880bc55b8 returned -22
12-14 03:32:27.361 1483 1712 D ActivityManager: froze 3584 com.android.onetimeinitializer
12-14 03:32:27.361 1483 1712 E ActivityManager: Unable to freeze binder for 3584 com.android.onetimeinitializer
12-14 03:32:27.362 1483 1712 I ActivityManager: Killing 3584:com.android.onetimeinitializer/u0a60 (adj 975): Unable to freeze binder interface
01-01 10:14:30.474 0 0 D : mv2112_read_status
01-01 10:14:30.474 0 0 D mv2112_update_link: 3.0x901(1G): 0x80
01-01 10:14:30.474 0 0 D mv2112_update_link: 3.0x8109(100M): 0x8
01-01 10:14:30.474 0 0 D mv2112_update_link: link 0x0
01-01 10:14:30.474 0 0 D mv2112_read_status: autoneg is disabled
12-14 03:32:27.990 1483 1712 D ActivityManager: freezing 3678 com.android.phone
12-14 03:32:27.990 1483 1712 E ActivityManager: Unable to freeze binder for 3678 com.android.phone
12-14 03:32:27.991 1483 1712 D ActivityManager: froze 3678 com.android.phone
12-14 03:32:27.991 1483 1712 E ActivityManager: Unable to freeze binder for 3678 com.android.phone
12-14 03:32:27.993 1483 1712 I ActivityManager: Killing 3678:com.android.phone/1001 (adj 955): Unable to freeze binder interface
01-01 10:14:31.051 0 0 I binder : 1483:1712 ioctl 400c620e 7880bc55d8 returned -22
01-01 10:14:31.052 0 0 I binder : 1483:1712 ioctl c00c620f 7880bc55b8 returned -22
12-14 03:32:28.026 1483 2935 I Watchdog: Interesting Java process com.android.phone died. Pid 3678
12-14 03:32:28.136 1483 1712 D ActivityManager: freezing 3711 com.android.localtransport
12-14 03:32:28.137 1483 1712 E ActivityManager: Unable to freeze binder for 3711 com.android.localtransport
01-01 10:14:31.197 0 0 I binder : 1483:1712 ioctl 400c620e 7880bc55d8 returned -22
12-14 03:32:28.138 1483 1712 D ActivityManager: froze 3711 com.android.localtransport
12-14 03:32:28.139 1483 1712 E ActivityManager: Unable to freeze binder for 3711 com.android.localtransport
12-14 03:32:28.140 1483 1712 I ActivityManager: Killing 3711:com.android.localtransport/1000 (adj 955): Unable to freeze binder interface
01-01 10:14:31.199 0 0 I binder : 1483:1712 ioctl c00c620f 7880bc55b8 returned -22
01-01 10:14:31.498 0 0 D : mv2112_read_status
01-01 10:14:31.498 0 0 D mv2112_update_link: 3.0x901(1G): 0x80
01-01 10:14:31.498 0 0 D mv2112_update_link: 3.0x8109(100M): 0x8
01-01 10:14:31.498 0 0 D mv2112_update_link: link 0x0
01-01 10:14:31.498 0 0 D mv2112_read_status: autoneg is disabled
12-14 03:32:28.593 1483 1712 D ActivityManager: freezing 3762 com.qualcomm.qti.qms.service.connectionsecurity
12-14 03:32:28.593 1483 1712 E ActivityManager: Unable to freeze binder for 3762 com.qualcomm.qti.qms.service.connectionsecurity
01-01 10:14:31.653 0 0 I binder : 1483:1712 ioctl 400c620e 7880bc55d8 returned -22
12-14 03:32:28.594 1483 1712 D ActivityManager: froze 3762 com.qualcomm.qti.qms.service.connectionsecurity
12-14 03:32:28.594 1483 1712 E ActivityManager: Unable to freeze binder for 3762 com.qualcomm.qti.qms.service.connectionsecurity
01-01 10:14:31.655 0 0 I binder : 1483:1712 ioctl c00c620f 7880bc55b8 returned -22
12-14 03:32:28.596 1483 1712 D ActivityManager: freezing 3037 com.qualcomm.qtil.aptxui
01-01 10:14:31.656 0 0 I binder : 1483:1712 ioctl 400c620e 7880bc55d8 returned -22
12-14 03:32:28.596 1483 1712 E ActivityManager: Unable to freeze binder for 3037 com.qualcomm.qtil.aptxui
12-14 03:32:28.596 1483 1712 D ActivityManager: froze 3037 com.qualcomm.qtil.aptxui
01-01 10:14:31.657 0 0 I binder : 1483:1712 ioctl c00c620f 7880bc55b8 returned -22
12-14 03:32:28.597 1483 1712 E ActivityManager: Unable to freeze binder for 3037 com.qualcomm.qtil.aptxui
12-14 03:32:28.598 1483 1712 I ActivityManager: Killing 3762:com.qualcomm.qti.qms.service.connectionsecurity/u0a58 (adj 945): Unable to freeze binder interface
12-14 03:32:28.599 1483 1712 I ActivityManager: Killing 3037:com.qualcomm.qtil.aptxui/u0a86 (adj 945): Unable to freeze binder interface
01-01 10:14:31.826 0 0 I binder : 1483:1712 ioctl 400c620e 7880bc55d8 returned -22
12-14 03:32:28.766 1483 1712 D ActivityManager: freezing 2648 com.android.deskclock
12-14 03:32:28.766 1483 1712 E ActivityManager: Unable to freeze binder for 2648 com.android.deskclock
12-14 03:32:28.767 1483 1712 D ActivityManager: froze 2648 com.android.deskclock
12-14 03:32:28.767 1483 1712 E ActivityManager: Unable to freeze binder for 2648 com.android.deskclock
12-14 03:32:28.768 1483 1712 I ActivityManager: Killing 2648:com.android.deskclock/u0a64 (adj 935): Unable to freeze binder interface
01-01 10:14:31.828 0 0 I binder : 1483:1712 ioctl c00c620f 7880bc55b8 returned -22
01-01 10:14:32.312 0 0 I binder : 1483:1712 ioctl 400c620e 7880bc55d8 returned -22
01-01 10:14:32.313 0 0 I binder : 1483:1712 ioctl c00c620f 7880bc55b8 returned -22
12-14 03:32:29.251 1483 1712 D ActivityManager: freezing 3802 com.android.externalstorage
12-14 03:32:29.252 1483 1712 E ActivityManager: Unable to freeze binder for 3802 com.android.externalstorage
12-14 03:32:29.253 1483 1712 D ActivityManager: froze 3802 com.android.externalstorage
12-14 03:32:29.253 1483 1712 E ActivityManager: Unable to freeze binder for 3802 com.android.externalstorage
12-14 03:32:29.255 1483 1712 I ActivityManager: Killing 3802:com.android.externalstorage/u0a29 (adj 935): Unable to freeze binder interface
01-01 10:14:32.522 0 0 D : mv2112_read_status
01-01 10:14:32.522 0 0 D mv2112_update_link: 3.0x901(1G): 0x80
01-01 10:14:32.522 0 0 D mv2112_update_link: 3.0x8109(100M): 0x8
01-01 10:14:32.522 0 0 D mv2112_update_link: link 0x0
01-01 10:14:32.522 0 0 D mv2112_read_status: autoneg is disabled
01-01 10:14:33.546 0 0 D : mv2112_read_status
01-01 10:14:33.546 0 0 D mv2112_update_link: 3.0x901(1G): 0x80
01-01 10:14:33.546 0 0 D mv2112_update_link: 3.0x8109(100M): 0x8
01-01 10:14:33.546 0 0 D mv2112_update_link: link 0x0
01-01 10:14:33.546 0 0 D mv2112_read_status: autoneg is disabled
12-14 03:32:30.630 1483 2142 I DreamManagerService: Gently waking up from dream.
12-14 03:32:30.632 1483 1585 I DreamManagerService: Performing gentle wake from dream.
12-14 03:32:30.634 1483 2142 I ActivityTaskManager: FOREGROUND_APPLICATION_CHANGED to com.android.settings.homepage.SettingsHomepageActivity
12-14 03:32:30.654 1483 1609 W BroadcastQueue: Permission Denial: broadcasting Intent { act=android.net.conn.CONNECTIVITY_CHANGE flg=0x4200010 (has extras) } from null (pid=-1, uid=-1) requires android.permission.CHANGE_NETWORK_STATE due to registered receiver BroadcastFilter{57ebc98 1000/u0 ReceiverList{86f967b 2381 com.android.settings/1000/u0 remote:883ee0a}}
12-14 03:32:30.654 1483 1609 W BroadcastQueue: Permission Denial: broadcasting Intent { act=android.net.wifi.STATE_CHANGE flg=0x4000010 (has extras) } from null (pid=-1, uid=-1) requires android.permission.CHANGE_NETWORK_STATE due to registered receiver BroadcastFilter{57ebc98 1000/u0 ReceiverList{86f967b 2381 com.android.settings/1000/u0 remote:883ee0a}}
12-14 03:32:30.655 1483 1609 W BroadcastQueue: Permission Denial: broadcasting Intent { act=android.net.conn.CONNECTIVITY_CHANGE flg=0x4200010 (has extras) } from null (pid=-1, uid=-1) requires android.permission.CHANGE_NETWORK_STATE due to registered receiver BroadcastFilter{2571f57 1000/u0 ReceiverList{a7ae0d6 2381 com.android.settings/1000/u0 remote:9fcccf1}}
12-14 03:32:30.655 3783 3800 W ContextImpl: Calling a method in the system process without a qualified user: android.app.ContextImpl.startService:1816 android.content.ContextWrapper.startService:774 com.thundercomm.gamemode.ingame.services.GameModeActionUtils.startGameModeService:99 com.thundercomm.gamemode.ingame.services.GameModeActionUtils.startGameModeEntry:22 com.thundercomm.gamemode.ingame.services.ActivityMonitoringService$1.onActivityLaunch:127
12-14 03:32:30.657 1483 1609 W BroadcastQueue: Permission Denial: broadcasting Intent { act=android.net.wifi.STATE_CHANGE flg=0x4000010 (has extras) } from null (pid=-1, uid=-1) requires android.permission.CHANGE_NETWORK_STATE due to registered receiver BroadcastFilter{2571f57 1000/u0 ReceiverList{a7ae0d6 2381 com.android.settings/1000/u0 remote:9fcccf1}}
12-14 03:32:30.663 1483 1483 I GameModeConfig: Current uri is uri = content://com.thundercomm.gamemode.api/gamemode_settings/gamemode_isgaming
12-14 03:32:30.667 1483 1483 I GameModeConfig: isGameModeOn = false
12-14 03:32:30.667 1483 1483 I GameModeConfig: isGameModeOn = false
12-14 03:32:30.667 1483 1483 I GameModeConfig: isDisableVoice = true
12-14 03:32:30.681 1483 1620 W BatteryExternalStatsWorker: error reading modem stats:ERROR_PHONE_NOT_AVAILABLE
12-14 03:32:30.710 1483 1620 E KernelCpuSpeedReader: Failed to read cpu-freq: /sys/devices/system/cpu/cpu4/cpufreq/stats/time_in_state: open failed: ENOENT (No such file or directory)
12-14 03:32:30.710 1483 1620 E KernelCpuSpeedReader: Failed to read cpu-freq: /sys/devices/system/cpu/cpu0/cpufreq/stats/time_in_state: open failed: ENOENT (No such file or directory)
01-01 10:14:33.777 0 0 W audit : audit_lost=19 audit_rate_limit=5 audit_backlog_limit=64
01-01 10:14:33.777 0 0 E audit : rate limit exceeded
12-14 03:32:30.717 1483 1630 I PowerManagerService: Powering on display group fromDreaming (groupId=0, uid=1000, reason=WAKE_REASON_UNKNOWN, details=android.server.power:DREAM_FINISHED)...
12-14 03:32:30.717 1483 1630 I PowerManagerService: Waking up from Dreaming (uid=1000, reason=WAKE_REASON_UNKNOWN, details=android.server.power:DREAM_FINISHED)...
12-14 03:32:30.756 3783 3800 W ContextImpl: Calling a method in the system process without a qualified user: android.app.ContextImpl.startService:1816 android.content.ContextWrapper.startService:774 com.thundercomm.gamemode.ingame.services.GameModeActionUtils.startGameModeService:99 com.thundercomm.gamemode.ingame.services.GameModeActionUtils.startGameModeEntry:22 com.thundercomm.gamemode.ingame.services.ActivityMonitoringService$1.onActivityLaunch:127
12-14 03:32:30.760 1483 1483 I GameModeConfig: Current uri is uri = content://com.thundercomm.gamemode.api/gamemode_settings/gamemode_isgaming
12-14 03:32:30.762 1483 1483 I GameModeConfig: isGameModeOn = false
12-14 03:32:30.762 1483 1483 I GameModeConfig: isGameModeOn = false
12-14 03:32:30.762 1483 1483 I GameModeConfig: isDisableVoice = true
12-14 03:32:30.763 1483 1620 D KernelCpuUidUserSysTimeReader: Removing uids 1037-1037
12-14 03:32:30.763 1483 1620 D KernelCpuUidUserSysTimeReader: Removing uids 1037-1037
12-14 03:32:30.783 1483 1620 W BatteryExternalStatsWorker: error reading modem stats:ERROR_PHONE_NOT_AVAILABLE
12-14 03:32:30.786 1483 1620 E KernelCpuSpeedReader: Failed to read cpu-freq: /sys/devices/system/cpu/cpu4/cpufreq/stats/time_in_state: open failed: ENOENT (No such file or directory)
12-14 03:32:30.786 1483 1620 E KernelCpuSpeedReader: Failed to read cpu-freq: /sys/devices/system/cpu/cpu0/cpufreq/stats/time_in_state: open failed: ENOENT (No such file or directory)
12-14 03:32:31.244 3783 3800 W ContextImpl: Calling a method in the system process without a qualified user: android.app.ContextImpl.startService:1816 android.content.ContextWrapper.startService:774 com.thundercomm.gamemode.ingame.services.GameModeActionUtils.startGameModeService:99 com.thundercomm.gamemode.ingame.services.GameModeActionUtils.startGameModeEntry:22 com.thundercomm.gamemode.ingame.services.ActivityMonitoringService$1.onActivityLaunch:127
12-14 03:32:31.251 1483 1483 I GameModeConfig: Current uri is uri = content://com.thundercomm.gamemode.api/gamemode_settings/gamemode_isgaming
12-14 03:32:31.252 1483 1483 I GameModeConfig: isGameModeOn = false
12-14 03:32:31.253 1483 1483 I GameModeConfig: isGameModeOn = false
12-14 03:32:31.253 1483 1483 I GameModeConfig: isDisableVoice = true
12-14 03:32:31.262 1483 2935 I DreamManagerService: Leaving dreamland.
12-14 03:32:31.263 1483 1585 I DreamManagerService: Performing gentle wake from dream.
12-14 03:32:31.263 1483 1585 I DreamController: Stopping dream: name=ComponentInfo{com.thundercomm.screensaver/com.thundercomm.saverclock.service.ClockScreensaver}, isTest=false, canDoze=false, userId=0, reason='finished self'(from 'finished self')
12-14 03:32:31.282 1483 1590 W ActivityTaskManager: Can't find TaskDisplayArea to determine support for multi window. Task id=21 attached=false
01-01 10:14:34.570 0 0 D : mv2112_read_status
01-01 10:14:34.570 0 0 D mv2112_update_link: 3.0x901(1G): 0x80
01-01 10:14:34.570 0 0 D mv2112_update_link: 3.0x8109(100M): 0x8
01-01 10:14:34.570 0 0 D mv2112_update_link: link 0x0
01-01 10:14:34.570 0 0 D mv2112_read_status: autoneg is disabled
01-01 10:14:35.594 0 0 D : mv2112_read_status
01-01 10:14:35.594 0 0 D mv2112_update_link: 3.0x901(1G): 0x80
01-01 10:14:35.594 0 0 D mv2112_update_link: 3.0x8109(100M): 0x8
01-01 10:14:35.594 0 0 D mv2112_update_link: link 0x0
01-01 10:14:35.594 0 0 D mv2112_read_status: autoneg is disabled
12-14 03:32:32.760 1483 1712 D ActivityManager: freezing 3641 com.android.providers.calendar
12-14 03:32:32.760 1483 1712 E ActivityManager: Unable to freeze binder for 3641 com.android.providers.calendar
12-14 03:32:32.761 1483 1712 D ActivityManager: froze 3641 com.android.providers.calendar
12-14 03:32:32.761 1483 1712 E ActivityManager: Unable to freeze binder for 3641 com.android.providers.calendar
01-01 10:14:35.820 0 0 I binder : 1483:1712 ioctl 400c620e 7880bc55d8 returned -22
01-01 10:14:35.821 0 0 I binder : 1483:1712 ioctl c00c620f 7880bc55b8 returned -22
12-14 03:32:32.762 1483 1712 I ActivityManager: Killing 3641:com.android.providers.calendar/u0a19 (adj 935): Unable to freeze binder interface
01-01 10:14:36.618 0 0 D : mv2112_read_status
01-01 10:14:36.618 0 0 D mv2112_update_link: 3.0x901(1G): 0x80
01-01 10:14:36.618 0 0 D mv2112_update_link: 3.0x8109(100M): 0x8
01-01 10:14:36.618 0 0 D mv2112_update_link: link 0x0
01-01 10:14:36.618 0 0 D mv2112_read_status: autoneg is disabled
12-14 03:32:33.985 1483 1712 D ActivityManager: freezing 3984 com.qualcomm.qti.qms.service.trustzoneaccess
01-01 10:14:37.045 0 0 I binder : 1483:1712 ioctl 400c620e 7880bc55d8 returned -22
12-14 03:32:33.985 1483 1712 E ActivityManager: Unable to freeze binder for 3984 com.qualcomm.qti.qms.service.trustzoneaccess
12-14 03:32:33.987 1483 1712 D ActivityManager: froze 3984 com.qualcomm.qti.qms.service.trustzoneaccess
12-14 03:32:33.987 1483 1712 E ActivityManager: Unable to freeze binder for 3984 com.qualcomm.qti.qms.service.trustzoneaccess
12-14 03:32:33.988 1483 1712 I ActivityManager: Killing 3984:com.qualcomm.qti.qms.service.trustzoneaccess/u0a55 (adj 935): Unable to freeze binder interface
01-01 10:14:37.047 0 0 I binder : 1483:1712 ioctl c00c620f 7880bc55b8 returned -22
01-01 10:14:37.642 0 0 D : mv2112_read_status
01-01 10:14:37.642 0 0 D mv2112_update_link: 3.0x901(1G): 0x80
01-01 10:14:37.642 0 0 D mv2112_update_link: 3.0x8109(100M): 0x8
01-01 10:14:37.642 0 0 D mv2112_update_link: link 0x0
01-01 10:14:37.642 0 0 D mv2112_read_status: autoneg is disabled
01-01 10:14:38.666 0 0 D : mv2112_read_status
01-01 10:14:38.666 0 0 D mv2112_update_link: 3.0x901(1G): 0x80
01-01 10:14:38.666 0 0 D mv2112_update_link: 3.0x8109(100M): 0x8
01-01 10:14:38.666 0 0 D mv2112_update_link: link 0x0
01-01 10:14:38.666 0 0 D mv2112_read_status: autoneg is disabled
01-01 10:14:39.690 0 0 D : mv2112_read_status
01-01 10:14:39.690 0 0 D mv2112_update_link: 3.0x901(1G): 0x80
01-01 10:14:39.690 0 0 D mv2112_update_link: 3.0x8109(100M): 0x8
01-01 10:14:39.690 0 0 D mv2112_update_link: link 0x0
01-01 10:14:39.690 0 0 D mv2112_read_status: autoneg is disabled
01-01 10:14:40.714 0 0 D : mv2112_read_status
01-01 10:14:40.714 0 0 D mv2112_update_link: 3.0x901(1G): 0x80
01-01 10:14:40.714 0 0 D mv2112_update_link: 3.0x8109(100M): 0x8
01-01 10:14:40.714 0 0 D mv2112_update_link: link 0x0
01-01 10:14:40.714 0 0 D mv2112_read_status: autoneg is disabled
01-01 10:14:41.738 0 0 D : mv2112_read_status
01-01 10:14:41.738 0 0 D mv2112_update_link: 3.0x901(1G): 0x80
01-01 10:14:41.738 0 0 D mv2112_update_link: 3.0x8109(100M): 0x8
01-01 10:14:41.738 0 0 D mv2112_update_link: link 0x0
01-01 10:14:41.738 0 0 D mv2112_read_status: autoneg is disabled
01-01 10:14:42.762 0 0 D : mv2112_read_status
01-01 10:14:42.762 0 0 D mv2112_update_link: 3.0x901(1G): 0x80
01-01 10:14:42.762 0 0 D mv2112_update_link: 3.0x8109(100M): 0x8
01-01 10:14:42.762 0 0 D mv2112_update_link: link 0x0
01-01 10:14:42.762 0 0 D mv2112_read_status: autoneg is disabled
01-01 10:14:43.786 0 0 D : mv2112_read_status
01-01 10:14:43.786 0 0 D mv2112_update_link: 3.0x901(1G): 0x80
01-01 10:14:43.786 0 0 D mv2112_update_link: 3.0x8109(100M): 0x8
01-01 10:14:43.786 0 0 D mv2112_update_link: link 0x0
01-01 10:14:43.786 0 0 D mv2112_read_status: autoneg is disabled
01-01 10:14:44.810 0 0 D : mv2112_read_status
01-01 10:14:44.810 0 0 D mv2112_update_link: 3.0x901(1G): 0x80
01-01 10:14:44.810 0 0 D mv2112_update_link: 3.0x8109(100M): 0x8
01-01 10:14:44.810 0 0 D mv2112_update_link: link 0x0
01-01 10:14:44.810 0 0 D mv2112_read_status: autoneg is disabled
01-01 10:14:45.834 0 0 D : mv2112_read_status
01-01 10:14:45.835 0 0 D mv2112_update_link: 3.0x901(1G): 0x80
01-01 10:14:45.835 0 0 D mv2112_update_link: 3.0x8109(100M): 0x8
01-01 10:14:45.835 0 0 D mv2112_update_link: link 0x0
01-01 10:14:45.835 0 0 D mv2112_read_status: autoneg is disabled
01-01 10:14:46.858 0 0 D : mv2112_read_status
01-01 10:14:46.858 0 0 D mv2112_update_link: 3.0x901(1G): 0x80
01-01 10:14:46.858 0 0 D mv2112_update_link: 3.0x8109(100M): 0x8
01-01 10:14:46.858 0 0 D mv2112_update_link: link 0x0
01-01 10:14:46.858 0 0 D mv2112_read_status: autoneg is disabled
01-01 10:14:47.882 0 0 D : mv2112_read_status
01-01 10:14:47.882 0 0 D mv2112_update_link: 3.0x901(1G): 0x80
01-01 10:14:47.882 0 0 D mv2112_update_link: 3.0x8109(100M): 0x8
01-01 10:14:47.882 0 0 D mv2112_update_link: link 0x0
01-01 10:14:47.882 0 0 D mv2112_read_status: autoneg is disabled
01-01 10:14:48.906 0 0 D : mv2112_read_status
01-01 10:14:48.906 0 0 D mv2112_update_link: 3.0x901(1G): 0x80
01-01 10:14:48.906 0 0 D mv2112_update_link: 3.0x8109(100M): 0x8
01-01 10:14:48.906 0 0 D mv2112_update_link: link 0x0
01-01 10:14:48.906 0 0 D mv2112_read_status: autoneg is disabled
01-01 10:14:49.930 0 0 D : mv2112_read_status
01-01 10:14:49.930 0 0 D mv2112_update_link: 3.0x901(1G): 0x80
01-01 10:14:49.930 0 0 D mv2112_update_link: 3.0x8109(100M): 0x8
01-01 10:14:49.930 0 0 D mv2112_update_link: link 0x0
01-01 10:14:49.930 0 0 D mv2112_read_status: autoneg is disabled
01-01 10:14:50.954 0 0 D : mv2112_read_status
01-01 10:14:50.954 0 0 D mv2112_update_link: 3.0x901(1G): 0x80
01-01 10:14:50.954 0 0 D mv2112_update_link: 3.0x8109(100M): 0x8
01-01 10:14:50.954 0 0 D mv2112_update_link: link 0x0
01-01 10:14:50.954 0 0 D mv2112_read_status: autoneg is disabled
01-01 10:14:51.978 0 0 D : mv2112_read_status
01-01 10:14:51.978 0 0 D mv2112_update_link: 3.0x901(1G): 0x80
01-01 10:14:51.978 0 0 D mv2112_update_link: 3.0x8109(100M): 0x8
01-01 10:14:51.978 0 0 D mv2112_update_link: link 0x0
01-01 10:14:51.978 0 0 D mv2112_read_status: autoneg is disabled
01-01 10:14:53.002 0 0 D : mv2112_read_status
01-01 10:14:53.002 0 0 D mv2112_update_link: 3.0x901(1G): 0x80
01-01 10:14:53.002 0 0 D mv2112_update_link: 3.0x8109(100M): 0x8
01-01 10:14:53.002 0 0 D mv2112_update_link: link 0x0
01-01 10:14:53.002 0 0 D mv2112_read_status: autoneg is disabled
01-01 10:14:54.026 0 0 D : mv2112_read_status
01-01 10:14:54.026 0 0 D mv2112_update_link: 3.0x901(1G): 0x80
01-01 10:14:54.026 0 0 D mv2112_update_link: 3.0x8109(100M): 0x8
01-01 10:14:54.026 0 0 D mv2112_update_link: link 0x0
01-01 10:14:54.026 0 0 D mv2112_read_status: autoneg is disabled
01-01 10:14:55.050 0 0 D : mv2112_read_status
01-01 10:14:55.050 0 0 D mv2112_update_link: 3.0x901(1G): 0x80
01-01 10:14:55.050 0 0 D mv2112_update_link: 3.0x8109(100M): 0x8
01-01 10:14:55.050 0 0 D mv2112_update_link: link 0x0
01-01 10:14:55.050 0 0 D mv2112_read_status: autoneg is disabled
01-01 10:14:56.074 0 0 D : mv2112_read_status
01-01 10:14:56.074 0 0 D mv2112_update_link: 3.0x901(1G): 0x80
01-01 10:14:56.074 0 0 D mv2112_update_link: 3.0x8109(100M): 0x8
01-01 10:14:56.074 0 0 D mv2112_update_link: link 0x0
01-01 10:14:56.074 0 0 D mv2112_read_status: autoneg is disabled
01-01 10:14:57.098 0 0 D : mv2112_read_status
01-01 10:14:57.098 0 0 D mv2112_update_link: 3.0x901(1G): 0x80
01-01 10:14:57.098 0 0 D mv2112_update_link: 3.0x8109(100M): 0x8
01-01 10:14:57.098 0 0 D mv2112_update_link: link 0x0
01-01 10:14:57.098 0 0 D mv2112_read_status: autoneg is disabled
01-01 10:14:58.122 0 0 D : mv2112_read_status
01-01 10:14:58.122 0 0 D mv2112_update_link: 3.0x901(1G): 0x80
01-01 10:14:58.122 0 0 D mv2112_update_link: 3.0x8109(100M): 0x8
01-01 10:14:58.122 0 0 D mv2112_update_link: link 0x0
01-01 10:14:58.122 0 0 D mv2112_read_status: autoneg is disabled
12-14 03:32:55.488 1483 1680 W DeviceIdleController: motion timeout went off and device isn't stationary
12-14 03:32:55.511 1483 1965 D CompatibilityChangeReporter: Compat change id reported: 171306433; UID 1000; state: ENABLED
12-14 03:32:55.524 827 827 W android.hardware.wifi@1.0-service: No active wlan interfaces in use! Using default
01-01 10:14:58.589 0 0 I [wpa_su][0x2e44927fd][03:32:55.529064] wlan: [3395:I:HDD] wlan0(vdevid-0): Received Disconnect reason:3 WLAN_REASON_DEAUTH_LEAVING
01-01 10:14:58.590 0 0 I [schedu][0x2e449609c][03:32:55.529819] wlan: [3332:I:PE] Deauth TX: vdev 0 seq_num 2053 reason 3 waitForAck 1 to 6c:b1:58:0f:7d:3b from be:d4:30:99:35:ec
01-01 10:14:58.643 0 0 W [schedu][0x2e458f480][03:32:55.582991] wlan: [3332:W:PE] lim_process_action_frame_no_session: 2310: Unhandled action frame without session: 3
01-01 10:14:58.643 0 0 W [schedu][0x2e458f819][03:32:55.583039] wlan: [3332:W:PE] lim_process_action_frame_no_session: 2310: Unhandled action frame without session: 3
01-01 10:14:58.644 0 0 I [schedu][0x2e4593702][03:32:55.583877] wlan: [3332:I:HDD] wlan0(vdevid-0): disconnected
01-01 10:14:58.644 0 0 I [schedu][0x2e45937f1][03:32:55.583890] wlan: [3332:I:DP] dp_tx_flow_pool_unmap_handler: flow_id 0 flow_type 0 flow_pool_id 0
01-01 10:14:58.645 0 0 I [wpa_su][0x2e45966a3][03:32:55.584513] wlan: [3395:I:HDD] Disconnect reason: 3 WLAN_REASON_DEAUTH_LEAVING vendor: 0 LG: 1
12-14 03:32:55.594 1206 1206 I wificond: Unsubscribe scan result for interface with index: 17
01-01 10:14:58.685 0 0 I [schedu][0x2e4652eb0][03:32:55.624726] wlan: [3332:I:HIF] Deinitializing Runtime PM wakelock &vdev->vdev_set_key_runtime_wakelock
01-01 10:14:58.685 0 0 I [schedu][0x2e4655dde][03:32:55.625356] wlan: [3332:I:HIF] Initializing Runtime PM wakelock &vdev->vdev_set_key_runtime_wakelock
12-14 03:32:55.641 1206 1206 I wificond: tearDownClientInterface: erasing wiphy_index for iface_name wlan0
12-14 03:32:55.641 1206 1206 I wificond: remove channel type 0 support at wiphy index 0
12-14 03:32:55.641 1206 1206 I wificond: remove channel type 1 support at wiphy index 0
01-01 10:14:58.709 0 0 I init : Service 'wpa_supplicant' (pid 3395) exited with status 0 oneshot service took 629.247009 seconds in background
01-01 10:14:58.709 0 0 I init : Sending signal 9 to service 'wpa_supplicant' (pid 3395) process group...
01-01 10:14:58.709 0 0 I libprocessgroup: Successfully killed process cgroup uid 0 pid 3395 in 0ms
12-14 03:32:55.695 827 827 E android.hardware.wifi@1.0-service: Failed to open directory: Permission denied
12-14 03:32:55.695 827 827 E android.hardware.wifi@1.0-service: Error occurred while deleting old tombstone files
12-14 03:32:55.695 827 827 E android.hardware.wifi@1.0-service: Error writing files to flash
