12-14 03:34:42.852 2800 2800 D hpplay-base-dlna: [lebodlna-dlnaframe:232] Succeed to load specified plugin:lebodlna_plugin
12-14 03:34:42.852 2800 2800 D hpplay-base: [lelinkDlna:328] startDLNAServer ret=0
12-14 03:34:42.852 2800 2800 D hpplay-base: [LelinkBase:531] startDLNAServer ret= 0
12-14 03:34:42.852 2800 2800 D hpplay-base: [lelinkDlna:342] setDMRFriendlyName 高合娱乐副屏
12-14 03:34:42.852 2800 2800 D hpplay-base-dlna: [lebodlna-dlna_android:136] setBroadcastTimeout mBroadcastTimeOut=66 status=3!
12-14 03:34:42.852 2800 2800 D hpplay-base-dlna: [lebodlna_api:32] start DMR
12-14 03:34:42.852 2800 2800 D hpplay-base-dlna: [UpnpDefine:434] RegisterDMRender invalid lelink info
12-14 03:34:42.852 2800 2800 D hpplay-base-dlna: [UpnpDefine:467] DLNA DEFAULT_DESCRIPTION
12-14 03:34:42.855 2800 2800 E hpplay-base-dlna: upnpapi.c:1078::Exiting RegisterRootDevice2 *Hnd =1, return value == 0
12-14 03:34:42.855 2800 2800 D hpplay-base-dlna: [CUpnpDevice:41] Register Root Device 2:0
12-14 03:34:42.856 2800 2800 D hpplay-base-dlna: [UpnpDefine:794] ESDMRender:Register success
12-14 03:34:42.856 2800 2800 D hpplay-base-dlna: [lebodlna_api:41] sendBroadcast mBroadcastTimeOut=3
12-14 03:34:42.856 2800 2800 D hpplay-base-dlna: [lebodlna_api:44] sendBroadcast timeout=66
12-14 03:34:42.915 2800 2800 D hpplay-base: [lelinkDlna:361] startDLNADevice dlnaManufacturer:0 ret=0
12-14 03:34:42.915 2800 2800 D hpplay-base: [LelinkBase:535] lelinkSetDlnaInfo ret= 0
12-14 03:34:42.915 2800 2800 D hpplay-base: [LelinkBase:547] startAllServer pBaseContext->config.mDNSEnable:1
12-14 03:34:42.915 2800 2800 D hpplay-base: [base_mdns:509] mdns net.hostname:
12-14 03:34:42.915 2800 2800 D hpplay-base: [base_mdns:529] mdns namelabel:-00-80-0F-74-31-00
12-14 03:34:42.915 2800 2800 D hpplay-base: [base_mdns:509] mdns net.hostname:
12-14 03:34:42.915 2800 2800 D hpplay-base: [base_mdns:529] mdns namelabel:-00-80-0F-74-31-00
12-14 03:34:42.916 2800 2800 D hpplay-base: [mdns:813] mdns start bind port:0
12-14 03:34:42.919 2800 2800 D hpplay-base: [mdns:813] mdns start bind port:5353
12-14 03:34:42.919 2800 2800 D hpplay-base: [mdns:813] mdns start bind port:5353
12-14 03:34:42.919 2800 2800 D hpplay-base: [mdns:813] mdns start bind port:5353
12-14 03:34:42.919 2800 2800 D hpplay-base: [mdns:813] mdns start bind port:5353
12-14 03:34:42.919 2800 2800 D hpplay-base: [mdns:813] mdns start bind port:5353
12-14 03:34:42.920 2800 2800 D hpplay-base: [mdns:813] mdns start bind port:5353
12-14 03:34:42.920 2800 2800 D hpplay-base: [mdns:813] mdns start bind port:5353
12-14 03:34:42.920 2800 2800 I hpplay-base: [mDNSEmbeded:57] embedded_mDNSInit stopmDNSNow:0 status:0
12-14 03:34:42.920 2800 2800 D hpplay-base: [mDNSEmbeded:436] startmDNSServer end nRet=0
12-14 03:34:42.920 2800 2800 D hpplay-base: [LelinkBase:555] lelink broadcast_on_off:1 log2java_on_off:1
12-14 03:34:42.920 2800 5910 D hpplay-base: [LelinkMDNS:729] leboAuthorizationCheck strUuid=a6:9c:94:7f:fd:36000000000000000
12-14 03:34:42.920 2800 5910 D hpplay-base: [LelinkMDNS:730] leboAuthorizationCheck mPermissionDid=a6:9c:94:7f:fd:36000000000000000
12-14 03:34:42.920 2800 5910 D hpplay-base: [LelinkMDNS:755] leboAuthorizationCheck mPermissionMac=a6:9c:94:7f:fd:36000000000000000
12-14 03:34:42.921 2800 2800 D hpplay-base: [AEventUtils:595] request to start event handle service!!
12-14 03:34:42.921 2800 2800 D hpplay-base: [AEventUtils:603] start_event_handle_service,begin to run!!
12-14 03:34:42.921 2800 5911 I hpplay-base: [mDNSEmbeded:268] start lelink publish server, tid is 5911
12-14 03:34:42.921 2800 2800 D hpplay-base: [REventUtils:210] start_event_handle_service,begin to run!!
12-14 03:34:42.921 2800 5912 D hpplay-base: [mDNSEmbeded:197] http_port bind check 197 http_port_check
12-14 03:34:42.921 2800 2800 D hpplay-base: [LelinkBase:576] startAllServer success .
12-14 03:34:42.921 2800 2800 D hpplay-base: [jniBridge:894] startDlna_link:http://192.168.0.18:49152/description.xml
12-14 03:34:42.922 2800 5913 D hpplay-base: [AEventUtils:171] create handle AEvent thread ok!!,tid is 5913
12-14 03:34:42.922 2800 5914 D hpplay-base: [REventUtils:59] create handleREventThread thread ok!!,tid is 5914
12-14 03:34:42.922 2800 5915 D hpplay-base: [jniBridge:1081] notifyJavaDlnalink:http://192.168.0.18:49152/description.xml
12-14 03:34:42.922 2800 5915 D hpplay-base: [jniBridge:1726] notifyJava, what:207, castType:0, mimeType:0 baseStatus:2
12-14 03:34:42.922 2800 5915 D hpplay-base: [jniBridge:1727] notifyJava sessionID:(null)
12-14 03:34:42.923 2800 5915 I hpplay-java: [Thread-135]:Bridge:notify: what: 207
12-14 03:34:42.923 2800 5912 D hpplay-base: [mDNSEmbeded:217] http_port bind check 217 http_port_check
12-14 03:34:42.923 2800 5912 D hpplay-base: [mDNSEmbeded:222] http_port bind check 222 http_port_check
12-14 03:34:42.923 2800 5915 I hpplay-java: [Thread-135]:Bridge:notify: out: OutParameters:{audioSessionId=-1, audiotrackIndex=0, castHandleType=-1, castType=0, deviceName='http://192.168.0.18:49152/description.xml', dlnaName='', dramaID='', extra=0, frameHandleType=-1, handleInside=true, headduration=0, header='', headers=null, isAD=false, isMultiMirror=false, lelinkVer='', limitTime=0, , mediaAlbum='null', mediaAlbumArtURI='', mediaArtist='null', mediaAssets='', mediaTitle='null', mimeType=0, multiSession=null, period=0, pinCode='', playSpeed=0.0, playerChoice=0, plugin=0, port=0, position=0.0, positionUnit=2, protocol=0, realSessionID='', regType='', , sinkIp='', sourceAPPVersion='', sourceChannel='', sourceClientInfo='', sourceDeviceInfo='', sourceDeviceModel='', sourceDeviceName='', sourceDeviceType=0, sourceHID='', , sourceInfo='', , , sourceOSVersion='', sourceSDKVersion='', sourceUid='', stopDetail=0, stopReason=0, tailduration=0, url='', urlID='', urls=null, userAgent='', videoDecoder=0, volume=0, what=207}com.hpplay.sdk.sink.protocol.OutParameters@3336f8d
12-14 03:34:42.923 2800 5915 I hpplay-java: [Thread-135]:Bridge:notify: address:217163074
12-14 03:34:42.925 2800 5912 D hpplay-base: [mDNSEmbeded:234] http_port bind check 234 http_port_check port:52266
12-14 03:34:42.926 2800 5912 D hpplay-base: [mDNSEmbeded:237] http_port bind check 237 http_port_check
12-14 03:34:42.926 2800 5917 D hpplay-base: [lelinkSinkServer:93] new client connection from 127.0.0.1 11924, fd=161
12-14 03:34:42.926 2800 5917 D hpplay-base: [SinkContext:137] addSinkContextSession,begin to run!!
12-14 03:34:42.926 2800 5917 D hpplay-base: [SinkContext:142] addSinkContextSession,begin to get lock!!
12-14 03:34:42.926 2800 5917 D hpplay-base: [SinkContext:144] addSinkContextSession,get lock ok!!
12-14 03:34:42.926 2800 5917 D hpplay-base: [SinkContext:149] addSinkContextSession,session list is null,begin to malloc!!
12-14 03:34:42.927 2800 5917 D hpplay-base: [SinkContext:156] addSinkContextSession,begin to update!!
12-14 03:34:42.927 2800 5917 D hpplay-base: [SinkContext:160] addSinkContextSession,begin to update header!!
12-14 03:34:42.927 2800 5917 D hpplay-base: [SinkContext:172] addSinkContextSession,begin to unlock!!
12-14 03:34:42.927 2800 5917 D hpplay-base: [SinkContext:174] addSinkContextSession,unlock ok!!
12-14 03:34:42.927 2800 5917 D hpplay-base: [LelinkReceiver:4908] get ping !!!
12-14 03:34:42.927 2800 5912 D hpplay-base: [mDNSEmbeded:240] http_port bind check 240 http_port_check recieved:64
12-14 03:34:42.927 2800 5912 D hpplay-base: [mDNSEmbeded:243] http_port bind check 243 http_port_check
12-14 03:34:42.927 2800 5912 D hpplay-base: [mDNSEmbeded:244] http_port bind check ok!
12-14 03:34:42.955 0 0 W swapper/2: type=1400 audit(0.0:1054): avc: denied { kill } for capability=5 scontext=u:r:kernel:s0 tcontext=u:r:kernel:s0 tclass=capability permissive=0
12-14 03:34:43.127 1483 2157 I WifiService: startScan uid=1000
12-14 03:34:43.128 2800 5917 I hpplay-base: [LelinkReceiver:14605] _connectionFinalize (161)
12-14 03:34:43.128 2800 5917 D hpplay-base: [LelinkReceiver:14752] ###connectionFinalize,release ok!!###
12-14 03:34:43.141 1398 5729 D LOWI-9.0.0.87.a: [LOWI-Scan] wait_event:Wait done with Cmd 33
12-14 03:34:43.141 1398 5729 D LOWI-9.0.0.87.a: [LOWI-Scan] do_listen_events: Rcvd valid Netlink Cmd 0 Err 0
12-14 03:34:43.176 642 655 I mpu_uart: [MSG-P:R]:recv sync frame timeout
01-01 10:16:46.251 0 0 I [schedu][0x35f7e9ac4][03:34:43.190541] wlan: [5714:I:OSIF] scan start scan id 40966
01-01 10:16:46.666 0 0 D : mv2112_read_status
01-01 10:16:46.666 0 0 D mv2112_update_link: 3.0x901(1G): 0x80
01-01 10:16:46.666 0 0 D mv2112_update_link: 3.0x8109(100M): 0x8
01-01 10:16:46.666 0 0 D mv2112_update_link: link 0x0
01-01 10:16:46.666 0 0 D mv2112_read_status: autoneg is disabled
12-14 03:34:43.645 642 656 I mpu_uart: [MSG-P:RECV]:No message received in 1000 ms
12-14 03:34:43.951 0 0 W swapper/2: type=1400 audit(0.0:1055): avc: denied { kill } for capability=5 scontext=u:r:kernel:s0 tcontext=u:r:kernel:s0 tclass=capability permissive=0
01-01 10:16:47.690 0 0 D : mv2112_read_status
01-01 10:16:47.690 0 0 D mv2112_update_link: 3.0x901(1G): 0x80
01-01 10:16:47.690 0 0 D mv2112_update_link: 3.0x8109(100M): 0x8
01-01 10:16:47.690 0 0 D mv2112_update_link: link 0x0
01-01 10:16:47.690 0 0 D mv2112_read_status: autoneg is disabled
12-14 03:34:44.645 642 656 I mpu_uart: [MSG-P:RECV]:No message received in 1000 ms
12-14 03:34:44.955 0 0 W swapper/2: type=1400 audit(0.0:1056): avc: denied { kill } for capability=5 scontext=u:r:kernel:s0 tcontext=u:r:kernel:s0 tclass=capability permissive=0
01-01 10:16:48.035 0 0 I [schedu][0x36189598a][03:34:44.974845] wlan: [5714:I:OSIF] vdev 0, scan id 40966 type COMPLETED(1) reason COMPLETED(1) scan found 126 bss
12-14 03:34:44.975 1398 5729 D LOWI-9.0.0.87.a: [LOWI-Scan] wait_event:Wait done with Cmd 34
12-14 03:34:44.975 1398 5729 D LOWI-9.0.0.87.a: [LOWI-Scan] do_listen_events: Rcvd valid Netlink Cmd 34 Err 0
12-14 03:34:44.977 1398 5729 D LOWI-9.0.0.87.a: [LOWI-Scan]
12-14 03:34:44.977 1398 5729 D LOWI-9.0.0.87.a: [LOWI-Scan] print_bss_handler: Report Probe TSF 752377233 as it greater than Beacon TSF 0
12-14 03:34:44.977 1398 5729 D LOWI-9.0.0.87.a: [LOWI-Scan] decode_rsn_wpa_ie: LOWI_ENCRYPTION_TYPE_WPA_PSK
12-14 03:34:44.977 1398 5729 D LOWI-9.0.0.87.a: [LOWI-Scan] is_qcom_ie, bss_age: 0
12-14 03:34:44.977 1398 5729 D LOWI-9.0.0.87.a: [LOWI-Scan] BSS 62:ae:8f:61:d1:2e LOWI_PHY_MODE_11AC_VHT80(10), Beacon Interval: 100, LOWI_ENCRYPTION_TYPE_WPA_PSK 11mcRanging: No, ANQP: No, LCI: No, Civic: No, capability(0x1031): ESS Privacy ShortPreamble
12-14 03:34:44.977 1398 5729 D LOWI-9.0.0.87.a: [LOWI-Scan] BSS 62:ae:8f:61:d1:2e FREQ: 5180, cFreq1[40:80:160] = [5190:5210:0] cFreq2 = 0 Country Code =
12-14 03:34:44.977 1398 5729 D LOWI-9.0.0.87.a: [LOWI-Scan] BSS 62:ae:8f:61:d1:2e (wlan0) ASSO: NO AddInfo: 0x0, TSF 0, 00:12:32.377, RSSI: -118, CPL: 127, AGE: 1728, SSID GM_VCU_MM_5G, TSFDelta: 0xcc073146, TXRate: 0
12-14 03:34:44.977 1398 5729 D LOWI-9.0.0.87.a: [LOWI-Scan]
12-14 03:34:44.977 1398 5729 D LOWI-9.0.0.87.a: [LOWI-Scan] print_bss_handler: Report Probe TSF 752375510 as it greater than Beacon TSF 716150374
12-14 03:34:44.977 1398 5729 D LOWI-9.0.0.87.a: [LOWI-Scan] decode_rsn_wpa_ie: LOWI_ENCRYPTION_TYPE_WPA_PSK
12-14 03:34:44.977 1398 5729 D LOWI-9.0.0.87.a: [LOWI-Scan] is_qcom_ie, bss_age: 0
12-14 03:34:44.977 1398 5729 D LOWI-9.0.0.87.a: [LOWI-Scan] BSS 18:6f:2d:81:16:e0 LOWI_PHY_MODE_11NG_HT20(5), Beacon Interval: 100, LOWI_ENCRYPTION_TYPE_WPA_PSK 11mcRanging: No, ANQP: No, LCI: No, Civic: No, capability(0x0531): ESS Privacy ShortPreamble SpectrumMgmt ShortSlotTime
12-14 03:34:44.977 1398 5729 D LOWI-9.0.0.87.a: [LOWI-Scan] BSS 18:6f:2d:81:16:e0 FREQ: 2412, cFreq1[40:80:160] = [2412:0:0] cFreq2 = 0 Country Code = CN
12-14 03:34:44.977 1398 5729 D LOWI-9.0.0.87.a: [LOWI-Scan] BSS 18:6f:2d:81:16:e0 (wlan0) ASSO: NO AddInfo: 0x0, TSF 0, 00:12:32.375, RSSI: -128, CPL: 127, AGE: 1732, SSID Testing , TSFDelta: 0x8b6388ef, TXRate: 0
12-14 03:34:44.977 1398 5729 D LOWI-9.0.0.87.a: [LOWI-Scan]
12-14 03:34:44.977 1398 5729 D LOWI-9.0.0.87.a: [LOWI-Scan] print_bss_handler: Report Probe TSF 742336447 as it greater than Beacon TSF 16150626
12-14 03:34:44.977 1398 5729 D LOWI-9.0.0.87.a: [LOWI-Scan] decode_rsn_wpa_ie: LOWI_ENCRYPTION_TYPE_WPA_PSK
12-14 03:34:44.977 1398 5729 D LOWI-9.0.0.87.a: [LOWI-Scan] is_qcom_ie, bss_age: 0
12-14 03:34:44.977 1398 5729 D LOWI-9.0.0.87.a: [LOWI-Scan] adjust_age:AP AGE upper limit reached. Dont store
12-14 03:34:44.977 1398 5729 D LOWI-9.0.0.87.a: [LOWI-Scan] BSS 58:41:20:1d:fe:89 LOWI_PHY_MODE_11AC_VHT80(10), Beacon Interval: 100, LOWI_ENCRYPTION_TYPE_WPA_PSK 11mcRanging: No, ANQP: No, LCI: No, Civic: No, capability(0x1011): ESS Privacy
12-14 03:34:44.977 1398 5729 D LOWI-9.0.0.87.a: [LOWI-Scan] BSS 58:41:20:1d:fe:89 FREQ: 5180, cFreq1[40:80:160] = [5190:5210:0] cFreq2 = 0 Country Code = CN
12-14 03:34:44.977 1398 5729 D LOWI-9.0.0.87.a: [LOWI-Scan] BSS 58:41:20:1d:fe:89 (wlan0) ASSO: NO AddInfo: 0x0, TSF 0, 00:12:22.336, RSSI: -152, CPL: 127, AGE: 11768, SSID TP-LINK_5G_FE87, TSFDelta: 0xabf0ca33, TXRate: 0
12-14 03:34:44.978 1398 5729 D LOWI-9.0.0.87.a: [LOWI-Scan]
12-14 03:34:44.978 1398 5729 D LOWI-9.0.0.87.a: [LOWI-Scan] print_bss_handler: Report beacon TSF 752381253 as it greater than probe TSF 752377822
12-14 03:34:44.978 1398 5729 D LOWI-9.0.0.87.a: [LOWI-Scan] decode_rsn_wpa_ie: LOWI_ENCRYPTION_TYPE_WPA_PSK
12-14 03:34:44.978 1398 5729 D LOWI-9.0.0.87.a: [LOWI-Scan] is_qcom_ie, bss_age: 0
12-14 03:34:44.978 1398 5729 D LOWI-9.0.0.87.a: [LOWI-Scan] BSS 18:6f:2d:81:18:90 LOWI_PHY_MODE_11AC_VHT20(8), Beacon Interval: 100, LOWI_ENCRYPTION_TYPE_WPA_PSK 11mcRanging: No, ANQP: No, LCI: No, Civic: No, capability(0x0111): ESS Privacy SpectrumMgmt
12-14 03:34:44.978 1398 5729 D LOWI-9.0.0.87.a: [LOWI-Scan] BSS 18:6f:2d:81:18:90 FREQ: 5180, cFreq1[40:80:160] = [5180:0:0] cFreq2 = 0 Country Code = CN
12-14 03:34:44.978 1398 5729 D LOWI-9.0.0.87.a: [LOWI-Scan] BSS 18:6f:2d:81:18:90 (wlan0) ASSO: NO AddInfo: 0x1, TSF 0, 00:12:32.381, RSSI: -146, CPL: 127, AGE: 1724, SSID Testing , TSFDelta: 0x138cc4b1, TXRate: 0
12-14 03:34:44.978 1398 5729 D LOWI-9.0.0.87.a: [LOWI-Scan]
12-14 03:34:44.978 1398 5729 D LOWI-9.0.0.87.a: [LOWI-Scan] print_bss_handler: Report beacon TSF 752381469 as it greater than probe TSF 752378085
12-14 03:34:44.978 1398 5729 D LOWI-9.0.0.87.a: [LOWI-Scan] is_qcom_ie, bss_age: 0
12-14 03:34:44.978 1398 5729 D LOWI-9.0.0.87.a: [LOWI-Scan] BSS 18:6f:2d:81:18:91 LOWI_PHY_MODE_11AC_VHT20(8), Beacon Interval: 100, LOWI_ENCRYPTION_TYPE_OPEN 11mcRanging: No, ANQP: No, LCI: No, Civic: No, capability(0x0101): ESS SpectrumMgmt
12-14 03:34:44.978 1398 5729 D LOWI-9.0.0.87.a: [LOWI-Scan] BSS 18:6f:2d:81:18:91 FREQ: 5180, cFreq1[40:80:160] = [5180:0:0] cFreq2 = 0 Country Code = CN
12-14 03:34:44.978 1398 5729 D LOWI-9.0.0.87.a: [LOWI-Scan] BSS 18:6f:2d:81:18:91 (wlan0) ASSO: NO AddInfo: 0x1, TSF 0, 00:12:32.381, RSSI: -148, CPL: 127, AGE: 1724, SSID Guest, TSFDelta: 0x138f870f, TXRate: 0
12-14 03:34:44.978 1398 5729 D LOWI-9.0.0.87.a: [LOWI-Scan]
12-14 03:34:44.978 1398 5729 D LOWI-9.0.0.87.a: [LOWI-Scan] print_bss_handler: Report beacon TSF 752381802 as it greater than probe TSF 752378569
12-14 03:34:44.978 1398 5729 D LOWI-9.0.0.87.a: [LOWI-Scan] decode_rsn_wpa_ie: LOWI_ENCRYPTION_TYPE_WPA_PSK
12-14 03:34:44.978 1398 5729 D LOWI-9.0.0.87.a: [LOWI-Scan] is_qcom_ie, bss_age: 0
12-14 03:34:44.978 1398 5729 D LOWI-9.0.0.87.a: [LOWI-Scan] BSS 18:6f:2d:81:18:92 LOWI_PHY_MODE_11AC_VHT20(8), Beacon Interval: 100, LOWI_ENCRYPTION_TYPE_WPA_PSK 11mcRanging: No, ANQP: No, LCI: No, Civic: No, capability(0x0111): ESS Privacy SpectrumMgmt
12-14 03:34:44.978 1398 5729 D LOWI-9.0.0.87.a: [LOWI-Scan] BSS 18:6f:2d:81:18:92 FREQ: 5180, cFreq1[40:80:160] = [5180:0:0] cFreq2 = 0 Country Code = CN
12-14 03:34:44.978 1398 5729 D LOWI-9.0.0.87.a: [LOWI-Scan] BSS 18:6f:2d:81:18:92 (wlan0) ASSO: NO AddInfo: 0x1, TSF 0, 00:12:32.381, RSSI: -148, CPL: 127, AGE: 1724, SSID ZXHY, TSFDelta: 0x13931b07, TXRate: 0
12-14 03:34:44.978 1398 5729 D LOWI-9.0.0.87.a: [LOWI-Scan]
12-14 03:34:44.978 1398 5729 D LOWI-9.0.0.87.a: [LOWI-Scan] print_bss_handler: Report beacon TSF 752382163 as it greater than probe TSF 752379521
12-14 03:34:44.978 1398 5729 D LOWI-9.0.0.87.a: [LOWI-Scan] decode_rsn_wpa_ie: LOWI_ENCRYPTION_TYPE_WPA_PSK
12-14 03:34:44.978 1398 5729 D LOWI-9.0.0.87.a: [LOWI-Scan] is_qcom_ie, bss_age: 0
12-14 03:34:44.978 1398 5729 D LOWI-9.0.0.87.a: [LOWI-Scan] BSS 18:6f:2d:81:18:93 LOWI_PHY_MODE_11AC_VHT20(8), Beacon Interval: 100, LOWI_ENCRYPTION_TYPE_WPA_PSK 11mcRanging: No, ANQP: No, LCI: No, Civic: No, capability(0x0111): ESS Privacy SpectrumMgmt
12-14 03:34:44.979 1398 5729 D LOWI-9.0.0.87.a: [LOWI-Scan] BSS 18:6f:2d:81:18:93 FREQ: 5180, cFreq1[40:80:160] = [5180:0:0] cFreq2 = 0 Country Code = CN
12-14 03:34:44.979 1398 5729 D LOWI-9.0.0.87.a: [LOWI-Scan] BSS 18:6f:2d:81:18:93 (wlan0) ASSO: NO AddInfo: 0x1, TSF 0, 00:12:32.382, RSSI: -146, CPL: 127, AGE: 1724, SSID Fanya, TSFDelta: 0x139a76bf, TXRate: 0
12-14 03:34:44.979 1398 5729 D LOWI-9.0.0.87.a: [LOWI-Scan]
12-14 03:34:44.979 1398 5729 D LOWI-9.0.0.87.a: [LOWI-Scan] print_bss_handler: Report beacon TSF 752382792 as it greater than probe TSF 752379954
12-14 03:34:44.979 1398 5729 D LOWI-9.0.0.87.a: [LOWI-Scan] decode_rsn_wpa_ie: LOWI_ENCRYPTION_TYPE_WPA_PSK
12-14 03:34:44.979 1398 5729 D LOWI-9.0.0.87.a: [LOWI-Scan] is_qcom_ie, bss_age: 0
12-14 03:34:44.979 1398 5729 D LOWI-9.0.0.87.a: [LOWI-Scan] BSS 18:6f:2d:81:18:94 LOWI_PHY_MODE_11AC_VHT20(8), Beacon Interval: 100, LOWI_ENCRYPTION_TYPE_WPA_PSK 11mcRanging: No, ANQP: No, LCI: No, Civic: No, capability(0x0111): ESS Privacy SpectrumMgmt
12-14 03:34:44.979 1398 5729 D LOWI-9.0.0.87.a: [LOWI-Scan] BSS 18:6f:2d:81:18:94 FREQ: 5180, cFreq1[40:80:160] = [5180:0:0] cFreq2 = 0 Country Code = CN
12-14 03:34:44.979 1398 5729 D LOWI-9.0.0.87.a: [LOWI-Scan] BSS 18:6f:2d:81:18:94 (wlan0) ASSO: NO AddInfo: 0x1, TSF 0, 00:12:32.382, RSSI: -146, CPL: 127, AGE: 1724, SSID ThunderSoft, TSFDelta: 0x139d895a, TXRate: 0
12-14 03:34:44.979 1398 5729 D LOWI-9.0.0.87.a: [LOWI-Scan]
12-14 03:34:44.979 1398 5729 D LOWI-9.0.0.87.a: [LOWI-Scan] print_bss_handler: Report beacon TSF 752383012 as it greater than probe TSF 752380795
12-14 03:34:44.979 1398 5729 D LOWI-9.0.0.87.a: [LOWI-Scan] decode_rsn_wpa_ie: LOWI_ENCRYPTION_TYPE_WPA_PSK
12-14 03:34:44.979 1398 5729 D LOWI-9.0.0.87.a: [LOWI-Scan] is_qcom_ie, bss_age: 0
12-14 03:34:44.979 1398 5729 D LOWI-9.0.0.87.a: [LOWI-Scan] BSS 18:6f:2d:81:18:95 LOWI_PHY_MODE_11AC_VHT20(8), Beacon Interval: 100, LOWI_ENCRYPTION_TYPE_WPA_PSK 11mcRanging: No, ANQP: No, LCI: No, Civic: No, capability(0x0111): ESS Privacy SpectrumMgmt
12-14 03:34:44.979 1398 5729 D LOWI-9.0.0.87.a: [LOWI-Scan] BSS 18:6f:2d:81:18:95 FREQ: 5180, cFreq1[40:80:160] = [5180:0:0] cFreq2 = 0 Country Code = CN
12-14 03:34:44.979 1398 5729 D LOWI-9.0.0.87.a: [LOWI-Scan] BSS 18:6f:2d:81:18:95 (wlan0) ASSO: NO AddInfo: 0x1, TSF 0, 00:12:32.383, RSSI: -146, CPL: 127, AGE: 1724, SSID GM, TSFDelta: 0x13a2e77d, TXRate: 0
12-14 03:34:44.979 1398 5729 D LOWI-9.0.0.87.a: [LOWI-Scan]
12-14 03:34:44.979 1398 5729 D LOWI-9.0.0.87.a: [LOWI-Scan] print_bss_handler: Report Probe TSF 752375873 as it greater than Beacon TSF 732401363
12-14 03:34:44.979 1398 5729 D LOWI-9.0.0.87.a: [LOWI-Scan] decode_rsn_wpa_ie: LOWI_ENCRYPTION_TYPE_WPA_PSK
12-14 03:34:44.979 1398 5729 D LOWI-9.0.0.87.a: [LOWI-Scan] is_qcom_ie, bss_age: 0
12-14 03:34:44.979 1398 5729 D LOWI-9.0.0.87.a: [LOWI-Scan] BSS 18:6f:2d:81:20:60 LOWI_PHY_MODE_11NG_HT20(5), Beacon Interval: 100, LOWI_ENCRYPTION_TYPE_WPA_PSK 11mcRanging: No, ANQP: No, LCI: No, Civic: No, capability(0x0531): ESS Privacy ShortPreamble SpectrumMgmt ShortSlotTime
12-14 03:34:44.979 1398 5729 D LOWI-9.0.0.87.a: [LOWI-Scan] BSS 18:6f:2d:81:20:60 FREQ: 2412, cFreq1[40:80:160] = [2412:0:0] cFreq2 = 0 Country Code = CN
12-14 03:34:44.979 1398 5729 D LOWI-9.0.0.87.a: [LOWI-Scan] BSS 18:6f:2d:81:20:60 (wlan0) ASSO: NO AddInfo: 0x0, TSF 0, 00:12:32.375, RSSI: -140, CPL: 127, AGE: 1732, SSID Testing , TSFDelta: 0x8dd96788, TXRate: 0
12-14 03:34:44.979 1398 5729 D LOWI-9.0.0.87.a: [LOWI-Scan]
12-14 03:34:44.979 1398 5729 D LOWI-9.0.0.87.a: [LOWI-Scan] print_bss_handler: Report Probe TSF 752375449 as it greater than Beacon TSF 752366395
12-14 03:34:44.979 1398 5729 D LOWI-9.0.0.87.a: [LOWI-Scan] decode_rsn_wpa_ie: LOWI_ENCRYPTION_TYPE_WPA_PSK
12-14 03:34:44.980 1398 5729 D LOWI-9.0.0.87.a: [LOWI-Scan] is_qcom_ie, bss_age: 0
12-14 03:34:44.980 1398 5729 D LOWI-9.0.0.87.a: [LOWI-Scan] BSS 6c:b0:ce:42:57:6f LOWI_PHY_MODE_11NG_HT20(5), Beacon Interval: 100, LOWI_ENCRYPTION_TYPE_WPA_PSK 11mcRanging: No, ANQP: No, LCI: No, Civic: No, capability(0x1411): ESS Privacy ShortSlotTime
12-14 03:34:44.980 1398 5729 D LOWI-9.0.0.87.a: [LOWI-Scan] BSS 6c:b0:ce:42:57:6f FREQ: 2412, cFreq1[40:80:160] = [0:0:0] cFreq2 = 0 Country Code =
12-14 03:34:44.980 1398 5729 D LOWI-9.0.0.87.a: [LOWI-Scan] BSS 6c:b0:ce:42:57:6f (wlan0) ASSO: NO AddInfo: 0x0, TSF 0, 00:12:32.375, RSSI: -122, CPL: 127, AGE: 1732, SSID NETGEAR60, TSFDelta: 0x48a09837, TXRate: 0
12-14 03:34:44.980 1398 5729 D LOWI-9.0.0.87.a: [LOWI-Scan]
12-14 03:34:44.980 1398 5729 D LOWI-9.0.0.87.a: [LOWI-Scan] print_bss_handler: Report Probe TSF 752377553 as it greater than Beacon TSF 706030559
12-14 03:34:44.980 1398 5729 D LOWI-9.0.0.87.a: [LOWI-Scan] is_qcom_ie, bss_age: 0
12-14 03:34:44.980 1398 5729 D LOWI-9.0.0.87.a: [LOWI-Scan] BSS 18:6f:2d:81:16:e1 LOWI_PHY_MODE_11NG_HT20(5), Beacon Interval: 100, LOWI_ENCRYPTION_TYPE_OPEN 11mcRanging: No, ANQP: No, LCI: No, Civic: No, capability(0x0521): ESS ShortPreamble SpectrumMgmt ShortSlotTime
12-14 03:34:44.980 1398 5729 D LOWI-9.0.0.87.a: [LOWI-Scan] BSS 18:6f:2d:81:16:e1 FREQ: 2412, cFreq1[40:80:160] = [2412:0:0] cFreq2 = 0 Country Code = CN
12-14 03:34:44.980 1398 5729 D LOWI-9.0.0.87.a: [LOWI-Scan] BSS 18:6f:2d:81:16:e1 (wlan0) ASSO: NO AddInfo: 0x0, TSF 0, 00:12:32.377, RSSI: -130, CPL: 127, AGE: 1728, SSID Guest, TSFDelta: 0x8b7f8e48, TXRate: 0
12-14 03:34:44.980 1398 5729 D LOWI-9.0.0.87.a: [LOWI-Scan]
12-14 03:34:44.980 1398 5729 D LOWI-9.0.0.87.a: [LOWI-Scan] print_bss_handler: Report Probe TSF 752411138 as it greater than Beacon TSF 0
12-14 03:34:44.980 1398 5729 D LOWI-9.0.0.87.a: [LOWI-Scan] is_qcom_ie, bss_age: 0
12-14 03:34:44.980 1398 5729 D LOWI-9.0.0.87.a: [LOWI-Scan] BSS 18:6f:2d:81:20:61 LOWI_PHY_MODE_11NG_HT20(5), Beacon Interval: 100, LOWI_ENCRYPTION_TYPE_OPEN 11mcRanging: No, ANQP: No, LCI: No, Civic: No, capability(0x0521): ESS ShortPreamble SpectrumMgmt ShortSlotTime
12-14 03:34:44.980 1398 5729 D LOWI-9.0.0.87.a: [LOWI-Scan] BSS 18:6f:2d:81:20:61 FREQ: 2412, cFreq1[40:80:160] = [2412:0:0] cFreq2 = 0 Country Code = CN
12-14 03:34:44.980 1398 5729 D LOWI-9.0.0.87.a: [LOWI-Scan] BSS 18:6f:2d:81:20:61 (wlan0) ASSO: NO AddInfo: 0x0, TSF 0, 00:12:32.411, RSSI: -140, CPL: 127, AGE: 1696, SSID Guest, TSFDelta: 0x8e4ef549, TXRate: 0
12-14 03:34:44.980 1398 5729 D LOWI-9.0.0.87.a: [LOWI-Scan]
12-14 03:34:44.980 1398 5729 D LOWI-9.0.0.87.a: [LOWI-Scan] print_bss_handler: Report Probe TSF 752411436 as it greater than Beacon TSF 732401218
12-14 03:34:44.980 1398 5729 D LOWI-9.0.0.87.a: [LOWI-Scan] decode_rsn_wpa_ie: LOWI_ENCRYPTION_TYPE_WPA_PSK
12-14 03:34:44.980 1398 5729 D LOWI-9.0.0.87.a: [LOWI-Scan] is_qcom_ie, bss_age: 0
12-14 03:34:44.980 1398 5729 D LOWI-9.0.0.87.a: [LOWI-Scan] BSS 18:6f:2d:81:16:e4 LOWI_PHY_MODE_11NG_HT20(5), Beacon Interval: 100, LOWI_ENCRYPTION_TYPE_WPA_PSK 11mcRanging: No, ANQP: No, LCI: No, Civic: No, capability(0x0531): ESS Privacy ShortPreamble SpectrumMgmt ShortSlotTime
12-14 03:34:44.980 1398 5729 D LOWI-9.0.0.87.a: [LOWI-Scan] BSS 18:6f:2d:81:16:e4 FREQ: 2412, cFreq1[40:80:160] = [2412:0:0] cFreq2 = 0 Country Code = CN
12-14 03:34:44.980 1398 5729 D LOWI-9.0.0.87.a: [LOWI-Scan] BSS 18:6f:2d:81:16:e4 (wlan0) ASSO: NO AddInfo: 0x0, TSF 0, 00:12:32.411, RSSI: -130, CPL: 127, AGE: 1696, SSID Fanya, TSFDelta: 0x8c284ada, TXRate: 0
12-14 03:34:44.980 1398 5729 D LOWI-9.0.0.87.a: [LOWI-Scan]
12-14 03:34:44.980 1398 5729 D LOWI-9.0.0.87.a: [LOWI-Scan] print_bss_handler: Report Probe TSF 752380537 as it greater than Beacon TSF 732376825
12-14 03:34:44.981 1398 5729 D LOWI-9.0.0.87.a: [LOWI-Scan] decode_rsn_wpa_ie: LOWI_ENCRYPTION_TYPE_WPA_PSK
12-14 03:34:44.981 1398 5729 D LOWI-9.0.0.87.a: [LOWI-Scan] is_qcom_ie, bss_age: 0
12-14 03:34:44.981 1398 5729 D LOWI-9.0.0.87.a: [LOWI-Scan] BSS 18:6f:2d:81:16:e2 LOWI_PHY_MODE_11NG_HT20(5), Beacon Interval: 100, LOWI_ENCRYPTION_TYPE_WPA_PSK 11mcRanging: No, ANQP: No, LCI: No, Civic: No, capability(0x0531): ESS Privacy ShortPreamble SpectrumMgmt ShortSlotTime
12-14 03:34:44.981 1398 5729 D LOWI-9.0.0.87.a: [LOWI-Scan] BSS 18:6f:2d:81:16:e2 FREQ: 2412, cFreq1[40:80:160] = [2412:0:0] cFreq2 = 0 Country Code = CN
12-14 03:34:44.981 1398 5729 D LOWI-9.0.0.87.a: [LOWI-Scan] BSS 18:6f:2d:81:16:e2 (wlan0) ASSO: NO AddInfo: 0x0, TSF 0, 00:12:32.380, RSSI: -132, CPL: 127, AGE: 1724, SSID ThunderSoft_2.4G, TSFDelta: 0x8b933562, TXRate: 0
12-14 03:34:44.981 1398 5729 D LOWI-9.0.0.87.a: [LOWI-Scan]
12-14 03:34:44.981 1398 5729 D LOWI-9.0.0.87.a: [LOWI-Scan] print_bss_handler: Report Probe TSF 752411072 as it greater than Beacon TSF 732380846
12-14 03:34:44.981 1398 5729 D LOWI-9.0.0.87.a: [LOWI-Scan] decode_rsn_wpa_ie: LOWI_ENCRYPTION_TYPE_WPA_PSK
12-14 03:34:44.981 1398 5729 D LOWI-9.0.0.87.a: [LOWI-Scan] is_qcom_ie, bss_age: 0
12-14 03:34:44.981 1398 5729 D LOWI-9.0.0.87.a: [LOWI-Scan] BSS 18:6f:2d:81:16:e3 LOWI_PHY_MODE_11NG_HT20(5), Beacon Interval: 100, LOWI_ENCRYPTION_TYPE_WPA_PSK 11mcRanging: No, ANQP: No, LCI: No, Civic: No, capability(0x0531): ESS Privacy ShortPreamble SpectrumMgmt ShortSlotTime
12-14 03:34:44.981 1398 5729 D LOWI-9.0.0.87.a: [LOWI-Scan] BSS 18:6f:2d:81:16:e3 FREQ: 2412, cFreq1[40:80:160] = [2412:0:0] cFreq2 = 0 Country Code = CN
12-14 03:34:44.981 1398 5729 D LOWI-9.0.0.87.a: [LOWI-Scan] BSS 18:6f:2d:81:16:e3 (wlan0) ASSO: NO AddInfo: 0x0, TSF 0, 00:12:32.411, RSSI: -130, CPL: 127, AGE: 1696, SSID ZXHY, TSFDelta: 0x8bd91cba, TXRate: 0
12-14 03:34:44.981 1398 5729 D LOWI-9.0.0.87.a: [LOWI-Scan]
12-14 03:34:44.981 1398 5729 D LOWI-9.0.0.87.a: [LOWI-Scan] print_bss_handler: Report Probe TSF 752581437 as it greater than Beacon TSF 742611149
12-14 03:34:44.981 1398 5729 D LOWI-9.0.0.87.a: [LOWI-Scan] is_qcom_ie, bss_age: 0
12-14 03:34:44.981 1398 5729 D LOWI-9.0.0.87.a: [LOWI-Scan] BSS 18:6f:2d:81:0d:81 LOWI_PHY_MODE_11NG_HT20(5), Beacon Interval: 100, LOWI_ENCRYPTION_TYPE_OPEN 11mcRanging: No, ANQP: No, LCI: No, Civic: No, capability(0x0521): ESS ShortPreamble SpectrumMgmt ShortSlotTime
12-14 03:34:44.981 1398 5729 D LOWI-9.0.0.87.a: [LOWI-Scan] BSS 18:6f:2d:81:0d:81 FREQ: 2422, cFreq1[40:80:160] = [2422:0:0] cFreq2 = 0 Country Code = CN
12-14 03:34:44.981 1398 5729 D LOWI-9.0.0.87.a: [LOWI-Scan] BSS 18:6f:2d:81:0d:81 (wlan0) ASSO: NO AddInfo: 0x0, TSF 0, 00:12:32.581, RSSI: -132, CPL: 127, AGE: 1524, SSID Guest, TSFDelta: 0x79fc967f, TXRate: 0
12-14 03:34:44.981 1398 5729 D LOWI-9.0.0.87.a: [LOWI-Scan]
12-14 03:34:44.982 1483 2157 D WifiNl80211Manager: Scan result ready event
12-14 03:34:44.982 1483 2157 D WifiNative: Scan result ready event
12-14 03:34:44.983 1398 5729 D LOWI-9.0.0.87.a: [LOWI-Scan] print_bss_handler: Report beacon TSF 752646003 as it greater than probe TSF 752581515
12-14 03:34:44.983 1398 5729 D LOWI-9.0.0.87.a: [LOWI-Scan] decode_rsn_wpa_ie: LOWI_ENCRYPTION_TYPE_WPA_PSK
12-14 03:34:44.983 1398 5729 D LOWI-9.0.0.87.a: [LOWI-Scan] is_qcom_ie, bss_age: 0
12-14 03:34:44.983 1398 5729 D LOWI-9.0.0.87.a: [LOWI-Scan] BSS 18:6f:2d:81:0d:82 LOWI_PHY_MODE_11NG_HT20(5), Beacon Interval: 100, LOWI_ENCRYPTION_TYPE_WPA_PSK 11mcRanging: No, ANQP: No, LCI: No, Civic: No, capability(0x0531): ESS Privacy ShortPreamble SpectrumMgmt ShortSlotTime
12-14 03:34:44.983 1398 5729 D LOWI-9.0.0.87.a: [LOWI-Scan] BSS 18:6f:2d:81:0d:82 FREQ: 2422, cFreq1[40:80:160] = [2422:0:0] cFreq2 = 0 Country Code = CN
12-14 03:34:44.983 1398 5729 D LOWI-9.0.0.87.a: [LOWI-Scan] BSS 18:6f:2d:81:0d:82 (wlan0) ASSO: NO AddInfo: 0x1, TSF 0, 00:12:32.646, RSSI: -134, CPL: 127, AGE: 1460, SSID ThunderSoft_2.4G, TSFDelta: 0x7a0188df, TXRate: 0
12-14 03:34:44.984 1398 5729 D LOWI-9.0.0.87.a: [LOWI-Scan]
12-14 03:34:44.984 1398 5729 D LOWI-9.0.0.87.a: [LOWI-Scan] print_bss_handler: Report beacon TSF 752646157 as it greater than probe TSF 752582355
12-14 03:34:44.984 1398 5729 D LOWI-9.0.0.87.a: [LOWI-Scan] decode_rsn_wpa_ie: LOWI_ENCRYPTION_TYPE_WPA_PSK
12-14 03:34:44.984 1398 5729 D LOWI-9.0.0.87.a: [LOWI-Scan] is_qcom_ie, bss_age: 0
12-14 03:34:44.984 1398 5729 D LOWI-9.0.0.87.a: [LOWI-Scan] BSS 18:6f:2d:81:0d:83 LOWI_PHY_MODE_11NG_HT20(5), Beacon Interval: 100, LOWI_ENCRYPTION_TYPE_WPA_PSK 11mcRanging: No, ANQP: No, LCI: No, Civic: No, capability(0x0531): ESS Privacy ShortPreamble SpectrumMgmt ShortSlotTime
12-14 03:34:44.984 1398 5729 D LOWI-9.0.0.87.a: [LOWI-Scan] BSS 18:6f:2d:81:0d:83 FREQ: 2422, cFreq1[40:80:160] = [2422:0:0] cFreq2 = 0 Country Code = CN
12-14 03:34:44.984 1398 5729 D LOWI-9.0.0.87.a: [LOWI-Scan] BSS 18:6f:2d:81:0d:83 (wlan0) ASSO: NO AddInfo: 0x1, TSF 0, 00:12:32.646, RSSI: -132, CPL: 127, AGE: 1460, SSID ZXHY, TSFDelta: 0x7a06c781, TXRate: 0
12-14 03:34:44.984 1398 5729 D LOWI-9.0.0.87.a: [LOWI-Scan]
12-14 03:34:44.984 1398 5729 D LOWI-9.0.0.87.a: [LOWI-Scan] print_bss_handler: Report beacon TSF 752646218 as it greater than probe TSF 752582958
12-14 03:34:44.984 1398 5729 D LOWI-9.0.0.87.a: [LOWI-Scan] decode_rsn_wpa_ie: LOWI_ENCRYPTION_TYPE_WPA_PSK
12-14 03:34:44.984 1398 5729 D LOWI-9.0.0.87.a: [LOWI-Scan] is_qcom_ie, bss_age: 0
12-14 03:34:44.984 1398 5729 D LOWI-9.0.0.87.a: [LOWI-Scan] BSS 18:6f:2d:81:0d:84 LOWI_PHY_MODE_11NG_HT20(5), Beacon Interval: 100, LOWI_ENCRYPTION_TYPE_WPA_PSK 11mcRanging: No, ANQP: No, LCI: No, Civic: No, capability(0x0531): ESS Privacy ShortPreamble SpectrumMgmt ShortSlotTime
12-14 03:34:44.985 1398 5729 D LOWI-9.0.0.87.a: [LOWI-Scan] BSS 18:6f:2d:81:0d:84 FREQ: 2422, cFreq1[40:80:160] = [2422:0:0] cFreq2 = 0 Country Code = CN
12-14 03:34:44.985 1398 5729 D LOWI-9.0.0.87.a: [LOWI-Scan] BSS 18:6f:2d:81:0d:84 (wlan0) ASSO: NO AddInfo: 0x1, TSF 0, 00:12:32.646, RSSI: -134, CPL: 127, AGE: 1460, SSID Fanya, TSFDelta: 0x7a0bd777, TXRate: 0
12-14 03:34:44.985 1398 5729 D LOWI-9.0.0.87.a: [LOWI-Scan]
12-14 03:34:44.985 1398 5729 D LOWI-9.0.0.87.a: [LOWI-Scan] print_bss_handler: Report Probe TSF 752581202 as it greater than Beacon TSF 742610976
12-14 03:34:44.985 1398 5729 D LOWI-9.0.0.87.a: [LOWI-Scan] decode_rsn_wpa_ie: LOWI_ENCRYPTION_TYPE_WPA_PSK
12-14 03:34:44.985 1398 5729 D LOWI-9.0.0.87.a: [LOWI-Scan] is_qcom_ie, bss_age: 0
12-14 03:34:44.985 1398 5729 D LOWI-9.0.0.87.a: [LOWI-Scan] BSS 18:6f:2d:81:0d:80 LOWI_PHY_MODE_11NG_HT20(5), Beacon Interval: 100, LOWI_ENCRYPTION_TYPE_WPA_PSK 11mcRanging: No, ANQP: No, LCI: No, Civic: No, capability(0x0531): ESS Privacy ShortPreamble SpectrumMgmt ShortSlotTime
12-14 03:34:44.985 1398 5729 D LOWI-9.0.0.87.a: [LOWI-Scan] BSS 18:6f:2d:81:0d:80 FREQ: 2422, cFreq1[40:80:160] = [2422:0:0] cFreq2 = 0 Country Code = CN
12-14 03:34:44.985 1398 5729 D LOWI-9.0.0.87.a: [LOWI-Scan] BSS 18:6f:2d:81:0d:80 (wlan0) ASSO: NO AddInfo: 0x0, TSF 0, 00:12:32.581, RSSI: -136, CPL: 127, AGE: 1524, SSID Testing , TSFDelta: 0x79f754b5, TXRate: 0
12-14 03:34:44.985 1398 5729 D LOWI-9.0.0.87.a: [LOWI-Scan]
12-14 03:34:44.985 1398 5729 D LOWI-9.0.0.87.a: [LOWI-Scan] print_bss_handler: Report beacon TSF 752807560 as it greater than probe TSF 752793437
12-14 03:34:44.985 1398 5729 D LOWI-9.0.0.87.a: [LOWI-Scan] decode_rsn_wpa_ie: LOWI_ENCRYPTION_TYPE_WPA_PSK
12-14 03:34:44.985 1398 5729 D LOWI-9.0.0.87.a: [LOWI-Scan] is_qcom_ie, bss_age: 0
12-14 03:34:44.985 1398 5729 D LOWI-9.0.0.87.a: [LOWI-Scan] BSS 5c:02:14:f9:4f:d3 LOWI_PHY_MODE_11AC_VHT80(10), Beacon Interval: 100, LOWI_ENCRYPTION_TYPE_WPA_PSK 11mcRanging: No, ANQP: Yes, LCI: No, Civic: No, capability(0x1931): ESS Privacy ShortPreamble SpectrumMgmt APSD
12-14 03:34:44.985 1398 5729 D LOWI-9.0.0.87.a: [LOWI-Scan] BSS 5c:02:14:f9:4f:d3 FREQ: 5745, cFreq1[40:80:160] = [5755:5775:0] cFreq2 = 0 Country Code = CN
12-14 03:34:44.985 1398 5729 D LOWI-9.0.0.87.a: [LOWI-Scan] BSS 5c:02:14:f9:4f:d3 (wlan0) ASSO: NO AddInfo: 0x1, TSF 0, 00:12:32.807, RSSI: -110, CPL: 127, AGE: 1300, SSID ThunderSoft_XTS_5G, TSFDelta: 0x71b16082, TXRate: 0
12-14 03:34:44.986 1398 5729 D LOWI-9.0.0.87.a: [LOWI-Scan]
12-14 03:34:44.986 1398 5729 D LOWI-9.0.0.87.a: [LOWI-Scan] print_bss_handler: Report Probe TSF 752794078 as it greater than Beacon TSF 16373353
12-14 03:34:44.986 1398 5729 D LOWI-9.0.0.87.a: [LOWI-Scan] decode_rsn_wpa_ie: LOWI_ENCRYPTION_TYPE_WPA_PSK
12-14 03:34:44.986 1398 5729 D LOWI-9.0.0.87.a: [LOWI-Scan] is_qcom_ie, bss_age: 0
12-14 03:34:44.986 1398 5729 D LOWI-9.0.0.87.a: [LOWI-Scan] BSS 62:e6:f0:dd:03:c7 LOWI_PHY_MODE_11AC_VHT80(10), Beacon Interval: 100, LOWI_ENCRYPTION_TYPE_WPA_PSK 11mcRanging: No, ANQP: Yes, LCI: No, Civic: No, capability(0x0111): ESS Privacy SpectrumMgmt
12-14 03:34:44.986 1398 5729 D LOWI-9.0.0.87.a: [LOWI-Scan] BSS 62:e6:f0:dd:03:c7 FREQ: 5745, cFreq1[40:80:160] = [5755:5775:0] cFreq2 = 0 Country Code = AE
12-14 03:34:44.986 1398 5729 D LOWI-9.0.0.87.a: [LOWI-Scan] BSS 62:e6:f0:dd:03:c7 (wlan0) ASSO: NO AddInfo: 0x0, TSF 0, 00:12:32.794, RSSI: -168, CPL: 127, AGE: 1312, SSID myGMC 03C7, TSFDelta: 0x9fb6f047, TXRate: 0
12-14 03:34:44.986 1398 5729 D LOWI-9.0.0.87.a: [LOWI-Scan]
12-14 03:34:44.986 1398 5729 D LOWI-9.0.0.87.a: [LOWI-Scan] print_bss_handler: Report beacon TSF 752691410 as it greater than probe TSF 732661522
12-14 03:34:44.986 1398 5729 D LOWI-9.0.0.87.a: [LOWI-Scan] is_qcom_ie, bss_age: 0
12-14 03:34:44.987 1398 5729 D LOWI-9.0.0.87.a: [LOWI-Scan] BSS 18:6f:2d:0a:b8:41 LOWI_PHY_MODE_11NG_HT20(5), Beacon Interval: 100, LOWI_ENCRYPTION_TYPE_OPEN 11mcRanging: No, ANQP: No, LCI: No, Civic: No, capability(0x0521): ESS ShortPreamble SpectrumMgmt ShortSlotTime
12-14 03:34:44.987 1398 5729 D LOWI-9.0.0.87.a: [LOWI-Scan] BSS 18:6f:2d:0a:b8:41 FREQ: 2427, cFreq1[40:80:160] = [2427:0:0] cFreq2 = 0 Country Code = CN
12-14 03:34:44.987 1398 5729 D LOWI-9.0.0.87.a: [LOWI-Scan] BSS 18:6f:2d:0a:b8:41 (wlan0) ASSO: NO AddInfo: 0x1, TSF 0, 00:12:32.691, RSSI: -122, CPL: 127, AGE: 1416, SSID Guest, TSFDelta: 0xa07994e0, TXRate: 0
12-14 03:34:44.987 1398 5729 D LOWI-9.0.0.87.a: [LOWI-Scan]
12-14 03:34:44.987 1398 5729 D LOWI-9.0.0.87.a: [LOWI-Scan] print_bss_handler: Report beacon TSF 752691466 as it greater than probe TSF 752662305
12-14 03:34:44.987 1398 5729 D LOWI-9.0.0.87.a: [LOWI-Scan] decode_rsn_wpa_ie: LOWI_ENCRYPTION_TYPE_WPA_PSK
12-14 03:34:44.987 1398 5729 D LOWI-9.0.0.87.a: [LOWI-Scan] is_qcom_ie, bss_age: 0
12-14 03:34:44.987 1398 5729 D LOWI-9.0.0.87.a: [LOWI-Scan] BSS 18:6f:2d:0a:b8:42 LOWI_PHY_MODE_11NG_HT20(5), Beacon Interval: 100, LOWI_ENCRYPTION_TYPE_WPA_PSK 11mcRanging: No, ANQP: No, LCI: No, Civic: No, capability(0x0531): ESS Privacy ShortPreamble SpectrumMgmt ShortSlotTime
12-14 03:34:44.987 1398 5729 D LOWI-9.0.0.87.a: [LOWI-Scan] BSS 18:6f:2d:0a:b8:42 FREQ: 2427, cFreq1[40:80:160] = [2427:0:0] cFreq2 = 0 Country Code = CN
12-14 03:34:44.987 1398 5729 D LOWI-9.0.0.87.a: [LOWI-Scan] BSS 18:6f:2d:0a:b8:42 (wlan0) ASSO: NO AddInfo: 0x1, TSF 0, 00:12:32.691, RSSI: -122, CPL: 127, AGE: 1416, SSID ThunderSoft_2.4G, TSFDelta: 0x9ec41247, TXRate: 0
12-14 03:34:44.987 1398 5729 D LOWI-9.0.0.87.a: [LOWI-Scan]
12-14 03:34:44.987 1398 5729 D LOWI-9.0.0.87.a: [LOWI-Scan] print_bss_handler: Report beacon TSF 752691579 as it greater than probe TSF 752691257
12-14 03:34:44.987 1398 5729 D LOWI-9.0.0.87.a: [LOWI-Scan] decode_rsn_wpa_ie: LOWI_ENCRYPTION_TYPE_WPA_PSK
12-14 03:34:44.987 1398 5729 D LOWI-9.0.0.87.a: [LOWI-Scan] is_qcom_ie, bss_age: 0
12-14 03:34:44.987 1398 5729 D LOWI-9.0.0.87.a: [LOWI-Scan] BSS 18:6f:2d:0a:b8:44 LOWI_PHY_MODE_11NG_HT20(5), Beacon Interval: 100, LOWI_ENCRYPTION_TYPE_WPA_PSK 11mcRanging: No, ANQP: No, LCI: No, Civic: No, capability(0x0531): ESS Privacy ShortPreamble SpectrumMgmt ShortSlotTime
12-14 03:34:44.987 1398 5729 D LOWI-9.0.0.87.a: [LOWI-Scan] BSS 18:6f:2d:0a:b8:44 FREQ: 2427, cFreq1[40:80:160] = [2427:0:0] cFreq2 = 0 Country Code = CN
12-14 03:34:44.987 1398 5729 D LOWI-9.0.0.87.a: [LOWI-Scan] BSS 18:6f:2d:0a:b8:44 (wlan0) ASSO: NO AddInfo: 0x1, TSF 0, 00:12:32.691, RSSI: -124, CPL: 127, AGE: 1416, SSID Fanya, TSFDelta: 0x9ed31eb8, TXRate: 0
12-14 03:34:44.988 1398 5729 D LOWI-9.0.0.87.a: [LOWI-Scan]
12-14 03:34:44.988 1398 5729 D LOWI-9.0.0.87.a: [LOWI-Scan] print_bss_handler: Report Probe TSF 742962758 as it greater than Beacon TSF 52267135
12-14 03:34:44.988 1398 5729 D LOWI-9.0.0.87.a: [LOWI-Scan] decode_rsn_wpa_ie: LOWI_ENCRYPTION_TYPE_WPA_PSK
12-14 03:34:44.988 1398 5729 D LOWI-9.0.0.87.a: [LOWI-Scan] is_qcom_ie, bss_age: 0
12-14 03:34:44.988 1398 5729 D LOWI-9.0.0.87.a: [LOWI-Scan] adjust_age:AP AGE upper limit reached. Dont store
12-14 03:34:44.988 1398 5729 D LOWI-9.0.0.87.a: [LOWI-Scan] BSS 8c:de:f9:3f:0d:ab LOWI_PHY_MODE_11AC_VHT80(10), Beacon Interval: 100, LOWI_ENCRYPTION_TYPE_WPA_PSK 11mcRanging: No, ANQP: No, LCI: No, Civic: No, capability(0x0031): ESS Privacy ShortPreamble
12-14 03:34:44.988 1398 5729 D LOWI-9.0.0.87.a: [LOWI-Scan] BSS 8c:de:f9:3f:0d:ab FREQ: 5785, cFreq1[40:80:160] = [5795:5775:0] cFreq2 = 0 Country Code = CN
12-14 03:34:44.988 1398 5729 D LOWI-9.0.0.87.a: [LOWI-Scan] BSS 8c:de:f9:3f:0d:ab (wlan0) ASSO: NO AddInfo: 0x0, TSF 0, 00:12:22.962, RSSI: -146, CPL: 127, AGE: 11144, SSID Xiaomi_0DA9_5G, TSFDelta: 0xfffc3d0f, TXRate: 0
12-14 03:34:44.988 1398 5729 D LOWI-9.0.0.87.a: [LOWI-Scan] -- associated
12-14 03:34:44.988 1398 5729 D LOWI-9.0.0.87.a: [LOWI-Scan]
12-14 03:34:44.988 1398 5729 D LOWI-9.0.0.87.a: [LOWI-Scan] print_bss_handler: Report beacon TSF 753955307 as it greater than probe TSF 753091277
12-14 03:34:44.988 1398 5729 D LOWI-9.0.0.87.a: [LOWI-Scan] decode_rsn_wpa_ie: LOWI_ENCRYPTION_TYPE_WPA_PSK
12-14 03:34:44.988 1398 5729 D LOWI-9.0.0.87.a: [LOWI-Scan] is_qcom_ie, bss_age: 0
12-14 03:34:44.988 1398 5729 D LOWI-9.0.0.87.a: [LOWI-Scan] BSS 6c:b1:58:0f:7d:3b LOWI_PHY_MODE_11AC_VHT80(10), Beacon Interval: 100, LOWI_ENCRYPTION_TYPE_WPA_PSK 11mcRanging: No, ANQP: No, LCI: No, Civic: No, capability(0x1011): ESS Privacy
12-14 03:34:44.988 1398 5729 D LOWI-9.0.0.87.a: [LOWI-Scan] BSS 6c:b1:58:0f:7d:3b FREQ: 5805, cFreq1[40:80:160] = [5795:5775:0] cFreq2 = 0 Country Code = CN
12-14 03:34:44.988 1398 5729 D LOWI-9.0.0.87.a: [LOWI-Scan] BSS 6c:b1:58:0f:7d:3b (wlan0) ASSO: YES AddInfo: 0x1, TSF 0, 00:12:33.955, RSSI: -26, CPL: 127, AGE: 0, SSID TP-LINK_Figure_6d0405, TSFDelta: 0xc1166bd2, TXRate: 0
12-14 03:34:44.989 1398 5729 D LOWI-9.0.0.87.a: [LOWI-Scan]
12-14 03:34:44.989 1398 5729 D LOWI-9.0.0.87.a: [LOWI-Scan] print_bss_handler: Report Probe TSF 752808624 as it greater than Beacon TSF 752807388
12-14 03:34:44.989 1398 5729 D LOWI-9.0.0.87.a: [LOWI-Scan] decode_rsn_wpa_ie: LOWI_ENCRYPTION_TYPE_WPA_PSK
12-14 03:34:44.989 1398 5729 D LOWI-9.0.0.87.a: [LOWI-Scan] is_qcom_ie, bss_age: 0
12-14 03:34:44.989 1398 5729 D LOWI-9.0.0.87.a: [LOWI-Scan] BSS 58:d9:d5:44:ba:d8 LOWI_PHY_MODE_11G(1), Beacon Interval: 100, LOWI_ENCRYPTION_TYPE_WPA_PSK 11mcRanging: No, ANQP: No, LCI: No, Civic: No, capability(0x0011): ESS Privacy
12-14 03:34:44.989 1398 5729 D LOWI-9.0.0.87.a: [LOWI-Scan] BSS 58:d9:d5:44:ba:d8 FREQ: 2432, cFreq1[40:80:160] = [0:0:0] cFreq2 = 0 Country Code =
12-14 03:34:44.989 1398 5729 D LOWI-9.0.0.87.a: [LOWI-Scan] BSS 58:d9:d5:44:ba:d8 (wlan0) ASSO: NO AddInfo: 0x0, TSF 0, 00:12:32.808, RSSI: -10, CPL: 127, AGE: 1296, SSID TD-2.4G, TSFDelta: 0xf6d090d7, TXRate: 0
12-14 03:34:44.990 1398 5729 D LOWI-9.0.0.87.a: [LOWI-Scan]
12-14 03:34:44.990 1398 5729 D LOWI-9.0.0.87.a: [LOWI-Scan] print_bss_handler: Report Probe TSF 752848353 as it greater than Beacon TSF 752764294
12-14 03:34:44.990 1398 5729 D LOWI-9.0.0.87.a: [LOWI-Scan] decode_rsn_wpa_ie: LOWI_ENCRYPTION_TYPE_WPA_PSK
12-14 03:34:44.990 1398 5729 D LOWI-9.0.0.87.a: [LOWI-Scan] is_qcom_ie, bss_age: 0
12-14 03:34:44.990 1398 5729 D LOWI-9.0.0.87.a: [LOWI-Scan] BSS 18:6f:2d:81:18:40 LOWI_PHY_MODE_11NG_HT20(5), Beacon Interval: 100, LOWI_ENCRYPTION_TYPE_WPA_PSK 11mcRanging: No, ANQP: No, LCI: No, Civic: No, capability(0x0531): ESS Privacy ShortPreamble SpectrumMgmt ShortSlotTime
12-14 03:34:44.990 1398 5729 D LOWI-9.0.0.87.a: [LOWI-Scan] BSS 18:6f:2d:81:18:40 FREQ: 2432, cFreq1[40:80:160] = [2432:0:0] cFreq2 = 0 Country Code = CN
12-14 03:34:44.990 1398 5729 D LOWI-9.0.0.87.a: [LOWI-Scan] BSS 18:6f:2d:81:18:40 (wlan0) ASSO: NO AddInfo: 0x0, TSF 0, 00:12:32.848, RSSI: -118, CPL: 127, AGE: 1256, SSID Testing , TSFDelta: 0x9d077f13, TXRate: 0
12-14 03:34:44.990 1398 5729 D LOWI-9.0.0.87.a: [LOWI-Scan]
12-14 03:34:44.990 1398 5729 D LOWI-9.0.0.87.a: [LOWI-Scan] print_bss_handler: Report Probe TSF 752848460 as it greater than Beacon TSF 752764407
12-14 03:34:44.990 1398 5729 D LOWI-9.0.0.87.a: [LOWI-Scan] is_qcom_ie, bss_age: 0
12-14 03:34:44.990 1398 5729 D LOWI-9.0.0.87.a: [LOWI-Scan] BSS 18:6f:2d:81:18:41 LOWI_PHY_MODE_11NG_HT20(5), Beacon Interval: 100, LOWI_ENCRYPTION_TYPE_OPEN 11mcRanging: No, ANQP: No, LCI: No, Civic: No, capability(0x0521): ESS ShortPreamble SpectrumMgmt ShortSlotTime
12-14 03:34:44.990 1398 5729 D LOWI-9.0.0.87.a: [LOWI-Scan] BSS 18:6f:2d:81:18:41 FREQ: 2432, cFreq1[40:80:160] = [2432:0:0] cFreq2 = 0 Country Code = CN
12-14 03:34:44.990 1398 5729 D LOWI-9.0.0.87.a: [LOWI-Scan] BSS 18:6f:2d:81:18:41 (wlan0) ASSO: NO AddInfo: 0x0, TSF 0, 00:12:32.848, RSSI: -120, CPL: 127, AGE: 1256, SSID Guest, TSFDelta: 0x9d0ccd3f, TXRate: 0
12-14 03:34:44.990 1398 5729 D LOWI-9.0.0.87.a: [LOWI-Scan]
12-14 03:34:44.990 1398 5729 D LOWI-9.0.0.87.a: [LOWI-Scan] print_bss_handler: Report Probe TSF 752848524 as it greater than Beacon TSF 752764465
12-14 03:34:44.990 1398 5729 D LOWI-9.0.0.87.a: [LOWI-Scan] decode_rsn_wpa_ie: LOWI_ENCRYPTION_TYPE_WPA_PSK
12-14 03:34:44.990 1398 5729 D LOWI-9.0.0.87.a: [LOWI-Scan] is_qcom_ie, bss_age: 0
12-14 03:34:44.990 1398 5729 D LOWI-9.0.0.87.a: [LOWI-Scan] BSS 18:6f:2d:81:18:42 LOWI_PHY_MODE_11NG_HT20(5), Beacon Interval: 100, LOWI_ENCRYPTION_TYPE_WPA_PSK 11mcRanging: No, ANQP: No, LCI: No, Civic: No, capability(0x0531): ESS Privacy ShortPreamble SpectrumMgmt ShortSlotTime
12-14 03:34:44.990 1398 5729 D LOWI-9.0.0.87.a: [LOWI-Scan] BSS 18:6f:2d:81:18:42 FREQ: 2432, cFreq1[40:80:160] = [2432:0:0] cFreq2 = 0 Country Code = CN
12-14 03:34:44.990 1398 5729 D LOWI-9.0.0.87.a: [LOWI-Scan] BSS 18:6f:2d:81:18:42 (wlan0) ASSO: NO AddInfo: 0x0, TSF 0, 00:12:32.848, RSSI: -118, CPL: 127, AGE: 1256, SSID ThunderSoft_2.4G, TSFDelta: 0x9d11dc94, TXRate: 0
12-14 03:34:44.991 1398 5729 D LOWI-9.0.0.87.a: [LOWI-Scan]
12-14 03:34:44.991 1398 5729 D LOWI-9.0.0.87.a: [LOWI-Scan] print_bss_handler: Report Probe TSF 752848580 as it greater than Beacon TSF 742754438
12-14 03:34:44.991 1398 5729 D LOWI-9.0.0.87.a: [LOWI-Scan] decode_rsn_wpa_ie: LOWI_ENCRYPTION_TYPE_WPA_PSK
12-14 03:34:44.991 1398 5729 D LOWI-9.0.0.87.a: [LOWI-Scan] is_qcom_ie, bss_age: 0
12-14 03:34:44.991 1398 5729 D LOWI-9.0.0.87.a: [LOWI-Scan] BSS 18:6f:2d:81:18:43 LOWI_PHY_MODE_11NG_HT20(5), Beacon Interval: 100, LOWI_ENCRYPTION_TYPE_WPA_PSK 11mcRanging: No, ANQP: No, LCI: No, Civic: No, capability(0x0531): ESS Privacy ShortPreamble SpectrumMgmt ShortSlotTime
12-14 03:34:44.991 1398 5729 D LOWI-9.0.0.87.a: [LOWI-Scan] BSS 18:6f:2d:81:18:43 FREQ: 2432, cFreq1[40:80:160] = [2432:0:0] cFreq2 = 0 Country Code = CN
12-14 03:34:44.991 1398 5729 D LOWI-9.0.0.87.a: [LOWI-Scan] BSS 18:6f:2d:81:18:43 (wlan0) ASSO: NO AddInfo: 0x0, TSF 0, 00:12:32.848, RSSI: -128, CPL: 127, AGE: 1256, SSID ZXHY, TSFDelta: 0x9d16eb71, TXRate: 0
12-14 03:34:44.991 1398 5729 D LOWI-9.0.0.87.a: [LOWI-Scan]
12-14 03:34:44.991 1398 5729 D LOWI-9.0.0.87.a: [LOWI-Scan] print_bss_handler: Report Probe TSF 752848634 as it greater than Beacon TSF 752764578
12-14 03:34:44.991 1398 5729 D LOWI-9.0.0.87.a: [LOWI-Scan] decode_rsn_wpa_ie: LOWI_ENCRYPTION_TYPE_WPA_PSK
12-14 03:34:44.991 1398 5729 D LOWI-9.0.0.87.a: [LOWI-Scan] is_qcom_ie, bss_age: 0
12-14 03:34:44.991 1398 5729 D LOWI-9.0.0.87.a: [LOWI-Scan] BSS 18:6f:2d:81:18:44 LOWI_PHY_MODE_11NG_HT20(5), Beacon Interval: 100, LOWI_ENCRYPTION_TYPE_WPA_PSK 11mcRanging: No, ANQP: No, LCI: No, Civic: No, capability(0x0531): ESS Privacy ShortPreamble SpectrumMgmt ShortSlotTime
12-14 03:34:44.991 1398 5729 D LOWI-9.0.0.87.a: [LOWI-Scan] BSS 18:6f:2d:81:18:44 FREQ: 2432, cFreq1[40:80:160] = [2432:0:0] cFreq2 = 0 Country Code = CN
12-14 03:34:44.991 1398 5729 D LOWI-9.0.0.87.a: [LOWI-Scan] BSS 18:6f:2d:81:18:44 (wlan0) ASSO: NO AddInfo: 0x0, TSF 0, 00:12:32.848, RSSI: -126, CPL: 127, AGE: 1256, SSID Fanya, TSFDelta: 0x9d1c1f80, TXRate: 0
12-14 03:34:44.991 1398 5729 D LOWI-9.0.0.87.a: [LOWI-Scan]
12-14 03:34:44.991 1398 5729 D LOWI-9.0.0.87.a: [LOWI-Scan] print_bss_handler: Report Probe TSF 752793372 as it greater than Beacon TSF 752781735
12-14 03:34:44.991 1398 5729 D LOWI-9.0.0.87.a: [LOWI-Scan] decode_rsn_wpa_ie: LOWI_ENCRYPTION_TYPE_WPA_PSK
12-14 03:34:44.991 1398 5729 D LOWI-9.0.0.87.a: [LOWI-Scan] is_qcom_ie, bss_age: 0
12-14 03:34:44.991 1398 5729 D LOWI-9.0.0.87.a: [LOWI-Scan] BSS 18:6f:2d:81:18:45 LOWI_PHY_MODE_11NG_HT20(5), Beacon Interval: 100, LOWI_ENCRYPTION_TYPE_WPA_PSK 11mcRanging: No, ANQP: No, LCI: No, Civic: No, capability(0x0531): ESS Privacy ShortPreamble SpectrumMgmt ShortSlotTime
12-14 03:34:44.991 1398 5729 D LOWI-9.0.0.87.a: [LOWI-Scan] BSS 18:6f:2d:81:18:45 FREQ: 2432, cFreq1[40:80:160] = [2432:0:0] cFreq2 = 0 Country Code = CN
12-14 03:34:44.991 1398 5729 D LOWI-9.0.0.87.a: [LOWI-Scan] BSS 18:6f:2d:81:18:45 (wlan0) ASSO: NO AddInfo: 0x0, TSF 0, 00:12:32.793, RSSI: -126, CPL: 127, AGE: 1312, SSID 123, TSFDelta: 0x9c6d101a, TXRate: 0
12-14 03:34:44.991 1398 5729 D LOWI-9.0.0.87.a: [LOWI-Scan]
12-14 03:34:44.991 1398 5729 D LOWI-9.0.0.87.a: [LOWI-Scan] print_bss_handler: Report Probe TSF 752953006 as it greater than Beacon TSF 732780171
12-14 03:34:44.991 1398 5729 D LOWI-9.0.0.87.a: [LOWI-Scan] decode_rsn_wpa_ie: LOWI_ENCRYPTION_TYPE_WPA_PSK
12-14 03:34:44.991 1398 5729 D LOWI-9.0.0.87.a: [LOWI-Scan] is_qcom_ie, bss_age: 0
12-14 03:34:44.991 1398 5729 D LOWI-9.0.0.87.a: [LOWI-Scan] BSS 18:6f:2d:81:25:43 LOWI_PHY_MODE_11NG_HT20(5), Beacon Interval: 100, LOWI_ENCRYPTION_TYPE_WPA_PSK 11mcRanging: No, ANQP: No, LCI: No, Civic: No, capability(0x0531): ESS Privacy ShortPreamble SpectrumMgmt ShortSlotTime
12-14 03:34:44.991 1398 5729 D LOWI-9.0.0.87.a: [LOWI-Scan] BSS 18:6f:2d:81:25:43 FREQ: 2437, cFreq1[40:80:160] = [2437:0:0] cFreq2 = 0 Country Code = CN
12-14 03:34:44.991 1398 5729 D LOWI-9.0.0.87.a: [LOWI-Scan] BSS 18:6f:2d:81:25:43 (wlan0) ASSO: NO AddInfo: 0x0, TSF 0, 00:12:32.953, RSSI: -82, CPL: 127, AGE: 1152, SSID ZXHY, TSFDelta: 0x8171d162, TXRate: 0
12-14 03:34:44.991 1398 5729 D LOWI-9.0.0.87.a: [LOWI-Scan]
12-14 03:34:44.991 1398 5729 D LOWI-9.0.0.87.a: [LOWI-Scan] print_bss_handler: Report Probe TSF 752953119 as it greater than Beacon TSF 732780900
12-14 03:34:44.991 1398 5729 D LOWI-9.0.0.87.a: [LOWI-Scan] decode_rsn_wpa_ie: LOWI_ENCRYPTION_TYPE_WPA_PSK
12-14 03:34:44.991 1398 5729 D LOWI-9.0.0.87.a: [LOWI-Scan] is_qcom_ie, bss_age: 0
12-14 03:34:44.992 1398 5729 D LOWI-9.0.0.87.a: [LOWI-Scan] BSS 18:6f:2d:81:25:44 LOWI_PHY_MODE_11NG_HT20(5), Beacon Interval: 100, LOWI_ENCRYPTION_TYPE_WPA_PSK 11mcRanging: No, ANQP: No, LCI: No, Civic: No, capability(0x0531): ESS Privacy ShortPreamble SpectrumMgmt ShortSlotTime
12-14 03:34:44.992 1398 5729 D LOWI-9.0.0.87.a: [LOWI-Scan] BSS 18:6f:2d:81:25:44 FREQ: 2437, cFreq1[40:80:160] = [2437:0:0] cFreq2 = 0 Country Code = CN
12-14 03:34:44.992 1398 5729 D LOWI-9.0.0.87.a: [LOWI-Scan] BSS 18:6f:2d:81:25:44 (wlan0) ASSO: NO AddInfo: 0x0, TSF 0, 00:12:32.953, RSSI: -82, CPL: 127, AGE: 1152, SSID Fanya, TSFDelta: 0x817fd355, TXRate: 0
12-14 03:34:44.992 1398 5729 D LOWI-9.0.0.87.a: [LOWI-Scan]
12-14 03:34:44.992 1398 5729 D LOWI-9.0.0.87.a: [LOWI-Scan] print_bss_handler: Report Probe TSF 752911283 as it greater than Beacon TSF 706455238
12-14 03:34:44.992 1398 5729 D LOWI-9.0.0.87.a: [LOWI-Scan] decode_rsn_wpa_ie: LOWI_ENCRYPTION_TYPE_WPA_PSK
12-14 03:34:44.992 1398 5729 D LOWI-9.0.0.87.a: [LOWI-Scan] is_qcom_ie, bss_age: 0
12-14 03:34:44.992 1398 5729 D LOWI-9.0.0.87.a: [LOWI-Scan] BSS 18:6f:2d:81:25:40 LOWI_PHY_MODE_11NG_HT20(5), Beacon Interval: 100, LOWI_ENCRYPTION_TYPE_WPA_PSK 11mcRanging: No, ANQP: No, LCI: No, Civic: No, capability(0x0531): ESS Privacy ShortPreamble SpectrumMgmt ShortSlotTime
12-14 03:34:44.992 1398 5729 D LOWI-9.0.0.87.a: [LOWI-Scan] BSS 18:6f:2d:81:25:40 FREQ: 2437, cFreq1[40:80:160] = [2437:0:0] cFreq2 = 0 Country Code = CN
12-14 03:34:44.992 1398 5729 D LOWI-9.0.0.87.a: [LOWI-Scan] BSS 18:6f:2d:81:25:40 (wlan0) ASSO: NO AddInfo: 0x0, TSF 0, 00:12:32.911, RSSI: -82, CPL: 127, AGE: 1196, SSID Testing , TSFDelta: 0x813c50c7, TXRate: 0
12-14 03:34:44.992 1398 5729 D LOWI-9.0.0.87.a: [LOWI-Scan]
12-14 03:34:44.992 1398 5729 D LOWI-9.0.0.87.a: [LOWI-Scan] print_bss_handler: Report Probe TSF 752952816 as it greater than Beacon TSF 732779891
12-14 03:34:44.992 1398 5729 D LOWI-9.0.0.87.a: [LOWI-Scan] is_qcom_ie, bss_age: 0
12-14 03:34:44.992 1398 5729 D LOWI-9.0.0.87.a: [LOWI-Scan] BSS 18:6f:2d:81:25:41 LOWI_PHY_MODE_11NG_HT20(5), Beacon Interval: 100, LOWI_ENCRYPTION_TYPE_OPEN 11mcRanging: No, ANQP: No, LCI: No, Civic: No, capability(0x0521): ESS ShortPreamble SpectrumMgmt ShortSlotTime
12-14 03:34:44.992 1398 5729 D LOWI-9.0.0.87.a: [LOWI-Scan] BSS 18:6f:2d:81:25:41 FREQ: 2437, cFreq1[40:80:160] = [2437:0:0] cFreq2 = 0 Country Code = CN
12-14 03:34:44.992 1398 5729 D LOWI-9.0.0.87.a: [LOWI-Scan] BSS 18:6f:2d:81:25:41 (wlan0) ASSO: NO AddInfo: 0x0, TSF 0, 00:12:32.952, RSSI: -80, CPL: 127, AGE: 1160, SSID Guest, TSFDelta: 0x814e4b27, TXRate: 0
12-14 03:34:44.992 1398 5729 D LOWI-9.0.0.87.a: [LOWI-Scan]
