12-14 03:22:22.800 1483 1483 I SystemServerTiming: OnBootPhase_500_com.android.server.BinderCallsStatsService$LifeCycle
12-14 03:22:22.802 1483 1483 I SystemServerTiming: OnBootPhase_500_com.android.server.LooperStatsService$Lifecycle
12-14 03:22:22.802 1483 1483 I SystemServerTiming: OnBootPhase_500_com.android.server.rollback.RollbackManagerService
12-14 03:22:22.802 1483 1483 I SystemServerTiming: OnBootPhase_500_com.android.server.os.NativeTombstoneManagerService
12-14 03:22:22.802 1483 1483 I SystemServerTiming: OnBootPhase_500_com.android.server.os.BugreportManagerService
12-14 03:22:22.802 1483 1483 I SystemServerTiming: OnBootPhase_500_com.android.server.gpu.GpuService
12-14 03:22:22.802 1483 1483 I SystemServerTiming: OnBootPhase_500_com.android.server.security.KeyChainSystemService
12-14 03:22:22.802 1483 1483 I SystemServerTiming: OnBootPhase_500_com.android.server.telecom.TelecomLoaderService
12-14 03:22:22.802 1483 1483 I SystemServerTiming: OnBootPhase_500_com.android.server.accounts.AccountManagerService$Lifecycle
12-14 03:22:22.802 1483 1483 I SystemServerTiming: OnBootPhase_500_com.android.server.content.ContentService$Lifecycle
12-14 03:22:22.802 1483 1483 I SystemServerTiming: OnBootPhase_500_com.android.server.DropBoxManagerService
12-14 03:22:22.802 1483 1483 I SystemServerTiming: OnBootPhase_500_com.android.role.RoleService
12-14 03:22:22.802 1483 1483 I SystemServerTiming: OnBootPhase_500_com.android.server.vibrator.VibratorManagerService$Lifecycle
12-14 03:22:22.802 1483 1483 V VibratorManagerService: Initializing VibratorManager service...
12-14 03:22:22.803 1483 1483 V HistoricalRegistry: Interaction before persistence initialized
12-14 03:22:22.806 1483 1483 V VibratorManagerService: VibratorManager service initialized
12-14 03:22:22.806 1483 1483 I SystemServerTiming: OnBootPhase_500_com.android.server.alarm.AlarmManagerService
12-14 03:22:22.806 1483 1483 E LazyAlarmStore: Removed TIME_TICK alarm
12-14 03:22:22.808 1483 1609 I DropBoxManagerService: add tag=system_server_wtf isTagEnabled=true flags=0x2
12-14 03:22:22.809 1483 1483 I SystemServerTiming: OnBootPhase_500_com.android.server.devicestate.DeviceStateManagerService
12-14 03:22:22.809 1483 1483 I SystemServerTiming: OnBootPhase_500_com.android.server.camera.CameraServiceProxy
12-14 03:22:22.809 1483 1483 I SystemServerTiming: OnBootPhase_500_com.android.server.BluetoothService
12-14 03:22:22.811 1483 1483 I SystemServerTiming: OnBootPhase_500_com.android.server.connectivity.IpConnectivityMetrics
12-14 03:22:22.814 1483 1483 I SystemServerTiming: OnBootPhase_500_com.android.server.net.watchlist.NetworkWatchlistService$Lifecycle
12-14 03:22:22.814 1483 1483 I SystemServerTiming: OnBootPhase_500_com.android.server.PinnerService
12-14 03:22:22.814 1483 1483 I SystemServerTiming: OnBootPhase_500_com.google.android.startop.iorap.IorapForwardingService
12-14 03:22:22.815 1483 1483 I SystemServerTiming: OnBootPhase_500_com.android.server.ActivityTriggerService
12-14 03:22:22.815 1483 1483 I SystemServerTiming: OnBootPhase_500_com.android.server.integrity.AppIntegrityManagerService
12-14 03:22:22.815 1483 1483 I SystemServerTiming: OnBootPhase_500_com.android.server.inputmethod.InputMethodManagerService$Lifecycle
12-14 03:22:22.815 1483 1483 I SystemServerTiming: OnBootPhase_500_com.android.server.accessibility.AccessibilityManagerService$Lifecycle
12-14 03:22:22.815 1483 1483 I SystemServerTiming: OnBootPhase_500_com.android.server.StorageManagerService$Lifecycle
12-14 03:22:22.815 1483 1483 I SystemServerTiming: OnBootPhase_500_com.android.server.usage.StorageStatsService$Lifecycle
12-14 03:22:22.815 1483 1483 I SystemServerTiming: OnBootPhase_500_com.android.server.UiModeManagerService
12-14 03:22:22.817 1483 1483 I ActivityTaskManager: Config changes=200 {1.0 ?mcc?mnc [zh_CN] ldltr sw680dp w1586dp h584dp 240dpi lrg long land finger -keyb/v/h -nav/h winConfig={ mBounds=Rect(0, 0 - 2380, 1020) mAppBounds=Rect(0, 0 - 2380, 948) mMaxBounds=Rect(0, 0 - 2380, 1020) mWindowingMode=fullscreen mDisplayWindowingMode=fullscreen mActivityType=undefined mAlwaysOnTop=undefined mRotation=ROTATION_0} s.6 ?fontWeightAdjustment}
12-14 03:22:22.818 1483 1483 I WindowManager: Override config changes=200 {1.0 ?mcc?mnc [zh_CN] ldltr sw680dp w1586dp h584dp 240dpi lrg long land finger -keyb/v/h -nav/h winConfig={ mBounds=Rect(0, 0 - 2380, 1020) mAppBounds=Rect(0, 0 - 2380, 948) mMaxBounds=Rect(0, 0 - 2380, 1020) mWindowingMode=fullscreen mDisplayWindowingMode=fullscreen mActivityType=undefined mAlwaysOnTop=undefined mRotation=ROTATION_0} s.6 ?fontWeightAdjustment} for displayId=0
12-14 03:22:22.819 1483 1483 I SystemServerTiming: OnBootPhase_500_com.android.server.locksettings.LockSettingsService$Lifecycle
12-14 03:22:22.819 1483 1483 I SystemServerTiming: OnBootPhase_500_com.android.server.PersistentDataBlockService
12-14 03:22:22.820 1483 1483 I SystemServerTiming: OnBootPhase_500_com.android.server.testharness.TestHarnessModeService
12-14 03:22:22.820 1483 1483 D TestHarnessModeService: Setting up test harness mode
12-14 03:22:22.820 1483 1483 D TestHarnessModeService: Getting PersistentDataBlockManagerInternal from LocalServices
12-14 03:22:22.827 1483 1483 I SystemServerTiming: OnBootPhase_500_com.android.server.oemlock.OemLockService
12-14 03:22:22.827 1483 1483 I SystemServerTiming: OnBootPhase_500_com.android.server.DeviceIdleController
12-14 03:22:22.828 1483 1483 V HistoricalRegistry: Interaction before persistence initialized
12-14 03:22:22.829 1483 1483 I SystemServerTiming: OnBootPhase_500_com.android.server.devicepolicy.DevicePolicyManagerService$Lifecycle
12-14 03:22:22.830 1483 1483 I SystemServerTiming: OnBootPhase_500_com.android.server.texttospeech.TextToSpeechManagerService
12-14 03:22:22.830 1483 1483 I SystemServerTiming: OnBootPhase_500_com.android.server.speech.SpeechRecognitionManagerService
12-14 03:22:22.830 1483 1483 I SystemServerTiming: OnBootPhase_500_com.android.server.searchui.SearchUiManagerService
12-14 03:22:22.830 1483 1483 I SystemServerTiming: OnBootPhase_500_com.android.server.smartspace.SmartspaceManagerService
12-14 03:22:22.830 1483 1483 I SystemServerTiming: OnBootPhase_500_com.android.server.graphics.fonts.FontManagerService$Lifecycle
12-14 03:22:22.830 1483 1483 I SystemServerTiming: OnBootPhase_500_com.android.server.textservices.TextServicesManagerService$Lifecycle
12-14 03:22:22.830 1483 1483 I SystemServerTiming: OnBootPhase_500_com.android.server.textclassifier.TextClassificationManagerService$Lifecycle
12-14 03:22:22.830 1483 1483 I SystemServerTiming: OnBootPhase_500_com.android.server.NetworkScoreService$Lifecycle
12-14 03:22:22.830 1483 1483 I SystemServerTiming: OnBootPhase_500_com.android.server.wifi.WifiService
12-14 03:22:22.831 1483 1483 I SystemServerTiming: OnBootPhase_500_com.android.server.wifi.scanner.WifiScanningService
12-14 03:22:22.831 1483 1483 I SystemServerTiming: OnBootPhase_500_com.android.server.wifi.rtt.RttService
12-14 03:22:22.836 1483 1483 I SystemServerTiming: OnBootPhase_500_com.android.server.wifi.aware.WifiAwareService
12-14 03:22:22.850 1483 1483 I SystemServerTiming: OnBootPhase_500_com.android.server.wifi.p2p.WifiP2pService
12-14 03:22:22.850 1483 1483 I SystemServerTiming: OnBootPhase_500_com.android.server.ethernet.EthernetService
12-14 03:22:22.855 1483 1483 I SystemServerTiming: OnBootPhase_500_com.android.server.ConnectivityServiceInitializer
12-14 03:22:22.855 1483 1483 I SystemServerTiming: OnBootPhase_500_com.android.server.notification.NotificationManagerService
01-01 10:04:25.934 0 0 I : Wifi Turning On from UI
01-01 10:04:25.941 0 0 I afe_find_cal_topo_id_by_port: port id: 0x9000, dev_acdb_id: 0
01-01 10:04:25.941 0 0 I afe_find_cal_topo_id_by_port: top_id:112fc acdb_id:15 afe_port:0x9000
01-01 10:04:25.941 0 0 I afe_get_cal_topology_id: port_id = 0x9000 acdb_id = 15 topology_id = 0x112fc cal_type_index=8 ret=0
01-01 10:04:25.942 0 0 I afe_send_port_topology_id: AFE set topology id 0x112fc enable for port 0x9000 ret 0
01-01 10:04:25.942 0 0 I send_afe_cal_type: cal_index is 0
01-01 10:04:25.942 0 0 I send_afe_cal_type: dev_acdb_id[55] is 0
01-01 10:04:25.942 0 0 I send_afe_cal_type: Sending cal_index cal 0
01-01 10:04:25.942 0 0 E send_afe_cal_type: No cal sent for cal_index 0, port_id = 0x9000! ret -22
01-01 10:04:25.942 0 0 I afe_send_hw_delay: port_id 0x9000 rate 48000 delay_usec 474 status 0
12-14 03:22:22.894 1483 1483 I GameModeConfig: isGameModeOn = false
12-14 03:22:22.895 1483 1483 I SystemServerTiming: OnBootPhase_500_com.android.server.storage.DeviceStorageMonitorService
12-14 03:22:22.895 1483 1483 I SystemServerTiming: OnBootPhase_500_com.android.server.location.LocationManagerService$Lifecycle
12-14 03:22:22.896 1483 1483 V HistoricalRegistry: Interaction before persistence initialized
12-14 03:22:22.896 1483 1483 I SystemServerTiming: OnBootPhase_500_com.android.server.timedetector.TimeDetectorService$Lifecycle
12-14 03:22:22.896 1483 1483 I SystemServerTiming: OnBootPhase_500_com.android.server.timezonedetector.TimeZoneDetectorService$Lifecycle
12-14 03:22:22.896 1483 1483 I SystemServerTiming: OnBootPhase_500_com.android.server.timezonedetector.location.LocationTimeZoneManagerService$Lifecycle
12-14 03:22:22.896 1483 1483 I SystemServerTiming: OnBootPhase_500_com.android.server.search.SearchManagerService$Lifecycle
12-14 03:22:22.896 1483 1483 I SystemServerTiming: OnBootPhase_500_com.android.server.wallpaper.WallpaperManagerService$Lifecycle
12-14 03:22:22.896 1483 1483 I SystemServerTiming: OnBootPhase_500_com.android.server.audio.AudioService$Lifecycle
12-14 03:22:22.896 1483 1483 I SystemServerTiming: OnBootPhase_500_com.android.server.soundtrigger_middleware.SoundTriggerMiddlewareService$Lifecycle
12-14 03:22:22.896 1483 1483 I SystemServerTiming: OnBootPhase_500_com.android.server.DockObserver
12-14 03:22:22.896 1483 1483 I SystemServerTiming: OnBootPhase_500_com.android.server.midi.MidiService$Lifecycle
12-14 03:22:22.896 1483 1483 I SystemServerTiming: OnBootPhase_500_com.android.server.adb.AdbService$Lifecycle
12-14 03:22:22.896 1483 1483 I SystemServerTiming: OnBootPhase_500_com.android.server.usb.UsbService$Lifecycle
12-14 03:22:22.896 1483 1483 I SystemServerTiming: OnBootPhase_500_com.android.server.twilight.TwilightService
12-14 03:22:22.896 1483 1483 I SystemServerTiming: OnBootPhase_500_com.android.server.display.color.ColorDisplayService
12-14 03:22:22.896 1483 1483 I SystemServerTiming: OnBootPhase_500_com.android.server.job.JobSchedulerService
12-14 03:22:22.901 1483 1483 V HistoricalRegistry: Interaction before persistence initialized
12-14 03:22:22.901 1483 1483 I SystemServerTiming: OnBootPhase_500_com.android.server.soundtrigger.SoundTriggerService
12-14 03:22:22.901 1483 1483 D SoundTriggerService: onBootPhase: 500 : false
12-14 03:22:22.901 1483 1483 I SystemServerTiming: OnBootPhase_500_com.android.server.trust.TrustManagerService
12-14 03:22:22.902 1483 1483 I SystemServerTiming: OnBootPhase_500_com.android.server.backup.BackupManagerService$Lifecycle
12-14 03:22:22.902 1483 1483 I SystemServerTiming: OnBootPhase_500_com.android.server.appwidget.AppWidgetService
12-14 03:22:22.902 1483 1483 I SystemServerTiming: OnBootPhase_500_com.android.server.voiceinteraction.VoiceInteractionManagerService
12-14 03:22:22.902 1483 1483 I SystemServerTiming: OnBootPhase_500_com.android.server.apphibernation.AppHibernationService
12-14 03:22:22.903 1483 1483 I SystemServerTiming: OnBootPhase_500_com.android.server.GestureLauncherService
12-14 03:22:22.903 1483 1483 I SystemServerTiming: OnBootPhase_500_com.android.server.SensorNotificationService
12-14 03:22:22.903 1483 1483 I SystemServerTiming: OnBootPhase_500_com.android.server.emergency.EmergencyAffordanceService
12-14 03:22:22.903 1483 1483 I SystemServerTiming: OnBootPhase_500_com.android.server.blob.BlobStoreManagerService
12-14 03:22:22.903 1483 1483 I SystemServerTiming: OnBootPhase_500_com.android.server.dreams.DreamManagerService
12-14 03:22:22.903 1483 1483 I SystemServerTiming: OnBootPhase_500_com.android.server.companion.CompanionDeviceManagerService
12-14 03:22:22.904 1483 1483 I CompanionDeviceManagerService: initBleScanning()
12-14 03:22:22.905 1483 1483 I SystemServerTiming: OnBootPhase_500_com.android.server.restrictions.RestrictionsManagerService
12-14 03:22:22.905 1483 1483 I SystemServerTiming: OnBootPhase_500_com.android.server.media.MediaSessionService
12-14 03:22:22.905 1483 1483 I SystemServerTiming: OnBootPhase_500_com.android.server.media.MediaResourceMonitorService
12-14 03:22:22.905 1483 1483 I SystemServerTiming: OnBootPhase_500_com.android.server.biometrics.sensors.fingerprint.FingerprintService
12-14 03:22:22.905 1483 1483 I SystemServerTiming: OnBootPhase_500_com.android.server.biometrics.BiometricService
12-14 03:22:22.905 1483 1483 I SystemServerTiming: OnBootPhase_500_com.android.server.biometrics.AuthService
12-14 03:22:22.905 1483 1483 I SystemServerTiming: OnBootPhase_500_com.android.server.pm.ShortcutService$Lifecycle
12-14 03:22:22.905 1483 1483 I SystemServerTiming: OnBootPhase_500_com.android.server.pm.LauncherAppsService
12-14 03:22:22.905 1483 1483 I SystemServerTiming: OnBootPhase_500_com.android.server.pm.CrossProfileAppsService
12-14 03:22:22.905 1483 1483 I SystemServerTiming: OnBootPhase_500_com.android.server.people.PeopleService
12-14 03:22:22.906 1483 1483 I SystemServerTiming: OnBootPhase_500_com.android.server.media.metrics.MediaMetricsManagerService
12-14 03:22:22.906 1483 1483 I SystemServerTiming: OnBootPhase_500_com.android.server.media.projection.MediaProjectionManagerService
12-14 03:22:22.906 1483 1483 I SystemServerTiming: OnBootPhase_500_com.android.server.slice.SliceManagerService$Lifecycle
12-14 03:22:22.906 1483 1483 I SystemServerTiming: OnBootPhase_500_com.android.server.stats.StatsCompanion$Lifecycle
12-14 03:22:22.906 1483 1483 I SystemServerTiming: OnBootPhase_500_com.android.server.scheduling.RebootReadinessManagerService$Lifecycle
12-14 03:22:22.906 1483 1483 I SystemServerTiming: OnBootPhase_500_com.android.server.stats.pull.StatsPullAtomService
12-14 03:22:22.906 1483 1483 I SystemServerTiming: OnBootPhase_500_com.android.server.incident.IncidentCompanionService
12-14 03:22:22.906 1483 1483 I SystemServerTiming: OnBootPhase_500_com.android.server.MmsServiceBroker
12-14 03:22:22.906 1483 1483 I SystemServerTiming: OnBootPhase_500_com.android.server.autofill.AutofillManagerService
12-14 03:22:22.906 1483 1483 I SystemServerTiming: OnBootPhase_500_com.android.server.clipboard.ClipboardService
12-14 03:22:22.907 1483 1483 I SystemServerTiming: OnBootPhase_500_com.android.server.appbinding.AppBindingService$Lifecycle
12-14 03:22:22.907 1483 1483 I SystemServerTiming: OnBootPhase_500_com.android.server.tracing.TracingServiceProxy
12-14 03:22:22.907 1483 1483 I SystemServerTiming: MakeWindowManagerServiceReady
12-14 03:22:22.911 1483 1483 I SystemServerTiming: MakePowerManagerServiceReady
12-14 03:22:22.912 1483 1483 I AttentionDetector: readValuesFromDeviceConfig():
12-14 03:22:22.912 1483 1483 I AttentionDetector: mMaximumExtensionMillis=900000
12-14 03:22:22.912 1483 1483 I AttentionDetector: mPreDimCheckDurationMillis=2000
12-14 03:22:22.912 1483 1483 I AttentionDetector: mRequestedPostDimTimeoutMillis=0
12-14 03:22:22.917 1483 1483 E DisplayPowerController[0]: failed to set up display white-balance: java.lang.IllegalStateException: cannot find light sensor
12-14 03:22:22.917 1483 1483 W DisplayPowerController[0]: Screen brightness nits configuration is unavailable; falling back
12-14 03:22:22.919 1483 1974 I DropBoxManagerService: add tag=system_server_wtf isTagEnabled=true flags=0x2
12-14 03:22:22.919 1483 1975 I DropBoxManagerService: add tag=system_server_wtf isTagEnabled=true flags=0x2
12-14 03:22:22.920 1483 1607 I HealthServiceWrapper: health: HealthServiceWrapper listening to instance default
12-14 03:22:22.922 1483 1630 W KeyguardServiceDelegate: onScreenTurningOn(): no keyguard service!
12-14 03:22:22.922 1483 1607 D StatsPullAtomService: Registering pullers with statsd
12-14 03:22:22.922 1483 1630 V DisplayPowerController[0]: Brightness [1.0] reason changing to: 'override', previous reason: '0'.
12-14 03:22:22.925 1483 1483 I FaceDownDetector: readValuesFromDeviceConfig():
12-14 03:22:22.925 1483 1483 I FaceDownDetector: mAccelerationThreshold=0.2
12-14 03:22:22.925 1483 1483 I FaceDownDetector: mZAccelerationThreshold=-9.5
12-14 03:22:22.925 1483 1483 I FaceDownDetector: mTimeThreshold=PT1S
12-14 03:22:22.925 1483 1483 I FaceDownDetector: mIsEnabled=true
12-14 03:22:22.926 1483 1483 I ScreenUndimDetector: readValuesFromDeviceConfig():
12-14 03:22:22.926 1483 1483 I ScreenUndimDetector: mKeepScreenOnForMillis=600000
12-14 03:22:22.926 1483 1483 I ScreenUndimDetector: mKeepScreenOnNotificationEnabled=false
12-14 03:22:22.926 1483 1483 I ScreenUndimDetector: mUndimsRequired=2
12-14 03:22:22.927 1483 1620 E KernelCpuSpeedReader: Failed to read cpu-freq: /sys/devices/system/cpu/cpu4/cpufreq/stats/time_in_state: open failed: ENOENT (No such file or directory)
12-14 03:22:22.928 1483 1620 E KernelCpuSpeedReader: Failed to read cpu-freq: /sys/devices/system/cpu/cpu0/cpufreq/stats/time_in_state: open failed: ENOENT (No such file or directory)
12-14 03:22:22.929 1483 1483 I SystemServerTiming: StartPermissionPolicyService
12-14 03:22:22.929 1483 1483 I SystemServiceManager: Starting com.android.server.policy.PermissionPolicyService
12-14 03:22:22.930 1483 1607 I StatsPullAtomService: register thermal listener successfully
12-14 03:22:22.932 1483 1483 I SystemServerTiming: MakePackageManagerServiceReady
12-14 03:22:22.938 1158 1158 W iorapd : Readahead disabled by system property
12-14 03:22:22.939 1158 1158 W iorapd : Reconnect to package manager service: 1 times
01-01 10:04:26.001 0 0 E : [MAX975X:max96755x_drm_notifier_callback] *ERROR* receives EARLY_BLANK:UNBLANK
01-01 10:04:26.001 0 0 I cyttsp7_i2c_adapter 0-0024: FB event:2,blank:0
01-01 10:04:26.001 0 0 I cyttsp7_i2c_adapter 0-0024: suspend: event = 2, blank = 0, not care
01-01 10:04:26.001 0 0 I [drm:dsi_display_set_mode] [msm-dsi-info]: mdp_transfer_time_us=0 us
01-01 10:04:26.001 0 0 I [drm:dsi_display_set_mode] [msm-dsi-info]: hactive= 2380,vactive= 1020,fps=60
01-01 10:04:26.001 0 0 I [drm:dsi_ctrl_isr_configure] [msm-dsi-info]: dsi-ctrl-0: IRQ 402 registered
12-14 03:22:22.946 1483 1483 V UserDataPreparer: Found /data/user_de/0 with serial number 0
12-14 03:22:22.946 1483 1483 V UserDataPreparer: Found /data/user/0 with serial number 0
12-14 03:22:22.946 1483 1483 V UserDataPreparer: Found /data/system_de/0 with serial number 0
12-14 03:22:22.946 1483 1483 V UserDataPreparer: Found /data/system_ce/0 with serial number 0
12-14 03:22:22.946 1483 1483 V UserDataPreparer: Found /data/misc_ce/0 with serial number 0
12-14 03:22:22.946 1483 1483 I PackageManager: Permission ownership changed. Updating all permissions.
12-14 03:22:22.968 1483 1483 I SystemServerTiming: MakeDisplayManagerServiceReady
12-14 03:22:22.968 1483 1588 E DisplayModeDirector: Asked about unknown display, returning empty display mode specs!(id=0)
12-14 03:22:22.968 1483 1588 E DisplayModeDirector: Asked about unknown display, returning empty display mode specs!(id=0)
12-14 03:22:22.971 1483 1483 I SystemServerTiming: StartDeviceSpecificServices
12-14 03:22:22.971 1483 1483 I SystemServerTiming: GameManagerService
12-14 03:22:22.971 1483 1483 I SystemServiceManager: Starting com.android.server.app.GameManagerService$Lifecycle
12-14 03:22:22.972 1985 1985 D iorap.prefetcherd: Installing minijail
12-14 03:22:22.972 1985 1985 W iorap.prefetcherd: No seccomp filter defined for this architecture.
12-14 03:22:22.973 1483 1483 I SystemServerTiming: StartBootPhaseDeviceSpecificServicesReady
12-14 03:22:22.973 1483 1483 I SystemServiceManager: Starting phase 520
12-14 03:22:22.973 1483 1483 I SystemServerTiming: OnBootPhase_520
12-14 03:22:22.973 1483 1483 I SystemServerTiming: OnBootPhase_520_com.android.server.security.FileIntegrityService
12-14 03:22:22.973 1483 1483 I SystemServerTiming: OnBootPhase_520_com.android.server.pm.Installer
12-14 03:22:22.973 1483 1483 I SystemServerTiming: OnBootPhase_520_com.android.server.os.DeviceIdentifiersPolicyService
12-14 03:22:22.973 1483 1483 I SystemServerTiming: OnBootPhase_520_com.android.server.uri.UriGrantsManagerService$Lifecycle
12-14 03:22:22.973 1483 1483 I SystemServerTiming: OnBootPhase_520_com.android.server.powerstats.PowerStatsService
12-14 03:22:22.973 1483 1483 I SystemServerTiming: OnBootPhase_520_com.android.server.wm.ActivityTaskManagerService$Lifecycle
12-14 03:22:22.973 1483 1483 I SystemServerTiming: OnBootPhase_520_com.android.server.am.ActivityManagerService$Lifecycle
12-14 03:22:22.973 1483 1483 I SystemServerTiming: OnBootPhase_520_com.android.server.pm.DataLoaderManagerService
12-14 03:22:22.973 1483 1483 I SystemServerTiming: OnBootPhase_520_com.android.server.power.PowerManagerService
12-14 03:22:22.973 1483 1483 I SystemServerTiming: OnBootPhase_520_com.android.server.power.ThermalManagerService
12-14 03:22:22.973 1483 1483 I SystemServerTiming: OnBootPhase_520_com.android.server.power.hint.HintManagerService
12-14 03:22:22.973 1483 1483 I SystemServerTiming: OnBootPhase_520_com.android.server.recoverysystem.RecoverySystemService$Lifecycle
12-14 03:22:22.973 1483 1483 I SystemServerTiming: OnBootPhase_520_com.android.server.lights.LightsService
12-14 03:22:22.973 1483 1483 I SystemServerTiming: OnBootPhase_520_com.android.server.display.DisplayManagerService
12-14 03:22:22.973 1483 1483 I SystemServerTiming: OnBootPhase_520_com.android.server.pm.verify.domain.DomainVerificationService
12-14 03:22:22.973 1483 1483 I SystemServerTiming: OnBootPhase_520_com.android.server.pm.PackageInstallerService$Lifecycle
12-14 03:22:22.973 1483 1483 I SystemServerTiming: OnBootPhase_520_com.android.server.pm.UserManagerService$LifeCycle
12-14 03:22:22.973 1483 1641 E DefaultPermGrantPolicy: Package not found: com.qualcomm.qti.cne
12-14 03:22:22.973 1483 1483 I SystemServerTiming: OnBootPhase_520_com.android.server.om.OverlayManagerService
12-14 03:22:22.973 1483 1483 I SystemServerTiming: OnBootPhase_520_com.android.server.SensorPrivacyService
12-14 03:22:22.973 1483 1483 I SystemServerTiming: OnBootPhase_520_com.android.server.sensors.SensorService
12-14 03:22:22.973 1483 1483 I SystemServerTiming: OnBootPhase_520_com.android.server.SystemConfigService
12-14 03:22:22.973 1483 1483 I SystemServerTiming: OnBootPhase_520_com.android.server.BatteryService
12-14 03:22:22.973 1483 1483 I SystemServerTiming: OnBootPhase_520_com.android.server.usage.UsageStatsService
12-14 03:22:22.974 1483 1483 I SystemServerTiming: OnBootPhase_520_com.android.server.webkit.WebViewUpdateService
12-14 03:22:22.974 1483 1483 I SystemServerTiming: OnBootPhase_520_com.android.server.CachedDeviceStateService
12-14 03:22:22.974 1483 1483 I SystemServerTiming: OnBootPhase_520_com.android.server.BinderCallsStatsService$LifeCycle
12-14 03:22:22.974 1483 1483 I SystemServerTiming: OnBootPhase_520_com.android.server.LooperStatsService$Lifecycle
12-14 03:22:22.974 1483 1483 I SystemServerTiming: OnBootPhase_520_com.android.server.rollback.RollbackManagerService
12-14 03:22:22.974 1483 1483 I SystemServerTiming: OnBootPhase_520_com.android.server.os.NativeTombstoneManagerService
12-14 03:22:22.974 1483 1483 I SystemServerTiming: OnBootPhase_520_com.android.server.os.BugreportManagerService
12-14 03:22:22.974 1483 1483 I SystemServerTiming: OnBootPhase_520_com.android.server.gpu.GpuService
12-14 03:22:22.974 1483 1483 I SystemServerTiming: OnBootPhase_520_com.android.server.security.KeyChainSystemService
12-14 03:22:22.974 1483 1483 I SystemServerTiming: OnBootPhase_520_com.android.server.telecom.TelecomLoaderService
12-14 03:22:22.974 1483 1483 I SystemServerTiming: OnBootPhase_520_com.android.server.accounts.AccountManagerService$Lifecycle
12-14 03:22:22.974 1483 1483 I SystemServerTiming: OnBootPhase_520_com.android.server.content.ContentService$Lifecycle
12-14 03:22:22.974 1483 1483 I SystemServerTiming: OnBootPhase_520_com.android.server.DropBoxManagerService
12-14 03:22:22.974 1483 1483 I SystemServerTiming: OnBootPhase_520_com.android.role.RoleService
12-14 03:22:22.974 1483 1483 I SystemServerTiming: OnBootPhase_520_com.android.server.vibrator.VibratorManagerService$Lifecycle
12-14 03:22:22.974 1483 1483 I SystemServerTiming: OnBootPhase_520_com.android.server.alarm.AlarmManagerService
12-14 03:22:22.974 1483 1483 I SystemServerTiming: OnBootPhase_520_com.android.server.devicestate.DeviceStateManagerService
12-14 03:22:22.974 1483 1483 I SystemServerTiming: OnBootPhase_520_com.android.server.camera.CameraServiceProxy
12-14 03:22:22.974 1483 1483 I SystemServerTiming: OnBootPhase_520_com.android.server.BluetoothService
12-14 03:22:22.974 1483 1483 I SystemServerTiming: OnBootPhase_520_com.android.server.connectivity.IpConnectivityMetrics
12-14 03:22:22.974 1483 1483 I SystemServerTiming: OnBootPhase_520_com.android.server.net.watchlist.NetworkWatchlistService$Lifecycle
12-14 03:22:22.974 1483 1483 I SystemServerTiming: OnBootPhase_520_com.android.server.PinnerService
12-14 03:22:22.974 1483 1483 I SystemServerTiming: OnBootPhase_520_com.google.android.startop.iorap.IorapForwardingService
12-14 03:22:22.974 1483 1483 I SystemServerTiming: OnBootPhase_520_com.android.server.ActivityTriggerService
12-14 03:22:22.974 1483 1483 I SystemServerTiming: OnBootPhase_520_com.android.server.integrity.AppIntegrityManagerService
12-14 03:22:22.974 1483 1483 I SystemServerTiming: OnBootPhase_520_com.android.server.inputmethod.InputMethodManagerService$Lifecycle
12-14 03:22:22.974 1483 1483 I SystemServerTiming: OnBootPhase_520_com.android.server.accessibility.AccessibilityManagerService$Lifecycle
12-14 03:22:22.974 1483 1483 I SystemServerTiming: OnBootPhase_520_com.android.server.StorageManagerService$Lifecycle
12-14 03:22:22.974 1483 1483 I SystemServerTiming: OnBootPhase_520_com.android.server.usage.StorageStatsService$Lifecycle
12-14 03:22:22.974 1483 1483 I SystemServerTiming: OnBootPhase_520_com.android.server.UiModeManagerService
12-14 03:22:22.974 1483 1483 I SystemServerTiming: OnBootPhase_520_com.android.server.locksettings.LockSettingsService$Lifecycle
12-14 03:22:22.974 1483 1483 I SystemServerTiming: OnBootPhase_520_com.android.server.PersistentDataBlockService
12-14 03:22:22.974 1483 1483 I SystemServerTiming: OnBootPhase_520_com.android.server.testharness.TestHarnessModeService
12-14 03:22:22.974 1483 1483 I SystemServerTiming: OnBootPhase_520_com.android.server.oemlock.OemLockService
12-14 03:22:22.974 1483 1483 I SystemServerTiming: OnBootPhase_520_com.android.server.DeviceIdleController
12-14 03:22:22.974 1483 1483 I SystemServerTiming: OnBootPhase_520_com.android.server.devicepolicy.DevicePolicyManagerService$Lifecycle
12-14 03:22:22.974 1483 1483 I SystemServerTiming: OnBootPhase_520_com.android.server.texttospeech.TextToSpeechManagerService
12-14 03:22:22.974 1483 1483 I SystemServerTiming: OnBootPhase_520_com.android.server.speech.SpeechRecognitionManagerService
12-14 03:22:22.974 1483 1483 I SystemServerTiming: OnBootPhase_520_com.android.server.searchui.SearchUiManagerService
12-14 03:22:22.974 1483 1483 I SystemServerTiming: OnBootPhase_520_com.android.server.smartspace.SmartspaceManagerService
12-14 03:22:22.974 1483 1483 I SystemServerTiming: OnBootPhase_520_com.android.server.graphics.fonts.FontManagerService$Lifecycle
12-14 03:22:22.974 1483 1483 I SystemServerTiming: OnBootPhase_520_com.android.server.textservices.TextServicesManagerService$Lifecycle
12-14 03:22:22.974 1483 1483 I SystemServerTiming: OnBootPhase_520_com.android.server.textclassifier.TextClassificationManagerService$Lifecycle
12-14 03:22:22.974 1483 1483 I SystemServerTiming: OnBootPhase_520_com.android.server.NetworkScoreService$Lifecycle
12-14 03:22:22.974 1483 1483 I SystemServerTiming: OnBootPhase_520_com.android.server.wifi.WifiService
12-14 03:22:22.974 1483 1483 I SystemServerTiming: OnBootPhase_520_com.android.server.wifi.scanner.WifiScanningService
12-14 03:22:22.974 1483 1483 I SystemServerTiming: OnBootPhase_520_com.android.server.wifi.rtt.RttService
12-14 03:22:22.974 1483 1483 I SystemServerTiming: OnBootPhase_520_com.android.server.wifi.aware.WifiAwareService
12-14 03:22:22.974 1483 1483 I SystemServerTiming: OnBootPhase_520_com.android.server.wifi.p2p.WifiP2pService
12-14 03:22:22.974 1483 1483 I SystemServerTiming: OnBootPhase_520_com.android.server.ethernet.EthernetService
12-14 03:22:22.974 1483 1483 I SystemServerTiming: OnBootPhase_520_com.android.server.ConnectivityServiceInitializer
12-14 03:22:22.974 1483 1483 I SystemServerTiming: OnBootPhase_520_com.android.server.notification.NotificationManagerService
12-14 03:22:22.974 1483 1483 I SystemServerTiming: OnBootPhase_520_com.android.server.storage.DeviceStorageMonitorService
12-14 03:22:22.974 1483 1483 I SystemServerTiming: OnBootPhase_520_com.android.server.location.LocationManagerService$Lifecycle
12-14 03:22:22.974 1483 1483 I SystemServerTiming: OnBootPhase_520_com.android.server.timedetector.TimeDetectorService$Lifecycle
12-14 03:22:22.974 1483 1483 I SystemServerTiming: OnBootPhase_520_com.android.server.timezonedetector.TimeZoneDetectorService$Lifecycle
12-14 03:22:22.974 1483 1483 I SystemServerTiming: OnBootPhase_520_com.android.server.timezonedetector.location.LocationTimeZoneManagerService$Lifecycle
12-14 03:22:22.974 1483 1483 I SystemServerTiming: OnBootPhase_520_com.android.server.search.SearchManagerService$Lifecycle
12-14 03:22:22.974 1483 1483 I SystemServerTiming: OnBootPhase_520_com.android.server.wallpaper.WallpaperManagerService$Lifecycle
12-14 03:22:22.974 1483 1483 I SystemServerTiming: OnBootPhase_520_com.android.server.audio.AudioService$Lifecycle
12-14 03:22:22.974 1483 1483 I SystemServerTiming: OnBootPhase_520_com.android.server.soundtrigger_middleware.SoundTriggerMiddlewareService$Lifecycle
12-14 03:22:22.974 1483 1483 I SystemServerTiming: OnBootPhase_520_com.android.server.DockObserver
12-14 03:22:22.974 1483 1483 I SystemServerTiming: OnBootPhase_520_com.android.server.midi.MidiService$Lifecycle
12-14 03:22:22.974 1483 1483 I SystemServerTiming: OnBootPhase_520_com.android.server.adb.AdbService$Lifecycle
12-14 03:22:22.974 1483 1483 I SystemServerTiming: OnBootPhase_520_com.android.server.usb.UsbService$Lifecycle
12-14 03:22:22.974 1483 1483 I SystemServerTiming: OnBootPhase_520_com.android.server.twilight.TwilightService
12-14 03:22:22.974 1483 1483 I SystemServerTiming: OnBootPhase_520_com.android.server.display.color.ColorDisplayService
12-14 03:22:22.974 1483 1483 I SystemServerTiming: OnBootPhase_520_com.android.server.job.JobSchedulerService
12-14 03:22:22.974 1483 1483 I SystemServerTiming: OnBootPhase_520_com.android.server.soundtrigger.SoundTriggerService
12-14 03:22:22.974 1483 1483 D SoundTriggerService: onBootPhase: 520 : false
12-14 03:22:22.974 1483 1483 I SystemServerTiming: OnBootPhase_520_com.android.server.trust.TrustManagerService
12-14 03:22:22.974 1483 1483 I SystemServerTiming: OnBootPhase_520_com.android.server.backup.BackupManagerService$Lifecycle
12-14 03:22:22.974 1483 1483 I SystemServerTiming: OnBootPhase_520_com.android.server.appwidget.AppWidgetService
12-14 03:22:22.974 1483 1483 I SystemServerTiming: OnBootPhase_520_com.android.server.voiceinteraction.VoiceInteractionManagerService
12-14 03:22:22.974 1483 1483 I SystemServerTiming: OnBootPhase_520_com.android.server.apphibernation.AppHibernationService
12-14 03:22:22.974 1483 1483 I SystemServerTiming: OnBootPhase_520_com.android.server.GestureLauncherService
12-14 03:22:22.974 1483 1483 I SystemServerTiming: OnBootPhase_520_com.android.server.SensorNotificationService
12-14 03:22:22.974 1483 1483 I SystemServerTiming: OnBootPhase_520_com.android.server.emergency.EmergencyAffordanceService
12-14 03:22:22.975 1483 1483 I SystemServerTiming: OnBootPhase_520_com.android.server.blob.BlobStoreManagerService
12-14 03:22:22.975 1483 1483 I SystemServerTiming: OnBootPhase_520_com.android.server.dreams.DreamManagerService
12-14 03:22:22.975 1483 1483 I SystemServerTiming: OnBootPhase_520_com.android.server.companion.CompanionDeviceManagerService
12-14 03:22:22.975 1483 1483 I SystemServerTiming: OnBootPhase_520_com.android.server.restrictions.RestrictionsManagerService
12-14 03:22:22.975 1483 1483 I SystemServerTiming: OnBootPhase_520_com.android.server.media.MediaSessionService
12-14 03:22:22.975 1483 1483 I SystemServerTiming: OnBootPhase_520_com.android.server.media.MediaResourceMonitorService
12-14 03:22:22.975 1483 1483 I SystemServerTiming: OnBootPhase_520_com.android.server.biometrics.sensors.fingerprint.FingerprintService
12-14 03:22:22.975 1483 1483 I SystemServerTiming: OnBootPhase_520_com.android.server.biometrics.BiometricService
12-14 03:22:22.975 1483 1483 I SystemServerTiming: OnBootPhase_520_com.android.server.biometrics.AuthService
12-14 03:22:22.975 1483 1483 I SystemServerTiming: OnBootPhase_520_com.android.server.pm.ShortcutService$Lifecycle
12-14 03:22:22.975 1483 1483 I SystemServerTiming: OnBootPhase_520_com.android.server.pm.LauncherAppsService
12-14 03:22:22.975 1483 1483 I SystemServerTiming: OnBootPhase_520_com.android.server.pm.CrossProfileAppsService
12-14 03:22:22.975 1483 1483 I SystemServerTiming: OnBootPhase_520_com.android.server.people.PeopleService
12-14 03:22:22.975 1483 1483 I SystemServerTiming: OnBootPhase_520_com.android.server.media.metrics.MediaMetricsManagerService
12-14 03:22:22.975 1483 1483 I SystemServerTiming: OnBootPhase_520_com.android.server.media.projection.MediaProjectionManagerService
12-14 03:22:22.975 1483 1483 I SystemServerTiming: OnBootPhase_520_com.android.server.slice.SliceManagerService$Lifecycle
12-14 03:22:22.975 1483 1483 I SystemServerTiming: OnBootPhase_520_com.android.server.stats.StatsCompanion$Lifecycle
12-14 03:22:22.975 1483 1483 I SystemServerTiming: OnBootPhase_520_com.android.server.scheduling.RebootReadinessManagerService$Lifecycle
12-14 03:22:22.975 1483 1483 I SystemServerTiming: OnBootPhase_520_com.android.server.stats.pull.StatsPullAtomService
12-14 03:22:22.975 1483 1483 I SystemServerTiming: OnBootPhase_520_com.android.server.incident.IncidentCompanionService
12-14 03:22:22.975 1483 1483 I SystemServerTiming: OnBootPhase_520_com.android.server.MmsServiceBroker
12-14 03:22:22.975 1483 1483 I SystemServerTiming: OnBootPhase_520_com.android.server.autofill.AutofillManagerService
12-14 03:22:22.975 1483 1483 I SystemServerTiming: OnBootPhase_520_com.android.server.clipboard.ClipboardService
12-14 03:22:22.975 1483 1483 I SystemServerTiming: OnBootPhase_520_com.android.server.appbinding.AppBindingService$Lifecycle
12-14 03:22:22.975 1483 1483 I SystemServerTiming: OnBootPhase_520_com.android.server.tracing.TracingServiceProxy
12-14 03:22:22.975 1483 1483 I SystemServerTiming: OnBootPhase_520_com.android.server.policy.PermissionPolicyService
12-14 03:22:22.975 1483 1483 I SystemServerTiming: OnBootPhase_520_com.android.server.pm.StagingManager$Lifecycle
12-14 03:22:22.975 1483 1483 I SystemServerTiming: OnBootPhase_520_com.android.server.app.GameManagerService$Lifecycle
12-14 03:22:22.975 1483 1483 I SystemServerTiming: AppSearchManagerService
12-14 03:22:22.979 1483 1483 I SystemServiceManager: Starting com.android.server.appsearch.AppSearchManagerService
12-14 03:22:22.982 1483 1483 I SystemServerTiming: StartMediaCommunicationService
12-14 03:22:22.982 1483 1483 I SystemServiceManager: Starting com.android.server.media.MediaCommunicationService
12-14 03:22:22.984 1483 1483 I SystemServerTiming: PhaseActivityManagerReady
12-14 03:22:22.984 1483 1483 I SystemServerTiming: controllersReady
12-14 03:22:22.988 1483 1687 I SystemServerTimingAsync: InitThreadPoolExec:Update app-ops uidState in case package com.android.providers.media.module changed
12-14 03:22:22.988 1483 1658 I SystemServerTimingAsync: InitThreadPoolExec:Update app-ops uidState in case package com.hht.lebocast changed
12-14 03:22:22.988 1483 1766 I SystemServerTimingAsync: InitThreadPoolExec:Update app-ops uidState in case package com.qualcomm.qtil.aptxui changed
12-14 03:22:22.988 1483 1802 I SystemServerTimingAsync: InitThreadPoolExec:Update app-ops uidState in case package com.qualcomm.qti.workloadclassifier changed
12-14 03:22:22.988 1483 1804 I SystemServerTimingAsync: InitThreadPoolExec:Update app-ops uidState in case package com.android.systemui changed
12-14 03:22:22.988 1483 1687 I SystemServerTimingAsync: InitThreadPoolExec:Update app-ops uidState in case package com.qualcomm.location changed
12-14 03:22:22.988 1483 1658 I SystemServerTimingAsync: InitThreadPoolExec:Update app-ops uidState in case package com.android.deskclock changed
12-14 03:22:22.988 1483 1766 I SystemServerTimingAsync: InitThreadPoolExec:Update app-ops uidState in case package com.android.providers.contacts changed
12-14 03:22:22.988 1483 1593 I SystemServerTimingAsync: InitThreadPoolExec:Update app-ops uidState in case package com.android.launcher3 changed
12-14 03:22:22.988 1483 1685 I SystemServerTimingAsync: InitThreadPoolExec:Update app-ops uidState in case package com.android.providers.calendar changed
12-14 03:22:22.988 1483 1675 I SystemServerTimingAsync: InitThreadPoolExec:Update app-ops uidState in case package com.baidu.input changed
12-14 03:22:22.988 1483 1687 I SystemServerTimingAsync: InitThreadPoolExec:Update app-ops uidState in case package com.android.providers.downloads.ui changed
12-14 03:22:22.988 1483 1658 I SystemServerTimingAsync: InitThreadPoolExec:Update app-ops uidState in case package android changed
12-14 03:22:22.988 1483 1675 I SystemServerTimingAsync: InitThreadPoolExec:Update app-ops uidState in case package com.thundercomm.tcsetupwizard changed
12-14 03:22:22.988 1483 1685 I SystemServerTimingAsync: InitThreadPoolExec:Update app-ops uidState in case package com.android.bluetooth changed
12-14 03:22:22.989 1483 1766 I SystemServerTimingAsync: InitThreadPoolExec:Update app-ops uidState in case package com.android.server.telecom changed
12-14 03:22:22.989 1483 1804 I SystemServerTimingAsync: InitThreadPoolExec:Update app-ops uidState in case package com.android.settings changed
12-14 03:22:22.989 1483 1483 I SystemServerTiming: killProcesses
12-14 03:22:22.989 1483 1483 I ActivityManager: System now ready
12-14 03:22:22.989 1483 1483 I SystemServerTiming: updateTopComponentForFactoryTest
12-14 03:22:22.989 1483 1483 I SystemServerTiming: registerActivityLaunchObserver
12-14 03:22:22.989 1483 1483 I SystemServerTiming: watchDeviceProvisioning
12-14 03:22:22.994 1483 1483 I SystemServerTiming: retrieveSettings
12-14 03:22:22.995 1483 1483 I ActivityTaskManager: Config changes=10000000 {1.0 ?mcc?mnc [zh_CN] ldltr sw680dp w1586dp h584dp 240dpi lrg long land finger -keyb/v/h -nav/h winConfig={ mBounds=Rect(0, 0 - 2380, 1020) mAppBounds=Rect(0, 0 - 2380, 948) mMaxBounds=Rect(0, 0 - 2380, 1020) mWindowingMode=fullscreen mDisplayWindowingMode=fullscreen mActivityType=undefined mAlwaysOnTop=undefined mRotation=ROTATION_0} s.8 fontWeightAdjustment=0}
12-14 03:22:22.996 1483 1483 I WindowManager: Override config changes=10000000 {1.0 ?mcc?mnc [zh_CN] ldltr sw680dp w1586dp h584dp 240dpi lrg long land finger -keyb/v/h -nav/h winConfig={ mBounds=Rect(0, 0 - 2380, 1020) mAppBounds=Rect(0, 0 - 2380, 948) mMaxBounds=Rect(0, 0 - 2380, 1020) mWindowingMode=fullscreen mDisplayWindowingMode=fullscreen mActivityType=undefined mAlwaysOnTop=undefined mRotation=ROTATION_0} s.8 fontWeightAdjustment=0} for displayId=0
01-01 10:04:26.055 0 0 E : [MAX975X:max96755x_drm_notifier_callback] *ERROR* receives BLANK:UNBLANK
01-01 10:04:26.055 0 0 I cyttsp7_i2c_adapter 0-0024: FB event:1,blank:0
01-01 10:04:26.055 0 0 I cyttsp7_i2c_adapter 0-0024: drm_notifier_callback: UNBLANK! Resume by drm notifier.
12-14 03:22:22.998 1483 1483 I SystemServerTiming: Ugm.onSystemReady
12-14 03:22:23.002 1483 1483 I SystemServerTiming: updateForceBackgroundCheck
12-14 03:22:23.002 1483 1483 I SystemServer: Making services ready
12-14 03:22:23.002 1483 1483 I SystemServerTiming: StartActivityManagerReadyPhase
12-14 03:22:23.002 1483 1483 I SystemServiceManager: Starting phase 550
12-14 03:22:23.002 1483 1483 I SystemServerTiming: OnBootPhase_550
12-14 03:22:23.002 1483 1483 I SystemServerTiming: OnBootPhase_550_com.android.server.security.FileIntegrityService
12-14 03:22:23.002 1483 1483 I SystemServerTiming: OnBootPhase_550_com.android.server.pm.Installer
12-14 03:22:23.002 1483 1483 I SystemServerTiming: OnBootPhase_550_com.android.server.os.DeviceIdentifiersPolicyService
12-14 03:22:23.002 1483 1483 I SystemServerTiming: OnBootPhase_550_com.android.server.uri.UriGrantsManagerService$Lifecycle
12-14 03:22:23.002 1483 1483 I SystemServerTiming: OnBootPhase_550_com.android.server.powerstats.PowerStatsService
12-14 03:22:23.002 1483 1483 I SystemServerTiming: OnBootPhase_550_com.android.server.wm.ActivityTaskManagerService$Lifecycle
12-14 03:22:23.003 1483 1483 I SystemServerTiming: OnBootPhase_550_com.android.server.am.ActivityManagerService$Lifecycle
12-14 03:22:23.003 1483 1483 I SystemServerTiming: OnBootPhase_550_com.android.server.pm.DataLoaderManagerService
12-14 03:22:23.003 1483 1483 I SystemServerTiming: OnBootPhase_550_com.android.server.power.PowerManagerService
12-14 03:22:23.003 1483 1483 I SystemServerTiming: OnBootPhase_550_com.android.server.power.ThermalManagerService
12-14 03:22:23.005 1483 1483 I ThermalHalWrapper: Thermal HAL 2.0 service connected.
12-14 03:22:23.005 1483 1483 E ThermalHalWrapper: Couldn't get temperatures because of HAL error: ThermalHAL not initialized properly.
12-14 03:22:23.005 1483 1483 W ThermalManagerService: Thermal HAL reported invalid data, abort connection
12-14 03:22:23.005 1483 1483 E ThermalHalWrapper: Couldn't get temperature thresholds because of HAL error: ThermalHAL not initialized properly.
12-14 03:22:23.005 1483 1483 I SystemServerTiming: OnBootPhase_550_com.android.server.power.hint.HintManagerService
12-14 03:22:23.005 1483 1483 I SystemServerTiming: OnBootPhase_550_com.android.server.recoverysystem.RecoverySystemService$Lifecycle
12-14 03:22:23.005 1483 1483 I SystemServerTiming: OnBootPhase_550_com.android.server.lights.LightsService
12-14 03:22:23.005 1483 1483 I SystemServerTiming: OnBootPhase_550_com.android.server.display.DisplayManagerService
12-14 03:22:23.005 1483 1483 I SystemServerTiming: OnBootPhase_550_com.android.server.pm.verify.domain.DomainVerificationService
12-14 03:22:23.005 1483 1483 I SystemServerTiming: OnBootPhase_550_com.android.server.pm.PackageInstallerService$Lifecycle
12-14 03:22:23.005 1483 1483 I SystemServerTiming: OnBootPhase_550_com.android.server.pm.UserManagerService$LifeCycle
12-14 03:22:23.005 1483 1483 I SystemServerTiming: OnBootPhase_550_com.android.server.om.OverlayManagerService
12-14 03:22:23.006 1483 1483 I SystemServerTiming: OnBootPhase_550_com.android.server.SensorPrivacyService
12-14 03:22:23.006 1483 1483 I SystemServerTiming: OnBootPhase_550_com.android.server.sensors.SensorService
12-14 03:22:23.006 1483 1483 I SystemServerTiming: OnBootPhase_550_com.android.server.SystemConfigService
12-14 03:22:23.006 1483 1483 I SystemServerTiming: OnBootPhase_550_com.android.server.BatteryService
12-14 03:22:23.006 1483 1483 I SystemServerTiming: OnBootPhase_550_com.android.server.usage.UsageStatsService
12-14 03:22:23.006 1483 1483 I SystemServerTiming: OnBootPhase_550_com.android.server.webkit.WebViewUpdateService
12-14 03:22:23.006 1483 1483 I SystemServerTiming: OnBootPhase_550_com.android.server.CachedDeviceStateService
12-14 03:22:23.006 1483 1483 I SystemServerTiming: OnBootPhase_550_com.android.server.BinderCallsStatsService$LifeCycle
12-14 03:22:23.006 1483 1483 I SystemServerTiming: OnBootPhase_550_com.android.server.LooperStatsService$Lifecycle
12-14 03:22:23.006 1483 1483 I SystemServerTiming: OnBootPhase_550_com.android.server.rollback.RollbackManagerService
12-14 03:22:23.006 1483 1483 I SystemServerTiming: OnBootPhase_550_com.android.server.os.NativeTombstoneManagerService
12-14 03:22:23.006 1483 1483 I SystemServerTiming: OnBootPhase_550_com.android.server.os.BugreportManagerService
12-14 03:22:23.006 1483 1483 I SystemServerTiming: OnBootPhase_550_com.android.server.gpu.GpuService
12-14 03:22:23.006 1483 1483 I SystemServerTiming: OnBootPhase_550_com.android.server.security.KeyChainSystemService
12-14 03:22:23.006 1483 1483 I SystemServerTiming: OnBootPhase_550_com.android.server.telecom.TelecomLoaderService
12-14 03:22:23.009 1483 1483 W ActivityManager: Too early to start/bind service in system_server: Phase=550 ComponentInfo{com.android.server.telecom/com.android.server.telecom.components.TelecomService}
12-14 03:22:23.010 1483 1483 D CompatibilityChangeReporter: Compat change id reported: 168419799; UID 1000; state: DISABLED
12-14 03:22:23.011 1483 1483 W ActivityManager: Too early to start/bind service in system_server: Phase=550 ComponentInfo{com.android.server.telecom/com.android.server.telecom.components.TelecomService}
12-14 03:22:23.011 1483 1483 I SystemServerTiming: OnBootPhase_550_com.android.server.accounts.AccountManagerService$Lifecycle
12-14 03:22:23.011 1483 1483 I SystemServerTiming: OnBootPhase_550_com.android.server.content.ContentService$Lifecycle
12-14 03:22:23.013 1483 1483 I SyncManager: No initial accounts
12-14 03:22:23.016 1483 1483 I SystemServerTiming: OnBootPhase_550_com.android.server.DropBoxManagerService
12-14 03:22:23.016 1483 1483 I SystemServerTiming: OnBootPhase_550_com.android.role.RoleService
12-14 03:22:23.016 1483 1483 I SystemServerTiming: OnBootPhase_550_com.android.server.vibrator.VibratorManagerService$Lifecycle
12-14 03:22:23.016 1483 1483 I SystemServerTiming: OnBootPhase_550_com.android.server.alarm.AlarmManagerService
12-14 03:22:23.016 1483 1483 I SystemServerTiming: OnBootPhase_550_com.android.server.devicestate.DeviceStateManagerService
12-14 03:22:23.016 1483 1483 I SystemServerTiming: OnBootPhase_550_com.android.server.camera.CameraServiceProxy
12-14 03:22:23.016 1483 1483 I SystemServerTiming: OnBootPhase_550_com.android.server.BluetoothService
12-14 03:22:23.016 1483 1483 D BluetoothManagerService: Bluetooth boot completed
12-14 03:22:23.016 1483 1483 D BluetoothManagerService: Auto-enabling Bluetooth.
12-14 03:22:23.016 1483 1587 D BluetoothManagerService: MESSAGE_ENABLE(0): mBluetooth = null
12-14 03:22:23.016 1483 1587 D BluetoothManagerService: MESSAGE_ENABLE: handleEnable
12-14 03:22:23.016 1483 1587 D BluetoothManagerService: binding Bluetooth service
12-14 03:22:23.018 1483 1684 E NativeTombstoneManager: Tombstone's UID (0) not an app, ignoring
12-14 03:22:23.018 1483 1587 D CompatibilityChangeReporter: Compat change id reported: 135634846; UID 1002; state: DISABLED
12-14 03:22:23.018 1483 1587 D CompatibilityChangeReporter: Compat change id reported: 177438394; UID 1002; state: DISABLED
12-14 03:22:23.018 1483 1587 D CompatibilityChangeReporter: Compat change id reported: 135772972; UID 1002; state: DISABLED
12-14 03:22:23.018 1483 1684 I DropBoxManagerService: add tag=SYSTEM_TOMBSTONE_PROTO isTagEnabled=true flags=0x4
12-14 03:22:23.019 1483 1587 D CompatibilityChangeReporter: Compat change id reported: 135754954; UID 1002; state: ENABLED
12-14 03:22:23.019 1483 1587 D BluetoothManagerService: Binding BT service. Current user: 0
12-14 03:22:23.020 1483 1483 I SystemServerTiming: OnBootPhase_550_com.android.server.connectivity.IpConnectivityMetrics
12-14 03:22:23.020 1483 1483 I SystemServerTiming: OnBootPhase_550_com.android.server.net.watchlist.NetworkWatchlistService$Lifecycle
12-14 03:22:23.021 1483 1483 I SystemServerTiming: OnBootPhase_550_com.android.server.PinnerService
12-14 03:22:23.021 1483 1483 I SystemServerTiming: OnBootPhase_550_com.google.android.startop.iorap.IorapForwardingService
12-14 03:22:23.021 1483 1483 I SystemServerTiming: OnBootPhase_550_com.android.server.ActivityTriggerService
12-14 03:22:23.021 1483 1483 I SystemServerTiming: OnBootPhase_550_com.android.server.integrity.AppIntegrityManagerService
12-14 03:22:23.021 1483 1483 I SystemServerTiming: OnBootPhase_550_com.android.server.inputmethod.InputMethodManagerService$Lifecycle
12-14 03:22:23.027 1483 1610 I ActivityManager: Start proc 1994:com.android.bluetooth/1002 for service {com.android.bluetooth/com.android.bluetooth.btservice.AdapterService}
12-14 03:22:23.028 1483 1483 W InputMethodManagerService: Default IME is uninstalled. Choose new default IME.
12-14 03:22:23.034 1483 1684 E NativeTombstoneManager: Tombstone's UID (0) not an app, ignoring
12-14 03:22:23.034 1483 1684 I DropBoxManagerService: add tag=SYSTEM_TOMBSTONE_PROTO isTagEnabled=true flags=0x4
01-01 10:04:26.104 0 0 I binder : 1994:1994 ioctl 40046210 7fe6bbc0e4 returned -22
12-14 03:22:23.049 1483 1523 D CompatibilityChangeReporter: Compat change id reported: 168419799; UID 1002; state: DISABLED
12-14 03:22:23.049 1483 1483 I SystemServerTiming: OnBootPhase_550_com.android.server.accessibility.AccessibilityManagerService$Lifecycle
12-14 03:22:23.050 1483 1483 I SystemServerTiming: OnBootPhase_550_com.android.server.StorageManagerService$Lifecycle
12-14 03:22:23.050 1483 1483 I SystemServerTiming: OnBootPhase_550_com.android.server.usage.StorageStatsService$Lifecycle
12-14 03:22:23.050 1483 1483 I SystemServerTiming: OnBootPhase_550_com.android.server.UiModeManagerService
12-14 03:22:23.050 1483 1483 I SystemServerTiming: OnBootPhase_550_com.android.server.locksettings.LockSettingsService$Lifecycle
12-14 03:22:23.050 1483 1483 I RebootEscrowManager: No reboot escrow data found for users, skipping loading escrow data
12-14 03:22:23.050 1483 1483 I SystemServerTiming: OnBootPhase_550_com.android.server.PersistentDataBlockService
12-14 03:22:23.050 1483 1483 I SystemServerTiming: OnBootPhase_550_com.android.server.testharness.TestHarnessModeService
