12-14 03:22:25.051 1483 1981 D CompatibilityChangeReporter: Compat change id reported: 168419799; UID 10059; state: DISABLED
12-14 03:22:25.052 1483 1610 W ActivityManager: Slow operation: 101ms so far, now at startProcess: returned from zygote!
12-14 03:22:25.056 1483 1483 W Looper : Slow dispatch took 278ms main h=android.os.Handler c=com.android.server.biometrics.sensors.fingerprint.hidl.Fingerprint21$$ExternalSyntheticLambda2@acf9a0d m=0
12-14 03:22:25.056 1483 1483 D BiometricScheduler/Fingerprint21: [Added] {[1] FingerprintUpdateActiveUserClient, proto=1, owner=android, cookie=0, requestId=-1, userId=0}, new queue size: 1
12-14 03:22:25.056 1483 1483 V BiometricScheduler/Fingerprint21: Not idle, current operation: {[0] FingerprintUpdateActiveUserClient, proto=1, owner=android, cookie=0, requestId=-1, userId=0}, State: 2
12-14 03:22:25.056 1483 1483 D BiometricScheduler/Fingerprint21: [Added] {[2] FingerprintInternalCleanupClient, proto=7, owner=android, cookie=0, requestId=-1, userId=0}, new queue size: 2
12-14 03:22:25.056 1483 1483 V BiometricScheduler/Fingerprint21: Not idle, current operation: {[0] FingerprintUpdateActiveUserClient, proto=1, owner=android, cookie=0, requestId=-1, userId=0}, State: 2
12-14 03:22:25.056 1483 1483 W Looper : Slow delivery took 278ms main h=android.os.Handler c=com.android.server.biometrics.sensors.fingerprint.hidl.Fingerprint21$$ExternalSyntheticLambda12@be817d3 m=0
12-14 03:22:25.057 1483 1483 I GameModeConfig: isGameModeOn = false
12-14 03:22:25.057 1483 1483 W NotificationHistory: Attempted to add notif for locked/gone/disabled user 0
12-14 03:22:25.061 1483 1610 W ActivityManager: Slow operation: 110ms so far, now at startProcess: done updating battery stats
12-14 03:22:25.061 1483 1610 W ActivityManager: Slow operation: 110ms so far, now at startProcess: building log message
12-14 03:22:25.061 1483 1610 I ActivityManager: Start proc 2876:com.qualcomm.qti.services.systemhelper:systemhelper_service/u0a74 for added application com.qualcomm.qti.services.systemhelper:systemhelper_service
12-14 03:22:25.061 1483 1610 W ActivityManager: Slow operation: 110ms so far, now at startProcess: starting to update pids map
12-14 03:22:25.061 1483 1610 W ActivityManager: Slow operation: 110ms so far, now at startProcess: done updating pids map
12-14 03:22:25.061 1483 1610 W ActivityManager: Slow operation: 109ms so far, now at startProcess: asking zygote to start proc
12-14 03:22:25.061 1483 1610 D CompatibilityChangeReporter: Compat change id reported: 143937733; UID 10087; state: ENABLED
01-01 10:04:28.125 0 0 E msm-dwc3 a600000.ssusb: Could not get usb psy
12-14 03:22:25.073 1483 1610 W ActivityManager: Slow operation: 121ms so far, now at startProcess: returned from zygote!
01-01 10:04:28.134 0 0 I binder : 2876:2876 ioctl 40046210 7fe6bbc0e4 returned -22
12-14 03:22:25.075 1483 1607 D CompatibilityChangeReporter: Compat change id reported: 135634846; UID 1000; state: DISABLED
12-14 03:22:25.075 1483 1607 D CompatibilityChangeReporter: Compat change id reported: 177438394; UID 1000; state: DISABLED
12-14 03:22:25.075 1483 1607 D CompatibilityChangeReporter: Compat change id reported: 135772972; UID 1000; state: DISABLED
12-14 03:22:25.076 1483 1607 D CompatibilityChangeReporter: Compat change id reported: 135754954; UID 1000; state: ENABLED
12-14 03:22:25.076 1483 1610 W ActivityManager: Slow operation: 124ms so far, now at startProcess: done updating battery stats
12-14 03:22:25.076 1483 1610 W ActivityManager: Slow operation: 124ms so far, now at startProcess: building log message
12-14 03:22:25.076 1483 1610 I ActivityManager: Start proc 2893:com.qualcomm.qti.qccnetstat/u0a87 for added application com.qualcomm.qti.qccnetstat
12-14 03:22:25.076 1483 1610 W ActivityManager: Slow operation: 124ms so far, now at startProcess: starting to update pids map
12-14 03:22:25.076 1483 1610 W ActivityManager: Slow operation: 125ms so far, now at startProcess: done updating pids map
12-14 03:22:25.076 1483 1610 W ActivityManager: Slow operation: 125ms so far, now at startProcess: asking zygote to start proc
12-14 03:22:25.076 1483 1610 D CompatibilityChangeReporter: Compat change id reported: 143937733; UID 10084; state: ENABLED
01-01 10:04:28.145 0 0 I binder : 2893:2893 ioctl 40046210 7fe6bbc0e4 returned -22
01-01 10:04:28.146 0 0 I zram0 : detected capacity change from 0 to 4294967296
12-14 03:22:25.083 1483 2143 D CompatibilityChangeReporter: Compat change id reported: 168419799; UID 10074; state: DISABLED
12-14 03:22:25.084 1483 1610 W ActivityManager: Slow operation: 132ms so far, now at startProcess: returned from zygote!
12-14 03:22:25.087 1483 1610 W ActivityManager: Slow operation: 135ms so far, now at startProcess: done updating battery stats
12-14 03:22:25.087 1483 1610 W ActivityManager: Slow operation: 135ms so far, now at startProcess: building log message
12-14 03:22:25.087 1483 1610 I ActivityManager: Start proc 2911:com.qualcomm.qti.workloadclassifier/u0a84 for added application com.qualcomm.qti.workloadclassifier
12-14 03:22:25.087 1483 1610 W ActivityManager: Slow operation: 135ms so far, now at startProcess: starting to update pids map
12-14 03:22:25.087 1483 1610 W ActivityManager: Slow operation: 135ms so far, now at startProcess: done updating pids map
12-14 03:22:25.087 1483 1610 W ActivityManager: Slow operation: 56ms so far, now at startProcess: asking zygote to start proc
12-14 03:22:25.087 1483 1610 D CompatibilityChangeReporter: Compat change id reported: 143937733; UID 10095; state: ENABLED
12-14 03:22:25.093 1483 2029 D CompatibilityChangeReporter: Compat change id reported: 168419799; UID 10087; state: DISABLED
12-14 03:22:25.094 1483 1610 W ActivityManager: Slow operation: 64ms so far, now at startProcess: returned from zygote!
12-14 03:22:25.096 1483 1483 I NotificationHistory: Attempted to unlock gone/disabled user 0
12-14 03:22:25.098 1483 1483 V NotificationAssistants: disabling notification assistant for user 0: ComponentInfo{android.ext.services/android.ext.services.notification.Assistant}
12-14 03:22:25.098 1483 1483 D NotificationListeners: Removing active service ComponentInfo{android.ext.services/android.ext.services.notification.Assistant}
12-14 03:22:25.098 1483 1483 V NotificationAssistants: enabling notification assistant for 0: ComponentInfo{android.ext.services/android.ext.services.notification.Assistant}
12-14 03:22:25.098 1483 1483 V NotificationAssistants: binding: Intent { act=android.service.notification.NotificationAssistantService cmp=android.ext.services/.notification.Assistant (has extras) }
12-14 03:22:25.100 1483 1483 D CompatibilityChangeReporter: Compat change id reported: 168419799; UID 10096; state: DISABLED
01-01 10:04:28.173 0 0 I binder : 2911:2911 ioctl 40046210 7fe6bbc0e4 returned -22
01-01 10:04:28.173 0 0 I binder : 2924:2924 ioctl 40046210 7fe6bbc0e4 returned -22
12-14 03:22:25.114 1483 1610 W ActivityManager: Slow operation: 83ms so far, now at startProcess: done updating battery stats
12-14 03:22:25.114 1483 1610 I Watchdog: Interesting Java process com.android.providers.media.module started. Pid 2924
12-14 03:22:25.114 1483 1610 W ActivityManager: Slow operation: 83ms so far, now at startProcess: building log message
12-14 03:22:25.114 1483 1610 I ActivityManager: Start proc 2924:com.android.providers.media.module/u0a95 for service {com.android.providers.media.module/com.android.providers.media.fuse.ExternalStorageServiceImpl}
12-14 03:22:25.114 1483 1610 W ActivityManager: Slow operation: 83ms so far, now at startProcess: starting to update pids map
12-14 03:22:25.114 1483 1610 W ActivityManager: Slow operation: 83ms so far, now at startProcess: done updating pids map
01-01 10:04:28.181 0 0 I binder : 2815:2815 ioctl 40046210 7fe6bbafd4 returned -22
12-14 03:22:25.125 1483 1610 W ActivityManager: Slow operation: 52ms so far, now at startProcess: returned from zygote!
12-14 03:22:25.127 1483 1960 D CompatibilityChangeReporter: Compat change id reported: 168419799; UID 10084; state: DISABLED
01-01 10:04:28.196 0 0 I : Adding 4194300k swap on /dev/block/zram0. Priority:32758 extents:1 across:4194300k SS
12-14 03:22:25.131 1483 2142 D CompatibilityChangeReporter: Compat change id reported: 168419799; UID 10095; state: DISABLED
12-14 03:22:25.138 1483 1993 I SyncManager: Loaded persisted syncs: 0 periodic syncs, 0 oneshot syncs, 15 total system server jobs, JobStats: FirstLoad: 5/4/0 LastSave: -1/-1/-1
01-01 10:04:28.199 0 0 I binder : 2525:2883 ioctl 40046210 78ac741254 returned -22
12-14 03:22:25.143 1483 1610 W ActivityManager: Slow operation: 70ms so far, now at startProcess: done updating battery stats
12-14 03:22:25.143 1483 1610 W ActivityManager: Slow operation: 70ms so far, now at startProcess: building log message
12-14 03:22:25.143 1483 1610 I ActivityManager: Start proc 2964:com.android.keychain/1000 for service {com.android.keychain/com.android.keychain.KeyChainService}
12-14 03:22:25.143 1483 1610 W ActivityManager: Slow operation: 70ms so far, now at startProcess: starting to update pids map
12-14 03:22:25.143 1483 1610 W ActivityManager: Slow operation: 70ms so far, now at startProcess: done updating pids map
12-14 03:22:25.150 1483 1483 D BiometricScheduler/Fingerprint21: [Finishing] {[0] FingerprintUpdateActiveUserClient, proto=1, owner=android, cookie=0, requestId=-1, userId=0}, success: true
12-14 03:22:25.150 1483 1483 D BiometricScheduler/Fingerprint21: [Polled] {[1] FingerprintUpdateActiveUserClient, proto=1, owner=android, cookie=0, requestId=-1, userId=0}, State: 0
12-14 03:22:25.150 1483 1483 D BiometricScheduler/Fingerprint21: [Starting] {[1] FingerprintUpdateActiveUserClient, proto=1, owner=android, cookie=0, requestId=-1, userId=0}, State: 0
12-14 03:22:25.150 1483 1483 D BiometricScheduler/Fingerprint21: [Started] {[1] FingerprintUpdateActiveUserClient, proto=1, owner=android, cookie=0, requestId=-1, userId=0}
12-14 03:22:25.152 1483 2029 D CompatibilityChangeReporter: Compat change id reported: 168419799; UID 10085; state: DISABLED
01-01 10:04:28.212 0 0 D qbt : qbt_open: entry minor_no=0 fd_available=1
01-01 10:04:28.212 0 0 D qbt : qbt_open: exit : 0 fd_available=0
01-01 10:04:28.212 0 0 D qbt : qbt_open: entry minor_no=1 fd_available=0
01-01 10:04:28.212 0 0 D qbt : qbt_open: exit : 0 fd_available=0
01-01 10:04:28.212 0 0 D qbt : qbt_ioctl: cmd received 107
01-01 10:04:28.212 0 0 D qbt : qbt_ioctl: Acquiring wakelock
01-01 10:04:28.218 0 0 I binder : 2964:2964 ioctl 40046210 7fe6bbc0e4 returned -22
12-14 03:22:25.159 1483 2029 D CompatibilityChangeReporter: Compat change id reported: 168419799; UID 1000; state: DISABLED
01-01 10:04:28.220 0 0 E msm-dwc3 a600000.ssusb: Could not get usb psy
01-01 10:04:28.220 0 0 I android_work: did not send uevent (0 0 0000000000000000)
12-14 03:22:25.162 1483 1587 D BluetoothManagerService: MESSAGE_BLUETOOTH_STATE_CHANGE: BLE_TURNING_ON > BLE_ON
12-14 03:22:25.162 1483 1587 D BluetoothManagerService: Bluetooth is in LE only mode
12-14 03:22:25.162 1483 1587 D BluetoothManagerService: Binding Bluetooth GATT service
01-01 10:04:28.227 0 0 I binder : 2797:2978 ioctl 40046210 78b2a25934 returned -22
01-01 10:04:28.229 0 0 W QSEECOM : qseecom_load_app: App (fingerpr) does'nt exist, loading apps for first time
12-14 03:22:25.173 1483 1587 D BluetoothManagerService: Sending BLE State Change: BLE_TURNING_ON > BLE_ON
12-14 03:22:25.190 1483 1960 D CompatibilityChangeReporter: Compat change id reported: 135634846; UID 10073; state: DISABLED
12-14 03:22:25.190 1483 1960 D CompatibilityChangeReporter: Compat change id reported: 177438394; UID 10073; state: DISABLED
12-14 03:22:25.190 1483 1960 D CompatibilityChangeReporter: Compat change id reported: 135772972; UID 10073; state: DISABLED
12-14 03:22:25.190 1483 1960 D CompatibilityChangeReporter: Compat change id reported: 135754954; UID 10073; state: ENABLED
12-14 03:22:25.191 1483 1610 D CompatibilityChangeReporter: Compat change id reported: 143937733; UID 10073; state: ENABLED
12-14 03:22:25.198 1483 1610 I ActivityManager: Start proc 3012:com.qualcomm.location.XT/u0a73 for service {com.qualcomm.location.XT/com.qualcomm.location.XT.XTSrv}
12-14 03:22:25.204 2362 2362 W ContextImpl: Calling a method in the system process without a qualified user: android.app.ContextImpl.startService:1816 android.content.ContextWrapper.startService:774 android.content.ContextWrapper.startService:774 com.qualcomm.qti.qdma.app.BootReceiver.onBootReceived:115 com.qualcomm.qti.innodme.InnoBootReceiver.onReceive:22
01-01 10:04:28.275 0 0 I binder : 3012:3012 ioctl 40046210 7fe6bbc0e4 returned -22
12-14 03:22:25.219 1483 2029 D CompatibilityChangeReporter: Compat change id reported: 135634846; UID 10086; state: DISABLED
12-14 03:22:25.219 1483 2029 D CompatibilityChangeReporter: Compat change id reported: 177438394; UID 10086; state: DISABLED
12-14 03:22:25.219 1483 2029 D CompatibilityChangeReporter: Compat change id reported: 135772972; UID 10086; state: DISABLED
12-14 03:22:25.219 1483 2029 D CompatibilityChangeReporter: Compat change id reported: 135754954; UID 10086; state: ENABLED
12-14 03:22:25.219 1483 1610 D CompatibilityChangeReporter: Compat change id reported: 143937733; UID 10086; state: ENABLED
12-14 03:22:25.220 1483 2142 D CompatibilityChangeReporter: Compat change id reported: 157233955; UID 10079; state: DISABLED
12-14 03:22:25.221 1483 1979 D CompatibilityChangeReporter: Compat change id reported: 168419799; UID 10073; state: DISABLED
12-14 03:22:25.226 1483 2029 D CompatibilityChangeReporter: Compat change id reported: 182478738; UID 1001; state: DISABLED
12-14 03:22:25.232 1483 1912 I GameModeConfig: isGameModeOn = false
12-14 03:22:25.232 1483 1912 I GameModeConfig: isGameModeOn = false
12-14 03:22:25.232 1483 1912 I GameModeConfig: isGameModeOn = false
12-14 03:22:25.233 1483 1912 I GameModeConfig: isGameModeOn = false
12-14 03:22:25.233 1483 1912 I GameModeConfig: isGameModeOn = false
12-14 03:22:25.233 1483 1912 I GameModeConfig: isGameModeOn = false
12-14 03:22:25.233 1483 1610 I ActivityManager: Start proc 3037:com.qualcomm.qtil.aptxui/u0a86 for broadcast {com.qualcomm.qtil.aptxui/com.qualcomm.qtil.aptxui.aptxuiBootReceiver}
01-01 10:04:28.308 0 0 I binder : 3037:3037 ioctl 40046210 7fe6bbc0e4 returned -22
01-01 10:04:28.308 0 0 I android_work: sent uevent USB_STATE=CONNECTED
12-14 03:22:25.252 1483 1609 D CompatibilityChangeReporter: Compat change id reported: 135634846; UID 10018; state: DISABLED
12-14 03:22:25.252 1483 1609 D CompatibilityChangeReporter: Compat change id reported: 177438394; UID 10018; state: DISABLED
12-14 03:22:25.252 1483 1609 D CompatibilityChangeReporter: Compat change id reported: 135772972; UID 10018; state: DISABLED
12-14 03:22:25.252 1483 1609 D CompatibilityChangeReporter: Compat change id reported: 135754954; UID 10018; state: ENABLED
12-14 03:22:25.253 1483 1610 D CompatibilityChangeReporter: Compat change id reported: 143937733; UID 10018; state: ENABLED
12-14 03:22:25.260 1483 2142 D CompatibilityChangeReporter: Compat change id reported: 168419799; UID 10086; state: DISABLED
01-01 10:04:28.328 0 0 E msm-dwc3 a600000.ssusb: Could not get usb psy
01-01 10:04:28.335 0 0 I configfs-gadget gadget: high-speed config #1: b
01-01 10:04:28.336 0 0 E msm-dwc3 a600000.ssusb: Could not get usb psy
01-01 10:04:28.336 0 0 I android_work: sent uevent USB_STATE=CONFIGURED
01-01 10:04:28.336 0 0 I binder : 3061:3061 ioctl 40046210 7fe6bbc0e4 returned -22
12-14 03:22:25.266 1483 1610 I ActivityManager: Start proc 3061:android.process.media/u0a18 for broadcast {com.android.mtp/com.android.mtp.MtpReceiver}
12-14 03:22:25.274 1483 2814 I StorageUserConnection: Service: [ComponentInfo{com.android.providers.media.module/com.android.providers.media.fuse.ExternalStorageServiceImpl}] connected. User [0]
12-14 03:22:25.279 1483 2029 D CompatibilityChangeReporter: Compat change id reported: 168419799; UID 10018; state: DISABLED
01-01 10:04:28.346 0 0 I binder : 3012:3081 ioctl 40046210 78b1b6a944 returned -22
01-01 10:04:28.351 0 0 W QSEECOM : qseecom_load_app: App with id 8 (fingerpr) now loaded
01-01 10:04:28.362 0 0 D : mv2112_read_status
01-01 10:04:28.362 0 0 D mv2112_update_link: 3.0x901(1G): 0x80
01-01 10:04:28.362 0 0 D mv2112_update_link: 3.0x8109(100M): 0x8
01-01 10:04:28.362 0 0 D mv2112_update_link: link 0x0
01-01 10:04:28.362 0 0 D mv2112_read_status: autoneg is disabled
12-14 03:22:25.311 1483 2935 W FreeFormWindowHelper: getCurrentDisplayedFreeFormTask is null
12-14 03:22:25.331 1483 1912 I GameModeConfig: isGameModeOn = false
12-14 03:22:25.331 1483 1912 I GameModeConfig: isGameModeOn = false
12-14 03:22:25.332 1483 1912 I GameModeConfig: isGameModeOn = false
12-14 03:22:25.339 1483 2935 D CompatibilityChangeReporter: Compat change id reported: 168419799; UID 10054; state: DISABLED
12-14 03:22:25.343 1483 2029 D CompatibilityChangeReporter: Compat change id reported: 174042980; UID 1000; state: DISABLED
12-14 03:22:25.345 1483 1960 D CompatibilityChangeReporter: Compat change id reported: 168419799; UID 1000; state: DISABLED
12-14 03:22:25.346 2274 2274 W ContextImpl: Calling a method in the system process without a qualified user: android.app.ContextImpl.startService:1816 android.content.ContextWrapper.startService:774 android.content.ContextWrapper.startService:774 vendor.qti.qesdk.sysservice.QesdkSysReceiver.onReceive:42 android.app.ActivityThread.handleReceiver:4309
01-01 10:04:28.405 0 0 I binder : 2174:2174 ioctl 40046210 7fe6bbba74 returned -22
12-14 03:22:25.351 1483 2142 D CompatibilityChangeReporter: Compat change id reported: 168419799; UID 10080; state: DISABLED
12-14 03:22:25.355 1483 2029 D CompatibilityChangeReporter: Compat change id reported: 168419799; UID 10064; state: DISABLED
12-14 03:22:25.359 1483 2029 W FreeFormWindowHelper: getCurrentDisplayedFreeFormTask is null
12-14 03:22:25.366 1483 1960 D CompatibilityChangeReporter: Compat change id reported: 135634846; UID 10034; state: DISABLED
12-14 03:22:25.366 1483 1960 D CompatibilityChangeReporter: Compat change id reported: 177438394; UID 10034; state: DISABLED
12-14 03:22:25.366 1483 1960 D CompatibilityChangeReporter: Compat change id reported: 135772972; UID 10034; state: DISABLED
12-14 03:22:25.366 1483 1960 D CompatibilityChangeReporter: Compat change id reported: 135754954; UID 10034; state: ENABLED
12-14 03:22:25.367 1483 1610 D CompatibilityChangeReporter: Compat change id reported: 143937733; UID 10034; state: ENABLED
12-14 03:22:25.373 1483 1610 I ActivityManager: Start proc 3114:com.android.traceur/u0a34 for broadcast {com.android.traceur/com.android.traceur.Receiver}
12-14 03:22:25.376 1483 2853 W FreeFormWindowHelper: getCurrentDisplayedFreeFormTask is null
01-01 10:04:28.450 0 0 I binder : 3114:3114 ioctl 40046210 7fe6bbc0e4 returned -22
12-14 03:22:25.398 1483 1590 I ActivityRecord: real home.....com.android.launcher3/.uioverrides.QuickstepLauncher
12-14 03:22:25.399 1483 1590 I WindowManager: ******* TELLING SURFACE FLINGER WE ARE BOOTED!
12-14 03:22:25.404 1483 2853 D CompatibilityChangeReporter: Compat change id reported: 168419799; UID 10034; state: DISABLED
12-14 03:22:25.450 1483 2142 D CompatibilityChangeReporter: Compat change id reported: 135634846; UID 10032; state: DISABLED
12-14 03:22:25.451 1483 2142 D CompatibilityChangeReporter: Compat change id reported: 177438394; UID 10032; state: DISABLED
12-14 03:22:25.451 1483 2142 D CompatibilityChangeReporter: Compat change id reported: 135772972; UID 10032; state: DISABLED
12-14 03:22:25.451 1483 2142 D CompatibilityChangeReporter: Compat change id reported: 135754954; UID 10032; state: DISABLED
12-14 03:22:25.451 1483 1610 D CompatibilityChangeReporter: Compat change id reported: 143937733; UID 10032; state: DISABLED
01-01 10:04:28.517 0 0 W QSEECOM : __qseecom_unload_app: App (8) is unloaded
01-01 10:04:28.517 0 0 D qbt : qbt_release: entry minor_no=0 fd_available=0
01-01 10:04:28.517 0 0 D qbt : qbt_release: Releasing wakelock
01-01 10:04:28.517 0 0 D qbt : qbt_release: exit : fd_available=1
01-01 10:04:28.517 0 0 D qbt : qbt_release: entry minor_no=1 fd_available=1
01-01 10:04:28.517 0 0 D qbt : qbt_release: exit : fd_available=1
12-14 03:22:25.457 1483 1483 W Looper : Slow dispatch took 307ms main h=android.os.Handler c=com.android.server.biometrics.sensors.BiometricScheduler$InternalCallback$$ExternalSyntheticLambda0@18b4022 m=0
12-14 03:22:25.458 1483 1483 V NotificationAssistants: 0 notification assistant service connected: ComponentInfo{android.ext.services/android.ext.services.notification.Assistant}
12-14 03:22:25.458 1483 1483 D BluetoothManagerService: Bluetooth Adapter address changed to F0:74:E4:3A:18:78
12-14 03:22:25.458 1483 1483 D BluetoothManagerService: Stored Bluetoothaddress: F0:74:E4:3A:18:78
12-14 03:22:25.458 1483 1483 D BluetoothManagerService: Bluetooth Adapter name changed to QCOM-BTD by android
12-14 03:22:25.458 1483 1483 D BluetoothManagerService: Stored Bluetooth name: QCOM-BTD
12-14 03:22:25.458 1483 1483 D BluetoothManagerService: Bluetooth Adapter address changed to F0:74:E4:3A:18:78
12-14 03:22:25.458 1483 1483 D BluetoothManagerService: Stored Bluetoothaddress: F0:74:E4:3A:18:78
12-14 03:22:25.459 1483 1483 D BluetoothManagerService: BluetoothServiceConnection: com.android.bluetooth.gatt.GattService
12-14 03:22:25.459 1483 1483 D CompanionDeviceManagerService: Received BT state transition broadcast: BLE_TURNING_ON -> BLE_ON
12-14 03:22:25.459 1483 1587 D BluetoothManagerService: MESSAGE_BLUETOOTH_SERVICE_CONNECTED: 2
12-14 03:22:25.459 1483 1587 D BluetoothManagerService: continueFromBleOnState()
12-14 03:22:25.459 1483 1483 I CompanionDeviceManagerService: startBleScan()
12-14 03:22:25.459 1483 1483 D BiometricScheduler/Fingerprint21: [Finishing] {[1] FingerprintUpdateActiveUserClient, proto=1, owner=android, cookie=0, requestId=-1, userId=0}, success: true
12-14 03:22:25.459 1483 1483 D BiometricScheduler/Fingerprint21: [Polled] {[2] FingerprintInternalCleanupClient, proto=7, owner=android, cookie=0, requestId=-1, userId=0}, State: 0
12-14 03:22:25.459 1483 1483 D BiometricScheduler/Fingerprint21: [Starting] {[2] FingerprintInternalCleanupClient, proto=7, owner=android, cookie=0, requestId=-1, userId=0}, State: 0
12-14 03:22:25.459 1483 1483 D BiometricScheduler/Fingerprint21: [Started] {[2] FingerprintInternalCleanupClient, proto=7, owner=android, cookie=0, requestId=-1, userId=0}
12-14 03:22:25.460 1483 1483 D Biometrics/InternalCleanupClient: Starting enumerate: {[3] FingerprintInternalEnumerateClient, proto=6, owner=android, cookie=0, requestId=-1, userId=0}
12-14 03:22:25.463 1483 1483 W Looper : Drained
12-14 03:22:25.465 1483 1587 D BluetoothManagerService: Persisting Bluetooth Setting: 1
12-14 03:22:25.466 1483 1587 D BluetoothManagerService: MESSAGE_BLUETOOTH_STATE_CHANGE: BLE_ON > TURNING_ON
12-14 03:22:25.466 1483 1587 D BluetoothManagerService: Sending BLE State Change: BLE_ON > TURNING_ON
01-01 10:04:28.534 0 0 D qbt : qbt_open: entry minor_no=0 fd_available=1
01-01 10:04:28.534 0 0 D qbt : qbt_open: exit : 0 fd_available=0
01-01 10:04:28.534 0 0 D qbt : qbt_open: entry minor_no=1 fd_available=0
01-01 10:04:28.534 0 0 D qbt : qbt_open: exit : 0 fd_available=0
01-01 10:04:28.534 0 0 D qbt : qbt_ioctl: cmd received 107
01-01 10:04:28.534 0 0 D qbt : qbt_ioctl: Acquiring wakelock
12-14 03:22:25.481 1483 1483 D CompanionDeviceManagerService: Received BT state transition broadcast: BLE_ON -> TURNING_ON
12-14 03:22:25.482 1483 1610 I ActivityManager: Start proc 3157:com.baidu.input/u0a32 for service {com.baidu.input/com.baidu.input.ImeService}
12-14 03:22:25.485 1483 1587 D BluetoothManagerService: Sending State Change: OFF > TURNING_ON
01-01 10:04:28.544 0 0 I binder : 3157:3157 ioctl 40046210 7fe6bbc0e4 returned -22
01-01 10:04:28.546 0 0 W QSEECOM : qseecom_load_app: App (fingerpr) does'nt exist, loading apps for first time
12-14 03:22:25.490 1483 2853 D CompatibilityChangeReporter: Compat change id reported: 168419799; UID 10032; state: DISABLED
12-14 03:22:25.535 1483 1912 I GameModeConfig: isGameModeOn = false
12-14 03:22:25.536 1483 1912 I GameModeConfig: isGameModeOn = false
12-14 03:22:25.545 1483 1912 I GameModeConfig: isGameModeOn = false
12-14 03:22:25.545 1483 1912 I GameModeConfig: isGameModeOn = false
12-14 03:22:25.545 1483 1912 I GameModeConfig: isGameModeOn = false
12-14 03:22:25.546 1483 1912 I GameModeConfig: isGameModeOn = false
12-14 03:22:25.553 1483 1912 I GameModeConfig: isGameModeOn = false
12-14 03:22:25.553 1483 1912 I GameModeConfig: isGameModeOn = false
12-14 03:22:25.553 1483 1912 I GameModeConfig: isGameModeOn = false
12-14 03:22:25.563 1483 2853 D CompatibilityChangeReporter: Compat change id reported: 168419799; UID 10069; state: DISABLED
12-14 03:22:25.566 2355 2355 E AndroidRuntime: FATAL EXCEPTION: main
12-14 03:22:25.566 2355 2355 E AndroidRuntime: Process: com.qualcomm.qti.devicestatisticsservice, PID: 2355
12-14 03:22:25.566 2355 2355 E AndroidRuntime: java.lang.NoClassDefFoundError: Failed resolution of: Landroid/hidl/manager/V1_0/IServiceNotification$Stub;
12-14 03:22:25.566 2355 2355 E AndroidRuntime: at com.qualcomm.qti.devicestatisticsservice.DeviceStatisticsService.onStartCommand(DeviceStatisticsService.java:83)
12-14 03:22:25.566 2355 2355 E AndroidRuntime: at android.app.ActivityThread.handleServiceArgs(ActivityThread.java:4640)
12-14 03:22:25.566 2355 2355 E AndroidRuntime: at android.app.ActivityThread.access$2000(ActivityThread.java:248)
12-14 03:22:25.566 2355 2355 E AndroidRuntime: at android.app.ActivityThread$H.handleMessage(ActivityThread.java:2092)
12-14 03:22:25.566 2355 2355 E AndroidRuntime: at android.os.Handler.dispatchMessage(Handler.java:106)
12-14 03:22:25.566 2355 2355 E AndroidRuntime: at android.os.Looper.loopOnce(Looper.java:201)
12-14 03:22:25.566 2355 2355 E AndroidRuntime: at android.os.Looper.loop(Looper.java:288)
12-14 03:22:25.566 2355 2355 E AndroidRuntime: at android.app.ActivityThread.main(ActivityThread.java:7880)
12-14 03:22:25.566 2355 2355 E AndroidRuntime: at java.lang.reflect.Method.invoke(Native Method)
12-14 03:22:25.566 2355 2355 E AndroidRuntime: at com.android.internal.os.RuntimeInit$MethodAndArgsCaller.run(RuntimeInit.java:548)
12-14 03:22:25.566 2355 2355 E AndroidRuntime: at com.android.internal.os.ZygoteInit.main(ZygoteInit.java:1009)
12-14 03:22:25.566 2355 2355 E AndroidRuntime: Caused by: java.lang.ClassNotFoundException: android.hidl.manager.V1_0.IServiceNotification$Stub
12-14 03:22:25.566 2355 2355 E AndroidRuntime: ... 11 more
12-14 03:22:25.567 1483 3198 I DropBoxManagerService: add tag=system_app_crash isTagEnabled=true flags=0x2
12-14 03:22:25.574 1483 1483 E BootReceiver: Could not open /sys/kernel/tracing/instances/bootreceiver/trace_pipe
12-14 03:22:25.574 1483 1483 E BootReceiver: android.system.ErrnoException: open failed: ENOENT (No such file or directory)
12-14 03:22:25.574 1483 1483 E BootReceiver: at libcore.io.Linux.open(Native Method)
12-14 03:22:25.574 1483 1483 E BootReceiver: at libcore.io.ForwardingOs.open(ForwardingOs.java:567)
12-14 03:22:25.574 1483 1483 E BootReceiver: at libcore.io.BlockGuardOs.open(BlockGuardOs.java:273)
12-14 03:22:25.574 1483 1483 E BootReceiver: at android.system.Os.open(Os.java:501)
12-14 03:22:25.574 1483 1483 E BootReceiver: at com.android.server.BootReceiver.onReceive(BootReceiver.java:167)
12-14 03:22:25.574 1483 1483 E BootReceiver: at android.app.ActivityThread.handleReceiver(ActivityThread.java:4309)
12-14 03:22:25.574 1483 1483 E BootReceiver: at android.app.ActivityThread.access$1600(ActivityThread.java:248)
12-14 03:22:25.574 1483 1483 E BootReceiver: at android.app.ActivityThread$H.handleMessage(ActivityThread.java:2065)
12-14 03:22:25.574 1483 1483 E BootReceiver: at android.os.Handler.dispatchMessage(Handler.java:106)
12-14 03:22:25.574 1483 1483 E BootReceiver: at android.os.Looper.loopOnce(Looper.java:201)
12-14 03:22:25.574 1483 1483 E BootReceiver: at android.os.Looper.loop(Looper.java:288)
12-14 03:22:25.574 1483 1483 E BootReceiver: at com.android.server.SystemServer.run(SystemServer.java:908)
12-14 03:22:25.574 1483 1483 E BootReceiver: at com.android.server.SystemServer.main(SystemServer.java:615)
12-14 03:22:25.574 1483 1483 E BootReceiver: at java.lang.reflect.Method.invoke(Native Method)
12-14 03:22:25.574 1483 1483 E BootReceiver: at com.android.internal.os.RuntimeInit$MethodAndArgsCaller.run(RuntimeInit.java:548)
12-14 03:22:25.574 1483 1483 E BootReceiver: at com.android.internal.os.ZygoteInit.main(ZygoteInit.java:987)
12-14 03:22:25.576 1483 1609 I DropBoxManagerService: add tag=system_server_wtf isTagEnabled=true flags=0x2
12-14 03:22:25.578 1483 1960 I ActivityManager: Process com.qualcomm.qti.devicestatisticsservice (pid 2355) has died: pers PER
12-14 03:22:25.580 1483 1960 W ActivityManager: Scheduling restart of crashed service com.qualcomm.qti.devicestatisticsservice/.DeviceStatisticsService in 0ms for persistent
12-14 03:22:25.580 1483 1960 W ActivityManager: Re-adding persistent process ProcessRecord{18ec594 2355:com.qualcomm.qti.devicestatisticsservice/u0a69}
12-14 03:22:25.581 1483 1960 D CompatibilityChangeReporter: Compat change id reported: 135634846; UID 10069; state: DISABLED
12-14 03:22:25.581 1483 1960 D CompatibilityChangeReporter: Compat change id reported: 177438394; UID 10069; state: DISABLED
12-14 03:22:25.581 1483 1960 D CompatibilityChangeReporter: Compat change id reported: 135772972; UID 10069; state: DISABLED
12-14 03:22:25.581 1483 1960 D CompatibilityChangeReporter: Compat change id reported: 135754954; UID 10069; state: ENABLED
12-14 03:22:25.582 1483 1610 D CompatibilityChangeReporter: Compat change id reported: 143937733; UID 10069; state: ENABLED
12-14 03:22:25.583 1483 3200 I DropBoxManagerService: add tag=SYSTEM_BOOT isTagEnabled=true flags=0x2
12-14 03:22:25.590 1483 1610 I ActivityManager: Start proc 3205:com.qualcomm.qti.devicestatisticsservice/u0a69 for restart com.qualcomm.qti.devicestatisticsservice
01-01 10:04:28.662 0 0 I binder : 3205:3205 ioctl 40046210 7fe6bbc0e4 returned -22
12-14 03:22:25.594 1483 3200 I BootReceiver: Copying audit failures to DropBox
12-14 03:22:25.595 1483 3200 I BootReceiver: Checking for fsck errors
12-14 03:22:25.595 1483 3200 I BootReceiver: fs_stat, partition:persist stat:0x3
12-14 03:22:25.595 1483 3200 I BootReceiver: fs_stat, partition:dsp_a stat:0x3
01-01 10:04:28.674 0 0 W QSEECOM : qseecom_load_app: App with id 9 (fingerpr) now loaded
12-14 03:22:25.614 1483 1912 I GameModeConfig: isGameModeOn = false
12-14 03:22:25.614 1483 1912 I GameModeConfig: isGameModeOn = false
12-14 03:22:25.615 1483 1912 I GameModeConfig: isGameModeOn = false
12-14 03:22:25.617 1483 1912 I GameModeConfig: isGameModeOn = false
12-14 03:22:25.617 1483 1912 I GameModeConfig: isGameModeOn = false
12-14 03:22:25.617 1483 1912 I GameModeConfig: isGameModeOn = false
12-14 03:22:25.618 1483 2029 D CompatibilityChangeReporter: Compat change id reported: 168419799; UID 10074; state: DISABLED
12-14 03:22:25.624 1483 1483 I Telecom : BluetoothDeviceManager: Got BluetoothHearingAid: android.bluetooth.BluetoothHearingAid@6137f92: BMSL.oSC@AAs
12-14 03:22:25.631 1483 1912 I GameModeConfig: isGameModeOn = false
12-14 03:22:25.631 1483 1912 I GameModeConfig: isGameModeOn = false
12-14 03:22:25.631 1483 1912 I GameModeConfig: isGameModeOn = false
12-14 03:22:25.635 1483 2935 D CompatibilityChangeReporter: Compat change id reported: 135634846; UID 10021; state: DISABLED
12-14 03:22:25.635 1483 2935 D CompatibilityChangeReporter: Compat change id reported: 177438394; UID 10021; state: DISABLED
12-14 03:22:25.635 1483 2935 D CompatibilityChangeReporter: Compat change id reported: 135772972; UID 10021; state: DISABLED
12-14 03:22:25.635 1483 2935 D CompatibilityChangeReporter: Compat change id reported: 135754954; UID 10021; state: ENABLED
12-14 03:22:25.636 1483 1610 D CompatibilityChangeReporter: Compat change id reported: 143937733; UID 10021; state: ENABLED
01-01 10:04:28.706 0 0 I binder : 2876:3238 ioctl 40046210 78b1a15604 returned -22
12-14 03:22:25.637 1483 1587 D BluetoothManagerService: MESSAGE_BLUETOOTH_STATE_CHANGE: TURNING_ON > ON
12-14 03:22:25.637 1483 1587 D BluetoothManagerService: Broadcasting onBluetoothStateChange(true) to 10 receivers.
12-14 03:22:25.637 1483 1587 D BluetoothManagerService: Creating new ProfileServiceConnections object for profile: 1
12-14 03:22:25.639 1483 1587 W BluetoothManagerService: psc is not null in bindBluetoothProfileService
12-14 03:22:25.639 1483 1587 D BluetoothManagerService: Sending BLE State Change: TURNING_ON > ON
12-14 03:22:25.639 1483 1587 D BluetoothManagerService: Sending State Change: TURNING_ON > ON
12-14 03:22:25.640 1483 1483 D CompanionDeviceManagerService: Received BT state transition broadcast: TURNING_ON -> ON
12-14 03:22:25.640 1483 1483 I CompanionDeviceManagerService: startBleScan()
12-14 03:22:25.644 1483 2935 D CompatibilityChangeReporter: Compat change id reported: 135634846; UID 1000; state: DISABLED
12-14 03:22:25.644 1483 2935 D CompatibilityChangeReporter: Compat change id reported: 177438394; UID 1000; state: DISABLED
12-14 03:22:25.644 1483 2935 D CompatibilityChangeReporter: Compat change id reported: 135772972; UID 1000; state: DISABLED
12-14 03:22:25.644 1483 2935 D CompatibilityChangeReporter: Compat change id reported: 135754954; UID 1000; state: ENABLED
12-14 03:22:25.644 1483 1610 I ActivityManager: Start proc 3240:android.process.acore/u0a21 for content provider {com.android.providers.contacts/com.android.providers.contacts.ContactsProvider2}
12-14 03:22:25.652 1483 1610 I ActivityManager: Start proc 3247:com.qti.diagservices/1000 for broadcast {com.qti.diagservices/com.qti.diagservices.Diag_OnBoot}
01-01 10:04:28.726 0 0 I binder : 3240:3240 ioctl 40046210 7fe6bbc0e4 returned -22
01-01 10:04:28.727 0 0 I binder : 3247:3247 ioctl 40046210 7fe6bbc0e4 returned -22
12-14 03:22:25.670 1483 2142 D CompatibilityChangeReporter: Compat change id reported: 168419799; UID 10021; state: DISABLED
12-14 03:22:25.715 1483 2142 D CountryDetector: The first listener is added
12-14 03:22:25.727 3247 3247 W ContextImpl: Calling a method in the system process without a qualified user: android.app.ContextImpl.startService:1816 android.content.ContextWrapper.startService:774 android.content.ContextWrapper.startService:774 com.qti.diagservices.Diag_OnBoot.onReceive:40 android.app.ActivityThread.handleReceiver:4309
12-14 03:22:25.753 1483 2143 W StorageManagerService: Reporting emulated;0 unmounted due to system locked
01-01 10:04:28.836 0 0 W QSEECOM : __qseecom_unload_app: App (9) is unloaded
01-01 10:04:28.836 0 0 D qbt : qbt_release: entry minor_no=0 fd_available=0
01-01 10:04:28.836 0 0 D qbt : qbt_release: Releasing wakelock
01-01 10:04:28.836 0 0 D qbt : qbt_release: exit : fd_available=1
01-01 10:04:28.836 0 0 D qbt : qbt_release: entry minor_no=1 fd_available=1
01-01 10:04:28.836 0 0 D qbt : qbt_release: exit : fd_available=1
12-14 03:22:25.776 1483 1483 D Fingerprint21: handleError, client: FingerprintInternalCleanupClient, error: 2, vendorCode: 0
12-14 03:22:25.776 1483 1483 E Fingerprint21: onError for non-error consumer: FingerprintInternalCleanupClient
01-01 10:04:28.930 0 0 I IRQ 5 : no longer affine to CPU7
01-01 10:04:28.937 0 0 W cnss-daemon: DMS thread joined succesfully
01-01 10:04:28.937 0 0 W cnss-daemon: wlfw_stop: Stop done: 0
01-01 10:04:28.937 0 0 W cnss-daemon: wlfw_start: Starting
01-01 10:04:28.937 0 0 W cnss-daemon: wlfw_service_request: Start the pthread: 0x0K
01-01 10:04:28.939 0 0 W cnss-daemon: ro.baseband : [apq]
01-01 10:04:28.939 0 0 W cnss-daemon: Hardware supports external modem
01-01 10:04:28.943 0 0 W cnss-daemon: pm_release_vote: pm_handle is NULL
01-01 10:04:28.943 0 0 W cnss-daemon: pm_release_vote: pm_handle is NULL
01-01 10:04:28.943 0 0 W cnss-daemon: wlfw_build_cal_table: not read /data/vendor/wifi/wlfw_cal_00.bin
01-01 10:04:28.945 0 0 W cnss-daemon: wlfw_build_cal_table: not read /data/vendor/wifi/wlfw_cal_02.bin
01-01 10:04:28.951 0 0 D cnss : Received QMI WLFW request memory indication
01-01 10:04:28.951 0 0 D cnss : FW requests for memory, size: 0x5e0000, type: 1
01-01 10:04:28.951 0 0 D cnss : FW requests for memory, size: 0xd8000, type: 4
01-01 10:04:28.951 0 0 D cnss : Posting event: REQUEST_MEM(2), state: 0x11 flags: 0x0
01-01 10:04:28.951 0 0 D cnss : PM stay awake, state: 0x11, count: 1
01-01 10:04:28.951 0 0 D cnss : PM relax, state: 0x11, count: 0
01-01 10:04:28.951 0 0 D cnss : PM stay awake, state: 0x11, count: 1
01-01 10:04:28.951 0 0 D cnss : Processing driver event: REQUEST_MEM(2), state: 0x11
01-01 10:04:28.951 0 0 D cnss : Sending respond memory message, state: 0x11
01-01 10:04:28.951 0 0 D cnss : Memory for FW, va: 0x0000000000000000, pa: 0x00000000a1000000, size: 0x5e0000, type: 1
01-01 10:04:28.951 0 0 D cnss : Memory for FW, va: 0x0000000000000000, pa: 0x00000000a1600000, size: 0xd8000, type: 4
01-01 10:04:28.954 0 0 D cnss : PM relax, state: 0x11, count: 0
01-01 10:04:28.956 0 0 D cnss : Received QMI WLFW FW memory ready indication
01-01 10:04:28.956 0 0 D cnss : Posting event: FW_MEM_READY(3), state: 0x11 flags: 0x0
01-01 10:04:28.956 0 0 D cnss : PM stay awake, state: 0x11, count: 1
01-01 10:04:28.956 0 0 D cnss : PM relax, state: 0x11, count: 0
01-01 10:04:28.956 0 0 D cnss : PM stay awake, state: 0x11, count: 1
01-01 10:04:28.956 0 0 D cnss : Processing driver event: FW_MEM_READY(3), state: 0x11
01-01 10:04:28.956 0 0 D cnss : Sending target capability message, state: 0x13
01-01 10:04:28.967 0 0 D cnss : Voltage for CPR: 948mV
01-01 10:04:28.967 0 0 D cnss : Update TCS CMD data address 0x000000000b2e5844 with voltage 950mV
01-01 10:04:28.967 0 0 D cnss : Device frequency is 24000000 HZ
01-01 10:04:28.967 0 0 D cnss : Target capability: chip_id: 0x0, chip_family: 0xb, board_id: 0xff, soc_id: 0xffffffff, fw_version: 0x101a0521, fw_build_timestamp: 2021-12-20 07:54, fw_build_id: QC_IMAGE_VERSION_STRING=WLAN.HST.1.0.1.r1-01313-QCAHSTSWPL_SILICONZ-1, otp_version: 0x480020
01-01 10:04:28.967 0 0 D cnss : Sending BDF download message, state: 0x13, type: 4
01-01 10:04:28.967 0 0 D cnss : FW name added with prefix: qca6390/regdb.bin
01-01 10:04:28.967 0 0 W cnss2 b0000000.qcom,cnss-qca6390: Falling back to syfs fallback for: qca6390/regdb.bin
01-01 10:04:28.973 0 0 I ueventd : firmware: loading 'qca6390/regdb.bin' for '/devices/platform/soc/b0000000.qcom,cnss-qca6390/firmware/qca6390!regdb.bin'
01-01 10:04:28.974 0 0 E ueventd : firmware: could not find firmware for qca6390/regdb.bin
01-01 10:04:28.974 0 0 E ueventd : firmware: attempted /etc/firmware/qca6390/regdb.bin, open failed: No such file or directory
01-01 10:04:28.974 0 0 E ueventd : firmware: attempted /odm/firmware/qca6390/regdb.bin, open failed: No such file or directory
01-01 10:04:28.975 0 0 E ueventd : firmware: attempted /vendor/firmware/qca6390/regdb.bin, open failed: No such file or directory
01-01 10:04:28.975 0 0 E ueventd : firmware: attempted /firmware/image/qca6390/regdb.bin, open failed: No such file or directory
01-01 10:04:28.975 0 0 E ueventd : firmware: attempted /vendor/firmware_mnt/image/qca6390/regdb.bin, open failed: No such file or directory
01-01 10:04:28.975 0 0 I ueventd : loading /devices/platform/soc/b0000000.qcom,cnss-qca6390/firmware/qca6390!regdb.bin took 1ms
01-01 10:04:28.975 0 0 E cnss : Failed to load BDF: qca6390/regdb.bin
01-01 10:04:28.975 0 0 D cnss : Sending BDF download message, state: 0x13, type: 1
01-01 10:04:28.975 0 0 D cnss : FW name added with prefix: qca6390/bdwlan.elf
01-01 10:04:28.975 0 0 W cnss2 b0000000.qcom,cnss-qca6390: Falling back to syfs fallback for: qca6390/bdwlan.elf
01-01 10:04:28.981 0 0 D cnss : Downloading BDF: qca6390/bdwlan.elf, size: 57908
01-01 10:04:29.026 0 0 D cnss : Sending M3 information message, state: 0x13
01-01 10:04:29.026 0 0 D cnss : M3 memory, va: 0x0000000000000000, pa: 0x00000000a1800000, size: 0x411bc
01-01 10:04:29.028 0 0 D cnss : PM relax, state: 0x13, count: 0
01-01 10:04:29.029 0 0 D cnss : Received QMI WLFW FW initialization done indication
01-01 10:04:29.029 0 0 D cnss : Posting event: FW_READY(4), state: 0x13 flags: 0x0
01-01 10:04:29.029 0 0 D cnss : PM stay awake, state: 0x13, count: 1
01-01 10:04:29.029 0 0 D cnss : PM relax, state: 0x13, count: 0
01-01 10:04:29.029 0 0 D cnss : PM stay awake, state: 0x13, count: 1
01-01 10:04:29.029 0 0 D cnss : Processing driver event: FW_READY(4), state: 0x13
01-01 10:04:29.029 0 0 D cnss : PCIE Gen speed not setup
01-01 10:04:29.040 0 0 W : (NULL device *): Falling back to syfs fallback for: wlan/qca_cld/qca6390/WCNSS_qcom_cfg.ini
01-01 10:04:29.055 0 0 I [kworke][0x13d74cd5][03:22:25.994835] wlan: [291:I:HDD] hdd_pm_qos_add_request: 9360: Set cpu_mask 0f for affine_cores
01-01 10:04:29.055 0 0 I [kworke][0x13d74e0b][03:22:25.994851] wlan: [291:I:HDD] hdd_pm_qos_add_request: 9362: Set cpu_mask 0f for affine_cores
01-01 10:04:29.055 0 0 D cnss : Sending ini sync request, state: 0x17, fw_log_mode: 1
01-01 10:04:29.060 0 0 I [kworke][0x13d8b3a7][03:22:25.999620] wlan: [291:I:HIF] Initializing Runtime PM wakelock &sc->prevent_linkdown_lock
01-01 10:04:29.060 0 0 I [kworke][0x13d8b4f8][03:22:25.999637] wlan: [291:I:HIF] hif_pci_enable_bus: con_mode = 0x0, WLAN_SOC_device_id = 0x1101
01-01 10:04:29.060 0 0 I [kworke][0x13d8b5e1][03:22:25.999649] wlan: [291:I:HIF] hif_pci_enable_bus: hif_enable_pci done
01-01 10:04:29.060 0 0 I [kworke][0x13d8bc46][03:22:25.999735] wlan: [291:I:HIF] *********** QCA6390 *************
01-01 10:04:29.060 0 0 I [kworke][0x13d8bd6e][03:22:25.999750] wlan: [291:I:HIF] hif_pci_enable_bus: hif_type = 0x12, target_type = 0x17
01-01 10:04:29.060 0 0 I [kworke][0x13d8bdef][03:22:25.999757] wlan: [291:I:HIF] hif_register_tbl_attach: HIF_TYPE_QCA6390
01-01 10:04:29.060 0 0 I [kworke][0x13d8be66][03:22:25.999763] wlan: [291:I:HIF] hif_target_register_tbl_attach: TARGET_TYPE_QCA6390
01-01 10:04:29.060 0 0 I [kworke][0x13d8bed2][03:22:25.999769] wlan: [291:I:HIF] hif_pci_enable_bus:Skip tgt_wake up for srng devices
01-01 10:04:29.060 0 0 E [kworke][0x13d8d9a4][03:22:26.000126] wlan: [291:E:TXRX] hif_print_hal_shadow_register_cfg: num_config 28
01-01 10:04:29.060 0 0 I [kworke][0x13d8dad0][03:22:26.000142] wlan: [291:I:TXRX] hif_print_hal_shadow_register_cfg: i 0, val a3b034
01-01 10:04:29.060 0 0 I [kworke][0x13d8db40][03:22:26.000148] wlan: [291:I:TXRX] hif_print_hal_shadow_register_cfg: i 1, val a3b03c
01-01 10:04:29.060 0 0 I [kworke][0x13d8dbb4][03:22:26.000154] wlan: [291:I:TXRX] hif_print_hal_shadow_register_cfg: i 2, val a3b044
01-01 10:04:29.060 0 0 I [kworke][0x13d8dc20][03:22:26.000159] wlan: [291:I:TXRX] hif_print_hal_shadow_register_cfg: i 3, val a3b04c
01-01 10:04:29.060 0 0 I [kworke][0x13d8dc86][03:22:26.000165] wlan: [291:I:TXRX] hif_print_hal_shadow_register_cfg: i 4, val a3b054
01-01 10:04:29.060 0 0 I [kworke][0x13d8dceb][03:22:26.000170] wlan: [291:I:TXRX] hif_print_hal_shadow_register_cfg: i 5, val a3b028
01-01 10:04:29.060 0 0 I [kworke][0x13d8dd4e][03:22:26.000175] wlan: [291:I:TXRX] hif_print_hal_shadow_register_cfg: i 6, val a3b020
01-01 10:04:29.060 0 0 I [kworke][0x13d8ddb3][03:22:26.000180] wlan: [291:I:TXRX] hif_print_hal_shadow_register_cfg: i 7, val a3b06c
01-01 10:04:29.060 0 0 I [kworke][0x13d8de1b][03:22:26.000186] wlan: [291:I:TXRX] hif_print_hal_shadow_register_cfg: i 8, val a46000
01-01 10:04:29.060 0 0 I [kworke][0x13d8de83][03:22:26.000191] wlan: [291:I:TXRX] hif_print_hal_shadow_register_cfg: i 9, val a46008
01-01 10:04:29.060 0 0 I [kworke][0x13d8deeb][03:22:26.000196] wlan: [291:I:TXRX] hif_print_hal_shadow_register_cfg: i 10, val a46010
01-01 10:04:29.060 0 0 I [kworke][0x13d8df54][03:22:26.000202] wlan: [291:I:TXRX] hif_print_hal_shadow_register_cfg: i 11, val a46018
01-01 10:04:29.060 0 0 I [kworke][0x13d8dfbc][03:22:26.000207] wlan: [291:I:TXRX] hif_print_hal_shadow_register_cfg: i 12, val a46034
01-01 10:04:29.060 0 0 I [kworke][0x13d8e023][03:22:26.000213] wlan: [291:I:TXRX] hif_print_hal_shadow_register_cfg: i 13, val a370b0
01-01 10:04:29.060 0 0 I [kworke][0x13d8e08b][03:22:26.000218] wlan: [291:I:TXRX] hif_print_hal_shadow_register_cfg: i 14, val a37018
01-01 10:04:29.060 0 0 I [kworke][0x13d8e0f5][03:22:26.000224] wlan: [291:I:TXRX] hif_print_hal_shadow_register_cfg: i 15, val a370c4
01-01 10:04:29.060 0 0 I [kworke][0x13d8e160][03:22:26.000229] wlan: [291:I:TXRX] hif_print_hal_shadow_register_cfg: i 16, val a370cc
01-01 10:04:29.060 0 0 I [kworke][0x13d8e1c8][03:22:26.000235] wlan: [291:I:TXRX] hif_print_hal_shadow_register_cfg: i 17, val a370d4
01-01 10:04:29.060 0 0 I [kworke][0x13d8e235][03:22:26.000240] wlan: [291:I:TXRX] hif_print_hal_shadow_register_cfg: i 18, val a370dc
01-01 10:04:29.060 0 0 I [kworke][0x13d8e2a2][03:22:26.000246] wlan: [291:I:TXRX] hif_print_hal_shadow_register_cfg: i 19, val a00400
01-01 10:04:29.060 0 0 I [kworke][0x13d8e31a][03:22:26.000252] wlan: [291:I:TXRX] hif_print_hal_shadow_register_cfg: i 20, val a03400
01-01 10:04:29.060 0 0 I [kworke][0x13d8e387][03:22:26.000258] wlan: [291:I:TXRX] hif_print_hal_shadow_register_cfg: i 21, val a0340c
01-01 10:04:29.060 0 0 I [kworke][0x13d8e3f2][03:22:26.000264] wlan: [291:I:TXRX] hif_print_hal_shadow_register_cfg: i 22, val a05400
01-01 10:04:29.060 0 0 I [kworke][0x13d8e460][03:22:26.000269] wlan: [291:I:TXRX] hif_print_hal_shadow_register_cfg: i 23, val a0540c
01-01 10:04:29.060 0 0 I [kworke][0x13d8e4c6][03:22:26.000275] wlan: [291:I:TXRX] hif_print_hal_shadow_register_cfg: i 24, val a06400
01-01 10:04:29.060 0 0 I [kworke][0x13d8e52b][03:22:26.000280] wlan: [291:I:TXRX] hif_print_hal_shadow_register_cfg: i 25, val a08400
01-01 10:04:29.060 0 0 I [kworke][0x13d8e596][03:22:26.000285] wlan: [291:I:TXRX] hif_print_hal_shadow_register_cfg: i 26, val a0b400
01-01 10:04:29.060 0 0 I [kworke][0x13d8e600][03:22:26.000291] wlan: [291:I:TXRX] hif_print_hal_shadow_register_cfg: i 27, val a0b40c
01-01 10:04:29.060 0 0 D cnss : Mode: 0, config: 0000000000000000, host_version: 5.2.022.10G
01-01 10:04:29.060 0 0 D cnss : Sending WLAN config message, state: 0x17
01-01 10:04:29.061 0 0 D cnss : Sending mode message, mode: MISSION(0), state: 0x17
01-01 10:04:29.085 0 0 D cnss : Received QMI WLFW pin connect result indication
01-01 10:04:29.085 0 0 D cnss : Pin connect Result: pwr_pin: 0x1 phy_io_pin: 0x0 rf_io_pin: 0x0
01-01 10:04:29.085 0 0 D cnss : Assign MSI to user: CE, num_vectors: 10, user_base_data: 803, base_vector: 3
01-01 10:04:29.085 0 0 I [kworke][0x13e0412a][03:22:26.025400] wlan: [291:I:HIF] ce_srng_dest_ring_setup: ce_id 1
01-01 10:04:29.085 0 0 D cnss : Assign MSI to user: CE, num_vectors: 10, user_base_data: 803, base_vector: 3
01-01 10:04:29.086 0 0 I [kworke][0x13e04a15][03:22:26.025519] wlan: [291:I:HIF] ce_srng_status_ring_setup: ce_id 1
01-01 10:04:29.086 0 0 D cnss : Assign MSI to user: CE, num_vectors: 10, user_base_data: 803, base_vector: 3
01-01 10:04:29.086 0 0 I [kworke][0x13e057d0][03:22:26.025702] wlan: [291:I:HIF] ce_srng_dest_ring_setup: ce_id 2
01-01 10:04:29.086 0 0 D cnss : Assign MSI to user: CE, num_vectors: 10, user_base_data: 803, base_vector: 3
01-01 10:04:29.086 0 0 I [kworke][0x13e07047][03:22:26.026028] wlan: [291:I:HIF] ce_srng_status_ring_setup: ce_id 2
01-01 10:04:29.086 0 0 D cnss : Assign MSI to user: CE, num_vectors: 10, user_base_data: 803, base_vector: 3
01-01 10:04:29.086 0 0 D cnss : Assign MSI to user: CE, num_vectors: 10, user_base_data: 803, base_vector: 3
01-01 10:04:29.086 0 0 I [kworke][0x13e0829f][03:22:26.026273] wlan: [291:I:HIF] ce_srng_dest_ring_setup: ce_id 5
01-01 10:04:29.086 0 0 D cnss : Assign MSI to user: CE, num_vectors: 10, user_base_data: 803, base_vector: 3
01-01 10:04:29.086 0 0 I [kworke][0x13e08a18][03:22:26.026372] wlan: [291:I:HIF] ce_srng_status_ring_setup: ce_id 5
01-01 10:04:29.086 0 0 D cnss : Assign MSI to user: CE, num_vectors: 10, user_base_data: 803, base_vector: 3
01-01 10:04:29.086 0 0 I [kworke][0x13e09165][03:22:26.026470] wlan: [291:I:HIF] hif_configure_irq: E
01-01 10:04:29.086 0 0 D cnss : Assign MSI to user: WAKE, num_vectors: 1, user_base_data: 813, base_vector: 13
01-01 10:04:29.086 0 0 D cnss : Get IRQ number 363 for vector index 13
01-01 10:04:29.087 0 0 D cnss : Assign MSI to user: CE, num_vectors: 10, user_base_data: 803, base_vector: 3
01-01 10:04:29.087 0 0 D cnss : Get IRQ number 353 for vector index 3
01-01 10:04:29.087 0 0 D cnss : Get IRQ number 354 for vector index 4
01-01 10:04:29.087 0 0 D cnss : Get IRQ number 355 for vector index 5
01-01 10:04:29.087 0 0 D cnss : Get IRQ number 356 for vector index 6
01-01 10:04:29.087 0 0 D cnss : Get IRQ number 358 for vector index 8
01-01 10:04:29.087 0 0 D cnss : Get IRQ number 359 for vector index 9
01-01 10:04:29.087 0 0 D cnss : Get IRQ number 361 for vector index 11
01-01 10:04:29.087 0 0 E [kworke][0x13e0adaa][03:22:26.026846] wlan: [291:E:mlme] mlme_init_reg_cfg: 2374: null pdev
01-01 10:04:29.087 0 0 E [kworke][0x13e0b201][03:22:26.026904] wlan: [291:E:WMI] WMI handle is NULL
01-01 10:04:29.087 0 0 I [kworke][0x13e0b41b][03:22:26.026932] wlan: [291:I:HIF] Initializing Runtime PM wakelock &p2p_soc_obj->roc_runtime_lock
01-01 10:04:29.087 0 0 D cnss : Platform cap_flag is 0x4
01-01 10:04:29.087 0 0 E [kworke][0x13e0b654][03:22:26.026962] wlan: [291:E:QDF] cds_get_context: 1486: Module ID 66 context is Null
01-01 10:04:29.091 0 0 E [kworke][0x13e1ed51][03:22:26.031108] wlan: [291:E:QDF] cds_get_context: 1486: Module ID 66 context is Null
01-01 10:04:29.093 0 0 I [kworke][0x13e29f9a][03:22:26.033486] wlan: [291:I:HIF] Initializing Runtime PM wakelock &psoc_wakelock->wmi_cmd_rsp_runtime_lock
01-01 10:04:29.094 0 0 F [kworke][0x13e2ab5e][03:22:26.033643] wlan: [291:F:WMA] WMA --> wmi_unified_attach - success
01-01 10:04:29.094 0 0 I [kworke][0x13e2c5d8][03:22:26.033996] wlan: [291:I:HIF] Initializing Runtime PM wakelock &vdev->vdev_set_key_runtime_wakelock
