12-23 01:15:18.088 W/ContextImpl( 2417): Calling a method in the system process without a qualified user: android.app.ContextImpl.startService:1816 android.content.ContextWrapper.startService:774 com.thundercomm.gamemode.ingame.services.GameModeActionUtils.startGameModeService:99 com.thundercomm.gamemode.ingame.services.GameModeActionUtils.startGameModeEntry:22 com.thundercomm.gamemode.ingame.services.ActivityMonitoringService$1.onActivityLaunch:127
12-23 01:15:18.090 I/GameModeConfig( 1508): Current uri is uri = content://com.thundercomm.gamemode.api/gamemode_settings/gamemode_isgaming
12-23 01:15:18.091 I/GameModeConfig( 1508): isGameModeOn = false
12-23 01:15:18.091 I/GameModeConfig( 1508): isGameModeOn = false
12-23 01:15:18.091 I/GameModeConfig( 1508): isDisableVoice = true
01-01 08:00:55.350 I/binder ( 0): 16187:16214 ioctl 40046210 7b6632a254 returned -22
12-23 01:15:18.144 E/AndroidRuntime(16187): FATAL EXCEPTION: ViewPool-init
12-23 01:15:18.144 E/AndroidRuntime(16187): Process: com.android.launcher3, PID: 16187
12-23 01:15:18.144 E/AndroidRuntime(16187): android.view.InflateException: Binary XML file line #18 in com.android.launcher3:layout/task: Binary XML file line #18 in com.android.launcher3:layout/task: Error inflating class com.android.quickstep.views.TaskView
12-23 01:15:18.144 E/AndroidRuntime(16187): Caused by: android.view.InflateException: Binary XML file line #18 in com.android.launcher3:layout/task: Error inflating class com.android.quickstep.views.TaskView
12-23 01:15:18.144 E/AndroidRuntime(16187): Caused by: java.lang.reflect.InvocationTargetException
12-23 01:15:18.144 E/AndroidRuntime(16187): at java.lang.reflect.Constructor.newInstance0(Native Method)
12-23 01:15:18.144 E/AndroidRuntime(16187): at java.lang.reflect.Constructor.newInstance(Constructor.java:343)
12-23 01:15:18.144 E/AndroidRuntime(16187): at android.view.LayoutInflater.createView(LayoutInflater.java:858)
12-23 01:15:18.144 E/AndroidRuntime(16187): at android.view.LayoutInflater.createViewFromTag(LayoutInflater.java:1010)
12-23 01:15:18.144 E/AndroidRuntime(16187): at android.view.LayoutInflater.createViewFromTag(LayoutInflater.java:965)
12-23 01:15:18.144 E/AndroidRuntime(16187): at android.view.LayoutInflater.inflate(LayoutInflater.java:663)
12-23 01:15:18.144 E/AndroidRuntime(16187): at android.view.LayoutInflater.inflate(LayoutInflater.java:538)
12-23 01:15:18.144 E/AndroidRuntime(16187): at com.android.launcher3.util.ViewPool.inflateNewView(ViewPool.java:106)
12-23 01:15:18.144 E/AndroidRuntime(16187): at com.android.launcher3.util.ViewPool.lambda$initPool$1$ViewPool(ViewPool.java:69)
12-23 01:15:18.144 E/AndroidRuntime(16187): at com.android.launcher3.util.ViewPool$$ExternalSyntheticLambda0.run(Unknown Source:8)
12-23 01:15:18.144 E/AndroidRuntime(16187): at java.lang.Thread.run(Thread.java:920)
12-23 01:15:18.144 E/AndroidRuntime(16187): Caused by: java.lang.ClassCastException: com.android.quickstep.RecentsActivity cannot be cast to com.android.launcher3.Launcher
12-23 01:15:18.144 E/AndroidRuntime(16187): at com.android.launcher3.Launcher.getLauncher(Launcher.java:3019)
12-23 01:15:18.144 E/AndroidRuntime(16187): at com.android.quickstep.views.TaskView.(TaskView.java:416)
12-23 01:15:18.144 E/AndroidRuntime(16187): at com.android.quickstep.views.TaskView.(TaskView.java:410)
12-23 01:15:18.144 E/AndroidRuntime(16187): ... 11 more
12-23 01:15:18.145 W/ActivityTaskManager( 1508): Force finishing activity com.android.launcher3/com.android.quickstep.RecentsActivity
12-23 01:15:18.151 W/ContextImpl( 2417): Calling a method in the system process without a qualified user: android.app.ContextImpl.startService:1816 android.content.ContextWrapper.startService:774 com.thundercomm.gamemode.ingame.services.GameModeActionUtils.startGameModeService:99 com.thundercomm.gamemode.ingame.services.GameModeActionUtils.startGameModeEntry:22 com.thundercomm.gamemode.ingame.services.ActivityMonitoringService$1.onActivityLaunch:127
12-23 01:15:18.152 I/GameModeConfig( 1508): Current uri is uri = content://com.thundercomm.gamemode.api/gamemode_settings/gamemode_isgaming
12-23 01:15:18.154 I/GameModeConfig( 1508): isGameModeOn = false
12-23 01:15:18.154 I/ActivityManager( 1508): Process com.android.launcher3 (pid 16187) has died: vis BFGS
12-23 01:15:18.154 I/GameModeConfig( 1508): isGameModeOn = false
12-23 01:15:18.154 I/GameModeConfig( 1508): isDisableVoice = true
12-23 01:15:18.154 W/ActivityManager( 1508): Scheduling restart of crashed service com.android.launcher3/com.android.quickstep.TouchInteractionService in 1000ms for connection
12-23 01:15:18.158 D/CompatibilityChangeReporter( 1508): Compat change id reported: 135634846; UID 10078; state: DISABLED
12-23 01:15:18.158 D/CompatibilityChangeReporter( 1508): Compat change id reported: 177438394; UID 10078; state: DISABLED
12-23 01:15:18.158 D/CompatibilityChangeReporter( 1508): Compat change id reported: 135772972; UID 10078; state: DISABLED
12-23 01:15:18.158 D/CompatibilityChangeReporter( 1508): Compat change id reported: 135754954; UID 10078; state: ENABLED
12-23 01:15:18.158 D/CompatibilityChangeReporter( 1508): Compat change id reported: 143937733; UID 10078; state: ENABLED
12-23 01:15:18.162 I/ActivityManager( 1508): Start proc 16227:com.android.launcher3/u0a78 for service {com.android.launcher3/com.android.quickstep.TouchInteractionService}
01-01 08:00:55.416 I/binder ( 0): 16227:16227 ioctl 40046210 7fe8558544 returned -22
12-23 01:15:18.206 I/ActivityTaskManager( 1508): START u0 {act=android.intent.action.MAIN cat=[android.intent.category.DEFAULT] flg=0x10010000 cmp=com.android.launcher3/com.android.quickstep.RecentsActivity} from uid 10078
12-23 01:15:18.208 W/ActivityTaskManager( 1508): Can't find TaskDisplayArea to determine support for multi window. Task id=613 attached=false
12-23 01:15:18.210 I/ActivityTaskManager( 1508): The Process com.android.launcher3 Already Exists in BG. So sending its PID: 16227
12-23 01:15:18.215 W/ContextImpl( 2417): Calling a method in the system process without a qualified user: android.app.ContextImpl.startService:1816 android.content.ContextWrapper.startService:774 com.thundercomm.gamemode.ingame.services.GameModeActionUtils.startGameModeService:99 com.thundercomm.gamemode.ingame.services.GameModeActionUtils.startGameModeEntry:22 com.thundercomm.gamemode.ingame.services.ActivityMonitoringService$1.onActivityLaunch:127
12-23 01:15:18.216 I/GameModeConfig( 1508): Current uri is uri = content://com.thundercomm.gamemode.api/gamemode_settings/gamemode_isgaming
12-23 01:15:18.217 I/GameModeConfig( 1508): isGameModeOn = false
12-23 01:15:18.217 I/GameModeConfig( 1508): isGameModeOn = false
12-23 01:15:18.217 I/GameModeConfig( 1508): isDisableVoice = true
01-01 08:00:55.477 I/binder ( 0): 16227:16253 ioctl 40046210 7b6632a254 returned -22
12-23 01:15:18.270 E/AndroidRuntime(16227): FATAL EXCEPTION: ViewPool-init
12-23 01:15:18.270 E/AndroidRuntime(16227): Process: com.android.launcher3, PID: 16227
12-23 01:15:18.270 E/AndroidRuntime(16227): android.view.InflateException: Binary XML file line #18 in com.android.launcher3:layout/task: Binary XML file line #18 in com.android.launcher3:layout/task: Error inflating class com.android.quickstep.views.TaskView
12-23 01:15:18.270 E/AndroidRuntime(16227): Caused by: android.view.InflateException: Binary XML file line #18 in com.android.launcher3:layout/task: Error inflating class com.android.quickstep.views.TaskView
12-23 01:15:18.270 E/AndroidRuntime(16227): Caused by: java.lang.reflect.InvocationTargetException
12-23 01:15:18.270 E/AndroidRuntime(16227): at java.lang.reflect.Constructor.newInstance0(Native Method)
12-23 01:15:18.270 E/AndroidRuntime(16227): at java.lang.reflect.Constructor.newInstance(Constructor.java:343)
12-23 01:15:18.270 E/AndroidRuntime(16227): at android.view.LayoutInflater.createView(LayoutInflater.java:858)
12-23 01:15:18.270 E/AndroidRuntime(16227): at android.view.LayoutInflater.createViewFromTag(LayoutInflater.java:1010)
12-23 01:15:18.270 E/AndroidRuntime(16227): at android.view.LayoutInflater.createViewFromTag(LayoutInflater.java:965)
12-23 01:15:18.270 E/AndroidRuntime(16227): at android.view.LayoutInflater.inflate(LayoutInflater.java:663)
12-23 01:15:18.270 E/AndroidRuntime(16227): at android.view.LayoutInflater.inflate(LayoutInflater.java:538)
12-23 01:15:18.270 E/AndroidRuntime(16227): at com.android.launcher3.util.ViewPool.inflateNewView(ViewPool.java:106)
12-23 01:15:18.270 E/AndroidRuntime(16227): at com.android.launcher3.util.ViewPool.lambda$initPool$1$ViewPool(ViewPool.java:69)
12-23 01:15:18.270 E/AndroidRuntime(16227): at com.android.launcher3.util.ViewPool$$ExternalSyntheticLambda0.run(Unknown Source:8)
12-23 01:15:18.270 E/AndroidRuntime(16227): at java.lang.Thread.run(Thread.java:920)
12-23 01:15:18.270 E/AndroidRuntime(16227): Caused by: java.lang.ClassCastException: com.android.quickstep.RecentsActivity cannot be cast to com.android.launcher3.Launcher
12-23 01:15:18.270 E/AndroidRuntime(16227): at com.android.launcher3.Launcher.getLauncher(Launcher.java:3019)
12-23 01:15:18.270 E/AndroidRuntime(16227): at com.android.quickstep.views.TaskView.(TaskView.java:416)
12-23 01:15:18.270 E/AndroidRuntime(16227): at com.android.quickstep.views.TaskView.(TaskView.java:410)
12-23 01:15:18.270 E/AndroidRuntime(16227): ... 11 more
12-23 01:15:18.271 W/ActivityTaskManager( 1508): Force finishing activity com.android.launcher3/com.android.quickstep.RecentsActivity
12-23 01:15:18.278 W/ContextImpl( 2417): Calling a method in the system process without a qualified user: android.app.ContextImpl.startService:1816 android.content.ContextWrapper.startService:774 com.thundercomm.gamemode.ingame.services.GameModeActionUtils.startGameModeService:99 com.thundercomm.gamemode.ingame.services.GameModeActionUtils.startGameModeEntry:22 com.thundercomm.gamemode.ingame.services.ActivityMonitoringService$1.onActivityLaunch:127
12-23 01:15:18.280 I/GameModeConfig( 1508): Current uri is uri = content://com.thundercomm.gamemode.api/gamemode_settings/gamemode_isgaming
12-23 01:15:18.281 I/ActivityManager( 1508): Process com.android.launcher3 (pid 16227) has died: vis BFGS
12-23 01:15:18.281 I/GameModeConfig( 1508): isGameModeOn = false
12-23 01:15:18.281 I/GameModeConfig( 1508): isGameModeOn = false
12-23 01:15:18.281 I/GameModeConfig( 1508): isDisableVoice = true
12-23 01:15:18.282 W/ActivityManager( 1508): Scheduling restart of crashed service com.android.launcher3/com.android.quickstep.TouchInteractionService in 1000ms for connection
12-23 01:15:18.284 D/CompatibilityChangeReporter( 1508): Compat change id reported: 135634846; UID 10078; state: DISABLED
12-23 01:15:18.284 D/CompatibilityChangeReporter( 1508): Compat change id reported: 177438394; UID 10078; state: DISABLED
12-23 01:15:18.285 D/CompatibilityChangeReporter( 1508): Compat change id reported: 135772972; UID 10078; state: DISABLED
12-23 01:15:18.285 D/CompatibilityChangeReporter( 1508): Compat change id reported: 135754954; UID 10078; state: ENABLED
12-23 01:15:18.285 D/CompatibilityChangeReporter( 1508): Compat change id reported: 143937733; UID 10078; state: ENABLED
12-23 01:15:18.289 I/ActivityManager( 1508): Start proc 16267:com.android.launcher3/u0a78 for service {com.android.launcher3/com.android.quickstep.TouchInteractionService}
01-01 08:00:55.543 I/binder ( 0): 16267:16267 ioctl 40046210 7fe8558544 returned -22
12-23 01:15:18.337 I/ActivityTaskManager( 1508): START u0 {act=android.intent.action.MAIN cat=[android.intent.category.DEFAULT] flg=0x10010000 cmp=com.android.launcher3/com.android.quickstep.RecentsActivity} from uid 10078
12-23 01:15:18.339 W/ActivityTaskManager( 1508): Can't find TaskDisplayArea to determine support for multi window. Task id=615 attached=false
01-01 08:00:55.586 I/ ( 0): read descriptors
01-01 08:00:55.586 I/ ( 0): read strings
12-23 01:15:18.341 I/ActivityTaskManager( 1508): The Process com.android.launcher3 Already Exists in BG. So sending its PID: 16267
12-23 01:15:18.346 W/ContextImpl( 2417): Calling a method in the system process without a qualified user: android.app.ContextImpl.startService:1816 android.content.ContextWrapper.startService:774 com.thundercomm.gamemode.ingame.services.GameModeActionUtils.startGameModeService:99 com.thundercomm.gamemode.ingame.services.GameModeActionUtils.startGameModeEntry:22 com.thundercomm.gamemode.ingame.services.ActivityMonitoringService$1.onActivityLaunch:127
12-23 01:15:18.348 I/GameModeConfig( 1508): Current uri is uri = content://com.thundercomm.gamemode.api/gamemode_settings/gamemode_isgaming
12-23 01:15:18.348 I/GameModeConfig( 1508): isGameModeOn = false
12-23 01:15:18.349 I/GameModeConfig( 1508): isGameModeOn = false
12-23 01:15:18.349 I/GameModeConfig( 1508): isDisableVoice = true
01-01 08:00:55.608 I/binder ( 0): 16267:16293 ioctl 40046210 7b6632a254 returned -22
12-23 01:15:18.402 E/AndroidRuntime(16267): FATAL EXCEPTION: ViewPool-init
12-23 01:15:18.402 E/AndroidRuntime(16267): Process: com.android.launcher3, PID: 16267
12-23 01:15:18.402 E/AndroidRuntime(16267): android.view.InflateException: Binary XML file line #18 in com.android.launcher3:layout/task: Binary XML file line #18 in com.android.launcher3:layout/task: Error inflating class com.android.quickstep.views.TaskView
12-23 01:15:18.402 E/AndroidRuntime(16267): Caused by: android.view.InflateException: Binary XML file line #18 in com.android.launcher3:layout/task: Error inflating class com.android.quickstep.views.TaskView
12-23 01:15:18.402 E/AndroidRuntime(16267): Caused by: java.lang.reflect.InvocationTargetException
12-23 01:15:18.402 E/AndroidRuntime(16267): at java.lang.reflect.Constructor.newInstance0(Native Method)
12-23 01:15:18.402 E/AndroidRuntime(16267): at java.lang.reflect.Constructor.newInstance(Constructor.java:343)
12-23 01:15:18.402 E/AndroidRuntime(16267): at android.view.LayoutInflater.createView(LayoutInflater.java:858)
12-23 01:15:18.402 E/AndroidRuntime(16267): at android.view.LayoutInflater.createViewFromTag(LayoutInflater.java:1010)
12-23 01:15:18.402 E/AndroidRuntime(16267): at android.view.LayoutInflater.createViewFromTag(LayoutInflater.java:965)
12-23 01:15:18.402 E/AndroidRuntime(16267): at android.view.LayoutInflater.inflate(LayoutInflater.java:663)
12-23 01:15:18.402 E/AndroidRuntime(16267): at android.view.LayoutInflater.inflate(LayoutInflater.java:538)
12-23 01:15:18.402 E/AndroidRuntime(16267): at com.android.launcher3.util.ViewPool.inflateNewView(ViewPool.java:106)
12-23 01:15:18.402 E/AndroidRuntime(16267): at com.android.launcher3.util.ViewPool.lambda$initPool$1$ViewPool(ViewPool.java:69)
12-23 01:15:18.402 E/AndroidRuntime(16267): at com.android.launcher3.util.ViewPool$$ExternalSyntheticLambda0.run(Unknown Source:8)
12-23 01:15:18.402 E/AndroidRuntime(16267): at java.lang.Thread.run(Thread.java:920)
12-23 01:15:18.402 E/AndroidRuntime(16267): Caused by: java.lang.ClassCastException: com.android.quickstep.RecentsActivity cannot be cast to com.android.launcher3.Launcher
12-23 01:15:18.402 E/AndroidRuntime(16267): at com.android.launcher3.Launcher.getLauncher(Launcher.java:3019)
12-23 01:15:18.402 E/AndroidRuntime(16267): at com.android.quickstep.views.TaskView.(TaskView.java:416)
12-23 01:15:18.402 E/AndroidRuntime(16267): at com.android.quickstep.views.TaskView.(TaskView.java:410)
12-23 01:15:18.402 E/AndroidRuntime(16267): ... 11 more
12-23 01:15:18.403 W/ActivityTaskManager( 1508): Force finishing activity com.android.launcher3/com.android.quickstep.RecentsActivity
12-23 01:15:18.409 W/ContextImpl( 2417): Calling a method in the system process without a qualified user: android.app.ContextImpl.startService:1816 android.content.ContextWrapper.startService:774 com.thundercomm.gamemode.ingame.services.GameModeActionUtils.startGameModeService:99 com.thundercomm.gamemode.ingame.services.GameModeActionUtils.startGameModeEntry:22 com.thundercomm.gamemode.ingame.services.ActivityMonitoringService$1.onActivityLaunch:127
12-23 01:15:18.410 I/GameModeConfig( 1508): Current uri is uri = content://com.thundercomm.gamemode.api/gamemode_settings/gamemode_isgaming
12-23 01:15:18.411 I/GameModeConfig( 1508): isGameModeOn = false
12-23 01:15:18.411 I/GameModeConfig( 1508): isGameModeOn = false
12-23 01:15:18.411 I/GameModeConfig( 1508): isDisableVoice = true
01-01 08:00:55.660 I/binder ( 0): undelivered transaction 396497, process died.
12-23 01:15:18.413 I/ActivityManager( 1508): Process com.android.launcher3 (pid 16267) has died: vis BFGS
12-23 01:15:18.414 W/ActivityManager( 1508): Scheduling restart of crashed service com.android.launcher3/com.android.quickstep.TouchInteractionService in 1000ms for connection
12-23 01:15:18.417 D/CompatibilityChangeReporter( 1508): Compat change id reported: 135634846; UID 10078; state: DISABLED
12-23 01:15:18.417 D/CompatibilityChangeReporter( 1508): Compat change id reported: 177438394; UID 10078; state: DISABLED
12-23 01:15:18.417 D/CompatibilityChangeReporter( 1508): Compat change id reported: 135772972; UID 10078; state: DISABLED
12-23 01:15:18.417 D/CompatibilityChangeReporter( 1508): Compat change id reported: 135754954; UID 10078; state: ENABLED
12-23 01:15:18.417 D/CompatibilityChangeReporter( 1508): Compat change id reported: 143937733; UID 10078; state: ENABLED
01-01 08:00:55.661 D/ ( 0): mv2112_read_status
01-01 08:00:55.662 D/mv2112_update_link( 0): 3.0x901(1G): 0x80
01-01 08:00:55.662 D/mv2112_update_link( 0): 3.0x8109(100M): 0x8
01-01 08:00:55.662 D/mv2112_update_link( 0): link 0x0
01-01 08:00:55.662 D/mv2112_read_status( 0): autoneg is disabled
12-23 01:15:18.421 I/ActivityManager( 1508): Start proc 16306:com.android.launcher3/u0a78 for service {com.android.launcher3/com.android.quickstep.TouchInteractionService}
01-01 08:00:55.675 I/binder ( 0): 16306:16306 ioctl 40046210 7fe8558544 returned -22
12-23 01:15:18.463 I/ActivityTaskManager( 1508): START u0 {act=android.intent.action.MAIN cat=[android.intent.category.DEFAULT] flg=0x10010000 cmp=com.android.launcher3/com.android.quickstep.RecentsActivity} from uid 10078
12-23 01:15:18.465 W/ActivityTaskManager( 1508): Can't find TaskDisplayArea to determine support for multi window. Task id=617 attached=false
12-23 01:15:18.467 I/ActivityTaskManager( 1508): The Process com.android.launcher3 Already Exists in BG. So sending its PID: 16306
12-23 01:15:18.471 W/ContextImpl( 2417): Calling a method in the system process without a qualified user: android.app.ContextImpl.startService:1816 android.content.ContextWrapper.startService:774 com.thundercomm.gamemode.ingame.services.GameModeActionUtils.startGameModeService:99 com.thundercomm.gamemode.ingame.services.GameModeActionUtils.startGameModeEntry:22 com.thundercomm.gamemode.ingame.services.ActivityMonitoringService$1.onActivityLaunch:127
12-23 01:15:18.473 I/GameModeConfig( 1508): Current uri is uri = content://com.thundercomm.gamemode.api/gamemode_settings/gamemode_isgaming
12-23 01:15:18.474 I/GameModeConfig( 1508): isGameModeOn = false
12-23 01:15:18.474 I/GameModeConfig( 1508): isGameModeOn = false
12-23 01:15:18.474 I/GameModeConfig( 1508): isDisableVoice = true
01-01 08:00:55.733 I/binder ( 0): 16306:16334 ioctl 40046210 7b6532a254 returned -22
12-23 01:15:18.531 E/AndroidRuntime(16306): FATAL EXCEPTION: ViewPool-init
12-23 01:15:18.531 E/AndroidRuntime(16306): Process: com.android.launcher3, PID: 16306
12-23 01:15:18.531 E/AndroidRuntime(16306): android.view.InflateException: Binary XML file line #18 in com.android.launcher3:layout/task: Binary XML file line #18 in com.android.launcher3:layout/task: Error inflating class com.android.quickstep.views.TaskView
12-23 01:15:18.531 E/AndroidRuntime(16306): Caused by: android.view.InflateException: Binary XML file line #18 in com.android.launcher3:layout/task: Error inflating class com.android.quickstep.views.TaskView
12-23 01:15:18.531 E/AndroidRuntime(16306): Caused by: java.lang.reflect.InvocationTargetException
12-23 01:15:18.531 E/AndroidRuntime(16306): at java.lang.reflect.Constructor.newInstance0(Native Method)
12-23 01:15:18.531 E/AndroidRuntime(16306): at java.lang.reflect.Constructor.newInstance(Constructor.java:343)
12-23 01:15:18.531 E/AndroidRuntime(16306): at android.view.LayoutInflater.createView(LayoutInflater.java:858)
12-23 01:15:18.531 E/AndroidRuntime(16306): at android.view.LayoutInflater.createViewFromTag(LayoutInflater.java:1010)
12-23 01:15:18.531 E/AndroidRuntime(16306): at android.view.LayoutInflater.createViewFromTag(LayoutInflater.java:965)
12-23 01:15:18.531 E/AndroidRuntime(16306): at android.view.LayoutInflater.inflate(LayoutInflater.java:663)
12-23 01:15:18.531 E/AndroidRuntime(16306): at android.view.LayoutInflater.inflate(LayoutInflater.java:538)
12-23 01:15:18.531 E/AndroidRuntime(16306): at com.android.launcher3.util.ViewPool.inflateNewView(ViewPool.java:106)
12-23 01:15:18.531 E/AndroidRuntime(16306): at com.android.launcher3.util.ViewPool.lambda$initPool$1$ViewPool(ViewPool.java:69)
12-23 01:15:18.531 E/AndroidRuntime(16306): at com.android.launcher3.util.ViewPool$$ExternalSyntheticLambda0.run(Unknown Source:8)
12-23 01:15:18.531 E/AndroidRuntime(16306): at java.lang.Thread.run(Thread.java:920)
12-23 01:15:18.531 E/AndroidRuntime(16306): Caused by: java.lang.ClassCastException: com.android.quickstep.RecentsActivity cannot be cast to com.android.launcher3.Launcher
12-23 01:15:18.531 E/AndroidRuntime(16306): at com.android.launcher3.Launcher.getLauncher(Launcher.java:3019)
12-23 01:15:18.531 E/AndroidRuntime(16306): at com.android.quickstep.views.TaskView.(TaskView.java:416)
12-23 01:15:18.531 E/AndroidRuntime(16306): at com.android.quickstep.views.TaskView.(TaskView.java:410)
12-23 01:15:18.531 E/AndroidRuntime(16306): ... 11 more
12-23 01:15:18.532 W/ActivityTaskManager( 1508): Force finishing activity com.android.launcher3/com.android.quickstep.RecentsActivity
12-23 01:15:18.538 W/ContextImpl( 2417): Calling a method in the system process without a qualified user: android.app.ContextImpl.startService:1816 android.content.ContextWrapper.startService:774 com.thundercomm.gamemode.ingame.services.GameModeActionUtils.startGameModeService:99 com.thundercomm.gamemode.ingame.services.GameModeActionUtils.startGameModeEntry:22 com.thundercomm.gamemode.ingame.services.ActivityMonitoringService$1.onActivityLaunch:127
12-23 01:15:18.540 I/GameModeConfig( 1508): Current uri is uri = content://com.thundercomm.gamemode.api/gamemode_settings/gamemode_isgaming
12-23 01:15:18.541 I/GameModeConfig( 1508): isGameModeOn = false
12-23 01:15:18.541 I/GameModeConfig( 1508): isGameModeOn = false
12-23 01:15:18.541 I/GameModeConfig( 1508): isDisableVoice = true
12-23 01:15:18.542 I/ActivityManager( 1508): Process com.android.launcher3 (pid 16306) has died: vis BFGS
12-23 01:15:18.542 W/ActivityManager( 1508): Scheduling restart of crashed service com.android.launcher3/com.android.quickstep.TouchInteractionService in 1000ms for connection
12-23 01:15:18.545 D/CompatibilityChangeReporter( 1508): Compat change id reported: 135634846; UID 10078; state: DISABLED
12-23 01:15:18.545 D/CompatibilityChangeReporter( 1508): Compat change id reported: 177438394; UID 10078; state: DISABLED
12-23 01:15:18.545 D/CompatibilityChangeReporter( 1508): Compat change id reported: 135772972; UID 10078; state: DISABLED
12-23 01:15:18.545 D/CompatibilityChangeReporter( 1508): Compat change id reported: 135754954; UID 10078; state: ENABLED
12-23 01:15:18.545 D/CompatibilityChangeReporter( 1508): Compat change id reported: 143937733; UID 10078; state: ENABLED
12-23 01:15:18.550 I/ActivityManager( 1508): Start proc 16347:com.android.launcher3/u0a78 for service {com.android.launcher3/com.android.quickstep.TouchInteractionService}
01-01 08:00:55.803 I/binder ( 0): 16347:16347 ioctl 40046210 7fe8558544 returned -22
12-23 01:15:18.591 I/ActivityTaskManager( 1508): START u0 {act=android.intent.action.MAIN cat=[android.intent.category.DEFAULT] flg=0x10010000 cmp=com.android.launcher3/com.android.quickstep.RecentsActivity} from uid 10078
12-23 01:15:18.593 W/ActivityTaskManager( 1508): Can't find TaskDisplayArea to determine support for multi window. Task id=619 attached=false
12-23 01:15:18.595 I/ActivityTaskManager( 1508): The Process com.android.launcher3 Already Exists in BG. So sending its PID: 16347
12-23 01:15:18.600 W/ContextImpl( 2417): Calling a method in the system process without a qualified user: android.app.ContextImpl.startService:1816 android.content.ContextWrapper.startService:774 com.thundercomm.gamemode.ingame.services.GameModeActionUtils.startGameModeService:99 com.thundercomm.gamemode.ingame.services.GameModeActionUtils.startGameModeEntry:22 com.thundercomm.gamemode.ingame.services.ActivityMonitoringService$1.onActivityLaunch:127
12-23 01:15:18.601 I/GameModeConfig( 1508): Current uri is uri = content://com.thundercomm.gamemode.api/gamemode_settings/gamemode_isgaming
12-23 01:15:18.602 I/GameModeConfig( 1508): isGameModeOn = false
12-23 01:15:18.602 I/GameModeConfig( 1508): isGameModeOn = false
12-23 01:15:18.602 I/GameModeConfig( 1508): isDisableVoice = true
01-01 08:00:55.862 I/binder ( 0): 16347:16375 ioctl 40046210 7b6622c254 returned -22
12-23 01:15:18.656 E/AndroidRuntime(16347): FATAL EXCEPTION: ViewPool-init
12-23 01:15:18.656 E/AndroidRuntime(16347): Process: com.android.launcher3, PID: 16347
12-23 01:15:18.656 E/AndroidRuntime(16347): android.view.InflateException: Binary XML file line #18 in com.android.launcher3:layout/task: Binary XML file line #18 in com.android.launcher3:layout/task: Error inflating class com.android.quickstep.views.TaskView
12-23 01:15:18.656 E/AndroidRuntime(16347): Caused by: android.view.InflateException: Binary XML file line #18 in com.android.launcher3:layout/task: Error inflating class com.android.quickstep.views.TaskView
12-23 01:15:18.656 E/AndroidRuntime(16347): Caused by: java.lang.reflect.InvocationTargetException
12-23 01:15:18.656 E/AndroidRuntime(16347): at java.lang.reflect.Constructor.newInstance0(Native Method)
12-23 01:15:18.656 E/AndroidRuntime(16347): at java.lang.reflect.Constructor.newInstance(Constructor.java:343)
12-23 01:15:18.656 E/AndroidRuntime(16347): at android.view.LayoutInflater.createView(LayoutInflater.java:858)
12-23 01:15:18.656 E/AndroidRuntime(16347): at android.view.LayoutInflater.createViewFromTag(LayoutInflater.java:1010)
12-23 01:15:18.656 E/AndroidRuntime(16347): at android.view.LayoutInflater.createViewFromTag(LayoutInflater.java:965)
12-23 01:15:18.656 E/AndroidRuntime(16347): at android.view.LayoutInflater.inflate(LayoutInflater.java:663)
12-23 01:15:18.656 E/AndroidRuntime(16347): at android.view.LayoutInflater.inflate(LayoutInflater.java:538)
12-23 01:15:18.656 E/AndroidRuntime(16347): at com.android.launcher3.util.ViewPool.inflateNewView(ViewPool.java:106)
12-23 01:15:18.656 E/AndroidRuntime(16347): at com.android.launcher3.util.ViewPool.lambda$initPool$1$ViewPool(ViewPool.java:69)
12-23 01:15:18.656 E/AndroidRuntime(16347): at com.android.launcher3.util.ViewPool$$ExternalSyntheticLambda0.run(Unknown Source:8)
12-23 01:15:18.656 E/AndroidRuntime(16347): at java.lang.Thread.run(Thread.java:920)
12-23 01:15:18.656 E/AndroidRuntime(16347): Caused by: java.lang.ClassCastException: com.android.quickstep.RecentsActivity cannot be cast to com.android.launcher3.Launcher
12-23 01:15:18.656 E/AndroidRuntime(16347): at com.android.launcher3.Launcher.getLauncher(Launcher.java:3019)
12-23 01:15:18.656 E/AndroidRuntime(16347): at com.android.quickstep.views.TaskView.(TaskView.java:416)
12-23 01:15:18.656 E/AndroidRuntime(16347): at com.android.quickstep.views.TaskView.(TaskView.java:410)
12-23 01:15:18.656 E/AndroidRuntime(16347): ... 11 more
12-23 01:15:18.657 W/ActivityTaskManager( 1508): Force finishing activity com.android.launcher3/com.android.quickstep.RecentsActivity
12-23 01:15:18.664 W/ContextImpl( 2417): Calling a method in the system process without a qualified user: android.app.ContextImpl.startService:1816 android.content.ContextWrapper.startService:774 com.thundercomm.gamemode.ingame.services.GameModeActionUtils.startGameModeService:99 com.thundercomm.gamemode.ingame.services.GameModeActionUtils.startGameModeEntry:22 com.thundercomm.gamemode.ingame.services.ActivityMonitoringService$1.onActivityLaunch:127
12-23 01:15:18.665 I/GameModeConfig( 1508): Current uri is uri = content://com.thundercomm.gamemode.api/gamemode_settings/gamemode_isgaming
12-23 01:15:18.666 I/GameModeConfig( 1508): isGameModeOn = false
12-23 01:15:18.666 I/GameModeConfig( 1508): isGameModeOn = false
12-23 01:15:18.666 I/GameModeConfig( 1508): isDisableVoice = true
01-01 08:00:55.915 I/binder ( 0): undelivered transaction 398451, process died.
12-23 01:15:18.667 I/ActivityManager( 1508): Process com.android.launcher3 (pid 16347) has died: vis BFGS
12-23 01:15:18.668 W/ActivityManager( 1508): Scheduling restart of crashed service com.android.launcher3/com.android.quickstep.TouchInteractionService in 1000ms for connection
12-23 01:15:18.671 D/CompatibilityChangeReporter( 1508): Compat change id reported: 135634846; UID 10078; state: DISABLED
12-23 01:15:18.671 D/CompatibilityChangeReporter( 1508): Compat change id reported: 177438394; UID 10078; state: DISABLED
12-23 01:15:18.671 D/CompatibilityChangeReporter( 1508): Compat change id reported: 135772972; UID 10078; state: DISABLED
12-23 01:15:18.671 D/CompatibilityChangeReporter( 1508): Compat change id reported: 135754954; UID 10078; state: ENABLED
12-23 01:15:18.671 D/CompatibilityChangeReporter( 1508): Compat change id reported: 143937733; UID 10078; state: ENABLED
12-23 01:15:18.676 I/ActivityManager( 1508): Start proc 16388:com.android.launcher3/u0a78 for service {com.android.launcher3/com.android.quickstep.TouchInteractionService}
01-01 08:00:55.929 I/binder ( 0): 16388:16388 ioctl 40046210 7fe8558544 returned -22
12-23 01:15:18.717 I/ActivityTaskManager( 1508): START u0 {act=android.intent.action.MAIN cat=[android.intent.category.DEFAULT] flg=0x10010000 cmp=com.android.launcher3/com.android.quickstep.RecentsActivity} from uid 10078
12-23 01:15:18.718 W/ActivityTaskManager( 1508): Can't find TaskDisplayArea to determine support for multi window. Task id=621 attached=false
12-23 01:15:18.720 I/ActivityTaskManager( 1508): The Process com.android.launcher3 Already Exists in BG. So sending its PID: 16388
12-23 01:15:18.726 W/ContextImpl( 2417): Calling a method in the system process without a qualified user: android.app.ContextImpl.startService:1816 android.content.ContextWrapper.startService:774 com.thundercomm.gamemode.ingame.services.GameModeActionUtils.startGameModeService:99 com.thundercomm.gamemode.ingame.services.GameModeActionUtils.startGameModeEntry:22 com.thundercomm.gamemode.ingame.services.ActivityMonitoringService$1.onActivityLaunch:127
12-23 01:15:18.728 I/GameModeConfig( 1508): Current uri is uri = content://com.thundercomm.gamemode.api/gamemode_settings/gamemode_isgaming
12-23 01:15:18.729 I/GameModeConfig( 1508): isGameModeOn = false
12-23 01:15:18.729 I/GameModeConfig( 1508): isGameModeOn = false
12-23 01:15:18.729 I/GameModeConfig( 1508): isDisableVoice = true
01-01 08:00:55.987 I/binder ( 0): 16388:16416 ioctl 40046210 7b6522c254 returned -22
12-23 01:15:18.781 E/AndroidRuntime(16388): FATAL EXCEPTION: ViewPool-init
12-23 01:15:18.781 E/AndroidRuntime(16388): Process: com.android.launcher3, PID: 16388
12-23 01:15:18.781 E/AndroidRuntime(16388): android.view.InflateException: Binary XML file line #18 in com.android.launcher3:layout/task: Binary XML file line #18 in com.android.launcher3:layout/task: Error inflating class com.android.quickstep.views.TaskView
12-23 01:15:18.781 E/AndroidRuntime(16388): Caused by: android.view.InflateException: Binary XML file line #18 in com.android.launcher3:layout/task: Error inflating class com.android.quickstep.views.TaskView
12-23 01:15:18.781 E/AndroidRuntime(16388): Caused by: java.lang.reflect.InvocationTargetException
12-23 01:15:18.781 E/AndroidRuntime(16388): at java.lang.reflect.Constructor.newInstance0(Native Method)
12-23 01:15:18.781 E/AndroidRuntime(16388): at java.lang.reflect.Constructor.newInstance(Constructor.java:343)
12-23 01:15:18.781 E/AndroidRuntime(16388): at android.view.LayoutInflater.createView(LayoutInflater.java:858)
12-23 01:15:18.781 E/AndroidRuntime(16388): at android.view.LayoutInflater.createViewFromTag(LayoutInflater.java:1010)
12-23 01:15:18.781 E/AndroidRuntime(16388): at android.view.LayoutInflater.createViewFromTag(LayoutInflater.java:965)
12-23 01:15:18.781 E/AndroidRuntime(16388): at android.view.LayoutInflater.inflate(LayoutInflater.java:663)
12-23 01:15:18.781 E/AndroidRuntime(16388): at android.view.LayoutInflater.inflate(LayoutInflater.java:538)
12-23 01:15:18.781 E/AndroidRuntime(16388): at com.android.launcher3.util.ViewPool.inflateNewView(ViewPool.java:106)
12-23 01:15:18.781 E/AndroidRuntime(16388): at com.android.launcher3.util.ViewPool.lambda$initPool$1$ViewPool(ViewPool.java:69)
12-23 01:15:18.781 E/AndroidRuntime(16388): at com.android.launcher3.util.ViewPool$$ExternalSyntheticLambda0.run(Unknown Source:8)
12-23 01:15:18.781 E/AndroidRuntime(16388): at java.lang.Thread.run(Thread.java:920)
12-23 01:15:18.781 E/AndroidRuntime(16388): Caused by: java.lang.ClassCastException: com.android.quickstep.RecentsActivity cannot be cast to com.android.launcher3.Launcher
12-23 01:15:18.781 E/AndroidRuntime(16388): at com.android.launcher3.Launcher.getLauncher(Launcher.java:3019)
12-23 01:15:18.781 E/AndroidRuntime(16388): at com.android.quickstep.views.TaskView.(TaskView.java:416)
12-23 01:15:18.781 E/AndroidRuntime(16388): at com.android.quickstep.views.TaskView.(TaskView.java:410)
12-23 01:15:18.781 E/AndroidRuntime(16388): ... 11 more
12-23 01:15:18.782 W/ActivityTaskManager( 1508): Force finishing activity com.android.launcher3/com.android.quickstep.RecentsActivity
12-23 01:15:18.787 W/ContextImpl( 2417): Calling a method in the system process without a qualified user: android.app.ContextImpl.startService:1816 android.content.ContextWrapper.startService:774 com.thundercomm.gamemode.ingame.services.GameModeActionUtils.startGameModeService:99 com.thundercomm.gamemode.ingame.services.GameModeActionUtils.startGameModeEntry:22 com.thundercomm.gamemode.ingame.services.ActivityMonitoringService$1.onActivityLaunch:127
12-23 01:15:18.789 I/GameModeConfig( 1508): Current uri is uri = content://com.thundercomm.gamemode.api/gamemode_settings/gamemode_isgaming
12-23 01:15:18.790 I/GameModeConfig( 1508): isGameModeOn = false
12-23 01:15:18.790 I/GameModeConfig( 1508): isGameModeOn = false
12-23 01:15:18.790 I/GameModeConfig( 1508): isDisableVoice = true
12-23 01:15:18.791 I/ActivityManager( 1508): Process com.android.launcher3 (pid 16388) has died: vis BFGS
12-23 01:15:18.792 W/ActivityManager( 1508): Scheduling restart of crashed service com.android.launcher3/com.android.quickstep.TouchInteractionService in 1000ms for connection
12-23 01:15:18.795 D/CompatibilityChangeReporter( 1508): Compat change id reported: 135634846; UID 10078; state: DISABLED
12-23 01:15:18.795 D/CompatibilityChangeReporter( 1508): Compat change id reported: 177438394; UID 10078; state: DISABLED
12-23 01:15:18.795 D/CompatibilityChangeReporter( 1508): Compat change id reported: 135772972; UID 10078; state: DISABLED
12-23 01:15:18.795 D/CompatibilityChangeReporter( 1508): Compat change id reported: 135754954; UID 10078; state: ENABLED
12-23 01:15:18.795 D/CompatibilityChangeReporter( 1508): Compat change id reported: 143937733; UID 10078; state: ENABLED
12-23 01:15:18.799 I/ActivityManager( 1508): Start proc 16429:com.android.launcher3/u0a78 for service {com.android.launcher3/com.android.quickstep.TouchInteractionService}
01-01 08:00:56.053 I/binder ( 0): 16429:16429 ioctl 40046210 7fe8558544 returned -22
12-23 01:15:18.841 I/ActivityTaskManager( 1508): START u0 {act=android.intent.action.MAIN cat=[android.intent.category.DEFAULT] flg=0x10010000 cmp=com.android.launcher3/com.android.quickstep.RecentsActivity} from uid 10078
12-23 01:15:18.843 W/ActivityTaskManager( 1508): Can't find TaskDisplayArea to determine support for multi window. Task id=623 attached=false
12-23 01:15:18.847 I/ActivityTaskManager( 1508): The Process com.android.launcher3 Already Exists in BG. So sending its PID: 16429
12-23 01:15:18.852 W/ContextImpl( 2417): Calling a method in the system process without a qualified user: android.app.ContextImpl.startService:1816 android.content.ContextWrapper.startService:774 com.thundercomm.gamemode.ingame.services.GameModeActionUtils.startGameModeService:99 com.thundercomm.gamemode.ingame.services.GameModeActionUtils.startGameModeEntry:22 com.thundercomm.gamemode.ingame.services.ActivityMonitoringService$1.onActivityLaunch:127
12-23 01:15:18.854 I/GameModeConfig( 1508): Current uri is uri = content://com.thundercomm.gamemode.api/gamemode_settings/gamemode_isgaming
12-23 01:15:18.855 I/GameModeConfig( 1508): isGameModeOn = false
12-23 01:15:18.855 I/GameModeConfig( 1508): isGameModeOn = false
12-23 01:15:18.855 I/GameModeConfig( 1508): isDisableVoice = true
01-01 08:00:56.115 I/binder ( 0): 16429:16457 ioctl 40046210 7b6522c254 returned -22
12-23 01:15:18.910 E/AndroidRuntime(16429): FATAL EXCEPTION: ViewPool-init
12-23 01:15:18.910 E/AndroidRuntime(16429): Process: com.android.launcher3, PID: 16429
12-23 01:15:18.910 E/AndroidRuntime(16429): android.view.InflateException: Binary XML file line #18 in com.android.launcher3:layout/task: Binary XML file line #18 in com.android.launcher3:layout/task: Error inflating class com.android.quickstep.views.TaskView
12-23 01:15:18.910 E/AndroidRuntime(16429): Caused by: android.view.InflateException: Binary XML file line #18 in com.android.launcher3:layout/task: Error inflating class com.android.quickstep.views.TaskView
12-23 01:15:18.910 E/AndroidRuntime(16429): Caused by: java.lang.reflect.InvocationTargetException
12-23 01:15:18.910 E/AndroidRuntime(16429): at java.lang.reflect.Constructor.newInstance0(Native Method)
12-23 01:15:18.910 E/AndroidRuntime(16429): at java.lang.reflect.Constructor.newInstance(Constructor.java:343)
12-23 01:15:18.910 E/AndroidRuntime(16429): at android.view.LayoutInflater.createView(LayoutInflater.java:858)
12-23 01:15:18.910 E/AndroidRuntime(16429): at android.view.LayoutInflater.createViewFromTag(LayoutInflater.java:1010)
12-23 01:15:18.910 E/AndroidRuntime(16429): at android.view.LayoutInflater.createViewFromTag(LayoutInflater.java:965)
12-23 01:15:18.910 E/AndroidRuntime(16429): at android.view.LayoutInflater.inflate(LayoutInflater.java:663)
12-23 01:15:18.910 E/AndroidRuntime(16429): at android.view.LayoutInflater.inflate(LayoutInflater.java:538)
12-23 01:15:18.910 E/AndroidRuntime(16429): at com.android.launcher3.util.ViewPool.inflateNewView(ViewPool.java:106)
12-23 01:15:18.910 E/AndroidRuntime(16429): at com.android.launcher3.util.ViewPool.lambda$initPool$1$ViewPool(ViewPool.java:69)
12-23 01:15:18.910 E/AndroidRuntime(16429): at com.android.launcher3.util.ViewPool$$ExternalSyntheticLambda0.run(Unknown Source:8)
12-23 01:15:18.910 E/AndroidRuntime(16429): at java.lang.Thread.run(Thread.java:920)
12-23 01:15:18.910 E/AndroidRuntime(16429): Caused by: java.lang.ClassCastException: com.android.quickstep.RecentsActivity cannot be cast to com.android.launcher3.Launcher
12-23 01:15:18.910 E/AndroidRuntime(16429): at com.android.launcher3.Launcher.getLauncher(Launcher.java:3019)
12-23 01:15:18.910 E/AndroidRuntime(16429): at com.android.quickstep.views.TaskView.(TaskView.java:416)
12-23 01:15:18.910 E/AndroidRuntime(16429): at com.android.quickstep.views.TaskView.(TaskView.java:410)
12-23 01:15:18.910 E/AndroidRuntime(16429): ... 11 more
12-23 01:15:18.911 W/ActivityTaskManager( 1508): Force finishing activity com.android.launcher3/com.android.quickstep.RecentsActivity
12-23 01:15:18.916 W/ContextImpl( 2417): Calling a method in the system process without a qualified user: android.app.ContextImpl.startService:1816 android.content.ContextWrapper.startService:774 com.thundercomm.gamemode.ingame.services.GameModeActionUtils.startGameModeService:99 com.thundercomm.gamemode.ingame.services.GameModeActionUtils.startGameModeEntry:22 com.thundercomm.gamemode.ingame.services.ActivityMonitoringService$1.onActivityLaunch:127
12-23 01:15:18.917 I/GameModeConfig( 1508): Current uri is uri = content://com.thundercomm.gamemode.api/gamemode_settings/gamemode_isgaming
12-23 01:15:18.918 I/GameModeConfig( 1508): isGameModeOn = false
12-23 01:15:18.919 I/GameModeConfig( 1508): isGameModeOn = false
12-23 01:15:18.919 I/GameModeConfig( 1508): isDisableVoice = true
12-23 01:15:18.921 I/ActivityManager( 1508): Process com.android.launcher3 (pid 16429) has died: vis BFGS
12-23 01:15:18.922 W/ActivityManager( 1508): Scheduling restart of crashed service com.android.launcher3/com.android.quickstep.TouchInteractionService in 1000ms for connection
12-23 01:15:18.924 D/CompatibilityChangeReporter( 1508): Compat change id reported: 135634846; UID 10078; state: DISABLED
12-23 01:15:18.925 D/CompatibilityChangeReporter( 1508): Compat change id reported: 177438394; UID 10078; state: DISABLED
12-23 01:15:18.925 D/CompatibilityChangeReporter( 1508): Compat change id reported: 135772972; UID 10078; state: DISABLED
12-23 01:15:18.925 D/CompatibilityChangeReporter( 1508): Compat change id reported: 135754954; UID 10078; state: ENABLED
12-23 01:15:18.925 D/CompatibilityChangeReporter( 1508): Compat change id reported: 143937733; UID 10078; state: ENABLED
12-23 01:15:18.929 I/ActivityManager( 1508): Start proc 16470:com.android.launcher3/u0a78 for service {com.android.launcher3/com.android.quickstep.TouchInteractionService}
01-01 08:00:56.182 I/binder ( 0): 16470:16470 ioctl 40046210 7fe8558544 returned -22
12-23 01:15:18.968 I/ActivityTaskManager( 1508): START u0 {act=android.intent.action.MAIN cat=[android.intent.category.DEFAULT] flg=0x10010000 cmp=com.android.launcher3/com.android.quickstep.RecentsActivity} from uid 10078
12-23 01:15:18.970 W/ActivityTaskManager( 1508): Can't find TaskDisplayArea to determine support for multi window. Task id=625 attached=false
12-23 01:15:18.972 I/ActivityTaskManager( 1508): The Process com.android.launcher3 Already Exists in BG. So sending its PID: 16470
12-23 01:15:18.977 W/ContextImpl( 2417): Calling a method in the system process without a qualified user: android.app.ContextImpl.startService:1816 android.content.ContextWrapper.startService:774 com.thundercomm.gamemode.ingame.services.GameModeActionUtils.startGameModeService:99 com.thundercomm.gamemode.ingame.services.GameModeActionUtils.startGameModeEntry:22 com.thundercomm.gamemode.ingame.services.ActivityMonitoringService$1.onActivityLaunch:127
12-23 01:15:18.979 I/GameModeConfig( 1508): Current uri is uri = content://com.thundercomm.gamemode.api/gamemode_settings/gamemode_isgaming
12-23 01:15:18.979 I/GameModeConfig( 1508): isGameModeOn = false
12-23 01:15:18.980 I/GameModeConfig( 1508): isGameModeOn = false
12-23 01:15:18.980 I/GameModeConfig( 1508): isDisableVoice = true
01-01 08:00:56.239 I/binder ( 0): 16470:16498 ioctl 40046210 7b6522c254 returned -22
12-23 01:15:19.033 E/AndroidRuntime(16470): FATAL EXCEPTION: ViewPool-init
12-23 01:15:19.033 E/AndroidRuntime(16470): Process: com.android.launcher3, PID: 16470
12-23 01:15:19.033 E/AndroidRuntime(16470): android.view.InflateException: Binary XML file line #18 in com.android.launcher3:layout/task: Binary XML file line #18 in com.android.launcher3:layout/task: Error inflating class com.android.quickstep.views.TaskView
12-23 01:15:19.033 E/AndroidRuntime(16470): Caused by: android.view.InflateException: Binary XML file line #18 in com.android.launcher3:layout/task: Error inflating class com.android.quickstep.views.TaskView
12-23 01:15:19.033 E/AndroidRuntime(16470): Caused by: java.lang.reflect.InvocationTargetException
12-23 01:15:19.033 E/AndroidRuntime(16470): at java.lang.reflect.Constructor.newInstance0(Native Method)
12-23 01:15:19.033 E/AndroidRuntime(16470): at java.lang.reflect.Constructor.newInstance(Constructor.java:343)
12-23 01:15:19.033 E/AndroidRuntime(16470): at android.view.LayoutInflater.createView(LayoutInflater.java:858)
12-23 01:15:19.033 E/AndroidRuntime(16470): at android.view.LayoutInflater.createViewFromTag(LayoutInflater.java:1010)
12-23 01:15:19.033 E/AndroidRuntime(16470): at android.view.LayoutInflater.createViewFromTag(LayoutInflater.java:965)
12-23 01:15:19.033 E/AndroidRuntime(16470): at android.view.LayoutInflater.inflate(LayoutInflater.java:663)
12-23 01:15:19.033 E/AndroidRuntime(16470): at android.view.LayoutInflater.inflate(LayoutInflater.java:538)
12-23 01:15:19.033 E/AndroidRuntime(16470): at com.android.launcher3.util.ViewPool.inflateNewView(ViewPool.java:106)
12-23 01:15:19.033 E/AndroidRuntime(16470): at com.android.launcher3.util.ViewPool.lambda$initPool$1$ViewPool(ViewPool.java:69)
12-23 01:15:19.033 E/AndroidRuntime(16470): at com.android.launcher3.util.ViewPool$$ExternalSyntheticLambda0.run(Unknown Source:8)
12-23 01:15:19.033 E/AndroidRuntime(16470): at java.lang.Thread.run(Thread.java:920)
12-23 01:15:19.033 E/AndroidRuntime(16470): Caused by: java.lang.ClassCastException: com.android.quickstep.RecentsActivity cannot be cast to com.android.launcher3.Launcher
12-23 01:15:19.033 E/AndroidRuntime(16470): at com.android.launcher3.Launcher.getLauncher(Launcher.java:3019)
12-23 01:15:19.033 E/AndroidRuntime(16470): at com.android.quickstep.views.TaskView.(TaskView.java:416)
12-23 01:15:19.033 E/AndroidRuntime(16470): at com.android.quickstep.views.TaskView.(TaskView.java:410)
12-23 01:15:19.033 E/AndroidRuntime(16470): ... 11 more
12-23 01:15:19.034 W/ActivityTaskManager( 1508): Force finishing activity com.android.launcher3/com.android.quickstep.RecentsActivity
12-23 01:15:19.041 W/ContextImpl( 2417): Calling a method in the system process without a qualified user: android.app.ContextImpl.startService:1816 android.content.ContextWrapper.startService:774 com.thundercomm.gamemode.ingame.services.GameModeActionUtils.startGameModeService:99 com.thundercomm.gamemode.ingame.services.GameModeActionUtils.startGameModeEntry:22 com.thundercomm.gamemode.ingame.services.ActivityMonitoringService$1.onActivityLaunch:127
12-23 01:15:19.042 I/GameModeConfig( 1508): Current uri is uri = content://com.thundercomm.gamemode.api/gamemode_settings/gamemode_isgaming
12-23 01:15:19.043 I/GameModeConfig( 1508): isGameModeOn = false
12-23 01:15:19.043 I/GameModeConfig( 1508): isGameModeOn = false
12-23 01:15:19.043 I/GameModeConfig( 1508): isDisableVoice = true
01-01 08:00:56.292 I/binder ( 0): undelivered transaction 401337, process died.
12-23 01:15:19.044 I/ActivityManager( 1508): Process com.android.launcher3 (pid 16470) has died: vis BFGS
12-23 01:15:19.045 W/ActivityManager( 1508): Scheduling restart of crashed service com.android.launcher3/com.android.quickstep.TouchInteractionService in 1000ms for connection
12-23 01:15:19.048 D/CompatibilityChangeReporter( 1508): Compat change id reported: 135634846; UID 10078; state: DISABLED
12-23 01:15:19.048 D/CompatibilityChangeReporter( 1508): Compat change id reported: 177438394; UID 10078; state: DISABLED
12-23 01:15:19.048 D/CompatibilityChangeReporter( 1508): Compat change id reported: 135772972; UID 10078; state: DISABLED
12-23 01:15:19.048 D/CompatibilityChangeReporter( 1508): Compat change id reported: 135754954; UID 10078; state: ENABLED
12-23 01:15:19.048 D/CompatibilityChangeReporter( 1508): Compat change id reported: 143937733; UID 10078; state: ENABLED
12-23 01:15:19.052 I/ActivityManager( 1508): Start proc 16511:com.android.launcher3/u0a78 for service {com.android.launcher3/com.android.quickstep.TouchInteractionService}
01-01 08:00:56.307 I/binder ( 0): 16511:16511 ioctl 40046210 7fe8558544 returned -22
12-23 01:15:19.093 I/ActivityTaskManager( 1508): START u0 {act=android.intent.action.MAIN cat=[android.intent.category.DEFAULT] flg=0x10010000 cmp=com.android.launcher3/com.android.quickstep.RecentsActivity} from uid 10078
12-23 01:15:19.094 W/ActivityTaskManager( 1508): Can't find TaskDisplayArea to determine support for multi window. Task id=627 attached=false
12-23 01:15:19.096 I/ActivityTaskManager( 1508): The Process com.android.launcher3 Already Exists in BG. So sending its PID: 16511
12-23 01:15:19.102 W/ContextImpl( 2417): Calling a method in the system process without a qualified user: android.app.ContextImpl.startService:1816 android.content.ContextWrapper.startService:774 com.thundercomm.gamemode.ingame.services.GameModeActionUtils.startGameModeService:99 com.thundercomm.gamemode.ingame.services.GameModeActionUtils.startGameModeEntry:22 com.thundercomm.gamemode.ingame.services.ActivityMonitoringService$1.onActivityLaunch:127
12-23 01:15:19.103 I/GameModeConfig( 1508): Current uri is uri = content://com.thundercomm.gamemode.api/gamemode_settings/gamemode_isgaming
12-23 01:15:19.104 I/GameModeConfig( 1508): isGameModeOn = false
12-23 01:15:19.104 I/GameModeConfig( 1508): isGameModeOn = false
12-23 01:15:19.104 I/GameModeConfig( 1508): isDisableVoice = true
01-01 08:00:56.364 I/binder ( 0): 16511:16538 ioctl 40046210 7b66428254 returned -22
12-23 01:15:19.158 E/AndroidRuntime(16511): FATAL EXCEPTION: ViewPool-init
12-23 01:15:19.158 E/AndroidRuntime(16511): Process: com.android.launcher3, PID: 16511
12-23 01:15:19.158 E/AndroidRuntime(16511): android.view.InflateException: Binary XML file line #18 in com.android.launcher3:layout/task: Binary XML file line #18 in com.android.launcher3:layout/task: Error inflating class com.android.quickstep.views.TaskView
12-23 01:15:19.158 E/AndroidRuntime(16511): Caused by: android.view.InflateException: Binary XML file line #18 in com.android.launcher3:layout/task: Error inflating class com.android.quickstep.views.TaskView
12-23 01:15:19.158 E/AndroidRuntime(16511): Caused by: java.lang.reflect.InvocationTargetException
12-23 01:15:19.158 E/AndroidRuntime(16511): at java.lang.reflect.Constructor.newInstance0(Native Method)
