12-23 01:15:20.167 W/ContextImpl( 2417): Calling a method in the system process without a qualified user: android.app.ContextImpl.startService:1816 android.content.ContextWrapper.startService:774 com.thundercomm.gamemode.ingame.services.GameModeActionUtils.startGameModeService:99 com.thundercomm.gamemode.ingame.services.GameModeActionUtils.startGameModeEntry:22 com.thundercomm.gamemode.ingame.services.ActivityMonitoringService$1.onActivityLaunch:127
12-23 01:15:20.168 I/GameModeConfig( 1508): Current uri is uri = content://com.thundercomm.gamemode.api/gamemode_settings/gamemode_isgaming
12-23 01:15:20.169 I/GameModeConfig( 1508): isGameModeOn = false
12-23 01:15:20.169 I/GameModeConfig( 1508): isGameModeOn = false
12-23 01:15:20.169 I/GameModeConfig( 1508): isDisableVoice = true
12-23 01:15:20.171 I/ActivityManager( 1508): Process com.android.launcher3 (pid 16830) has died: vis BFGS
12-23 01:15:20.172 W/ActivityManager( 1508): Scheduling restart of crashed service com.android.launcher3/com.android.quickstep.TouchInteractionService in 1000ms for connection
12-23 01:15:20.175 D/CompatibilityChangeReporter( 1508): Compat change id reported: 135634846; UID 10078; state: DISABLED
12-23 01:15:20.175 D/CompatibilityChangeReporter( 1508): Compat change id reported: 177438394; UID 10078; state: DISABLED
12-23 01:15:20.175 D/CompatibilityChangeReporter( 1508): Compat change id reported: 135772972; UID 10078; state: DISABLED
12-23 01:15:20.175 D/CompatibilityChangeReporter( 1508): Compat change id reported: 135754954; UID 10078; state: ENABLED
12-23 01:15:20.175 D/CompatibilityChangeReporter( 1508): Compat change id reported: 143937733; UID 10078; state: ENABLED
12-23 01:15:20.180 I/ActivityManager( 1508): Start proc 16871:com.android.launcher3/u0a78 for service {com.android.launcher3/com.android.quickstep.TouchInteractionService}
01-01 08:00:57.433 I/binder ( 0): 16871:16871 ioctl 40046210 7fe8558544 returned -22
12-23 01:15:20.223 I/ActivityTaskManager( 1508): START u0 {act=android.intent.action.MAIN cat=[android.intent.category.DEFAULT] flg=0x10010000 cmp=com.android.launcher3/com.android.quickstep.RecentsActivity} from uid 10078
12-23 01:15:20.224 W/ActivityTaskManager( 1508): Can't find TaskDisplayArea to determine support for multi window. Task id=645 attached=false
12-23 01:15:20.227 I/ActivityTaskManager( 1508): The Process com.android.launcher3 Already Exists in BG. So sending its PID: 16871
12-23 01:15:20.232 W/ContextImpl( 2417): Calling a method in the system process without a qualified user: android.app.ContextImpl.startService:1816 android.content.ContextWrapper.startService:774 com.thundercomm.gamemode.ingame.services.GameModeActionUtils.startGameModeService:99 com.thundercomm.gamemode.ingame.services.GameModeActionUtils.startGameModeEntry:22 com.thundercomm.gamemode.ingame.services.ActivityMonitoringService$1.onActivityLaunch:127
12-23 01:15:20.233 I/GameModeConfig( 1508): Current uri is uri = content://com.thundercomm.gamemode.api/gamemode_settings/gamemode_isgaming
12-23 01:15:20.234 I/GameModeConfig( 1508): isGameModeOn = false
12-23 01:15:20.234 I/GameModeConfig( 1508): isGameModeOn = false
12-23 01:15:20.234 I/GameModeConfig( 1508): isDisableVoice = true
01-01 08:00:57.496 I/binder ( 0): 16871:16897 ioctl 40046210 7b6632a254 returned -22
12-23 01:15:20.291 E/AndroidRuntime(16871): FATAL EXCEPTION: ViewPool-init
12-23 01:15:20.291 E/AndroidRuntime(16871): Process: com.android.launcher3, PID: 16871
12-23 01:15:20.291 E/AndroidRuntime(16871): android.view.InflateException: Binary XML file line #18 in com.android.launcher3:layout/task: Binary XML file line #18 in com.android.launcher3:layout/task: Error inflating class com.android.quickstep.views.TaskView
12-23 01:15:20.291 E/AndroidRuntime(16871): Caused by: android.view.InflateException: Binary XML file line #18 in com.android.launcher3:layout/task: Error inflating class com.android.quickstep.views.TaskView
12-23 01:15:20.291 E/AndroidRuntime(16871): Caused by: java.lang.reflect.InvocationTargetException
12-23 01:15:20.291 E/AndroidRuntime(16871): at java.lang.reflect.Constructor.newInstance0(Native Method)
12-23 01:15:20.291 E/AndroidRuntime(16871): at java.lang.reflect.Constructor.newInstance(Constructor.java:343)
12-23 01:15:20.291 E/AndroidRuntime(16871): at android.view.LayoutInflater.createView(LayoutInflater.java:858)
12-23 01:15:20.291 E/AndroidRuntime(16871): at android.view.LayoutInflater.createViewFromTag(LayoutInflater.java:1010)
12-23 01:15:20.291 E/AndroidRuntime(16871): at android.view.LayoutInflater.createViewFromTag(LayoutInflater.java:965)
12-23 01:15:20.291 E/AndroidRuntime(16871): at android.view.LayoutInflater.inflate(LayoutInflater.java:663)
12-23 01:15:20.291 E/AndroidRuntime(16871): at android.view.LayoutInflater.inflate(LayoutInflater.java:538)
12-23 01:15:20.291 E/AndroidRuntime(16871): at com.android.launcher3.util.ViewPool.inflateNewView(ViewPool.java:106)
12-23 01:15:20.291 E/AndroidRuntime(16871): at com.android.launcher3.util.ViewPool.lambda$initPool$1$ViewPool(ViewPool.java:69)
12-23 01:15:20.291 E/AndroidRuntime(16871): at com.android.launcher3.util.ViewPool$$ExternalSyntheticLambda0.run(Unknown Source:8)
12-23 01:15:20.291 E/AndroidRuntime(16871): at java.lang.Thread.run(Thread.java:920)
12-23 01:15:20.291 E/AndroidRuntime(16871): Caused by: java.lang.ClassCastException: com.android.quickstep.RecentsActivity cannot be cast to com.android.launcher3.Launcher
12-23 01:15:20.291 E/AndroidRuntime(16871): at com.android.launcher3.Launcher.getLauncher(Launcher.java:3019)
12-23 01:15:20.291 E/AndroidRuntime(16871): at com.android.quickstep.views.TaskView.(TaskView.java:416)
12-23 01:15:20.291 E/AndroidRuntime(16871): at com.android.quickstep.views.TaskView.(TaskView.java:410)
12-23 01:15:20.291 E/AndroidRuntime(16871): ... 11 more
12-23 01:15:20.292 W/ActivityTaskManager( 1508): Force finishing activity com.android.launcher3/com.android.quickstep.RecentsActivity
12-23 01:15:20.297 W/ContextImpl( 2417): Calling a method in the system process without a qualified user: android.app.ContextImpl.startService:1816 android.content.ContextWrapper.startService:774 com.thundercomm.gamemode.ingame.services.GameModeActionUtils.startGameModeService:99 com.thundercomm.gamemode.ingame.services.GameModeActionUtils.startGameModeEntry:22 com.thundercomm.gamemode.ingame.services.ActivityMonitoringService$1.onActivityLaunch:127
12-23 01:15:20.299 I/GameModeConfig( 1508): Current uri is uri = content://com.thundercomm.gamemode.api/gamemode_settings/gamemode_isgaming
12-23 01:15:20.300 I/GameModeConfig( 1508): isGameModeOn = false
12-23 01:15:20.300 I/GameModeConfig( 1508): isGameModeOn = false
12-23 01:15:20.300 I/GameModeConfig( 1508): isDisableVoice = true
12-23 01:15:20.301 I/ActivityManager( 1508): Process com.android.launcher3 (pid 16871) has died: vis BFGS
12-23 01:15:20.302 W/ActivityManager( 1508): Scheduling restart of crashed service com.android.launcher3/com.android.quickstep.TouchInteractionService in 1000ms for connection
12-23 01:15:20.305 D/CompatibilityChangeReporter( 1508): Compat change id reported: 135634846; UID 10078; state: DISABLED
12-23 01:15:20.305 D/CompatibilityChangeReporter( 1508): Compat change id reported: 177438394; UID 10078; state: DISABLED
12-23 01:15:20.305 D/CompatibilityChangeReporter( 1508): Compat change id reported: 135772972; UID 10078; state: DISABLED
12-23 01:15:20.305 D/CompatibilityChangeReporter( 1508): Compat change id reported: 135754954; UID 10078; state: ENABLED
12-23 01:15:20.305 D/CompatibilityChangeReporter( 1508): Compat change id reported: 143937733; UID 10078; state: ENABLED
12-23 01:15:20.309 I/ActivityManager( 1508): Start proc 16910:com.android.launcher3/u0a78 for service {com.android.launcher3/com.android.quickstep.TouchInteractionService}
01-01 08:00:57.563 I/binder ( 0): 16910:16910 ioctl 40046210 7fe8558544 returned -22
12-23 01:15:20.351 I/ActivityTaskManager( 1508): START u0 {act=android.intent.action.MAIN cat=[android.intent.category.DEFAULT] flg=0x10010000 cmp=com.android.launcher3/com.android.quickstep.RecentsActivity} from uid 10078
12-23 01:15:20.352 W/ActivityTaskManager( 1508): Can't find TaskDisplayArea to determine support for multi window. Task id=647 attached=false
12-23 01:15:20.354 I/ActivityTaskManager( 1508): The Process com.android.launcher3 Already Exists in BG. So sending its PID: 16910
12-23 01:15:20.359 W/ContextImpl( 2417): Calling a method in the system process without a qualified user: android.app.ContextImpl.startService:1816 android.content.ContextWrapper.startService:774 com.thundercomm.gamemode.ingame.services.GameModeActionUtils.startGameModeService:99 com.thundercomm.gamemode.ingame.services.GameModeActionUtils.startGameModeEntry:22 com.thundercomm.gamemode.ingame.services.ActivityMonitoringService$1.onActivityLaunch:127
12-23 01:15:20.361 I/GameModeConfig( 1508): Current uri is uri = content://com.thundercomm.gamemode.api/gamemode_settings/gamemode_isgaming
12-23 01:15:20.362 I/GameModeConfig( 1508): isGameModeOn = false
12-23 01:15:20.362 I/GameModeConfig( 1508): isGameModeOn = false
12-23 01:15:20.362 I/GameModeConfig( 1508): isDisableVoice = true
01-01 08:00:57.622 I/ ( 0): read descriptors
01-01 08:00:57.622 I/ ( 0): read strings
01-01 08:00:57.622 I/binder ( 0): 16910:16935 ioctl 40046210 7b66428254 returned -22
12-23 01:15:20.415 E/AndroidRuntime(16910): FATAL EXCEPTION: ViewPool-init
12-23 01:15:20.415 E/AndroidRuntime(16910): Process: com.android.launcher3, PID: 16910
12-23 01:15:20.415 E/AndroidRuntime(16910): android.view.InflateException: Binary XML file line #18 in com.android.launcher3:layout/task: Binary XML file line #18 in com.android.launcher3:layout/task: Error inflating class com.android.quickstep.views.TaskView
12-23 01:15:20.415 E/AndroidRuntime(16910): Caused by: android.view.InflateException: Binary XML file line #18 in com.android.launcher3:layout/task: Error inflating class com.android.quickstep.views.TaskView
12-23 01:15:20.415 E/AndroidRuntime(16910): Caused by: java.lang.reflect.InvocationTargetException
12-23 01:15:20.415 E/AndroidRuntime(16910): at java.lang.reflect.Constructor.newInstance0(Native Method)
12-23 01:15:20.415 E/AndroidRuntime(16910): at java.lang.reflect.Constructor.newInstance(Constructor.java:343)
12-23 01:15:20.415 E/AndroidRuntime(16910): at android.view.LayoutInflater.createView(LayoutInflater.java:858)
12-23 01:15:20.415 E/AndroidRuntime(16910): at android.view.LayoutInflater.createViewFromTag(LayoutInflater.java:1010)
12-23 01:15:20.415 E/AndroidRuntime(16910): at android.view.LayoutInflater.createViewFromTag(LayoutInflater.java:965)
12-23 01:15:20.415 E/AndroidRuntime(16910): at android.view.LayoutInflater.inflate(LayoutInflater.java:663)
12-23 01:15:20.415 E/AndroidRuntime(16910): at android.view.LayoutInflater.inflate(LayoutInflater.java:538)
12-23 01:15:20.415 E/AndroidRuntime(16910): at com.android.launcher3.util.ViewPool.inflateNewView(ViewPool.java:106)
12-23 01:15:20.415 E/AndroidRuntime(16910): at com.android.launcher3.util.ViewPool.lambda$initPool$1$ViewPool(ViewPool.java:69)
12-23 01:15:20.415 E/AndroidRuntime(16910): at com.android.launcher3.util.ViewPool$$ExternalSyntheticLambda0.run(Unknown Source:8)
12-23 01:15:20.415 E/AndroidRuntime(16910): at java.lang.Thread.run(Thread.java:920)
12-23 01:15:20.415 E/AndroidRuntime(16910): Caused by: java.lang.ClassCastException: com.android.quickstep.RecentsActivity cannot be cast to com.android.launcher3.Launcher
12-23 01:15:20.415 E/AndroidRuntime(16910): at com.android.launcher3.Launcher.getLauncher(Launcher.java:3019)
12-23 01:15:20.415 E/AndroidRuntime(16910): at com.android.quickstep.views.TaskView.(TaskView.java:416)
12-23 01:15:20.415 E/AndroidRuntime(16910): at com.android.quickstep.views.TaskView.(TaskView.java:410)
12-23 01:15:20.415 E/AndroidRuntime(16910): ... 11 more
12-23 01:15:20.416 W/ActivityTaskManager( 1508): Force finishing activity com.android.launcher3/com.android.quickstep.RecentsActivity
12-23 01:15:20.423 W/ContextImpl( 2417): Calling a method in the system process without a qualified user: android.app.ContextImpl.startService:1816 android.content.ContextWrapper.startService:774 com.thundercomm.gamemode.ingame.services.GameModeActionUtils.startGameModeService:99 com.thundercomm.gamemode.ingame.services.GameModeActionUtils.startGameModeEntry:22 com.thundercomm.gamemode.ingame.services.ActivityMonitoringService$1.onActivityLaunch:127
12-23 01:15:20.425 I/GameModeConfig( 1508): Current uri is uri = content://com.thundercomm.gamemode.api/gamemode_settings/gamemode_isgaming
12-23 01:15:20.426 I/GameModeConfig( 1508): isGameModeOn = false
12-23 01:15:20.426 I/GameModeConfig( 1508): isGameModeOn = false
12-23 01:15:20.426 I/GameModeConfig( 1508): isDisableVoice = true
12-23 01:15:20.429 I/ActivityManager( 1508): Process com.android.launcher3 (pid 16910) has died: vis BFGS
12-23 01:15:20.430 W/ActivityManager( 1508): Scheduling restart of crashed service com.android.launcher3/com.android.quickstep.TouchInteractionService in 1000ms for connection
12-23 01:15:20.433 D/CompatibilityChangeReporter( 1508): Compat change id reported: 135634846; UID 10078; state: DISABLED
12-23 01:15:20.433 D/CompatibilityChangeReporter( 1508): Compat change id reported: 177438394; UID 10078; state: DISABLED
12-23 01:15:20.433 D/CompatibilityChangeReporter( 1508): Compat change id reported: 135772972; UID 10078; state: DISABLED
12-23 01:15:20.433 D/CompatibilityChangeReporter( 1508): Compat change id reported: 135754954; UID 10078; state: ENABLED
12-23 01:15:20.433 D/CompatibilityChangeReporter( 1508): Compat change id reported: 143937733; UID 10078; state: ENABLED
12-23 01:15:20.438 I/ActivityManager( 1508): Start proc 16949:com.android.launcher3/u0a78 for service {com.android.launcher3/com.android.quickstep.TouchInteractionService}
01-01 08:00:57.692 I/binder ( 0): 16949:16949 ioctl 40046210 7fe8558544 returned -22
01-01 08:00:57.709 D/ ( 0): mv2112_read_status
01-01 08:00:57.710 D/mv2112_update_link( 0): 3.0x901(1G): 0x80
01-01 08:00:57.710 D/mv2112_update_link( 0): 3.0x8109(100M): 0x8
01-01 08:00:57.710 D/mv2112_update_link( 0): link 0x0
01-01 08:00:57.710 D/mv2112_read_status( 0): autoneg is disabled
12-23 01:15:20.480 I/ActivityTaskManager( 1508): START u0 {act=android.intent.action.MAIN cat=[android.intent.category.DEFAULT] flg=0x10010000 cmp=com.android.launcher3/com.android.quickstep.RecentsActivity} from uid 10078
12-23 01:15:20.481 W/ActivityTaskManager( 1508): Can't find TaskDisplayArea to determine support for multi window. Task id=649 attached=false
12-23 01:15:20.483 I/ActivityTaskManager( 1508): The Process com.android.launcher3 Already Exists in BG. So sending its PID: 16949
12-23 01:15:20.489 W/ContextImpl( 2417): Calling a method in the system process without a qualified user: android.app.ContextImpl.startService:1816 android.content.ContextWrapper.startService:774 com.thundercomm.gamemode.ingame.services.GameModeActionUtils.startGameModeService:99 com.thundercomm.gamemode.ingame.services.GameModeActionUtils.startGameModeEntry:22 com.thundercomm.gamemode.ingame.services.ActivityMonitoringService$1.onActivityLaunch:127
12-23 01:15:20.490 I/GameModeConfig( 1508): Current uri is uri = content://com.thundercomm.gamemode.api/gamemode_settings/gamemode_isgaming
12-23 01:15:20.491 I/GameModeConfig( 1508): isGameModeOn = false
12-23 01:15:20.491 I/GameModeConfig( 1508): isGameModeOn = false
12-23 01:15:20.491 I/GameModeConfig( 1508): isDisableVoice = true
01-01 08:00:57.749 I/binder ( 0): 16949:16976 ioctl 40046210 7b6632a254 returned -22
12-23 01:15:20.544 E/AndroidRuntime(16949): FATAL EXCEPTION: ViewPool-init
12-23 01:15:20.544 E/AndroidRuntime(16949): Process: com.android.launcher3, PID: 16949
12-23 01:15:20.544 E/AndroidRuntime(16949): android.view.InflateException: Binary XML file line #18 in com.android.launcher3:layout/task: Binary XML file line #18 in com.android.launcher3:layout/task: Error inflating class com.android.quickstep.views.TaskView
12-23 01:15:20.544 E/AndroidRuntime(16949): Caused by: android.view.InflateException: Binary XML file line #18 in com.android.launcher3:layout/task: Error inflating class com.android.quickstep.views.TaskView
12-23 01:15:20.544 E/AndroidRuntime(16949): Caused by: java.lang.reflect.InvocationTargetException
12-23 01:15:20.544 E/AndroidRuntime(16949): at java.lang.reflect.Constructor.newInstance0(Native Method)
12-23 01:15:20.544 E/AndroidRuntime(16949): at java.lang.reflect.Constructor.newInstance(Constructor.java:343)
12-23 01:15:20.544 E/AndroidRuntime(16949): at android.view.LayoutInflater.createView(LayoutInflater.java:858)
12-23 01:15:20.544 E/AndroidRuntime(16949): at android.view.LayoutInflater.createViewFromTag(LayoutInflater.java:1010)
12-23 01:15:20.544 E/AndroidRuntime(16949): at android.view.LayoutInflater.createViewFromTag(LayoutInflater.java:965)
12-23 01:15:20.544 E/AndroidRuntime(16949): at android.view.LayoutInflater.inflate(LayoutInflater.java:663)
12-23 01:15:20.544 E/AndroidRuntime(16949): at android.view.LayoutInflater.inflate(LayoutInflater.java:538)
12-23 01:15:20.544 E/AndroidRuntime(16949): at com.android.launcher3.util.ViewPool.inflateNewView(ViewPool.java:106)
12-23 01:15:20.544 E/AndroidRuntime(16949): at com.android.launcher3.util.ViewPool.lambda$initPool$1$ViewPool(ViewPool.java:69)
12-23 01:15:20.544 E/AndroidRuntime(16949): at com.android.launcher3.util.ViewPool$$ExternalSyntheticLambda0.run(Unknown Source:8)
12-23 01:15:20.544 E/AndroidRuntime(16949): at java.lang.Thread.run(Thread.java:920)
12-23 01:15:20.544 E/AndroidRuntime(16949): Caused by: java.lang.ClassCastException: com.android.quickstep.RecentsActivity cannot be cast to com.android.launcher3.Launcher
12-23 01:15:20.544 E/AndroidRuntime(16949): at com.android.launcher3.Launcher.getLauncher(Launcher.java:3019)
12-23 01:15:20.544 E/AndroidRuntime(16949): at com.android.quickstep.views.TaskView.(TaskView.java:416)
12-23 01:15:20.544 E/AndroidRuntime(16949): at com.android.quickstep.views.TaskView.(TaskView.java:410)
12-23 01:15:20.544 E/AndroidRuntime(16949): ... 11 more
12-23 01:15:20.545 W/ActivityTaskManager( 1508): Force finishing activity com.android.launcher3/com.android.quickstep.RecentsActivity
12-23 01:15:20.551 W/ContextImpl( 2417): Calling a method in the system process without a qualified user: android.app.ContextImpl.startService:1816 android.content.ContextWrapper.startService:774 com.thundercomm.gamemode.ingame.services.GameModeActionUtils.startGameModeService:99 com.thundercomm.gamemode.ingame.services.GameModeActionUtils.startGameModeEntry:22 com.thundercomm.gamemode.ingame.services.ActivityMonitoringService$1.onActivityLaunch:127
12-23 01:15:20.552 I/GameModeConfig( 1508): Current uri is uri = content://com.thundercomm.gamemode.api/gamemode_settings/gamemode_isgaming
12-23 01:15:20.553 I/GameModeConfig( 1508): isGameModeOn = false
12-23 01:15:20.553 I/GameModeConfig( 1508): isGameModeOn = false
12-23 01:15:20.553 I/GameModeConfig( 1508): isDisableVoice = true
12-23 01:15:20.555 I/ActivityManager( 1508): Process com.android.launcher3 (pid 16949) has died: vis BFGS
12-23 01:15:20.556 W/ActivityManager( 1508): Scheduling restart of crashed service com.android.launcher3/com.android.quickstep.TouchInteractionService in 1000ms for connection
12-23 01:15:20.559 D/CompatibilityChangeReporter( 1508): Compat change id reported: 135634846; UID 10078; state: DISABLED
12-23 01:15:20.559 D/CompatibilityChangeReporter( 1508): Compat change id reported: 177438394; UID 10078; state: DISABLED
12-23 01:15:20.559 D/CompatibilityChangeReporter( 1508): Compat change id reported: 135772972; UID 10078; state: DISABLED
12-23 01:15:20.559 D/CompatibilityChangeReporter( 1508): Compat change id reported: 135754954; UID 10078; state: ENABLED
12-23 01:15:20.559 D/CompatibilityChangeReporter( 1508): Compat change id reported: 143937733; UID 10078; state: ENABLED
12-23 01:15:20.563 I/ActivityManager( 1508): Start proc 16989:com.android.launcher3/u0a78 for service {com.android.launcher3/com.android.quickstep.TouchInteractionService}
01-01 08:00:57.817 I/binder ( 0): 16989:16989 ioctl 40046210 7fe8558544 returned -22
12-23 01:15:20.606 I/ActivityTaskManager( 1508): START u0 {act=android.intent.action.MAIN cat=[android.intent.category.DEFAULT] flg=0x10010000 cmp=com.android.launcher3/com.android.quickstep.RecentsActivity} from uid 10078
12-23 01:15:20.608 W/ActivityTaskManager( 1508): Can't find TaskDisplayArea to determine support for multi window. Task id=651 attached=false
12-23 01:15:20.610 I/ActivityTaskManager( 1508): The Process com.android.launcher3 Already Exists in BG. So sending its PID: 16989
12-23 01:15:20.616 W/ContextImpl( 2417): Calling a method in the system process without a qualified user: android.app.ContextImpl.startService:1816 android.content.ContextWrapper.startService:774 com.thundercomm.gamemode.ingame.services.GameModeActionUtils.startGameModeService:99 com.thundercomm.gamemode.ingame.services.GameModeActionUtils.startGameModeEntry:22 com.thundercomm.gamemode.ingame.services.ActivityMonitoringService$1.onActivityLaunch:127
12-23 01:15:20.618 I/GameModeConfig( 1508): Current uri is uri = content://com.thundercomm.gamemode.api/gamemode_settings/gamemode_isgaming
12-23 01:15:20.619 I/GameModeConfig( 1508): isGameModeOn = false
12-23 01:15:20.619 I/GameModeConfig( 1508): isGameModeOn = false
12-23 01:15:20.619 I/GameModeConfig( 1508): isDisableVoice = true
01-01 08:00:57.880 I/binder ( 0): 16989:17016 ioctl 40046210 7b6632a254 returned -22
12-23 01:15:20.675 E/AndroidRuntime(16989): FATAL EXCEPTION: ViewPool-init
12-23 01:15:20.675 E/AndroidRuntime(16989): Process: com.android.launcher3, PID: 16989
12-23 01:15:20.675 E/AndroidRuntime(16989): android.view.InflateException: Binary XML file line #18 in com.android.launcher3:layout/task: Binary XML file line #18 in com.android.launcher3:layout/task: Error inflating class com.android.quickstep.views.TaskView
12-23 01:15:20.675 E/AndroidRuntime(16989): Caused by: android.view.InflateException: Binary XML file line #18 in com.android.launcher3:layout/task: Error inflating class com.android.quickstep.views.TaskView
12-23 01:15:20.675 E/AndroidRuntime(16989): Caused by: java.lang.reflect.InvocationTargetException
12-23 01:15:20.675 E/AndroidRuntime(16989): at java.lang.reflect.Constructor.newInstance0(Native Method)
12-23 01:15:20.675 E/AndroidRuntime(16989): at java.lang.reflect.Constructor.newInstance(Constructor.java:343)
12-23 01:15:20.675 E/AndroidRuntime(16989): at android.view.LayoutInflater.createView(LayoutInflater.java:858)
12-23 01:15:20.675 E/AndroidRuntime(16989): at android.view.LayoutInflater.createViewFromTag(LayoutInflater.java:1010)
12-23 01:15:20.675 E/AndroidRuntime(16989): at android.view.LayoutInflater.createViewFromTag(LayoutInflater.java:965)
12-23 01:15:20.675 E/AndroidRuntime(16989): at android.view.LayoutInflater.inflate(LayoutInflater.java:663)
12-23 01:15:20.675 E/AndroidRuntime(16989): at android.view.LayoutInflater.inflate(LayoutInflater.java:538)
12-23 01:15:20.675 E/AndroidRuntime(16989): at com.android.launcher3.util.ViewPool.inflateNewView(ViewPool.java:106)
12-23 01:15:20.675 E/AndroidRuntime(16989): at com.android.launcher3.util.ViewPool.lambda$initPool$1$ViewPool(ViewPool.java:69)
12-23 01:15:20.675 E/AndroidRuntime(16989): at com.android.launcher3.util.ViewPool$$ExternalSyntheticLambda0.run(Unknown Source:8)
12-23 01:15:20.675 E/AndroidRuntime(16989): at java.lang.Thread.run(Thread.java:920)
12-23 01:15:20.675 E/AndroidRuntime(16989): Caused by: java.lang.ClassCastException: com.android.quickstep.RecentsActivity cannot be cast to com.android.launcher3.Launcher
12-23 01:15:20.675 E/AndroidRuntime(16989): at com.android.launcher3.Launcher.getLauncher(Launcher.java:3019)
12-23 01:15:20.675 E/AndroidRuntime(16989): at com.android.quickstep.views.TaskView.(TaskView.java:416)
12-23 01:15:20.675 E/AndroidRuntime(16989): at com.android.quickstep.views.TaskView.(TaskView.java:410)
12-23 01:15:20.675 E/AndroidRuntime(16989): ... 11 more
12-23 01:15:20.676 W/ActivityTaskManager( 1508): Force finishing activity com.android.launcher3/com.android.quickstep.RecentsActivity
12-23 01:15:20.682 W/ContextImpl( 2417): Calling a method in the system process without a qualified user: android.app.ContextImpl.startService:1816 android.content.ContextWrapper.startService:774 com.thundercomm.gamemode.ingame.services.GameModeActionUtils.startGameModeService:99 com.thundercomm.gamemode.ingame.services.GameModeActionUtils.startGameModeEntry:22 com.thundercomm.gamemode.ingame.services.ActivityMonitoringService$1.onActivityLaunch:127
12-23 01:15:20.683 I/GameModeConfig( 1508): Current uri is uri = content://com.thundercomm.gamemode.api/gamemode_settings/gamemode_isgaming
12-23 01:15:20.684 I/GameModeConfig( 1508): isGameModeOn = false
12-23 01:15:20.684 I/GameModeConfig( 1508): isGameModeOn = false
12-23 01:15:20.684 I/GameModeConfig( 1508): isDisableVoice = true
12-23 01:15:20.703 I/ActivityManager( 1508): Process com.android.launcher3 (pid 16989) has died: vis BFGS
12-23 01:15:20.704 W/ActivityManager( 1508): Scheduling restart of crashed service com.android.launcher3/com.android.quickstep.TouchInteractionService in 1000ms for connection
12-23 01:15:20.707 D/CompatibilityChangeReporter( 1508): Compat change id reported: 135634846; UID 10078; state: DISABLED
12-23 01:15:20.707 D/CompatibilityChangeReporter( 1508): Compat change id reported: 177438394; UID 10078; state: DISABLED
12-23 01:15:20.707 D/CompatibilityChangeReporter( 1508): Compat change id reported: 135772972; UID 10078; state: DISABLED
12-23 01:15:20.707 D/CompatibilityChangeReporter( 1508): Compat change id reported: 135754954; UID 10078; state: ENABLED
12-23 01:15:20.707 D/CompatibilityChangeReporter( 1508): Compat change id reported: 143937733; UID 10078; state: ENABLED
12-23 01:15:20.712 I/ActivityManager( 1508): Start proc 17029:com.android.launcher3/u0a78 for service {com.android.launcher3/com.android.quickstep.TouchInteractionService}
01-01 08:00:57.965 I/binder ( 0): 17029:17029 ioctl 40046210 7fe8558544 returned -22
12-23 01:15:20.752 I/ActivityTaskManager( 1508): START u0 {act=android.intent.action.MAIN cat=[android.intent.category.DEFAULT] flg=0x10010000 cmp=com.android.launcher3/com.android.quickstep.RecentsActivity} from uid 10078
12-23 01:15:20.754 W/ActivityTaskManager( 1508): Can't find TaskDisplayArea to determine support for multi window. Task id=653 attached=false
12-23 01:15:20.756 I/ActivityTaskManager( 1508): The Process com.android.launcher3 Already Exists in BG. So sending its PID: 17029
12-23 01:15:20.762 W/ContextImpl( 2417): Calling a method in the system process without a qualified user: android.app.ContextImpl.startService:1816 android.content.ContextWrapper.startService:774 com.thundercomm.gamemode.ingame.services.GameModeActionUtils.startGameModeService:99 com.thundercomm.gamemode.ingame.services.GameModeActionUtils.startGameModeEntry:22 com.thundercomm.gamemode.ingame.services.ActivityMonitoringService$1.onActivityLaunch:127
12-23 01:15:20.763 I/GameModeConfig( 1508): Current uri is uri = content://com.thundercomm.gamemode.api/gamemode_settings/gamemode_isgaming
12-23 01:15:20.764 I/GameModeConfig( 1508): isGameModeOn = false
12-23 01:15:20.764 I/GameModeConfig( 1508): isGameModeOn = false
12-23 01:15:20.764 I/GameModeConfig( 1508): isDisableVoice = true
01-01 08:00:58.023 I/binder ( 0): 17029:17056 ioctl 40046210 7b6632a254 returned -22
12-23 01:15:20.817 E/AndroidRuntime(17029): FATAL EXCEPTION: ViewPool-init
12-23 01:15:20.817 E/AndroidRuntime(17029): Process: com.android.launcher3, PID: 17029
12-23 01:15:20.817 E/AndroidRuntime(17029): android.view.InflateException: Binary XML file line #18 in com.android.launcher3:layout/task: Binary XML file line #18 in com.android.launcher3:layout/task: Error inflating class com.android.quickstep.views.TaskView
12-23 01:15:20.817 E/AndroidRuntime(17029): Caused by: android.view.InflateException: Binary XML file line #18 in com.android.launcher3:layout/task: Error inflating class com.android.quickstep.views.TaskView
12-23 01:15:20.817 E/AndroidRuntime(17029): Caused by: java.lang.reflect.InvocationTargetException
12-23 01:15:20.817 E/AndroidRuntime(17029): at java.lang.reflect.Constructor.newInstance0(Native Method)
12-23 01:15:20.817 E/AndroidRuntime(17029): at java.lang.reflect.Constructor.newInstance(Constructor.java:343)
12-23 01:15:20.817 E/AndroidRuntime(17029): at android.view.LayoutInflater.createView(LayoutInflater.java:858)
12-23 01:15:20.817 E/AndroidRuntime(17029): at android.view.LayoutInflater.createViewFromTag(LayoutInflater.java:1010)
12-23 01:15:20.817 E/AndroidRuntime(17029): at android.view.LayoutInflater.createViewFromTag(LayoutInflater.java:965)
12-23 01:15:20.817 E/AndroidRuntime(17029): at android.view.LayoutInflater.inflate(LayoutInflater.java:663)
12-23 01:15:20.817 E/AndroidRuntime(17029): at android.view.LayoutInflater.inflate(LayoutInflater.java:538)
12-23 01:15:20.817 E/AndroidRuntime(17029): at com.android.launcher3.util.ViewPool.inflateNewView(ViewPool.java:106)
12-23 01:15:20.817 E/AndroidRuntime(17029): at com.android.launcher3.util.ViewPool.lambda$initPool$1$ViewPool(ViewPool.java:69)
12-23 01:15:20.817 E/AndroidRuntime(17029): at com.android.launcher3.util.ViewPool$$ExternalSyntheticLambda0.run(Unknown Source:8)
12-23 01:15:20.817 E/AndroidRuntime(17029): at java.lang.Thread.run(Thread.java:920)
12-23 01:15:20.817 E/AndroidRuntime(17029): Caused by: java.lang.ClassCastException: com.android.quickstep.RecentsActivity cannot be cast to com.android.launcher3.Launcher
12-23 01:15:20.817 E/AndroidRuntime(17029): at com.android.launcher3.Launcher.getLauncher(Launcher.java:3019)
12-23 01:15:20.817 E/AndroidRuntime(17029): at com.android.quickstep.views.TaskView.(TaskView.java:416)
12-23 01:15:20.817 E/AndroidRuntime(17029): at com.android.quickstep.views.TaskView.(TaskView.java:410)
12-23 01:15:20.817 E/AndroidRuntime(17029): ... 11 more
12-23 01:15:20.818 W/ActivityTaskManager( 1508): Force finishing activity com.android.launcher3/com.android.quickstep.RecentsActivity
12-23 01:15:20.824 W/ContextImpl( 2417): Calling a method in the system process without a qualified user: android.app.ContextImpl.startService:1816 android.content.ContextWrapper.startService:774 com.thundercomm.gamemode.ingame.services.GameModeActionUtils.startGameModeService:99 com.thundercomm.gamemode.ingame.services.GameModeActionUtils.startGameModeEntry:22 com.thundercomm.gamemode.ingame.services.ActivityMonitoringService$1.onActivityLaunch:127
12-23 01:15:20.826 I/GameModeConfig( 1508): Current uri is uri = content://com.thundercomm.gamemode.api/gamemode_settings/gamemode_isgaming
12-23 01:15:20.826 I/GameModeConfig( 1508): isGameModeOn = false
12-23 01:15:20.827 I/GameModeConfig( 1508): isGameModeOn = false
12-23 01:15:20.827 I/GameModeConfig( 1508): isDisableVoice = true
12-23 01:15:20.828 I/ActivityManager( 1508): Process com.android.launcher3 (pid 17029) has died: vis BFGS
12-23 01:15:20.828 W/ActivityManager( 1508): Scheduling restart of crashed service com.android.launcher3/com.android.quickstep.TouchInteractionService in 1000ms for connection
12-23 01:15:20.832 D/CompatibilityChangeReporter( 1508): Compat change id reported: 135634846; UID 10078; state: DISABLED
12-23 01:15:20.832 D/CompatibilityChangeReporter( 1508): Compat change id reported: 177438394; UID 10078; state: DISABLED
12-23 01:15:20.832 D/CompatibilityChangeReporter( 1508): Compat change id reported: 135772972; UID 10078; state: DISABLED
12-23 01:15:20.832 D/CompatibilityChangeReporter( 1508): Compat change id reported: 135754954; UID 10078; state: ENABLED
12-23 01:15:20.832 D/CompatibilityChangeReporter( 1508): Compat change id reported: 143937733; UID 10078; state: ENABLED
12-23 01:15:20.836 I/ActivityManager( 1508): Start proc 17069:com.android.launcher3/u0a78 for service {com.android.launcher3/com.android.quickstep.TouchInteractionService}
01-01 08:00:58.089 I/binder ( 0): 17069:17069 ioctl 40046210 7fe8558544 returned -22
12-23 01:15:20.876 I/ActivityTaskManager( 1508): START u0 {act=android.intent.action.MAIN cat=[android.intent.category.DEFAULT] flg=0x10010000 cmp=com.android.launcher3/com.android.quickstep.RecentsActivity} from uid 10078
12-23 01:15:20.877 W/ActivityTaskManager( 1508): Can't find TaskDisplayArea to determine support for multi window. Task id=655 attached=false
12-23 01:15:20.880 I/ActivityTaskManager( 1508): The Process com.android.launcher3 Already Exists in BG. So sending its PID: 17069
12-23 01:15:20.884 W/ContextImpl( 2417): Calling a method in the system process without a qualified user: android.app.ContextImpl.startService:1816 android.content.ContextWrapper.startService:774 com.thundercomm.gamemode.ingame.services.GameModeActionUtils.startGameModeService:99 com.thundercomm.gamemode.ingame.services.GameModeActionUtils.startGameModeEntry:22 com.thundercomm.gamemode.ingame.services.ActivityMonitoringService$1.onActivityLaunch:127
12-23 01:15:20.887 I/GameModeConfig( 1508): Current uri is uri = content://com.thundercomm.gamemode.api/gamemode_settings/gamemode_isgaming
12-23 01:15:20.887 I/GameModeConfig( 1508): isGameModeOn = false
12-23 01:15:20.887 I/GameModeConfig( 1508): isGameModeOn = false
12-23 01:15:20.887 I/GameModeConfig( 1508): isDisableVoice = true
01-01 08:00:58.148 I/binder ( 0): 17069:17096 ioctl 40046210 7b6632a254 returned -22
12-23 01:15:20.942 E/AndroidRuntime(17069): FATAL EXCEPTION: ViewPool-init
12-23 01:15:20.942 E/AndroidRuntime(17069): Process: com.android.launcher3, PID: 17069
12-23 01:15:20.942 E/AndroidRuntime(17069): android.view.InflateException: Binary XML file line #18 in com.android.launcher3:layout/task: Binary XML file line #18 in com.android.launcher3:layout/task: Error inflating class com.android.quickstep.views.TaskView
12-23 01:15:20.942 E/AndroidRuntime(17069): Caused by: android.view.InflateException: Binary XML file line #18 in com.android.launcher3:layout/task: Error inflating class com.android.quickstep.views.TaskView
12-23 01:15:20.942 E/AndroidRuntime(17069): Caused by: java.lang.reflect.InvocationTargetException
12-23 01:15:20.942 E/AndroidRuntime(17069): at java.lang.reflect.Constructor.newInstance0(Native Method)
12-23 01:15:20.942 E/AndroidRuntime(17069): at java.lang.reflect.Constructor.newInstance(Constructor.java:343)
12-23 01:15:20.942 E/AndroidRuntime(17069): at android.view.LayoutInflater.createView(LayoutInflater.java:858)
12-23 01:15:20.942 E/AndroidRuntime(17069): at android.view.LayoutInflater.createViewFromTag(LayoutInflater.java:1010)
12-23 01:15:20.942 E/AndroidRuntime(17069): at android.view.LayoutInflater.createViewFromTag(LayoutInflater.java:965)
12-23 01:15:20.942 E/AndroidRuntime(17069): at android.view.LayoutInflater.inflate(LayoutInflater.java:663)
12-23 01:15:20.942 E/AndroidRuntime(17069): at android.view.LayoutInflater.inflate(LayoutInflater.java:538)
12-23 01:15:20.942 E/AndroidRuntime(17069): at com.android.launcher3.util.ViewPool.inflateNewView(ViewPool.java:106)
12-23 01:15:20.942 E/AndroidRuntime(17069): at com.android.launcher3.util.ViewPool.lambda$initPool$1$ViewPool(ViewPool.java:69)
12-23 01:15:20.942 E/AndroidRuntime(17069): at com.android.launcher3.util.ViewPool$$ExternalSyntheticLambda0.run(Unknown Source:8)
12-23 01:15:20.942 E/AndroidRuntime(17069): at java.lang.Thread.run(Thread.java:920)
12-23 01:15:20.942 E/AndroidRuntime(17069): Caused by: java.lang.ClassCastException: com.android.quickstep.RecentsActivity cannot be cast to com.android.launcher3.Launcher
12-23 01:15:20.942 E/AndroidRuntime(17069): at com.android.launcher3.Launcher.getLauncher(Launcher.java:3019)
12-23 01:15:20.942 E/AndroidRuntime(17069): at com.android.quickstep.views.TaskView.(TaskView.java:416)
12-23 01:15:20.942 E/AndroidRuntime(17069): at com.android.quickstep.views.TaskView.(TaskView.java:410)
12-23 01:15:20.942 E/AndroidRuntime(17069): ... 11 more
12-23 01:15:20.943 W/ActivityTaskManager( 1508): Force finishing activity com.android.launcher3/com.android.quickstep.RecentsActivity
12-23 01:15:20.949 W/ContextImpl( 2417): Calling a method in the system process without a qualified user: android.app.ContextImpl.startService:1816 android.content.ContextWrapper.startService:774 com.thundercomm.gamemode.ingame.services.GameModeActionUtils.startGameModeService:99 com.thundercomm.gamemode.ingame.services.GameModeActionUtils.startGameModeEntry:22 com.thundercomm.gamemode.ingame.services.ActivityMonitoringService$1.onActivityLaunch:127
12-23 01:15:20.951 I/GameModeConfig( 1508): Current uri is uri = content://com.thundercomm.gamemode.api/gamemode_settings/gamemode_isgaming
12-23 01:15:20.951 I/GameModeConfig( 1508): isGameModeOn = false
12-23 01:15:20.952 I/GameModeConfig( 1508): isGameModeOn = false
12-23 01:15:20.952 I/GameModeConfig( 1508): isDisableVoice = true
12-23 01:15:20.968 I/ActivityManager( 1508): Process com.android.launcher3 (pid 17069) has died: vis BFGS
12-23 01:15:20.969 W/ActivityManager( 1508): Scheduling restart of crashed service com.android.launcher3/com.android.quickstep.TouchInteractionService in 1000ms for connection
12-23 01:15:20.972 D/CompatibilityChangeReporter( 1508): Compat change id reported: 135634846; UID 10078; state: DISABLED
12-23 01:15:20.972 D/CompatibilityChangeReporter( 1508): Compat change id reported: 177438394; UID 10078; state: DISABLED
12-23 01:15:20.972 D/CompatibilityChangeReporter( 1508): Compat change id reported: 135772972; UID 10078; state: DISABLED
12-23 01:15:20.972 D/CompatibilityChangeReporter( 1508): Compat change id reported: 135754954; UID 10078; state: ENABLED
12-23 01:15:20.972 D/CompatibilityChangeReporter( 1508): Compat change id reported: 143937733; UID 10078; state: ENABLED
12-23 01:15:20.977 I/ActivityManager( 1508): Start proc 17109:com.android.launcher3/u0a78 for service {com.android.launcher3/com.android.quickstep.TouchInteractionService}
01-01 08:00:58.231 I/binder ( 0): 17109:17109 ioctl 40046210 7fe8558544 returned -22
12-23 01:15:21.019 I/ActivityTaskManager( 1508): START u0 {act=android.intent.action.MAIN cat=[android.intent.category.DEFAULT] flg=0x10010000 cmp=com.android.launcher3/com.android.quickstep.RecentsActivity} from uid 10078
12-23 01:15:21.020 W/ActivityTaskManager( 1508): Can't find TaskDisplayArea to determine support for multi window. Task id=657 attached=false
12-23 01:15:21.023 I/ActivityTaskManager( 1508): The Process com.android.launcher3 Already Exists in BG. So sending its PID: 17109
12-23 01:15:21.028 W/ContextImpl( 2417): Calling a method in the system process without a qualified user: android.app.ContextImpl.startService:1816 android.content.ContextWrapper.startService:774 com.thundercomm.gamemode.ingame.services.GameModeActionUtils.startGameModeService:99 com.thundercomm.gamemode.ingame.services.GameModeActionUtils.startGameModeEntry:22 com.thundercomm.gamemode.ingame.services.ActivityMonitoringService$1.onActivityLaunch:127
12-23 01:15:21.030 I/GameModeConfig( 1508): Current uri is uri = content://com.thundercomm.gamemode.api/gamemode_settings/gamemode_isgaming
12-23 01:15:21.030 I/GameModeConfig( 1508): isGameModeOn = false
12-23 01:15:21.031 I/GameModeConfig( 1508): isGameModeOn = false
12-23 01:15:21.031 I/GameModeConfig( 1508): isDisableVoice = true
01-01 08:00:58.290 I/binder ( 0): 17109:17136 ioctl 40046210 7b6632a254 returned -22
12-23 01:15:21.084 E/AndroidRuntime(17109): FATAL EXCEPTION: ViewPool-init
12-23 01:15:21.084 E/AndroidRuntime(17109): Process: com.android.launcher3, PID: 17109
12-23 01:15:21.084 E/AndroidRuntime(17109): android.view.InflateException: Binary XML file line #18 in com.android.launcher3:layout/task: Binary XML file line #18 in com.android.launcher3:layout/task: Error inflating class com.android.quickstep.views.TaskView
12-23 01:15:21.084 E/AndroidRuntime(17109): Caused by: android.view.InflateException: Binary XML file line #18 in com.android.launcher3:layout/task: Error inflating class com.android.quickstep.views.TaskView
12-23 01:15:21.084 E/AndroidRuntime(17109): Caused by: java.lang.reflect.InvocationTargetException
12-23 01:15:21.084 E/AndroidRuntime(17109): at java.lang.reflect.Constructor.newInstance0(Native Method)
12-23 01:15:21.084 E/AndroidRuntime(17109): at java.lang.reflect.Constructor.newInstance(Constructor.java:343)
12-23 01:15:21.084 E/AndroidRuntime(17109): at android.view.LayoutInflater.createView(LayoutInflater.java:858)
12-23 01:15:21.084 E/AndroidRuntime(17109): at android.view.LayoutInflater.createViewFromTag(LayoutInflater.java:1010)
12-23 01:15:21.084 E/AndroidRuntime(17109): at android.view.LayoutInflater.createViewFromTag(LayoutInflater.java:965)
12-23 01:15:21.084 E/AndroidRuntime(17109): at android.view.LayoutInflater.inflate(LayoutInflater.java:663)
12-23 01:15:21.084 E/AndroidRuntime(17109): at android.view.LayoutInflater.inflate(LayoutInflater.java:538)
12-23 01:15:21.084 E/AndroidRuntime(17109): at com.android.launcher3.util.ViewPool.inflateNewView(ViewPool.java:106)
12-23 01:15:21.084 E/AndroidRuntime(17109): at com.android.launcher3.util.ViewPool.lambda$initPool$1$ViewPool(ViewPool.java:69)
12-23 01:15:21.084 E/AndroidRuntime(17109): at com.android.launcher3.util.ViewPool$$ExternalSyntheticLambda0.run(Unknown Source:8)
12-23 01:15:21.084 E/AndroidRuntime(17109): at java.lang.Thread.run(Thread.java:920)
12-23 01:15:21.084 E/AndroidRuntime(17109): Caused by: java.lang.ClassCastException: com.android.quickstep.RecentsActivity cannot be cast to com.android.launcher3.Launcher
12-23 01:15:21.084 E/AndroidRuntime(17109): at com.android.launcher3.Launcher.getLauncher(Launcher.java:3019)
12-23 01:15:21.084 E/AndroidRuntime(17109): at com.android.quickstep.views.TaskView.(TaskView.java:416)
12-23 01:15:21.084 E/AndroidRuntime(17109): at com.android.quickstep.views.TaskView.(TaskView.java:410)
12-23 01:15:21.084 E/AndroidRuntime(17109): ... 11 more
12-23 01:15:21.085 W/ActivityTaskManager( 1508): Force finishing activity com.android.launcher3/com.android.quickstep.RecentsActivity
12-23 01:15:21.091 W/ContextImpl( 2417): Calling a method in the system process without a qualified user: android.app.ContextImpl.startService:1816 android.content.ContextWrapper.startService:774 com.thundercomm.gamemode.ingame.services.GameModeActionUtils.startGameModeService:99 com.thundercomm.gamemode.ingame.services.GameModeActionUtils.startGameModeEntry:22 com.thundercomm.gamemode.ingame.services.ActivityMonitoringService$1.onActivityLaunch:127
12-23 01:15:21.093 I/GameModeConfig( 1508): Current uri is uri = content://com.thundercomm.gamemode.api/gamemode_settings/gamemode_isgaming
12-23 01:15:21.094 I/GameModeConfig( 1508): isGameModeOn = false
12-23 01:15:21.094 I/GameModeConfig( 1508): isGameModeOn = false
12-23 01:15:21.094 I/GameModeConfig( 1508): isDisableVoice = true
12-23 01:15:21.096 I/ActivityManager( 1508): Process com.android.launcher3 (pid 17109) has died: vis BFGS
12-23 01:15:21.096 W/ActivityManager( 1508): Scheduling restart of crashed service com.android.launcher3/com.android.quickstep.TouchInteractionService in 1000ms for connection
12-23 01:15:21.099 D/CompatibilityChangeReporter( 1508): Compat change id reported: 135634846; UID 10078; state: DISABLED
12-23 01:15:21.099 D/CompatibilityChangeReporter( 1508): Compat change id reported: 177438394; UID 10078; state: DISABLED
12-23 01:15:21.099 D/CompatibilityChangeReporter( 1508): Compat change id reported: 135772972; UID 10078; state: DISABLED
12-23 01:15:21.099 D/CompatibilityChangeReporter( 1508): Compat change id reported: 135754954; UID 10078; state: ENABLED
12-23 01:15:21.099 D/CompatibilityChangeReporter( 1508): Compat change id reported: 143937733; UID 10078; state: ENABLED
12-23 01:15:21.103 I/ActivityManager( 1508): Start proc 17149:com.android.launcher3/u0a78 for service {com.android.launcher3/com.android.quickstep.TouchInteractionService}
01-01 08:00:58.357 I/binder ( 0): 17149:17149 ioctl 40046210 7fe8558544 returned -22
12-23 01:15:21.146 I/ActivityTaskManager( 1508): START u0 {act=android.intent.action.MAIN cat=[android.intent.category.DEFAULT] flg=0x10010000 cmp=com.android.launcher3/com.android.quickstep.RecentsActivity} from uid 10078
12-23 01:15:21.148 W/ActivityTaskManager( 1508): Can't find TaskDisplayArea to determine support for multi window. Task id=659 attached=false
12-23 01:15:21.150 I/ActivityTaskManager( 1508): The Process com.android.launcher3 Already Exists in BG. So sending its PID: 17149
12-23 01:15:21.156 W/ContextImpl( 2417): Calling a method in the system process without a qualified user: android.app.ContextImpl.startService:1816 android.content.ContextWrapper.startService:774 com.thundercomm.gamemode.ingame.services.GameModeActionUtils.startGameModeService:99 com.thundercomm.gamemode.ingame.services.GameModeActionUtils.startGameModeEntry:22 com.thundercomm.gamemode.ingame.services.ActivityMonitoringService$1.onActivityLaunch:127
12-23 01:15:21.157 I/GameModeConfig( 1508): Current uri is uri = content://com.thundercomm.gamemode.api/gamemode_settings/gamemode_isgaming
12-23 01:15:21.158 I/GameModeConfig( 1508): isGameModeOn = false
12-23 01:15:21.158 I/GameModeConfig( 1508): isGameModeOn = false
12-23 01:15:21.158 I/GameModeConfig( 1508): isDisableVoice = true
01-01 08:00:58.417 I/binder ( 0): 17149:17176 ioctl 40046210 7b6632a254 returned -22
12-23 01:15:21.213 E/AndroidRuntime(17149): FATAL EXCEPTION: ViewPool-init
12-23 01:15:21.213 E/AndroidRuntime(17149): Process: com.android.launcher3, PID: 17149
12-23 01:15:21.213 E/AndroidRuntime(17149): android.view.InflateException: Binary XML file line #18 in com.android.launcher3:layout/task: Binary XML file line #18 in com.android.launcher3:layout/task: Error inflating class com.android.quickstep.views.TaskView
12-23 01:15:21.213 E/AndroidRuntime(17149): Caused by: android.view.InflateException: Binary XML file line #18 in com.android.launcher3:layout/task: Error inflating class com.android.quickstep.views.TaskView
12-23 01:15:21.213 E/AndroidRuntime(17149): Caused by: java.lang.reflect.InvocationTargetException
12-23 01:15:21.213 E/AndroidRuntime(17149): at java.lang.reflect.Constructor.newInstance0(Native Method)
12-23 01:15:21.213 E/AndroidRuntime(17149): at java.lang.reflect.Constructor.newInstance(Constructor.java:343)
12-23 01:15:21.213 E/AndroidRuntime(17149): at android.view.LayoutInflater.createView(LayoutInflater.java:858)
12-23 01:15:21.213 E/AndroidRuntime(17149): at android.view.LayoutInflater.createViewFromTag(LayoutInflater.java:1010)
12-23 01:15:21.213 E/AndroidRuntime(17149): at android.view.LayoutInflater.createViewFromTag(LayoutInflater.java:965)
12-23 01:15:21.213 E/AndroidRuntime(17149): at android.view.LayoutInflater.inflate(LayoutInflater.java:663)
12-23 01:15:21.213 E/AndroidRuntime(17149): at android.view.LayoutInflater.inflate(LayoutInflater.java:538)
12-23 01:15:21.213 E/AndroidRuntime(17149): at com.android.launcher3.util.ViewPool.inflateNewView(ViewPool.java:106)
12-23 01:15:21.213 E/AndroidRuntime(17149): at com.android.launcher3.util.ViewPool.lambda$initPool$1$ViewPool(ViewPool.java:69)
12-23 01:15:21.213 E/AndroidRuntime(17149): at com.android.launcher3.util.ViewPool$$ExternalSyntheticLambda0.run(Unknown Source:8)
12-23 01:15:21.213 E/AndroidRuntime(17149): at java.lang.Thread.run(Thread.java:920)
12-23 01:15:21.213 E/AndroidRuntime(17149): Caused by: java.lang.ClassCastException: com.android.quickstep.RecentsActivity cannot be cast to com.android.launcher3.Launcher
12-23 01:15:21.213 E/AndroidRuntime(17149): at com.android.launcher3.Launcher.getLauncher(Launcher.java:3019)
12-23 01:15:21.213 E/AndroidRuntime(17149): at com.android.quickstep.views.TaskView.(TaskView.java:416)
12-23 01:15:21.213 E/AndroidRuntime(17149): at com.android.quickstep.views.TaskView.(TaskView.java:410)
12-23 01:15:21.213 E/AndroidRuntime(17149): ... 11 more
12-23 01:15:21.214 W/ActivityTaskManager( 1508): Force finishing activity com.android.launcher3/com.android.quickstep.RecentsActivity
12-23 01:15:21.220 W/ContextImpl( 2417): Calling a method in the system process without a qualified user: android.app.ContextImpl.startService:1816 android.content.ContextWrapper.startService:774 com.thundercomm.gamemode.ingame.services.GameModeActionUtils.startGameModeService:99 com.thundercomm.gamemode.ingame.services.GameModeActionUtils.startGameModeEntry:22 com.thundercomm.gamemode.ingame.services.ActivityMonitoringService$1.onActivityLaunch:127
12-23 01:15:21.222 I/GameModeConfig( 1508): Current uri is uri = content://com.thundercomm.gamemode.api/gamemode_settings/gamemode_isgaming
12-23 01:15:21.222 I/GameModeConfig( 1508): isGameModeOn = false
12-23 01:15:21.222 I/GameModeConfig( 1508): isGameModeOn = false
12-23 01:15:21.222 I/GameModeConfig( 1508): isDisableVoice = true
12-23 01:15:21.226 I/ActivityManager( 1508): Process com.android.launcher3 (pid 17149) has died: vis BFGS
12-23 01:15:21.227 W/ActivityManager( 1508): Scheduling restart of crashed service com.android.launcher3/com.android.quickstep.TouchInteractionService in 1000ms for connection
12-23 01:15:21.230 D/CompatibilityChangeReporter( 1508): Compat change id reported: 135634846; UID 10078; state: DISABLED
12-23 01:15:21.230 D/CompatibilityChangeReporter( 1508): Compat change id reported: 177438394; UID 10078; state: DISABLED
12-23 01:15:21.230 D/CompatibilityChangeReporter( 1508): Compat change id reported: 135772972; UID 10078; state: DISABLED
12-23 01:15:21.230 D/CompatibilityChangeReporter( 1508): Compat change id reported: 135754954; UID 10078; state: ENABLED
12-23 01:15:21.230 D/CompatibilityChangeReporter( 1508): Compat change id reported: 143937733; UID 10078; state: ENABLED
12-23 01:15:21.234 I/ActivityManager( 1508): Start proc 17191:com.android.launcher3/u0a78 for service {com.android.launcher3/com.android.quickstep.TouchInteractionService}
01-01 08:00:58.488 I/binder ( 0): 17191:17191 ioctl 40046210 7fe8558544 returned -22
