12-23 01:15:28.647 W/ActivityTaskManager( 1508): Force finishing activity com.android.launcher3/com.android.quickstep.RecentsActivity
12-23 01:15:28.647 I/wm_finish_activity( 1508): [0,56085976,776,com.android.launcher3/com.android.quickstep.RecentsActivity,force-crash]
12-23 01:15:28.648 I/wm_destroy_activity( 1508): [0,56085976,776,com.android.launcher3/com.android.quickstep.RecentsActivity,finish-imm:finishIfPossible]
12-23 01:15:28.649 I/sysui_multi_action( 1508): [757,316,758,4,759,-1]
12-23 01:15:28.653 W/ContextImpl( 2417): Calling a method in the system process without a qualified user: android.app.ContextImpl.startService:1816 android.content.ContextWrapper.startService:774 com.thundercomm.gamemode.ingame.services.GameModeActionUtils.startGameModeService:99 com.thundercomm.gamemode.ingame.services.GameModeActionUtils.startGameModeEntry:22 com.thundercomm.gamemode.ingame.services.ActivityMonitoringService$1.onActivityLaunch:127
01-01 08:01:05.901 D/ ( 0): mv2112_read_status
01-01 08:01:05.902 D/mv2112_update_link( 0): 3.0x901(1G): 0x80
12-23 01:15:28.655 I/GameModeConfig( 1508): Current uri is uri = content://com.thundercomm.gamemode.api/gamemode_settings/gamemode_isgaming
12-23 01:15:28.656 I/GameModeConfig( 1508): isGameModeOn = false
12-23 01:15:28.656 I/GameModeConfig( 1508): isGameModeOn = false
12-23 01:15:28.656 I/GameModeConfig( 1508): isDisableVoice = true
01-01 08:01:05.902 D/mv2112_update_link( 0): 3.0x8109(100M): 0x8
01-01 08:01:05.902 D/mv2112_update_link( 0): link 0x0
01-01 08:01:05.902 D/mv2112_read_status( 0): autoneg is disabled
12-23 01:15:28.658 I/ActivityManager( 1508): Process com.android.launcher3 (pid 19507) has died: vis BFGS
12-23 01:15:28.658 I/am_proc_died( 1508): [0,19507,com.android.launcher3,100,5]
12-23 01:15:28.658 W/ActivityManager( 1508): Scheduling restart of crashed service com.android.launcher3/com.android.quickstep.TouchInteractionService in 1000ms for connection
12-23 01:15:28.658 I/am_schedule_service_restart( 1508): [0,com.android.launcher3/com.android.quickstep.TouchInteractionService,1000]
12-23 01:15:28.658 I/am_uid_stopped( 1508): 10078
12-23 01:15:28.659 I/wm_task_removed( 1508): [776,cleanUpResourcesForDestroy]
12-23 01:15:28.659 I/wm_task_removed( 1508): [775,removeChild:removeChild last r=Task{9dc1cfa #776 type=recents I=com.android.launcher3/com.android.quickstep.RecentsActivity U=0 visible=false mode=fullscreen translucent=true sz=0} in t=Task{2c65d08 #775 type=recents ?? U=0 visible=false mode=fullscreen translucent=true sz=0}]
12-23 01:15:28.659 I/wm_task_removed( 1508): [775,removeChild]
12-23 01:15:28.659 I/wm_task_removed( 1508): [776,removeChild:removeChild last r=ActivityRecord{357cdd8 u0 com.android.launcher3/com.android.quickstep.RecentsActivity t-1 f}} in t=Task{9dc1cfa #776 type=recents I=com.android.launcher3/com.android.quickstep.RecentsActivity U=0 visible=false mode=fullscreen translucent=true sz=0}]
12-23 01:15:28.659 I/wm_task_removed( 1508): [776,removeChild]
12-23 01:15:28.661 I/am_uid_running( 1508): 10078
12-23 01:15:28.661 D/CompatibilityChangeReporter( 1508): Compat change id reported: 135634846; UID 10078; state: DISABLED
12-23 01:15:28.661 D/CompatibilityChangeReporter( 1508): Compat change id reported: 177438394; UID 10078; state: DISABLED
12-23 01:15:28.661 D/CompatibilityChangeReporter( 1508): Compat change id reported: 135772972; UID 10078; state: DISABLED
12-23 01:15:28.661 D/CompatibilityChangeReporter( 1508): Compat change id reported: 135754954; UID 10078; state: ENABLED
12-23 01:15:28.662 D/CompatibilityChangeReporter( 1508): Compat change id reported: 143937733; UID 10078; state: ENABLED
12-23 01:15:28.666 I/am_proc_start( 1508): [0,19547,10078,com.android.launcher3,service,{com.android.launcher3/com.android.quickstep.TouchInteractionService}]
12-23 01:15:28.666 I/ActivityManager( 1508): Start proc 19547:com.android.launcher3/u0a78 for service {com.android.launcher3/com.android.quickstep.TouchInteractionService}
01-01 08:01:05.919 I/binder ( 0): 19547:19547 ioctl 40046210 7fe8558544 returned -22
12-23 01:15:28.673 I/am_proc_bound( 1508): [0,19547,com.android.launcher3]
12-23 01:15:28.674 I/am_uid_active( 1508): 10078
12-23 01:15:28.708 I/ActivityTaskManager( 1508): START u0 {act=android.intent.action.MAIN cat=[android.intent.category.DEFAULT] flg=0x10010000 cmp=com.android.launcher3/com.android.quickstep.RecentsActivity} from uid 10078
12-23 01:15:28.710 I/wm_task_created( 1508): [777,-1]
12-23 01:15:28.710 W/ActivityTaskManager( 1508): Can't find TaskDisplayArea to determine support for multi window. Task id=777 attached=false
12-23 01:15:28.711 I/wm_task_created( 1508): [778,-1]
12-23 01:15:28.711 I/wm_task_moved( 1508): [778,0,-2147483648]
12-23 01:15:28.711 I/wm_create_task( 1508): [0,778]
12-23 01:15:28.711 I/wm_create_activity( 1508): [0,73347423,778,com.android.launcher3/com.android.quickstep.RecentsActivity,android.intent.action.MAIN,NULL,NULL,276889600]
12-23 01:15:28.712 I/ActivityTaskManager( 1508): The Process com.android.launcher3 Already Exists in BG. So sending its PID: 19547
12-23 01:15:28.712 I/wm_restart_activity( 1508): [0,73347423,778,com.android.launcher3/com.android.quickstep.RecentsActivity]
12-23 01:15:28.713 I/wm_add_to_stopping( 1508): [0,73347423,com.android.launcher3/com.android.quickstep.RecentsActivity,preloadRecents]
12-23 01:15:28.717 W/ContextImpl( 2417): Calling a method in the system process without a qualified user: android.app.ContextImpl.startService:1816 android.content.ContextWrapper.startService:774 com.thundercomm.gamemode.ingame.services.GameModeActionUtils.startGameModeService:99 com.thundercomm.gamemode.ingame.services.GameModeActionUtils.startGameModeEntry:22 com.thundercomm.gamemode.ingame.services.ActivityMonitoringService$1.onActivityLaunch:127
12-23 01:15:28.719 I/GameModeConfig( 1508): Current uri is uri = content://com.thundercomm.gamemode.api/gamemode_settings/gamemode_isgaming
12-23 01:15:28.720 I/GameModeConfig( 1508): isGameModeOn = false
12-23 01:15:28.720 I/GameModeConfig( 1508): isGameModeOn = false
12-23 01:15:28.720 I/GameModeConfig( 1508): isDisableVoice = true
01-01 08:01:05.979 I/binder ( 0): 19547:19575 ioctl 40046210 7b6522c254 returned -22
12-23 01:15:28.774 E/AndroidRuntime(19547): FATAL EXCEPTION: ViewPool-init
12-23 01:15:28.774 E/AndroidRuntime(19547): Process: com.android.launcher3, PID: 19547
12-23 01:15:28.774 E/AndroidRuntime(19547): android.view.InflateException: Binary XML file line #18 in com.android.launcher3:layout/task: Binary XML file line #18 in com.android.launcher3:layout/task: Error inflating class com.android.quickstep.views.TaskView
12-23 01:15:28.774 E/AndroidRuntime(19547): Caused by: android.view.InflateException: Binary XML file line #18 in com.android.launcher3:layout/task: Error inflating class com.android.quickstep.views.TaskView
12-23 01:15:28.774 E/AndroidRuntime(19547): Caused by: java.lang.reflect.InvocationTargetException
12-23 01:15:28.774 E/AndroidRuntime(19547): at java.lang.reflect.Constructor.newInstance0(Native Method)
12-23 01:15:28.774 E/AndroidRuntime(19547): at java.lang.reflect.Constructor.newInstance(Constructor.java:343)
12-23 01:15:28.774 E/AndroidRuntime(19547): at android.view.LayoutInflater.createView(LayoutInflater.java:858)
12-23 01:15:28.774 E/AndroidRuntime(19547): at android.view.LayoutInflater.createViewFromTag(LayoutInflater.java:1010)
12-23 01:15:28.774 E/AndroidRuntime(19547): at android.view.LayoutInflater.createViewFromTag(LayoutInflater.java:965)
12-23 01:15:28.774 E/AndroidRuntime(19547): at android.view.LayoutInflater.inflate(LayoutInflater.java:663)
12-23 01:15:28.774 E/AndroidRuntime(19547): at android.view.LayoutInflater.inflate(LayoutInflater.java:538)
12-23 01:15:28.774 E/AndroidRuntime(19547): at com.android.launcher3.util.ViewPool.inflateNewView(ViewPool.java:106)
12-23 01:15:28.774 E/AndroidRuntime(19547): at com.android.launcher3.util.ViewPool.lambda$initPool$1$ViewPool(ViewPool.java:69)
12-23 01:15:28.774 E/AndroidRuntime(19547): at com.android.launcher3.util.ViewPool$$ExternalSyntheticLambda0.run(Unknown Source:8)
12-23 01:15:28.774 E/AndroidRuntime(19547): at java.lang.Thread.run(Thread.java:920)
12-23 01:15:28.774 E/AndroidRuntime(19547): Caused by: java.lang.ClassCastException: com.android.quickstep.RecentsActivity cannot be cast to com.android.launcher3.Launcher
12-23 01:15:28.774 E/AndroidRuntime(19547): at com.android.launcher3.Launcher.getLauncher(Launcher.java:3019)
12-23 01:15:28.774 E/AndroidRuntime(19547): at com.android.quickstep.views.TaskView.(TaskView.java:416)
12-23 01:15:28.774 E/AndroidRuntime(19547): at com.android.quickstep.views.TaskView.(TaskView.java:410)
12-23 01:15:28.774 E/AndroidRuntime(19547): ... 11 more
12-23 01:15:28.775 I/am_crash( 1508): [19547,0,com.android.launcher3,617332293,java.lang.ClassCastException,com.android.quickstep.RecentsActivity cannot be cast to com.android.launcher3.Launcher,Launcher.java,3019]
12-23 01:15:28.775 W/ActivityTaskManager( 1508): Force finishing activity com.android.launcher3/com.android.quickstep.RecentsActivity
12-23 01:15:28.775 I/wm_finish_activity( 1508): [0,73347423,778,com.android.launcher3/com.android.quickstep.RecentsActivity,force-crash]
12-23 01:15:28.776 I/wm_destroy_activity( 1508): [0,73347423,778,com.android.launcher3/com.android.quickstep.RecentsActivity,finish-imm:finishIfPossible]
12-23 01:15:28.777 I/sysui_multi_action( 1508): [757,316,758,4,759,-1]
12-23 01:15:28.782 W/ContextImpl( 2417): Calling a method in the system process without a qualified user: android.app.ContextImpl.startService:1816 android.content.ContextWrapper.startService:774 com.thundercomm.gamemode.ingame.services.GameModeActionUtils.startGameModeService:99 com.thundercomm.gamemode.ingame.services.GameModeActionUtils.startGameModeEntry:22 com.thundercomm.gamemode.ingame.services.ActivityMonitoringService$1.onActivityLaunch:127
12-23 01:15:28.783 I/GameModeConfig( 1508): Current uri is uri = content://com.thundercomm.gamemode.api/gamemode_settings/gamemode_isgaming
12-23 01:15:28.784 I/ActivityManager( 1508): Process com.android.launcher3 (pid 19547) has died: vis BFGS
12-23 01:15:28.784 I/am_proc_died( 1508): [0,19547,com.android.launcher3,100,5]
12-23 01:15:28.785 I/GameModeConfig( 1508): isGameModeOn = false
12-23 01:15:28.785 W/ActivityManager( 1508): Scheduling restart of crashed service com.android.launcher3/com.android.quickstep.TouchInteractionService in 1000ms for connection
12-23 01:15:28.785 I/am_schedule_service_restart( 1508): [0,com.android.launcher3/com.android.quickstep.TouchInteractionService,1000]
12-23 01:15:28.785 I/GameModeConfig( 1508): isGameModeOn = false
12-23 01:15:28.785 I/am_uid_stopped( 1508): 10078
12-23 01:15:28.785 I/GameModeConfig( 1508): isDisableVoice = true
12-23 01:15:28.786 I/wm_task_removed( 1508): [778,cleanUpResourcesForDestroy]
12-23 01:15:28.786 I/wm_task_removed( 1508): [777,removeChild:removeChild last r=Task{5a18729 #778 type=recents I=com.android.launcher3/com.android.quickstep.RecentsActivity U=0 visible=false mode=fullscreen translucent=true sz=0} in t=Task{85d304f #777 type=recents ?? U=0 visible=false mode=fullscreen translucent=true sz=0}]
12-23 01:15:28.786 I/wm_task_removed( 1508): [777,removeChild]
12-23 01:15:28.786 I/wm_task_removed( 1508): [778,removeChild:removeChild last r=ActivityRecord{45f315f u0 com.android.launcher3/com.android.quickstep.RecentsActivity t-1 f}} in t=Task{5a18729 #778 type=recents I=com.android.launcher3/com.android.quickstep.RecentsActivity U=0 visible=false mode=fullscreen translucent=true sz=0}]
12-23 01:15:28.786 I/wm_task_removed( 1508): [778,removeChild]
12-23 01:15:28.788 I/am_uid_running( 1508): 10078
12-23 01:15:28.788 D/CompatibilityChangeReporter( 1508): Compat change id reported: 135634846; UID 10078; state: DISABLED
12-23 01:15:28.788 D/CompatibilityChangeReporter( 1508): Compat change id reported: 177438394; UID 10078; state: DISABLED
12-23 01:15:28.788 D/CompatibilityChangeReporter( 1508): Compat change id reported: 135772972; UID 10078; state: DISABLED
12-23 01:15:28.789 D/CompatibilityChangeReporter( 1508): Compat change id reported: 135754954; UID 10078; state: ENABLED
12-23 01:15:28.789 D/CompatibilityChangeReporter( 1508): Compat change id reported: 143937733; UID 10078; state: ENABLED
12-23 01:15:28.793 I/am_proc_start( 1508): [0,19588,10078,com.android.launcher3,service,{com.android.launcher3/com.android.quickstep.TouchInteractionService}]
12-23 01:15:28.793 I/ActivityManager( 1508): Start proc 19588:com.android.launcher3/u0a78 for service {com.android.launcher3/com.android.quickstep.TouchInteractionService}
01-01 08:01:06.047 I/binder ( 0): 19588:19588 ioctl 40046210 7fe8558544 returned -22
12-23 01:15:28.801 I/am_proc_bound( 1508): [0,19588,com.android.launcher3]
12-23 01:15:28.802 I/am_uid_active( 1508): 10078
12-23 01:15:28.834 I/ActivityTaskManager( 1508): START u0 {act=android.intent.action.MAIN cat=[android.intent.category.DEFAULT] flg=0x10010000 cmp=com.android.launcher3/com.android.quickstep.RecentsActivity} from uid 10078
12-23 01:15:28.836 I/wm_task_created( 1508): [779,-1]
12-23 01:15:28.836 W/ActivityTaskManager( 1508): Can't find TaskDisplayArea to determine support for multi window. Task id=779 attached=false
12-23 01:15:28.837 I/wm_task_created( 1508): [780,-1]
12-23 01:15:28.837 I/wm_task_moved( 1508): [780,0,-2147483648]
12-23 01:15:28.838 I/wm_create_task( 1508): [0,780]
12-23 01:15:28.838 I/wm_create_activity( 1508): [0,30838642,780,com.android.launcher3/com.android.quickstep.RecentsActivity,android.intent.action.MAIN,NULL,NULL,276889600]
12-23 01:15:28.839 I/ActivityTaskManager( 1508): The Process com.android.launcher3 Already Exists in BG. So sending its PID: 19588
12-23 01:15:28.839 I/wm_restart_activity( 1508): [0,30838642,780,com.android.launcher3/com.android.quickstep.RecentsActivity]
12-23 01:15:28.839 I/wm_add_to_stopping( 1508): [0,30838642,com.android.launcher3/com.android.quickstep.RecentsActivity,preloadRecents]
12-23 01:15:28.844 W/ContextImpl( 2417): Calling a method in the system process without a qualified user: android.app.ContextImpl.startService:1816 android.content.ContextWrapper.startService:774 com.thundercomm.gamemode.ingame.services.GameModeActionUtils.startGameModeService:99 com.thundercomm.gamemode.ingame.services.GameModeActionUtils.startGameModeEntry:22 com.thundercomm.gamemode.ingame.services.ActivityMonitoringService$1.onActivityLaunch:127
12-23 01:15:28.845 I/GameModeConfig( 1508): Current uri is uri = content://com.thundercomm.gamemode.api/gamemode_settings/gamemode_isgaming
12-23 01:15:28.846 I/GameModeConfig( 1508): isGameModeOn = false
12-23 01:15:28.846 I/GameModeConfig( 1508): isGameModeOn = false
12-23 01:15:28.846 I/GameModeConfig( 1508): isDisableVoice = true
01-01 08:01:06.106 I/binder ( 0): 19588:19616 ioctl 40046210 7b6522c254 returned -22
12-23 01:15:28.901 E/AndroidRuntime(19588): FATAL EXCEPTION: ViewPool-init
12-23 01:15:28.901 E/AndroidRuntime(19588): Process: com.android.launcher3, PID: 19588
12-23 01:15:28.901 E/AndroidRuntime(19588): android.view.InflateException: Binary XML file line #18 in com.android.launcher3:layout/task: Binary XML file line #18 in com.android.launcher3:layout/task: Error inflating class com.android.quickstep.views.TaskView
12-23 01:15:28.901 E/AndroidRuntime(19588): Caused by: android.view.InflateException: Binary XML file line #18 in com.android.launcher3:layout/task: Error inflating class com.android.quickstep.views.TaskView
12-23 01:15:28.901 E/AndroidRuntime(19588): Caused by: java.lang.reflect.InvocationTargetException
12-23 01:15:28.901 E/AndroidRuntime(19588): at java.lang.reflect.Constructor.newInstance0(Native Method)
12-23 01:15:28.901 E/AndroidRuntime(19588): at java.lang.reflect.Constructor.newInstance(Constructor.java:343)
12-23 01:15:28.901 E/AndroidRuntime(19588): at android.view.LayoutInflater.createView(LayoutInflater.java:858)
12-23 01:15:28.901 E/AndroidRuntime(19588): at android.view.LayoutInflater.createViewFromTag(LayoutInflater.java:1010)
12-23 01:15:28.901 E/AndroidRuntime(19588): at android.view.LayoutInflater.createViewFromTag(LayoutInflater.java:965)
12-23 01:15:28.901 E/AndroidRuntime(19588): at android.view.LayoutInflater.inflate(LayoutInflater.java:663)
12-23 01:15:28.901 E/AndroidRuntime(19588): at android.view.LayoutInflater.inflate(LayoutInflater.java:538)
12-23 01:15:28.901 E/AndroidRuntime(19588): at com.android.launcher3.util.ViewPool.inflateNewView(ViewPool.java:106)
12-23 01:15:28.901 E/AndroidRuntime(19588): at com.android.launcher3.util.ViewPool.lambda$initPool$1$ViewPool(ViewPool.java:69)
12-23 01:15:28.901 E/AndroidRuntime(19588): at com.android.launcher3.util.ViewPool$$ExternalSyntheticLambda0.run(Unknown Source:8)
12-23 01:15:28.901 E/AndroidRuntime(19588): at java.lang.Thread.run(Thread.java:920)
12-23 01:15:28.901 E/AndroidRuntime(19588): Caused by: java.lang.ClassCastException: com.android.quickstep.RecentsActivity cannot be cast to com.android.launcher3.Launcher
12-23 01:15:28.901 E/AndroidRuntime(19588): at com.android.launcher3.Launcher.getLauncher(Launcher.java:3019)
12-23 01:15:28.901 E/AndroidRuntime(19588): at com.android.quickstep.views.TaskView.(TaskView.java:416)
12-23 01:15:28.901 E/AndroidRuntime(19588): at com.android.quickstep.views.TaskView.(TaskView.java:410)
12-23 01:15:28.901 E/AndroidRuntime(19588): ... 11 more
12-23 01:15:28.901 I/am_crash( 1508): [19588,0,com.android.launcher3,617332293,java.lang.ClassCastException,com.android.quickstep.RecentsActivity cannot be cast to com.android.launcher3.Launcher,Launcher.java,3019]
12-23 01:15:28.902 W/ActivityTaskManager( 1508): Force finishing activity com.android.launcher3/com.android.quickstep.RecentsActivity
12-23 01:15:28.902 I/wm_finish_activity( 1508): [0,30838642,780,com.android.launcher3/com.android.quickstep.RecentsActivity,force-crash]
12-23 01:15:28.902 I/wm_destroy_activity( 1508): [0,30838642,780,com.android.launcher3/com.android.quickstep.RecentsActivity,finish-imm:finishIfPossible]
12-23 01:15:28.904 I/sysui_multi_action( 1508): [757,316,758,4,759,-1]
12-23 01:15:28.908 W/ContextImpl( 2417): Calling a method in the system process without a qualified user: android.app.ContextImpl.startService:1816 android.content.ContextWrapper.startService:774 com.thundercomm.gamemode.ingame.services.GameModeActionUtils.startGameModeService:99 com.thundercomm.gamemode.ingame.services.GameModeActionUtils.startGameModeEntry:22 com.thundercomm.gamemode.ingame.services.ActivityMonitoringService$1.onActivityLaunch:127
12-23 01:15:28.909 I/GameModeConfig( 1508): Current uri is uri = content://com.thundercomm.gamemode.api/gamemode_settings/gamemode_isgaming
12-23 01:15:28.910 I/GameModeConfig( 1508): isGameModeOn = false
12-23 01:15:28.910 I/GameModeConfig( 1508): isGameModeOn = false
12-23 01:15:28.910 I/GameModeConfig( 1508): isDisableVoice = true
01-01 08:01:06.159 I/binder ( 0): undelivered transaction 475593, process died.
12-23 01:15:28.912 I/ActivityManager( 1508): Process com.android.launcher3 (pid 19588) has died: vis BFGS
12-23 01:15:28.912 I/am_proc_died( 1508): [0,19588,com.android.launcher3,100,5]
12-23 01:15:28.912 W/ActivityManager( 1508): Scheduling restart of crashed service com.android.launcher3/com.android.quickstep.TouchInteractionService in 1000ms for connection
12-23 01:15:28.912 I/am_schedule_service_restart( 1508): [0,com.android.launcher3/com.android.quickstep.TouchInteractionService,1000]
12-23 01:15:28.912 I/am_uid_stopped( 1508): 10078
12-23 01:15:28.913 I/wm_task_removed( 1508): [780,cleanUpResourcesForDestroy]
12-23 01:15:28.913 I/wm_task_removed( 1508): [779,removeChild:removeChild last r=Task{dec5104 #780 type=recents I=com.android.launcher3/com.android.quickstep.RecentsActivity U=0 visible=false mode=fullscreen translucent=true sz=0} in t=Task{f0db922 #779 type=recents ?? U=0 visible=false mode=fullscreen translucent=true sz=0}]
12-23 01:15:28.913 I/wm_task_removed( 1508): [779,removeChild]
12-23 01:15:28.913 I/wm_task_removed( 1508): [780,removeChild:removeChild last r=ActivityRecord{1d68f72 u0 com.android.launcher3/com.android.quickstep.RecentsActivity t-1 f}} in t=Task{dec5104 #780 type=recents I=com.android.launcher3/com.android.quickstep.RecentsActivity U=0 visible=false mode=fullscreen translucent=true sz=0}]
12-23 01:15:28.913 I/wm_task_removed( 1508): [780,removeChild]
12-23 01:15:28.915 I/am_uid_running( 1508): 10078
12-23 01:15:28.915 D/CompatibilityChangeReporter( 1508): Compat change id reported: 135634846; UID 10078; state: DISABLED
12-23 01:15:28.915 D/CompatibilityChangeReporter( 1508): Compat change id reported: 177438394; UID 10078; state: DISABLED
12-23 01:15:28.915 D/CompatibilityChangeReporter( 1508): Compat change id reported: 135772972; UID 10078; state: DISABLED
12-23 01:15:28.915 D/CompatibilityChangeReporter( 1508): Compat change id reported: 135754954; UID 10078; state: ENABLED
12-23 01:15:28.916 D/CompatibilityChangeReporter( 1508): Compat change id reported: 143937733; UID 10078; state: ENABLED
12-23 01:15:28.920 I/am_proc_start( 1508): [0,19629,10078,com.android.launcher3,service,{com.android.launcher3/com.android.quickstep.TouchInteractionService}]
12-23 01:15:28.920 I/ActivityManager( 1508): Start proc 19629:com.android.launcher3/u0a78 for service {com.android.launcher3/com.android.quickstep.TouchInteractionService}
01-01 08:01:06.173 I/binder ( 0): 19629:19629 ioctl 40046210 7fe8558544 returned -22
12-23 01:15:28.927 I/am_proc_bound( 1508): [0,19629,com.android.launcher3]
12-23 01:15:28.928 I/am_uid_active( 1508): 10078
12-23 01:15:28.961 I/ActivityTaskManager( 1508): START u0 {act=android.intent.action.MAIN cat=[android.intent.category.DEFAULT] flg=0x10010000 cmp=com.android.launcher3/com.android.quickstep.RecentsActivity} from uid 10078
12-23 01:15:28.963 I/wm_task_created( 1508): [781,-1]
12-23 01:15:28.963 W/ActivityTaskManager( 1508): Can't find TaskDisplayArea to determine support for multi window. Task id=781 attached=false
12-23 01:15:28.964 I/wm_task_created( 1508): [782,-1]
12-23 01:15:28.964 I/wm_task_moved( 1508): [782,0,-2147483648]
12-23 01:15:28.964 I/wm_create_task( 1508): [0,782]
12-23 01:15:28.964 I/wm_create_activity( 1508): [0,111250177,782,com.android.launcher3/com.android.quickstep.RecentsActivity,android.intent.action.MAIN,NULL,NULL,276889600]
12-23 01:15:28.965 I/ActivityTaskManager( 1508): The Process com.android.launcher3 Already Exists in BG. So sending its PID: 19629
12-23 01:15:28.965 I/wm_restart_activity( 1508): [0,111250177,782,com.android.launcher3/com.android.quickstep.RecentsActivity]
12-23 01:15:28.966 I/wm_add_to_stopping( 1508): [0,111250177,com.android.launcher3/com.android.quickstep.RecentsActivity,preloadRecents]
12-23 01:15:28.972 W/ContextImpl( 2417): Calling a method in the system process without a qualified user: android.app.ContextImpl.startService:1816 android.content.ContextWrapper.startService:774 com.thundercomm.gamemode.ingame.services.GameModeActionUtils.startGameModeService:99 com.thundercomm.gamemode.ingame.services.GameModeActionUtils.startGameModeEntry:22 com.thundercomm.gamemode.ingame.services.ActivityMonitoringService$1.onActivityLaunch:127
12-23 01:15:28.973 I/GameModeConfig( 1508): Current uri is uri = content://com.thundercomm.gamemode.api/gamemode_settings/gamemode_isgaming
12-23 01:15:28.974 I/GameModeConfig( 1508): isGameModeOn = false
12-23 01:15:28.974 I/GameModeConfig( 1508): isGameModeOn = false
12-23 01:15:28.974 I/GameModeConfig( 1508): isDisableVoice = true
01-01 08:01:06.234 I/binder ( 0): 19629:19656 ioctl 40046210 7b6632a254 returned -22
12-23 01:15:29.028 E/AndroidRuntime(19629): FATAL EXCEPTION: ViewPool-init
12-23 01:15:29.028 E/AndroidRuntime(19629): Process: com.android.launcher3, PID: 19629
12-23 01:15:29.028 E/AndroidRuntime(19629): android.view.InflateException: Binary XML file line #18 in com.android.launcher3:layout/task: Binary XML file line #18 in com.android.launcher3:layout/task: Error inflating class com.android.quickstep.views.TaskView
12-23 01:15:29.028 E/AndroidRuntime(19629): Caused by: android.view.InflateException: Binary XML file line #18 in com.android.launcher3:layout/task: Error inflating class com.android.quickstep.views.TaskView
12-23 01:15:29.028 E/AndroidRuntime(19629): Caused by: java.lang.reflect.InvocationTargetException
12-23 01:15:29.028 E/AndroidRuntime(19629): at java.lang.reflect.Constructor.newInstance0(Native Method)
12-23 01:15:29.028 E/AndroidRuntime(19629): at java.lang.reflect.Constructor.newInstance(Constructor.java:343)
12-23 01:15:29.028 E/AndroidRuntime(19629): at android.view.LayoutInflater.createView(LayoutInflater.java:858)
12-23 01:15:29.028 E/AndroidRuntime(19629): at android.view.LayoutInflater.createViewFromTag(LayoutInflater.java:1010)
12-23 01:15:29.028 E/AndroidRuntime(19629): at android.view.LayoutInflater.createViewFromTag(LayoutInflater.java:965)
12-23 01:15:29.028 E/AndroidRuntime(19629): at android.view.LayoutInflater.inflate(LayoutInflater.java:663)
12-23 01:15:29.028 E/AndroidRuntime(19629): at android.view.LayoutInflater.inflate(LayoutInflater.java:538)
12-23 01:15:29.028 E/AndroidRuntime(19629): at com.android.launcher3.util.ViewPool.inflateNewView(ViewPool.java:106)
12-23 01:15:29.028 E/AndroidRuntime(19629): at com.android.launcher3.util.ViewPool.lambda$initPool$1$ViewPool(ViewPool.java:69)
12-23 01:15:29.028 E/AndroidRuntime(19629): at com.android.launcher3.util.ViewPool$$ExternalSyntheticLambda0.run(Unknown Source:8)
12-23 01:15:29.028 E/AndroidRuntime(19629): at java.lang.Thread.run(Thread.java:920)
12-23 01:15:29.028 E/AndroidRuntime(19629): Caused by: java.lang.ClassCastException: com.android.quickstep.RecentsActivity cannot be cast to com.android.launcher3.Launcher
12-23 01:15:29.028 E/AndroidRuntime(19629): at com.android.launcher3.Launcher.getLauncher(Launcher.java:3019)
12-23 01:15:29.028 E/AndroidRuntime(19629): at com.android.quickstep.views.TaskView.(TaskView.java:416)
12-23 01:15:29.028 E/AndroidRuntime(19629): at com.android.quickstep.views.TaskView.(TaskView.java:410)
12-23 01:15:29.028 E/AndroidRuntime(19629): ... 11 more
12-23 01:15:29.028 I/am_crash( 1508): [19629,0,com.android.launcher3,617332293,java.lang.ClassCastException,com.android.quickstep.RecentsActivity cannot be cast to com.android.launcher3.Launcher,Launcher.java,3019]
12-23 01:15:29.029 W/ActivityTaskManager( 1508): Force finishing activity com.android.launcher3/com.android.quickstep.RecentsActivity
12-23 01:15:29.029 I/wm_finish_activity( 1508): [0,111250177,782,com.android.launcher3/com.android.quickstep.RecentsActivity,force-crash]
12-23 01:15:29.030 I/wm_destroy_activity( 1508): [0,111250177,782,com.android.launcher3/com.android.quickstep.RecentsActivity,finish-imm:finishIfPossible]
12-23 01:15:29.031 I/sysui_multi_action( 1508): [757,316,758,4,759,-1]
12-23 01:15:29.035 W/ContextImpl( 2417): Calling a method in the system process without a qualified user: android.app.ContextImpl.startService:1816 android.content.ContextWrapper.startService:774 com.thundercomm.gamemode.ingame.services.GameModeActionUtils.startGameModeService:99 com.thundercomm.gamemode.ingame.services.GameModeActionUtils.startGameModeEntry:22 com.thundercomm.gamemode.ingame.services.ActivityMonitoringService$1.onActivityLaunch:127
12-23 01:15:29.036 I/GameModeConfig( 1508): Current uri is uri = content://com.thundercomm.gamemode.api/gamemode_settings/gamemode_isgaming
12-23 01:15:29.037 I/GameModeConfig( 1508): isGameModeOn = false
12-23 01:15:29.037 I/GameModeConfig( 1508): isGameModeOn = false
12-23 01:15:29.037 I/GameModeConfig( 1508): isDisableVoice = true
12-23 01:15:29.054 I/ActivityManager( 1508): Process com.android.launcher3 (pid 19629) has died: vis BFGS
12-23 01:15:29.054 I/am_proc_died( 1508): [0,19629,com.android.launcher3,100,5]
12-23 01:15:29.055 W/ActivityManager( 1508): Scheduling restart of crashed service com.android.launcher3/com.android.quickstep.TouchInteractionService in 1000ms for connection
12-23 01:15:29.055 I/am_schedule_service_restart( 1508): [0,com.android.launcher3/com.android.quickstep.TouchInteractionService,1000]
12-23 01:15:29.055 I/am_uid_stopped( 1508): 10078
12-23 01:15:29.056 I/wm_task_removed( 1508): [782,cleanUpResourcesForDestroy]
12-23 01:15:29.056 I/wm_task_removed( 1508): [781,removeChild:removeChild last r=Task{e8d83fb #782 type=recents I=com.android.launcher3/com.android.quickstep.RecentsActivity U=0 visible=false mode=fullscreen translucent=true sz=0} in t=Task{8223671 #781 type=recents ?? U=0 visible=false mode=fullscreen translucent=true sz=0}]
12-23 01:15:29.056 I/wm_task_removed( 1508): [781,removeChild]
12-23 01:15:29.056 I/wm_task_removed( 1508): [782,removeChild:removeChild last r=ActivityRecord{6a18b01 u0 com.android.launcher3/com.android.quickstep.RecentsActivity t-1 f}} in t=Task{e8d83fb #782 type=recents I=com.android.launcher3/com.android.quickstep.RecentsActivity U=0 visible=false mode=fullscreen translucent=true sz=0}]
12-23 01:15:29.056 I/wm_task_removed( 1508): [782,removeChild]
12-23 01:15:29.058 I/am_uid_running( 1508): 10078
12-23 01:15:29.058 D/CompatibilityChangeReporter( 1508): Compat change id reported: 135634846; UID 10078; state: DISABLED
12-23 01:15:29.058 D/CompatibilityChangeReporter( 1508): Compat change id reported: 177438394; UID 10078; state: DISABLED
12-23 01:15:29.058 D/CompatibilityChangeReporter( 1508): Compat change id reported: 135772972; UID 10078; state: DISABLED
12-23 01:15:29.059 D/CompatibilityChangeReporter( 1508): Compat change id reported: 135754954; UID 10078; state: ENABLED
12-23 01:15:29.059 D/CompatibilityChangeReporter( 1508): Compat change id reported: 143937733; UID 10078; state: ENABLED
12-23 01:15:29.063 I/am_proc_start( 1508): [0,19669,10078,com.android.launcher3,service,{com.android.launcher3/com.android.quickstep.TouchInteractionService}]
12-23 01:15:29.063 I/ActivityManager( 1508): Start proc 19669:com.android.launcher3/u0a78 for service {com.android.launcher3/com.android.quickstep.TouchInteractionService}
01-01 08:01:06.317 I/binder ( 0): 19669:19669 ioctl 40046210 7fe8558544 returned -22
12-23 01:15:29.071 I/am_proc_bound( 1508): [0,19669,com.android.launcher3]
12-23 01:15:29.072 I/am_uid_active( 1508): 10078
12-23 01:15:29.105 I/ActivityTaskManager( 1508): START u0 {act=android.intent.action.MAIN cat=[android.intent.category.DEFAULT] flg=0x10010000 cmp=com.android.launcher3/com.android.quickstep.RecentsActivity} from uid 10078
12-23 01:15:29.106 I/wm_task_created( 1508): [783,-1]
12-23 01:15:29.106 W/ActivityTaskManager( 1508): Can't find TaskDisplayArea to determine support for multi window. Task id=783 attached=false
12-23 01:15:29.107 I/wm_task_created( 1508): [784,-1]
12-23 01:15:29.107 I/wm_task_moved( 1508): [784,0,-2147483648]
12-23 01:15:29.107 I/wm_create_task( 1508): [0,784]
12-23 01:15:29.107 I/wm_create_activity( 1508): [0,83739068,784,com.android.launcher3/com.android.quickstep.RecentsActivity,android.intent.action.MAIN,NULL,NULL,276889600]
12-23 01:15:29.108 I/ActivityTaskManager( 1508): The Process com.android.launcher3 Already Exists in BG. So sending its PID: 19669
12-23 01:15:29.108 I/wm_restart_activity( 1508): [0,83739068,784,com.android.launcher3/com.android.quickstep.RecentsActivity]
12-23 01:15:29.109 I/wm_add_to_stopping( 1508): [0,83739068,com.android.launcher3/com.android.quickstep.RecentsActivity,preloadRecents]
12-23 01:15:29.113 W/ContextImpl( 2417): Calling a method in the system process without a qualified user: android.app.ContextImpl.startService:1816 android.content.ContextWrapper.startService:774 com.thundercomm.gamemode.ingame.services.GameModeActionUtils.startGameModeService:99 com.thundercomm.gamemode.ingame.services.GameModeActionUtils.startGameModeEntry:22 com.thundercomm.gamemode.ingame.services.ActivityMonitoringService$1.onActivityLaunch:127
12-23 01:15:29.115 I/GameModeConfig( 1508): Current uri is uri = content://com.thundercomm.gamemode.api/gamemode_settings/gamemode_isgaming
12-23 01:15:29.116 I/GameModeConfig( 1508): isGameModeOn = false
12-23 01:15:29.116 I/GameModeConfig( 1508): isGameModeOn = false
12-23 01:15:29.116 I/GameModeConfig( 1508): isDisableVoice = true
01-01 08:01:06.375 I/binder ( 0): 19669:19696 ioctl 40046210 7b6632a254 returned -22
12-23 01:15:29.170 E/AndroidRuntime(19669): FATAL EXCEPTION: ViewPool-init
12-23 01:15:29.170 E/AndroidRuntime(19669): Process: com.android.launcher3, PID: 19669
12-23 01:15:29.170 E/AndroidRuntime(19669): android.view.InflateException: Binary XML file line #18 in com.android.launcher3:layout/task: Binary XML file line #18 in com.android.launcher3:layout/task: Error inflating class com.android.quickstep.views.TaskView
12-23 01:15:29.170 E/AndroidRuntime(19669): Caused by: android.view.InflateException: Binary XML file line #18 in com.android.launcher3:layout/task: Error inflating class com.android.quickstep.views.TaskView
12-23 01:15:29.170 E/AndroidRuntime(19669): Caused by: java.lang.reflect.InvocationTargetException
12-23 01:15:29.170 E/AndroidRuntime(19669): at java.lang.reflect.Constructor.newInstance0(Native Method)
12-23 01:15:29.170 E/AndroidRuntime(19669): at java.lang.reflect.Constructor.newInstance(Constructor.java:343)
12-23 01:15:29.170 E/AndroidRuntime(19669): at android.view.LayoutInflater.createView(LayoutInflater.java:858)
12-23 01:15:29.170 E/AndroidRuntime(19669): at android.view.LayoutInflater.createViewFromTag(LayoutInflater.java:1010)
12-23 01:15:29.170 E/AndroidRuntime(19669): at android.view.LayoutInflater.createViewFromTag(LayoutInflater.java:965)
12-23 01:15:29.170 E/AndroidRuntime(19669): at android.view.LayoutInflater.inflate(LayoutInflater.java:663)
12-23 01:15:29.170 E/AndroidRuntime(19669): at android.view.LayoutInflater.inflate(LayoutInflater.java:538)
12-23 01:15:29.170 E/AndroidRuntime(19669): at com.android.launcher3.util.ViewPool.inflateNewView(ViewPool.java:106)
12-23 01:15:29.170 E/AndroidRuntime(19669): at com.android.launcher3.util.ViewPool.lambda$initPool$1$ViewPool(ViewPool.java:69)
12-23 01:15:29.170 E/AndroidRuntime(19669): at com.android.launcher3.util.ViewPool$$ExternalSyntheticLambda0.run(Unknown Source:8)
12-23 01:15:29.170 E/AndroidRuntime(19669): at java.lang.Thread.run(Thread.java:920)
12-23 01:15:29.170 E/AndroidRuntime(19669): Caused by: java.lang.ClassCastException: com.android.quickstep.RecentsActivity cannot be cast to com.android.launcher3.Launcher
12-23 01:15:29.170 E/AndroidRuntime(19669): at com.android.launcher3.Launcher.getLauncher(Launcher.java:3019)
12-23 01:15:29.170 E/AndroidRuntime(19669): at com.android.quickstep.views.TaskView.(TaskView.java:416)
12-23 01:15:29.170 E/AndroidRuntime(19669): at com.android.quickstep.views.TaskView.(TaskView.java:410)
12-23 01:15:29.170 E/AndroidRuntime(19669): ... 11 more
12-23 01:15:29.171 I/am_crash( 1508): [19669,0,com.android.launcher3,617332293,java.lang.ClassCastException,com.android.quickstep.RecentsActivity cannot be cast to com.android.launcher3.Launcher,Launcher.java,3019]
12-23 01:15:29.171 W/ActivityTaskManager( 1508): Force finishing activity com.android.launcher3/com.android.quickstep.RecentsActivity
12-23 01:15:29.171 I/wm_finish_activity( 1508): [0,83739068,784,com.android.launcher3/com.android.quickstep.RecentsActivity,force-crash]
12-23 01:15:29.172 I/wm_destroy_activity( 1508): [0,83739068,784,com.android.launcher3/com.android.quickstep.RecentsActivity,finish-imm:finishIfPossible]
12-23 01:15:29.173 I/sysui_multi_action( 1508): [757,316,758,4,759,-1]
12-23 01:15:29.177 W/ContextImpl( 2417): Calling a method in the system process without a qualified user: android.app.ContextImpl.startService:1816 android.content.ContextWrapper.startService:774 com.thundercomm.gamemode.ingame.services.GameModeActionUtils.startGameModeService:99 com.thundercomm.gamemode.ingame.services.GameModeActionUtils.startGameModeEntry:22 com.thundercomm.gamemode.ingame.services.ActivityMonitoringService$1.onActivityLaunch:127
12-23 01:15:29.179 I/GameModeConfig( 1508): Current uri is uri = content://com.thundercomm.gamemode.api/gamemode_settings/gamemode_isgaming
01-01 08:01:06.428 I/binder ( 0): undelivered transaction 477522, process died.
12-23 01:15:29.180 I/GameModeConfig( 1508): isGameModeOn = false
12-23 01:15:29.181 I/GameModeConfig( 1508): isGameModeOn = false
12-23 01:15:29.181 I/GameModeConfig( 1508): isDisableVoice = true
12-23 01:15:29.181 I/ActivityManager( 1508): Process com.android.launcher3 (pid 19669) has died: vis BFGS
12-23 01:15:29.181 I/am_proc_died( 1508): [0,19669,com.android.launcher3,100,5]
12-23 01:15:29.181 W/ActivityManager( 1508): Scheduling restart of crashed service com.android.launcher3/com.android.quickstep.TouchInteractionService in 1000ms for connection
12-23 01:15:29.181 I/am_schedule_service_restart( 1508): [0,com.android.launcher3/com.android.quickstep.TouchInteractionService,1000]
12-23 01:15:29.181 I/am_uid_stopped( 1508): 10078
12-23 01:15:29.182 I/wm_task_removed( 1508): [784,cleanUpResourcesForDestroy]
12-23 01:15:29.182 I/wm_task_removed( 1508): [783,removeChild:removeChild last r=Task{5a263e #784 type=recents I=com.android.launcher3/com.android.quickstep.RecentsActivity U=0 visible=false mode=fullscreen translucent=true sz=0} in t=Task{31311ec #783 type=recents ?? U=0 visible=false mode=fullscreen translucent=true sz=0}]
12-23 01:15:29.182 I/wm_task_removed( 1508): [783,removeChild]
12-23 01:15:29.182 I/wm_task_removed( 1508): [784,removeChild:removeChild last r=ActivityRecord{4fdc1bc u0 com.android.launcher3/com.android.quickstep.RecentsActivity t-1 f}} in t=Task{5a263e #784 type=recents I=com.android.launcher3/com.android.quickstep.RecentsActivity U=0 visible=false mode=fullscreen translucent=true sz=0}]
12-23 01:15:29.182 I/wm_task_removed( 1508): [784,removeChild]
12-23 01:15:29.184 I/am_uid_running( 1508): 10078
12-23 01:15:29.185 D/CompatibilityChangeReporter( 1508): Compat change id reported: 135634846; UID 10078; state: DISABLED
12-23 01:15:29.185 D/CompatibilityChangeReporter( 1508): Compat change id reported: 177438394; UID 10078; state: DISABLED
12-23 01:15:29.185 D/CompatibilityChangeReporter( 1508): Compat change id reported: 135772972; UID 10078; state: DISABLED
12-23 01:15:29.185 D/CompatibilityChangeReporter( 1508): Compat change id reported: 135754954; UID 10078; state: ENABLED
12-23 01:15:29.185 D/CompatibilityChangeReporter( 1508): Compat change id reported: 143937733; UID 10078; state: ENABLED
12-23 01:15:29.189 I/am_proc_start( 1508): [0,19710,10078,com.android.launcher3,service,{com.android.launcher3/com.android.quickstep.TouchInteractionService}]
12-23 01:15:29.189 I/ActivityManager( 1508): Start proc 19710:com.android.launcher3/u0a78 for service {com.android.launcher3/com.android.quickstep.TouchInteractionService}
01-01 08:01:06.443 I/binder ( 0): 19710:19710 ioctl 40046210 7fe8558544 returned -22
12-23 01:15:29.196 I/am_proc_bound( 1508): [0,19710,com.android.launcher3]
12-23 01:15:29.197 I/am_uid_active( 1508): 10078
12-23 01:15:29.234 I/ActivityTaskManager( 1508): START u0 {act=android.intent.action.MAIN cat=[android.intent.category.DEFAULT] flg=0x10010000 cmp=com.android.launcher3/com.android.quickstep.RecentsActivity} from uid 10078
12-23 01:15:29.236 I/wm_task_created( 1508): [785,-1]
12-23 01:15:29.236 W/ActivityTaskManager( 1508): Can't find TaskDisplayArea to determine support for multi window. Task id=785 attached=false
12-23 01:15:29.237 I/wm_task_created( 1508): [786,-1]
12-23 01:15:29.237 I/wm_task_moved( 1508): [786,0,-2147483648]
12-23 01:15:29.238 I/wm_create_task( 1508): [0,786]
12-23 01:15:29.238 I/wm_create_activity( 1508): [0,266560275,786,com.android.launcher3/com.android.quickstep.RecentsActivity,android.intent.action.MAIN,NULL,NULL,276889600]
12-23 01:15:29.239 I/ActivityTaskManager( 1508): The Process com.android.launcher3 Already Exists in BG. So sending its PID: 19710
12-23 01:15:29.239 I/wm_restart_activity( 1508): [0,266560275,786,com.android.launcher3/com.android.quickstep.RecentsActivity]
12-23 01:15:29.239 I/wm_add_to_stopping( 1508): [0,266560275,com.android.launcher3/com.android.quickstep.RecentsActivity,preloadRecents]
12-23 01:15:29.243 W/ContextImpl( 2417): Calling a method in the system process without a qualified user: android.app.ContextImpl.startService:1816 android.content.ContextWrapper.startService:774 com.thundercomm.gamemode.ingame.services.GameModeActionUtils.startGameModeService:99 com.thundercomm.gamemode.ingame.services.GameModeActionUtils.startGameModeEntry:22 com.thundercomm.gamemode.ingame.services.ActivityMonitoringService$1.onActivityLaunch:127
12-23 01:15:29.245 I/GameModeConfig( 1508): Current uri is uri = content://com.thundercomm.gamemode.api/gamemode_settings/gamemode_isgaming
12-23 01:15:29.245 I/GameModeConfig( 1508): isGameModeOn = false
12-23 01:15:29.246 I/GameModeConfig( 1508): isGameModeOn = false
12-23 01:15:29.246 I/GameModeConfig( 1508): isDisableVoice = true
01-01 08:01:06.506 I/binder ( 0): 19710:19738 ioctl 40046210 7b65332254 returned -22
12-23 01:15:29.299 E/AndroidRuntime(19710): FATAL EXCEPTION: ViewPool-init
12-23 01:15:29.299 E/AndroidRuntime(19710): Process: com.android.launcher3, PID: 19710
12-23 01:15:29.299 E/AndroidRuntime(19710): android.view.InflateException: Binary XML file line #18 in com.android.launcher3:layout/task: Binary XML file line #18 in com.android.launcher3:layout/task: Error inflating class com.android.quickstep.views.TaskView
12-23 01:15:29.299 E/AndroidRuntime(19710): Caused by: android.view.InflateException: Binary XML file line #18 in com.android.launcher3:layout/task: Error inflating class com.android.quickstep.views.TaskView
12-23 01:15:29.299 E/AndroidRuntime(19710): Caused by: java.lang.reflect.InvocationTargetException
12-23 01:15:29.299 E/AndroidRuntime(19710): at java.lang.reflect.Constructor.newInstance0(Native Method)
12-23 01:15:29.299 E/AndroidRuntime(19710): at java.lang.reflect.Constructor.newInstance(Constructor.java:343)
12-23 01:15:29.299 E/AndroidRuntime(19710): at android.view.LayoutInflater.createView(LayoutInflater.java:858)
12-23 01:15:29.299 E/AndroidRuntime(19710): at android.view.LayoutInflater.createViewFromTag(LayoutInflater.java:1010)
12-23 01:15:29.299 E/AndroidRuntime(19710): at android.view.LayoutInflater.createViewFromTag(LayoutInflater.java:965)
12-23 01:15:29.299 E/AndroidRuntime(19710): at android.view.LayoutInflater.inflate(LayoutInflater.java:663)
12-23 01:15:29.299 E/AndroidRuntime(19710): at android.view.LayoutInflater.inflate(LayoutInflater.java:538)
12-23 01:15:29.299 E/AndroidRuntime(19710): at com.android.launcher3.util.ViewPool.inflateNewView(ViewPool.java:106)
12-23 01:15:29.299 E/AndroidRuntime(19710): at com.android.launcher3.util.ViewPool.lambda$initPool$1$ViewPool(ViewPool.java:69)
12-23 01:15:29.299 E/AndroidRuntime(19710): at com.android.launcher3.util.ViewPool$$ExternalSyntheticLambda0.run(Unknown Source:8)
12-23 01:15:29.299 E/AndroidRuntime(19710): at java.lang.Thread.run(Thread.java:920)
12-23 01:15:29.299 E/AndroidRuntime(19710): Caused by: java.lang.ClassCastException: com.android.quickstep.RecentsActivity cannot be cast to com.android.launcher3.Launcher
12-23 01:15:29.299 E/AndroidRuntime(19710): at com.android.launcher3.Launcher.getLauncher(Launcher.java:3019)
12-23 01:15:29.299 E/AndroidRuntime(19710): at com.android.quickstep.views.TaskView.(TaskView.java:416)
12-23 01:15:29.299 E/AndroidRuntime(19710): at com.android.quickstep.views.TaskView.(TaskView.java:410)
12-23 01:15:29.299 E/AndroidRuntime(19710): ... 11 more
12-23 01:15:29.300 I/am_crash( 1508): [19710,0,com.android.launcher3,617332293,java.lang.ClassCastException,com.android.quickstep.RecentsActivity cannot be cast to com.android.launcher3.Launcher,Launcher.java,3019]
12-23 01:15:29.300 W/ActivityTaskManager( 1508): Force finishing activity com.android.launcher3/com.android.quickstep.RecentsActivity
12-23 01:15:29.300 I/wm_finish_activity( 1508): [0,266560275,786,com.android.launcher3/com.android.quickstep.RecentsActivity,force-crash]
12-23 01:15:29.301 I/wm_destroy_activity( 1508): [0,266560275,786,com.android.launcher3/com.android.quickstep.RecentsActivity,finish-imm:finishIfPossible]
12-23 01:15:29.302 I/sysui_multi_action( 1508): [757,316,758,4,759,-1]
12-23 01:15:29.307 W/ContextImpl( 2417): Calling a method in the system process without a qualified user: android.app.ContextImpl.startService:1816 android.content.ContextWrapper.startService:774 com.thundercomm.gamemode.ingame.services.GameModeActionUtils.startGameModeService:99 com.thundercomm.gamemode.ingame.services.GameModeActionUtils.startGameModeEntry:22 com.thundercomm.gamemode.ingame.services.ActivityMonitoringService$1.onActivityLaunch:127
12-23 01:15:29.308 I/GameModeConfig( 1508): Current uri is uri = content://com.thundercomm.gamemode.api/gamemode_settings/gamemode_isgaming
12-23 01:15:29.309 I/GameModeConfig( 1508): isGameModeOn = false
12-23 01:15:29.309 I/GameModeConfig( 1508): isGameModeOn = false
12-23 01:15:29.309 I/GameModeConfig( 1508): isDisableVoice = true
12-23 01:15:29.311 I/ActivityManager( 1508): Process com.android.launcher3 (pid 19710) has died: vis BFGS
12-23 01:15:29.311 I/am_proc_died( 1508): [0,19710,com.android.launcher3,100,5]
12-23 01:15:29.312 W/ActivityManager( 1508): Scheduling restart of crashed service com.android.launcher3/com.android.quickstep.TouchInteractionService in 1000ms for connection
12-23 01:15:29.312 I/am_schedule_service_restart( 1508): [0,com.android.launcher3/com.android.quickstep.TouchInteractionService,1000]
12-23 01:15:29.312 I/am_uid_stopped( 1508): 10078
12-23 01:15:29.312 I/wm_task_removed( 1508): [786,cleanUpResourcesForDestroy]
12-23 01:15:29.312 I/wm_task_removed( 1508): [785,removeChild:removeChild last r=Task{a2bf9bd #786 type=recents I=com.android.launcher3/com.android.quickstep.RecentsActivity U=0 visible=false mode=fullscreen translucent=true sz=0} in t=Task{7bb3703 #785 type=recents ?? U=0 visible=false mode=fullscreen translucent=true sz=0}]
12-23 01:15:29.312 I/wm_task_removed( 1508): [785,removeChild]
12-23 01:15:29.312 I/wm_task_removed( 1508): [786,removeChild:removeChild last r=ActivityRecord{fe36313 u0 com.android.launcher3/com.android.quickstep.RecentsActivity t-1 f}} in t=Task{a2bf9bd #786 type=recents I=com.android.launcher3/com.android.quickstep.RecentsActivity U=0 visible=false mode=fullscreen translucent=true sz=0}]
12-23 01:15:29.312 I/wm_task_removed( 1508): [786,removeChild]
12-23 01:15:29.314 I/am_uid_running( 1508): 10078
12-23 01:15:29.315 D/CompatibilityChangeReporter( 1508): Compat change id reported: 135634846; UID 10078; state: DISABLED
12-23 01:15:29.315 D/CompatibilityChangeReporter( 1508): Compat change id reported: 177438394; UID 10078; state: DISABLED
12-23 01:15:29.315 D/CompatibilityChangeReporter( 1508): Compat change id reported: 135772972; UID 10078; state: DISABLED
12-23 01:15:29.315 D/CompatibilityChangeReporter( 1508): Compat change id reported: 135754954; UID 10078; state: ENABLED
12-23 01:15:29.315 D/CompatibilityChangeReporter( 1508): Compat change id reported: 143937733; UID 10078; state: ENABLED
12-23 01:15:29.319 I/am_proc_start( 1508): [0,19751,10078,com.android.launcher3,service,{com.android.launcher3/com.android.quickstep.TouchInteractionService}]
12-23 01:15:29.319 I/ActivityManager( 1508): Start proc 19751:com.android.launcher3/u0a78 for service {com.android.launcher3/com.android.quickstep.TouchInteractionService}
01-01 08:01:06.573 I/binder ( 0): 19751:19751 ioctl 40046210 7fe8558544 returned -22
12-23 01:15:29.327 I/am_proc_bound( 1508): [0,19751,com.android.launcher3]
12-23 01:15:29.327 I/am_uid_active( 1508): 10078
12-23 01:15:29.360 I/ActivityTaskManager( 1508): START u0 {act=android.intent.action.MAIN cat=[android.intent.category.DEFAULT] flg=0x10010000 cmp=com.android.launcher3/com.android.quickstep.RecentsActivity} from uid 10078
12-23 01:15:29.362 I/wm_task_created( 1508): [787,-1]
12-23 01:15:29.362 W/ActivityTaskManager( 1508): Can't find TaskDisplayArea to determine support for multi window. Task id=787 attached=false
12-23 01:15:29.362 I/wm_task_created( 1508): [788,-1]
12-23 01:15:29.362 I/wm_task_moved( 1508): [788,0,-2147483648]
12-23 01:15:29.363 I/wm_create_task( 1508): [0,788]
12-23 01:15:29.363 I/wm_create_activity( 1508): [0,182817590,788,com.android.launcher3/com.android.quickstep.RecentsActivity,android.intent.action.MAIN,NULL,NULL,276889600]
12-23 01:15:29.364 I/ActivityTaskManager( 1508): The Process com.android.launcher3 Already Exists in BG. So sending its PID: 19751
12-23 01:15:29.364 I/wm_restart_activity( 1508): [0,182817590,788,com.android.launcher3/com.android.quickstep.RecentsActivity]
12-23 01:15:29.364 I/wm_add_to_stopping( 1508): [0,182817590,com.android.launcher3/com.android.quickstep.RecentsActivity,preloadRecents]
12-23 01:15:29.370 W/ContextImpl( 2417): Calling a method in the system process without a qualified user: android.app.ContextImpl.startService:1816 android.content.ContextWrapper.startService:774 com.thundercomm.gamemode.ingame.services.GameModeActionUtils.startGameModeService:99 com.thundercomm.gamemode.ingame.services.GameModeActionUtils.startGameModeEntry:22 com.thundercomm.gamemode.ingame.services.ActivityMonitoringService$1.onActivityLaunch:127
12-23 01:15:29.371 I/GameModeConfig( 1508): Current uri is uri = content://com.thundercomm.gamemode.api/gamemode_settings/gamemode_isgaming
12-23 01:15:29.372 I/GameModeConfig( 1508): isGameModeOn = false
12-23 01:15:29.372 I/GameModeConfig( 1508): isGameModeOn = false
12-23 01:15:29.372 I/GameModeConfig( 1508): isDisableVoice = true
01-01 08:01:06.631 I/binder ( 0): 19751:19778 ioctl 40046210 7b6632a254 returned -22
12-23 01:15:29.427 E/AndroidRuntime(19751): FATAL EXCEPTION: ViewPool-init
12-23 01:15:29.427 E/AndroidRuntime(19751): Process: com.android.launcher3, PID: 19751
