12-23 01:15:23.408 E/AndroidRuntime(17838): at java.lang.Thread.run(Thread.java:920)
12-23 01:15:23.408 E/AndroidRuntime(17838): Caused by: java.lang.ClassCastException: com.android.quickstep.RecentsActivity cannot be cast to com.android.launcher3.Launcher
12-23 01:15:23.408 E/AndroidRuntime(17838): at com.android.launcher3.Launcher.getLauncher(Launcher.java:3019)
12-23 01:15:23.408 E/AndroidRuntime(17838): at com.android.quickstep.views.TaskView.(TaskView.java:416)
12-23 01:15:23.408 E/AndroidRuntime(17838): at com.android.quickstep.views.TaskView.(TaskView.java:410)
12-23 01:15:23.408 E/AndroidRuntime(17838): ... 11 more
12-23 01:15:23.409 W/ActivityTaskManager( 1508): Force finishing activity com.android.launcher3/com.android.quickstep.RecentsActivity
12-23 01:15:23.415 W/ContextImpl( 2417): Calling a method in the system process without a qualified user: android.app.ContextImpl.startService:1816 android.content.ContextWrapper.startService:774 com.thundercomm.gamemode.ingame.services.GameModeActionUtils.startGameModeService:99 com.thundercomm.gamemode.ingame.services.GameModeActionUtils.startGameModeEntry:22 com.thundercomm.gamemode.ingame.services.ActivityMonitoringService$1.onActivityLaunch:127
12-23 01:15:23.417 I/GameModeConfig( 1508): Current uri is uri = content://com.thundercomm.gamemode.api/gamemode_settings/gamemode_isgaming
12-23 01:15:23.418 I/GameModeConfig( 1508): isGameModeOn = false
12-23 01:15:23.418 I/GameModeConfig( 1508): isGameModeOn = false
12-23 01:15:23.418 I/GameModeConfig( 1508): isDisableVoice = true
12-23 01:15:23.419 I/ActivityManager( 1508): Process com.android.launcher3 (pid 17838) has died: vis BFGS
12-23 01:15:23.420 W/ActivityManager( 1508): Scheduling restart of crashed service com.android.launcher3/com.android.quickstep.TouchInteractionService in 1000ms for connection
12-23 01:15:23.423 D/CompatibilityChangeReporter( 1508): Compat change id reported: 135634846; UID 10078; state: DISABLED
12-23 01:15:23.423 D/CompatibilityChangeReporter( 1508): Compat change id reported: 177438394; UID 10078; state: DISABLED
12-23 01:15:23.423 D/CompatibilityChangeReporter( 1508): Compat change id reported: 135772972; UID 10078; state: DISABLED
12-23 01:15:23.423 D/CompatibilityChangeReporter( 1508): Compat change id reported: 135754954; UID 10078; state: ENABLED
12-23 01:15:23.423 D/CompatibilityChangeReporter( 1508): Compat change id reported: 143937733; UID 10078; state: ENABLED
12-23 01:15:23.427 I/ActivityManager( 1508): Start proc 17878:com.android.launcher3/u0a78 for service {com.android.launcher3/com.android.quickstep.TouchInteractionService}
01-01 08:01:00.681 I/binder ( 0): 17878:17878 ioctl 40046210 7fe8558544 returned -22
01-01 08:01:00.686 I/ ( 0): read descriptors
01-01 08:01:00.686 I/ ( 0): read strings
12-23 01:15:23.470 I/ActivityTaskManager( 1508): START u0 {act=android.intent.action.MAIN cat=[android.intent.category.DEFAULT] flg=0x10010000 cmp=com.android.launcher3/com.android.quickstep.RecentsActivity} from uid 10078
12-23 01:15:23.471 W/ActivityTaskManager( 1508): Can't find TaskDisplayArea to determine support for multi window. Task id=695 attached=false
12-23 01:15:23.473 I/ActivityTaskManager( 1508): The Process com.android.launcher3 Already Exists in BG. So sending its PID: 17878
12-23 01:15:23.478 W/ContextImpl( 2417): Calling a method in the system process without a qualified user: android.app.ContextImpl.startService:1816 android.content.ContextWrapper.startService:774 com.thundercomm.gamemode.ingame.services.GameModeActionUtils.startGameModeService:99 com.thundercomm.gamemode.ingame.services.GameModeActionUtils.startGameModeEntry:22 com.thundercomm.gamemode.ingame.services.ActivityMonitoringService$1.onActivityLaunch:127
12-23 01:15:23.480 I/GameModeConfig( 1508): Current uri is uri = content://com.thundercomm.gamemode.api/gamemode_settings/gamemode_isgaming
12-23 01:15:23.481 I/GameModeConfig( 1508): isGameModeOn = false
12-23 01:15:23.481 I/GameModeConfig( 1508): isGameModeOn = false
12-23 01:15:23.481 I/GameModeConfig( 1508): isDisableVoice = true
01-01 08:01:00.740 I/binder ( 0): 17878:17906 ioctl 40046210 7b6632a254 returned -22
01-01 08:01:00.781 D/ ( 0): mv2112_read_status
12-23 01:15:23.534 E/AndroidRuntime(17878): FATAL EXCEPTION: ViewPool-init
12-23 01:15:23.534 E/AndroidRuntime(17878): Process: com.android.launcher3, PID: 17878
12-23 01:15:23.534 E/AndroidRuntime(17878): android.view.InflateException: Binary XML file line #18 in com.android.launcher3:layout/task: Binary XML file line #18 in com.android.launcher3:layout/task: Error inflating class com.android.quickstep.views.TaskView
12-23 01:15:23.534 E/AndroidRuntime(17878): Caused by: android.view.InflateException: Binary XML file line #18 in com.android.launcher3:layout/task: Error inflating class com.android.quickstep.views.TaskView
12-23 01:15:23.534 E/AndroidRuntime(17878): Caused by: java.lang.reflect.InvocationTargetException
12-23 01:15:23.534 E/AndroidRuntime(17878): at java.lang.reflect.Constructor.newInstance0(Native Method)
12-23 01:15:23.534 E/AndroidRuntime(17878): at java.lang.reflect.Constructor.newInstance(Constructor.java:343)
12-23 01:15:23.534 E/AndroidRuntime(17878): at android.view.LayoutInflater.createView(LayoutInflater.java:858)
12-23 01:15:23.534 E/AndroidRuntime(17878): at android.view.LayoutInflater.createViewFromTag(LayoutInflater.java:1010)
12-23 01:15:23.534 E/AndroidRuntime(17878): at android.view.LayoutInflater.createViewFromTag(LayoutInflater.java:965)
12-23 01:15:23.534 E/AndroidRuntime(17878): at android.view.LayoutInflater.inflate(LayoutInflater.java:663)
12-23 01:15:23.534 E/AndroidRuntime(17878): at android.view.LayoutInflater.inflate(LayoutInflater.java:538)
12-23 01:15:23.534 E/AndroidRuntime(17878): at com.android.launcher3.util.ViewPool.inflateNewView(ViewPool.java:106)
12-23 01:15:23.534 E/AndroidRuntime(17878): at com.android.launcher3.util.ViewPool.lambda$initPool$1$ViewPool(ViewPool.java:69)
12-23 01:15:23.534 E/AndroidRuntime(17878): at com.android.launcher3.util.ViewPool$$ExternalSyntheticLambda0.run(Unknown Source:8)
12-23 01:15:23.534 E/AndroidRuntime(17878): at java.lang.Thread.run(Thread.java:920)
12-23 01:15:23.534 E/AndroidRuntime(17878): Caused by: java.lang.ClassCastException: com.android.quickstep.RecentsActivity cannot be cast to com.android.launcher3.Launcher
12-23 01:15:23.534 E/AndroidRuntime(17878): at com.android.launcher3.Launcher.getLauncher(Launcher.java:3019)
12-23 01:15:23.534 E/AndroidRuntime(17878): at com.android.quickstep.views.TaskView.(TaskView.java:416)
12-23 01:15:23.534 E/AndroidRuntime(17878): at com.android.quickstep.views.TaskView.(TaskView.java:410)
12-23 01:15:23.534 E/AndroidRuntime(17878): ... 11 more
12-23 01:15:23.535 W/ActivityTaskManager( 1508): Force finishing activity com.android.launcher3/com.android.quickstep.RecentsActivity
01-01 08:01:00.782 D/mv2112_update_link( 0): 3.0x901(1G): 0x80
01-01 08:01:00.782 D/mv2112_update_link( 0): 3.0x8109(100M): 0x8
01-01 08:01:00.782 D/mv2112_update_link( 0): link 0x0
01-01 08:01:00.782 D/mv2112_read_status( 0): autoneg is disabled
12-23 01:15:23.541 W/ContextImpl( 2417): Calling a method in the system process without a qualified user: android.app.ContextImpl.startService:1816 android.content.ContextWrapper.startService:774 com.thundercomm.gamemode.ingame.services.GameModeActionUtils.startGameModeService:99 com.thundercomm.gamemode.ingame.services.GameModeActionUtils.startGameModeEntry:22 com.thundercomm.gamemode.ingame.services.ActivityMonitoringService$1.onActivityLaunch:127
12-23 01:15:23.542 I/GameModeConfig( 1508): Current uri is uri = content://com.thundercomm.gamemode.api/gamemode_settings/gamemode_isgaming
12-23 01:15:23.543 I/GameModeConfig( 1508): isGameModeOn = false
12-23 01:15:23.543 I/GameModeConfig( 1508): isGameModeOn = false
12-23 01:15:23.543 I/GameModeConfig( 1508): isDisableVoice = true
12-23 01:15:23.545 I/ActivityManager( 1508): Process com.android.launcher3 (pid 17878) has died: vis BFGS
12-23 01:15:23.546 W/ActivityManager( 1508): Scheduling restart of crashed service com.android.launcher3/com.android.quickstep.TouchInteractionService in 1000ms for connection
12-23 01:15:23.548 D/CompatibilityChangeReporter( 1508): Compat change id reported: 135634846; UID 10078; state: DISABLED
12-23 01:15:23.548 D/CompatibilityChangeReporter( 1508): Compat change id reported: 177438394; UID 10078; state: DISABLED
12-23 01:15:23.548 D/CompatibilityChangeReporter( 1508): Compat change id reported: 135772972; UID 10078; state: DISABLED
12-23 01:15:23.548 D/CompatibilityChangeReporter( 1508): Compat change id reported: 135754954; UID 10078; state: ENABLED
12-23 01:15:23.549 D/CompatibilityChangeReporter( 1508): Compat change id reported: 143937733; UID 10078; state: ENABLED
12-23 01:15:23.553 I/ActivityManager( 1508): Start proc 17920:com.android.launcher3/u0a78 for service {com.android.launcher3/com.android.quickstep.TouchInteractionService}
01-01 08:01:00.807 I/binder ( 0): 17920:17920 ioctl 40046210 7fe8558544 returned -22
12-23 01:15:23.594 I/ActivityTaskManager( 1508): START u0 {act=android.intent.action.MAIN cat=[android.intent.category.DEFAULT] flg=0x10010000 cmp=com.android.launcher3/com.android.quickstep.RecentsActivity} from uid 10078
12-23 01:15:23.596 W/ActivityTaskManager( 1508): Can't find TaskDisplayArea to determine support for multi window. Task id=697 attached=false
12-23 01:15:23.598 I/ActivityTaskManager( 1508): The Process com.android.launcher3 Already Exists in BG. So sending its PID: 17920
12-23 01:15:23.603 W/ContextImpl( 2417): Calling a method in the system process without a qualified user: android.app.ContextImpl.startService:1816 android.content.ContextWrapper.startService:774 com.thundercomm.gamemode.ingame.services.GameModeActionUtils.startGameModeService:99 com.thundercomm.gamemode.ingame.services.GameModeActionUtils.startGameModeEntry:22 com.thundercomm.gamemode.ingame.services.ActivityMonitoringService$1.onActivityLaunch:127
12-23 01:15:23.605 I/GameModeConfig( 1508): Current uri is uri = content://com.thundercomm.gamemode.api/gamemode_settings/gamemode_isgaming
12-23 01:15:23.605 I/GameModeConfig( 1508): isGameModeOn = false
12-23 01:15:23.605 I/GameModeConfig( 1508): isGameModeOn = false
12-23 01:15:23.605 I/GameModeConfig( 1508): isDisableVoice = true
01-01 08:01:00.865 I/binder ( 0): 17920:17947 ioctl 40046210 7b6412e254 returned -22
12-23 01:15:23.659 E/AndroidRuntime(17920): FATAL EXCEPTION: ViewPool-init
12-23 01:15:23.659 E/AndroidRuntime(17920): Process: com.android.launcher3, PID: 17920
12-23 01:15:23.659 E/AndroidRuntime(17920): android.view.InflateException: Binary XML file line #18 in com.android.launcher3:layout/task: Binary XML file line #18 in com.android.launcher3:layout/task: Error inflating class com.android.quickstep.views.TaskView
12-23 01:15:23.659 E/AndroidRuntime(17920): Caused by: android.view.InflateException: Binary XML file line #18 in com.android.launcher3:layout/task: Error inflating class com.android.quickstep.views.TaskView
12-23 01:15:23.659 E/AndroidRuntime(17920): Caused by: java.lang.reflect.InvocationTargetException
12-23 01:15:23.659 E/AndroidRuntime(17920): at java.lang.reflect.Constructor.newInstance0(Native Method)
12-23 01:15:23.659 E/AndroidRuntime(17920): at java.lang.reflect.Constructor.newInstance(Constructor.java:343)
12-23 01:15:23.659 E/AndroidRuntime(17920): at android.view.LayoutInflater.createView(LayoutInflater.java:858)
12-23 01:15:23.659 E/AndroidRuntime(17920): at android.view.LayoutInflater.createViewFromTag(LayoutInflater.java:1010)
12-23 01:15:23.659 E/AndroidRuntime(17920): at android.view.LayoutInflater.createViewFromTag(LayoutInflater.java:965)
12-23 01:15:23.659 E/AndroidRuntime(17920): at android.view.LayoutInflater.inflate(LayoutInflater.java:663)
12-23 01:15:23.659 E/AndroidRuntime(17920): at android.view.LayoutInflater.inflate(LayoutInflater.java:538)
12-23 01:15:23.659 E/AndroidRuntime(17920): at com.android.launcher3.util.ViewPool.inflateNewView(ViewPool.java:106)
12-23 01:15:23.659 E/AndroidRuntime(17920): at com.android.launcher3.util.ViewPool.lambda$initPool$1$ViewPool(ViewPool.java:69)
12-23 01:15:23.659 E/AndroidRuntime(17920): at com.android.launcher3.util.ViewPool$$ExternalSyntheticLambda0.run(Unknown Source:8)
12-23 01:15:23.659 E/AndroidRuntime(17920): at java.lang.Thread.run(Thread.java:920)
12-23 01:15:23.659 E/AndroidRuntime(17920): Caused by: java.lang.ClassCastException: com.android.quickstep.RecentsActivity cannot be cast to com.android.launcher3.Launcher
12-23 01:15:23.659 E/AndroidRuntime(17920): at com.android.launcher3.Launcher.getLauncher(Launcher.java:3019)
12-23 01:15:23.659 E/AndroidRuntime(17920): at com.android.quickstep.views.TaskView.(TaskView.java:416)
12-23 01:15:23.659 E/AndroidRuntime(17920): at com.android.quickstep.views.TaskView.(TaskView.java:410)
12-23 01:15:23.659 E/AndroidRuntime(17920): ... 11 more
12-23 01:15:23.660 W/ActivityTaskManager( 1508): Force finishing activity com.android.launcher3/com.android.quickstep.RecentsActivity
12-23 01:15:23.666 W/ContextImpl( 2417): Calling a method in the system process without a qualified user: android.app.ContextImpl.startService:1816 android.content.ContextWrapper.startService:774 com.thundercomm.gamemode.ingame.services.GameModeActionUtils.startGameModeService:99 com.thundercomm.gamemode.ingame.services.GameModeActionUtils.startGameModeEntry:22 com.thundercomm.gamemode.ingame.services.ActivityMonitoringService$1.onActivityLaunch:127
12-23 01:15:23.668 I/GameModeConfig( 1508): Current uri is uri = content://com.thundercomm.gamemode.api/gamemode_settings/gamemode_isgaming
12-23 01:15:23.669 I/GameModeConfig( 1508): isGameModeOn = false
12-23 01:15:23.669 I/GameModeConfig( 1508): isGameModeOn = false
12-23 01:15:23.669 I/GameModeConfig( 1508): isDisableVoice = true
12-23 01:15:23.673 I/ActivityManager( 1508): Process com.android.launcher3 (pid 17920) has died: vis BFGS
12-23 01:15:23.673 W/ActivityManager( 1508): Scheduling restart of crashed service com.android.launcher3/com.android.quickstep.TouchInteractionService in 1000ms for connection
12-23 01:15:23.676 D/CompatibilityChangeReporter( 1508): Compat change id reported: 135634846; UID 10078; state: DISABLED
12-23 01:15:23.676 D/CompatibilityChangeReporter( 1508): Compat change id reported: 177438394; UID 10078; state: DISABLED
12-23 01:15:23.676 D/CompatibilityChangeReporter( 1508): Compat change id reported: 135772972; UID 10078; state: DISABLED
12-23 01:15:23.676 D/CompatibilityChangeReporter( 1508): Compat change id reported: 135754954; UID 10078; state: ENABLED
12-23 01:15:23.676 D/CompatibilityChangeReporter( 1508): Compat change id reported: 143937733; UID 10078; state: ENABLED
12-23 01:15:23.681 I/ActivityManager( 1508): Start proc 17960:com.android.launcher3/u0a78 for service {com.android.launcher3/com.android.quickstep.TouchInteractionService}
01-01 08:01:00.934 I/binder ( 0): 17960:17960 ioctl 40046210 7fe8558544 returned -22
12-23 01:15:23.723 I/ActivityTaskManager( 1508): START u0 {act=android.intent.action.MAIN cat=[android.intent.category.DEFAULT] flg=0x10010000 cmp=com.android.launcher3/com.android.quickstep.RecentsActivity} from uid 10078
12-23 01:15:23.724 W/ActivityTaskManager( 1508): Can't find TaskDisplayArea to determine support for multi window. Task id=699 attached=false
12-23 01:15:23.727 I/ActivityTaskManager( 1508): The Process com.android.launcher3 Already Exists in BG. So sending its PID: 17960
12-23 01:15:23.731 W/ContextImpl( 2417): Calling a method in the system process without a qualified user: android.app.ContextImpl.startService:1816 android.content.ContextWrapper.startService:774 com.thundercomm.gamemode.ingame.services.GameModeActionUtils.startGameModeService:99 com.thundercomm.gamemode.ingame.services.GameModeActionUtils.startGameModeEntry:22 com.thundercomm.gamemode.ingame.services.ActivityMonitoringService$1.onActivityLaunch:127
12-23 01:15:23.733 I/GameModeConfig( 1508): Current uri is uri = content://com.thundercomm.gamemode.api/gamemode_settings/gamemode_isgaming
12-23 01:15:23.734 I/GameModeConfig( 1508): isGameModeOn = false
12-23 01:15:23.734 I/GameModeConfig( 1508): isGameModeOn = false
12-23 01:15:23.734 I/GameModeConfig( 1508): isDisableVoice = true
01-01 08:01:00.995 I/binder ( 0): 17960:17987 ioctl 40046210 7b6532a254 returned -22
12-23 01:15:23.789 E/AndroidRuntime(17960): FATAL EXCEPTION: ViewPool-init
12-23 01:15:23.789 E/AndroidRuntime(17960): Process: com.android.launcher3, PID: 17960
12-23 01:15:23.789 E/AndroidRuntime(17960): android.view.InflateException: Binary XML file line #18 in com.android.launcher3:layout/task: Binary XML file line #18 in com.android.launcher3:layout/task: Error inflating class com.android.quickstep.views.TaskView
12-23 01:15:23.789 E/AndroidRuntime(17960): Caused by: android.view.InflateException: Binary XML file line #18 in com.android.launcher3:layout/task: Error inflating class com.android.quickstep.views.TaskView
12-23 01:15:23.789 E/AndroidRuntime(17960): Caused by: java.lang.reflect.InvocationTargetException
12-23 01:15:23.789 E/AndroidRuntime(17960): at java.lang.reflect.Constructor.newInstance0(Native Method)
12-23 01:15:23.789 E/AndroidRuntime(17960): at java.lang.reflect.Constructor.newInstance(Constructor.java:343)
12-23 01:15:23.789 E/AndroidRuntime(17960): at android.view.LayoutInflater.createView(LayoutInflater.java:858)
12-23 01:15:23.789 E/AndroidRuntime(17960): at android.view.LayoutInflater.createViewFromTag(LayoutInflater.java:1010)
12-23 01:15:23.789 E/AndroidRuntime(17960): at android.view.LayoutInflater.createViewFromTag(LayoutInflater.java:965)
12-23 01:15:23.789 E/AndroidRuntime(17960): at android.view.LayoutInflater.inflate(LayoutInflater.java:663)
12-23 01:15:23.789 E/AndroidRuntime(17960): at android.view.LayoutInflater.inflate(LayoutInflater.java:538)
12-23 01:15:23.789 E/AndroidRuntime(17960): at com.android.launcher3.util.ViewPool.inflateNewView(ViewPool.java:106)
12-23 01:15:23.789 E/AndroidRuntime(17960): at com.android.launcher3.util.ViewPool.lambda$initPool$1$ViewPool(ViewPool.java:69)
12-23 01:15:23.789 E/AndroidRuntime(17960): at com.android.launcher3.util.ViewPool$$ExternalSyntheticLambda0.run(Unknown Source:8)
12-23 01:15:23.789 E/AndroidRuntime(17960): at java.lang.Thread.run(Thread.java:920)
12-23 01:15:23.789 E/AndroidRuntime(17960): Caused by: java.lang.ClassCastException: com.android.quickstep.RecentsActivity cannot be cast to com.android.launcher3.Launcher
12-23 01:15:23.789 E/AndroidRuntime(17960): at com.android.launcher3.Launcher.getLauncher(Launcher.java:3019)
12-23 01:15:23.789 E/AndroidRuntime(17960): at com.android.quickstep.views.TaskView.(TaskView.java:416)
12-23 01:15:23.789 E/AndroidRuntime(17960): at com.android.quickstep.views.TaskView.(TaskView.java:410)
12-23 01:15:23.789 E/AndroidRuntime(17960): ... 11 more
12-23 01:15:23.790 W/ActivityTaskManager( 1508): Force finishing activity com.android.launcher3/com.android.quickstep.RecentsActivity
12-23 01:15:23.796 W/ContextImpl( 2417): Calling a method in the system process without a qualified user: android.app.ContextImpl.startService:1816 android.content.ContextWrapper.startService:774 com.thundercomm.gamemode.ingame.services.GameModeActionUtils.startGameModeService:99 com.thundercomm.gamemode.ingame.services.GameModeActionUtils.startGameModeEntry:22 com.thundercomm.gamemode.ingame.services.ActivityMonitoringService$1.onActivityLaunch:127
12-23 01:15:23.797 I/GameModeConfig( 1508): Current uri is uri = content://com.thundercomm.gamemode.api/gamemode_settings/gamemode_isgaming
12-23 01:15:23.798 I/GameModeConfig( 1508): isGameModeOn = false
12-23 01:15:23.798 I/GameModeConfig( 1508): isGameModeOn = false
12-23 01:15:23.798 I/GameModeConfig( 1508): isDisableVoice = true
12-23 01:15:23.800 I/ActivityManager( 1508): Process com.android.launcher3 (pid 17960) has died: vis BFGS
12-23 01:15:23.801 W/ActivityManager( 1508): Scheduling restart of crashed service com.android.launcher3/com.android.quickstep.TouchInteractionService in 1000ms for connection
12-23 01:15:23.804 D/CompatibilityChangeReporter( 1508): Compat change id reported: 135634846; UID 10078; state: DISABLED
12-23 01:15:23.804 D/CompatibilityChangeReporter( 1508): Compat change id reported: 177438394; UID 10078; state: DISABLED
12-23 01:15:23.804 D/CompatibilityChangeReporter( 1508): Compat change id reported: 135772972; UID 10078; state: DISABLED
12-23 01:15:23.804 D/CompatibilityChangeReporter( 1508): Compat change id reported: 135754954; UID 10078; state: ENABLED
12-23 01:15:23.804 D/CompatibilityChangeReporter( 1508): Compat change id reported: 143937733; UID 10078; state: ENABLED
12-23 01:15:23.808 I/ActivityManager( 1508): Start proc 18000:com.android.launcher3/u0a78 for service {com.android.launcher3/com.android.quickstep.TouchInteractionService}
01-01 08:01:01.061 I/binder ( 0): 18000:18000 ioctl 40046210 7fe8558544 returned -22
12-23 01:15:23.848 I/ActivityTaskManager( 1508): START u0 {act=android.intent.action.MAIN cat=[android.intent.category.DEFAULT] flg=0x10010000 cmp=com.android.launcher3/com.android.quickstep.RecentsActivity} from uid 10078
12-23 01:15:23.849 W/ActivityTaskManager( 1508): Can't find TaskDisplayArea to determine support for multi window. Task id=701 attached=false
12-23 01:15:23.851 I/ActivityTaskManager( 1508): The Process com.android.launcher3 Already Exists in BG. So sending its PID: 18000
12-23 01:15:23.858 W/ContextImpl( 2417): Calling a method in the system process without a qualified user: android.app.ContextImpl.startService:1816 android.content.ContextWrapper.startService:774 com.thundercomm.gamemode.ingame.services.GameModeActionUtils.startGameModeService:99 com.thundercomm.gamemode.ingame.services.GameModeActionUtils.startGameModeEntry:22 com.thundercomm.gamemode.ingame.services.ActivityMonitoringService$1.onActivityLaunch:127
12-23 01:15:23.859 I/GameModeConfig( 1508): Current uri is uri = content://com.thundercomm.gamemode.api/gamemode_settings/gamemode_isgaming
12-23 01:15:23.860 I/GameModeConfig( 1508): isGameModeOn = false
12-23 01:15:23.860 I/GameModeConfig( 1508): isGameModeOn = false
12-23 01:15:23.860 I/GameModeConfig( 1508): isDisableVoice = true
01-01 08:01:01.118 I/binder ( 0): 18000:18027 ioctl 40046210 7b6622c254 returned -22
12-23 01:15:23.913 E/AndroidRuntime(18000): FATAL EXCEPTION: ViewPool-init
12-23 01:15:23.913 E/AndroidRuntime(18000): Process: com.android.launcher3, PID: 18000
12-23 01:15:23.913 E/AndroidRuntime(18000): android.view.InflateException: Binary XML file line #18 in com.android.launcher3:layout/task: Binary XML file line #18 in com.android.launcher3:layout/task: Error inflating class com.android.quickstep.views.TaskView
12-23 01:15:23.913 E/AndroidRuntime(18000): Caused by: android.view.InflateException: Binary XML file line #18 in com.android.launcher3:layout/task: Error inflating class com.android.quickstep.views.TaskView
12-23 01:15:23.913 E/AndroidRuntime(18000): Caused by: java.lang.reflect.InvocationTargetException
12-23 01:15:23.913 E/AndroidRuntime(18000): at java.lang.reflect.Constructor.newInstance0(Native Method)
12-23 01:15:23.913 E/AndroidRuntime(18000): at java.lang.reflect.Constructor.newInstance(Constructor.java:343)
12-23 01:15:23.913 E/AndroidRuntime(18000): at android.view.LayoutInflater.createView(LayoutInflater.java:858)
12-23 01:15:23.913 E/AndroidRuntime(18000): at android.view.LayoutInflater.createViewFromTag(LayoutInflater.java:1010)
12-23 01:15:23.913 E/AndroidRuntime(18000): at android.view.LayoutInflater.createViewFromTag(LayoutInflater.java:965)
12-23 01:15:23.913 E/AndroidRuntime(18000): at android.view.LayoutInflater.inflate(LayoutInflater.java:663)
12-23 01:15:23.913 E/AndroidRuntime(18000): at android.view.LayoutInflater.inflate(LayoutInflater.java:538)
12-23 01:15:23.913 E/AndroidRuntime(18000): at com.android.launcher3.util.ViewPool.inflateNewView(ViewPool.java:106)
12-23 01:15:23.913 E/AndroidRuntime(18000): at com.android.launcher3.util.ViewPool.lambda$initPool$1$ViewPool(ViewPool.java:69)
12-23 01:15:23.913 E/AndroidRuntime(18000): at com.android.launcher3.util.ViewPool$$ExternalSyntheticLambda0.run(Unknown Source:8)
12-23 01:15:23.913 E/AndroidRuntime(18000): at java.lang.Thread.run(Thread.java:920)
12-23 01:15:23.913 E/AndroidRuntime(18000): Caused by: java.lang.ClassCastException: com.android.quickstep.RecentsActivity cannot be cast to com.android.launcher3.Launcher
12-23 01:15:23.913 E/AndroidRuntime(18000): at com.android.launcher3.Launcher.getLauncher(Launcher.java:3019)
12-23 01:15:23.913 E/AndroidRuntime(18000): at com.android.quickstep.views.TaskView.(TaskView.java:416)
12-23 01:15:23.913 E/AndroidRuntime(18000): at com.android.quickstep.views.TaskView.(TaskView.java:410)
12-23 01:15:23.913 E/AndroidRuntime(18000): ... 11 more
12-23 01:15:23.914 W/ActivityTaskManager( 1508): Force finishing activity com.android.launcher3/com.android.quickstep.RecentsActivity
12-23 01:15:23.920 W/ContextImpl( 2417): Calling a method in the system process without a qualified user: android.app.ContextImpl.startService:1816 android.content.ContextWrapper.startService:774 com.thundercomm.gamemode.ingame.services.GameModeActionUtils.startGameModeService:99 com.thundercomm.gamemode.ingame.services.GameModeActionUtils.startGameModeEntry:22 com.thundercomm.gamemode.ingame.services.ActivityMonitoringService$1.onActivityLaunch:127
12-23 01:15:23.922 I/GameModeConfig( 1508): Current uri is uri = content://com.thundercomm.gamemode.api/gamemode_settings/gamemode_isgaming
12-23 01:15:23.922 I/GameModeConfig( 1508): isGameModeOn = false
12-23 01:15:23.923 I/GameModeConfig( 1508): isGameModeOn = false
12-23 01:15:23.923 I/GameModeConfig( 1508): isDisableVoice = true
01-01 08:01:01.172 I/binder ( 0): undelivered transaction 438127, process died.
12-23 01:15:23.924 I/ActivityManager( 1508): Process com.android.launcher3 (pid 18000) has died: vis BFGS
12-23 01:15:23.925 W/ActivityManager( 1508): Scheduling restart of crashed service com.android.launcher3/com.android.quickstep.TouchInteractionService in 1000ms for connection
12-23 01:15:23.928 D/CompatibilityChangeReporter( 1508): Compat change id reported: 135634846; UID 10078; state: DISABLED
12-23 01:15:23.928 D/CompatibilityChangeReporter( 1508): Compat change id reported: 177438394; UID 10078; state: DISABLED
12-23 01:15:23.928 D/CompatibilityChangeReporter( 1508): Compat change id reported: 135772972; UID 10078; state: DISABLED
12-23 01:15:23.928 D/CompatibilityChangeReporter( 1508): Compat change id reported: 135754954; UID 10078; state: ENABLED
12-23 01:15:23.928 D/CompatibilityChangeReporter( 1508): Compat change id reported: 143937733; UID 10078; state: ENABLED
12-23 01:15:23.932 I/ActivityManager( 1508): Start proc 18041:com.android.launcher3/u0a78 for service {com.android.launcher3/com.android.quickstep.TouchInteractionService}
01-01 08:01:01.186 I/binder ( 0): 18041:18041 ioctl 40046210 7fe8558544 returned -22
12-23 01:15:23.973 I/ActivityTaskManager( 1508): START u0 {act=android.intent.action.MAIN cat=[android.intent.category.DEFAULT] flg=0x10010000 cmp=com.android.launcher3/com.android.quickstep.RecentsActivity} from uid 10078
12-23 01:15:23.974 W/ActivityTaskManager( 1508): Can't find TaskDisplayArea to determine support for multi window. Task id=703 attached=false
12-23 01:15:23.976 I/ActivityTaskManager( 1508): The Process com.android.launcher3 Already Exists in BG. So sending its PID: 18041
12-23 01:15:23.982 W/ContextImpl( 2417): Calling a method in the system process without a qualified user: android.app.ContextImpl.startService:1816 android.content.ContextWrapper.startService:774 com.thundercomm.gamemode.ingame.services.GameModeActionUtils.startGameModeService:99 com.thundercomm.gamemode.ingame.services.GameModeActionUtils.startGameModeEntry:22 com.thundercomm.gamemode.ingame.services.ActivityMonitoringService$1.onActivityLaunch:127
12-23 01:15:23.984 I/GameModeConfig( 1508): Current uri is uri = content://com.thundercomm.gamemode.api/gamemode_settings/gamemode_isgaming
12-23 01:15:23.984 I/GameModeConfig( 1508): isGameModeOn = false
12-23 01:15:23.984 I/GameModeConfig( 1508): isGameModeOn = false
12-23 01:15:23.984 I/GameModeConfig( 1508): isDisableVoice = true
01-01 08:01:01.243 I/binder ( 0): 18041:18068 ioctl 40046210 7b6632a254 returned -22
12-23 01:15:24.036 E/AndroidRuntime(18041): FATAL EXCEPTION: ViewPool-init
12-23 01:15:24.036 E/AndroidRuntime(18041): Process: com.android.launcher3, PID: 18041
12-23 01:15:24.036 E/AndroidRuntime(18041): android.view.InflateException: Binary XML file line #18 in com.android.launcher3:layout/task: Binary XML file line #18 in com.android.launcher3:layout/task: Error inflating class com.android.quickstep.views.TaskView
12-23 01:15:24.036 E/AndroidRuntime(18041): Caused by: android.view.InflateException: Binary XML file line #18 in com.android.launcher3:layout/task: Error inflating class com.android.quickstep.views.TaskView
12-23 01:15:24.036 E/AndroidRuntime(18041): Caused by: java.lang.reflect.InvocationTargetException
12-23 01:15:24.036 E/AndroidRuntime(18041): at java.lang.reflect.Constructor.newInstance0(Native Method)
12-23 01:15:24.036 E/AndroidRuntime(18041): at java.lang.reflect.Constructor.newInstance(Constructor.java:343)
12-23 01:15:24.036 E/AndroidRuntime(18041): at android.view.LayoutInflater.createView(LayoutInflater.java:858)
12-23 01:15:24.036 E/AndroidRuntime(18041): at android.view.LayoutInflater.createViewFromTag(LayoutInflater.java:1010)
12-23 01:15:24.036 E/AndroidRuntime(18041): at android.view.LayoutInflater.createViewFromTag(LayoutInflater.java:965)
12-23 01:15:24.036 E/AndroidRuntime(18041): at android.view.LayoutInflater.inflate(LayoutInflater.java:663)
12-23 01:15:24.036 E/AndroidRuntime(18041): at android.view.LayoutInflater.inflate(LayoutInflater.java:538)
12-23 01:15:24.036 E/AndroidRuntime(18041): at com.android.launcher3.util.ViewPool.inflateNewView(ViewPool.java:106)
12-23 01:15:24.036 E/AndroidRuntime(18041): at com.android.launcher3.util.ViewPool.lambda$initPool$1$ViewPool(ViewPool.java:69)
12-23 01:15:24.036 E/AndroidRuntime(18041): at com.android.launcher3.util.ViewPool$$ExternalSyntheticLambda0.run(Unknown Source:8)
12-23 01:15:24.036 E/AndroidRuntime(18041): at java.lang.Thread.run(Thread.java:920)
12-23 01:15:24.036 E/AndroidRuntime(18041): Caused by: java.lang.ClassCastException: com.android.quickstep.RecentsActivity cannot be cast to com.android.launcher3.Launcher
12-23 01:15:24.036 E/AndroidRuntime(18041): at com.android.launcher3.Launcher.getLauncher(Launcher.java:3019)
12-23 01:15:24.036 E/AndroidRuntime(18041): at com.android.quickstep.views.TaskView.(TaskView.java:416)
12-23 01:15:24.036 E/AndroidRuntime(18041): at com.android.quickstep.views.TaskView.(TaskView.java:410)
12-23 01:15:24.036 E/AndroidRuntime(18041): ... 11 more
12-23 01:15:24.037 W/ActivityTaskManager( 1508): Force finishing activity com.android.launcher3/com.android.quickstep.RecentsActivity
12-23 01:15:24.043 W/ContextImpl( 2417): Calling a method in the system process without a qualified user: android.app.ContextImpl.startService:1816 android.content.ContextWrapper.startService:774 com.thundercomm.gamemode.ingame.services.GameModeActionUtils.startGameModeService:99 com.thundercomm.gamemode.ingame.services.GameModeActionUtils.startGameModeEntry:22 com.thundercomm.gamemode.ingame.services.ActivityMonitoringService$1.onActivityLaunch:127
12-23 01:15:24.044 I/GameModeConfig( 1508): Current uri is uri = content://com.thundercomm.gamemode.api/gamemode_settings/gamemode_isgaming
12-23 01:15:24.045 I/GameModeConfig( 1508): isGameModeOn = false
12-23 01:15:24.045 I/GameModeConfig( 1508): isGameModeOn = false
12-23 01:15:24.045 I/GameModeConfig( 1508): isDisableVoice = true
01-01 08:01:01.294 I/binder ( 0): undelivered transaction 439138, process died.
12-23 01:15:24.046 I/ActivityManager( 1508): Process com.android.launcher3 (pid 18041) has died: vis BFGS
12-23 01:15:24.047 W/ActivityManager( 1508): Scheduling restart of crashed service com.android.launcher3/com.android.quickstep.TouchInteractionService in 1000ms for connection
12-23 01:15:24.050 D/CompatibilityChangeReporter( 1508): Compat change id reported: 135634846; UID 10078; state: DISABLED
12-23 01:15:24.050 D/CompatibilityChangeReporter( 1508): Compat change id reported: 177438394; UID 10078; state: DISABLED
12-23 01:15:24.050 D/CompatibilityChangeReporter( 1508): Compat change id reported: 135772972; UID 10078; state: DISABLED
12-23 01:15:24.050 D/CompatibilityChangeReporter( 1508): Compat change id reported: 135754954; UID 10078; state: ENABLED
12-23 01:15:24.050 D/CompatibilityChangeReporter( 1508): Compat change id reported: 143937733; UID 10078; state: ENABLED
12-23 01:15:24.054 I/ActivityManager( 1508): Start proc 18081:com.android.launcher3/u0a78 for service {com.android.launcher3/com.android.quickstep.TouchInteractionService}
01-01 08:01:01.308 I/binder ( 0): 18081:18081 ioctl 40046210 7fe8558544 returned -22
12-23 01:15:24.097 I/ActivityTaskManager( 1508): START u0 {act=android.intent.action.MAIN cat=[android.intent.category.DEFAULT] flg=0x10010000 cmp=com.android.launcher3/com.android.quickstep.RecentsActivity} from uid 10078
12-23 01:15:24.098 W/ActivityTaskManager( 1508): Can't find TaskDisplayArea to determine support for multi window. Task id=705 attached=false
12-23 01:15:24.100 I/ActivityTaskManager( 1508): The Process com.android.launcher3 Already Exists in BG. So sending its PID: 18081
12-23 01:15:24.105 W/ContextImpl( 2417): Calling a method in the system process without a qualified user: android.app.ContextImpl.startService:1816 android.content.ContextWrapper.startService:774 com.thundercomm.gamemode.ingame.services.GameModeActionUtils.startGameModeService:99 com.thundercomm.gamemode.ingame.services.GameModeActionUtils.startGameModeEntry:22 com.thundercomm.gamemode.ingame.services.ActivityMonitoringService$1.onActivityLaunch:127
12-23 01:15:24.107 I/GameModeConfig( 1508): Current uri is uri = content://com.thundercomm.gamemode.api/gamemode_settings/gamemode_isgaming
12-23 01:15:24.108 I/GameModeConfig( 1508): isGameModeOn = false
12-23 01:15:24.108 I/GameModeConfig( 1508): isGameModeOn = false
12-23 01:15:24.108 I/GameModeConfig( 1508): isDisableVoice = true
01-01 08:01:01.371 I/binder ( 0): 18081:18107 ioctl 40046210 7b6622c254 returned -22
12-23 01:15:24.164 E/AndroidRuntime(18081): FATAL EXCEPTION: ViewPool-init
12-23 01:15:24.164 E/AndroidRuntime(18081): Process: com.android.launcher3, PID: 18081
12-23 01:15:24.164 E/AndroidRuntime(18081): android.view.InflateException: Binary XML file line #18 in com.android.launcher3:layout/task: Binary XML file line #18 in com.android.launcher3:layout/task: Error inflating class com.android.quickstep.views.TaskView
12-23 01:15:24.164 E/AndroidRuntime(18081): Caused by: android.view.InflateException: Binary XML file line #18 in com.android.launcher3:layout/task: Error inflating class com.android.quickstep.views.TaskView
12-23 01:15:24.164 E/AndroidRuntime(18081): Caused by: java.lang.reflect.InvocationTargetException
12-23 01:15:24.164 E/AndroidRuntime(18081): at java.lang.reflect.Constructor.newInstance0(Native Method)
12-23 01:15:24.164 E/AndroidRuntime(18081): at java.lang.reflect.Constructor.newInstance(Constructor.java:343)
12-23 01:15:24.164 E/AndroidRuntime(18081): at android.view.LayoutInflater.createView(LayoutInflater.java:858)
12-23 01:15:24.164 E/AndroidRuntime(18081): at android.view.LayoutInflater.createViewFromTag(LayoutInflater.java:1010)
12-23 01:15:24.164 E/AndroidRuntime(18081): at android.view.LayoutInflater.createViewFromTag(LayoutInflater.java:965)
12-23 01:15:24.164 E/AndroidRuntime(18081): at android.view.LayoutInflater.inflate(LayoutInflater.java:663)
12-23 01:15:24.164 E/AndroidRuntime(18081): at android.view.LayoutInflater.inflate(LayoutInflater.java:538)
12-23 01:15:24.164 E/AndroidRuntime(18081): at com.android.launcher3.util.ViewPool.inflateNewView(ViewPool.java:106)
12-23 01:15:24.164 E/AndroidRuntime(18081): at com.android.launcher3.util.ViewPool.lambda$initPool$1$ViewPool(ViewPool.java:69)
12-23 01:15:24.164 E/AndroidRuntime(18081): at com.android.launcher3.util.ViewPool$$ExternalSyntheticLambda0.run(Unknown Source:8)
12-23 01:15:24.164 E/AndroidRuntime(18081): at java.lang.Thread.run(Thread.java:920)
12-23 01:15:24.164 E/AndroidRuntime(18081): Caused by: java.lang.ClassCastException: com.android.quickstep.RecentsActivity cannot be cast to com.android.launcher3.Launcher
12-23 01:15:24.164 E/AndroidRuntime(18081): at com.android.launcher3.Launcher.getLauncher(Launcher.java:3019)
12-23 01:15:24.164 E/AndroidRuntime(18081): at com.android.quickstep.views.TaskView.(TaskView.java:416)
12-23 01:15:24.164 E/AndroidRuntime(18081): at com.android.quickstep.views.TaskView.(TaskView.java:410)
12-23 01:15:24.164 E/AndroidRuntime(18081): ... 11 more
12-23 01:15:24.165 W/ActivityTaskManager( 1508): Force finishing activity com.android.launcher3/com.android.quickstep.RecentsActivity
12-23 01:15:24.172 W/ContextImpl( 2417): Calling a method in the system process without a qualified user: android.app.ContextImpl.startService:1816 android.content.ContextWrapper.startService:774 com.thundercomm.gamemode.ingame.services.GameModeActionUtils.startGameModeService:99 com.thundercomm.gamemode.ingame.services.GameModeActionUtils.startGameModeEntry:22 com.thundercomm.gamemode.ingame.services.ActivityMonitoringService$1.onActivityLaunch:127
12-23 01:15:24.173 I/GameModeConfig( 1508): Current uri is uri = content://com.thundercomm.gamemode.api/gamemode_settings/gamemode_isgaming
12-23 01:15:24.174 I/GameModeConfig( 1508): isGameModeOn = false
12-23 01:15:24.174 I/GameModeConfig( 1508): isGameModeOn = false
12-23 01:15:24.174 I/GameModeConfig( 1508): isDisableVoice = true
12-23 01:15:24.176 I/ActivityManager( 1508): Process com.android.launcher3 (pid 18081) has died: vis BFGS
12-23 01:15:24.176 W/ActivityManager( 1508): Scheduling restart of crashed service com.android.launcher3/com.android.quickstep.TouchInteractionService in 1000ms for connection
12-23 01:15:24.179 D/CompatibilityChangeReporter( 1508): Compat change id reported: 135634846; UID 10078; state: DISABLED
12-23 01:15:24.179 D/CompatibilityChangeReporter( 1508): Compat change id reported: 177438394; UID 10078; state: DISABLED
12-23 01:15:24.180 D/CompatibilityChangeReporter( 1508): Compat change id reported: 135772972; UID 10078; state: DISABLED
12-23 01:15:24.180 D/CompatibilityChangeReporter( 1508): Compat change id reported: 135754954; UID 10078; state: ENABLED
12-23 01:15:24.180 D/CompatibilityChangeReporter( 1508): Compat change id reported: 143937733; UID 10078; state: ENABLED
12-23 01:15:24.184 I/ActivityManager( 1508): Start proc 18120:com.android.launcher3/u0a78 for service {com.android.launcher3/com.android.quickstep.TouchInteractionService}
01-01 08:01:01.438 I/binder ( 0): 18120:18120 ioctl 40046210 7fe8558544 returned -22
12-23 01:15:24.227 I/ActivityTaskManager( 1508): START u0 {act=android.intent.action.MAIN cat=[android.intent.category.DEFAULT] flg=0x10010000 cmp=com.android.launcher3/com.android.quickstep.RecentsActivity} from uid 10078
12-23 01:15:24.228 W/ActivityTaskManager( 1508): Can't find TaskDisplayArea to determine support for multi window. Task id=707 attached=false
12-23 01:15:24.231 I/ActivityTaskManager( 1508): The Process com.android.launcher3 Already Exists in BG. So sending its PID: 18120
12-23 01:15:24.237 W/ContextImpl( 2417): Calling a method in the system process without a qualified user: android.app.ContextImpl.startService:1816 android.content.ContextWrapper.startService:774 com.thundercomm.gamemode.ingame.services.GameModeActionUtils.startGameModeService:99 com.thundercomm.gamemode.ingame.services.GameModeActionUtils.startGameModeEntry:22 com.thundercomm.gamemode.ingame.services.ActivityMonitoringService$1.onActivityLaunch:127
12-23 01:15:24.238 I/GameModeConfig( 1508): Current uri is uri = content://com.thundercomm.gamemode.api/gamemode_settings/gamemode_isgaming
12-23 01:15:24.239 I/GameModeConfig( 1508): isGameModeOn = false
12-23 01:15:24.239 I/GameModeConfig( 1508): isGameModeOn = false
12-23 01:15:24.239 I/GameModeConfig( 1508): isDisableVoice = true
01-01 08:01:01.497 I/binder ( 0): 18120:18148 ioctl 40046210 7b65332254 returned -22
12-23 01:15:24.291 E/AndroidRuntime(18120): FATAL EXCEPTION: ViewPool-init
12-23 01:15:24.291 E/AndroidRuntime(18120): Process: com.android.launcher3, PID: 18120
12-23 01:15:24.291 E/AndroidRuntime(18120): android.view.InflateException: Binary XML file line #18 in com.android.launcher3:layout/task: Binary XML file line #18 in com.android.launcher3:layout/task: Error inflating class com.android.quickstep.views.TaskView
12-23 01:15:24.291 E/AndroidRuntime(18120): Caused by: android.view.InflateException: Binary XML file line #18 in com.android.launcher3:layout/task: Error inflating class com.android.quickstep.views.TaskView
12-23 01:15:24.291 E/AndroidRuntime(18120): Caused by: java.lang.reflect.InvocationTargetException
12-23 01:15:24.291 E/AndroidRuntime(18120): at java.lang.reflect.Constructor.newInstance0(Native Method)
12-23 01:15:24.291 E/AndroidRuntime(18120): at java.lang.reflect.Constructor.newInstance(Constructor.java:343)
12-23 01:15:24.291 E/AndroidRuntime(18120): at android.view.LayoutInflater.createView(LayoutInflater.java:858)
12-23 01:15:24.291 E/AndroidRuntime(18120): at android.view.LayoutInflater.createViewFromTag(LayoutInflater.java:1010)
12-23 01:15:24.291 E/AndroidRuntime(18120): at android.view.LayoutInflater.createViewFromTag(LayoutInflater.java:965)
12-23 01:15:24.291 E/AndroidRuntime(18120): at android.view.LayoutInflater.inflate(LayoutInflater.java:663)
12-23 01:15:24.291 E/AndroidRuntime(18120): at android.view.LayoutInflater.inflate(LayoutInflater.java:538)
12-23 01:15:24.291 E/AndroidRuntime(18120): at com.android.launcher3.util.ViewPool.inflateNewView(ViewPool.java:106)
12-23 01:15:24.291 E/AndroidRuntime(18120): at com.android.launcher3.util.ViewPool.lambda$initPool$1$ViewPool(ViewPool.java:69)
12-23 01:15:24.291 E/AndroidRuntime(18120): at com.android.launcher3.util.ViewPool$$ExternalSyntheticLambda0.run(Unknown Source:8)
12-23 01:15:24.291 E/AndroidRuntime(18120): at java.lang.Thread.run(Thread.java:920)
12-23 01:15:24.291 E/AndroidRuntime(18120): Caused by: java.lang.ClassCastException: com.android.quickstep.RecentsActivity cannot be cast to com.android.launcher3.Launcher
12-23 01:15:24.291 E/AndroidRuntime(18120): at com.android.launcher3.Launcher.getLauncher(Launcher.java:3019)
12-23 01:15:24.291 E/AndroidRuntime(18120): at com.android.quickstep.views.TaskView.(TaskView.java:416)
12-23 01:15:24.291 E/AndroidRuntime(18120): at com.android.quickstep.views.TaskView.(TaskView.java:410)
12-23 01:15:24.291 E/AndroidRuntime(18120): ... 11 more
12-23 01:15:24.292 W/ActivityTaskManager( 1508): Force finishing activity com.android.launcher3/com.android.quickstep.RecentsActivity
12-23 01:15:24.298 W/ContextImpl( 2417): Calling a method in the system process without a qualified user: android.app.ContextImpl.startService:1816 android.content.ContextWrapper.startService:774 com.thundercomm.gamemode.ingame.services.GameModeActionUtils.startGameModeService:99 com.thundercomm.gamemode.ingame.services.GameModeActionUtils.startGameModeEntry:22 com.thundercomm.gamemode.ingame.services.ActivityMonitoringService$1.onActivityLaunch:127
12-23 01:15:24.300 I/GameModeConfig( 1508): Current uri is uri = content://com.thundercomm.gamemode.api/gamemode_settings/gamemode_isgaming
12-23 01:15:24.301 I/GameModeConfig( 1508): isGameModeOn = false
12-23 01:15:24.301 I/GameModeConfig( 1508): isGameModeOn = false
12-23 01:15:24.301 I/GameModeConfig( 1508): isDisableVoice = true
01-01 08:01:01.550 I/binder ( 0): undelivered transaction 441047, process died.
12-23 01:15:24.302 I/ActivityManager( 1508): Process com.android.launcher3 (pid 18120) has died: vis BFGS
12-23 01:15:24.303 W/ActivityManager( 1508): Scheduling restart of crashed service com.android.launcher3/com.android.quickstep.TouchInteractionService in 1000ms for connection
12-23 01:15:24.306 D/CompatibilityChangeReporter( 1508): Compat change id reported: 135634846; UID 10078; state: DISABLED
12-23 01:15:24.306 D/CompatibilityChangeReporter( 1508): Compat change id reported: 177438394; UID 10078; state: DISABLED
12-23 01:15:24.306 D/CompatibilityChangeReporter( 1508): Compat change id reported: 135772972; UID 10078; state: DISABLED
12-23 01:15:24.306 D/CompatibilityChangeReporter( 1508): Compat change id reported: 135754954; UID 10078; state: ENABLED
12-23 01:15:24.306 D/CompatibilityChangeReporter( 1508): Compat change id reported: 143937733; UID 10078; state: ENABLED
12-23 01:15:24.310 I/ActivityManager( 1508): Start proc 18161:com.android.launcher3/u0a78 for service {com.android.launcher3/com.android.quickstep.TouchInteractionService}
01-01 08:01:01.564 I/binder ( 0): 18161:18161 ioctl 40046210 7fe8558544 returned -22
12-23 01:15:24.353 I/ActivityTaskManager( 1508): START u0 {act=android.intent.action.MAIN cat=[android.intent.category.DEFAULT] flg=0x10010000 cmp=com.android.launcher3/com.android.quickstep.RecentsActivity} from uid 10078
12-23 01:15:24.354 W/ActivityTaskManager( 1508): Can't find TaskDisplayArea to determine support for multi window. Task id=709 attached=false
12-23 01:15:24.357 I/ActivityTaskManager( 1508): The Process com.android.launcher3 Already Exists in BG. So sending its PID: 18161
12-23 01:15:24.361 W/ContextImpl( 2417): Calling a method in the system process without a qualified user: android.app.ContextImpl.startService:1816 android.content.ContextWrapper.startService:774 com.thundercomm.gamemode.ingame.services.GameModeActionUtils.startGameModeService:99 com.thundercomm.gamemode.ingame.services.GameModeActionUtils.startGameModeEntry:22 com.thundercomm.gamemode.ingame.services.ActivityMonitoringService$1.onActivityLaunch:127
12-23 01:15:24.363 I/GameModeConfig( 1508): Current uri is uri = content://com.thundercomm.gamemode.api/gamemode_settings/gamemode_isgaming
12-23 01:15:24.364 I/GameModeConfig( 1508): isGameModeOn = false
12-23 01:15:24.364 I/GameModeConfig( 1508): isGameModeOn = false
12-23 01:15:24.364 I/GameModeConfig( 1508): isDisableVoice = true
01-01 08:01:01.623 I/binder ( 0): 18161:18189 ioctl 40046210 7b6512e254 returned -22
12-23 01:15:24.418 E/AndroidRuntime(18161): FATAL EXCEPTION: ViewPool-init
12-23 01:15:24.418 E/AndroidRuntime(18161): Process: com.android.launcher3, PID: 18161
12-23 01:15:24.418 E/AndroidRuntime(18161): android.view.InflateException: Binary XML file line #18 in com.android.launcher3:layout/task: Binary XML file line #18 in com.android.launcher3:layout/task: Error inflating class com.android.quickstep.views.TaskView
12-23 01:15:24.418 E/AndroidRuntime(18161): Caused by: android.view.InflateException: Binary XML file line #18 in com.android.launcher3:layout/task: Error inflating class com.android.quickstep.views.TaskView
12-23 01:15:24.418 E/AndroidRuntime(18161): Caused by: java.lang.reflect.InvocationTargetException
12-23 01:15:24.418 E/AndroidRuntime(18161): at java.lang.reflect.Constructor.newInstance0(Native Method)
12-23 01:15:24.418 E/AndroidRuntime(18161): at java.lang.reflect.Constructor.newInstance(Constructor.java:343)
12-23 01:15:24.418 E/AndroidRuntime(18161): at android.view.LayoutInflater.createView(LayoutInflater.java:858)
12-23 01:15:24.418 E/AndroidRuntime(18161): at android.view.LayoutInflater.createViewFromTag(LayoutInflater.java:1010)
12-23 01:15:24.418 E/AndroidRuntime(18161): at android.view.LayoutInflater.createViewFromTag(LayoutInflater.java:965)
12-23 01:15:24.418 E/AndroidRuntime(18161): at android.view.LayoutInflater.inflate(LayoutInflater.java:663)
12-23 01:15:24.418 E/AndroidRuntime(18161): at android.view.LayoutInflater.inflate(LayoutInflater.java:538)
12-23 01:15:24.418 E/AndroidRuntime(18161): at com.android.launcher3.util.ViewPool.inflateNewView(ViewPool.java:106)
12-23 01:15:24.418 E/AndroidRuntime(18161): at com.android.launcher3.util.ViewPool.lambda$initPool$1$ViewPool(ViewPool.java:69)
12-23 01:15:24.418 E/AndroidRuntime(18161): at com.android.launcher3.util.ViewPool$$ExternalSyntheticLambda0.run(Unknown Source:8)
12-23 01:15:24.418 E/AndroidRuntime(18161): at java.lang.Thread.run(Thread.java:920)
12-23 01:15:24.418 E/AndroidRuntime(18161): Caused by: java.lang.ClassCastException: com.android.quickstep.RecentsActivity cannot be cast to com.android.launcher3.Launcher
12-23 01:15:24.418 E/AndroidRuntime(18161): at com.android.launcher3.Launcher.getLauncher(Launcher.java:3019)
12-23 01:15:24.418 E/AndroidRuntime(18161): at com.android.quickstep.views.TaskView.(TaskView.java:416)
12-23 01:15:24.418 E/AndroidRuntime(18161): at com.android.quickstep.views.TaskView.(TaskView.java:410)
12-23 01:15:24.418 E/AndroidRuntime(18161): ... 11 more
12-23 01:15:24.419 W/ActivityTaskManager( 1508): Force finishing activity com.android.launcher3/com.android.quickstep.RecentsActivity
12-23 01:15:24.424 W/ContextImpl( 2417): Calling a method in the system process without a qualified user: android.app.ContextImpl.startService:1816 android.content.ContextWrapper.startService:774 com.thundercomm.gamemode.ingame.services.GameModeActionUtils.startGameModeService:99 com.thundercomm.gamemode.ingame.services.GameModeActionUtils.startGameModeEntry:22 com.thundercomm.gamemode.ingame.services.ActivityMonitoringService$1.onActivityLaunch:127
12-23 01:15:24.438 I/GameModeConfig( 1508): Current uri is uri = content://com.thundercomm.gamemode.api/gamemode_settings/gamemode_isgaming
12-23 01:15:24.439 I/GameModeConfig( 1508): isGameModeOn = false
12-23 01:15:24.439 I/GameModeConfig( 1508): isGameModeOn = false
12-23 01:15:24.439 I/GameModeConfig( 1508): isDisableVoice = true
12-23 01:15:24.444 I/ActivityManager( 1508): Process com.android.launcher3 (pid 18161) has died: vis BFGS
