12-23 01:15:12.702 D/CompatibilityChangeReporter( 1508): Compat change id reported: 143937733; UID 10078; state: ENABLED
12-23 01:15:12.706 I/ActivityManager( 1508): Start proc 14526:com.android.launcher3/u0a78 for service {com.android.launcher3/com.android.quickstep.TouchInteractionService}
01-01 08:00:49.960 I/binder ( 0): 14526:14526 ioctl 40046210 7fe8558544 returned -22
12-23 01:15:12.748 I/ActivityTaskManager( 1508): START u0 {act=android.intent.action.MAIN cat=[android.intent.category.DEFAULT] flg=0x10010000 cmp=com.android.launcher3/com.android.quickstep.RecentsActivity} from uid 10078
12-23 01:15:12.750 W/ActivityTaskManager( 1508): Can't find TaskDisplayArea to determine support for multi window. Task id=529 attached=false
12-23 01:15:12.752 I/ActivityTaskManager( 1508): The Process com.android.launcher3 Already Exists in BG. So sending its PID: 14526
12-23 01:15:12.757 W/ContextImpl( 2417): Calling a method in the system process without a qualified user: android.app.ContextImpl.startService:1816 android.content.ContextWrapper.startService:774 com.thundercomm.gamemode.ingame.services.GameModeActionUtils.startGameModeService:99 com.thundercomm.gamemode.ingame.services.GameModeActionUtils.startGameModeEntry:22 com.thundercomm.gamemode.ingame.services.ActivityMonitoringService$1.onActivityLaunch:127
12-23 01:15:12.760 I/GameModeConfig( 1508): Current uri is uri = content://com.thundercomm.gamemode.api/gamemode_settings/gamemode_isgaming
12-23 01:15:12.761 I/GameModeConfig( 1508): isGameModeOn = false
12-23 01:15:12.761 I/GameModeConfig( 1508): isGameModeOn = false
12-23 01:15:12.761 I/GameModeConfig( 1508): isDisableVoice = true
01-01 08:00:50.019 I/binder ( 0): 14526:14553 ioctl 40046210 7b6632a254 returned -22
12-23 01:15:12.815 E/AndroidRuntime(14526): FATAL EXCEPTION: ViewPool-init
12-23 01:15:12.815 E/AndroidRuntime(14526): Process: com.android.launcher3, PID: 14526
12-23 01:15:12.815 E/AndroidRuntime(14526): android.view.InflateException: Binary XML file line #18 in com.android.launcher3:layout/task: Binary XML file line #18 in com.android.launcher3:layout/task: Error inflating class com.android.quickstep.views.TaskView
12-23 01:15:12.815 E/AndroidRuntime(14526): Caused by: android.view.InflateException: Binary XML file line #18 in com.android.launcher3:layout/task: Error inflating class com.android.quickstep.views.TaskView
12-23 01:15:12.815 E/AndroidRuntime(14526): Caused by: java.lang.reflect.InvocationTargetException
12-23 01:15:12.815 E/AndroidRuntime(14526): at java.lang.reflect.Constructor.newInstance0(Native Method)
12-23 01:15:12.815 E/AndroidRuntime(14526): at java.lang.reflect.Constructor.newInstance(Constructor.java:343)
12-23 01:15:12.815 E/AndroidRuntime(14526): at android.view.LayoutInflater.createView(LayoutInflater.java:858)
12-23 01:15:12.815 E/AndroidRuntime(14526): at android.view.LayoutInflater.createViewFromTag(LayoutInflater.java:1010)
12-23 01:15:12.815 E/AndroidRuntime(14526): at android.view.LayoutInflater.createViewFromTag(LayoutInflater.java:965)
12-23 01:15:12.815 E/AndroidRuntime(14526): at android.view.LayoutInflater.inflate(LayoutInflater.java:663)
12-23 01:15:12.815 E/AndroidRuntime(14526): at android.view.LayoutInflater.inflate(LayoutInflater.java:538)
12-23 01:15:12.815 E/AndroidRuntime(14526): at com.android.launcher3.util.ViewPool.inflateNewView(ViewPool.java:106)
12-23 01:15:12.815 E/AndroidRuntime(14526): at com.android.launcher3.util.ViewPool.lambda$initPool$1$ViewPool(ViewPool.java:69)
12-23 01:15:12.815 E/AndroidRuntime(14526): at com.android.launcher3.util.ViewPool$$ExternalSyntheticLambda0.run(Unknown Source:8)
12-23 01:15:12.815 E/AndroidRuntime(14526): at java.lang.Thread.run(Thread.java:920)
12-23 01:15:12.815 E/AndroidRuntime(14526): Caused by: java.lang.ClassCastException: com.android.quickstep.RecentsActivity cannot be cast to com.android.launcher3.Launcher
12-23 01:15:12.815 E/AndroidRuntime(14526): at com.android.launcher3.Launcher.getLauncher(Launcher.java:3019)
12-23 01:15:12.815 E/AndroidRuntime(14526): at com.android.quickstep.views.TaskView.(TaskView.java:416)
12-23 01:15:12.815 E/AndroidRuntime(14526): at com.android.quickstep.views.TaskView.(TaskView.java:410)
12-23 01:15:12.815 E/AndroidRuntime(14526): ... 11 more
12-23 01:15:12.816 W/ActivityTaskManager( 1508): Force finishing activity com.android.launcher3/com.android.quickstep.RecentsActivity
12-23 01:15:12.822 W/ContextImpl( 2417): Calling a method in the system process without a qualified user: android.app.ContextImpl.startService:1816 android.content.ContextWrapper.startService:774 com.thundercomm.gamemode.ingame.services.GameModeActionUtils.startGameModeService:99 com.thundercomm.gamemode.ingame.services.GameModeActionUtils.startGameModeEntry:22 com.thundercomm.gamemode.ingame.services.ActivityMonitoringService$1.onActivityLaunch:127
12-23 01:15:12.823 I/GameModeConfig( 1508): Current uri is uri = content://com.thundercomm.gamemode.api/gamemode_settings/gamemode_isgaming
12-23 01:15:12.824 I/GameModeConfig( 1508): isGameModeOn = false
12-23 01:15:12.824 I/GameModeConfig( 1508): isGameModeOn = false
12-23 01:15:12.824 I/GameModeConfig( 1508): isDisableVoice = true
12-23 01:15:12.826 I/ActivityManager( 1508): Process com.android.launcher3 (pid 14526) has died: vis BFGS
12-23 01:15:12.827 W/ActivityManager( 1508): Scheduling restart of crashed service com.android.launcher3/com.android.quickstep.TouchInteractionService in 1000ms for connection
12-23 01:15:12.830 D/CompatibilityChangeReporter( 1508): Compat change id reported: 135634846; UID 10078; state: DISABLED
12-23 01:15:12.830 D/CompatibilityChangeReporter( 1508): Compat change id reported: 177438394; UID 10078; state: DISABLED
12-23 01:15:12.830 D/CompatibilityChangeReporter( 1508): Compat change id reported: 135772972; UID 10078; state: DISABLED
12-23 01:15:12.830 D/CompatibilityChangeReporter( 1508): Compat change id reported: 135754954; UID 10078; state: ENABLED
12-23 01:15:12.830 D/CompatibilityChangeReporter( 1508): Compat change id reported: 143937733; UID 10078; state: ENABLED
12-23 01:15:12.834 I/ActivityManager( 1508): Start proc 14567:com.android.launcher3/u0a78 for service {com.android.launcher3/com.android.quickstep.TouchInteractionService}
01-01 08:00:50.088 I/binder ( 0): 14567:14567 ioctl 40046210 7fe8558544 returned -22
12-23 01:15:12.877 I/ActivityTaskManager( 1508): START u0 {act=android.intent.action.MAIN cat=[android.intent.category.DEFAULT] flg=0x10010000 cmp=com.android.launcher3/com.android.quickstep.RecentsActivity} from uid 10078
12-23 01:15:12.878 W/ActivityTaskManager( 1508): Can't find TaskDisplayArea to determine support for multi window. Task id=531 attached=false
12-23 01:15:12.881 I/ActivityTaskManager( 1508): The Process com.android.launcher3 Already Exists in BG. So sending its PID: 14567
12-23 01:15:12.886 W/ContextImpl( 2417): Calling a method in the system process without a qualified user: android.app.ContextImpl.startService:1816 android.content.ContextWrapper.startService:774 com.thundercomm.gamemode.ingame.services.GameModeActionUtils.startGameModeService:99 com.thundercomm.gamemode.ingame.services.GameModeActionUtils.startGameModeEntry:22 com.thundercomm.gamemode.ingame.services.ActivityMonitoringService$1.onActivityLaunch:127
12-23 01:15:12.888 I/GameModeConfig( 1508): Current uri is uri = content://com.thundercomm.gamemode.api/gamemode_settings/gamemode_isgaming
12-23 01:15:12.888 I/GameModeConfig( 1508): isGameModeOn = false
12-23 01:15:12.889 I/GameModeConfig( 1508): isGameModeOn = false
12-23 01:15:12.889 I/GameModeConfig( 1508): isDisableVoice = true
01-01 08:00:50.147 I/binder ( 0): 14567:14596 ioctl 40046210 7b6522c254 returned -22
12-23 01:15:12.941 E/AndroidRuntime(14567): FATAL EXCEPTION: ViewPool-init
12-23 01:15:12.941 E/AndroidRuntime(14567): Process: com.android.launcher3, PID: 14567
12-23 01:15:12.941 E/AndroidRuntime(14567): android.view.InflateException: Binary XML file line #18 in com.android.launcher3:layout/task: Binary XML file line #18 in com.android.launcher3:layout/task: Error inflating class com.android.quickstep.views.TaskView
12-23 01:15:12.941 E/AndroidRuntime(14567): Caused by: android.view.InflateException: Binary XML file line #18 in com.android.launcher3:layout/task: Error inflating class com.android.quickstep.views.TaskView
12-23 01:15:12.941 E/AndroidRuntime(14567): Caused by: java.lang.reflect.InvocationTargetException
12-23 01:15:12.941 E/AndroidRuntime(14567): at java.lang.reflect.Constructor.newInstance0(Native Method)
12-23 01:15:12.941 E/AndroidRuntime(14567): at java.lang.reflect.Constructor.newInstance(Constructor.java:343)
12-23 01:15:12.941 E/AndroidRuntime(14567): at android.view.LayoutInflater.createView(LayoutInflater.java:858)
12-23 01:15:12.941 E/AndroidRuntime(14567): at android.view.LayoutInflater.createViewFromTag(LayoutInflater.java:1010)
12-23 01:15:12.941 E/AndroidRuntime(14567): at android.view.LayoutInflater.createViewFromTag(LayoutInflater.java:965)
12-23 01:15:12.941 E/AndroidRuntime(14567): at android.view.LayoutInflater.inflate(LayoutInflater.java:663)
12-23 01:15:12.941 E/AndroidRuntime(14567): at android.view.LayoutInflater.inflate(LayoutInflater.java:538)
12-23 01:15:12.941 E/AndroidRuntime(14567): at com.android.launcher3.util.ViewPool.inflateNewView(ViewPool.java:106)
12-23 01:15:12.941 E/AndroidRuntime(14567): at com.android.launcher3.util.ViewPool.lambda$initPool$1$ViewPool(ViewPool.java:69)
12-23 01:15:12.941 E/AndroidRuntime(14567): at com.android.launcher3.util.ViewPool$$ExternalSyntheticLambda0.run(Unknown Source:8)
12-23 01:15:12.941 E/AndroidRuntime(14567): at java.lang.Thread.run(Thread.java:920)
12-23 01:15:12.941 E/AndroidRuntime(14567): Caused by: java.lang.ClassCastException: com.android.quickstep.RecentsActivity cannot be cast to com.android.launcher3.Launcher
12-23 01:15:12.941 E/AndroidRuntime(14567): at com.android.launcher3.Launcher.getLauncher(Launcher.java:3019)
12-23 01:15:12.941 E/AndroidRuntime(14567): at com.android.quickstep.views.TaskView.(TaskView.java:416)
12-23 01:15:12.941 E/AndroidRuntime(14567): at com.android.quickstep.views.TaskView.(TaskView.java:410)
12-23 01:15:12.941 E/AndroidRuntime(14567): ... 11 more
12-23 01:15:12.942 W/ActivityTaskManager( 1508): Force finishing activity com.android.launcher3/com.android.quickstep.RecentsActivity
12-23 01:15:12.948 W/ContextImpl( 2417): Calling a method in the system process without a qualified user: android.app.ContextImpl.startService:1816 android.content.ContextWrapper.startService:774 com.thundercomm.gamemode.ingame.services.GameModeActionUtils.startGameModeService:99 com.thundercomm.gamemode.ingame.services.GameModeActionUtils.startGameModeEntry:22 com.thundercomm.gamemode.ingame.services.ActivityMonitoringService$1.onActivityLaunch:127
12-23 01:15:12.950 I/GameModeConfig( 1508): Current uri is uri = content://com.thundercomm.gamemode.api/gamemode_settings/gamemode_isgaming
12-23 01:15:12.951 I/GameModeConfig( 1508): isGameModeOn = false
12-23 01:15:12.951 I/GameModeConfig( 1508): isGameModeOn = false
12-23 01:15:12.951 I/GameModeConfig( 1508): isDisableVoice = true
12-23 01:15:12.954 I/ActivityManager( 1508): Process com.android.launcher3 (pid 14567) has died: vis BFGS
12-23 01:15:12.954 W/ActivityManager( 1508): Scheduling restart of crashed service com.android.launcher3/com.android.quickstep.TouchInteractionService in 1000ms for connection
12-23 01:15:12.957 D/CompatibilityChangeReporter( 1508): Compat change id reported: 135634846; UID 10078; state: DISABLED
12-23 01:15:12.957 D/CompatibilityChangeReporter( 1508): Compat change id reported: 177438394; UID 10078; state: DISABLED
12-23 01:15:12.957 D/CompatibilityChangeReporter( 1508): Compat change id reported: 135772972; UID 10078; state: DISABLED
12-23 01:15:12.957 D/CompatibilityChangeReporter( 1508): Compat change id reported: 135754954; UID 10078; state: ENABLED
12-23 01:15:12.957 D/CompatibilityChangeReporter( 1508): Compat change id reported: 143937733; UID 10078; state: ENABLED
12-23 01:15:12.962 I/ActivityManager( 1508): Start proc 14610:com.android.launcher3/u0a78 for service {com.android.launcher3/com.android.quickstep.TouchInteractionService}
01-01 08:00:50.215 I/binder ( 0): 14610:14610 ioctl 40046210 7fe8558544 returned -22
12-23 01:15:13.003 I/ActivityTaskManager( 1508): START u0 {act=android.intent.action.MAIN cat=[android.intent.category.DEFAULT] flg=0x10010000 cmp=com.android.launcher3/com.android.quickstep.RecentsActivity} from uid 10078
12-23 01:15:13.004 W/ActivityTaskManager( 1508): Can't find TaskDisplayArea to determine support for multi window. Task id=533 attached=false
12-23 01:15:13.007 I/ActivityTaskManager( 1508): The Process com.android.launcher3 Already Exists in BG. So sending its PID: 14610
12-23 01:15:13.011 W/ContextImpl( 2417): Calling a method in the system process without a qualified user: android.app.ContextImpl.startService:1816 android.content.ContextWrapper.startService:774 com.thundercomm.gamemode.ingame.services.GameModeActionUtils.startGameModeService:99 com.thundercomm.gamemode.ingame.services.GameModeActionUtils.startGameModeEntry:22 com.thundercomm.gamemode.ingame.services.ActivityMonitoringService$1.onActivityLaunch:127
12-23 01:15:13.013 I/GameModeConfig( 1508): Current uri is uri = content://com.thundercomm.gamemode.api/gamemode_settings/gamemode_isgaming
12-23 01:15:13.014 I/GameModeConfig( 1508): isGameModeOn = false
12-23 01:15:13.014 I/GameModeConfig( 1508): isGameModeOn = false
12-23 01:15:13.014 I/GameModeConfig( 1508): isDisableVoice = true
01-01 08:00:50.274 I/binder ( 0): 14610:14637 ioctl 40046210 7b66430254 returned -22
12-23 01:15:13.069 E/AndroidRuntime(14610): FATAL EXCEPTION: ViewPool-init
12-23 01:15:13.069 E/AndroidRuntime(14610): Process: com.android.launcher3, PID: 14610
12-23 01:15:13.069 E/AndroidRuntime(14610): android.view.InflateException: Binary XML file line #18 in com.android.launcher3:layout/task: Binary XML file line #18 in com.android.launcher3:layout/task: Error inflating class com.android.quickstep.views.TaskView
12-23 01:15:13.069 E/AndroidRuntime(14610): Caused by: android.view.InflateException: Binary XML file line #18 in com.android.launcher3:layout/task: Error inflating class com.android.quickstep.views.TaskView
12-23 01:15:13.069 E/AndroidRuntime(14610): Caused by: java.lang.reflect.InvocationTargetException
12-23 01:15:13.069 E/AndroidRuntime(14610): at java.lang.reflect.Constructor.newInstance0(Native Method)
12-23 01:15:13.069 E/AndroidRuntime(14610): at java.lang.reflect.Constructor.newInstance(Constructor.java:343)
12-23 01:15:13.069 E/AndroidRuntime(14610): at android.view.LayoutInflater.createView(LayoutInflater.java:858)
12-23 01:15:13.069 E/AndroidRuntime(14610): at android.view.LayoutInflater.createViewFromTag(LayoutInflater.java:1010)
12-23 01:15:13.069 E/AndroidRuntime(14610): at android.view.LayoutInflater.createViewFromTag(LayoutInflater.java:965)
12-23 01:15:13.069 E/AndroidRuntime(14610): at android.view.LayoutInflater.inflate(LayoutInflater.java:663)
12-23 01:15:13.069 E/AndroidRuntime(14610): at android.view.LayoutInflater.inflate(LayoutInflater.java:538)
12-23 01:15:13.069 E/AndroidRuntime(14610): at com.android.launcher3.util.ViewPool.inflateNewView(ViewPool.java:106)
12-23 01:15:13.069 E/AndroidRuntime(14610): at com.android.launcher3.util.ViewPool.lambda$initPool$1$ViewPool(ViewPool.java:69)
12-23 01:15:13.069 E/AndroidRuntime(14610): at com.android.launcher3.util.ViewPool$$ExternalSyntheticLambda0.run(Unknown Source:8)
12-23 01:15:13.069 E/AndroidRuntime(14610): at java.lang.Thread.run(Thread.java:920)
12-23 01:15:13.069 E/AndroidRuntime(14610): Caused by: java.lang.ClassCastException: com.android.quickstep.RecentsActivity cannot be cast to com.android.launcher3.Launcher
12-23 01:15:13.069 E/AndroidRuntime(14610): at com.android.launcher3.Launcher.getLauncher(Launcher.java:3019)
12-23 01:15:13.069 E/AndroidRuntime(14610): at com.android.quickstep.views.TaskView.(TaskView.java:416)
12-23 01:15:13.069 E/AndroidRuntime(14610): at com.android.quickstep.views.TaskView.(TaskView.java:410)
12-23 01:15:13.069 E/AndroidRuntime(14610): ... 11 more
12-23 01:15:13.070 W/ActivityTaskManager( 1508): Force finishing activity com.android.launcher3/com.android.quickstep.RecentsActivity
12-23 01:15:13.077 W/ContextImpl( 2417): Calling a method in the system process without a qualified user: android.app.ContextImpl.startService:1816 android.content.ContextWrapper.startService:774 com.thundercomm.gamemode.ingame.services.GameModeActionUtils.startGameModeService:99 com.thundercomm.gamemode.ingame.services.GameModeActionUtils.startGameModeEntry:22 com.thundercomm.gamemode.ingame.services.ActivityMonitoringService$1.onActivityLaunch:127
12-23 01:15:13.079 I/GameModeConfig( 1508): Current uri is uri = content://com.thundercomm.gamemode.api/gamemode_settings/gamemode_isgaming
01-01 08:00:50.327 I/binder ( 0): undelivered transaction 356875, process died.
12-23 01:15:13.080 I/ActivityManager( 1508): Process com.android.launcher3 (pid 14610) has died: vis BFGS
12-23 01:15:13.080 W/ActivityManager( 1508): Scheduling restart of crashed service com.android.launcher3/com.android.quickstep.TouchInteractionService in 1000ms for connection
12-23 01:15:13.080 I/GameModeConfig( 1508): isGameModeOn = false
12-23 01:15:13.080 I/GameModeConfig( 1508): isGameModeOn = false
12-23 01:15:13.080 I/GameModeConfig( 1508): isDisableVoice = true
12-23 01:15:13.083 D/CompatibilityChangeReporter( 1508): Compat change id reported: 135634846; UID 10078; state: DISABLED
12-23 01:15:13.083 D/CompatibilityChangeReporter( 1508): Compat change id reported: 177438394; UID 10078; state: DISABLED
12-23 01:15:13.083 D/CompatibilityChangeReporter( 1508): Compat change id reported: 135772972; UID 10078; state: DISABLED
12-23 01:15:13.083 D/CompatibilityChangeReporter( 1508): Compat change id reported: 135754954; UID 10078; state: ENABLED
12-23 01:15:13.084 D/CompatibilityChangeReporter( 1508): Compat change id reported: 143937733; UID 10078; state: ENABLED
12-23 01:15:13.088 I/ActivityManager( 1508): Start proc 14650:com.android.launcher3/u0a78 for service {com.android.launcher3/com.android.quickstep.TouchInteractionService}
01-01 08:00:50.342 I/binder ( 0): 14650:14650 ioctl 40046210 7fe8558544 returned -22
12-23 01:15:13.129 I/ActivityTaskManager( 1508): START u0 {act=android.intent.action.MAIN cat=[android.intent.category.DEFAULT] flg=0x10010000 cmp=com.android.launcher3/com.android.quickstep.RecentsActivity} from uid 10078
12-23 01:15:13.131 W/ActivityTaskManager( 1508): Can't find TaskDisplayArea to determine support for multi window. Task id=535 attached=false
12-23 01:15:13.133 I/ActivityTaskManager( 1508): The Process com.android.launcher3 Already Exists in BG. So sending its PID: 14650
12-23 01:15:13.140 W/ContextImpl( 2417): Calling a method in the system process without a qualified user: android.app.ContextImpl.startService:1816 android.content.ContextWrapper.startService:774 com.thundercomm.gamemode.ingame.services.GameModeActionUtils.startGameModeService:99 com.thundercomm.gamemode.ingame.services.GameModeActionUtils.startGameModeEntry:22 com.thundercomm.gamemode.ingame.services.ActivityMonitoringService$1.onActivityLaunch:127
12-23 01:15:13.141 I/GameModeConfig( 1508): Current uri is uri = content://com.thundercomm.gamemode.api/gamemode_settings/gamemode_isgaming
12-23 01:15:13.142 I/GameModeConfig( 1508): isGameModeOn = false
12-23 01:15:13.142 I/GameModeConfig( 1508): isGameModeOn = false
12-23 01:15:13.142 I/GameModeConfig( 1508): isDisableVoice = true
01-01 08:00:50.401 I/binder ( 0): 14650:14677 ioctl 40046210 7b66430254 returned -22
12-23 01:15:13.195 E/AndroidRuntime(14650): FATAL EXCEPTION: ViewPool-init
12-23 01:15:13.195 E/AndroidRuntime(14650): Process: com.android.launcher3, PID: 14650
12-23 01:15:13.195 E/AndroidRuntime(14650): android.view.InflateException: Binary XML file line #18 in com.android.launcher3:layout/task: Binary XML file line #18 in com.android.launcher3:layout/task: Error inflating class com.android.quickstep.views.TaskView
12-23 01:15:13.195 E/AndroidRuntime(14650): Caused by: android.view.InflateException: Binary XML file line #18 in com.android.launcher3:layout/task: Error inflating class com.android.quickstep.views.TaskView
12-23 01:15:13.195 E/AndroidRuntime(14650): Caused by: java.lang.reflect.InvocationTargetException
12-23 01:15:13.195 E/AndroidRuntime(14650): at java.lang.reflect.Constructor.newInstance0(Native Method)
12-23 01:15:13.195 E/AndroidRuntime(14650): at java.lang.reflect.Constructor.newInstance(Constructor.java:343)
12-23 01:15:13.195 E/AndroidRuntime(14650): at android.view.LayoutInflater.createView(LayoutInflater.java:858)
12-23 01:15:13.195 E/AndroidRuntime(14650): at android.view.LayoutInflater.createViewFromTag(LayoutInflater.java:1010)
12-23 01:15:13.195 E/AndroidRuntime(14650): at android.view.LayoutInflater.createViewFromTag(LayoutInflater.java:965)
12-23 01:15:13.195 E/AndroidRuntime(14650): at android.view.LayoutInflater.inflate(LayoutInflater.java:663)
12-23 01:15:13.195 E/AndroidRuntime(14650): at android.view.LayoutInflater.inflate(LayoutInflater.java:538)
12-23 01:15:13.195 E/AndroidRuntime(14650): at com.android.launcher3.util.ViewPool.inflateNewView(ViewPool.java:106)
12-23 01:15:13.195 E/AndroidRuntime(14650): at com.android.launcher3.util.ViewPool.lambda$initPool$1$ViewPool(ViewPool.java:69)
12-23 01:15:13.195 E/AndroidRuntime(14650): at com.android.launcher3.util.ViewPool$$ExternalSyntheticLambda0.run(Unknown Source:8)
12-23 01:15:13.195 E/AndroidRuntime(14650): at java.lang.Thread.run(Thread.java:920)
12-23 01:15:13.195 E/AndroidRuntime(14650): Caused by: java.lang.ClassCastException: com.android.quickstep.RecentsActivity cannot be cast to com.android.launcher3.Launcher
12-23 01:15:13.195 E/AndroidRuntime(14650): at com.android.launcher3.Launcher.getLauncher(Launcher.java:3019)
12-23 01:15:13.195 E/AndroidRuntime(14650): at com.android.quickstep.views.TaskView.(TaskView.java:416)
12-23 01:15:13.195 E/AndroidRuntime(14650): at com.android.quickstep.views.TaskView.(TaskView.java:410)
12-23 01:15:13.195 E/AndroidRuntime(14650): ... 11 more
12-23 01:15:13.196 W/ActivityTaskManager( 1508): Force finishing activity com.android.launcher3/com.android.quickstep.RecentsActivity
12-23 01:15:13.202 W/ContextImpl( 2417): Calling a method in the system process without a qualified user: android.app.ContextImpl.startService:1816 android.content.ContextWrapper.startService:774 com.thundercomm.gamemode.ingame.services.GameModeActionUtils.startGameModeService:99 com.thundercomm.gamemode.ingame.services.GameModeActionUtils.startGameModeEntry:22 com.thundercomm.gamemode.ingame.services.ActivityMonitoringService$1.onActivityLaunch:127
12-23 01:15:13.203 I/GameModeConfig( 1508): Current uri is uri = content://com.thundercomm.gamemode.api/gamemode_settings/gamemode_isgaming
12-23 01:15:13.204 I/GameModeConfig( 1508): isGameModeOn = false
12-23 01:15:13.204 I/GameModeConfig( 1508): isGameModeOn = false
12-23 01:15:13.204 I/GameModeConfig( 1508): isDisableVoice = true
12-23 01:15:13.206 I/ActivityManager( 1508): Process com.android.launcher3 (pid 14650) has died: vis BFGS
12-23 01:15:13.206 W/ActivityManager( 1508): Scheduling restart of crashed service com.android.launcher3/com.android.quickstep.TouchInteractionService in 1000ms for connection
12-23 01:15:13.209 D/CompatibilityChangeReporter( 1508): Compat change id reported: 135634846; UID 10078; state: DISABLED
12-23 01:15:13.209 D/CompatibilityChangeReporter( 1508): Compat change id reported: 177438394; UID 10078; state: DISABLED
12-23 01:15:13.209 D/CompatibilityChangeReporter( 1508): Compat change id reported: 135772972; UID 10078; state: DISABLED
12-23 01:15:13.209 D/CompatibilityChangeReporter( 1508): Compat change id reported: 135754954; UID 10078; state: ENABLED
12-23 01:15:13.210 D/CompatibilityChangeReporter( 1508): Compat change id reported: 143937733; UID 10078; state: ENABLED
12-23 01:15:13.214 I/ActivityManager( 1508): Start proc 14691:com.android.launcher3/u0a78 for service {com.android.launcher3/com.android.quickstep.TouchInteractionService}
01-01 08:00:50.467 I/binder ( 0): 14691:14691 ioctl 40046210 7fe8558544 returned -22
01-01 08:00:50.497 I/ ( 0): read descriptors
01-01 08:00:50.498 I/ ( 0): read strings
12-23 01:15:13.255 I/ActivityTaskManager( 1508): START u0 {act=android.intent.action.MAIN cat=[android.intent.category.DEFAULT] flg=0x10010000 cmp=com.android.launcher3/com.android.quickstep.RecentsActivity} from uid 10078
12-23 01:15:13.256 W/ActivityTaskManager( 1508): Can't find TaskDisplayArea to determine support for multi window. Task id=537 attached=false
12-23 01:15:13.258 I/ActivityTaskManager( 1508): The Process com.android.launcher3 Already Exists in BG. So sending its PID: 14691
12-23 01:15:13.264 W/ContextImpl( 2417): Calling a method in the system process without a qualified user: android.app.ContextImpl.startService:1816 android.content.ContextWrapper.startService:774 com.thundercomm.gamemode.ingame.services.GameModeActionUtils.startGameModeService:99 com.thundercomm.gamemode.ingame.services.GameModeActionUtils.startGameModeEntry:22 com.thundercomm.gamemode.ingame.services.ActivityMonitoringService$1.onActivityLaunch:127
12-23 01:15:13.265 I/GameModeConfig( 1508): Current uri is uri = content://com.thundercomm.gamemode.api/gamemode_settings/gamemode_isgaming
12-23 01:15:13.266 I/GameModeConfig( 1508): isGameModeOn = false
12-23 01:15:13.266 I/GameModeConfig( 1508): isGameModeOn = false
12-23 01:15:13.266 I/GameModeConfig( 1508): isDisableVoice = true
01-01 08:00:50.528 I/binder ( 0): 14691:14718 ioctl 40046210 7b6522c254 returned -22
01-01 08:00:50.541 D/ ( 0): mv2112_read_status
01-01 08:00:50.542 D/mv2112_update_link( 0): 3.0x901(1G): 0x80
01-01 08:00:50.542 D/mv2112_update_link( 0): 3.0x8109(100M): 0x8
01-01 08:00:50.542 D/mv2112_update_link( 0): link 0x0
01-01 08:00:50.542 D/mv2112_read_status( 0): autoneg is disabled
12-23 01:15:13.324 E/AndroidRuntime(14691): FATAL EXCEPTION: ViewPool-init
12-23 01:15:13.324 E/AndroidRuntime(14691): Process: com.android.launcher3, PID: 14691
12-23 01:15:13.324 E/AndroidRuntime(14691): android.view.InflateException: Binary XML file line #18 in com.android.launcher3:layout/task: Binary XML file line #18 in com.android.launcher3:layout/task: Error inflating class com.android.quickstep.views.TaskView
12-23 01:15:13.324 E/AndroidRuntime(14691): Caused by: android.view.InflateException: Binary XML file line #18 in com.android.launcher3:layout/task: Error inflating class com.android.quickstep.views.TaskView
12-23 01:15:13.324 E/AndroidRuntime(14691): Caused by: java.lang.reflect.InvocationTargetException
12-23 01:15:13.324 E/AndroidRuntime(14691): at java.lang.reflect.Constructor.newInstance0(Native Method)
12-23 01:15:13.324 E/AndroidRuntime(14691): at java.lang.reflect.Constructor.newInstance(Constructor.java:343)
12-23 01:15:13.324 E/AndroidRuntime(14691): at android.view.LayoutInflater.createView(LayoutInflater.java:858)
12-23 01:15:13.324 E/AndroidRuntime(14691): at android.view.LayoutInflater.createViewFromTag(LayoutInflater.java:1010)
12-23 01:15:13.324 E/AndroidRuntime(14691): at android.view.LayoutInflater.createViewFromTag(LayoutInflater.java:965)
12-23 01:15:13.324 E/AndroidRuntime(14691): at android.view.LayoutInflater.inflate(LayoutInflater.java:663)
12-23 01:15:13.324 E/AndroidRuntime(14691): at android.view.LayoutInflater.inflate(LayoutInflater.java:538)
12-23 01:15:13.324 E/AndroidRuntime(14691): at com.android.launcher3.util.ViewPool.inflateNewView(ViewPool.java:106)
12-23 01:15:13.324 E/AndroidRuntime(14691): at com.android.launcher3.util.ViewPool.lambda$initPool$1$ViewPool(ViewPool.java:69)
12-23 01:15:13.324 E/AndroidRuntime(14691): at com.android.launcher3.util.ViewPool$$ExternalSyntheticLambda0.run(Unknown Source:8)
12-23 01:15:13.324 E/AndroidRuntime(14691): at java.lang.Thread.run(Thread.java:920)
12-23 01:15:13.324 E/AndroidRuntime(14691): Caused by: java.lang.ClassCastException: com.android.quickstep.RecentsActivity cannot be cast to com.android.launcher3.Launcher
12-23 01:15:13.324 E/AndroidRuntime(14691): at com.android.launcher3.Launcher.getLauncher(Launcher.java:3019)
12-23 01:15:13.324 E/AndroidRuntime(14691): at com.android.quickstep.views.TaskView.(TaskView.java:416)
12-23 01:15:13.324 E/AndroidRuntime(14691): at com.android.quickstep.views.TaskView.(TaskView.java:410)
12-23 01:15:13.324 E/AndroidRuntime(14691): ... 11 more
12-23 01:15:13.325 W/ActivityTaskManager( 1508): Force finishing activity com.android.launcher3/com.android.quickstep.RecentsActivity
12-23 01:15:13.331 W/ContextImpl( 2417): Calling a method in the system process without a qualified user: android.app.ContextImpl.startService:1816 android.content.ContextWrapper.startService:774 com.thundercomm.gamemode.ingame.services.GameModeActionUtils.startGameModeService:99 com.thundercomm.gamemode.ingame.services.GameModeActionUtils.startGameModeEntry:22 com.thundercomm.gamemode.ingame.services.ActivityMonitoringService$1.onActivityLaunch:127
12-23 01:15:13.338 I/GameModeConfig( 1508): Current uri is uri = content://com.thundercomm.gamemode.api/gamemode_settings/gamemode_isgaming
12-23 01:15:13.339 I/GameModeConfig( 1508): isGameModeOn = false
12-23 01:15:13.340 I/GameModeConfig( 1508): isGameModeOn = false
12-23 01:15:13.340 I/GameModeConfig( 1508): isDisableVoice = true
12-23 01:15:13.342 I/ActivityManager( 1508): Process com.android.launcher3 (pid 14691) has died: vis BFGS
12-23 01:15:13.342 W/ActivityManager( 1508): Scheduling restart of crashed service com.android.launcher3/com.android.quickstep.TouchInteractionService in 1000ms for connection
12-23 01:15:13.346 D/CompatibilityChangeReporter( 1508): Compat change id reported: 135634846; UID 10078; state: DISABLED
12-23 01:15:13.346 D/CompatibilityChangeReporter( 1508): Compat change id reported: 177438394; UID 10078; state: DISABLED
12-23 01:15:13.346 D/CompatibilityChangeReporter( 1508): Compat change id reported: 135772972; UID 10078; state: DISABLED
12-23 01:15:13.346 D/CompatibilityChangeReporter( 1508): Compat change id reported: 135754954; UID 10078; state: ENABLED
12-23 01:15:13.346 D/CompatibilityChangeReporter( 1508): Compat change id reported: 143937733; UID 10078; state: ENABLED
12-23 01:15:13.350 I/ActivityManager( 1508): Start proc 14731:com.android.launcher3/u0a78 for service {com.android.launcher3/com.android.quickstep.TouchInteractionService}
01-01 08:00:50.604 I/binder ( 0): 14731:14731 ioctl 40046210 7fe8558544 returned -22
12-23 01:15:13.394 I/ActivityTaskManager( 1508): START u0 {act=android.intent.action.MAIN cat=[android.intent.category.DEFAULT] flg=0x10010000 cmp=com.android.launcher3/com.android.quickstep.RecentsActivity} from uid 10078
12-23 01:15:13.396 W/ActivityTaskManager( 1508): Can't find TaskDisplayArea to determine support for multi window. Task id=539 attached=false
12-23 01:15:13.398 I/ActivityTaskManager( 1508): The Process com.android.launcher3 Already Exists in BG. So sending its PID: 14731
12-23 01:15:13.403 W/ContextImpl( 2417): Calling a method in the system process without a qualified user: android.app.ContextImpl.startService:1816 android.content.ContextWrapper.startService:774 com.thundercomm.gamemode.ingame.services.GameModeActionUtils.startGameModeService:99 com.thundercomm.gamemode.ingame.services.GameModeActionUtils.startGameModeEntry:22 com.thundercomm.gamemode.ingame.services.ActivityMonitoringService$1.onActivityLaunch:127
12-23 01:15:13.405 I/GameModeConfig( 1508): Current uri is uri = content://com.thundercomm.gamemode.api/gamemode_settings/gamemode_isgaming
12-23 01:15:13.405 I/GameModeConfig( 1508): isGameModeOn = false
12-23 01:15:13.405 I/GameModeConfig( 1508): isGameModeOn = false
12-23 01:15:13.405 I/GameModeConfig( 1508): isDisableVoice = true
01-01 08:00:50.665 I/binder ( 0): 14731:14757 ioctl 40046210 7b66430254 returned -22
12-23 01:15:13.463 E/AndroidRuntime(14731): FATAL EXCEPTION: ViewPool-init
12-23 01:15:13.463 E/AndroidRuntime(14731): Process: com.android.launcher3, PID: 14731
12-23 01:15:13.463 E/AndroidRuntime(14731): android.view.InflateException: Binary XML file line #18 in com.android.launcher3:layout/task: Binary XML file line #18 in com.android.launcher3:layout/task: Error inflating class com.android.quickstep.views.TaskView
12-23 01:15:13.463 E/AndroidRuntime(14731): Caused by: android.view.InflateException: Binary XML file line #18 in com.android.launcher3:layout/task: Error inflating class com.android.quickstep.views.TaskView
12-23 01:15:13.463 E/AndroidRuntime(14731): Caused by: java.lang.reflect.InvocationTargetException
12-23 01:15:13.463 E/AndroidRuntime(14731): at java.lang.reflect.Constructor.newInstance0(Native Method)
12-23 01:15:13.463 E/AndroidRuntime(14731): at java.lang.reflect.Constructor.newInstance(Constructor.java:343)
12-23 01:15:13.463 E/AndroidRuntime(14731): at android.view.LayoutInflater.createView(LayoutInflater.java:858)
12-23 01:15:13.463 E/AndroidRuntime(14731): at android.view.LayoutInflater.createViewFromTag(LayoutInflater.java:1010)
12-23 01:15:13.463 E/AndroidRuntime(14731): at android.view.LayoutInflater.createViewFromTag(LayoutInflater.java:965)
12-23 01:15:13.463 E/AndroidRuntime(14731): at android.view.LayoutInflater.inflate(LayoutInflater.java:663)
12-23 01:15:13.463 E/AndroidRuntime(14731): at android.view.LayoutInflater.inflate(LayoutInflater.java:538)
12-23 01:15:13.463 E/AndroidRuntime(14731): at com.android.launcher3.util.ViewPool.inflateNewView(ViewPool.java:106)
12-23 01:15:13.463 E/AndroidRuntime(14731): at com.android.launcher3.util.ViewPool.lambda$initPool$1$ViewPool(ViewPool.java:69)
12-23 01:15:13.463 E/AndroidRuntime(14731): at com.android.launcher3.util.ViewPool$$ExternalSyntheticLambda0.run(Unknown Source:8)
12-23 01:15:13.463 E/AndroidRuntime(14731): at java.lang.Thread.run(Thread.java:920)
12-23 01:15:13.463 E/AndroidRuntime(14731): Caused by: java.lang.ClassCastException: com.android.quickstep.RecentsActivity cannot be cast to com.android.launcher3.Launcher
12-23 01:15:13.463 E/AndroidRuntime(14731): at com.android.launcher3.Launcher.getLauncher(Launcher.java:3019)
12-23 01:15:13.463 E/AndroidRuntime(14731): at com.android.quickstep.views.TaskView.(TaskView.java:416)
12-23 01:15:13.463 E/AndroidRuntime(14731): at com.android.quickstep.views.TaskView.(TaskView.java:410)
12-23 01:15:13.463 E/AndroidRuntime(14731): ... 11 more
12-23 01:15:13.464 W/ActivityTaskManager( 1508): Force finishing activity com.android.launcher3/com.android.quickstep.RecentsActivity
12-23 01:15:13.471 W/ContextImpl( 2417): Calling a method in the system process without a qualified user: android.app.ContextImpl.startService:1816 android.content.ContextWrapper.startService:774 com.thundercomm.gamemode.ingame.services.GameModeActionUtils.startGameModeService:99 com.thundercomm.gamemode.ingame.services.GameModeActionUtils.startGameModeEntry:22 com.thundercomm.gamemode.ingame.services.ActivityMonitoringService$1.onActivityLaunch:127
12-23 01:15:13.472 I/GameModeConfig( 1508): Current uri is uri = content://com.thundercomm.gamemode.api/gamemode_settings/gamemode_isgaming
12-23 01:15:13.473 I/ActivityManager( 1508): Process com.android.launcher3 (pid 14731) has died: vis BFGS
12-23 01:15:13.473 I/GameModeConfig( 1508): isGameModeOn = false
12-23 01:15:13.474 I/GameModeConfig( 1508): isGameModeOn = false
12-23 01:15:13.474 I/GameModeConfig( 1508): isDisableVoice = true
12-23 01:15:13.474 W/ActivityManager( 1508): Scheduling restart of crashed service com.android.launcher3/com.android.quickstep.TouchInteractionService in 1000ms for connection
12-23 01:15:13.477 D/CompatibilityChangeReporter( 1508): Compat change id reported: 135634846; UID 10078; state: DISABLED
12-23 01:15:13.477 D/CompatibilityChangeReporter( 1508): Compat change id reported: 177438394; UID 10078; state: DISABLED
12-23 01:15:13.477 D/CompatibilityChangeReporter( 1508): Compat change id reported: 135772972; UID 10078; state: DISABLED
12-23 01:15:13.477 D/CompatibilityChangeReporter( 1508): Compat change id reported: 135754954; UID 10078; state: ENABLED
12-23 01:15:13.477 D/CompatibilityChangeReporter( 1508): Compat change id reported: 143937733; UID 10078; state: ENABLED
01-01 08:00:50.724 I/[schedu][0x3a0cf252][01:15:13.476835] wlan( 0): [3490:I:OSIF] scan start scan id 40962
12-23 01:15:13.482 I/ActivityManager( 1508): Start proc 14770:com.android.launcher3/u0a78 for service {com.android.launcher3/com.android.quickstep.TouchInteractionService}
01-01 08:00:50.735 I/binder ( 0): 14770:14770 ioctl 40046210 7fe8558544 returned -22
12-23 01:15:13.525 I/ActivityTaskManager( 1508): START u0 {act=android.intent.action.MAIN cat=[android.intent.category.DEFAULT] flg=0x10010000 cmp=com.android.launcher3/com.android.quickstep.RecentsActivity} from uid 10078
12-23 01:15:13.527 W/ActivityTaskManager( 1508): Can't find TaskDisplayArea to determine support for multi window. Task id=541 attached=false
12-23 01:15:13.530 I/ActivityTaskManager( 1508): The Process com.android.launcher3 Already Exists in BG. So sending its PID: 14770
12-23 01:15:13.535 W/ContextImpl( 2417): Calling a method in the system process without a qualified user: android.app.ContextImpl.startService:1816 android.content.ContextWrapper.startService:774 com.thundercomm.gamemode.ingame.services.GameModeActionUtils.startGameModeService:99 com.thundercomm.gamemode.ingame.services.GameModeActionUtils.startGameModeEntry:22 com.thundercomm.gamemode.ingame.services.ActivityMonitoringService$1.onActivityLaunch:127
12-23 01:15:13.537 I/GameModeConfig( 1508): Current uri is uri = content://com.thundercomm.gamemode.api/gamemode_settings/gamemode_isgaming
12-23 01:15:13.538 I/GameModeConfig( 1508): isGameModeOn = false
12-23 01:15:13.538 I/GameModeConfig( 1508): isGameModeOn = false
12-23 01:15:13.538 I/GameModeConfig( 1508): isDisableVoice = true
01-01 08:00:50.798 I/binder ( 0): 14770:14796 ioctl 40046210 7b6632a254 returned -22
12-23 01:15:13.593 E/AndroidRuntime(14770): FATAL EXCEPTION: ViewPool-init
12-23 01:15:13.593 E/AndroidRuntime(14770): Process: com.android.launcher3, PID: 14770
12-23 01:15:13.593 E/AndroidRuntime(14770): android.view.InflateException: Binary XML file line #18 in com.android.launcher3:layout/task: Binary XML file line #18 in com.android.launcher3:layout/task: Error inflating class com.android.quickstep.views.TaskView
12-23 01:15:13.593 E/AndroidRuntime(14770): Caused by: android.view.InflateException: Binary XML file line #18 in com.android.launcher3:layout/task: Error inflating class com.android.quickstep.views.TaskView
12-23 01:15:13.593 E/AndroidRuntime(14770): Caused by: java.lang.reflect.InvocationTargetException
12-23 01:15:13.593 E/AndroidRuntime(14770): at java.lang.reflect.Constructor.newInstance0(Native Method)
12-23 01:15:13.593 E/AndroidRuntime(14770): at java.lang.reflect.Constructor.newInstance(Constructor.java:343)
12-23 01:15:13.593 E/AndroidRuntime(14770): at android.view.LayoutInflater.createView(LayoutInflater.java:858)
12-23 01:15:13.593 E/AndroidRuntime(14770): at android.view.LayoutInflater.createViewFromTag(LayoutInflater.java:1010)
12-23 01:15:13.593 E/AndroidRuntime(14770): at android.view.LayoutInflater.createViewFromTag(LayoutInflater.java:965)
12-23 01:15:13.593 E/AndroidRuntime(14770): at android.view.LayoutInflater.inflate(LayoutInflater.java:663)
12-23 01:15:13.593 E/AndroidRuntime(14770): at android.view.LayoutInflater.inflate(LayoutInflater.java:538)
12-23 01:15:13.593 E/AndroidRuntime(14770): at com.android.launcher3.util.ViewPool.inflateNewView(ViewPool.java:106)
12-23 01:15:13.593 E/AndroidRuntime(14770): at com.android.launcher3.util.ViewPool.lambda$initPool$1$ViewPool(ViewPool.java:69)
12-23 01:15:13.593 E/AndroidRuntime(14770): at com.android.launcher3.util.ViewPool$$ExternalSyntheticLambda0.run(Unknown Source:8)
12-23 01:15:13.593 E/AndroidRuntime(14770): at java.lang.Thread.run(Thread.java:920)
12-23 01:15:13.593 E/AndroidRuntime(14770): Caused by: java.lang.ClassCastException: com.android.quickstep.RecentsActivity cannot be cast to com.android.launcher3.Launcher
12-23 01:15:13.593 E/AndroidRuntime(14770): at com.android.launcher3.Launcher.getLauncher(Launcher.java:3019)
12-23 01:15:13.593 E/AndroidRuntime(14770): at com.android.quickstep.views.TaskView.(TaskView.java:416)
12-23 01:15:13.593 E/AndroidRuntime(14770): at com.android.quickstep.views.TaskView.(TaskView.java:410)
12-23 01:15:13.593 E/AndroidRuntime(14770): ... 11 more
12-23 01:15:13.594 W/ActivityTaskManager( 1508): Force finishing activity com.android.launcher3/com.android.quickstep.RecentsActivity
12-23 01:15:13.601 W/ContextImpl( 2417): Calling a method in the system process without a qualified user: android.app.ContextImpl.startService:1816 android.content.ContextWrapper.startService:774 com.thundercomm.gamemode.ingame.services.GameModeActionUtils.startGameModeService:99 com.thundercomm.gamemode.ingame.services.GameModeActionUtils.startGameModeEntry:22 com.thundercomm.gamemode.ingame.services.ActivityMonitoringService$1.onActivityLaunch:127
12-23 01:15:13.602 I/GameModeConfig( 1508): Current uri is uri = content://com.thundercomm.gamemode.api/gamemode_settings/gamemode_isgaming
12-23 01:15:13.603 I/ActivityManager( 1508): Process com.android.launcher3 (pid 14770) has died: vis BFGS
12-23 01:15:13.603 I/GameModeConfig( 1508): isGameModeOn = false
12-23 01:15:13.604 I/GameModeConfig( 1508): isGameModeOn = false
12-23 01:15:13.604 I/GameModeConfig( 1508): isDisableVoice = true
12-23 01:15:13.604 W/ActivityManager( 1508): Scheduling restart of crashed service com.android.launcher3/com.android.quickstep.TouchInteractionService in 1000ms for connection
12-23 01:15:13.608 D/CompatibilityChangeReporter( 1508): Compat change id reported: 135634846; UID 10078; state: DISABLED
12-23 01:15:13.608 D/CompatibilityChangeReporter( 1508): Compat change id reported: 177438394; UID 10078; state: DISABLED
12-23 01:15:13.608 D/CompatibilityChangeReporter( 1508): Compat change id reported: 135772972; UID 10078; state: DISABLED
12-23 01:15:13.608 D/CompatibilityChangeReporter( 1508): Compat change id reported: 135754954; UID 10078; state: ENABLED
12-23 01:15:13.608 D/CompatibilityChangeReporter( 1508): Compat change id reported: 143937733; UID 10078; state: ENABLED
12-23 01:15:13.613 I/ActivityManager( 1508): Start proc 14810:com.android.launcher3/u0a78 for service {com.android.launcher3/com.android.quickstep.TouchInteractionService}
01-01 08:00:50.866 I/binder ( 0): 14810:14810 ioctl 40046210 7fe8558544 returned -22
12-23 01:15:13.655 I/ActivityTaskManager( 1508): START u0 {act=android.intent.action.MAIN cat=[android.intent.category.DEFAULT] flg=0x10010000 cmp=com.android.launcher3/com.android.quickstep.RecentsActivity} from uid 10078
12-23 01:15:13.656 W/ActivityTaskManager( 1508): Can't find TaskDisplayArea to determine support for multi window. Task id=543 attached=false
12-23 01:15:13.658 I/ActivityTaskManager( 1508): The Process com.android.launcher3 Already Exists in BG. So sending its PID: 14810
12-23 01:15:13.664 W/ContextImpl( 2417): Calling a method in the system process without a qualified user: android.app.ContextImpl.startService:1816 android.content.ContextWrapper.startService:774 com.thundercomm.gamemode.ingame.services.GameModeActionUtils.startGameModeService:99 com.thundercomm.gamemode.ingame.services.GameModeActionUtils.startGameModeEntry:22 com.thundercomm.gamemode.ingame.services.ActivityMonitoringService$1.onActivityLaunch:127
12-23 01:15:13.665 I/GameModeConfig( 1508): Current uri is uri = content://com.thundercomm.gamemode.api/gamemode_settings/gamemode_isgaming
12-23 01:15:13.666 I/GameModeConfig( 1508): isGameModeOn = false
12-23 01:15:13.666 I/GameModeConfig( 1508): isGameModeOn = false
12-23 01:15:13.666 I/GameModeConfig( 1508): isDisableVoice = true
01-01 08:00:50.925 I/binder ( 0): 14810:14836 ioctl 40046210 7b6632a254 returned -22
12-23 01:15:13.722 E/AndroidRuntime(14810): FATAL EXCEPTION: ViewPool-init
12-23 01:15:13.722 E/AndroidRuntime(14810): Process: com.android.launcher3, PID: 14810
12-23 01:15:13.722 E/AndroidRuntime(14810): android.view.InflateException: Binary XML file line #18 in com.android.launcher3:layout/task: Binary XML file line #18 in com.android.launcher3:layout/task: Error inflating class com.android.quickstep.views.TaskView
12-23 01:15:13.722 E/AndroidRuntime(14810): Caused by: android.view.InflateException: Binary XML file line #18 in com.android.launcher3:layout/task: Error inflating class com.android.quickstep.views.TaskView
12-23 01:15:13.722 E/AndroidRuntime(14810): Caused by: java.lang.reflect.InvocationTargetException
12-23 01:15:13.722 E/AndroidRuntime(14810): at java.lang.reflect.Constructor.newInstance0(Native Method)
12-23 01:15:13.722 E/AndroidRuntime(14810): at java.lang.reflect.Constructor.newInstance(Constructor.java:343)
12-23 01:15:13.722 E/AndroidRuntime(14810): at android.view.LayoutInflater.createView(LayoutInflater.java:858)
12-23 01:15:13.722 E/AndroidRuntime(14810): at android.view.LayoutInflater.createViewFromTag(LayoutInflater.java:1010)
12-23 01:15:13.722 E/AndroidRuntime(14810): at android.view.LayoutInflater.createViewFromTag(LayoutInflater.java:965)
12-23 01:15:13.722 E/AndroidRuntime(14810): at android.view.LayoutInflater.inflate(LayoutInflater.java:663)
12-23 01:15:13.722 E/AndroidRuntime(14810): at android.view.LayoutInflater.inflate(LayoutInflater.java:538)
12-23 01:15:13.722 E/AndroidRuntime(14810): at com.android.launcher3.util.ViewPool.inflateNewView(ViewPool.java:106)
12-23 01:15:13.722 E/AndroidRuntime(14810): at com.android.launcher3.util.ViewPool.lambda$initPool$1$ViewPool(ViewPool.java:69)
12-23 01:15:13.722 E/AndroidRuntime(14810): at com.android.launcher3.util.ViewPool$$ExternalSyntheticLambda0.run(Unknown Source:8)
12-23 01:15:13.722 E/AndroidRuntime(14810): at java.lang.Thread.run(Thread.java:920)
12-23 01:15:13.722 E/AndroidRuntime(14810): Caused by: java.lang.ClassCastException: com.android.quickstep.RecentsActivity cannot be cast to com.android.launcher3.Launcher
12-23 01:15:13.722 E/AndroidRuntime(14810): at com.android.launcher3.Launcher.getLauncher(Launcher.java:3019)
12-23 01:15:13.722 E/AndroidRuntime(14810): at com.android.quickstep.views.TaskView.(TaskView.java:416)
12-23 01:15:13.722 E/AndroidRuntime(14810): at com.android.quickstep.views.TaskView.(TaskView.java:410)
12-23 01:15:13.722 E/AndroidRuntime(14810): ... 11 more
12-23 01:15:13.723 W/ActivityTaskManager( 1508): Force finishing activity com.android.launcher3/com.android.quickstep.RecentsActivity
12-23 01:15:13.729 W/ContextImpl( 2417): Calling a method in the system process without a qualified user: android.app.ContextImpl.startService:1816 android.content.ContextWrapper.startService:774 com.thundercomm.gamemode.ingame.services.GameModeActionUtils.startGameModeService:99 com.thundercomm.gamemode.ingame.services.GameModeActionUtils.startGameModeEntry:22 com.thundercomm.gamemode.ingame.services.ActivityMonitoringService$1.onActivityLaunch:127
12-23 01:15:13.731 I/GameModeConfig( 1508): Current uri is uri = content://com.thundercomm.gamemode.api/gamemode_settings/gamemode_isgaming
12-23 01:15:13.732 I/GameModeConfig( 1508): isGameModeOn = false
12-23 01:15:13.732 I/GameModeConfig( 1508): isGameModeOn = false
12-23 01:15:13.732 I/GameModeConfig( 1508): isDisableVoice = true
12-23 01:15:13.733 I/ActivityManager( 1508): Process com.android.launcher3 (pid 14810) has died: vis BFGS
12-23 01:15:13.733 W/ActivityManager( 1508): Scheduling restart of crashed service com.android.launcher3/com.android.quickstep.TouchInteractionService in 1000ms for connection
12-23 01:15:13.737 D/CompatibilityChangeReporter( 1508): Compat change id reported: 135634846; UID 10078; state: DISABLED
12-23 01:15:13.737 D/CompatibilityChangeReporter( 1508): Compat change id reported: 177438394; UID 10078; state: DISABLED
12-23 01:15:13.737 D/CompatibilityChangeReporter( 1508): Compat change id reported: 135772972; UID 10078; state: DISABLED
12-23 01:15:13.737 D/CompatibilityChangeReporter( 1508): Compat change id reported: 135754954; UID 10078; state: ENABLED
12-23 01:15:13.737 D/CompatibilityChangeReporter( 1508): Compat change id reported: 143937733; UID 10078; state: ENABLED
12-23 01:15:13.741 I/ActivityManager( 1508): Start proc 14850:com.android.launcher3/u0a78 for service {com.android.launcher3/com.android.quickstep.TouchInteractionService}
01-01 08:00:50.994 I/binder ( 0): 14850:14850 ioctl 40046210 7fe8558544 returned -22
12-23 01:15:13.778 I/wificond( 1193): Regulatory domain changed to country: CN on wiphy_index: 0
12-23 01:15:13.779 I/wificond( 1193): 2.4Ghz frequencies: 2412 2417 2422 2427 2432 2437 2442 2447 2452 2457 2462 2467 2472
12-23 01:15:13.779 I/wificond( 1193): 5Ghz non-DFS frequencies: 5180 5200 5220 5240 5745 5765 5785 5805 5825
12-23 01:15:13.779 I/wificond( 1193): 5Ghz DFS frequencies: 5260 5280 5300 5320
12-23 01:15:13.779 I/wificond( 1193): 6Ghz frequencies:
12-23 01:15:13.779 I/wificond( 1193): 60Ghz frequencies:
12-23 01:15:13.783 I/ActivityTaskManager( 1508): START u0 {act=android.intent.action.MAIN cat=[android.intent.category.DEFAULT] flg=0x10010000 cmp=com.android.launcher3/com.android.quickstep.RecentsActivity} from uid 10078
12-23 01:15:13.784 W/ActivityTaskManager( 1508): Can't find TaskDisplayArea to determine support for multi window. Task id=545 attached=false
12-23 01:15:13.786 I/ActivityTaskManager( 1508): The Process com.android.launcher3 Already Exists in BG. So sending its PID: 14850
