12-23 01:15:15.925 E/AndroidRuntime(15492): at com.android.quickstep.views.TaskView.(TaskView.java:410)
12-23 01:15:15.925 E/AndroidRuntime(15492): ... 11 more
12-23 01:15:15.926 W/ActivityTaskManager( 1508): Force finishing activity com.android.launcher3/com.android.quickstep.RecentsActivity
12-23 01:15:15.931 W/ContextImpl( 2417): Calling a method in the system process without a qualified user: android.app.ContextImpl.startService:1816 android.content.ContextWrapper.startService:774 com.thundercomm.gamemode.ingame.services.GameModeActionUtils.startGameModeService:99 com.thundercomm.gamemode.ingame.services.GameModeActionUtils.startGameModeEntry:22 com.thundercomm.gamemode.ingame.services.ActivityMonitoringService$1.onActivityLaunch:127
12-23 01:15:15.933 I/GameModeConfig( 1508): Current uri is uri = content://com.thundercomm.gamemode.api/gamemode_settings/gamemode_isgaming
12-23 01:15:15.936 I/GameModeConfig( 1508): isGameModeOn = false
12-23 01:15:15.936 I/GameModeConfig( 1508): isGameModeOn = false
12-23 01:15:15.936 I/GameModeConfig( 1508): isDisableVoice = true
12-23 01:15:15.939 I/ActivityManager( 1508): Process com.android.launcher3 (pid 15492) has died: vis BFGS
12-23 01:15:15.939 W/ActivityManager( 1508): Scheduling restart of crashed service com.android.launcher3/com.android.quickstep.TouchInteractionService in 1000ms for connection
12-23 01:15:15.942 D/CompatibilityChangeReporter( 1508): Compat change id reported: 135634846; UID 10078; state: DISABLED
12-23 01:15:15.942 D/CompatibilityChangeReporter( 1508): Compat change id reported: 177438394; UID 10078; state: DISABLED
12-23 01:15:15.942 D/CompatibilityChangeReporter( 1508): Compat change id reported: 135772972; UID 10078; state: DISABLED
12-23 01:15:15.942 D/CompatibilityChangeReporter( 1508): Compat change id reported: 135754954; UID 10078; state: ENABLED
12-23 01:15:15.943 D/CompatibilityChangeReporter( 1508): Compat change id reported: 143937733; UID 10078; state: ENABLED
12-23 01:15:15.947 I/ActivityManager( 1508): Start proc 15531:com.android.launcher3/u0a78 for service {com.android.launcher3/com.android.quickstep.TouchInteractionService}
01-01 08:00:53.201 I/binder ( 0): 15531:15531 ioctl 40046210 7fe8558544 returned -22
12-23 01:15:15.988 I/ActivityTaskManager( 1508): START u0 {act=android.intent.action.MAIN cat=[android.intent.category.DEFAULT] flg=0x10010000 cmp=com.android.launcher3/com.android.quickstep.RecentsActivity} from uid 10078
12-23 01:15:15.990 W/ActivityTaskManager( 1508): Can't find TaskDisplayArea to determine support for multi window. Task id=579 attached=false
12-23 01:15:15.992 I/ActivityTaskManager( 1508): The Process com.android.launcher3 Already Exists in BG. So sending its PID: 15531
12-23 01:15:15.997 W/ContextImpl( 2417): Calling a method in the system process without a qualified user: android.app.ContextImpl.startService:1816 android.content.ContextWrapper.startService:774 com.thundercomm.gamemode.ingame.services.GameModeActionUtils.startGameModeService:99 com.thundercomm.gamemode.ingame.services.GameModeActionUtils.startGameModeEntry:22 com.thundercomm.gamemode.ingame.services.ActivityMonitoringService$1.onActivityLaunch:127
12-23 01:15:15.999 I/GameModeConfig( 1508): Current uri is uri = content://com.thundercomm.gamemode.api/gamemode_settings/gamemode_isgaming
12-23 01:15:16.000 I/GameModeConfig( 1508): isGameModeOn = false
12-23 01:15:16.000 I/GameModeConfig( 1508): isGameModeOn = false
12-23 01:15:16.000 I/GameModeConfig( 1508): isDisableVoice = true
01-01 08:00:53.259 I/binder ( 0): 15531:15559 ioctl 40046210 7b6522c254 returned -22
12-23 01:15:16.054 E/AndroidRuntime(15531): FATAL EXCEPTION: ViewPool-init
12-23 01:15:16.054 E/AndroidRuntime(15531): Process: com.android.launcher3, PID: 15531
12-23 01:15:16.054 E/AndroidRuntime(15531): android.view.InflateException: Binary XML file line #18 in com.android.launcher3:layout/task: Binary XML file line #18 in com.android.launcher3:layout/task: Error inflating class com.android.quickstep.views.TaskView
12-23 01:15:16.054 E/AndroidRuntime(15531): Caused by: android.view.InflateException: Binary XML file line #18 in com.android.launcher3:layout/task: Error inflating class com.android.quickstep.views.TaskView
12-23 01:15:16.054 E/AndroidRuntime(15531): Caused by: java.lang.reflect.InvocationTargetException
12-23 01:15:16.054 E/AndroidRuntime(15531): at java.lang.reflect.Constructor.newInstance0(Native Method)
12-23 01:15:16.054 E/AndroidRuntime(15531): at java.lang.reflect.Constructor.newInstance(Constructor.java:343)
12-23 01:15:16.054 E/AndroidRuntime(15531): at android.view.LayoutInflater.createView(LayoutInflater.java:858)
12-23 01:15:16.054 E/AndroidRuntime(15531): at android.view.LayoutInflater.createViewFromTag(LayoutInflater.java:1010)
12-23 01:15:16.054 E/AndroidRuntime(15531): at android.view.LayoutInflater.createViewFromTag(LayoutInflater.java:965)
12-23 01:15:16.054 E/AndroidRuntime(15531): at android.view.LayoutInflater.inflate(LayoutInflater.java:663)
12-23 01:15:16.054 E/AndroidRuntime(15531): at android.view.LayoutInflater.inflate(LayoutInflater.java:538)
12-23 01:15:16.054 E/AndroidRuntime(15531): at com.android.launcher3.util.ViewPool.inflateNewView(ViewPool.java:106)
12-23 01:15:16.054 E/AndroidRuntime(15531): at com.android.launcher3.util.ViewPool.lambda$initPool$1$ViewPool(ViewPool.java:69)
12-23 01:15:16.054 E/AndroidRuntime(15531): at com.android.launcher3.util.ViewPool$$ExternalSyntheticLambda0.run(Unknown Source:8)
12-23 01:15:16.054 E/AndroidRuntime(15531): at java.lang.Thread.run(Thread.java:920)
12-23 01:15:16.054 E/AndroidRuntime(15531): Caused by: java.lang.ClassCastException: com.android.quickstep.RecentsActivity cannot be cast to com.android.launcher3.Launcher
12-23 01:15:16.054 E/AndroidRuntime(15531): at com.android.launcher3.Launcher.getLauncher(Launcher.java:3019)
12-23 01:15:16.054 E/AndroidRuntime(15531): at com.android.quickstep.views.TaskView.(TaskView.java:416)
12-23 01:15:16.054 E/AndroidRuntime(15531): at com.android.quickstep.views.TaskView.(TaskView.java:410)
12-23 01:15:16.054 E/AndroidRuntime(15531): ... 11 more
12-23 01:15:16.055 W/ActivityTaskManager( 1508): Force finishing activity com.android.launcher3/com.android.quickstep.RecentsActivity
12-23 01:15:16.061 W/ContextImpl( 2417): Calling a method in the system process without a qualified user: android.app.ContextImpl.startService:1816 android.content.ContextWrapper.startService:774 com.thundercomm.gamemode.ingame.services.GameModeActionUtils.startGameModeService:99 com.thundercomm.gamemode.ingame.services.GameModeActionUtils.startGameModeEntry:22 com.thundercomm.gamemode.ingame.services.ActivityMonitoringService$1.onActivityLaunch:127
12-23 01:15:16.062 I/GameModeConfig( 1508): Current uri is uri = content://com.thundercomm.gamemode.api/gamemode_settings/gamemode_isgaming
12-23 01:15:16.063 I/GameModeConfig( 1508): isGameModeOn = false
12-23 01:15:16.064 I/GameModeConfig( 1508): isGameModeOn = false
12-23 01:15:16.064 I/GameModeConfig( 1508): isDisableVoice = true
12-23 01:15:16.064 I/ActivityManager( 1508): Process com.android.launcher3 (pid 15531) has died: vis BFGS
12-23 01:15:16.065 W/ActivityManager( 1508): Scheduling restart of crashed service com.android.launcher3/com.android.quickstep.TouchInteractionService in 1000ms for connection
12-23 01:15:16.068 D/CompatibilityChangeReporter( 1508): Compat change id reported: 135634846; UID 10078; state: DISABLED
12-23 01:15:16.068 D/CompatibilityChangeReporter( 1508): Compat change id reported: 177438394; UID 10078; state: DISABLED
12-23 01:15:16.068 D/CompatibilityChangeReporter( 1508): Compat change id reported: 135772972; UID 10078; state: DISABLED
12-23 01:15:16.068 D/CompatibilityChangeReporter( 1508): Compat change id reported: 135754954; UID 10078; state: ENABLED
12-23 01:15:16.068 D/CompatibilityChangeReporter( 1508): Compat change id reported: 143937733; UID 10078; state: ENABLED
12-23 01:15:16.072 I/ActivityManager( 1508): Start proc 15572:com.android.launcher3/u0a78 for service {com.android.launcher3/com.android.quickstep.TouchInteractionService}
01-01 08:00:53.326 I/binder ( 0): 15572:15572 ioctl 40046210 7fe8558544 returned -22
12-23 01:15:16.113 I/ActivityTaskManager( 1508): START u0 {act=android.intent.action.MAIN cat=[android.intent.category.DEFAULT] flg=0x10010000 cmp=com.android.launcher3/com.android.quickstep.RecentsActivity} from uid 10078
12-23 01:15:16.115 W/ActivityTaskManager( 1508): Can't find TaskDisplayArea to determine support for multi window. Task id=581 attached=false
12-23 01:15:16.117 I/ActivityTaskManager( 1508): The Process com.android.launcher3 Already Exists in BG. So sending its PID: 15572
12-23 01:15:16.122 W/ContextImpl( 2417): Calling a method in the system process without a qualified user: android.app.ContextImpl.startService:1816 android.content.ContextWrapper.startService:774 com.thundercomm.gamemode.ingame.services.GameModeActionUtils.startGameModeService:99 com.thundercomm.gamemode.ingame.services.GameModeActionUtils.startGameModeEntry:22 com.thundercomm.gamemode.ingame.services.ActivityMonitoringService$1.onActivityLaunch:127
12-23 01:15:16.123 I/GameModeConfig( 1508): Current uri is uri = content://com.thundercomm.gamemode.api/gamemode_settings/gamemode_isgaming
12-23 01:15:16.124 I/GameModeConfig( 1508): isGameModeOn = false
12-23 01:15:16.124 I/GameModeConfig( 1508): isGameModeOn = false
12-23 01:15:16.124 I/GameModeConfig( 1508): isDisableVoice = true
01-01 08:00:53.386 I/binder ( 0): 15572:15598 ioctl 40046210 7b6632a254 returned -22
12-23 01:15:16.180 E/AndroidRuntime(15572): FATAL EXCEPTION: ViewPool-init
12-23 01:15:16.180 E/AndroidRuntime(15572): Process: com.android.launcher3, PID: 15572
12-23 01:15:16.180 E/AndroidRuntime(15572): android.view.InflateException: Binary XML file line #18 in com.android.launcher3:layout/task: Binary XML file line #18 in com.android.launcher3:layout/task: Error inflating class com.android.quickstep.views.TaskView
12-23 01:15:16.180 E/AndroidRuntime(15572): Caused by: android.view.InflateException: Binary XML file line #18 in com.android.launcher3:layout/task: Error inflating class com.android.quickstep.views.TaskView
12-23 01:15:16.180 E/AndroidRuntime(15572): Caused by: java.lang.reflect.InvocationTargetException
12-23 01:15:16.180 E/AndroidRuntime(15572): at java.lang.reflect.Constructor.newInstance0(Native Method)
12-23 01:15:16.180 E/AndroidRuntime(15572): at java.lang.reflect.Constructor.newInstance(Constructor.java:343)
12-23 01:15:16.180 E/AndroidRuntime(15572): at android.view.LayoutInflater.createView(LayoutInflater.java:858)
12-23 01:15:16.180 E/AndroidRuntime(15572): at android.view.LayoutInflater.createViewFromTag(LayoutInflater.java:1010)
12-23 01:15:16.180 E/AndroidRuntime(15572): at android.view.LayoutInflater.createViewFromTag(LayoutInflater.java:965)
12-23 01:15:16.180 E/AndroidRuntime(15572): at android.view.LayoutInflater.inflate(LayoutInflater.java:663)
12-23 01:15:16.180 E/AndroidRuntime(15572): at android.view.LayoutInflater.inflate(LayoutInflater.java:538)
12-23 01:15:16.180 E/AndroidRuntime(15572): at com.android.launcher3.util.ViewPool.inflateNewView(ViewPool.java:106)
12-23 01:15:16.180 E/AndroidRuntime(15572): at com.android.launcher3.util.ViewPool.lambda$initPool$1$ViewPool(ViewPool.java:69)
12-23 01:15:16.180 E/AndroidRuntime(15572): at com.android.launcher3.util.ViewPool$$ExternalSyntheticLambda0.run(Unknown Source:8)
12-23 01:15:16.180 E/AndroidRuntime(15572): at java.lang.Thread.run(Thread.java:920)
12-23 01:15:16.180 E/AndroidRuntime(15572): Caused by: java.lang.ClassCastException: com.android.quickstep.RecentsActivity cannot be cast to com.android.launcher3.Launcher
12-23 01:15:16.180 E/AndroidRuntime(15572): at com.android.launcher3.Launcher.getLauncher(Launcher.java:3019)
12-23 01:15:16.180 E/AndroidRuntime(15572): at com.android.quickstep.views.TaskView.(TaskView.java:416)
12-23 01:15:16.180 E/AndroidRuntime(15572): at com.android.quickstep.views.TaskView.(TaskView.java:410)
12-23 01:15:16.180 E/AndroidRuntime(15572): ... 11 more
12-23 01:15:16.181 W/ActivityTaskManager( 1508): Force finishing activity com.android.launcher3/com.android.quickstep.RecentsActivity
12-23 01:15:16.188 W/ContextImpl( 2417): Calling a method in the system process without a qualified user: android.app.ContextImpl.startService:1816 android.content.ContextWrapper.startService:774 com.thundercomm.gamemode.ingame.services.GameModeActionUtils.startGameModeService:99 com.thundercomm.gamemode.ingame.services.GameModeActionUtils.startGameModeEntry:22 com.thundercomm.gamemode.ingame.services.ActivityMonitoringService$1.onActivityLaunch:127
12-23 01:15:16.190 I/GameModeConfig( 1508): Current uri is uri = content://com.thundercomm.gamemode.api/gamemode_settings/gamemode_isgaming
12-23 01:15:16.190 I/GameModeConfig( 1508): isGameModeOn = false
12-23 01:15:16.191 I/GameModeConfig( 1508): isGameModeOn = false
12-23 01:15:16.191 I/GameModeConfig( 1508): isDisableVoice = true
12-23 01:15:16.192 I/ActivityManager( 1508): Process com.android.launcher3 (pid 15572) has died: vis BFGS
12-23 01:15:16.193 W/ActivityManager( 1508): Scheduling restart of crashed service com.android.launcher3/com.android.quickstep.TouchInteractionService in 1000ms for connection
12-23 01:15:16.196 D/CompatibilityChangeReporter( 1508): Compat change id reported: 135634846; UID 10078; state: DISABLED
12-23 01:15:16.196 D/CompatibilityChangeReporter( 1508): Compat change id reported: 177438394; UID 10078; state: DISABLED
12-23 01:15:16.196 D/CompatibilityChangeReporter( 1508): Compat change id reported: 135772972; UID 10078; state: DISABLED
12-23 01:15:16.196 D/CompatibilityChangeReporter( 1508): Compat change id reported: 135754954; UID 10078; state: ENABLED
12-23 01:15:16.196 D/CompatibilityChangeReporter( 1508): Compat change id reported: 143937733; UID 10078; state: ENABLED
12-23 01:15:16.201 I/ActivityManager( 1508): Start proc 15612:com.android.launcher3/u0a78 for service {com.android.launcher3/com.android.quickstep.TouchInteractionService}
01-01 08:00:53.454 I/binder ( 0): 15612:15612 ioctl 40046210 7fe8558544 returned -22
12-23 01:15:16.242 I/ActivityTaskManager( 1508): START u0 {act=android.intent.action.MAIN cat=[android.intent.category.DEFAULT] flg=0x10010000 cmp=com.android.launcher3/com.android.quickstep.RecentsActivity} from uid 10078
12-23 01:15:16.243 W/ActivityTaskManager( 1508): Can't find TaskDisplayArea to determine support for multi window. Task id=583 attached=false
12-23 01:15:16.246 I/ActivityTaskManager( 1508): The Process com.android.launcher3 Already Exists in BG. So sending its PID: 15612
12-23 01:15:16.251 W/ContextImpl( 2417): Calling a method in the system process without a qualified user: android.app.ContextImpl.startService:1816 android.content.ContextWrapper.startService:774 com.thundercomm.gamemode.ingame.services.GameModeActionUtils.startGameModeService:99 com.thundercomm.gamemode.ingame.services.GameModeActionUtils.startGameModeEntry:22 com.thundercomm.gamemode.ingame.services.ActivityMonitoringService$1.onActivityLaunch:127
12-23 01:15:16.252 I/GameModeConfig( 1508): Current uri is uri = content://com.thundercomm.gamemode.api/gamemode_settings/gamemode_isgaming
12-23 01:15:16.253 I/GameModeConfig( 1508): isGameModeOn = false
12-23 01:15:16.253 I/GameModeConfig( 1508): isGameModeOn = false
12-23 01:15:16.253 I/GameModeConfig( 1508): isDisableVoice = true
01-01 08:00:53.513 I/binder ( 0): 15612:15638 ioctl 40046210 7b6522c254 returned -22
01-01 08:00:53.550 I/ ( 0): read descriptors
01-01 08:00:53.550 I/ ( 0): read strings
12-23 01:15:16.308 E/AndroidRuntime(15612): FATAL EXCEPTION: ViewPool-init
12-23 01:15:16.308 E/AndroidRuntime(15612): Process: com.android.launcher3, PID: 15612
12-23 01:15:16.308 E/AndroidRuntime(15612): android.view.InflateException: Binary XML file line #18 in com.android.launcher3:layout/task: Binary XML file line #18 in com.android.launcher3:layout/task: Error inflating class com.android.quickstep.views.TaskView
12-23 01:15:16.308 E/AndroidRuntime(15612): Caused by: android.view.InflateException: Binary XML file line #18 in com.android.launcher3:layout/task: Error inflating class com.android.quickstep.views.TaskView
12-23 01:15:16.308 E/AndroidRuntime(15612): Caused by: java.lang.reflect.InvocationTargetException
12-23 01:15:16.308 E/AndroidRuntime(15612): at java.lang.reflect.Constructor.newInstance0(Native Method)
12-23 01:15:16.308 E/AndroidRuntime(15612): at java.lang.reflect.Constructor.newInstance(Constructor.java:343)
12-23 01:15:16.308 E/AndroidRuntime(15612): at android.view.LayoutInflater.createView(LayoutInflater.java:858)
12-23 01:15:16.308 E/AndroidRuntime(15612): at android.view.LayoutInflater.createViewFromTag(LayoutInflater.java:1010)
12-23 01:15:16.308 E/AndroidRuntime(15612): at android.view.LayoutInflater.createViewFromTag(LayoutInflater.java:965)
12-23 01:15:16.308 E/AndroidRuntime(15612): at android.view.LayoutInflater.inflate(LayoutInflater.java:663)
12-23 01:15:16.308 E/AndroidRuntime(15612): at android.view.LayoutInflater.inflate(LayoutInflater.java:538)
12-23 01:15:16.308 E/AndroidRuntime(15612): at com.android.launcher3.util.ViewPool.inflateNewView(ViewPool.java:106)
12-23 01:15:16.308 E/AndroidRuntime(15612): at com.android.launcher3.util.ViewPool.lambda$initPool$1$ViewPool(ViewPool.java:69)
12-23 01:15:16.308 E/AndroidRuntime(15612): at com.android.launcher3.util.ViewPool$$ExternalSyntheticLambda0.run(Unknown Source:8)
12-23 01:15:16.308 E/AndroidRuntime(15612): at java.lang.Thread.run(Thread.java:920)
12-23 01:15:16.308 E/AndroidRuntime(15612): Caused by: java.lang.ClassCastException: com.android.quickstep.RecentsActivity cannot be cast to com.android.launcher3.Launcher
12-23 01:15:16.308 E/AndroidRuntime(15612): at com.android.launcher3.Launcher.getLauncher(Launcher.java:3019)
12-23 01:15:16.308 E/AndroidRuntime(15612): at com.android.quickstep.views.TaskView.(TaskView.java:416)
12-23 01:15:16.308 E/AndroidRuntime(15612): at com.android.quickstep.views.TaskView.(TaskView.java:410)
12-23 01:15:16.308 E/AndroidRuntime(15612): ... 11 more
12-23 01:15:16.309 I/DropBoxManagerService( 1508): add tag=system_app_crash isTagEnabled=true flags=0x2
12-23 01:15:16.310 W/ActivityTaskManager( 1508): Force finishing activity com.android.launcher3/com.android.quickstep.RecentsActivity
12-23 01:15:16.316 W/ContextImpl( 2417): Calling a method in the system process without a qualified user: android.app.ContextImpl.startService:1816 android.content.ContextWrapper.startService:774 com.thundercomm.gamemode.ingame.services.GameModeActionUtils.startGameModeService:99 com.thundercomm.gamemode.ingame.services.GameModeActionUtils.startGameModeEntry:22 com.thundercomm.gamemode.ingame.services.ActivityMonitoringService$1.onActivityLaunch:127
12-23 01:15:16.318 I/GameModeConfig( 1508): Current uri is uri = content://com.thundercomm.gamemode.api/gamemode_settings/gamemode_isgaming
01-01 08:00:53.567 W/binder_cleanup_transaction( 0): 7 callbacks suppressed
01-01 08:00:53.567 I/binder ( 0): undelivered transaction 381027, process died.
12-23 01:15:16.320 I/ActivityManager( 1508): Process com.android.launcher3 (pid 15612) has died: vis BFGS
12-23 01:15:16.320 I/GameModeConfig( 1508): isGameModeOn = false
12-23 01:15:16.320 I/GameModeConfig( 1508): isGameModeOn = false
12-23 01:15:16.320 I/GameModeConfig( 1508): isDisableVoice = true
12-23 01:15:16.320 W/ActivityManager( 1508): Scheduling restart of crashed service com.android.launcher3/com.android.quickstep.TouchInteractionService in 1000ms for connection
12-23 01:15:16.324 D/CompatibilityChangeReporter( 1508): Compat change id reported: 135634846; UID 10078; state: DISABLED
12-23 01:15:16.324 D/CompatibilityChangeReporter( 1508): Compat change id reported: 177438394; UID 10078; state: DISABLED
12-23 01:15:16.324 D/CompatibilityChangeReporter( 1508): Compat change id reported: 135772972; UID 10078; state: DISABLED
12-23 01:15:16.324 D/CompatibilityChangeReporter( 1508): Compat change id reported: 135754954; UID 10078; state: ENABLED
12-23 01:15:16.324 D/CompatibilityChangeReporter( 1508): Compat change id reported: 143937733; UID 10078; state: ENABLED
12-23 01:15:16.328 I/ActivityManager( 1508): Start proc 15654:com.android.launcher3/u0a78 for service {com.android.launcher3/com.android.quickstep.TouchInteractionService}
01-01 08:00:53.583 I/binder ( 0): 15654:15654 ioctl 40046210 7fe8558544 returned -22
01-01 08:00:53.613 D/ ( 0): mv2112_read_status
01-01 08:00:53.614 D/mv2112_update_link( 0): 3.0x901(1G): 0x80
01-01 08:00:53.614 D/mv2112_update_link( 0): 3.0x8109(100M): 0x8
01-01 08:00:53.614 D/mv2112_update_link( 0): link 0x0
01-01 08:00:53.614 D/mv2112_read_status( 0): autoneg is disabled
12-23 01:15:16.372 I/ActivityTaskManager( 1508): START u0 {act=android.intent.action.MAIN cat=[android.intent.category.DEFAULT] flg=0x10010000 cmp=com.android.launcher3/com.android.quickstep.RecentsActivity} from uid 10078
12-23 01:15:16.374 W/ActivityTaskManager( 1508): Can't find TaskDisplayArea to determine support for multi window. Task id=585 attached=false
12-23 01:15:16.376 I/ActivityTaskManager( 1508): The Process com.android.launcher3 Already Exists in BG. So sending its PID: 15654
12-23 01:15:16.383 W/ContextImpl( 2417): Calling a method in the system process without a qualified user: android.app.ContextImpl.startService:1816 android.content.ContextWrapper.startService:774 com.thundercomm.gamemode.ingame.services.GameModeActionUtils.startGameModeService:99 com.thundercomm.gamemode.ingame.services.GameModeActionUtils.startGameModeEntry:22 com.thundercomm.gamemode.ingame.services.ActivityMonitoringService$1.onActivityLaunch:127
12-23 01:15:16.385 I/GameModeConfig( 1508): Current uri is uri = content://com.thundercomm.gamemode.api/gamemode_settings/gamemode_isgaming
12-23 01:15:16.386 I/GameModeConfig( 1508): isGameModeOn = false
12-23 01:15:16.386 I/GameModeConfig( 1508): isGameModeOn = false
12-23 01:15:16.386 I/GameModeConfig( 1508): isDisableVoice = true
01-01 08:00:53.645 I/binder ( 0): 15654:15681 ioctl 40046210 7b6632a254 returned -22
12-23 01:15:16.441 E/AndroidRuntime(15654): FATAL EXCEPTION: ViewPool-init
12-23 01:15:16.441 E/AndroidRuntime(15654): Process: com.android.launcher3, PID: 15654
12-23 01:15:16.441 E/AndroidRuntime(15654): android.view.InflateException: Binary XML file line #18 in com.android.launcher3:layout/task: Binary XML file line #18 in com.android.launcher3:layout/task: Error inflating class com.android.quickstep.views.TaskView
12-23 01:15:16.441 E/AndroidRuntime(15654): Caused by: android.view.InflateException: Binary XML file line #18 in com.android.launcher3:layout/task: Error inflating class com.android.quickstep.views.TaskView
12-23 01:15:16.441 E/AndroidRuntime(15654): Caused by: java.lang.reflect.InvocationTargetException
12-23 01:15:16.441 E/AndroidRuntime(15654): at java.lang.reflect.Constructor.newInstance0(Native Method)
12-23 01:15:16.441 E/AndroidRuntime(15654): at java.lang.reflect.Constructor.newInstance(Constructor.java:343)
12-23 01:15:16.441 E/AndroidRuntime(15654): at android.view.LayoutInflater.createView(LayoutInflater.java:858)
12-23 01:15:16.441 E/AndroidRuntime(15654): at android.view.LayoutInflater.createViewFromTag(LayoutInflater.java:1010)
12-23 01:15:16.441 E/AndroidRuntime(15654): at android.view.LayoutInflater.createViewFromTag(LayoutInflater.java:965)
12-23 01:15:16.441 E/AndroidRuntime(15654): at android.view.LayoutInflater.inflate(LayoutInflater.java:663)
12-23 01:15:16.441 E/AndroidRuntime(15654): at android.view.LayoutInflater.inflate(LayoutInflater.java:538)
12-23 01:15:16.441 E/AndroidRuntime(15654): at com.android.launcher3.util.ViewPool.inflateNewView(ViewPool.java:106)
12-23 01:15:16.441 E/AndroidRuntime(15654): at com.android.launcher3.util.ViewPool.lambda$initPool$1$ViewPool(ViewPool.java:69)
12-23 01:15:16.441 E/AndroidRuntime(15654): at com.android.launcher3.util.ViewPool$$ExternalSyntheticLambda0.run(Unknown Source:8)
12-23 01:15:16.441 E/AndroidRuntime(15654): at java.lang.Thread.run(Thread.java:920)
12-23 01:15:16.441 E/AndroidRuntime(15654): Caused by: java.lang.ClassCastException: com.android.quickstep.RecentsActivity cannot be cast to com.android.launcher3.Launcher
12-23 01:15:16.441 E/AndroidRuntime(15654): at com.android.launcher3.Launcher.getLauncher(Launcher.java:3019)
12-23 01:15:16.441 E/AndroidRuntime(15654): at com.android.quickstep.views.TaskView.(TaskView.java:416)
12-23 01:15:16.441 E/AndroidRuntime(15654): at com.android.quickstep.views.TaskView.(TaskView.java:410)
12-23 01:15:16.441 E/AndroidRuntime(15654): ... 11 more
12-23 01:15:16.442 I/DropBoxManagerService( 1508): add tag=system_app_crash isTagEnabled=true flags=0x2
12-23 01:15:16.442 W/ActivityTaskManager( 1508): Force finishing activity com.android.launcher3/com.android.quickstep.RecentsActivity
12-23 01:15:16.448 W/ContextImpl( 2417): Calling a method in the system process without a qualified user: android.app.ContextImpl.startService:1816 android.content.ContextWrapper.startService:774 com.thundercomm.gamemode.ingame.services.GameModeActionUtils.startGameModeService:99 com.thundercomm.gamemode.ingame.services.GameModeActionUtils.startGameModeEntry:22 com.thundercomm.gamemode.ingame.services.ActivityMonitoringService$1.onActivityLaunch:127
12-23 01:15:16.450 I/GameModeConfig( 1508): Current uri is uri = content://com.thundercomm.gamemode.api/gamemode_settings/gamemode_isgaming
12-23 01:15:16.451 I/GameModeConfig( 1508): isGameModeOn = false
12-23 01:15:16.451 I/GameModeConfig( 1508): isGameModeOn = false
12-23 01:15:16.451 I/GameModeConfig( 1508): isDisableVoice = true
12-23 01:15:16.454 I/ActivityManager( 1508): Process com.android.launcher3 (pid 15654) has died: vis BFGS
12-23 01:15:16.454 W/ActivityManager( 1508): Scheduling restart of crashed service com.android.launcher3/com.android.quickstep.TouchInteractionService in 1000ms for connection
12-23 01:15:16.457 D/CompatibilityChangeReporter( 1508): Compat change id reported: 135634846; UID 10078; state: DISABLED
12-23 01:15:16.457 D/CompatibilityChangeReporter( 1508): Compat change id reported: 177438394; UID 10078; state: DISABLED
12-23 01:15:16.458 D/CompatibilityChangeReporter( 1508): Compat change id reported: 135772972; UID 10078; state: DISABLED
12-23 01:15:16.458 D/CompatibilityChangeReporter( 1508): Compat change id reported: 135754954; UID 10078; state: ENABLED
12-23 01:15:16.458 D/CompatibilityChangeReporter( 1508): Compat change id reported: 143937733; UID 10078; state: ENABLED
12-23 01:15:16.462 I/ActivityManager( 1508): Start proc 15696:com.android.launcher3/u0a78 for service {com.android.launcher3/com.android.quickstep.TouchInteractionService}
01-01 08:00:53.716 I/binder ( 0): 15696:15696 ioctl 40046210 7fe8558544 returned -22
12-23 01:15:16.505 I/ActivityTaskManager( 1508): START u0 {act=android.intent.action.MAIN cat=[android.intent.category.DEFAULT] flg=0x10010000 cmp=com.android.launcher3/com.android.quickstep.RecentsActivity} from uid 10078
12-23 01:15:16.507 W/ActivityTaskManager( 1508): Can't find TaskDisplayArea to determine support for multi window. Task id=587 attached=false
12-23 01:15:16.509 I/ActivityTaskManager( 1508): The Process com.android.launcher3 Already Exists in BG. So sending its PID: 15696
12-23 01:15:16.515 W/ContextImpl( 2417): Calling a method in the system process without a qualified user: android.app.ContextImpl.startService:1816 android.content.ContextWrapper.startService:774 com.thundercomm.gamemode.ingame.services.GameModeActionUtils.startGameModeService:99 com.thundercomm.gamemode.ingame.services.GameModeActionUtils.startGameModeEntry:22 com.thundercomm.gamemode.ingame.services.ActivityMonitoringService$1.onActivityLaunch:127
12-23 01:15:16.516 I/GameModeConfig( 1508): Current uri is uri = content://com.thundercomm.gamemode.api/gamemode_settings/gamemode_isgaming
12-23 01:15:16.517 I/GameModeConfig( 1508): isGameModeOn = false
12-23 01:15:16.517 I/GameModeConfig( 1508): isGameModeOn = false
12-23 01:15:16.517 I/GameModeConfig( 1508): isDisableVoice = true
01-01 08:00:53.775 I/binder ( 0): 15696:15723 ioctl 40046210 7b6632a254 returned -22
12-23 01:15:16.569 E/AndroidRuntime(15696): FATAL EXCEPTION: ViewPool-init
12-23 01:15:16.569 E/AndroidRuntime(15696): Process: com.android.launcher3, PID: 15696
12-23 01:15:16.569 E/AndroidRuntime(15696): android.view.InflateException: Binary XML file line #18 in com.android.launcher3:layout/task: Binary XML file line #18 in com.android.launcher3:layout/task: Error inflating class com.android.quickstep.views.TaskView
12-23 01:15:16.569 E/AndroidRuntime(15696): Caused by: android.view.InflateException: Binary XML file line #18 in com.android.launcher3:layout/task: Error inflating class com.android.quickstep.views.TaskView
12-23 01:15:16.569 E/AndroidRuntime(15696): Caused by: java.lang.reflect.InvocationTargetException
12-23 01:15:16.569 E/AndroidRuntime(15696): at java.lang.reflect.Constructor.newInstance0(Native Method)
12-23 01:15:16.569 E/AndroidRuntime(15696): at java.lang.reflect.Constructor.newInstance(Constructor.java:343)
12-23 01:15:16.569 E/AndroidRuntime(15696): at android.view.LayoutInflater.createView(LayoutInflater.java:858)
12-23 01:15:16.569 E/AndroidRuntime(15696): at android.view.LayoutInflater.createViewFromTag(LayoutInflater.java:1010)
12-23 01:15:16.569 E/AndroidRuntime(15696): at android.view.LayoutInflater.createViewFromTag(LayoutInflater.java:965)
12-23 01:15:16.569 E/AndroidRuntime(15696): at android.view.LayoutInflater.inflate(LayoutInflater.java:663)
12-23 01:15:16.569 E/AndroidRuntime(15696): at android.view.LayoutInflater.inflate(LayoutInflater.java:538)
12-23 01:15:16.569 E/AndroidRuntime(15696): at com.android.launcher3.util.ViewPool.inflateNewView(ViewPool.java:106)
12-23 01:15:16.569 E/AndroidRuntime(15696): at com.android.launcher3.util.ViewPool.lambda$initPool$1$ViewPool(ViewPool.java:69)
12-23 01:15:16.569 E/AndroidRuntime(15696): at com.android.launcher3.util.ViewPool$$ExternalSyntheticLambda0.run(Unknown Source:8)
12-23 01:15:16.569 E/AndroidRuntime(15696): at java.lang.Thread.run(Thread.java:920)
12-23 01:15:16.569 E/AndroidRuntime(15696): Caused by: java.lang.ClassCastException: com.android.quickstep.RecentsActivity cannot be cast to com.android.launcher3.Launcher
12-23 01:15:16.569 E/AndroidRuntime(15696): at com.android.launcher3.Launcher.getLauncher(Launcher.java:3019)
12-23 01:15:16.569 E/AndroidRuntime(15696): at com.android.quickstep.views.TaskView.(TaskView.java:416)
12-23 01:15:16.569 E/AndroidRuntime(15696): at com.android.quickstep.views.TaskView.(TaskView.java:410)
12-23 01:15:16.569 E/AndroidRuntime(15696): ... 11 more
12-23 01:15:16.570 I/DropBoxManagerService( 1508): add tag=system_app_crash isTagEnabled=true flags=0x2
12-23 01:15:16.570 W/ActivityTaskManager( 1508): Force finishing activity com.android.launcher3/com.android.quickstep.RecentsActivity
12-23 01:15:16.577 W/ContextImpl( 2417): Calling a method in the system process without a qualified user: android.app.ContextImpl.startService:1816 android.content.ContextWrapper.startService:774 com.thundercomm.gamemode.ingame.services.GameModeActionUtils.startGameModeService:99 com.thundercomm.gamemode.ingame.services.GameModeActionUtils.startGameModeEntry:22 com.thundercomm.gamemode.ingame.services.ActivityMonitoringService$1.onActivityLaunch:127
12-23 01:15:16.579 I/GameModeConfig( 1508): Current uri is uri = content://com.thundercomm.gamemode.api/gamemode_settings/gamemode_isgaming
01-01 08:00:53.827 I/binder ( 0): undelivered transaction 382968, process died.
12-23 01:15:16.580 I/ActivityManager( 1508): Process com.android.launcher3 (pid 15696) has died: vis BFGS
12-23 01:15:16.580 W/ActivityManager( 1508): Scheduling restart of crashed service com.android.launcher3/com.android.quickstep.TouchInteractionService in 1000ms for connection
12-23 01:15:16.581 I/GameModeConfig( 1508): isGameModeOn = false
12-23 01:15:16.581 I/GameModeConfig( 1508): isGameModeOn = false
12-23 01:15:16.581 I/GameModeConfig( 1508): isDisableVoice = true
12-23 01:15:16.583 D/CompatibilityChangeReporter( 1508): Compat change id reported: 135634846; UID 10078; state: DISABLED
12-23 01:15:16.583 D/CompatibilityChangeReporter( 1508): Compat change id reported: 177438394; UID 10078; state: DISABLED
12-23 01:15:16.583 D/CompatibilityChangeReporter( 1508): Compat change id reported: 135772972; UID 10078; state: DISABLED
12-23 01:15:16.583 D/CompatibilityChangeReporter( 1508): Compat change id reported: 135754954; UID 10078; state: ENABLED
12-23 01:15:16.583 D/CompatibilityChangeReporter( 1508): Compat change id reported: 143937733; UID 10078; state: ENABLED
12-23 01:15:16.588 I/ActivityManager( 1508): Start proc 15737:com.android.launcher3/u0a78 for service {com.android.launcher3/com.android.quickstep.TouchInteractionService}
01-01 08:00:53.841 I/binder ( 0): 15737:15737 ioctl 40046210 7fe8558544 returned -22
12-23 01:15:16.628 I/ActivityTaskManager( 1508): START u0 {act=android.intent.action.MAIN cat=[android.intent.category.DEFAULT] flg=0x10010000 cmp=com.android.launcher3/com.android.quickstep.RecentsActivity} from uid 10078
12-23 01:15:16.630 W/ActivityTaskManager( 1508): Can't find TaskDisplayArea to determine support for multi window. Task id=589 attached=false
12-23 01:15:16.632 I/ActivityTaskManager( 1508): The Process com.android.launcher3 Already Exists in BG. So sending its PID: 15737
12-23 01:15:16.640 W/ContextImpl( 2417): Calling a method in the system process without a qualified user: android.app.ContextImpl.startService:1816 android.content.ContextWrapper.startService:774 com.thundercomm.gamemode.ingame.services.GameModeActionUtils.startGameModeService:99 com.thundercomm.gamemode.ingame.services.GameModeActionUtils.startGameModeEntry:22 com.thundercomm.gamemode.ingame.services.ActivityMonitoringService$1.onActivityLaunch:127
12-23 01:15:16.641 I/GameModeConfig( 1508): Current uri is uri = content://com.thundercomm.gamemode.api/gamemode_settings/gamemode_isgaming
12-23 01:15:16.642 I/GameModeConfig( 1508): isGameModeOn = false
12-23 01:15:16.642 I/GameModeConfig( 1508): isGameModeOn = false
12-23 01:15:16.642 I/GameModeConfig( 1508): isDisableVoice = true
01-01 08:00:53.899 I/binder ( 0): 15737:15765 ioctl 40046210 7b6632a254 returned -22
12-23 01:15:16.694 E/AndroidRuntime(15737): FATAL EXCEPTION: ViewPool-init
12-23 01:15:16.694 E/AndroidRuntime(15737): Process: com.android.launcher3, PID: 15737
12-23 01:15:16.694 E/AndroidRuntime(15737): android.view.InflateException: Binary XML file line #18 in com.android.launcher3:layout/task: Binary XML file line #18 in com.android.launcher3:layout/task: Error inflating class com.android.quickstep.views.TaskView
12-23 01:15:16.694 E/AndroidRuntime(15737): Caused by: android.view.InflateException: Binary XML file line #18 in com.android.launcher3:layout/task: Error inflating class com.android.quickstep.views.TaskView
12-23 01:15:16.694 E/AndroidRuntime(15737): Caused by: java.lang.reflect.InvocationTargetException
12-23 01:15:16.694 E/AndroidRuntime(15737): at java.lang.reflect.Constructor.newInstance0(Native Method)
12-23 01:15:16.694 E/AndroidRuntime(15737): at java.lang.reflect.Constructor.newInstance(Constructor.java:343)
12-23 01:15:16.694 E/AndroidRuntime(15737): at android.view.LayoutInflater.createView(LayoutInflater.java:858)
12-23 01:15:16.694 E/AndroidRuntime(15737): at android.view.LayoutInflater.createViewFromTag(LayoutInflater.java:1010)
12-23 01:15:16.694 E/AndroidRuntime(15737): at android.view.LayoutInflater.createViewFromTag(LayoutInflater.java:965)
12-23 01:15:16.694 E/AndroidRuntime(15737): at android.view.LayoutInflater.inflate(LayoutInflater.java:663)
12-23 01:15:16.694 E/AndroidRuntime(15737): at android.view.LayoutInflater.inflate(LayoutInflater.java:538)
12-23 01:15:16.694 E/AndroidRuntime(15737): at com.android.launcher3.util.ViewPool.inflateNewView(ViewPool.java:106)
12-23 01:15:16.694 E/AndroidRuntime(15737): at com.android.launcher3.util.ViewPool.lambda$initPool$1$ViewPool(ViewPool.java:69)
12-23 01:15:16.694 E/AndroidRuntime(15737): at com.android.launcher3.util.ViewPool$$ExternalSyntheticLambda0.run(Unknown Source:8)
12-23 01:15:16.694 E/AndroidRuntime(15737): at java.lang.Thread.run(Thread.java:920)
12-23 01:15:16.694 E/AndroidRuntime(15737): Caused by: java.lang.ClassCastException: com.android.quickstep.RecentsActivity cannot be cast to com.android.launcher3.Launcher
12-23 01:15:16.694 E/AndroidRuntime(15737): at com.android.launcher3.Launcher.getLauncher(Launcher.java:3019)
12-23 01:15:16.694 E/AndroidRuntime(15737): at com.android.quickstep.views.TaskView.(TaskView.java:416)
12-23 01:15:16.694 E/AndroidRuntime(15737): at com.android.quickstep.views.TaskView.(TaskView.java:410)
12-23 01:15:16.694 E/AndroidRuntime(15737): ... 11 more
12-23 01:15:16.695 I/DropBoxManagerService( 1508): add tag=system_app_crash isTagEnabled=true flags=0x2
12-23 01:15:16.695 W/ActivityTaskManager( 1508): Force finishing activity com.android.launcher3/com.android.quickstep.RecentsActivity
12-23 01:15:16.703 W/ContextImpl( 2417): Calling a method in the system process without a qualified user: android.app.ContextImpl.startService:1816 android.content.ContextWrapper.startService:774 com.thundercomm.gamemode.ingame.services.GameModeActionUtils.startGameModeService:99 com.thundercomm.gamemode.ingame.services.GameModeActionUtils.startGameModeEntry:22 com.thundercomm.gamemode.ingame.services.ActivityMonitoringService$1.onActivityLaunch:127
12-23 01:15:16.704 I/GameModeConfig( 1508): Current uri is uri = content://com.thundercomm.gamemode.api/gamemode_settings/gamemode_isgaming
01-01 08:00:53.953 I/binder ( 0): undelivered transaction 383894, process died.
12-23 01:15:16.705 I/ActivityManager( 1508): Process com.android.launcher3 (pid 15737) has died: vis BFGS
12-23 01:15:16.706 W/ActivityManager( 1508): Scheduling restart of crashed service com.android.launcher3/com.android.quickstep.TouchInteractionService in 1000ms for connection
12-23 01:15:16.706 I/GameModeConfig( 1508): isGameModeOn = false
12-23 01:15:16.706 I/GameModeConfig( 1508): isGameModeOn = false
12-23 01:15:16.706 I/GameModeConfig( 1508): isDisableVoice = true
12-23 01:15:16.710 D/CompatibilityChangeReporter( 1508): Compat change id reported: 135634846; UID 10078; state: DISABLED
12-23 01:15:16.710 D/CompatibilityChangeReporter( 1508): Compat change id reported: 177438394; UID 10078; state: DISABLED
12-23 01:15:16.710 D/CompatibilityChangeReporter( 1508): Compat change id reported: 135772972; UID 10078; state: DISABLED
12-23 01:15:16.710 D/CompatibilityChangeReporter( 1508): Compat change id reported: 135754954; UID 10078; state: ENABLED
12-23 01:15:16.710 D/CompatibilityChangeReporter( 1508): Compat change id reported: 143937733; UID 10078; state: ENABLED
12-23 01:15:16.714 I/ActivityManager( 1508): Start proc 15780:com.android.launcher3/u0a78 for service {com.android.launcher3/com.android.quickstep.TouchInteractionService}
01-01 08:00:53.968 I/binder ( 0): 15780:15780 ioctl 40046210 7fe8558544 returned -22
12-23 01:15:16.758 I/ActivityTaskManager( 1508): START u0 {act=android.intent.action.MAIN cat=[android.intent.category.DEFAULT] flg=0x10010000 cmp=com.android.launcher3/com.android.quickstep.RecentsActivity} from uid 10078
12-23 01:15:16.759 W/ActivityTaskManager( 1508): Can't find TaskDisplayArea to determine support for multi window. Task id=591 attached=false
12-23 01:15:16.762 I/ActivityTaskManager( 1508): The Process com.android.launcher3 Already Exists in BG. So sending its PID: 15780
12-23 01:15:16.766 W/ContextImpl( 2417): Calling a method in the system process without a qualified user: android.app.ContextImpl.startService:1816 android.content.ContextWrapper.startService:774 com.thundercomm.gamemode.ingame.services.GameModeActionUtils.startGameModeService:99 com.thundercomm.gamemode.ingame.services.GameModeActionUtils.startGameModeEntry:22 com.thundercomm.gamemode.ingame.services.ActivityMonitoringService$1.onActivityLaunch:127
12-23 01:15:16.769 I/GameModeConfig( 1508): Current uri is uri = content://com.thundercomm.gamemode.api/gamemode_settings/gamemode_isgaming
12-23 01:15:16.769 I/GameModeConfig( 1508): isGameModeOn = false
12-23 01:15:16.770 I/GameModeConfig( 1508): isGameModeOn = false
12-23 01:15:16.770 I/GameModeConfig( 1508): isDisableVoice = true
01-01 08:00:54.029 I/binder ( 0): 15780:15808 ioctl 40046210 7b65332254 returned -22
12-23 01:15:16.824 E/AndroidRuntime(15780): FATAL EXCEPTION: ViewPool-init
12-23 01:15:16.824 E/AndroidRuntime(15780): Process: com.android.launcher3, PID: 15780
12-23 01:15:16.824 E/AndroidRuntime(15780): android.view.InflateException: Binary XML file line #18 in com.android.launcher3:layout/task: Binary XML file line #18 in com.android.launcher3:layout/task: Error inflating class com.android.quickstep.views.TaskView
12-23 01:15:16.824 E/AndroidRuntime(15780): Caused by: android.view.InflateException: Binary XML file line #18 in com.android.launcher3:layout/task: Error inflating class com.android.quickstep.views.TaskView
12-23 01:15:16.824 E/AndroidRuntime(15780): Caused by: java.lang.reflect.InvocationTargetException
12-23 01:15:16.824 E/AndroidRuntime(15780): at java.lang.reflect.Constructor.newInstance0(Native Method)
12-23 01:15:16.824 E/AndroidRuntime(15780): at java.lang.reflect.Constructor.newInstance(Constructor.java:343)
12-23 01:15:16.824 E/AndroidRuntime(15780): at android.view.LayoutInflater.createView(LayoutInflater.java:858)
12-23 01:15:16.824 E/AndroidRuntime(15780): at android.view.LayoutInflater.createViewFromTag(LayoutInflater.java:1010)
12-23 01:15:16.824 E/AndroidRuntime(15780): at android.view.LayoutInflater.createViewFromTag(LayoutInflater.java:965)
12-23 01:15:16.824 E/AndroidRuntime(15780): at android.view.LayoutInflater.inflate(LayoutInflater.java:663)
12-23 01:15:16.824 E/AndroidRuntime(15780): at android.view.LayoutInflater.inflate(LayoutInflater.java:538)
12-23 01:15:16.824 E/AndroidRuntime(15780): at com.android.launcher3.util.ViewPool.inflateNewView(ViewPool.java:106)
12-23 01:15:16.824 E/AndroidRuntime(15780): at com.android.launcher3.util.ViewPool.lambda$initPool$1$ViewPool(ViewPool.java:69)
12-23 01:15:16.824 E/AndroidRuntime(15780): at com.android.launcher3.util.ViewPool$$ExternalSyntheticLambda0.run(Unknown Source:8)
12-23 01:15:16.824 E/AndroidRuntime(15780): at java.lang.Thread.run(Thread.java:920)
12-23 01:15:16.824 E/AndroidRuntime(15780): Caused by: java.lang.ClassCastException: com.android.quickstep.RecentsActivity cannot be cast to com.android.launcher3.Launcher
12-23 01:15:16.824 E/AndroidRuntime(15780): at com.android.launcher3.Launcher.getLauncher(Launcher.java:3019)
12-23 01:15:16.824 E/AndroidRuntime(15780): at com.android.quickstep.views.TaskView.(TaskView.java:416)
12-23 01:15:16.824 E/AndroidRuntime(15780): at com.android.quickstep.views.TaskView.(TaskView.java:410)
12-23 01:15:16.824 E/AndroidRuntime(15780): ... 11 more
12-23 01:15:16.825 I/DropBoxManagerService( 1508): add tag=system_app_crash isTagEnabled=true flags=0x2
12-23 01:15:16.826 W/ActivityTaskManager( 1508): Force finishing activity com.android.launcher3/com.android.quickstep.RecentsActivity
12-23 01:15:16.832 W/ContextImpl( 2417): Calling a method in the system process without a qualified user: android.app.ContextImpl.startService:1816 android.content.ContextWrapper.startService:774 com.thundercomm.gamemode.ingame.services.GameModeActionUtils.startGameModeService:99 com.thundercomm.gamemode.ingame.services.GameModeActionUtils.startGameModeEntry:22 com.thundercomm.gamemode.ingame.services.ActivityMonitoringService$1.onActivityLaunch:127
12-23 01:15:16.833 I/GameModeConfig( 1508): Current uri is uri = content://com.thundercomm.gamemode.api/gamemode_settings/gamemode_isgaming
12-23 01:15:16.834 I/GameModeConfig( 1508): isGameModeOn = false
12-23 01:15:16.834 I/GameModeConfig( 1508): isGameModeOn = false
12-23 01:15:16.834 I/GameModeConfig( 1508): isDisableVoice = true
01-01 08:00:54.083 I/binder ( 0): undelivered transaction 384874, process died.
12-23 01:15:16.835 I/ActivityManager( 1508): Process com.android.launcher3 (pid 15780) has died: vis BFGS
12-23 01:15:16.836 W/ActivityManager( 1508): Scheduling restart of crashed service com.android.launcher3/com.android.quickstep.TouchInteractionService in 1000ms for connection
12-23 01:15:16.839 D/CompatibilityChangeReporter( 1508): Compat change id reported: 135634846; UID 10078; state: DISABLED
12-23 01:15:16.839 D/CompatibilityChangeReporter( 1508): Compat change id reported: 177438394; UID 10078; state: DISABLED
12-23 01:15:16.839 D/CompatibilityChangeReporter( 1508): Compat change id reported: 135772972; UID 10078; state: DISABLED
12-23 01:15:16.839 D/CompatibilityChangeReporter( 1508): Compat change id reported: 135754954; UID 10078; state: ENABLED
12-23 01:15:16.839 D/CompatibilityChangeReporter( 1508): Compat change id reported: 143937733; UID 10078; state: ENABLED
12-23 01:15:16.844 I/ActivityManager( 1508): Start proc 15824:com.android.launcher3/u0a78 for service {com.android.launcher3/com.android.quickstep.TouchInteractionService}
01-01 08:00:54.097 I/binder ( 0): 15824:15824 ioctl 40046210 7fe8558544 returned -22
12-23 01:15:16.886 I/ActivityTaskManager( 1508): START u0 {act=android.intent.action.MAIN cat=[android.intent.category.DEFAULT] flg=0x10010000 cmp=com.android.launcher3/com.android.quickstep.RecentsActivity} from uid 10078
12-23 01:15:16.888 W/ActivityTaskManager( 1508): Can't find TaskDisplayArea to determine support for multi window. Task id=593 attached=false
12-23 01:15:16.890 I/ActivityTaskManager( 1508): The Process com.android.launcher3 Already Exists in BG. So sending its PID: 15824
12-23 01:15:16.896 W/ContextImpl( 2417): Calling a method in the system process without a qualified user: android.app.ContextImpl.startService:1816 android.content.ContextWrapper.startService:774 com.thundercomm.gamemode.ingame.services.GameModeActionUtils.startGameModeService:99 com.thundercomm.gamemode.ingame.services.GameModeActionUtils.startGameModeEntry:22 com.thundercomm.gamemode.ingame.services.ActivityMonitoringService$1.onActivityLaunch:127
12-23 01:15:16.897 I/GameModeConfig( 1508): Current uri is uri = content://com.thundercomm.gamemode.api/gamemode_settings/gamemode_isgaming
12-23 01:15:16.898 I/GameModeConfig( 1508): isGameModeOn = false
12-23 01:15:16.898 I/GameModeConfig( 1508): isGameModeOn = false
12-23 01:15:16.898 I/GameModeConfig( 1508): isDisableVoice = true
01-01 08:00:54.157 I/binder ( 0): 15824:15853 ioctl 40046210 7b6512e254 returned -22
12-23 01:15:16.950 E/AndroidRuntime(15824): FATAL EXCEPTION: ViewPool-init
12-23 01:15:16.950 E/AndroidRuntime(15824): Process: com.android.launcher3, PID: 15824
12-23 01:15:16.950 E/AndroidRuntime(15824): android.view.InflateException: Binary XML file line #18 in com.android.launcher3:layout/task: Binary XML file line #18 in com.android.launcher3:layout/task: Error inflating class com.android.quickstep.views.TaskView
12-23 01:15:16.950 E/AndroidRuntime(15824): Caused by: android.view.InflateException: Binary XML file line #18 in com.android.launcher3:layout/task: Error inflating class com.android.quickstep.views.TaskView
12-23 01:15:16.950 E/AndroidRuntime(15824): Caused by: java.lang.reflect.InvocationTargetException
12-23 01:15:16.950 E/AndroidRuntime(15824): at java.lang.reflect.Constructor.newInstance0(Native Method)
12-23 01:15:16.950 E/AndroidRuntime(15824): at java.lang.reflect.Constructor.newInstance(Constructor.java:343)
12-23 01:15:16.950 E/AndroidRuntime(15824): at android.view.LayoutInflater.createView(LayoutInflater.java:858)
12-23 01:15:16.950 E/AndroidRuntime(15824): at android.view.LayoutInflater.createViewFromTag(LayoutInflater.java:1010)
12-23 01:15:16.950 E/AndroidRuntime(15824): at android.view.LayoutInflater.createViewFromTag(LayoutInflater.java:965)
12-23 01:15:16.950 E/AndroidRuntime(15824): at android.view.LayoutInflater.inflate(LayoutInflater.java:663)
12-23 01:15:16.950 E/AndroidRuntime(15824): at android.view.LayoutInflater.inflate(LayoutInflater.java:538)
12-23 01:15:16.950 E/AndroidRuntime(15824): at com.android.launcher3.util.ViewPool.inflateNewView(ViewPool.java:106)
12-23 01:15:16.950 E/AndroidRuntime(15824): at com.android.launcher3.util.ViewPool.lambda$initPool$1$ViewPool(ViewPool.java:69)
12-23 01:15:16.950 E/AndroidRuntime(15824): at com.android.launcher3.util.ViewPool$$ExternalSyntheticLambda0.run(Unknown Source:8)
12-23 01:15:16.950 E/AndroidRuntime(15824): at java.lang.Thread.run(Thread.java:920)
12-23 01:15:16.950 E/AndroidRuntime(15824): Caused by: java.lang.ClassCastException: com.android.quickstep.RecentsActivity cannot be cast to com.android.launcher3.Launcher
12-23 01:15:16.950 E/AndroidRuntime(15824): at com.android.launcher3.Launcher.getLauncher(Launcher.java:3019)
12-23 01:15:16.950 E/AndroidRuntime(15824): at com.android.quickstep.views.TaskView.(TaskView.java:416)
12-23 01:15:16.950 E/AndroidRuntime(15824): at com.android.quickstep.views.TaskView.(TaskView.java:410)
12-23 01:15:16.950 E/AndroidRuntime(15824): ... 11 more
12-23 01:15:16.951 W/ActivityTaskManager( 1508): Force finishing activity com.android.launcher3/com.android.quickstep.RecentsActivity
12-23 01:15:16.957 W/ContextImpl( 2417): Calling a method in the system process without a qualified user: android.app.ContextImpl.startService:1816 android.content.ContextWrapper.startService:774 com.thundercomm.gamemode.ingame.services.GameModeActionUtils.startGameModeService:99 com.thundercomm.gamemode.ingame.services.GameModeActionUtils.startGameModeEntry:22 com.thundercomm.gamemode.ingame.services.ActivityMonitoringService$1.onActivityLaunch:127
12-23 01:15:16.966 I/GameModeConfig( 1508): Current uri is uri = content://com.thundercomm.gamemode.api/gamemode_settings/gamemode_isgaming
12-23 01:15:16.967 I/GameModeConfig( 1508): isGameModeOn = false
12-23 01:15:16.967 I/GameModeConfig( 1508): isGameModeOn = false
