12-23 01:15:26.469 E/AndroidRuntime(18814): Caused by: java.lang.ClassCastException: com.android.quickstep.RecentsActivity cannot be cast to com.android.launcher3.Launcher
12-23 01:15:26.469 E/AndroidRuntime(18814): at com.android.launcher3.Launcher.getLauncher(Launcher.java:3019)
12-23 01:15:26.469 E/AndroidRuntime(18814): at com.android.quickstep.views.TaskView.(TaskView.java:416)
12-23 01:15:26.469 E/AndroidRuntime(18814): at com.android.quickstep.views.TaskView.(TaskView.java:410)
12-23 01:15:26.469 E/AndroidRuntime(18814): ... 11 more
12-23 01:15:26.469 I/am_crash( 1508): [18814,0,com.android.launcher3,617332293,java.lang.ClassCastException,com.android.quickstep.RecentsActivity cannot be cast to com.android.launcher3.Launcher,Launcher.java,3019]
12-23 01:15:26.470 I/DropBoxManagerService( 1508): add tag=system_app_crash isTagEnabled=true flags=0x2
12-23 01:15:26.470 W/ActivityTaskManager( 1508): Force finishing activity com.android.launcher3/com.android.quickstep.RecentsActivity
12-23 01:15:26.470 I/wm_finish_activity( 1508): [0,150140709,742,com.android.launcher3/com.android.quickstep.RecentsActivity,force-crash]
12-23 01:15:26.471 I/wm_destroy_activity( 1508): [0,150140709,742,com.android.launcher3/com.android.quickstep.RecentsActivity,finish-imm:finishIfPossible]
12-23 01:15:26.472 I/sysui_multi_action( 1508): [757,316,758,4,759,-1]
12-23 01:15:26.477 W/ContextImpl( 2417): Calling a method in the system process without a qualified user: android.app.ContextImpl.startService:1816 android.content.ContextWrapper.startService:774 com.thundercomm.gamemode.ingame.services.GameModeActionUtils.startGameModeService:99 com.thundercomm.gamemode.ingame.services.GameModeActionUtils.startGameModeEntry:22 com.thundercomm.gamemode.ingame.services.ActivityMonitoringService$1.onActivityLaunch:127
12-23 01:15:26.478 I/GameModeConfig( 1508): Current uri is uri = content://com.thundercomm.gamemode.api/gamemode_settings/gamemode_isgaming
12-23 01:15:26.479 I/ActivityManager( 1508): Process com.android.launcher3 (pid 18814) has died: vis BFGS
12-23 01:15:26.479 I/am_proc_died( 1508): [0,18814,com.android.launcher3,100,5]
12-23 01:15:26.480 W/ActivityManager( 1508): Scheduling restart of crashed service com.android.launcher3/com.android.quickstep.TouchInteractionService in 1000ms for connection
12-23 01:15:26.480 I/am_schedule_service_restart( 1508): [0,com.android.launcher3/com.android.quickstep.TouchInteractionService,1000]
12-23 01:15:26.480 I/am_uid_stopped( 1508): 10078
12-23 01:15:26.481 I/wm_task_removed( 1508): [742,cleanUpResourcesForDestroy]
12-23 01:15:26.481 I/wm_task_removed( 1508): [741,removeChild:removeChild last r=Task{408f395 #742 type=recents I=com.android.launcher3/com.android.quickstep.RecentsActivity U=0 visible=false mode=fullscreen translucent=true sz=0} in t=Task{c59a09b #741 type=recents ?? U=0 visible=false mode=fullscreen translucent=true sz=0}]
12-23 01:15:26.481 I/wm_task_removed( 1508): [741,removeChild]
12-23 01:15:26.481 I/wm_task_removed( 1508): [742,removeChild:removeChild last r=ActivityRecord{8f2f725 u0 com.android.launcher3/com.android.quickstep.RecentsActivity t-1 f}} in t=Task{408f395 #742 type=recents I=com.android.launcher3/com.android.quickstep.RecentsActivity U=0 visible=false mode=fullscreen translucent=true sz=0}]
12-23 01:15:26.481 I/wm_task_removed( 1508): [742,removeChild]
12-23 01:15:26.481 I/GameModeConfig( 1508): isGameModeOn = false
12-23 01:15:26.481 I/GameModeConfig( 1508): isGameModeOn = false
12-23 01:15:26.481 I/GameModeConfig( 1508): isDisableVoice = true
12-23 01:15:26.483 I/am_uid_running( 1508): 10078
12-23 01:15:26.483 D/CompatibilityChangeReporter( 1508): Compat change id reported: 135634846; UID 10078; state: DISABLED
12-23 01:15:26.483 D/CompatibilityChangeReporter( 1508): Compat change id reported: 177438394; UID 10078; state: DISABLED
12-23 01:15:26.483 D/CompatibilityChangeReporter( 1508): Compat change id reported: 135772972; UID 10078; state: DISABLED
12-23 01:15:26.483 D/CompatibilityChangeReporter( 1508): Compat change id reported: 135754954; UID 10078; state: ENABLED
12-23 01:15:26.483 D/CompatibilityChangeReporter( 1508): Compat change id reported: 143937733; UID 10078; state: ENABLED
12-23 01:15:26.487 I/am_proc_start( 1508): [0,18855,10078,com.android.launcher3,service,{com.android.launcher3/com.android.quickstep.TouchInteractionService}]
12-23 01:15:26.487 I/ActivityManager( 1508): Start proc 18855:com.android.launcher3/u0a78 for service {com.android.launcher3/com.android.quickstep.TouchInteractionService}
12-23 01:15:26.495 I/am_proc_bound( 1508): [0,18855,com.android.launcher3]
12-23 01:15:26.496 I/am_uid_active( 1508): 10078
01-01 08:01:03.741 I/binder ( 0): 18855:18855 ioctl 40046210 7fe8558544 returned -22
01-01 08:01:03.750 I/ ( 0): read descriptors
01-01 08:01:03.750 I/ ( 0): read strings
12-23 01:15:26.529 I/ActivityTaskManager( 1508): START u0 {act=android.intent.action.MAIN cat=[android.intent.category.DEFAULT] flg=0x10010000 cmp=com.android.launcher3/com.android.quickstep.RecentsActivity} from uid 10078
12-23 01:15:26.530 I/wm_task_created( 1508): [743,-1]
12-23 01:15:26.530 W/ActivityTaskManager( 1508): Can't find TaskDisplayArea to determine support for multi window. Task id=743 attached=false
12-23 01:15:26.531 I/wm_task_created( 1508): [744,-1]
12-23 01:15:26.531 I/wm_task_moved( 1508): [744,0,-2147483648]
12-23 01:15:26.532 I/wm_create_task( 1508): [0,744]
12-23 01:15:26.532 I/wm_create_activity( 1508): [0,115379886,744,com.android.launcher3/com.android.quickstep.RecentsActivity,android.intent.action.MAIN,NULL,NULL,276889600]
12-23 01:15:26.532 I/ActivityTaskManager( 1508): The Process com.android.launcher3 Already Exists in BG. So sending its PID: 18855
12-23 01:15:26.533 I/wm_restart_activity( 1508): [0,115379886,744,com.android.launcher3/com.android.quickstep.RecentsActivity]
12-23 01:15:26.533 I/wm_add_to_stopping( 1508): [0,115379886,com.android.launcher3/com.android.quickstep.RecentsActivity,preloadRecents]
12-23 01:15:26.538 W/ContextImpl( 2417): Calling a method in the system process without a qualified user: android.app.ContextImpl.startService:1816 android.content.ContextWrapper.startService:774 com.thundercomm.gamemode.ingame.services.GameModeActionUtils.startGameModeService:99 com.thundercomm.gamemode.ingame.services.GameModeActionUtils.startGameModeEntry:22 com.thundercomm.gamemode.ingame.services.ActivityMonitoringService$1.onActivityLaunch:127
12-23 01:15:26.539 I/GameModeConfig( 1508): Current uri is uri = content://com.thundercomm.gamemode.api/gamemode_settings/gamemode_isgaming
12-23 01:15:26.540 I/GameModeConfig( 1508): isGameModeOn = false
12-23 01:15:26.540 I/GameModeConfig( 1508): isGameModeOn = false
12-23 01:15:26.540 I/GameModeConfig( 1508): isDisableVoice = true
01-01 08:01:03.800 I/binder ( 0): 18855:18882 ioctl 40046210 7b6522c254 returned -22
12-23 01:15:26.596 E/AndroidRuntime(18855): FATAL EXCEPTION: ViewPool-init
12-23 01:15:26.596 E/AndroidRuntime(18855): Process: com.android.launcher3, PID: 18855
12-23 01:15:26.596 E/AndroidRuntime(18855): android.view.InflateException: Binary XML file line #18 in com.android.launcher3:layout/task: Binary XML file line #18 in com.android.launcher3:layout/task: Error inflating class com.android.quickstep.views.TaskView
12-23 01:15:26.596 E/AndroidRuntime(18855): Caused by: android.view.InflateException: Binary XML file line #18 in com.android.launcher3:layout/task: Error inflating class com.android.quickstep.views.TaskView
12-23 01:15:26.596 E/AndroidRuntime(18855): Caused by: java.lang.reflect.InvocationTargetException
12-23 01:15:26.596 E/AndroidRuntime(18855): at java.lang.reflect.Constructor.newInstance0(Native Method)
12-23 01:15:26.596 E/AndroidRuntime(18855): at java.lang.reflect.Constructor.newInstance(Constructor.java:343)
12-23 01:15:26.596 E/AndroidRuntime(18855): at android.view.LayoutInflater.createView(LayoutInflater.java:858)
12-23 01:15:26.596 E/AndroidRuntime(18855): at android.view.LayoutInflater.createViewFromTag(LayoutInflater.java:1010)
12-23 01:15:26.596 E/AndroidRuntime(18855): at android.view.LayoutInflater.createViewFromTag(LayoutInflater.java:965)
12-23 01:15:26.596 E/AndroidRuntime(18855): at android.view.LayoutInflater.inflate(LayoutInflater.java:663)
12-23 01:15:26.596 E/AndroidRuntime(18855): at android.view.LayoutInflater.inflate(LayoutInflater.java:538)
12-23 01:15:26.596 E/AndroidRuntime(18855): at com.android.launcher3.util.ViewPool.inflateNewView(ViewPool.java:106)
12-23 01:15:26.596 E/AndroidRuntime(18855): at com.android.launcher3.util.ViewPool.lambda$initPool$1$ViewPool(ViewPool.java:69)
12-23 01:15:26.596 E/AndroidRuntime(18855): at com.android.launcher3.util.ViewPool$$ExternalSyntheticLambda0.run(Unknown Source:8)
12-23 01:15:26.596 E/AndroidRuntime(18855): at java.lang.Thread.run(Thread.java:920)
12-23 01:15:26.596 E/AndroidRuntime(18855): Caused by: java.lang.ClassCastException: com.android.quickstep.RecentsActivity cannot be cast to com.android.launcher3.Launcher
12-23 01:15:26.596 E/AndroidRuntime(18855): at com.android.launcher3.Launcher.getLauncher(Launcher.java:3019)
12-23 01:15:26.596 E/AndroidRuntime(18855): at com.android.quickstep.views.TaskView.(TaskView.java:416)
12-23 01:15:26.596 E/AndroidRuntime(18855): at com.android.quickstep.views.TaskView.(TaskView.java:410)
12-23 01:15:26.596 E/AndroidRuntime(18855): ... 11 more
12-23 01:15:26.597 I/am_crash( 1508): [18855,0,com.android.launcher3,617332293,java.lang.ClassCastException,com.android.quickstep.RecentsActivity cannot be cast to com.android.launcher3.Launcher,Launcher.java,3019]
12-23 01:15:26.597 I/DropBoxManagerService( 1508): add tag=system_app_crash isTagEnabled=true flags=0x2
12-23 01:15:26.597 W/ActivityTaskManager( 1508): Force finishing activity com.android.launcher3/com.android.quickstep.RecentsActivity
12-23 01:15:26.597 I/wm_finish_activity( 1508): [0,115379886,744,com.android.launcher3/com.android.quickstep.RecentsActivity,force-crash]
12-23 01:15:26.598 I/wm_destroy_activity( 1508): [0,115379886,744,com.android.launcher3/com.android.quickstep.RecentsActivity,finish-imm:finishIfPossible]
12-23 01:15:26.600 I/sysui_multi_action( 1508): [757,316,758,4,759,-1]
12-23 01:15:26.604 W/ContextImpl( 2417): Calling a method in the system process without a qualified user: android.app.ContextImpl.startService:1816 android.content.ContextWrapper.startService:774 com.thundercomm.gamemode.ingame.services.GameModeActionUtils.startGameModeService:99 com.thundercomm.gamemode.ingame.services.GameModeActionUtils.startGameModeEntry:22 com.thundercomm.gamemode.ingame.services.ActivityMonitoringService$1.onActivityLaunch:127
12-23 01:15:26.605 I/GameModeConfig( 1508): Current uri is uri = content://com.thundercomm.gamemode.api/gamemode_settings/gamemode_isgaming
01-01 08:01:03.853 D/ ( 0): mv2112_read_status
01-01 08:01:03.854 D/mv2112_update_link( 0): 3.0x901(1G): 0x80
01-01 08:01:03.854 D/mv2112_update_link( 0): 3.0x8109(100M): 0x8
01-01 08:01:03.854 D/mv2112_update_link( 0): link 0x0
01-01 08:01:03.854 D/mv2112_read_status( 0): autoneg is disabled
12-23 01:15:26.606 I/GameModeConfig( 1508): isGameModeOn = false
12-23 01:15:26.606 I/GameModeConfig( 1508): isGameModeOn = false
12-23 01:15:26.606 I/GameModeConfig( 1508): isDisableVoice = true
12-23 01:15:26.607 I/ActivityManager( 1508): Process com.android.launcher3 (pid 18855) has died: vis BFGS
12-23 01:15:26.607 I/am_proc_died( 1508): [0,18855,com.android.launcher3,100,5]
12-23 01:15:26.608 W/ActivityManager( 1508): Scheduling restart of crashed service com.android.launcher3/com.android.quickstep.TouchInteractionService in 1000ms for connection
12-23 01:15:26.608 I/am_schedule_service_restart( 1508): [0,com.android.launcher3/com.android.quickstep.TouchInteractionService,1000]
12-23 01:15:26.608 I/am_uid_stopped( 1508): 10078
12-23 01:15:26.608 I/wm_task_removed( 1508): [744,cleanUpResourcesForDestroy]
12-23 01:15:26.608 I/wm_task_removed( 1508): [743,removeChild:removeChild last r=Task{563ff5e #744 type=recents I=com.android.launcher3/com.android.quickstep.RecentsActivity U=0 visible=false mode=fullscreen translucent=true sz=0} in t=Task{6fa600c #743 type=recents ?? U=0 visible=false mode=fullscreen translucent=true sz=0}]
12-23 01:15:26.608 I/wm_task_removed( 1508): [743,removeChild]
12-23 01:15:26.608 I/wm_task_removed( 1508): [744,removeChild:removeChild last r=ActivityRecord{6e08eae u0 com.android.launcher3/com.android.quickstep.RecentsActivity t-1 f}} in t=Task{563ff5e #744 type=recents I=com.android.launcher3/com.android.quickstep.RecentsActivity U=0 visible=false mode=fullscreen translucent=true sz=0}]
12-23 01:15:26.608 I/wm_task_removed( 1508): [744,removeChild]
12-23 01:15:26.610 I/am_uid_running( 1508): 10078
12-23 01:15:26.611 D/CompatibilityChangeReporter( 1508): Compat change id reported: 135634846; UID 10078; state: DISABLED
12-23 01:15:26.611 D/CompatibilityChangeReporter( 1508): Compat change id reported: 177438394; UID 10078; state: DISABLED
12-23 01:15:26.611 D/CompatibilityChangeReporter( 1508): Compat change id reported: 135772972; UID 10078; state: DISABLED
12-23 01:15:26.611 D/CompatibilityChangeReporter( 1508): Compat change id reported: 135754954; UID 10078; state: ENABLED
12-23 01:15:26.611 D/CompatibilityChangeReporter( 1508): Compat change id reported: 143937733; UID 10078; state: ENABLED
12-23 01:15:26.615 I/am_proc_start( 1508): [0,18896,10078,com.android.launcher3,service,{com.android.launcher3/com.android.quickstep.TouchInteractionService}]
12-23 01:15:26.615 I/ActivityManager( 1508): Start proc 18896:com.android.launcher3/u0a78 for service {com.android.launcher3/com.android.quickstep.TouchInteractionService}
01-01 08:01:03.868 I/binder ( 0): 18896:18896 ioctl 40046210 7fe8558544 returned -22
12-23 01:15:26.622 I/am_proc_bound( 1508): [0,18896,com.android.launcher3]
12-23 01:15:26.623 I/am_uid_active( 1508): 10078
12-23 01:15:26.655 I/ActivityTaskManager( 1508): START u0 {act=android.intent.action.MAIN cat=[android.intent.category.DEFAULT] flg=0x10010000 cmp=com.android.launcher3/com.android.quickstep.RecentsActivity} from uid 10078
12-23 01:15:26.657 I/wm_task_created( 1508): [745,-1]
12-23 01:15:26.657 W/ActivityTaskManager( 1508): Can't find TaskDisplayArea to determine support for multi window. Task id=745 attached=false
12-23 01:15:26.658 I/wm_task_created( 1508): [746,-1]
12-23 01:15:26.658 I/wm_task_moved( 1508): [746,0,-2147483648]
12-23 01:15:26.658 I/wm_create_task( 1508): [0,746]
12-23 01:15:26.658 I/wm_create_activity( 1508): [0,184083379,746,com.android.launcher3/com.android.quickstep.RecentsActivity,android.intent.action.MAIN,NULL,NULL,276889600]
12-23 01:15:26.659 I/ActivityTaskManager( 1508): The Process com.android.launcher3 Already Exists in BG. So sending its PID: 18896
12-23 01:15:26.659 I/wm_restart_activity( 1508): [0,184083379,746,com.android.launcher3/com.android.quickstep.RecentsActivity]
12-23 01:15:26.660 I/wm_add_to_stopping( 1508): [0,184083379,com.android.launcher3/com.android.quickstep.RecentsActivity,preloadRecents]
12-23 01:15:26.664 W/ContextImpl( 2417): Calling a method in the system process without a qualified user: android.app.ContextImpl.startService:1816 android.content.ContextWrapper.startService:774 com.thundercomm.gamemode.ingame.services.GameModeActionUtils.startGameModeService:99 com.thundercomm.gamemode.ingame.services.GameModeActionUtils.startGameModeEntry:22 com.thundercomm.gamemode.ingame.services.ActivityMonitoringService$1.onActivityLaunch:127
12-23 01:15:26.666 I/GameModeConfig( 1508): Current uri is uri = content://com.thundercomm.gamemode.api/gamemode_settings/gamemode_isgaming
12-23 01:15:26.666 I/GameModeConfig( 1508): isGameModeOn = false
12-23 01:15:26.667 I/GameModeConfig( 1508): isGameModeOn = false
12-23 01:15:26.667 I/GameModeConfig( 1508): isDisableVoice = true
01-01 08:01:03.929 I/binder ( 0): 18896:18923 ioctl 40046210 7b66430254 returned -22
12-23 01:15:26.723 E/AndroidRuntime(18896): FATAL EXCEPTION: ViewPool-init
12-23 01:15:26.723 E/AndroidRuntime(18896): Process: com.android.launcher3, PID: 18896
12-23 01:15:26.723 E/AndroidRuntime(18896): android.view.InflateException: Binary XML file line #18 in com.android.launcher3:layout/task: Binary XML file line #18 in com.android.launcher3:layout/task: Error inflating class com.android.quickstep.views.TaskView
12-23 01:15:26.723 E/AndroidRuntime(18896): Caused by: android.view.InflateException: Binary XML file line #18 in com.android.launcher3:layout/task: Error inflating class com.android.quickstep.views.TaskView
12-23 01:15:26.723 E/AndroidRuntime(18896): Caused by: java.lang.reflect.InvocationTargetException
12-23 01:15:26.723 E/AndroidRuntime(18896): at java.lang.reflect.Constructor.newInstance0(Native Method)
12-23 01:15:26.723 E/AndroidRuntime(18896): at java.lang.reflect.Constructor.newInstance(Constructor.java:343)
12-23 01:15:26.723 E/AndroidRuntime(18896): at android.view.LayoutInflater.createView(LayoutInflater.java:858)
12-23 01:15:26.723 E/AndroidRuntime(18896): at android.view.LayoutInflater.createViewFromTag(LayoutInflater.java:1010)
12-23 01:15:26.723 E/AndroidRuntime(18896): at android.view.LayoutInflater.createViewFromTag(LayoutInflater.java:965)
12-23 01:15:26.723 E/AndroidRuntime(18896): at android.view.LayoutInflater.inflate(LayoutInflater.java:663)
12-23 01:15:26.723 E/AndroidRuntime(18896): at android.view.LayoutInflater.inflate(LayoutInflater.java:538)
12-23 01:15:26.723 E/AndroidRuntime(18896): at com.android.launcher3.util.ViewPool.inflateNewView(ViewPool.java:106)
12-23 01:15:26.723 E/AndroidRuntime(18896): at com.android.launcher3.util.ViewPool.lambda$initPool$1$ViewPool(ViewPool.java:69)
12-23 01:15:26.723 E/AndroidRuntime(18896): at com.android.launcher3.util.ViewPool$$ExternalSyntheticLambda0.run(Unknown Source:8)
12-23 01:15:26.723 E/AndroidRuntime(18896): at java.lang.Thread.run(Thread.java:920)
12-23 01:15:26.723 E/AndroidRuntime(18896): Caused by: java.lang.ClassCastException: com.android.quickstep.RecentsActivity cannot be cast to com.android.launcher3.Launcher
12-23 01:15:26.723 E/AndroidRuntime(18896): at com.android.launcher3.Launcher.getLauncher(Launcher.java:3019)
12-23 01:15:26.723 E/AndroidRuntime(18896): at com.android.quickstep.views.TaskView.(TaskView.java:416)
12-23 01:15:26.723 E/AndroidRuntime(18896): at com.android.quickstep.views.TaskView.(TaskView.java:410)
12-23 01:15:26.723 E/AndroidRuntime(18896): ... 11 more
12-23 01:15:26.723 I/am_crash( 1508): [18896,0,com.android.launcher3,617332293,java.lang.ClassCastException,com.android.quickstep.RecentsActivity cannot be cast to com.android.launcher3.Launcher,Launcher.java,3019]
12-23 01:15:26.724 I/DropBoxManagerService( 1508): add tag=system_app_crash isTagEnabled=true flags=0x2
12-23 01:15:26.724 W/ActivityTaskManager( 1508): Force finishing activity com.android.launcher3/com.android.quickstep.RecentsActivity
12-23 01:15:26.724 I/wm_finish_activity( 1508): [0,184083379,746,com.android.launcher3/com.android.quickstep.RecentsActivity,force-crash]
12-23 01:15:26.724 I/wm_destroy_activity( 1508): [0,184083379,746,com.android.launcher3/com.android.quickstep.RecentsActivity,finish-imm:finishIfPossible]
12-23 01:15:26.726 I/sysui_multi_action( 1508): [757,316,758,4,759,-1]
12-23 01:15:26.730 W/ContextImpl( 2417): Calling a method in the system process without a qualified user: android.app.ContextImpl.startService:1816 android.content.ContextWrapper.startService:774 com.thundercomm.gamemode.ingame.services.GameModeActionUtils.startGameModeService:99 com.thundercomm.gamemode.ingame.services.GameModeActionUtils.startGameModeEntry:22 com.thundercomm.gamemode.ingame.services.ActivityMonitoringService$1.onActivityLaunch:127
12-23 01:15:26.732 I/GameModeConfig( 1508): Current uri is uri = content://com.thundercomm.gamemode.api/gamemode_settings/gamemode_isgaming
12-23 01:15:26.733 I/GameModeConfig( 1508): isGameModeOn = false
12-23 01:15:26.733 I/GameModeConfig( 1508): isGameModeOn = false
12-23 01:15:26.733 I/GameModeConfig( 1508): isDisableVoice = true
12-23 01:15:26.733 I/ActivityManager( 1508): Process com.android.launcher3 (pid 18896) has died: vis BFGS
12-23 01:15:26.733 I/am_proc_died( 1508): [0,18896,com.android.launcher3,100,5]
12-23 01:15:26.734 W/ActivityManager( 1508): Scheduling restart of crashed service com.android.launcher3/com.android.quickstep.TouchInteractionService in 1000ms for connection
12-23 01:15:26.734 I/am_schedule_service_restart( 1508): [0,com.android.launcher3/com.android.quickstep.TouchInteractionService,1000]
12-23 01:15:26.734 I/am_uid_stopped( 1508): 10078
12-23 01:15:26.735 I/wm_task_removed( 1508): [746,cleanUpResourcesForDestroy]
12-23 01:15:26.735 I/wm_task_removed( 1508): [745,removeChild:removeChild last r=Task{c021fa3 #746 type=recents I=com.android.launcher3/com.android.quickstep.RecentsActivity U=0 visible=false mode=fullscreen translucent=true sz=0} in t=Task{2e91e59 #745 type=recents ?? U=0 visible=false mode=fullscreen translucent=true sz=0}]
12-23 01:15:26.735 I/wm_task_removed( 1508): [745,removeChild]
12-23 01:15:26.735 I/wm_task_removed( 1508): [746,removeChild:removeChild last r=ActivityRecord{af8e3b3 u0 com.android.launcher3/com.android.quickstep.RecentsActivity t-1 f}} in t=Task{c021fa3 #746 type=recents I=com.android.launcher3/com.android.quickstep.RecentsActivity U=0 visible=false mode=fullscreen translucent=true sz=0}]
12-23 01:15:26.735 I/wm_task_removed( 1508): [746,removeChild]
12-23 01:15:26.737 I/am_uid_running( 1508): 10078
12-23 01:15:26.737 D/CompatibilityChangeReporter( 1508): Compat change id reported: 135634846; UID 10078; state: DISABLED
12-23 01:15:26.737 D/CompatibilityChangeReporter( 1508): Compat change id reported: 177438394; UID 10078; state: DISABLED
12-23 01:15:26.737 D/CompatibilityChangeReporter( 1508): Compat change id reported: 135772972; UID 10078; state: DISABLED
12-23 01:15:26.737 D/CompatibilityChangeReporter( 1508): Compat change id reported: 135754954; UID 10078; state: ENABLED
12-23 01:15:26.737 D/CompatibilityChangeReporter( 1508): Compat change id reported: 143937733; UID 10078; state: ENABLED
12-23 01:15:26.741 I/am_proc_start( 1508): [0,18937,10078,com.android.launcher3,service,{com.android.launcher3/com.android.quickstep.TouchInteractionService}]
12-23 01:15:26.741 I/ActivityManager( 1508): Start proc 18937:com.android.launcher3/u0a78 for service {com.android.launcher3/com.android.quickstep.TouchInteractionService}
12-23 01:15:26.749 I/am_proc_bound( 1508): [0,18937,com.android.launcher3]
01-01 08:01:03.995 I/binder ( 0): 18937:18937 ioctl 40046210 7fe8558544 returned -22
12-23 01:15:26.750 I/am_uid_active( 1508): 10078
12-23 01:15:26.784 I/ActivityTaskManager( 1508): START u0 {act=android.intent.action.MAIN cat=[android.intent.category.DEFAULT] flg=0x10010000 cmp=com.android.launcher3/com.android.quickstep.RecentsActivity} from uid 10078
12-23 01:15:26.786 I/wm_task_created( 1508): [747,-1]
12-23 01:15:26.786 W/ActivityTaskManager( 1508): Can't find TaskDisplayArea to determine support for multi window. Task id=747 attached=false
12-23 01:15:26.786 I/wm_task_created( 1508): [748,-1]
12-23 01:15:26.786 I/wm_task_moved( 1508): [748,0,-2147483648]
12-23 01:15:26.787 I/wm_create_task( 1508): [0,748]
12-23 01:15:26.787 I/wm_create_activity( 1508): [0,230790596,748,com.android.launcher3/com.android.quickstep.RecentsActivity,android.intent.action.MAIN,NULL,NULL,276889600]
12-23 01:15:26.788 I/ActivityTaskManager( 1508): The Process com.android.launcher3 Already Exists in BG. So sending its PID: 18937
12-23 01:15:26.788 I/wm_restart_activity( 1508): [0,230790596,748,com.android.launcher3/com.android.quickstep.RecentsActivity]
12-23 01:15:26.788 I/wm_add_to_stopping( 1508): [0,230790596,com.android.launcher3/com.android.quickstep.RecentsActivity,preloadRecents]
12-23 01:15:26.793 W/ContextImpl( 2417): Calling a method in the system process without a qualified user: android.app.ContextImpl.startService:1816 android.content.ContextWrapper.startService:774 com.thundercomm.gamemode.ingame.services.GameModeActionUtils.startGameModeService:99 com.thundercomm.gamemode.ingame.services.GameModeActionUtils.startGameModeEntry:22 com.thundercomm.gamemode.ingame.services.ActivityMonitoringService$1.onActivityLaunch:127
12-23 01:15:26.794 I/GameModeConfig( 1508): Current uri is uri = content://com.thundercomm.gamemode.api/gamemode_settings/gamemode_isgaming
12-23 01:15:26.795 I/GameModeConfig( 1508): isGameModeOn = false
12-23 01:15:26.795 I/GameModeConfig( 1508): isGameModeOn = false
12-23 01:15:26.795 I/GameModeConfig( 1508): isDisableVoice = true
01-01 08:01:04.054 I/binder ( 0): 18937:18965 ioctl 40046210 7b6522c254 returned -22
12-23 01:15:26.849 E/AndroidRuntime(18937): FATAL EXCEPTION: ViewPool-init
12-23 01:15:26.849 E/AndroidRuntime(18937): Process: com.android.launcher3, PID: 18937
12-23 01:15:26.849 E/AndroidRuntime(18937): android.view.InflateException: Binary XML file line #18 in com.android.launcher3:layout/task: Binary XML file line #18 in com.android.launcher3:layout/task: Error inflating class com.android.quickstep.views.TaskView
12-23 01:15:26.849 E/AndroidRuntime(18937): Caused by: android.view.InflateException: Binary XML file line #18 in com.android.launcher3:layout/task: Error inflating class com.android.quickstep.views.TaskView
12-23 01:15:26.849 E/AndroidRuntime(18937): Caused by: java.lang.reflect.InvocationTargetException
12-23 01:15:26.849 E/AndroidRuntime(18937): at java.lang.reflect.Constructor.newInstance0(Native Method)
12-23 01:15:26.849 E/AndroidRuntime(18937): at java.lang.reflect.Constructor.newInstance(Constructor.java:343)
12-23 01:15:26.849 E/AndroidRuntime(18937): at android.view.LayoutInflater.createView(LayoutInflater.java:858)
12-23 01:15:26.849 E/AndroidRuntime(18937): at android.view.LayoutInflater.createViewFromTag(LayoutInflater.java:1010)
12-23 01:15:26.849 E/AndroidRuntime(18937): at android.view.LayoutInflater.createViewFromTag(LayoutInflater.java:965)
12-23 01:15:26.849 E/AndroidRuntime(18937): at android.view.LayoutInflater.inflate(LayoutInflater.java:663)
12-23 01:15:26.849 E/AndroidRuntime(18937): at android.view.LayoutInflater.inflate(LayoutInflater.java:538)
12-23 01:15:26.849 E/AndroidRuntime(18937): at com.android.launcher3.util.ViewPool.inflateNewView(ViewPool.java:106)
12-23 01:15:26.849 E/AndroidRuntime(18937): at com.android.launcher3.util.ViewPool.lambda$initPool$1$ViewPool(ViewPool.java:69)
12-23 01:15:26.849 E/AndroidRuntime(18937): at com.android.launcher3.util.ViewPool$$ExternalSyntheticLambda0.run(Unknown Source:8)
12-23 01:15:26.849 E/AndroidRuntime(18937): at java.lang.Thread.run(Thread.java:920)
12-23 01:15:26.849 E/AndroidRuntime(18937): Caused by: java.lang.ClassCastException: com.android.quickstep.RecentsActivity cannot be cast to com.android.launcher3.Launcher
12-23 01:15:26.849 E/AndroidRuntime(18937): at com.android.launcher3.Launcher.getLauncher(Launcher.java:3019)
12-23 01:15:26.849 E/AndroidRuntime(18937): at com.android.quickstep.views.TaskView.(TaskView.java:416)
12-23 01:15:26.849 E/AndroidRuntime(18937): at com.android.quickstep.views.TaskView.(TaskView.java:410)
12-23 01:15:26.849 E/AndroidRuntime(18937): ... 11 more
12-23 01:15:26.850 I/am_crash( 1508): [18937,0,com.android.launcher3,617332293,java.lang.ClassCastException,com.android.quickstep.RecentsActivity cannot be cast to com.android.launcher3.Launcher,Launcher.java,3019]
12-23 01:15:26.850 I/DropBoxManagerService( 1508): add tag=system_app_crash isTagEnabled=true flags=0x2
12-23 01:15:26.850 W/ActivityTaskManager( 1508): Force finishing activity com.android.launcher3/com.android.quickstep.RecentsActivity
12-23 01:15:26.850 I/wm_finish_activity( 1508): [0,230790596,748,com.android.launcher3/com.android.quickstep.RecentsActivity,force-crash]
12-23 01:15:26.851 I/wm_destroy_activity( 1508): [0,230790596,748,com.android.launcher3/com.android.quickstep.RecentsActivity,finish-imm:finishIfPossible]
12-23 01:15:26.852 I/sysui_multi_action( 1508): [757,316,758,4,759,-1]
12-23 01:15:26.859 I/ActivityManager( 1508): Process com.android.launcher3 (pid 18937) has died: vis BFGS
12-23 01:15:26.859 I/am_proc_died( 1508): [0,18937,com.android.launcher3,100,5]
12-23 01:15:26.859 W/ActivityManager( 1508): Scheduling restart of crashed service com.android.launcher3/com.android.quickstep.TouchInteractionService in 1000ms for connection
12-23 01:15:26.859 I/am_schedule_service_restart( 1508): [0,com.android.launcher3/com.android.quickstep.TouchInteractionService,1000]
12-23 01:15:26.860 I/am_uid_stopped( 1508): 10078
12-23 01:15:26.860 I/wm_task_removed( 1508): [748,cleanUpResourcesForDestroy]
12-23 01:15:26.860 I/wm_task_removed( 1508): [747,removeChild:removeChild last r=Task{a17f7f4 #748 type=recents I=com.android.launcher3/com.android.quickstep.RecentsActivity U=0 visible=false mode=fullscreen translucent=true sz=0} in t=Task{3419192 #747 type=recents ?? U=0 visible=false mode=fullscreen translucent=true sz=0}]
12-23 01:15:26.860 I/wm_task_removed( 1508): [747,removeChild]
12-23 01:15:26.860 I/wm_task_removed( 1508): [748,removeChild:removeChild last r=ActivityRecord{dc195c4 u0 com.android.launcher3/com.android.quickstep.RecentsActivity t-1 f}} in t=Task{a17f7f4 #748 type=recents I=com.android.launcher3/com.android.quickstep.RecentsActivity U=0 visible=false mode=fullscreen translucent=true sz=0}]
12-23 01:15:26.860 I/wm_task_removed( 1508): [748,removeChild]
12-23 01:15:26.861 W/ContextImpl( 2417): Calling a method in the system process without a qualified user: android.app.ContextImpl.startService:1816 android.content.ContextWrapper.startService:774 com.thundercomm.gamemode.ingame.services.GameModeActionUtils.startGameModeService:99 com.thundercomm.gamemode.ingame.services.GameModeActionUtils.startGameModeEntry:22 com.thundercomm.gamemode.ingame.services.ActivityMonitoringService$1.onActivityLaunch:127
12-23 01:15:26.863 I/am_uid_running( 1508): 10078
12-23 01:15:26.863 D/CompatibilityChangeReporter( 1508): Compat change id reported: 135634846; UID 10078; state: DISABLED
12-23 01:15:26.863 D/CompatibilityChangeReporter( 1508): Compat change id reported: 177438394; UID 10078; state: DISABLED
12-23 01:15:26.863 D/CompatibilityChangeReporter( 1508): Compat change id reported: 135772972; UID 10078; state: DISABLED
12-23 01:15:26.863 D/CompatibilityChangeReporter( 1508): Compat change id reported: 135754954; UID 10078; state: ENABLED
12-23 01:15:26.863 D/CompatibilityChangeReporter( 1508): Compat change id reported: 143937733; UID 10078; state: ENABLED
12-23 01:15:26.863 I/GameModeConfig( 1508): Current uri is uri = content://com.thundercomm.gamemode.api/gamemode_settings/gamemode_isgaming
12-23 01:15:26.864 I/GameModeConfig( 1508): isGameModeOn = false
12-23 01:15:26.864 I/GameModeConfig( 1508): isGameModeOn = false
12-23 01:15:26.864 I/GameModeConfig( 1508): isDisableVoice = true
12-23 01:15:26.868 I/am_proc_start( 1508): [0,18979,10078,com.android.launcher3,service,{com.android.launcher3/com.android.quickstep.TouchInteractionService}]
12-23 01:15:26.868 I/ActivityManager( 1508): Start proc 18979:com.android.launcher3/u0a78 for service {com.android.launcher3/com.android.quickstep.TouchInteractionService}
12-23 01:15:26.876 I/am_proc_bound( 1508): [0,18979,com.android.launcher3]
12-23 01:15:26.877 I/am_uid_active( 1508): 10078
01-01 08:01:04.122 I/binder ( 0): 18979:18979 ioctl 40046210 7fe8558544 returned -22
12-23 01:15:26.912 I/ActivityTaskManager( 1508): START u0 {act=android.intent.action.MAIN cat=[android.intent.category.DEFAULT] flg=0x10010000 cmp=com.android.launcher3/com.android.quickstep.RecentsActivity} from uid 10078
12-23 01:15:26.914 I/wm_task_created( 1508): [749,-1]
12-23 01:15:26.914 W/ActivityTaskManager( 1508): Can't find TaskDisplayArea to determine support for multi window. Task id=749 attached=false
12-23 01:15:26.914 I/wm_task_created( 1508): [750,-1]
12-23 01:15:26.915 I/wm_task_moved( 1508): [750,0,-2147483648]
12-23 01:15:26.915 I/wm_create_task( 1508): [0,750]
12-23 01:15:26.915 I/wm_create_activity( 1508): [0,202235953,750,com.android.launcher3/com.android.quickstep.RecentsActivity,android.intent.action.MAIN,NULL,NULL,276889600]
12-23 01:15:26.916 I/ActivityTaskManager( 1508): The Process com.android.launcher3 Already Exists in BG. So sending its PID: 18979
12-23 01:15:26.916 I/wm_restart_activity( 1508): [0,202235953,750,com.android.launcher3/com.android.quickstep.RecentsActivity]
12-23 01:15:26.916 I/wm_add_to_stopping( 1508): [0,202235953,com.android.launcher3/com.android.quickstep.RecentsActivity,preloadRecents]
12-23 01:15:26.922 W/ContextImpl( 2417): Calling a method in the system process without a qualified user: android.app.ContextImpl.startService:1816 android.content.ContextWrapper.startService:774 com.thundercomm.gamemode.ingame.services.GameModeActionUtils.startGameModeService:99 com.thundercomm.gamemode.ingame.services.GameModeActionUtils.startGameModeEntry:22 com.thundercomm.gamemode.ingame.services.ActivityMonitoringService$1.onActivityLaunch:127
12-23 01:15:26.923 I/GameModeConfig( 1508): Current uri is uri = content://com.thundercomm.gamemode.api/gamemode_settings/gamemode_isgaming
12-23 01:15:26.924 I/GameModeConfig( 1508): isGameModeOn = false
12-23 01:15:26.924 I/GameModeConfig( 1508): isGameModeOn = false
12-23 01:15:26.924 I/GameModeConfig( 1508): isDisableVoice = true
01-01 08:01:04.183 I/binder ( 0): 18979:19007 ioctl 40046210 7b6522c254 returned -22
12-23 01:15:26.978 E/AndroidRuntime(18979): FATAL EXCEPTION: ViewPool-init
12-23 01:15:26.978 E/AndroidRuntime(18979): Process: com.android.launcher3, PID: 18979
12-23 01:15:26.978 E/AndroidRuntime(18979): android.view.InflateException: Binary XML file line #18 in com.android.launcher3:layout/task: Binary XML file line #18 in com.android.launcher3:layout/task: Error inflating class com.android.quickstep.views.TaskView
12-23 01:15:26.978 E/AndroidRuntime(18979): Caused by: android.view.InflateException: Binary XML file line #18 in com.android.launcher3:layout/task: Error inflating class com.android.quickstep.views.TaskView
12-23 01:15:26.978 E/AndroidRuntime(18979): Caused by: java.lang.reflect.InvocationTargetException
12-23 01:15:26.978 E/AndroidRuntime(18979): at java.lang.reflect.Constructor.newInstance0(Native Method)
12-23 01:15:26.978 E/AndroidRuntime(18979): at java.lang.reflect.Constructor.newInstance(Constructor.java:343)
12-23 01:15:26.978 E/AndroidRuntime(18979): at android.view.LayoutInflater.createView(LayoutInflater.java:858)
12-23 01:15:26.978 E/AndroidRuntime(18979): at android.view.LayoutInflater.createViewFromTag(LayoutInflater.java:1010)
12-23 01:15:26.978 E/AndroidRuntime(18979): at android.view.LayoutInflater.createViewFromTag(LayoutInflater.java:965)
12-23 01:15:26.978 E/AndroidRuntime(18979): at android.view.LayoutInflater.inflate(LayoutInflater.java:663)
12-23 01:15:26.978 E/AndroidRuntime(18979): at android.view.LayoutInflater.inflate(LayoutInflater.java:538)
12-23 01:15:26.978 E/AndroidRuntime(18979): at com.android.launcher3.util.ViewPool.inflateNewView(ViewPool.java:106)
12-23 01:15:26.978 E/AndroidRuntime(18979): at com.android.launcher3.util.ViewPool.lambda$initPool$1$ViewPool(ViewPool.java:69)
12-23 01:15:26.978 E/AndroidRuntime(18979): at com.android.launcher3.util.ViewPool$$ExternalSyntheticLambda0.run(Unknown Source:8)
12-23 01:15:26.978 E/AndroidRuntime(18979): at java.lang.Thread.run(Thread.java:920)
12-23 01:15:26.978 E/AndroidRuntime(18979): Caused by: java.lang.ClassCastException: com.android.quickstep.RecentsActivity cannot be cast to com.android.launcher3.Launcher
12-23 01:15:26.978 E/AndroidRuntime(18979): at com.android.launcher3.Launcher.getLauncher(Launcher.java:3019)
12-23 01:15:26.978 E/AndroidRuntime(18979): at com.android.quickstep.views.TaskView.(TaskView.java:416)
12-23 01:15:26.978 E/AndroidRuntime(18979): at com.android.quickstep.views.TaskView.(TaskView.java:410)
12-23 01:15:26.978 E/AndroidRuntime(18979): ... 11 more
12-23 01:15:26.978 I/am_crash( 1508): [18979,0,com.android.launcher3,617332293,java.lang.ClassCastException,com.android.quickstep.RecentsActivity cannot be cast to com.android.launcher3.Launcher,Launcher.java,3019]
12-23 01:15:26.979 W/ActivityTaskManager( 1508): Force finishing activity com.android.launcher3/com.android.quickstep.RecentsActivity
12-23 01:15:26.979 I/wm_finish_activity( 1508): [0,202235953,750,com.android.launcher3/com.android.quickstep.RecentsActivity,force-crash]
12-23 01:15:26.980 I/wm_destroy_activity( 1508): [0,202235953,750,com.android.launcher3/com.android.quickstep.RecentsActivity,finish-imm:finishIfPossible]
12-23 01:15:26.981 I/sysui_multi_action( 1508): [757,316,758,4,759,-1]
12-23 01:15:26.985 W/ContextImpl( 2417): Calling a method in the system process without a qualified user: android.app.ContextImpl.startService:1816 android.content.ContextWrapper.startService:774 com.thundercomm.gamemode.ingame.services.GameModeActionUtils.startGameModeService:99 com.thundercomm.gamemode.ingame.services.GameModeActionUtils.startGameModeEntry:22 com.thundercomm.gamemode.ingame.services.ActivityMonitoringService$1.onActivityLaunch:127
12-23 01:15:26.987 I/GameModeConfig( 1508): Current uri is uri = content://com.thundercomm.gamemode.api/gamemode_settings/gamemode_isgaming
12-23 01:15:26.988 I/GameModeConfig( 1508): isGameModeOn = false
12-23 01:15:26.989 I/GameModeConfig( 1508): isGameModeOn = false
12-23 01:15:26.989 I/GameModeConfig( 1508): isDisableVoice = true
12-23 01:15:26.989 I/ActivityManager( 1508): Process com.android.launcher3 (pid 18979) has died: vis BFGS
12-23 01:15:26.989 I/am_proc_died( 1508): [0,18979,com.android.launcher3,100,5]
12-23 01:15:26.989 W/ActivityManager( 1508): Scheduling restart of crashed service com.android.launcher3/com.android.quickstep.TouchInteractionService in 1000ms for connection
12-23 01:15:26.989 I/am_schedule_service_restart( 1508): [0,com.android.launcher3/com.android.quickstep.TouchInteractionService,1000]
12-23 01:15:26.989 I/am_uid_stopped( 1508): 10078
12-23 01:15:26.990 I/wm_task_removed( 1508): [750,cleanUpResourcesForDestroy]
12-23 01:15:26.990 I/wm_task_removed( 1508): [749,removeChild:removeChild last r=Task{86375ab #750 type=recents I=com.android.launcher3/com.android.quickstep.RecentsActivity U=0 visible=false mode=fullscreen translucent=true sz=0} in t=Task{5a637a1 #749 type=recents ?? U=0 visible=false mode=fullscreen translucent=true sz=0}]
12-23 01:15:26.990 I/wm_task_removed( 1508): [749,removeChild]
12-23 01:15:26.990 I/wm_task_removed( 1508): [750,removeChild:removeChild last r=ActivityRecord{c0de031 u0 com.android.launcher3/com.android.quickstep.RecentsActivity t-1 f}} in t=Task{86375ab #750 type=recents I=com.android.launcher3/com.android.quickstep.RecentsActivity U=0 visible=false mode=fullscreen translucent=true sz=0}]
12-23 01:15:26.990 I/wm_task_removed( 1508): [750,removeChild]
12-23 01:15:26.992 I/am_uid_running( 1508): 10078
12-23 01:15:26.993 D/CompatibilityChangeReporter( 1508): Compat change id reported: 135634846; UID 10078; state: DISABLED
12-23 01:15:26.993 D/CompatibilityChangeReporter( 1508): Compat change id reported: 177438394; UID 10078; state: DISABLED
12-23 01:15:26.993 D/CompatibilityChangeReporter( 1508): Compat change id reported: 135772972; UID 10078; state: DISABLED
12-23 01:15:26.993 D/CompatibilityChangeReporter( 1508): Compat change id reported: 135754954; UID 10078; state: ENABLED
12-23 01:15:26.993 D/CompatibilityChangeReporter( 1508): Compat change id reported: 143937733; UID 10078; state: ENABLED
12-23 01:15:26.997 I/am_proc_start( 1508): [0,19020,10078,com.android.launcher3,service,{com.android.launcher3/com.android.quickstep.TouchInteractionService}]
12-23 01:15:26.997 I/ActivityManager( 1508): Start proc 19020:com.android.launcher3/u0a78 for service {com.android.launcher3/com.android.quickstep.TouchInteractionService}
12-23 01:15:27.005 I/am_proc_bound( 1508): [0,19020,com.android.launcher3]
01-01 08:01:04.251 I/binder ( 0): 19020:19020 ioctl 40046210 7fe8558544 returned -22
12-23 01:15:27.005 I/am_uid_active( 1508): 10078
12-23 01:15:27.040 I/ActivityTaskManager( 1508): START u0 {act=android.intent.action.MAIN cat=[android.intent.category.DEFAULT] flg=0x10010000 cmp=com.android.launcher3/com.android.quickstep.RecentsActivity} from uid 10078
12-23 01:15:27.041 I/wm_task_created( 1508): [751,-1]
12-23 01:15:27.041 W/ActivityTaskManager( 1508): Can't find TaskDisplayArea to determine support for multi window. Task id=751 attached=false
12-23 01:15:27.042 I/wm_task_created( 1508): [752,-1]
12-23 01:15:27.042 I/wm_task_moved( 1508): [752,0,-2147483648]
12-23 01:15:27.043 I/wm_create_task( 1508): [0,752]
12-23 01:15:27.043 I/wm_create_activity( 1508): [0,248839852,752,com.android.launcher3/com.android.quickstep.RecentsActivity,android.intent.action.MAIN,NULL,NULL,276889600]
12-23 01:15:27.044 I/ActivityTaskManager( 1508): The Process com.android.launcher3 Already Exists in BG. So sending its PID: 19020
12-23 01:15:27.044 I/wm_restart_activity( 1508): [0,248839852,752,com.android.launcher3/com.android.quickstep.RecentsActivity]
12-23 01:15:27.044 I/wm_add_to_stopping( 1508): [0,248839852,com.android.launcher3/com.android.quickstep.RecentsActivity,preloadRecents]
12-23 01:15:27.049 W/ContextImpl( 2417): Calling a method in the system process without a qualified user: android.app.ContextImpl.startService:1816 android.content.ContextWrapper.startService:774 com.thundercomm.gamemode.ingame.services.GameModeActionUtils.startGameModeService:99 com.thundercomm.gamemode.ingame.services.GameModeActionUtils.startGameModeEntry:22 com.thundercomm.gamemode.ingame.services.ActivityMonitoringService$1.onActivityLaunch:127
12-23 01:15:27.051 I/GameModeConfig( 1508): Current uri is uri = content://com.thundercomm.gamemode.api/gamemode_settings/gamemode_isgaming
12-23 01:15:27.052 I/GameModeConfig( 1508): isGameModeOn = false
12-23 01:15:27.052 I/GameModeConfig( 1508): isGameModeOn = false
12-23 01:15:27.052 I/GameModeConfig( 1508): isDisableVoice = true
01-01 08:01:04.313 I/binder ( 0): 19020:19048 ioctl 40046210 7b65332254 returned -22
12-23 01:15:27.109 E/AndroidRuntime(19020): FATAL EXCEPTION: ViewPool-init
12-23 01:15:27.109 E/AndroidRuntime(19020): Process: com.android.launcher3, PID: 19020
12-23 01:15:27.109 E/AndroidRuntime(19020): android.view.InflateException: Binary XML file line #18 in com.android.launcher3:layout/task: Binary XML file line #18 in com.android.launcher3:layout/task: Error inflating class com.android.quickstep.views.TaskView
12-23 01:15:27.109 E/AndroidRuntime(19020): Caused by: android.view.InflateException: Binary XML file line #18 in com.android.launcher3:layout/task: Error inflating class com.android.quickstep.views.TaskView
12-23 01:15:27.109 E/AndroidRuntime(19020): Caused by: java.lang.reflect.InvocationTargetException
12-23 01:15:27.109 E/AndroidRuntime(19020): at java.lang.reflect.Constructor.newInstance0(Native Method)
12-23 01:15:27.109 E/AndroidRuntime(19020): at java.lang.reflect.Constructor.newInstance(Constructor.java:343)
12-23 01:15:27.109 E/AndroidRuntime(19020): at android.view.LayoutInflater.createView(LayoutInflater.java:858)
12-23 01:15:27.109 E/AndroidRuntime(19020): at android.view.LayoutInflater.createViewFromTag(LayoutInflater.java:1010)
12-23 01:15:27.109 E/AndroidRuntime(19020): at android.view.LayoutInflater.createViewFromTag(LayoutInflater.java:965)
12-23 01:15:27.109 E/AndroidRuntime(19020): at android.view.LayoutInflater.inflate(LayoutInflater.java:663)
12-23 01:15:27.109 E/AndroidRuntime(19020): at android.view.LayoutInflater.inflate(LayoutInflater.java:538)
12-23 01:15:27.109 E/AndroidRuntime(19020): at com.android.launcher3.util.ViewPool.inflateNewView(ViewPool.java:106)
12-23 01:15:27.109 E/AndroidRuntime(19020): at com.android.launcher3.util.ViewPool.lambda$initPool$1$ViewPool(ViewPool.java:69)
12-23 01:15:27.109 E/AndroidRuntime(19020): at com.android.launcher3.util.ViewPool$$ExternalSyntheticLambda0.run(Unknown Source:8)
12-23 01:15:27.109 E/AndroidRuntime(19020): at java.lang.Thread.run(Thread.java:920)
12-23 01:15:27.109 E/AndroidRuntime(19020): Caused by: java.lang.ClassCastException: com.android.quickstep.RecentsActivity cannot be cast to com.android.launcher3.Launcher
12-23 01:15:27.109 E/AndroidRuntime(19020): at com.android.launcher3.Launcher.getLauncher(Launcher.java:3019)
12-23 01:15:27.109 E/AndroidRuntime(19020): at com.android.quickstep.views.TaskView.(TaskView.java:416)
12-23 01:15:27.109 E/AndroidRuntime(19020): at com.android.quickstep.views.TaskView.(TaskView.java:410)
12-23 01:15:27.109 E/AndroidRuntime(19020): ... 11 more
12-23 01:15:27.109 I/am_crash( 1508): [19020,0,com.android.launcher3,617332293,java.lang.ClassCastException,com.android.quickstep.RecentsActivity cannot be cast to com.android.launcher3.Launcher,Launcher.java,3019]
12-23 01:15:27.110 W/ActivityTaskManager( 1508): Force finishing activity com.android.launcher3/com.android.quickstep.RecentsActivity
12-23 01:15:27.110 I/wm_finish_activity( 1508): [0,248839852,752,com.android.launcher3/com.android.quickstep.RecentsActivity,force-crash]
12-23 01:15:27.110 I/wm_destroy_activity( 1508): [0,248839852,752,com.android.launcher3/com.android.quickstep.RecentsActivity,finish-imm:finishIfPossible]
12-23 01:15:27.112 I/sysui_multi_action( 1508): [757,316,758,4,759,-1]
12-23 01:15:27.116 W/ContextImpl( 2417): Calling a method in the system process without a qualified user: android.app.ContextImpl.startService:1816 android.content.ContextWrapper.startService:774 com.thundercomm.gamemode.ingame.services.GameModeActionUtils.startGameModeService:99 com.thundercomm.gamemode.ingame.services.GameModeActionUtils.startGameModeEntry:22 com.thundercomm.gamemode.ingame.services.ActivityMonitoringService$1.onActivityLaunch:127
12-23 01:15:27.117 I/GameModeConfig( 1508): Current uri is uri = content://com.thundercomm.gamemode.api/gamemode_settings/gamemode_isgaming
12-23 01:15:27.118 I/GameModeConfig( 1508): isGameModeOn = false
12-23 01:15:27.119 I/GameModeConfig( 1508): isGameModeOn = false
12-23 01:15:27.119 I/GameModeConfig( 1508): isDisableVoice = true
01-01 08:01:04.367 W/binder_cleanup_transaction( 0): 9 callbacks suppressed
01-01 08:01:04.367 I/binder ( 0): undelivered transaction 462202, process died.
12-23 01:15:27.119 I/ActivityManager( 1508): Process com.android.launcher3 (pid 19020) has died: vis BFGS
12-23 01:15:27.119 I/am_proc_died( 1508): [0,19020,com.android.launcher3,100,5]
12-23 01:15:27.120 W/ActivityManager( 1508): Scheduling restart of crashed service com.android.launcher3/com.android.quickstep.TouchInteractionService in 1000ms for connection
12-23 01:15:27.120 I/am_schedule_service_restart( 1508): [0,com.android.launcher3/com.android.quickstep.TouchInteractionService,1000]
12-23 01:15:27.120 I/am_uid_stopped( 1508): 10078
12-23 01:15:27.121 I/wm_task_removed( 1508): [752,cleanUpResourcesForDestroy]
12-23 01:15:27.121 I/wm_task_removed( 1508): [751,removeChild:removeChild last r=Task{d4139ae #752 type=recents I=com.android.launcher3/com.android.quickstep.RecentsActivity U=0 visible=false mode=fullscreen translucent=true sz=0} in t=Task{c6b6adc #751 type=recents ?? U=0 visible=false mode=fullscreen translucent=true sz=0}]
12-23 01:15:27.121 I/wm_task_removed( 1508): [751,removeChild]
12-23 01:15:27.121 I/wm_task_removed( 1508): [752,removeChild:removeChild last r=ActivityRecord{ed4feac u0 com.android.launcher3/com.android.quickstep.RecentsActivity t-1 f}} in t=Task{d4139ae #752 type=recents I=com.android.launcher3/com.android.quickstep.RecentsActivity U=0 visible=false mode=fullscreen translucent=true sz=0}]
12-23 01:15:27.121 I/wm_task_removed( 1508): [752,removeChild]
12-23 01:15:27.123 I/am_uid_running( 1508): 10078
12-23 01:15:27.123 D/CompatibilityChangeReporter( 1508): Compat change id reported: 135634846; UID 10078; state: DISABLED
12-23 01:15:27.123 D/CompatibilityChangeReporter( 1508): Compat change id reported: 177438394; UID 10078; state: DISABLED
12-23 01:15:27.123 D/CompatibilityChangeReporter( 1508): Compat change id reported: 135772972; UID 10078; state: DISABLED
12-23 01:15:27.123 D/CompatibilityChangeReporter( 1508): Compat change id reported: 135754954; UID 10078; state: ENABLED
12-23 01:15:27.123 D/CompatibilityChangeReporter( 1508): Compat change id reported: 143937733; UID 10078; state: ENABLED
12-23 01:15:27.128 I/am_proc_start( 1508): [0,19061,10078,com.android.launcher3,service,{com.android.launcher3/com.android.quickstep.TouchInteractionService}]
12-23 01:15:27.128 I/ActivityManager( 1508): Start proc 19061:com.android.launcher3/u0a78 for service {com.android.launcher3/com.android.quickstep.TouchInteractionService}
12-23 01:15:27.136 I/am_proc_bound( 1508): [0,19061,com.android.launcher3]
12-23 01:15:27.136 I/am_uid_active( 1508): 10078
01-01 08:01:04.382 I/binder ( 0): 19061:19061 ioctl 40046210 7fe8558544 returned -22
12-23 01:15:27.171 I/ActivityTaskManager( 1508): START u0 {act=android.intent.action.MAIN cat=[android.intent.category.DEFAULT] flg=0x10010000 cmp=com.android.launcher3/com.android.quickstep.RecentsActivity} from uid 10078
12-23 01:15:27.172 I/wm_task_created( 1508): [753,-1]
12-23 01:15:27.173 W/ActivityTaskManager( 1508): Can't find TaskDisplayArea to determine support for multi window. Task id=753 attached=false
12-23 01:15:27.173 I/wm_task_created( 1508): [754,-1]
12-23 01:15:27.174 I/wm_task_moved( 1508): [754,0,-2147483648]
12-23 01:15:27.174 I/wm_create_task( 1508): [0,754]
12-23 01:15:27.174 I/wm_create_activity( 1508): [0,9740995,754,com.android.launcher3/com.android.quickstep.RecentsActivity,android.intent.action.MAIN,NULL,NULL,276889600]
12-23 01:15:27.175 I/ActivityTaskManager( 1508): The Process com.android.launcher3 Already Exists in BG. So sending its PID: 19061
12-23 01:15:27.175 I/wm_restart_activity( 1508): [0,9740995,754,com.android.launcher3/com.android.quickstep.RecentsActivity]
