12-23 01:15:11.654 W/ContextImpl( 2417): Calling a method in the system process without a qualified user: android.app.ContextImpl.startService:1816 android.content.ContextWrapper.startService:774 com.thundercomm.gamemode.ingame.services.GameModeActionUtils.startGameModeService:99 com.thundercomm.gamemode.ingame.services.GameModeActionUtils.startGameModeEntry:22 com.thundercomm.gamemode.ingame.services.ActivityMonitoringService$1.onActivityLaunch:127
12-23 01:15:11.656 I/GameModeConfig( 1508): Current uri is uri = content://com.thundercomm.gamemode.api/gamemode_settings/gamemode_isgaming
12-23 01:15:11.657 I/GameModeConfig( 1508): isGameModeOn = false
12-23 01:15:11.657 I/GameModeConfig( 1508): isGameModeOn = false
12-23 01:15:11.657 I/GameModeConfig( 1508): isDisableVoice = true
12-23 01:15:11.658 I/ActivityManager( 1508): Process com.android.launcher3 (pid 14163) has died: vis BFGS
12-23 01:15:11.659 W/ActivityManager( 1508): Scheduling restart of crashed service com.android.launcher3/com.android.quickstep.TouchInteractionService in 1000ms for connection
12-23 01:15:11.662 D/CompatibilityChangeReporter( 1508): Compat change id reported: 135634846; UID 10078; state: DISABLED
12-23 01:15:11.662 D/CompatibilityChangeReporter( 1508): Compat change id reported: 177438394; UID 10078; state: DISABLED
12-23 01:15:11.662 D/CompatibilityChangeReporter( 1508): Compat change id reported: 135772972; UID 10078; state: DISABLED
12-23 01:15:11.662 D/CompatibilityChangeReporter( 1508): Compat change id reported: 135754954; UID 10078; state: ENABLED
12-23 01:15:11.663 D/CompatibilityChangeReporter( 1508): Compat change id reported: 143937733; UID 10078; state: ENABLED
12-23 01:15:11.667 I/ActivityManager( 1508): Start proc 14202:com.android.launcher3/u0a78 for service {com.android.launcher3/com.android.quickstep.TouchInteractionService}
01-01 08:00:48.921 I/binder ( 0): 14202:14202 ioctl 40046210 7fe8558544 returned -22
12-23 01:15:11.710 I/ActivityTaskManager( 1508): START u0 {act=android.intent.action.MAIN cat=[android.intent.category.DEFAULT] flg=0x10010000 cmp=com.android.launcher3/com.android.quickstep.RecentsActivity} from uid 10078
12-23 01:15:11.711 W/ActivityTaskManager( 1508): Can't find TaskDisplayArea to determine support for multi window. Task id=513 attached=false
12-23 01:15:11.713 I/ActivityTaskManager( 1508): The Process com.android.launcher3 Already Exists in BG. So sending its PID: 14202
12-23 01:15:11.718 W/ContextImpl( 2417): Calling a method in the system process without a qualified user: android.app.ContextImpl.startService:1816 android.content.ContextWrapper.startService:774 com.thundercomm.gamemode.ingame.services.GameModeActionUtils.startGameModeService:99 com.thundercomm.gamemode.ingame.services.GameModeActionUtils.startGameModeEntry:22 com.thundercomm.gamemode.ingame.services.ActivityMonitoringService$1.onActivityLaunch:127
12-23 01:15:11.719 I/GameModeConfig( 1508): Current uri is uri = content://com.thundercomm.gamemode.api/gamemode_settings/gamemode_isgaming
12-23 01:15:11.720 I/GameModeConfig( 1508): isGameModeOn = false
12-23 01:15:11.720 I/GameModeConfig( 1508): isGameModeOn = false
12-23 01:15:11.720 I/GameModeConfig( 1508): isDisableVoice = true
01-01 08:00:48.982 I/binder ( 0): 14202:14228 ioctl 40046210 7b6522c254 returned -22
12-23 01:15:11.776 E/AndroidRuntime(14202): FATAL EXCEPTION: ViewPool-init
12-23 01:15:11.776 E/AndroidRuntime(14202): Process: com.android.launcher3, PID: 14202
12-23 01:15:11.776 E/AndroidRuntime(14202): android.view.InflateException: Binary XML file line #18 in com.android.launcher3:layout/task: Binary XML file line #18 in com.android.launcher3:layout/task: Error inflating class com.android.quickstep.views.TaskView
12-23 01:15:11.776 E/AndroidRuntime(14202): Caused by: android.view.InflateException: Binary XML file line #18 in com.android.launcher3:layout/task: Error inflating class com.android.quickstep.views.TaskView
12-23 01:15:11.776 E/AndroidRuntime(14202): Caused by: java.lang.reflect.InvocationTargetException
12-23 01:15:11.776 E/AndroidRuntime(14202): at java.lang.reflect.Constructor.newInstance0(Native Method)
12-23 01:15:11.776 E/AndroidRuntime(14202): at java.lang.reflect.Constructor.newInstance(Constructor.java:343)
12-23 01:15:11.776 E/AndroidRuntime(14202): at android.view.LayoutInflater.createView(LayoutInflater.java:858)
12-23 01:15:11.776 E/AndroidRuntime(14202): at android.view.LayoutInflater.createViewFromTag(LayoutInflater.java:1010)
12-23 01:15:11.776 E/AndroidRuntime(14202): at android.view.LayoutInflater.createViewFromTag(LayoutInflater.java:965)
12-23 01:15:11.776 E/AndroidRuntime(14202): at android.view.LayoutInflater.inflate(LayoutInflater.java:663)
12-23 01:15:11.776 E/AndroidRuntime(14202): at android.view.LayoutInflater.inflate(LayoutInflater.java:538)
12-23 01:15:11.776 E/AndroidRuntime(14202): at com.android.launcher3.util.ViewPool.inflateNewView(ViewPool.java:106)
12-23 01:15:11.776 E/AndroidRuntime(14202): at com.android.launcher3.util.ViewPool.lambda$initPool$1$ViewPool(ViewPool.java:69)
12-23 01:15:11.776 E/AndroidRuntime(14202): at com.android.launcher3.util.ViewPool$$ExternalSyntheticLambda0.run(Unknown Source:8)
12-23 01:15:11.776 E/AndroidRuntime(14202): at java.lang.Thread.run(Thread.java:920)
12-23 01:15:11.776 E/AndroidRuntime(14202): Caused by: java.lang.ClassCastException: com.android.quickstep.RecentsActivity cannot be cast to com.android.launcher3.Launcher
12-23 01:15:11.776 E/AndroidRuntime(14202): at com.android.launcher3.Launcher.getLauncher(Launcher.java:3019)
12-23 01:15:11.776 E/AndroidRuntime(14202): at com.android.quickstep.views.TaskView.(TaskView.java:416)
12-23 01:15:11.776 E/AndroidRuntime(14202): at com.android.quickstep.views.TaskView.(TaskView.java:410)
12-23 01:15:11.776 E/AndroidRuntime(14202): ... 11 more
12-23 01:15:11.778 W/ActivityTaskManager( 1508): Force finishing activity com.android.launcher3/com.android.quickstep.RecentsActivity
12-23 01:15:11.784 W/ContextImpl( 2417): Calling a method in the system process without a qualified user: android.app.ContextImpl.startService:1816 android.content.ContextWrapper.startService:774 com.thundercomm.gamemode.ingame.services.GameModeActionUtils.startGameModeService:99 com.thundercomm.gamemode.ingame.services.GameModeActionUtils.startGameModeEntry:22 com.thundercomm.gamemode.ingame.services.ActivityMonitoringService$1.onActivityLaunch:127
12-23 01:15:11.785 I/GameModeConfig( 1508): Current uri is uri = content://com.thundercomm.gamemode.api/gamemode_settings/gamemode_isgaming
12-23 01:15:11.786 I/GameModeConfig( 1508): isGameModeOn = false
12-23 01:15:11.786 I/GameModeConfig( 1508): isGameModeOn = false
12-23 01:15:11.786 I/GameModeConfig( 1508): isDisableVoice = true
12-23 01:15:11.787 I/ActivityManager( 1508): Process com.android.launcher3 (pid 14202) has died: vis BFGS
12-23 01:15:11.789 W/ActivityManager( 1508): Scheduling restart of crashed service com.android.launcher3/com.android.quickstep.TouchInteractionService in 1000ms for connection
12-23 01:15:11.791 D/CompatibilityChangeReporter( 1508): Compat change id reported: 135634846; UID 10078; state: DISABLED
12-23 01:15:11.792 D/CompatibilityChangeReporter( 1508): Compat change id reported: 177438394; UID 10078; state: DISABLED
12-23 01:15:11.792 D/CompatibilityChangeReporter( 1508): Compat change id reported: 135772972; UID 10078; state: DISABLED
12-23 01:15:11.792 D/CompatibilityChangeReporter( 1508): Compat change id reported: 135754954; UID 10078; state: ENABLED
12-23 01:15:11.792 D/CompatibilityChangeReporter( 1508): Compat change id reported: 143937733; UID 10078; state: ENABLED
12-23 01:15:11.796 I/ActivityManager( 1508): Start proc 14241:com.android.launcher3/u0a78 for service {com.android.launcher3/com.android.quickstep.TouchInteractionService}
01-01 08:00:49.050 I/binder ( 0): 14241:14241 ioctl 40046210 7fe8558544 returned -22
12-23 01:15:11.838 I/ActivityTaskManager( 1508): START u0 {act=android.intent.action.MAIN cat=[android.intent.category.DEFAULT] flg=0x10010000 cmp=com.android.launcher3/com.android.quickstep.RecentsActivity} from uid 10078
12-23 01:15:11.840 W/ActivityTaskManager( 1508): Can't find TaskDisplayArea to determine support for multi window. Task id=515 attached=false
12-23 01:15:11.842 I/ActivityTaskManager( 1508): The Process com.android.launcher3 Already Exists in BG. So sending its PID: 14241
12-23 01:15:11.848 W/ContextImpl( 2417): Calling a method in the system process without a qualified user: android.app.ContextImpl.startService:1816 android.content.ContextWrapper.startService:774 com.thundercomm.gamemode.ingame.services.GameModeActionUtils.startGameModeService:99 com.thundercomm.gamemode.ingame.services.GameModeActionUtils.startGameModeEntry:22 com.thundercomm.gamemode.ingame.services.ActivityMonitoringService$1.onActivityLaunch:127
12-23 01:15:11.849 I/GameModeConfig( 1508): Current uri is uri = content://com.thundercomm.gamemode.api/gamemode_settings/gamemode_isgaming
12-23 01:15:11.850 I/GameModeConfig( 1508): isGameModeOn = false
12-23 01:15:11.850 I/GameModeConfig( 1508): isGameModeOn = false
12-23 01:15:11.850 I/GameModeConfig( 1508): isDisableVoice = true
01-01 08:00:49.109 I/binder ( 0): 14241:14269 ioctl 40046210 7b6522c254 returned -22
12-23 01:15:11.904 E/AndroidRuntime(14241): FATAL EXCEPTION: ViewPool-init
12-23 01:15:11.904 E/AndroidRuntime(14241): Process: com.android.launcher3, PID: 14241
12-23 01:15:11.904 E/AndroidRuntime(14241): android.view.InflateException: Binary XML file line #18 in com.android.launcher3:layout/task: Binary XML file line #18 in com.android.launcher3:layout/task: Error inflating class com.android.quickstep.views.TaskView
12-23 01:15:11.904 E/AndroidRuntime(14241): Caused by: android.view.InflateException: Binary XML file line #18 in com.android.launcher3:layout/task: Error inflating class com.android.quickstep.views.TaskView
12-23 01:15:11.904 E/AndroidRuntime(14241): Caused by: java.lang.reflect.InvocationTargetException
12-23 01:15:11.904 E/AndroidRuntime(14241): at java.lang.reflect.Constructor.newInstance0(Native Method)
12-23 01:15:11.904 E/AndroidRuntime(14241): at java.lang.reflect.Constructor.newInstance(Constructor.java:343)
12-23 01:15:11.904 E/AndroidRuntime(14241): at android.view.LayoutInflater.createView(LayoutInflater.java:858)
12-23 01:15:11.904 E/AndroidRuntime(14241): at android.view.LayoutInflater.createViewFromTag(LayoutInflater.java:1010)
12-23 01:15:11.904 E/AndroidRuntime(14241): at android.view.LayoutInflater.createViewFromTag(LayoutInflater.java:965)
12-23 01:15:11.904 E/AndroidRuntime(14241): at android.view.LayoutInflater.inflate(LayoutInflater.java:663)
12-23 01:15:11.904 E/AndroidRuntime(14241): at android.view.LayoutInflater.inflate(LayoutInflater.java:538)
12-23 01:15:11.904 E/AndroidRuntime(14241): at com.android.launcher3.util.ViewPool.inflateNewView(ViewPool.java:106)
12-23 01:15:11.904 E/AndroidRuntime(14241): at com.android.launcher3.util.ViewPool.lambda$initPool$1$ViewPool(ViewPool.java:69)
12-23 01:15:11.904 E/AndroidRuntime(14241): at com.android.launcher3.util.ViewPool$$ExternalSyntheticLambda0.run(Unknown Source:8)
12-23 01:15:11.904 E/AndroidRuntime(14241): at java.lang.Thread.run(Thread.java:920)
12-23 01:15:11.904 E/AndroidRuntime(14241): Caused by: java.lang.ClassCastException: com.android.quickstep.RecentsActivity cannot be cast to com.android.launcher3.Launcher
12-23 01:15:11.904 E/AndroidRuntime(14241): at com.android.launcher3.Launcher.getLauncher(Launcher.java:3019)
12-23 01:15:11.904 E/AndroidRuntime(14241): at com.android.quickstep.views.TaskView.(TaskView.java:416)
12-23 01:15:11.904 E/AndroidRuntime(14241): at com.android.quickstep.views.TaskView.(TaskView.java:410)
12-23 01:15:11.904 E/AndroidRuntime(14241): ... 11 more
12-23 01:15:11.905 W/ActivityTaskManager( 1508): Force finishing activity com.android.launcher3/com.android.quickstep.RecentsActivity
12-23 01:15:11.910 W/ContextImpl( 2417): Calling a method in the system process without a qualified user: android.app.ContextImpl.startService:1816 android.content.ContextWrapper.startService:774 com.thundercomm.gamemode.ingame.services.GameModeActionUtils.startGameModeService:99 com.thundercomm.gamemode.ingame.services.GameModeActionUtils.startGameModeEntry:22 com.thundercomm.gamemode.ingame.services.ActivityMonitoringService$1.onActivityLaunch:127
12-23 01:15:11.912 I/GameModeConfig( 1508): Current uri is uri = content://com.thundercomm.gamemode.api/gamemode_settings/gamemode_isgaming
12-23 01:15:11.913 I/GameModeConfig( 1508): isGameModeOn = false
12-23 01:15:11.913 I/GameModeConfig( 1508): isGameModeOn = false
12-23 01:15:11.913 I/GameModeConfig( 1508): isDisableVoice = true
12-23 01:15:11.915 I/ActivityManager( 1508): Process com.android.launcher3 (pid 14241) has died: vis BFGS
12-23 01:15:11.916 W/ActivityManager( 1508): Scheduling restart of crashed service com.android.launcher3/com.android.quickstep.TouchInteractionService in 1000ms for connection
12-23 01:15:11.919 D/CompatibilityChangeReporter( 1508): Compat change id reported: 135634846; UID 10078; state: DISABLED
12-23 01:15:11.919 D/CompatibilityChangeReporter( 1508): Compat change id reported: 177438394; UID 10078; state: DISABLED
12-23 01:15:11.919 D/CompatibilityChangeReporter( 1508): Compat change id reported: 135772972; UID 10078; state: DISABLED
12-23 01:15:11.919 D/CompatibilityChangeReporter( 1508): Compat change id reported: 135754954; UID 10078; state: ENABLED
12-23 01:15:11.919 D/CompatibilityChangeReporter( 1508): Compat change id reported: 143937733; UID 10078; state: ENABLED
12-23 01:15:11.923 I/ActivityManager( 1508): Start proc 14282:com.android.launcher3/u0a78 for service {com.android.launcher3/com.android.quickstep.TouchInteractionService}
01-01 08:00:49.177 I/binder ( 0): 14282:14282 ioctl 40046210 7fe8558544 returned -22
12-23 01:15:11.967 I/ActivityTaskManager( 1508): START u0 {act=android.intent.action.MAIN cat=[android.intent.category.DEFAULT] flg=0x10010000 cmp=com.android.launcher3/com.android.quickstep.RecentsActivity} from uid 10078
12-23 01:15:11.968 W/ActivityTaskManager( 1508): Can't find TaskDisplayArea to determine support for multi window. Task id=517 attached=false
12-23 01:15:11.971 I/ActivityTaskManager( 1508): The Process com.android.launcher3 Already Exists in BG. So sending its PID: 14282
12-23 01:15:11.976 W/ContextImpl( 2417): Calling a method in the system process without a qualified user: android.app.ContextImpl.startService:1816 android.content.ContextWrapper.startService:774 com.thundercomm.gamemode.ingame.services.GameModeActionUtils.startGameModeService:99 com.thundercomm.gamemode.ingame.services.GameModeActionUtils.startGameModeEntry:22 com.thundercomm.gamemode.ingame.services.ActivityMonitoringService$1.onActivityLaunch:127
12-23 01:15:11.978 I/GameModeConfig( 1508): Current uri is uri = content://com.thundercomm.gamemode.api/gamemode_settings/gamemode_isgaming
12-23 01:15:11.978 I/GameModeConfig( 1508): isGameModeOn = false
12-23 01:15:11.978 I/GameModeConfig( 1508): isGameModeOn = false
12-23 01:15:11.978 I/GameModeConfig( 1508): isDisableVoice = true
01-01 08:00:49.242 I/binder ( 0): 14282:14308 ioctl 40046210 7b6632a254 returned -22
12-23 01:15:12.038 E/AndroidRuntime(14282): FATAL EXCEPTION: ViewPool-init
12-23 01:15:12.038 E/AndroidRuntime(14282): Process: com.android.launcher3, PID: 14282
12-23 01:15:12.038 E/AndroidRuntime(14282): android.view.InflateException: Binary XML file line #18 in com.android.launcher3:layout/task: Binary XML file line #18 in com.android.launcher3:layout/task: Error inflating class com.android.quickstep.views.TaskView
12-23 01:15:12.038 E/AndroidRuntime(14282): Caused by: android.view.InflateException: Binary XML file line #18 in com.android.launcher3:layout/task: Error inflating class com.android.quickstep.views.TaskView
12-23 01:15:12.038 E/AndroidRuntime(14282): Caused by: java.lang.reflect.InvocationTargetException
12-23 01:15:12.038 E/AndroidRuntime(14282): at java.lang.reflect.Constructor.newInstance0(Native Method)
12-23 01:15:12.038 E/AndroidRuntime(14282): at java.lang.reflect.Constructor.newInstance(Constructor.java:343)
12-23 01:15:12.038 E/AndroidRuntime(14282): at android.view.LayoutInflater.createView(LayoutInflater.java:858)
12-23 01:15:12.038 E/AndroidRuntime(14282): at android.view.LayoutInflater.createViewFromTag(LayoutInflater.java:1010)
12-23 01:15:12.038 E/AndroidRuntime(14282): at android.view.LayoutInflater.createViewFromTag(LayoutInflater.java:965)
12-23 01:15:12.038 E/AndroidRuntime(14282): at android.view.LayoutInflater.inflate(LayoutInflater.java:663)
12-23 01:15:12.038 E/AndroidRuntime(14282): at android.view.LayoutInflater.inflate(LayoutInflater.java:538)
12-23 01:15:12.038 E/AndroidRuntime(14282): at com.android.launcher3.util.ViewPool.inflateNewView(ViewPool.java:106)
12-23 01:15:12.038 E/AndroidRuntime(14282): at com.android.launcher3.util.ViewPool.lambda$initPool$1$ViewPool(ViewPool.java:69)
12-23 01:15:12.038 E/AndroidRuntime(14282): at com.android.launcher3.util.ViewPool$$ExternalSyntheticLambda0.run(Unknown Source:8)
12-23 01:15:12.038 E/AndroidRuntime(14282): at java.lang.Thread.run(Thread.java:920)
12-23 01:15:12.038 E/AndroidRuntime(14282): Caused by: java.lang.ClassCastException: com.android.quickstep.RecentsActivity cannot be cast to com.android.launcher3.Launcher
12-23 01:15:12.038 E/AndroidRuntime(14282): at com.android.launcher3.Launcher.getLauncher(Launcher.java:3019)
12-23 01:15:12.038 E/AndroidRuntime(14282): at com.android.quickstep.views.TaskView.(TaskView.java:416)
12-23 01:15:12.038 E/AndroidRuntime(14282): at com.android.quickstep.views.TaskView.(TaskView.java:410)
12-23 01:15:12.038 E/AndroidRuntime(14282): ... 11 more
12-23 01:15:12.039 W/ActivityTaskManager( 1508): Force finishing activity com.android.launcher3/com.android.quickstep.RecentsActivity
12-23 01:15:12.045 W/ContextImpl( 2417): Calling a method in the system process without a qualified user: android.app.ContextImpl.startService:1816 android.content.ContextWrapper.startService:774 com.thundercomm.gamemode.ingame.services.GameModeActionUtils.startGameModeService:99 com.thundercomm.gamemode.ingame.services.GameModeActionUtils.startGameModeEntry:22 com.thundercomm.gamemode.ingame.services.ActivityMonitoringService$1.onActivityLaunch:127
12-23 01:15:12.047 I/GameModeConfig( 1508): Current uri is uri = content://com.thundercomm.gamemode.api/gamemode_settings/gamemode_isgaming
12-23 01:15:12.047 I/GameModeConfig( 1508): isGameModeOn = false
12-23 01:15:12.048 I/GameModeConfig( 1508): isGameModeOn = false
12-23 01:15:12.048 I/GameModeConfig( 1508): isDisableVoice = true
12-23 01:15:12.049 I/ActivityManager( 1508): Process com.android.launcher3 (pid 14282) has died: vis BFGS
12-23 01:15:12.049 W/ActivityManager( 1508): Scheduling restart of crashed service com.android.launcher3/com.android.quickstep.TouchInteractionService in 1000ms for connection
12-23 01:15:12.052 D/CompatibilityChangeReporter( 1508): Compat change id reported: 135634846; UID 10078; state: DISABLED
12-23 01:15:12.052 D/CompatibilityChangeReporter( 1508): Compat change id reported: 177438394; UID 10078; state: DISABLED
12-23 01:15:12.053 D/CompatibilityChangeReporter( 1508): Compat change id reported: 135772972; UID 10078; state: DISABLED
12-23 01:15:12.053 D/CompatibilityChangeReporter( 1508): Compat change id reported: 135754954; UID 10078; state: ENABLED
12-23 01:15:12.053 D/CompatibilityChangeReporter( 1508): Compat change id reported: 143937733; UID 10078; state: ENABLED
12-23 01:15:12.057 I/ActivityManager( 1508): Start proc 14324:com.android.launcher3/u0a78 for service {com.android.launcher3/com.android.quickstep.TouchInteractionService}
01-01 08:00:49.311 I/binder ( 0): 14324:14324 ioctl 40046210 7fe8558544 returned -22
12-23 01:15:12.098 I/ActivityTaskManager( 1508): START u0 {act=android.intent.action.MAIN cat=[android.intent.category.DEFAULT] flg=0x10010000 cmp=com.android.launcher3/com.android.quickstep.RecentsActivity} from uid 10078
12-23 01:15:12.099 W/ActivityTaskManager( 1508): Can't find TaskDisplayArea to determine support for multi window. Task id=519 attached=false
12-23 01:15:12.102 I/ActivityTaskManager( 1508): The Process com.android.launcher3 Already Exists in BG. So sending its PID: 14324
12-23 01:15:12.106 W/ContextImpl( 2417): Calling a method in the system process without a qualified user: android.app.ContextImpl.startService:1816 android.content.ContextWrapper.startService:774 com.thundercomm.gamemode.ingame.services.GameModeActionUtils.startGameModeService:99 com.thundercomm.gamemode.ingame.services.GameModeActionUtils.startGameModeEntry:22 com.thundercomm.gamemode.ingame.services.ActivityMonitoringService$1.onActivityLaunch:127
12-23 01:15:12.107 I/GameModeConfig( 1508): Current uri is uri = content://com.thundercomm.gamemode.api/gamemode_settings/gamemode_isgaming
12-23 01:15:12.108 I/GameModeConfig( 1508): isGameModeOn = false
12-23 01:15:12.108 I/GameModeConfig( 1508): isGameModeOn = false
12-23 01:15:12.108 I/GameModeConfig( 1508): isDisableVoice = true
01-01 08:00:49.369 I/binder ( 0): 14324:14349 ioctl 40046210 7b6632a254 returned -22
12-23 01:15:12.163 E/AndroidRuntime(14324): FATAL EXCEPTION: ViewPool-init
12-23 01:15:12.163 E/AndroidRuntime(14324): Process: com.android.launcher3, PID: 14324
12-23 01:15:12.163 E/AndroidRuntime(14324): android.view.InflateException: Binary XML file line #18 in com.android.launcher3:layout/task: Binary XML file line #18 in com.android.launcher3:layout/task: Error inflating class com.android.quickstep.views.TaskView
12-23 01:15:12.163 E/AndroidRuntime(14324): Caused by: android.view.InflateException: Binary XML file line #18 in com.android.launcher3:layout/task: Error inflating class com.android.quickstep.views.TaskView
12-23 01:15:12.163 E/AndroidRuntime(14324): Caused by: java.lang.reflect.InvocationTargetException
12-23 01:15:12.163 E/AndroidRuntime(14324): at java.lang.reflect.Constructor.newInstance0(Native Method)
12-23 01:15:12.163 E/AndroidRuntime(14324): at java.lang.reflect.Constructor.newInstance(Constructor.java:343)
12-23 01:15:12.163 E/AndroidRuntime(14324): at android.view.LayoutInflater.createView(LayoutInflater.java:858)
12-23 01:15:12.163 E/AndroidRuntime(14324): at android.view.LayoutInflater.createViewFromTag(LayoutInflater.java:1010)
12-23 01:15:12.163 E/AndroidRuntime(14324): at android.view.LayoutInflater.createViewFromTag(LayoutInflater.java:965)
12-23 01:15:12.163 E/AndroidRuntime(14324): at android.view.LayoutInflater.inflate(LayoutInflater.java:663)
12-23 01:15:12.163 E/AndroidRuntime(14324): at android.view.LayoutInflater.inflate(LayoutInflater.java:538)
12-23 01:15:12.163 E/AndroidRuntime(14324): at com.android.launcher3.util.ViewPool.inflateNewView(ViewPool.java:106)
12-23 01:15:12.163 E/AndroidRuntime(14324): at com.android.launcher3.util.ViewPool.lambda$initPool$1$ViewPool(ViewPool.java:69)
12-23 01:15:12.163 E/AndroidRuntime(14324): at com.android.launcher3.util.ViewPool$$ExternalSyntheticLambda0.run(Unknown Source:8)
12-23 01:15:12.163 E/AndroidRuntime(14324): at java.lang.Thread.run(Thread.java:920)
12-23 01:15:12.163 E/AndroidRuntime(14324): Caused by: java.lang.ClassCastException: com.android.quickstep.RecentsActivity cannot be cast to com.android.launcher3.Launcher
12-23 01:15:12.163 E/AndroidRuntime(14324): at com.android.launcher3.Launcher.getLauncher(Launcher.java:3019)
12-23 01:15:12.163 E/AndroidRuntime(14324): at com.android.quickstep.views.TaskView.(TaskView.java:416)
12-23 01:15:12.163 E/AndroidRuntime(14324): at com.android.quickstep.views.TaskView.(TaskView.java:410)
12-23 01:15:12.163 E/AndroidRuntime(14324): ... 11 more
12-23 01:15:12.164 W/ActivityTaskManager( 1508): Force finishing activity com.android.launcher3/com.android.quickstep.RecentsActivity
12-23 01:15:12.171 W/ContextImpl( 2417): Calling a method in the system process without a qualified user: android.app.ContextImpl.startService:1816 android.content.ContextWrapper.startService:774 com.thundercomm.gamemode.ingame.services.GameModeActionUtils.startGameModeService:99 com.thundercomm.gamemode.ingame.services.GameModeActionUtils.startGameModeEntry:22 com.thundercomm.gamemode.ingame.services.ActivityMonitoringService$1.onActivityLaunch:127
12-23 01:15:12.172 I/GameModeConfig( 1508): Current uri is uri = content://com.thundercomm.gamemode.api/gamemode_settings/gamemode_isgaming
12-23 01:15:12.173 I/GameModeConfig( 1508): isGameModeOn = false
12-23 01:15:12.173 I/GameModeConfig( 1508): isGameModeOn = false
12-23 01:15:12.173 I/GameModeConfig( 1508): isDisableVoice = true
01-01 08:00:49.422 I/binder ( 0): undelivered transaction 350112, process died.
12-23 01:15:12.174 I/ActivityManager( 1508): Process com.android.launcher3 (pid 14324) has died: vis BFGS
12-23 01:15:12.175 W/ActivityManager( 1508): Scheduling restart of crashed service com.android.launcher3/com.android.quickstep.TouchInteractionService in 1000ms for connection
12-23 01:15:12.178 D/CompatibilityChangeReporter( 1508): Compat change id reported: 135634846; UID 10078; state: DISABLED
12-23 01:15:12.178 D/CompatibilityChangeReporter( 1508): Compat change id reported: 177438394; UID 10078; state: DISABLED
12-23 01:15:12.178 D/CompatibilityChangeReporter( 1508): Compat change id reported: 135772972; UID 10078; state: DISABLED
12-23 01:15:12.178 D/CompatibilityChangeReporter( 1508): Compat change id reported: 135754954; UID 10078; state: ENABLED
12-23 01:15:12.179 D/CompatibilityChangeReporter( 1508): Compat change id reported: 143937733; UID 10078; state: ENABLED
12-23 01:15:12.183 I/ActivityManager( 1508): Start proc 14362:com.android.launcher3/u0a78 for service {com.android.launcher3/com.android.quickstep.TouchInteractionService}
01-01 08:00:49.436 I/binder ( 0): 14362:14362 ioctl 40046210 7fe8558544 returned -22
12-23 01:15:12.225 I/ActivityTaskManager( 1508): START u0 {act=android.intent.action.MAIN cat=[android.intent.category.DEFAULT] flg=0x10010000 cmp=com.android.launcher3/com.android.quickstep.RecentsActivity} from uid 10078
12-23 01:15:12.227 W/ActivityTaskManager( 1508): Can't find TaskDisplayArea to determine support for multi window. Task id=521 attached=false
12-23 01:15:12.229 I/ActivityTaskManager( 1508): The Process com.android.launcher3 Already Exists in BG. So sending its PID: 14362
01-01 08:00:49.481 I/ ( 0): read descriptors
01-01 08:00:49.482 I/ ( 0): read strings
12-23 01:15:12.235 W/ContextImpl( 2417): Calling a method in the system process without a qualified user: android.app.ContextImpl.startService:1816 android.content.ContextWrapper.startService:774 com.thundercomm.gamemode.ingame.services.GameModeActionUtils.startGameModeService:99 com.thundercomm.gamemode.ingame.services.GameModeActionUtils.startGameModeEntry:22 com.thundercomm.gamemode.ingame.services.ActivityMonitoringService$1.onActivityLaunch:127
12-23 01:15:12.236 I/GameModeConfig( 1508): Current uri is uri = content://com.thundercomm.gamemode.api/gamemode_settings/gamemode_isgaming
12-23 01:15:12.237 I/GameModeConfig( 1508): isGameModeOn = false
12-23 01:15:12.237 I/GameModeConfig( 1508): isGameModeOn = false
12-23 01:15:12.237 I/GameModeConfig( 1508): isDisableVoice = true
01-01 08:00:49.497 I/binder ( 0): 14362:14390 ioctl 40046210 7b6522c254 returned -22
01-01 08:00:49.517 D/ ( 0): mv2112_read_status
01-01 08:00:49.518 D/mv2112_update_link( 0): 3.0x901(1G): 0x80
01-01 08:00:49.518 D/mv2112_update_link( 0): 3.0x8109(100M): 0x8
01-01 08:00:49.518 D/mv2112_update_link( 0): link 0x0
01-01 08:00:49.518 D/mv2112_read_status( 0): autoneg is disabled
12-23 01:15:12.292 E/AndroidRuntime(14362): FATAL EXCEPTION: ViewPool-init
12-23 01:15:12.292 E/AndroidRuntime(14362): Process: com.android.launcher3, PID: 14362
12-23 01:15:12.292 E/AndroidRuntime(14362): android.view.InflateException: Binary XML file line #18 in com.android.launcher3:layout/task: Binary XML file line #18 in com.android.launcher3:layout/task: Error inflating class com.android.quickstep.views.TaskView
12-23 01:15:12.292 E/AndroidRuntime(14362): Caused by: android.view.InflateException: Binary XML file line #18 in com.android.launcher3:layout/task: Error inflating class com.android.quickstep.views.TaskView
12-23 01:15:12.292 E/AndroidRuntime(14362): Caused by: java.lang.reflect.InvocationTargetException
12-23 01:15:12.292 E/AndroidRuntime(14362): at java.lang.reflect.Constructor.newInstance0(Native Method)
12-23 01:15:12.292 E/AndroidRuntime(14362): at java.lang.reflect.Constructor.newInstance(Constructor.java:343)
12-23 01:15:12.292 E/AndroidRuntime(14362): at android.view.LayoutInflater.createView(LayoutInflater.java:858)
12-23 01:15:12.292 E/AndroidRuntime(14362): at android.view.LayoutInflater.createViewFromTag(LayoutInflater.java:1010)
12-23 01:15:12.292 E/AndroidRuntime(14362): at android.view.LayoutInflater.createViewFromTag(LayoutInflater.java:965)
12-23 01:15:12.292 E/AndroidRuntime(14362): at android.view.LayoutInflater.inflate(LayoutInflater.java:663)
12-23 01:15:12.292 E/AndroidRuntime(14362): at android.view.LayoutInflater.inflate(LayoutInflater.java:538)
12-23 01:15:12.292 E/AndroidRuntime(14362): at com.android.launcher3.util.ViewPool.inflateNewView(ViewPool.java:106)
12-23 01:15:12.292 E/AndroidRuntime(14362): at com.android.launcher3.util.ViewPool.lambda$initPool$1$ViewPool(ViewPool.java:69)
12-23 01:15:12.292 E/AndroidRuntime(14362): at com.android.launcher3.util.ViewPool$$ExternalSyntheticLambda0.run(Unknown Source:8)
12-23 01:15:12.292 E/AndroidRuntime(14362): at java.lang.Thread.run(Thread.java:920)
12-23 01:15:12.292 E/AndroidRuntime(14362): Caused by: java.lang.ClassCastException: com.android.quickstep.RecentsActivity cannot be cast to com.android.launcher3.Launcher
12-23 01:15:12.292 E/AndroidRuntime(14362): at com.android.launcher3.Launcher.getLauncher(Launcher.java:3019)
12-23 01:15:12.292 E/AndroidRuntime(14362): at com.android.quickstep.views.TaskView.(TaskView.java:416)
12-23 01:15:12.292 E/AndroidRuntime(14362): at com.android.quickstep.views.TaskView.(TaskView.java:410)
12-23 01:15:12.292 E/AndroidRuntime(14362): ... 11 more
12-23 01:15:12.293 W/ActivityTaskManager( 1508): Force finishing activity com.android.launcher3/com.android.quickstep.RecentsActivity
12-23 01:15:12.298 W/ContextImpl( 2417): Calling a method in the system process without a qualified user: android.app.ContextImpl.startService:1816 android.content.ContextWrapper.startService:774 com.thundercomm.gamemode.ingame.services.GameModeActionUtils.startGameModeService:99 com.thundercomm.gamemode.ingame.services.GameModeActionUtils.startGameModeEntry:22 com.thundercomm.gamemode.ingame.services.ActivityMonitoringService$1.onActivityLaunch:127
12-23 01:15:12.299 I/GameModeConfig( 1508): Current uri is uri = content://com.thundercomm.gamemode.api/gamemode_settings/gamemode_isgaming
12-23 01:15:12.300 I/GameModeConfig( 1508): isGameModeOn = false
12-23 01:15:12.300 I/GameModeConfig( 1508): isGameModeOn = false
12-23 01:15:12.300 I/GameModeConfig( 1508): isDisableVoice = true
01-01 08:00:49.549 I/binder ( 0): undelivered transaction 351098, process died.
12-23 01:15:12.302 I/ActivityManager( 1508): Process com.android.launcher3 (pid 14362) has died: vis BFGS
12-23 01:15:12.303 W/ActivityManager( 1508): Scheduling restart of crashed service com.android.launcher3/com.android.quickstep.TouchInteractionService in 1000ms for connection
12-23 01:15:12.306 D/CompatibilityChangeReporter( 1508): Compat change id reported: 135634846; UID 10078; state: DISABLED
12-23 01:15:12.306 D/CompatibilityChangeReporter( 1508): Compat change id reported: 177438394; UID 10078; state: DISABLED
12-23 01:15:12.306 D/CompatibilityChangeReporter( 1508): Compat change id reported: 135772972; UID 10078; state: DISABLED
12-23 01:15:12.306 D/CompatibilityChangeReporter( 1508): Compat change id reported: 135754954; UID 10078; state: ENABLED
12-23 01:15:12.306 D/CompatibilityChangeReporter( 1508): Compat change id reported: 143937733; UID 10078; state: ENABLED
12-23 01:15:12.311 I/ActivityManager( 1508): Start proc 14404:com.android.launcher3/u0a78 for service {com.android.launcher3/com.android.quickstep.TouchInteractionService}
01-01 08:00:49.565 I/binder ( 0): 14404:14404 ioctl 40046210 7fe8558544 returned -22
12-23 01:15:12.353 I/ActivityTaskManager( 1508): START u0 {act=android.intent.action.MAIN cat=[android.intent.category.DEFAULT] flg=0x10010000 cmp=com.android.launcher3/com.android.quickstep.RecentsActivity} from uid 10078
12-23 01:15:12.355 W/ActivityTaskManager( 1508): Can't find TaskDisplayArea to determine support for multi window. Task id=523 attached=false
12-23 01:15:12.357 I/ActivityTaskManager( 1508): The Process com.android.launcher3 Already Exists in BG. So sending its PID: 14404
12-23 01:15:12.362 W/ContextImpl( 2417): Calling a method in the system process without a qualified user: android.app.ContextImpl.startService:1816 android.content.ContextWrapper.startService:774 com.thundercomm.gamemode.ingame.services.GameModeActionUtils.startGameModeService:99 com.thundercomm.gamemode.ingame.services.GameModeActionUtils.startGameModeEntry:22 com.thundercomm.gamemode.ingame.services.ActivityMonitoringService$1.onActivityLaunch:127
12-23 01:15:12.364 I/GameModeConfig( 1508): Current uri is uri = content://com.thundercomm.gamemode.api/gamemode_settings/gamemode_isgaming
12-23 01:15:12.364 I/GameModeConfig( 1508): isGameModeOn = false
12-23 01:15:12.364 I/GameModeConfig( 1508): isGameModeOn = false
12-23 01:15:12.364 I/GameModeConfig( 1508): isDisableVoice = true
01-01 08:00:49.624 I/binder ( 0): 14404:14431 ioctl 40046210 7b6632a254 returned -22
12-23 01:15:12.418 E/AndroidRuntime(14404): FATAL EXCEPTION: ViewPool-init
12-23 01:15:12.418 E/AndroidRuntime(14404): Process: com.android.launcher3, PID: 14404
12-23 01:15:12.418 E/AndroidRuntime(14404): android.view.InflateException: Binary XML file line #18 in com.android.launcher3:layout/task: Binary XML file line #18 in com.android.launcher3:layout/task: Error inflating class com.android.quickstep.views.TaskView
12-23 01:15:12.418 E/AndroidRuntime(14404): Caused by: android.view.InflateException: Binary XML file line #18 in com.android.launcher3:layout/task: Error inflating class com.android.quickstep.views.TaskView
12-23 01:15:12.418 E/AndroidRuntime(14404): Caused by: java.lang.reflect.InvocationTargetException
12-23 01:15:12.418 E/AndroidRuntime(14404): at java.lang.reflect.Constructor.newInstance0(Native Method)
12-23 01:15:12.418 E/AndroidRuntime(14404): at java.lang.reflect.Constructor.newInstance(Constructor.java:343)
12-23 01:15:12.418 E/AndroidRuntime(14404): at android.view.LayoutInflater.createView(LayoutInflater.java:858)
12-23 01:15:12.418 E/AndroidRuntime(14404): at android.view.LayoutInflater.createViewFromTag(LayoutInflater.java:1010)
12-23 01:15:12.418 E/AndroidRuntime(14404): at android.view.LayoutInflater.createViewFromTag(LayoutInflater.java:965)
12-23 01:15:12.418 E/AndroidRuntime(14404): at android.view.LayoutInflater.inflate(LayoutInflater.java:663)
12-23 01:15:12.418 E/AndroidRuntime(14404): at android.view.LayoutInflater.inflate(LayoutInflater.java:538)
12-23 01:15:12.418 E/AndroidRuntime(14404): at com.android.launcher3.util.ViewPool.inflateNewView(ViewPool.java:106)
12-23 01:15:12.418 E/AndroidRuntime(14404): at com.android.launcher3.util.ViewPool.lambda$initPool$1$ViewPool(ViewPool.java:69)
12-23 01:15:12.418 E/AndroidRuntime(14404): at com.android.launcher3.util.ViewPool$$ExternalSyntheticLambda0.run(Unknown Source:8)
12-23 01:15:12.418 E/AndroidRuntime(14404): at java.lang.Thread.run(Thread.java:920)
12-23 01:15:12.418 E/AndroidRuntime(14404): Caused by: java.lang.ClassCastException: com.android.quickstep.RecentsActivity cannot be cast to com.android.launcher3.Launcher
12-23 01:15:12.418 E/AndroidRuntime(14404): at com.android.launcher3.Launcher.getLauncher(Launcher.java:3019)
12-23 01:15:12.418 E/AndroidRuntime(14404): at com.android.quickstep.views.TaskView.(TaskView.java:416)
12-23 01:15:12.418 E/AndroidRuntime(14404): at com.android.quickstep.views.TaskView.(TaskView.java:410)
12-23 01:15:12.418 E/AndroidRuntime(14404): ... 11 more
12-23 01:15:12.419 W/ActivityTaskManager( 1508): Force finishing activity com.android.launcher3/com.android.quickstep.RecentsActivity
12-23 01:15:12.425 W/ContextImpl( 2417): Calling a method in the system process without a qualified user: android.app.ContextImpl.startService:1816 android.content.ContextWrapper.startService:774 com.thundercomm.gamemode.ingame.services.GameModeActionUtils.startGameModeService:99 com.thundercomm.gamemode.ingame.services.GameModeActionUtils.startGameModeEntry:22 com.thundercomm.gamemode.ingame.services.ActivityMonitoringService$1.onActivityLaunch:127
12-23 01:15:12.426 I/GameModeConfig( 1508): Current uri is uri = content://com.thundercomm.gamemode.api/gamemode_settings/gamemode_isgaming
12-23 01:15:12.427 I/GameModeConfig( 1508): isGameModeOn = false
12-23 01:15:12.427 I/GameModeConfig( 1508): isGameModeOn = false
12-23 01:15:12.427 I/GameModeConfig( 1508): isDisableVoice = true
12-23 01:15:12.430 I/ActivityManager( 1508): Process com.android.launcher3 (pid 14404) has died: vis BFGS
12-23 01:15:12.430 W/ActivityManager( 1508): Scheduling restart of crashed service com.android.launcher3/com.android.quickstep.TouchInteractionService in 1000ms for connection
12-23 01:15:12.433 D/CompatibilityChangeReporter( 1508): Compat change id reported: 135634846; UID 10078; state: DISABLED
12-23 01:15:12.433 D/CompatibilityChangeReporter( 1508): Compat change id reported: 177438394; UID 10078; state: DISABLED
12-23 01:15:12.433 D/CompatibilityChangeReporter( 1508): Compat change id reported: 135772972; UID 10078; state: DISABLED
12-23 01:15:12.433 D/CompatibilityChangeReporter( 1508): Compat change id reported: 135754954; UID 10078; state: ENABLED
12-23 01:15:12.433 D/CompatibilityChangeReporter( 1508): Compat change id reported: 143937733; UID 10078; state: ENABLED
12-23 01:15:12.437 I/ActivityManager( 1508): Start proc 14445:com.android.launcher3/u0a78 for service {com.android.launcher3/com.android.quickstep.TouchInteractionService}
01-01 08:00:49.691 I/binder ( 0): 14445:14445 ioctl 40046210 7fe8558544 returned -22
12-23 01:15:12.480 I/ActivityTaskManager( 1508): START u0 {act=android.intent.action.MAIN cat=[android.intent.category.DEFAULT] flg=0x10010000 cmp=com.android.launcher3/com.android.quickstep.RecentsActivity} from uid 10078
12-23 01:15:12.482 W/ActivityTaskManager( 1508): Can't find TaskDisplayArea to determine support for multi window. Task id=525 attached=false
12-23 01:15:12.484 I/ActivityTaskManager( 1508): The Process com.android.launcher3 Already Exists in BG. So sending its PID: 14445
12-23 01:15:12.489 W/ContextImpl( 2417): Calling a method in the system process without a qualified user: android.app.ContextImpl.startService:1816 android.content.ContextWrapper.startService:774 com.thundercomm.gamemode.ingame.services.GameModeActionUtils.startGameModeService:99 com.thundercomm.gamemode.ingame.services.GameModeActionUtils.startGameModeEntry:22 com.thundercomm.gamemode.ingame.services.ActivityMonitoringService$1.onActivityLaunch:127
12-23 01:15:12.491 I/GameModeConfig( 1508): Current uri is uri = content://com.thundercomm.gamemode.api/gamemode_settings/gamemode_isgaming
12-23 01:15:12.492 I/GameModeConfig( 1508): isGameModeOn = false
12-23 01:15:12.492 I/GameModeConfig( 1508): isGameModeOn = false
12-23 01:15:12.492 I/GameModeConfig( 1508): isDisableVoice = true
01-01 08:00:49.751 I/binder ( 0): 14445:14473 ioctl 40046210 7b65332254 returned -22
12-23 01:15:12.546 E/AndroidRuntime(14445): FATAL EXCEPTION: ViewPool-init
12-23 01:15:12.546 E/AndroidRuntime(14445): Process: com.android.launcher3, PID: 14445
12-23 01:15:12.546 E/AndroidRuntime(14445): android.view.InflateException: Binary XML file line #18 in com.android.launcher3:layout/task: Binary XML file line #18 in com.android.launcher3:layout/task: Error inflating class com.android.quickstep.views.TaskView
12-23 01:15:12.546 E/AndroidRuntime(14445): Caused by: android.view.InflateException: Binary XML file line #18 in com.android.launcher3:layout/task: Error inflating class com.android.quickstep.views.TaskView
12-23 01:15:12.546 E/AndroidRuntime(14445): Caused by: java.lang.reflect.InvocationTargetException
12-23 01:15:12.546 E/AndroidRuntime(14445): at java.lang.reflect.Constructor.newInstance0(Native Method)
12-23 01:15:12.546 E/AndroidRuntime(14445): at java.lang.reflect.Constructor.newInstance(Constructor.java:343)
12-23 01:15:12.546 E/AndroidRuntime(14445): at android.view.LayoutInflater.createView(LayoutInflater.java:858)
12-23 01:15:12.546 E/AndroidRuntime(14445): at android.view.LayoutInflater.createViewFromTag(LayoutInflater.java:1010)
12-23 01:15:12.546 E/AndroidRuntime(14445): at android.view.LayoutInflater.createViewFromTag(LayoutInflater.java:965)
12-23 01:15:12.546 E/AndroidRuntime(14445): at android.view.LayoutInflater.inflate(LayoutInflater.java:663)
12-23 01:15:12.546 E/AndroidRuntime(14445): at android.view.LayoutInflater.inflate(LayoutInflater.java:538)
12-23 01:15:12.546 E/AndroidRuntime(14445): at com.android.launcher3.util.ViewPool.inflateNewView(ViewPool.java:106)
12-23 01:15:12.546 E/AndroidRuntime(14445): at com.android.launcher3.util.ViewPool.lambda$initPool$1$ViewPool(ViewPool.java:69)
12-23 01:15:12.546 E/AndroidRuntime(14445): at com.android.launcher3.util.ViewPool$$ExternalSyntheticLambda0.run(Unknown Source:8)
12-23 01:15:12.546 E/AndroidRuntime(14445): at java.lang.Thread.run(Thread.java:920)
12-23 01:15:12.546 E/AndroidRuntime(14445): Caused by: java.lang.ClassCastException: com.android.quickstep.RecentsActivity cannot be cast to com.android.launcher3.Launcher
12-23 01:15:12.546 E/AndroidRuntime(14445): at com.android.launcher3.Launcher.getLauncher(Launcher.java:3019)
12-23 01:15:12.546 E/AndroidRuntime(14445): at com.android.quickstep.views.TaskView.(TaskView.java:416)
12-23 01:15:12.546 E/AndroidRuntime(14445): at com.android.quickstep.views.TaskView.(TaskView.java:410)
12-23 01:15:12.546 E/AndroidRuntime(14445): ... 11 more
12-23 01:15:12.547 W/ActivityTaskManager( 1508): Force finishing activity com.android.launcher3/com.android.quickstep.RecentsActivity
01-01 08:00:49.804 I/binder ( 0): undelivered transaction 353009, process died.
12-23 01:15:12.556 I/ActivityManager( 1508): Process com.android.launcher3 (pid 14445) has died: vis BFGS
12-23 01:15:12.557 W/ActivityManager( 1508): Scheduling restart of crashed service com.android.launcher3/com.android.quickstep.TouchInteractionService in 1000ms for connection
12-23 01:15:12.557 W/ContextImpl( 2417): Calling a method in the system process without a qualified user: android.app.ContextImpl.startService:1816 android.content.ContextWrapper.startService:774 com.thundercomm.gamemode.ingame.services.GameModeActionUtils.startGameModeService:99 com.thundercomm.gamemode.ingame.services.GameModeActionUtils.startGameModeEntry:22 com.thundercomm.gamemode.ingame.services.ActivityMonitoringService$1.onActivityLaunch:127
12-23 01:15:12.560 I/GameModeConfig( 1508): Current uri is uri = content://com.thundercomm.gamemode.api/gamemode_settings/gamemode_isgaming
12-23 01:15:12.560 D/CompatibilityChangeReporter( 1508): Compat change id reported: 135634846; UID 10078; state: DISABLED
12-23 01:15:12.560 D/CompatibilityChangeReporter( 1508): Compat change id reported: 177438394; UID 10078; state: DISABLED
12-23 01:15:12.560 D/CompatibilityChangeReporter( 1508): Compat change id reported: 135772972; UID 10078; state: DISABLED
12-23 01:15:12.560 D/CompatibilityChangeReporter( 1508): Compat change id reported: 135754954; UID 10078; state: ENABLED
12-23 01:15:12.560 I/GameModeConfig( 1508): isGameModeOn = false
12-23 01:15:12.560 D/CompatibilityChangeReporter( 1508): Compat change id reported: 143937733; UID 10078; state: ENABLED
12-23 01:15:12.560 I/GameModeConfig( 1508): isGameModeOn = false
12-23 01:15:12.560 I/GameModeConfig( 1508): isDisableVoice = true
12-23 01:15:12.565 I/ActivityManager( 1508): Start proc 14486:com.android.launcher3/u0a78 for service {com.android.launcher3/com.android.quickstep.TouchInteractionService}
01-01 08:00:49.818 I/binder ( 0): 14486:14486 ioctl 40046210 7fe8558544 returned -22
12-23 01:15:12.607 I/ActivityTaskManager( 1508): START u0 {act=android.intent.action.MAIN cat=[android.intent.category.DEFAULT] flg=0x10010000 cmp=com.android.launcher3/com.android.quickstep.RecentsActivity} from uid 10078
12-23 01:15:12.608 W/ActivityTaskManager( 1508): Can't find TaskDisplayArea to determine support for multi window. Task id=527 attached=false
12-23 01:15:12.611 I/ActivityTaskManager( 1508): The Process com.android.launcher3 Already Exists in BG. So sending its PID: 14486
12-23 01:15:12.618 W/ContextImpl( 2417): Calling a method in the system process without a qualified user: android.app.ContextImpl.startService:1816 android.content.ContextWrapper.startService:774 com.thundercomm.gamemode.ingame.services.GameModeActionUtils.startGameModeService:99 com.thundercomm.gamemode.ingame.services.GameModeActionUtils.startGameModeEntry:22 com.thundercomm.gamemode.ingame.services.ActivityMonitoringService$1.onActivityLaunch:127
12-23 01:15:12.619 I/GameModeConfig( 1508): Current uri is uri = content://com.thundercomm.gamemode.api/gamemode_settings/gamemode_isgaming
12-23 01:15:12.620 I/GameModeConfig( 1508): isGameModeOn = false
12-23 01:15:12.620 I/GameModeConfig( 1508): isGameModeOn = false
12-23 01:15:12.620 I/GameModeConfig( 1508): isDisableVoice = true
01-01 08:00:49.878 I/binder ( 0): 14486:14513 ioctl 40046210 7b6632a254 returned -22
12-23 01:15:12.672 E/AndroidRuntime(14486): FATAL EXCEPTION: ViewPool-init
12-23 01:15:12.672 E/AndroidRuntime(14486): Process: com.android.launcher3, PID: 14486
12-23 01:15:12.672 E/AndroidRuntime(14486): android.view.InflateException: Binary XML file line #18 in com.android.launcher3:layout/task: Binary XML file line #18 in com.android.launcher3:layout/task: Error inflating class com.android.quickstep.views.TaskView
12-23 01:15:12.672 E/AndroidRuntime(14486): Caused by: android.view.InflateException: Binary XML file line #18 in com.android.launcher3:layout/task: Error inflating class com.android.quickstep.views.TaskView
12-23 01:15:12.672 E/AndroidRuntime(14486): Caused by: java.lang.reflect.InvocationTargetException
12-23 01:15:12.672 E/AndroidRuntime(14486): at java.lang.reflect.Constructor.newInstance0(Native Method)
12-23 01:15:12.672 E/AndroidRuntime(14486): at java.lang.reflect.Constructor.newInstance(Constructor.java:343)
12-23 01:15:12.672 E/AndroidRuntime(14486): at android.view.LayoutInflater.createView(LayoutInflater.java:858)
12-23 01:15:12.672 E/AndroidRuntime(14486): at android.view.LayoutInflater.createViewFromTag(LayoutInflater.java:1010)
12-23 01:15:12.672 E/AndroidRuntime(14486): at android.view.LayoutInflater.createViewFromTag(LayoutInflater.java:965)
12-23 01:15:12.672 E/AndroidRuntime(14486): at android.view.LayoutInflater.inflate(LayoutInflater.java:663)
12-23 01:15:12.672 E/AndroidRuntime(14486): at android.view.LayoutInflater.inflate(LayoutInflater.java:538)
12-23 01:15:12.672 E/AndroidRuntime(14486): at com.android.launcher3.util.ViewPool.inflateNewView(ViewPool.java:106)
12-23 01:15:12.672 E/AndroidRuntime(14486): at com.android.launcher3.util.ViewPool.lambda$initPool$1$ViewPool(ViewPool.java:69)
12-23 01:15:12.672 E/AndroidRuntime(14486): at com.android.launcher3.util.ViewPool$$ExternalSyntheticLambda0.run(Unknown Source:8)
12-23 01:15:12.672 E/AndroidRuntime(14486): at java.lang.Thread.run(Thread.java:920)
12-23 01:15:12.672 E/AndroidRuntime(14486): Caused by: java.lang.ClassCastException: com.android.quickstep.RecentsActivity cannot be cast to com.android.launcher3.Launcher
12-23 01:15:12.672 E/AndroidRuntime(14486): at com.android.launcher3.Launcher.getLauncher(Launcher.java:3019)
12-23 01:15:12.672 E/AndroidRuntime(14486): at com.android.quickstep.views.TaskView.(TaskView.java:416)
12-23 01:15:12.672 E/AndroidRuntime(14486): at com.android.quickstep.views.TaskView.(TaskView.java:410)
12-23 01:15:12.672 E/AndroidRuntime(14486): ... 11 more
12-23 01:15:12.673 W/ActivityTaskManager( 1508): Force finishing activity com.android.launcher3/com.android.quickstep.RecentsActivity
12-23 01:15:12.679 W/ContextImpl( 2417): Calling a method in the system process without a qualified user: android.app.ContextImpl.startService:1816 android.content.ContextWrapper.startService:774 com.thundercomm.gamemode.ingame.services.GameModeActionUtils.startGameModeService:99 com.thundercomm.gamemode.ingame.services.GameModeActionUtils.startGameModeEntry:22 com.thundercomm.gamemode.ingame.services.ActivityMonitoringService$1.onActivityLaunch:127
12-23 01:15:12.680 I/GameModeConfig( 1508): Current uri is uri = content://com.thundercomm.gamemode.api/gamemode_settings/gamemode_isgaming
12-23 01:15:12.681 I/GameModeConfig( 1508): isGameModeOn = false
12-23 01:15:12.681 I/GameModeConfig( 1508): isGameModeOn = false
12-23 01:15:12.681 I/GameModeConfig( 1508): isDisableVoice = true
01-01 08:00:49.945 I/binder ( 0): undelivered transaction 353945, process died.
12-23 01:15:12.698 I/ActivityManager( 1508): Process com.android.launcher3 (pid 14486) has died: vis BFGS
12-23 01:15:12.699 W/ActivityManager( 1508): Scheduling restart of crashed service com.android.launcher3/com.android.quickstep.TouchInteractionService in 1000ms for connection
12-23 01:15:12.702 D/CompatibilityChangeReporter( 1508): Compat change id reported: 135634846; UID 10078; state: DISABLED
12-23 01:15:12.702 D/CompatibilityChangeReporter( 1508): Compat change id reported: 177438394; UID 10078; state: DISABLED
12-23 01:15:12.702 D/CompatibilityChangeReporter( 1508): Compat change id reported: 135772972; UID 10078; state: DISABLED
12-23 01:15:12.702 D/CompatibilityChangeReporter( 1508): Compat change id reported: 135754954; UID 10078; state: ENABLED
