12-23 01:15:21.277 I/ActivityTaskManager( 1508): START u0 {act=android.intent.action.MAIN cat=[android.intent.category.DEFAULT] flg=0x10010000 cmp=com.android.launcher3/com.android.quickstep.RecentsActivity} from uid 10078
12-23 01:15:21.279 W/ActivityTaskManager( 1508): Can't find TaskDisplayArea to determine support for multi window. Task id=661 attached=false
12-23 01:15:21.281 I/ActivityTaskManager( 1508): The Process com.android.launcher3 Already Exists in BG. So sending its PID: 17191
12-23 01:15:21.287 W/ContextImpl( 2417): Calling a method in the system process without a qualified user: android.app.ContextImpl.startService:1816 android.content.ContextWrapper.startService:774 com.thundercomm.gamemode.ingame.services.GameModeActionUtils.startGameModeService:99 com.thundercomm.gamemode.ingame.services.GameModeActionUtils.startGameModeEntry:22 com.thundercomm.gamemode.ingame.services.ActivityMonitoringService$1.onActivityLaunch:127
12-23 01:15:21.288 I/GameModeConfig( 1508): Current uri is uri = content://com.thundercomm.gamemode.api/gamemode_settings/gamemode_isgaming
12-23 01:15:21.289 I/GameModeConfig( 1508): isGameModeOn = false
12-23 01:15:21.289 I/GameModeConfig( 1508): isGameModeOn = false
12-23 01:15:21.289 I/GameModeConfig( 1508): isDisableVoice = true
01-01 08:00:58.549 I/binder ( 0): 17191:17219 ioctl 40046210 7b6522c254 returned -22
12-23 01:15:21.343 E/AndroidRuntime(17191): FATAL EXCEPTION: ViewPool-init
12-23 01:15:21.343 E/AndroidRuntime(17191): Process: com.android.launcher3, PID: 17191
12-23 01:15:21.343 E/AndroidRuntime(17191): android.view.InflateException: Binary XML file line #18 in com.android.launcher3:layout/task: Binary XML file line #18 in com.android.launcher3:layout/task: Error inflating class com.android.quickstep.views.TaskView
12-23 01:15:21.343 E/AndroidRuntime(17191): Caused by: android.view.InflateException: Binary XML file line #18 in com.android.launcher3:layout/task: Error inflating class com.android.quickstep.views.TaskView
12-23 01:15:21.343 E/AndroidRuntime(17191): Caused by: java.lang.reflect.InvocationTargetException
12-23 01:15:21.343 E/AndroidRuntime(17191): at java.lang.reflect.Constructor.newInstance0(Native Method)
12-23 01:15:21.343 E/AndroidRuntime(17191): at java.lang.reflect.Constructor.newInstance(Constructor.java:343)
12-23 01:15:21.343 E/AndroidRuntime(17191): at android.view.LayoutInflater.createView(LayoutInflater.java:858)
12-23 01:15:21.343 E/AndroidRuntime(17191): at android.view.LayoutInflater.createViewFromTag(LayoutInflater.java:1010)
12-23 01:15:21.343 E/AndroidRuntime(17191): at android.view.LayoutInflater.createViewFromTag(LayoutInflater.java:965)
12-23 01:15:21.343 E/AndroidRuntime(17191): at android.view.LayoutInflater.inflate(LayoutInflater.java:663)
12-23 01:15:21.343 E/AndroidRuntime(17191): at android.view.LayoutInflater.inflate(LayoutInflater.java:538)
12-23 01:15:21.343 E/AndroidRuntime(17191): at com.android.launcher3.util.ViewPool.inflateNewView(ViewPool.java:106)
12-23 01:15:21.343 E/AndroidRuntime(17191): at com.android.launcher3.util.ViewPool.lambda$initPool$1$ViewPool(ViewPool.java:69)
12-23 01:15:21.343 E/AndroidRuntime(17191): at com.android.launcher3.util.ViewPool$$ExternalSyntheticLambda0.run(Unknown Source:8)
12-23 01:15:21.343 E/AndroidRuntime(17191): at java.lang.Thread.run(Thread.java:920)
12-23 01:15:21.343 E/AndroidRuntime(17191): Caused by: java.lang.ClassCastException: com.android.quickstep.RecentsActivity cannot be cast to com.android.launcher3.Launcher
12-23 01:15:21.343 E/AndroidRuntime(17191): at com.android.launcher3.Launcher.getLauncher(Launcher.java:3019)
12-23 01:15:21.343 E/AndroidRuntime(17191): at com.android.quickstep.views.TaskView.(TaskView.java:416)
12-23 01:15:21.343 E/AndroidRuntime(17191): at com.android.quickstep.views.TaskView.(TaskView.java:410)
12-23 01:15:21.343 E/AndroidRuntime(17191): ... 11 more
12-23 01:15:21.344 W/ActivityTaskManager( 1508): Force finishing activity com.android.launcher3/com.android.quickstep.RecentsActivity
12-23 01:15:21.350 W/ContextImpl( 2417): Calling a method in the system process without a qualified user: android.app.ContextImpl.startService:1816 android.content.ContextWrapper.startService:774 com.thundercomm.gamemode.ingame.services.GameModeActionUtils.startGameModeService:99 com.thundercomm.gamemode.ingame.services.GameModeActionUtils.startGameModeEntry:22 com.thundercomm.gamemode.ingame.services.ActivityMonitoringService$1.onActivityLaunch:127
12-23 01:15:21.352 I/GameModeConfig( 1508): Current uri is uri = content://com.thundercomm.gamemode.api/gamemode_settings/gamemode_isgaming
12-23 01:15:21.352 I/GameModeConfig( 1508): isGameModeOn = false
12-23 01:15:21.353 I/GameModeConfig( 1508): isGameModeOn = false
12-23 01:15:21.353 I/GameModeConfig( 1508): isDisableVoice = true
12-23 01:15:21.354 I/ActivityManager( 1508): Process com.android.launcher3 (pid 17191) has died: vis BFGS
12-23 01:15:21.354 W/ActivityManager( 1508): Scheduling restart of crashed service com.android.launcher3/com.android.quickstep.TouchInteractionService in 1000ms for connection
12-23 01:15:21.357 D/CompatibilityChangeReporter( 1508): Compat change id reported: 135634846; UID 10078; state: DISABLED
12-23 01:15:21.357 D/CompatibilityChangeReporter( 1508): Compat change id reported: 177438394; UID 10078; state: DISABLED
12-23 01:15:21.357 D/CompatibilityChangeReporter( 1508): Compat change id reported: 135772972; UID 10078; state: DISABLED
12-23 01:15:21.357 D/CompatibilityChangeReporter( 1508): Compat change id reported: 135754954; UID 10078; state: ENABLED
12-23 01:15:21.357 D/CompatibilityChangeReporter( 1508): Compat change id reported: 143937733; UID 10078; state: ENABLED
12-23 01:15:21.361 I/ActivityManager( 1508): Start proc 17233:com.android.launcher3/u0a78 for service {com.android.launcher3/com.android.quickstep.TouchInteractionService}
01-01 08:00:58.615 I/binder ( 0): 17233:17233 ioctl 40046210 7fe8558544 returned -22
01-01 08:00:58.642 I/ ( 0): read descriptors
01-01 08:00:58.642 I/ ( 0): read strings
12-23 01:15:21.401 I/ActivityTaskManager( 1508): START u0 {act=android.intent.action.MAIN cat=[android.intent.category.DEFAULT] flg=0x10010000 cmp=com.android.launcher3/com.android.quickstep.RecentsActivity} from uid 10078
12-23 01:15:21.403 W/ActivityTaskManager( 1508): Can't find TaskDisplayArea to determine support for multi window. Task id=663 attached=false
12-23 01:15:21.405 I/ActivityTaskManager( 1508): The Process com.android.launcher3 Already Exists in BG. So sending its PID: 17233
12-23 01:15:21.411 W/ContextImpl( 2417): Calling a method in the system process without a qualified user: android.app.ContextImpl.startService:1816 android.content.ContextWrapper.startService:774 com.thundercomm.gamemode.ingame.services.GameModeActionUtils.startGameModeService:99 com.thundercomm.gamemode.ingame.services.GameModeActionUtils.startGameModeEntry:22 com.thundercomm.gamemode.ingame.services.ActivityMonitoringService$1.onActivityLaunch:127
12-23 01:15:21.412 I/GameModeConfig( 1508): Current uri is uri = content://com.thundercomm.gamemode.api/gamemode_settings/gamemode_isgaming
12-23 01:15:21.413 I/GameModeConfig( 1508): isGameModeOn = false
12-23 01:15:21.413 I/GameModeConfig( 1508): isGameModeOn = false
12-23 01:15:21.413 I/GameModeConfig( 1508): isDisableVoice = true
01-01 08:00:58.674 I/binder ( 0): 17233:17263 ioctl 40046210 7b6422c254 returned -22
12-23 01:15:21.468 E/AndroidRuntime(17233): FATAL EXCEPTION: ViewPool-init
12-23 01:15:21.468 E/AndroidRuntime(17233): Process: com.android.launcher3, PID: 17233
12-23 01:15:21.468 E/AndroidRuntime(17233): android.view.InflateException: Binary XML file line #18 in com.android.launcher3:layout/task: Binary XML file line #18 in com.android.launcher3:layout/task: Error inflating class com.android.quickstep.views.TaskView
12-23 01:15:21.468 E/AndroidRuntime(17233): Caused by: android.view.InflateException: Binary XML file line #18 in com.android.launcher3:layout/task: Error inflating class com.android.quickstep.views.TaskView
12-23 01:15:21.468 E/AndroidRuntime(17233): Caused by: java.lang.reflect.InvocationTargetException
12-23 01:15:21.468 E/AndroidRuntime(17233): at java.lang.reflect.Constructor.newInstance0(Native Method)
12-23 01:15:21.468 E/AndroidRuntime(17233): at java.lang.reflect.Constructor.newInstance(Constructor.java:343)
12-23 01:15:21.468 E/AndroidRuntime(17233): at android.view.LayoutInflater.createView(LayoutInflater.java:858)
12-23 01:15:21.468 E/AndroidRuntime(17233): at android.view.LayoutInflater.createViewFromTag(LayoutInflater.java:1010)
12-23 01:15:21.468 E/AndroidRuntime(17233): at android.view.LayoutInflater.createViewFromTag(LayoutInflater.java:965)
12-23 01:15:21.468 E/AndroidRuntime(17233): at android.view.LayoutInflater.inflate(LayoutInflater.java:663)
12-23 01:15:21.468 E/AndroidRuntime(17233): at android.view.LayoutInflater.inflate(LayoutInflater.java:538)
12-23 01:15:21.468 E/AndroidRuntime(17233): at com.android.launcher3.util.ViewPool.inflateNewView(ViewPool.java:106)
12-23 01:15:21.468 E/AndroidRuntime(17233): at com.android.launcher3.util.ViewPool.lambda$initPool$1$ViewPool(ViewPool.java:69)
12-23 01:15:21.468 E/AndroidRuntime(17233): at com.android.launcher3.util.ViewPool$$ExternalSyntheticLambda0.run(Unknown Source:8)
12-23 01:15:21.468 E/AndroidRuntime(17233): at java.lang.Thread.run(Thread.java:920)
12-23 01:15:21.468 E/AndroidRuntime(17233): Caused by: java.lang.ClassCastException: com.android.quickstep.RecentsActivity cannot be cast to com.android.launcher3.Launcher
12-23 01:15:21.468 E/AndroidRuntime(17233): at com.android.launcher3.Launcher.getLauncher(Launcher.java:3019)
12-23 01:15:21.468 E/AndroidRuntime(17233): at com.android.quickstep.views.TaskView.(TaskView.java:416)
12-23 01:15:21.468 E/AndroidRuntime(17233): at com.android.quickstep.views.TaskView.(TaskView.java:410)
12-23 01:15:21.468 E/AndroidRuntime(17233): ... 11 more
12-23 01:15:21.470 W/ActivityTaskManager( 1508): Force finishing activity com.android.launcher3/com.android.quickstep.RecentsActivity
12-23 01:15:21.476 W/ContextImpl( 2417): Calling a method in the system process without a qualified user: android.app.ContextImpl.startService:1816 android.content.ContextWrapper.startService:774 com.thundercomm.gamemode.ingame.services.GameModeActionUtils.startGameModeService:99 com.thundercomm.gamemode.ingame.services.GameModeActionUtils.startGameModeEntry:22 com.thundercomm.gamemode.ingame.services.ActivityMonitoringService$1.onActivityLaunch:127
12-23 01:15:21.478 I/GameModeConfig( 1508): Current uri is uri = content://com.thundercomm.gamemode.api/gamemode_settings/gamemode_isgaming
12-23 01:15:21.479 I/GameModeConfig( 1508): isGameModeOn = false
12-23 01:15:21.479 I/GameModeConfig( 1508): isGameModeOn = false
12-23 01:15:21.479 I/GameModeConfig( 1508): isDisableVoice = true
12-23 01:15:21.481 I/ActivityManager( 1508): Process com.android.launcher3 (pid 17233) has died: vis BFGS
12-23 01:15:21.482 W/ActivityManager( 1508): Scheduling restart of crashed service com.android.launcher3/com.android.quickstep.TouchInteractionService in 1000ms for connection
12-23 01:15:21.485 D/CompatibilityChangeReporter( 1508): Compat change id reported: 135634846; UID 10078; state: DISABLED
12-23 01:15:21.485 D/CompatibilityChangeReporter( 1508): Compat change id reported: 177438394; UID 10078; state: DISABLED
12-23 01:15:21.485 D/CompatibilityChangeReporter( 1508): Compat change id reported: 135772972; UID 10078; state: DISABLED
12-23 01:15:21.485 D/CompatibilityChangeReporter( 1508): Compat change id reported: 135754954; UID 10078; state: ENABLED
12-23 01:15:21.485 D/CompatibilityChangeReporter( 1508): Compat change id reported: 143937733; UID 10078; state: ENABLED
01-01 08:00:58.733 D/ ( 0): mv2112_read_status
01-01 08:00:58.734 D/mv2112_update_link( 0): 3.0x901(1G): 0x80
12-23 01:15:21.489 I/ActivityManager( 1508): Start proc 17276:com.android.launcher3/u0a78 for service {com.android.launcher3/com.android.quickstep.TouchInteractionService}
01-01 08:00:58.734 D/mv2112_update_link( 0): 3.0x8109(100M): 0x8
01-01 08:00:58.734 D/mv2112_update_link( 0): link 0x0
01-01 08:00:58.734 D/mv2112_read_status( 0): autoneg is disabled
01-01 08:00:58.743 I/binder ( 0): 17276:17276 ioctl 40046210 7fe8558544 returned -22
12-23 01:15:21.531 I/ActivityTaskManager( 1508): START u0 {act=android.intent.action.MAIN cat=[android.intent.category.DEFAULT] flg=0x10010000 cmp=com.android.launcher3/com.android.quickstep.RecentsActivity} from uid 10078
12-23 01:15:21.533 W/ActivityTaskManager( 1508): Can't find TaskDisplayArea to determine support for multi window. Task id=665 attached=false
12-23 01:15:21.535 I/ActivityTaskManager( 1508): The Process com.android.launcher3 Already Exists in BG. So sending its PID: 17276
12-23 01:15:21.540 W/ContextImpl( 2417): Calling a method in the system process without a qualified user: android.app.ContextImpl.startService:1816 android.content.ContextWrapper.startService:774 com.thundercomm.gamemode.ingame.services.GameModeActionUtils.startGameModeService:99 com.thundercomm.gamemode.ingame.services.GameModeActionUtils.startGameModeEntry:22 com.thundercomm.gamemode.ingame.services.ActivityMonitoringService$1.onActivityLaunch:127
12-23 01:15:21.541 I/GameModeConfig( 1508): Current uri is uri = content://com.thundercomm.gamemode.api/gamemode_settings/gamemode_isgaming
12-23 01:15:21.542 I/GameModeConfig( 1508): isGameModeOn = false
12-23 01:15:21.542 I/GameModeConfig( 1508): isGameModeOn = false
12-23 01:15:21.542 I/GameModeConfig( 1508): isDisableVoice = true
01-01 08:00:58.802 I/binder ( 0): 17276:17301 ioctl 40046210 7b66428254 returned -22
12-23 01:15:21.596 E/AndroidRuntime(17276): FATAL EXCEPTION: ViewPool-init
12-23 01:15:21.596 E/AndroidRuntime(17276): Process: com.android.launcher3, PID: 17276
12-23 01:15:21.596 E/AndroidRuntime(17276): android.view.InflateException: Binary XML file line #18 in com.android.launcher3:layout/task: Binary XML file line #18 in com.android.launcher3:layout/task: Error inflating class com.android.quickstep.views.TaskView
12-23 01:15:21.596 E/AndroidRuntime(17276): Caused by: android.view.InflateException: Binary XML file line #18 in com.android.launcher3:layout/task: Error inflating class com.android.quickstep.views.TaskView
12-23 01:15:21.596 E/AndroidRuntime(17276): Caused by: java.lang.reflect.InvocationTargetException
12-23 01:15:21.596 E/AndroidRuntime(17276): at java.lang.reflect.Constructor.newInstance0(Native Method)
12-23 01:15:21.596 E/AndroidRuntime(17276): at java.lang.reflect.Constructor.newInstance(Constructor.java:343)
12-23 01:15:21.596 E/AndroidRuntime(17276): at android.view.LayoutInflater.createView(LayoutInflater.java:858)
12-23 01:15:21.596 E/AndroidRuntime(17276): at android.view.LayoutInflater.createViewFromTag(LayoutInflater.java:1010)
12-23 01:15:21.596 E/AndroidRuntime(17276): at android.view.LayoutInflater.createViewFromTag(LayoutInflater.java:965)
12-23 01:15:21.596 E/AndroidRuntime(17276): at android.view.LayoutInflater.inflate(LayoutInflater.java:663)
12-23 01:15:21.596 E/AndroidRuntime(17276): at android.view.LayoutInflater.inflate(LayoutInflater.java:538)
12-23 01:15:21.596 E/AndroidRuntime(17276): at com.android.launcher3.util.ViewPool.inflateNewView(ViewPool.java:106)
12-23 01:15:21.596 E/AndroidRuntime(17276): at com.android.launcher3.util.ViewPool.lambda$initPool$1$ViewPool(ViewPool.java:69)
12-23 01:15:21.596 E/AndroidRuntime(17276): at com.android.launcher3.util.ViewPool$$ExternalSyntheticLambda0.run(Unknown Source:8)
12-23 01:15:21.596 E/AndroidRuntime(17276): at java.lang.Thread.run(Thread.java:920)
12-23 01:15:21.596 E/AndroidRuntime(17276): Caused by: java.lang.ClassCastException: com.android.quickstep.RecentsActivity cannot be cast to com.android.launcher3.Launcher
12-23 01:15:21.596 E/AndroidRuntime(17276): at com.android.launcher3.Launcher.getLauncher(Launcher.java:3019)
12-23 01:15:21.596 E/AndroidRuntime(17276): at com.android.quickstep.views.TaskView.(TaskView.java:416)
12-23 01:15:21.596 E/AndroidRuntime(17276): at com.android.quickstep.views.TaskView.(TaskView.java:410)
12-23 01:15:21.596 E/AndroidRuntime(17276): ... 11 more
12-23 01:15:21.597 W/ActivityTaskManager( 1508): Force finishing activity com.android.launcher3/com.android.quickstep.RecentsActivity
12-23 01:15:21.604 W/ContextImpl( 2417): Calling a method in the system process without a qualified user: android.app.ContextImpl.startService:1816 android.content.ContextWrapper.startService:774 com.thundercomm.gamemode.ingame.services.GameModeActionUtils.startGameModeService:99 com.thundercomm.gamemode.ingame.services.GameModeActionUtils.startGameModeEntry:22 com.thundercomm.gamemode.ingame.services.ActivityMonitoringService$1.onActivityLaunch:127
12-23 01:15:21.605 I/GameModeConfig( 1508): Current uri is uri = content://com.thundercomm.gamemode.api/gamemode_settings/gamemode_isgaming
12-23 01:15:21.606 I/GameModeConfig( 1508): isGameModeOn = false
12-23 01:15:21.607 I/GameModeConfig( 1508): isGameModeOn = false
12-23 01:15:21.607 I/GameModeConfig( 1508): isDisableVoice = true
12-23 01:15:21.607 I/ActivityManager( 1508): Process com.android.launcher3 (pid 17276) has died: vis BFGS
12-23 01:15:21.608 W/ActivityManager( 1508): Scheduling restart of crashed service com.android.launcher3/com.android.quickstep.TouchInteractionService in 1000ms for connection
12-23 01:15:21.611 D/CompatibilityChangeReporter( 1508): Compat change id reported: 135634846; UID 10078; state: DISABLED
12-23 01:15:21.611 D/CompatibilityChangeReporter( 1508): Compat change id reported: 177438394; UID 10078; state: DISABLED
12-23 01:15:21.611 D/CompatibilityChangeReporter( 1508): Compat change id reported: 135772972; UID 10078; state: DISABLED
12-23 01:15:21.611 D/CompatibilityChangeReporter( 1508): Compat change id reported: 135754954; UID 10078; state: ENABLED
12-23 01:15:21.611 D/CompatibilityChangeReporter( 1508): Compat change id reported: 143937733; UID 10078; state: ENABLED
12-23 01:15:21.616 I/ActivityManager( 1508): Start proc 17315:com.android.launcher3/u0a78 for service {com.android.launcher3/com.android.quickstep.TouchInteractionService}
01-01 08:00:58.869 I/binder ( 0): 17315:17315 ioctl 40046210 7fe8558544 returned -22
12-23 01:15:21.655 I/ActivityTaskManager( 1508): START u0 {act=android.intent.action.MAIN cat=[android.intent.category.DEFAULT] flg=0x10010000 cmp=com.android.launcher3/com.android.quickstep.RecentsActivity} from uid 10078
12-23 01:15:21.657 W/ActivityTaskManager( 1508): Can't find TaskDisplayArea to determine support for multi window. Task id=667 attached=false
12-23 01:15:21.659 I/ActivityTaskManager( 1508): The Process com.android.launcher3 Already Exists in BG. So sending its PID: 17315
12-23 01:15:21.663 W/ContextImpl( 2417): Calling a method in the system process without a qualified user: android.app.ContextImpl.startService:1816 android.content.ContextWrapper.startService:774 com.thundercomm.gamemode.ingame.services.GameModeActionUtils.startGameModeService:99 com.thundercomm.gamemode.ingame.services.GameModeActionUtils.startGameModeEntry:22 com.thundercomm.gamemode.ingame.services.ActivityMonitoringService$1.onActivityLaunch:127
12-23 01:15:21.665 I/GameModeConfig( 1508): Current uri is uri = content://com.thundercomm.gamemode.api/gamemode_settings/gamemode_isgaming
12-23 01:15:21.666 I/GameModeConfig( 1508): isGameModeOn = false
12-23 01:15:21.666 I/GameModeConfig( 1508): isGameModeOn = false
12-23 01:15:21.666 I/GameModeConfig( 1508): isDisableVoice = true
01-01 08:00:58.927 I/binder ( 0): 17315:17341 ioctl 40046210 7b66430254 returned -22
12-23 01:15:21.722 E/AndroidRuntime(17315): FATAL EXCEPTION: ViewPool-init
12-23 01:15:21.722 E/AndroidRuntime(17315): Process: com.android.launcher3, PID: 17315
12-23 01:15:21.722 E/AndroidRuntime(17315): android.view.InflateException: Binary XML file line #18 in com.android.launcher3:layout/task: Binary XML file line #18 in com.android.launcher3:layout/task: Error inflating class com.android.quickstep.views.TaskView
12-23 01:15:21.722 E/AndroidRuntime(17315): Caused by: android.view.InflateException: Binary XML file line #18 in com.android.launcher3:layout/task: Error inflating class com.android.quickstep.views.TaskView
12-23 01:15:21.722 E/AndroidRuntime(17315): Caused by: java.lang.reflect.InvocationTargetException
12-23 01:15:21.722 E/AndroidRuntime(17315): at java.lang.reflect.Constructor.newInstance0(Native Method)
12-23 01:15:21.722 E/AndroidRuntime(17315): at java.lang.reflect.Constructor.newInstance(Constructor.java:343)
12-23 01:15:21.722 E/AndroidRuntime(17315): at android.view.LayoutInflater.createView(LayoutInflater.java:858)
12-23 01:15:21.722 E/AndroidRuntime(17315): at android.view.LayoutInflater.createViewFromTag(LayoutInflater.java:1010)
12-23 01:15:21.722 E/AndroidRuntime(17315): at android.view.LayoutInflater.createViewFromTag(LayoutInflater.java:965)
12-23 01:15:21.722 E/AndroidRuntime(17315): at android.view.LayoutInflater.inflate(LayoutInflater.java:663)
12-23 01:15:21.722 E/AndroidRuntime(17315): at android.view.LayoutInflater.inflate(LayoutInflater.java:538)
12-23 01:15:21.722 E/AndroidRuntime(17315): at com.android.launcher3.util.ViewPool.inflateNewView(ViewPool.java:106)
12-23 01:15:21.722 E/AndroidRuntime(17315): at com.android.launcher3.util.ViewPool.lambda$initPool$1$ViewPool(ViewPool.java:69)
12-23 01:15:21.722 E/AndroidRuntime(17315): at com.android.launcher3.util.ViewPool$$ExternalSyntheticLambda0.run(Unknown Source:8)
12-23 01:15:21.722 E/AndroidRuntime(17315): at java.lang.Thread.run(Thread.java:920)
12-23 01:15:21.722 E/AndroidRuntime(17315): Caused by: java.lang.ClassCastException: com.android.quickstep.RecentsActivity cannot be cast to com.android.launcher3.Launcher
12-23 01:15:21.722 E/AndroidRuntime(17315): at com.android.launcher3.Launcher.getLauncher(Launcher.java:3019)
12-23 01:15:21.722 E/AndroidRuntime(17315): at com.android.quickstep.views.TaskView.(TaskView.java:416)
12-23 01:15:21.722 E/AndroidRuntime(17315): at com.android.quickstep.views.TaskView.(TaskView.java:410)
12-23 01:15:21.722 E/AndroidRuntime(17315): ... 11 more
12-23 01:15:21.723 W/ActivityTaskManager( 1508): Force finishing activity com.android.launcher3/com.android.quickstep.RecentsActivity
12-23 01:15:21.729 W/ContextImpl( 2417): Calling a method in the system process without a qualified user: android.app.ContextImpl.startService:1816 android.content.ContextWrapper.startService:774 com.thundercomm.gamemode.ingame.services.GameModeActionUtils.startGameModeService:99 com.thundercomm.gamemode.ingame.services.GameModeActionUtils.startGameModeEntry:22 com.thundercomm.gamemode.ingame.services.ActivityMonitoringService$1.onActivityLaunch:127
12-23 01:15:21.731 I/ActivityManager( 1508): Process com.android.launcher3 (pid 17315) has died: vis BFGS
12-23 01:15:21.732 W/ActivityManager( 1508): Scheduling restart of crashed service com.android.launcher3/com.android.quickstep.TouchInteractionService in 1000ms for connection
12-23 01:15:21.734 I/GameModeConfig( 1508): Current uri is uri = content://com.thundercomm.gamemode.api/gamemode_settings/gamemode_isgaming
12-23 01:15:21.735 I/GameModeConfig( 1508): isGameModeOn = false
12-23 01:15:21.736 I/GameModeConfig( 1508): isGameModeOn = false
12-23 01:15:21.736 I/GameModeConfig( 1508): isDisableVoice = true
12-23 01:15:21.737 D/CompatibilityChangeReporter( 1508): Compat change id reported: 135634846; UID 10078; state: DISABLED
12-23 01:15:21.737 D/CompatibilityChangeReporter( 1508): Compat change id reported: 177438394; UID 10078; state: DISABLED
12-23 01:15:21.737 D/CompatibilityChangeReporter( 1508): Compat change id reported: 135772972; UID 10078; state: DISABLED
12-23 01:15:21.737 D/CompatibilityChangeReporter( 1508): Compat change id reported: 135754954; UID 10078; state: ENABLED
12-23 01:15:21.737 D/CompatibilityChangeReporter( 1508): Compat change id reported: 143937733; UID 10078; state: ENABLED
12-23 01:15:21.741 I/ActivityManager( 1508): Start proc 17354:com.android.launcher3/u0a78 for service {com.android.launcher3/com.android.quickstep.TouchInteractionService}
01-01 08:00:58.995 I/binder ( 0): 17354:17354 ioctl 40046210 7fe8558544 returned -22
12-23 01:15:21.781 I/ActivityTaskManager( 1508): START u0 {act=android.intent.action.MAIN cat=[android.intent.category.DEFAULT] flg=0x10010000 cmp=com.android.launcher3/com.android.quickstep.RecentsActivity} from uid 10078
12-23 01:15:21.783 W/ActivityTaskManager( 1508): Can't find TaskDisplayArea to determine support for multi window. Task id=669 attached=false
12-23 01:15:21.785 I/ActivityTaskManager( 1508): The Process com.android.launcher3 Already Exists in BG. So sending its PID: 17354
12-23 01:15:21.790 W/ContextImpl( 2417): Calling a method in the system process without a qualified user: android.app.ContextImpl.startService:1816 android.content.ContextWrapper.startService:774 com.thundercomm.gamemode.ingame.services.GameModeActionUtils.startGameModeService:99 com.thundercomm.gamemode.ingame.services.GameModeActionUtils.startGameModeEntry:22 com.thundercomm.gamemode.ingame.services.ActivityMonitoringService$1.onActivityLaunch:127
12-23 01:15:21.792 I/GameModeConfig( 1508): Current uri is uri = content://com.thundercomm.gamemode.api/gamemode_settings/gamemode_isgaming
12-23 01:15:21.793 I/GameModeConfig( 1508): isGameModeOn = false
12-23 01:15:21.793 I/GameModeConfig( 1508): isGameModeOn = false
12-23 01:15:21.793 I/GameModeConfig( 1508): isDisableVoice = true
01-01 08:00:59.053 I/binder ( 0): 17354:17380 ioctl 40046210 7b6632a254 returned -22
12-23 01:15:21.848 E/AndroidRuntime(17354): FATAL EXCEPTION: ViewPool-init
12-23 01:15:21.848 E/AndroidRuntime(17354): Process: com.android.launcher3, PID: 17354
12-23 01:15:21.848 E/AndroidRuntime(17354): android.view.InflateException: Binary XML file line #18 in com.android.launcher3:layout/task: Binary XML file line #18 in com.android.launcher3:layout/task: Error inflating class com.android.quickstep.views.TaskView
12-23 01:15:21.848 E/AndroidRuntime(17354): Caused by: android.view.InflateException: Binary XML file line #18 in com.android.launcher3:layout/task: Error inflating class com.android.quickstep.views.TaskView
12-23 01:15:21.848 E/AndroidRuntime(17354): Caused by: java.lang.reflect.InvocationTargetException
12-23 01:15:21.848 E/AndroidRuntime(17354): at java.lang.reflect.Constructor.newInstance0(Native Method)
12-23 01:15:21.848 E/AndroidRuntime(17354): at java.lang.reflect.Constructor.newInstance(Constructor.java:343)
12-23 01:15:21.848 E/AndroidRuntime(17354): at android.view.LayoutInflater.createView(LayoutInflater.java:858)
12-23 01:15:21.848 E/AndroidRuntime(17354): at android.view.LayoutInflater.createViewFromTag(LayoutInflater.java:1010)
12-23 01:15:21.848 E/AndroidRuntime(17354): at android.view.LayoutInflater.createViewFromTag(LayoutInflater.java:965)
12-23 01:15:21.848 E/AndroidRuntime(17354): at android.view.LayoutInflater.inflate(LayoutInflater.java:663)
12-23 01:15:21.848 E/AndroidRuntime(17354): at android.view.LayoutInflater.inflate(LayoutInflater.java:538)
12-23 01:15:21.848 E/AndroidRuntime(17354): at com.android.launcher3.util.ViewPool.inflateNewView(ViewPool.java:106)
12-23 01:15:21.848 E/AndroidRuntime(17354): at com.android.launcher3.util.ViewPool.lambda$initPool$1$ViewPool(ViewPool.java:69)
12-23 01:15:21.848 E/AndroidRuntime(17354): at com.android.launcher3.util.ViewPool$$ExternalSyntheticLambda0.run(Unknown Source:8)
12-23 01:15:21.848 E/AndroidRuntime(17354): at java.lang.Thread.run(Thread.java:920)
12-23 01:15:21.848 E/AndroidRuntime(17354): Caused by: java.lang.ClassCastException: com.android.quickstep.RecentsActivity cannot be cast to com.android.launcher3.Launcher
12-23 01:15:21.848 E/AndroidRuntime(17354): at com.android.launcher3.Launcher.getLauncher(Launcher.java:3019)
12-23 01:15:21.848 E/AndroidRuntime(17354): at com.android.quickstep.views.TaskView.(TaskView.java:416)
12-23 01:15:21.848 E/AndroidRuntime(17354): at com.android.quickstep.views.TaskView.(TaskView.java:410)
12-23 01:15:21.848 E/AndroidRuntime(17354): ... 11 more
12-23 01:15:21.850 W/ActivityTaskManager( 1508): Force finishing activity com.android.launcher3/com.android.quickstep.RecentsActivity
12-23 01:15:21.855 W/ContextImpl( 2417): Calling a method in the system process without a qualified user: android.app.ContextImpl.startService:1816 android.content.ContextWrapper.startService:774 com.thundercomm.gamemode.ingame.services.GameModeActionUtils.startGameModeService:99 com.thundercomm.gamemode.ingame.services.GameModeActionUtils.startGameModeEntry:22 com.thundercomm.gamemode.ingame.services.ActivityMonitoringService$1.onActivityLaunch:127
12-23 01:15:21.857 I/GameModeConfig( 1508): Current uri is uri = content://com.thundercomm.gamemode.api/gamemode_settings/gamemode_isgaming
12-23 01:15:21.858 I/GameModeConfig( 1508): isGameModeOn = false
12-23 01:15:21.858 I/GameModeConfig( 1508): isGameModeOn = false
12-23 01:15:21.858 I/GameModeConfig( 1508): isDisableVoice = true
12-23 01:15:21.859 I/ActivityManager( 1508): Process com.android.launcher3 (pid 17354) has died: vis BFGS
12-23 01:15:21.859 W/ActivityManager( 1508): Scheduling restart of crashed service com.android.launcher3/com.android.quickstep.TouchInteractionService in 1000ms for connection
12-23 01:15:21.863 D/CompatibilityChangeReporter( 1508): Compat change id reported: 135634846; UID 10078; state: DISABLED
12-23 01:15:21.863 D/CompatibilityChangeReporter( 1508): Compat change id reported: 177438394; UID 10078; state: DISABLED
12-23 01:15:21.863 D/CompatibilityChangeReporter( 1508): Compat change id reported: 135772972; UID 10078; state: DISABLED
12-23 01:15:21.863 D/CompatibilityChangeReporter( 1508): Compat change id reported: 135754954; UID 10078; state: ENABLED
12-23 01:15:21.863 D/CompatibilityChangeReporter( 1508): Compat change id reported: 143937733; UID 10078; state: ENABLED
12-23 01:15:21.867 I/ActivityManager( 1508): Start proc 17393:com.android.launcher3/u0a78 for service {com.android.launcher3/com.android.quickstep.TouchInteractionService}
01-01 08:00:59.121 I/binder ( 0): 17393:17393 ioctl 40046210 7fe8558544 returned -22
12-23 01:15:21.908 I/ActivityTaskManager( 1508): START u0 {act=android.intent.action.MAIN cat=[android.intent.category.DEFAULT] flg=0x10010000 cmp=com.android.launcher3/com.android.quickstep.RecentsActivity} from uid 10078
12-23 01:15:21.910 W/ActivityTaskManager( 1508): Can't find TaskDisplayArea to determine support for multi window. Task id=671 attached=false
12-23 01:15:21.912 I/ActivityTaskManager( 1508): The Process com.android.launcher3 Already Exists in BG. So sending its PID: 17393
12-23 01:15:21.917 W/ContextImpl( 2417): Calling a method in the system process without a qualified user: android.app.ContextImpl.startService:1816 android.content.ContextWrapper.startService:774 com.thundercomm.gamemode.ingame.services.GameModeActionUtils.startGameModeService:99 com.thundercomm.gamemode.ingame.services.GameModeActionUtils.startGameModeEntry:22 com.thundercomm.gamemode.ingame.services.ActivityMonitoringService$1.onActivityLaunch:127
12-23 01:15:21.919 I/GameModeConfig( 1508): Current uri is uri = content://com.thundercomm.gamemode.api/gamemode_settings/gamemode_isgaming
12-23 01:15:21.920 I/GameModeConfig( 1508): isGameModeOn = false
12-23 01:15:21.920 I/GameModeConfig( 1508): isGameModeOn = false
12-23 01:15:21.920 I/GameModeConfig( 1508): isDisableVoice = true
01-01 08:00:59.182 I/binder ( 0): 17393:17419 ioctl 40046210 7b6632a254 returned -22
12-23 01:15:21.976 E/AndroidRuntime(17393): FATAL EXCEPTION: ViewPool-init
12-23 01:15:21.976 E/AndroidRuntime(17393): Process: com.android.launcher3, PID: 17393
12-23 01:15:21.976 E/AndroidRuntime(17393): android.view.InflateException: Binary XML file line #18 in com.android.launcher3:layout/task: Binary XML file line #18 in com.android.launcher3:layout/task: Error inflating class com.android.quickstep.views.TaskView
12-23 01:15:21.976 E/AndroidRuntime(17393): Caused by: android.view.InflateException: Binary XML file line #18 in com.android.launcher3:layout/task: Error inflating class com.android.quickstep.views.TaskView
12-23 01:15:21.976 E/AndroidRuntime(17393): Caused by: java.lang.reflect.InvocationTargetException
12-23 01:15:21.976 E/AndroidRuntime(17393): at java.lang.reflect.Constructor.newInstance0(Native Method)
12-23 01:15:21.976 E/AndroidRuntime(17393): at java.lang.reflect.Constructor.newInstance(Constructor.java:343)
12-23 01:15:21.976 E/AndroidRuntime(17393): at android.view.LayoutInflater.createView(LayoutInflater.java:858)
12-23 01:15:21.976 E/AndroidRuntime(17393): at android.view.LayoutInflater.createViewFromTag(LayoutInflater.java:1010)
12-23 01:15:21.976 E/AndroidRuntime(17393): at android.view.LayoutInflater.createViewFromTag(LayoutInflater.java:965)
12-23 01:15:21.976 E/AndroidRuntime(17393): at android.view.LayoutInflater.inflate(LayoutInflater.java:663)
12-23 01:15:21.976 E/AndroidRuntime(17393): at android.view.LayoutInflater.inflate(LayoutInflater.java:538)
12-23 01:15:21.976 E/AndroidRuntime(17393): at com.android.launcher3.util.ViewPool.inflateNewView(ViewPool.java:106)
12-23 01:15:21.976 E/AndroidRuntime(17393): at com.android.launcher3.util.ViewPool.lambda$initPool$1$ViewPool(ViewPool.java:69)
12-23 01:15:21.976 E/AndroidRuntime(17393): at com.android.launcher3.util.ViewPool$$ExternalSyntheticLambda0.run(Unknown Source:8)
12-23 01:15:21.976 E/AndroidRuntime(17393): at java.lang.Thread.run(Thread.java:920)
12-23 01:15:21.976 E/AndroidRuntime(17393): Caused by: java.lang.ClassCastException: com.android.quickstep.RecentsActivity cannot be cast to com.android.launcher3.Launcher
12-23 01:15:21.976 E/AndroidRuntime(17393): at com.android.launcher3.Launcher.getLauncher(Launcher.java:3019)
12-23 01:15:21.976 E/AndroidRuntime(17393): at com.android.quickstep.views.TaskView.(TaskView.java:416)
12-23 01:15:21.976 E/AndroidRuntime(17393): at com.android.quickstep.views.TaskView.(TaskView.java:410)
12-23 01:15:21.976 E/AndroidRuntime(17393): ... 11 more
12-23 01:15:21.977 W/ActivityTaskManager( 1508): Force finishing activity com.android.launcher3/com.android.quickstep.RecentsActivity
12-23 01:15:21.983 W/ContextImpl( 2417): Calling a method in the system process without a qualified user: android.app.ContextImpl.startService:1816 android.content.ContextWrapper.startService:774 com.thundercomm.gamemode.ingame.services.GameModeActionUtils.startGameModeService:99 com.thundercomm.gamemode.ingame.services.GameModeActionUtils.startGameModeEntry:22 com.thundercomm.gamemode.ingame.services.ActivityMonitoringService$1.onActivityLaunch:127
12-23 01:15:21.985 I/GameModeConfig( 1508): Current uri is uri = content://com.thundercomm.gamemode.api/gamemode_settings/gamemode_isgaming
12-23 01:15:21.986 I/GameModeConfig( 1508): isGameModeOn = false
12-23 01:15:21.986 I/GameModeConfig( 1508): isGameModeOn = false
12-23 01:15:21.986 I/GameModeConfig( 1508): isDisableVoice = true
12-23 01:15:21.988 I/ActivityManager( 1508): Process com.android.launcher3 (pid 17393) has died: vis BFGS
12-23 01:15:21.988 W/ActivityManager( 1508): Scheduling restart of crashed service com.android.launcher3/com.android.quickstep.TouchInteractionService in 1000ms for connection
12-23 01:15:21.991 D/CompatibilityChangeReporter( 1508): Compat change id reported: 135634846; UID 10078; state: DISABLED
12-23 01:15:21.991 D/CompatibilityChangeReporter( 1508): Compat change id reported: 177438394; UID 10078; state: DISABLED
12-23 01:15:21.991 D/CompatibilityChangeReporter( 1508): Compat change id reported: 135772972; UID 10078; state: DISABLED
12-23 01:15:21.991 D/CompatibilityChangeReporter( 1508): Compat change id reported: 135754954; UID 10078; state: ENABLED
12-23 01:15:21.992 D/CompatibilityChangeReporter( 1508): Compat change id reported: 143937733; UID 10078; state: ENABLED
12-23 01:15:21.996 I/ActivityManager( 1508): Start proc 17432:com.android.launcher3/u0a78 for service {com.android.launcher3/com.android.quickstep.TouchInteractionService}
01-01 08:00:59.250 I/binder ( 0): 17432:17432 ioctl 40046210 7fe8558544 returned -22
12-23 01:15:22.039 I/ActivityTaskManager( 1508): START u0 {act=android.intent.action.MAIN cat=[android.intent.category.DEFAULT] flg=0x10010000 cmp=com.android.launcher3/com.android.quickstep.RecentsActivity} from uid 10078
12-23 01:15:22.040 W/ActivityTaskManager( 1508): Can't find TaskDisplayArea to determine support for multi window. Task id=673 attached=false
12-23 01:15:22.042 I/ActivityTaskManager( 1508): The Process com.android.launcher3 Already Exists in BG. So sending its PID: 17432
12-23 01:15:22.047 W/ContextImpl( 2417): Calling a method in the system process without a qualified user: android.app.ContextImpl.startService:1816 android.content.ContextWrapper.startService:774 com.thundercomm.gamemode.ingame.services.GameModeActionUtils.startGameModeService:99 com.thundercomm.gamemode.ingame.services.GameModeActionUtils.startGameModeEntry:22 com.thundercomm.gamemode.ingame.services.ActivityMonitoringService$1.onActivityLaunch:127
12-23 01:15:22.049 I/GameModeConfig( 1508): Current uri is uri = content://com.thundercomm.gamemode.api/gamemode_settings/gamemode_isgaming
12-23 01:15:22.050 I/GameModeConfig( 1508): isGameModeOn = false
12-23 01:15:22.050 I/GameModeConfig( 1508): isGameModeOn = false
12-23 01:15:22.050 I/GameModeConfig( 1508): isDisableVoice = true
01-01 08:00:59.310 I/binder ( 0): 17432:17458 ioctl 40046210 7b6522c254 returned -22
12-23 01:15:22.104 E/AndroidRuntime(17432): FATAL EXCEPTION: ViewPool-init
12-23 01:15:22.104 E/AndroidRuntime(17432): Process: com.android.launcher3, PID: 17432
12-23 01:15:22.104 E/AndroidRuntime(17432): android.view.InflateException: Binary XML file line #18 in com.android.launcher3:layout/task: Binary XML file line #18 in com.android.launcher3:layout/task: Error inflating class com.android.quickstep.views.TaskView
12-23 01:15:22.104 E/AndroidRuntime(17432): Caused by: android.view.InflateException: Binary XML file line #18 in com.android.launcher3:layout/task: Error inflating class com.android.quickstep.views.TaskView
12-23 01:15:22.104 E/AndroidRuntime(17432): Caused by: java.lang.reflect.InvocationTargetException
12-23 01:15:22.104 E/AndroidRuntime(17432): at java.lang.reflect.Constructor.newInstance0(Native Method)
12-23 01:15:22.104 E/AndroidRuntime(17432): at java.lang.reflect.Constructor.newInstance(Constructor.java:343)
12-23 01:15:22.104 E/AndroidRuntime(17432): at android.view.LayoutInflater.createView(LayoutInflater.java:858)
12-23 01:15:22.104 E/AndroidRuntime(17432): at android.view.LayoutInflater.createViewFromTag(LayoutInflater.java:1010)
12-23 01:15:22.104 E/AndroidRuntime(17432): at android.view.LayoutInflater.createViewFromTag(LayoutInflater.java:965)
12-23 01:15:22.104 E/AndroidRuntime(17432): at android.view.LayoutInflater.inflate(LayoutInflater.java:663)
12-23 01:15:22.104 E/AndroidRuntime(17432): at android.view.LayoutInflater.inflate(LayoutInflater.java:538)
12-23 01:15:22.104 E/AndroidRuntime(17432): at com.android.launcher3.util.ViewPool.inflateNewView(ViewPool.java:106)
12-23 01:15:22.104 E/AndroidRuntime(17432): at com.android.launcher3.util.ViewPool.lambda$initPool$1$ViewPool(ViewPool.java:69)
12-23 01:15:22.104 E/AndroidRuntime(17432): at com.android.launcher3.util.ViewPool$$ExternalSyntheticLambda0.run(Unknown Source:8)
12-23 01:15:22.104 E/AndroidRuntime(17432): at java.lang.Thread.run(Thread.java:920)
12-23 01:15:22.104 E/AndroidRuntime(17432): Caused by: java.lang.ClassCastException: com.android.quickstep.RecentsActivity cannot be cast to com.android.launcher3.Launcher
12-23 01:15:22.104 E/AndroidRuntime(17432): at com.android.launcher3.Launcher.getLauncher(Launcher.java:3019)
12-23 01:15:22.104 E/AndroidRuntime(17432): at com.android.quickstep.views.TaskView.(TaskView.java:416)
12-23 01:15:22.104 E/AndroidRuntime(17432): at com.android.quickstep.views.TaskView.(TaskView.java:410)
12-23 01:15:22.104 E/AndroidRuntime(17432): ... 11 more
12-23 01:15:22.105 W/ActivityTaskManager( 1508): Force finishing activity com.android.launcher3/com.android.quickstep.RecentsActivity
12-23 01:15:22.111 W/ContextImpl( 2417): Calling a method in the system process without a qualified user: android.app.ContextImpl.startService:1816 android.content.ContextWrapper.startService:774 com.thundercomm.gamemode.ingame.services.GameModeActionUtils.startGameModeService:99 com.thundercomm.gamemode.ingame.services.GameModeActionUtils.startGameModeEntry:22 com.thundercomm.gamemode.ingame.services.ActivityMonitoringService$1.onActivityLaunch:127
12-23 01:15:22.113 I/GameModeConfig( 1508): Current uri is uri = content://com.thundercomm.gamemode.api/gamemode_settings/gamemode_isgaming
12-23 01:15:22.114 I/GameModeConfig( 1508): isGameModeOn = false
12-23 01:15:22.114 I/GameModeConfig( 1508): isGameModeOn = false
12-23 01:15:22.114 I/GameModeConfig( 1508): isDisableVoice = true
01-01 08:00:59.362 W/binder_cleanup_transaction( 0): 5 callbacks suppressed
01-01 08:00:59.362 I/binder ( 0): undelivered transaction 424414, process died.
12-23 01:15:22.115 I/ActivityManager( 1508): Process com.android.launcher3 (pid 17432) has died: vis BFGS
12-23 01:15:22.116 W/ActivityManager( 1508): Scheduling restart of crashed service com.android.launcher3/com.android.quickstep.TouchInteractionService in 1000ms for connection
12-23 01:15:22.119 D/CompatibilityChangeReporter( 1508): Compat change id reported: 135634846; UID 10078; state: DISABLED
12-23 01:15:22.119 D/CompatibilityChangeReporter( 1508): Compat change id reported: 177438394; UID 10078; state: DISABLED
12-23 01:15:22.119 D/CompatibilityChangeReporter( 1508): Compat change id reported: 135772972; UID 10078; state: DISABLED
12-23 01:15:22.119 D/CompatibilityChangeReporter( 1508): Compat change id reported: 135754954; UID 10078; state: ENABLED
12-23 01:15:22.119 D/CompatibilityChangeReporter( 1508): Compat change id reported: 143937733; UID 10078; state: ENABLED
12-23 01:15:22.123 I/ActivityManager( 1508): Start proc 17471:com.android.launcher3/u0a78 for service {com.android.launcher3/com.android.quickstep.TouchInteractionService}
01-01 08:00:59.377 I/binder ( 0): 17471:17471 ioctl 40046210 7fe8558544 returned -22
12-23 01:15:22.165 I/ActivityTaskManager( 1508): START u0 {act=android.intent.action.MAIN cat=[android.intent.category.DEFAULT] flg=0x10010000 cmp=com.android.launcher3/com.android.quickstep.RecentsActivity} from uid 10078
12-23 01:15:22.166 W/ActivityTaskManager( 1508): Can't find TaskDisplayArea to determine support for multi window. Task id=675 attached=false
12-23 01:15:22.169 I/ActivityTaskManager( 1508): The Process com.android.launcher3 Already Exists in BG. So sending its PID: 17471
12-23 01:15:22.174 W/ContextImpl( 2417): Calling a method in the system process without a qualified user: android.app.ContextImpl.startService:1816 android.content.ContextWrapper.startService:774 com.thundercomm.gamemode.ingame.services.GameModeActionUtils.startGameModeService:99 com.thundercomm.gamemode.ingame.services.GameModeActionUtils.startGameModeEntry:22 com.thundercomm.gamemode.ingame.services.ActivityMonitoringService$1.onActivityLaunch:127
12-23 01:15:22.176 I/GameModeConfig( 1508): Current uri is uri = content://com.thundercomm.gamemode.api/gamemode_settings/gamemode_isgaming
12-23 01:15:22.176 I/GameModeConfig( 1508): isGameModeOn = false
12-23 01:15:22.176 I/GameModeConfig( 1508): isGameModeOn = false
12-23 01:15:22.176 I/GameModeConfig( 1508): isDisableVoice = true
01-01 08:00:59.436 I/binder ( 0): 17471:17499 ioctl 40046210 7b6522c254 returned -22
12-23 01:15:22.230 E/AndroidRuntime(17471): FATAL EXCEPTION: ViewPool-init
12-23 01:15:22.230 E/AndroidRuntime(17471): Process: com.android.launcher3, PID: 17471
12-23 01:15:22.230 E/AndroidRuntime(17471): android.view.InflateException: Binary XML file line #18 in com.android.launcher3:layout/task: Binary XML file line #18 in com.android.launcher3:layout/task: Error inflating class com.android.quickstep.views.TaskView
12-23 01:15:22.230 E/AndroidRuntime(17471): Caused by: android.view.InflateException: Binary XML file line #18 in com.android.launcher3:layout/task: Error inflating class com.android.quickstep.views.TaskView
12-23 01:15:22.230 E/AndroidRuntime(17471): Caused by: java.lang.reflect.InvocationTargetException
12-23 01:15:22.230 E/AndroidRuntime(17471): at java.lang.reflect.Constructor.newInstance0(Native Method)
12-23 01:15:22.230 E/AndroidRuntime(17471): at java.lang.reflect.Constructor.newInstance(Constructor.java:343)
12-23 01:15:22.230 E/AndroidRuntime(17471): at android.view.LayoutInflater.createView(LayoutInflater.java:858)
12-23 01:15:22.230 E/AndroidRuntime(17471): at android.view.LayoutInflater.createViewFromTag(LayoutInflater.java:1010)
12-23 01:15:22.230 E/AndroidRuntime(17471): at android.view.LayoutInflater.createViewFromTag(LayoutInflater.java:965)
12-23 01:15:22.230 E/AndroidRuntime(17471): at android.view.LayoutInflater.inflate(LayoutInflater.java:663)
12-23 01:15:22.230 E/AndroidRuntime(17471): at android.view.LayoutInflater.inflate(LayoutInflater.java:538)
12-23 01:15:22.230 E/AndroidRuntime(17471): at com.android.launcher3.util.ViewPool.inflateNewView(ViewPool.java:106)
12-23 01:15:22.230 E/AndroidRuntime(17471): at com.android.launcher3.util.ViewPool.lambda$initPool$1$ViewPool(ViewPool.java:69)
12-23 01:15:22.230 E/AndroidRuntime(17471): at com.android.launcher3.util.ViewPool$$ExternalSyntheticLambda0.run(Unknown Source:8)
12-23 01:15:22.230 E/AndroidRuntime(17471): at java.lang.Thread.run(Thread.java:920)
12-23 01:15:22.230 E/AndroidRuntime(17471): Caused by: java.lang.ClassCastException: com.android.quickstep.RecentsActivity cannot be cast to com.android.launcher3.Launcher
12-23 01:15:22.230 E/AndroidRuntime(17471): at com.android.launcher3.Launcher.getLauncher(Launcher.java:3019)
12-23 01:15:22.230 E/AndroidRuntime(17471): at com.android.quickstep.views.TaskView.(TaskView.java:416)
12-23 01:15:22.230 E/AndroidRuntime(17471): at com.android.quickstep.views.TaskView.(TaskView.java:410)
12-23 01:15:22.230 E/AndroidRuntime(17471): ... 11 more
12-23 01:15:22.231 W/ActivityTaskManager( 1508): Force finishing activity com.android.launcher3/com.android.quickstep.RecentsActivity
12-23 01:15:22.237 W/ContextImpl( 2417): Calling a method in the system process without a qualified user: android.app.ContextImpl.startService:1816 android.content.ContextWrapper.startService:774 com.thundercomm.gamemode.ingame.services.GameModeActionUtils.startGameModeService:99 com.thundercomm.gamemode.ingame.services.GameModeActionUtils.startGameModeEntry:22 com.thundercomm.gamemode.ingame.services.ActivityMonitoringService$1.onActivityLaunch:127
12-23 01:15:22.238 I/GameModeConfig( 1508): Current uri is uri = content://com.thundercomm.gamemode.api/gamemode_settings/gamemode_isgaming
12-23 01:15:22.239 I/GameModeConfig( 1508): isGameModeOn = false
12-23 01:15:22.239 I/GameModeConfig( 1508): isGameModeOn = false
12-23 01:15:22.239 I/GameModeConfig( 1508): isDisableVoice = true
12-23 01:15:22.242 I/ActivityManager( 1508): Process com.android.launcher3 (pid 17471) has died: vis BFGS
12-23 01:15:22.242 W/ActivityManager( 1508): Scheduling restart of crashed service com.android.launcher3/com.android.quickstep.TouchInteractionService in 1000ms for connection
12-23 01:15:22.245 D/CompatibilityChangeReporter( 1508): Compat change id reported: 135634846; UID 10078; state: DISABLED
12-23 01:15:22.245 D/CompatibilityChangeReporter( 1508): Compat change id reported: 177438394; UID 10078; state: DISABLED
12-23 01:15:22.245 D/CompatibilityChangeReporter( 1508): Compat change id reported: 135772972; UID 10078; state: DISABLED
12-23 01:15:22.245 D/CompatibilityChangeReporter( 1508): Compat change id reported: 135754954; UID 10078; state: ENABLED
12-23 01:15:22.246 D/CompatibilityChangeReporter( 1508): Compat change id reported: 143937733; UID 10078; state: ENABLED
12-23 01:15:22.250 I/ActivityManager( 1508): Start proc 17512:com.android.launcher3/u0a78 for service {com.android.launcher3/com.android.quickstep.TouchInteractionService}
01-01 08:00:59.504 I/binder ( 0): 17512:17512 ioctl 40046210 7fe8558544 returned -22
12-23 01:15:22.292 I/ActivityTaskManager( 1508): START u0 {act=android.intent.action.MAIN cat=[android.intent.category.DEFAULT] flg=0x10010000 cmp=com.android.launcher3/com.android.quickstep.RecentsActivity} from uid 10078
12-23 01:15:22.294 W/ActivityTaskManager( 1508): Can't find TaskDisplayArea to determine support for multi window. Task id=677 attached=false
12-23 01:15:22.296 I/ActivityTaskManager( 1508): The Process com.android.launcher3 Already Exists in BG. So sending its PID: 17512
12-23 01:15:22.301 W/ContextImpl( 2417): Calling a method in the system process without a qualified user: android.app.ContextImpl.startService:1816 android.content.ContextWrapper.startService:774 com.thundercomm.gamemode.ingame.services.GameModeActionUtils.startGameModeService:99 com.thundercomm.gamemode.ingame.services.GameModeActionUtils.startGameModeEntry:22 com.thundercomm.gamemode.ingame.services.ActivityMonitoringService$1.onActivityLaunch:127
12-23 01:15:22.302 I/GameModeConfig( 1508): Current uri is uri = content://com.thundercomm.gamemode.api/gamemode_settings/gamemode_isgaming
12-23 01:15:22.303 I/GameModeConfig( 1508): isGameModeOn = false
12-23 01:15:22.303 I/GameModeConfig( 1508): isGameModeOn = false
12-23 01:15:22.303 I/GameModeConfig( 1508): isDisableVoice = true
01-01 08:00:59.567 I/binder ( 0): 17512:17539 ioctl 40046210 7b6522c254 returned -22
12-23 01:15:22.362 E/AndroidRuntime(17512): FATAL EXCEPTION: ViewPool-init
12-23 01:15:22.362 E/AndroidRuntime(17512): Process: com.android.launcher3, PID: 17512
12-23 01:15:22.362 E/AndroidRuntime(17512): android.view.InflateException: Binary XML file line #18 in com.android.launcher3:layout/task: Binary XML file line #18 in com.android.launcher3:layout/task: Error inflating class com.android.quickstep.views.TaskView
