12-23 01:15:25.510 W/ContextImpl( 2417): Calling a method in the system process without a qualified user: android.app.ContextImpl.startService:1816 android.content.ContextWrapper.startService:774 com.thundercomm.gamemode.ingame.services.GameModeActionUtils.startGameModeService:99 com.thundercomm.gamemode.ingame.services.GameModeActionUtils.startGameModeEntry:22 com.thundercomm.gamemode.ingame.services.ActivityMonitoringService$1.onActivityLaunch:127
12-23 01:15:25.512 I/GameModeConfig( 1508): Current uri is uri = content://com.thundercomm.gamemode.api/gamemode_settings/gamemode_isgaming
12-23 01:15:25.514 I/GameModeConfig( 1508): isGameModeOn = false
12-23 01:15:25.514 I/GameModeConfig( 1508): isGameModeOn = false
12-23 01:15:25.514 I/GameModeConfig( 1508): isDisableVoice = true
01-01 08:01:02.774 I/binder ( 0): 18529:18557 ioctl 40046210 7b6632a254 returned -22
12-23 01:15:25.569 E/AndroidRuntime(18529): FATAL EXCEPTION: ViewPool-init
12-23 01:15:25.569 E/AndroidRuntime(18529): Process: com.android.launcher3, PID: 18529
12-23 01:15:25.569 E/AndroidRuntime(18529): android.view.InflateException: Binary XML file line #18 in com.android.launcher3:layout/task: Binary XML file line #18 in com.android.launcher3:layout/task: Error inflating class com.android.quickstep.views.TaskView
12-23 01:15:25.569 E/AndroidRuntime(18529): Caused by: android.view.InflateException: Binary XML file line #18 in com.android.launcher3:layout/task: Error inflating class com.android.quickstep.views.TaskView
12-23 01:15:25.569 E/AndroidRuntime(18529): Caused by: java.lang.reflect.InvocationTargetException
12-23 01:15:25.569 E/AndroidRuntime(18529): at java.lang.reflect.Constructor.newInstance0(Native Method)
12-23 01:15:25.569 E/AndroidRuntime(18529): at java.lang.reflect.Constructor.newInstance(Constructor.java:343)
12-23 01:15:25.569 E/AndroidRuntime(18529): at android.view.LayoutInflater.createView(LayoutInflater.java:858)
12-23 01:15:25.569 E/AndroidRuntime(18529): at android.view.LayoutInflater.createViewFromTag(LayoutInflater.java:1010)
12-23 01:15:25.569 E/AndroidRuntime(18529): at android.view.LayoutInflater.createViewFromTag(LayoutInflater.java:965)
12-23 01:15:25.569 E/AndroidRuntime(18529): at android.view.LayoutInflater.inflate(LayoutInflater.java:663)
12-23 01:15:25.569 E/AndroidRuntime(18529): at android.view.LayoutInflater.inflate(LayoutInflater.java:538)
12-23 01:15:25.569 E/AndroidRuntime(18529): at com.android.launcher3.util.ViewPool.inflateNewView(ViewPool.java:106)
12-23 01:15:25.569 E/AndroidRuntime(18529): at com.android.launcher3.util.ViewPool.lambda$initPool$1$ViewPool(ViewPool.java:69)
12-23 01:15:25.569 E/AndroidRuntime(18529): at com.android.launcher3.util.ViewPool$$ExternalSyntheticLambda0.run(Unknown Source:8)
12-23 01:15:25.569 E/AndroidRuntime(18529): at java.lang.Thread.run(Thread.java:920)
12-23 01:15:25.569 E/AndroidRuntime(18529): Caused by: java.lang.ClassCastException: com.android.quickstep.RecentsActivity cannot be cast to com.android.launcher3.Launcher
12-23 01:15:25.569 E/AndroidRuntime(18529): at com.android.launcher3.Launcher.getLauncher(Launcher.java:3019)
12-23 01:15:25.569 E/AndroidRuntime(18529): at com.android.quickstep.views.TaskView.(TaskView.java:416)
12-23 01:15:25.569 E/AndroidRuntime(18529): at com.android.quickstep.views.TaskView.(TaskView.java:410)
12-23 01:15:25.569 E/AndroidRuntime(18529): ... 11 more
12-23 01:15:25.570 W/ActivityTaskManager( 1508): Force finishing activity com.android.launcher3/com.android.quickstep.RecentsActivity
12-23 01:15:25.576 W/ContextImpl( 2417): Calling a method in the system process without a qualified user: android.app.ContextImpl.startService:1816 android.content.ContextWrapper.startService:774 com.thundercomm.gamemode.ingame.services.GameModeActionUtils.startGameModeService:99 com.thundercomm.gamemode.ingame.services.GameModeActionUtils.startGameModeEntry:22 com.thundercomm.gamemode.ingame.services.ActivityMonitoringService$1.onActivityLaunch:127
12-23 01:15:25.577 I/GameModeConfig( 1508): Current uri is uri = content://com.thundercomm.gamemode.api/gamemode_settings/gamemode_isgaming
12-23 01:15:25.578 I/GameModeConfig( 1508): isGameModeOn = false
12-23 01:15:25.578 I/GameModeConfig( 1508): isGameModeOn = false
12-23 01:15:25.578 I/GameModeConfig( 1508): isDisableVoice = true
01-01 08:01:02.829 D/ ( 0): mv2112_read_status
12-23 01:15:25.582 I/ActivityManager( 1508): Process com.android.launcher3 (pid 18529) has died: vis BFGS
12-23 01:15:25.583 W/ActivityManager( 1508): Scheduling restart of crashed service com.android.launcher3/com.android.quickstep.TouchInteractionService in 1000ms for connection
01-01 08:01:02.830 D/mv2112_update_link( 0): 3.0x901(1G): 0x80
01-01 08:01:02.830 D/mv2112_update_link( 0): 3.0x8109(100M): 0x8
01-01 08:01:02.830 D/mv2112_update_link( 0): link 0x0
01-01 08:01:02.830 D/mv2112_read_status( 0): autoneg is disabled
12-23 01:15:25.586 D/CompatibilityChangeReporter( 1508): Compat change id reported: 135634846; UID 10078; state: DISABLED
12-23 01:15:25.586 D/CompatibilityChangeReporter( 1508): Compat change id reported: 177438394; UID 10078; state: DISABLED
12-23 01:15:25.586 D/CompatibilityChangeReporter( 1508): Compat change id reported: 135772972; UID 10078; state: DISABLED
12-23 01:15:25.586 D/CompatibilityChangeReporter( 1508): Compat change id reported: 135754954; UID 10078; state: ENABLED
12-23 01:15:25.586 D/CompatibilityChangeReporter( 1508): Compat change id reported: 143937733; UID 10078; state: ENABLED
12-23 01:15:25.590 I/ActivityManager( 1508): Start proc 18570:com.android.launcher3/u0a78 for service {com.android.launcher3/com.android.quickstep.TouchInteractionService}
01-01 08:01:02.844 I/binder ( 0): 18570:18570 ioctl 40046210 7fe8558544 returned -22
12-23 01:15:25.633 I/ActivityTaskManager( 1508): START u0 {act=android.intent.action.MAIN cat=[android.intent.category.DEFAULT] flg=0x10010000 cmp=com.android.launcher3/com.android.quickstep.RecentsActivity} from uid 10078
12-23 01:15:25.634 W/ActivityTaskManager( 1508): Can't find TaskDisplayArea to determine support for multi window. Task id=729 attached=false
12-23 01:15:25.636 I/ActivityTaskManager( 1508): The Process com.android.launcher3 Already Exists in BG. So sending its PID: 18570
12-23 01:15:25.642 W/ContextImpl( 2417): Calling a method in the system process without a qualified user: android.app.ContextImpl.startService:1816 android.content.ContextWrapper.startService:774 com.thundercomm.gamemode.ingame.services.GameModeActionUtils.startGameModeService:99 com.thundercomm.gamemode.ingame.services.GameModeActionUtils.startGameModeEntry:22 com.thundercomm.gamemode.ingame.services.ActivityMonitoringService$1.onActivityLaunch:127
12-23 01:15:25.643 I/GameModeConfig( 1508): Current uri is uri = content://com.thundercomm.gamemode.api/gamemode_settings/gamemode_isgaming
12-23 01:15:25.644 I/GameModeConfig( 1508): isGameModeOn = false
12-23 01:15:25.644 I/GameModeConfig( 1508): isGameModeOn = false
12-23 01:15:25.644 I/GameModeConfig( 1508): isDisableVoice = true
01-01 08:01:02.903 I/binder ( 0): 18570:18596 ioctl 40046210 7b6522c254 returned -22
12-23 01:15:25.698 E/AndroidRuntime(18570): FATAL EXCEPTION: ViewPool-init
12-23 01:15:25.698 E/AndroidRuntime(18570): Process: com.android.launcher3, PID: 18570
12-23 01:15:25.698 E/AndroidRuntime(18570): android.view.InflateException: Binary XML file line #18 in com.android.launcher3:layout/task: Binary XML file line #18 in com.android.launcher3:layout/task: Error inflating class com.android.quickstep.views.TaskView
12-23 01:15:25.698 E/AndroidRuntime(18570): Caused by: android.view.InflateException: Binary XML file line #18 in com.android.launcher3:layout/task: Error inflating class com.android.quickstep.views.TaskView
12-23 01:15:25.698 E/AndroidRuntime(18570): Caused by: java.lang.reflect.InvocationTargetException
12-23 01:15:25.698 E/AndroidRuntime(18570): at java.lang.reflect.Constructor.newInstance0(Native Method)
12-23 01:15:25.698 E/AndroidRuntime(18570): at java.lang.reflect.Constructor.newInstance(Constructor.java:343)
12-23 01:15:25.698 E/AndroidRuntime(18570): at android.view.LayoutInflater.createView(LayoutInflater.java:858)
12-23 01:15:25.698 E/AndroidRuntime(18570): at android.view.LayoutInflater.createViewFromTag(LayoutInflater.java:1010)
12-23 01:15:25.698 E/AndroidRuntime(18570): at android.view.LayoutInflater.createViewFromTag(LayoutInflater.java:965)
12-23 01:15:25.698 E/AndroidRuntime(18570): at android.view.LayoutInflater.inflate(LayoutInflater.java:663)
12-23 01:15:25.698 E/AndroidRuntime(18570): at android.view.LayoutInflater.inflate(LayoutInflater.java:538)
12-23 01:15:25.698 E/AndroidRuntime(18570): at com.android.launcher3.util.ViewPool.inflateNewView(ViewPool.java:106)
12-23 01:15:25.698 E/AndroidRuntime(18570): at com.android.launcher3.util.ViewPool.lambda$initPool$1$ViewPool(ViewPool.java:69)
12-23 01:15:25.698 E/AndroidRuntime(18570): at com.android.launcher3.util.ViewPool$$ExternalSyntheticLambda0.run(Unknown Source:8)
12-23 01:15:25.698 E/AndroidRuntime(18570): at java.lang.Thread.run(Thread.java:920)
12-23 01:15:25.698 E/AndroidRuntime(18570): Caused by: java.lang.ClassCastException: com.android.quickstep.RecentsActivity cannot be cast to com.android.launcher3.Launcher
12-23 01:15:25.698 E/AndroidRuntime(18570): at com.android.launcher3.Launcher.getLauncher(Launcher.java:3019)
12-23 01:15:25.698 E/AndroidRuntime(18570): at com.android.quickstep.views.TaskView.(TaskView.java:416)
12-23 01:15:25.698 E/AndroidRuntime(18570): at com.android.quickstep.views.TaskView.(TaskView.java:410)
12-23 01:15:25.698 E/AndroidRuntime(18570): ... 11 more
12-23 01:15:25.699 W/ActivityTaskManager( 1508): Force finishing activity com.android.launcher3/com.android.quickstep.RecentsActivity
12-23 01:15:25.705 W/ContextImpl( 2417): Calling a method in the system process without a qualified user: android.app.ContextImpl.startService:1816 android.content.ContextWrapper.startService:774 com.thundercomm.gamemode.ingame.services.GameModeActionUtils.startGameModeService:99 com.thundercomm.gamemode.ingame.services.GameModeActionUtils.startGameModeEntry:22 com.thundercomm.gamemode.ingame.services.ActivityMonitoringService$1.onActivityLaunch:127
12-23 01:15:25.707 I/GameModeConfig( 1508): Current uri is uri = content://com.thundercomm.gamemode.api/gamemode_settings/gamemode_isgaming
12-23 01:15:25.707 I/GameModeConfig( 1508): isGameModeOn = false
12-23 01:15:25.708 I/GameModeConfig( 1508): isGameModeOn = false
12-23 01:15:25.708 I/GameModeConfig( 1508): isDisableVoice = true
12-23 01:15:25.709 I/ActivityManager( 1508): Process com.android.launcher3 (pid 18570) has died: vis BFGS
12-23 01:15:25.710 W/ActivityManager( 1508): Scheduling restart of crashed service com.android.launcher3/com.android.quickstep.TouchInteractionService in 1000ms for connection
12-23 01:15:25.713 D/CompatibilityChangeReporter( 1508): Compat change id reported: 135634846; UID 10078; state: DISABLED
12-23 01:15:25.713 D/CompatibilityChangeReporter( 1508): Compat change id reported: 177438394; UID 10078; state: DISABLED
12-23 01:15:25.713 D/CompatibilityChangeReporter( 1508): Compat change id reported: 135772972; UID 10078; state: DISABLED
12-23 01:15:25.713 D/CompatibilityChangeReporter( 1508): Compat change id reported: 135754954; UID 10078; state: ENABLED
12-23 01:15:25.713 D/CompatibilityChangeReporter( 1508): Compat change id reported: 143937733; UID 10078; state: ENABLED
12-23 01:15:25.717 I/ActivityManager( 1508): Start proc 18609:com.android.launcher3/u0a78 for service {com.android.launcher3/com.android.quickstep.TouchInteractionService}
01-01 08:01:02.970 I/binder ( 0): 18609:18609 ioctl 40046210 7fe8558544 returned -22
12-23 01:15:25.759 I/ActivityTaskManager( 1508): START u0 {act=android.intent.action.MAIN cat=[android.intent.category.DEFAULT] flg=0x10010000 cmp=com.android.launcher3/com.android.quickstep.RecentsActivity} from uid 10078
12-23 01:15:25.761 W/ActivityTaskManager( 1508): Can't find TaskDisplayArea to determine support for multi window. Task id=731 attached=false
12-23 01:15:25.763 I/ActivityTaskManager( 1508): The Process com.android.launcher3 Already Exists in BG. So sending its PID: 18609
12-23 01:15:25.768 W/ContextImpl( 2417): Calling a method in the system process without a qualified user: android.app.ContextImpl.startService:1816 android.content.ContextWrapper.startService:774 com.thundercomm.gamemode.ingame.services.GameModeActionUtils.startGameModeService:99 com.thundercomm.gamemode.ingame.services.GameModeActionUtils.startGameModeEntry:22 com.thundercomm.gamemode.ingame.services.ActivityMonitoringService$1.onActivityLaunch:127
12-23 01:15:25.769 I/GameModeConfig( 1508): Current uri is uri = content://com.thundercomm.gamemode.api/gamemode_settings/gamemode_isgaming
12-23 01:15:25.770 I/GameModeConfig( 1508): isGameModeOn = false
12-23 01:15:25.770 I/GameModeConfig( 1508): isGameModeOn = false
12-23 01:15:25.770 I/GameModeConfig( 1508): isDisableVoice = true
01-01 08:01:03.030 I/binder ( 0): 18609:18636 ioctl 40046210 7b6522c254 returned -22
12-23 01:15:25.825 E/AndroidRuntime(18609): FATAL EXCEPTION: ViewPool-init
12-23 01:15:25.825 E/AndroidRuntime(18609): Process: com.android.launcher3, PID: 18609
12-23 01:15:25.825 E/AndroidRuntime(18609): android.view.InflateException: Binary XML file line #18 in com.android.launcher3:layout/task: Binary XML file line #18 in com.android.launcher3:layout/task: Error inflating class com.android.quickstep.views.TaskView
12-23 01:15:25.825 E/AndroidRuntime(18609): Caused by: android.view.InflateException: Binary XML file line #18 in com.android.launcher3:layout/task: Error inflating class com.android.quickstep.views.TaskView
12-23 01:15:25.825 E/AndroidRuntime(18609): Caused by: java.lang.reflect.InvocationTargetException
12-23 01:15:25.825 E/AndroidRuntime(18609): at java.lang.reflect.Constructor.newInstance0(Native Method)
12-23 01:15:25.825 E/AndroidRuntime(18609): at java.lang.reflect.Constructor.newInstance(Constructor.java:343)
12-23 01:15:25.825 E/AndroidRuntime(18609): at android.view.LayoutInflater.createView(LayoutInflater.java:858)
12-23 01:15:25.825 E/AndroidRuntime(18609): at android.view.LayoutInflater.createViewFromTag(LayoutInflater.java:1010)
12-23 01:15:25.825 E/AndroidRuntime(18609): at android.view.LayoutInflater.createViewFromTag(LayoutInflater.java:965)
12-23 01:15:25.825 E/AndroidRuntime(18609): at android.view.LayoutInflater.inflate(LayoutInflater.java:663)
12-23 01:15:25.825 E/AndroidRuntime(18609): at android.view.LayoutInflater.inflate(LayoutInflater.java:538)
12-23 01:15:25.825 E/AndroidRuntime(18609): at com.android.launcher3.util.ViewPool.inflateNewView(ViewPool.java:106)
12-23 01:15:25.825 E/AndroidRuntime(18609): at com.android.launcher3.util.ViewPool.lambda$initPool$1$ViewPool(ViewPool.java:69)
12-23 01:15:25.825 E/AndroidRuntime(18609): at com.android.launcher3.util.ViewPool$$ExternalSyntheticLambda0.run(Unknown Source:8)
12-23 01:15:25.825 E/AndroidRuntime(18609): at java.lang.Thread.run(Thread.java:920)
12-23 01:15:25.825 E/AndroidRuntime(18609): Caused by: java.lang.ClassCastException: com.android.quickstep.RecentsActivity cannot be cast to com.android.launcher3.Launcher
12-23 01:15:25.825 E/AndroidRuntime(18609): at com.android.launcher3.Launcher.getLauncher(Launcher.java:3019)
12-23 01:15:25.825 E/AndroidRuntime(18609): at com.android.quickstep.views.TaskView.(TaskView.java:416)
12-23 01:15:25.825 E/AndroidRuntime(18609): at com.android.quickstep.views.TaskView.(TaskView.java:410)
12-23 01:15:25.825 E/AndroidRuntime(18609): ... 11 more
12-23 01:15:25.826 W/ActivityTaskManager( 1508): Force finishing activity com.android.launcher3/com.android.quickstep.RecentsActivity
12-23 01:15:25.832 W/ContextImpl( 2417): Calling a method in the system process without a qualified user: android.app.ContextImpl.startService:1816 android.content.ContextWrapper.startService:774 com.thundercomm.gamemode.ingame.services.GameModeActionUtils.startGameModeService:99 com.thundercomm.gamemode.ingame.services.GameModeActionUtils.startGameModeEntry:22 com.thundercomm.gamemode.ingame.services.ActivityMonitoringService$1.onActivityLaunch:127
12-23 01:15:25.834 I/GameModeConfig( 1508): Current uri is uri = content://com.thundercomm.gamemode.api/gamemode_settings/gamemode_isgaming
12-23 01:15:25.835 I/ActivityManager( 1508): Process com.android.launcher3 (pid 18609) has died: vis BFGS
12-23 01:15:25.835 I/GameModeConfig( 1508): isGameModeOn = false
12-23 01:15:25.836 I/GameModeConfig( 1508): isGameModeOn = false
12-23 01:15:25.836 I/GameModeConfig( 1508): isDisableVoice = true
12-23 01:15:25.836 W/ActivityManager( 1508): Scheduling restart of crashed service com.android.launcher3/com.android.quickstep.TouchInteractionService in 1000ms for connection
12-23 01:15:25.839 D/CompatibilityChangeReporter( 1508): Compat change id reported: 135634846; UID 10078; state: DISABLED
12-23 01:15:25.839 D/CompatibilityChangeReporter( 1508): Compat change id reported: 177438394; UID 10078; state: DISABLED
12-23 01:15:25.839 D/CompatibilityChangeReporter( 1508): Compat change id reported: 135772972; UID 10078; state: DISABLED
12-23 01:15:25.839 D/CompatibilityChangeReporter( 1508): Compat change id reported: 135754954; UID 10078; state: ENABLED
12-23 01:15:25.839 D/CompatibilityChangeReporter( 1508): Compat change id reported: 143937733; UID 10078; state: ENABLED
12-23 01:15:25.844 I/ActivityManager( 1508): Start proc 18650:com.android.launcher3/u0a78 for service {com.android.launcher3/com.android.quickstep.TouchInteractionService}
01-01 08:01:03.097 I/binder ( 0): 18650:18650 ioctl 40046210 7fe8558544 returned -22
12-23 01:15:25.886 I/ActivityTaskManager( 1508): START u0 {act=android.intent.action.MAIN cat=[android.intent.category.DEFAULT] flg=0x10010000 cmp=com.android.launcher3/com.android.quickstep.RecentsActivity} from uid 10078
12-23 01:15:25.888 W/ActivityTaskManager( 1508): Can't find TaskDisplayArea to determine support for multi window. Task id=733 attached=false
12-23 01:15:25.890 I/ActivityTaskManager( 1508): The Process com.android.launcher3 Already Exists in BG. So sending its PID: 18650
12-23 01:15:25.896 W/ContextImpl( 2417): Calling a method in the system process without a qualified user: android.app.ContextImpl.startService:1816 android.content.ContextWrapper.startService:774 com.thundercomm.gamemode.ingame.services.GameModeActionUtils.startGameModeService:99 com.thundercomm.gamemode.ingame.services.GameModeActionUtils.startGameModeEntry:22 com.thundercomm.gamemode.ingame.services.ActivityMonitoringService$1.onActivityLaunch:127
12-23 01:15:25.897 I/GameModeConfig( 1508): Current uri is uri = content://com.thundercomm.gamemode.api/gamemode_settings/gamemode_isgaming
12-23 01:15:25.898 I/GameModeConfig( 1508): isGameModeOn = false
12-23 01:15:25.898 I/GameModeConfig( 1508): isGameModeOn = false
12-23 01:15:25.898 I/GameModeConfig( 1508): isDisableVoice = true
01-01 08:01:03.160 I/binder ( 0): 18650:18678 ioctl 40046210 7b66428254 returned -22
12-23 01:15:25.956 E/AndroidRuntime(18650): FATAL EXCEPTION: ViewPool-init
12-23 01:15:25.956 E/AndroidRuntime(18650): Process: com.android.launcher3, PID: 18650
12-23 01:15:25.956 E/AndroidRuntime(18650): android.view.InflateException: Binary XML file line #18 in com.android.launcher3:layout/task: Binary XML file line #18 in com.android.launcher3:layout/task: Error inflating class com.android.quickstep.views.TaskView
12-23 01:15:25.956 E/AndroidRuntime(18650): Caused by: android.view.InflateException: Binary XML file line #18 in com.android.launcher3:layout/task: Error inflating class com.android.quickstep.views.TaskView
12-23 01:15:25.956 E/AndroidRuntime(18650): Caused by: java.lang.reflect.InvocationTargetException
12-23 01:15:25.956 E/AndroidRuntime(18650): at java.lang.reflect.Constructor.newInstance0(Native Method)
12-23 01:15:25.956 E/AndroidRuntime(18650): at java.lang.reflect.Constructor.newInstance(Constructor.java:343)
12-23 01:15:25.956 E/AndroidRuntime(18650): at android.view.LayoutInflater.createView(LayoutInflater.java:858)
12-23 01:15:25.956 E/AndroidRuntime(18650): at android.view.LayoutInflater.createViewFromTag(LayoutInflater.java:1010)
12-23 01:15:25.956 E/AndroidRuntime(18650): at android.view.LayoutInflater.createViewFromTag(LayoutInflater.java:965)
12-23 01:15:25.956 E/AndroidRuntime(18650): at android.view.LayoutInflater.inflate(LayoutInflater.java:663)
12-23 01:15:25.956 E/AndroidRuntime(18650): at android.view.LayoutInflater.inflate(LayoutInflater.java:538)
12-23 01:15:25.956 E/AndroidRuntime(18650): at com.android.launcher3.util.ViewPool.inflateNewView(ViewPool.java:106)
12-23 01:15:25.956 E/AndroidRuntime(18650): at com.android.launcher3.util.ViewPool.lambda$initPool$1$ViewPool(ViewPool.java:69)
12-23 01:15:25.956 E/AndroidRuntime(18650): at com.android.launcher3.util.ViewPool$$ExternalSyntheticLambda0.run(Unknown Source:8)
12-23 01:15:25.956 E/AndroidRuntime(18650): at java.lang.Thread.run(Thread.java:920)
12-23 01:15:25.956 E/AndroidRuntime(18650): Caused by: java.lang.ClassCastException: com.android.quickstep.RecentsActivity cannot be cast to com.android.launcher3.Launcher
12-23 01:15:25.956 E/AndroidRuntime(18650): at com.android.launcher3.Launcher.getLauncher(Launcher.java:3019)
12-23 01:15:25.956 E/AndroidRuntime(18650): at com.android.quickstep.views.TaskView.(TaskView.java:416)
12-23 01:15:25.956 E/AndroidRuntime(18650): at com.android.quickstep.views.TaskView.(TaskView.java:410)
12-23 01:15:25.956 E/AndroidRuntime(18650): ... 11 more
12-23 01:15:25.957 W/ActivityTaskManager( 1508): Force finishing activity com.android.launcher3/com.android.quickstep.RecentsActivity
12-23 01:15:25.964 W/ContextImpl( 2417): Calling a method in the system process without a qualified user: android.app.ContextImpl.startService:1816 android.content.ContextWrapper.startService:774 com.thundercomm.gamemode.ingame.services.GameModeActionUtils.startGameModeService:99 com.thundercomm.gamemode.ingame.services.GameModeActionUtils.startGameModeEntry:22 com.thundercomm.gamemode.ingame.services.ActivityMonitoringService$1.onActivityLaunch:127
12-23 01:15:25.966 I/ActivityManager( 1508): Process com.android.launcher3 (pid 18650) has died: vis BFGS
12-23 01:15:25.967 I/GameModeConfig( 1508): Current uri is uri = content://com.thundercomm.gamemode.api/gamemode_settings/gamemode_isgaming
12-23 01:15:25.967 W/ActivityManager( 1508): Scheduling restart of crashed service com.android.launcher3/com.android.quickstep.TouchInteractionService in 1000ms for connection
12-23 01:15:25.968 I/GameModeConfig( 1508): isGameModeOn = false
12-23 01:15:25.968 I/GameModeConfig( 1508): isGameModeOn = false
12-23 01:15:25.968 I/GameModeConfig( 1508): isDisableVoice = true
12-23 01:15:25.970 D/CompatibilityChangeReporter( 1508): Compat change id reported: 135634846; UID 10078; state: DISABLED
12-23 01:15:25.970 D/CompatibilityChangeReporter( 1508): Compat change id reported: 177438394; UID 10078; state: DISABLED
12-23 01:15:25.971 D/CompatibilityChangeReporter( 1508): Compat change id reported: 135772972; UID 10078; state: DISABLED
12-23 01:15:25.971 D/CompatibilityChangeReporter( 1508): Compat change id reported: 135754954; UID 10078; state: ENABLED
12-23 01:15:25.971 D/CompatibilityChangeReporter( 1508): Compat change id reported: 143937733; UID 10078; state: ENABLED
12-23 01:15:25.975 I/ActivityManager( 1508): Start proc 18691:com.android.launcher3/u0a78 for service {com.android.launcher3/com.android.quickstep.TouchInteractionService}
01-01 08:01:03.229 I/binder ( 0): 18691:18691 ioctl 40046210 7fe8558544 returned -22
12-23 01:15:26.017 I/ActivityTaskManager( 1508): START u0 {act=android.intent.action.MAIN cat=[android.intent.category.DEFAULT] flg=0x10010000 cmp=com.android.launcher3/com.android.quickstep.RecentsActivity} from uid 10078
12-23 01:15:26.018 W/ActivityTaskManager( 1508): Can't find TaskDisplayArea to determine support for multi window. Task id=735 attached=false
12-23 01:15:26.021 I/ActivityTaskManager( 1508): The Process com.android.launcher3 Already Exists in BG. So sending its PID: 18691
12-23 01:15:26.026 W/ContextImpl( 2417): Calling a method in the system process without a qualified user: android.app.ContextImpl.startService:1816 android.content.ContextWrapper.startService:774 com.thundercomm.gamemode.ingame.services.GameModeActionUtils.startGameModeService:99 com.thundercomm.gamemode.ingame.services.GameModeActionUtils.startGameModeEntry:22 com.thundercomm.gamemode.ingame.services.ActivityMonitoringService$1.onActivityLaunch:127
12-23 01:15:26.028 I/GameModeConfig( 1508): Current uri is uri = content://com.thundercomm.gamemode.api/gamemode_settings/gamemode_isgaming
12-23 01:15:26.028 I/GameModeConfig( 1508): isGameModeOn = false
12-23 01:15:26.028 I/GameModeConfig( 1508): isGameModeOn = false
12-23 01:15:26.028 I/GameModeConfig( 1508): isDisableVoice = true
01-01 08:01:03.289 I/binder ( 0): 18691:18720 ioctl 40046210 7b65332254 returned -22
12-23 01:15:26.084 E/AndroidRuntime(18691): FATAL EXCEPTION: ViewPool-init
12-23 01:15:26.084 E/AndroidRuntime(18691): Process: com.android.launcher3, PID: 18691
12-23 01:15:26.084 E/AndroidRuntime(18691): android.view.InflateException: Binary XML file line #18 in com.android.launcher3:layout/task: Binary XML file line #18 in com.android.launcher3:layout/task: Error inflating class com.android.quickstep.views.TaskView
12-23 01:15:26.084 E/AndroidRuntime(18691): Caused by: android.view.InflateException: Binary XML file line #18 in com.android.launcher3:layout/task: Error inflating class com.android.quickstep.views.TaskView
12-23 01:15:26.084 E/AndroidRuntime(18691): Caused by: java.lang.reflect.InvocationTargetException
12-23 01:15:26.084 E/AndroidRuntime(18691): at java.lang.reflect.Constructor.newInstance0(Native Method)
12-23 01:15:26.084 E/AndroidRuntime(18691): at java.lang.reflect.Constructor.newInstance(Constructor.java:343)
12-23 01:15:26.084 E/AndroidRuntime(18691): at android.view.LayoutInflater.createView(LayoutInflater.java:858)
12-23 01:15:26.084 E/AndroidRuntime(18691): at android.view.LayoutInflater.createViewFromTag(LayoutInflater.java:1010)
12-23 01:15:26.084 E/AndroidRuntime(18691): at android.view.LayoutInflater.createViewFromTag(LayoutInflater.java:965)
12-23 01:15:26.084 E/AndroidRuntime(18691): at android.view.LayoutInflater.inflate(LayoutInflater.java:663)
12-23 01:15:26.084 E/AndroidRuntime(18691): at android.view.LayoutInflater.inflate(LayoutInflater.java:538)
12-23 01:15:26.084 E/AndroidRuntime(18691): at com.android.launcher3.util.ViewPool.inflateNewView(ViewPool.java:106)
12-23 01:15:26.084 E/AndroidRuntime(18691): at com.android.launcher3.util.ViewPool.lambda$initPool$1$ViewPool(ViewPool.java:69)
12-23 01:15:26.084 E/AndroidRuntime(18691): at com.android.launcher3.util.ViewPool$$ExternalSyntheticLambda0.run(Unknown Source:8)
12-23 01:15:26.084 E/AndroidRuntime(18691): at java.lang.Thread.run(Thread.java:920)
12-23 01:15:26.084 E/AndroidRuntime(18691): Caused by: java.lang.ClassCastException: com.android.quickstep.RecentsActivity cannot be cast to com.android.launcher3.Launcher
12-23 01:15:26.084 E/AndroidRuntime(18691): at com.android.launcher3.Launcher.getLauncher(Launcher.java:3019)
12-23 01:15:26.084 E/AndroidRuntime(18691): at com.android.quickstep.views.TaskView.(TaskView.java:416)
12-23 01:15:26.084 E/AndroidRuntime(18691): at com.android.quickstep.views.TaskView.(TaskView.java:410)
12-23 01:15:26.084 E/AndroidRuntime(18691): ... 11 more
12-23 01:15:26.085 W/ActivityTaskManager( 1508): Force finishing activity com.android.launcher3/com.android.quickstep.RecentsActivity
12-23 01:15:26.092 W/ContextImpl( 2417): Calling a method in the system process without a qualified user: android.app.ContextImpl.startService:1816 android.content.ContextWrapper.startService:774 com.thundercomm.gamemode.ingame.services.GameModeActionUtils.startGameModeService:99 com.thundercomm.gamemode.ingame.services.GameModeActionUtils.startGameModeEntry:22 com.thundercomm.gamemode.ingame.services.ActivityMonitoringService$1.onActivityLaunch:127
12-23 01:15:26.094 I/ActivityManager( 1508): Process com.android.launcher3 (pid 18691) has died: vis BFGS
12-23 01:15:26.095 I/GameModeConfig( 1508): Current uri is uri = content://com.thundercomm.gamemode.api/gamemode_settings/gamemode_isgaming
12-23 01:15:26.095 W/ActivityManager( 1508): Scheduling restart of crashed service com.android.launcher3/com.android.quickstep.TouchInteractionService in 1000ms for connection
12-23 01:15:26.095 I/GameModeConfig( 1508): isGameModeOn = false
12-23 01:15:26.096 I/GameModeConfig( 1508): isGameModeOn = false
12-23 01:15:26.096 I/GameModeConfig( 1508): isDisableVoice = true
12-23 01:15:26.099 D/CompatibilityChangeReporter( 1508): Compat change id reported: 135634846; UID 10078; state: DISABLED
12-23 01:15:26.099 D/CompatibilityChangeReporter( 1508): Compat change id reported: 177438394; UID 10078; state: DISABLED
12-23 01:15:26.099 D/CompatibilityChangeReporter( 1508): Compat change id reported: 135772972; UID 10078; state: DISABLED
12-23 01:15:26.099 D/CompatibilityChangeReporter( 1508): Compat change id reported: 135754954; UID 10078; state: ENABLED
12-23 01:15:26.099 D/CompatibilityChangeReporter( 1508): Compat change id reported: 143937733; UID 10078; state: ENABLED
12-23 01:15:26.103 I/ActivityManager( 1508): Start proc 18733:com.android.launcher3/u0a78 for service {com.android.launcher3/com.android.quickstep.TouchInteractionService}
01-01 08:01:03.357 I/binder ( 0): 18733:18733 ioctl 40046210 7fe8558544 returned -22
12-23 01:15:26.147 I/ActivityTaskManager( 1508): START u0 {act=android.intent.action.MAIN cat=[android.intent.category.DEFAULT] flg=0x10010000 cmp=com.android.launcher3/com.android.quickstep.RecentsActivity} from uid 10078
12-23 01:15:26.148 W/ActivityTaskManager( 1508): Can't find TaskDisplayArea to determine support for multi window. Task id=737 attached=false
12-23 01:15:26.150 I/ActivityTaskManager( 1508): The Process com.android.launcher3 Already Exists in BG. So sending its PID: 18733
12-23 01:15:26.155 W/ContextImpl( 2417): Calling a method in the system process without a qualified user: android.app.ContextImpl.startService:1816 android.content.ContextWrapper.startService:774 com.thundercomm.gamemode.ingame.services.GameModeActionUtils.startGameModeService:99 com.thundercomm.gamemode.ingame.services.GameModeActionUtils.startGameModeEntry:22 com.thundercomm.gamemode.ingame.services.ActivityMonitoringService$1.onActivityLaunch:127
12-23 01:15:26.156 I/GameModeConfig( 1508): Current uri is uri = content://com.thundercomm.gamemode.api/gamemode_settings/gamemode_isgaming
12-23 01:15:26.157 I/GameModeConfig( 1508): isGameModeOn = false
12-23 01:15:26.157 I/GameModeConfig( 1508): isGameModeOn = false
12-23 01:15:26.157 I/GameModeConfig( 1508): isDisableVoice = true
01-01 08:01:03.417 I/binder ( 0): 18733:18758 ioctl 40046210 7b66430254 returned -22
12-23 01:15:26.212 E/AndroidRuntime(18733): FATAL EXCEPTION: ViewPool-init
12-23 01:15:26.212 E/AndroidRuntime(18733): Process: com.android.launcher3, PID: 18733
12-23 01:15:26.212 E/AndroidRuntime(18733): android.view.InflateException: Binary XML file line #18 in com.android.launcher3:layout/task: Binary XML file line #18 in com.android.launcher3:layout/task: Error inflating class com.android.quickstep.views.TaskView
12-23 01:15:26.212 E/AndroidRuntime(18733): Caused by: android.view.InflateException: Binary XML file line #18 in com.android.launcher3:layout/task: Error inflating class com.android.quickstep.views.TaskView
12-23 01:15:26.212 E/AndroidRuntime(18733): Caused by: java.lang.reflect.InvocationTargetException
12-23 01:15:26.212 E/AndroidRuntime(18733): at java.lang.reflect.Constructor.newInstance0(Native Method)
12-23 01:15:26.212 E/AndroidRuntime(18733): at java.lang.reflect.Constructor.newInstance(Constructor.java:343)
12-23 01:15:26.212 E/AndroidRuntime(18733): at android.view.LayoutInflater.createView(LayoutInflater.java:858)
12-23 01:15:26.212 E/AndroidRuntime(18733): at android.view.LayoutInflater.createViewFromTag(LayoutInflater.java:1010)
12-23 01:15:26.212 E/AndroidRuntime(18733): at android.view.LayoutInflater.createViewFromTag(LayoutInflater.java:965)
12-23 01:15:26.212 E/AndroidRuntime(18733): at android.view.LayoutInflater.inflate(LayoutInflater.java:663)
12-23 01:15:26.212 E/AndroidRuntime(18733): at android.view.LayoutInflater.inflate(LayoutInflater.java:538)
12-23 01:15:26.212 E/AndroidRuntime(18733): at com.android.launcher3.util.ViewPool.inflateNewView(ViewPool.java:106)
12-23 01:15:26.212 E/AndroidRuntime(18733): at com.android.launcher3.util.ViewPool.lambda$initPool$1$ViewPool(ViewPool.java:69)
12-23 01:15:26.212 E/AndroidRuntime(18733): at com.android.launcher3.util.ViewPool$$ExternalSyntheticLambda0.run(Unknown Source:8)
12-23 01:15:26.212 E/AndroidRuntime(18733): at java.lang.Thread.run(Thread.java:920)
12-23 01:15:26.212 E/AndroidRuntime(18733): Caused by: java.lang.ClassCastException: com.android.quickstep.RecentsActivity cannot be cast to com.android.launcher3.Launcher
12-23 01:15:26.212 E/AndroidRuntime(18733): at com.android.launcher3.Launcher.getLauncher(Launcher.java:3019)
12-23 01:15:26.212 E/AndroidRuntime(18733): at com.android.quickstep.views.TaskView.(TaskView.java:416)
12-23 01:15:26.212 E/AndroidRuntime(18733): at com.android.quickstep.views.TaskView.(TaskView.java:410)
12-23 01:15:26.212 E/AndroidRuntime(18733): ... 11 more
12-23 01:15:26.213 W/ActivityTaskManager( 1508): Force finishing activity com.android.launcher3/com.android.quickstep.RecentsActivity --------- beginning of events
12-23 01:15:26.215 I/sysui_multi_action( 1508): [757,316,758,4,759,-1]
12-23 01:15:26.219 W/ContextImpl( 2417): Calling a method in the system process without a qualified user: android.app.ContextImpl.startService:1816 android.content.ContextWrapper.startService:774 com.thundercomm.gamemode.ingame.services.GameModeActionUtils.startGameModeService:99 com.thundercomm.gamemode.ingame.services.GameModeActionUtils.startGameModeEntry:22 com.thundercomm.gamemode.ingame.services.ActivityMonitoringService$1.onActivityLaunch:127
12-23 01:15:26.221 I/GameModeConfig( 1508): Current uri is uri = content://com.thundercomm.gamemode.api/gamemode_settings/gamemode_isgaming
12-23 01:15:26.222 I/ActivityManager( 1508): Process com.android.launcher3 (pid 18733) has died: vis BFGS
12-23 01:15:26.222 I/am_proc_died( 1508): [0,18733,com.android.launcher3,100,5]
12-23 01:15:26.222 W/ActivityManager( 1508): Scheduling restart of crashed service com.android.launcher3/com.android.quickstep.TouchInteractionService in 1000ms for connection
12-23 01:15:26.222 I/am_schedule_service_restart( 1508): [0,com.android.launcher3/com.android.quickstep.TouchInteractionService,1000]
12-23 01:15:26.222 I/am_uid_stopped( 1508): 10078
12-23 01:15:26.223 I/GameModeConfig( 1508): isGameModeOn = false
12-23 01:15:26.223 I/GameModeConfig( 1508): isGameModeOn = false
12-23 01:15:26.223 I/GameModeConfig( 1508): isDisableVoice = true
12-23 01:15:26.224 I/wm_task_removed( 1508): [738,cleanUpResourcesForDestroy]
12-23 01:15:26.224 I/wm_task_removed( 1508): [737,removeChild:removeChild last r=Task{7e7a3f6 #738 type=recents I=com.android.launcher3/com.android.quickstep.RecentsActivity U=0 visible=false mode=fullscreen translucent=true sz=0} in t=Task{82c5264 #737 type=recents ?? U=0 visible=false mode=fullscreen translucent=true sz=0}]
12-23 01:15:26.224 I/wm_task_removed( 1508): [737,removeChild]
12-23 01:15:26.224 I/wm_task_removed( 1508): [738,removeChild:removeChild last r=ActivityRecord{8297434 u0 com.android.launcher3/com.android.quickstep.RecentsActivity t-1 f}} in t=Task{7e7a3f6 #738 type=recents I=com.android.launcher3/com.android.quickstep.RecentsActivity U=0 visible=false mode=fullscreen translucent=true sz=0}]
12-23 01:15:26.224 I/wm_task_removed( 1508): [738,removeChild]
12-23 01:15:26.226 I/am_uid_running( 1508): 10078
12-23 01:15:26.226 D/CompatibilityChangeReporter( 1508): Compat change id reported: 135634846; UID 10078; state: DISABLED
12-23 01:15:26.226 D/CompatibilityChangeReporter( 1508): Compat change id reported: 177438394; UID 10078; state: DISABLED
12-23 01:15:26.226 D/CompatibilityChangeReporter( 1508): Compat change id reported: 135772972; UID 10078; state: DISABLED
12-23 01:15:26.226 D/CompatibilityChangeReporter( 1508): Compat change id reported: 135754954; UID 10078; state: ENABLED
12-23 01:15:26.226 D/CompatibilityChangeReporter( 1508): Compat change id reported: 143937733; UID 10078; state: ENABLED
12-23 01:15:26.230 I/am_proc_start( 1508): [0,18772,10078,com.android.launcher3,service,{com.android.launcher3/com.android.quickstep.TouchInteractionService}]
12-23 01:15:26.230 I/ActivityManager( 1508): Start proc 18772:com.android.launcher3/u0a78 for service {com.android.launcher3/com.android.quickstep.TouchInteractionService}
01-01 08:01:03.484 I/binder ( 0): 18772:18772 ioctl 40046210 7fe8558544 returned -22
12-23 01:15:26.238 I/am_proc_bound( 1508): [0,18772,com.android.launcher3]
12-23 01:15:26.238 I/am_uid_active( 1508): 10078
12-23 01:15:26.272 I/ActivityTaskManager( 1508): START u0 {act=android.intent.action.MAIN cat=[android.intent.category.DEFAULT] flg=0x10010000 cmp=com.android.launcher3/com.android.quickstep.RecentsActivity} from uid 10078
12-23 01:15:26.274 I/wm_task_created( 1508): [739,-1]
12-23 01:15:26.274 W/ActivityTaskManager( 1508): Can't find TaskDisplayArea to determine support for multi window. Task id=739 attached=false
12-23 01:15:26.275 I/wm_task_created( 1508): [740,-1]
12-23 01:15:26.275 I/wm_task_moved( 1508): [740,0,-2147483648]
12-23 01:15:26.276 I/wm_create_task( 1508): [0,740]
12-23 01:15:26.276 I/wm_create_activity( 1508): [0,214817864,740,com.android.launcher3/com.android.quickstep.RecentsActivity,android.intent.action.MAIN,NULL,NULL,276889600]
12-23 01:15:26.276 I/ActivityTaskManager( 1508): The Process com.android.launcher3 Already Exists in BG. So sending its PID: 18772
12-23 01:15:26.277 I/wm_restart_activity( 1508): [0,214817864,740,com.android.launcher3/com.android.quickstep.RecentsActivity]
12-23 01:15:26.277 I/wm_add_to_stopping( 1508): [0,214817864,com.android.launcher3/com.android.quickstep.RecentsActivity,preloadRecents]
12-23 01:15:26.283 W/ContextImpl( 2417): Calling a method in the system process without a qualified user: android.app.ContextImpl.startService:1816 android.content.ContextWrapper.startService:774 com.thundercomm.gamemode.ingame.services.GameModeActionUtils.startGameModeService:99 com.thundercomm.gamemode.ingame.services.GameModeActionUtils.startGameModeEntry:22 com.thundercomm.gamemode.ingame.services.ActivityMonitoringService$1.onActivityLaunch:127
12-23 01:15:26.284 I/GameModeConfig( 1508): Current uri is uri = content://com.thundercomm.gamemode.api/gamemode_settings/gamemode_isgaming
12-23 01:15:26.285 I/GameModeConfig( 1508): isGameModeOn = false
12-23 01:15:26.285 I/GameModeConfig( 1508): isGameModeOn = false
12-23 01:15:26.285 I/GameModeConfig( 1508): isDisableVoice = true
01-01 08:01:03.544 I/binder ( 0): 18772:18800 ioctl 40046210 7b6532a254 returned -22
12-23 01:15:26.340 E/AndroidRuntime(18772): FATAL EXCEPTION: ViewPool-init
12-23 01:15:26.340 E/AndroidRuntime(18772): Process: com.android.launcher3, PID: 18772
12-23 01:15:26.340 E/AndroidRuntime(18772): android.view.InflateException: Binary XML file line #18 in com.android.launcher3:layout/task: Binary XML file line #18 in com.android.launcher3:layout/task: Error inflating class com.android.quickstep.views.TaskView
12-23 01:15:26.340 E/AndroidRuntime(18772): Caused by: android.view.InflateException: Binary XML file line #18 in com.android.launcher3:layout/task: Error inflating class com.android.quickstep.views.TaskView
12-23 01:15:26.340 E/AndroidRuntime(18772): Caused by: java.lang.reflect.InvocationTargetException
12-23 01:15:26.340 E/AndroidRuntime(18772): at java.lang.reflect.Constructor.newInstance0(Native Method)
12-23 01:15:26.340 E/AndroidRuntime(18772): at java.lang.reflect.Constructor.newInstance(Constructor.java:343)
12-23 01:15:26.340 E/AndroidRuntime(18772): at android.view.LayoutInflater.createView(LayoutInflater.java:858)
12-23 01:15:26.340 E/AndroidRuntime(18772): at android.view.LayoutInflater.createViewFromTag(LayoutInflater.java:1010)
12-23 01:15:26.340 E/AndroidRuntime(18772): at android.view.LayoutInflater.createViewFromTag(LayoutInflater.java:965)
12-23 01:15:26.340 E/AndroidRuntime(18772): at android.view.LayoutInflater.inflate(LayoutInflater.java:663)
12-23 01:15:26.340 E/AndroidRuntime(18772): at android.view.LayoutInflater.inflate(LayoutInflater.java:538)
12-23 01:15:26.340 E/AndroidRuntime(18772): at com.android.launcher3.util.ViewPool.inflateNewView(ViewPool.java:106)
12-23 01:15:26.340 E/AndroidRuntime(18772): at com.android.launcher3.util.ViewPool.lambda$initPool$1$ViewPool(ViewPool.java:69)
12-23 01:15:26.340 E/AndroidRuntime(18772): at com.android.launcher3.util.ViewPool$$ExternalSyntheticLambda0.run(Unknown Source:8)
12-23 01:15:26.340 E/AndroidRuntime(18772): at java.lang.Thread.run(Thread.java:920)
12-23 01:15:26.340 E/AndroidRuntime(18772): Caused by: java.lang.ClassCastException: com.android.quickstep.RecentsActivity cannot be cast to com.android.launcher3.Launcher
12-23 01:15:26.340 E/AndroidRuntime(18772): at com.android.launcher3.Launcher.getLauncher(Launcher.java:3019)
12-23 01:15:26.340 E/AndroidRuntime(18772): at com.android.quickstep.views.TaskView.(TaskView.java:416)
12-23 01:15:26.340 E/AndroidRuntime(18772): at com.android.quickstep.views.TaskView.(TaskView.java:410)
12-23 01:15:26.340 E/AndroidRuntime(18772): ... 11 more
12-23 01:15:26.340 I/am_crash( 1508): [18772,0,com.android.launcher3,617332293,java.lang.ClassCastException,com.android.quickstep.RecentsActivity cannot be cast to com.android.launcher3.Launcher,Launcher.java,3019]
12-23 01:15:26.341 I/DropBoxManagerService( 1508): add tag=system_app_crash isTagEnabled=true flags=0x2
12-23 01:15:26.341 W/ActivityTaskManager( 1508): Force finishing activity com.android.launcher3/com.android.quickstep.RecentsActivity
12-23 01:15:26.341 I/wm_finish_activity( 1508): [0,214817864,740,com.android.launcher3/com.android.quickstep.RecentsActivity,force-crash]
12-23 01:15:26.341 I/wm_destroy_activity( 1508): [0,214817864,740,com.android.launcher3/com.android.quickstep.RecentsActivity,finish-imm:finishIfPossible]
12-23 01:15:26.343 I/sysui_multi_action( 1508): [757,316,758,4,759,-1]
12-23 01:15:26.347 W/ContextImpl( 2417): Calling a method in the system process without a qualified user: android.app.ContextImpl.startService:1816 android.content.ContextWrapper.startService:774 com.thundercomm.gamemode.ingame.services.GameModeActionUtils.startGameModeService:99 com.thundercomm.gamemode.ingame.services.GameModeActionUtils.startGameModeEntry:22 com.thundercomm.gamemode.ingame.services.ActivityMonitoringService$1.onActivityLaunch:127
12-23 01:15:26.348 I/GameModeConfig( 1508): Current uri is uri = content://com.thundercomm.gamemode.api/gamemode_settings/gamemode_isgaming
12-23 01:15:26.349 I/GameModeConfig( 1508): isGameModeOn = false
12-23 01:15:26.349 I/GameModeConfig( 1508): isGameModeOn = false
12-23 01:15:26.349 I/GameModeConfig( 1508): isDisableVoice = true
12-23 01:15:26.350 I/ActivityManager( 1508): Process com.android.launcher3 (pid 18772) has died: vis BFGS
12-23 01:15:26.350 I/am_proc_died( 1508): [0,18772,com.android.launcher3,100,5]
12-23 01:15:26.350 W/ActivityManager( 1508): Scheduling restart of crashed service com.android.launcher3/com.android.quickstep.TouchInteractionService in 1000ms for connection
12-23 01:15:26.350 I/am_schedule_service_restart( 1508): [0,com.android.launcher3/com.android.quickstep.TouchInteractionService,1000]
12-23 01:15:26.351 I/am_uid_stopped( 1508): 10078
12-23 01:15:26.351 I/wm_task_removed( 1508): [740,cleanUpResourcesForDestroy]
12-23 01:15:26.351 I/wm_task_removed( 1508): [739,removeChild:removeChild last r=Task{7d4e778 #740 type=recents I=com.android.launcher3/com.android.quickstep.RecentsActivity U=0 visible=false mode=fullscreen translucent=true sz=0} in t=Task{75d36b6 #739 type=recents ?? U=0 visible=false mode=fullscreen translucent=true sz=0}]
12-23 01:15:26.351 I/wm_task_removed( 1508): [739,removeChild]
12-23 01:15:26.351 I/wm_task_removed( 1508): [740,removeChild:removeChild last r=ActivityRecord{ccddc48 u0 com.android.launcher3/com.android.quickstep.RecentsActivity t-1 f}} in t=Task{7d4e778 #740 type=recents I=com.android.launcher3/com.android.quickstep.RecentsActivity U=0 visible=false mode=fullscreen translucent=true sz=0}]
12-23 01:15:26.351 I/wm_task_removed( 1508): [740,removeChild]
12-23 01:15:26.353 I/am_uid_running( 1508): 10078
12-23 01:15:26.354 D/CompatibilityChangeReporter( 1508): Compat change id reported: 135634846; UID 10078; state: DISABLED
12-23 01:15:26.354 D/CompatibilityChangeReporter( 1508): Compat change id reported: 177438394; UID 10078; state: DISABLED
12-23 01:15:26.354 D/CompatibilityChangeReporter( 1508): Compat change id reported: 135772972; UID 10078; state: DISABLED
12-23 01:15:26.354 D/CompatibilityChangeReporter( 1508): Compat change id reported: 135754954; UID 10078; state: ENABLED
12-23 01:15:26.354 D/CompatibilityChangeReporter( 1508): Compat change id reported: 143937733; UID 10078; state: ENABLED
12-23 01:15:26.358 I/am_proc_start( 1508): [0,18814,10078,com.android.launcher3,service,{com.android.launcher3/com.android.quickstep.TouchInteractionService}]
12-23 01:15:26.358 I/ActivityManager( 1508): Start proc 18814:com.android.launcher3/u0a78 for service {com.android.launcher3/com.android.quickstep.TouchInteractionService}
01-01 08:01:03.612 I/binder ( 0): 18814:18814 ioctl 40046210 7fe8558544 returned -22
12-23 01:15:26.366 I/am_proc_bound( 1508): [0,18814,com.android.launcher3]
12-23 01:15:26.367 I/am_uid_active( 1508): 10078
12-23 01:15:26.400 I/ActivityTaskManager( 1508): START u0 {act=android.intent.action.MAIN cat=[android.intent.category.DEFAULT] flg=0x10010000 cmp=com.android.launcher3/com.android.quickstep.RecentsActivity} from uid 10078
12-23 01:15:26.402 I/wm_task_created( 1508): [741,-1]
12-23 01:15:26.402 W/ActivityTaskManager( 1508): Can't find TaskDisplayArea to determine support for multi window. Task id=741 attached=false
12-23 01:15:26.402 I/wm_task_created( 1508): [742,-1]
12-23 01:15:26.403 I/wm_task_moved( 1508): [742,0,-2147483648]
12-23 01:15:26.403 I/wm_create_task( 1508): [0,742]
12-23 01:15:26.403 I/wm_create_activity( 1508): [0,150140709,742,com.android.launcher3/com.android.quickstep.RecentsActivity,android.intent.action.MAIN,NULL,NULL,276889600]
12-23 01:15:26.404 I/ActivityTaskManager( 1508): The Process com.android.launcher3 Already Exists in BG. So sending its PID: 18814
12-23 01:15:26.404 I/wm_restart_activity( 1508): [0,150140709,742,com.android.launcher3/com.android.quickstep.RecentsActivity]
12-23 01:15:26.405 I/wm_add_to_stopping( 1508): [0,150140709,com.android.launcher3/com.android.quickstep.RecentsActivity,preloadRecents]
12-23 01:15:26.409 W/ContextImpl( 2417): Calling a method in the system process without a qualified user: android.app.ContextImpl.startService:1816 android.content.ContextWrapper.startService:774 com.thundercomm.gamemode.ingame.services.GameModeActionUtils.startGameModeService:99 com.thundercomm.gamemode.ingame.services.GameModeActionUtils.startGameModeEntry:22 com.thundercomm.gamemode.ingame.services.ActivityMonitoringService$1.onActivityLaunch:127
12-23 01:15:26.411 I/GameModeConfig( 1508): Current uri is uri = content://com.thundercomm.gamemode.api/gamemode_settings/gamemode_isgaming
12-23 01:15:26.412 I/GameModeConfig( 1508): isGameModeOn = false
12-23 01:15:26.412 I/GameModeConfig( 1508): isGameModeOn = false
12-23 01:15:26.412 I/GameModeConfig( 1508): isDisableVoice = true
01-01 08:01:03.673 I/binder ( 0): 18814:18840 ioctl 40046210 7b66428254 returned -22
12-23 01:15:26.469 E/AndroidRuntime(18814): FATAL EXCEPTION: ViewPool-init
12-23 01:15:26.469 E/AndroidRuntime(18814): Process: com.android.launcher3, PID: 18814
12-23 01:15:26.469 E/AndroidRuntime(18814): android.view.InflateException: Binary XML file line #18 in com.android.launcher3:layout/task: Binary XML file line #18 in com.android.launcher3:layout/task: Error inflating class com.android.quickstep.views.TaskView
12-23 01:15:26.469 E/AndroidRuntime(18814): Caused by: android.view.InflateException: Binary XML file line #18 in com.android.launcher3:layout/task: Error inflating class com.android.quickstep.views.TaskView
12-23 01:15:26.469 E/AndroidRuntime(18814): Caused by: java.lang.reflect.InvocationTargetException
12-23 01:15:26.469 E/AndroidRuntime(18814): at java.lang.reflect.Constructor.newInstance0(Native Method)
12-23 01:15:26.469 E/AndroidRuntime(18814): at java.lang.reflect.Constructor.newInstance(Constructor.java:343)
12-23 01:15:26.469 E/AndroidRuntime(18814): at android.view.LayoutInflater.createView(LayoutInflater.java:858)
12-23 01:15:26.469 E/AndroidRuntime(18814): at android.view.LayoutInflater.createViewFromTag(LayoutInflater.java:1010)
12-23 01:15:26.469 E/AndroidRuntime(18814): at android.view.LayoutInflater.createViewFromTag(LayoutInflater.java:965)
12-23 01:15:26.469 E/AndroidRuntime(18814): at android.view.LayoutInflater.inflate(LayoutInflater.java:663)
12-23 01:15:26.469 E/AndroidRuntime(18814): at android.view.LayoutInflater.inflate(LayoutInflater.java:538)
12-23 01:15:26.469 E/AndroidRuntime(18814): at com.android.launcher3.util.ViewPool.inflateNewView(ViewPool.java:106)
12-23 01:15:26.469 E/AndroidRuntime(18814): at com.android.launcher3.util.ViewPool.lambda$initPool$1$ViewPool(ViewPool.java:69)
12-23 01:15:26.469 E/AndroidRuntime(18814): at com.android.launcher3.util.ViewPool$$ExternalSyntheticLambda0.run(Unknown Source:8)
12-23 01:15:26.469 E/AndroidRuntime(18814): at java.lang.Thread.run(Thread.java:920)
