12-23 01:15:29.427 E/AndroidRuntime(19751): android.view.InflateException: Binary XML file line #18 in com.android.launcher3:layout/task: Binary XML file line #18 in com.android.launcher3:layout/task: Error inflating class com.android.quickstep.views.TaskView
12-23 01:15:29.427 E/AndroidRuntime(19751): Caused by: android.view.InflateException: Binary XML file line #18 in com.android.launcher3:layout/task: Error inflating class com.android.quickstep.views.TaskView
12-23 01:15:29.427 E/AndroidRuntime(19751): Caused by: java.lang.reflect.InvocationTargetException
12-23 01:15:29.427 E/AndroidRuntime(19751): at java.lang.reflect.Constructor.newInstance0(Native Method)
12-23 01:15:29.427 E/AndroidRuntime(19751): at java.lang.reflect.Constructor.newInstance(Constructor.java:343)
12-23 01:15:29.427 E/AndroidRuntime(19751): at android.view.LayoutInflater.createView(LayoutInflater.java:858)
12-23 01:15:29.427 E/AndroidRuntime(19751): at android.view.LayoutInflater.createViewFromTag(LayoutInflater.java:1010)
12-23 01:15:29.427 E/AndroidRuntime(19751): at android.view.LayoutInflater.createViewFromTag(LayoutInflater.java:965)
12-23 01:15:29.427 E/AndroidRuntime(19751): at android.view.LayoutInflater.inflate(LayoutInflater.java:663)
12-23 01:15:29.427 E/AndroidRuntime(19751): at android.view.LayoutInflater.inflate(LayoutInflater.java:538)
12-23 01:15:29.427 E/AndroidRuntime(19751): at com.android.launcher3.util.ViewPool.inflateNewView(ViewPool.java:106)
12-23 01:15:29.427 E/AndroidRuntime(19751): at com.android.launcher3.util.ViewPool.lambda$initPool$1$ViewPool(ViewPool.java:69)
12-23 01:15:29.427 E/AndroidRuntime(19751): at com.android.launcher3.util.ViewPool$$ExternalSyntheticLambda0.run(Unknown Source:8)
12-23 01:15:29.427 E/AndroidRuntime(19751): at java.lang.Thread.run(Thread.java:920)
12-23 01:15:29.427 E/AndroidRuntime(19751): Caused by: java.lang.ClassCastException: com.android.quickstep.RecentsActivity cannot be cast to com.android.launcher3.Launcher
12-23 01:15:29.427 E/AndroidRuntime(19751): at com.android.launcher3.Launcher.getLauncher(Launcher.java:3019)
12-23 01:15:29.427 E/AndroidRuntime(19751): at com.android.quickstep.views.TaskView.(TaskView.java:416)
12-23 01:15:29.427 E/AndroidRuntime(19751): at com.android.quickstep.views.TaskView.(TaskView.java:410)
12-23 01:15:29.427 E/AndroidRuntime(19751): ... 11 more
12-23 01:15:29.427 I/am_crash( 1508): [19751,0,com.android.launcher3,617332293,java.lang.ClassCastException,com.android.quickstep.RecentsActivity cannot be cast to com.android.launcher3.Launcher,Launcher.java,3019]
12-23 01:15:29.428 W/ActivityTaskManager( 1508): Force finishing activity com.android.launcher3/com.android.quickstep.RecentsActivity
12-23 01:15:29.428 I/wm_finish_activity( 1508): [0,182817590,788,com.android.launcher3/com.android.quickstep.RecentsActivity,force-crash]
12-23 01:15:29.428 I/wm_destroy_activity( 1508): [0,182817590,788,com.android.launcher3/com.android.quickstep.RecentsActivity,finish-imm:finishIfPossible]
12-23 01:15:29.430 I/sysui_multi_action( 1508): [757,316,758,4,759,-1]
12-23 01:15:29.433 W/ContextImpl( 2417): Calling a method in the system process without a qualified user: android.app.ContextImpl.startService:1816 android.content.ContextWrapper.startService:774 com.thundercomm.gamemode.ingame.services.GameModeActionUtils.startGameModeService:99 com.thundercomm.gamemode.ingame.services.GameModeActionUtils.startGameModeEntry:22 com.thundercomm.gamemode.ingame.services.ActivityMonitoringService$1.onActivityLaunch:127
12-23 01:15:29.435 I/GameModeConfig( 1508): Current uri is uri = content://com.thundercomm.gamemode.api/gamemode_settings/gamemode_isgaming
12-23 01:15:29.436 I/GameModeConfig( 1508): isGameModeOn = false
12-23 01:15:29.436 I/GameModeConfig( 1508): isGameModeOn = false
12-23 01:15:29.436 I/GameModeConfig( 1508): isDisableVoice = true
01-01 08:01:06.686 I/binder ( 0): undelivered transaction 479439, process died.
12-23 01:15:29.438 I/ActivityManager( 1508): Process com.android.launcher3 (pid 19751) has died: vis BFGS
12-23 01:15:29.438 I/am_proc_died( 1508): [0,19751,com.android.launcher3,100,5]
12-23 01:15:29.438 W/ActivityManager( 1508): Scheduling restart of crashed service com.android.launcher3/com.android.quickstep.TouchInteractionService in 1000ms for connection
12-23 01:15:29.438 I/am_schedule_service_restart( 1508): [0,com.android.launcher3/com.android.quickstep.TouchInteractionService,1000]
12-23 01:15:29.439 I/am_uid_stopped( 1508): 10078
12-23 01:15:29.439 I/wm_task_removed( 1508): [788,cleanUpResourcesForDestroy]
12-23 01:15:29.439 I/wm_task_removed( 1508): [787,removeChild:removeChild last r=Task{fc52728 #788 type=recents I=com.android.launcher3/com.android.quickstep.RecentsActivity U=0 visible=false mode=fullscreen translucent=true sz=0} in t=Task{c9735e6 #787 type=recents ?? U=0 visible=false mode=fullscreen translucent=true sz=0}]
12-23 01:15:29.439 I/wm_task_removed( 1508): [787,removeChild]
12-23 01:15:29.439 I/wm_task_removed( 1508): [788,removeChild:removeChild last r=ActivityRecord{ae59336 u0 com.android.launcher3/com.android.quickstep.RecentsActivity t-1 f}} in t=Task{fc52728 #788 type=recents I=com.android.launcher3/com.android.quickstep.RecentsActivity U=0 visible=false mode=fullscreen translucent=true sz=0}]
12-23 01:15:29.439 I/wm_task_removed( 1508): [788,removeChild]
12-23 01:15:29.441 I/am_uid_running( 1508): 10078
12-23 01:15:29.441 D/CompatibilityChangeReporter( 1508): Compat change id reported: 135634846; UID 10078; state: DISABLED
12-23 01:15:29.441 D/CompatibilityChangeReporter( 1508): Compat change id reported: 177438394; UID 10078; state: DISABLED
12-23 01:15:29.441 D/CompatibilityChangeReporter( 1508): Compat change id reported: 135772972; UID 10078; state: DISABLED
12-23 01:15:29.441 D/CompatibilityChangeReporter( 1508): Compat change id reported: 135754954; UID 10078; state: ENABLED
12-23 01:15:29.442 D/CompatibilityChangeReporter( 1508): Compat change id reported: 143937733; UID 10078; state: ENABLED
12-23 01:15:29.446 I/am_proc_start( 1508): [0,19791,10078,com.android.launcher3,service,{com.android.launcher3/com.android.quickstep.TouchInteractionService}]
12-23 01:15:29.446 I/ActivityManager( 1508): Start proc 19791:com.android.launcher3/u0a78 for service {com.android.launcher3/com.android.quickstep.TouchInteractionService}
12-23 01:15:29.453 I/am_proc_bound( 1508): [0,19791,com.android.launcher3]
01-01 08:01:06.699 I/binder ( 0): 19791:19791 ioctl 40046210 7fe8558544 returned -22
12-23 01:15:29.454 I/am_uid_active( 1508): 10078
12-23 01:15:29.490 I/ActivityTaskManager( 1508): START u0 {act=android.intent.action.MAIN cat=[android.intent.category.DEFAULT] flg=0x10010000 cmp=com.android.launcher3/com.android.quickstep.RecentsActivity} from uid 10078
12-23 01:15:29.491 I/wm_task_created( 1508): [789,-1]
12-23 01:15:29.491 W/ActivityTaskManager( 1508): Can't find TaskDisplayArea to determine support for multi window. Task id=789 attached=false
12-23 01:15:29.492 I/wm_task_created( 1508): [790,-1]
12-23 01:15:29.492 I/wm_task_moved( 1508): [790,0,-2147483648]
12-23 01:15:29.493 I/wm_create_task( 1508): [0,790]
12-23 01:15:29.493 I/wm_create_activity( 1508): [0,228493845,790,com.android.launcher3/com.android.quickstep.RecentsActivity,android.intent.action.MAIN,NULL,NULL,276889600]
12-23 01:15:29.494 I/ActivityTaskManager( 1508): The Process com.android.launcher3 Already Exists in BG. So sending its PID: 19791
12-23 01:15:29.494 I/wm_restart_activity( 1508): [0,228493845,790,com.android.launcher3/com.android.quickstep.RecentsActivity]
12-23 01:15:29.494 I/wm_add_to_stopping( 1508): [0,228493845,com.android.launcher3/com.android.quickstep.RecentsActivity,preloadRecents]
12-23 01:15:29.499 W/ContextImpl( 2417): Calling a method in the system process without a qualified user: android.app.ContextImpl.startService:1816 android.content.ContextWrapper.startService:774 com.thundercomm.gamemode.ingame.services.GameModeActionUtils.startGameModeService:99 com.thundercomm.gamemode.ingame.services.GameModeActionUtils.startGameModeEntry:22 com.thundercomm.gamemode.ingame.services.ActivityMonitoringService$1.onActivityLaunch:127
12-23 01:15:29.500 I/GameModeConfig( 1508): Current uri is uri = content://com.thundercomm.gamemode.api/gamemode_settings/gamemode_isgaming
12-23 01:15:29.501 I/GameModeConfig( 1508): isGameModeOn = false
12-23 01:15:29.501 I/GameModeConfig( 1508): isGameModeOn = false
12-23 01:15:29.501 I/GameModeConfig( 1508): isDisableVoice = true
01-01 08:01:06.762 I/binder ( 0): 19791:19818 ioctl 40046210 7b6632a254 returned -22
12-23 01:15:29.555 E/AndroidRuntime(19791): FATAL EXCEPTION: ViewPool-init
12-23 01:15:29.555 E/AndroidRuntime(19791): Process: com.android.launcher3, PID: 19791
12-23 01:15:29.555 E/AndroidRuntime(19791): android.view.InflateException: Binary XML file line #18 in com.android.launcher3:layout/task: Binary XML file line #18 in com.android.launcher3:layout/task: Error inflating class com.android.quickstep.views.TaskView
12-23 01:15:29.555 E/AndroidRuntime(19791): Caused by: android.view.InflateException: Binary XML file line #18 in com.android.launcher3:layout/task: Error inflating class com.android.quickstep.views.TaskView
12-23 01:15:29.555 E/AndroidRuntime(19791): Caused by: java.lang.reflect.InvocationTargetException
12-23 01:15:29.555 E/AndroidRuntime(19791): at java.lang.reflect.Constructor.newInstance0(Native Method)
12-23 01:15:29.555 E/AndroidRuntime(19791): at java.lang.reflect.Constructor.newInstance(Constructor.java:343)
12-23 01:15:29.555 E/AndroidRuntime(19791): at android.view.LayoutInflater.createView(LayoutInflater.java:858)
12-23 01:15:29.555 E/AndroidRuntime(19791): at android.view.LayoutInflater.createViewFromTag(LayoutInflater.java:1010)
12-23 01:15:29.555 E/AndroidRuntime(19791): at android.view.LayoutInflater.createViewFromTag(LayoutInflater.java:965)
12-23 01:15:29.555 E/AndroidRuntime(19791): at android.view.LayoutInflater.inflate(LayoutInflater.java:663)
12-23 01:15:29.555 E/AndroidRuntime(19791): at android.view.LayoutInflater.inflate(LayoutInflater.java:538)
12-23 01:15:29.555 E/AndroidRuntime(19791): at com.android.launcher3.util.ViewPool.inflateNewView(ViewPool.java:106)
12-23 01:15:29.555 E/AndroidRuntime(19791): at com.android.launcher3.util.ViewPool.lambda$initPool$1$ViewPool(ViewPool.java:69)
12-23 01:15:29.555 E/AndroidRuntime(19791): at com.android.launcher3.util.ViewPool$$ExternalSyntheticLambda0.run(Unknown Source:8)
12-23 01:15:29.555 E/AndroidRuntime(19791): at java.lang.Thread.run(Thread.java:920)
12-23 01:15:29.555 E/AndroidRuntime(19791): Caused by: java.lang.ClassCastException: com.android.quickstep.RecentsActivity cannot be cast to com.android.launcher3.Launcher
12-23 01:15:29.555 E/AndroidRuntime(19791): at com.android.launcher3.Launcher.getLauncher(Launcher.java:3019)
12-23 01:15:29.555 E/AndroidRuntime(19791): at com.android.quickstep.views.TaskView.(TaskView.java:416)
12-23 01:15:29.555 E/AndroidRuntime(19791): at com.android.quickstep.views.TaskView.(TaskView.java:410)
12-23 01:15:29.555 E/AndroidRuntime(19791): ... 11 more
12-23 01:15:29.556 I/am_crash( 1508): [19791,0,com.android.launcher3,617332293,java.lang.ClassCastException,com.android.quickstep.RecentsActivity cannot be cast to com.android.launcher3.Launcher,Launcher.java,3019]
12-23 01:15:29.556 W/ActivityTaskManager( 1508): Force finishing activity com.android.launcher3/com.android.quickstep.RecentsActivity
12-23 01:15:29.556 I/wm_finish_activity( 1508): [0,228493845,790,com.android.launcher3/com.android.quickstep.RecentsActivity,force-crash]
12-23 01:15:29.557 I/wm_destroy_activity( 1508): [0,228493845,790,com.android.launcher3/com.android.quickstep.RecentsActivity,finish-imm:finishIfPossible]
12-23 01:15:29.558 I/sysui_multi_action( 1508): [757,316,758,4,759,-1]
12-23 01:15:29.562 W/ContextImpl( 2417): Calling a method in the system process without a qualified user: android.app.ContextImpl.startService:1816 android.content.ContextWrapper.startService:774 com.thundercomm.gamemode.ingame.services.GameModeActionUtils.startGameModeService:99 com.thundercomm.gamemode.ingame.services.GameModeActionUtils.startGameModeEntry:22 com.thundercomm.gamemode.ingame.services.ActivityMonitoringService$1.onActivityLaunch:127
12-23 01:15:29.564 I/GameModeConfig( 1508): Current uri is uri = content://com.thundercomm.gamemode.api/gamemode_settings/gamemode_isgaming
12-23 01:15:29.565 I/GameModeConfig( 1508): isGameModeOn = false
12-23 01:15:29.565 I/GameModeConfig( 1508): isGameModeOn = false
12-23 01:15:29.565 I/GameModeConfig( 1508): isDisableVoice = true
12-23 01:15:29.565 I/ActivityManager( 1508): Process com.android.launcher3 (pid 19791) has died: vis BFGS
12-23 01:15:29.565 I/am_proc_died( 1508): [0,19791,com.android.launcher3,100,5]
12-23 01:15:29.566 W/ActivityManager( 1508): Scheduling restart of crashed service com.android.launcher3/com.android.quickstep.TouchInteractionService in 1000ms for connection
12-23 01:15:29.566 I/am_schedule_service_restart( 1508): [0,com.android.launcher3/com.android.quickstep.TouchInteractionService,1000]
12-23 01:15:29.566 I/am_uid_stopped( 1508): 10078
01-01 08:01:06.814 I/ ( 0): read descriptors
01-01 08:01:06.814 I/ ( 0): read strings
12-23 01:15:29.567 I/wm_task_removed( 1508): [790,cleanUpResourcesForDestroy]
12-23 01:15:29.567 I/wm_task_removed( 1508): [789,removeChild:removeChild last r=Task{8e144ef #790 type=recents I=com.android.launcher3/com.android.quickstep.RecentsActivity U=0 visible=false mode=fullscreen translucent=true sz=0} in t=Task{8f72285 #789 type=recents ?? U=0 visible=false mode=fullscreen translucent=true sz=0}]
12-23 01:15:29.567 I/wm_task_removed( 1508): [789,removeChild]
12-23 01:15:29.568 I/wm_task_removed( 1508): [790,removeChild:removeChild last r=ActivityRecord{d9e8a15 u0 com.android.launcher3/com.android.quickstep.RecentsActivity t-1 f}} in t=Task{8e144ef #790 type=recents I=com.android.launcher3/com.android.quickstep.RecentsActivity U=0 visible=false mode=fullscreen translucent=true sz=0}]
12-23 01:15:29.568 I/wm_task_removed( 1508): [790,removeChild]
12-23 01:15:29.570 I/am_uid_running( 1508): 10078
12-23 01:15:29.570 D/CompatibilityChangeReporter( 1508): Compat change id reported: 135634846; UID 10078; state: DISABLED
12-23 01:15:29.570 D/CompatibilityChangeReporter( 1508): Compat change id reported: 177438394; UID 10078; state: DISABLED
12-23 01:15:29.570 D/CompatibilityChangeReporter( 1508): Compat change id reported: 135772972; UID 10078; state: DISABLED
12-23 01:15:29.570 D/CompatibilityChangeReporter( 1508): Compat change id reported: 135754954; UID 10078; state: ENABLED
12-23 01:15:29.570 D/CompatibilityChangeReporter( 1508): Compat change id reported: 143937733; UID 10078; state: ENABLED
12-23 01:15:29.575 I/am_proc_start( 1508): [0,19832,10078,com.android.launcher3,service,{com.android.launcher3/com.android.quickstep.TouchInteractionService}]
12-23 01:15:29.575 I/ActivityManager( 1508): Start proc 19832:com.android.launcher3/u0a78 for service {com.android.launcher3/com.android.quickstep.TouchInteractionService}
01-01 08:01:06.828 I/binder ( 0): 19832:19832 ioctl 40046210 7fe8558544 returned -22
12-23 01:15:29.582 I/am_proc_bound( 1508): [0,19832,com.android.launcher3]
12-23 01:15:29.583 I/am_uid_active( 1508): 10078
12-23 01:15:29.616 I/ActivityTaskManager( 1508): START u0 {act=android.intent.action.MAIN cat=[android.intent.category.DEFAULT] flg=0x10010000 cmp=com.android.launcher3/com.android.quickstep.RecentsActivity} from uid 10078
12-23 01:15:29.618 I/wm_task_created( 1508): [791,-1]
12-23 01:15:29.618 W/ActivityTaskManager( 1508): Can't find TaskDisplayArea to determine support for multi window. Task id=791 attached=false
12-23 01:15:29.619 I/wm_task_created( 1508): [792,-1]
12-23 01:15:29.619 I/wm_task_moved( 1508): [792,0,-2147483648]
12-23 01:15:29.620 I/wm_create_task( 1508): [0,792]
12-23 01:15:29.620 I/wm_create_activity( 1508): [0,165813856,792,com.android.launcher3/com.android.quickstep.RecentsActivity,android.intent.action.MAIN,NULL,NULL,276889600]
12-23 01:15:29.620 I/ActivityTaskManager( 1508): The Process com.android.launcher3 Already Exists in BG. So sending its PID: 19832
12-23 01:15:29.621 I/wm_restart_activity( 1508): [0,165813856,792,com.android.launcher3/com.android.quickstep.RecentsActivity]
12-23 01:15:29.621 I/wm_add_to_stopping( 1508): [0,165813856,com.android.launcher3/com.android.quickstep.RecentsActivity,preloadRecents]
12-23 01:15:29.626 W/ContextImpl( 2417): Calling a method in the system process without a qualified user: android.app.ContextImpl.startService:1816 android.content.ContextWrapper.startService:774 com.thundercomm.gamemode.ingame.services.GameModeActionUtils.startGameModeService:99 com.thundercomm.gamemode.ingame.services.GameModeActionUtils.startGameModeEntry:22 com.thundercomm.gamemode.ingame.services.ActivityMonitoringService$1.onActivityLaunch:127
12-23 01:15:29.627 I/GameModeConfig( 1508): Current uri is uri = content://com.thundercomm.gamemode.api/gamemode_settings/gamemode_isgaming
12-23 01:15:29.628 I/GameModeConfig( 1508): isGameModeOn = false
12-23 01:15:29.628 I/GameModeConfig( 1508): isGameModeOn = false
12-23 01:15:29.628 I/GameModeConfig( 1508): isDisableVoice = true
01-01 08:01:06.887 I/binder ( 0): 19832:19859 ioctl 40046210 7b66430254 returned -22
01-01 08:01:06.925 D/ ( 0): mv2112_read_status
12-23 01:15:29.681 E/AndroidRuntime(19832): FATAL EXCEPTION: ViewPool-init
12-23 01:15:29.681 E/AndroidRuntime(19832): Process: com.android.launcher3, PID: 19832
12-23 01:15:29.681 E/AndroidRuntime(19832): android.view.InflateException: Binary XML file line #18 in com.android.launcher3:layout/task: Binary XML file line #18 in com.android.launcher3:layout/task: Error inflating class com.android.quickstep.views.TaskView
12-23 01:15:29.681 E/AndroidRuntime(19832): Caused by: android.view.InflateException: Binary XML file line #18 in com.android.launcher3:layout/task: Error inflating class com.android.quickstep.views.TaskView
12-23 01:15:29.681 E/AndroidRuntime(19832): Caused by: java.lang.reflect.InvocationTargetException
12-23 01:15:29.681 E/AndroidRuntime(19832): at java.lang.reflect.Constructor.newInstance0(Native Method)
12-23 01:15:29.681 E/AndroidRuntime(19832): at java.lang.reflect.Constructor.newInstance(Constructor.java:343)
12-23 01:15:29.681 E/AndroidRuntime(19832): at android.view.LayoutInflater.createView(LayoutInflater.java:858)
12-23 01:15:29.681 E/AndroidRuntime(19832): at android.view.LayoutInflater.createViewFromTag(LayoutInflater.java:1010)
12-23 01:15:29.681 E/AndroidRuntime(19832): at android.view.LayoutInflater.createViewFromTag(LayoutInflater.java:965)
12-23 01:15:29.681 E/AndroidRuntime(19832): at android.view.LayoutInflater.inflate(LayoutInflater.java:663)
12-23 01:15:29.681 E/AndroidRuntime(19832): at android.view.LayoutInflater.inflate(LayoutInflater.java:538)
12-23 01:15:29.681 E/AndroidRuntime(19832): at com.android.launcher3.util.ViewPool.inflateNewView(ViewPool.java:106)
12-23 01:15:29.681 E/AndroidRuntime(19832): at com.android.launcher3.util.ViewPool.lambda$initPool$1$ViewPool(ViewPool.java:69)
12-23 01:15:29.681 E/AndroidRuntime(19832): at com.android.launcher3.util.ViewPool$$ExternalSyntheticLambda0.run(Unknown Source:8)
12-23 01:15:29.681 E/AndroidRuntime(19832): at java.lang.Thread.run(Thread.java:920)
12-23 01:15:29.681 E/AndroidRuntime(19832): Caused by: java.lang.ClassCastException: com.android.quickstep.RecentsActivity cannot be cast to com.android.launcher3.Launcher
12-23 01:15:29.681 E/AndroidRuntime(19832): at com.android.launcher3.Launcher.getLauncher(Launcher.java:3019)
12-23 01:15:29.681 E/AndroidRuntime(19832): at com.android.quickstep.views.TaskView.(TaskView.java:416)
12-23 01:15:29.681 E/AndroidRuntime(19832): at com.android.quickstep.views.TaskView.(TaskView.java:410)
12-23 01:15:29.681 E/AndroidRuntime(19832): ... 11 more
12-23 01:15:29.681 I/am_crash( 1508): [19832,0,com.android.launcher3,617332293,java.lang.ClassCastException,com.android.quickstep.RecentsActivity cannot be cast to com.android.launcher3.Launcher,Launcher.java,3019]
01-01 08:01:06.926 D/mv2112_update_link( 0): 3.0x901(1G): 0x80
01-01 08:01:06.926 D/mv2112_update_link( 0): 3.0x8109(100M): 0x8
01-01 08:01:06.926 D/mv2112_update_link( 0): link 0x0
01-01 08:01:06.926 D/mv2112_read_status( 0): autoneg is disabled
12-23 01:15:29.682 W/ActivityTaskManager( 1508): Force finishing activity com.android.launcher3/com.android.quickstep.RecentsActivity
12-23 01:15:29.682 I/wm_finish_activity( 1508): [0,165813856,792,com.android.launcher3/com.android.quickstep.RecentsActivity,force-crash]
12-23 01:15:29.683 I/wm_destroy_activity( 1508): [0,165813856,792,com.android.launcher3/com.android.quickstep.RecentsActivity,finish-imm:finishIfPossible]
12-23 01:15:29.684 I/sysui_multi_action( 1508): [757,316,758,4,759,-1]
12-23 01:15:29.688 W/ContextImpl( 2417): Calling a method in the system process without a qualified user: android.app.ContextImpl.startService:1816 android.content.ContextWrapper.startService:774 com.thundercomm.gamemode.ingame.services.GameModeActionUtils.startGameModeService:99 com.thundercomm.gamemode.ingame.services.GameModeActionUtils.startGameModeEntry:22 com.thundercomm.gamemode.ingame.services.ActivityMonitoringService$1.onActivityLaunch:127
12-23 01:15:29.690 I/GameModeConfig( 1508): Current uri is uri = content://com.thundercomm.gamemode.api/gamemode_settings/gamemode_isgaming
12-23 01:15:29.691 I/GameModeConfig( 1508): isGameModeOn = false
12-23 01:15:29.691 I/GameModeConfig( 1508): isGameModeOn = false
12-23 01:15:29.691 I/GameModeConfig( 1508): isDisableVoice = true
12-23 01:15:29.692 I/ActivityManager( 1508): Process com.android.launcher3 (pid 19832) has died: vis BFGS
12-23 01:15:29.692 I/am_proc_died( 1508): [0,19832,com.android.launcher3,100,5]
12-23 01:15:29.694 W/ActivityManager( 1508): Scheduling restart of crashed service com.android.launcher3/com.android.quickstep.TouchInteractionService in 1000ms for connection
12-23 01:15:29.694 I/am_schedule_service_restart( 1508): [0,com.android.launcher3/com.android.quickstep.TouchInteractionService,1000]
12-23 01:15:29.694 I/am_uid_stopped( 1508): 10078
12-23 01:15:29.694 I/wm_task_removed( 1508): [792,cleanUpResourcesForDestroy]
12-23 01:15:29.694 I/wm_task_removed( 1508): [791,removeChild:removeChild last r=Task{3ceea42 #792 type=recents I=com.android.launcher3/com.android.quickstep.RecentsActivity U=0 visible=false mode=fullscreen translucent=true sz=0} in t=Task{e69df90 #791 type=recents ?? U=0 visible=false mode=fullscreen translucent=true sz=0}]
12-23 01:15:29.694 I/wm_task_removed( 1508): [791,removeChild]
12-23 01:15:29.694 I/wm_task_removed( 1508): [792,removeChild:removeChild last r=ActivityRecord{9e21e60 u0 com.android.launcher3/com.android.quickstep.RecentsActivity t-1 f}} in t=Task{3ceea42 #792 type=recents I=com.android.launcher3/com.android.quickstep.RecentsActivity U=0 visible=false mode=fullscreen translucent=true sz=0}]
12-23 01:15:29.694 I/wm_task_removed( 1508): [792,removeChild]
12-23 01:15:29.696 I/am_uid_running( 1508): 10078
12-23 01:15:29.696 D/CompatibilityChangeReporter( 1508): Compat change id reported: 135634846; UID 10078; state: DISABLED
12-23 01:15:29.696 D/CompatibilityChangeReporter( 1508): Compat change id reported: 177438394; UID 10078; state: DISABLED
12-23 01:15:29.696 D/CompatibilityChangeReporter( 1508): Compat change id reported: 135772972; UID 10078; state: DISABLED
12-23 01:15:29.696 D/CompatibilityChangeReporter( 1508): Compat change id reported: 135754954; UID 10078; state: ENABLED
12-23 01:15:29.697 D/CompatibilityChangeReporter( 1508): Compat change id reported: 143937733; UID 10078; state: ENABLED
12-23 01:15:29.701 I/am_proc_start( 1508): [0,19873,10078,com.android.launcher3,service,{com.android.launcher3/com.android.quickstep.TouchInteractionService}]
12-23 01:15:29.701 I/ActivityManager( 1508): Start proc 19873:com.android.launcher3/u0a78 for service {com.android.launcher3/com.android.quickstep.TouchInteractionService}
01-01 08:01:06.955 I/binder ( 0): 19873:19873 ioctl 40046210 7fe8558544 returned -22
12-23 01:15:29.709 I/am_proc_bound( 1508): [0,19873,com.android.launcher3]
12-23 01:15:29.710 I/am_uid_active( 1508): 10078
12-23 01:15:29.745 I/ActivityTaskManager( 1508): START u0 {act=android.intent.action.MAIN cat=[android.intent.category.DEFAULT] flg=0x10010000 cmp=com.android.launcher3/com.android.quickstep.RecentsActivity} from uid 10078
12-23 01:15:29.746 I/wm_task_created( 1508): [793,-1]
12-23 01:15:29.746 W/ActivityTaskManager( 1508): Can't find TaskDisplayArea to determine support for multi window. Task id=793 attached=false
12-23 01:15:29.747 I/wm_task_created( 1508): [794,-1]
12-23 01:15:29.747 I/wm_task_moved( 1508): [794,0,-2147483648]
12-23 01:15:29.748 I/wm_create_task( 1508): [0,794]
12-23 01:15:29.748 I/wm_create_activity( 1508): [0,180825223,794,com.android.launcher3/com.android.quickstep.RecentsActivity,android.intent.action.MAIN,NULL,NULL,276889600]
12-23 01:15:29.748 I/ActivityTaskManager( 1508): The Process com.android.launcher3 Already Exists in BG. So sending its PID: 19873
12-23 01:15:29.749 I/wm_restart_activity( 1508): [0,180825223,794,com.android.launcher3/com.android.quickstep.RecentsActivity]
12-23 01:15:29.749 I/wm_add_to_stopping( 1508): [0,180825223,com.android.launcher3/com.android.quickstep.RecentsActivity,preloadRecents]
12-23 01:15:29.755 W/ContextImpl( 2417): Calling a method in the system process without a qualified user: android.app.ContextImpl.startService:1816 android.content.ContextWrapper.startService:774 com.thundercomm.gamemode.ingame.services.GameModeActionUtils.startGameModeService:99 com.thundercomm.gamemode.ingame.services.GameModeActionUtils.startGameModeEntry:22 com.thundercomm.gamemode.ingame.services.ActivityMonitoringService$1.onActivityLaunch:127
12-23 01:15:29.756 I/GameModeConfig( 1508): Current uri is uri = content://com.thundercomm.gamemode.api/gamemode_settings/gamemode_isgaming
12-23 01:15:29.757 I/GameModeConfig( 1508): isGameModeOn = false
12-23 01:15:29.757 I/GameModeConfig( 1508): isGameModeOn = false
12-23 01:15:29.757 I/GameModeConfig( 1508): isDisableVoice = true
01-01 08:01:07.015 I/binder ( 0): 19873:19899 ioctl 40046210 7b6522c254 returned -22
12-23 01:15:29.810 E/AndroidRuntime(19873): FATAL EXCEPTION: ViewPool-init
12-23 01:15:29.810 E/AndroidRuntime(19873): Process: com.android.launcher3, PID: 19873
12-23 01:15:29.810 E/AndroidRuntime(19873): android.view.InflateException: Binary XML file line #18 in com.android.launcher3:layout/task: Binary XML file line #18 in com.android.launcher3:layout/task: Error inflating class com.android.quickstep.views.TaskView
12-23 01:15:29.810 E/AndroidRuntime(19873): Caused by: android.view.InflateException: Binary XML file line #18 in com.android.launcher3:layout/task: Error inflating class com.android.quickstep.views.TaskView
12-23 01:15:29.810 E/AndroidRuntime(19873): Caused by: java.lang.reflect.InvocationTargetException
12-23 01:15:29.810 E/AndroidRuntime(19873): at java.lang.reflect.Constructor.newInstance0(Native Method)
12-23 01:15:29.810 E/AndroidRuntime(19873): at java.lang.reflect.Constructor.newInstance(Constructor.java:343)
12-23 01:15:29.810 E/AndroidRuntime(19873): at android.view.LayoutInflater.createView(LayoutInflater.java:858)
12-23 01:15:29.810 E/AndroidRuntime(19873): at android.view.LayoutInflater.createViewFromTag(LayoutInflater.java:1010)
12-23 01:15:29.810 E/AndroidRuntime(19873): at android.view.LayoutInflater.createViewFromTag(LayoutInflater.java:965)
12-23 01:15:29.810 E/AndroidRuntime(19873): at android.view.LayoutInflater.inflate(LayoutInflater.java:663)
12-23 01:15:29.810 E/AndroidRuntime(19873): at android.view.LayoutInflater.inflate(LayoutInflater.java:538)
12-23 01:15:29.810 E/AndroidRuntime(19873): at com.android.launcher3.util.ViewPool.inflateNewView(ViewPool.java:106)
12-23 01:15:29.810 E/AndroidRuntime(19873): at com.android.launcher3.util.ViewPool.lambda$initPool$1$ViewPool(ViewPool.java:69)
12-23 01:15:29.810 E/AndroidRuntime(19873): at com.android.launcher3.util.ViewPool$$ExternalSyntheticLambda0.run(Unknown Source:8)
12-23 01:15:29.810 E/AndroidRuntime(19873): at java.lang.Thread.run(Thread.java:920)
12-23 01:15:29.810 E/AndroidRuntime(19873): Caused by: java.lang.ClassCastException: com.android.quickstep.RecentsActivity cannot be cast to com.android.launcher3.Launcher
12-23 01:15:29.810 E/AndroidRuntime(19873): at com.android.launcher3.Launcher.getLauncher(Launcher.java:3019)
12-23 01:15:29.810 E/AndroidRuntime(19873): at com.android.quickstep.views.TaskView.(TaskView.java:416)
12-23 01:15:29.810 E/AndroidRuntime(19873): at com.android.quickstep.views.TaskView.(TaskView.java:410)
12-23 01:15:29.810 E/AndroidRuntime(19873): ... 11 more
12-23 01:15:29.810 I/am_crash( 1508): [19873,0,com.android.launcher3,617332293,java.lang.ClassCastException,com.android.quickstep.RecentsActivity cannot be cast to com.android.launcher3.Launcher,Launcher.java,3019]
12-23 01:15:29.811 W/ActivityTaskManager( 1508): Force finishing activity com.android.launcher3/com.android.quickstep.RecentsActivity
12-23 01:15:29.811 I/wm_finish_activity( 1508): [0,180825223,794,com.android.launcher3/com.android.quickstep.RecentsActivity,force-crash]
12-23 01:15:29.811 I/wm_destroy_activity( 1508): [0,180825223,794,com.android.launcher3/com.android.quickstep.RecentsActivity,finish-imm:finishIfPossible]
12-23 01:15:29.813 I/sysui_multi_action( 1508): [757,316,758,4,759,-1]
12-23 01:15:29.817 W/ContextImpl( 2417): Calling a method in the system process without a qualified user: android.app.ContextImpl.startService:1816 android.content.ContextWrapper.startService:774 com.thundercomm.gamemode.ingame.services.GameModeActionUtils.startGameModeService:99 com.thundercomm.gamemode.ingame.services.GameModeActionUtils.startGameModeEntry:22 com.thundercomm.gamemode.ingame.services.ActivityMonitoringService$1.onActivityLaunch:127
12-23 01:15:29.819 I/GameModeConfig( 1508): Current uri is uri = content://com.thundercomm.gamemode.api/gamemode_settings/gamemode_isgaming
12-23 01:15:29.819 I/GameModeConfig( 1508): isGameModeOn = false
12-23 01:15:29.820 I/GameModeConfig( 1508): isGameModeOn = false
12-23 01:15:29.820 I/GameModeConfig( 1508): isDisableVoice = true
12-23 01:15:29.820 I/ActivityManager( 1508): Process com.android.launcher3 (pid 19873) has died: vis BFGS
12-23 01:15:29.820 I/am_proc_died( 1508): [0,19873,com.android.launcher3,100,5]
12-23 01:15:29.821 W/ActivityManager( 1508): Scheduling restart of crashed service com.android.launcher3/com.android.quickstep.TouchInteractionService in 1000ms for connection
12-23 01:15:29.821 I/am_schedule_service_restart( 1508): [0,com.android.launcher3/com.android.quickstep.TouchInteractionService,1000]
12-23 01:15:29.821 I/am_uid_stopped( 1508): 10078
12-23 01:15:29.822 I/wm_task_removed( 1508): [794,cleanUpResourcesForDestroy]
12-23 01:15:29.822 I/wm_task_removed( 1508): [793,removeChild:removeChild last r=Task{64cbe11 #794 type=recents I=com.android.launcher3/com.android.quickstep.RecentsActivity U=0 visible=false mode=fullscreen translucent=true sz=0} in t=Task{c6e4577 #793 type=recents ?? U=0 visible=false mode=fullscreen translucent=true sz=0}]
12-23 01:15:29.822 I/wm_task_removed( 1508): [793,removeChild]
12-23 01:15:29.822 I/wm_task_removed( 1508): [794,removeChild:removeChild last r=ActivityRecord{ac72c87 u0 com.android.launcher3/com.android.quickstep.RecentsActivity t-1 f}} in t=Task{64cbe11 #794 type=recents I=com.android.launcher3/com.android.quickstep.RecentsActivity U=0 visible=false mode=fullscreen translucent=true sz=0}]
12-23 01:15:29.822 I/wm_task_removed( 1508): [794,removeChild]
12-23 01:15:29.824 I/am_uid_running( 1508): 10078
12-23 01:15:29.824 D/CompatibilityChangeReporter( 1508): Compat change id reported: 135634846; UID 10078; state: DISABLED
12-23 01:15:29.824 D/CompatibilityChangeReporter( 1508): Compat change id reported: 177438394; UID 10078; state: DISABLED
12-23 01:15:29.824 D/CompatibilityChangeReporter( 1508): Compat change id reported: 135772972; UID 10078; state: DISABLED
12-23 01:15:29.824 D/CompatibilityChangeReporter( 1508): Compat change id reported: 135754954; UID 10078; state: ENABLED
12-23 01:15:29.824 D/CompatibilityChangeReporter( 1508): Compat change id reported: 143937733; UID 10078; state: ENABLED
12-23 01:15:29.829 I/am_proc_start( 1508): [0,19912,10078,com.android.launcher3,service,{com.android.launcher3/com.android.quickstep.TouchInteractionService}]
12-23 01:15:29.829 I/ActivityManager( 1508): Start proc 19912:com.android.launcher3/u0a78 for service {com.android.launcher3/com.android.quickstep.TouchInteractionService}
01-01 08:01:07.082 I/binder ( 0): 19912:19912 ioctl 40046210 7fe8558544 returned -22
12-23 01:15:29.836 I/am_proc_bound( 1508): [0,19912,com.android.launcher3]
12-23 01:15:29.837 I/am_uid_active( 1508): 10078
12-23 01:15:29.869 I/ActivityTaskManager( 1508): START u0 {act=android.intent.action.MAIN cat=[android.intent.category.DEFAULT] flg=0x10010000 cmp=com.android.launcher3/com.android.quickstep.RecentsActivity} from uid 10078
12-23 01:15:29.870 I/wm_task_created( 1508): [795,-1]
12-23 01:15:29.870 W/ActivityTaskManager( 1508): Can't find TaskDisplayArea to determine support for multi window. Task id=795 attached=false
12-23 01:15:29.871 I/wm_task_created( 1508): [796,-1]
12-23 01:15:29.871 I/wm_task_moved( 1508): [796,0,-2147483648]
12-23 01:15:29.872 I/wm_create_task( 1508): [0,796]
12-23 01:15:29.872 I/wm_create_activity( 1508): [0,253823418,796,com.android.launcher3/com.android.quickstep.RecentsActivity,android.intent.action.MAIN,NULL,NULL,276889600]
12-23 01:15:29.873 I/ActivityTaskManager( 1508): The Process com.android.launcher3 Already Exists in BG. So sending its PID: 19912
12-23 01:15:29.873 I/wm_restart_activity( 1508): [0,253823418,796,com.android.launcher3/com.android.quickstep.RecentsActivity]
12-23 01:15:29.873 I/wm_add_to_stopping( 1508): [0,253823418,com.android.launcher3/com.android.quickstep.RecentsActivity,preloadRecents]
12-23 01:15:29.879 W/ContextImpl( 2417): Calling a method in the system process without a qualified user: android.app.ContextImpl.startService:1816 android.content.ContextWrapper.startService:774 com.thundercomm.gamemode.ingame.services.GameModeActionUtils.startGameModeService:99 com.thundercomm.gamemode.ingame.services.GameModeActionUtils.startGameModeEntry:22 com.thundercomm.gamemode.ingame.services.ActivityMonitoringService$1.onActivityLaunch:127
12-23 01:15:29.880 I/GameModeConfig( 1508): Current uri is uri = content://com.thundercomm.gamemode.api/gamemode_settings/gamemode_isgaming
12-23 01:15:29.881 I/GameModeConfig( 1508): isGameModeOn = false
12-23 01:15:29.881 I/GameModeConfig( 1508): isGameModeOn = false
12-23 01:15:29.881 I/GameModeConfig( 1508): isDisableVoice = true
01-01 08:01:07.141 I/binder ( 0): 19912:19938 ioctl 40046210 7b6632a254 returned -22
12-23 01:15:29.935 E/AndroidRuntime(19912): FATAL EXCEPTION: ViewPool-init
12-23 01:15:29.935 E/AndroidRuntime(19912): Process: com.android.launcher3, PID: 19912
12-23 01:15:29.935 E/AndroidRuntime(19912): android.view.InflateException: Binary XML file line #18 in com.android.launcher3:layout/task: Binary XML file line #18 in com.android.launcher3:layout/task: Error inflating class com.android.quickstep.views.TaskView
12-23 01:15:29.935 E/AndroidRuntime(19912): Caused by: android.view.InflateException: Binary XML file line #18 in com.android.launcher3:layout/task: Error inflating class com.android.quickstep.views.TaskView
12-23 01:15:29.935 E/AndroidRuntime(19912): Caused by: java.lang.reflect.InvocationTargetException
12-23 01:15:29.935 E/AndroidRuntime(19912): at java.lang.reflect.Constructor.newInstance0(Native Method)
12-23 01:15:29.935 E/AndroidRuntime(19912): at java.lang.reflect.Constructor.newInstance(Constructor.java:343)
12-23 01:15:29.935 E/AndroidRuntime(19912): at android.view.LayoutInflater.createView(LayoutInflater.java:858)
12-23 01:15:29.935 E/AndroidRuntime(19912): at android.view.LayoutInflater.createViewFromTag(LayoutInflater.java:1010)
12-23 01:15:29.935 E/AndroidRuntime(19912): at android.view.LayoutInflater.createViewFromTag(LayoutInflater.java:965)
12-23 01:15:29.935 E/AndroidRuntime(19912): at android.view.LayoutInflater.inflate(LayoutInflater.java:663)
12-23 01:15:29.935 E/AndroidRuntime(19912): at android.view.LayoutInflater.inflate(LayoutInflater.java:538)
12-23 01:15:29.935 E/AndroidRuntime(19912): at com.android.launcher3.util.ViewPool.inflateNewView(ViewPool.java:106)
12-23 01:15:29.935 E/AndroidRuntime(19912): at com.android.launcher3.util.ViewPool.lambda$initPool$1$ViewPool(ViewPool.java:69)
12-23 01:15:29.935 E/AndroidRuntime(19912): at com.android.launcher3.util.ViewPool$$ExternalSyntheticLambda0.run(Unknown Source:8)
12-23 01:15:29.935 E/AndroidRuntime(19912): at java.lang.Thread.run(Thread.java:920)
12-23 01:15:29.935 E/AndroidRuntime(19912): Caused by: java.lang.ClassCastException: com.android.quickstep.RecentsActivity cannot be cast to com.android.launcher3.Launcher
12-23 01:15:29.935 E/AndroidRuntime(19912): at com.android.launcher3.Launcher.getLauncher(Launcher.java:3019)
12-23 01:15:29.935 E/AndroidRuntime(19912): at com.android.quickstep.views.TaskView.(TaskView.java:416)
12-23 01:15:29.935 E/AndroidRuntime(19912): at com.android.quickstep.views.TaskView.(TaskView.java:410)
12-23 01:15:29.935 E/AndroidRuntime(19912): ... 11 more
12-23 01:15:29.936 I/am_crash( 1508): [19912,0,com.android.launcher3,617332293,java.lang.ClassCastException,com.android.quickstep.RecentsActivity cannot be cast to com.android.launcher3.Launcher,Launcher.java,3019]
12-23 01:15:29.937 W/ActivityTaskManager( 1508): Force finishing activity com.android.launcher3/com.android.quickstep.RecentsActivity
12-23 01:15:29.937 I/wm_finish_activity( 1508): [0,253823418,796,com.android.launcher3/com.android.quickstep.RecentsActivity,force-crash]
12-23 01:15:29.938 I/wm_destroy_activity( 1508): [0,253823418,796,com.android.launcher3/com.android.quickstep.RecentsActivity,finish-imm:finishIfPossible]
12-23 01:15:29.939 I/sysui_multi_action( 1508): [757,316,758,4,759,-1]
12-23 01:15:29.943 W/ContextImpl( 2417): Calling a method in the system process without a qualified user: android.app.ContextImpl.startService:1816 android.content.ContextWrapper.startService:774 com.thundercomm.gamemode.ingame.services.GameModeActionUtils.startGameModeService:99 com.thundercomm.gamemode.ingame.services.GameModeActionUtils.startGameModeEntry:22 com.thundercomm.gamemode.ingame.services.ActivityMonitoringService$1.onActivityLaunch:127
12-23 01:15:29.944 I/GameModeConfig( 1508): Current uri is uri = content://com.thundercomm.gamemode.api/gamemode_settings/gamemode_isgaming
12-23 01:15:29.945 I/ActivityManager( 1508): Process com.android.launcher3 (pid 19912) has died: vis BFGS
12-23 01:15:29.945 I/am_proc_died( 1508): [0,19912,com.android.launcher3,100,5]
12-23 01:15:29.946 I/GameModeConfig( 1508): isGameModeOn = false
12-23 01:15:29.946 I/GameModeConfig( 1508): isGameModeOn = false
12-23 01:15:29.946 I/GameModeConfig( 1508): isDisableVoice = true
12-23 01:15:29.946 W/ActivityManager( 1508): Scheduling restart of crashed service com.android.launcher3/com.android.quickstep.TouchInteractionService in 1000ms for connection
12-23 01:15:29.946 I/am_schedule_service_restart( 1508): [0,com.android.launcher3/com.android.quickstep.TouchInteractionService,1000]
12-23 01:15:29.946 I/am_uid_stopped( 1508): 10078
12-23 01:15:29.947 I/wm_task_removed( 1508): [796,cleanUpResourcesForDestroy]
12-23 01:15:29.947 I/wm_task_removed( 1508): [795,removeChild:removeChild last r=Task{73fb20c #796 type=recents I=com.android.launcher3/com.android.quickstep.RecentsActivity U=0 visible=false mode=fullscreen translucent=true sz=0} in t=Task{1af556a #795 type=recents ?? U=0 visible=false mode=fullscreen translucent=true sz=0}]
12-23 01:15:29.947 I/wm_task_removed( 1508): [795,removeChild]
12-23 01:15:29.947 I/wm_task_removed( 1508): [796,removeChild:removeChild last r=ActivityRecord{f2109ba u0 com.android.launcher3/com.android.quickstep.RecentsActivity t-1 f}} in t=Task{73fb20c #796 type=recents I=com.android.launcher3/com.android.quickstep.RecentsActivity U=0 visible=false mode=fullscreen translucent=true sz=0}]
12-23 01:15:29.947 I/wm_task_removed( 1508): [796,removeChild]
12-23 01:15:29.949 I/am_uid_running( 1508): 10078
12-23 01:15:29.950 D/CompatibilityChangeReporter( 1508): Compat change id reported: 135634846; UID 10078; state: DISABLED
12-23 01:15:29.950 D/CompatibilityChangeReporter( 1508): Compat change id reported: 177438394; UID 10078; state: DISABLED
12-23 01:15:29.950 D/CompatibilityChangeReporter( 1508): Compat change id reported: 135772972; UID 10078; state: DISABLED
12-23 01:15:29.950 D/CompatibilityChangeReporter( 1508): Compat change id reported: 135754954; UID 10078; state: ENABLED
12-23 01:15:29.950 D/CompatibilityChangeReporter( 1508): Compat change id reported: 143937733; UID 10078; state: ENABLED
12-23 01:15:29.954 I/am_proc_start( 1508): [0,19951,10078,com.android.launcher3,service,{com.android.launcher3/com.android.quickstep.TouchInteractionService}]
12-23 01:15:29.954 I/ActivityManager( 1508): Start proc 19951:com.android.launcher3/u0a78 for service {com.android.launcher3/com.android.quickstep.TouchInteractionService}
01-01 08:01:07.208 I/binder ( 0): 19951:19951 ioctl 40046210 7fe8558544 returned -22
12-23 01:15:29.962 I/am_proc_bound( 1508): [0,19951,com.android.launcher3]
12-23 01:15:29.963 I/am_uid_active( 1508): 10078
12-23 01:15:29.998 I/ActivityTaskManager( 1508): START u0 {act=android.intent.action.MAIN cat=[android.intent.category.DEFAULT] flg=0x10010000 cmp=com.android.launcher3/com.android.quickstep.RecentsActivity} from uid 10078
12-23 01:15:30.000 I/wm_task_created( 1508): [797,-1]
12-23 01:15:30.000 W/ActivityTaskManager( 1508): Can't find TaskDisplayArea to determine support for multi window. Task id=797 attached=false
12-23 01:15:30.000 I/wm_task_created( 1508): [798,-1]
12-23 01:15:30.001 I/wm_task_moved( 1508): [798,0,-2147483648]
12-23 01:15:30.001 I/wm_create_task( 1508): [0,798]
12-23 01:15:30.001 I/wm_create_activity( 1508): [0,171569897,798,com.android.launcher3/com.android.quickstep.RecentsActivity,android.intent.action.MAIN,NULL,NULL,276889600]
12-23 01:15:30.002 I/ActivityTaskManager( 1508): The Process com.android.launcher3 Already Exists in BG. So sending its PID: 19951
12-23 01:15:30.002 I/wm_restart_activity( 1508): [0,171569897,798,com.android.launcher3/com.android.quickstep.RecentsActivity]
12-23 01:15:30.002 I/wm_add_to_stopping( 1508): [0,171569897,com.android.launcher3/com.android.quickstep.RecentsActivity,preloadRecents]
12-23 01:15:30.007 W/ContextImpl( 2417): Calling a method in the system process without a qualified user: android.app.ContextImpl.startService:1816 android.content.ContextWrapper.startService:774 com.thundercomm.gamemode.ingame.services.GameModeActionUtils.startGameModeService:99 com.thundercomm.gamemode.ingame.services.GameModeActionUtils.startGameModeEntry:22 com.thundercomm.gamemode.ingame.services.ActivityMonitoringService$1.onActivityLaunch:127
12-23 01:15:30.009 I/GameModeConfig( 1508): Current uri is uri = content://com.thundercomm.gamemode.api/gamemode_settings/gamemode_isgaming
12-23 01:15:30.009 I/GameModeConfig( 1508): isGameModeOn = false
12-23 01:15:30.010 I/GameModeConfig( 1508): isGameModeOn = false
12-23 01:15:30.010 I/GameModeConfig( 1508): isDisableVoice = true
01-01 08:01:07.270 I/binder ( 0): 19951:19978 ioctl 40046210 7b6632a254 returned -22
12-23 01:15:30.064 E/AndroidRuntime(19951): FATAL EXCEPTION: ViewPool-init
12-23 01:15:30.064 E/AndroidRuntime(19951): Process: com.android.launcher3, PID: 19951
12-23 01:15:30.064 E/AndroidRuntime(19951): android.view.InflateException: Binary XML file line #18 in com.android.launcher3:layout/task: Binary XML file line #18 in com.android.launcher3:layout/task: Error inflating class com.android.quickstep.views.TaskView
12-23 01:15:30.064 E/AndroidRuntime(19951): Caused by: android.view.InflateException: Binary XML file line #18 in com.android.launcher3:layout/task: Error inflating class com.android.quickstep.views.TaskView
12-23 01:15:30.064 E/AndroidRuntime(19951): Caused by: java.lang.reflect.InvocationTargetException
12-23 01:15:30.064 E/AndroidRuntime(19951): at java.lang.reflect.Constructor.newInstance0(Native Method)
12-23 01:15:30.064 E/AndroidRuntime(19951): at java.lang.reflect.Constructor.newInstance(Constructor.java:343)
12-23 01:15:30.064 E/AndroidRuntime(19951): at android.view.LayoutInflater.createView(LayoutInflater.java:858)
12-23 01:15:30.064 E/AndroidRuntime(19951): at android.view.LayoutInflater.createViewFromTag(LayoutInflater.java:1010)
12-23 01:15:30.064 E/AndroidRuntime(19951): at android.view.LayoutInflater.createViewFromTag(LayoutInflater.java:965)
12-23 01:15:30.064 E/AndroidRuntime(19951): at android.view.LayoutInflater.inflate(LayoutInflater.java:663)
12-23 01:15:30.064 E/AndroidRuntime(19951): at android.view.LayoutInflater.inflate(LayoutInflater.java:538)
12-23 01:15:30.064 E/AndroidRuntime(19951): at com.android.launcher3.util.ViewPool.inflateNewView(ViewPool.java:106)
12-23 01:15:30.064 E/AndroidRuntime(19951): at com.android.launcher3.util.ViewPool.lambda$initPool$1$ViewPool(ViewPool.java:69)
12-23 01:15:30.064 E/AndroidRuntime(19951): at com.android.launcher3.util.ViewPool$$ExternalSyntheticLambda0.run(Unknown Source:8)
12-23 01:15:30.064 E/AndroidRuntime(19951): at java.lang.Thread.run(Thread.java:920)
12-23 01:15:30.064 E/AndroidRuntime(19951): Caused by: java.lang.ClassCastException: com.android.quickstep.RecentsActivity cannot be cast to com.android.launcher3.Launcher
12-23 01:15:30.064 E/AndroidRuntime(19951): at com.android.launcher3.Launcher.getLauncher(Launcher.java:3019)
12-23 01:15:30.064 E/AndroidRuntime(19951): at com.android.quickstep.views.TaskView.(TaskView.java:416)
12-23 01:15:30.064 E/AndroidRuntime(19951): at com.android.quickstep.views.TaskView.(TaskView.java:410)
12-23 01:15:30.064 E/AndroidRuntime(19951): ... 11 more
12-23 01:15:30.064 I/am_crash( 1508): [19951,0,com.android.launcher3,617332293,java.lang.ClassCastException,com.android.quickstep.RecentsActivity cannot be cast to com.android.launcher3.Launcher,Launcher.java,3019]
12-23 01:15:30.065 W/ActivityTaskManager( 1508): Force finishing activity com.android.launcher3/com.android.quickstep.RecentsActivity
12-23 01:15:30.065 I/wm_finish_activity( 1508): [0,171569897,798,com.android.launcher3/com.android.quickstep.RecentsActivity,force-crash]
12-23 01:15:30.065 I/wm_destroy_activity( 1508): [0,171569897,798,com.android.launcher3/com.android.quickstep.RecentsActivity,finish-imm:finishIfPossible]
12-23 01:15:30.067 I/sysui_multi_action( 1508): [757,316,758,4,759,-1]
12-23 01:15:30.071 W/ContextImpl( 2417): Calling a method in the system process without a qualified user: android.app.ContextImpl.startService:1816 android.content.ContextWrapper.startService:774 com.thundercomm.gamemode.ingame.services.GameModeActionUtils.startGameModeService:99 com.thundercomm.gamemode.ingame.services.GameModeActionUtils.startGameModeEntry:22 com.thundercomm.gamemode.ingame.services.ActivityMonitoringService$1.onActivityLaunch:127
12-23 01:15:30.072 I/GameModeConfig( 1508): Current uri is uri = content://com.thundercomm.gamemode.api/gamemode_settings/gamemode_isgaming
12-23 01:15:30.073 I/GameModeConfig( 1508): isGameModeOn = false
12-23 01:15:30.073 I/GameModeConfig( 1508): isGameModeOn = false
12-23 01:15:30.073 I/GameModeConfig( 1508): isDisableVoice = true
12-23 01:15:30.074 I/ActivityManager( 1508): Process com.android.launcher3 (pid 19951) has died: vis BFGS
12-23 01:15:30.074 I/am_proc_died( 1508): [0,19951,com.android.launcher3,100,5]
12-23 01:15:30.075 W/ActivityManager( 1508): Scheduling restart of crashed service com.android.launcher3/com.android.quickstep.TouchInteractionService in 1000ms for connection
12-23 01:15:30.075 I/am_schedule_service_restart( 1508): [0,com.android.launcher3/com.android.quickstep.TouchInteractionService,1000]
12-23 01:15:30.075 I/am_uid_stopped( 1508): 10078
12-23 01:15:30.076 I/wm_task_removed( 1508): [798,cleanUpResourcesForDestroy]
12-23 01:15:30.076 I/wm_task_removed( 1508): [797,removeChild:removeChild last r=Task{9c9d9a3 #798 type=recents I=com.android.launcher3/com.android.quickstep.RecentsActivity U=0 visible=false mode=fullscreen translucent=true sz=0} in t=Task{3b86859 #797 type=recents ?? U=0 visible=false mode=fullscreen translucent=true sz=0}]
12-23 01:15:30.076 I/wm_task_removed( 1508): [797,removeChild]
12-23 01:15:30.076 I/wm_task_removed( 1508): [798,removeChild:removeChild last r=ActivityRecord{a39f2e9 u0 com.android.launcher3/com.android.quickstep.RecentsActivity t-1 f}} in t=Task{9c9d9a3 #798 type=recents I=com.android.launcher3/com.android.quickstep.RecentsActivity U=0 visible=false mode=fullscreen translucent=true sz=0}]
12-23 01:15:30.076 I/wm_task_removed( 1508): [798,removeChild]
12-23 01:15:30.078 I/am_uid_running( 1508): 10078
12-23 01:15:30.078 D/CompatibilityChangeReporter( 1508): Compat change id reported: 135634846; UID 10078; state: DISABLED
12-23 01:15:30.078 D/CompatibilityChangeReporter( 1508): Compat change id reported: 177438394; UID 10078; state: DISABLED
12-23 01:15:30.078 D/CompatibilityChangeReporter( 1508): Compat change id reported: 135772972; UID 10078; state: DISABLED
12-23 01:15:30.078 D/CompatibilityChangeReporter( 1508): Compat change id reported: 135754954; UID 10078; state: ENABLED
12-23 01:15:30.079 D/CompatibilityChangeReporter( 1508): Compat change id reported: 143937733; UID 10078; state: ENABLED
12-23 01:15:30.083 I/am_proc_start( 1508): [0,19992,10078,com.android.launcher3,service,{com.android.launcher3/com.android.quickstep.TouchInteractionService}]
12-23 01:15:30.083 I/ActivityManager( 1508): Start proc 19992:com.android.launcher3/u0a78 for service {com.android.launcher3/com.android.quickstep.TouchInteractionService}
