12-23 01:15:22.362 E/AndroidRuntime(17512): Caused by: android.view.InflateException: Binary XML file line #18 in com.android.launcher3:layout/task: Error inflating class com.android.quickstep.views.TaskView
12-23 01:15:22.362 E/AndroidRuntime(17512): Caused by: java.lang.reflect.InvocationTargetException
12-23 01:15:22.362 E/AndroidRuntime(17512): at java.lang.reflect.Constructor.newInstance0(Native Method)
12-23 01:15:22.362 E/AndroidRuntime(17512): at java.lang.reflect.Constructor.newInstance(Constructor.java:343)
12-23 01:15:22.362 E/AndroidRuntime(17512): at android.view.LayoutInflater.createView(LayoutInflater.java:858)
12-23 01:15:22.362 E/AndroidRuntime(17512): at android.view.LayoutInflater.createViewFromTag(LayoutInflater.java:1010)
12-23 01:15:22.362 E/AndroidRuntime(17512): at android.view.LayoutInflater.createViewFromTag(LayoutInflater.java:965)
12-23 01:15:22.362 E/AndroidRuntime(17512): at android.view.LayoutInflater.inflate(LayoutInflater.java:663)
12-23 01:15:22.362 E/AndroidRuntime(17512): at android.view.LayoutInflater.inflate(LayoutInflater.java:538)
12-23 01:15:22.362 E/AndroidRuntime(17512): at com.android.launcher3.util.ViewPool.inflateNewView(ViewPool.java:106)
12-23 01:15:22.362 E/AndroidRuntime(17512): at com.android.launcher3.util.ViewPool.lambda$initPool$1$ViewPool(ViewPool.java:69)
12-23 01:15:22.362 E/AndroidRuntime(17512): at com.android.launcher3.util.ViewPool$$ExternalSyntheticLambda0.run(Unknown Source:8)
12-23 01:15:22.362 E/AndroidRuntime(17512): at java.lang.Thread.run(Thread.java:920)
12-23 01:15:22.362 E/AndroidRuntime(17512): Caused by: java.lang.ClassCastException: com.android.quickstep.RecentsActivity cannot be cast to com.android.launcher3.Launcher
12-23 01:15:22.362 E/AndroidRuntime(17512): at com.android.launcher3.Launcher.getLauncher(Launcher.java:3019)
12-23 01:15:22.362 E/AndroidRuntime(17512): at com.android.quickstep.views.TaskView.(TaskView.java:416)
12-23 01:15:22.362 E/AndroidRuntime(17512): at com.android.quickstep.views.TaskView.(TaskView.java:410)
12-23 01:15:22.362 E/AndroidRuntime(17512): ... 11 more
12-23 01:15:22.363 W/ActivityTaskManager( 1508): Force finishing activity com.android.launcher3/com.android.quickstep.RecentsActivity
12-23 01:15:22.370 W/ContextImpl( 2417): Calling a method in the system process without a qualified user: android.app.ContextImpl.startService:1816 android.content.ContextWrapper.startService:774 com.thundercomm.gamemode.ingame.services.GameModeActionUtils.startGameModeService:99 com.thundercomm.gamemode.ingame.services.GameModeActionUtils.startGameModeEntry:22 com.thundercomm.gamemode.ingame.services.ActivityMonitoringService$1.onActivityLaunch:127
01-01 08:00:59.619 I/binder ( 0): undelivered transaction 426280, process died.
12-23 01:15:22.372 I/ActivityManager( 1508): Process com.android.launcher3 (pid 17512) has died: vis BFGS
12-23 01:15:22.373 W/ActivityManager( 1508): Scheduling restart of crashed service com.android.launcher3/com.android.quickstep.TouchInteractionService in 1000ms for connection
12-23 01:15:22.373 I/GameModeConfig( 1508): Current uri is uri = content://com.thundercomm.gamemode.api/gamemode_settings/gamemode_isgaming
12-23 01:15:22.374 I/GameModeConfig( 1508): isGameModeOn = false
12-23 01:15:22.374 I/GameModeConfig( 1508): isGameModeOn = false
12-23 01:15:22.374 I/GameModeConfig( 1508): isDisableVoice = true
12-23 01:15:22.376 D/CompatibilityChangeReporter( 1508): Compat change id reported: 135634846; UID 10078; state: DISABLED
12-23 01:15:22.376 D/CompatibilityChangeReporter( 1508): Compat change id reported: 177438394; UID 10078; state: DISABLED
12-23 01:15:22.376 D/CompatibilityChangeReporter( 1508): Compat change id reported: 135772972; UID 10078; state: DISABLED
12-23 01:15:22.376 D/CompatibilityChangeReporter( 1508): Compat change id reported: 135754954; UID 10078; state: ENABLED
12-23 01:15:22.376 D/CompatibilityChangeReporter( 1508): Compat change id reported: 143937733; UID 10078; state: ENABLED
12-23 01:15:22.380 I/ActivityManager( 1508): Start proc 17552:com.android.launcher3/u0a78 for service {com.android.launcher3/com.android.quickstep.TouchInteractionService}
01-01 08:00:59.634 I/binder ( 0): 17552:17552 ioctl 40046210 7fe8558544 returned -22
01-01 08:00:59.658 I/ ( 0): read descriptors
01-01 08:00:59.658 I/ ( 0): read strings
12-23 01:15:22.421 I/ActivityTaskManager( 1508): START u0 {act=android.intent.action.MAIN cat=[android.intent.category.DEFAULT] flg=0x10010000 cmp=com.android.launcher3/com.android.quickstep.RecentsActivity} from uid 10078
12-23 01:15:22.422 W/ActivityTaskManager( 1508): Can't find TaskDisplayArea to determine support for multi window. Task id=679 attached=false
12-23 01:15:22.425 I/ActivityTaskManager( 1508): The Process com.android.launcher3 Already Exists in BG. So sending its PID: 17552
12-23 01:15:22.430 W/ContextImpl( 2417): Calling a method in the system process without a qualified user: android.app.ContextImpl.startService:1816 android.content.ContextWrapper.startService:774 com.thundercomm.gamemode.ingame.services.GameModeActionUtils.startGameModeService:99 com.thundercomm.gamemode.ingame.services.GameModeActionUtils.startGameModeEntry:22 com.thundercomm.gamemode.ingame.services.ActivityMonitoringService$1.onActivityLaunch:127
12-23 01:15:22.431 I/GameModeConfig( 1508): Current uri is uri = content://com.thundercomm.gamemode.api/gamemode_settings/gamemode_isgaming
12-23 01:15:22.432 I/GameModeConfig( 1508): isGameModeOn = false
12-23 01:15:22.432 I/GameModeConfig( 1508): isGameModeOn = false
12-23 01:15:22.432 I/GameModeConfig( 1508): isDisableVoice = true
01-01 08:00:59.692 I/binder ( 0): 17552:17578 ioctl 40046210 7b66428254 returned -22
12-23 01:15:22.488 E/AndroidRuntime(17552): FATAL EXCEPTION: ViewPool-init
12-23 01:15:22.488 E/AndroidRuntime(17552): Process: com.android.launcher3, PID: 17552
12-23 01:15:22.488 E/AndroidRuntime(17552): android.view.InflateException: Binary XML file line #18 in com.android.launcher3:layout/task: Binary XML file line #18 in com.android.launcher3:layout/task: Error inflating class com.android.quickstep.views.TaskView
12-23 01:15:22.488 E/AndroidRuntime(17552): Caused by: android.view.InflateException: Binary XML file line #18 in com.android.launcher3:layout/task: Error inflating class com.android.quickstep.views.TaskView
12-23 01:15:22.488 E/AndroidRuntime(17552): Caused by: java.lang.reflect.InvocationTargetException
12-23 01:15:22.488 E/AndroidRuntime(17552): at java.lang.reflect.Constructor.newInstance0(Native Method)
12-23 01:15:22.488 E/AndroidRuntime(17552): at java.lang.reflect.Constructor.newInstance(Constructor.java:343)
12-23 01:15:22.488 E/AndroidRuntime(17552): at android.view.LayoutInflater.createView(LayoutInflater.java:858)
12-23 01:15:22.488 E/AndroidRuntime(17552): at android.view.LayoutInflater.createViewFromTag(LayoutInflater.java:1010)
12-23 01:15:22.488 E/AndroidRuntime(17552): at android.view.LayoutInflater.createViewFromTag(LayoutInflater.java:965)
12-23 01:15:22.488 E/AndroidRuntime(17552): at android.view.LayoutInflater.inflate(LayoutInflater.java:663)
12-23 01:15:22.488 E/AndroidRuntime(17552): at android.view.LayoutInflater.inflate(LayoutInflater.java:538)
12-23 01:15:22.488 E/AndroidRuntime(17552): at com.android.launcher3.util.ViewPool.inflateNewView(ViewPool.java:106)
12-23 01:15:22.488 E/AndroidRuntime(17552): at com.android.launcher3.util.ViewPool.lambda$initPool$1$ViewPool(ViewPool.java:69)
12-23 01:15:22.488 E/AndroidRuntime(17552): at com.android.launcher3.util.ViewPool$$ExternalSyntheticLambda0.run(Unknown Source:8)
12-23 01:15:22.488 E/AndroidRuntime(17552): at java.lang.Thread.run(Thread.java:920)
12-23 01:15:22.488 E/AndroidRuntime(17552): Caused by: java.lang.ClassCastException: com.android.quickstep.RecentsActivity cannot be cast to com.android.launcher3.Launcher
12-23 01:15:22.488 E/AndroidRuntime(17552): at com.android.launcher3.Launcher.getLauncher(Launcher.java:3019)
12-23 01:15:22.488 E/AndroidRuntime(17552): at com.android.quickstep.views.TaskView.(TaskView.java:416)
12-23 01:15:22.488 E/AndroidRuntime(17552): at com.android.quickstep.views.TaskView.(TaskView.java:410)
12-23 01:15:22.488 E/AndroidRuntime(17552): ... 11 more
12-23 01:15:22.489 W/ActivityTaskManager( 1508): Force finishing activity com.android.launcher3/com.android.quickstep.RecentsActivity
12-23 01:15:22.495 W/ContextImpl( 2417): Calling a method in the system process without a qualified user: android.app.ContextImpl.startService:1816 android.content.ContextWrapper.startService:774 com.thundercomm.gamemode.ingame.services.GameModeActionUtils.startGameModeService:99 com.thundercomm.gamemode.ingame.services.GameModeActionUtils.startGameModeEntry:22 com.thundercomm.gamemode.ingame.services.ActivityMonitoringService$1.onActivityLaunch:127
12-23 01:15:22.497 I/GameModeConfig( 1508): Current uri is uri = content://com.thundercomm.gamemode.api/gamemode_settings/gamemode_isgaming
12-23 01:15:22.498 I/GameModeConfig( 1508): isGameModeOn = false
01-01 08:00:59.746 I/binder ( 0): undelivered transaction 427224, process died.
12-23 01:15:22.498 I/GameModeConfig( 1508): isGameModeOn = false
12-23 01:15:22.498 I/GameModeConfig( 1508): isDisableVoice = true
12-23 01:15:22.499 I/ActivityManager( 1508): Process com.android.launcher3 (pid 17552) has died: vis BFGS
12-23 01:15:22.499 W/ActivityManager( 1508): Scheduling restart of crashed service com.android.launcher3/com.android.quickstep.TouchInteractionService in 1000ms for connection
12-23 01:15:22.502 D/CompatibilityChangeReporter( 1508): Compat change id reported: 135634846; UID 10078; state: DISABLED
12-23 01:15:22.502 D/CompatibilityChangeReporter( 1508): Compat change id reported: 177438394; UID 10078; state: DISABLED
12-23 01:15:22.502 D/CompatibilityChangeReporter( 1508): Compat change id reported: 135772972; UID 10078; state: DISABLED
12-23 01:15:22.502 D/CompatibilityChangeReporter( 1508): Compat change id reported: 135754954; UID 10078; state: ENABLED
12-23 01:15:22.503 D/CompatibilityChangeReporter( 1508): Compat change id reported: 143937733; UID 10078; state: ENABLED
12-23 01:15:22.507 I/ActivityManager( 1508): Start proc 17591:com.android.launcher3/u0a78 for service {com.android.launcher3/com.android.quickstep.TouchInteractionService}
01-01 08:00:59.757 D/ ( 0): mv2112_read_status
01-01 08:00:59.758 D/mv2112_update_link( 0): 3.0x901(1G): 0x80
01-01 08:00:59.758 D/mv2112_update_link( 0): 3.0x8109(100M): 0x8
01-01 08:00:59.758 D/mv2112_update_link( 0): link 0x0
01-01 08:00:59.758 D/mv2112_read_status( 0): autoneg is disabled
01-01 08:00:59.760 I/binder ( 0): 17591:17591 ioctl 40046210 7fe8558544 returned -22
12-23 01:15:22.547 I/ActivityTaskManager( 1508): START u0 {act=android.intent.action.MAIN cat=[android.intent.category.DEFAULT] flg=0x10010000 cmp=com.android.launcher3/com.android.quickstep.RecentsActivity} from uid 10078
12-23 01:15:22.549 W/ActivityTaskManager( 1508): Can't find TaskDisplayArea to determine support for multi window. Task id=681 attached=false
12-23 01:15:22.551 I/ActivityTaskManager( 1508): The Process com.android.launcher3 Already Exists in BG. So sending its PID: 17591
12-23 01:15:22.557 W/ContextImpl( 2417): Calling a method in the system process without a qualified user: android.app.ContextImpl.startService:1816 android.content.ContextWrapper.startService:774 com.thundercomm.gamemode.ingame.services.GameModeActionUtils.startGameModeService:99 com.thundercomm.gamemode.ingame.services.GameModeActionUtils.startGameModeEntry:22 com.thundercomm.gamemode.ingame.services.ActivityMonitoringService$1.onActivityLaunch:127
12-23 01:15:22.559 I/GameModeConfig( 1508): Current uri is uri = content://com.thundercomm.gamemode.api/gamemode_settings/gamemode_isgaming
12-23 01:15:22.560 I/GameModeConfig( 1508): isGameModeOn = false
12-23 01:15:22.560 I/GameModeConfig( 1508): isGameModeOn = false
12-23 01:15:22.560 I/GameModeConfig( 1508): isDisableVoice = true
01-01 08:00:59.819 I/binder ( 0): 17591:17619 ioctl 40046210 7b6522c254 returned -22
12-23 01:15:22.614 E/AndroidRuntime(17591): FATAL EXCEPTION: ViewPool-init
12-23 01:15:22.614 E/AndroidRuntime(17591): Process: com.android.launcher3, PID: 17591
12-23 01:15:22.614 E/AndroidRuntime(17591): android.view.InflateException: Binary XML file line #18 in com.android.launcher3:layout/task: Binary XML file line #18 in com.android.launcher3:layout/task: Error inflating class com.android.quickstep.views.TaskView
12-23 01:15:22.614 E/AndroidRuntime(17591): Caused by: android.view.InflateException: Binary XML file line #18 in com.android.launcher3:layout/task: Error inflating class com.android.quickstep.views.TaskView
12-23 01:15:22.614 E/AndroidRuntime(17591): Caused by: java.lang.reflect.InvocationTargetException
12-23 01:15:22.614 E/AndroidRuntime(17591): at java.lang.reflect.Constructor.newInstance0(Native Method)
12-23 01:15:22.614 E/AndroidRuntime(17591): at java.lang.reflect.Constructor.newInstance(Constructor.java:343)
12-23 01:15:22.614 E/AndroidRuntime(17591): at android.view.LayoutInflater.createView(LayoutInflater.java:858)
12-23 01:15:22.614 E/AndroidRuntime(17591): at android.view.LayoutInflater.createViewFromTag(LayoutInflater.java:1010)
12-23 01:15:22.614 E/AndroidRuntime(17591): at android.view.LayoutInflater.createViewFromTag(LayoutInflater.java:965)
12-23 01:15:22.614 E/AndroidRuntime(17591): at android.view.LayoutInflater.inflate(LayoutInflater.java:663)
12-23 01:15:22.614 E/AndroidRuntime(17591): at android.view.LayoutInflater.inflate(LayoutInflater.java:538)
12-23 01:15:22.614 E/AndroidRuntime(17591): at com.android.launcher3.util.ViewPool.inflateNewView(ViewPool.java:106)
12-23 01:15:22.614 E/AndroidRuntime(17591): at com.android.launcher3.util.ViewPool.lambda$initPool$1$ViewPool(ViewPool.java:69)
12-23 01:15:22.614 E/AndroidRuntime(17591): at com.android.launcher3.util.ViewPool$$ExternalSyntheticLambda0.run(Unknown Source:8)
12-23 01:15:22.614 E/AndroidRuntime(17591): at java.lang.Thread.run(Thread.java:920)
12-23 01:15:22.614 E/AndroidRuntime(17591): Caused by: java.lang.ClassCastException: com.android.quickstep.RecentsActivity cannot be cast to com.android.launcher3.Launcher
12-23 01:15:22.614 E/AndroidRuntime(17591): at com.android.launcher3.Launcher.getLauncher(Launcher.java:3019)
12-23 01:15:22.614 E/AndroidRuntime(17591): at com.android.quickstep.views.TaskView.(TaskView.java:416)
12-23 01:15:22.614 E/AndroidRuntime(17591): at com.android.quickstep.views.TaskView.(TaskView.java:410)
12-23 01:15:22.614 E/AndroidRuntime(17591): ... 11 more
12-23 01:15:22.615 W/ActivityTaskManager( 1508): Force finishing activity com.android.launcher3/com.android.quickstep.RecentsActivity
12-23 01:15:22.620 W/ContextImpl( 2417): Calling a method in the system process without a qualified user: android.app.ContextImpl.startService:1816 android.content.ContextWrapper.startService:774 com.thundercomm.gamemode.ingame.services.GameModeActionUtils.startGameModeService:99 com.thundercomm.gamemode.ingame.services.GameModeActionUtils.startGameModeEntry:22 com.thundercomm.gamemode.ingame.services.ActivityMonitoringService$1.onActivityLaunch:127
12-23 01:15:22.622 I/GameModeConfig( 1508): Current uri is uri = content://com.thundercomm.gamemode.api/gamemode_settings/gamemode_isgaming
12-23 01:15:22.622 I/GameModeConfig( 1508): isGameModeOn = false
12-23 01:15:22.622 I/GameModeConfig( 1508): isGameModeOn = false
12-23 01:15:22.622 I/GameModeConfig( 1508): isDisableVoice = true
01-01 08:00:59.886 I/binder ( 0): undelivered transaction 428153, process died.
12-23 01:15:22.639 I/ActivityManager( 1508): Process com.android.launcher3 (pid 17591) has died: vis BFGS
12-23 01:15:22.639 W/ActivityManager( 1508): Scheduling restart of crashed service com.android.launcher3/com.android.quickstep.TouchInteractionService in 1000ms for connection
12-23 01:15:22.642 D/CompatibilityChangeReporter( 1508): Compat change id reported: 135634846; UID 10078; state: DISABLED
12-23 01:15:22.643 D/CompatibilityChangeReporter( 1508): Compat change id reported: 177438394; UID 10078; state: DISABLED
12-23 01:15:22.643 D/CompatibilityChangeReporter( 1508): Compat change id reported: 135772972; UID 10078; state: DISABLED
12-23 01:15:22.643 D/CompatibilityChangeReporter( 1508): Compat change id reported: 135754954; UID 10078; state: ENABLED
12-23 01:15:22.643 D/CompatibilityChangeReporter( 1508): Compat change id reported: 143937733; UID 10078; state: ENABLED
12-23 01:15:22.647 I/ActivityManager( 1508): Start proc 17633:com.android.launcher3/u0a78 for service {com.android.launcher3/com.android.quickstep.TouchInteractionService}
01-01 08:00:59.901 I/binder ( 0): 17633:17633 ioctl 40046210 7fe8558544 returned -22
12-23 01:15:22.689 I/ActivityTaskManager( 1508): START u0 {act=android.intent.action.MAIN cat=[android.intent.category.DEFAULT] flg=0x10010000 cmp=com.android.launcher3/com.android.quickstep.RecentsActivity} from uid 10078
12-23 01:15:22.691 W/ActivityTaskManager( 1508): Can't find TaskDisplayArea to determine support for multi window. Task id=683 attached=false
12-23 01:15:22.694 I/ActivityTaskManager( 1508): The Process com.android.launcher3 Already Exists in BG. So sending its PID: 17633
12-23 01:15:22.698 W/ContextImpl( 2417): Calling a method in the system process without a qualified user: android.app.ContextImpl.startService:1816 android.content.ContextWrapper.startService:774 com.thundercomm.gamemode.ingame.services.GameModeActionUtils.startGameModeService:99 com.thundercomm.gamemode.ingame.services.GameModeActionUtils.startGameModeEntry:22 com.thundercomm.gamemode.ingame.services.ActivityMonitoringService$1.onActivityLaunch:127
12-23 01:15:22.700 I/GameModeConfig( 1508): Current uri is uri = content://com.thundercomm.gamemode.api/gamemode_settings/gamemode_isgaming
12-23 01:15:22.701 I/GameModeConfig( 1508): isGameModeOn = false
12-23 01:15:22.701 I/GameModeConfig( 1508): isGameModeOn = false
12-23 01:15:22.701 I/GameModeConfig( 1508): isDisableVoice = true
01-01 08:00:59.960 I/binder ( 0): 17633:17661 ioctl 40046210 7b6522c254 returned -22
12-23 01:15:22.755 E/AndroidRuntime(17633): FATAL EXCEPTION: ViewPool-init
12-23 01:15:22.755 E/AndroidRuntime(17633): Process: com.android.launcher3, PID: 17633
12-23 01:15:22.755 E/AndroidRuntime(17633): android.view.InflateException: Binary XML file line #18 in com.android.launcher3:layout/task: Binary XML file line #18 in com.android.launcher3:layout/task: Error inflating class com.android.quickstep.views.TaskView
12-23 01:15:22.755 E/AndroidRuntime(17633): Caused by: android.view.InflateException: Binary XML file line #18 in com.android.launcher3:layout/task: Error inflating class com.android.quickstep.views.TaskView
12-23 01:15:22.755 E/AndroidRuntime(17633): Caused by: java.lang.reflect.InvocationTargetException
12-23 01:15:22.755 E/AndroidRuntime(17633): at java.lang.reflect.Constructor.newInstance0(Native Method)
12-23 01:15:22.755 E/AndroidRuntime(17633): at java.lang.reflect.Constructor.newInstance(Constructor.java:343)
12-23 01:15:22.755 E/AndroidRuntime(17633): at android.view.LayoutInflater.createView(LayoutInflater.java:858)
12-23 01:15:22.755 E/AndroidRuntime(17633): at android.view.LayoutInflater.createViewFromTag(LayoutInflater.java:1010)
12-23 01:15:22.755 E/AndroidRuntime(17633): at android.view.LayoutInflater.createViewFromTag(LayoutInflater.java:965)
12-23 01:15:22.755 E/AndroidRuntime(17633): at android.view.LayoutInflater.inflate(LayoutInflater.java:663)
12-23 01:15:22.755 E/AndroidRuntime(17633): at android.view.LayoutInflater.inflate(LayoutInflater.java:538)
12-23 01:15:22.755 E/AndroidRuntime(17633): at com.android.launcher3.util.ViewPool.inflateNewView(ViewPool.java:106)
12-23 01:15:22.755 E/AndroidRuntime(17633): at com.android.launcher3.util.ViewPool.lambda$initPool$1$ViewPool(ViewPool.java:69)
12-23 01:15:22.755 E/AndroidRuntime(17633): at com.android.launcher3.util.ViewPool$$ExternalSyntheticLambda0.run(Unknown Source:8)
12-23 01:15:22.755 E/AndroidRuntime(17633): at java.lang.Thread.run(Thread.java:920)
12-23 01:15:22.755 E/AndroidRuntime(17633): Caused by: java.lang.ClassCastException: com.android.quickstep.RecentsActivity cannot be cast to com.android.launcher3.Launcher
12-23 01:15:22.755 E/AndroidRuntime(17633): at com.android.launcher3.Launcher.getLauncher(Launcher.java:3019)
12-23 01:15:22.755 E/AndroidRuntime(17633): at com.android.quickstep.views.TaskView.(TaskView.java:416)
12-23 01:15:22.755 E/AndroidRuntime(17633): at com.android.quickstep.views.TaskView.(TaskView.java:410)
12-23 01:15:22.755 E/AndroidRuntime(17633): ... 11 more
12-23 01:15:22.756 W/ActivityTaskManager( 1508): Force finishing activity com.android.launcher3/com.android.quickstep.RecentsActivity
12-23 01:15:22.762 W/ContextImpl( 2417): Calling a method in the system process without a qualified user: android.app.ContextImpl.startService:1816 android.content.ContextWrapper.startService:774 com.thundercomm.gamemode.ingame.services.GameModeActionUtils.startGameModeService:99 com.thundercomm.gamemode.ingame.services.GameModeActionUtils.startGameModeEntry:22 com.thundercomm.gamemode.ingame.services.ActivityMonitoringService$1.onActivityLaunch:127
12-23 01:15:22.763 I/GameModeConfig( 1508): Current uri is uri = content://com.thundercomm.gamemode.api/gamemode_settings/gamemode_isgaming
12-23 01:15:22.764 I/GameModeConfig( 1508): isGameModeOn = false
12-23 01:15:22.764 I/GameModeConfig( 1508): isGameModeOn = false
12-23 01:15:22.764 I/GameModeConfig( 1508): isDisableVoice = true
12-23 01:15:22.779 I/ActivityManager( 1508): Process com.android.launcher3 (pid 17633) has died: vis BFGS
12-23 01:15:22.780 W/ActivityManager( 1508): Scheduling restart of crashed service com.android.launcher3/com.android.quickstep.TouchInteractionService in 1000ms for connection
12-23 01:15:22.783 D/CompatibilityChangeReporter( 1508): Compat change id reported: 135634846; UID 10078; state: DISABLED
12-23 01:15:22.783 D/CompatibilityChangeReporter( 1508): Compat change id reported: 177438394; UID 10078; state: DISABLED
12-23 01:15:22.783 D/CompatibilityChangeReporter( 1508): Compat change id reported: 135772972; UID 10078; state: DISABLED
12-23 01:15:22.783 D/CompatibilityChangeReporter( 1508): Compat change id reported: 135754954; UID 10078; state: ENABLED
12-23 01:15:22.784 D/CompatibilityChangeReporter( 1508): Compat change id reported: 143937733; UID 10078; state: ENABLED
12-23 01:15:22.788 I/ActivityManager( 1508): Start proc 17674:com.android.launcher3/u0a78 for service {com.android.launcher3/com.android.quickstep.TouchInteractionService}
01-01 08:01:00.041 I/binder ( 0): 17674:17674 ioctl 40046210 7fe8558544 returned -22
12-23 01:15:22.831 I/ActivityTaskManager( 1508): START u0 {act=android.intent.action.MAIN cat=[android.intent.category.DEFAULT] flg=0x10010000 cmp=com.android.launcher3/com.android.quickstep.RecentsActivity} from uid 10078
12-23 01:15:22.832 W/ActivityTaskManager( 1508): Can't find TaskDisplayArea to determine support for multi window. Task id=685 attached=false
12-23 01:15:22.835 I/ActivityTaskManager( 1508): The Process com.android.launcher3 Already Exists in BG. So sending its PID: 17674
12-23 01:15:22.841 W/ContextImpl( 2417): Calling a method in the system process without a qualified user: android.app.ContextImpl.startService:1816 android.content.ContextWrapper.startService:774 com.thundercomm.gamemode.ingame.services.GameModeActionUtils.startGameModeService:99 com.thundercomm.gamemode.ingame.services.GameModeActionUtils.startGameModeEntry:22 com.thundercomm.gamemode.ingame.services.ActivityMonitoringService$1.onActivityLaunch:127
12-23 01:15:22.842 I/GameModeConfig( 1508): Current uri is uri = content://com.thundercomm.gamemode.api/gamemode_settings/gamemode_isgaming
12-23 01:15:22.843 I/GameModeConfig( 1508): isGameModeOn = false
12-23 01:15:22.843 I/GameModeConfig( 1508): isGameModeOn = false
12-23 01:15:22.843 I/GameModeConfig( 1508): isDisableVoice = true
01-01 08:01:00.103 I/binder ( 0): 17674:17701 ioctl 40046210 7b6632a254 returned -22
12-23 01:15:22.903 E/AndroidRuntime(17674): FATAL EXCEPTION: ViewPool-init
12-23 01:15:22.903 E/AndroidRuntime(17674): Process: com.android.launcher3, PID: 17674
12-23 01:15:22.903 E/AndroidRuntime(17674): android.view.InflateException: Binary XML file line #18 in com.android.launcher3:layout/task: Binary XML file line #18 in com.android.launcher3:layout/task: Error inflating class com.android.quickstep.views.TaskView
12-23 01:15:22.903 E/AndroidRuntime(17674): Caused by: android.view.InflateException: Binary XML file line #18 in com.android.launcher3:layout/task: Error inflating class com.android.quickstep.views.TaskView
12-23 01:15:22.903 E/AndroidRuntime(17674): Caused by: java.lang.reflect.InvocationTargetException
12-23 01:15:22.903 E/AndroidRuntime(17674): at java.lang.reflect.Constructor.newInstance0(Native Method)
12-23 01:15:22.903 E/AndroidRuntime(17674): at java.lang.reflect.Constructor.newInstance(Constructor.java:343)
12-23 01:15:22.903 E/AndroidRuntime(17674): at android.view.LayoutInflater.createView(LayoutInflater.java:858)
12-23 01:15:22.903 E/AndroidRuntime(17674): at android.view.LayoutInflater.createViewFromTag(LayoutInflater.java:1010)
12-23 01:15:22.903 E/AndroidRuntime(17674): at android.view.LayoutInflater.createViewFromTag(LayoutInflater.java:965)
12-23 01:15:22.903 E/AndroidRuntime(17674): at android.view.LayoutInflater.inflate(LayoutInflater.java:663)
12-23 01:15:22.903 E/AndroidRuntime(17674): at android.view.LayoutInflater.inflate(LayoutInflater.java:538)
12-23 01:15:22.903 E/AndroidRuntime(17674): at com.android.launcher3.util.ViewPool.inflateNewView(ViewPool.java:106)
12-23 01:15:22.903 E/AndroidRuntime(17674): at com.android.launcher3.util.ViewPool.lambda$initPool$1$ViewPool(ViewPool.java:69)
12-23 01:15:22.903 E/AndroidRuntime(17674): at com.android.launcher3.util.ViewPool$$ExternalSyntheticLambda0.run(Unknown Source:8)
12-23 01:15:22.903 E/AndroidRuntime(17674): at java.lang.Thread.run(Thread.java:920)
12-23 01:15:22.903 E/AndroidRuntime(17674): Caused by: java.lang.ClassCastException: com.android.quickstep.RecentsActivity cannot be cast to com.android.launcher3.Launcher
12-23 01:15:22.903 E/AndroidRuntime(17674): at com.android.launcher3.Launcher.getLauncher(Launcher.java:3019)
12-23 01:15:22.903 E/AndroidRuntime(17674): at com.android.quickstep.views.TaskView.(TaskView.java:416)
12-23 01:15:22.903 E/AndroidRuntime(17674): at com.android.quickstep.views.TaskView.(TaskView.java:410)
12-23 01:15:22.903 E/AndroidRuntime(17674): ... 11 more
12-23 01:15:22.904 W/ActivityTaskManager( 1508): Force finishing activity com.android.launcher3/com.android.quickstep.RecentsActivity
12-23 01:15:22.910 W/ContextImpl( 2417): Calling a method in the system process without a qualified user: android.app.ContextImpl.startService:1816 android.content.ContextWrapper.startService:774 com.thundercomm.gamemode.ingame.services.GameModeActionUtils.startGameModeService:99 com.thundercomm.gamemode.ingame.services.GameModeActionUtils.startGameModeEntry:22 com.thundercomm.gamemode.ingame.services.ActivityMonitoringService$1.onActivityLaunch:127
12-23 01:15:22.912 I/GameModeConfig( 1508): Current uri is uri = content://com.thundercomm.gamemode.api/gamemode_settings/gamemode_isgaming
01-01 08:01:00.161 I/binder ( 0): undelivered transaction 430506, process died.
12-23 01:15:22.913 I/ActivityManager( 1508): Process com.android.launcher3 (pid 17674) has died: vis BFGS
12-23 01:15:22.913 I/GameModeConfig( 1508): isGameModeOn = false
12-23 01:15:22.914 I/GameModeConfig( 1508): isGameModeOn = false
12-23 01:15:22.914 I/GameModeConfig( 1508): isDisableVoice = true
12-23 01:15:22.914 W/ActivityManager( 1508): Scheduling restart of crashed service com.android.launcher3/com.android.quickstep.TouchInteractionService in 1000ms for connection
12-23 01:15:22.918 D/CompatibilityChangeReporter( 1508): Compat change id reported: 135634846; UID 10078; state: DISABLED
12-23 01:15:22.918 D/CompatibilityChangeReporter( 1508): Compat change id reported: 177438394; UID 10078; state: DISABLED
12-23 01:15:22.918 D/CompatibilityChangeReporter( 1508): Compat change id reported: 135772972; UID 10078; state: DISABLED
12-23 01:15:22.918 D/CompatibilityChangeReporter( 1508): Compat change id reported: 135754954; UID 10078; state: ENABLED
12-23 01:15:22.918 D/CompatibilityChangeReporter( 1508): Compat change id reported: 143937733; UID 10078; state: ENABLED
12-23 01:15:22.922 I/ActivityManager( 1508): Start proc 17715:com.android.launcher3/u0a78 for service {com.android.launcher3/com.android.quickstep.TouchInteractionService}
01-01 08:01:00.176 I/binder ( 0): 17715:17715 ioctl 40046210 7fe8558544 returned -22
12-23 01:15:22.964 I/ActivityTaskManager( 1508): START u0 {act=android.intent.action.MAIN cat=[android.intent.category.DEFAULT] flg=0x10010000 cmp=com.android.launcher3/com.android.quickstep.RecentsActivity} from uid 10078
12-23 01:15:22.966 W/ActivityTaskManager( 1508): Can't find TaskDisplayArea to determine support for multi window. Task id=687 attached=false
12-23 01:15:22.968 I/ActivityTaskManager( 1508): The Process com.android.launcher3 Already Exists in BG. So sending its PID: 17715
12-23 01:15:22.974 W/ContextImpl( 2417): Calling a method in the system process without a qualified user: android.app.ContextImpl.startService:1816 android.content.ContextWrapper.startService:774 com.thundercomm.gamemode.ingame.services.GameModeActionUtils.startGameModeService:99 com.thundercomm.gamemode.ingame.services.GameModeActionUtils.startGameModeEntry:22 com.thundercomm.gamemode.ingame.services.ActivityMonitoringService$1.onActivityLaunch:127
12-23 01:15:22.976 I/GameModeConfig( 1508): Current uri is uri = content://com.thundercomm.gamemode.api/gamemode_settings/gamemode_isgaming
12-23 01:15:22.976 I/GameModeConfig( 1508): isGameModeOn = false
12-23 01:15:22.977 I/GameModeConfig( 1508): isGameModeOn = false
12-23 01:15:22.977 I/GameModeConfig( 1508): isDisableVoice = true
01-01 08:01:00.236 I/binder ( 0): 17715:17743 ioctl 40046210 7b66332254 returned -22
12-23 01:15:23.030 E/AndroidRuntime(17715): FATAL EXCEPTION: ViewPool-init
12-23 01:15:23.030 E/AndroidRuntime(17715): Process: com.android.launcher3, PID: 17715
12-23 01:15:23.030 E/AndroidRuntime(17715): android.view.InflateException: Binary XML file line #18 in com.android.launcher3:layout/task: Binary XML file line #18 in com.android.launcher3:layout/task: Error inflating class com.android.quickstep.views.TaskView
12-23 01:15:23.030 E/AndroidRuntime(17715): Caused by: android.view.InflateException: Binary XML file line #18 in com.android.launcher3:layout/task: Error inflating class com.android.quickstep.views.TaskView
12-23 01:15:23.030 E/AndroidRuntime(17715): Caused by: java.lang.reflect.InvocationTargetException
12-23 01:15:23.030 E/AndroidRuntime(17715): at java.lang.reflect.Constructor.newInstance0(Native Method)
12-23 01:15:23.030 E/AndroidRuntime(17715): at java.lang.reflect.Constructor.newInstance(Constructor.java:343)
12-23 01:15:23.030 E/AndroidRuntime(17715): at android.view.LayoutInflater.createView(LayoutInflater.java:858)
12-23 01:15:23.030 E/AndroidRuntime(17715): at android.view.LayoutInflater.createViewFromTag(LayoutInflater.java:1010)
12-23 01:15:23.030 E/AndroidRuntime(17715): at android.view.LayoutInflater.createViewFromTag(LayoutInflater.java:965)
12-23 01:15:23.030 E/AndroidRuntime(17715): at android.view.LayoutInflater.inflate(LayoutInflater.java:663)
12-23 01:15:23.030 E/AndroidRuntime(17715): at android.view.LayoutInflater.inflate(LayoutInflater.java:538)
12-23 01:15:23.030 E/AndroidRuntime(17715): at com.android.launcher3.util.ViewPool.inflateNewView(ViewPool.java:106)
12-23 01:15:23.030 E/AndroidRuntime(17715): at com.android.launcher3.util.ViewPool.lambda$initPool$1$ViewPool(ViewPool.java:69)
12-23 01:15:23.030 E/AndroidRuntime(17715): at com.android.launcher3.util.ViewPool$$ExternalSyntheticLambda0.run(Unknown Source:8)
12-23 01:15:23.030 E/AndroidRuntime(17715): at java.lang.Thread.run(Thread.java:920)
12-23 01:15:23.030 E/AndroidRuntime(17715): Caused by: java.lang.ClassCastException: com.android.quickstep.RecentsActivity cannot be cast to com.android.launcher3.Launcher
12-23 01:15:23.030 E/AndroidRuntime(17715): at com.android.launcher3.Launcher.getLauncher(Launcher.java:3019)
12-23 01:15:23.030 E/AndroidRuntime(17715): at com.android.quickstep.views.TaskView.(TaskView.java:416)
12-23 01:15:23.030 E/AndroidRuntime(17715): at com.android.quickstep.views.TaskView.(TaskView.java:410)
12-23 01:15:23.030 E/AndroidRuntime(17715): ... 11 more
12-23 01:15:23.031 W/ActivityTaskManager( 1508): Force finishing activity com.android.launcher3/com.android.quickstep.RecentsActivity
12-23 01:15:23.037 W/ContextImpl( 2417): Calling a method in the system process without a qualified user: android.app.ContextImpl.startService:1816 android.content.ContextWrapper.startService:774 com.thundercomm.gamemode.ingame.services.GameModeActionUtils.startGameModeService:99 com.thundercomm.gamemode.ingame.services.GameModeActionUtils.startGameModeEntry:22 com.thundercomm.gamemode.ingame.services.ActivityMonitoringService$1.onActivityLaunch:127
12-23 01:15:23.039 I/GameModeConfig( 1508): Current uri is uri = content://com.thundercomm.gamemode.api/gamemode_settings/gamemode_isgaming
12-23 01:15:23.040 I/GameModeConfig( 1508): isGameModeOn = false
12-23 01:15:23.040 I/ActivityManager( 1508): Process com.android.launcher3 (pid 17715) has died: vis BFGS
12-23 01:15:23.040 I/GameModeConfig( 1508): isGameModeOn = false
12-23 01:15:23.040 I/GameModeConfig( 1508): isDisableVoice = true
12-23 01:15:23.041 W/ActivityManager( 1508): Scheduling restart of crashed service com.android.launcher3/com.android.quickstep.TouchInteractionService in 1000ms for connection
12-23 01:15:23.044 D/CompatibilityChangeReporter( 1508): Compat change id reported: 135634846; UID 10078; state: DISABLED
12-23 01:15:23.044 D/CompatibilityChangeReporter( 1508): Compat change id reported: 177438394; UID 10078; state: DISABLED
12-23 01:15:23.044 D/CompatibilityChangeReporter( 1508): Compat change id reported: 135772972; UID 10078; state: DISABLED
12-23 01:15:23.044 D/CompatibilityChangeReporter( 1508): Compat change id reported: 135754954; UID 10078; state: ENABLED
12-23 01:15:23.044 D/CompatibilityChangeReporter( 1508): Compat change id reported: 143937733; UID 10078; state: ENABLED
12-23 01:15:23.049 I/ActivityManager( 1508): Start proc 17756:com.android.launcher3/u0a78 for service {com.android.launcher3/com.android.quickstep.TouchInteractionService}
01-01 08:01:00.302 I/binder ( 0): 17756:17756 ioctl 40046210 7fe8558544 returned -22
12-23 01:15:23.091 I/ActivityTaskManager( 1508): START u0 {act=android.intent.action.MAIN cat=[android.intent.category.DEFAULT] flg=0x10010000 cmp=com.android.launcher3/com.android.quickstep.RecentsActivity} from uid 10078
12-23 01:15:23.093 W/ActivityTaskManager( 1508): Can't find TaskDisplayArea to determine support for multi window. Task id=689 attached=false
12-23 01:15:23.096 I/ActivityTaskManager( 1508): The Process com.android.launcher3 Already Exists in BG. So sending its PID: 17756
12-23 01:15:23.104 W/ContextImpl( 2417): Calling a method in the system process without a qualified user: android.app.ContextImpl.startService:1816 android.content.ContextWrapper.startService:774 com.thundercomm.gamemode.ingame.services.GameModeActionUtils.startGameModeService:99 com.thundercomm.gamemode.ingame.services.GameModeActionUtils.startGameModeEntry:22 com.thundercomm.gamemode.ingame.services.ActivityMonitoringService$1.onActivityLaunch:127
12-23 01:15:23.106 I/GameModeConfig( 1508): Current uri is uri = content://com.thundercomm.gamemode.api/gamemode_settings/gamemode_isgaming
12-23 01:15:23.107 I/GameModeConfig( 1508): isGameModeOn = false
12-23 01:15:23.107 I/GameModeConfig( 1508): isGameModeOn = false
12-23 01:15:23.107 I/GameModeConfig( 1508): isDisableVoice = true
01-01 08:01:00.366 I/binder ( 0): 17756:17784 ioctl 40046210 7b6522c254 returned -22
12-23 01:15:23.161 E/AndroidRuntime(17756): FATAL EXCEPTION: ViewPool-init
12-23 01:15:23.161 E/AndroidRuntime(17756): Process: com.android.launcher3, PID: 17756
12-23 01:15:23.161 E/AndroidRuntime(17756): android.view.InflateException: Binary XML file line #18 in com.android.launcher3:layout/task: Binary XML file line #18 in com.android.launcher3:layout/task: Error inflating class com.android.quickstep.views.TaskView
12-23 01:15:23.161 E/AndroidRuntime(17756): Caused by: android.view.InflateException: Binary XML file line #18 in com.android.launcher3:layout/task: Error inflating class com.android.quickstep.views.TaskView
12-23 01:15:23.161 E/AndroidRuntime(17756): Caused by: java.lang.reflect.InvocationTargetException
12-23 01:15:23.161 E/AndroidRuntime(17756): at java.lang.reflect.Constructor.newInstance0(Native Method)
12-23 01:15:23.161 E/AndroidRuntime(17756): at java.lang.reflect.Constructor.newInstance(Constructor.java:343)
12-23 01:15:23.161 E/AndroidRuntime(17756): at android.view.LayoutInflater.createView(LayoutInflater.java:858)
12-23 01:15:23.161 E/AndroidRuntime(17756): at android.view.LayoutInflater.createViewFromTag(LayoutInflater.java:1010)
12-23 01:15:23.161 E/AndroidRuntime(17756): at android.view.LayoutInflater.createViewFromTag(LayoutInflater.java:965)
12-23 01:15:23.161 E/AndroidRuntime(17756): at android.view.LayoutInflater.inflate(LayoutInflater.java:663)
12-23 01:15:23.161 E/AndroidRuntime(17756): at android.view.LayoutInflater.inflate(LayoutInflater.java:538)
12-23 01:15:23.161 E/AndroidRuntime(17756): at com.android.launcher3.util.ViewPool.inflateNewView(ViewPool.java:106)
12-23 01:15:23.161 E/AndroidRuntime(17756): at com.android.launcher3.util.ViewPool.lambda$initPool$1$ViewPool(ViewPool.java:69)
12-23 01:15:23.161 E/AndroidRuntime(17756): at com.android.launcher3.util.ViewPool$$ExternalSyntheticLambda0.run(Unknown Source:8)
12-23 01:15:23.161 E/AndroidRuntime(17756): at java.lang.Thread.run(Thread.java:920)
12-23 01:15:23.161 E/AndroidRuntime(17756): Caused by: java.lang.ClassCastException: com.android.quickstep.RecentsActivity cannot be cast to com.android.launcher3.Launcher
12-23 01:15:23.161 E/AndroidRuntime(17756): at com.android.launcher3.Launcher.getLauncher(Launcher.java:3019)
12-23 01:15:23.161 E/AndroidRuntime(17756): at com.android.quickstep.views.TaskView.(TaskView.java:416)
12-23 01:15:23.161 E/AndroidRuntime(17756): at com.android.quickstep.views.TaskView.(TaskView.java:410)
12-23 01:15:23.161 E/AndroidRuntime(17756): ... 11 more
12-23 01:15:23.162 W/ActivityTaskManager( 1508): Force finishing activity com.android.launcher3/com.android.quickstep.RecentsActivity
12-23 01:15:23.169 W/ContextImpl( 2417): Calling a method in the system process without a qualified user: android.app.ContextImpl.startService:1816 android.content.ContextWrapper.startService:774 com.thundercomm.gamemode.ingame.services.GameModeActionUtils.startGameModeService:99 com.thundercomm.gamemode.ingame.services.GameModeActionUtils.startGameModeEntry:22 com.thundercomm.gamemode.ingame.services.ActivityMonitoringService$1.onActivityLaunch:127
12-23 01:15:23.170 I/GameModeConfig( 1508): Current uri is uri = content://com.thundercomm.gamemode.api/gamemode_settings/gamemode_isgaming
12-23 01:15:23.171 I/GameModeConfig( 1508): isGameModeOn = false
12-23 01:15:23.171 I/GameModeConfig( 1508): isGameModeOn = false
12-23 01:15:23.171 I/GameModeConfig( 1508): isDisableVoice = true
01-01 08:01:00.419 I/binder ( 0): undelivered transaction 432420, process died.
12-23 01:15:23.172 I/ActivityManager( 1508): Process com.android.launcher3 (pid 17756) has died: vis BFGS
12-23 01:15:23.172 W/ActivityManager( 1508): Scheduling restart of crashed service com.android.launcher3/com.android.quickstep.TouchInteractionService in 1000ms for connection
12-23 01:15:23.175 D/CompatibilityChangeReporter( 1508): Compat change id reported: 135634846; UID 10078; state: DISABLED
12-23 01:15:23.175 D/CompatibilityChangeReporter( 1508): Compat change id reported: 177438394; UID 10078; state: DISABLED
12-23 01:15:23.175 D/CompatibilityChangeReporter( 1508): Compat change id reported: 135772972; UID 10078; state: DISABLED
12-23 01:15:23.175 D/CompatibilityChangeReporter( 1508): Compat change id reported: 135754954; UID 10078; state: ENABLED
12-23 01:15:23.176 D/CompatibilityChangeReporter( 1508): Compat change id reported: 143937733; UID 10078; state: ENABLED
12-23 01:15:23.180 I/ActivityManager( 1508): Start proc 17798:com.android.launcher3/u0a78 for service {com.android.launcher3/com.android.quickstep.TouchInteractionService}
01-01 08:01:00.433 I/binder ( 0): 17798:17798 ioctl 40046210 7fe8558544 returned -22
12-23 01:15:23.219 I/ActivityTaskManager( 1508): START u0 {act=android.intent.action.MAIN cat=[android.intent.category.DEFAULT] flg=0x10010000 cmp=com.android.launcher3/com.android.quickstep.RecentsActivity} from uid 10078
12-23 01:15:23.221 W/ActivityTaskManager( 1508): Can't find TaskDisplayArea to determine support for multi window. Task id=691 attached=false
12-23 01:15:23.223 I/ActivityTaskManager( 1508): The Process com.android.launcher3 Already Exists in BG. So sending its PID: 17798
12-23 01:15:23.229 W/ContextImpl( 2417): Calling a method in the system process without a qualified user: android.app.ContextImpl.startService:1816 android.content.ContextWrapper.startService:774 com.thundercomm.gamemode.ingame.services.GameModeActionUtils.startGameModeService:99 com.thundercomm.gamemode.ingame.services.GameModeActionUtils.startGameModeEntry:22 com.thundercomm.gamemode.ingame.services.ActivityMonitoringService$1.onActivityLaunch:127
12-23 01:15:23.230 I/GameModeConfig( 1508): Current uri is uri = content://com.thundercomm.gamemode.api/gamemode_settings/gamemode_isgaming
12-23 01:15:23.231 I/GameModeConfig( 1508): isGameModeOn = false
12-23 01:15:23.231 I/GameModeConfig( 1508): isGameModeOn = false
12-23 01:15:23.231 I/GameModeConfig( 1508): isDisableVoice = true
01-01 08:01:00.490 I/binder ( 0): 17798:17825 ioctl 40046210 7b6632a254 returned -22
12-23 01:15:23.284 E/AndroidRuntime(17798): FATAL EXCEPTION: ViewPool-init
12-23 01:15:23.284 E/AndroidRuntime(17798): Process: com.android.launcher3, PID: 17798
12-23 01:15:23.284 E/AndroidRuntime(17798): android.view.InflateException: Binary XML file line #18 in com.android.launcher3:layout/task: Binary XML file line #18 in com.android.launcher3:layout/task: Error inflating class com.android.quickstep.views.TaskView
12-23 01:15:23.284 E/AndroidRuntime(17798): Caused by: android.view.InflateException: Binary XML file line #18 in com.android.launcher3:layout/task: Error inflating class com.android.quickstep.views.TaskView
12-23 01:15:23.284 E/AndroidRuntime(17798): Caused by: java.lang.reflect.InvocationTargetException
12-23 01:15:23.284 E/AndroidRuntime(17798): at java.lang.reflect.Constructor.newInstance0(Native Method)
12-23 01:15:23.284 E/AndroidRuntime(17798): at java.lang.reflect.Constructor.newInstance(Constructor.java:343)
12-23 01:15:23.284 E/AndroidRuntime(17798): at android.view.LayoutInflater.createView(LayoutInflater.java:858)
12-23 01:15:23.284 E/AndroidRuntime(17798): at android.view.LayoutInflater.createViewFromTag(LayoutInflater.java:1010)
12-23 01:15:23.284 E/AndroidRuntime(17798): at android.view.LayoutInflater.createViewFromTag(LayoutInflater.java:965)
12-23 01:15:23.284 E/AndroidRuntime(17798): at android.view.LayoutInflater.inflate(LayoutInflater.java:663)
12-23 01:15:23.284 E/AndroidRuntime(17798): at android.view.LayoutInflater.inflate(LayoutInflater.java:538)
12-23 01:15:23.284 E/AndroidRuntime(17798): at com.android.launcher3.util.ViewPool.inflateNewView(ViewPool.java:106)
12-23 01:15:23.284 E/AndroidRuntime(17798): at com.android.launcher3.util.ViewPool.lambda$initPool$1$ViewPool(ViewPool.java:69)
12-23 01:15:23.284 E/AndroidRuntime(17798): at com.android.launcher3.util.ViewPool$$ExternalSyntheticLambda0.run(Unknown Source:8)
12-23 01:15:23.284 E/AndroidRuntime(17798): at java.lang.Thread.run(Thread.java:920)
12-23 01:15:23.284 E/AndroidRuntime(17798): Caused by: java.lang.ClassCastException: com.android.quickstep.RecentsActivity cannot be cast to com.android.launcher3.Launcher
12-23 01:15:23.284 E/AndroidRuntime(17798): at com.android.launcher3.Launcher.getLauncher(Launcher.java:3019)
12-23 01:15:23.284 E/AndroidRuntime(17798): at com.android.quickstep.views.TaskView.(TaskView.java:416)
12-23 01:15:23.284 E/AndroidRuntime(17798): at com.android.quickstep.views.TaskView.(TaskView.java:410)
12-23 01:15:23.284 E/AndroidRuntime(17798): ... 11 more
12-23 01:15:23.285 W/ActivityTaskManager( 1508): Force finishing activity com.android.launcher3/com.android.quickstep.RecentsActivity
12-23 01:15:23.290 W/ContextImpl( 2417): Calling a method in the system process without a qualified user: android.app.ContextImpl.startService:1816 android.content.ContextWrapper.startService:774 com.thundercomm.gamemode.ingame.services.GameModeActionUtils.startGameModeService:99 com.thundercomm.gamemode.ingame.services.GameModeActionUtils.startGameModeEntry:22 com.thundercomm.gamemode.ingame.services.ActivityMonitoringService$1.onActivityLaunch:127
12-23 01:15:23.292 I/GameModeConfig( 1508): Current uri is uri = content://com.thundercomm.gamemode.api/gamemode_settings/gamemode_isgaming
12-23 01:15:23.292 I/GameModeConfig( 1508): isGameModeOn = false
12-23 01:15:23.293 I/GameModeConfig( 1508): isGameModeOn = false
12-23 01:15:23.293 I/GameModeConfig( 1508): isDisableVoice = true
01-01 08:01:00.542 I/binder ( 0): undelivered transaction 433354, process died.
12-23 01:15:23.294 I/ActivityManager( 1508): Process com.android.launcher3 (pid 17798) has died: vis BFGS
12-23 01:15:23.295 W/ActivityManager( 1508): Scheduling restart of crashed service com.android.launcher3/com.android.quickstep.TouchInteractionService in 1000ms for connection
12-23 01:15:23.298 D/CompatibilityChangeReporter( 1508): Compat change id reported: 135634846; UID 10078; state: DISABLED
12-23 01:15:23.298 D/CompatibilityChangeReporter( 1508): Compat change id reported: 177438394; UID 10078; state: DISABLED
12-23 01:15:23.298 D/CompatibilityChangeReporter( 1508): Compat change id reported: 135772972; UID 10078; state: DISABLED
12-23 01:15:23.298 D/CompatibilityChangeReporter( 1508): Compat change id reported: 135754954; UID 10078; state: ENABLED
12-23 01:15:23.298 D/CompatibilityChangeReporter( 1508): Compat change id reported: 143937733; UID 10078; state: ENABLED
12-23 01:15:23.302 I/ActivityManager( 1508): Start proc 17838:com.android.launcher3/u0a78 for service {com.android.launcher3/com.android.quickstep.TouchInteractionService}
01-01 08:01:00.556 I/binder ( 0): 17838:17838 ioctl 40046210 7fe8558544 returned -22
12-23 01:15:23.342 I/ActivityTaskManager( 1508): START u0 {act=android.intent.action.MAIN cat=[android.intent.category.DEFAULT] flg=0x10010000 cmp=com.android.launcher3/com.android.quickstep.RecentsActivity} from uid 10078
12-23 01:15:23.344 W/ActivityTaskManager( 1508): Can't find TaskDisplayArea to determine support for multi window. Task id=693 attached=false
12-23 01:15:23.346 I/ActivityTaskManager( 1508): The Process com.android.launcher3 Already Exists in BG. So sending its PID: 17838
12-23 01:15:23.351 W/ContextImpl( 2417): Calling a method in the system process without a qualified user: android.app.ContextImpl.startService:1816 android.content.ContextWrapper.startService:774 com.thundercomm.gamemode.ingame.services.GameModeActionUtils.startGameModeService:99 com.thundercomm.gamemode.ingame.services.GameModeActionUtils.startGameModeEntry:22 com.thundercomm.gamemode.ingame.services.ActivityMonitoringService$1.onActivityLaunch:127
12-23 01:15:23.352 I/GameModeConfig( 1508): Current uri is uri = content://com.thundercomm.gamemode.api/gamemode_settings/gamemode_isgaming
12-23 01:15:23.353 I/GameModeConfig( 1508): isGameModeOn = false
12-23 01:15:23.353 I/GameModeConfig( 1508): isGameModeOn = false
12-23 01:15:23.353 I/GameModeConfig( 1508): isDisableVoice = true
01-01 08:01:00.613 I/binder ( 0): 17838:17865 ioctl 40046210 7b6632a254 returned -22
12-23 01:15:23.408 E/AndroidRuntime(17838): FATAL EXCEPTION: ViewPool-init
12-23 01:15:23.408 E/AndroidRuntime(17838): Process: com.android.launcher3, PID: 17838
12-23 01:15:23.408 E/AndroidRuntime(17838): android.view.InflateException: Binary XML file line #18 in com.android.launcher3:layout/task: Binary XML file line #18 in com.android.launcher3:layout/task: Error inflating class com.android.quickstep.views.TaskView
12-23 01:15:23.408 E/AndroidRuntime(17838): Caused by: android.view.InflateException: Binary XML file line #18 in com.android.launcher3:layout/task: Error inflating class com.android.quickstep.views.TaskView
12-23 01:15:23.408 E/AndroidRuntime(17838): Caused by: java.lang.reflect.InvocationTargetException
12-23 01:15:23.408 E/AndroidRuntime(17838): at java.lang.reflect.Constructor.newInstance0(Native Method)
12-23 01:15:23.408 E/AndroidRuntime(17838): at java.lang.reflect.Constructor.newInstance(Constructor.java:343)
12-23 01:15:23.408 E/AndroidRuntime(17838): at android.view.LayoutInflater.createView(LayoutInflater.java:858)
12-23 01:15:23.408 E/AndroidRuntime(17838): at android.view.LayoutInflater.createViewFromTag(LayoutInflater.java:1010)
12-23 01:15:23.408 E/AndroidRuntime(17838): at android.view.LayoutInflater.createViewFromTag(LayoutInflater.java:965)
12-23 01:15:23.408 E/AndroidRuntime(17838): at android.view.LayoutInflater.inflate(LayoutInflater.java:663)
12-23 01:15:23.408 E/AndroidRuntime(17838): at android.view.LayoutInflater.inflate(LayoutInflater.java:538)
12-23 01:15:23.408 E/AndroidRuntime(17838): at com.android.launcher3.util.ViewPool.inflateNewView(ViewPool.java:106)
12-23 01:15:23.408 E/AndroidRuntime(17838): at com.android.launcher3.util.ViewPool.lambda$initPool$1$ViewPool(ViewPool.java:69)
12-23 01:15:23.408 E/AndroidRuntime(17838): at com.android.launcher3.util.ViewPool$$ExternalSyntheticLambda0.run(Unknown Source:8)
