12-23 01:15:16.967 I/GameModeConfig( 1508): isDisableVoice = true
01-01 08:00:54.224 I/binder ( 0): undelivered transaction 385833, process died.
12-23 01:15:16.976 I/ActivityManager( 1508): Process com.android.launcher3 (pid 15824) has died: vis BFGS
12-23 01:15:16.977 W/ActivityManager( 1508): Scheduling restart of crashed service com.android.launcher3/com.android.quickstep.TouchInteractionService in 1000ms for connection
12-23 01:15:16.980 D/CompatibilityChangeReporter( 1508): Compat change id reported: 135634846; UID 10078; state: DISABLED
12-23 01:15:16.980 D/CompatibilityChangeReporter( 1508): Compat change id reported: 177438394; UID 10078; state: DISABLED
12-23 01:15:16.980 D/CompatibilityChangeReporter( 1508): Compat change id reported: 135772972; UID 10078; state: DISABLED
12-23 01:15:16.980 D/CompatibilityChangeReporter( 1508): Compat change id reported: 135754954; UID 10078; state: ENABLED
12-23 01:15:16.980 D/CompatibilityChangeReporter( 1508): Compat change id reported: 143937733; UID 10078; state: ENABLED
12-23 01:15:16.984 I/ActivityManager( 1508): Start proc 15866:com.android.launcher3/u0a78 for service {com.android.launcher3/com.android.quickstep.TouchInteractionService}
01-01 08:00:54.238 I/binder ( 0): 15866:15866 ioctl 40046210 7fe8558544 returned -22
12-23 01:15:17.027 I/ActivityTaskManager( 1508): START u0 {act=android.intent.action.MAIN cat=[android.intent.category.DEFAULT] flg=0x10010000 cmp=com.android.launcher3/com.android.quickstep.RecentsActivity} from uid 10078
12-23 01:15:17.029 W/ActivityTaskManager( 1508): Can't find TaskDisplayArea to determine support for multi window. Task id=595 attached=false
12-23 01:15:17.031 I/ActivityTaskManager( 1508): The Process com.android.launcher3 Already Exists in BG. So sending its PID: 15866
12-23 01:15:17.036 W/ContextImpl( 2417): Calling a method in the system process without a qualified user: android.app.ContextImpl.startService:1816 android.content.ContextWrapper.startService:774 com.thundercomm.gamemode.ingame.services.GameModeActionUtils.startGameModeService:99 com.thundercomm.gamemode.ingame.services.GameModeActionUtils.startGameModeEntry:22 com.thundercomm.gamemode.ingame.services.ActivityMonitoringService$1.onActivityLaunch:127
12-23 01:15:17.038 I/GameModeConfig( 1508): Current uri is uri = content://com.thundercomm.gamemode.api/gamemode_settings/gamemode_isgaming
12-23 01:15:17.038 I/GameModeConfig( 1508): isGameModeOn = false
12-23 01:15:17.039 I/GameModeConfig( 1508): isGameModeOn = false
12-23 01:15:17.039 I/GameModeConfig( 1508): isDisableVoice = true
01-01 08:00:54.298 I/binder ( 0): 15866:15893 ioctl 40046210 7b66430254 returned -22
12-23 01:15:17.093 E/AndroidRuntime(15866): FATAL EXCEPTION: ViewPool-init
12-23 01:15:17.093 E/AndroidRuntime(15866): Process: com.android.launcher3, PID: 15866
12-23 01:15:17.093 E/AndroidRuntime(15866): android.view.InflateException: Binary XML file line #18 in com.android.launcher3:layout/task: Binary XML file line #18 in com.android.launcher3:layout/task: Error inflating class com.android.quickstep.views.TaskView
12-23 01:15:17.093 E/AndroidRuntime(15866): Caused by: android.view.InflateException: Binary XML file line #18 in com.android.launcher3:layout/task: Error inflating class com.android.quickstep.views.TaskView
12-23 01:15:17.093 E/AndroidRuntime(15866): Caused by: java.lang.reflect.InvocationTargetException
12-23 01:15:17.093 E/AndroidRuntime(15866): at java.lang.reflect.Constructor.newInstance0(Native Method)
12-23 01:15:17.093 E/AndroidRuntime(15866): at java.lang.reflect.Constructor.newInstance(Constructor.java:343)
12-23 01:15:17.093 E/AndroidRuntime(15866): at android.view.LayoutInflater.createView(LayoutInflater.java:858)
12-23 01:15:17.093 E/AndroidRuntime(15866): at android.view.LayoutInflater.createViewFromTag(LayoutInflater.java:1010)
12-23 01:15:17.093 E/AndroidRuntime(15866): at android.view.LayoutInflater.createViewFromTag(LayoutInflater.java:965)
12-23 01:15:17.093 E/AndroidRuntime(15866): at android.view.LayoutInflater.inflate(LayoutInflater.java:663)
12-23 01:15:17.093 E/AndroidRuntime(15866): at android.view.LayoutInflater.inflate(LayoutInflater.java:538)
12-23 01:15:17.093 E/AndroidRuntime(15866): at com.android.launcher3.util.ViewPool.inflateNewView(ViewPool.java:106)
12-23 01:15:17.093 E/AndroidRuntime(15866): at com.android.launcher3.util.ViewPool.lambda$initPool$1$ViewPool(ViewPool.java:69)
12-23 01:15:17.093 E/AndroidRuntime(15866): at com.android.launcher3.util.ViewPool$$ExternalSyntheticLambda0.run(Unknown Source:8)
12-23 01:15:17.093 E/AndroidRuntime(15866): at java.lang.Thread.run(Thread.java:920)
12-23 01:15:17.093 E/AndroidRuntime(15866): Caused by: java.lang.ClassCastException: com.android.quickstep.RecentsActivity cannot be cast to com.android.launcher3.Launcher
12-23 01:15:17.093 E/AndroidRuntime(15866): at com.android.launcher3.Launcher.getLauncher(Launcher.java:3019)
12-23 01:15:17.093 E/AndroidRuntime(15866): at com.android.quickstep.views.TaskView.(TaskView.java:416)
12-23 01:15:17.093 E/AndroidRuntime(15866): at com.android.quickstep.views.TaskView.(TaskView.java:410)
12-23 01:15:17.093 E/AndroidRuntime(15866): ... 11 more
12-23 01:15:17.094 W/ActivityTaskManager( 1508): Force finishing activity com.android.launcher3/com.android.quickstep.RecentsActivity
12-23 01:15:17.100 W/ContextImpl( 2417): Calling a method in the system process without a qualified user: android.app.ContextImpl.startService:1816 android.content.ContextWrapper.startService:774 com.thundercomm.gamemode.ingame.services.GameModeActionUtils.startGameModeService:99 com.thundercomm.gamemode.ingame.services.GameModeActionUtils.startGameModeEntry:22 com.thundercomm.gamemode.ingame.services.ActivityMonitoringService$1.onActivityLaunch:127
12-23 01:15:17.101 I/GameModeConfig( 1508): Current uri is uri = content://com.thundercomm.gamemode.api/gamemode_settings/gamemode_isgaming
12-23 01:15:17.102 I/GameModeConfig( 1508): isGameModeOn = false
12-23 01:15:17.102 I/GameModeConfig( 1508): isGameModeOn = false
12-23 01:15:17.102 I/GameModeConfig( 1508): isDisableVoice = true
01-01 08:00:54.351 I/binder ( 0): undelivered transaction 386819, process died.
12-23 01:15:17.104 I/ActivityManager( 1508): Process com.android.launcher3 (pid 15866) has died: vis BFGS
12-23 01:15:17.105 W/ActivityManager( 1508): Scheduling restart of crashed service com.android.launcher3/com.android.quickstep.TouchInteractionService in 1000ms for connection
12-23 01:15:17.107 D/CompatibilityChangeReporter( 1508): Compat change id reported: 135634846; UID 10078; state: DISABLED
12-23 01:15:17.107 D/CompatibilityChangeReporter( 1508): Compat change id reported: 177438394; UID 10078; state: DISABLED
12-23 01:15:17.107 D/CompatibilityChangeReporter( 1508): Compat change id reported: 135772972; UID 10078; state: DISABLED
12-23 01:15:17.107 D/CompatibilityChangeReporter( 1508): Compat change id reported: 135754954; UID 10078; state: ENABLED
12-23 01:15:17.108 D/CompatibilityChangeReporter( 1508): Compat change id reported: 143937733; UID 10078; state: ENABLED
12-23 01:15:17.112 I/ActivityManager( 1508): Start proc 15907:com.android.launcher3/u0a78 for service {com.android.launcher3/com.android.quickstep.TouchInteractionService}
01-01 08:00:54.365 I/binder ( 0): 15907:15907 ioctl 40046210 7fe8558544 returned -22
12-23 01:15:17.152 I/ActivityTaskManager( 1508): START u0 {act=android.intent.action.MAIN cat=[android.intent.category.DEFAULT] flg=0x10010000 cmp=com.android.launcher3/com.android.quickstep.RecentsActivity} from uid 10078
12-23 01:15:17.154 W/ActivityTaskManager( 1508): Can't find TaskDisplayArea to determine support for multi window. Task id=597 attached=false
12-23 01:15:17.156 I/ActivityTaskManager( 1508): The Process com.android.launcher3 Already Exists in BG. So sending its PID: 15907
12-23 01:15:17.161 W/ContextImpl( 2417): Calling a method in the system process without a qualified user: android.app.ContextImpl.startService:1816 android.content.ContextWrapper.startService:774 com.thundercomm.gamemode.ingame.services.GameModeActionUtils.startGameModeService:99 com.thundercomm.gamemode.ingame.services.GameModeActionUtils.startGameModeEntry:22 com.thundercomm.gamemode.ingame.services.ActivityMonitoringService$1.onActivityLaunch:127
12-23 01:15:17.163 I/GameModeConfig( 1508): Current uri is uri = content://com.thundercomm.gamemode.api/gamemode_settings/gamemode_isgaming
12-23 01:15:17.164 I/GameModeConfig( 1508): isGameModeOn = false
12-23 01:15:17.164 I/GameModeConfig( 1508): isGameModeOn = false
12-23 01:15:17.164 I/GameModeConfig( 1508): isDisableVoice = true
01-01 08:00:54.423 I/binder ( 0): 15907:15935 ioctl 40046210 7b66430254 returned -22
12-23 01:15:17.218 E/AndroidRuntime(15907): FATAL EXCEPTION: ViewPool-init
12-23 01:15:17.218 E/AndroidRuntime(15907): Process: com.android.launcher3, PID: 15907
12-23 01:15:17.218 E/AndroidRuntime(15907): android.view.InflateException: Binary XML file line #18 in com.android.launcher3:layout/task: Binary XML file line #18 in com.android.launcher3:layout/task: Error inflating class com.android.quickstep.views.TaskView
12-23 01:15:17.218 E/AndroidRuntime(15907): Caused by: android.view.InflateException: Binary XML file line #18 in com.android.launcher3:layout/task: Error inflating class com.android.quickstep.views.TaskView
12-23 01:15:17.218 E/AndroidRuntime(15907): Caused by: java.lang.reflect.InvocationTargetException
12-23 01:15:17.218 E/AndroidRuntime(15907): at java.lang.reflect.Constructor.newInstance0(Native Method)
12-23 01:15:17.218 E/AndroidRuntime(15907): at java.lang.reflect.Constructor.newInstance(Constructor.java:343)
12-23 01:15:17.218 E/AndroidRuntime(15907): at android.view.LayoutInflater.createView(LayoutInflater.java:858)
12-23 01:15:17.218 E/AndroidRuntime(15907): at android.view.LayoutInflater.createViewFromTag(LayoutInflater.java:1010)
12-23 01:15:17.218 E/AndroidRuntime(15907): at android.view.LayoutInflater.createViewFromTag(LayoutInflater.java:965)
12-23 01:15:17.218 E/AndroidRuntime(15907): at android.view.LayoutInflater.inflate(LayoutInflater.java:663)
12-23 01:15:17.218 E/AndroidRuntime(15907): at android.view.LayoutInflater.inflate(LayoutInflater.java:538)
12-23 01:15:17.218 E/AndroidRuntime(15907): at com.android.launcher3.util.ViewPool.inflateNewView(ViewPool.java:106)
12-23 01:15:17.218 E/AndroidRuntime(15907): at com.android.launcher3.util.ViewPool.lambda$initPool$1$ViewPool(ViewPool.java:69)
12-23 01:15:17.218 E/AndroidRuntime(15907): at com.android.launcher3.util.ViewPool$$ExternalSyntheticLambda0.run(Unknown Source:8)
12-23 01:15:17.218 E/AndroidRuntime(15907): at java.lang.Thread.run(Thread.java:920)
12-23 01:15:17.218 E/AndroidRuntime(15907): Caused by: java.lang.ClassCastException: com.android.quickstep.RecentsActivity cannot be cast to com.android.launcher3.Launcher
12-23 01:15:17.218 E/AndroidRuntime(15907): at com.android.launcher3.Launcher.getLauncher(Launcher.java:3019)
12-23 01:15:17.218 E/AndroidRuntime(15907): at com.android.quickstep.views.TaskView.(TaskView.java:416)
12-23 01:15:17.218 E/AndroidRuntime(15907): at com.android.quickstep.views.TaskView.(TaskView.java:410)
12-23 01:15:17.218 E/AndroidRuntime(15907): ... 11 more
12-23 01:15:17.219 W/ActivityTaskManager( 1508): Force finishing activity com.android.launcher3/com.android.quickstep.RecentsActivity
12-23 01:15:17.225 W/ContextImpl( 2417): Calling a method in the system process without a qualified user: android.app.ContextImpl.startService:1816 android.content.ContextWrapper.startService:774 com.thundercomm.gamemode.ingame.services.GameModeActionUtils.startGameModeService:99 com.thundercomm.gamemode.ingame.services.GameModeActionUtils.startGameModeEntry:22 com.thundercomm.gamemode.ingame.services.ActivityMonitoringService$1.onActivityLaunch:127
12-23 01:15:17.226 I/GameModeConfig( 1508): Current uri is uri = content://com.thundercomm.gamemode.api/gamemode_settings/gamemode_isgaming
12-23 01:15:17.227 I/GameModeConfig( 1508): isGameModeOn = false
12-23 01:15:17.227 I/GameModeConfig( 1508): isGameModeOn = false
12-23 01:15:17.227 I/GameModeConfig( 1508): isDisableVoice = true
12-23 01:15:17.229 I/ActivityManager( 1508): Process com.android.launcher3 (pid 15907) has died: vis BFGS
12-23 01:15:17.230 W/ActivityManager( 1508): Scheduling restart of crashed service com.android.launcher3/com.android.quickstep.TouchInteractionService in 1000ms for connection
12-23 01:15:17.233 D/CompatibilityChangeReporter( 1508): Compat change id reported: 135634846; UID 10078; state: DISABLED
12-23 01:15:17.233 D/CompatibilityChangeReporter( 1508): Compat change id reported: 177438394; UID 10078; state: DISABLED
12-23 01:15:17.233 D/CompatibilityChangeReporter( 1508): Compat change id reported: 135772972; UID 10078; state: DISABLED
12-23 01:15:17.233 D/CompatibilityChangeReporter( 1508): Compat change id reported: 135754954; UID 10078; state: ENABLED
12-23 01:15:17.233 D/CompatibilityChangeReporter( 1508): Compat change id reported: 143937733; UID 10078; state: ENABLED
12-23 01:15:17.238 I/ActivityManager( 1508): Start proc 15949:com.android.launcher3/u0a78 for service {com.android.launcher3/com.android.quickstep.TouchInteractionService}
01-01 08:00:54.491 I/binder ( 0): 15949:15949 ioctl 40046210 7fe8558544 returned -22
12-23 01:15:17.280 I/ActivityTaskManager( 1508): START u0 {act=android.intent.action.MAIN cat=[android.intent.category.DEFAULT] flg=0x10010000 cmp=com.android.launcher3/com.android.quickstep.RecentsActivity} from uid 10078
12-23 01:15:17.282 W/ActivityTaskManager( 1508): Can't find TaskDisplayArea to determine support for multi window. Task id=599 attached=false
12-23 01:15:17.284 I/ActivityTaskManager( 1508): The Process com.android.launcher3 Already Exists in BG. So sending its PID: 15949
12-23 01:15:17.290 W/ContextImpl( 2417): Calling a method in the system process without a qualified user: android.app.ContextImpl.startService:1816 android.content.ContextWrapper.startService:774 com.thundercomm.gamemode.ingame.services.GameModeActionUtils.startGameModeService:99 com.thundercomm.gamemode.ingame.services.GameModeActionUtils.startGameModeEntry:22 com.thundercomm.gamemode.ingame.services.ActivityMonitoringService$1.onActivityLaunch:127
12-23 01:15:17.291 I/GameModeConfig( 1508): Current uri is uri = content://com.thundercomm.gamemode.api/gamemode_settings/gamemode_isgaming
12-23 01:15:17.292 I/GameModeConfig( 1508): isGameModeOn = false
12-23 01:15:17.292 I/GameModeConfig( 1508): isGameModeOn = false
12-23 01:15:17.292 I/GameModeConfig( 1508): isDisableVoice = true
01-01 08:00:54.554 I/binder ( 0): 15949:15977 ioctl 40046210 7b66332254 returned -22
01-01 08:00:54.570 I/ ( 0): read descriptors
01-01 08:00:54.570 I/ ( 0): read strings
12-23 01:15:17.349 E/AndroidRuntime(15949): FATAL EXCEPTION: ViewPool-init
12-23 01:15:17.349 E/AndroidRuntime(15949): Process: com.android.launcher3, PID: 15949
12-23 01:15:17.349 E/AndroidRuntime(15949): android.view.InflateException: Binary XML file line #18 in com.android.launcher3:layout/task: Binary XML file line #18 in com.android.launcher3:layout/task: Error inflating class com.android.quickstep.views.TaskView
12-23 01:15:17.349 E/AndroidRuntime(15949): Caused by: android.view.InflateException: Binary XML file line #18 in com.android.launcher3:layout/task: Error inflating class com.android.quickstep.views.TaskView
12-23 01:15:17.349 E/AndroidRuntime(15949): Caused by: java.lang.reflect.InvocationTargetException
12-23 01:15:17.349 E/AndroidRuntime(15949): at java.lang.reflect.Constructor.newInstance0(Native Method)
12-23 01:15:17.349 E/AndroidRuntime(15949): at java.lang.reflect.Constructor.newInstance(Constructor.java:343)
12-23 01:15:17.349 E/AndroidRuntime(15949): at android.view.LayoutInflater.createView(LayoutInflater.java:858)
12-23 01:15:17.349 E/AndroidRuntime(15949): at android.view.LayoutInflater.createViewFromTag(LayoutInflater.java:1010)
12-23 01:15:17.349 E/AndroidRuntime(15949): at android.view.LayoutInflater.createViewFromTag(LayoutInflater.java:965)
12-23 01:15:17.349 E/AndroidRuntime(15949): at android.view.LayoutInflater.inflate(LayoutInflater.java:663)
12-23 01:15:17.349 E/AndroidRuntime(15949): at android.view.LayoutInflater.inflate(LayoutInflater.java:538)
12-23 01:15:17.349 E/AndroidRuntime(15949): at com.android.launcher3.util.ViewPool.inflateNewView(ViewPool.java:106)
12-23 01:15:17.349 E/AndroidRuntime(15949): at com.android.launcher3.util.ViewPool.lambda$initPool$1$ViewPool(ViewPool.java:69)
12-23 01:15:17.349 E/AndroidRuntime(15949): at com.android.launcher3.util.ViewPool$$ExternalSyntheticLambda0.run(Unknown Source:8)
12-23 01:15:17.349 E/AndroidRuntime(15949): at java.lang.Thread.run(Thread.java:920)
12-23 01:15:17.349 E/AndroidRuntime(15949): Caused by: java.lang.ClassCastException: com.android.quickstep.RecentsActivity cannot be cast to com.android.launcher3.Launcher
12-23 01:15:17.349 E/AndroidRuntime(15949): at com.android.launcher3.Launcher.getLauncher(Launcher.java:3019)
12-23 01:15:17.349 E/AndroidRuntime(15949): at com.android.quickstep.views.TaskView.(TaskView.java:416)
12-23 01:15:17.349 E/AndroidRuntime(15949): at com.android.quickstep.views.TaskView.(TaskView.java:410)
12-23 01:15:17.349 E/AndroidRuntime(15949): ... 11 more
12-23 01:15:17.350 W/ActivityTaskManager( 1508): Force finishing activity com.android.launcher3/com.android.quickstep.RecentsActivity
12-23 01:15:17.356 W/ContextImpl( 2417): Calling a method in the system process without a qualified user: android.app.ContextImpl.startService:1816 android.content.ContextWrapper.startService:774 com.thundercomm.gamemode.ingame.services.GameModeActionUtils.startGameModeService:99 com.thundercomm.gamemode.ingame.services.GameModeActionUtils.startGameModeEntry:22 com.thundercomm.gamemode.ingame.services.ActivityMonitoringService$1.onActivityLaunch:127
12-23 01:15:17.358 I/GameModeConfig( 1508): Current uri is uri = content://com.thundercomm.gamemode.api/gamemode_settings/gamemode_isgaming
12-23 01:15:17.359 I/GameModeConfig( 1508): isGameModeOn = false
01-01 08:00:54.607 I/binder ( 0): undelivered transaction 388743, process died.
12-23 01:15:17.359 I/GameModeConfig( 1508): isGameModeOn = false
12-23 01:15:17.359 I/GameModeConfig( 1508): isDisableVoice = true
12-23 01:15:17.359 I/ActivityManager( 1508): Process com.android.launcher3 (pid 15949) has died: vis BFGS
12-23 01:15:17.360 W/ActivityManager( 1508): Scheduling restart of crashed service com.android.launcher3/com.android.quickstep.TouchInteractionService in 1000ms for connection
12-23 01:15:17.364 D/CompatibilityChangeReporter( 1508): Compat change id reported: 135634846; UID 10078; state: DISABLED
12-23 01:15:17.364 D/CompatibilityChangeReporter( 1508): Compat change id reported: 177438394; UID 10078; state: DISABLED
12-23 01:15:17.364 D/CompatibilityChangeReporter( 1508): Compat change id reported: 135772972; UID 10078; state: DISABLED
12-23 01:15:17.364 D/CompatibilityChangeReporter( 1508): Compat change id reported: 135754954; UID 10078; state: ENABLED
12-23 01:15:17.364 D/CompatibilityChangeReporter( 1508): Compat change id reported: 143937733; UID 10078; state: ENABLED
12-23 01:15:17.368 I/ActivityManager( 1508): Start proc 15991:com.android.launcher3/u0a78 for service {com.android.launcher3/com.android.quickstep.TouchInteractionService}
01-01 08:00:54.622 I/binder ( 0): 15991:15991 ioctl 40046210 7fe8558544 returned -22
01-01 08:00:54.637 D/ ( 0): mv2112_read_status
01-01 08:00:54.638 D/mv2112_update_link( 0): 3.0x901(1G): 0x80
01-01 08:00:54.638 D/mv2112_update_link( 0): 3.0x8109(100M): 0x8
01-01 08:00:54.638 D/mv2112_update_link( 0): link 0x0
01-01 08:00:54.638 D/mv2112_read_status( 0): autoneg is disabled
12-23 01:15:17.409 I/ActivityTaskManager( 1508): START u0 {act=android.intent.action.MAIN cat=[android.intent.category.DEFAULT] flg=0x10010000 cmp=com.android.launcher3/com.android.quickstep.RecentsActivity} from uid 10078
12-23 01:15:17.410 W/ActivityTaskManager( 1508): Can't find TaskDisplayArea to determine support for multi window. Task id=601 attached=false
12-23 01:15:17.412 I/ActivityTaskManager( 1508): The Process com.android.launcher3 Already Exists in BG. So sending its PID: 15991
12-23 01:15:17.417 W/ContextImpl( 2417): Calling a method in the system process without a qualified user: android.app.ContextImpl.startService:1816 android.content.ContextWrapper.startService:774 com.thundercomm.gamemode.ingame.services.GameModeActionUtils.startGameModeService:99 com.thundercomm.gamemode.ingame.services.GameModeActionUtils.startGameModeEntry:22 com.thundercomm.gamemode.ingame.services.ActivityMonitoringService$1.onActivityLaunch:127
12-23 01:15:17.419 I/GameModeConfig( 1508): Current uri is uri = content://com.thundercomm.gamemode.api/gamemode_settings/gamemode_isgaming
12-23 01:15:17.419 I/GameModeConfig( 1508): isGameModeOn = false
12-23 01:15:17.419 I/GameModeConfig( 1508): isGameModeOn = false
12-23 01:15:17.419 I/GameModeConfig( 1508): isDisableVoice = true
01-01 08:00:54.679 I/binder ( 0): 15991:16016 ioctl 40046210 7b6632a254 returned -22
12-23 01:15:17.473 E/AndroidRuntime(15991): FATAL EXCEPTION: ViewPool-init
12-23 01:15:17.473 E/AndroidRuntime(15991): Process: com.android.launcher3, PID: 15991
12-23 01:15:17.473 E/AndroidRuntime(15991): android.view.InflateException: Binary XML file line #18 in com.android.launcher3:layout/task: Binary XML file line #18 in com.android.launcher3:layout/task: Error inflating class com.android.quickstep.views.TaskView
12-23 01:15:17.473 E/AndroidRuntime(15991): Caused by: android.view.InflateException: Binary XML file line #18 in com.android.launcher3:layout/task: Error inflating class com.android.quickstep.views.TaskView
12-23 01:15:17.473 E/AndroidRuntime(15991): Caused by: java.lang.reflect.InvocationTargetException
12-23 01:15:17.473 E/AndroidRuntime(15991): at java.lang.reflect.Constructor.newInstance0(Native Method)
12-23 01:15:17.473 E/AndroidRuntime(15991): at java.lang.reflect.Constructor.newInstance(Constructor.java:343)
12-23 01:15:17.473 E/AndroidRuntime(15991): at android.view.LayoutInflater.createView(LayoutInflater.java:858)
12-23 01:15:17.473 E/AndroidRuntime(15991): at android.view.LayoutInflater.createViewFromTag(LayoutInflater.java:1010)
12-23 01:15:17.473 E/AndroidRuntime(15991): at android.view.LayoutInflater.createViewFromTag(LayoutInflater.java:965)
12-23 01:15:17.473 E/AndroidRuntime(15991): at android.view.LayoutInflater.inflate(LayoutInflater.java:663)
12-23 01:15:17.473 E/AndroidRuntime(15991): at android.view.LayoutInflater.inflate(LayoutInflater.java:538)
12-23 01:15:17.473 E/AndroidRuntime(15991): at com.android.launcher3.util.ViewPool.inflateNewView(ViewPool.java:106)
12-23 01:15:17.473 E/AndroidRuntime(15991): at com.android.launcher3.util.ViewPool.lambda$initPool$1$ViewPool(ViewPool.java:69)
12-23 01:15:17.473 E/AndroidRuntime(15991): at com.android.launcher3.util.ViewPool$$ExternalSyntheticLambda0.run(Unknown Source:8)
12-23 01:15:17.473 E/AndroidRuntime(15991): at java.lang.Thread.run(Thread.java:920)
12-23 01:15:17.473 E/AndroidRuntime(15991): Caused by: java.lang.ClassCastException: com.android.quickstep.RecentsActivity cannot be cast to com.android.launcher3.Launcher
12-23 01:15:17.473 E/AndroidRuntime(15991): at com.android.launcher3.Launcher.getLauncher(Launcher.java:3019)
12-23 01:15:17.473 E/AndroidRuntime(15991): at com.android.quickstep.views.TaskView.(TaskView.java:416)
12-23 01:15:17.473 E/AndroidRuntime(15991): at com.android.quickstep.views.TaskView.(TaskView.java:410)
12-23 01:15:17.473 E/AndroidRuntime(15991): ... 11 more
12-23 01:15:17.474 W/ActivityTaskManager( 1508): Force finishing activity com.android.launcher3/com.android.quickstep.RecentsActivity
12-23 01:15:17.480 W/ContextImpl( 2417): Calling a method in the system process without a qualified user: android.app.ContextImpl.startService:1816 android.content.ContextWrapper.startService:774 com.thundercomm.gamemode.ingame.services.GameModeActionUtils.startGameModeService:99 com.thundercomm.gamemode.ingame.services.GameModeActionUtils.startGameModeEntry:22 com.thundercomm.gamemode.ingame.services.ActivityMonitoringService$1.onActivityLaunch:127
12-23 01:15:17.482 I/GameModeConfig( 1508): Current uri is uri = content://com.thundercomm.gamemode.api/gamemode_settings/gamemode_isgaming
12-23 01:15:17.483 I/GameModeConfig( 1508): isGameModeOn = false
12-23 01:15:17.483 I/GameModeConfig( 1508): isGameModeOn = false
12-23 01:15:17.483 I/GameModeConfig( 1508): isDisableVoice = true
12-23 01:15:17.485 I/ActivityManager( 1508): Process com.android.launcher3 (pid 15991) has died: vis BFGS
12-23 01:15:17.485 W/ActivityManager( 1508): Scheduling restart of crashed service com.android.launcher3/com.android.quickstep.TouchInteractionService in 1000ms for connection
12-23 01:15:17.488 D/CompatibilityChangeReporter( 1508): Compat change id reported: 135634846; UID 10078; state: DISABLED
12-23 01:15:17.488 D/CompatibilityChangeReporter( 1508): Compat change id reported: 177438394; UID 10078; state: DISABLED
12-23 01:15:17.488 D/CompatibilityChangeReporter( 1508): Compat change id reported: 135772972; UID 10078; state: DISABLED
12-23 01:15:17.488 D/CompatibilityChangeReporter( 1508): Compat change id reported: 135754954; UID 10078; state: ENABLED
12-23 01:15:17.488 D/CompatibilityChangeReporter( 1508): Compat change id reported: 143937733; UID 10078; state: ENABLED
12-23 01:15:17.493 I/ActivityManager( 1508): Start proc 16029:com.android.launcher3/u0a78 for service {com.android.launcher3/com.android.quickstep.TouchInteractionService}
01-01 08:00:54.746 I/binder ( 0): 16029:16029 ioctl 40046210 7fe8558544 returned -22
12-23 01:15:17.534 I/ActivityTaskManager( 1508): START u0 {act=android.intent.action.MAIN cat=[android.intent.category.DEFAULT] flg=0x10010000 cmp=com.android.launcher3/com.android.quickstep.RecentsActivity} from uid 10078
12-23 01:15:17.536 W/ActivityTaskManager( 1508): Can't find TaskDisplayArea to determine support for multi window. Task id=603 attached=false
12-23 01:15:17.539 I/ActivityTaskManager( 1508): The Process com.android.launcher3 Already Exists in BG. So sending its PID: 16029
12-23 01:15:17.544 W/ContextImpl( 2417): Calling a method in the system process without a qualified user: android.app.ContextImpl.startService:1816 android.content.ContextWrapper.startService:774 com.thundercomm.gamemode.ingame.services.GameModeActionUtils.startGameModeService:99 com.thundercomm.gamemode.ingame.services.GameModeActionUtils.startGameModeEntry:22 com.thundercomm.gamemode.ingame.services.ActivityMonitoringService$1.onActivityLaunch:127
12-23 01:15:17.546 I/GameModeConfig( 1508): Current uri is uri = content://com.thundercomm.gamemode.api/gamemode_settings/gamemode_isgaming
12-23 01:15:17.546 I/GameModeConfig( 1508): isGameModeOn = false
12-23 01:15:17.547 I/GameModeConfig( 1508): isGameModeOn = false
12-23 01:15:17.547 I/GameModeConfig( 1508): isDisableVoice = true
01-01 08:00:54.806 I/binder ( 0): 16029:16056 ioctl 40046210 7b6622c254 returned -22
12-23 01:15:17.600 E/AndroidRuntime(16029): FATAL EXCEPTION: ViewPool-init
12-23 01:15:17.600 E/AndroidRuntime(16029): Process: com.android.launcher3, PID: 16029
12-23 01:15:17.600 E/AndroidRuntime(16029): android.view.InflateException: Binary XML file line #18 in com.android.launcher3:layout/task: Binary XML file line #18 in com.android.launcher3:layout/task: Error inflating class com.android.quickstep.views.TaskView
12-23 01:15:17.600 E/AndroidRuntime(16029): Caused by: android.view.InflateException: Binary XML file line #18 in com.android.launcher3:layout/task: Error inflating class com.android.quickstep.views.TaskView
12-23 01:15:17.600 E/AndroidRuntime(16029): Caused by: java.lang.reflect.InvocationTargetException
12-23 01:15:17.600 E/AndroidRuntime(16029): at java.lang.reflect.Constructor.newInstance0(Native Method)
12-23 01:15:17.600 E/AndroidRuntime(16029): at java.lang.reflect.Constructor.newInstance(Constructor.java:343)
12-23 01:15:17.600 E/AndroidRuntime(16029): at android.view.LayoutInflater.createView(LayoutInflater.java:858)
12-23 01:15:17.600 E/AndroidRuntime(16029): at android.view.LayoutInflater.createViewFromTag(LayoutInflater.java:1010)
12-23 01:15:17.600 E/AndroidRuntime(16029): at android.view.LayoutInflater.createViewFromTag(LayoutInflater.java:965)
12-23 01:15:17.600 E/AndroidRuntime(16029): at android.view.LayoutInflater.inflate(LayoutInflater.java:663)
12-23 01:15:17.600 E/AndroidRuntime(16029): at android.view.LayoutInflater.inflate(LayoutInflater.java:538)
12-23 01:15:17.600 E/AndroidRuntime(16029): at com.android.launcher3.util.ViewPool.inflateNewView(ViewPool.java:106)
12-23 01:15:17.600 E/AndroidRuntime(16029): at com.android.launcher3.util.ViewPool.lambda$initPool$1$ViewPool(ViewPool.java:69)
12-23 01:15:17.600 E/AndroidRuntime(16029): at com.android.launcher3.util.ViewPool$$ExternalSyntheticLambda0.run(Unknown Source:8)
12-23 01:15:17.600 E/AndroidRuntime(16029): at java.lang.Thread.run(Thread.java:920)
12-23 01:15:17.600 E/AndroidRuntime(16029): Caused by: java.lang.ClassCastException: com.android.quickstep.RecentsActivity cannot be cast to com.android.launcher3.Launcher
12-23 01:15:17.600 E/AndroidRuntime(16029): at com.android.launcher3.Launcher.getLauncher(Launcher.java:3019)
12-23 01:15:17.600 E/AndroidRuntime(16029): at com.android.quickstep.views.TaskView.(TaskView.java:416)
12-23 01:15:17.600 E/AndroidRuntime(16029): at com.android.quickstep.views.TaskView.(TaskView.java:410)
12-23 01:15:17.600 E/AndroidRuntime(16029): ... 11 more
12-23 01:15:17.601 W/ActivityTaskManager( 1508): Force finishing activity com.android.launcher3/com.android.quickstep.RecentsActivity
12-23 01:15:17.607 W/ContextImpl( 2417): Calling a method in the system process without a qualified user: android.app.ContextImpl.startService:1816 android.content.ContextWrapper.startService:774 com.thundercomm.gamemode.ingame.services.GameModeActionUtils.startGameModeService:99 com.thundercomm.gamemode.ingame.services.GameModeActionUtils.startGameModeEntry:22 com.thundercomm.gamemode.ingame.services.ActivityMonitoringService$1.onActivityLaunch:127
12-23 01:15:17.609 I/GameModeConfig( 1508): Current uri is uri = content://com.thundercomm.gamemode.api/gamemode_settings/gamemode_isgaming
12-23 01:15:17.610 I/GameModeConfig( 1508): isGameModeOn = false
12-23 01:15:17.610 I/GameModeConfig( 1508): isGameModeOn = false
12-23 01:15:17.610 I/GameModeConfig( 1508): isDisableVoice = true
12-23 01:15:17.626 I/ActivityManager( 1508): Process com.android.launcher3 (pid 16029) has died: vis BFGS
12-23 01:15:17.627 W/ActivityManager( 1508): Scheduling restart of crashed service com.android.launcher3/com.android.quickstep.TouchInteractionService in 1000ms for connection
12-23 01:15:17.630 D/CompatibilityChangeReporter( 1508): Compat change id reported: 135634846; UID 10078; state: DISABLED
12-23 01:15:17.631 D/CompatibilityChangeReporter( 1508): Compat change id reported: 177438394; UID 10078; state: DISABLED
12-23 01:15:17.631 D/CompatibilityChangeReporter( 1508): Compat change id reported: 135772972; UID 10078; state: DISABLED
12-23 01:15:17.631 D/CompatibilityChangeReporter( 1508): Compat change id reported: 135754954; UID 10078; state: ENABLED
12-23 01:15:17.631 D/CompatibilityChangeReporter( 1508): Compat change id reported: 143937733; UID 10078; state: ENABLED
12-23 01:15:17.635 I/ActivityManager( 1508): Start proc 16069:com.android.launcher3/u0a78 for service {com.android.launcher3/com.android.quickstep.TouchInteractionService}
01-01 08:00:54.889 I/binder ( 0): 16069:16069 ioctl 40046210 7fe8558544 returned -22
12-23 01:15:17.675 I/ActivityTaskManager( 1508): START u0 {act=android.intent.action.MAIN cat=[android.intent.category.DEFAULT] flg=0x10010000 cmp=com.android.launcher3/com.android.quickstep.RecentsActivity} from uid 10078
12-23 01:15:17.676 W/ActivityTaskManager( 1508): Can't find TaskDisplayArea to determine support for multi window. Task id=605 attached=false
12-23 01:15:17.678 I/ActivityTaskManager( 1508): The Process com.android.launcher3 Already Exists in BG. So sending its PID: 16069
12-23 01:15:17.683 W/ContextImpl( 2417): Calling a method in the system process without a qualified user: android.app.ContextImpl.startService:1816 android.content.ContextWrapper.startService:774 com.thundercomm.gamemode.ingame.services.GameModeActionUtils.startGameModeService:99 com.thundercomm.gamemode.ingame.services.GameModeActionUtils.startGameModeEntry:22 com.thundercomm.gamemode.ingame.services.ActivityMonitoringService$1.onActivityLaunch:127
12-23 01:15:17.685 I/GameModeConfig( 1508): Current uri is uri = content://com.thundercomm.gamemode.api/gamemode_settings/gamemode_isgaming
12-23 01:15:17.685 I/GameModeConfig( 1508): isGameModeOn = false
12-23 01:15:17.685 I/GameModeConfig( 1508): isGameModeOn = false
12-23 01:15:17.685 I/GameModeConfig( 1508): isDisableVoice = true
01-01 08:00:54.946 I/binder ( 0): 16069:16095 ioctl 40046210 7b6632a254 returned -22
12-23 01:15:17.740 E/AndroidRuntime(16069): FATAL EXCEPTION: ViewPool-init
12-23 01:15:17.740 E/AndroidRuntime(16069): Process: com.android.launcher3, PID: 16069
12-23 01:15:17.740 E/AndroidRuntime(16069): android.view.InflateException: Binary XML file line #18 in com.android.launcher3:layout/task: Binary XML file line #18 in com.android.launcher3:layout/task: Error inflating class com.android.quickstep.views.TaskView
12-23 01:15:17.740 E/AndroidRuntime(16069): Caused by: android.view.InflateException: Binary XML file line #18 in com.android.launcher3:layout/task: Error inflating class com.android.quickstep.views.TaskView
12-23 01:15:17.740 E/AndroidRuntime(16069): Caused by: java.lang.reflect.InvocationTargetException
12-23 01:15:17.740 E/AndroidRuntime(16069): at java.lang.reflect.Constructor.newInstance0(Native Method)
12-23 01:15:17.740 E/AndroidRuntime(16069): at java.lang.reflect.Constructor.newInstance(Constructor.java:343)
12-23 01:15:17.740 E/AndroidRuntime(16069): at android.view.LayoutInflater.createView(LayoutInflater.java:858)
12-23 01:15:17.740 E/AndroidRuntime(16069): at android.view.LayoutInflater.createViewFromTag(LayoutInflater.java:1010)
12-23 01:15:17.740 E/AndroidRuntime(16069): at android.view.LayoutInflater.createViewFromTag(LayoutInflater.java:965)
12-23 01:15:17.740 E/AndroidRuntime(16069): at android.view.LayoutInflater.inflate(LayoutInflater.java:663)
12-23 01:15:17.740 E/AndroidRuntime(16069): at android.view.LayoutInflater.inflate(LayoutInflater.java:538)
12-23 01:15:17.740 E/AndroidRuntime(16069): at com.android.launcher3.util.ViewPool.inflateNewView(ViewPool.java:106)
12-23 01:15:17.740 E/AndroidRuntime(16069): at com.android.launcher3.util.ViewPool.lambda$initPool$1$ViewPool(ViewPool.java:69)
12-23 01:15:17.740 E/AndroidRuntime(16069): at com.android.launcher3.util.ViewPool$$ExternalSyntheticLambda0.run(Unknown Source:8)
12-23 01:15:17.740 E/AndroidRuntime(16069): at java.lang.Thread.run(Thread.java:920)
12-23 01:15:17.740 E/AndroidRuntime(16069): Caused by: java.lang.ClassCastException: com.android.quickstep.RecentsActivity cannot be cast to com.android.launcher3.Launcher
12-23 01:15:17.740 E/AndroidRuntime(16069): at com.android.launcher3.Launcher.getLauncher(Launcher.java:3019)
12-23 01:15:17.740 E/AndroidRuntime(16069): at com.android.quickstep.views.TaskView.(TaskView.java:416)
12-23 01:15:17.740 E/AndroidRuntime(16069): at com.android.quickstep.views.TaskView.(TaskView.java:410)
12-23 01:15:17.740 E/AndroidRuntime(16069): ... 11 more
12-23 01:15:17.741 W/ActivityTaskManager( 1508): Force finishing activity com.android.launcher3/com.android.quickstep.RecentsActivity
12-23 01:15:17.747 W/ContextImpl( 2417): Calling a method in the system process without a qualified user: android.app.ContextImpl.startService:1816 android.content.ContextWrapper.startService:774 com.thundercomm.gamemode.ingame.services.GameModeActionUtils.startGameModeService:99 com.thundercomm.gamemode.ingame.services.GameModeActionUtils.startGameModeEntry:22 com.thundercomm.gamemode.ingame.services.ActivityMonitoringService$1.onActivityLaunch:127
12-23 01:15:17.748 I/GameModeConfig( 1508): Current uri is uri = content://com.thundercomm.gamemode.api/gamemode_settings/gamemode_isgaming
12-23 01:15:17.749 I/GameModeConfig( 1508): isGameModeOn = false
12-23 01:15:17.750 I/GameModeConfig( 1508): isGameModeOn = false
12-23 01:15:17.750 I/GameModeConfig( 1508): isDisableVoice = true
12-23 01:15:17.750 I/ActivityManager( 1508): Process com.android.launcher3 (pid 16069) has died: vis BFGS
12-23 01:15:17.751 W/ActivityManager( 1508): Scheduling restart of crashed service com.android.launcher3/com.android.quickstep.TouchInteractionService in 1000ms for connection
12-23 01:15:17.754 D/CompatibilityChangeReporter( 1508): Compat change id reported: 135634846; UID 10078; state: DISABLED
12-23 01:15:17.754 D/CompatibilityChangeReporter( 1508): Compat change id reported: 177438394; UID 10078; state: DISABLED
12-23 01:15:17.754 D/CompatibilityChangeReporter( 1508): Compat change id reported: 135772972; UID 10078; state: DISABLED
12-23 01:15:17.754 D/CompatibilityChangeReporter( 1508): Compat change id reported: 135754954; UID 10078; state: ENABLED
12-23 01:15:17.754 D/CompatibilityChangeReporter( 1508): Compat change id reported: 143937733; UID 10078; state: ENABLED
12-23 01:15:17.759 I/ActivityManager( 1508): Start proc 16109:com.android.launcher3/u0a78 for service {com.android.launcher3/com.android.quickstep.TouchInteractionService}
01-01 08:00:55.012 I/binder ( 0): 16109:16109 ioctl 40046210 7fe8558544 returned -22
12-23 01:15:17.800 I/ActivityTaskManager( 1508): START u0 {act=android.intent.action.MAIN cat=[android.intent.category.DEFAULT] flg=0x10010000 cmp=com.android.launcher3/com.android.quickstep.RecentsActivity} from uid 10078
12-23 01:15:17.802 W/ActivityTaskManager( 1508): Can't find TaskDisplayArea to determine support for multi window. Task id=607 attached=false
12-23 01:15:17.804 I/ActivityTaskManager( 1508): The Process com.android.launcher3 Already Exists in BG. So sending its PID: 16109
12-23 01:15:17.809 W/ContextImpl( 2417): Calling a method in the system process without a qualified user: android.app.ContextImpl.startService:1816 android.content.ContextWrapper.startService:774 com.thundercomm.gamemode.ingame.services.GameModeActionUtils.startGameModeService:99 com.thundercomm.gamemode.ingame.services.GameModeActionUtils.startGameModeEntry:22 com.thundercomm.gamemode.ingame.services.ActivityMonitoringService$1.onActivityLaunch:127
12-23 01:15:17.811 I/GameModeConfig( 1508): Current uri is uri = content://com.thundercomm.gamemode.api/gamemode_settings/gamemode_isgaming
12-23 01:15:17.811 I/GameModeConfig( 1508): isGameModeOn = false
12-23 01:15:17.812 I/GameModeConfig( 1508): isGameModeOn = false
12-23 01:15:17.812 I/GameModeConfig( 1508): isDisableVoice = true
01-01 08:00:55.074 I/binder ( 0): 16109:16136 ioctl 40046210 7b6522c254 returned -22
12-23 01:15:17.869 E/AndroidRuntime(16109): FATAL EXCEPTION: ViewPool-init
12-23 01:15:17.869 E/AndroidRuntime(16109): Process: com.android.launcher3, PID: 16109
12-23 01:15:17.869 E/AndroidRuntime(16109): android.view.InflateException: Binary XML file line #18 in com.android.launcher3:layout/task: Binary XML file line #18 in com.android.launcher3:layout/task: Error inflating class com.android.quickstep.views.TaskView
12-23 01:15:17.869 E/AndroidRuntime(16109): Caused by: android.view.InflateException: Binary XML file line #18 in com.android.launcher3:layout/task: Error inflating class com.android.quickstep.views.TaskView
12-23 01:15:17.869 E/AndroidRuntime(16109): Caused by: java.lang.reflect.InvocationTargetException
12-23 01:15:17.869 E/AndroidRuntime(16109): at java.lang.reflect.Constructor.newInstance0(Native Method)
12-23 01:15:17.869 E/AndroidRuntime(16109): at java.lang.reflect.Constructor.newInstance(Constructor.java:343)
12-23 01:15:17.869 E/AndroidRuntime(16109): at android.view.LayoutInflater.createView(LayoutInflater.java:858)
12-23 01:15:17.869 E/AndroidRuntime(16109): at android.view.LayoutInflater.createViewFromTag(LayoutInflater.java:1010)
12-23 01:15:17.869 E/AndroidRuntime(16109): at android.view.LayoutInflater.createViewFromTag(LayoutInflater.java:965)
12-23 01:15:17.869 E/AndroidRuntime(16109): at android.view.LayoutInflater.inflate(LayoutInflater.java:663)
12-23 01:15:17.869 E/AndroidRuntime(16109): at android.view.LayoutInflater.inflate(LayoutInflater.java:538)
12-23 01:15:17.869 E/AndroidRuntime(16109): at com.android.launcher3.util.ViewPool.inflateNewView(ViewPool.java:106)
12-23 01:15:17.869 E/AndroidRuntime(16109): at com.android.launcher3.util.ViewPool.lambda$initPool$1$ViewPool(ViewPool.java:69)
12-23 01:15:17.869 E/AndroidRuntime(16109): at com.android.launcher3.util.ViewPool$$ExternalSyntheticLambda0.run(Unknown Source:8)
12-23 01:15:17.869 E/AndroidRuntime(16109): at java.lang.Thread.run(Thread.java:920)
12-23 01:15:17.869 E/AndroidRuntime(16109): Caused by: java.lang.ClassCastException: com.android.quickstep.RecentsActivity cannot be cast to com.android.launcher3.Launcher
12-23 01:15:17.869 E/AndroidRuntime(16109): at com.android.launcher3.Launcher.getLauncher(Launcher.java:3019)
12-23 01:15:17.869 E/AndroidRuntime(16109): at com.android.quickstep.views.TaskView.(TaskView.java:416)
12-23 01:15:17.869 E/AndroidRuntime(16109): at com.android.quickstep.views.TaskView.(TaskView.java:410)
12-23 01:15:17.869 E/AndroidRuntime(16109): ... 11 more
12-23 01:15:17.870 W/ActivityTaskManager( 1508): Force finishing activity com.android.launcher3/com.android.quickstep.RecentsActivity
12-23 01:15:17.877 W/ContextImpl( 2417): Calling a method in the system process without a qualified user: android.app.ContextImpl.startService:1816 android.content.ContextWrapper.startService:774 com.thundercomm.gamemode.ingame.services.GameModeActionUtils.startGameModeService:99 com.thundercomm.gamemode.ingame.services.GameModeActionUtils.startGameModeEntry:22 com.thundercomm.gamemode.ingame.services.ActivityMonitoringService$1.onActivityLaunch:127
12-23 01:15:17.879 I/GameModeConfig( 1508): Current uri is uri = content://com.thundercomm.gamemode.api/gamemode_settings/gamemode_isgaming
12-23 01:15:17.879 I/GameModeConfig( 1508): isGameModeOn = false
12-23 01:15:17.879 I/GameModeConfig( 1508): isGameModeOn = false
12-23 01:15:17.879 I/GameModeConfig( 1508): isDisableVoice = true
12-23 01:15:17.897 I/ActivityManager( 1508): Process com.android.launcher3 (pid 16109) has died: vis BFGS
12-23 01:15:17.897 W/ActivityManager( 1508): Scheduling restart of crashed service com.android.launcher3/com.android.quickstep.TouchInteractionService in 1000ms for connection
12-23 01:15:17.901 D/CompatibilityChangeReporter( 1508): Compat change id reported: 135634846; UID 10078; state: DISABLED
12-23 01:15:17.901 D/CompatibilityChangeReporter( 1508): Compat change id reported: 177438394; UID 10078; state: DISABLED
12-23 01:15:17.901 D/CompatibilityChangeReporter( 1508): Compat change id reported: 135772972; UID 10078; state: DISABLED
12-23 01:15:17.901 D/CompatibilityChangeReporter( 1508): Compat change id reported: 135754954; UID 10078; state: ENABLED
12-23 01:15:17.901 D/CompatibilityChangeReporter( 1508): Compat change id reported: 143937733; UID 10078; state: ENABLED
12-23 01:15:17.906 I/ActivityManager( 1508): Start proc 16149:com.android.launcher3/u0a78 for service {com.android.launcher3/com.android.quickstep.TouchInteractionService}
01-01 08:00:55.160 I/binder ( 0): 16149:16149 ioctl 40046210 7fe8558544 returned -22
12-23 01:15:17.949 I/ActivityTaskManager( 1508): START u0 {act=android.intent.action.MAIN cat=[android.intent.category.DEFAULT] flg=0x10010000 cmp=com.android.launcher3/com.android.quickstep.RecentsActivity} from uid 10078
12-23 01:15:17.950 W/ActivityTaskManager( 1508): Can't find TaskDisplayArea to determine support for multi window. Task id=609 attached=false
12-23 01:15:17.953 I/ActivityTaskManager( 1508): The Process com.android.launcher3 Already Exists in BG. So sending its PID: 16149
12-23 01:15:17.959 W/ContextImpl( 2417): Calling a method in the system process without a qualified user: android.app.ContextImpl.startService:1816 android.content.ContextWrapper.startService:774 com.thundercomm.gamemode.ingame.services.GameModeActionUtils.startGameModeService:99 com.thundercomm.gamemode.ingame.services.GameModeActionUtils.startGameModeEntry:22 com.thundercomm.gamemode.ingame.services.ActivityMonitoringService$1.onActivityLaunch:127
12-23 01:15:17.960 I/GameModeConfig( 1508): Current uri is uri = content://com.thundercomm.gamemode.api/gamemode_settings/gamemode_isgaming
12-23 01:15:17.961 I/GameModeConfig( 1508): isGameModeOn = false
12-23 01:15:17.961 I/GameModeConfig( 1508): isGameModeOn = false
12-23 01:15:17.961 I/GameModeConfig( 1508): isDisableVoice = true
01-01 08:00:55.222 I/binder ( 0): 16149:16174 ioctl 40046210 7b66430254 returned -22
12-23 01:15:18.017 E/AndroidRuntime(16149): FATAL EXCEPTION: ViewPool-init
12-23 01:15:18.017 E/AndroidRuntime(16149): Process: com.android.launcher3, PID: 16149
12-23 01:15:18.017 E/AndroidRuntime(16149): android.view.InflateException: Binary XML file line #18 in com.android.launcher3:layout/task: Binary XML file line #18 in com.android.launcher3:layout/task: Error inflating class com.android.quickstep.views.TaskView
12-23 01:15:18.017 E/AndroidRuntime(16149): Caused by: android.view.InflateException: Binary XML file line #18 in com.android.launcher3:layout/task: Error inflating class com.android.quickstep.views.TaskView
12-23 01:15:18.017 E/AndroidRuntime(16149): Caused by: java.lang.reflect.InvocationTargetException
12-23 01:15:18.017 E/AndroidRuntime(16149): at java.lang.reflect.Constructor.newInstance0(Native Method)
12-23 01:15:18.017 E/AndroidRuntime(16149): at java.lang.reflect.Constructor.newInstance(Constructor.java:343)
12-23 01:15:18.017 E/AndroidRuntime(16149): at android.view.LayoutInflater.createView(LayoutInflater.java:858)
12-23 01:15:18.017 E/AndroidRuntime(16149): at android.view.LayoutInflater.createViewFromTag(LayoutInflater.java:1010)
12-23 01:15:18.017 E/AndroidRuntime(16149): at android.view.LayoutInflater.createViewFromTag(LayoutInflater.java:965)
12-23 01:15:18.017 E/AndroidRuntime(16149): at android.view.LayoutInflater.inflate(LayoutInflater.java:663)
12-23 01:15:18.017 E/AndroidRuntime(16149): at android.view.LayoutInflater.inflate(LayoutInflater.java:538)
12-23 01:15:18.017 E/AndroidRuntime(16149): at com.android.launcher3.util.ViewPool.inflateNewView(ViewPool.java:106)
12-23 01:15:18.017 E/AndroidRuntime(16149): at com.android.launcher3.util.ViewPool.lambda$initPool$1$ViewPool(ViewPool.java:69)
12-23 01:15:18.017 E/AndroidRuntime(16149): at com.android.launcher3.util.ViewPool$$ExternalSyntheticLambda0.run(Unknown Source:8)
12-23 01:15:18.017 E/AndroidRuntime(16149): at java.lang.Thread.run(Thread.java:920)
12-23 01:15:18.017 E/AndroidRuntime(16149): Caused by: java.lang.ClassCastException: com.android.quickstep.RecentsActivity cannot be cast to com.android.launcher3.Launcher
12-23 01:15:18.017 E/AndroidRuntime(16149): at com.android.launcher3.Launcher.getLauncher(Launcher.java:3019)
12-23 01:15:18.017 E/AndroidRuntime(16149): at com.android.quickstep.views.TaskView.(TaskView.java:416)
12-23 01:15:18.017 E/AndroidRuntime(16149): at com.android.quickstep.views.TaskView.(TaskView.java:410)
12-23 01:15:18.017 E/AndroidRuntime(16149): ... 11 more
12-23 01:15:18.018 W/ActivityTaskManager( 1508): Force finishing activity com.android.launcher3/com.android.quickstep.RecentsActivity
12-23 01:15:18.024 W/ContextImpl( 2417): Calling a method in the system process without a qualified user: android.app.ContextImpl.startService:1816 android.content.ContextWrapper.startService:774 com.thundercomm.gamemode.ingame.services.GameModeActionUtils.startGameModeService:99 com.thundercomm.gamemode.ingame.services.GameModeActionUtils.startGameModeEntry:22 com.thundercomm.gamemode.ingame.services.ActivityMonitoringService$1.onActivityLaunch:127
12-23 01:15:18.026 I/GameModeConfig( 1508): Current uri is uri = content://com.thundercomm.gamemode.api/gamemode_settings/gamemode_isgaming
12-23 01:15:18.027 I/GameModeConfig( 1508): isGameModeOn = false
12-23 01:15:18.027 I/GameModeConfig( 1508): isGameModeOn = false
12-23 01:15:18.027 I/GameModeConfig( 1508): isDisableVoice = true
12-23 01:15:18.027 I/ActivityManager( 1508): Process com.android.launcher3 (pid 16149) has died: vis BFGS
12-23 01:15:18.028 W/ActivityManager( 1508): Scheduling restart of crashed service com.android.launcher3/com.android.quickstep.TouchInteractionService in 1000ms for connection
12-23 01:15:18.032 D/CompatibilityChangeReporter( 1508): Compat change id reported: 135634846; UID 10078; state: DISABLED
12-23 01:15:18.032 D/CompatibilityChangeReporter( 1508): Compat change id reported: 177438394; UID 10078; state: DISABLED
12-23 01:15:18.032 D/CompatibilityChangeReporter( 1508): Compat change id reported: 135772972; UID 10078; state: DISABLED
12-23 01:15:18.032 D/CompatibilityChangeReporter( 1508): Compat change id reported: 135754954; UID 10078; state: ENABLED
12-23 01:15:18.032 D/CompatibilityChangeReporter( 1508): Compat change id reported: 143937733; UID 10078; state: ENABLED
12-23 01:15:18.036 I/ActivityManager( 1508): Start proc 16187:com.android.launcher3/u0a78 for service {com.android.launcher3/com.android.quickstep.TouchInteractionService}
01-01 08:00:55.290 I/binder ( 0): 16187:16187 ioctl 40046210 7fe8558544 returned -22
12-23 01:15:18.079 I/ActivityTaskManager( 1508): START u0 {act=android.intent.action.MAIN cat=[android.intent.category.DEFAULT] flg=0x10010000 cmp=com.android.launcher3/com.android.quickstep.RecentsActivity} from uid 10078
12-23 01:15:18.081 W/ActivityTaskManager( 1508): Can't find TaskDisplayArea to determine support for multi window. Task id=611 attached=false
12-23 01:15:18.083 I/ActivityTaskManager( 1508): The Process com.android.launcher3 Already Exists in BG. So sending its PID: 16187
