12-23 01:15:10.624 E/AndroidRuntime(13839): at android.view.LayoutInflater.createViewFromTag(LayoutInflater.java:965)
12-23 01:15:10.624 E/AndroidRuntime(13839): at android.view.LayoutInflater.inflate(LayoutInflater.java:663)
12-23 01:15:10.624 E/AndroidRuntime(13839): at android.view.LayoutInflater.inflate(LayoutInflater.java:538)
12-23 01:15:10.624 E/AndroidRuntime(13839): at com.android.launcher3.util.ViewPool.inflateNewView(ViewPool.java:106)
12-23 01:15:10.624 E/AndroidRuntime(13839): at com.android.launcher3.util.ViewPool.lambda$initPool$1$ViewPool(ViewPool.java:69)
12-23 01:15:10.624 E/AndroidRuntime(13839): at com.android.launcher3.util.ViewPool$$ExternalSyntheticLambda0.run(Unknown Source:8)
12-23 01:15:10.624 E/AndroidRuntime(13839): at java.lang.Thread.run(Thread.java:920)
12-23 01:15:10.624 E/AndroidRuntime(13839): Caused by: java.lang.ClassCastException: com.android.quickstep.RecentsActivity cannot be cast to com.android.launcher3.Launcher
12-23 01:15:10.624 E/AndroidRuntime(13839): at com.android.launcher3.Launcher.getLauncher(Launcher.java:3019)
12-23 01:15:10.624 E/AndroidRuntime(13839): at com.android.quickstep.views.TaskView.(TaskView.java:416)
12-23 01:15:10.624 E/AndroidRuntime(13839): at com.android.quickstep.views.TaskView.(TaskView.java:410)
12-23 01:15:10.624 E/AndroidRuntime(13839): ... 11 more
12-23 01:15:10.625 W/ActivityTaskManager( 1508): Force finishing activity com.android.launcher3/com.android.quickstep.RecentsActivity
12-23 01:15:10.631 W/ContextImpl( 2417): Calling a method in the system process without a qualified user: android.app.ContextImpl.startService:1816 android.content.ContextWrapper.startService:774 com.thundercomm.gamemode.ingame.services.GameModeActionUtils.startGameModeService:99 com.thundercomm.gamemode.ingame.services.GameModeActionUtils.startGameModeEntry:22 com.thundercomm.gamemode.ingame.services.ActivityMonitoringService$1.onActivityLaunch:127
12-23 01:15:10.632 I/GameModeConfig( 1508): Current uri is uri = content://com.thundercomm.gamemode.api/gamemode_settings/gamemode_isgaming
12-23 01:15:10.633 I/GameModeConfig( 1508): isGameModeOn = false
12-23 01:15:10.634 I/GameModeConfig( 1508): isGameModeOn = false
12-23 01:15:10.634 I/GameModeConfig( 1508): isDisableVoice = true
12-23 01:15:10.635 I/ActivityManager( 1508): Process com.android.launcher3 (pid 13839) has died: vis BFGS
12-23 01:15:10.636 W/ActivityManager( 1508): Scheduling restart of crashed service com.android.launcher3/com.android.quickstep.TouchInteractionService in 1000ms for connection
12-23 01:15:10.639 D/CompatibilityChangeReporter( 1508): Compat change id reported: 135634846; UID 10078; state: DISABLED
12-23 01:15:10.639 D/CompatibilityChangeReporter( 1508): Compat change id reported: 177438394; UID 10078; state: DISABLED
12-23 01:15:10.639 D/CompatibilityChangeReporter( 1508): Compat change id reported: 135772972; UID 10078; state: DISABLED
12-23 01:15:10.639 D/CompatibilityChangeReporter( 1508): Compat change id reported: 135754954; UID 10078; state: ENABLED
12-23 01:15:10.640 D/CompatibilityChangeReporter( 1508): Compat change id reported: 143937733; UID 10078; state: ENABLED
12-23 01:15:10.644 I/ActivityManager( 1508): Start proc 13880:com.android.launcher3/u0a78 for service {com.android.launcher3/com.android.quickstep.TouchInteractionService}
01-01 08:00:47.897 I/binder ( 0): 13880:13880 ioctl 40046210 7fe8558544 returned -22
12-23 01:15:10.686 I/ActivityTaskManager( 1508): START u0 {act=android.intent.action.MAIN cat=[android.intent.category.DEFAULT] flg=0x10010000 cmp=com.android.launcher3/com.android.quickstep.RecentsActivity} from uid 10078
12-23 01:15:10.688 W/ActivityTaskManager( 1508): Can't find TaskDisplayArea to determine support for multi window. Task id=497 attached=false
12-23 01:15:10.690 I/ActivityTaskManager( 1508): The Process com.android.launcher3 Already Exists in BG. So sending its PID: 13880
12-23 01:15:10.695 W/ContextImpl( 2417): Calling a method in the system process without a qualified user: android.app.ContextImpl.startService:1816 android.content.ContextWrapper.startService:774 com.thundercomm.gamemode.ingame.services.GameModeActionUtils.startGameModeService:99 com.thundercomm.gamemode.ingame.services.GameModeActionUtils.startGameModeEntry:22 com.thundercomm.gamemode.ingame.services.ActivityMonitoringService$1.onActivityLaunch:127
12-23 01:15:10.697 I/GameModeConfig( 1508): Current uri is uri = content://com.thundercomm.gamemode.api/gamemode_settings/gamemode_isgaming
12-23 01:15:10.697 I/GameModeConfig( 1508): isGameModeOn = false
12-23 01:15:10.698 I/GameModeConfig( 1508): isGameModeOn = false
12-23 01:15:10.698 I/GameModeConfig( 1508): isDisableVoice = true
01-01 08:00:47.957 I/binder ( 0): 13880:13908 ioctl 40046210 7b6522c254 returned -22
12-23 01:15:10.750 E/AndroidRuntime(13880): FATAL EXCEPTION: ViewPool-init
12-23 01:15:10.750 E/AndroidRuntime(13880): Process: com.android.launcher3, PID: 13880
12-23 01:15:10.750 E/AndroidRuntime(13880): android.view.InflateException: Binary XML file line #18 in com.android.launcher3:layout/task: Binary XML file line #18 in com.android.launcher3:layout/task: Error inflating class com.android.quickstep.views.TaskView
12-23 01:15:10.750 E/AndroidRuntime(13880): Caused by: android.view.InflateException: Binary XML file line #18 in com.android.launcher3:layout/task: Error inflating class com.android.quickstep.views.TaskView
12-23 01:15:10.750 E/AndroidRuntime(13880): Caused by: java.lang.reflect.InvocationTargetException
12-23 01:15:10.750 E/AndroidRuntime(13880): at java.lang.reflect.Constructor.newInstance0(Native Method)
12-23 01:15:10.750 E/AndroidRuntime(13880): at java.lang.reflect.Constructor.newInstance(Constructor.java:343)
12-23 01:15:10.750 E/AndroidRuntime(13880): at android.view.LayoutInflater.createView(LayoutInflater.java:858)
12-23 01:15:10.750 E/AndroidRuntime(13880): at android.view.LayoutInflater.createViewFromTag(LayoutInflater.java:1010)
12-23 01:15:10.750 E/AndroidRuntime(13880): at android.view.LayoutInflater.createViewFromTag(LayoutInflater.java:965)
12-23 01:15:10.750 E/AndroidRuntime(13880): at android.view.LayoutInflater.inflate(LayoutInflater.java:663)
12-23 01:15:10.750 E/AndroidRuntime(13880): at android.view.LayoutInflater.inflate(LayoutInflater.java:538)
12-23 01:15:10.750 E/AndroidRuntime(13880): at com.android.launcher3.util.ViewPool.inflateNewView(ViewPool.java:106)
12-23 01:15:10.750 E/AndroidRuntime(13880): at com.android.launcher3.util.ViewPool.lambda$initPool$1$ViewPool(ViewPool.java:69)
12-23 01:15:10.750 E/AndroidRuntime(13880): at com.android.launcher3.util.ViewPool$$ExternalSyntheticLambda0.run(Unknown Source:8)
12-23 01:15:10.750 E/AndroidRuntime(13880): at java.lang.Thread.run(Thread.java:920)
12-23 01:15:10.750 E/AndroidRuntime(13880): Caused by: java.lang.ClassCastException: com.android.quickstep.RecentsActivity cannot be cast to com.android.launcher3.Launcher
12-23 01:15:10.750 E/AndroidRuntime(13880): at com.android.launcher3.Launcher.getLauncher(Launcher.java:3019)
12-23 01:15:10.750 E/AndroidRuntime(13880): at com.android.quickstep.views.TaskView.(TaskView.java:416)
12-23 01:15:10.750 E/AndroidRuntime(13880): at com.android.quickstep.views.TaskView.(TaskView.java:410)
12-23 01:15:10.750 E/AndroidRuntime(13880): ... 11 more
12-23 01:15:10.751 W/ActivityTaskManager( 1508): Force finishing activity com.android.launcher3/com.android.quickstep.RecentsActivity
12-23 01:15:10.757 W/ContextImpl( 2417): Calling a method in the system process without a qualified user: android.app.ContextImpl.startService:1816 android.content.ContextWrapper.startService:774 com.thundercomm.gamemode.ingame.services.GameModeActionUtils.startGameModeService:99 com.thundercomm.gamemode.ingame.services.GameModeActionUtils.startGameModeEntry:22 com.thundercomm.gamemode.ingame.services.ActivityMonitoringService$1.onActivityLaunch:127
12-23 01:15:10.759 I/GameModeConfig( 1508): Current uri is uri = content://com.thundercomm.gamemode.api/gamemode_settings/gamemode_isgaming
12-23 01:15:10.760 I/GameModeConfig( 1508): isGameModeOn = false
12-23 01:15:10.760 I/GameModeConfig( 1508): isGameModeOn = false
12-23 01:15:10.760 I/GameModeConfig( 1508): isDisableVoice = true
12-23 01:15:10.761 I/ActivityManager( 1508): Process com.android.launcher3 (pid 13880) has died: vis BFGS
12-23 01:15:10.762 W/ActivityManager( 1508): Scheduling restart of crashed service com.android.launcher3/com.android.quickstep.TouchInteractionService in 1000ms for connection
12-23 01:15:10.766 D/CompatibilityChangeReporter( 1508): Compat change id reported: 135634846; UID 10078; state: DISABLED
12-23 01:15:10.766 D/CompatibilityChangeReporter( 1508): Compat change id reported: 177438394; UID 10078; state: DISABLED
12-23 01:15:10.766 D/CompatibilityChangeReporter( 1508): Compat change id reported: 135772972; UID 10078; state: DISABLED
12-23 01:15:10.766 D/CompatibilityChangeReporter( 1508): Compat change id reported: 135754954; UID 10078; state: ENABLED
12-23 01:15:10.766 D/CompatibilityChangeReporter( 1508): Compat change id reported: 143937733; UID 10078; state: ENABLED
12-23 01:15:10.770 I/ActivityManager( 1508): Start proc 13921:com.android.launcher3/u0a78 for service {com.android.launcher3/com.android.quickstep.TouchInteractionService}
01-01 08:00:48.024 I/binder ( 0): 13921:13921 ioctl 40046210 7fe8558544 returned -22
12-23 01:15:10.813 I/ActivityTaskManager( 1508): START u0 {act=android.intent.action.MAIN cat=[android.intent.category.DEFAULT] flg=0x10010000 cmp=com.android.launcher3/com.android.quickstep.RecentsActivity} from uid 10078
12-23 01:15:10.815 W/ActivityTaskManager( 1508): Can't find TaskDisplayArea to determine support for multi window. Task id=499 attached=false
12-23 01:15:10.817 I/ActivityTaskManager( 1508): The Process com.android.launcher3 Already Exists in BG. So sending its PID: 13921
12-23 01:15:10.822 W/ContextImpl( 2417): Calling a method in the system process without a qualified user: android.app.ContextImpl.startService:1816 android.content.ContextWrapper.startService:774 com.thundercomm.gamemode.ingame.services.GameModeActionUtils.startGameModeService:99 com.thundercomm.gamemode.ingame.services.GameModeActionUtils.startGameModeEntry:22 com.thundercomm.gamemode.ingame.services.ActivityMonitoringService$1.onActivityLaunch:127
12-23 01:15:10.824 I/GameModeConfig( 1508): Current uri is uri = content://com.thundercomm.gamemode.api/gamemode_settings/gamemode_isgaming
12-23 01:15:10.825 I/GameModeConfig( 1508): isGameModeOn = false
12-23 01:15:10.825 I/GameModeConfig( 1508): isGameModeOn = false
12-23 01:15:10.825 I/GameModeConfig( 1508): isDisableVoice = true
01-01 08:00:48.084 I/binder ( 0): 13921:13950 ioctl 40046210 7b6522c254 returned -22
12-23 01:15:10.878 E/AndroidRuntime(13921): FATAL EXCEPTION: ViewPool-init
12-23 01:15:10.878 E/AndroidRuntime(13921): Process: com.android.launcher3, PID: 13921
12-23 01:15:10.878 E/AndroidRuntime(13921): android.view.InflateException: Binary XML file line #18 in com.android.launcher3:layout/task: Binary XML file line #18 in com.android.launcher3:layout/task: Error inflating class com.android.quickstep.views.TaskView
12-23 01:15:10.878 E/AndroidRuntime(13921): Caused by: android.view.InflateException: Binary XML file line #18 in com.android.launcher3:layout/task: Error inflating class com.android.quickstep.views.TaskView
12-23 01:15:10.878 E/AndroidRuntime(13921): Caused by: java.lang.reflect.InvocationTargetException
12-23 01:15:10.878 E/AndroidRuntime(13921): at java.lang.reflect.Constructor.newInstance0(Native Method)
12-23 01:15:10.878 E/AndroidRuntime(13921): at java.lang.reflect.Constructor.newInstance(Constructor.java:343)
12-23 01:15:10.878 E/AndroidRuntime(13921): at android.view.LayoutInflater.createView(LayoutInflater.java:858)
12-23 01:15:10.878 E/AndroidRuntime(13921): at android.view.LayoutInflater.createViewFromTag(LayoutInflater.java:1010)
12-23 01:15:10.878 E/AndroidRuntime(13921): at android.view.LayoutInflater.createViewFromTag(LayoutInflater.java:965)
12-23 01:15:10.878 E/AndroidRuntime(13921): at android.view.LayoutInflater.inflate(LayoutInflater.java:663)
12-23 01:15:10.878 E/AndroidRuntime(13921): at android.view.LayoutInflater.inflate(LayoutInflater.java:538)
12-23 01:15:10.878 E/AndroidRuntime(13921): at com.android.launcher3.util.ViewPool.inflateNewView(ViewPool.java:106)
12-23 01:15:10.878 E/AndroidRuntime(13921): at com.android.launcher3.util.ViewPool.lambda$initPool$1$ViewPool(ViewPool.java:69)
12-23 01:15:10.878 E/AndroidRuntime(13921): at com.android.launcher3.util.ViewPool$$ExternalSyntheticLambda0.run(Unknown Source:8)
12-23 01:15:10.878 E/AndroidRuntime(13921): at java.lang.Thread.run(Thread.java:920)
12-23 01:15:10.878 E/AndroidRuntime(13921): Caused by: java.lang.ClassCastException: com.android.quickstep.RecentsActivity cannot be cast to com.android.launcher3.Launcher
12-23 01:15:10.878 E/AndroidRuntime(13921): at com.android.launcher3.Launcher.getLauncher(Launcher.java:3019)
12-23 01:15:10.878 E/AndroidRuntime(13921): at com.android.quickstep.views.TaskView.(TaskView.java:416)
12-23 01:15:10.878 E/AndroidRuntime(13921): at com.android.quickstep.views.TaskView.(TaskView.java:410)
12-23 01:15:10.878 E/AndroidRuntime(13921): ... 11 more
12-23 01:15:10.879 W/ActivityTaskManager( 1508): Force finishing activity com.android.launcher3/com.android.quickstep.RecentsActivity
12-23 01:15:10.886 W/ContextImpl( 2417): Calling a method in the system process without a qualified user: android.app.ContextImpl.startService:1816 android.content.ContextWrapper.startService:774 com.thundercomm.gamemode.ingame.services.GameModeActionUtils.startGameModeService:99 com.thundercomm.gamemode.ingame.services.GameModeActionUtils.startGameModeEntry:22 com.thundercomm.gamemode.ingame.services.ActivityMonitoringService$1.onActivityLaunch:127
12-23 01:15:10.887 I/GameModeConfig( 1508): Current uri is uri = content://com.thundercomm.gamemode.api/gamemode_settings/gamemode_isgaming
12-23 01:15:10.888 I/GameModeConfig( 1508): isGameModeOn = false
12-23 01:15:10.888 I/GameModeConfig( 1508): isGameModeOn = false
12-23 01:15:10.888 I/GameModeConfig( 1508): isDisableVoice = true
12-23 01:15:10.889 I/ActivityManager( 1508): Process com.android.launcher3 (pid 13921) has died: vis BFGS
12-23 01:15:10.890 W/ActivityManager( 1508): Scheduling restart of crashed service com.android.launcher3/com.android.quickstep.TouchInteractionService in 1000ms for connection
12-23 01:15:10.893 D/CompatibilityChangeReporter( 1508): Compat change id reported: 135634846; UID 10078; state: DISABLED
12-23 01:15:10.893 D/CompatibilityChangeReporter( 1508): Compat change id reported: 177438394; UID 10078; state: DISABLED
12-23 01:15:10.893 D/CompatibilityChangeReporter( 1508): Compat change id reported: 135772972; UID 10078; state: DISABLED
12-23 01:15:10.893 D/CompatibilityChangeReporter( 1508): Compat change id reported: 135754954; UID 10078; state: ENABLED
12-23 01:15:10.893 D/CompatibilityChangeReporter( 1508): Compat change id reported: 143937733; UID 10078; state: ENABLED
12-23 01:15:10.897 I/ActivityManager( 1508): Start proc 13963:com.android.launcher3/u0a78 for service {com.android.launcher3/com.android.quickstep.TouchInteractionService}
01-01 08:00:48.151 I/binder ( 0): 13963:13963 ioctl 40046210 7fe8558544 returned -22
12-23 01:15:10.940 I/ActivityTaskManager( 1508): START u0 {act=android.intent.action.MAIN cat=[android.intent.category.DEFAULT] flg=0x10010000 cmp=com.android.launcher3/com.android.quickstep.RecentsActivity} from uid 10078
12-23 01:15:10.942 W/ActivityTaskManager( 1508): Can't find TaskDisplayArea to determine support for multi window. Task id=501 attached=false
12-23 01:15:10.944 I/ActivityTaskManager( 1508): The Process com.android.launcher3 Already Exists in BG. So sending its PID: 13963
12-23 01:15:10.950 W/ContextImpl( 2417): Calling a method in the system process without a qualified user: android.app.ContextImpl.startService:1816 android.content.ContextWrapper.startService:774 com.thundercomm.gamemode.ingame.services.GameModeActionUtils.startGameModeService:99 com.thundercomm.gamemode.ingame.services.GameModeActionUtils.startGameModeEntry:22 com.thundercomm.gamemode.ingame.services.ActivityMonitoringService$1.onActivityLaunch:127
12-23 01:15:10.951 I/GameModeConfig( 1508): Current uri is uri = content://com.thundercomm.gamemode.api/gamemode_settings/gamemode_isgaming
12-23 01:15:10.952 I/GameModeConfig( 1508): isGameModeOn = false
12-23 01:15:10.952 I/GameModeConfig( 1508): isGameModeOn = false
12-23 01:15:10.952 I/GameModeConfig( 1508): isDisableVoice = true
01-01 08:00:48.211 I/binder ( 0): 13963:13991 ioctl 40046210 7b66430254 returned -22
12-23 01:15:11.005 E/AndroidRuntime(13963): FATAL EXCEPTION: ViewPool-init
12-23 01:15:11.005 E/AndroidRuntime(13963): Process: com.android.launcher3, PID: 13963
12-23 01:15:11.005 E/AndroidRuntime(13963): android.view.InflateException: Binary XML file line #18 in com.android.launcher3:layout/task: Binary XML file line #18 in com.android.launcher3:layout/task: Error inflating class com.android.quickstep.views.TaskView
12-23 01:15:11.005 E/AndroidRuntime(13963): Caused by: android.view.InflateException: Binary XML file line #18 in com.android.launcher3:layout/task: Error inflating class com.android.quickstep.views.TaskView
12-23 01:15:11.005 E/AndroidRuntime(13963): Caused by: java.lang.reflect.InvocationTargetException
12-23 01:15:11.005 E/AndroidRuntime(13963): at java.lang.reflect.Constructor.newInstance0(Native Method)
12-23 01:15:11.005 E/AndroidRuntime(13963): at java.lang.reflect.Constructor.newInstance(Constructor.java:343)
12-23 01:15:11.005 E/AndroidRuntime(13963): at android.view.LayoutInflater.createView(LayoutInflater.java:858)
12-23 01:15:11.005 E/AndroidRuntime(13963): at android.view.LayoutInflater.createViewFromTag(LayoutInflater.java:1010)
12-23 01:15:11.005 E/AndroidRuntime(13963): at android.view.LayoutInflater.createViewFromTag(LayoutInflater.java:965)
12-23 01:15:11.005 E/AndroidRuntime(13963): at android.view.LayoutInflater.inflate(LayoutInflater.java:663)
12-23 01:15:11.005 E/AndroidRuntime(13963): at android.view.LayoutInflater.inflate(LayoutInflater.java:538)
12-23 01:15:11.005 E/AndroidRuntime(13963): at com.android.launcher3.util.ViewPool.inflateNewView(ViewPool.java:106)
12-23 01:15:11.005 E/AndroidRuntime(13963): at com.android.launcher3.util.ViewPool.lambda$initPool$1$ViewPool(ViewPool.java:69)
12-23 01:15:11.005 E/AndroidRuntime(13963): at com.android.launcher3.util.ViewPool$$ExternalSyntheticLambda0.run(Unknown Source:8)
12-23 01:15:11.005 E/AndroidRuntime(13963): at java.lang.Thread.run(Thread.java:920)
12-23 01:15:11.005 E/AndroidRuntime(13963): Caused by: java.lang.ClassCastException: com.android.quickstep.RecentsActivity cannot be cast to com.android.launcher3.Launcher
12-23 01:15:11.005 E/AndroidRuntime(13963): at com.android.launcher3.Launcher.getLauncher(Launcher.java:3019)
12-23 01:15:11.005 E/AndroidRuntime(13963): at com.android.quickstep.views.TaskView.(TaskView.java:416)
12-23 01:15:11.005 E/AndroidRuntime(13963): at com.android.quickstep.views.TaskView.(TaskView.java:410)
12-23 01:15:11.005 E/AndroidRuntime(13963): ... 11 more
12-23 01:15:11.006 W/ActivityTaskManager( 1508): Force finishing activity com.android.launcher3/com.android.quickstep.RecentsActivity
12-23 01:15:11.016 I/ActivityManager( 1508): Process com.android.launcher3 (pid 13963) has died: vis BFGS
12-23 01:15:11.016 W/ActivityManager( 1508): Scheduling restart of crashed service com.android.launcher3/com.android.quickstep.TouchInteractionService in 1000ms for connection
12-23 01:15:11.017 W/ContextImpl( 2417): Calling a method in the system process without a qualified user: android.app.ContextImpl.startService:1816 android.content.ContextWrapper.startService:774 com.thundercomm.gamemode.ingame.services.GameModeActionUtils.startGameModeService:99 com.thundercomm.gamemode.ingame.services.GameModeActionUtils.startGameModeEntry:22 com.thundercomm.gamemode.ingame.services.ActivityMonitoringService$1.onActivityLaunch:127
12-23 01:15:11.019 I/GameModeConfig( 1508): Current uri is uri = content://com.thundercomm.gamemode.api/gamemode_settings/gamemode_isgaming
12-23 01:15:11.020 D/CompatibilityChangeReporter( 1508): Compat change id reported: 135634846; UID 10078; state: DISABLED
12-23 01:15:11.020 D/CompatibilityChangeReporter( 1508): Compat change id reported: 177438394; UID 10078; state: DISABLED
12-23 01:15:11.020 D/CompatibilityChangeReporter( 1508): Compat change id reported: 135772972; UID 10078; state: DISABLED
12-23 01:15:11.020 D/CompatibilityChangeReporter( 1508): Compat change id reported: 135754954; UID 10078; state: ENABLED
12-23 01:15:11.020 I/GameModeConfig( 1508): isGameModeOn = false
12-23 01:15:11.020 D/CompatibilityChangeReporter( 1508): Compat change id reported: 143937733; UID 10078; state: ENABLED
12-23 01:15:11.020 I/GameModeConfig( 1508): isGameModeOn = false
12-23 01:15:11.020 I/GameModeConfig( 1508): isDisableVoice = true
12-23 01:15:11.024 I/ActivityManager( 1508): Start proc 14004:com.android.launcher3/u0a78 for service {com.android.launcher3/com.android.quickstep.TouchInteractionService}
01-01 08:00:48.278 I/binder ( 0): 14004:14004 ioctl 40046210 7fe8558544 returned -22
12-23 01:15:11.067 I/ActivityTaskManager( 1508): START u0 {act=android.intent.action.MAIN cat=[android.intent.category.DEFAULT] flg=0x10010000 cmp=com.android.launcher3/com.android.quickstep.RecentsActivity} from uid 10078
12-23 01:15:11.070 W/ActivityTaskManager( 1508): Can't find TaskDisplayArea to determine support for multi window. Task id=503 attached=false
12-23 01:15:11.072 I/ActivityTaskManager( 1508): The Process com.android.launcher3 Already Exists in BG. So sending its PID: 14004
12-23 01:15:11.078 W/ContextImpl( 2417): Calling a method in the system process without a qualified user: android.app.ContextImpl.startService:1816 android.content.ContextWrapper.startService:774 com.thundercomm.gamemode.ingame.services.GameModeActionUtils.startGameModeService:99 com.thundercomm.gamemode.ingame.services.GameModeActionUtils.startGameModeEntry:22 com.thundercomm.gamemode.ingame.services.ActivityMonitoringService$1.onActivityLaunch:127
12-23 01:15:11.079 I/GameModeConfig( 1508): Current uri is uri = content://com.thundercomm.gamemode.api/gamemode_settings/gamemode_isgaming
12-23 01:15:11.080 I/GameModeConfig( 1508): isGameModeOn = false
12-23 01:15:11.080 I/GameModeConfig( 1508): isGameModeOn = false
12-23 01:15:11.080 I/GameModeConfig( 1508): isDisableVoice = true
01-01 08:00:48.340 I/binder ( 0): 14004:14031 ioctl 40046210 7b6632a254 returned -22
12-23 01:15:11.134 E/AndroidRuntime(14004): FATAL EXCEPTION: ViewPool-init
12-23 01:15:11.134 E/AndroidRuntime(14004): Process: com.android.launcher3, PID: 14004
12-23 01:15:11.134 E/AndroidRuntime(14004): android.view.InflateException: Binary XML file line #18 in com.android.launcher3:layout/task: Binary XML file line #18 in com.android.launcher3:layout/task: Error inflating class com.android.quickstep.views.TaskView
12-23 01:15:11.134 E/AndroidRuntime(14004): Caused by: android.view.InflateException: Binary XML file line #18 in com.android.launcher3:layout/task: Error inflating class com.android.quickstep.views.TaskView
12-23 01:15:11.134 E/AndroidRuntime(14004): Caused by: java.lang.reflect.InvocationTargetException
12-23 01:15:11.134 E/AndroidRuntime(14004): at java.lang.reflect.Constructor.newInstance0(Native Method)
12-23 01:15:11.134 E/AndroidRuntime(14004): at java.lang.reflect.Constructor.newInstance(Constructor.java:343)
12-23 01:15:11.134 E/AndroidRuntime(14004): at android.view.LayoutInflater.createView(LayoutInflater.java:858)
12-23 01:15:11.134 E/AndroidRuntime(14004): at android.view.LayoutInflater.createViewFromTag(LayoutInflater.java:1010)
12-23 01:15:11.134 E/AndroidRuntime(14004): at android.view.LayoutInflater.createViewFromTag(LayoutInflater.java:965)
12-23 01:15:11.134 E/AndroidRuntime(14004): at android.view.LayoutInflater.inflate(LayoutInflater.java:663)
12-23 01:15:11.134 E/AndroidRuntime(14004): at android.view.LayoutInflater.inflate(LayoutInflater.java:538)
12-23 01:15:11.134 E/AndroidRuntime(14004): at com.android.launcher3.util.ViewPool.inflateNewView(ViewPool.java:106)
12-23 01:15:11.134 E/AndroidRuntime(14004): at com.android.launcher3.util.ViewPool.lambda$initPool$1$ViewPool(ViewPool.java:69)
12-23 01:15:11.134 E/AndroidRuntime(14004): at com.android.launcher3.util.ViewPool$$ExternalSyntheticLambda0.run(Unknown Source:8)
12-23 01:15:11.134 E/AndroidRuntime(14004): at java.lang.Thread.run(Thread.java:920)
12-23 01:15:11.134 E/AndroidRuntime(14004): Caused by: java.lang.ClassCastException: com.android.quickstep.RecentsActivity cannot be cast to com.android.launcher3.Launcher
12-23 01:15:11.134 E/AndroidRuntime(14004): at com.android.launcher3.Launcher.getLauncher(Launcher.java:3019)
12-23 01:15:11.134 E/AndroidRuntime(14004): at com.android.quickstep.views.TaskView.(TaskView.java:416)
12-23 01:15:11.134 E/AndroidRuntime(14004): at com.android.quickstep.views.TaskView.(TaskView.java:410)
12-23 01:15:11.134 E/AndroidRuntime(14004): ... 11 more
12-23 01:15:11.135 W/ActivityTaskManager( 1508): Force finishing activity com.android.launcher3/com.android.quickstep.RecentsActivity
12-23 01:15:11.141 W/ContextImpl( 2417): Calling a method in the system process without a qualified user: android.app.ContextImpl.startService:1816 android.content.ContextWrapper.startService:774 com.thundercomm.gamemode.ingame.services.GameModeActionUtils.startGameModeService:99 com.thundercomm.gamemode.ingame.services.GameModeActionUtils.startGameModeEntry:22 com.thundercomm.gamemode.ingame.services.ActivityMonitoringService$1.onActivityLaunch:127
12-23 01:15:11.143 I/GameModeConfig( 1508): Current uri is uri = content://com.thundercomm.gamemode.api/gamemode_settings/gamemode_isgaming
12-23 01:15:11.144 I/GameModeConfig( 1508): isGameModeOn = false
12-23 01:15:11.144 I/GameModeConfig( 1508): isGameModeOn = false
12-23 01:15:11.144 I/GameModeConfig( 1508): isDisableVoice = true
12-23 01:15:11.146 I/ActivityManager( 1508): Process com.android.launcher3 (pid 14004) has died: vis BFGS
12-23 01:15:11.146 W/ActivityManager( 1508): Scheduling restart of crashed service com.android.launcher3/com.android.quickstep.TouchInteractionService in 1000ms for connection
12-23 01:15:11.149 D/CompatibilityChangeReporter( 1508): Compat change id reported: 135634846; UID 10078; state: DISABLED
12-23 01:15:11.149 D/CompatibilityChangeReporter( 1508): Compat change id reported: 177438394; UID 10078; state: DISABLED
12-23 01:15:11.149 D/CompatibilityChangeReporter( 1508): Compat change id reported: 135772972; UID 10078; state: DISABLED
12-23 01:15:11.149 D/CompatibilityChangeReporter( 1508): Compat change id reported: 135754954; UID 10078; state: ENABLED
12-23 01:15:11.149 D/CompatibilityChangeReporter( 1508): Compat change id reported: 143937733; UID 10078; state: ENABLED
12-23 01:15:11.154 I/ActivityManager( 1508): Start proc 14045:com.android.launcher3/u0a78 for service {com.android.launcher3/com.android.quickstep.TouchInteractionService}
01-01 08:00:48.407 I/binder ( 0): 14045:14045 ioctl 40046210 7fe8558544 returned -22
12-23 01:15:11.201 I/ActivityTaskManager( 1508): START u0 {act=android.intent.action.MAIN cat=[android.intent.category.DEFAULT] flg=0x10010000 cmp=com.android.launcher3/com.android.quickstep.RecentsActivity} from uid 10078
12-23 01:15:11.202 W/ActivityTaskManager( 1508): Can't find TaskDisplayArea to determine support for multi window. Task id=505 attached=false
12-23 01:15:11.205 I/ActivityTaskManager( 1508): The Process com.android.launcher3 Already Exists in BG. So sending its PID: 14045
12-23 01:15:11.210 W/ContextImpl( 2417): Calling a method in the system process without a qualified user: android.app.ContextImpl.startService:1816 android.content.ContextWrapper.startService:774 com.thundercomm.gamemode.ingame.services.GameModeActionUtils.startGameModeService:99 com.thundercomm.gamemode.ingame.services.GameModeActionUtils.startGameModeEntry:22 com.thundercomm.gamemode.ingame.services.ActivityMonitoringService$1.onActivityLaunch:127
12-23 01:15:11.212 I/GameModeConfig( 1508): Current uri is uri = content://com.thundercomm.gamemode.api/gamemode_settings/gamemode_isgaming
12-23 01:15:11.212 I/GameModeConfig( 1508): isGameModeOn = false
12-23 01:15:11.212 I/GameModeConfig( 1508): isGameModeOn = false
12-23 01:15:11.212 I/GameModeConfig( 1508): isDisableVoice = true
01-01 08:00:48.466 I/ ( 0): read descriptors
01-01 08:00:48.466 I/ ( 0): read strings
01-01 08:00:48.474 I/binder ( 0): 14045:14070 ioctl 40046210 7b6632a254 returned -22
01-01 08:00:48.493 D/ ( 0): mv2112_read_status
01-01 08:00:48.494 D/mv2112_update_link( 0): 3.0x901(1G): 0x80
01-01 08:00:48.494 D/mv2112_update_link( 0): 3.0x8109(100M): 0x8
01-01 08:00:48.494 D/mv2112_update_link( 0): link 0x0
01-01 08:00:48.494 D/mv2112_read_status( 0): autoneg is disabled
12-23 01:15:11.268 E/AndroidRuntime(14045): FATAL EXCEPTION: ViewPool-init
12-23 01:15:11.268 E/AndroidRuntime(14045): Process: com.android.launcher3, PID: 14045
12-23 01:15:11.268 E/AndroidRuntime(14045): android.view.InflateException: Binary XML file line #18 in com.android.launcher3:layout/task: Binary XML file line #18 in com.android.launcher3:layout/task: Error inflating class com.android.quickstep.views.TaskView
12-23 01:15:11.268 E/AndroidRuntime(14045): Caused by: android.view.InflateException: Binary XML file line #18 in com.android.launcher3:layout/task: Error inflating class com.android.quickstep.views.TaskView
12-23 01:15:11.268 E/AndroidRuntime(14045): Caused by: java.lang.reflect.InvocationTargetException
12-23 01:15:11.268 E/AndroidRuntime(14045): at java.lang.reflect.Constructor.newInstance0(Native Method)
12-23 01:15:11.268 E/AndroidRuntime(14045): at java.lang.reflect.Constructor.newInstance(Constructor.java:343)
12-23 01:15:11.268 E/AndroidRuntime(14045): at android.view.LayoutInflater.createView(LayoutInflater.java:858)
12-23 01:15:11.268 E/AndroidRuntime(14045): at android.view.LayoutInflater.createViewFromTag(LayoutInflater.java:1010)
12-23 01:15:11.268 E/AndroidRuntime(14045): at android.view.LayoutInflater.createViewFromTag(LayoutInflater.java:965)
12-23 01:15:11.268 E/AndroidRuntime(14045): at android.view.LayoutInflater.inflate(LayoutInflater.java:663)
12-23 01:15:11.268 E/AndroidRuntime(14045): at android.view.LayoutInflater.inflate(LayoutInflater.java:538)
12-23 01:15:11.268 E/AndroidRuntime(14045): at com.android.launcher3.util.ViewPool.inflateNewView(ViewPool.java:106)
12-23 01:15:11.268 E/AndroidRuntime(14045): at com.android.launcher3.util.ViewPool.lambda$initPool$1$ViewPool(ViewPool.java:69)
12-23 01:15:11.268 E/AndroidRuntime(14045): at com.android.launcher3.util.ViewPool$$ExternalSyntheticLambda0.run(Unknown Source:8)
12-23 01:15:11.268 E/AndroidRuntime(14045): at java.lang.Thread.run(Thread.java:920)
12-23 01:15:11.268 E/AndroidRuntime(14045): Caused by: java.lang.ClassCastException: com.android.quickstep.RecentsActivity cannot be cast to com.android.launcher3.Launcher
12-23 01:15:11.268 E/AndroidRuntime(14045): at com.android.launcher3.Launcher.getLauncher(Launcher.java:3019)
12-23 01:15:11.268 E/AndroidRuntime(14045): at com.android.quickstep.views.TaskView.(TaskView.java:416)
12-23 01:15:11.268 E/AndroidRuntime(14045): at com.android.quickstep.views.TaskView.(TaskView.java:410)
12-23 01:15:11.268 E/AndroidRuntime(14045): ... 11 more
12-23 01:15:11.269 W/ActivityTaskManager( 1508): Force finishing activity com.android.launcher3/com.android.quickstep.RecentsActivity
12-23 01:15:11.275 W/ContextImpl( 2417): Calling a method in the system process without a qualified user: android.app.ContextImpl.startService:1816 android.content.ContextWrapper.startService:774 com.thundercomm.gamemode.ingame.services.GameModeActionUtils.startGameModeService:99 com.thundercomm.gamemode.ingame.services.GameModeActionUtils.startGameModeEntry:22 com.thundercomm.gamemode.ingame.services.ActivityMonitoringService$1.onActivityLaunch:127
12-23 01:15:11.277 I/GameModeConfig( 1508): Current uri is uri = content://com.thundercomm.gamemode.api/gamemode_settings/gamemode_isgaming
12-23 01:15:11.278 I/GameModeConfig( 1508): isGameModeOn = false
12-23 01:15:11.278 I/GameModeConfig( 1508): isGameModeOn = false
12-23 01:15:11.278 I/GameModeConfig( 1508): isDisableVoice = true
01-01 08:00:48.526 W/binder_cleanup_transaction( 0): 2 callbacks suppressed
01-01 08:00:48.526 I/binder ( 0): undelivered transaction 343391, process died.
12-23 01:15:11.279 I/ActivityManager( 1508): Process com.android.launcher3 (pid 14045) has died: vis BFGS
12-23 01:15:11.279 W/ActivityManager( 1508): Scheduling restart of crashed service com.android.launcher3/com.android.quickstep.TouchInteractionService in 1000ms for connection
12-23 01:15:11.282 D/CompatibilityChangeReporter( 1508): Compat change id reported: 135634846; UID 10078; state: DISABLED
12-23 01:15:11.282 D/CompatibilityChangeReporter( 1508): Compat change id reported: 177438394; UID 10078; state: DISABLED
12-23 01:15:11.282 D/CompatibilityChangeReporter( 1508): Compat change id reported: 135772972; UID 10078; state: DISABLED
12-23 01:15:11.282 D/CompatibilityChangeReporter( 1508): Compat change id reported: 135754954; UID 10078; state: ENABLED
12-23 01:15:11.283 D/CompatibilityChangeReporter( 1508): Compat change id reported: 143937733; UID 10078; state: ENABLED
12-23 01:15:11.287 I/ActivityManager( 1508): Start proc 14084:com.android.launcher3/u0a78 for service {com.android.launcher3/com.android.quickstep.TouchInteractionService}
01-01 08:00:48.541 I/binder ( 0): 14084:14084 ioctl 40046210 7fe8558544 returned -22
12-23 01:15:11.328 I/ActivityTaskManager( 1508): START u0 {act=android.intent.action.MAIN cat=[android.intent.category.DEFAULT] flg=0x10010000 cmp=com.android.launcher3/com.android.quickstep.RecentsActivity} from uid 10078
12-23 01:15:11.330 W/ActivityTaskManager( 1508): Can't find TaskDisplayArea to determine support for multi window. Task id=507 attached=false
12-23 01:15:11.332 I/ActivityTaskManager( 1508): The Process com.android.launcher3 Already Exists in BG. So sending its PID: 14084
12-23 01:15:11.336 W/ContextImpl( 2417): Calling a method in the system process without a qualified user: android.app.ContextImpl.startService:1816 android.content.ContextWrapper.startService:774 com.thundercomm.gamemode.ingame.services.GameModeActionUtils.startGameModeService:99 com.thundercomm.gamemode.ingame.services.GameModeActionUtils.startGameModeEntry:22 com.thundercomm.gamemode.ingame.services.ActivityMonitoringService$1.onActivityLaunch:127
12-23 01:15:11.338 I/GameModeConfig( 1508): Current uri is uri = content://com.thundercomm.gamemode.api/gamemode_settings/gamemode_isgaming
12-23 01:15:11.339 I/GameModeConfig( 1508): isGameModeOn = false
12-23 01:15:11.339 I/GameModeConfig( 1508): isGameModeOn = false
12-23 01:15:11.339 I/GameModeConfig( 1508): isDisableVoice = true
01-01 08:00:48.599 I/binder ( 0): 14084:14110 ioctl 40046210 7b6522c254 returned -22
12-23 01:15:11.394 E/AndroidRuntime(14084): FATAL EXCEPTION: ViewPool-init
12-23 01:15:11.394 E/AndroidRuntime(14084): Process: com.android.launcher3, PID: 14084
12-23 01:15:11.394 E/AndroidRuntime(14084): android.view.InflateException: Binary XML file line #18 in com.android.launcher3:layout/task: Binary XML file line #18 in com.android.launcher3:layout/task: Error inflating class com.android.quickstep.views.TaskView
12-23 01:15:11.394 E/AndroidRuntime(14084): Caused by: android.view.InflateException: Binary XML file line #18 in com.android.launcher3:layout/task: Error inflating class com.android.quickstep.views.TaskView
12-23 01:15:11.394 E/AndroidRuntime(14084): Caused by: java.lang.reflect.InvocationTargetException
12-23 01:15:11.394 E/AndroidRuntime(14084): at java.lang.reflect.Constructor.newInstance0(Native Method)
12-23 01:15:11.394 E/AndroidRuntime(14084): at java.lang.reflect.Constructor.newInstance(Constructor.java:343)
12-23 01:15:11.394 E/AndroidRuntime(14084): at android.view.LayoutInflater.createView(LayoutInflater.java:858)
12-23 01:15:11.394 E/AndroidRuntime(14084): at android.view.LayoutInflater.createViewFromTag(LayoutInflater.java:1010)
12-23 01:15:11.394 E/AndroidRuntime(14084): at android.view.LayoutInflater.createViewFromTag(LayoutInflater.java:965)
12-23 01:15:11.394 E/AndroidRuntime(14084): at android.view.LayoutInflater.inflate(LayoutInflater.java:663)
12-23 01:15:11.394 E/AndroidRuntime(14084): at android.view.LayoutInflater.inflate(LayoutInflater.java:538)
12-23 01:15:11.394 E/AndroidRuntime(14084): at com.android.launcher3.util.ViewPool.inflateNewView(ViewPool.java:106)
12-23 01:15:11.394 E/AndroidRuntime(14084): at com.android.launcher3.util.ViewPool.lambda$initPool$1$ViewPool(ViewPool.java:69)
12-23 01:15:11.394 E/AndroidRuntime(14084): at com.android.launcher3.util.ViewPool$$ExternalSyntheticLambda0.run(Unknown Source:8)
12-23 01:15:11.394 E/AndroidRuntime(14084): at java.lang.Thread.run(Thread.java:920)
12-23 01:15:11.394 E/AndroidRuntime(14084): Caused by: java.lang.ClassCastException: com.android.quickstep.RecentsActivity cannot be cast to com.android.launcher3.Launcher
12-23 01:15:11.394 E/AndroidRuntime(14084): at com.android.launcher3.Launcher.getLauncher(Launcher.java:3019)
12-23 01:15:11.394 E/AndroidRuntime(14084): at com.android.quickstep.views.TaskView.(TaskView.java:416)
12-23 01:15:11.394 E/AndroidRuntime(14084): at com.android.quickstep.views.TaskView.(TaskView.java:410)
12-23 01:15:11.394 E/AndroidRuntime(14084): ... 11 more
12-23 01:15:11.395 W/ActivityTaskManager( 1508): Force finishing activity com.android.launcher3/com.android.quickstep.RecentsActivity
12-23 01:15:11.402 W/ContextImpl( 2417): Calling a method in the system process without a qualified user: android.app.ContextImpl.startService:1816 android.content.ContextWrapper.startService:774 com.thundercomm.gamemode.ingame.services.GameModeActionUtils.startGameModeService:99 com.thundercomm.gamemode.ingame.services.GameModeActionUtils.startGameModeEntry:22 com.thundercomm.gamemode.ingame.services.ActivityMonitoringService$1.onActivityLaunch:127
12-23 01:15:11.403 I/GameModeConfig( 1508): Current uri is uri = content://com.thundercomm.gamemode.api/gamemode_settings/gamemode_isgaming
12-23 01:15:11.405 I/GameModeConfig( 1508): isGameModeOn = false
12-23 01:15:11.405 I/GameModeConfig( 1508): isGameModeOn = false
12-23 01:15:11.405 I/GameModeConfig( 1508): isDisableVoice = true
12-23 01:15:11.405 I/ActivityManager( 1508): Process com.android.launcher3 (pid 14084) has died: vis BFGS
12-23 01:15:11.406 W/ActivityManager( 1508): Scheduling restart of crashed service com.android.launcher3/com.android.quickstep.TouchInteractionService in 1000ms for connection
12-23 01:15:11.409 D/CompatibilityChangeReporter( 1508): Compat change id reported: 135634846; UID 10078; state: DISABLED
12-23 01:15:11.409 D/CompatibilityChangeReporter( 1508): Compat change id reported: 177438394; UID 10078; state: DISABLED
12-23 01:15:11.409 D/CompatibilityChangeReporter( 1508): Compat change id reported: 135772972; UID 10078; state: DISABLED
12-23 01:15:11.409 D/CompatibilityChangeReporter( 1508): Compat change id reported: 135754954; UID 10078; state: ENABLED
12-23 01:15:11.409 D/CompatibilityChangeReporter( 1508): Compat change id reported: 143937733; UID 10078; state: ENABLED
12-23 01:15:11.414 I/ActivityManager( 1508): Start proc 14123:com.android.launcher3/u0a78 for service {com.android.launcher3/com.android.quickstep.TouchInteractionService}
01-01 08:00:48.667 I/binder ( 0): 14123:14123 ioctl 40046210 7fe8558544 returned -22
12-23 01:15:11.454 I/ActivityTaskManager( 1508): START u0 {act=android.intent.action.MAIN cat=[android.intent.category.DEFAULT] flg=0x10010000 cmp=com.android.launcher3/com.android.quickstep.RecentsActivity} from uid 10078
12-23 01:15:11.456 W/ActivityTaskManager( 1508): Can't find TaskDisplayArea to determine support for multi window. Task id=509 attached=false
12-23 01:15:11.459 I/ActivityTaskManager( 1508): The Process com.android.launcher3 Already Exists in BG. So sending its PID: 14123
12-23 01:15:11.467 W/ContextImpl( 2417): Calling a method in the system process without a qualified user: android.app.ContextImpl.startService:1816 android.content.ContextWrapper.startService:774 com.thundercomm.gamemode.ingame.services.GameModeActionUtils.startGameModeService:99 com.thundercomm.gamemode.ingame.services.GameModeActionUtils.startGameModeEntry:22 com.thundercomm.gamemode.ingame.services.ActivityMonitoringService$1.onActivityLaunch:127
12-23 01:15:11.468 I/GameModeConfig( 1508): Current uri is uri = content://com.thundercomm.gamemode.api/gamemode_settings/gamemode_isgaming
12-23 01:15:11.469 I/GameModeConfig( 1508): isGameModeOn = false
12-23 01:15:11.469 I/GameModeConfig( 1508): isGameModeOn = false
12-23 01:15:11.469 I/GameModeConfig( 1508): isDisableVoice = true
01-01 08:00:48.727 I/binder ( 0): 14123:14149 ioctl 40046210 7b66430254 returned -22
12-23 01:15:11.521 E/AndroidRuntime(14123): FATAL EXCEPTION: ViewPool-init
12-23 01:15:11.521 E/AndroidRuntime(14123): Process: com.android.launcher3, PID: 14123
12-23 01:15:11.521 E/AndroidRuntime(14123): android.view.InflateException: Binary XML file line #18 in com.android.launcher3:layout/task: Binary XML file line #18 in com.android.launcher3:layout/task: Error inflating class com.android.quickstep.views.TaskView
12-23 01:15:11.521 E/AndroidRuntime(14123): Caused by: android.view.InflateException: Binary XML file line #18 in com.android.launcher3:layout/task: Error inflating class com.android.quickstep.views.TaskView
12-23 01:15:11.521 E/AndroidRuntime(14123): Caused by: java.lang.reflect.InvocationTargetException
12-23 01:15:11.521 E/AndroidRuntime(14123): at java.lang.reflect.Constructor.newInstance0(Native Method)
12-23 01:15:11.521 E/AndroidRuntime(14123): at java.lang.reflect.Constructor.newInstance(Constructor.java:343)
12-23 01:15:11.521 E/AndroidRuntime(14123): at android.view.LayoutInflater.createView(LayoutInflater.java:858)
12-23 01:15:11.521 E/AndroidRuntime(14123): at android.view.LayoutInflater.createViewFromTag(LayoutInflater.java:1010)
12-23 01:15:11.521 E/AndroidRuntime(14123): at android.view.LayoutInflater.createViewFromTag(LayoutInflater.java:965)
12-23 01:15:11.521 E/AndroidRuntime(14123): at android.view.LayoutInflater.inflate(LayoutInflater.java:663)
12-23 01:15:11.521 E/AndroidRuntime(14123): at android.view.LayoutInflater.inflate(LayoutInflater.java:538)
12-23 01:15:11.521 E/AndroidRuntime(14123): at com.android.launcher3.util.ViewPool.inflateNewView(ViewPool.java:106)
12-23 01:15:11.521 E/AndroidRuntime(14123): at com.android.launcher3.util.ViewPool.lambda$initPool$1$ViewPool(ViewPool.java:69)
12-23 01:15:11.521 E/AndroidRuntime(14123): at com.android.launcher3.util.ViewPool$$ExternalSyntheticLambda0.run(Unknown Source:8)
12-23 01:15:11.521 E/AndroidRuntime(14123): at java.lang.Thread.run(Thread.java:920)
12-23 01:15:11.521 E/AndroidRuntime(14123): Caused by: java.lang.ClassCastException: com.android.quickstep.RecentsActivity cannot be cast to com.android.launcher3.Launcher
12-23 01:15:11.521 E/AndroidRuntime(14123): at com.android.launcher3.Launcher.getLauncher(Launcher.java:3019)
12-23 01:15:11.521 E/AndroidRuntime(14123): at com.android.quickstep.views.TaskView.(TaskView.java:416)
12-23 01:15:11.521 E/AndroidRuntime(14123): at com.android.quickstep.views.TaskView.(TaskView.java:410)
12-23 01:15:11.521 E/AndroidRuntime(14123): ... 11 more
12-23 01:15:11.522 W/ActivityTaskManager( 1508): Force finishing activity com.android.launcher3/com.android.quickstep.RecentsActivity
12-23 01:15:11.528 W/ContextImpl( 2417): Calling a method in the system process without a qualified user: android.app.ContextImpl.startService:1816 android.content.ContextWrapper.startService:774 com.thundercomm.gamemode.ingame.services.GameModeActionUtils.startGameModeService:99 com.thundercomm.gamemode.ingame.services.GameModeActionUtils.startGameModeEntry:22 com.thundercomm.gamemode.ingame.services.ActivityMonitoringService$1.onActivityLaunch:127
12-23 01:15:11.530 I/GameModeConfig( 1508): Current uri is uri = content://com.thundercomm.gamemode.api/gamemode_settings/gamemode_isgaming
12-23 01:15:11.530 I/GameModeConfig( 1508): isGameModeOn = false
12-23 01:15:11.531 I/GameModeConfig( 1508): isGameModeOn = false
12-23 01:15:11.531 I/GameModeConfig( 1508): isDisableVoice = true
12-23 01:15:11.532 I/ActivityManager( 1508): Process com.android.launcher3 (pid 14123) has died: vis BFGS
12-23 01:15:11.533 W/ActivityManager( 1508): Scheduling restart of crashed service com.android.launcher3/com.android.quickstep.TouchInteractionService in 1000ms for connection
12-23 01:15:11.536 D/CompatibilityChangeReporter( 1508): Compat change id reported: 135634846; UID 10078; state: DISABLED
12-23 01:15:11.536 D/CompatibilityChangeReporter( 1508): Compat change id reported: 177438394; UID 10078; state: DISABLED
12-23 01:15:11.536 D/CompatibilityChangeReporter( 1508): Compat change id reported: 135772972; UID 10078; state: DISABLED
12-23 01:15:11.536 D/CompatibilityChangeReporter( 1508): Compat change id reported: 135754954; UID 10078; state: ENABLED
12-23 01:15:11.536 D/CompatibilityChangeReporter( 1508): Compat change id reported: 143937733; UID 10078; state: ENABLED
12-23 01:15:11.541 I/ActivityManager( 1508): Start proc 14163:com.android.launcher3/u0a78 for service {com.android.launcher3/com.android.quickstep.TouchInteractionService}
01-01 08:00:48.794 I/binder ( 0): 14163:14163 ioctl 40046210 7fe8558544 returned -22
12-23 01:15:11.582 I/ActivityTaskManager( 1508): START u0 {act=android.intent.action.MAIN cat=[android.intent.category.DEFAULT] flg=0x10010000 cmp=com.android.launcher3/com.android.quickstep.RecentsActivity} from uid 10078
12-23 01:15:11.583 W/ActivityTaskManager( 1508): Can't find TaskDisplayArea to determine support for multi window. Task id=511 attached=false
12-23 01:15:11.585 I/ActivityTaskManager( 1508): The Process com.android.launcher3 Already Exists in BG. So sending its PID: 14163
12-23 01:15:11.592 W/ContextImpl( 2417): Calling a method in the system process without a qualified user: android.app.ContextImpl.startService:1816 android.content.ContextWrapper.startService:774 com.thundercomm.gamemode.ingame.services.GameModeActionUtils.startGameModeService:99 com.thundercomm.gamemode.ingame.services.GameModeActionUtils.startGameModeEntry:22 com.thundercomm.gamemode.ingame.services.ActivityMonitoringService$1.onActivityLaunch:127
12-23 01:15:11.593 I/GameModeConfig( 1508): Current uri is uri = content://com.thundercomm.gamemode.api/gamemode_settings/gamemode_isgaming
12-23 01:15:11.594 I/GameModeConfig( 1508): isGameModeOn = false
12-23 01:15:11.594 I/GameModeConfig( 1508): isGameModeOn = false
12-23 01:15:11.594 I/GameModeConfig( 1508): isDisableVoice = true
01-01 08:00:48.853 I/binder ( 0): 14163:14189 ioctl 40046210 7b6532a254 returned -22
12-23 01:15:11.648 E/AndroidRuntime(14163): FATAL EXCEPTION: ViewPool-init
12-23 01:15:11.648 E/AndroidRuntime(14163): Process: com.android.launcher3, PID: 14163
12-23 01:15:11.648 E/AndroidRuntime(14163): android.view.InflateException: Binary XML file line #18 in com.android.launcher3:layout/task: Binary XML file line #18 in com.android.launcher3:layout/task: Error inflating class com.android.quickstep.views.TaskView
12-23 01:15:11.648 E/AndroidRuntime(14163): Caused by: android.view.InflateException: Binary XML file line #18 in com.android.launcher3:layout/task: Error inflating class com.android.quickstep.views.TaskView
12-23 01:15:11.648 E/AndroidRuntime(14163): Caused by: java.lang.reflect.InvocationTargetException
12-23 01:15:11.648 E/AndroidRuntime(14163): at java.lang.reflect.Constructor.newInstance0(Native Method)
12-23 01:15:11.648 E/AndroidRuntime(14163): at java.lang.reflect.Constructor.newInstance(Constructor.java:343)
12-23 01:15:11.648 E/AndroidRuntime(14163): at android.view.LayoutInflater.createView(LayoutInflater.java:858)
12-23 01:15:11.648 E/AndroidRuntime(14163): at android.view.LayoutInflater.createViewFromTag(LayoutInflater.java:1010)
12-23 01:15:11.648 E/AndroidRuntime(14163): at android.view.LayoutInflater.createViewFromTag(LayoutInflater.java:965)
12-23 01:15:11.648 E/AndroidRuntime(14163): at android.view.LayoutInflater.inflate(LayoutInflater.java:663)
12-23 01:15:11.648 E/AndroidRuntime(14163): at android.view.LayoutInflater.inflate(LayoutInflater.java:538)
12-23 01:15:11.648 E/AndroidRuntime(14163): at com.android.launcher3.util.ViewPool.inflateNewView(ViewPool.java:106)
12-23 01:15:11.648 E/AndroidRuntime(14163): at com.android.launcher3.util.ViewPool.lambda$initPool$1$ViewPool(ViewPool.java:69)
12-23 01:15:11.648 E/AndroidRuntime(14163): at com.android.launcher3.util.ViewPool$$ExternalSyntheticLambda0.run(Unknown Source:8)
12-23 01:15:11.648 E/AndroidRuntime(14163): at java.lang.Thread.run(Thread.java:920)
12-23 01:15:11.648 E/AndroidRuntime(14163): Caused by: java.lang.ClassCastException: com.android.quickstep.RecentsActivity cannot be cast to com.android.launcher3.Launcher
12-23 01:15:11.648 E/AndroidRuntime(14163): at com.android.launcher3.Launcher.getLauncher(Launcher.java:3019)
12-23 01:15:11.648 E/AndroidRuntime(14163): at com.android.quickstep.views.TaskView.(TaskView.java:416)
12-23 01:15:11.648 E/AndroidRuntime(14163): at com.android.quickstep.views.TaskView.(TaskView.java:410)
12-23 01:15:11.648 E/AndroidRuntime(14163): ... 11 more
12-23 01:15:11.648 W/ActivityTaskManager( 1508): Force finishing activity com.android.launcher3/com.android.quickstep.RecentsActivity
