12-23 01:15:19.158 E/AndroidRuntime(16511): at java.lang.reflect.Constructor.newInstance(Constructor.java:343)
12-23 01:15:19.158 E/AndroidRuntime(16511): at android.view.LayoutInflater.createView(LayoutInflater.java:858)
12-23 01:15:19.158 E/AndroidRuntime(16511): at android.view.LayoutInflater.createViewFromTag(LayoutInflater.java:1010)
12-23 01:15:19.158 E/AndroidRuntime(16511): at android.view.LayoutInflater.createViewFromTag(LayoutInflater.java:965)
12-23 01:15:19.158 E/AndroidRuntime(16511): at android.view.LayoutInflater.inflate(LayoutInflater.java:663)
12-23 01:15:19.158 E/AndroidRuntime(16511): at android.view.LayoutInflater.inflate(LayoutInflater.java:538)
12-23 01:15:19.158 E/AndroidRuntime(16511): at com.android.launcher3.util.ViewPool.inflateNewView(ViewPool.java:106)
12-23 01:15:19.158 E/AndroidRuntime(16511): at com.android.launcher3.util.ViewPool.lambda$initPool$1$ViewPool(ViewPool.java:69)
12-23 01:15:19.158 E/AndroidRuntime(16511): at com.android.launcher3.util.ViewPool$$ExternalSyntheticLambda0.run(Unknown Source:8)
12-23 01:15:19.158 E/AndroidRuntime(16511): at java.lang.Thread.run(Thread.java:920)
12-23 01:15:19.158 E/AndroidRuntime(16511): Caused by: java.lang.ClassCastException: com.android.quickstep.RecentsActivity cannot be cast to com.android.launcher3.Launcher
12-23 01:15:19.158 E/AndroidRuntime(16511): at com.android.launcher3.Launcher.getLauncher(Launcher.java:3019)
12-23 01:15:19.158 E/AndroidRuntime(16511): at com.android.quickstep.views.TaskView.(TaskView.java:416)
12-23 01:15:19.158 E/AndroidRuntime(16511): at com.android.quickstep.views.TaskView.(TaskView.java:410)
12-23 01:15:19.158 E/AndroidRuntime(16511): ... 11 more
12-23 01:15:19.159 W/ActivityTaskManager( 1508): Force finishing activity com.android.launcher3/com.android.quickstep.RecentsActivity
12-23 01:15:19.165 W/ContextImpl( 2417): Calling a method in the system process without a qualified user: android.app.ContextImpl.startService:1816 android.content.ContextWrapper.startService:774 com.thundercomm.gamemode.ingame.services.GameModeActionUtils.startGameModeService:99 com.thundercomm.gamemode.ingame.services.GameModeActionUtils.startGameModeEntry:22 com.thundercomm.gamemode.ingame.services.ActivityMonitoringService$1.onActivityLaunch:127
12-23 01:15:19.166 I/GameModeConfig( 1508): Current uri is uri = content://com.thundercomm.gamemode.api/gamemode_settings/gamemode_isgaming
12-23 01:15:19.167 I/GameModeConfig( 1508): isGameModeOn = false
12-23 01:15:19.167 I/GameModeConfig( 1508): isGameModeOn = false
12-23 01:15:19.167 I/GameModeConfig( 1508): isDisableVoice = true
12-23 01:15:19.168 I/ActivityManager( 1508): Process com.android.launcher3 (pid 16511) has died: vis BFGS
12-23 01:15:19.168 W/ActivityManager( 1508): Scheduling restart of crashed service com.android.launcher3/com.android.quickstep.TouchInteractionService in 1000ms for connection
12-23 01:15:19.172 D/CompatibilityChangeReporter( 1508): Compat change id reported: 135634846; UID 10078; state: DISABLED
12-23 01:15:19.172 D/CompatibilityChangeReporter( 1508): Compat change id reported: 177438394; UID 10078; state: DISABLED
12-23 01:15:19.172 D/CompatibilityChangeReporter( 1508): Compat change id reported: 135772972; UID 10078; state: DISABLED
12-23 01:15:19.172 D/CompatibilityChangeReporter( 1508): Compat change id reported: 135754954; UID 10078; state: ENABLED
12-23 01:15:19.172 D/CompatibilityChangeReporter( 1508): Compat change id reported: 143937733; UID 10078; state: ENABLED
12-23 01:15:19.176 I/ActivityManager( 1508): Start proc 16551:com.android.launcher3/u0a78 for service {com.android.launcher3/com.android.quickstep.TouchInteractionService}
01-01 08:00:56.430 I/binder ( 0): 16551:16551 ioctl 40046210 7fe8558544 returned -22
12-23 01:15:19.217 I/ActivityTaskManager( 1508): START u0 {act=android.intent.action.MAIN cat=[android.intent.category.DEFAULT] flg=0x10010000 cmp=com.android.launcher3/com.android.quickstep.RecentsActivity} from uid 10078
12-23 01:15:19.219 W/ActivityTaskManager( 1508): Can't find TaskDisplayArea to determine support for multi window. Task id=629 attached=false
12-23 01:15:19.221 I/ActivityTaskManager( 1508): The Process com.android.launcher3 Already Exists in BG. So sending its PID: 16551
12-23 01:15:19.226 W/ContextImpl( 2417): Calling a method in the system process without a qualified user: android.app.ContextImpl.startService:1816 android.content.ContextWrapper.startService:774 com.thundercomm.gamemode.ingame.services.GameModeActionUtils.startGameModeService:99 com.thundercomm.gamemode.ingame.services.GameModeActionUtils.startGameModeEntry:22 com.thundercomm.gamemode.ingame.services.ActivityMonitoringService$1.onActivityLaunch:127
12-23 01:15:19.228 I/GameModeConfig( 1508): Current uri is uri = content://com.thundercomm.gamemode.api/gamemode_settings/gamemode_isgaming
12-23 01:15:19.229 I/GameModeConfig( 1508): isGameModeOn = false
12-23 01:15:19.229 I/GameModeConfig( 1508): isGameModeOn = false
12-23 01:15:19.229 I/GameModeConfig( 1508): isDisableVoice = true
01-01 08:00:56.489 I/binder ( 0): 16551:16579 ioctl 40046210 7b6522c254 returned -22
12-23 01:15:19.285 E/AndroidRuntime(16551): FATAL EXCEPTION: ViewPool-init
12-23 01:15:19.285 E/AndroidRuntime(16551): Process: com.android.launcher3, PID: 16551
12-23 01:15:19.285 E/AndroidRuntime(16551): android.view.InflateException: Binary XML file line #18 in com.android.launcher3:layout/task: Binary XML file line #18 in com.android.launcher3:layout/task: Error inflating class com.android.quickstep.views.TaskView
12-23 01:15:19.285 E/AndroidRuntime(16551): Caused by: android.view.InflateException: Binary XML file line #18 in com.android.launcher3:layout/task: Error inflating class com.android.quickstep.views.TaskView
12-23 01:15:19.285 E/AndroidRuntime(16551): Caused by: java.lang.reflect.InvocationTargetException
12-23 01:15:19.285 E/AndroidRuntime(16551): at java.lang.reflect.Constructor.newInstance0(Native Method)
12-23 01:15:19.285 E/AndroidRuntime(16551): at java.lang.reflect.Constructor.newInstance(Constructor.java:343)
12-23 01:15:19.285 E/AndroidRuntime(16551): at android.view.LayoutInflater.createView(LayoutInflater.java:858)
12-23 01:15:19.285 E/AndroidRuntime(16551): at android.view.LayoutInflater.createViewFromTag(LayoutInflater.java:1010)
12-23 01:15:19.285 E/AndroidRuntime(16551): at android.view.LayoutInflater.createViewFromTag(LayoutInflater.java:965)
12-23 01:15:19.285 E/AndroidRuntime(16551): at android.view.LayoutInflater.inflate(LayoutInflater.java:663)
12-23 01:15:19.285 E/AndroidRuntime(16551): at android.view.LayoutInflater.inflate(LayoutInflater.java:538)
12-23 01:15:19.285 E/AndroidRuntime(16551): at com.android.launcher3.util.ViewPool.inflateNewView(ViewPool.java:106)
12-23 01:15:19.285 E/AndroidRuntime(16551): at com.android.launcher3.util.ViewPool.lambda$initPool$1$ViewPool(ViewPool.java:69)
12-23 01:15:19.285 E/AndroidRuntime(16551): at com.android.launcher3.util.ViewPool$$ExternalSyntheticLambda0.run(Unknown Source:8)
12-23 01:15:19.285 E/AndroidRuntime(16551): at java.lang.Thread.run(Thread.java:920)
12-23 01:15:19.285 E/AndroidRuntime(16551): Caused by: java.lang.ClassCastException: com.android.quickstep.RecentsActivity cannot be cast to com.android.launcher3.Launcher
12-23 01:15:19.285 E/AndroidRuntime(16551): at com.android.launcher3.Launcher.getLauncher(Launcher.java:3019)
12-23 01:15:19.285 E/AndroidRuntime(16551): at com.android.quickstep.views.TaskView.(TaskView.java:416)
12-23 01:15:19.285 E/AndroidRuntime(16551): at com.android.quickstep.views.TaskView.(TaskView.java:410)
12-23 01:15:19.285 E/AndroidRuntime(16551): ... 11 more
12-23 01:15:19.286 W/ActivityTaskManager( 1508): Force finishing activity com.android.launcher3/com.android.quickstep.RecentsActivity
12-23 01:15:19.292 W/ContextImpl( 2417): Calling a method in the system process without a qualified user: android.app.ContextImpl.startService:1816 android.content.ContextWrapper.startService:774 com.thundercomm.gamemode.ingame.services.GameModeActionUtils.startGameModeService:99 com.thundercomm.gamemode.ingame.services.GameModeActionUtils.startGameModeEntry:22 com.thundercomm.gamemode.ingame.services.ActivityMonitoringService$1.onActivityLaunch:127
12-23 01:15:19.293 I/GameModeConfig( 1508): Current uri is uri = content://com.thundercomm.gamemode.api/gamemode_settings/gamemode_isgaming
12-23 01:15:19.294 I/GameModeConfig( 1508): isGameModeOn = false
12-23 01:15:19.294 I/GameModeConfig( 1508): isGameModeOn = false
12-23 01:15:19.294 I/GameModeConfig( 1508): isDisableVoice = true
12-23 01:15:19.295 I/ActivityManager( 1508): Process com.android.launcher3 (pid 16551) has died: vis BFGS
12-23 01:15:19.296 W/ActivityManager( 1508): Scheduling restart of crashed service com.android.launcher3/com.android.quickstep.TouchInteractionService in 1000ms for connection
12-23 01:15:19.299 D/CompatibilityChangeReporter( 1508): Compat change id reported: 135634846; UID 10078; state: DISABLED
12-23 01:15:19.299 D/CompatibilityChangeReporter( 1508): Compat change id reported: 177438394; UID 10078; state: DISABLED
12-23 01:15:19.299 D/CompatibilityChangeReporter( 1508): Compat change id reported: 135772972; UID 10078; state: DISABLED
12-23 01:15:19.299 D/CompatibilityChangeReporter( 1508): Compat change id reported: 135754954; UID 10078; state: ENABLED
12-23 01:15:19.299 D/CompatibilityChangeReporter( 1508): Compat change id reported: 143937733; UID 10078; state: ENABLED
12-23 01:15:19.304 I/ActivityManager( 1508): Start proc 16593:com.android.launcher3/u0a78 for service {com.android.launcher3/com.android.quickstep.TouchInteractionService}
01-01 08:00:56.558 I/binder ( 0): 16593:16593 ioctl 40046210 7fe8558544 returned -22
12-23 01:15:19.344 I/ActivityTaskManager( 1508): START u0 {act=android.intent.action.MAIN cat=[android.intent.category.DEFAULT] flg=0x10010000 cmp=com.android.launcher3/com.android.quickstep.RecentsActivity} from uid 10078
12-23 01:15:19.346 W/ActivityTaskManager( 1508): Can't find TaskDisplayArea to determine support for multi window. Task id=631 attached=false
12-23 01:15:19.348 I/ActivityTaskManager( 1508): The Process com.android.launcher3 Already Exists in BG. So sending its PID: 16593
12-23 01:15:19.353 W/ContextImpl( 2417): Calling a method in the system process without a qualified user: android.app.ContextImpl.startService:1816 android.content.ContextWrapper.startService:774 com.thundercomm.gamemode.ingame.services.GameModeActionUtils.startGameModeService:99 com.thundercomm.gamemode.ingame.services.GameModeActionUtils.startGameModeEntry:22 com.thundercomm.gamemode.ingame.services.ActivityMonitoringService$1.onActivityLaunch:127
01-01 08:00:56.602 I/ ( 0): read descriptors
01-01 08:00:56.602 I/ ( 0): read strings
12-23 01:15:19.355 I/GameModeConfig( 1508): Current uri is uri = content://com.thundercomm.gamemode.api/gamemode_settings/gamemode_isgaming
12-23 01:15:19.355 I/GameModeConfig( 1508): isGameModeOn = false
12-23 01:15:19.356 I/GameModeConfig( 1508): isGameModeOn = false
12-23 01:15:19.356 I/GameModeConfig( 1508): isDisableVoice = true
01-01 08:00:56.616 I/binder ( 0): 16593:16620 ioctl 40046210 7b66430254 returned -22
12-23 01:15:19.411 E/AndroidRuntime(16593): FATAL EXCEPTION: ViewPool-init
12-23 01:15:19.411 E/AndroidRuntime(16593): Process: com.android.launcher3, PID: 16593
12-23 01:15:19.411 E/AndroidRuntime(16593): android.view.InflateException: Binary XML file line #18 in com.android.launcher3:layout/task: Binary XML file line #18 in com.android.launcher3:layout/task: Error inflating class com.android.quickstep.views.TaskView
12-23 01:15:19.411 E/AndroidRuntime(16593): Caused by: android.view.InflateException: Binary XML file line #18 in com.android.launcher3:layout/task: Error inflating class com.android.quickstep.views.TaskView
12-23 01:15:19.411 E/AndroidRuntime(16593): Caused by: java.lang.reflect.InvocationTargetException
12-23 01:15:19.411 E/AndroidRuntime(16593): at java.lang.reflect.Constructor.newInstance0(Native Method)
12-23 01:15:19.411 E/AndroidRuntime(16593): at java.lang.reflect.Constructor.newInstance(Constructor.java:343)
12-23 01:15:19.411 E/AndroidRuntime(16593): at android.view.LayoutInflater.createView(LayoutInflater.java:858)
12-23 01:15:19.411 E/AndroidRuntime(16593): at android.view.LayoutInflater.createViewFromTag(LayoutInflater.java:1010)
12-23 01:15:19.411 E/AndroidRuntime(16593): at android.view.LayoutInflater.createViewFromTag(LayoutInflater.java:965)
12-23 01:15:19.411 E/AndroidRuntime(16593): at android.view.LayoutInflater.inflate(LayoutInflater.java:663)
12-23 01:15:19.411 E/AndroidRuntime(16593): at android.view.LayoutInflater.inflate(LayoutInflater.java:538)
12-23 01:15:19.411 E/AndroidRuntime(16593): at com.android.launcher3.util.ViewPool.inflateNewView(ViewPool.java:106)
12-23 01:15:19.411 E/AndroidRuntime(16593): at com.android.launcher3.util.ViewPool.lambda$initPool$1$ViewPool(ViewPool.java:69)
12-23 01:15:19.411 E/AndroidRuntime(16593): at com.android.launcher3.util.ViewPool$$ExternalSyntheticLambda0.run(Unknown Source:8)
12-23 01:15:19.411 E/AndroidRuntime(16593): at java.lang.Thread.run(Thread.java:920)
12-23 01:15:19.411 E/AndroidRuntime(16593): Caused by: java.lang.ClassCastException: com.android.quickstep.RecentsActivity cannot be cast to com.android.launcher3.Launcher
12-23 01:15:19.411 E/AndroidRuntime(16593): at com.android.launcher3.Launcher.getLauncher(Launcher.java:3019)
12-23 01:15:19.411 E/AndroidRuntime(16593): at com.android.quickstep.views.TaskView.(TaskView.java:416)
12-23 01:15:19.411 E/AndroidRuntime(16593): at com.android.quickstep.views.TaskView.(TaskView.java:410)
12-23 01:15:19.411 E/AndroidRuntime(16593): ... 11 more
12-23 01:15:19.412 W/ActivityTaskManager( 1508): Force finishing activity com.android.launcher3/com.android.quickstep.RecentsActivity
12-23 01:15:19.418 W/ContextImpl( 2417): Calling a method in the system process without a qualified user: android.app.ContextImpl.startService:1816 android.content.ContextWrapper.startService:774 com.thundercomm.gamemode.ingame.services.GameModeActionUtils.startGameModeService:99 com.thundercomm.gamemode.ingame.services.GameModeActionUtils.startGameModeEntry:22 com.thundercomm.gamemode.ingame.services.ActivityMonitoringService$1.onActivityLaunch:127
12-23 01:15:19.420 I/GameModeConfig( 1508): Current uri is uri = content://com.thundercomm.gamemode.api/gamemode_settings/gamemode_isgaming
12-23 01:15:19.421 I/ActivityManager( 1508): Process com.android.launcher3 (pid 16593) has died: vis BFGS
12-23 01:15:19.421 W/ActivityManager( 1508): Scheduling restart of crashed service com.android.launcher3/com.android.quickstep.TouchInteractionService in 1000ms for connection
12-23 01:15:19.422 I/GameModeConfig( 1508): isGameModeOn = false
12-23 01:15:19.422 I/GameModeConfig( 1508): isGameModeOn = false
12-23 01:15:19.422 I/GameModeConfig( 1508): isDisableVoice = true
12-23 01:15:19.425 D/CompatibilityChangeReporter( 1508): Compat change id reported: 135634846; UID 10078; state: DISABLED
12-23 01:15:19.425 D/CompatibilityChangeReporter( 1508): Compat change id reported: 177438394; UID 10078; state: DISABLED
12-23 01:15:19.425 D/CompatibilityChangeReporter( 1508): Compat change id reported: 135772972; UID 10078; state: DISABLED
12-23 01:15:19.425 D/CompatibilityChangeReporter( 1508): Compat change id reported: 135754954; UID 10078; state: ENABLED
12-23 01:15:19.425 D/CompatibilityChangeReporter( 1508): Compat change id reported: 143937733; UID 10078; state: ENABLED
12-23 01:15:19.429 I/ActivityManager( 1508): Start proc 16634:com.android.launcher3/u0a78 for service {com.android.launcher3/com.android.quickstep.TouchInteractionService}
01-01 08:00:56.683 I/binder ( 0): 16634:16634 ioctl 40046210 7fe8558544 returned -22
01-01 08:00:56.685 D/ ( 0): mv2112_read_status
01-01 08:00:56.686 D/mv2112_update_link( 0): 3.0x901(1G): 0x80
01-01 08:00:56.686 D/mv2112_update_link( 0): 3.0x8109(100M): 0x8
01-01 08:00:56.686 D/mv2112_update_link( 0): link 0x0
01-01 08:00:56.686 D/mv2112_read_status( 0): autoneg is disabled
12-23 01:15:19.469 I/ActivityTaskManager( 1508): START u0 {act=android.intent.action.MAIN cat=[android.intent.category.DEFAULT] flg=0x10010000 cmp=com.android.launcher3/com.android.quickstep.RecentsActivity} from uid 10078
12-23 01:15:19.471 W/ActivityTaskManager( 1508): Can't find TaskDisplayArea to determine support for multi window. Task id=633 attached=false
12-23 01:15:19.472 I/ActivityTaskManager( 1508): The Process com.android.launcher3 Already Exists in BG. So sending its PID: 16634
12-23 01:15:19.478 W/ContextImpl( 2417): Calling a method in the system process without a qualified user: android.app.ContextImpl.startService:1816 android.content.ContextWrapper.startService:774 com.thundercomm.gamemode.ingame.services.GameModeActionUtils.startGameModeService:99 com.thundercomm.gamemode.ingame.services.GameModeActionUtils.startGameModeEntry:22 com.thundercomm.gamemode.ingame.services.ActivityMonitoringService$1.onActivityLaunch:127
12-23 01:15:19.479 I/GameModeConfig( 1508): Current uri is uri = content://com.thundercomm.gamemode.api/gamemode_settings/gamemode_isgaming
12-23 01:15:19.480 I/GameModeConfig( 1508): isGameModeOn = false
12-23 01:15:19.480 I/GameModeConfig( 1508): isGameModeOn = false
12-23 01:15:19.480 I/GameModeConfig( 1508): isDisableVoice = true
01-01 08:00:56.739 I/binder ( 0): 16634:16659 ioctl 40046210 7b66428254 returned -22
12-23 01:15:19.534 E/AndroidRuntime(16634): FATAL EXCEPTION: ViewPool-init
12-23 01:15:19.534 E/AndroidRuntime(16634): Process: com.android.launcher3, PID: 16634
12-23 01:15:19.534 E/AndroidRuntime(16634): android.view.InflateException: Binary XML file line #18 in com.android.launcher3:layout/task: Binary XML file line #18 in com.android.launcher3:layout/task: Error inflating class com.android.quickstep.views.TaskView
12-23 01:15:19.534 E/AndroidRuntime(16634): Caused by: android.view.InflateException: Binary XML file line #18 in com.android.launcher3:layout/task: Error inflating class com.android.quickstep.views.TaskView
12-23 01:15:19.534 E/AndroidRuntime(16634): Caused by: java.lang.reflect.InvocationTargetException
12-23 01:15:19.534 E/AndroidRuntime(16634): at java.lang.reflect.Constructor.newInstance0(Native Method)
12-23 01:15:19.534 E/AndroidRuntime(16634): at java.lang.reflect.Constructor.newInstance(Constructor.java:343)
12-23 01:15:19.534 E/AndroidRuntime(16634): at android.view.LayoutInflater.createView(LayoutInflater.java:858)
12-23 01:15:19.534 E/AndroidRuntime(16634): at android.view.LayoutInflater.createViewFromTag(LayoutInflater.java:1010)
12-23 01:15:19.534 E/AndroidRuntime(16634): at android.view.LayoutInflater.createViewFromTag(LayoutInflater.java:965)
12-23 01:15:19.534 E/AndroidRuntime(16634): at android.view.LayoutInflater.inflate(LayoutInflater.java:663)
12-23 01:15:19.534 E/AndroidRuntime(16634): at android.view.LayoutInflater.inflate(LayoutInflater.java:538)
12-23 01:15:19.534 E/AndroidRuntime(16634): at com.android.launcher3.util.ViewPool.inflateNewView(ViewPool.java:106)
12-23 01:15:19.534 E/AndroidRuntime(16634): at com.android.launcher3.util.ViewPool.lambda$initPool$1$ViewPool(ViewPool.java:69)
12-23 01:15:19.534 E/AndroidRuntime(16634): at com.android.launcher3.util.ViewPool$$ExternalSyntheticLambda0.run(Unknown Source:8)
12-23 01:15:19.534 E/AndroidRuntime(16634): at java.lang.Thread.run(Thread.java:920)
12-23 01:15:19.534 E/AndroidRuntime(16634): Caused by: java.lang.ClassCastException: com.android.quickstep.RecentsActivity cannot be cast to com.android.launcher3.Launcher
12-23 01:15:19.534 E/AndroidRuntime(16634): at com.android.launcher3.Launcher.getLauncher(Launcher.java:3019)
12-23 01:15:19.534 E/AndroidRuntime(16634): at com.android.quickstep.views.TaskView.(TaskView.java:416)
12-23 01:15:19.534 E/AndroidRuntime(16634): at com.android.quickstep.views.TaskView.(TaskView.java:410)
12-23 01:15:19.534 E/AndroidRuntime(16634): ... 11 more
12-23 01:15:19.535 W/ActivityTaskManager( 1508): Force finishing activity com.android.launcher3/com.android.quickstep.RecentsActivity
12-23 01:15:19.541 W/ContextImpl( 2417): Calling a method in the system process without a qualified user: android.app.ContextImpl.startService:1816 android.content.ContextWrapper.startService:774 com.thundercomm.gamemode.ingame.services.GameModeActionUtils.startGameModeService:99 com.thundercomm.gamemode.ingame.services.GameModeActionUtils.startGameModeEntry:22 com.thundercomm.gamemode.ingame.services.ActivityMonitoringService$1.onActivityLaunch:127
12-23 01:15:19.542 I/GameModeConfig( 1508): Current uri is uri = content://com.thundercomm.gamemode.api/gamemode_settings/gamemode_isgaming
12-23 01:15:19.543 I/GameModeConfig( 1508): isGameModeOn = false
12-23 01:15:19.543 I/GameModeConfig( 1508): isGameModeOn = false
12-23 01:15:19.543 I/GameModeConfig( 1508): isDisableVoice = true
12-23 01:15:19.544 I/ActivityManager( 1508): Process com.android.launcher3 (pid 16634) has died: vis BFGS
12-23 01:15:19.545 W/ActivityManager( 1508): Scheduling restart of crashed service com.android.launcher3/com.android.quickstep.TouchInteractionService in 1000ms for connection
12-23 01:15:19.548 D/CompatibilityChangeReporter( 1508): Compat change id reported: 135634846; UID 10078; state: DISABLED
12-23 01:15:19.548 D/CompatibilityChangeReporter( 1508): Compat change id reported: 177438394; UID 10078; state: DISABLED
12-23 01:15:19.548 D/CompatibilityChangeReporter( 1508): Compat change id reported: 135772972; UID 10078; state: DISABLED
12-23 01:15:19.548 D/CompatibilityChangeReporter( 1508): Compat change id reported: 135754954; UID 10078; state: ENABLED
12-23 01:15:19.548 D/CompatibilityChangeReporter( 1508): Compat change id reported: 143937733; UID 10078; state: ENABLED
12-23 01:15:19.552 I/ActivityManager( 1508): Start proc 16672:com.android.launcher3/u0a78 for service {com.android.launcher3/com.android.quickstep.TouchInteractionService}
01-01 08:00:56.806 I/binder ( 0): 16672:16672 ioctl 40046210 7fe8558544 returned -22
12-23 01:15:19.593 I/ActivityTaskManager( 1508): START u0 {act=android.intent.action.MAIN cat=[android.intent.category.DEFAULT] flg=0x10010000 cmp=com.android.launcher3/com.android.quickstep.RecentsActivity} from uid 10078
12-23 01:15:19.595 W/ActivityTaskManager( 1508): Can't find TaskDisplayArea to determine support for multi window. Task id=635 attached=false
12-23 01:15:19.597 I/ActivityTaskManager( 1508): The Process com.android.launcher3 Already Exists in BG. So sending its PID: 16672
12-23 01:15:19.601 W/ContextImpl( 2417): Calling a method in the system process without a qualified user: android.app.ContextImpl.startService:1816 android.content.ContextWrapper.startService:774 com.thundercomm.gamemode.ingame.services.GameModeActionUtils.startGameModeService:99 com.thundercomm.gamemode.ingame.services.GameModeActionUtils.startGameModeEntry:22 com.thundercomm.gamemode.ingame.services.ActivityMonitoringService$1.onActivityLaunch:127
12-23 01:15:19.603 I/GameModeConfig( 1508): Current uri is uri = content://com.thundercomm.gamemode.api/gamemode_settings/gamemode_isgaming
12-23 01:15:19.603 I/GameModeConfig( 1508): isGameModeOn = false
12-23 01:15:19.604 I/GameModeConfig( 1508): isGameModeOn = false
12-23 01:15:19.604 I/GameModeConfig( 1508): isDisableVoice = true
01-01 08:00:56.863 I/binder ( 0): 16672:16698 ioctl 40046210 7b6632a254 returned -22
12-23 01:15:19.659 E/AndroidRuntime(16672): FATAL EXCEPTION: ViewPool-init
12-23 01:15:19.659 E/AndroidRuntime(16672): Process: com.android.launcher3, PID: 16672
12-23 01:15:19.659 E/AndroidRuntime(16672): android.view.InflateException: Binary XML file line #18 in com.android.launcher3:layout/task: Binary XML file line #18 in com.android.launcher3:layout/task: Error inflating class com.android.quickstep.views.TaskView
12-23 01:15:19.659 E/AndroidRuntime(16672): Caused by: android.view.InflateException: Binary XML file line #18 in com.android.launcher3:layout/task: Error inflating class com.android.quickstep.views.TaskView
12-23 01:15:19.659 E/AndroidRuntime(16672): Caused by: java.lang.reflect.InvocationTargetException
12-23 01:15:19.659 E/AndroidRuntime(16672): at java.lang.reflect.Constructor.newInstance0(Native Method)
12-23 01:15:19.659 E/AndroidRuntime(16672): at java.lang.reflect.Constructor.newInstance(Constructor.java:343)
12-23 01:15:19.659 E/AndroidRuntime(16672): at android.view.LayoutInflater.createView(LayoutInflater.java:858)
12-23 01:15:19.659 E/AndroidRuntime(16672): at android.view.LayoutInflater.createViewFromTag(LayoutInflater.java:1010)
12-23 01:15:19.659 E/AndroidRuntime(16672): at android.view.LayoutInflater.createViewFromTag(LayoutInflater.java:965)
12-23 01:15:19.659 E/AndroidRuntime(16672): at android.view.LayoutInflater.inflate(LayoutInflater.java:663)
12-23 01:15:19.659 E/AndroidRuntime(16672): at android.view.LayoutInflater.inflate(LayoutInflater.java:538)
12-23 01:15:19.659 E/AndroidRuntime(16672): at com.android.launcher3.util.ViewPool.inflateNewView(ViewPool.java:106)
12-23 01:15:19.659 E/AndroidRuntime(16672): at com.android.launcher3.util.ViewPool.lambda$initPool$1$ViewPool(ViewPool.java:69)
12-23 01:15:19.659 E/AndroidRuntime(16672): at com.android.launcher3.util.ViewPool$$ExternalSyntheticLambda0.run(Unknown Source:8)
12-23 01:15:19.659 E/AndroidRuntime(16672): at java.lang.Thread.run(Thread.java:920)
12-23 01:15:19.659 E/AndroidRuntime(16672): Caused by: java.lang.ClassCastException: com.android.quickstep.RecentsActivity cannot be cast to com.android.launcher3.Launcher
12-23 01:15:19.659 E/AndroidRuntime(16672): at com.android.launcher3.Launcher.getLauncher(Launcher.java:3019)
12-23 01:15:19.659 E/AndroidRuntime(16672): at com.android.quickstep.views.TaskView.(TaskView.java:416)
12-23 01:15:19.659 E/AndroidRuntime(16672): at com.android.quickstep.views.TaskView.(TaskView.java:410)
12-23 01:15:19.659 E/AndroidRuntime(16672): ... 11 more
12-23 01:15:19.660 W/ActivityTaskManager( 1508): Force finishing activity com.android.launcher3/com.android.quickstep.RecentsActivity
12-23 01:15:19.666 W/ContextImpl( 2417): Calling a method in the system process without a qualified user: android.app.ContextImpl.startService:1816 android.content.ContextWrapper.startService:774 com.thundercomm.gamemode.ingame.services.GameModeActionUtils.startGameModeService:99 com.thundercomm.gamemode.ingame.services.GameModeActionUtils.startGameModeEntry:22 com.thundercomm.gamemode.ingame.services.ActivityMonitoringService$1.onActivityLaunch:127
12-23 01:15:19.667 I/GameModeConfig( 1508): Current uri is uri = content://com.thundercomm.gamemode.api/gamemode_settings/gamemode_isgaming
12-23 01:15:19.668 I/GameModeConfig( 1508): isGameModeOn = false
12-23 01:15:19.668 I/GameModeConfig( 1508): isGameModeOn = false
12-23 01:15:19.668 I/GameModeConfig( 1508): isDisableVoice = true
12-23 01:15:19.669 I/ActivityManager( 1508): Process com.android.launcher3 (pid 16672) has died: vis BFGS
12-23 01:15:19.670 W/ActivityManager( 1508): Scheduling restart of crashed service com.android.launcher3/com.android.quickstep.TouchInteractionService in 1000ms for connection
12-23 01:15:19.672 D/CompatibilityChangeReporter( 1508): Compat change id reported: 135634846; UID 10078; state: DISABLED
12-23 01:15:19.673 D/CompatibilityChangeReporter( 1508): Compat change id reported: 177438394; UID 10078; state: DISABLED
12-23 01:15:19.673 D/CompatibilityChangeReporter( 1508): Compat change id reported: 135772972; UID 10078; state: DISABLED
12-23 01:15:19.673 D/CompatibilityChangeReporter( 1508): Compat change id reported: 135754954; UID 10078; state: ENABLED
12-23 01:15:19.673 D/CompatibilityChangeReporter( 1508): Compat change id reported: 143937733; UID 10078; state: ENABLED
12-23 01:15:19.677 I/ActivityManager( 1508): Start proc 16712:com.android.launcher3/u0a78 for service {com.android.launcher3/com.android.quickstep.TouchInteractionService}
01-01 08:00:56.931 I/binder ( 0): 16712:16712 ioctl 40046210 7fe8558544 returned -22
12-23 01:15:19.717 I/ActivityTaskManager( 1508): START u0 {act=android.intent.action.MAIN cat=[android.intent.category.DEFAULT] flg=0x10010000 cmp=com.android.launcher3/com.android.quickstep.RecentsActivity} from uid 10078
12-23 01:15:19.718 W/ActivityTaskManager( 1508): Can't find TaskDisplayArea to determine support for multi window. Task id=637 attached=false
12-23 01:15:19.721 I/ActivityTaskManager( 1508): The Process com.android.launcher3 Already Exists in BG. So sending its PID: 16712
12-23 01:15:19.727 W/ContextImpl( 2417): Calling a method in the system process without a qualified user: android.app.ContextImpl.startService:1816 android.content.ContextWrapper.startService:774 com.thundercomm.gamemode.ingame.services.GameModeActionUtils.startGameModeService:99 com.thundercomm.gamemode.ingame.services.GameModeActionUtils.startGameModeEntry:22 com.thundercomm.gamemode.ingame.services.ActivityMonitoringService$1.onActivityLaunch:127
12-23 01:15:19.728 I/GameModeConfig( 1508): Current uri is uri = content://com.thundercomm.gamemode.api/gamemode_settings/gamemode_isgaming
12-23 01:15:19.729 I/GameModeConfig( 1508): isGameModeOn = false
12-23 01:15:19.729 I/GameModeConfig( 1508): isGameModeOn = false
12-23 01:15:19.729 I/GameModeConfig( 1508): isDisableVoice = true
01-01 08:00:56.987 I/binder ( 0): 16712:16739 ioctl 40046210 7b6522c254 returned -22
12-23 01:15:19.782 E/AndroidRuntime(16712): FATAL EXCEPTION: ViewPool-init
12-23 01:15:19.782 E/AndroidRuntime(16712): Process: com.android.launcher3, PID: 16712
12-23 01:15:19.782 E/AndroidRuntime(16712): android.view.InflateException: Binary XML file line #18 in com.android.launcher3:layout/task: Binary XML file line #18 in com.android.launcher3:layout/task: Error inflating class com.android.quickstep.views.TaskView
12-23 01:15:19.782 E/AndroidRuntime(16712): Caused by: android.view.InflateException: Binary XML file line #18 in com.android.launcher3:layout/task: Error inflating class com.android.quickstep.views.TaskView
12-23 01:15:19.782 E/AndroidRuntime(16712): Caused by: java.lang.reflect.InvocationTargetException
12-23 01:15:19.782 E/AndroidRuntime(16712): at java.lang.reflect.Constructor.newInstance0(Native Method)
12-23 01:15:19.782 E/AndroidRuntime(16712): at java.lang.reflect.Constructor.newInstance(Constructor.java:343)
12-23 01:15:19.782 E/AndroidRuntime(16712): at android.view.LayoutInflater.createView(LayoutInflater.java:858)
12-23 01:15:19.782 E/AndroidRuntime(16712): at android.view.LayoutInflater.createViewFromTag(LayoutInflater.java:1010)
12-23 01:15:19.782 E/AndroidRuntime(16712): at android.view.LayoutInflater.createViewFromTag(LayoutInflater.java:965)
12-23 01:15:19.782 E/AndroidRuntime(16712): at android.view.LayoutInflater.inflate(LayoutInflater.java:663)
12-23 01:15:19.782 E/AndroidRuntime(16712): at android.view.LayoutInflater.inflate(LayoutInflater.java:538)
12-23 01:15:19.782 E/AndroidRuntime(16712): at com.android.launcher3.util.ViewPool.inflateNewView(ViewPool.java:106)
12-23 01:15:19.782 E/AndroidRuntime(16712): at com.android.launcher3.util.ViewPool.lambda$initPool$1$ViewPool(ViewPool.java:69)
12-23 01:15:19.782 E/AndroidRuntime(16712): at com.android.launcher3.util.ViewPool$$ExternalSyntheticLambda0.run(Unknown Source:8)
12-23 01:15:19.782 E/AndroidRuntime(16712): at java.lang.Thread.run(Thread.java:920)
12-23 01:15:19.782 E/AndroidRuntime(16712): Caused by: java.lang.ClassCastException: com.android.quickstep.RecentsActivity cannot be cast to com.android.launcher3.Launcher
12-23 01:15:19.782 E/AndroidRuntime(16712): at com.android.launcher3.Launcher.getLauncher(Launcher.java:3019)
12-23 01:15:19.782 E/AndroidRuntime(16712): at com.android.quickstep.views.TaskView.(TaskView.java:416)
12-23 01:15:19.782 E/AndroidRuntime(16712): at com.android.quickstep.views.TaskView.(TaskView.java:410)
12-23 01:15:19.782 E/AndroidRuntime(16712): ... 11 more
12-23 01:15:19.783 W/ActivityTaskManager( 1508): Force finishing activity com.android.launcher3/com.android.quickstep.RecentsActivity
12-23 01:15:19.790 W/ContextImpl( 2417): Calling a method in the system process without a qualified user: android.app.ContextImpl.startService:1816 android.content.ContextWrapper.startService:774 com.thundercomm.gamemode.ingame.services.GameModeActionUtils.startGameModeService:99 com.thundercomm.gamemode.ingame.services.GameModeActionUtils.startGameModeEntry:22 com.thundercomm.gamemode.ingame.services.ActivityMonitoringService$1.onActivityLaunch:127
12-23 01:15:19.791 I/GameModeConfig( 1508): Current uri is uri = content://com.thundercomm.gamemode.api/gamemode_settings/gamemode_isgaming
12-23 01:15:19.792 I/GameModeConfig( 1508): isGameModeOn = false
12-23 01:15:19.792 I/GameModeConfig( 1508): isGameModeOn = false
12-23 01:15:19.792 I/GameModeConfig( 1508): isDisableVoice = true
12-23 01:15:19.794 I/ActivityManager( 1508): Process com.android.launcher3 (pid 16712) has died: vis BFGS
12-23 01:15:19.795 W/ActivityManager( 1508): Scheduling restart of crashed service com.android.launcher3/com.android.quickstep.TouchInteractionService in 1000ms for connection
12-23 01:15:19.798 D/CompatibilityChangeReporter( 1508): Compat change id reported: 135634846; UID 10078; state: DISABLED
12-23 01:15:19.798 D/CompatibilityChangeReporter( 1508): Compat change id reported: 177438394; UID 10078; state: DISABLED
12-23 01:15:19.798 D/CompatibilityChangeReporter( 1508): Compat change id reported: 135772972; UID 10078; state: DISABLED
12-23 01:15:19.798 D/CompatibilityChangeReporter( 1508): Compat change id reported: 135754954; UID 10078; state: ENABLED
12-23 01:15:19.798 D/CompatibilityChangeReporter( 1508): Compat change id reported: 143937733; UID 10078; state: ENABLED
12-23 01:15:19.802 I/ActivityManager( 1508): Start proc 16752:com.android.launcher3/u0a78 for service {com.android.launcher3/com.android.quickstep.TouchInteractionService}
01-01 08:00:57.056 I/binder ( 0): 16752:16752 ioctl 40046210 7fe8558544 returned -22
12-23 01:15:19.842 I/ActivityTaskManager( 1508): START u0 {act=android.intent.action.MAIN cat=[android.intent.category.DEFAULT] flg=0x10010000 cmp=com.android.launcher3/com.android.quickstep.RecentsActivity} from uid 10078
12-23 01:15:19.844 W/ActivityTaskManager( 1508): Can't find TaskDisplayArea to determine support for multi window. Task id=639 attached=false
12-23 01:15:19.846 I/ActivityTaskManager( 1508): The Process com.android.launcher3 Already Exists in BG. So sending its PID: 16752
12-23 01:15:19.851 W/ContextImpl( 2417): Calling a method in the system process without a qualified user: android.app.ContextImpl.startService:1816 android.content.ContextWrapper.startService:774 com.thundercomm.gamemode.ingame.services.GameModeActionUtils.startGameModeService:99 com.thundercomm.gamemode.ingame.services.GameModeActionUtils.startGameModeEntry:22 com.thundercomm.gamemode.ingame.services.ActivityMonitoringService$1.onActivityLaunch:127
12-23 01:15:19.852 I/GameModeConfig( 1508): Current uri is uri = content://com.thundercomm.gamemode.api/gamemode_settings/gamemode_isgaming
12-23 01:15:19.853 I/GameModeConfig( 1508): isGameModeOn = false
12-23 01:15:19.853 I/GameModeConfig( 1508): isGameModeOn = false
12-23 01:15:19.853 I/GameModeConfig( 1508): isDisableVoice = true
01-01 08:00:57.113 I/binder ( 0): 16752:16779 ioctl 40046210 7b65332254 returned -22
12-23 01:15:19.908 E/AndroidRuntime(16752): FATAL EXCEPTION: ViewPool-init
12-23 01:15:19.908 E/AndroidRuntime(16752): Process: com.android.launcher3, PID: 16752
12-23 01:15:19.908 E/AndroidRuntime(16752): android.view.InflateException: Binary XML file line #18 in com.android.launcher3:layout/task: Binary XML file line #18 in com.android.launcher3:layout/task: Error inflating class com.android.quickstep.views.TaskView
12-23 01:15:19.908 E/AndroidRuntime(16752): Caused by: android.view.InflateException: Binary XML file line #18 in com.android.launcher3:layout/task: Error inflating class com.android.quickstep.views.TaskView
12-23 01:15:19.908 E/AndroidRuntime(16752): Caused by: java.lang.reflect.InvocationTargetException
12-23 01:15:19.908 E/AndroidRuntime(16752): at java.lang.reflect.Constructor.newInstance0(Native Method)
12-23 01:15:19.908 E/AndroidRuntime(16752): at java.lang.reflect.Constructor.newInstance(Constructor.java:343)
12-23 01:15:19.908 E/AndroidRuntime(16752): at android.view.LayoutInflater.createView(LayoutInflater.java:858)
12-23 01:15:19.908 E/AndroidRuntime(16752): at android.view.LayoutInflater.createViewFromTag(LayoutInflater.java:1010)
12-23 01:15:19.908 E/AndroidRuntime(16752): at android.view.LayoutInflater.createViewFromTag(LayoutInflater.java:965)
12-23 01:15:19.908 E/AndroidRuntime(16752): at android.view.LayoutInflater.inflate(LayoutInflater.java:663)
12-23 01:15:19.908 E/AndroidRuntime(16752): at android.view.LayoutInflater.inflate(LayoutInflater.java:538)
12-23 01:15:19.908 E/AndroidRuntime(16752): at com.android.launcher3.util.ViewPool.inflateNewView(ViewPool.java:106)
12-23 01:15:19.908 E/AndroidRuntime(16752): at com.android.launcher3.util.ViewPool.lambda$initPool$1$ViewPool(ViewPool.java:69)
12-23 01:15:19.908 E/AndroidRuntime(16752): at com.android.launcher3.util.ViewPool$$ExternalSyntheticLambda0.run(Unknown Source:8)
12-23 01:15:19.908 E/AndroidRuntime(16752): at java.lang.Thread.run(Thread.java:920)
12-23 01:15:19.908 E/AndroidRuntime(16752): Caused by: java.lang.ClassCastException: com.android.quickstep.RecentsActivity cannot be cast to com.android.launcher3.Launcher
12-23 01:15:19.908 E/AndroidRuntime(16752): at com.android.launcher3.Launcher.getLauncher(Launcher.java:3019)
12-23 01:15:19.908 E/AndroidRuntime(16752): at com.android.quickstep.views.TaskView.(TaskView.java:416)
12-23 01:15:19.908 E/AndroidRuntime(16752): at com.android.quickstep.views.TaskView.(TaskView.java:410)
12-23 01:15:19.908 E/AndroidRuntime(16752): ... 11 more
12-23 01:15:19.909 W/ActivityTaskManager( 1508): Force finishing activity com.android.launcher3/com.android.quickstep.RecentsActivity
12-23 01:15:19.915 W/ContextImpl( 2417): Calling a method in the system process without a qualified user: android.app.ContextImpl.startService:1816 android.content.ContextWrapper.startService:774 com.thundercomm.gamemode.ingame.services.GameModeActionUtils.startGameModeService:99 com.thundercomm.gamemode.ingame.services.GameModeActionUtils.startGameModeEntry:22 com.thundercomm.gamemode.ingame.services.ActivityMonitoringService$1.onActivityLaunch:127
12-23 01:15:19.917 I/GameModeConfig( 1508): Current uri is uri = content://com.thundercomm.gamemode.api/gamemode_settings/gamemode_isgaming
12-23 01:15:19.918 I/ActivityManager( 1508): Process com.android.launcher3 (pid 16752) has died: vis BFGS
12-23 01:15:19.918 I/GameModeConfig( 1508): isGameModeOn = false
12-23 01:15:19.918 I/GameModeConfig( 1508): isGameModeOn = false
12-23 01:15:19.918 I/GameModeConfig( 1508): isDisableVoice = true
12-23 01:15:19.919 W/ActivityManager( 1508): Scheduling restart of crashed service com.android.launcher3/com.android.quickstep.TouchInteractionService in 1000ms for connection
12-23 01:15:19.922 D/CompatibilityChangeReporter( 1508): Compat change id reported: 135634846; UID 10078; state: DISABLED
12-23 01:15:19.922 D/CompatibilityChangeReporter( 1508): Compat change id reported: 177438394; UID 10078; state: DISABLED
12-23 01:15:19.922 D/CompatibilityChangeReporter( 1508): Compat change id reported: 135772972; UID 10078; state: DISABLED
12-23 01:15:19.922 D/CompatibilityChangeReporter( 1508): Compat change id reported: 135754954; UID 10078; state: ENABLED
12-23 01:15:19.923 D/CompatibilityChangeReporter( 1508): Compat change id reported: 143937733; UID 10078; state: ENABLED
12-23 01:15:19.927 I/ActivityManager( 1508): Start proc 16792:com.android.launcher3/u0a78 for service {com.android.launcher3/com.android.quickstep.TouchInteractionService}
01-01 08:00:57.181 I/binder ( 0): 16792:16792 ioctl 40046210 7fe8558544 returned -22
12-23 01:15:19.968 I/ActivityTaskManager( 1508): START u0 {act=android.intent.action.MAIN cat=[android.intent.category.DEFAULT] flg=0x10010000 cmp=com.android.launcher3/com.android.quickstep.RecentsActivity} from uid 10078
12-23 01:15:19.969 W/ActivityTaskManager( 1508): Can't find TaskDisplayArea to determine support for multi window. Task id=641 attached=false
12-23 01:15:19.971 I/ActivityTaskManager( 1508): The Process com.android.launcher3 Already Exists in BG. So sending its PID: 16792
12-23 01:15:19.977 W/ContextImpl( 2417): Calling a method in the system process without a qualified user: android.app.ContextImpl.startService:1816 android.content.ContextWrapper.startService:774 com.thundercomm.gamemode.ingame.services.GameModeActionUtils.startGameModeService:99 com.thundercomm.gamemode.ingame.services.GameModeActionUtils.startGameModeEntry:22 com.thundercomm.gamemode.ingame.services.ActivityMonitoringService$1.onActivityLaunch:127
12-23 01:15:19.978 I/GameModeConfig( 1508): Current uri is uri = content://com.thundercomm.gamemode.api/gamemode_settings/gamemode_isgaming
12-23 01:15:19.979 I/GameModeConfig( 1508): isGameModeOn = false
12-23 01:15:19.979 I/GameModeConfig( 1508): isGameModeOn = false
12-23 01:15:19.979 I/GameModeConfig( 1508): isDisableVoice = true
01-01 08:00:57.239 I/binder ( 0): 16792:16817 ioctl 40046210 7b6632a254 returned -22
12-23 01:15:20.034 E/AndroidRuntime(16792): FATAL EXCEPTION: ViewPool-init
12-23 01:15:20.034 E/AndroidRuntime(16792): Process: com.android.launcher3, PID: 16792
12-23 01:15:20.034 E/AndroidRuntime(16792): android.view.InflateException: Binary XML file line #18 in com.android.launcher3:layout/task: Binary XML file line #18 in com.android.launcher3:layout/task: Error inflating class com.android.quickstep.views.TaskView
12-23 01:15:20.034 E/AndroidRuntime(16792): Caused by: android.view.InflateException: Binary XML file line #18 in com.android.launcher3:layout/task: Error inflating class com.android.quickstep.views.TaskView
12-23 01:15:20.034 E/AndroidRuntime(16792): Caused by: java.lang.reflect.InvocationTargetException
12-23 01:15:20.034 E/AndroidRuntime(16792): at java.lang.reflect.Constructor.newInstance0(Native Method)
12-23 01:15:20.034 E/AndroidRuntime(16792): at java.lang.reflect.Constructor.newInstance(Constructor.java:343)
12-23 01:15:20.034 E/AndroidRuntime(16792): at android.view.LayoutInflater.createView(LayoutInflater.java:858)
12-23 01:15:20.034 E/AndroidRuntime(16792): at android.view.LayoutInflater.createViewFromTag(LayoutInflater.java:1010)
12-23 01:15:20.034 E/AndroidRuntime(16792): at android.view.LayoutInflater.createViewFromTag(LayoutInflater.java:965)
12-23 01:15:20.034 E/AndroidRuntime(16792): at android.view.LayoutInflater.inflate(LayoutInflater.java:663)
12-23 01:15:20.034 E/AndroidRuntime(16792): at android.view.LayoutInflater.inflate(LayoutInflater.java:538)
12-23 01:15:20.034 E/AndroidRuntime(16792): at com.android.launcher3.util.ViewPool.inflateNewView(ViewPool.java:106)
12-23 01:15:20.034 E/AndroidRuntime(16792): at com.android.launcher3.util.ViewPool.lambda$initPool$1$ViewPool(ViewPool.java:69)
12-23 01:15:20.034 E/AndroidRuntime(16792): at com.android.launcher3.util.ViewPool$$ExternalSyntheticLambda0.run(Unknown Source:8)
12-23 01:15:20.034 E/AndroidRuntime(16792): at java.lang.Thread.run(Thread.java:920)
12-23 01:15:20.034 E/AndroidRuntime(16792): Caused by: java.lang.ClassCastException: com.android.quickstep.RecentsActivity cannot be cast to com.android.launcher3.Launcher
12-23 01:15:20.034 E/AndroidRuntime(16792): at com.android.launcher3.Launcher.getLauncher(Launcher.java:3019)
12-23 01:15:20.034 E/AndroidRuntime(16792): at com.android.quickstep.views.TaskView.(TaskView.java:416)
12-23 01:15:20.034 E/AndroidRuntime(16792): at com.android.quickstep.views.TaskView.(TaskView.java:410)
12-23 01:15:20.034 E/AndroidRuntime(16792): ... 11 more
12-23 01:15:20.035 W/ActivityTaskManager( 1508): Force finishing activity com.android.launcher3/com.android.quickstep.RecentsActivity
12-23 01:15:20.041 W/ContextImpl( 2417): Calling a method in the system process without a qualified user: android.app.ContextImpl.startService:1816 android.content.ContextWrapper.startService:774 com.thundercomm.gamemode.ingame.services.GameModeActionUtils.startGameModeService:99 com.thundercomm.gamemode.ingame.services.GameModeActionUtils.startGameModeEntry:22 com.thundercomm.gamemode.ingame.services.ActivityMonitoringService$1.onActivityLaunch:127
12-23 01:15:20.043 I/GameModeConfig( 1508): Current uri is uri = content://com.thundercomm.gamemode.api/gamemode_settings/gamemode_isgaming
12-23 01:15:20.044 I/GameModeConfig( 1508): isGameModeOn = false
12-23 01:15:20.044 I/GameModeConfig( 1508): isGameModeOn = false
12-23 01:15:20.044 I/GameModeConfig( 1508): isDisableVoice = true
12-23 01:15:20.046 I/ActivityManager( 1508): Process com.android.launcher3 (pid 16792) has died: vis BFGS
12-23 01:15:20.047 W/ActivityManager( 1508): Scheduling restart of crashed service com.android.launcher3/com.android.quickstep.TouchInteractionService in 1000ms for connection
12-23 01:15:20.050 D/CompatibilityChangeReporter( 1508): Compat change id reported: 135634846; UID 10078; state: DISABLED
12-23 01:15:20.050 D/CompatibilityChangeReporter( 1508): Compat change id reported: 177438394; UID 10078; state: DISABLED
12-23 01:15:20.050 D/CompatibilityChangeReporter( 1508): Compat change id reported: 135772972; UID 10078; state: DISABLED
12-23 01:15:20.050 D/CompatibilityChangeReporter( 1508): Compat change id reported: 135754954; UID 10078; state: ENABLED
12-23 01:15:20.050 D/CompatibilityChangeReporter( 1508): Compat change id reported: 143937733; UID 10078; state: ENABLED
12-23 01:15:20.054 I/ActivityManager( 1508): Start proc 16830:com.android.launcher3/u0a78 for service {com.android.launcher3/com.android.quickstep.TouchInteractionService}
01-01 08:00:57.308 I/binder ( 0): 16830:16830 ioctl 40046210 7fe8558544 returned -22
12-23 01:15:20.095 I/ActivityTaskManager( 1508): START u0 {act=android.intent.action.MAIN cat=[android.intent.category.DEFAULT] flg=0x10010000 cmp=com.android.launcher3/com.android.quickstep.RecentsActivity} from uid 10078
12-23 01:15:20.096 W/ActivityTaskManager( 1508): Can't find TaskDisplayArea to determine support for multi window. Task id=643 attached=false
12-23 01:15:20.098 I/ActivityTaskManager( 1508): The Process com.android.launcher3 Already Exists in BG. So sending its PID: 16830
12-23 01:15:20.103 W/ContextImpl( 2417): Calling a method in the system process without a qualified user: android.app.ContextImpl.startService:1816 android.content.ContextWrapper.startService:774 com.thundercomm.gamemode.ingame.services.GameModeActionUtils.startGameModeService:99 com.thundercomm.gamemode.ingame.services.GameModeActionUtils.startGameModeEntry:22 com.thundercomm.gamemode.ingame.services.ActivityMonitoringService$1.onActivityLaunch:127
12-23 01:15:20.105 I/GameModeConfig( 1508): Current uri is uri = content://com.thundercomm.gamemode.api/gamemode_settings/gamemode_isgaming
12-23 01:15:20.106 I/GameModeConfig( 1508): isGameModeOn = false
12-23 01:15:20.106 I/GameModeConfig( 1508): isGameModeOn = false
12-23 01:15:20.106 I/GameModeConfig( 1508): isDisableVoice = true
01-01 08:00:57.365 I/binder ( 0): 16830:16857 ioctl 40046210 7b66430254 returned -22
12-23 01:15:20.160 E/AndroidRuntime(16830): FATAL EXCEPTION: ViewPool-init
12-23 01:15:20.160 E/AndroidRuntime(16830): Process: com.android.launcher3, PID: 16830
12-23 01:15:20.160 E/AndroidRuntime(16830): android.view.InflateException: Binary XML file line #18 in com.android.launcher3:layout/task: Binary XML file line #18 in com.android.launcher3:layout/task: Error inflating class com.android.quickstep.views.TaskView
12-23 01:15:20.160 E/AndroidRuntime(16830): Caused by: android.view.InflateException: Binary XML file line #18 in com.android.launcher3:layout/task: Error inflating class com.android.quickstep.views.TaskView
12-23 01:15:20.160 E/AndroidRuntime(16830): Caused by: java.lang.reflect.InvocationTargetException
12-23 01:15:20.160 E/AndroidRuntime(16830): at java.lang.reflect.Constructor.newInstance0(Native Method)
12-23 01:15:20.160 E/AndroidRuntime(16830): at java.lang.reflect.Constructor.newInstance(Constructor.java:343)
12-23 01:15:20.160 E/AndroidRuntime(16830): at android.view.LayoutInflater.createView(LayoutInflater.java:858)
12-23 01:15:20.160 E/AndroidRuntime(16830): at android.view.LayoutInflater.createViewFromTag(LayoutInflater.java:1010)
12-23 01:15:20.160 E/AndroidRuntime(16830): at android.view.LayoutInflater.createViewFromTag(LayoutInflater.java:965)
12-23 01:15:20.160 E/AndroidRuntime(16830): at android.view.LayoutInflater.inflate(LayoutInflater.java:663)
12-23 01:15:20.160 E/AndroidRuntime(16830): at android.view.LayoutInflater.inflate(LayoutInflater.java:538)
12-23 01:15:20.160 E/AndroidRuntime(16830): at com.android.launcher3.util.ViewPool.inflateNewView(ViewPool.java:106)
12-23 01:15:20.160 E/AndroidRuntime(16830): at com.android.launcher3.util.ViewPool.lambda$initPool$1$ViewPool(ViewPool.java:69)
12-23 01:15:20.160 E/AndroidRuntime(16830): at com.android.launcher3.util.ViewPool$$ExternalSyntheticLambda0.run(Unknown Source:8)
12-23 01:15:20.160 E/AndroidRuntime(16830): at java.lang.Thread.run(Thread.java:920)
12-23 01:15:20.160 E/AndroidRuntime(16830): Caused by: java.lang.ClassCastException: com.android.quickstep.RecentsActivity cannot be cast to com.android.launcher3.Launcher
12-23 01:15:20.160 E/AndroidRuntime(16830): at com.android.launcher3.Launcher.getLauncher(Launcher.java:3019)
12-23 01:15:20.160 E/AndroidRuntime(16830): at com.android.quickstep.views.TaskView.(TaskView.java:416)
12-23 01:15:20.160 E/AndroidRuntime(16830): at com.android.quickstep.views.TaskView.(TaskView.java:410)
12-23 01:15:20.160 E/AndroidRuntime(16830): ... 11 more
12-23 01:15:20.161 W/ActivityTaskManager( 1508): Force finishing activity com.android.launcher3/com.android.quickstep.RecentsActivity
