12-23 01:15:27.905 I/wm_task_removed( 1508): [763,removeChild]
12-23 01:15:27.905 I/wm_task_removed( 1508): [764,removeChild:removeChild last r=ActivityRecord{245102a u0 com.android.launcher3/com.android.quickstep.RecentsActivity t-1 f}} in t=Task{27372fc #764 type=recents I=com.android.launcher3/com.android.quickstep.RecentsActivity U=0 visible=false mode=fullscreen translucent=true sz=0}]
12-23 01:15:27.905 I/wm_task_removed( 1508): [764,removeChild]
12-23 01:15:27.907 I/am_uid_running( 1508): 10078
12-23 01:15:27.907 D/CompatibilityChangeReporter( 1508): Compat change id reported: 135634846; UID 10078; state: DISABLED
12-23 01:15:27.907 D/CompatibilityChangeReporter( 1508): Compat change id reported: 177438394; UID 10078; state: DISABLED
12-23 01:15:27.907 D/CompatibilityChangeReporter( 1508): Compat change id reported: 135772972; UID 10078; state: DISABLED
12-23 01:15:27.907 D/CompatibilityChangeReporter( 1508): Compat change id reported: 135754954; UID 10078; state: ENABLED
12-23 01:15:27.907 D/CompatibilityChangeReporter( 1508): Compat change id reported: 143937733; UID 10078; state: ENABLED
12-23 01:15:27.912 I/am_proc_start( 1508): [0,19303,10078,com.android.launcher3,service,{com.android.launcher3/com.android.quickstep.TouchInteractionService}]
12-23 01:15:27.912 I/ActivityManager( 1508): Start proc 19303:com.android.launcher3/u0a78 for service {com.android.launcher3/com.android.quickstep.TouchInteractionService}
12-23 01:15:27.920 I/am_proc_bound( 1508): [0,19303,com.android.launcher3]
12-23 01:15:27.921 I/am_uid_active( 1508): 10078
01-01 08:01:05.166 I/binder ( 0): 19303:19303 ioctl 40046210 7fe8558544 returned -22
12-23 01:15:27.953 I/ActivityTaskManager( 1508): START u0 {act=android.intent.action.MAIN cat=[android.intent.category.DEFAULT] flg=0x10010000 cmp=com.android.launcher3/com.android.quickstep.RecentsActivity} from uid 10078
12-23 01:15:27.955 I/wm_task_created( 1508): [765,-1]
12-23 01:15:27.955 W/ActivityTaskManager( 1508): Can't find TaskDisplayArea to determine support for multi window. Task id=765 attached=false
12-23 01:15:27.955 I/wm_task_created( 1508): [766,-1]
12-23 01:15:27.955 I/wm_task_moved( 1508): [766,0,-2147483648]
12-23 01:15:27.956 I/wm_create_task( 1508): [0,766]
12-23 01:15:27.956 I/wm_create_activity( 1508): [0,190429721,766,com.android.launcher3/com.android.quickstep.RecentsActivity,android.intent.action.MAIN,NULL,NULL,276889600]
12-23 01:15:27.957 I/ActivityTaskManager( 1508): The Process com.android.launcher3 Already Exists in BG. So sending its PID: 19303
12-23 01:15:27.957 I/wm_restart_activity( 1508): [0,190429721,766,com.android.launcher3/com.android.quickstep.RecentsActivity]
12-23 01:15:27.957 I/wm_add_to_stopping( 1508): [0,190429721,com.android.launcher3/com.android.quickstep.RecentsActivity,preloadRecents]
12-23 01:15:27.962 W/ContextImpl( 2417): Calling a method in the system process without a qualified user: android.app.ContextImpl.startService:1816 android.content.ContextWrapper.startService:774 com.thundercomm.gamemode.ingame.services.GameModeActionUtils.startGameModeService:99 com.thundercomm.gamemode.ingame.services.GameModeActionUtils.startGameModeEntry:22 com.thundercomm.gamemode.ingame.services.ActivityMonitoringService$1.onActivityLaunch:127
12-23 01:15:27.963 I/GameModeConfig( 1508): Current uri is uri = content://com.thundercomm.gamemode.api/gamemode_settings/gamemode_isgaming
12-23 01:15:27.964 I/GameModeConfig( 1508): isGameModeOn = false
12-23 01:15:27.964 I/GameModeConfig( 1508): isGameModeOn = false
12-23 01:15:27.964 I/GameModeConfig( 1508): isDisableVoice = true
01-01 08:01:05.224 I/binder ( 0): 19303:19331 ioctl 40046210 7b6632a254 returned -22
12-23 01:15:28.018 E/AndroidRuntime(19303): FATAL EXCEPTION: ViewPool-init
12-23 01:15:28.018 E/AndroidRuntime(19303): Process: com.android.launcher3, PID: 19303
12-23 01:15:28.018 E/AndroidRuntime(19303): android.view.InflateException: Binary XML file line #18 in com.android.launcher3:layout/task: Binary XML file line #18 in com.android.launcher3:layout/task: Error inflating class com.android.quickstep.views.TaskView
12-23 01:15:28.018 E/AndroidRuntime(19303): Caused by: android.view.InflateException: Binary XML file line #18 in com.android.launcher3:layout/task: Error inflating class com.android.quickstep.views.TaskView
12-23 01:15:28.018 E/AndroidRuntime(19303): Caused by: java.lang.reflect.InvocationTargetException
12-23 01:15:28.018 E/AndroidRuntime(19303): at java.lang.reflect.Constructor.newInstance0(Native Method)
12-23 01:15:28.018 E/AndroidRuntime(19303): at java.lang.reflect.Constructor.newInstance(Constructor.java:343)
12-23 01:15:28.018 E/AndroidRuntime(19303): at android.view.LayoutInflater.createView(LayoutInflater.java:858)
12-23 01:15:28.018 E/AndroidRuntime(19303): at android.view.LayoutInflater.createViewFromTag(LayoutInflater.java:1010)
12-23 01:15:28.018 E/AndroidRuntime(19303): at android.view.LayoutInflater.createViewFromTag(LayoutInflater.java:965)
12-23 01:15:28.018 E/AndroidRuntime(19303): at android.view.LayoutInflater.inflate(LayoutInflater.java:663)
12-23 01:15:28.018 E/AndroidRuntime(19303): at android.view.LayoutInflater.inflate(LayoutInflater.java:538)
12-23 01:15:28.018 E/AndroidRuntime(19303): at com.android.launcher3.util.ViewPool.inflateNewView(ViewPool.java:106)
12-23 01:15:28.018 E/AndroidRuntime(19303): at com.android.launcher3.util.ViewPool.lambda$initPool$1$ViewPool(ViewPool.java:69)
12-23 01:15:28.018 E/AndroidRuntime(19303): at com.android.launcher3.util.ViewPool$$ExternalSyntheticLambda0.run(Unknown Source:8)
12-23 01:15:28.018 E/AndroidRuntime(19303): at java.lang.Thread.run(Thread.java:920)
12-23 01:15:28.018 E/AndroidRuntime(19303): Caused by: java.lang.ClassCastException: com.android.quickstep.RecentsActivity cannot be cast to com.android.launcher3.Launcher
12-23 01:15:28.018 E/AndroidRuntime(19303): at com.android.launcher3.Launcher.getLauncher(Launcher.java:3019)
12-23 01:15:28.018 E/AndroidRuntime(19303): at com.android.quickstep.views.TaskView.(TaskView.java:416)
12-23 01:15:28.018 E/AndroidRuntime(19303): at com.android.quickstep.views.TaskView.(TaskView.java:410)
12-23 01:15:28.018 E/AndroidRuntime(19303): ... 11 more
12-23 01:15:28.018 I/am_crash( 1508): [19303,0,com.android.launcher3,617332293,java.lang.ClassCastException,com.android.quickstep.RecentsActivity cannot be cast to com.android.launcher3.Launcher,Launcher.java,3019]
12-23 01:15:28.019 W/ActivityTaskManager( 1508): Force finishing activity com.android.launcher3/com.android.quickstep.RecentsActivity
12-23 01:15:28.019 I/wm_finish_activity( 1508): [0,190429721,766,com.android.launcher3/com.android.quickstep.RecentsActivity,force-crash]
12-23 01:15:28.019 I/wm_destroy_activity( 1508): [0,190429721,766,com.android.launcher3/com.android.quickstep.RecentsActivity,finish-imm:finishIfPossible]
12-23 01:15:28.021 I/sysui_multi_action( 1508): [757,316,758,4,759,-1]
12-23 01:15:28.024 W/ContextImpl( 2417): Calling a method in the system process without a qualified user: android.app.ContextImpl.startService:1816 android.content.ContextWrapper.startService:774 com.thundercomm.gamemode.ingame.services.GameModeActionUtils.startGameModeService:99 com.thundercomm.gamemode.ingame.services.GameModeActionUtils.startGameModeEntry:22 com.thundercomm.gamemode.ingame.services.ActivityMonitoringService$1.onActivityLaunch:127
12-23 01:15:28.026 I/GameModeConfig( 1508): Current uri is uri = content://com.thundercomm.gamemode.api/gamemode_settings/gamemode_isgaming
12-23 01:15:28.027 I/GameModeConfig( 1508): isGameModeOn = false
12-23 01:15:28.027 I/GameModeConfig( 1508): isGameModeOn = false
12-23 01:15:28.027 I/GameModeConfig( 1508): isDisableVoice = true
01-01 08:01:05.275 I/binder ( 0): undelivered transaction 468905, process died.
12-23 01:15:28.028 I/ActivityManager( 1508): Process com.android.launcher3 (pid 19303) has died: vis BFGS
12-23 01:15:28.028 I/am_proc_died( 1508): [0,19303,com.android.launcher3,100,5]
12-23 01:15:28.028 W/ActivityManager( 1508): Scheduling restart of crashed service com.android.launcher3/com.android.quickstep.TouchInteractionService in 1000ms for connection
12-23 01:15:28.028 I/am_schedule_service_restart( 1508): [0,com.android.launcher3/com.android.quickstep.TouchInteractionService,1000]
12-23 01:15:28.028 I/am_uid_stopped( 1508): 10078
12-23 01:15:28.029 I/wm_task_removed( 1508): [766,cleanUpResourcesForDestroy]
12-23 01:15:28.029 I/wm_task_removed( 1508): [765,removeChild:removeChild last r=Task{9c1ed53 #766 type=recents I=com.android.launcher3/com.android.quickstep.RecentsActivity U=0 visible=false mode=fullscreen translucent=true sz=0} in t=Task{1b05b89 #765 type=recents ?? U=0 visible=false mode=fullscreen translucent=true sz=0}]
12-23 01:15:28.029 I/wm_task_removed( 1508): [765,removeChild]
12-23 01:15:28.029 I/wm_task_removed( 1508): [766,removeChild:removeChild last r=ActivityRecord{b59ba19 u0 com.android.launcher3/com.android.quickstep.RecentsActivity t-1 f}} in t=Task{9c1ed53 #766 type=recents I=com.android.launcher3/com.android.quickstep.RecentsActivity U=0 visible=false mode=fullscreen translucent=true sz=0}]
12-23 01:15:28.029 I/wm_task_removed( 1508): [766,removeChild]
12-23 01:15:28.031 I/am_uid_running( 1508): 10078
12-23 01:15:28.031 D/CompatibilityChangeReporter( 1508): Compat change id reported: 135634846; UID 10078; state: DISABLED
12-23 01:15:28.032 D/CompatibilityChangeReporter( 1508): Compat change id reported: 177438394; UID 10078; state: DISABLED
12-23 01:15:28.032 D/CompatibilityChangeReporter( 1508): Compat change id reported: 135772972; UID 10078; state: DISABLED
12-23 01:15:28.032 D/CompatibilityChangeReporter( 1508): Compat change id reported: 135754954; UID 10078; state: ENABLED
12-23 01:15:28.032 D/CompatibilityChangeReporter( 1508): Compat change id reported: 143937733; UID 10078; state: ENABLED
12-23 01:15:28.036 I/am_proc_start( 1508): [0,19344,10078,com.android.launcher3,service,{com.android.launcher3/com.android.quickstep.TouchInteractionService}]
12-23 01:15:28.036 I/ActivityManager( 1508): Start proc 19344:com.android.launcher3/u0a78 for service {com.android.launcher3/com.android.quickstep.TouchInteractionService}
01-01 08:01:05.289 I/binder ( 0): 19344:19344 ioctl 40046210 7fe8558544 returned -22
12-23 01:15:28.043 I/am_proc_bound( 1508): [0,19344,com.android.launcher3]
12-23 01:15:28.044 I/am_uid_active( 1508): 10078
12-23 01:15:28.075 I/ActivityTaskManager( 1508): START u0 {act=android.intent.action.MAIN cat=[android.intent.category.DEFAULT] flg=0x10010000 cmp=com.android.launcher3/com.android.quickstep.RecentsActivity} from uid 10078
12-23 01:15:28.077 I/wm_task_created( 1508): [767,-1]
12-23 01:15:28.077 W/ActivityTaskManager( 1508): Can't find TaskDisplayArea to determine support for multi window. Task id=767 attached=false
12-23 01:15:28.077 I/wm_task_created( 1508): [768,-1]
12-23 01:15:28.078 I/wm_task_moved( 1508): [768,0,-2147483648]
12-23 01:15:28.078 I/wm_create_task( 1508): [0,768]
12-23 01:15:28.078 I/wm_create_activity( 1508): [0,207208116,768,com.android.launcher3/com.android.quickstep.RecentsActivity,android.intent.action.MAIN,NULL,NULL,276889600]
12-23 01:15:28.079 I/ActivityTaskManager( 1508): The Process com.android.launcher3 Already Exists in BG. So sending its PID: 19344
12-23 01:15:28.079 I/wm_restart_activity( 1508): [0,207208116,768,com.android.launcher3/com.android.quickstep.RecentsActivity]
12-23 01:15:28.079 I/wm_add_to_stopping( 1508): [0,207208116,com.android.launcher3/com.android.quickstep.RecentsActivity,preloadRecents]
12-23 01:15:28.084 W/ContextImpl( 2417): Calling a method in the system process without a qualified user: android.app.ContextImpl.startService:1816 android.content.ContextWrapper.startService:774 com.thundercomm.gamemode.ingame.services.GameModeActionUtils.startGameModeService:99 com.thundercomm.gamemode.ingame.services.GameModeActionUtils.startGameModeEntry:22 com.thundercomm.gamemode.ingame.services.ActivityMonitoringService$1.onActivityLaunch:127
12-23 01:15:28.086 I/GameModeConfig( 1508): Current uri is uri = content://com.thundercomm.gamemode.api/gamemode_settings/gamemode_isgaming
12-23 01:15:28.086 I/GameModeConfig( 1508): isGameModeOn = false
12-23 01:15:28.087 I/GameModeConfig( 1508): isGameModeOn = false
12-23 01:15:28.087 I/GameModeConfig( 1508): isDisableVoice = true
01-01 08:01:05.348 I/binder ( 0): 19344:19371 ioctl 40046210 7b66428254 returned -22
12-23 01:15:28.142 E/AndroidRuntime(19344): FATAL EXCEPTION: ViewPool-init
12-23 01:15:28.142 E/AndroidRuntime(19344): Process: com.android.launcher3, PID: 19344
12-23 01:15:28.142 E/AndroidRuntime(19344): android.view.InflateException: Binary XML file line #18 in com.android.launcher3:layout/task: Binary XML file line #18 in com.android.launcher3:layout/task: Error inflating class com.android.quickstep.views.TaskView
12-23 01:15:28.142 E/AndroidRuntime(19344): Caused by: android.view.InflateException: Binary XML file line #18 in com.android.launcher3:layout/task: Error inflating class com.android.quickstep.views.TaskView
12-23 01:15:28.142 E/AndroidRuntime(19344): Caused by: java.lang.reflect.InvocationTargetException
12-23 01:15:28.142 E/AndroidRuntime(19344): at java.lang.reflect.Constructor.newInstance0(Native Method)
12-23 01:15:28.142 E/AndroidRuntime(19344): at java.lang.reflect.Constructor.newInstance(Constructor.java:343)
12-23 01:15:28.142 E/AndroidRuntime(19344): at android.view.LayoutInflater.createView(LayoutInflater.java:858)
12-23 01:15:28.142 E/AndroidRuntime(19344): at android.view.LayoutInflater.createViewFromTag(LayoutInflater.java:1010)
12-23 01:15:28.142 E/AndroidRuntime(19344): at android.view.LayoutInflater.createViewFromTag(LayoutInflater.java:965)
12-23 01:15:28.142 E/AndroidRuntime(19344): at android.view.LayoutInflater.inflate(LayoutInflater.java:663)
12-23 01:15:28.142 E/AndroidRuntime(19344): at android.view.LayoutInflater.inflate(LayoutInflater.java:538)
12-23 01:15:28.142 E/AndroidRuntime(19344): at com.android.launcher3.util.ViewPool.inflateNewView(ViewPool.java:106)
12-23 01:15:28.142 E/AndroidRuntime(19344): at com.android.launcher3.util.ViewPool.lambda$initPool$1$ViewPool(ViewPool.java:69)
12-23 01:15:28.142 E/AndroidRuntime(19344): at com.android.launcher3.util.ViewPool$$ExternalSyntheticLambda0.run(Unknown Source:8)
12-23 01:15:28.142 E/AndroidRuntime(19344): at java.lang.Thread.run(Thread.java:920)
12-23 01:15:28.142 E/AndroidRuntime(19344): Caused by: java.lang.ClassCastException: com.android.quickstep.RecentsActivity cannot be cast to com.android.launcher3.Launcher
12-23 01:15:28.142 E/AndroidRuntime(19344): at com.android.launcher3.Launcher.getLauncher(Launcher.java:3019)
12-23 01:15:28.142 E/AndroidRuntime(19344): at com.android.quickstep.views.TaskView.(TaskView.java:416)
12-23 01:15:28.142 E/AndroidRuntime(19344): at com.android.quickstep.views.TaskView.(TaskView.java:410)
12-23 01:15:28.142 E/AndroidRuntime(19344): ... 11 more
12-23 01:15:28.142 I/am_crash( 1508): [19344,0,com.android.launcher3,617332293,java.lang.ClassCastException,com.android.quickstep.RecentsActivity cannot be cast to com.android.launcher3.Launcher,Launcher.java,3019]
12-23 01:15:28.143 W/ActivityTaskManager( 1508): Force finishing activity com.android.launcher3/com.android.quickstep.RecentsActivity
12-23 01:15:28.143 I/wm_finish_activity( 1508): [0,207208116,768,com.android.launcher3/com.android.quickstep.RecentsActivity,force-crash]
12-23 01:15:28.144 I/wm_destroy_activity( 1508): [0,207208116,768,com.android.launcher3/com.android.quickstep.RecentsActivity,finish-imm:finishIfPossible]
12-23 01:15:28.145 I/sysui_multi_action( 1508): [757,316,758,4,759,-1]
12-23 01:15:28.149 W/ContextImpl( 2417): Calling a method in the system process without a qualified user: android.app.ContextImpl.startService:1816 android.content.ContextWrapper.startService:774 com.thundercomm.gamemode.ingame.services.GameModeActionUtils.startGameModeService:99 com.thundercomm.gamemode.ingame.services.GameModeActionUtils.startGameModeEntry:22 com.thundercomm.gamemode.ingame.services.ActivityMonitoringService$1.onActivityLaunch:127
12-23 01:15:28.151 I/GameModeConfig( 1508): Current uri is uri = content://com.thundercomm.gamemode.api/gamemode_settings/gamemode_isgaming
12-23 01:15:28.152 I/GameModeConfig( 1508): isGameModeOn = false
12-23 01:15:28.152 I/GameModeConfig( 1508): isGameModeOn = false
12-23 01:15:28.152 I/GameModeConfig( 1508): isDisableVoice = true
12-23 01:15:28.159 I/ActivityManager( 1508): Process com.android.launcher3 (pid 19344) has died: vis BFGS
12-23 01:15:28.159 I/am_proc_died( 1508): [0,19344,com.android.launcher3,100,5]
12-23 01:15:28.159 W/ActivityManager( 1508): Scheduling restart of crashed service com.android.launcher3/com.android.quickstep.TouchInteractionService in 1000ms for connection
12-23 01:15:28.159 I/am_schedule_service_restart( 1508): [0,com.android.launcher3/com.android.quickstep.TouchInteractionService,1000]
12-23 01:15:28.159 I/am_uid_stopped( 1508): 10078
12-23 01:15:28.160 I/wm_task_removed( 1508): [768,cleanUpResourcesForDestroy]
12-23 01:15:28.160 I/wm_task_removed( 1508): [767,removeChild:removeChild last r=Task{da9ea76 #768 type=recents I=com.android.launcher3/com.android.quickstep.RecentsActivity U=0 visible=false mode=fullscreen translucent=true sz=0} in t=Task{443ce4 #767 type=recents ?? U=0 visible=false mode=fullscreen translucent=true sz=0}]
12-23 01:15:28.160 I/wm_task_removed( 1508): [767,removeChild]
12-23 01:15:28.160 I/wm_task_removed( 1508): [768,removeChild:removeChild last r=ActivityRecord{c59beb4 u0 com.android.launcher3/com.android.quickstep.RecentsActivity t-1 f}} in t=Task{da9ea76 #768 type=recents I=com.android.launcher3/com.android.quickstep.RecentsActivity U=0 visible=false mode=fullscreen translucent=true sz=0}]
12-23 01:15:28.160 I/wm_task_removed( 1508): [768,removeChild]
12-23 01:15:28.162 I/am_uid_running( 1508): 10078
12-23 01:15:28.162 D/CompatibilityChangeReporter( 1508): Compat change id reported: 135634846; UID 10078; state: DISABLED
12-23 01:15:28.162 D/CompatibilityChangeReporter( 1508): Compat change id reported: 177438394; UID 10078; state: DISABLED
12-23 01:15:28.162 D/CompatibilityChangeReporter( 1508): Compat change id reported: 135772972; UID 10078; state: DISABLED
12-23 01:15:28.162 D/CompatibilityChangeReporter( 1508): Compat change id reported: 135754954; UID 10078; state: ENABLED
12-23 01:15:28.162 D/CompatibilityChangeReporter( 1508): Compat change id reported: 143937733; UID 10078; state: ENABLED
12-23 01:15:28.167 I/am_proc_start( 1508): [0,19384,10078,com.android.launcher3,service,{com.android.launcher3/com.android.quickstep.TouchInteractionService}]
12-23 01:15:28.167 I/ActivityManager( 1508): Start proc 19384:com.android.launcher3/u0a78 for service {com.android.launcher3/com.android.quickstep.TouchInteractionService}
01-01 08:01:05.420 I/binder ( 0): 19384:19384 ioctl 40046210 7fe8558544 returned -22
12-23 01:15:28.174 I/am_proc_bound( 1508): [0,19384,com.android.launcher3]
12-23 01:15:28.175 I/am_uid_active( 1508): 10078
12-23 01:15:28.206 I/ActivityTaskManager( 1508): START u0 {act=android.intent.action.MAIN cat=[android.intent.category.DEFAULT] flg=0x10010000 cmp=com.android.launcher3/com.android.quickstep.RecentsActivity} from uid 10078
12-23 01:15:28.208 I/wm_task_created( 1508): [769,-1]
12-23 01:15:28.208 W/ActivityTaskManager( 1508): Can't find TaskDisplayArea to determine support for multi window. Task id=769 attached=false
12-23 01:15:28.209 I/wm_task_created( 1508): [770,-1]
12-23 01:15:28.209 I/wm_task_moved( 1508): [770,0,-2147483648]
12-23 01:15:28.209 I/wm_create_task( 1508): [0,770]
12-23 01:15:28.209 I/wm_create_activity( 1508): [0,154256235,770,com.android.launcher3/com.android.quickstep.RecentsActivity,android.intent.action.MAIN,NULL,NULL,276889600]
12-23 01:15:28.210 I/ActivityTaskManager( 1508): The Process com.android.launcher3 Already Exists in BG. So sending its PID: 19384
12-23 01:15:28.210 I/wm_restart_activity( 1508): [0,154256235,770,com.android.launcher3/com.android.quickstep.RecentsActivity]
12-23 01:15:28.211 I/wm_add_to_stopping( 1508): [0,154256235,com.android.launcher3/com.android.quickstep.RecentsActivity,preloadRecents]
12-23 01:15:28.217 W/ContextImpl( 2417): Calling a method in the system process without a qualified user: android.app.ContextImpl.startService:1816 android.content.ContextWrapper.startService:774 com.thundercomm.gamemode.ingame.services.GameModeActionUtils.startGameModeService:99 com.thundercomm.gamemode.ingame.services.GameModeActionUtils.startGameModeEntry:22 com.thundercomm.gamemode.ingame.services.ActivityMonitoringService$1.onActivityLaunch:127
12-23 01:15:28.218 I/GameModeConfig( 1508): Current uri is uri = content://com.thundercomm.gamemode.api/gamemode_settings/gamemode_isgaming
12-23 01:15:28.219 I/GameModeConfig( 1508): isGameModeOn = false
12-23 01:15:28.219 I/GameModeConfig( 1508): isGameModeOn = false
12-23 01:15:28.219 I/GameModeConfig( 1508): isDisableVoice = true
01-01 08:01:05.477 I/binder ( 0): 19384:19409 ioctl 40046210 7b6632a254 returned -22
12-23 01:15:28.272 E/AndroidRuntime(19384): FATAL EXCEPTION: ViewPool-init
12-23 01:15:28.272 E/AndroidRuntime(19384): Process: com.android.launcher3, PID: 19384
12-23 01:15:28.272 E/AndroidRuntime(19384): android.view.InflateException: Binary XML file line #18 in com.android.launcher3:layout/task: Binary XML file line #18 in com.android.launcher3:layout/task: Error inflating class com.android.quickstep.views.TaskView
12-23 01:15:28.272 E/AndroidRuntime(19384): Caused by: android.view.InflateException: Binary XML file line #18 in com.android.launcher3:layout/task: Error inflating class com.android.quickstep.views.TaskView
12-23 01:15:28.272 E/AndroidRuntime(19384): Caused by: java.lang.reflect.InvocationTargetException
12-23 01:15:28.272 E/AndroidRuntime(19384): at java.lang.reflect.Constructor.newInstance0(Native Method)
12-23 01:15:28.272 E/AndroidRuntime(19384): at java.lang.reflect.Constructor.newInstance(Constructor.java:343)
12-23 01:15:28.272 E/AndroidRuntime(19384): at android.view.LayoutInflater.createView(LayoutInflater.java:858)
12-23 01:15:28.272 E/AndroidRuntime(19384): at android.view.LayoutInflater.createViewFromTag(LayoutInflater.java:1010)
12-23 01:15:28.272 E/AndroidRuntime(19384): at android.view.LayoutInflater.createViewFromTag(LayoutInflater.java:965)
12-23 01:15:28.272 E/AndroidRuntime(19384): at android.view.LayoutInflater.inflate(LayoutInflater.java:663)
12-23 01:15:28.272 E/AndroidRuntime(19384): at android.view.LayoutInflater.inflate(LayoutInflater.java:538)
12-23 01:15:28.272 E/AndroidRuntime(19384): at com.android.launcher3.util.ViewPool.inflateNewView(ViewPool.java:106)
12-23 01:15:28.272 E/AndroidRuntime(19384): at com.android.launcher3.util.ViewPool.lambda$initPool$1$ViewPool(ViewPool.java:69)
12-23 01:15:28.272 E/AndroidRuntime(19384): at com.android.launcher3.util.ViewPool$$ExternalSyntheticLambda0.run(Unknown Source:8)
12-23 01:15:28.272 E/AndroidRuntime(19384): at java.lang.Thread.run(Thread.java:920)
12-23 01:15:28.272 E/AndroidRuntime(19384): Caused by: java.lang.ClassCastException: com.android.quickstep.RecentsActivity cannot be cast to com.android.launcher3.Launcher
12-23 01:15:28.272 E/AndroidRuntime(19384): at com.android.launcher3.Launcher.getLauncher(Launcher.java:3019)
12-23 01:15:28.272 E/AndroidRuntime(19384): at com.android.quickstep.views.TaskView.(TaskView.java:416)
12-23 01:15:28.272 E/AndroidRuntime(19384): at com.android.quickstep.views.TaskView.(TaskView.java:410)
12-23 01:15:28.272 E/AndroidRuntime(19384): ... 11 more
12-23 01:15:28.272 I/am_crash( 1508): [19384,0,com.android.launcher3,617332293,java.lang.ClassCastException,com.android.quickstep.RecentsActivity cannot be cast to com.android.launcher3.Launcher,Launcher.java,3019]
12-23 01:15:28.273 W/ActivityTaskManager( 1508): Force finishing activity com.android.launcher3/com.android.quickstep.RecentsActivity
12-23 01:15:28.273 I/wm_finish_activity( 1508): [0,154256235,770,com.android.launcher3/com.android.quickstep.RecentsActivity,force-crash]
12-23 01:15:28.273 I/wm_destroy_activity( 1508): [0,154256235,770,com.android.launcher3/com.android.quickstep.RecentsActivity,finish-imm:finishIfPossible]
12-23 01:15:28.275 I/sysui_multi_action( 1508): [757,316,758,4,759,-1]
12-23 01:15:28.279 W/ContextImpl( 2417): Calling a method in the system process without a qualified user: android.app.ContextImpl.startService:1816 android.content.ContextWrapper.startService:774 com.thundercomm.gamemode.ingame.services.GameModeActionUtils.startGameModeService:99 com.thundercomm.gamemode.ingame.services.GameModeActionUtils.startGameModeEntry:22 com.thundercomm.gamemode.ingame.services.ActivityMonitoringService$1.onActivityLaunch:127
12-23 01:15:28.280 I/GameModeConfig( 1508): Current uri is uri = content://com.thundercomm.gamemode.api/gamemode_settings/gamemode_isgaming
12-23 01:15:28.281 I/GameModeConfig( 1508): isGameModeOn = false
12-23 01:15:28.281 I/GameModeConfig( 1508): isGameModeOn = false
12-23 01:15:28.281 I/GameModeConfig( 1508): isDisableVoice = true
01-01 08:01:05.530 I/binder ( 0): undelivered transaction 470810, process died.
12-23 01:15:28.282 I/ActivityManager( 1508): Process com.android.launcher3 (pid 19384) has died: vis BFGS
12-23 01:15:28.282 I/am_proc_died( 1508): [0,19384,com.android.launcher3,100,5]
12-23 01:15:28.283 W/ActivityManager( 1508): Scheduling restart of crashed service com.android.launcher3/com.android.quickstep.TouchInteractionService in 1000ms for connection
12-23 01:15:28.283 I/am_schedule_service_restart( 1508): [0,com.android.launcher3/com.android.quickstep.TouchInteractionService,1000]
12-23 01:15:28.283 I/am_uid_stopped( 1508): 10078
12-23 01:15:28.284 I/wm_task_removed( 1508): [770,cleanUpResourcesForDestroy]
12-23 01:15:28.284 I/wm_task_removed( 1508): [769,removeChild:removeChild last r=Task{578b255 #770 type=recents I=com.android.launcher3/com.android.quickstep.RecentsActivity U=0 visible=false mode=fullscreen translucent=true sz=0} in t=Task{16e5d5b #769 type=recents ?? U=0 visible=false mode=fullscreen translucent=true sz=0}]
12-23 01:15:28.284 I/wm_task_removed( 1508): [769,removeChild]
12-23 01:15:28.284 I/wm_task_removed( 1508): [770,removeChild:removeChild last r=ActivityRecord{931c36b u0 com.android.launcher3/com.android.quickstep.RecentsActivity t-1 f}} in t=Task{578b255 #770 type=recents I=com.android.launcher3/com.android.quickstep.RecentsActivity U=0 visible=false mode=fullscreen translucent=true sz=0}]
12-23 01:15:28.284 I/wm_task_removed( 1508): [770,removeChild]
12-23 01:15:28.286 I/am_uid_running( 1508): 10078
12-23 01:15:28.286 D/CompatibilityChangeReporter( 1508): Compat change id reported: 135634846; UID 10078; state: DISABLED
12-23 01:15:28.286 D/CompatibilityChangeReporter( 1508): Compat change id reported: 177438394; UID 10078; state: DISABLED
12-23 01:15:28.286 D/CompatibilityChangeReporter( 1508): Compat change id reported: 135772972; UID 10078; state: DISABLED
12-23 01:15:28.286 D/CompatibilityChangeReporter( 1508): Compat change id reported: 135754954; UID 10078; state: ENABLED
12-23 01:15:28.286 D/CompatibilityChangeReporter( 1508): Compat change id reported: 143937733; UID 10078; state: ENABLED
12-23 01:15:28.291 I/am_proc_start( 1508): [0,19425,10078,com.android.launcher3,service,{com.android.launcher3/com.android.quickstep.TouchInteractionService}]
12-23 01:15:28.291 I/ActivityManager( 1508): Start proc 19425:com.android.launcher3/u0a78 for service {com.android.launcher3/com.android.quickstep.TouchInteractionService}
01-01 08:01:05.544 I/binder ( 0): 19425:19425 ioctl 40046210 7fe8558544 returned -22
12-23 01:15:28.298 I/am_proc_bound( 1508): [0,19425,com.android.launcher3]
12-23 01:15:28.299 I/am_uid_active( 1508): 10078
12-23 01:15:28.330 I/ActivityTaskManager( 1508): START u0 {act=android.intent.action.MAIN cat=[android.intent.category.DEFAULT] flg=0x10010000 cmp=com.android.launcher3/com.android.quickstep.RecentsActivity} from uid 10078
12-23 01:15:28.332 I/wm_task_created( 1508): [771,-1]
12-23 01:15:28.332 W/ActivityTaskManager( 1508): Can't find TaskDisplayArea to determine support for multi window. Task id=771 attached=false
12-23 01:15:28.332 I/wm_task_created( 1508): [772,-1]
12-23 01:15:28.333 I/wm_task_moved( 1508): [772,0,-2147483648]
12-23 01:15:28.333 I/wm_create_task( 1508): [0,772]
12-23 01:15:28.333 I/wm_create_activity( 1508): [0,130718318,772,com.android.launcher3/com.android.quickstep.RecentsActivity,android.intent.action.MAIN,NULL,NULL,276889600]
12-23 01:15:28.334 I/ActivityTaskManager( 1508): The Process com.android.launcher3 Already Exists in BG. So sending its PID: 19425
12-23 01:15:28.334 I/wm_restart_activity( 1508): [0,130718318,772,com.android.launcher3/com.android.quickstep.RecentsActivity]
12-23 01:15:28.334 I/wm_add_to_stopping( 1508): [0,130718318,com.android.launcher3/com.android.quickstep.RecentsActivity,preloadRecents]
12-23 01:15:28.339 W/ContextImpl( 2417): Calling a method in the system process without a qualified user: android.app.ContextImpl.startService:1816 android.content.ContextWrapper.startService:774 com.thundercomm.gamemode.ingame.services.GameModeActionUtils.startGameModeService:99 com.thundercomm.gamemode.ingame.services.GameModeActionUtils.startGameModeEntry:22 com.thundercomm.gamemode.ingame.services.ActivityMonitoringService$1.onActivityLaunch:127
12-23 01:15:28.340 I/GameModeConfig( 1508): Current uri is uri = content://com.thundercomm.gamemode.api/gamemode_settings/gamemode_isgaming
12-23 01:15:28.341 I/GameModeConfig( 1508): isGameModeOn = false
12-23 01:15:28.341 I/GameModeConfig( 1508): isGameModeOn = false
12-23 01:15:28.341 I/GameModeConfig( 1508): isDisableVoice = true
01-01 08:01:05.601 I/binder ( 0): 19425:19453 ioctl 40046210 7b65332254 returned -22
12-23 01:15:28.395 E/AndroidRuntime(19425): FATAL EXCEPTION: ViewPool-init
12-23 01:15:28.395 E/AndroidRuntime(19425): Process: com.android.launcher3, PID: 19425
12-23 01:15:28.395 E/AndroidRuntime(19425): android.view.InflateException: Binary XML file line #18 in com.android.launcher3:layout/task: Binary XML file line #18 in com.android.launcher3:layout/task: Error inflating class com.android.quickstep.views.TaskView
12-23 01:15:28.395 E/AndroidRuntime(19425): Caused by: android.view.InflateException: Binary XML file line #18 in com.android.launcher3:layout/task: Error inflating class com.android.quickstep.views.TaskView
12-23 01:15:28.395 E/AndroidRuntime(19425): Caused by: java.lang.reflect.InvocationTargetException
12-23 01:15:28.395 E/AndroidRuntime(19425): at java.lang.reflect.Constructor.newInstance0(Native Method)
12-23 01:15:28.395 E/AndroidRuntime(19425): at java.lang.reflect.Constructor.newInstance(Constructor.java:343)
12-23 01:15:28.395 E/AndroidRuntime(19425): at android.view.LayoutInflater.createView(LayoutInflater.java:858)
12-23 01:15:28.395 E/AndroidRuntime(19425): at android.view.LayoutInflater.createViewFromTag(LayoutInflater.java:1010)
12-23 01:15:28.395 E/AndroidRuntime(19425): at android.view.LayoutInflater.createViewFromTag(LayoutInflater.java:965)
12-23 01:15:28.395 E/AndroidRuntime(19425): at android.view.LayoutInflater.inflate(LayoutInflater.java:663)
12-23 01:15:28.395 E/AndroidRuntime(19425): at android.view.LayoutInflater.inflate(LayoutInflater.java:538)
12-23 01:15:28.395 E/AndroidRuntime(19425): at com.android.launcher3.util.ViewPool.inflateNewView(ViewPool.java:106)
12-23 01:15:28.395 E/AndroidRuntime(19425): at com.android.launcher3.util.ViewPool.lambda$initPool$1$ViewPool(ViewPool.java:69)
12-23 01:15:28.395 E/AndroidRuntime(19425): at com.android.launcher3.util.ViewPool$$ExternalSyntheticLambda0.run(Unknown Source:8)
12-23 01:15:28.395 E/AndroidRuntime(19425): at java.lang.Thread.run(Thread.java:920)
12-23 01:15:28.395 E/AndroidRuntime(19425): Caused by: java.lang.ClassCastException: com.android.quickstep.RecentsActivity cannot be cast to com.android.launcher3.Launcher
12-23 01:15:28.395 E/AndroidRuntime(19425): at com.android.launcher3.Launcher.getLauncher(Launcher.java:3019)
12-23 01:15:28.395 E/AndroidRuntime(19425): at com.android.quickstep.views.TaskView.(TaskView.java:416)
12-23 01:15:28.395 E/AndroidRuntime(19425): at com.android.quickstep.views.TaskView.(TaskView.java:410)
12-23 01:15:28.395 E/AndroidRuntime(19425): ... 11 more
12-23 01:15:28.395 I/am_crash( 1508): [19425,0,com.android.launcher3,617332293,java.lang.ClassCastException,com.android.quickstep.RecentsActivity cannot be cast to com.android.launcher3.Launcher,Launcher.java,3019]
12-23 01:15:28.396 W/ActivityTaskManager( 1508): Force finishing activity com.android.launcher3/com.android.quickstep.RecentsActivity
12-23 01:15:28.396 I/wm_finish_activity( 1508): [0,130718318,772,com.android.launcher3/com.android.quickstep.RecentsActivity,force-crash]
12-23 01:15:28.396 I/wm_destroy_activity( 1508): [0,130718318,772,com.android.launcher3/com.android.quickstep.RecentsActivity,finish-imm:finishIfPossible]
12-23 01:15:28.398 I/sysui_multi_action( 1508): [757,316,758,4,759,-1]
12-23 01:15:28.402 W/ContextImpl( 2417): Calling a method in the system process without a qualified user: android.app.ContextImpl.startService:1816 android.content.ContextWrapper.startService:774 com.thundercomm.gamemode.ingame.services.GameModeActionUtils.startGameModeService:99 com.thundercomm.gamemode.ingame.services.GameModeActionUtils.startGameModeEntry:22 com.thundercomm.gamemode.ingame.services.ActivityMonitoringService$1.onActivityLaunch:127
12-23 01:15:28.403 I/GameModeConfig( 1508): Current uri is uri = content://com.thundercomm.gamemode.api/gamemode_settings/gamemode_isgaming
12-23 01:15:28.404 I/GameModeConfig( 1508): isGameModeOn = false
12-23 01:15:28.404 I/GameModeConfig( 1508): isGameModeOn = false
12-23 01:15:28.404 I/GameModeConfig( 1508): isDisableVoice = true
12-23 01:15:28.406 I/ActivityManager( 1508): Process com.android.launcher3 (pid 19425) has died: vis BFGS
12-23 01:15:28.406 I/am_proc_died( 1508): [0,19425,com.android.launcher3,100,5]
12-23 01:15:28.407 W/ActivityManager( 1508): Scheduling restart of crashed service com.android.launcher3/com.android.quickstep.TouchInteractionService in 1000ms for connection
12-23 01:15:28.407 I/am_schedule_service_restart( 1508): [0,com.android.launcher3/com.android.quickstep.TouchInteractionService,1000]
12-23 01:15:28.407 I/am_uid_stopped( 1508): 10078
12-23 01:15:28.407 I/wm_task_removed( 1508): [772,cleanUpResourcesForDestroy]
12-23 01:15:28.407 I/wm_task_removed( 1508): [771,removeChild:removeChild last r=Task{3726ba0 #772 type=recents I=com.android.launcher3/com.android.quickstep.RecentsActivity U=0 visible=false mode=fullscreen translucent=true sz=0} in t=Task{dc87b1e #771 type=recents ?? U=0 visible=false mode=fullscreen translucent=true sz=0}]
12-23 01:15:28.407 I/wm_task_removed( 1508): [771,removeChild]
12-23 01:15:28.407 I/wm_task_removed( 1508): [772,removeChild:removeChild last r=ActivityRecord{7ca9a6e u0 com.android.launcher3/com.android.quickstep.RecentsActivity t-1 f}} in t=Task{3726ba0 #772 type=recents I=com.android.launcher3/com.android.quickstep.RecentsActivity U=0 visible=false mode=fullscreen translucent=true sz=0}]
12-23 01:15:28.407 I/wm_task_removed( 1508): [772,removeChild]
12-23 01:15:28.409 I/am_uid_running( 1508): 10078
12-23 01:15:28.409 D/CompatibilityChangeReporter( 1508): Compat change id reported: 135634846; UID 10078; state: DISABLED
12-23 01:15:28.409 D/CompatibilityChangeReporter( 1508): Compat change id reported: 177438394; UID 10078; state: DISABLED
12-23 01:15:28.409 D/CompatibilityChangeReporter( 1508): Compat change id reported: 135772972; UID 10078; state: DISABLED
12-23 01:15:28.409 D/CompatibilityChangeReporter( 1508): Compat change id reported: 135754954; UID 10078; state: ENABLED
12-23 01:15:28.410 D/CompatibilityChangeReporter( 1508): Compat change id reported: 143937733; UID 10078; state: ENABLED
12-23 01:15:28.414 I/am_proc_start( 1508): [0,19467,10078,com.android.launcher3,service,{com.android.launcher3/com.android.quickstep.TouchInteractionService}]
12-23 01:15:28.414 I/ActivityManager( 1508): Start proc 19467:com.android.launcher3/u0a78 for service {com.android.launcher3/com.android.quickstep.TouchInteractionService}
01-01 08:01:05.669 I/binder ( 0): 19467:19467 ioctl 40046210 7fe8558544 returned -22
12-23 01:15:28.423 I/am_proc_bound( 1508): [0,19467,com.android.launcher3]
12-23 01:15:28.423 I/am_uid_active( 1508): 10078
12-23 01:15:28.456 I/ActivityTaskManager( 1508): START u0 {act=android.intent.action.MAIN cat=[android.intent.category.DEFAULT] flg=0x10010000 cmp=com.android.launcher3/com.android.quickstep.RecentsActivity} from uid 10078
12-23 01:15:28.458 I/wm_task_created( 1508): [773,-1]
12-23 01:15:28.458 W/ActivityTaskManager( 1508): Can't find TaskDisplayArea to determine support for multi window. Task id=773 attached=false
12-23 01:15:28.458 I/wm_task_created( 1508): [774,-1]
12-23 01:15:28.458 I/wm_task_moved( 1508): [774,0,-2147483648]
12-23 01:15:28.459 I/wm_create_task( 1508): [0,774]
12-23 01:15:28.459 I/wm_create_activity( 1508): [0,238056919,774,com.android.launcher3/com.android.quickstep.RecentsActivity,android.intent.action.MAIN,NULL,NULL,276889600]
12-23 01:15:28.460 I/ActivityTaskManager( 1508): The Process com.android.launcher3 Already Exists in BG. So sending its PID: 19467
12-23 01:15:28.460 I/wm_restart_activity( 1508): [0,238056919,774,com.android.launcher3/com.android.quickstep.RecentsActivity]
12-23 01:15:28.460 I/wm_add_to_stopping( 1508): [0,238056919,com.android.launcher3/com.android.quickstep.RecentsActivity,preloadRecents]
12-23 01:15:28.465 W/ContextImpl( 2417): Calling a method in the system process without a qualified user: android.app.ContextImpl.startService:1816 android.content.ContextWrapper.startService:774 com.thundercomm.gamemode.ingame.services.GameModeActionUtils.startGameModeService:99 com.thundercomm.gamemode.ingame.services.GameModeActionUtils.startGameModeEntry:22 com.thundercomm.gamemode.ingame.services.ActivityMonitoringService$1.onActivityLaunch:127
12-23 01:15:28.466 I/GameModeConfig( 1508): Current uri is uri = content://com.thundercomm.gamemode.api/gamemode_settings/gamemode_isgaming
12-23 01:15:28.467 I/GameModeConfig( 1508): isGameModeOn = false
12-23 01:15:28.467 I/GameModeConfig( 1508): isGameModeOn = false
12-23 01:15:28.467 I/GameModeConfig( 1508): isDisableVoice = true
01-01 08:01:05.726 I/binder ( 0): 19467:19494 ioctl 40046210 7b6622c254 returned -22
12-23 01:15:28.521 E/AndroidRuntime(19467): FATAL EXCEPTION: ViewPool-init
12-23 01:15:28.521 E/AndroidRuntime(19467): Process: com.android.launcher3, PID: 19467
12-23 01:15:28.521 E/AndroidRuntime(19467): android.view.InflateException: Binary XML file line #18 in com.android.launcher3:layout/task: Binary XML file line #18 in com.android.launcher3:layout/task: Error inflating class com.android.quickstep.views.TaskView
12-23 01:15:28.521 E/AndroidRuntime(19467): Caused by: android.view.InflateException: Binary XML file line #18 in com.android.launcher3:layout/task: Error inflating class com.android.quickstep.views.TaskView
12-23 01:15:28.521 E/AndroidRuntime(19467): Caused by: java.lang.reflect.InvocationTargetException
12-23 01:15:28.521 E/AndroidRuntime(19467): at java.lang.reflect.Constructor.newInstance0(Native Method)
12-23 01:15:28.521 E/AndroidRuntime(19467): at java.lang.reflect.Constructor.newInstance(Constructor.java:343)
12-23 01:15:28.521 E/AndroidRuntime(19467): at android.view.LayoutInflater.createView(LayoutInflater.java:858)
12-23 01:15:28.521 E/AndroidRuntime(19467): at android.view.LayoutInflater.createViewFromTag(LayoutInflater.java:1010)
12-23 01:15:28.521 E/AndroidRuntime(19467): at android.view.LayoutInflater.createViewFromTag(LayoutInflater.java:965)
12-23 01:15:28.521 E/AndroidRuntime(19467): at android.view.LayoutInflater.inflate(LayoutInflater.java:663)
12-23 01:15:28.521 E/AndroidRuntime(19467): at android.view.LayoutInflater.inflate(LayoutInflater.java:538)
12-23 01:15:28.521 E/AndroidRuntime(19467): at com.android.launcher3.util.ViewPool.inflateNewView(ViewPool.java:106)
12-23 01:15:28.521 E/AndroidRuntime(19467): at com.android.launcher3.util.ViewPool.lambda$initPool$1$ViewPool(ViewPool.java:69)
12-23 01:15:28.521 E/AndroidRuntime(19467): at com.android.launcher3.util.ViewPool$$ExternalSyntheticLambda0.run(Unknown Source:8)
12-23 01:15:28.521 E/AndroidRuntime(19467): at java.lang.Thread.run(Thread.java:920)
12-23 01:15:28.521 E/AndroidRuntime(19467): Caused by: java.lang.ClassCastException: com.android.quickstep.RecentsActivity cannot be cast to com.android.launcher3.Launcher
12-23 01:15:28.521 E/AndroidRuntime(19467): at com.android.launcher3.Launcher.getLauncher(Launcher.java:3019)
12-23 01:15:28.521 E/AndroidRuntime(19467): at com.android.quickstep.views.TaskView.(TaskView.java:416)
12-23 01:15:28.521 E/AndroidRuntime(19467): at com.android.quickstep.views.TaskView.(TaskView.java:410)
12-23 01:15:28.521 E/AndroidRuntime(19467): ... 11 more
12-23 01:15:28.522 I/am_crash( 1508): [19467,0,com.android.launcher3,617332293,java.lang.ClassCastException,com.android.quickstep.RecentsActivity cannot be cast to com.android.launcher3.Launcher,Launcher.java,3019]
12-23 01:15:28.522 W/ActivityTaskManager( 1508): Force finishing activity com.android.launcher3/com.android.quickstep.RecentsActivity
12-23 01:15:28.522 I/wm_finish_activity( 1508): [0,238056919,774,com.android.launcher3/com.android.quickstep.RecentsActivity,force-crash]
12-23 01:15:28.523 I/wm_destroy_activity( 1508): [0,238056919,774,com.android.launcher3/com.android.quickstep.RecentsActivity,finish-imm:finishIfPossible]
12-23 01:15:28.524 I/sysui_multi_action( 1508): [757,316,758,4,759,-1]
12-23 01:15:28.528 W/ContextImpl( 2417): Calling a method in the system process without a qualified user: android.app.ContextImpl.startService:1816 android.content.ContextWrapper.startService:774 com.thundercomm.gamemode.ingame.services.GameModeActionUtils.startGameModeService:99 com.thundercomm.gamemode.ingame.services.GameModeActionUtils.startGameModeEntry:22 com.thundercomm.gamemode.ingame.services.ActivityMonitoringService$1.onActivityLaunch:127
12-23 01:15:28.530 I/GameModeConfig( 1508): Current uri is uri = content://com.thundercomm.gamemode.api/gamemode_settings/gamemode_isgaming
12-23 01:15:28.531 I/GameModeConfig( 1508): isGameModeOn = false
12-23 01:15:28.531 I/GameModeConfig( 1508): isGameModeOn = false
12-23 01:15:28.531 I/GameModeConfig( 1508): isDisableVoice = true
12-23 01:15:28.531 I/ActivityManager( 1508): Process com.android.launcher3 (pid 19467) has died: vis BFGS
12-23 01:15:28.531 I/am_proc_died( 1508): [0,19467,com.android.launcher3,100,5]
12-23 01:15:28.532 W/ActivityManager( 1508): Scheduling restart of crashed service com.android.launcher3/com.android.quickstep.TouchInteractionService in 1000ms for connection
12-23 01:15:28.532 I/am_schedule_service_restart( 1508): [0,com.android.launcher3/com.android.quickstep.TouchInteractionService,1000]
12-23 01:15:28.532 I/am_uid_stopped( 1508): 10078
12-23 01:15:28.533 I/wm_task_removed( 1508): [774,cleanUpResourcesForDestroy]
12-23 01:15:28.533 I/wm_task_removed( 1508): [773,removeChild:removeChild last r=Task{9a482c7 #774 type=recents I=com.android.launcher3/com.android.quickstep.RecentsActivity U=0 visible=false mode=fullscreen translucent=true sz=0} in t=Task{eef701d #773 type=recents ?? U=0 visible=false mode=fullscreen translucent=true sz=0}]
12-23 01:15:28.533 I/wm_task_removed( 1508): [773,removeChild]
12-23 01:15:28.533 I/wm_task_removed( 1508): [774,removeChild:removeChild last r=ActivityRecord{e3075d7 u0 com.android.launcher3/com.android.quickstep.RecentsActivity t-1 f}} in t=Task{9a482c7 #774 type=recents I=com.android.launcher3/com.android.quickstep.RecentsActivity U=0 visible=false mode=fullscreen translucent=true sz=0}]
12-23 01:15:28.533 I/wm_task_removed( 1508): [774,removeChild]
12-23 01:15:28.535 I/am_uid_running( 1508): 10078
12-23 01:15:28.535 D/CompatibilityChangeReporter( 1508): Compat change id reported: 135634846; UID 10078; state: DISABLED
12-23 01:15:28.535 D/CompatibilityChangeReporter( 1508): Compat change id reported: 177438394; UID 10078; state: DISABLED
12-23 01:15:28.535 D/CompatibilityChangeReporter( 1508): Compat change id reported: 135772972; UID 10078; state: DISABLED
12-23 01:15:28.535 D/CompatibilityChangeReporter( 1508): Compat change id reported: 135754954; UID 10078; state: ENABLED
12-23 01:15:28.535 D/CompatibilityChangeReporter( 1508): Compat change id reported: 143937733; UID 10078; state: ENABLED
12-23 01:15:28.539 I/am_proc_start( 1508): [0,19507,10078,com.android.launcher3,service,{com.android.launcher3/com.android.quickstep.TouchInteractionService}]
12-23 01:15:28.539 I/ActivityManager( 1508): Start proc 19507:com.android.launcher3/u0a78 for service {com.android.launcher3/com.android.quickstep.TouchInteractionService}
01-01 08:01:05.793 I/binder ( 0): 19507:19507 ioctl 40046210 7fe8558544 returned -22
12-23 01:15:28.547 I/am_proc_bound( 1508): [0,19507,com.android.launcher3]
12-23 01:15:28.548 I/am_uid_active( 1508): 10078
01-01 08:01:05.798 I/ ( 0): read descriptors
01-01 08:01:05.798 I/ ( 0): read strings
12-23 01:15:28.581 I/ActivityTaskManager( 1508): START u0 {act=android.intent.action.MAIN cat=[android.intent.category.DEFAULT] flg=0x10010000 cmp=com.android.launcher3/com.android.quickstep.RecentsActivity} from uid 10078
12-23 01:15:28.582 I/wm_task_created( 1508): [775,-1]
12-23 01:15:28.582 W/ActivityTaskManager( 1508): Can't find TaskDisplayArea to determine support for multi window. Task id=775 attached=false
12-23 01:15:28.583 I/wm_task_created( 1508): [776,-1]
12-23 01:15:28.583 I/wm_task_moved( 1508): [776,0,-2147483648]
12-23 01:15:28.584 I/wm_create_task( 1508): [0,776]
12-23 01:15:28.584 I/wm_create_activity( 1508): [0,56085976,776,com.android.launcher3/com.android.quickstep.RecentsActivity,android.intent.action.MAIN,NULL,NULL,276889600]
12-23 01:15:28.584 I/ActivityTaskManager( 1508): The Process com.android.launcher3 Already Exists in BG. So sending its PID: 19507
12-23 01:15:28.584 I/wm_restart_activity( 1508): [0,56085976,776,com.android.launcher3/com.android.quickstep.RecentsActivity]
12-23 01:15:28.585 I/wm_add_to_stopping( 1508): [0,56085976,com.android.launcher3/com.android.quickstep.RecentsActivity,preloadRecents]
12-23 01:15:28.590 W/ContextImpl( 2417): Calling a method in the system process without a qualified user: android.app.ContextImpl.startService:1816 android.content.ContextWrapper.startService:774 com.thundercomm.gamemode.ingame.services.GameModeActionUtils.startGameModeService:99 com.thundercomm.gamemode.ingame.services.GameModeActionUtils.startGameModeEntry:22 com.thundercomm.gamemode.ingame.services.ActivityMonitoringService$1.onActivityLaunch:127
12-23 01:15:28.592 I/GameModeConfig( 1508): Current uri is uri = content://com.thundercomm.gamemode.api/gamemode_settings/gamemode_isgaming
12-23 01:15:28.593 I/GameModeConfig( 1508): isGameModeOn = false
12-23 01:15:28.593 I/GameModeConfig( 1508): isGameModeOn = false
12-23 01:15:28.593 I/GameModeConfig( 1508): isDisableVoice = true
01-01 08:01:05.851 I/binder ( 0): 19507:19534 ioctl 40046210 7b6522c254 returned -22
12-23 01:15:28.646 E/AndroidRuntime(19507): FATAL EXCEPTION: ViewPool-init
12-23 01:15:28.646 E/AndroidRuntime(19507): Process: com.android.launcher3, PID: 19507
12-23 01:15:28.646 E/AndroidRuntime(19507): android.view.InflateException: Binary XML file line #18 in com.android.launcher3:layout/task: Binary XML file line #18 in com.android.launcher3:layout/task: Error inflating class com.android.quickstep.views.TaskView
12-23 01:15:28.646 E/AndroidRuntime(19507): Caused by: android.view.InflateException: Binary XML file line #18 in com.android.launcher3:layout/task: Error inflating class com.android.quickstep.views.TaskView
12-23 01:15:28.646 E/AndroidRuntime(19507): Caused by: java.lang.reflect.InvocationTargetException
12-23 01:15:28.646 E/AndroidRuntime(19507): at java.lang.reflect.Constructor.newInstance0(Native Method)
12-23 01:15:28.646 E/AndroidRuntime(19507): at java.lang.reflect.Constructor.newInstance(Constructor.java:343)
12-23 01:15:28.646 E/AndroidRuntime(19507): at android.view.LayoutInflater.createView(LayoutInflater.java:858)
12-23 01:15:28.646 E/AndroidRuntime(19507): at android.view.LayoutInflater.createViewFromTag(LayoutInflater.java:1010)
12-23 01:15:28.646 E/AndroidRuntime(19507): at android.view.LayoutInflater.createViewFromTag(LayoutInflater.java:965)
12-23 01:15:28.646 E/AndroidRuntime(19507): at android.view.LayoutInflater.inflate(LayoutInflater.java:663)
12-23 01:15:28.646 E/AndroidRuntime(19507): at android.view.LayoutInflater.inflate(LayoutInflater.java:538)
12-23 01:15:28.646 E/AndroidRuntime(19507): at com.android.launcher3.util.ViewPool.inflateNewView(ViewPool.java:106)
12-23 01:15:28.646 E/AndroidRuntime(19507): at com.android.launcher3.util.ViewPool.lambda$initPool$1$ViewPool(ViewPool.java:69)
12-23 01:15:28.646 E/AndroidRuntime(19507): at com.android.launcher3.util.ViewPool$$ExternalSyntheticLambda0.run(Unknown Source:8)
12-23 01:15:28.646 E/AndroidRuntime(19507): at java.lang.Thread.run(Thread.java:920)
12-23 01:15:28.646 E/AndroidRuntime(19507): Caused by: java.lang.ClassCastException: com.android.quickstep.RecentsActivity cannot be cast to com.android.launcher3.Launcher
12-23 01:15:28.646 E/AndroidRuntime(19507): at com.android.launcher3.Launcher.getLauncher(Launcher.java:3019)
12-23 01:15:28.646 E/AndroidRuntime(19507): at com.android.quickstep.views.TaskView.(TaskView.java:416)
12-23 01:15:28.646 E/AndroidRuntime(19507): at com.android.quickstep.views.TaskView.(TaskView.java:410)
12-23 01:15:28.646 E/AndroidRuntime(19507): ... 11 more
12-23 01:15:28.646 I/am_crash( 1508): [19507,0,com.android.launcher3,617332293,java.lang.ClassCastException,com.android.quickstep.RecentsActivity cannot be cast to com.android.launcher3.Launcher,Launcher.java,3019]
