01-01 08:00:10.613 I/ ( 0): mv2112_disable_aneg
01-01 08:00:10.613 I/ ( 0): mv2112_setup_forced
01-01 08:00:10.614 I/lan743x 0001( 0): 01:00.0 eth0: Link is Down
01-01 08:00:10.751 I/ ( 0): acc_open
01-01 08:00:10.751 I/ ( 0): acc_release
01-01 08:00:10.786 I/msm_cvp ( 0): warn: DBLP Set: status 0 0
01-01 08:00:10.829 I/msm_vidc( 0): high: 00000001: ....e: Opening video instance: 0000000000000000, 0
01-01 08:00:10.829 I/msm_vidc( 0): err : 00000001: ....e: Failed to create debugfs for msm_vidc
01-01 08:00:10.836 I/msm_vidc( 0): high: 00000001: h265e: Closed video instance: 0000000000000000
01-01 08:00:10.844 I/msm_vidc( 0): high: 00000001: ....d: Opening video instance: 0000000000000000, 1
01-01 08:00:10.844 I/msm_vidc( 0): err : 00000001: ....d: Failed to create debugfs for msm_vidc
01-01 08:00:10.848 I/msm_vidc( 0): high: 00000001: h264d: Closed video instance: 0000000000000000
01-01 08:00:10.855 I/msm_vidc( 0): high: 00000001: ....d: Opening video instance: 0000000000000000, 1
01-01 08:00:10.855 I/msm_vidc( 0): err : 00000001: ....d: Failed to create debugfs for msm_vidc
01-01 08:00:10.859 I/msm_vidc( 0): high: 00000001: h264d: Closed video instance: 0000000000000000
01-01 08:00:10.867 I/ ( 0): Wifi Turning On from UI
01-01 08:00:10.881 I/msm_vidc( 0): high: 00000001: ....d: Opening video instance: 0000000000000000, 1
01-01 08:00:10.881 I/msm_vidc( 0): err : 00000001: ....d: Failed to create debugfs for msm_vidc
01-01 08:00:10.884 I/msm_vidc( 0): high: 00000001: h265d: Closed video instance: 0000000000000000
01-01 08:00:10.889 I/msm_vidc( 0): high: 00000001: ....d: Opening video instance: 0000000000000000, 1
01-01 08:00:10.889 I/msm_vidc( 0): err : 00000001: ....d: Failed to create debugfs for msm_vidc
01-01 08:00:10.894 I/msm_vidc( 0): high: 00000001: h265d: Closed video instance: 0000000000000000
01-01 08:00:10.909 I/msm_vidc( 0): high: 00000001: ....d: Opening video instance: 0000000000000000, 1
01-01 08:00:10.909 I/msm_vidc( 0): err : 00000001: ....d: Failed to create debugfs for msm_vidc
01-01 08:00:10.914 I/msm_vidc( 0): high: 00000001: mpg2d: Closed video instance: 0000000000000000
01-01 08:00:10.921 I/msm_vidc( 0): high: 00000001: ....d: Opening video instance: 0000000000000000, 1
01-01 08:00:10.921 I/msm_vidc( 0): err : 00000001: ....d: Failed to create debugfs for msm_vidc
01-01 08:00:10.929 I/msm_vidc( 0): high: 00000001: mpg2d: Closed video instance: 0000000000000000
01-01 08:00:10.945 I/msm_vidc( 0): high: 00000001: ....d: Opening video instance: 0000000000000000, 1
01-01 08:00:10.945 I/msm_vidc( 0): err : 00000001: ....d: Failed to create debugfs for msm_vidc
01-01 08:00:10.948 I/msm_vidc( 0): high: 00000001: vp8d: Closed video instance: 0000000000000000
01-01 08:00:10.963 I/msm_vidc( 0): high: 00000001: ....d: Opening video instance: 0000000000000000, 1
01-01 08:00:10.963 I/msm_vidc( 0): err : 00000001: ....d: Failed to create debugfs for msm_vidc
01-01 08:00:10.966 I/msm_vidc( 0): high: 00000001: vp9d: Closed video instance: 0000000000000000
01-01 08:00:10.971 I/msm_vidc( 0): high: 00000001: ....d: Opening video instance: 0000000000000000, 1
01-01 08:00:10.971 I/msm_vidc( 0): err : 00000001: ....d: Failed to create debugfs for msm_vidc
01-01 08:00:10.974 I/msm_vidc( 0): high: 00000001: vp9d: Closed video instance: 0000000000000000
01-01 08:00:10.984 I/msm_vidc( 0): high: 00000001: ....e: Opening video instance: 0000000000000000, 0
01-01 08:00:10.984 I/msm_vidc( 0): err : 00000001: ....e: Failed to create debugfs for msm_vidc
01-01 08:00:10.989 I/msm_vidc( 0): high: 00000001: h264e: Closed video instance: 0000000000000000
01-01 08:00:11.020 I/msm_vidc( 0): high: 00000001: ....e: Opening video instance: 0000000000000000, 0
01-01 08:00:11.020 I/msm_vidc( 0): err : 00000001: ....e: Failed to create debugfs for msm_vidc
01-01 08:00:11.023 I/msm_vidc( 0): high: 00000001: h265e: Closed video instance: 0000000000000000
01-01 08:00:11.031 I/msm_vidc( 0): high: 00000001: ....e: Opening video instance: 0000000000000000, 0
01-01 08:00:11.031 I/msm_vidc( 0): err : 00000001: ....e: Failed to create debugfs for msm_vidc
01-01 08:00:11.035 I/msm_vidc( 0): high: 00000001: h265e: Closed video instance: 0000000000000000
01-01 08:00:11.038 I/binder ( 0): 1946:1946 ioctl 40046210 7fe8558544 returned -22
01-01 08:00:11.064 I/msm_vidc( 0): high: 00000001: ....e: Opening video instance: 0000000000000000, 0
01-01 08:00:11.064 I/msm_vidc( 0): err : 00000001: ....e: Failed to create debugfs for msm_vidc
01-01 08:00:11.064 I/msm_vidc( 0): err : 00000001: ....e: msm_vidc_comm_update_ctrl: failed: control name Ltr Count, min 0, max 0, step 0, default_value 0
01-01 08:00:11.068 I/binder ( 0): 1963:1963 ioctl 40046210 7fe8558544 returned -22
01-01 08:00:11.070 I/msm_vidc( 0): high: 00000001: vp8e: Closed video instance: 0000000000000000
12-23 01:14:33.856 D/TelephonyRegistry( 1508): listen oscl: mHasNotifySubscriptionInfoChangedOccurred==false no callback
12-23 01:14:33.858 D/TelephonyRegistry( 1508): listen oscl: mHasNotifySubscriptionInfoChangedOccurred==false no callback
12-23 01:14:33.871 D/TelephonyRegistry( 1508): listen oscl: mHasNotifySubscriptionInfoChangedOccurred==false no callback
12-23 01:14:33.892 D/TelephonyRegistry( 1508): listen oscl: mHasNotifySubscriptionInfoChangedOccurred==false no callback
12-23 01:14:33.908 W/CarrierConfigManager( 1508): Error getting config for subId -1 ICarrierConfigLoader is null
12-23 01:14:33.952 D/TelephonyRegistry( 1508): systemRunning register for intents
01-01 08:00:11.204 I/binder ( 0): 2013:2013 ioctl 40046210 7fe8558544 returned -22
01-01 08:00:11.207 I/binder ( 0): 2012:2012 ioctl 40046210 ffaa7328 returned -22
01-01 08:00:11.209 I/binder ( 0): 2015:2015 ioctl 40046210 7fe8558544 returned -22
01-01 08:00:11.229 I/binder ( 0): 1194:1194 ioctl 40046210 7fede42524 returned -22
01-01 08:00:11.233 E/init ( 0): Control message: Could not find 'vendor.qti.hardware.iop@2.0::IIop/default' for ctl.interface_start from pid: 498 (/system/bin/hwservicemanager)
01-01 08:00:11.245 E/init ( 0): Control message: Could not find 'vendor.qti.hardware.iop@2.0::IIop/default' for ctl.interface_start from pid: 498 (/system/bin/hwservicemanager)
01-01 08:00:11.266 E/init ( 0): Control message: Could not find 'vendor.qti.hardware.iop@2.0::IIop/default' for ctl.interface_start from pid: 498 (/system/bin/hwservicemanager)
01-01 08:00:11.269 I/binder ( 0): 2061:2061 ioctl 40046210 7fe8558544 returned -22
12-23 01:14:34.070 D/TelephonyRegistry( 1508): listen oscl: mHasNotifySubscriptionInfoChangedOccurred==false no callback
01-01 08:00:11.331 I/msm_vidc( 0): high: 00000001: ....d: Opening video instance: 0000000000000000, 1
01-01 08:00:11.331 I/msm_vidc( 0): err : 00000001: ....d: Failed to create debugfs for msm_vidc
01-01 08:00:11.366 E/init ( 0): Control message: Could not find 'vendor.qti.hardware.iop@2.0::IIop/default' for ctl.interface_start from pid: 498 (/system/bin/hwservicemanager)
01-01 08:00:11.392 E/init ( 0): Control message: Could not find 'vendor.qti.hardware.iop@2.0::IIop/default' for ctl.interface_start from pid: 498 (/system/bin/hwservicemanager)
01-01 08:00:11.430 I/binder ( 0): 2137:2137 ioctl 40046210 7fe8558544 returned -22
01-01 08:00:11.431 I/binder ( 0): 2146:2146 ioctl 40046210 7fe8558544 returned -22
01-01 08:00:11.436 I/binder ( 0): 2151:2151 ioctl 40046210 7fe8558544 returned -22
01-01 08:00:11.447 I/binder ( 0): 2148:2148 ioctl 40046210 7fe8558544 returned -22
01-01 08:00:11.450 E/init ( 0): Control message: Could not find 'vendor.qti.hardware.iop@2.0::IIop/default' for ctl.interface_start from pid: 498 (/system/bin/hwservicemanager)
01-01 08:00:11.456 I/afe_find_cal_topo_id_by_port( 0): port id: 0x9000, dev_acdb_id: 0
01-01 08:00:11.456 I/afe_find_cal_topo_id_by_port( 0): top_id:112fc acdb_id:15 afe_port:0x9000
01-01 08:00:11.456 I/afe_get_cal_topology_id( 0): port_id = 0x9000 acdb_id = 15 topology_id = 0x112fc cal_type_index=8 ret=0
01-01 08:00:11.457 I/afe_send_port_topology_id( 0): AFE set topology id 0x112fc enable for port 0x9000 ret 0
01-01 08:00:11.457 I/send_afe_cal_type( 0): cal_index is 0
01-01 08:00:11.457 I/send_afe_cal_type( 0): dev_acdb_id[55] is 0
01-01 08:00:11.457 I/send_afe_cal_type( 0): Sending cal_index cal 0
01-01 08:00:11.457 E/send_afe_cal_type( 0): No cal sent for cal_index 0, port_id = 0x9000! ret -22
01-01 08:00:11.457 I/afe_send_hw_delay( 0): port_id 0x9000 rate 48000 delay_usec 474 status 0
01-01 08:00:11.484 I/binder ( 0): 2207:2207 ioctl 40046210 7fe8558544 returned -22
01-01 08:00:11.496 E/ ( 0): [MAX975X:max96755x_drm_notifier_callback] *ERROR* receives EARLY_BLANK:UNBLANK
01-01 08:00:11.496 I/cyttsp7_i2c_adapter 0-0024( 0): FB event:2,blank:0
01-01 08:00:11.496 I/cyttsp7_i2c_adapter 0-0024( 0): suspend: event = 2, blank = 0, not care
01-01 08:00:11.496 I/[drm:dsi_display_set_mode] [msm-dsi-info]( 0): mdp_transfer_time_us=0 us
01-01 08:00:11.496 I/[drm:dsi_display_set_mode] [msm-dsi-info]( 0): hactive= 2380,vactive= 1020,fps=60
01-01 08:00:11.496 I/[drm:dsi_ctrl_isr_configure] [msm-dsi-info]( 0): dsi-ctrl-0: IRQ 402 registered
01-01 08:00:11.507 E/init ( 0): Control message: Could not find 'vendor.qti.hardware.iop@2.0::IIop/default' for ctl.interface_start from pid: 498 (/system/bin/hwservicemanager)
01-01 08:00:11.515 E/init ( 0): Control message: Could not find 'vendor.qti.hardware.iop@2.0::IIop/default' for ctl.interface_start from pid: 498 (/system/bin/hwservicemanager)
01-01 08:00:11.536 I/binder ( 0): 1946:1946 ioctl 40046210 7fe8557bb4 returned -22
01-01 08:00:11.537 I/binder ( 0): 2239:2239 ioctl 40046210 7fe8558544 returned -22
01-01 08:00:11.548 I/binder ( 0): 2257:2257 ioctl 40046210 7fe8558544 returned -22
01-01 08:00:11.562 E/ ( 0): [MAX975X:max96755x_drm_notifier_callback] *ERROR* receives BLANK:UNBLANK
01-01 08:00:11.562 I/cyttsp7_i2c_adapter 0-0024( 0): FB event:1,blank:0
01-01 08:00:11.562 I/cyttsp7_i2c_adapter 0-0024( 0): drm_notifier_callback: UNBLANK! Resume by drm notifier.
01-01 08:00:11.577 I/binder ( 0): 2285:2285 ioctl 40046210 7fe8558544 returned -22
01-01 08:00:11.588 I/binder ( 0): 2146:2335 ioctl 40046210 7bd0be49e4 returned -22
01-01 08:00:11.591 I/binder ( 0): 2310:2310 ioctl 40046210 7fe8558544 returned -22
01-01 08:00:11.616 I/binder ( 0): 2315:2315 ioctl 40046210 7fe8558544 returned -22
01-01 08:00:11.627 I/binder ( 0): 2341:2341 ioctl 40046210 7fe8558544 returned -22
01-01 08:00:11.631 I/binder ( 0): 2345:2345 ioctl 40046210 7fe8558544 returned -22
01-01 08:00:11.633 D/ ( 0): mv2112_read_status
01-01 08:00:11.634 D/mv2112_update_link( 0): 3.0x901(1G): 0x80
01-01 08:00:11.634 D/mv2112_update_link( 0): 3.0x8109(100M): 0x8
01-01 08:00:11.634 D/mv2112_update_link( 0): link 0x0
01-01 08:00:11.634 D/mv2112_read_status( 0): autoneg is disabled
01-01 08:00:11.637 I/binder ( 0): 2352:2352 ioctl 40046210 7fe8558544 returned -22
01-01 08:00:11.647 I/binder ( 0): 2362:2362 ioctl 40046210 7fe8558544 returned -22
01-01 08:00:11.649 I/binder ( 0): 2310:2310 ioctl 40046210 7fe85574f4 returned -22
01-01 08:00:11.674 I/binder ( 0): 2417:2417 ioctl 40046210 7fe8558544 returned -22
01-01 08:00:11.687 I/binder ( 0): 2341:2341 ioctl 40046210 7fe85570b4 returned -22
12-23 01:14:34.445 D/TelephonyRegistry( 1508): listen oscl: mHasNotifySubscriptionInfoChangedOccurred==false no callback
01-01 08:00:11.696 I/binder ( 0): 2439:2439 ioctl 40046210 7fe8558544 returned -22
01-01 08:00:11.750 I/binder ( 0): 2352:2352 ioctl 40046210 7fe8556524 returned -22
12-23 01:14:34.522 D/TelephonyRegistry( 1508): listen oscl: mHasNotifySubscriptionInfoChangedOccurred==false no callback
01-01 08:00:11.770 I/binder ( 0): 2500:2500 ioctl 40046210 7fe8558544 returned -22
12-23 01:14:34.532 D/TelephonyRegistry( 1508): notifyCellLocationForSubscriber: subId=2147483647 cellIdentity=null
01-01 08:00:11.813 E/bt_ioctl( 0): BT_CMD_PWR_CTRL pwr_cntrl:0
01-01 08:00:11.813 E/bt_ioctl( 0): BT state already:0 no change done
01-01 08:00:11.813 E/bt_ioctl( 0): BT_CMD_PWR_CTRL pwr_cntrl:1
01-01 08:00:11.813 I/bt_power vendor( 0): bt_qca6390: Linked as a consumer to regulator.9
01-01 08:00:11.813 E/bt_vreg_enable( 0): vreg_en successful for : qca,bt-vdd-aon
01-01 08:00:11.813 I/bt_power vendor( 0): bt_qca6390: Linked as a consumer to regulator.51
01-01 08:00:11.813 E/bt_vreg_enable( 0): vreg_en successful for : qca,bt-vdd-dig
01-01 08:00:11.814 I/bt_power vendor( 0): bt_qca6390: Linked as a consumer to regulator.8
01-01 08:00:11.814 E/bt_vreg_enable( 0): vreg_en successful for : qca,bt-vdd-rfa1
01-01 08:00:11.814 I/bt_power vendor( 0): bt_qca6390: Linked as a consumer to regulator.36
01-01 08:00:11.814 E/bt_vreg_enable( 0): vreg_en successful for : qca,bt-vdd-rfa2
01-01 08:00:11.814 I/bt_power vendor( 0): bt_qca6390: Linked as a consumer to regulator.27
01-01 08:00:11.815 E/bt_vreg_enable( 0): vreg_en successful for : qca,bt-vdd-asd
01-01 08:00:11.818 I/binder ( 0): 2362:2495 ioctl 40046210 7b6a4ea1f4 returned -22
01-01 08:00:11.838 I/binder ( 0): 2536:2536 ioctl 40046210 7fe8558544 returned -22
01-01 08:00:11.842 I/binder ( 0): 1963:2562 ioctl 40046210 7b58682124 returned -22
01-01 08:00:11.866 I/binder ( 0): 2569:2569 ioctl 40046210 7fe8558544 returned -22
01-01 08:00:11.869 I/bt_configure_gpios( 0): BTON:Turn Bt Off bt-reset-gpio(1121) value(0)
01-01 08:00:11.869 I/bt_configure_gpios( 0): BTON:Turn Bt Off
01-01 08:00:11.869 I/bt_configure_gpios( 0): bt-sw-ctrl-gpio(1224) value(1)
01-01 08:00:11.869 I/bt_enable_bt_reset_gpios_safely( 0): bt_enable_bt_reset_gpios_safely: BTON:Turn Bt On
01-01 08:00:11.869 I/bt_enable_bt_reset_gpios_safely( 0): bt_enable_bt_reset_gpios_safely: wl-reset-gpio(1120) value(1)
01-01 08:00:11.869 I/bt_enable_bt_reset_gpios_safely( 0): bt_enable_bt_reset_gpios_safely: BTON: Asserting BT_EN
12-23 01:14:34.658 W/CarrierConfigManager( 1963): Error getting config for subId -1 ICarrierConfigLoader is null
12-23 01:14:34.663 D/TelephonyRegistry( 1508): listen oscl: mHasNotifySubscriptionInfoChangedOccurred==false no callback
01-01 08:00:11.925 I/bt_configure_gpios( 0): BTON:Turn Bt On bt-reset-gpio(1121) value(1)
01-01 08:00:11.925 I/bt_configure_gpios( 0): BTON:Turn Bt On
01-01 08:00:11.925 I/bt_configure_gpios( 0): bt-sw-ctrl-gpio(1224) value(1)
01-01 08:00:11.925 I/bt_configure_gpios( 0): bt_gpio= 1121 on: 1 is successful
01-01 08:00:11.952 E/bt_ioctl( 0): unified Current SOC Version : 400a0200
01-01 08:00:12.541 D/qbt ( 0): qbt_open: entry minor_no=0 fd_available=1
01-01 08:00:12.541 D/qbt ( 0): qbt_open: exit : 0 fd_available=0
01-01 08:00:12.542 D/qbt ( 0): qbt_open: entry minor_no=1 fd_available=0
01-01 08:00:12.542 D/qbt ( 0): qbt_open: exit : 0 fd_available=0
01-01 08:00:12.542 D/qbt ( 0): qbt_ioctl: cmd received 107
01-01 08:00:12.542 D/qbt ( 0): qbt_ioctl: Acquiring wakelock
01-01 08:00:12.542 I/binder ( 0): 2648:2648 ioctl 40046210 7fe8558544 returned -22
01-01 08:00:12.547 W/QSEECOM ( 0): qseecom_load_app: App (fingerpr) does'nt exist, loading apps for first time
01-01 08:00:12.559 I/android_work( 0): did not send uevent (0 0 0000000000000000)
12-23 01:14:35.337 F/libc ( 2672): Fatal signal 6 (SIGABRT), code -1 (SI_QUEUE) in tid 2672 (init), pid 2672 (init)
01-01 08:00:12.579 W/ ( 0): Boot completed
01-01 08:00:12.618 I/ ( 0): read descriptors
01-01 08:00:12.618 I/ ( 0): read strings
12-23 01:14:35.375 F/libc ( 2672): crash_dump helper failed to exec, or was killed
01-01 08:00:12.651 I/binder ( 0): 2695:2695 ioctl 40046210 7fe9e398d4 returned -22
01-01 08:00:12.653 D/ ( 0): mv2112_read_status
01-01 08:00:12.654 D/mv2112_update_link( 0): 3.0x901(1G): 0x80
01-01 08:00:12.654 D/mv2112_update_link( 0): 3.0x8109(100M): 0x8
01-01 08:00:12.654 D/mv2112_update_link( 0): link 0x0
01-01 08:00:12.654 D/mv2112_read_status( 0): autoneg is disabled
01-01 08:00:12.667 W/QSEECOM ( 0): qseecom_load_app: App with id 7 (fingerpr) now loaded
01-01 08:00:12.672 E/msm-dwc3 a600000.ssusb( 0): Could not get usb psy
01-01 08:00:12.676 I/binder ( 0): 2699:2699 ioctl 40046210 7fe8558544 returned -22
01-01 08:00:12.719 I/ ( 0): sdcardfs version 2.0
01-01 08:00:12.719 I/sdcardfs( 0): dev_name -> /data/media
01-01 08:00:12.719 I/sdcardfs( 0): options -> fsuid=1023,fsgid=1023,multiuser,derive_gid,default_normal,unshared_obb,mask=6,userid=0,gid=1015
01-01 08:00:12.719 I/sdcardfs( 0): mnt -> 00000000f46c7c49
01-01 08:00:12.719 I/sdcardfs( 0): mounted on top of /data/media type f2fs
01-01 08:00:12.720 I/ ( 0): Remount options were mask=23,gid=9997 for vfsmnt 000000007ac14902.
01-01 08:00:12.720 I/sdcardfs( 0): options - debug:1
01-01 08:00:12.720 I/sdcardfs( 0): options - gid:9997
01-01 08:00:12.720 I/sdcardfs( 0): options - mask:23
01-01 08:00:12.720 I/ ( 0): Remount options were mask=7,gid=9997 for vfsmnt 000000005576ca92.
01-01 08:00:12.720 I/sdcardfs( 0): options - debug:1
01-01 08:00:12.720 I/sdcardfs( 0): options - gid:9997
01-01 08:00:12.720 I/sdcardfs( 0): options - mask:7
01-01 08:00:12.720 I/ ( 0): Remount options were mask=7,gid=9997 for vfsmnt 00000000add67505.
01-01 08:00:12.720 I/sdcardfs( 0): options - debug:1
01-01 08:00:12.720 I/sdcardfs( 0): options - gid:9997
01-01 08:00:12.720 I/sdcardfs( 0): options - mask:7
01-01 08:00:12.732 D/cnss ( 0): Received QMI WLFW pin connect result indication
01-01 08:00:12.732 D/cnss ( 0): Pin connect Result: pwr_pin: 0x0 phy_io_pin: 0x0 rf_io_pin: 0x2b
01-01 08:00:12.732 D/cnss ( 0): Received QMI WLFW calibration done indication
01-01 08:00:12.732 D/cnss ( 0): Posting event: COLD_BOOT_CAL_DONE(6), state: 0xf flags: 0x0
01-01 08:00:12.732 D/cnss ( 0): PM stay awake, state: 0xf, count: 1
01-01 08:00:12.732 D/cnss ( 0): PM relax, state: 0xf, count: 0
01-01 08:00:12.732 D/cnss ( 0): Received QMI WLFW FW ready indication
01-01 08:00:12.732 D/cnss ( 0): Posting event: COLD_BOOT_CAL_DONE(6), state: 0xf flags: 0x0
01-01 08:00:12.732 D/cnss ( 0): PM stay awake, state: 0xf, count: 1
01-01 08:00:12.732 D/cnss ( 0): PM relax, state: 0xf, count: 0
01-01 08:00:12.732 D/cnss ( 0): PM stay awake, state: 0xf, count: 1
01-01 08:00:12.732 D/cnss ( 0): Processing driver event: COLD_BOOT_CAL_DONE(6), state: 0xf
01-01 08:00:12.732 D/cnss ( 0): Calibration completed successfully
01-01 08:00:12.732 D/cnss ( 0): Sending mode message, mode: OFF(4), state: 0xf
01-01 08:00:12.738 D/cnss ( 0): WLFW server exiting
01-01 08:00:12.738 D/cnss ( 0): Posting event: SERVER_EXIT(1), state: 0x2000f flags: 0x0
01-01 08:00:12.738 D/cnss ( 0): Skip driver remove
01-01 08:00:12.738 D/cnss ( 0): Read register offset 0x1f8031c, val = 0x2
01-01 08:00:12.738 D/cnss ( 0): Write val 0x3 to register offset 0x1f8031c
01-01 08:00:12.740 D/cnss ( 0): Setting MHI state: POWER_OFF(4)
01-01 08:00:12.760 I/binder ( 0): 2753:2753 ioctl 40046210 ffaa7328 returned -22
01-01 08:00:12.762 D/cnss ( 0): Suspending PCI link
01-01 08:00:12.767 E/msm-dwc3 a600000.ssusb( 0): Could not get usb psy
01-01 08:00:12.769 I/msm_pcie_disable( 0): PCIe: Assert the reset of endpoint of RC0.
01-01 08:00:12.770 D/cnss ( 0): Setting MHI state: DEINIT(1)
01-01 08:00:12.770 D/cnss ( 0): De-assert WLAN_EN GPIO successfully
01-01 08:00:12.770 D/cnss ( 0): Regulator vdd-wlan-rfa2 is being disabled
01-01 08:00:12.770 D/cnss ( 0): Regulator vdd-wlan-rfa1 is being disabled
01-01 08:00:12.770 D/cnss ( 0): Regulator vdd-wlan-dig is being disabled
01-01 08:00:12.770 D/cnss ( 0): Regulator vdd-wlan-aon is being disabled
01-01 08:00:12.770 D/cnss ( 0): Regulator wlan-ant-switch is being disabled
01-01 08:00:12.770 D/cnss ( 0): Regulator vdd-wlan-io is being disabled
01-01 08:00:12.778 I/devfreq-qcom-fw 18590000.qcom,devfreq-l3( 0): qcom,cdsp-cdsp-l3-lat: Successfully started CDSP L3 governor
01-01 08:00:12.783 I/binder ( 0): 2774:2774 ioctl 40046210 7fe8558544 returned -22
01-01 08:00:12.785 W/audit ( 0): audit_lost=1 audit_rate_limit=5 audit_backlog_limit=64
01-01 08:00:12.785 E/audit ( 0): rate limit exceeded
01-01 08:00:12.796 I/binder ( 0): 2765:2765 ioctl 40046210 7fe8558544 returned -22
01-01 08:00:12.799 I/binder ( 0): 2794:2794 ioctl 40046210 7fe8558544 returned -22
01-01 08:00:12.816 I/binder ( 0): 2699:2832 ioctl 40046210 7b6b4dd934 returned -22
01-01 08:00:12.820 I/binder ( 0): 2806:2806 ioctl 40046210 7fe8558544 returned -22
01-01 08:00:12.826 D/cnss ( 0): Processing driver event: COLD_BOOT_CAL_DONE(6), state: 0x20001
01-01 08:00:12.826 D/cnss ( 0): Posting event: REGISTER_DRIVER(7)-sync, state: 0x20001 flags: 0x5
01-01 08:00:12.826 D/cnss ( 0): Processing driver event: SERVER_EXIT(1), state: 0x20001
01-01 08:00:12.826 I/cnss ( 0): QMI WLFW service disconnected, state: 0x20000
01-01 08:00:12.827 D/cnss ( 0): Processing driver event: REGISTER_DRIVER-sync(7), state: 0x0
01-01 08:00:12.827 D/cnss ( 0): Regulator vdd-wlan-io is being enabled
01-01 08:00:12.827 D/cnss ( 0): Regulator wlan-ant-switch is being enabled
01-01 08:00:12.827 D/cnss ( 0): Regulator vdd-wlan-aon is being enabled
01-01 08:00:12.827 D/cnss ( 0): Regulator vdd-wlan-dig is being enabled
01-01 08:00:12.827 D/cnss ( 0): Regulator vdd-wlan-rfa1 is being enabled
01-01 08:00:12.827 D/cnss ( 0): Regulator vdd-wlan-rfa2 is being enabled
01-01 08:00:12.827 D/cnss ( 0): BT_EN_GPIO State: On
01-01 08:00:12.828 D/cnss ( 0): Assert WLAN_EN GPIO successfully
01-01 08:00:12.828 D/cnss ( 0): Resuming PCI link
01-01 08:00:12.828 I/msm_pcie_enable( 0): PCIe: Assert the reset of endpoint of RC0.
01-01 08:00:12.831 I/msm_pcie_enable( 0): PCIe: RC0: PCIE20_PARF_INT_ALL_MASK: 0x7f80d202
01-01 08:00:12.833 I/pcie_phy_init( 0): PCIe RC0 PHY is ready!
01-01 08:00:12.839 I/binder ( 0): 2839:2839 ioctl 40046210 7fe8558544 returned -22
01-01 08:00:12.843 I/msm_pcie_enable( 0): PCIe: Release the reset of endpoint of RC0.
01-01 08:00:12.852 I/binder ( 0): 1165:1165 ioctl 40046210 7fc05a9984 returned -22
01-01 08:00:12.855 I/android_work( 0): sent uevent USB_STATE=CONNECTED
01-01 08:00:12.857 W/QSEECOM ( 0): __qseecom_unload_app: App (7) is unloaded
01-01 08:00:12.858 D/qbt ( 0): qbt_release: entry minor_no=0 fd_available=0
01-01 08:00:12.858 D/qbt ( 0): qbt_release: Releasing wakelock
01-01 08:00:12.858 D/qbt ( 0): qbt_release: exit : fd_available=1
01-01 08:00:12.858 D/qbt ( 0): qbt_release: entry minor_no=1 fd_available=1
01-01 08:00:12.858 D/qbt ( 0): qbt_release: exit : fd_available=1
01-01 08:00:12.860 I/msm_pcie_link_train( 0): PCIe RC0 link initialized
01-01 08:00:12.867 I/binder ( 0): 2865:2865 ioctl 40046210 7fe8558544 returned -22
01-01 08:00:12.873 I/cnss_pci 0000( 0): 01:00.0: enabling device (0000 -> 0002)
01-01 08:00:12.874 D/cnss ( 0): Config PCIe remap window register to 0x4000003f
01-01 08:00:12.874 D/cnss ( 0): Read register offset 0x1f8031c, val = 0x6
01-01 08:00:12.874 D/cnss ( 0): Write val 0x2 to register offset 0x1f8031c
01-01 08:00:12.874 D/cnss ( 0): Setting MHI state: INIT(0)
01-01 08:00:12.874 D/cnss ( 0): Setting MHI state: POWER_ON(2)
01-01 08:00:12.874 E/msm-dwc3 a600000.ssusb( 0): Could not get usb psy
01-01 08:00:12.874 W/cnss_pci 0000( 0): 01:00.0: Falling back to syfs fallback for: qca6390/amss20.bin
01-01 08:00:12.876 I/ueventd ( 0): firmware: loading 'qca6390/amss20.bin' for '/devices/platform/soc/1c00000.qcom,pcie/pci0000:00/0000:00:00.0/0000:01:00.0/firmware/qca6390!amss20.bin'
01-01 08:00:12.878 W/perfetto( 0): enabled ftrace
01-01 08:00:12.881 I/ueventd ( 0): loading /devices/platform/soc/1c00000.qcom,pcie/pci0000:00/0000:00:00.0/0000:01:00.0/firmware/qca6390!amss20.bin took 5ms
01-01 08:00:12.886 I/binder ( 0): 2765:2765 ioctl 40046210 7fe8557434 returned -22
01-01 08:00:12.891 I/binder ( 0): 2887:2887 ioctl 40046210 7fe8558544 returned -22
01-01 08:00:12.896 I/configfs-gadget gadget( 0): high-speed config #1: b
01-01 08:00:12.897 E/msm-dwc3 a600000.ssusb( 0): Could not get usb psy
01-01 08:00:12.897 I/android_work( 0): sent uevent USB_STATE=CONFIGURED
01-01 08:00:12.918 I/binder ( 0): 2917:2917 ioctl 40046210 7fe8558544 returned -22
01-01 08:00:12.931 I/binder ( 0): 2926:2926 ioctl 40046210 7fe8558544 returned -22
01-01 08:00:12.940 I/zram0 ( 0): detected capacity change from 0 to 4294967296
12-23 01:14:35.697 D/TelephonyRegistry( 1508): listen oscl: mHasNotifySubscriptionInfoChangedOccurred==false no callback
01-01 08:00:12.946 I/binder ( 0): 2957:2957 ioctl 40046210 7fe8558544 returned -22
01-01 08:00:12.951 I/ ( 0): Adding 4194300k swap on /dev/block/zram0. Priority:32758 extents:1 across:4194300k SS
01-01 08:00:13.012 E/bt_ioctl( 0): BT_CMD_PWR_CTRL pwr_cntrl:2
01-01 08:00:13.012 E/bt_vreg_unvote( 0): vreg_unvote successful for : qca,bt-vdd-rfa2
01-01 08:00:13.012 E/bt_vreg_unvote( 0): vreg_unvote successful for : qca,bt-vdd-rfa1
01-01 08:00:13.012 E/bt_vreg_unvote( 0): vreg_unvote successful for : qca,bt-vdd-dig
01-01 08:00:13.012 E/bt_vreg_unvote( 0): vreg_unvote successful for : qca,bt-vdd-aon
01-01 08:00:13.028 I/binder ( 0): 3010:3010 ioctl 40046210 7fe8558544 returned -22
01-01 08:00:13.051 D/qbt ( 0): qbt_open: entry minor_no=0 fd_available=1
01-01 08:00:13.051 D/qbt ( 0): qbt_open: exit : 0 fd_available=0
01-01 08:00:13.051 D/qbt ( 0): qbt_open: entry minor_no=1 fd_available=0
01-01 08:00:13.052 D/qbt ( 0): qbt_open: exit : 0 fd_available=0
01-01 08:00:13.052 D/qbt ( 0): qbt_ioctl: cmd received 107
01-01 08:00:13.052 D/qbt ( 0): qbt_ioctl: Acquiring wakelock
01-01 08:00:13.053 I/binder ( 0): 2957:3053 ioctl 40046210 7b6a5e7944 returned -22
01-01 08:00:13.069 I/binder ( 0): 2239:2239 ioctl 40046210 7fe85572a4 returned -22
01-01 08:00:13.075 W/QSEECOM ( 0): qseecom_load_app: App (fingerpr) does'nt exist, loading apps for first time
01-01 08:00:13.085 I/ ( 0): mtp_open
01-01 08:00:13.092 I/ ( 0): tsnv nv_initialize successfully!
01-01 08:00:13.115 I/binder ( 0): 2865:2967 ioctl 40046210 7b6b7ec1f4 returned -22
01-01 08:00:13.130 I/binder ( 0): 2148:2148 ioctl 40046210 7fe8557ed4 returned -22
01-01 08:00:13.156 I/binder ( 0): 3102:3102 ioctl 40046210 7fe8558544 returned -22
01-01 08:00:13.196 W/QSEECOM ( 0): qseecom_load_app: App with id 8 (fingerpr) now loaded
01-01 08:00:13.219 I/msm_vidc( 0): high: 00000002: ....d: Opening video instance: 0000000000000000, 1
01-01 08:00:13.219 I/msm_vidc( 0): err : 00000002: ....d: Failed to create debugfs for msm_vidc
01-01 08:00:13.260 D/cnss ( 0): MHI status cb is called with reason MISSION_MODE(6)
01-01 08:00:13.260 D/cnss ( 0): Completed event: REGISTER_DRIVER(7), state: 0x10, ret: 0/0
01-01 08:00:13.260 D/cnss ( 0): PM relax, state: 0x10, count: 0
01-01 08:00:13.260 D/cnss ( 0): PM stay awake, state: 0x10, count: 1
01-01 08:00:13.260 D/cnss ( 0): PM relax, state: 0x10, count: 0
01-01 08:00:13.265 E/register_client_adhoc( 0): find path.src 1 dest 589
01-01 08:00:13.266 E/register_client_adhoc( 0): Failed to find path.src 1 dest 589
01-01 08:00:13.273 W/ALERT ( 0): changing window size from 20000000 to 16000000 at 11020029994
01-01 08:00:13.274 I/binder ( 0): 3169:3169 ioctl 40046210 7fe8558544 returned -22
01-01 08:00:13.281 E/ ( 0): [drm:dp_display_init_aux_switch][msm-dp-err][464 ]failed to register notifier (-22)
01-01 08:00:13.294 E/swr-wcd rx_swr_ctrl( 0): swrm_get_logical_dev_num: device 0xd01170224 is not ready
01-01 08:00:13.294 E/swr_get_logical_dev_num( 0): Error -22 to get logical addr for device d01170224
01-01 08:00:13.294 E/swr-wcd rx_swr_ctrl( 0): swrm_get_logical_dev_num: device 0xd01170224 is not ready
01-01 08:00:13.294 E/swr_get_logical_dev_num( 0): Error -22 to get logical addr for device d01170224
01-01 08:00:13.294 E/swr-wcd rx_swr_ctrl( 0): swrm_get_logical_dev_num: device 0xd01170224 is not ready
01-01 08:00:13.294 E/swr_get_logical_dev_num( 0): Error -22 to get logical addr for device d01170224
01-01 08:00:13.294 E/swr-wcd rx_swr_ctrl( 0): swrm_get_logical_dev_num: device 0xd01170224 is not ready
01-01 08:00:13.294 E/swr_get_logical_dev_num( 0): Error -22 to get logical addr for device d01170224
01-01 08:00:13.294 E/swr-wcd rx_swr_ctrl( 0): swrm_get_logical_dev_num: device 0xd01170224 is not ready
01-01 08:00:13.294 E/swr_get_logical_dev_num( 0): Error -22 to get logical addr for device d01170224
01-01 08:00:13.294 E/wcd938x_codec wcd938x-codec( 0): wcd938x_bind: Slave bind failed, ret = -517
01-01 08:00:13.294 E/register_client_adhoc( 0): find path.src 1 dest 589
12-23 01:14:36.092 E/AndroidRuntime( 2345): FATAL EXCEPTION: main
12-23 01:14:36.092 E/AndroidRuntime( 2345): Process: com.qualcomm.qti.devicestatisticsservice, PID: 2345
12-23 01:14:36.092 E/AndroidRuntime( 2345): java.lang.NoClassDefFoundError: Failed resolution of: Landroid/hidl/manager/V1_0/IServiceNotification$Stub;
12-23 01:14:36.092 E/AndroidRuntime( 2345): at com.qualcomm.qti.devicestatisticsservice.DeviceStatisticsService.onStartCommand(DeviceStatisticsService.java:83)
12-23 01:14:36.092 E/AndroidRuntime( 2345): at android.app.ActivityThread.handleServiceArgs(ActivityThread.java:4640)
12-23 01:14:36.092 E/AndroidRuntime( 2345): at android.app.ActivityThread.access$2000(ActivityThread.java:248)
12-23 01:14:36.092 E/AndroidRuntime( 2345): at android.app.ActivityThread$H.handleMessage(ActivityThread.java:2092)
12-23 01:14:36.092 E/AndroidRuntime( 2345): at android.os.Handler.dispatchMessage(Handler.java:106)
12-23 01:14:36.092 E/AndroidRuntime( 2345): at android.os.Looper.loopOnce(Looper.java:201)
12-23 01:14:36.092 E/AndroidRuntime( 2345): at android.os.Looper.loop(Looper.java:288)
12-23 01:14:36.092 E/AndroidRuntime( 2345): at android.app.ActivityThread.main(ActivityThread.java:7880)
12-23 01:14:36.092 E/AndroidRuntime( 2345): at java.lang.reflect.Method.invoke(Native Method)
12-23 01:14:36.092 E/AndroidRuntime( 2345): at com.android.internal.os.RuntimeInit$MethodAndArgsCaller.run(RuntimeInit.java:548)
12-23 01:14:36.092 E/AndroidRuntime( 2345): at com.android.internal.os.ZygoteInit.main(ZygoteInit.java:1009)
12-23 01:14:36.092 E/AndroidRuntime( 2345): Caused by: java.lang.ClassNotFoundException: android.hidl.manager.V1_0.IServiceNotification$Stub
12-23 01:14:36.092 E/AndroidRuntime( 2345): ... 11 more
01-01 08:00:13.295 E/register_client_adhoc( 0): Failed to find path.src 1 dest 589
01-01 08:00:13.341 D/cnss ( 0): WLFW server arriving: node 7 port 1
01-01 08:00:13.341 D/cnss ( 0): Posting event: SERVER_ARRIVE(0), state: 0x10 flags: 0x0
01-01 08:00:13.341 D/cnss ( 0): PM stay awake, state: 0x10, count: 1
01-01 08:00:13.341 D/cnss ( 0): PM relax, state: 0x10, count: 0
01-01 08:00:13.341 D/cnss ( 0): PM stay awake, state: 0x10, count: 1
01-01 08:00:13.341 D/cnss ( 0): Processing driver event: SERVER_ARRIVE(0), state: 0x10
01-01 08:00:13.341 I/cnss ( 0): QMI WLFW service connected, state: 0x11
01-01 08:00:13.341 D/cnss ( 0): Sending indication register message, state: 0x11
01-01 08:00:13.345 D/cnss ( 0): Sending host capability message, state: 0x11
01-01 08:00:13.345 D/cnss ( 0): Number of clients is 2
01-01 08:00:13.345 D/cnss ( 0): Assign MSI to user: WAKE, num_vectors: 1, user_base_data: 813, base_vector: 13
01-01 08:00:13.345 D/cnss ( 0): WAKE MSI base data is 813
01-01 08:00:13.345 D/cnss ( 0): Calibration done is 1
01-01 08:00:13.345 D/cnss ( 0): Sending iova starting 0xa0000000 with size 0x10010000
01-01 08:00:13.347 D/cnss ( 0): PM relax, state: 0x11, count: 0
01-01 08:00:13.372 W/QSEECOM ( 0): __qseecom_unload_app: App (8) is unloaded
01-01 08:00:13.372 D/qbt ( 0): qbt_release: entry minor_no=0 fd_available=0
01-01 08:00:13.372 D/qbt ( 0): qbt_release: Releasing wakelock
01-01 08:00:13.372 D/qbt ( 0): qbt_release: exit : fd_available=1
01-01 08:00:13.372 D/qbt ( 0): qbt_release: entry minor_no=1 fd_available=1
01-01 08:00:13.372 D/qbt ( 0): qbt_release: exit : fd_available=1
01-01 08:00:13.377 I/binder ( 0): 3210:3210 ioctl 40046210 7fe8558544 returned -22
01-01 08:00:13.380 D/qbt ( 0): qbt_open: entry minor_no=0 fd_available=1
01-01 08:00:13.380 D/qbt ( 0): qbt_open: exit : 0 fd_available=0
01-01 08:00:13.380 D/qbt ( 0): qbt_open: entry minor_no=1 fd_available=0
01-01 08:00:13.380 D/qbt ( 0): qbt_open: exit : 0 fd_available=0
01-01 08:00:13.380 D/qbt ( 0): qbt_ioctl: cmd received 107
01-01 08:00:13.380 D/qbt ( 0): qbt_ioctl: Acquiring wakelock
01-01 08:00:13.388 W/QSEECOM ( 0): qseecom_load_app: App (fingerpr) does'nt exist, loading apps for first time
12-23 01:14:36.183 D/TelephonyRegistry( 1508): listen oscl: mHasNotifySubscriptionInfoChangedOccurred==false no callback
12-23 01:14:36.227 D/TelephonyRegistry( 1508): listen oscl: mHasNotifySubscriptionInfoChangedOccurred==false no callback
01-01 08:00:13.486 I/binder ( 0): 2794:3303 ioctl 40046210 7b6b653604 returned -22
01-01 08:00:13.508 I/binder ( 0): 3307:3307 ioctl 40046210 7fe8558544 returned -22
01-01 08:00:13.512 W/QSEECOM ( 0): qseecom_load_app: App with id 9 (fingerpr) now loaded
01-01 08:00:13.572 I/binder ( 0): 3342:3342 ioctl 40046210 7fe8558544 returned -22
01-01 08:00:13.651 W/QSEECOM ( 0): __qseecom_unload_app: App (9) is unloaded
01-01 08:00:13.651 D/qbt ( 0): qbt_release: entry minor_no=0 fd_available=0
01-01 08:00:13.651 D/qbt ( 0): qbt_release: Releasing wakelock
01-01 08:00:13.651 D/qbt ( 0): qbt_release: exit : fd_available=1
01-01 08:00:13.651 D/qbt ( 0): qbt_release: entry minor_no=1 fd_available=1
01-01 08:00:13.651 D/qbt ( 0): qbt_release: exit : fd_available=1
01-01 08:00:13.677 D/ ( 0): mv2112_read_status
01-01 08:00:13.678 D/mv2112_update_link( 0): 3.0x901(1G): 0x80
01-01 08:00:13.678 D/mv2112_update_link( 0): 3.0x8109(100M): 0x8
01-01 08:00:13.678 D/mv2112_update_link( 0): link 0x0
01-01 08:00:13.678 D/mv2112_read_status( 0): autoneg is disabled
01-01 08:00:13.686 I/ ( 0): read descriptors
01-01 08:00:13.686 I/ ( 0): read strings
01-01 08:00:14.059 W/audit ( 0): audit_lost=218 audit_rate_limit=5 audit_backlog_limit=64
01-01 08:00:14.059 E/audit ( 0): rate limit exceeded
01-01 08:00:14.572 W/cnss-daemon( 0): DMS thread joined succesfully
01-01 08:00:14.572 W/cnss-daemon( 0): wlfw_stop: Stop done: 0
01-01 08:00:14.572 W/cnss-daemon( 0): wlfw_start: Starting
01-01 08:00:14.572 W/cnss-daemon( 0): wlfw_service_request: Start the pthread: 0x0K
01-01 08:00:14.572 W/cnss-daemon( 0): ro.baseband : [apq]
01-01 08:00:14.572 W/cnss-daemon( 0): Hardware supports external modem
01-01 08:00:14.579 W/cnss-daemon( 0): pm_release_vote: pm_handle is NULL
01-01 08:00:14.579 W/cnss-daemon( 0): pm_release_vote: pm_handle is NULL
01-01 08:00:14.579 W/cnss-daemon( 0): wlfw_build_cal_table: not read /data/vendor/wifi/wlfw_cal_00.bin
01-01 08:00:14.580 W/cnss-daemon( 0): wlfw_build_cal_table: not read /data/vendor/wifi/wlfw_cal_02.bin
01-01 08:00:14.588 D/cnss ( 0): Received QMI WLFW request memory indication
01-01 08:00:14.588 D/cnss ( 0): FW requests for memory, size: 0x5e0000, type: 1
01-01 08:00:14.588 D/cnss ( 0): FW requests for memory, size: 0xd8000, type: 4
01-01 08:00:14.588 D/cnss ( 0): Posting event: REQUEST_MEM(2), state: 0x11 flags: 0x0
01-01 08:00:14.588 D/cnss ( 0): PM stay awake, state: 0x11, count: 1
01-01 08:00:14.588 D/cnss ( 0): PM relax, state: 0x11, count: 0
01-01 08:00:14.588 D/cnss ( 0): PM stay awake, state: 0x11, count: 1
01-01 08:00:14.588 D/cnss ( 0): Processing driver event: REQUEST_MEM(2), state: 0x11
01-01 08:00:14.588 D/cnss ( 0): Sending respond memory message, state: 0x11
01-01 08:00:14.588 D/cnss ( 0): Memory for FW, va: 0x0000000000000000, pa: 0x00000000a1000000, size: 0x5e0000, type: 1
01-01 08:00:14.588 D/cnss ( 0): Memory for FW, va: 0x0000000000000000, pa: 0x00000000a1600000, size: 0xd8000, type: 4
01-01 08:00:14.591 D/cnss ( 0): PM relax, state: 0x11, count: 0
01-01 08:00:14.592 D/cnss ( 0): Received QMI WLFW FW memory ready indication
01-01 08:00:14.592 D/cnss ( 0): Posting event: FW_MEM_READY(3), state: 0x11 flags: 0x0
01-01 08:00:14.592 D/cnss ( 0): PM stay awake, state: 0x11, count: 1
01-01 08:00:14.592 D/cnss ( 0): PM relax, state: 0x11, count: 0
01-01 08:00:14.592 D/cnss ( 0): PM stay awake, state: 0x11, count: 1
01-01 08:00:14.592 D/cnss ( 0): Processing driver event: FW_MEM_READY(3), state: 0x11
01-01 08:00:14.592 D/cnss ( 0): Sending target capability message, state: 0x13
01-01 08:00:14.603 D/cnss ( 0): Voltage for CPR: 948mV
01-01 08:00:14.603 D/cnss ( 0): Update TCS CMD data address 0x000000000b2e5844 with voltage 950mV
01-01 08:00:14.603 D/cnss ( 0): Device frequency is 24000000 HZ
01-01 08:00:14.603 D/cnss ( 0): Target capability: chip_id: 0x0, chip_family: 0xb, board_id: 0xff, soc_id: 0xffffffff, fw_version: 0x101a0521, fw_build_timestamp: 2021-12-20 07:54, fw_build_id: QC_IMAGE_VERSION_STRING=WLAN.HST.1.0.1.r1-01313-QCAHSTSWPL_SILICONZ-1, otp_version: 0x480020
01-01 08:00:14.603 D/cnss ( 0): Sending BDF download message, state: 0x13, type: 4
01-01 08:00:14.603 D/cnss ( 0): FW name added with prefix: qca6390/regdb.bin
01-01 08:00:14.603 W/cnss2 b0000000.qcom,cnss-qca6390( 0): Falling back to syfs fallback for: qca6390/regdb.bin
01-01 08:00:14.606 I/ueventd ( 0): firmware: loading 'qca6390/regdb.bin' for '/devices/platform/soc/b0000000.qcom,cnss-qca6390/firmware/qca6390!regdb.bin'
01-01 08:00:14.607 E/ueventd ( 0): firmware: could not find firmware for qca6390/regdb.bin
01-01 08:00:14.607 E/ueventd ( 0): firmware: attempted /etc/firmware/qca6390/regdb.bin, open failed: No such file or directory
01-01 08:00:14.607 E/ueventd ( 0): firmware: attempted /odm/firmware/qca6390/regdb.bin, open failed: No such file or directory
01-01 08:00:14.607 E/ueventd ( 0): firmware: attempted /vendor/firmware/qca6390/regdb.bin, open failed: No such file or directory
01-01 08:00:14.607 E/ueventd ( 0): firmware: attempted /firmware/image/qca6390/regdb.bin, open failed: No such file or directory
01-01 08:00:14.607 E/ueventd ( 0): firmware: attempted /vendor/firmware_mnt/image/qca6390/regdb.bin, open failed: No such file or directory
01-01 08:00:14.607 I/ueventd ( 0): loading /devices/platform/soc/b0000000.qcom,cnss-qca6390/firmware/qca6390!regdb.bin took 0ms
01-01 08:00:14.607 E/cnss ( 0): Failed to load BDF: qca6390/regdb.bin
01-01 08:00:14.607 D/cnss ( 0): Sending BDF download message, state: 0x13, type: 1
01-01 08:00:14.607 D/cnss ( 0): FW name added with prefix: qca6390/bdwlan.elf
01-01 08:00:14.607 W/cnss2 b0000000.qcom,cnss-qca6390( 0): Falling back to syfs fallback for: qca6390/bdwlan.elf
01-01 08:00:14.610 D/cnss ( 0): Downloading BDF: qca6390/bdwlan.elf, size: 57908
01-01 08:00:14.637 D/cnss ( 0): Sending M3 information message, state: 0x13
01-01 08:00:14.637 D/cnss ( 0): M3 memory, va: 0x0000000000000000, pa: 0x00000000a1800000, size: 0x411bc
01-01 08:00:14.639 D/cnss ( 0): PM relax, state: 0x13, count: 0
01-01 08:00:14.639 D/cnss ( 0): Received QMI WLFW FW initialization done indication
01-01 08:00:14.639 D/cnss ( 0): Posting event: FW_READY(4), state: 0x13 flags: 0x0
01-01 08:00:14.639 D/cnss ( 0): PM stay awake, state: 0x13, count: 1
01-01 08:00:14.639 D/cnss ( 0): PM relax, state: 0x13, count: 0
01-01 08:00:14.639 D/cnss ( 0): PM stay awake, state: 0x13, count: 1
01-01 08:00:14.639 D/cnss ( 0): Processing driver event: FW_READY(4), state: 0x13
01-01 08:00:14.639 D/cnss ( 0): PCIE Gen speed not setup
01-01 08:00:14.642 W/ ( 0): (NULL device *): Falling back to syfs fallback for: wlan/qca_cld/qca6390/WCNSS_qcom_cfg.ini
01-01 08:00:14.647 I/[kworke][0x10c37726][01:14:37.399673] wlan( 0): [787:I:HDD] hdd_pm_qos_add_request: 9360: Set cpu_mask 0f for affine_cores
01-01 08:00:14.647 I/[kworke][0x10c3777a][01:14:37.399677] wlan( 0): [787:I:HDD] hdd_pm_qos_add_request: 9362: Set cpu_mask 0f for affine_cores
01-01 08:00:14.647 D/cnss ( 0): Sending ini sync request, state: 0x17, fw_log_mode: 1
01-01 08:00:14.652 I/[kworke][0x10c4e39d][01:14:37.404533] wlan( 0): [787:I:HIF] Initializing Runtime PM wakelock &sc->prevent_linkdown_lock
01-01 08:00:14.652 I/[kworke][0x10c4e46e][01:14:37.404543] wlan( 0): [787:I:HIF] hif_pci_enable_bus: con_mode = 0x0, WLAN_SOC_device_id = 0x1101
01-01 08:00:14.652 I/[kworke][0x10c4e4dc][01:14:37.404549] wlan( 0): [787:I:HIF] hif_pci_enable_bus: hif_enable_pci done
01-01 08:00:14.652 I/[kworke][0x10c4ed9f][01:14:37.404666] wlan( 0): [787:I:HIF] *********** QCA6390 *************
01-01 08:00:14.652 I/[kworke][0x10c4ee3c][01:14:37.404674] wlan( 0): [787:I:HIF] hif_pci_enable_bus: hif_type = 0x12, target_type = 0x17
01-01 08:00:14.652 I/[kworke][0x10c4ee86][01:14:37.404678] wlan( 0): [787:I:HIF] hif_register_tbl_attach: HIF_TYPE_QCA6390
01-01 08:00:14.652 I/[kworke][0x10c4eec4][01:14:37.404681] wlan( 0): [787:I:HIF] hif_target_register_tbl_attach: TARGET_TYPE_QCA6390
01-01 08:00:14.652 I/[kworke][0x10c4eee6][01:14:37.404683] wlan( 0): [787:I:HIF] hif_pci_enable_bus:Skip tgt_wake up for srng devices
01-01 08:00:14.652 E/[kworke][0x10c4f6e1][01:14:37.404789] wlan( 0): [787:E:TXRX] hif_print_hal_shadow_register_cfg: num_config 28
01-01 08:00:14.652 I/[kworke][0x10c4f75c][01:14:37.404795] wlan( 0): [787:I:TXRX] hif_print_hal_shadow_register_cfg: i 0, val a3b034
01-01 08:00:14.652 I/[kworke][0x10c4f777][01:14:37.404797] wlan( 0): [787:I:TXRX] hif_print_hal_shadow_register_cfg: i 1, val a3b03c
01-01 08:00:14.652 I/[kworke][0x10c4f7c6][01:14:37.404801] wlan( 0): [787:I:TXRX] hif_print_hal_shadow_register_cfg: i 2, val a3b044
01-01 08:00:14.652 I/[kworke][0x10c4f7de][01:14:37.404802] wlan( 0): [787:I:TXRX] hif_print_hal_shadow_register_cfg: i 3, val a3b04c
01-01 08:00:14.652 I/[kworke][0x10c4f7f6][01:14:37.404803] wlan( 0): [787:I:TXRX] hif_print_hal_shadow_register_cfg: i 4, val a3b054
01-01 08:00:14.652 I/[kworke][0x10c4f80e][01:14:37.404805] wlan( 0): [787:I:TXRX] hif_print_hal_shadow_register_cfg: i 5, val a3b028
01-01 08:00:14.652 I/[kworke][0x10c4f828][01:14:37.404806] wlan( 0): [787:I:TXRX] hif_print_hal_shadow_register_cfg: i 6, val a3b020
01-01 08:00:14.652 I/[kworke][0x10c4f840][01:14:37.404807] wlan( 0): [787:I:TXRX] hif_print_hal_shadow_register_cfg: i 7, val a3b06c
01-01 08:00:14.652 I/[kworke][0x10c4f85d][01:14:37.404809] wlan( 0): [787:I:TXRX] hif_print_hal_shadow_register_cfg: i 8, val a46000
01-01 08:00:14.652 I/[kworke][0x10c4f874][01:14:37.404810] wlan( 0): [787:I:TXRX] hif_print_hal_shadow_register_cfg: i 9, val a46008
01-01 08:00:14.652 I/[kworke][0x10c4f88d][01:14:37.404811] wlan( 0): [787:I:TXRX] hif_print_hal_shadow_register_cfg: i 10, val a46010
01-01 08:00:14.652 I/[kworke][0x10c4f8a7][01:14:37.404813] wlan( 0): [787:I:TXRX] hif_print_hal_shadow_register_cfg: i 11, val a46018
01-01 08:00:14.652 I/[kworke][0x10c4f8c1][01:14:37.404814] wlan( 0): [787:I:TXRX] hif_print_hal_shadow_register_cfg: i 12, val a46034
01-01 08:00:14.652 I/[kworke][0x10c4f8d9][01:14:37.404815] wlan( 0): [787:I:TXRX] hif_print_hal_shadow_register_cfg: i 13, val a370b0
01-01 08:00:14.652 I/[kworke][0x10c4f8f7][01:14:37.404817] wlan( 0): [787:I:TXRX] hif_print_hal_shadow_register_cfg: i 14, val a37018
01-01 08:00:14.652 I/[kworke][0x10c4f90f][01:14:37.404818] wlan( 0): [787:I:TXRX] hif_print_hal_shadow_register_cfg: i 15, val a370c4
01-01 08:00:14.652 I/[kworke][0x10c4f929][01:14:37.404819] wlan( 0): [787:I:TXRX] hif_print_hal_shadow_register_cfg: i 16, val a370cc
01-01 08:00:14.652 I/[kworke][0x10c4f942][01:14:37.404821] wlan( 0): [787:I:TXRX] hif_print_hal_shadow_register_cfg: i 17, val a370d4
01-01 08:00:14.652 I/[kworke][0x10c4f959][01:14:37.404822] wlan( 0): [787:I:TXRX] hif_print_hal_shadow_register_cfg: i 18, val a370dc
01-01 08:00:14.652 I/[kworke][0x10c4f971][01:14:37.404823] wlan( 0): [787:I:TXRX] hif_print_hal_shadow_register_cfg: i 19, val a00400
01-01 08:00:14.652 I/[kworke][0x10c4f992][01:14:37.404825] wlan( 0): [787:I:TXRX] hif_print_hal_shadow_register_cfg: i 20, val a03400
01-01 08:00:14.652 I/[kworke][0x10c4f9aa][01:14:37.404826] wlan( 0): [787:I:TXRX] hif_print_hal_shadow_register_cfg: i 21, val a0340c
01-01 08:00:14.652 I/[kworke][0x10c4f9c2][01:14:37.404827] wlan( 0): [787:I:TXRX] hif_print_hal_shadow_register_cfg: i 22, val a05400
01-01 08:00:14.652 I/[kworke][0x10c4f9da][01:14:37.404829] wlan( 0): [787:I:TXRX] hif_print_hal_shadow_register_cfg: i 23, val a0540c
01-01 08:00:14.652 I/[kworke][0x10c4f9f1][01:14:37.404830] wlan( 0): [787:I:TXRX] hif_print_hal_shadow_register_cfg: i 24, val a06400
01-01 08:00:14.652 I/[kworke][0x10c4fa0b][01:14:37.404831] wlan( 0): [787:I:TXRX] hif_print_hal_shadow_register_cfg: i 25, val a08400
01-01 08:00:14.652 I/[kworke][0x10c4fa23][01:14:37.404832] wlan( 0): [787:I:TXRX] hif_print_hal_shadow_register_cfg: i 26, val a0b400
01-01 08:00:14.652 I/[kworke][0x10c4fa3b][01:14:37.404834] wlan( 0): [787:I:TXRX] hif_print_hal_shadow_register_cfg: i 27, val a0b40c
01-01 08:00:14.652 D/cnss ( 0): Mode: 0, config: 0000000000000000, host_version: 5.2.022.10G
01-01 08:00:14.652 D/cnss ( 0): Sending WLAN config message, state: 0x17
01-01 08:00:14.653 D/cnss ( 0): Sending mode message, mode: MISSION(0), state: 0x17
01-01 08:00:14.677 D/cnss ( 0): Received QMI WLFW pin connect result indication
01-01 08:00:14.677 D/cnss ( 0): Pin connect Result: pwr_pin: 0x1 phy_io_pin: 0x0 rf_io_pin: 0x0
01-01 08:00:14.677 D/cnss ( 0): Assign MSI to user: CE, num_vectors: 10, user_base_data: 803, base_vector: 3
01-01 08:00:14.677 I/[kworke][0x10cc3aa9][01:14:37.429586] wlan( 0): [787:I:HIF] ce_srng_dest_ring_setup: ce_id 1
01-01 08:00:14.677 D/cnss ( 0): Assign MSI to user: CE, num_vectors: 10, user_base_data: 803, base_vector: 3
01-01 08:00:14.677 I/[kworke][0x10cc44fc][01:14:37.429724] wlan( 0): [787:I:HIF] ce_srng_status_ring_setup: ce_id 1
01-01 08:00:14.677 D/cnss ( 0): Assign MSI to user: CE, num_vectors: 10, user_base_data: 803, base_vector: 3
01-01 08:00:14.677 I/[kworke][0x10cc4b1b][01:14:37.429805] wlan( 0): [787:I:HIF] ce_srng_dest_ring_setup: ce_id 2
01-01 08:00:14.677 D/cnss ( 0): Assign MSI to user: CE, num_vectors: 10, user_base_data: 803, base_vector: 3
01-01 08:00:14.677 I/[kworke][0x10cc555f][01:14:37.429942] wlan( 0): [787:I:HIF] ce_srng_status_ring_setup: ce_id 2
01-01 08:00:14.677 D/cnss ( 0): Assign MSI to user: CE, num_vectors: 10, user_base_data: 803, base_vector: 3
01-01 08:00:14.677 D/cnss ( 0): Assign MSI to user: CE, num_vectors: 10, user_base_data: 803, base_vector: 3
01-01 08:00:14.678 I/[kworke][0x10cc66e3][01:14:37.430176] wlan( 0): [787:I:HIF] ce_srng_dest_ring_setup: ce_id 5
01-01 08:00:14.678 D/cnss ( 0): Assign MSI to user: CE, num_vectors: 10, user_base_data: 803, base_vector: 3
01-01 08:00:14.678 I/[kworke][0x10cc6dcd][01:14:37.430268] wlan( 0): [787:I:HIF] ce_srng_status_ring_setup: ce_id 5
01-01 08:00:14.678 D/cnss ( 0): Assign MSI to user: CE, num_vectors: 10, user_base_data: 803, base_vector: 3
01-01 08:00:14.678 I/[kworke][0x10cc73bd][01:14:37.430347] wlan( 0): [787:I:HIF] hif_configure_irq: E
01-01 08:00:14.678 D/cnss ( 0): Assign MSI to user: WAKE, num_vectors: 1, user_base_data: 813, base_vector: 13
01-01 08:00:14.678 D/cnss ( 0): Get IRQ number 363 for vector index 13
01-01 08:00:14.678 D/cnss ( 0): Assign MSI to user: CE, num_vectors: 10, user_base_data: 803, base_vector: 3
01-01 08:00:14.678 D/cnss ( 0): Get IRQ number 353 for vector index 3
01-01 08:00:14.678 D/cnss ( 0): Get IRQ number 354 for vector index 4
01-01 08:00:14.678 D/cnss ( 0): Get IRQ number 355 for vector index 5
01-01 08:00:14.678 D/cnss ( 0): Get IRQ number 356 for vector index 6
01-01 08:00:14.678 D/cnss ( 0): Get IRQ number 358 for vector index 8
01-01 08:00:14.678 D/cnss ( 0): Get IRQ number 359 for vector index 9
01-01 08:00:14.678 D/cnss ( 0): Get IRQ number 361 for vector index 11
01-01 08:00:14.678 E/[kworke][0x10cc8b79][01:14:37.430664] wlan( 0): [787:E:mlme] mlme_init_reg_cfg: 2374: null pdev
01-01 08:00:14.678 E/[kworke][0x10cc8e1e][01:14:37.430699] wlan( 0): [787:E:WMI] WMI handle is NULL
01-01 08:00:14.678 I/[kworke][0x10cc8fa4][01:14:37.430719] wlan( 0): [787:I:HIF] Initializing Runtime PM wakelock &p2p_soc_obj->roc_runtime_lock
01-01 08:00:14.678 D/cnss ( 0): Platform cap_flag is 0x4
01-01 08:00:14.678 E/[kworke][0x10cc9122][01:14:37.430739] wlan( 0): [787:E:QDF] cds_get_context: 1486: Module ID 66 context is Null
01-01 08:00:14.682 E/[kworke][0x10cdad3e][01:14:37.434527] wlan( 0): [787:E:QDF] cds_get_context: 1486: Module ID 66 context is Null
01-01 08:00:14.683 I/[kworke][0x10cdd919][01:14:37.435112] wlan( 0): [787:I:HIF] Initializing Runtime PM wakelock &psoc_wakelock->wmi_cmd_rsp_runtime_lock
01-01 08:00:14.683 F/[kworke][0x10cdde9a][01:14:37.435185] wlan( 0): [787:F:WMA] WMA --> wmi_unified_attach - success
01-01 08:00:14.683 I/[kworke][0x10cde422][01:14:37.435259] wlan( 0): [787:I:HIF] Initializing Runtime PM wakelock &vdev->vdev_set_key_runtime_wakelock
01-01 08:00:14.683 I/[kworke][0x10cde6d2][01:14:37.435295] wlan( 0): [787:I:HIF] Initializing Runtime PM wakelock &vdev->vdev_set_key_runtime_wakelock
01-01 08:00:14.683 I/[kworke][0x10cde992][01:14:37.435332] wlan( 0): [787:I:HIF] Initializing Runtime PM wakelock &vdev->vdev_set_key_runtime_wakelock
01-01 08:00:14.683 I/[kworke][0x10cdecc1][01:14:37.435374] wlan( 0): [787:I:HIF] Initializing Runtime PM wakelock &vdev->vdev_set_key_runtime_wakelock
01-01 08:00:14.683 I/[kworke][0x10cdef2d][01:14:37.435406] wlan( 0): [787:I:HIF] Initializing Runtime PM wakelock &vdev->vdev_set_key_runtime_wakelock
01-01 08:00:14.683 I/[kworke][0x10cdf1cc][01:14:37.435441] wlan( 0): [787:I:HIF] Initializing Runtime PM wakelock &vdev->vdev_set_key_runtime_wakelock
01-01 08:00:14.683 I/[kworke][0x10ce019c][01:14:37.435652] wlan( 0): [787:I:HIF] Initializing Runtime PM wakelock &wma_handle->wmi_cmd_rsp_runtime_lock
01-01 08:00:14.683 I/[kworke][0x10ce022f][01:14:37.435660] wlan( 0): [787:I:HIF] Initializing Runtime PM wakelock &wma_handle->sap_prevent_runtime_pm_lock
01-01 08:00:14.684 E/[kworke][0x10ce5f72][01:14:37.436903] wlan( 0): [787:E:QDF] htc_wait_target: 684: Target Ready! TX resource : 1 size:2176, MaxMsgsPerHTCBundle = 1
01-01 08:00:14.684 E/[kworke][0x10ce6049][01:14:37.436914] wlan( 0): [787:E:QDF] htc_setup_target_buffer_assignments: 576: SVS Index : 1 TX : 0x100 : alloc:1
01-01 08:00:14.684 D/cnss ( 0): Assign MSI to user: DP, num_vectors: 18, user_base_data: 814, base_vector: 14
01-01 08:00:14.687 I/[kworke][0x10cf473e][01:14:37.439994] wlan( 0): [787:I:HIF] +hif_update_pipe_callback pipeid 5
01-01 08:00:14.687 I/[kworke][0x10cf4802][01:14:37.440004] wlan( 0): [787:I:HIF] -hif_update_pipe_callback
