12-23 01:15:24.445 W/ActivityManager( 1508): Scheduling restart of crashed service com.android.launcher3/com.android.quickstep.TouchInteractionService in 1000ms for connection
12-23 01:15:24.448 D/CompatibilityChangeReporter( 1508): Compat change id reported: 135634846; UID 10078; state: DISABLED
12-23 01:15:24.448 D/CompatibilityChangeReporter( 1508): Compat change id reported: 177438394; UID 10078; state: DISABLED
12-23 01:15:24.448 D/CompatibilityChangeReporter( 1508): Compat change id reported: 135772972; UID 10078; state: DISABLED
12-23 01:15:24.448 D/CompatibilityChangeReporter( 1508): Compat change id reported: 135754954; UID 10078; state: ENABLED
12-23 01:15:24.448 D/CompatibilityChangeReporter( 1508): Compat change id reported: 143937733; UID 10078; state: ENABLED
12-23 01:15:24.453 I/ActivityManager( 1508): Start proc 18202:com.android.launcher3/u0a78 for service {com.android.launcher3/com.android.quickstep.TouchInteractionService}
01-01 08:01:01.709 I/binder ( 0): 18202:18202 ioctl 40046210 7fe8558544 returned -22
01-01 08:01:01.710 I/ ( 0): read descriptors
01-01 08:01:01.710 I/ ( 0): read strings
12-23 01:15:24.496 I/ActivityTaskManager( 1508): START u0 {act=android.intent.action.MAIN cat=[android.intent.category.DEFAULT] flg=0x10010000 cmp=com.android.launcher3/com.android.quickstep.RecentsActivity} from uid 10078
12-23 01:15:24.497 W/ActivityTaskManager( 1508): Can't find TaskDisplayArea to determine support for multi window. Task id=711 attached=false
12-23 01:15:24.499 I/ActivityTaskManager( 1508): The Process com.android.launcher3 Already Exists in BG. So sending its PID: 18202
12-23 01:15:24.504 W/ContextImpl( 2417): Calling a method in the system process without a qualified user: android.app.ContextImpl.startService:1816 android.content.ContextWrapper.startService:774 com.thundercomm.gamemode.ingame.services.GameModeActionUtils.startGameModeService:99 com.thundercomm.gamemode.ingame.services.GameModeActionUtils.startGameModeEntry:22 com.thundercomm.gamemode.ingame.services.ActivityMonitoringService$1.onActivityLaunch:127
12-23 01:15:24.506 I/GameModeConfig( 1508): Current uri is uri = content://com.thundercomm.gamemode.api/gamemode_settings/gamemode_isgaming
12-23 01:15:24.506 I/GameModeConfig( 1508): isGameModeOn = false
12-23 01:15:24.506 I/GameModeConfig( 1508): isGameModeOn = false
12-23 01:15:24.506 I/GameModeConfig( 1508): isDisableVoice = true
01-01 08:01:01.766 I/binder ( 0): 18202:18229 ioctl 40046210 7b6522c254 returned -22
01-01 08:01:01.805 D/ ( 0): mv2112_read_status
01-01 08:01:01.806 D/mv2112_update_link( 0): 3.0x901(1G): 0x80
01-01 08:01:01.806 D/mv2112_update_link( 0): 3.0x8109(100M): 0x8
01-01 08:01:01.806 D/mv2112_update_link( 0): link 0x0
01-01 08:01:01.806 D/mv2112_read_status( 0): autoneg is disabled
12-23 01:15:24.562 E/AndroidRuntime(18202): FATAL EXCEPTION: ViewPool-init
12-23 01:15:24.562 E/AndroidRuntime(18202): Process: com.android.launcher3, PID: 18202
12-23 01:15:24.562 E/AndroidRuntime(18202): android.view.InflateException: Binary XML file line #18 in com.android.launcher3:layout/task: Binary XML file line #18 in com.android.launcher3:layout/task: Error inflating class com.android.quickstep.views.TaskView
12-23 01:15:24.562 E/AndroidRuntime(18202): Caused by: android.view.InflateException: Binary XML file line #18 in com.android.launcher3:layout/task: Error inflating class com.android.quickstep.views.TaskView
12-23 01:15:24.562 E/AndroidRuntime(18202): Caused by: java.lang.reflect.InvocationTargetException
12-23 01:15:24.562 E/AndroidRuntime(18202): at java.lang.reflect.Constructor.newInstance0(Native Method)
12-23 01:15:24.562 E/AndroidRuntime(18202): at java.lang.reflect.Constructor.newInstance(Constructor.java:343)
12-23 01:15:24.562 E/AndroidRuntime(18202): at android.view.LayoutInflater.createView(LayoutInflater.java:858)
12-23 01:15:24.562 E/AndroidRuntime(18202): at android.view.LayoutInflater.createViewFromTag(LayoutInflater.java:1010)
12-23 01:15:24.562 E/AndroidRuntime(18202): at android.view.LayoutInflater.createViewFromTag(LayoutInflater.java:965)
12-23 01:15:24.562 E/AndroidRuntime(18202): at android.view.LayoutInflater.inflate(LayoutInflater.java:663)
12-23 01:15:24.562 E/AndroidRuntime(18202): at android.view.LayoutInflater.inflate(LayoutInflater.java:538)
12-23 01:15:24.562 E/AndroidRuntime(18202): at com.android.launcher3.util.ViewPool.inflateNewView(ViewPool.java:106)
12-23 01:15:24.562 E/AndroidRuntime(18202): at com.android.launcher3.util.ViewPool.lambda$initPool$1$ViewPool(ViewPool.java:69)
12-23 01:15:24.562 E/AndroidRuntime(18202): at com.android.launcher3.util.ViewPool$$ExternalSyntheticLambda0.run(Unknown Source:8)
12-23 01:15:24.562 E/AndroidRuntime(18202): at java.lang.Thread.run(Thread.java:920)
12-23 01:15:24.562 E/AndroidRuntime(18202): Caused by: java.lang.ClassCastException: com.android.quickstep.RecentsActivity cannot be cast to com.android.launcher3.Launcher
12-23 01:15:24.562 E/AndroidRuntime(18202): at com.android.launcher3.Launcher.getLauncher(Launcher.java:3019)
12-23 01:15:24.562 E/AndroidRuntime(18202): at com.android.quickstep.views.TaskView.(TaskView.java:416)
12-23 01:15:24.562 E/AndroidRuntime(18202): at com.android.quickstep.views.TaskView.(TaskView.java:410)
12-23 01:15:24.562 E/AndroidRuntime(18202): ... 11 more
12-23 01:15:24.563 W/ActivityTaskManager( 1508): Force finishing activity com.android.launcher3/com.android.quickstep.RecentsActivity
12-23 01:15:24.570 W/ContextImpl( 2417): Calling a method in the system process without a qualified user: android.app.ContextImpl.startService:1816 android.content.ContextWrapper.startService:774 com.thundercomm.gamemode.ingame.services.GameModeActionUtils.startGameModeService:99 com.thundercomm.gamemode.ingame.services.GameModeActionUtils.startGameModeEntry:22 com.thundercomm.gamemode.ingame.services.ActivityMonitoringService$1.onActivityLaunch:127
12-23 01:15:24.571 I/GameModeConfig( 1508): Current uri is uri = content://com.thundercomm.gamemode.api/gamemode_settings/gamemode_isgaming
12-23 01:15:24.572 I/ActivityManager( 1508): Process com.android.launcher3 (pid 18202) has died: vis BFGS
12-23 01:15:24.573 W/ActivityManager( 1508): Scheduling restart of crashed service com.android.launcher3/com.android.quickstep.TouchInteractionService in 1000ms for connection
12-23 01:15:24.573 I/GameModeConfig( 1508): isGameModeOn = false
12-23 01:15:24.573 I/GameModeConfig( 1508): isGameModeOn = false
12-23 01:15:24.573 I/GameModeConfig( 1508): isDisableVoice = true
12-23 01:15:24.576 D/CompatibilityChangeReporter( 1508): Compat change id reported: 135634846; UID 10078; state: DISABLED
12-23 01:15:24.576 D/CompatibilityChangeReporter( 1508): Compat change id reported: 177438394; UID 10078; state: DISABLED
12-23 01:15:24.576 D/CompatibilityChangeReporter( 1508): Compat change id reported: 135772972; UID 10078; state: DISABLED
12-23 01:15:24.576 D/CompatibilityChangeReporter( 1508): Compat change id reported: 135754954; UID 10078; state: ENABLED
12-23 01:15:24.576 D/CompatibilityChangeReporter( 1508): Compat change id reported: 143937733; UID 10078; state: ENABLED
12-23 01:15:24.580 I/ActivityManager( 1508): Start proc 18243:com.android.launcher3/u0a78 for service {com.android.launcher3/com.android.quickstep.TouchInteractionService}
01-01 08:01:01.834 I/binder ( 0): 18243:18243 ioctl 40046210 7fe8558544 returned -22
12-23 01:15:24.622 I/ActivityTaskManager( 1508): START u0 {act=android.intent.action.MAIN cat=[android.intent.category.DEFAULT] flg=0x10010000 cmp=com.android.launcher3/com.android.quickstep.RecentsActivity} from uid 10078
12-23 01:15:24.624 W/ActivityTaskManager( 1508): Can't find TaskDisplayArea to determine support for multi window. Task id=713 attached=false
12-23 01:15:24.626 I/ActivityTaskManager( 1508): The Process com.android.launcher3 Already Exists in BG. So sending its PID: 18243
12-23 01:15:24.631 W/ContextImpl( 2417): Calling a method in the system process without a qualified user: android.app.ContextImpl.startService:1816 android.content.ContextWrapper.startService:774 com.thundercomm.gamemode.ingame.services.GameModeActionUtils.startGameModeService:99 com.thundercomm.gamemode.ingame.services.GameModeActionUtils.startGameModeEntry:22 com.thundercomm.gamemode.ingame.services.ActivityMonitoringService$1.onActivityLaunch:127
12-23 01:15:24.633 I/GameModeConfig( 1508): Current uri is uri = content://com.thundercomm.gamemode.api/gamemode_settings/gamemode_isgaming
12-23 01:15:24.633 I/GameModeConfig( 1508): isGameModeOn = false
12-23 01:15:24.633 I/GameModeConfig( 1508): isGameModeOn = false
12-23 01:15:24.633 I/GameModeConfig( 1508): isDisableVoice = true
01-01 08:01:01.892 I/binder ( 0): 18243:18270 ioctl 40046210 7b66428254 returned -22
12-23 01:15:24.687 E/AndroidRuntime(18243): FATAL EXCEPTION: ViewPool-init
12-23 01:15:24.687 E/AndroidRuntime(18243): Process: com.android.launcher3, PID: 18243
12-23 01:15:24.687 E/AndroidRuntime(18243): android.view.InflateException: Binary XML file line #18 in com.android.launcher3:layout/task: Binary XML file line #18 in com.android.launcher3:layout/task: Error inflating class com.android.quickstep.views.TaskView
12-23 01:15:24.687 E/AndroidRuntime(18243): Caused by: android.view.InflateException: Binary XML file line #18 in com.android.launcher3:layout/task: Error inflating class com.android.quickstep.views.TaskView
12-23 01:15:24.687 E/AndroidRuntime(18243): Caused by: java.lang.reflect.InvocationTargetException
12-23 01:15:24.687 E/AndroidRuntime(18243): at java.lang.reflect.Constructor.newInstance0(Native Method)
12-23 01:15:24.687 E/AndroidRuntime(18243): at java.lang.reflect.Constructor.newInstance(Constructor.java:343)
12-23 01:15:24.687 E/AndroidRuntime(18243): at android.view.LayoutInflater.createView(LayoutInflater.java:858)
12-23 01:15:24.687 E/AndroidRuntime(18243): at android.view.LayoutInflater.createViewFromTag(LayoutInflater.java:1010)
12-23 01:15:24.687 E/AndroidRuntime(18243): at android.view.LayoutInflater.createViewFromTag(LayoutInflater.java:965)
12-23 01:15:24.687 E/AndroidRuntime(18243): at android.view.LayoutInflater.inflate(LayoutInflater.java:663)
12-23 01:15:24.687 E/AndroidRuntime(18243): at android.view.LayoutInflater.inflate(LayoutInflater.java:538)
12-23 01:15:24.687 E/AndroidRuntime(18243): at com.android.launcher3.util.ViewPool.inflateNewView(ViewPool.java:106)
12-23 01:15:24.687 E/AndroidRuntime(18243): at com.android.launcher3.util.ViewPool.lambda$initPool$1$ViewPool(ViewPool.java:69)
12-23 01:15:24.687 E/AndroidRuntime(18243): at com.android.launcher3.util.ViewPool$$ExternalSyntheticLambda0.run(Unknown Source:8)
12-23 01:15:24.687 E/AndroidRuntime(18243): at java.lang.Thread.run(Thread.java:920)
12-23 01:15:24.687 E/AndroidRuntime(18243): Caused by: java.lang.ClassCastException: com.android.quickstep.RecentsActivity cannot be cast to com.android.launcher3.Launcher
12-23 01:15:24.687 E/AndroidRuntime(18243): at com.android.launcher3.Launcher.getLauncher(Launcher.java:3019)
12-23 01:15:24.687 E/AndroidRuntime(18243): at com.android.quickstep.views.TaskView.(TaskView.java:416)
12-23 01:15:24.687 E/AndroidRuntime(18243): at com.android.quickstep.views.TaskView.(TaskView.java:410)
12-23 01:15:24.687 E/AndroidRuntime(18243): ... 11 more
12-23 01:15:24.688 W/ActivityTaskManager( 1508): Force finishing activity com.android.launcher3/com.android.quickstep.RecentsActivity
12-23 01:15:24.693 W/ContextImpl( 2417): Calling a method in the system process without a qualified user: android.app.ContextImpl.startService:1816 android.content.ContextWrapper.startService:774 com.thundercomm.gamemode.ingame.services.GameModeActionUtils.startGameModeService:99 com.thundercomm.gamemode.ingame.services.GameModeActionUtils.startGameModeEntry:22 com.thundercomm.gamemode.ingame.services.ActivityMonitoringService$1.onActivityLaunch:127
12-23 01:15:24.695 I/GameModeConfig( 1508): Current uri is uri = content://com.thundercomm.gamemode.api/gamemode_settings/gamemode_isgaming
12-23 01:15:24.696 I/GameModeConfig( 1508): isGameModeOn = false
12-23 01:15:24.696 I/GameModeConfig( 1508): isGameModeOn = false
12-23 01:15:24.696 I/GameModeConfig( 1508): isDisableVoice = true
12-23 01:15:24.697 I/ActivityManager( 1508): Process com.android.launcher3 (pid 18243) has died: vis BFGS
12-23 01:15:24.698 W/ActivityManager( 1508): Scheduling restart of crashed service com.android.launcher3/com.android.quickstep.TouchInteractionService in 1000ms for connection
12-23 01:15:24.701 D/CompatibilityChangeReporter( 1508): Compat change id reported: 135634846; UID 10078; state: DISABLED
12-23 01:15:24.701 D/CompatibilityChangeReporter( 1508): Compat change id reported: 177438394; UID 10078; state: DISABLED
12-23 01:15:24.701 D/CompatibilityChangeReporter( 1508): Compat change id reported: 135772972; UID 10078; state: DISABLED
12-23 01:15:24.701 D/CompatibilityChangeReporter( 1508): Compat change id reported: 135754954; UID 10078; state: ENABLED
12-23 01:15:24.701 D/CompatibilityChangeReporter( 1508): Compat change id reported: 143937733; UID 10078; state: ENABLED
12-23 01:15:24.706 I/ActivityManager( 1508): Start proc 18284:com.android.launcher3/u0a78 for service {com.android.launcher3/com.android.quickstep.TouchInteractionService}
01-01 08:01:01.959 I/binder ( 0): 18284:18284 ioctl 40046210 7fe8558544 returned -22
12-23 01:15:24.747 I/ActivityTaskManager( 1508): START u0 {act=android.intent.action.MAIN cat=[android.intent.category.DEFAULT] flg=0x10010000 cmp=com.android.launcher3/com.android.quickstep.RecentsActivity} from uid 10078
12-23 01:15:24.749 W/ActivityTaskManager( 1508): Can't find TaskDisplayArea to determine support for multi window. Task id=715 attached=false
12-23 01:15:24.751 I/ActivityTaskManager( 1508): The Process com.android.launcher3 Already Exists in BG. So sending its PID: 18284
12-23 01:15:24.756 W/ContextImpl( 2417): Calling a method in the system process without a qualified user: android.app.ContextImpl.startService:1816 android.content.ContextWrapper.startService:774 com.thundercomm.gamemode.ingame.services.GameModeActionUtils.startGameModeService:99 com.thundercomm.gamemode.ingame.services.GameModeActionUtils.startGameModeEntry:22 com.thundercomm.gamemode.ingame.services.ActivityMonitoringService$1.onActivityLaunch:127
12-23 01:15:24.758 I/GameModeConfig( 1508): Current uri is uri = content://com.thundercomm.gamemode.api/gamemode_settings/gamemode_isgaming
12-23 01:15:24.759 I/GameModeConfig( 1508): isGameModeOn = false
12-23 01:15:24.759 I/GameModeConfig( 1508): isGameModeOn = false
12-23 01:15:24.759 I/GameModeConfig( 1508): isDisableVoice = true
01-01 08:01:02.019 I/binder ( 0): 18284:18311 ioctl 40046210 7b6632a254 returned -22
12-23 01:15:24.813 E/AndroidRuntime(18284): FATAL EXCEPTION: ViewPool-init
12-23 01:15:24.813 E/AndroidRuntime(18284): Process: com.android.launcher3, PID: 18284
12-23 01:15:24.813 E/AndroidRuntime(18284): android.view.InflateException: Binary XML file line #18 in com.android.launcher3:layout/task: Binary XML file line #18 in com.android.launcher3:layout/task: Error inflating class com.android.quickstep.views.TaskView
12-23 01:15:24.813 E/AndroidRuntime(18284): Caused by: android.view.InflateException: Binary XML file line #18 in com.android.launcher3:layout/task: Error inflating class com.android.quickstep.views.TaskView
12-23 01:15:24.813 E/AndroidRuntime(18284): Caused by: java.lang.reflect.InvocationTargetException
12-23 01:15:24.813 E/AndroidRuntime(18284): at java.lang.reflect.Constructor.newInstance0(Native Method)
12-23 01:15:24.813 E/AndroidRuntime(18284): at java.lang.reflect.Constructor.newInstance(Constructor.java:343)
12-23 01:15:24.813 E/AndroidRuntime(18284): at android.view.LayoutInflater.createView(LayoutInflater.java:858)
12-23 01:15:24.813 E/AndroidRuntime(18284): at android.view.LayoutInflater.createViewFromTag(LayoutInflater.java:1010)
12-23 01:15:24.813 E/AndroidRuntime(18284): at android.view.LayoutInflater.createViewFromTag(LayoutInflater.java:965)
12-23 01:15:24.813 E/AndroidRuntime(18284): at android.view.LayoutInflater.inflate(LayoutInflater.java:663)
12-23 01:15:24.813 E/AndroidRuntime(18284): at android.view.LayoutInflater.inflate(LayoutInflater.java:538)
12-23 01:15:24.813 E/AndroidRuntime(18284): at com.android.launcher3.util.ViewPool.inflateNewView(ViewPool.java:106)
12-23 01:15:24.813 E/AndroidRuntime(18284): at com.android.launcher3.util.ViewPool.lambda$initPool$1$ViewPool(ViewPool.java:69)
12-23 01:15:24.813 E/AndroidRuntime(18284): at com.android.launcher3.util.ViewPool$$ExternalSyntheticLambda0.run(Unknown Source:8)
12-23 01:15:24.813 E/AndroidRuntime(18284): at java.lang.Thread.run(Thread.java:920)
12-23 01:15:24.813 E/AndroidRuntime(18284): Caused by: java.lang.ClassCastException: com.android.quickstep.RecentsActivity cannot be cast to com.android.launcher3.Launcher
12-23 01:15:24.813 E/AndroidRuntime(18284): at com.android.launcher3.Launcher.getLauncher(Launcher.java:3019)
12-23 01:15:24.813 E/AndroidRuntime(18284): at com.android.quickstep.views.TaskView.(TaskView.java:416)
12-23 01:15:24.813 E/AndroidRuntime(18284): at com.android.quickstep.views.TaskView.(TaskView.java:410)
12-23 01:15:24.813 E/AndroidRuntime(18284): ... 11 more
12-23 01:15:24.814 W/ActivityTaskManager( 1508): Force finishing activity com.android.launcher3/com.android.quickstep.RecentsActivity
12-23 01:15:24.821 W/ContextImpl( 2417): Calling a method in the system process without a qualified user: android.app.ContextImpl.startService:1816 android.content.ContextWrapper.startService:774 com.thundercomm.gamemode.ingame.services.GameModeActionUtils.startGameModeService:99 com.thundercomm.gamemode.ingame.services.GameModeActionUtils.startGameModeEntry:22 com.thundercomm.gamemode.ingame.services.ActivityMonitoringService$1.onActivityLaunch:127
12-23 01:15:24.822 I/GameModeConfig( 1508): Current uri is uri = content://com.thundercomm.gamemode.api/gamemode_settings/gamemode_isgaming
12-23 01:15:24.823 I/GameModeConfig( 1508): isGameModeOn = false
12-23 01:15:24.823 I/GameModeConfig( 1508): isGameModeOn = false
12-23 01:15:24.823 I/GameModeConfig( 1508): isDisableVoice = true
12-23 01:15:24.824 I/ActivityManager( 1508): Process com.android.launcher3 (pid 18284) has died: vis BFGS
12-23 01:15:24.824 W/ActivityManager( 1508): Scheduling restart of crashed service com.android.launcher3/com.android.quickstep.TouchInteractionService in 1000ms for connection
12-23 01:15:24.827 D/CompatibilityChangeReporter( 1508): Compat change id reported: 135634846; UID 10078; state: DISABLED
12-23 01:15:24.827 D/CompatibilityChangeReporter( 1508): Compat change id reported: 177438394; UID 10078; state: DISABLED
12-23 01:15:24.827 D/CompatibilityChangeReporter( 1508): Compat change id reported: 135772972; UID 10078; state: DISABLED
12-23 01:15:24.827 D/CompatibilityChangeReporter( 1508): Compat change id reported: 135754954; UID 10078; state: ENABLED
12-23 01:15:24.827 D/CompatibilityChangeReporter( 1508): Compat change id reported: 143937733; UID 10078; state: ENABLED
12-23 01:15:24.832 I/ActivityManager( 1508): Start proc 18325:com.android.launcher3/u0a78 for service {com.android.launcher3/com.android.quickstep.TouchInteractionService}
01-01 08:01:02.086 I/binder ( 0): 18325:18325 ioctl 40046210 7fe8558544 returned -22
12-23 01:15:24.874 I/ActivityTaskManager( 1508): START u0 {act=android.intent.action.MAIN cat=[android.intent.category.DEFAULT] flg=0x10010000 cmp=com.android.launcher3/com.android.quickstep.RecentsActivity} from uid 10078
12-23 01:15:24.875 W/ActivityTaskManager( 1508): Can't find TaskDisplayArea to determine support for multi window. Task id=717 attached=false
12-23 01:15:24.878 I/ActivityTaskManager( 1508): The Process com.android.launcher3 Already Exists in BG. So sending its PID: 18325
12-23 01:15:24.883 W/ContextImpl( 2417): Calling a method in the system process without a qualified user: android.app.ContextImpl.startService:1816 android.content.ContextWrapper.startService:774 com.thundercomm.gamemode.ingame.services.GameModeActionUtils.startGameModeService:99 com.thundercomm.gamemode.ingame.services.GameModeActionUtils.startGameModeEntry:22 com.thundercomm.gamemode.ingame.services.ActivityMonitoringService$1.onActivityLaunch:127
12-23 01:15:24.884 I/GameModeConfig( 1508): Current uri is uri = content://com.thundercomm.gamemode.api/gamemode_settings/gamemode_isgaming
12-23 01:15:24.884 I/GameModeConfig( 1508): isGameModeOn = false
12-23 01:15:24.885 I/GameModeConfig( 1508): isGameModeOn = false
12-23 01:15:24.885 I/GameModeConfig( 1508): isDisableVoice = true
01-01 08:01:02.144 I/binder ( 0): 18325:18352 ioctl 40046210 7b66428254 returned -22
12-23 01:15:24.937 E/AndroidRuntime(18325): FATAL EXCEPTION: ViewPool-init
12-23 01:15:24.937 E/AndroidRuntime(18325): Process: com.android.launcher3, PID: 18325
12-23 01:15:24.937 E/AndroidRuntime(18325): android.view.InflateException: Binary XML file line #18 in com.android.launcher3:layout/task: Binary XML file line #18 in com.android.launcher3:layout/task: Error inflating class com.android.quickstep.views.TaskView
12-23 01:15:24.937 E/AndroidRuntime(18325): Caused by: android.view.InflateException: Binary XML file line #18 in com.android.launcher3:layout/task: Error inflating class com.android.quickstep.views.TaskView
12-23 01:15:24.937 E/AndroidRuntime(18325): Caused by: java.lang.reflect.InvocationTargetException
12-23 01:15:24.937 E/AndroidRuntime(18325): at java.lang.reflect.Constructor.newInstance0(Native Method)
12-23 01:15:24.937 E/AndroidRuntime(18325): at java.lang.reflect.Constructor.newInstance(Constructor.java:343)
12-23 01:15:24.937 E/AndroidRuntime(18325): at android.view.LayoutInflater.createView(LayoutInflater.java:858)
12-23 01:15:24.937 E/AndroidRuntime(18325): at android.view.LayoutInflater.createViewFromTag(LayoutInflater.java:1010)
12-23 01:15:24.937 E/AndroidRuntime(18325): at android.view.LayoutInflater.createViewFromTag(LayoutInflater.java:965)
12-23 01:15:24.937 E/AndroidRuntime(18325): at android.view.LayoutInflater.inflate(LayoutInflater.java:663)
12-23 01:15:24.937 E/AndroidRuntime(18325): at android.view.LayoutInflater.inflate(LayoutInflater.java:538)
12-23 01:15:24.937 E/AndroidRuntime(18325): at com.android.launcher3.util.ViewPool.inflateNewView(ViewPool.java:106)
12-23 01:15:24.937 E/AndroidRuntime(18325): at com.android.launcher3.util.ViewPool.lambda$initPool$1$ViewPool(ViewPool.java:69)
12-23 01:15:24.937 E/AndroidRuntime(18325): at com.android.launcher3.util.ViewPool$$ExternalSyntheticLambda0.run(Unknown Source:8)
12-23 01:15:24.937 E/AndroidRuntime(18325): at java.lang.Thread.run(Thread.java:920)
12-23 01:15:24.937 E/AndroidRuntime(18325): Caused by: java.lang.ClassCastException: com.android.quickstep.RecentsActivity cannot be cast to com.android.launcher3.Launcher
12-23 01:15:24.937 E/AndroidRuntime(18325): at com.android.launcher3.Launcher.getLauncher(Launcher.java:3019)
12-23 01:15:24.937 E/AndroidRuntime(18325): at com.android.quickstep.views.TaskView.(TaskView.java:416)
12-23 01:15:24.937 E/AndroidRuntime(18325): at com.android.quickstep.views.TaskView.(TaskView.java:410)
12-23 01:15:24.937 E/AndroidRuntime(18325): ... 11 more
12-23 01:15:24.938 W/ActivityTaskManager( 1508): Force finishing activity com.android.launcher3/com.android.quickstep.RecentsActivity
12-23 01:15:24.945 W/ContextImpl( 2417): Calling a method in the system process without a qualified user: android.app.ContextImpl.startService:1816 android.content.ContextWrapper.startService:774 com.thundercomm.gamemode.ingame.services.GameModeActionUtils.startGameModeService:99 com.thundercomm.gamemode.ingame.services.GameModeActionUtils.startGameModeEntry:22 com.thundercomm.gamemode.ingame.services.ActivityMonitoringService$1.onActivityLaunch:127
12-23 01:15:24.946 I/GameModeConfig( 1508): Current uri is uri = content://com.thundercomm.gamemode.api/gamemode_settings/gamemode_isgaming
12-23 01:15:24.947 I/GameModeConfig( 1508): isGameModeOn = false
12-23 01:15:24.948 I/GameModeConfig( 1508): isGameModeOn = false
12-23 01:15:24.948 I/GameModeConfig( 1508): isDisableVoice = true
12-23 01:15:24.948 I/ActivityManager( 1508): Process com.android.launcher3 (pid 18325) has died: vis BFGS
12-23 01:15:24.950 W/ActivityManager( 1508): Scheduling restart of crashed service com.android.launcher3/com.android.quickstep.TouchInteractionService in 1000ms for connection
12-23 01:15:24.952 D/CompatibilityChangeReporter( 1508): Compat change id reported: 135634846; UID 10078; state: DISABLED
12-23 01:15:24.952 D/CompatibilityChangeReporter( 1508): Compat change id reported: 177438394; UID 10078; state: DISABLED
12-23 01:15:24.953 D/CompatibilityChangeReporter( 1508): Compat change id reported: 135772972; UID 10078; state: DISABLED
12-23 01:15:24.953 D/CompatibilityChangeReporter( 1508): Compat change id reported: 135754954; UID 10078; state: ENABLED
12-23 01:15:24.953 D/CompatibilityChangeReporter( 1508): Compat change id reported: 143937733; UID 10078; state: ENABLED
12-23 01:15:24.957 I/ActivityManager( 1508): Start proc 18365:com.android.launcher3/u0a78 for service {com.android.launcher3/com.android.quickstep.TouchInteractionService}
01-01 08:01:02.210 I/binder ( 0): 18365:18365 ioctl 40046210 7fe8558544 returned -22
12-23 01:15:24.998 I/ActivityTaskManager( 1508): START u0 {act=android.intent.action.MAIN cat=[android.intent.category.DEFAULT] flg=0x10010000 cmp=com.android.launcher3/com.android.quickstep.RecentsActivity} from uid 10078
12-23 01:15:24.999 W/ActivityTaskManager( 1508): Can't find TaskDisplayArea to determine support for multi window. Task id=719 attached=false
12-23 01:15:25.001 I/ActivityTaskManager( 1508): The Process com.android.launcher3 Already Exists in BG. So sending its PID: 18365
12-23 01:15:25.007 W/ContextImpl( 2417): Calling a method in the system process without a qualified user: android.app.ContextImpl.startService:1816 android.content.ContextWrapper.startService:774 com.thundercomm.gamemode.ingame.services.GameModeActionUtils.startGameModeService:99 com.thundercomm.gamemode.ingame.services.GameModeActionUtils.startGameModeEntry:22 com.thundercomm.gamemode.ingame.services.ActivityMonitoringService$1.onActivityLaunch:127
12-23 01:15:25.008 I/GameModeConfig( 1508): Current uri is uri = content://com.thundercomm.gamemode.api/gamemode_settings/gamemode_isgaming
12-23 01:15:25.009 I/GameModeConfig( 1508): isGameModeOn = false
12-23 01:15:25.009 I/GameModeConfig( 1508): isGameModeOn = false
12-23 01:15:25.009 I/GameModeConfig( 1508): isDisableVoice = true
01-01 08:01:02.269 I/binder ( 0): 18365:18393 ioctl 40046210 7b6522c254 returned -22
12-23 01:15:25.064 E/AndroidRuntime(18365): FATAL EXCEPTION: ViewPool-init
12-23 01:15:25.064 E/AndroidRuntime(18365): Process: com.android.launcher3, PID: 18365
12-23 01:15:25.064 E/AndroidRuntime(18365): android.view.InflateException: Binary XML file line #18 in com.android.launcher3:layout/task: Binary XML file line #18 in com.android.launcher3:layout/task: Error inflating class com.android.quickstep.views.TaskView
12-23 01:15:25.064 E/AndroidRuntime(18365): Caused by: android.view.InflateException: Binary XML file line #18 in com.android.launcher3:layout/task: Error inflating class com.android.quickstep.views.TaskView
12-23 01:15:25.064 E/AndroidRuntime(18365): Caused by: java.lang.reflect.InvocationTargetException
12-23 01:15:25.064 E/AndroidRuntime(18365): at java.lang.reflect.Constructor.newInstance0(Native Method)
12-23 01:15:25.064 E/AndroidRuntime(18365): at java.lang.reflect.Constructor.newInstance(Constructor.java:343)
12-23 01:15:25.064 E/AndroidRuntime(18365): at android.view.LayoutInflater.createView(LayoutInflater.java:858)
12-23 01:15:25.064 E/AndroidRuntime(18365): at android.view.LayoutInflater.createViewFromTag(LayoutInflater.java:1010)
12-23 01:15:25.064 E/AndroidRuntime(18365): at android.view.LayoutInflater.createViewFromTag(LayoutInflater.java:965)
12-23 01:15:25.064 E/AndroidRuntime(18365): at android.view.LayoutInflater.inflate(LayoutInflater.java:663)
12-23 01:15:25.064 E/AndroidRuntime(18365): at android.view.LayoutInflater.inflate(LayoutInflater.java:538)
12-23 01:15:25.064 E/AndroidRuntime(18365): at com.android.launcher3.util.ViewPool.inflateNewView(ViewPool.java:106)
12-23 01:15:25.064 E/AndroidRuntime(18365): at com.android.launcher3.util.ViewPool.lambda$initPool$1$ViewPool(ViewPool.java:69)
12-23 01:15:25.064 E/AndroidRuntime(18365): at com.android.launcher3.util.ViewPool$$ExternalSyntheticLambda0.run(Unknown Source:8)
12-23 01:15:25.064 E/AndroidRuntime(18365): at java.lang.Thread.run(Thread.java:920)
12-23 01:15:25.064 E/AndroidRuntime(18365): Caused by: java.lang.ClassCastException: com.android.quickstep.RecentsActivity cannot be cast to com.android.launcher3.Launcher
12-23 01:15:25.064 E/AndroidRuntime(18365): at com.android.launcher3.Launcher.getLauncher(Launcher.java:3019)
12-23 01:15:25.064 E/AndroidRuntime(18365): at com.android.quickstep.views.TaskView.(TaskView.java:416)
12-23 01:15:25.064 E/AndroidRuntime(18365): at com.android.quickstep.views.TaskView.(TaskView.java:410)
12-23 01:15:25.064 E/AndroidRuntime(18365): ... 11 more
12-23 01:15:25.065 W/ActivityTaskManager( 1508): Force finishing activity com.android.launcher3/com.android.quickstep.RecentsActivity
12-23 01:15:25.071 W/ContextImpl( 2417): Calling a method in the system process without a qualified user: android.app.ContextImpl.startService:1816 android.content.ContextWrapper.startService:774 com.thundercomm.gamemode.ingame.services.GameModeActionUtils.startGameModeService:99 com.thundercomm.gamemode.ingame.services.GameModeActionUtils.startGameModeEntry:22 com.thundercomm.gamemode.ingame.services.ActivityMonitoringService$1.onActivityLaunch:127
12-23 01:15:25.072 I/GameModeConfig( 1508): Current uri is uri = content://com.thundercomm.gamemode.api/gamemode_settings/gamemode_isgaming
12-23 01:15:25.073 I/GameModeConfig( 1508): isGameModeOn = false
12-23 01:15:25.073 I/GameModeConfig( 1508): isGameModeOn = false
12-23 01:15:25.073 I/GameModeConfig( 1508): isDisableVoice = true
12-23 01:15:25.074 I/ActivityManager( 1508): Process com.android.launcher3 (pid 18365) has died: vis BFGS
12-23 01:15:25.075 W/ActivityManager( 1508): Scheduling restart of crashed service com.android.launcher3/com.android.quickstep.TouchInteractionService in 1000ms for connection
12-23 01:15:25.078 D/CompatibilityChangeReporter( 1508): Compat change id reported: 135634846; UID 10078; state: DISABLED
12-23 01:15:25.078 D/CompatibilityChangeReporter( 1508): Compat change id reported: 177438394; UID 10078; state: DISABLED
12-23 01:15:25.078 D/CompatibilityChangeReporter( 1508): Compat change id reported: 135772972; UID 10078; state: DISABLED
12-23 01:15:25.078 D/CompatibilityChangeReporter( 1508): Compat change id reported: 135754954; UID 10078; state: ENABLED
12-23 01:15:25.078 D/CompatibilityChangeReporter( 1508): Compat change id reported: 143937733; UID 10078; state: ENABLED
12-23 01:15:25.082 I/ActivityManager( 1508): Start proc 18406:com.android.launcher3/u0a78 for service {com.android.launcher3/com.android.quickstep.TouchInteractionService}
01-01 08:01:02.336 I/binder ( 0): 18406:18406 ioctl 40046210 7fe8558544 returned -22
12-23 01:15:25.123 I/ActivityTaskManager( 1508): START u0 {act=android.intent.action.MAIN cat=[android.intent.category.DEFAULT] flg=0x10010000 cmp=com.android.launcher3/com.android.quickstep.RecentsActivity} from uid 10078
12-23 01:15:25.124 W/ActivityTaskManager( 1508): Can't find TaskDisplayArea to determine support for multi window. Task id=721 attached=false
12-23 01:15:25.127 I/ActivityTaskManager( 1508): The Process com.android.launcher3 Already Exists in BG. So sending its PID: 18406
12-23 01:15:25.131 W/ContextImpl( 2417): Calling a method in the system process without a qualified user: android.app.ContextImpl.startService:1816 android.content.ContextWrapper.startService:774 com.thundercomm.gamemode.ingame.services.GameModeActionUtils.startGameModeService:99 com.thundercomm.gamemode.ingame.services.GameModeActionUtils.startGameModeEntry:22 com.thundercomm.gamemode.ingame.services.ActivityMonitoringService$1.onActivityLaunch:127
12-23 01:15:25.133 I/GameModeConfig( 1508): Current uri is uri = content://com.thundercomm.gamemode.api/gamemode_settings/gamemode_isgaming
12-23 01:15:25.134 I/GameModeConfig( 1508): isGameModeOn = false
12-23 01:15:25.134 I/GameModeConfig( 1508): isGameModeOn = false
12-23 01:15:25.134 I/GameModeConfig( 1508): isDisableVoice = true
01-01 08:01:02.393 I/binder ( 0): 18406:18433 ioctl 40046210 7b6632a254 returned -22
12-23 01:15:25.188 E/AndroidRuntime(18406): FATAL EXCEPTION: ViewPool-init
12-23 01:15:25.188 E/AndroidRuntime(18406): Process: com.android.launcher3, PID: 18406
12-23 01:15:25.188 E/AndroidRuntime(18406): android.view.InflateException: Binary XML file line #18 in com.android.launcher3:layout/task: Binary XML file line #18 in com.android.launcher3:layout/task: Error inflating class com.android.quickstep.views.TaskView
12-23 01:15:25.188 E/AndroidRuntime(18406): Caused by: android.view.InflateException: Binary XML file line #18 in com.android.launcher3:layout/task: Error inflating class com.android.quickstep.views.TaskView
12-23 01:15:25.188 E/AndroidRuntime(18406): Caused by: java.lang.reflect.InvocationTargetException
12-23 01:15:25.188 E/AndroidRuntime(18406): at java.lang.reflect.Constructor.newInstance0(Native Method)
12-23 01:15:25.188 E/AndroidRuntime(18406): at java.lang.reflect.Constructor.newInstance(Constructor.java:343)
12-23 01:15:25.188 E/AndroidRuntime(18406): at android.view.LayoutInflater.createView(LayoutInflater.java:858)
12-23 01:15:25.188 E/AndroidRuntime(18406): at android.view.LayoutInflater.createViewFromTag(LayoutInflater.java:1010)
12-23 01:15:25.188 E/AndroidRuntime(18406): at android.view.LayoutInflater.createViewFromTag(LayoutInflater.java:965)
12-23 01:15:25.188 E/AndroidRuntime(18406): at android.view.LayoutInflater.inflate(LayoutInflater.java:663)
12-23 01:15:25.188 E/AndroidRuntime(18406): at android.view.LayoutInflater.inflate(LayoutInflater.java:538)
12-23 01:15:25.188 E/AndroidRuntime(18406): at com.android.launcher3.util.ViewPool.inflateNewView(ViewPool.java:106)
12-23 01:15:25.188 E/AndroidRuntime(18406): at com.android.launcher3.util.ViewPool.lambda$initPool$1$ViewPool(ViewPool.java:69)
12-23 01:15:25.188 E/AndroidRuntime(18406): at com.android.launcher3.util.ViewPool$$ExternalSyntheticLambda0.run(Unknown Source:8)
12-23 01:15:25.188 E/AndroidRuntime(18406): at java.lang.Thread.run(Thread.java:920)
12-23 01:15:25.188 E/AndroidRuntime(18406): Caused by: java.lang.ClassCastException: com.android.quickstep.RecentsActivity cannot be cast to com.android.launcher3.Launcher
12-23 01:15:25.188 E/AndroidRuntime(18406): at com.android.launcher3.Launcher.getLauncher(Launcher.java:3019)
12-23 01:15:25.188 E/AndroidRuntime(18406): at com.android.quickstep.views.TaskView.(TaskView.java:416)
12-23 01:15:25.188 E/AndroidRuntime(18406): at com.android.quickstep.views.TaskView.(TaskView.java:410)
12-23 01:15:25.188 E/AndroidRuntime(18406): ... 11 more
12-23 01:15:25.189 W/ActivityTaskManager( 1508): Force finishing activity com.android.launcher3/com.android.quickstep.RecentsActivity
12-23 01:15:25.195 W/ContextImpl( 2417): Calling a method in the system process without a qualified user: android.app.ContextImpl.startService:1816 android.content.ContextWrapper.startService:774 com.thundercomm.gamemode.ingame.services.GameModeActionUtils.startGameModeService:99 com.thundercomm.gamemode.ingame.services.GameModeActionUtils.startGameModeEntry:22 com.thundercomm.gamemode.ingame.services.ActivityMonitoringService$1.onActivityLaunch:127
12-23 01:15:25.196 I/GameModeConfig( 1508): Current uri is uri = content://com.thundercomm.gamemode.api/gamemode_settings/gamemode_isgaming
12-23 01:15:25.197 I/GameModeConfig( 1508): isGameModeOn = false
12-23 01:15:25.197 I/GameModeConfig( 1508): isGameModeOn = false
12-23 01:15:25.197 I/GameModeConfig( 1508): isDisableVoice = true
12-23 01:15:25.198 I/ActivityManager( 1508): Process com.android.launcher3 (pid 18406) has died: vis BFGS
12-23 01:15:25.198 W/ActivityManager( 1508): Scheduling restart of crashed service com.android.launcher3/com.android.quickstep.TouchInteractionService in 1000ms for connection
12-23 01:15:25.201 D/CompatibilityChangeReporter( 1508): Compat change id reported: 135634846; UID 10078; state: DISABLED
12-23 01:15:25.201 D/CompatibilityChangeReporter( 1508): Compat change id reported: 177438394; UID 10078; state: DISABLED
12-23 01:15:25.201 D/CompatibilityChangeReporter( 1508): Compat change id reported: 135772972; UID 10078; state: DISABLED
12-23 01:15:25.201 D/CompatibilityChangeReporter( 1508): Compat change id reported: 135754954; UID 10078; state: ENABLED
12-23 01:15:25.202 D/CompatibilityChangeReporter( 1508): Compat change id reported: 143937733; UID 10078; state: ENABLED
12-23 01:15:25.206 I/ActivityManager( 1508): Start proc 18446:com.android.launcher3/u0a78 for service {com.android.launcher3/com.android.quickstep.TouchInteractionService}
01-01 08:01:02.460 I/binder ( 0): 18446:18446 ioctl 40046210 7fe8558544 returned -22
12-23 01:15:25.246 I/ActivityTaskManager( 1508): START u0 {act=android.intent.action.MAIN cat=[android.intent.category.DEFAULT] flg=0x10010000 cmp=com.android.launcher3/com.android.quickstep.RecentsActivity} from uid 10078
12-23 01:15:25.248 W/ActivityTaskManager( 1508): Can't find TaskDisplayArea to determine support for multi window. Task id=723 attached=false
12-23 01:15:25.251 I/ActivityTaskManager( 1508): The Process com.android.launcher3 Already Exists in BG. So sending its PID: 18446
12-23 01:15:25.257 W/ContextImpl( 2417): Calling a method in the system process without a qualified user: android.app.ContextImpl.startService:1816 android.content.ContextWrapper.startService:774 com.thundercomm.gamemode.ingame.services.GameModeActionUtils.startGameModeService:99 com.thundercomm.gamemode.ingame.services.GameModeActionUtils.startGameModeEntry:22 com.thundercomm.gamemode.ingame.services.ActivityMonitoringService$1.onActivityLaunch:127
12-23 01:15:25.258 I/GameModeConfig( 1508): Current uri is uri = content://com.thundercomm.gamemode.api/gamemode_settings/gamemode_isgaming
12-23 01:15:25.259 I/GameModeConfig( 1508): isGameModeOn = false
12-23 01:15:25.259 I/GameModeConfig( 1508): isGameModeOn = false
12-23 01:15:25.259 I/GameModeConfig( 1508): isDisableVoice = true
01-01 08:01:02.519 I/binder ( 0): 18446:18474 ioctl 40046210 7b6522c254 returned -22
12-23 01:15:25.314 E/AndroidRuntime(18446): FATAL EXCEPTION: ViewPool-init
12-23 01:15:25.314 E/AndroidRuntime(18446): Process: com.android.launcher3, PID: 18446
12-23 01:15:25.314 E/AndroidRuntime(18446): android.view.InflateException: Binary XML file line #18 in com.android.launcher3:layout/task: Binary XML file line #18 in com.android.launcher3:layout/task: Error inflating class com.android.quickstep.views.TaskView
12-23 01:15:25.314 E/AndroidRuntime(18446): Caused by: android.view.InflateException: Binary XML file line #18 in com.android.launcher3:layout/task: Error inflating class com.android.quickstep.views.TaskView
12-23 01:15:25.314 E/AndroidRuntime(18446): Caused by: java.lang.reflect.InvocationTargetException
12-23 01:15:25.314 E/AndroidRuntime(18446): at java.lang.reflect.Constructor.newInstance0(Native Method)
12-23 01:15:25.314 E/AndroidRuntime(18446): at java.lang.reflect.Constructor.newInstance(Constructor.java:343)
12-23 01:15:25.314 E/AndroidRuntime(18446): at android.view.LayoutInflater.createView(LayoutInflater.java:858)
12-23 01:15:25.314 E/AndroidRuntime(18446): at android.view.LayoutInflater.createViewFromTag(LayoutInflater.java:1010)
12-23 01:15:25.314 E/AndroidRuntime(18446): at android.view.LayoutInflater.createViewFromTag(LayoutInflater.java:965)
12-23 01:15:25.314 E/AndroidRuntime(18446): at android.view.LayoutInflater.inflate(LayoutInflater.java:663)
12-23 01:15:25.314 E/AndroidRuntime(18446): at android.view.LayoutInflater.inflate(LayoutInflater.java:538)
12-23 01:15:25.314 E/AndroidRuntime(18446): at com.android.launcher3.util.ViewPool.inflateNewView(ViewPool.java:106)
12-23 01:15:25.314 E/AndroidRuntime(18446): at com.android.launcher3.util.ViewPool.lambda$initPool$1$ViewPool(ViewPool.java:69)
12-23 01:15:25.314 E/AndroidRuntime(18446): at com.android.launcher3.util.ViewPool$$ExternalSyntheticLambda0.run(Unknown Source:8)
12-23 01:15:25.314 E/AndroidRuntime(18446): at java.lang.Thread.run(Thread.java:920)
12-23 01:15:25.314 E/AndroidRuntime(18446): Caused by: java.lang.ClassCastException: com.android.quickstep.RecentsActivity cannot be cast to com.android.launcher3.Launcher
12-23 01:15:25.314 E/AndroidRuntime(18446): at com.android.launcher3.Launcher.getLauncher(Launcher.java:3019)
12-23 01:15:25.314 E/AndroidRuntime(18446): at com.android.quickstep.views.TaskView.(TaskView.java:416)
12-23 01:15:25.314 E/AndroidRuntime(18446): at com.android.quickstep.views.TaskView.(TaskView.java:410)
12-23 01:15:25.314 E/AndroidRuntime(18446): ... 11 more
12-23 01:15:25.315 W/ActivityTaskManager( 1508): Force finishing activity com.android.launcher3/com.android.quickstep.RecentsActivity
12-23 01:15:25.321 W/ContextImpl( 2417): Calling a method in the system process without a qualified user: android.app.ContextImpl.startService:1816 android.content.ContextWrapper.startService:774 com.thundercomm.gamemode.ingame.services.GameModeActionUtils.startGameModeService:99 com.thundercomm.gamemode.ingame.services.GameModeActionUtils.startGameModeEntry:22 com.thundercomm.gamemode.ingame.services.ActivityMonitoringService$1.onActivityLaunch:127
12-23 01:15:25.323 I/GameModeConfig( 1508): Current uri is uri = content://com.thundercomm.gamemode.api/gamemode_settings/gamemode_isgaming
12-23 01:15:25.324 I/GameModeConfig( 1508): isGameModeOn = false
12-23 01:15:25.324 I/GameModeConfig( 1508): isGameModeOn = false
12-23 01:15:25.324 I/GameModeConfig( 1508): isDisableVoice = true
12-23 01:15:25.326 I/ActivityManager( 1508): Process com.android.launcher3 (pid 18446) has died: vis BFGS
12-23 01:15:25.326 W/ActivityManager( 1508): Scheduling restart of crashed service com.android.launcher3/com.android.quickstep.TouchInteractionService in 1000ms for connection
12-23 01:15:25.329 D/CompatibilityChangeReporter( 1508): Compat change id reported: 135634846; UID 10078; state: DISABLED
12-23 01:15:25.329 D/CompatibilityChangeReporter( 1508): Compat change id reported: 177438394; UID 10078; state: DISABLED
12-23 01:15:25.329 D/CompatibilityChangeReporter( 1508): Compat change id reported: 135772972; UID 10078; state: DISABLED
12-23 01:15:25.329 D/CompatibilityChangeReporter( 1508): Compat change id reported: 135754954; UID 10078; state: ENABLED
12-23 01:15:25.329 D/CompatibilityChangeReporter( 1508): Compat change id reported: 143937733; UID 10078; state: ENABLED
12-23 01:15:25.333 I/ActivityManager( 1508): Start proc 18488:com.android.launcher3/u0a78 for service {com.android.launcher3/com.android.quickstep.TouchInteractionService}
01-01 08:01:02.587 I/binder ( 0): 18488:18488 ioctl 40046210 7fe8558544 returned -22
12-23 01:15:25.374 I/ActivityTaskManager( 1508): START u0 {act=android.intent.action.MAIN cat=[android.intent.category.DEFAULT] flg=0x10010000 cmp=com.android.launcher3/com.android.quickstep.RecentsActivity} from uid 10078
12-23 01:15:25.376 W/ActivityTaskManager( 1508): Can't find TaskDisplayArea to determine support for multi window. Task id=725 attached=false
12-23 01:15:25.378 I/ActivityTaskManager( 1508): The Process com.android.launcher3 Already Exists in BG. So sending its PID: 18488
12-23 01:15:25.383 W/ContextImpl( 2417): Calling a method in the system process without a qualified user: android.app.ContextImpl.startService:1816 android.content.ContextWrapper.startService:774 com.thundercomm.gamemode.ingame.services.GameModeActionUtils.startGameModeService:99 com.thundercomm.gamemode.ingame.services.GameModeActionUtils.startGameModeEntry:22 com.thundercomm.gamemode.ingame.services.ActivityMonitoringService$1.onActivityLaunch:127
12-23 01:15:25.385 I/GameModeConfig( 1508): Current uri is uri = content://com.thundercomm.gamemode.api/gamemode_settings/gamemode_isgaming
12-23 01:15:25.385 I/GameModeConfig( 1508): isGameModeOn = false
12-23 01:15:25.385 I/GameModeConfig( 1508): isGameModeOn = false
12-23 01:15:25.385 I/GameModeConfig( 1508): isDisableVoice = true
01-01 08:01:02.645 I/binder ( 0): 18488:18515 ioctl 40046210 7b6632a254 returned -22
12-23 01:15:25.438 E/AndroidRuntime(18488): FATAL EXCEPTION: ViewPool-init
12-23 01:15:25.438 E/AndroidRuntime(18488): Process: com.android.launcher3, PID: 18488
12-23 01:15:25.438 E/AndroidRuntime(18488): android.view.InflateException: Binary XML file line #18 in com.android.launcher3:layout/task: Binary XML file line #18 in com.android.launcher3:layout/task: Error inflating class com.android.quickstep.views.TaskView
12-23 01:15:25.438 E/AndroidRuntime(18488): Caused by: android.view.InflateException: Binary XML file line #18 in com.android.launcher3:layout/task: Error inflating class com.android.quickstep.views.TaskView
12-23 01:15:25.438 E/AndroidRuntime(18488): Caused by: java.lang.reflect.InvocationTargetException
12-23 01:15:25.438 E/AndroidRuntime(18488): at java.lang.reflect.Constructor.newInstance0(Native Method)
12-23 01:15:25.438 E/AndroidRuntime(18488): at java.lang.reflect.Constructor.newInstance(Constructor.java:343)
12-23 01:15:25.438 E/AndroidRuntime(18488): at android.view.LayoutInflater.createView(LayoutInflater.java:858)
12-23 01:15:25.438 E/AndroidRuntime(18488): at android.view.LayoutInflater.createViewFromTag(LayoutInflater.java:1010)
12-23 01:15:25.438 E/AndroidRuntime(18488): at android.view.LayoutInflater.createViewFromTag(LayoutInflater.java:965)
12-23 01:15:25.438 E/AndroidRuntime(18488): at android.view.LayoutInflater.inflate(LayoutInflater.java:663)
12-23 01:15:25.438 E/AndroidRuntime(18488): at android.view.LayoutInflater.inflate(LayoutInflater.java:538)
12-23 01:15:25.438 E/AndroidRuntime(18488): at com.android.launcher3.util.ViewPool.inflateNewView(ViewPool.java:106)
12-23 01:15:25.438 E/AndroidRuntime(18488): at com.android.launcher3.util.ViewPool.lambda$initPool$1$ViewPool(ViewPool.java:69)
12-23 01:15:25.438 E/AndroidRuntime(18488): at com.android.launcher3.util.ViewPool$$ExternalSyntheticLambda0.run(Unknown Source:8)
12-23 01:15:25.438 E/AndroidRuntime(18488): at java.lang.Thread.run(Thread.java:920)
12-23 01:15:25.438 E/AndroidRuntime(18488): Caused by: java.lang.ClassCastException: com.android.quickstep.RecentsActivity cannot be cast to com.android.launcher3.Launcher
12-23 01:15:25.438 E/AndroidRuntime(18488): at com.android.launcher3.Launcher.getLauncher(Launcher.java:3019)
12-23 01:15:25.438 E/AndroidRuntime(18488): at com.android.quickstep.views.TaskView.(TaskView.java:416)
12-23 01:15:25.438 E/AndroidRuntime(18488): at com.android.quickstep.views.TaskView.(TaskView.java:410)
12-23 01:15:25.438 E/AndroidRuntime(18488): ... 11 more
12-23 01:15:25.439 W/ActivityTaskManager( 1508): Force finishing activity com.android.launcher3/com.android.quickstep.RecentsActivity
12-23 01:15:25.445 W/ContextImpl( 2417): Calling a method in the system process without a qualified user: android.app.ContextImpl.startService:1816 android.content.ContextWrapper.startService:774 com.thundercomm.gamemode.ingame.services.GameModeActionUtils.startGameModeService:99 com.thundercomm.gamemode.ingame.services.GameModeActionUtils.startGameModeEntry:22 com.thundercomm.gamemode.ingame.services.ActivityMonitoringService$1.onActivityLaunch:127
12-23 01:15:25.446 I/GameModeConfig( 1508): Current uri is uri = content://com.thundercomm.gamemode.api/gamemode_settings/gamemode_isgaming
12-23 01:15:25.447 I/GameModeConfig( 1508): isGameModeOn = false
12-23 01:15:25.447 I/GameModeConfig( 1508): isGameModeOn = false
12-23 01:15:25.447 I/GameModeConfig( 1508): isDisableVoice = true
12-23 01:15:25.448 I/ActivityManager( 1508): Process com.android.launcher3 (pid 18488) has died: vis BFGS
12-23 01:15:25.449 W/ActivityManager( 1508): Scheduling restart of crashed service com.android.launcher3/com.android.quickstep.TouchInteractionService in 1000ms for connection
12-23 01:15:25.452 D/CompatibilityChangeReporter( 1508): Compat change id reported: 135634846; UID 10078; state: DISABLED
12-23 01:15:25.452 D/CompatibilityChangeReporter( 1508): Compat change id reported: 177438394; UID 10078; state: DISABLED
12-23 01:15:25.452 D/CompatibilityChangeReporter( 1508): Compat change id reported: 135772972; UID 10078; state: DISABLED
12-23 01:15:25.452 D/CompatibilityChangeReporter( 1508): Compat change id reported: 135754954; UID 10078; state: ENABLED
12-23 01:15:25.452 D/CompatibilityChangeReporter( 1508): Compat change id reported: 143937733; UID 10078; state: ENABLED
12-23 01:15:25.457 I/ActivityManager( 1508): Start proc 18529:com.android.launcher3/u0a78 for service {com.android.launcher3/com.android.quickstep.TouchInteractionService}
01-01 08:01:02.711 I/binder ( 0): 18529:18529 ioctl 40046210 7fe8558544 returned -22
01-01 08:01:02.726 I/ ( 0): read descriptors
01-01 08:01:02.726 I/ ( 0): read strings
12-23 01:15:25.500 I/ActivityTaskManager( 1508): START u0 {act=android.intent.action.MAIN cat=[android.intent.category.DEFAULT] flg=0x10010000 cmp=com.android.launcher3/com.android.quickstep.RecentsActivity} from uid 10078
12-23 01:15:25.502 W/ActivityTaskManager( 1508): Can't find TaskDisplayArea to determine support for multi window. Task id=727 attached=false
12-23 01:15:25.504 I/ActivityTaskManager( 1508): The Process com.android.launcher3 Already Exists in BG. So sending its PID: 18529
