12-23 01:15:13.791 W/ContextImpl( 2417): Calling a method in the system process without a qualified user: android.app.ContextImpl.startService:1816 android.content.ContextWrapper.startService:774 com.thundercomm.gamemode.ingame.services.GameModeActionUtils.startGameModeService:99 com.thundercomm.gamemode.ingame.services.GameModeActionUtils.startGameModeEntry:22 com.thundercomm.gamemode.ingame.services.ActivityMonitoringService$1.onActivityLaunch:127
12-23 01:15:13.793 I/GameModeConfig( 1508): Current uri is uri = content://com.thundercomm.gamemode.api/gamemode_settings/gamemode_isgaming
12-23 01:15:13.794 I/GameModeConfig( 1508): isGameModeOn = false
12-23 01:15:13.794 I/GameModeConfig( 1508): isGameModeOn = false
12-23 01:15:13.794 I/GameModeConfig( 1508): isDisableVoice = true
01-01 08:00:51.054 I/binder ( 0): 14850:14876 ioctl 40046210 7b65332254 returned -22
12-23 01:15:13.850 E/AndroidRuntime(14850): FATAL EXCEPTION: ViewPool-init
12-23 01:15:13.850 E/AndroidRuntime(14850): Process: com.android.launcher3, PID: 14850
12-23 01:15:13.850 E/AndroidRuntime(14850): android.view.InflateException: Binary XML file line #18 in com.android.launcher3:layout/task: Binary XML file line #18 in com.android.launcher3:layout/task: Error inflating class com.android.quickstep.views.TaskView
12-23 01:15:13.850 E/AndroidRuntime(14850): Caused by: android.view.InflateException: Binary XML file line #18 in com.android.launcher3:layout/task: Error inflating class com.android.quickstep.views.TaskView
12-23 01:15:13.850 E/AndroidRuntime(14850): Caused by: java.lang.reflect.InvocationTargetException
12-23 01:15:13.850 E/AndroidRuntime(14850): at java.lang.reflect.Constructor.newInstance0(Native Method)
12-23 01:15:13.850 E/AndroidRuntime(14850): at java.lang.reflect.Constructor.newInstance(Constructor.java:343)
12-23 01:15:13.850 E/AndroidRuntime(14850): at android.view.LayoutInflater.createView(LayoutInflater.java:858)
12-23 01:15:13.850 E/AndroidRuntime(14850): at android.view.LayoutInflater.createViewFromTag(LayoutInflater.java:1010)
12-23 01:15:13.850 E/AndroidRuntime(14850): at android.view.LayoutInflater.createViewFromTag(LayoutInflater.java:965)
12-23 01:15:13.850 E/AndroidRuntime(14850): at android.view.LayoutInflater.inflate(LayoutInflater.java:663)
12-23 01:15:13.850 E/AndroidRuntime(14850): at android.view.LayoutInflater.inflate(LayoutInflater.java:538)
12-23 01:15:13.850 E/AndroidRuntime(14850): at com.android.launcher3.util.ViewPool.inflateNewView(ViewPool.java:106)
12-23 01:15:13.850 E/AndroidRuntime(14850): at com.android.launcher3.util.ViewPool.lambda$initPool$1$ViewPool(ViewPool.java:69)
12-23 01:15:13.850 E/AndroidRuntime(14850): at com.android.launcher3.util.ViewPool$$ExternalSyntheticLambda0.run(Unknown Source:8)
12-23 01:15:13.850 E/AndroidRuntime(14850): at java.lang.Thread.run(Thread.java:920)
12-23 01:15:13.850 E/AndroidRuntime(14850): Caused by: java.lang.ClassCastException: com.android.quickstep.RecentsActivity cannot be cast to com.android.launcher3.Launcher
12-23 01:15:13.850 E/AndroidRuntime(14850): at com.android.launcher3.Launcher.getLauncher(Launcher.java:3019)
12-23 01:15:13.850 E/AndroidRuntime(14850): at com.android.quickstep.views.TaskView.(TaskView.java:416)
12-23 01:15:13.850 E/AndroidRuntime(14850): at com.android.quickstep.views.TaskView.(TaskView.java:410)
12-23 01:15:13.850 E/AndroidRuntime(14850): ... 11 more
12-23 01:15:13.851 W/ActivityTaskManager( 1508): Force finishing activity com.android.launcher3/com.android.quickstep.RecentsActivity
12-23 01:15:13.858 W/ContextImpl( 2417): Calling a method in the system process without a qualified user: android.app.ContextImpl.startService:1816 android.content.ContextWrapper.startService:774 com.thundercomm.gamemode.ingame.services.GameModeActionUtils.startGameModeService:99 com.thundercomm.gamemode.ingame.services.GameModeActionUtils.startGameModeEntry:22 com.thundercomm.gamemode.ingame.services.ActivityMonitoringService$1.onActivityLaunch:127
12-23 01:15:13.860 I/GameModeConfig( 1508): Current uri is uri = content://com.thundercomm.gamemode.api/gamemode_settings/gamemode_isgaming
12-23 01:15:13.860 I/GameModeConfig( 1508): isGameModeOn = false
12-23 01:15:13.860 I/GameModeConfig( 1508): isGameModeOn = false
12-23 01:15:13.860 I/GameModeConfig( 1508): isDisableVoice = true
12-23 01:15:13.861 I/ActivityManager( 1508): Process com.android.launcher3 (pid 14850) has died: vis BFGS
01-01 08:00:51.109 I/binder ( 0): undelivered transaction 362680, process died.
12-23 01:15:13.862 W/ActivityManager( 1508): Scheduling restart of crashed service com.android.launcher3/com.android.quickstep.TouchInteractionService in 1000ms for connection
12-23 01:15:13.865 D/CompatibilityChangeReporter( 1508): Compat change id reported: 135634846; UID 10078; state: DISABLED
12-23 01:15:13.865 D/CompatibilityChangeReporter( 1508): Compat change id reported: 177438394; UID 10078; state: DISABLED
12-23 01:15:13.865 D/CompatibilityChangeReporter( 1508): Compat change id reported: 135772972; UID 10078; state: DISABLED
12-23 01:15:13.865 D/CompatibilityChangeReporter( 1508): Compat change id reported: 135754954; UID 10078; state: ENABLED
12-23 01:15:13.865 D/CompatibilityChangeReporter( 1508): Compat change id reported: 143937733; UID 10078; state: ENABLED
12-23 01:15:13.869 I/ActivityManager( 1508): Start proc 14889:com.android.launcher3/u0a78 for service {com.android.launcher3/com.android.quickstep.TouchInteractionService}
01-01 08:00:51.123 I/binder ( 0): 14889:14889 ioctl 40046210 7fe8558544 returned -22
12-23 01:15:13.913 I/ActivityTaskManager( 1508): START u0 {act=android.intent.action.MAIN cat=[android.intent.category.DEFAULT] flg=0x10010000 cmp=com.android.launcher3/com.android.quickstep.RecentsActivity} from uid 10078
12-23 01:15:13.915 W/ActivityTaskManager( 1508): Can't find TaskDisplayArea to determine support for multi window. Task id=547 attached=false
12-23 01:15:13.917 I/ActivityTaskManager( 1508): The Process com.android.launcher3 Already Exists in BG. So sending its PID: 14889
12-23 01:15:13.923 W/ContextImpl( 2417): Calling a method in the system process without a qualified user: android.app.ContextImpl.startService:1816 android.content.ContextWrapper.startService:774 com.thundercomm.gamemode.ingame.services.GameModeActionUtils.startGameModeService:99 com.thundercomm.gamemode.ingame.services.GameModeActionUtils.startGameModeEntry:22 com.thundercomm.gamemode.ingame.services.ActivityMonitoringService$1.onActivityLaunch:127
12-23 01:15:13.924 I/GameModeConfig( 1508): Current uri is uri = content://com.thundercomm.gamemode.api/gamemode_settings/gamemode_isgaming
12-23 01:15:13.925 I/GameModeConfig( 1508): isGameModeOn = false
12-23 01:15:13.925 I/GameModeConfig( 1508): isGameModeOn = false
12-23 01:15:13.925 I/GameModeConfig( 1508): isDisableVoice = true
01-01 08:00:51.185 I/binder ( 0): 14889:14916 ioctl 40046210 7b6632a254 returned -22
12-23 01:15:13.980 E/AndroidRuntime(14889): FATAL EXCEPTION: ViewPool-init
12-23 01:15:13.980 E/AndroidRuntime(14889): Process: com.android.launcher3, PID: 14889
12-23 01:15:13.980 E/AndroidRuntime(14889): android.view.InflateException: Binary XML file line #18 in com.android.launcher3:layout/task: Binary XML file line #18 in com.android.launcher3:layout/task: Error inflating class com.android.quickstep.views.TaskView
12-23 01:15:13.980 E/AndroidRuntime(14889): Caused by: android.view.InflateException: Binary XML file line #18 in com.android.launcher3:layout/task: Error inflating class com.android.quickstep.views.TaskView
12-23 01:15:13.980 E/AndroidRuntime(14889): Caused by: java.lang.reflect.InvocationTargetException
12-23 01:15:13.980 E/AndroidRuntime(14889): at java.lang.reflect.Constructor.newInstance0(Native Method)
12-23 01:15:13.980 E/AndroidRuntime(14889): at java.lang.reflect.Constructor.newInstance(Constructor.java:343)
12-23 01:15:13.980 E/AndroidRuntime(14889): at android.view.LayoutInflater.createView(LayoutInflater.java:858)
12-23 01:15:13.980 E/AndroidRuntime(14889): at android.view.LayoutInflater.createViewFromTag(LayoutInflater.java:1010)
12-23 01:15:13.980 E/AndroidRuntime(14889): at android.view.LayoutInflater.createViewFromTag(LayoutInflater.java:965)
12-23 01:15:13.980 E/AndroidRuntime(14889): at android.view.LayoutInflater.inflate(LayoutInflater.java:663)
12-23 01:15:13.980 E/AndroidRuntime(14889): at android.view.LayoutInflater.inflate(LayoutInflater.java:538)
12-23 01:15:13.980 E/AndroidRuntime(14889): at com.android.launcher3.util.ViewPool.inflateNewView(ViewPool.java:106)
12-23 01:15:13.980 E/AndroidRuntime(14889): at com.android.launcher3.util.ViewPool.lambda$initPool$1$ViewPool(ViewPool.java:69)
12-23 01:15:13.980 E/AndroidRuntime(14889): at com.android.launcher3.util.ViewPool$$ExternalSyntheticLambda0.run(Unknown Source:8)
12-23 01:15:13.980 E/AndroidRuntime(14889): at java.lang.Thread.run(Thread.java:920)
12-23 01:15:13.980 E/AndroidRuntime(14889): Caused by: java.lang.ClassCastException: com.android.quickstep.RecentsActivity cannot be cast to com.android.launcher3.Launcher
12-23 01:15:13.980 E/AndroidRuntime(14889): at com.android.launcher3.Launcher.getLauncher(Launcher.java:3019)
12-23 01:15:13.980 E/AndroidRuntime(14889): at com.android.quickstep.views.TaskView.(TaskView.java:416)
12-23 01:15:13.980 E/AndroidRuntime(14889): at com.android.quickstep.views.TaskView.(TaskView.java:410)
12-23 01:15:13.980 E/AndroidRuntime(14889): ... 11 more
12-23 01:15:13.981 W/ActivityTaskManager( 1508): Force finishing activity com.android.launcher3/com.android.quickstep.RecentsActivity
12-23 01:15:13.987 W/ContextImpl( 2417): Calling a method in the system process without a qualified user: android.app.ContextImpl.startService:1816 android.content.ContextWrapper.startService:774 com.thundercomm.gamemode.ingame.services.GameModeActionUtils.startGameModeService:99 com.thundercomm.gamemode.ingame.services.GameModeActionUtils.startGameModeEntry:22 com.thundercomm.gamemode.ingame.services.ActivityMonitoringService$1.onActivityLaunch:127
12-23 01:15:13.989 I/GameModeConfig( 1508): Current uri is uri = content://com.thundercomm.gamemode.api/gamemode_settings/gamemode_isgaming
12-23 01:15:13.990 I/GameModeConfig( 1508): isGameModeOn = false
12-23 01:15:13.990 I/GameModeConfig( 1508): isGameModeOn = false
12-23 01:15:13.990 I/GameModeConfig( 1508): isDisableVoice = true
12-23 01:15:13.992 I/ActivityManager( 1508): Process com.android.launcher3 (pid 14889) has died: vis BFGS
12-23 01:15:13.993 W/ActivityManager( 1508): Scheduling restart of crashed service com.android.launcher3/com.android.quickstep.TouchInteractionService in 1000ms for connection
12-23 01:15:13.996 D/CompatibilityChangeReporter( 1508): Compat change id reported: 135634846; UID 10078; state: DISABLED
12-23 01:15:13.996 D/CompatibilityChangeReporter( 1508): Compat change id reported: 177438394; UID 10078; state: DISABLED
12-23 01:15:13.996 D/CompatibilityChangeReporter( 1508): Compat change id reported: 135772972; UID 10078; state: DISABLED
12-23 01:15:13.996 D/CompatibilityChangeReporter( 1508): Compat change id reported: 135754954; UID 10078; state: ENABLED
12-23 01:15:13.996 D/CompatibilityChangeReporter( 1508): Compat change id reported: 143937733; UID 10078; state: ENABLED
12-23 01:15:14.000 I/ActivityManager( 1508): Start proc 14930:com.android.launcher3/u0a78 for service {com.android.launcher3/com.android.quickstep.TouchInteractionService}
01-01 08:00:51.254 I/binder ( 0): 14930:14930 ioctl 40046210 7fe8558544 returned -22
12-23 01:15:14.044 I/ActivityTaskManager( 1508): START u0 {act=android.intent.action.MAIN cat=[android.intent.category.DEFAULT] flg=0x10010000 cmp=com.android.launcher3/com.android.quickstep.RecentsActivity} from uid 10078
12-23 01:15:14.046 W/ActivityTaskManager( 1508): Can't find TaskDisplayArea to determine support for multi window. Task id=549 attached=false
12-23 01:15:14.048 I/ActivityTaskManager( 1508): The Process com.android.launcher3 Already Exists in BG. So sending its PID: 14930
12-23 01:15:14.054 W/ContextImpl( 2417): Calling a method in the system process without a qualified user: android.app.ContextImpl.startService:1816 android.content.ContextWrapper.startService:774 com.thundercomm.gamemode.ingame.services.GameModeActionUtils.startGameModeService:99 com.thundercomm.gamemode.ingame.services.GameModeActionUtils.startGameModeEntry:22 com.thundercomm.gamemode.ingame.services.ActivityMonitoringService$1.onActivityLaunch:127
12-23 01:15:14.056 I/GameModeConfig( 1508): Current uri is uri = content://com.thundercomm.gamemode.api/gamemode_settings/gamemode_isgaming
12-23 01:15:14.056 I/GameModeConfig( 1508): isGameModeOn = false
12-23 01:15:14.057 I/GameModeConfig( 1508): isGameModeOn = false
12-23 01:15:14.057 I/GameModeConfig( 1508): isDisableVoice = true
01-01 08:00:51.316 I/binder ( 0): 14930:14956 ioctl 40046210 7b6632a254 returned -22
12-23 01:15:14.111 E/AndroidRuntime(14930): FATAL EXCEPTION: ViewPool-init
12-23 01:15:14.111 E/AndroidRuntime(14930): Process: com.android.launcher3, PID: 14930
12-23 01:15:14.111 E/AndroidRuntime(14930): android.view.InflateException: Binary XML file line #18 in com.android.launcher3:layout/task: Binary XML file line #18 in com.android.launcher3:layout/task: Error inflating class com.android.quickstep.views.TaskView
12-23 01:15:14.111 E/AndroidRuntime(14930): Caused by: android.view.InflateException: Binary XML file line #18 in com.android.launcher3:layout/task: Error inflating class com.android.quickstep.views.TaskView
12-23 01:15:14.111 E/AndroidRuntime(14930): Caused by: java.lang.reflect.InvocationTargetException
12-23 01:15:14.111 E/AndroidRuntime(14930): at java.lang.reflect.Constructor.newInstance0(Native Method)
12-23 01:15:14.111 E/AndroidRuntime(14930): at java.lang.reflect.Constructor.newInstance(Constructor.java:343)
12-23 01:15:14.111 E/AndroidRuntime(14930): at android.view.LayoutInflater.createView(LayoutInflater.java:858)
12-23 01:15:14.111 E/AndroidRuntime(14930): at android.view.LayoutInflater.createViewFromTag(LayoutInflater.java:1010)
12-23 01:15:14.111 E/AndroidRuntime(14930): at android.view.LayoutInflater.createViewFromTag(LayoutInflater.java:965)
12-23 01:15:14.111 E/AndroidRuntime(14930): at android.view.LayoutInflater.inflate(LayoutInflater.java:663)
12-23 01:15:14.111 E/AndroidRuntime(14930): at android.view.LayoutInflater.inflate(LayoutInflater.java:538)
12-23 01:15:14.111 E/AndroidRuntime(14930): at com.android.launcher3.util.ViewPool.inflateNewView(ViewPool.java:106)
12-23 01:15:14.111 E/AndroidRuntime(14930): at com.android.launcher3.util.ViewPool.lambda$initPool$1$ViewPool(ViewPool.java:69)
12-23 01:15:14.111 E/AndroidRuntime(14930): at com.android.launcher3.util.ViewPool$$ExternalSyntheticLambda0.run(Unknown Source:8)
12-23 01:15:14.111 E/AndroidRuntime(14930): at java.lang.Thread.run(Thread.java:920)
12-23 01:15:14.111 E/AndroidRuntime(14930): Caused by: java.lang.ClassCastException: com.android.quickstep.RecentsActivity cannot be cast to com.android.launcher3.Launcher
12-23 01:15:14.111 E/AndroidRuntime(14930): at com.android.launcher3.Launcher.getLauncher(Launcher.java:3019)
12-23 01:15:14.111 E/AndroidRuntime(14930): at com.android.quickstep.views.TaskView.(TaskView.java:416)
12-23 01:15:14.111 E/AndroidRuntime(14930): at com.android.quickstep.views.TaskView.(TaskView.java:410)
12-23 01:15:14.111 E/AndroidRuntime(14930): ... 11 more
12-23 01:15:14.112 W/ActivityTaskManager( 1508): Force finishing activity com.android.launcher3/com.android.quickstep.RecentsActivity
12-23 01:15:14.118 W/ContextImpl( 2417): Calling a method in the system process without a qualified user: android.app.ContextImpl.startService:1816 android.content.ContextWrapper.startService:774 com.thundercomm.gamemode.ingame.services.GameModeActionUtils.startGameModeService:99 com.thundercomm.gamemode.ingame.services.GameModeActionUtils.startGameModeEntry:22 com.thundercomm.gamemode.ingame.services.ActivityMonitoringService$1.onActivityLaunch:127
12-23 01:15:14.119 I/GameModeConfig( 1508): Current uri is uri = content://com.thundercomm.gamemode.api/gamemode_settings/gamemode_isgaming
12-23 01:15:14.120 I/GameModeConfig( 1508): isGameModeOn = false
12-23 01:15:14.120 I/GameModeConfig( 1508): isGameModeOn = false
12-23 01:15:14.120 I/GameModeConfig( 1508): isDisableVoice = true
12-23 01:15:14.122 I/ActivityManager( 1508): Process com.android.launcher3 (pid 14930) has died: vis BFGS
12-23 01:15:14.123 W/ActivityManager( 1508): Scheduling restart of crashed service com.android.launcher3/com.android.quickstep.TouchInteractionService in 1000ms for connection
12-23 01:15:14.126 D/CompatibilityChangeReporter( 1508): Compat change id reported: 135634846; UID 10078; state: DISABLED
12-23 01:15:14.126 D/CompatibilityChangeReporter( 1508): Compat change id reported: 177438394; UID 10078; state: DISABLED
12-23 01:15:14.126 D/CompatibilityChangeReporter( 1508): Compat change id reported: 135772972; UID 10078; state: DISABLED
12-23 01:15:14.126 D/CompatibilityChangeReporter( 1508): Compat change id reported: 135754954; UID 10078; state: ENABLED
12-23 01:15:14.126 D/CompatibilityChangeReporter( 1508): Compat change id reported: 143937733; UID 10078; state: ENABLED
12-23 01:15:14.131 I/ActivityManager( 1508): Start proc 14970:com.android.launcher3/u0a78 for service {com.android.launcher3/com.android.quickstep.TouchInteractionService}
01-01 08:00:51.385 I/binder ( 0): 14970:14970 ioctl 40046210 7fe8558544 returned -22
12-23 01:15:14.175 I/ActivityTaskManager( 1508): START u0 {act=android.intent.action.MAIN cat=[android.intent.category.DEFAULT] flg=0x10010000 cmp=com.android.launcher3/com.android.quickstep.RecentsActivity} from uid 10078
12-23 01:15:14.176 W/ActivityTaskManager( 1508): Can't find TaskDisplayArea to determine support for multi window. Task id=551 attached=false
12-23 01:15:14.179 I/ActivityTaskManager( 1508): The Process com.android.launcher3 Already Exists in BG. So sending its PID: 14970
12-23 01:15:14.185 W/ContextImpl( 2417): Calling a method in the system process without a qualified user: android.app.ContextImpl.startService:1816 android.content.ContextWrapper.startService:774 com.thundercomm.gamemode.ingame.services.GameModeActionUtils.startGameModeService:99 com.thundercomm.gamemode.ingame.services.GameModeActionUtils.startGameModeEntry:22 com.thundercomm.gamemode.ingame.services.ActivityMonitoringService$1.onActivityLaunch:127
12-23 01:15:14.186 I/GameModeConfig( 1508): Current uri is uri = content://com.thundercomm.gamemode.api/gamemode_settings/gamemode_isgaming
12-23 01:15:14.187 I/GameModeConfig( 1508): isGameModeOn = false
12-23 01:15:14.188 I/GameModeConfig( 1508): isGameModeOn = false
12-23 01:15:14.188 I/GameModeConfig( 1508): isDisableVoice = true
01-01 08:00:51.450 I/binder ( 0): 14970:14996 ioctl 40046210 7b6532a254 returned -22
12-23 01:15:14.250 E/AndroidRuntime(14970): FATAL EXCEPTION: ViewPool-init
12-23 01:15:14.250 E/AndroidRuntime(14970): Process: com.android.launcher3, PID: 14970
12-23 01:15:14.250 E/AndroidRuntime(14970): android.view.InflateException: Binary XML file line #18 in com.android.launcher3:layout/task: Binary XML file line #18 in com.android.launcher3:layout/task: Error inflating class com.android.quickstep.views.TaskView
12-23 01:15:14.250 E/AndroidRuntime(14970): Caused by: android.view.InflateException: Binary XML file line #18 in com.android.launcher3:layout/task: Error inflating class com.android.quickstep.views.TaskView
12-23 01:15:14.250 E/AndroidRuntime(14970): Caused by: java.lang.reflect.InvocationTargetException
12-23 01:15:14.250 E/AndroidRuntime(14970): at java.lang.reflect.Constructor.newInstance0(Native Method)
12-23 01:15:14.250 E/AndroidRuntime(14970): at java.lang.reflect.Constructor.newInstance(Constructor.java:343)
12-23 01:15:14.250 E/AndroidRuntime(14970): at android.view.LayoutInflater.createView(LayoutInflater.java:858)
12-23 01:15:14.250 E/AndroidRuntime(14970): at android.view.LayoutInflater.createViewFromTag(LayoutInflater.java:1010)
12-23 01:15:14.250 E/AndroidRuntime(14970): at android.view.LayoutInflater.createViewFromTag(LayoutInflater.java:965)
12-23 01:15:14.250 E/AndroidRuntime(14970): at android.view.LayoutInflater.inflate(LayoutInflater.java:663)
12-23 01:15:14.250 E/AndroidRuntime(14970): at android.view.LayoutInflater.inflate(LayoutInflater.java:538)
12-23 01:15:14.250 E/AndroidRuntime(14970): at com.android.launcher3.util.ViewPool.inflateNewView(ViewPool.java:106)
12-23 01:15:14.250 E/AndroidRuntime(14970): at com.android.launcher3.util.ViewPool.lambda$initPool$1$ViewPool(ViewPool.java:69)
12-23 01:15:14.250 E/AndroidRuntime(14970): at com.android.launcher3.util.ViewPool$$ExternalSyntheticLambda0.run(Unknown Source:8)
12-23 01:15:14.250 E/AndroidRuntime(14970): at java.lang.Thread.run(Thread.java:920)
12-23 01:15:14.250 E/AndroidRuntime(14970): Caused by: java.lang.ClassCastException: com.android.quickstep.RecentsActivity cannot be cast to com.android.launcher3.Launcher
12-23 01:15:14.250 E/AndroidRuntime(14970): at com.android.launcher3.Launcher.getLauncher(Launcher.java:3019)
12-23 01:15:14.250 E/AndroidRuntime(14970): at com.android.quickstep.views.TaskView.(TaskView.java:416)
12-23 01:15:14.250 E/AndroidRuntime(14970): at com.android.quickstep.views.TaskView.(TaskView.java:410)
12-23 01:15:14.250 E/AndroidRuntime(14970): ... 11 more
12-23 01:15:14.251 W/ActivityTaskManager( 1508): Force finishing activity com.android.launcher3/com.android.quickstep.RecentsActivity
12-23 01:15:14.258 W/ContextImpl( 2417): Calling a method in the system process without a qualified user: android.app.ContextImpl.startService:1816 android.content.ContextWrapper.startService:774 com.thundercomm.gamemode.ingame.services.GameModeActionUtils.startGameModeService:99 com.thundercomm.gamemode.ingame.services.GameModeActionUtils.startGameModeEntry:22 com.thundercomm.gamemode.ingame.services.ActivityMonitoringService$1.onActivityLaunch:127
12-23 01:15:14.259 I/GameModeConfig( 1508): Current uri is uri = content://com.thundercomm.gamemode.api/gamemode_settings/gamemode_isgaming
12-23 01:15:14.260 I/GameModeConfig( 1508): isGameModeOn = false
12-23 01:15:14.260 I/GameModeConfig( 1508): isGameModeOn = false
12-23 01:15:14.260 I/GameModeConfig( 1508): isDisableVoice = true
12-23 01:15:14.261 I/ActivityManager( 1508): Process com.android.launcher3 (pid 14970) has died: vis BFGS
12-23 01:15:14.263 W/ActivityManager( 1508): Scheduling restart of crashed service com.android.launcher3/com.android.quickstep.TouchInteractionService in 1000ms for connection
12-23 01:15:14.266 D/CompatibilityChangeReporter( 1508): Compat change id reported: 135634846; UID 10078; state: DISABLED
12-23 01:15:14.266 D/CompatibilityChangeReporter( 1508): Compat change id reported: 177438394; UID 10078; state: DISABLED
12-23 01:15:14.266 D/CompatibilityChangeReporter( 1508): Compat change id reported: 135772972; UID 10078; state: DISABLED
12-23 01:15:14.266 D/CompatibilityChangeReporter( 1508): Compat change id reported: 135754954; UID 10078; state: ENABLED
01-01 08:00:51.514 I/ ( 0): read descriptors
12-23 01:15:14.266 D/CompatibilityChangeReporter( 1508): Compat change id reported: 143937733; UID 10078; state: ENABLED
01-01 08:00:51.514 I/ ( 0): read strings
12-23 01:15:14.270 I/ActivityManager( 1508): Start proc 15010:com.android.launcher3/u0a78 for service {com.android.launcher3/com.android.quickstep.TouchInteractionService}
01-01 08:00:51.523 I/binder ( 0): 15010:15010 ioctl 40046210 7fe8558544 returned -22
12-23 01:15:14.310 I/ActivityTaskManager( 1508): START u0 {act=android.intent.action.MAIN cat=[android.intent.category.DEFAULT] flg=0x10010000 cmp=com.android.launcher3/com.android.quickstep.RecentsActivity} from uid 10078
12-23 01:15:14.311 W/ActivityTaskManager( 1508): Can't find TaskDisplayArea to determine support for multi window. Task id=553 attached=false
12-23 01:15:14.314 I/ActivityTaskManager( 1508): The Process com.android.launcher3 Already Exists in BG. So sending its PID: 15010
01-01 08:00:51.565 D/ ( 0): mv2112_read_status
01-01 08:00:51.566 D/mv2112_update_link( 0): 3.0x901(1G): 0x80
01-01 08:00:51.566 D/mv2112_update_link( 0): 3.0x8109(100M): 0x8
01-01 08:00:51.566 D/mv2112_update_link( 0): link 0x0
01-01 08:00:51.566 D/mv2112_read_status( 0): autoneg is disabled
12-23 01:15:14.319 W/ContextImpl( 2417): Calling a method in the system process without a qualified user: android.app.ContextImpl.startService:1816 android.content.ContextWrapper.startService:774 com.thundercomm.gamemode.ingame.services.GameModeActionUtils.startGameModeService:99 com.thundercomm.gamemode.ingame.services.GameModeActionUtils.startGameModeEntry:22 com.thundercomm.gamemode.ingame.services.ActivityMonitoringService$1.onActivityLaunch:127
12-23 01:15:14.321 I/GameModeConfig( 1508): Current uri is uri = content://com.thundercomm.gamemode.api/gamemode_settings/gamemode_isgaming
12-23 01:15:14.322 I/GameModeConfig( 1508): isGameModeOn = false
12-23 01:15:14.322 I/GameModeConfig( 1508): isGameModeOn = false
12-23 01:15:14.322 I/GameModeConfig( 1508): isDisableVoice = true
01-01 08:00:51.581 I/binder ( 0): 15010:15038 ioctl 40046210 7b65332254 returned -22
12-23 01:15:14.376 E/AndroidRuntime(15010): FATAL EXCEPTION: ViewPool-init
12-23 01:15:14.376 E/AndroidRuntime(15010): Process: com.android.launcher3, PID: 15010
12-23 01:15:14.376 E/AndroidRuntime(15010): android.view.InflateException: Binary XML file line #18 in com.android.launcher3:layout/task: Binary XML file line #18 in com.android.launcher3:layout/task: Error inflating class com.android.quickstep.views.TaskView
12-23 01:15:14.376 E/AndroidRuntime(15010): Caused by: android.view.InflateException: Binary XML file line #18 in com.android.launcher3:layout/task: Error inflating class com.android.quickstep.views.TaskView
12-23 01:15:14.376 E/AndroidRuntime(15010): Caused by: java.lang.reflect.InvocationTargetException
12-23 01:15:14.376 E/AndroidRuntime(15010): at java.lang.reflect.Constructor.newInstance0(Native Method)
12-23 01:15:14.376 E/AndroidRuntime(15010): at java.lang.reflect.Constructor.newInstance(Constructor.java:343)
12-23 01:15:14.376 E/AndroidRuntime(15010): at android.view.LayoutInflater.createView(LayoutInflater.java:858)
12-23 01:15:14.376 E/AndroidRuntime(15010): at android.view.LayoutInflater.createViewFromTag(LayoutInflater.java:1010)
12-23 01:15:14.376 E/AndroidRuntime(15010): at android.view.LayoutInflater.createViewFromTag(LayoutInflater.java:965)
12-23 01:15:14.376 E/AndroidRuntime(15010): at android.view.LayoutInflater.inflate(LayoutInflater.java:663)
12-23 01:15:14.376 E/AndroidRuntime(15010): at android.view.LayoutInflater.inflate(LayoutInflater.java:538)
12-23 01:15:14.376 E/AndroidRuntime(15010): at com.android.launcher3.util.ViewPool.inflateNewView(ViewPool.java:106)
12-23 01:15:14.376 E/AndroidRuntime(15010): at com.android.launcher3.util.ViewPool.lambda$initPool$1$ViewPool(ViewPool.java:69)
12-23 01:15:14.376 E/AndroidRuntime(15010): at com.android.launcher3.util.ViewPool$$ExternalSyntheticLambda0.run(Unknown Source:8)
12-23 01:15:14.376 E/AndroidRuntime(15010): at java.lang.Thread.run(Thread.java:920)
12-23 01:15:14.376 E/AndroidRuntime(15010): Caused by: java.lang.ClassCastException: com.android.quickstep.RecentsActivity cannot be cast to com.android.launcher3.Launcher
12-23 01:15:14.376 E/AndroidRuntime(15010): at com.android.launcher3.Launcher.getLauncher(Launcher.java:3019)
12-23 01:15:14.376 E/AndroidRuntime(15010): at com.android.quickstep.views.TaskView.(TaskView.java:416)
12-23 01:15:14.376 E/AndroidRuntime(15010): at com.android.quickstep.views.TaskView.(TaskView.java:410)
12-23 01:15:14.376 E/AndroidRuntime(15010): ... 11 more
12-23 01:15:14.377 W/ActivityTaskManager( 1508): Force finishing activity com.android.launcher3/com.android.quickstep.RecentsActivity
12-23 01:15:14.382 W/ContextImpl( 2417): Calling a method in the system process without a qualified user: android.app.ContextImpl.startService:1816 android.content.ContextWrapper.startService:774 com.thundercomm.gamemode.ingame.services.GameModeActionUtils.startGameModeService:99 com.thundercomm.gamemode.ingame.services.GameModeActionUtils.startGameModeEntry:22 com.thundercomm.gamemode.ingame.services.ActivityMonitoringService$1.onActivityLaunch:127
12-23 01:15:14.384 I/GameModeConfig( 1508): Current uri is uri = content://com.thundercomm.gamemode.api/gamemode_settings/gamemode_isgaming
12-23 01:15:14.384 I/GameModeConfig( 1508): isGameModeOn = false
12-23 01:15:14.385 I/GameModeConfig( 1508): isGameModeOn = false
12-23 01:15:14.385 I/GameModeConfig( 1508): isDisableVoice = true
01-01 08:00:51.651 I/binder ( 0): undelivered transaction 366537, process died.
12-23 01:15:14.403 I/ActivityManager( 1508): Process com.android.launcher3 (pid 15010) has died: vis BFGS
12-23 01:15:14.404 W/ActivityManager( 1508): Scheduling restart of crashed service com.android.launcher3/com.android.quickstep.TouchInteractionService in 1000ms for connection
12-23 01:15:14.407 D/CompatibilityChangeReporter( 1508): Compat change id reported: 135634846; UID 10078; state: DISABLED
12-23 01:15:14.407 D/CompatibilityChangeReporter( 1508): Compat change id reported: 177438394; UID 10078; state: DISABLED
12-23 01:15:14.407 D/CompatibilityChangeReporter( 1508): Compat change id reported: 135772972; UID 10078; state: DISABLED
12-23 01:15:14.407 D/CompatibilityChangeReporter( 1508): Compat change id reported: 135754954; UID 10078; state: ENABLED
12-23 01:15:14.408 D/CompatibilityChangeReporter( 1508): Compat change id reported: 143937733; UID 10078; state: ENABLED
12-23 01:15:14.412 I/ActivityManager( 1508): Start proc 15051:com.android.launcher3/u0a78 for service {com.android.launcher3/com.android.quickstep.TouchInteractionService}
01-01 08:00:51.666 I/binder ( 0): 15051:15051 ioctl 40046210 7fe8558544 returned -22
12-23 01:15:14.452 I/ActivityTaskManager( 1508): START u0 {act=android.intent.action.MAIN cat=[android.intent.category.DEFAULT] flg=0x10010000 cmp=com.android.launcher3/com.android.quickstep.RecentsActivity} from uid 10078
12-23 01:15:14.454 W/ActivityTaskManager( 1508): Can't find TaskDisplayArea to determine support for multi window. Task id=555 attached=false
12-23 01:15:14.456 I/ActivityTaskManager( 1508): The Process com.android.launcher3 Already Exists in BG. So sending its PID: 15051
12-23 01:15:14.462 W/ContextImpl( 2417): Calling a method in the system process without a qualified user: android.app.ContextImpl.startService:1816 android.content.ContextWrapper.startService:774 com.thundercomm.gamemode.ingame.services.GameModeActionUtils.startGameModeService:99 com.thundercomm.gamemode.ingame.services.GameModeActionUtils.startGameModeEntry:22 com.thundercomm.gamemode.ingame.services.ActivityMonitoringService$1.onActivityLaunch:127
12-23 01:15:14.464 I/GameModeConfig( 1508): Current uri is uri = content://com.thundercomm.gamemode.api/gamemode_settings/gamemode_isgaming
12-23 01:15:14.465 I/GameModeConfig( 1508): isGameModeOn = false
12-23 01:15:14.465 I/GameModeConfig( 1508): isGameModeOn = false
12-23 01:15:14.465 I/GameModeConfig( 1508): isDisableVoice = true
01-01 08:00:51.723 I/binder ( 0): 15051:15078 ioctl 40046210 7b6632a254 returned -22
12-23 01:15:14.517 E/AndroidRuntime(15051): FATAL EXCEPTION: ViewPool-init
12-23 01:15:14.517 E/AndroidRuntime(15051): Process: com.android.launcher3, PID: 15051
12-23 01:15:14.517 E/AndroidRuntime(15051): android.view.InflateException: Binary XML file line #18 in com.android.launcher3:layout/task: Binary XML file line #18 in com.android.launcher3:layout/task: Error inflating class com.android.quickstep.views.TaskView
12-23 01:15:14.517 E/AndroidRuntime(15051): Caused by: android.view.InflateException: Binary XML file line #18 in com.android.launcher3:layout/task: Error inflating class com.android.quickstep.views.TaskView
12-23 01:15:14.517 E/AndroidRuntime(15051): Caused by: java.lang.reflect.InvocationTargetException
12-23 01:15:14.517 E/AndroidRuntime(15051): at java.lang.reflect.Constructor.newInstance0(Native Method)
12-23 01:15:14.517 E/AndroidRuntime(15051): at java.lang.reflect.Constructor.newInstance(Constructor.java:343)
12-23 01:15:14.517 E/AndroidRuntime(15051): at android.view.LayoutInflater.createView(LayoutInflater.java:858)
12-23 01:15:14.517 E/AndroidRuntime(15051): at android.view.LayoutInflater.createViewFromTag(LayoutInflater.java:1010)
12-23 01:15:14.517 E/AndroidRuntime(15051): at android.view.LayoutInflater.createViewFromTag(LayoutInflater.java:965)
12-23 01:15:14.517 E/AndroidRuntime(15051): at android.view.LayoutInflater.inflate(LayoutInflater.java:663)
12-23 01:15:14.517 E/AndroidRuntime(15051): at android.view.LayoutInflater.inflate(LayoutInflater.java:538)
12-23 01:15:14.517 E/AndroidRuntime(15051): at com.android.launcher3.util.ViewPool.inflateNewView(ViewPool.java:106)
12-23 01:15:14.517 E/AndroidRuntime(15051): at com.android.launcher3.util.ViewPool.lambda$initPool$1$ViewPool(ViewPool.java:69)
12-23 01:15:14.517 E/AndroidRuntime(15051): at com.android.launcher3.util.ViewPool$$ExternalSyntheticLambda0.run(Unknown Source:8)
12-23 01:15:14.517 E/AndroidRuntime(15051): at java.lang.Thread.run(Thread.java:920)
12-23 01:15:14.517 E/AndroidRuntime(15051): Caused by: java.lang.ClassCastException: com.android.quickstep.RecentsActivity cannot be cast to com.android.launcher3.Launcher
12-23 01:15:14.517 E/AndroidRuntime(15051): at com.android.launcher3.Launcher.getLauncher(Launcher.java:3019)
12-23 01:15:14.517 E/AndroidRuntime(15051): at com.android.quickstep.views.TaskView.(TaskView.java:416)
12-23 01:15:14.517 E/AndroidRuntime(15051): at com.android.quickstep.views.TaskView.(TaskView.java:410)
12-23 01:15:14.517 E/AndroidRuntime(15051): ... 11 more
12-23 01:15:14.518 W/ActivityTaskManager( 1508): Force finishing activity com.android.launcher3/com.android.quickstep.RecentsActivity
12-23 01:15:14.524 W/ContextImpl( 2417): Calling a method in the system process without a qualified user: android.app.ContextImpl.startService:1816 android.content.ContextWrapper.startService:774 com.thundercomm.gamemode.ingame.services.GameModeActionUtils.startGameModeService:99 com.thundercomm.gamemode.ingame.services.GameModeActionUtils.startGameModeEntry:22 com.thundercomm.gamemode.ingame.services.ActivityMonitoringService$1.onActivityLaunch:127
12-23 01:15:14.526 I/GameModeConfig( 1508): Current uri is uri = content://com.thundercomm.gamemode.api/gamemode_settings/gamemode_isgaming
12-23 01:15:14.526 I/GameModeConfig( 1508): isGameModeOn = false
12-23 01:15:14.527 I/GameModeConfig( 1508): isGameModeOn = false
12-23 01:15:14.527 I/GameModeConfig( 1508): isDisableVoice = true
01-01 08:00:51.776 I/binder ( 0): undelivered transaction 367488, process died.
12-23 01:15:14.529 I/ActivityManager( 1508): Process com.android.launcher3 (pid 15051) has died: vis BFGS
12-23 01:15:14.529 W/ActivityManager( 1508): Scheduling restart of crashed service com.android.launcher3/com.android.quickstep.TouchInteractionService in 1000ms for connection
12-23 01:15:14.532 D/CompatibilityChangeReporter( 1508): Compat change id reported: 135634846; UID 10078; state: DISABLED
12-23 01:15:14.532 D/CompatibilityChangeReporter( 1508): Compat change id reported: 177438394; UID 10078; state: DISABLED
12-23 01:15:14.532 D/CompatibilityChangeReporter( 1508): Compat change id reported: 135772972; UID 10078; state: DISABLED
12-23 01:15:14.532 D/CompatibilityChangeReporter( 1508): Compat change id reported: 135754954; UID 10078; state: ENABLED
12-23 01:15:14.533 D/CompatibilityChangeReporter( 1508): Compat change id reported: 143937733; UID 10078; state: ENABLED
12-23 01:15:14.537 I/ActivityManager( 1508): Start proc 15091:com.android.launcher3/u0a78 for service {com.android.launcher3/com.android.quickstep.TouchInteractionService}
01-01 08:00:51.790 I/binder ( 0): 15091:15091 ioctl 40046210 7fe8558544 returned -22
12-23 01:15:14.578 I/ActivityTaskManager( 1508): START u0 {act=android.intent.action.MAIN cat=[android.intent.category.DEFAULT] flg=0x10010000 cmp=com.android.launcher3/com.android.quickstep.RecentsActivity} from uid 10078
12-23 01:15:14.580 W/ActivityTaskManager( 1508): Can't find TaskDisplayArea to determine support for multi window. Task id=557 attached=false
12-23 01:15:14.582 I/ActivityTaskManager( 1508): The Process com.android.launcher3 Already Exists in BG. So sending its PID: 15091
12-23 01:15:14.587 W/ContextImpl( 2417): Calling a method in the system process without a qualified user: android.app.ContextImpl.startService:1816 android.content.ContextWrapper.startService:774 com.thundercomm.gamemode.ingame.services.GameModeActionUtils.startGameModeService:99 com.thundercomm.gamemode.ingame.services.GameModeActionUtils.startGameModeEntry:22 com.thundercomm.gamemode.ingame.services.ActivityMonitoringService$1.onActivityLaunch:127
12-23 01:15:14.589 I/GameModeConfig( 1508): Current uri is uri = content://com.thundercomm.gamemode.api/gamemode_settings/gamemode_isgaming
12-23 01:15:14.589 I/GameModeConfig( 1508): isGameModeOn = false
12-23 01:15:14.589 I/GameModeConfig( 1508): isGameModeOn = false
12-23 01:15:14.589 I/GameModeConfig( 1508): isDisableVoice = true
01-01 08:00:51.849 I/binder ( 0): 15091:15119 ioctl 40046210 7b6522c254 returned -22
12-23 01:15:14.645 E/AndroidRuntime(15091): FATAL EXCEPTION: ViewPool-init
12-23 01:15:14.645 E/AndroidRuntime(15091): Process: com.android.launcher3, PID: 15091
12-23 01:15:14.645 E/AndroidRuntime(15091): android.view.InflateException: Binary XML file line #18 in com.android.launcher3:layout/task: Binary XML file line #18 in com.android.launcher3:layout/task: Error inflating class com.android.quickstep.views.TaskView
12-23 01:15:14.645 E/AndroidRuntime(15091): Caused by: android.view.InflateException: Binary XML file line #18 in com.android.launcher3:layout/task: Error inflating class com.android.quickstep.views.TaskView
12-23 01:15:14.645 E/AndroidRuntime(15091): Caused by: java.lang.reflect.InvocationTargetException
12-23 01:15:14.645 E/AndroidRuntime(15091): at java.lang.reflect.Constructor.newInstance0(Native Method)
12-23 01:15:14.645 E/AndroidRuntime(15091): at java.lang.reflect.Constructor.newInstance(Constructor.java:343)
12-23 01:15:14.645 E/AndroidRuntime(15091): at android.view.LayoutInflater.createView(LayoutInflater.java:858)
12-23 01:15:14.645 E/AndroidRuntime(15091): at android.view.LayoutInflater.createViewFromTag(LayoutInflater.java:1010)
12-23 01:15:14.645 E/AndroidRuntime(15091): at android.view.LayoutInflater.createViewFromTag(LayoutInflater.java:965)
12-23 01:15:14.645 E/AndroidRuntime(15091): at android.view.LayoutInflater.inflate(LayoutInflater.java:663)
12-23 01:15:14.645 E/AndroidRuntime(15091): at android.view.LayoutInflater.inflate(LayoutInflater.java:538)
12-23 01:15:14.645 E/AndroidRuntime(15091): at com.android.launcher3.util.ViewPool.inflateNewView(ViewPool.java:106)
12-23 01:15:14.645 E/AndroidRuntime(15091): at com.android.launcher3.util.ViewPool.lambda$initPool$1$ViewPool(ViewPool.java:69)
12-23 01:15:14.645 E/AndroidRuntime(15091): at com.android.launcher3.util.ViewPool$$ExternalSyntheticLambda0.run(Unknown Source:8)
12-23 01:15:14.645 E/AndroidRuntime(15091): at java.lang.Thread.run(Thread.java:920)
12-23 01:15:14.645 E/AndroidRuntime(15091): Caused by: java.lang.ClassCastException: com.android.quickstep.RecentsActivity cannot be cast to com.android.launcher3.Launcher
12-23 01:15:14.645 E/AndroidRuntime(15091): at com.android.launcher3.Launcher.getLauncher(Launcher.java:3019)
12-23 01:15:14.645 E/AndroidRuntime(15091): at com.android.quickstep.views.TaskView.(TaskView.java:416)
12-23 01:15:14.645 E/AndroidRuntime(15091): at com.android.quickstep.views.TaskView.(TaskView.java:410)
12-23 01:15:14.645 E/AndroidRuntime(15091): ... 11 more
12-23 01:15:14.646 W/ActivityTaskManager( 1508): Force finishing activity com.android.launcher3/com.android.quickstep.RecentsActivity
12-23 01:15:14.652 W/ContextImpl( 2417): Calling a method in the system process without a qualified user: android.app.ContextImpl.startService:1816 android.content.ContextWrapper.startService:774 com.thundercomm.gamemode.ingame.services.GameModeActionUtils.startGameModeService:99 com.thundercomm.gamemode.ingame.services.GameModeActionUtils.startGameModeEntry:22 com.thundercomm.gamemode.ingame.services.ActivityMonitoringService$1.onActivityLaunch:127
12-23 01:15:14.653 I/GameModeConfig( 1508): Current uri is uri = content://com.thundercomm.gamemode.api/gamemode_settings/gamemode_isgaming
12-23 01:15:14.654 I/GameModeConfig( 1508): isGameModeOn = false
12-23 01:15:14.654 I/GameModeConfig( 1508): isGameModeOn = false
12-23 01:15:14.654 I/GameModeConfig( 1508): isDisableVoice = true
01-01 08:00:51.903 I/[schedu][0x3b664d5e][01:15:14.655649] wlan( 0): [3490:I:OSIF] vdev 0, scan id 40962 type COMPLETED(1) reason COMPLETED(1) scan found 98 bss
01-01 08:00:51.906 I/binder ( 0): undelivered transaction 368472, process died.
12-23 01:15:14.659 I/ActivityManager( 1508): Process com.android.launcher3 (pid 15091) has died: vis BFGS
12-23 01:15:14.659 W/ActivityManager( 1508): Scheduling restart of crashed service com.android.launcher3/com.android.quickstep.TouchInteractionService in 1000ms for connection
12-23 01:15:14.664 D/CompatibilityChangeReporter( 1508): Compat change id reported: 135634846; UID 10078; state: DISABLED
12-23 01:15:14.664 D/CompatibilityChangeReporter( 1508): Compat change id reported: 177438394; UID 10078; state: DISABLED
12-23 01:15:14.664 D/CompatibilityChangeReporter( 1508): Compat change id reported: 135772972; UID 10078; state: DISABLED
12-23 01:15:14.664 D/CompatibilityChangeReporter( 1508): Compat change id reported: 135754954; UID 10078; state: ENABLED
12-23 01:15:14.664 D/CompatibilityChangeReporter( 1508): Compat change id reported: 143937733; UID 10078; state: ENABLED
12-23 01:15:14.669 I/ActivityManager( 1508): Start proc 15132:com.android.launcher3/u0a78 for service {com.android.launcher3/com.android.quickstep.TouchInteractionService}
01-01 08:00:51.924 I/binder ( 0): 15132:15132 ioctl 40046210 7fe8558544 returned -22
12-23 01:15:14.712 I/ActivityTaskManager( 1508): START u0 {act=android.intent.action.MAIN cat=[android.intent.category.DEFAULT] flg=0x10010000 cmp=com.android.launcher3/com.android.quickstep.RecentsActivity} from uid 10078
12-23 01:15:14.714 W/ActivityTaskManager( 1508): Can't find TaskDisplayArea to determine support for multi window. Task id=559 attached=false
12-23 01:15:14.716 I/ActivityTaskManager( 1508): The Process com.android.launcher3 Already Exists in BG. So sending its PID: 15132
12-23 01:15:14.721 W/ContextImpl( 2417): Calling a method in the system process without a qualified user: android.app.ContextImpl.startService:1816 android.content.ContextWrapper.startService:774 com.thundercomm.gamemode.ingame.services.GameModeActionUtils.startGameModeService:99 com.thundercomm.gamemode.ingame.services.GameModeActionUtils.startGameModeEntry:22 com.thundercomm.gamemode.ingame.services.ActivityMonitoringService$1.onActivityLaunch:127
12-23 01:15:14.723 I/GameModeConfig( 1508): Current uri is uri = content://com.thundercomm.gamemode.api/gamemode_settings/gamemode_isgaming
12-23 01:15:14.723 I/GameModeConfig( 1508): isGameModeOn = false
12-23 01:15:14.724 I/GameModeConfig( 1508): isGameModeOn = false
12-23 01:15:14.724 I/GameModeConfig( 1508): isDisableVoice = true
01-01 08:00:51.983 I/binder ( 0): 15132:15159 ioctl 40046210 7b66430254 returned -22
12-23 01:15:14.777 E/AndroidRuntime(15132): FATAL EXCEPTION: ViewPool-init
12-23 01:15:14.777 E/AndroidRuntime(15132): Process: com.android.launcher3, PID: 15132
12-23 01:15:14.777 E/AndroidRuntime(15132): android.view.InflateException: Binary XML file line #18 in com.android.launcher3:layout/task: Binary XML file line #18 in com.android.launcher3:layout/task: Error inflating class com.android.quickstep.views.TaskView
12-23 01:15:14.777 E/AndroidRuntime(15132): Caused by: android.view.InflateException: Binary XML file line #18 in com.android.launcher3:layout/task: Error inflating class com.android.quickstep.views.TaskView
12-23 01:15:14.777 E/AndroidRuntime(15132): Caused by: java.lang.reflect.InvocationTargetException
12-23 01:15:14.777 E/AndroidRuntime(15132): at java.lang.reflect.Constructor.newInstance0(Native Method)
12-23 01:15:14.777 E/AndroidRuntime(15132): at java.lang.reflect.Constructor.newInstance(Constructor.java:343)
12-23 01:15:14.777 E/AndroidRuntime(15132): at android.view.LayoutInflater.createView(LayoutInflater.java:858)
12-23 01:15:14.777 E/AndroidRuntime(15132): at android.view.LayoutInflater.createViewFromTag(LayoutInflater.java:1010)
12-23 01:15:14.777 E/AndroidRuntime(15132): at android.view.LayoutInflater.createViewFromTag(LayoutInflater.java:965)
12-23 01:15:14.777 E/AndroidRuntime(15132): at android.view.LayoutInflater.inflate(LayoutInflater.java:663)
12-23 01:15:14.777 E/AndroidRuntime(15132): at android.view.LayoutInflater.inflate(LayoutInflater.java:538)
12-23 01:15:14.777 E/AndroidRuntime(15132): at com.android.launcher3.util.ViewPool.inflateNewView(ViewPool.java:106)
12-23 01:15:14.777 E/AndroidRuntime(15132): at com.android.launcher3.util.ViewPool.lambda$initPool$1$ViewPool(ViewPool.java:69)
12-23 01:15:14.777 E/AndroidRuntime(15132): at com.android.launcher3.util.ViewPool$$ExternalSyntheticLambda0.run(Unknown Source:8)
12-23 01:15:14.777 E/AndroidRuntime(15132): at java.lang.Thread.run(Thread.java:920)
12-23 01:15:14.777 E/AndroidRuntime(15132): Caused by: java.lang.ClassCastException: com.android.quickstep.RecentsActivity cannot be cast to com.android.launcher3.Launcher
12-23 01:15:14.777 E/AndroidRuntime(15132): at com.android.launcher3.Launcher.getLauncher(Launcher.java:3019)
12-23 01:15:14.777 E/AndroidRuntime(15132): at com.android.quickstep.views.TaskView.(TaskView.java:416)
12-23 01:15:14.777 E/AndroidRuntime(15132): at com.android.quickstep.views.TaskView.(TaskView.java:410)
12-23 01:15:14.777 E/AndroidRuntime(15132): ... 11 more
12-23 01:15:14.778 W/ActivityTaskManager( 1508): Force finishing activity com.android.launcher3/com.android.quickstep.RecentsActivity
12-23 01:15:14.784 W/ContextImpl( 2417): Calling a method in the system process without a qualified user: android.app.ContextImpl.startService:1816 android.content.ContextWrapper.startService:774 com.thundercomm.gamemode.ingame.services.GameModeActionUtils.startGameModeService:99 com.thundercomm.gamemode.ingame.services.GameModeActionUtils.startGameModeEntry:22 com.thundercomm.gamemode.ingame.services.ActivityMonitoringService$1.onActivityLaunch:127
12-23 01:15:14.786 I/GameModeConfig( 1508): Current uri is uri = content://com.thundercomm.gamemode.api/gamemode_settings/gamemode_isgaming
12-23 01:15:14.786 I/GameModeConfig( 1508): isGameModeOn = false
12-23 01:15:14.787 I/GameModeConfig( 1508): isGameModeOn = false
12-23 01:15:14.787 I/GameModeConfig( 1508): isDisableVoice = true
12-23 01:15:14.789 I/ActivityManager( 1508): Process com.android.launcher3 (pid 15132) has died: vis BFGS
12-23 01:15:14.790 W/ActivityManager( 1508): Scheduling restart of crashed service com.android.launcher3/com.android.quickstep.TouchInteractionService in 1000ms for connection
12-23 01:15:14.793 D/CompatibilityChangeReporter( 1508): Compat change id reported: 135634846; UID 10078; state: DISABLED
12-23 01:15:14.793 D/CompatibilityChangeReporter( 1508): Compat change id reported: 177438394; UID 10078; state: DISABLED
12-23 01:15:14.793 D/CompatibilityChangeReporter( 1508): Compat change id reported: 135772972; UID 10078; state: DISABLED
12-23 01:15:14.793 D/CompatibilityChangeReporter( 1508): Compat change id reported: 135754954; UID 10078; state: ENABLED
12-23 01:15:14.793 D/CompatibilityChangeReporter( 1508): Compat change id reported: 143937733; UID 10078; state: ENABLED
12-23 01:15:14.797 I/ActivityManager( 1508): Start proc 15172:com.android.launcher3/u0a78 for service {com.android.launcher3/com.android.quickstep.TouchInteractionService}
01-01 08:00:52.051 I/binder ( 0): 15172:15172 ioctl 40046210 7fe8558544 returned -22
12-23 01:15:14.838 I/ActivityTaskManager( 1508): START u0 {act=android.intent.action.MAIN cat=[android.intent.category.DEFAULT] flg=0x10010000 cmp=com.android.launcher3/com.android.quickstep.RecentsActivity} from uid 10078
12-23 01:15:14.840 W/ActivityTaskManager( 1508): Can't find TaskDisplayArea to determine support for multi window. Task id=561 attached=false
12-23 01:15:14.842 I/ActivityTaskManager( 1508): The Process com.android.launcher3 Already Exists in BG. So sending its PID: 15172
12-23 01:15:14.849 W/ContextImpl( 2417): Calling a method in the system process without a qualified user: android.app.ContextImpl.startService:1816 android.content.ContextWrapper.startService:774 com.thundercomm.gamemode.ingame.services.GameModeActionUtils.startGameModeService:99 com.thundercomm.gamemode.ingame.services.GameModeActionUtils.startGameModeEntry:22 com.thundercomm.gamemode.ingame.services.ActivityMonitoringService$1.onActivityLaunch:127
12-23 01:15:14.851 I/GameModeConfig( 1508): Current uri is uri = content://com.thundercomm.gamemode.api/gamemode_settings/gamemode_isgaming
12-23 01:15:14.851 I/GameModeConfig( 1508): isGameModeOn = false
12-23 01:15:14.851 I/GameModeConfig( 1508): isGameModeOn = false
12-23 01:15:14.851 I/GameModeConfig( 1508): isDisableVoice = true
01-01 08:00:52.111 I/binder ( 0): 15172:15199 ioctl 40046210 7b6632a254 returned -22
12-23 01:15:14.905 E/AndroidRuntime(15172): FATAL EXCEPTION: ViewPool-init
12-23 01:15:14.905 E/AndroidRuntime(15172): Process: com.android.launcher3, PID: 15172
12-23 01:15:14.905 E/AndroidRuntime(15172): android.view.InflateException: Binary XML file line #18 in com.android.launcher3:layout/task: Binary XML file line #18 in com.android.launcher3:layout/task: Error inflating class com.android.quickstep.views.TaskView
