12-23 01:15:27.175 I/wm_add_to_stopping( 1508): [0,9740995,com.android.launcher3/com.android.quickstep.RecentsActivity,preloadRecents]
12-23 01:15:27.180 W/ContextImpl( 2417): Calling a method in the system process without a qualified user: android.app.ContextImpl.startService:1816 android.content.ContextWrapper.startService:774 com.thundercomm.gamemode.ingame.services.GameModeActionUtils.startGameModeService:99 com.thundercomm.gamemode.ingame.services.GameModeActionUtils.startGameModeEntry:22 com.thundercomm.gamemode.ingame.services.ActivityMonitoringService$1.onActivityLaunch:127
12-23 01:15:27.182 I/GameModeConfig( 1508): Current uri is uri = content://com.thundercomm.gamemode.api/gamemode_settings/gamemode_isgaming
12-23 01:15:27.183 I/GameModeConfig( 1508): isGameModeOn = false
12-23 01:15:27.183 I/GameModeConfig( 1508): isGameModeOn = false
12-23 01:15:27.183 I/GameModeConfig( 1508): isDisableVoice = true
01-01 08:01:04.442 I/binder ( 0): 19061:19090 ioctl 40046210 7b6512e254 returned -22
12-23 01:15:27.237 E/AndroidRuntime(19061): FATAL EXCEPTION: ViewPool-init
12-23 01:15:27.237 E/AndroidRuntime(19061): Process: com.android.launcher3, PID: 19061
12-23 01:15:27.237 E/AndroidRuntime(19061): android.view.InflateException: Binary XML file line #18 in com.android.launcher3:layout/task: Binary XML file line #18 in com.android.launcher3:layout/task: Error inflating class com.android.quickstep.views.TaskView
12-23 01:15:27.237 E/AndroidRuntime(19061): Caused by: android.view.InflateException: Binary XML file line #18 in com.android.launcher3:layout/task: Error inflating class com.android.quickstep.views.TaskView
12-23 01:15:27.237 E/AndroidRuntime(19061): Caused by: java.lang.reflect.InvocationTargetException
12-23 01:15:27.237 E/AndroidRuntime(19061): at java.lang.reflect.Constructor.newInstance0(Native Method)
12-23 01:15:27.237 E/AndroidRuntime(19061): at java.lang.reflect.Constructor.newInstance(Constructor.java:343)
12-23 01:15:27.237 E/AndroidRuntime(19061): at android.view.LayoutInflater.createView(LayoutInflater.java:858)
12-23 01:15:27.237 E/AndroidRuntime(19061): at android.view.LayoutInflater.createViewFromTag(LayoutInflater.java:1010)
12-23 01:15:27.237 E/AndroidRuntime(19061): at android.view.LayoutInflater.createViewFromTag(LayoutInflater.java:965)
12-23 01:15:27.237 E/AndroidRuntime(19061): at android.view.LayoutInflater.inflate(LayoutInflater.java:663)
12-23 01:15:27.237 E/AndroidRuntime(19061): at android.view.LayoutInflater.inflate(LayoutInflater.java:538)
12-23 01:15:27.237 E/AndroidRuntime(19061): at com.android.launcher3.util.ViewPool.inflateNewView(ViewPool.java:106)
12-23 01:15:27.237 E/AndroidRuntime(19061): at com.android.launcher3.util.ViewPool.lambda$initPool$1$ViewPool(ViewPool.java:69)
12-23 01:15:27.237 E/AndroidRuntime(19061): at com.android.launcher3.util.ViewPool$$ExternalSyntheticLambda0.run(Unknown Source:8)
12-23 01:15:27.237 E/AndroidRuntime(19061): at java.lang.Thread.run(Thread.java:920)
12-23 01:15:27.237 E/AndroidRuntime(19061): Caused by: java.lang.ClassCastException: com.android.quickstep.RecentsActivity cannot be cast to com.android.launcher3.Launcher
12-23 01:15:27.237 E/AndroidRuntime(19061): at com.android.launcher3.Launcher.getLauncher(Launcher.java:3019)
12-23 01:15:27.237 E/AndroidRuntime(19061): at com.android.quickstep.views.TaskView.(TaskView.java:416)
12-23 01:15:27.237 E/AndroidRuntime(19061): at com.android.quickstep.views.TaskView.(TaskView.java:410)
12-23 01:15:27.237 E/AndroidRuntime(19061): ... 11 more
12-23 01:15:27.237 I/am_crash( 1508): [19061,0,com.android.launcher3,617332293,java.lang.ClassCastException,com.android.quickstep.RecentsActivity cannot be cast to com.android.launcher3.Launcher,Launcher.java,3019]
12-23 01:15:27.238 W/ActivityTaskManager( 1508): Force finishing activity com.android.launcher3/com.android.quickstep.RecentsActivity
12-23 01:15:27.238 I/wm_finish_activity( 1508): [0,9740995,754,com.android.launcher3/com.android.quickstep.RecentsActivity,force-crash]
12-23 01:15:27.238 I/wm_destroy_activity( 1508): [0,9740995,754,com.android.launcher3/com.android.quickstep.RecentsActivity,finish-imm:finishIfPossible]
12-23 01:15:27.240 I/sysui_multi_action( 1508): [757,316,758,4,759,-1]
01-01 08:01:04.495 I/binder ( 0): undelivered transaction 463126, process died.
12-23 01:15:27.247 I/ActivityManager( 1508): Process com.android.launcher3 (pid 19061) has died: vis BFGS
12-23 01:15:27.247 I/am_proc_died( 1508): [0,19061,com.android.launcher3,100,5]
12-23 01:15:27.248 W/ActivityManager( 1508): Scheduling restart of crashed service com.android.launcher3/com.android.quickstep.TouchInteractionService in 1000ms for connection
12-23 01:15:27.248 I/am_schedule_service_restart( 1508): [0,com.android.launcher3/com.android.quickstep.TouchInteractionService,1000]
12-23 01:15:27.248 I/am_uid_stopped( 1508): 10078
12-23 01:15:27.248 W/ContextImpl( 2417): Calling a method in the system process without a qualified user: android.app.ContextImpl.startService:1816 android.content.ContextWrapper.startService:774 com.thundercomm.gamemode.ingame.services.GameModeActionUtils.startGameModeService:99 com.thundercomm.gamemode.ingame.services.GameModeActionUtils.startGameModeEntry:22 com.thundercomm.gamemode.ingame.services.ActivityMonitoringService$1.onActivityLaunch:127
12-23 01:15:27.249 I/wm_task_removed( 1508): [754,cleanUpResourcesForDestroy]
12-23 01:15:27.249 I/wm_task_removed( 1508): [753,removeChild:removeChild last r=Task{987d1ed #754 type=recents I=com.android.launcher3/com.android.quickstep.RecentsActivity U=0 visible=false mode=fullscreen translucent=true sz=0} in t=Task{2d3c2b3 #753 type=recents ?? U=0 visible=false mode=fullscreen translucent=true sz=0}]
12-23 01:15:27.249 I/wm_task_removed( 1508): [753,removeChild]
12-23 01:15:27.249 I/wm_task_removed( 1508): [754,removeChild:removeChild last r=ActivityRecord{94a2c3 u0 com.android.launcher3/com.android.quickstep.RecentsActivity t-1 f}} in t=Task{987d1ed #754 type=recents I=com.android.launcher3/com.android.quickstep.RecentsActivity U=0 visible=false mode=fullscreen translucent=true sz=0}]
12-23 01:15:27.249 I/wm_task_removed( 1508): [754,removeChild]
12-23 01:15:27.251 I/GameModeConfig( 1508): Current uri is uri = content://com.thundercomm.gamemode.api/gamemode_settings/gamemode_isgaming
12-23 01:15:27.251 I/am_uid_running( 1508): 10078
12-23 01:15:27.251 D/CompatibilityChangeReporter( 1508): Compat change id reported: 135634846; UID 10078; state: DISABLED
12-23 01:15:27.251 D/CompatibilityChangeReporter( 1508): Compat change id reported: 177438394; UID 10078; state: DISABLED
12-23 01:15:27.251 D/CompatibilityChangeReporter( 1508): Compat change id reported: 135772972; UID 10078; state: DISABLED
12-23 01:15:27.251 D/CompatibilityChangeReporter( 1508): Compat change id reported: 135754954; UID 10078; state: ENABLED
12-23 01:15:27.251 D/CompatibilityChangeReporter( 1508): Compat change id reported: 143937733; UID 10078; state: ENABLED
12-23 01:15:27.251 I/GameModeConfig( 1508): isGameModeOn = false
12-23 01:15:27.251 I/GameModeConfig( 1508): isGameModeOn = false
12-23 01:15:27.251 I/GameModeConfig( 1508): isDisableVoice = true
12-23 01:15:27.256 I/am_proc_start( 1508): [0,19103,10078,com.android.launcher3,service,{com.android.launcher3/com.android.quickstep.TouchInteractionService}]
12-23 01:15:27.256 I/ActivityManager( 1508): Start proc 19103:com.android.launcher3/u0a78 for service {com.android.launcher3/com.android.quickstep.TouchInteractionService}
12-23 01:15:27.263 I/am_proc_bound( 1508): [0,19103,com.android.launcher3]
01-01 08:01:04.510 I/binder ( 0): 19103:19103 ioctl 40046210 7fe8558544 returned -22
12-23 01:15:27.264 I/am_uid_active( 1508): 10078
12-23 01:15:27.297 I/ActivityTaskManager( 1508): START u0 {act=android.intent.action.MAIN cat=[android.intent.category.DEFAULT] flg=0x10010000 cmp=com.android.launcher3/com.android.quickstep.RecentsActivity} from uid 10078
12-23 01:15:27.299 I/wm_task_created( 1508): [755,-1]
12-23 01:15:27.299 W/ActivityTaskManager( 1508): Can't find TaskDisplayArea to determine support for multi window. Task id=755 attached=false
12-23 01:15:27.300 I/wm_task_created( 1508): [756,-1]
12-23 01:15:27.300 I/wm_task_moved( 1508): [756,0,-2147483648]
12-23 01:15:27.301 I/wm_create_task( 1508): [0,756]
12-23 01:15:27.301 I/wm_create_activity( 1508): [0,187829414,756,com.android.launcher3/com.android.quickstep.RecentsActivity,android.intent.action.MAIN,NULL,NULL,276889600]
12-23 01:15:27.302 I/ActivityTaskManager( 1508): The Process com.android.launcher3 Already Exists in BG. So sending its PID: 19103
12-23 01:15:27.302 I/wm_restart_activity( 1508): [0,187829414,756,com.android.launcher3/com.android.quickstep.RecentsActivity]
12-23 01:15:27.302 I/wm_add_to_stopping( 1508): [0,187829414,com.android.launcher3/com.android.quickstep.RecentsActivity,preloadRecents]
12-23 01:15:27.307 W/ContextImpl( 2417): Calling a method in the system process without a qualified user: android.app.ContextImpl.startService:1816 android.content.ContextWrapper.startService:774 com.thundercomm.gamemode.ingame.services.GameModeActionUtils.startGameModeService:99 com.thundercomm.gamemode.ingame.services.GameModeActionUtils.startGameModeEntry:22 com.thundercomm.gamemode.ingame.services.ActivityMonitoringService$1.onActivityLaunch:127
12-23 01:15:27.308 I/GameModeConfig( 1508): Current uri is uri = content://com.thundercomm.gamemode.api/gamemode_settings/gamemode_isgaming
12-23 01:15:27.309 I/GameModeConfig( 1508): isGameModeOn = false
12-23 01:15:27.309 I/GameModeConfig( 1508): isGameModeOn = false
12-23 01:15:27.309 I/GameModeConfig( 1508): isDisableVoice = true
01-01 08:01:04.569 I/binder ( 0): 19103:19130 ioctl 40046210 7b6632a254 returned -22
12-23 01:15:27.363 E/AndroidRuntime(19103): FATAL EXCEPTION: ViewPool-init
12-23 01:15:27.363 E/AndroidRuntime(19103): Process: com.android.launcher3, PID: 19103
12-23 01:15:27.363 E/AndroidRuntime(19103): android.view.InflateException: Binary XML file line #18 in com.android.launcher3:layout/task: Binary XML file line #18 in com.android.launcher3:layout/task: Error inflating class com.android.quickstep.views.TaskView
12-23 01:15:27.363 E/AndroidRuntime(19103): Caused by: android.view.InflateException: Binary XML file line #18 in com.android.launcher3:layout/task: Error inflating class com.android.quickstep.views.TaskView
12-23 01:15:27.363 E/AndroidRuntime(19103): Caused by: java.lang.reflect.InvocationTargetException
12-23 01:15:27.363 E/AndroidRuntime(19103): at java.lang.reflect.Constructor.newInstance0(Native Method)
12-23 01:15:27.363 E/AndroidRuntime(19103): at java.lang.reflect.Constructor.newInstance(Constructor.java:343)
12-23 01:15:27.363 E/AndroidRuntime(19103): at android.view.LayoutInflater.createView(LayoutInflater.java:858)
12-23 01:15:27.363 E/AndroidRuntime(19103): at android.view.LayoutInflater.createViewFromTag(LayoutInflater.java:1010)
12-23 01:15:27.363 E/AndroidRuntime(19103): at android.view.LayoutInflater.createViewFromTag(LayoutInflater.java:965)
12-23 01:15:27.363 E/AndroidRuntime(19103): at android.view.LayoutInflater.inflate(LayoutInflater.java:663)
12-23 01:15:27.363 E/AndroidRuntime(19103): at android.view.LayoutInflater.inflate(LayoutInflater.java:538)
12-23 01:15:27.363 E/AndroidRuntime(19103): at com.android.launcher3.util.ViewPool.inflateNewView(ViewPool.java:106)
12-23 01:15:27.363 E/AndroidRuntime(19103): at com.android.launcher3.util.ViewPool.lambda$initPool$1$ViewPool(ViewPool.java:69)
12-23 01:15:27.363 E/AndroidRuntime(19103): at com.android.launcher3.util.ViewPool$$ExternalSyntheticLambda0.run(Unknown Source:8)
12-23 01:15:27.363 E/AndroidRuntime(19103): at java.lang.Thread.run(Thread.java:920)
12-23 01:15:27.363 E/AndroidRuntime(19103): Caused by: java.lang.ClassCastException: com.android.quickstep.RecentsActivity cannot be cast to com.android.launcher3.Launcher
12-23 01:15:27.363 E/AndroidRuntime(19103): at com.android.launcher3.Launcher.getLauncher(Launcher.java:3019)
12-23 01:15:27.363 E/AndroidRuntime(19103): at com.android.quickstep.views.TaskView.(TaskView.java:416)
12-23 01:15:27.363 E/AndroidRuntime(19103): at com.android.quickstep.views.TaskView.(TaskView.java:410)
12-23 01:15:27.363 E/AndroidRuntime(19103): ... 11 more
12-23 01:15:27.364 I/am_crash( 1508): [19103,0,com.android.launcher3,617332293,java.lang.ClassCastException,com.android.quickstep.RecentsActivity cannot be cast to com.android.launcher3.Launcher,Launcher.java,3019]
12-23 01:15:27.364 W/ActivityTaskManager( 1508): Force finishing activity com.android.launcher3/com.android.quickstep.RecentsActivity
12-23 01:15:27.364 I/wm_finish_activity( 1508): [0,187829414,756,com.android.launcher3/com.android.quickstep.RecentsActivity,force-crash]
12-23 01:15:27.365 I/wm_destroy_activity( 1508): [0,187829414,756,com.android.launcher3/com.android.quickstep.RecentsActivity,finish-imm:finishIfPossible]
12-23 01:15:27.366 I/sysui_multi_action( 1508): [757,316,758,4,759,-1]
12-23 01:15:27.370 W/ContextImpl( 2417): Calling a method in the system process without a qualified user: android.app.ContextImpl.startService:1816 android.content.ContextWrapper.startService:774 com.thundercomm.gamemode.ingame.services.GameModeActionUtils.startGameModeService:99 com.thundercomm.gamemode.ingame.services.GameModeActionUtils.startGameModeEntry:22 com.thundercomm.gamemode.ingame.services.ActivityMonitoringService$1.onActivityLaunch:127
12-23 01:15:27.372 I/GameModeConfig( 1508): Current uri is uri = content://com.thundercomm.gamemode.api/gamemode_settings/gamemode_isgaming
12-23 01:15:27.372 I/GameModeConfig( 1508): isGameModeOn = false
12-23 01:15:27.373 I/GameModeConfig( 1508): isGameModeOn = false
12-23 01:15:27.373 I/GameModeConfig( 1508): isDisableVoice = true
12-23 01:15:27.374 I/ActivityManager( 1508): Process com.android.launcher3 (pid 19103) has died: vis BFGS
12-23 01:15:27.374 I/am_proc_died( 1508): [0,19103,com.android.launcher3,100,5]
12-23 01:15:27.375 W/ActivityManager( 1508): Scheduling restart of crashed service com.android.launcher3/com.android.quickstep.TouchInteractionService in 1000ms for connection
12-23 01:15:27.375 I/am_schedule_service_restart( 1508): [0,com.android.launcher3/com.android.quickstep.TouchInteractionService,1000]
12-23 01:15:27.375 I/am_uid_stopped( 1508): 10078
12-23 01:15:27.375 I/wm_task_removed( 1508): [756,cleanUpResourcesForDestroy]
12-23 01:15:27.375 I/wm_task_removed( 1508): [755,removeChild:removeChild last r=Task{9c62318 #756 type=recents I=com.android.launcher3/com.android.quickstep.RecentsActivity U=0 visible=false mode=fullscreen translucent=true sz=0} in t=Task{c6ceb56 #755 type=recents ?? U=0 visible=false mode=fullscreen translucent=true sz=0}]
12-23 01:15:27.375 I/wm_task_removed( 1508): [755,removeChild]
12-23 01:15:27.375 I/wm_task_removed( 1508): [756,removeChild:removeChild last r=ActivityRecord{b320ca6 u0 com.android.launcher3/com.android.quickstep.RecentsActivity t-1 f}} in t=Task{9c62318 #756 type=recents I=com.android.launcher3/com.android.quickstep.RecentsActivity U=0 visible=false mode=fullscreen translucent=true sz=0}]
12-23 01:15:27.376 I/wm_task_removed( 1508): [756,removeChild]
12-23 01:15:27.378 I/am_uid_running( 1508): 10078
12-23 01:15:27.378 D/CompatibilityChangeReporter( 1508): Compat change id reported: 135634846; UID 10078; state: DISABLED
12-23 01:15:27.378 D/CompatibilityChangeReporter( 1508): Compat change id reported: 177438394; UID 10078; state: DISABLED
12-23 01:15:27.378 D/CompatibilityChangeReporter( 1508): Compat change id reported: 135772972; UID 10078; state: DISABLED
12-23 01:15:27.378 D/CompatibilityChangeReporter( 1508): Compat change id reported: 135754954; UID 10078; state: ENABLED
12-23 01:15:27.378 D/CompatibilityChangeReporter( 1508): Compat change id reported: 143937733; UID 10078; state: ENABLED
12-23 01:15:27.383 I/am_proc_start( 1508): [0,19143,10078,com.android.launcher3,service,{com.android.launcher3/com.android.quickstep.TouchInteractionService}]
12-23 01:15:27.383 I/ActivityManager( 1508): Start proc 19143:com.android.launcher3/u0a78 for service {com.android.launcher3/com.android.quickstep.TouchInteractionService}
01-01 08:01:04.637 I/binder ( 0): 19143:19143 ioctl 40046210 7fe8558544 returned -22
12-23 01:15:27.391 I/am_proc_bound( 1508): [0,19143,com.android.launcher3]
12-23 01:15:27.392 I/am_uid_active( 1508): 10078
12-23 01:15:27.429 I/ActivityTaskManager( 1508): START u0 {act=android.intent.action.MAIN cat=[android.intent.category.DEFAULT] flg=0x10010000 cmp=com.android.launcher3/com.android.quickstep.RecentsActivity} from uid 10078
12-23 01:15:27.431 I/wm_task_created( 1508): [757,-1]
12-23 01:15:27.431 W/ActivityTaskManager( 1508): Can't find TaskDisplayArea to determine support for multi window. Task id=757 attached=false
12-23 01:15:27.432 I/wm_task_created( 1508): [758,-1]
12-23 01:15:27.432 I/wm_task_moved( 1508): [758,0,-2147483648]
12-23 01:15:27.432 I/wm_create_task( 1508): [0,758]
12-23 01:15:27.432 I/wm_create_activity( 1508): [0,198426693,758,com.android.launcher3/com.android.quickstep.RecentsActivity,android.intent.action.MAIN,NULL,NULL,276889600]
12-23 01:15:27.433 I/ActivityTaskManager( 1508): The Process com.android.launcher3 Already Exists in BG. So sending its PID: 19143
12-23 01:15:27.433 I/wm_restart_activity( 1508): [0,198426693,758,com.android.launcher3/com.android.quickstep.RecentsActivity]
12-23 01:15:27.434 I/wm_add_to_stopping( 1508): [0,198426693,com.android.launcher3/com.android.quickstep.RecentsActivity,preloadRecents]
12-23 01:15:27.438 W/ContextImpl( 2417): Calling a method in the system process without a qualified user: android.app.ContextImpl.startService:1816 android.content.ContextWrapper.startService:774 com.thundercomm.gamemode.ingame.services.GameModeActionUtils.startGameModeService:99 com.thundercomm.gamemode.ingame.services.GameModeActionUtils.startGameModeEntry:22 com.thundercomm.gamemode.ingame.services.ActivityMonitoringService$1.onActivityLaunch:127
12-23 01:15:27.440 I/GameModeConfig( 1508): Current uri is uri = content://com.thundercomm.gamemode.api/gamemode_settings/gamemode_isgaming
12-23 01:15:27.441 I/GameModeConfig( 1508): isGameModeOn = false
12-23 01:15:27.441 I/GameModeConfig( 1508): isGameModeOn = false
12-23 01:15:27.441 I/GameModeConfig( 1508): isDisableVoice = true
01-01 08:01:04.700 I/binder ( 0): 19143:19170 ioctl 40046210 7b66430254 returned -22
12-23 01:15:27.495 E/AndroidRuntime(19143): FATAL EXCEPTION: ViewPool-init
12-23 01:15:27.495 E/AndroidRuntime(19143): Process: com.android.launcher3, PID: 19143
12-23 01:15:27.495 E/AndroidRuntime(19143): android.view.InflateException: Binary XML file line #18 in com.android.launcher3:layout/task: Binary XML file line #18 in com.android.launcher3:layout/task: Error inflating class com.android.quickstep.views.TaskView
12-23 01:15:27.495 E/AndroidRuntime(19143): Caused by: android.view.InflateException: Binary XML file line #18 in com.android.launcher3:layout/task: Error inflating class com.android.quickstep.views.TaskView
12-23 01:15:27.495 E/AndroidRuntime(19143): Caused by: java.lang.reflect.InvocationTargetException
12-23 01:15:27.495 E/AndroidRuntime(19143): at java.lang.reflect.Constructor.newInstance0(Native Method)
12-23 01:15:27.495 E/AndroidRuntime(19143): at java.lang.reflect.Constructor.newInstance(Constructor.java:343)
12-23 01:15:27.495 E/AndroidRuntime(19143): at android.view.LayoutInflater.createView(LayoutInflater.java:858)
12-23 01:15:27.495 E/AndroidRuntime(19143): at android.view.LayoutInflater.createViewFromTag(LayoutInflater.java:1010)
12-23 01:15:27.495 E/AndroidRuntime(19143): at android.view.LayoutInflater.createViewFromTag(LayoutInflater.java:965)
12-23 01:15:27.495 E/AndroidRuntime(19143): at android.view.LayoutInflater.inflate(LayoutInflater.java:663)
12-23 01:15:27.495 E/AndroidRuntime(19143): at android.view.LayoutInflater.inflate(LayoutInflater.java:538)
12-23 01:15:27.495 E/AndroidRuntime(19143): at com.android.launcher3.util.ViewPool.inflateNewView(ViewPool.java:106)
12-23 01:15:27.495 E/AndroidRuntime(19143): at com.android.launcher3.util.ViewPool.lambda$initPool$1$ViewPool(ViewPool.java:69)
12-23 01:15:27.495 E/AndroidRuntime(19143): at com.android.launcher3.util.ViewPool$$ExternalSyntheticLambda0.run(Unknown Source:8)
12-23 01:15:27.495 E/AndroidRuntime(19143): at java.lang.Thread.run(Thread.java:920)
12-23 01:15:27.495 E/AndroidRuntime(19143): Caused by: java.lang.ClassCastException: com.android.quickstep.RecentsActivity cannot be cast to com.android.launcher3.Launcher
12-23 01:15:27.495 E/AndroidRuntime(19143): at com.android.launcher3.Launcher.getLauncher(Launcher.java:3019)
12-23 01:15:27.495 E/AndroidRuntime(19143): at com.android.quickstep.views.TaskView.(TaskView.java:416)
12-23 01:15:27.495 E/AndroidRuntime(19143): at com.android.quickstep.views.TaskView.(TaskView.java:410)
12-23 01:15:27.495 E/AndroidRuntime(19143): ... 11 more
12-23 01:15:27.495 I/am_crash( 1508): [19143,0,com.android.launcher3,617332293,java.lang.ClassCastException,com.android.quickstep.RecentsActivity cannot be cast to com.android.launcher3.Launcher,Launcher.java,3019]
12-23 01:15:27.495 W/ActivityTaskManager( 1508): Force finishing activity com.android.launcher3/com.android.quickstep.RecentsActivity
12-23 01:15:27.495 I/wm_finish_activity( 1508): [0,198426693,758,com.android.launcher3/com.android.quickstep.RecentsActivity,force-crash]
12-23 01:15:27.496 I/wm_destroy_activity( 1508): [0,198426693,758,com.android.launcher3/com.android.quickstep.RecentsActivity,finish-imm:finishIfPossible]
12-23 01:15:27.499 I/sysui_multi_action( 1508): [757,316,758,4,759,-1]
12-23 01:15:27.503 W/ContextImpl( 2417): Calling a method in the system process without a qualified user: android.app.ContextImpl.startService:1816 android.content.ContextWrapper.startService:774 com.thundercomm.gamemode.ingame.services.GameModeActionUtils.startGameModeService:99 com.thundercomm.gamemode.ingame.services.GameModeActionUtils.startGameModeEntry:22 com.thundercomm.gamemode.ingame.services.ActivityMonitoringService$1.onActivityLaunch:127
12-23 01:15:27.505 I/GameModeConfig( 1508): Current uri is uri = content://com.thundercomm.gamemode.api/gamemode_settings/gamemode_isgaming
12-23 01:15:27.506 I/GameModeConfig( 1508): isGameModeOn = false
12-23 01:15:27.506 I/GameModeConfig( 1508): isGameModeOn = false
12-23 01:15:27.506 I/GameModeConfig( 1508): isDisableVoice = true
01-01 08:01:04.754 I/binder ( 0): undelivered transaction 465051, process died.
12-23 01:15:27.507 I/ActivityManager( 1508): Process com.android.launcher3 (pid 19143) has died: vis BFGS
12-23 01:15:27.507 I/am_proc_died( 1508): [0,19143,com.android.launcher3,100,5]
12-23 01:15:27.508 W/ActivityManager( 1508): Scheduling restart of crashed service com.android.launcher3/com.android.quickstep.TouchInteractionService in 1000ms for connection
12-23 01:15:27.508 I/am_schedule_service_restart( 1508): [0,com.android.launcher3/com.android.quickstep.TouchInteractionService,1000]
12-23 01:15:27.508 I/am_uid_stopped( 1508): 10078
12-23 01:15:27.509 I/wm_task_removed( 1508): [758,cleanUpResourcesForDestroy]
12-23 01:15:27.509 I/wm_task_removed( 1508): [757,removeChild:removeChild last r=Task{2d32f9f #758 type=recents I=com.android.launcher3/com.android.quickstep.RecentsActivity U=0 visible=false mode=fullscreen translucent=true sz=0} in t=Task{7be44b5 #757 type=recents ?? U=0 visible=false mode=fullscreen translucent=true sz=0}]
12-23 01:15:27.509 I/wm_task_removed( 1508): [757,removeChild]
12-23 01:15:27.509 I/wm_task_removed( 1508): [758,removeChild:removeChild last r=ActivityRecord{bd3c045 u0 com.android.launcher3/com.android.quickstep.RecentsActivity t-1 f}} in t=Task{2d32f9f #758 type=recents I=com.android.launcher3/com.android.quickstep.RecentsActivity U=0 visible=false mode=fullscreen translucent=true sz=0}]
12-23 01:15:27.509 I/wm_task_removed( 1508): [758,removeChild]
12-23 01:15:27.511 I/am_uid_running( 1508): 10078
12-23 01:15:27.511 D/CompatibilityChangeReporter( 1508): Compat change id reported: 135634846; UID 10078; state: DISABLED
12-23 01:15:27.511 D/CompatibilityChangeReporter( 1508): Compat change id reported: 177438394; UID 10078; state: DISABLED
12-23 01:15:27.511 D/CompatibilityChangeReporter( 1508): Compat change id reported: 135772972; UID 10078; state: DISABLED
12-23 01:15:27.511 D/CompatibilityChangeReporter( 1508): Compat change id reported: 135754954; UID 10078; state: ENABLED
12-23 01:15:27.511 D/CompatibilityChangeReporter( 1508): Compat change id reported: 143937733; UID 10078; state: ENABLED
12-23 01:15:27.516 I/am_proc_start( 1508): [0,19183,10078,com.android.launcher3,service,{com.android.launcher3/com.android.quickstep.TouchInteractionService}]
12-23 01:15:27.516 I/ActivityManager( 1508): Start proc 19183:com.android.launcher3/u0a78 for service {com.android.launcher3/com.android.quickstep.TouchInteractionService}
01-01 08:01:04.769 I/binder ( 0): 19183:19183 ioctl 40046210 7fe8558544 returned -22
12-23 01:15:27.523 I/am_proc_bound( 1508): [0,19183,com.android.launcher3]
12-23 01:15:27.523 I/am_uid_active( 1508): 10078
01-01 08:01:04.774 I/ ( 0): read descriptors
01-01 08:01:04.774 I/ ( 0): read strings
12-23 01:15:27.556 I/ActivityTaskManager( 1508): START u0 {act=android.intent.action.MAIN cat=[android.intent.category.DEFAULT] flg=0x10010000 cmp=com.android.launcher3/com.android.quickstep.RecentsActivity} from uid 10078
12-23 01:15:27.557 I/wm_task_created( 1508): [759,-1]
12-23 01:15:27.557 W/ActivityTaskManager( 1508): Can't find TaskDisplayArea to determine support for multi window. Task id=759 attached=false
12-23 01:15:27.558 I/wm_task_created( 1508): [760,-1]
12-23 01:15:27.558 I/wm_task_moved( 1508): [760,0,-2147483648]
12-23 01:15:27.559 I/wm_create_task( 1508): [0,760]
12-23 01:15:27.559 I/wm_create_activity( 1508): [0,165662800,760,com.android.launcher3/com.android.quickstep.RecentsActivity,android.intent.action.MAIN,NULL,NULL,276889600]
12-23 01:15:27.560 I/ActivityTaskManager( 1508): The Process com.android.launcher3 Already Exists in BG. So sending its PID: 19183
12-23 01:15:27.560 I/wm_restart_activity( 1508): [0,165662800,760,com.android.launcher3/com.android.quickstep.RecentsActivity]
12-23 01:15:27.560 I/wm_add_to_stopping( 1508): [0,165662800,com.android.launcher3/com.android.quickstep.RecentsActivity,preloadRecents]
12-23 01:15:27.566 W/ContextImpl( 2417): Calling a method in the system process without a qualified user: android.app.ContextImpl.startService:1816 android.content.ContextWrapper.startService:774 com.thundercomm.gamemode.ingame.services.GameModeActionUtils.startGameModeService:99 com.thundercomm.gamemode.ingame.services.GameModeActionUtils.startGameModeEntry:22 com.thundercomm.gamemode.ingame.services.ActivityMonitoringService$1.onActivityLaunch:127
12-23 01:15:27.567 I/GameModeConfig( 1508): Current uri is uri = content://com.thundercomm.gamemode.api/gamemode_settings/gamemode_isgaming
12-23 01:15:27.568 I/GameModeConfig( 1508): isGameModeOn = false
12-23 01:15:27.568 I/GameModeConfig( 1508): isGameModeOn = false
12-23 01:15:27.568 I/GameModeConfig( 1508): isDisableVoice = true
01-01 08:01:04.829 I/binder ( 0): 19183:19212 ioctl 40046210 7b6522c254 returned -22
12-23 01:15:27.624 E/AndroidRuntime(19183): FATAL EXCEPTION: ViewPool-init
12-23 01:15:27.624 E/AndroidRuntime(19183): Process: com.android.launcher3, PID: 19183
12-23 01:15:27.624 E/AndroidRuntime(19183): android.view.InflateException: Binary XML file line #18 in com.android.launcher3:layout/task: Binary XML file line #18 in com.android.launcher3:layout/task: Error inflating class com.android.quickstep.views.TaskView
12-23 01:15:27.624 E/AndroidRuntime(19183): Caused by: android.view.InflateException: Binary XML file line #18 in com.android.launcher3:layout/task: Error inflating class com.android.quickstep.views.TaskView
12-23 01:15:27.624 E/AndroidRuntime(19183): Caused by: java.lang.reflect.InvocationTargetException
12-23 01:15:27.624 E/AndroidRuntime(19183): at java.lang.reflect.Constructor.newInstance0(Native Method)
12-23 01:15:27.624 E/AndroidRuntime(19183): at java.lang.reflect.Constructor.newInstance(Constructor.java:343)
12-23 01:15:27.624 E/AndroidRuntime(19183): at android.view.LayoutInflater.createView(LayoutInflater.java:858)
12-23 01:15:27.624 E/AndroidRuntime(19183): at android.view.LayoutInflater.createViewFromTag(LayoutInflater.java:1010)
12-23 01:15:27.624 E/AndroidRuntime(19183): at android.view.LayoutInflater.createViewFromTag(LayoutInflater.java:965)
12-23 01:15:27.624 E/AndroidRuntime(19183): at android.view.LayoutInflater.inflate(LayoutInflater.java:663)
12-23 01:15:27.624 E/AndroidRuntime(19183): at android.view.LayoutInflater.inflate(LayoutInflater.java:538)
12-23 01:15:27.624 E/AndroidRuntime(19183): at com.android.launcher3.util.ViewPool.inflateNewView(ViewPool.java:106)
12-23 01:15:27.624 E/AndroidRuntime(19183): at com.android.launcher3.util.ViewPool.lambda$initPool$1$ViewPool(ViewPool.java:69)
12-23 01:15:27.624 E/AndroidRuntime(19183): at com.android.launcher3.util.ViewPool$$ExternalSyntheticLambda0.run(Unknown Source:8)
12-23 01:15:27.624 E/AndroidRuntime(19183): at java.lang.Thread.run(Thread.java:920)
12-23 01:15:27.624 E/AndroidRuntime(19183): Caused by: java.lang.ClassCastException: com.android.quickstep.RecentsActivity cannot be cast to com.android.launcher3.Launcher
12-23 01:15:27.624 E/AndroidRuntime(19183): at com.android.launcher3.Launcher.getLauncher(Launcher.java:3019)
12-23 01:15:27.624 E/AndroidRuntime(19183): at com.android.quickstep.views.TaskView.(TaskView.java:416)
12-23 01:15:27.624 E/AndroidRuntime(19183): at com.android.quickstep.views.TaskView.(TaskView.java:410)
12-23 01:15:27.624 E/AndroidRuntime(19183): ... 11 more
12-23 01:15:27.624 I/am_crash( 1508): [19183,0,com.android.launcher3,617332293,java.lang.ClassCastException,com.android.quickstep.RecentsActivity cannot be cast to com.android.launcher3.Launcher,Launcher.java,3019]
12-23 01:15:27.625 W/ActivityTaskManager( 1508): Force finishing activity com.android.launcher3/com.android.quickstep.RecentsActivity
12-23 01:15:27.625 I/wm_finish_activity( 1508): [0,165662800,760,com.android.launcher3/com.android.quickstep.RecentsActivity,force-crash]
12-23 01:15:27.625 I/wm_destroy_activity( 1508): [0,165662800,760,com.android.launcher3/com.android.quickstep.RecentsActivity,finish-imm:finishIfPossible]
12-23 01:15:27.628 I/sysui_multi_action( 1508): [757,316,758,4,759,-1]
01-01 08:01:04.877 D/ ( 0): mv2112_read_status
01-01 08:01:04.878 D/mv2112_update_link( 0): 3.0x901(1G): 0x80
12-23 01:15:27.631 W/ContextImpl( 2417): Calling a method in the system process without a qualified user: android.app.ContextImpl.startService:1816 android.content.ContextWrapper.startService:774 com.thundercomm.gamemode.ingame.services.GameModeActionUtils.startGameModeService:99 com.thundercomm.gamemode.ingame.services.GameModeActionUtils.startGameModeEntry:22 com.thundercomm.gamemode.ingame.services.ActivityMonitoringService$1.onActivityLaunch:127
12-23 01:15:27.633 I/GameModeConfig( 1508): Current uri is uri = content://com.thundercomm.gamemode.api/gamemode_settings/gamemode_isgaming
01-01 08:01:04.878 D/mv2112_update_link( 0): 3.0x8109(100M): 0x8
01-01 08:01:04.878 D/mv2112_update_link( 0): link 0x0
01-01 08:01:04.878 D/mv2112_read_status( 0): autoneg is disabled
12-23 01:15:27.634 I/GameModeConfig( 1508): isGameModeOn = false
12-23 01:15:27.634 I/GameModeConfig( 1508): isGameModeOn = false
12-23 01:15:27.634 I/GameModeConfig( 1508): isDisableVoice = true
12-23 01:15:27.637 I/ActivityManager( 1508): Process com.android.launcher3 (pid 19183) has died: vis BFGS
12-23 01:15:27.637 I/am_proc_died( 1508): [0,19183,com.android.launcher3,100,5]
12-23 01:15:27.637 W/ActivityManager( 1508): Scheduling restart of crashed service com.android.launcher3/com.android.quickstep.TouchInteractionService in 1000ms for connection
12-23 01:15:27.637 I/am_schedule_service_restart( 1508): [0,com.android.launcher3/com.android.quickstep.TouchInteractionService,1000]
12-23 01:15:27.637 I/am_uid_stopped( 1508): 10078
12-23 01:15:27.638 I/wm_task_removed( 1508): [760,cleanUpResourcesForDestroy]
12-23 01:15:27.638 I/wm_task_removed( 1508): [759,removeChild:removeChild last r=Task{cd6ab2 #760 type=recents I=com.android.launcher3/com.android.quickstep.RecentsActivity U=0 visible=false mode=fullscreen translucent=true sz=0} in t=Task{2efed80 #759 type=recents ?? U=0 visible=false mode=fullscreen translucent=true sz=0}]
12-23 01:15:27.638 I/wm_task_removed( 1508): [759,removeChild]
12-23 01:15:27.639 I/wm_task_removed( 1508): [760,removeChild:removeChild last r=ActivityRecord{9dfd050 u0 com.android.launcher3/com.android.quickstep.RecentsActivity t-1 f}} in t=Task{cd6ab2 #760 type=recents I=com.android.launcher3/com.android.quickstep.RecentsActivity U=0 visible=false mode=fullscreen translucent=true sz=0}]
12-23 01:15:27.639 I/wm_task_removed( 1508): [760,removeChild]
12-23 01:15:27.640 I/am_uid_running( 1508): 10078
12-23 01:15:27.641 D/CompatibilityChangeReporter( 1508): Compat change id reported: 135634846; UID 10078; state: DISABLED
12-23 01:15:27.641 D/CompatibilityChangeReporter( 1508): Compat change id reported: 177438394; UID 10078; state: DISABLED
12-23 01:15:27.641 D/CompatibilityChangeReporter( 1508): Compat change id reported: 135772972; UID 10078; state: DISABLED
12-23 01:15:27.641 D/CompatibilityChangeReporter( 1508): Compat change id reported: 135754954; UID 10078; state: ENABLED
12-23 01:15:27.641 D/CompatibilityChangeReporter( 1508): Compat change id reported: 143937733; UID 10078; state: ENABLED
12-23 01:15:27.645 I/am_proc_start( 1508): [0,19225,10078,com.android.launcher3,service,{com.android.launcher3/com.android.quickstep.TouchInteractionService}]
12-23 01:15:27.645 I/ActivityManager( 1508): Start proc 19225:com.android.launcher3/u0a78 for service {com.android.launcher3/com.android.quickstep.TouchInteractionService}
12-23 01:15:27.653 I/am_proc_bound( 1508): [0,19225,com.android.launcher3]
01-01 08:01:04.899 I/binder ( 0): 19225:19225 ioctl 40046210 7fe8558544 returned -22
12-23 01:15:27.654 I/am_uid_active( 1508): 10078
12-23 01:15:27.686 I/ActivityTaskManager( 1508): START u0 {act=android.intent.action.MAIN cat=[android.intent.category.DEFAULT] flg=0x10010000 cmp=com.android.launcher3/com.android.quickstep.RecentsActivity} from uid 10078
12-23 01:15:27.688 I/wm_task_created( 1508): [761,-1]
12-23 01:15:27.688 W/ActivityTaskManager( 1508): Can't find TaskDisplayArea to determine support for multi window. Task id=761 attached=false
12-23 01:15:27.688 I/wm_task_created( 1508): [762,-1]
12-23 01:15:27.688 I/wm_task_moved( 1508): [762,0,-2147483648]
12-23 01:15:27.689 I/wm_create_task( 1508): [0,762]
12-23 01:15:27.689 I/wm_create_activity( 1508): [0,196871479,762,com.android.launcher3/com.android.quickstep.RecentsActivity,android.intent.action.MAIN,NULL,NULL,276889600]
12-23 01:15:27.690 I/ActivityTaskManager( 1508): The Process com.android.launcher3 Already Exists in BG. So sending its PID: 19225
12-23 01:15:27.690 I/wm_restart_activity( 1508): [0,196871479,762,com.android.launcher3/com.android.quickstep.RecentsActivity]
12-23 01:15:27.690 I/wm_add_to_stopping( 1508): [0,196871479,com.android.launcher3/com.android.quickstep.RecentsActivity,preloadRecents]
12-23 01:15:27.695 W/ContextImpl( 2417): Calling a method in the system process without a qualified user: android.app.ContextImpl.startService:1816 android.content.ContextWrapper.startService:774 com.thundercomm.gamemode.ingame.services.GameModeActionUtils.startGameModeService:99 com.thundercomm.gamemode.ingame.services.GameModeActionUtils.startGameModeEntry:22 com.thundercomm.gamemode.ingame.services.ActivityMonitoringService$1.onActivityLaunch:127
12-23 01:15:27.696 I/GameModeConfig( 1508): Current uri is uri = content://com.thundercomm.gamemode.api/gamemode_settings/gamemode_isgaming
12-23 01:15:27.697 I/GameModeConfig( 1508): isGameModeOn = false
12-23 01:15:27.697 I/GameModeConfig( 1508): isGameModeOn = false
12-23 01:15:27.697 I/GameModeConfig( 1508): isDisableVoice = true
01-01 08:01:04.956 I/binder ( 0): 19225:19250 ioctl 40046210 7b6632a254 returned -22
12-23 01:15:27.751 E/AndroidRuntime(19225): FATAL EXCEPTION: ViewPool-init
12-23 01:15:27.751 E/AndroidRuntime(19225): Process: com.android.launcher3, PID: 19225
12-23 01:15:27.751 E/AndroidRuntime(19225): android.view.InflateException: Binary XML file line #18 in com.android.launcher3:layout/task: Binary XML file line #18 in com.android.launcher3:layout/task: Error inflating class com.android.quickstep.views.TaskView
12-23 01:15:27.751 E/AndroidRuntime(19225): Caused by: android.view.InflateException: Binary XML file line #18 in com.android.launcher3:layout/task: Error inflating class com.android.quickstep.views.TaskView
12-23 01:15:27.751 E/AndroidRuntime(19225): Caused by: java.lang.reflect.InvocationTargetException
12-23 01:15:27.751 E/AndroidRuntime(19225): at java.lang.reflect.Constructor.newInstance0(Native Method)
12-23 01:15:27.751 E/AndroidRuntime(19225): at java.lang.reflect.Constructor.newInstance(Constructor.java:343)
12-23 01:15:27.751 E/AndroidRuntime(19225): at android.view.LayoutInflater.createView(LayoutInflater.java:858)
12-23 01:15:27.751 E/AndroidRuntime(19225): at android.view.LayoutInflater.createViewFromTag(LayoutInflater.java:1010)
12-23 01:15:27.751 E/AndroidRuntime(19225): at android.view.LayoutInflater.createViewFromTag(LayoutInflater.java:965)
12-23 01:15:27.751 E/AndroidRuntime(19225): at android.view.LayoutInflater.inflate(LayoutInflater.java:663)
12-23 01:15:27.751 E/AndroidRuntime(19225): at android.view.LayoutInflater.inflate(LayoutInflater.java:538)
12-23 01:15:27.751 E/AndroidRuntime(19225): at com.android.launcher3.util.ViewPool.inflateNewView(ViewPool.java:106)
12-23 01:15:27.751 E/AndroidRuntime(19225): at com.android.launcher3.util.ViewPool.lambda$initPool$1$ViewPool(ViewPool.java:69)
12-23 01:15:27.751 E/AndroidRuntime(19225): at com.android.launcher3.util.ViewPool$$ExternalSyntheticLambda0.run(Unknown Source:8)
12-23 01:15:27.751 E/AndroidRuntime(19225): at java.lang.Thread.run(Thread.java:920)
12-23 01:15:27.751 E/AndroidRuntime(19225): Caused by: java.lang.ClassCastException: com.android.quickstep.RecentsActivity cannot be cast to com.android.launcher3.Launcher
12-23 01:15:27.751 E/AndroidRuntime(19225): at com.android.launcher3.Launcher.getLauncher(Launcher.java:3019)
12-23 01:15:27.751 E/AndroidRuntime(19225): at com.android.quickstep.views.TaskView.(TaskView.java:416)
12-23 01:15:27.751 E/AndroidRuntime(19225): at com.android.quickstep.views.TaskView.(TaskView.java:410)
12-23 01:15:27.751 E/AndroidRuntime(19225): ... 11 more
12-23 01:15:27.751 I/am_crash( 1508): [19225,0,com.android.launcher3,617332293,java.lang.ClassCastException,com.android.quickstep.RecentsActivity cannot be cast to com.android.launcher3.Launcher,Launcher.java,3019]
12-23 01:15:27.752 W/ActivityTaskManager( 1508): Force finishing activity com.android.launcher3/com.android.quickstep.RecentsActivity
12-23 01:15:27.752 I/wm_finish_activity( 1508): [0,196871479,762,com.android.launcher3/com.android.quickstep.RecentsActivity,force-crash]
12-23 01:15:27.752 I/wm_destroy_activity( 1508): [0,196871479,762,com.android.launcher3/com.android.quickstep.RecentsActivity,finish-imm:finishIfPossible]
12-23 01:15:27.754 I/sysui_multi_action( 1508): [757,316,758,4,759,-1]
12-23 01:15:27.758 W/ContextImpl( 2417): Calling a method in the system process without a qualified user: android.app.ContextImpl.startService:1816 android.content.ContextWrapper.startService:774 com.thundercomm.gamemode.ingame.services.GameModeActionUtils.startGameModeService:99 com.thundercomm.gamemode.ingame.services.GameModeActionUtils.startGameModeEntry:22 com.thundercomm.gamemode.ingame.services.ActivityMonitoringService$1.onActivityLaunch:127
12-23 01:15:27.759 I/GameModeConfig( 1508): Current uri is uri = content://com.thundercomm.gamemode.api/gamemode_settings/gamemode_isgaming
12-23 01:15:27.760 I/GameModeConfig( 1508): isGameModeOn = false
12-23 01:15:27.760 I/GameModeConfig( 1508): isGameModeOn = false
12-23 01:15:27.760 I/GameModeConfig( 1508): isDisableVoice = true
01-01 08:01:05.009 I/binder ( 0): undelivered transaction 466973, process died.
12-23 01:15:27.761 I/ActivityManager( 1508): Process com.android.launcher3 (pid 19225) has died: vis BFGS
12-23 01:15:27.761 I/am_proc_died( 1508): [0,19225,com.android.launcher3,100,5]
12-23 01:15:27.762 W/ActivityManager( 1508): Scheduling restart of crashed service com.android.launcher3/com.android.quickstep.TouchInteractionService in 1000ms for connection
12-23 01:15:27.762 I/am_schedule_service_restart( 1508): [0,com.android.launcher3/com.android.quickstep.TouchInteractionService,1000]
12-23 01:15:27.762 I/am_uid_stopped( 1508): 10078
12-23 01:15:27.762 I/wm_task_removed( 1508): [762,cleanUpResourcesForDestroy]
12-23 01:15:27.763 I/wm_task_removed( 1508): [761,removeChild:removeChild last r=Task{9508741 #762 type=recents I=com.android.launcher3/com.android.quickstep.RecentsActivity U=0 visible=false mode=fullscreen translucent=true sz=0} in t=Task{62aa27 #761 type=recents ?? U=0 visible=false mode=fullscreen translucent=true sz=0}]
12-23 01:15:27.763 I/wm_task_removed( 1508): [761,removeChild]
12-23 01:15:27.763 I/wm_task_removed( 1508): [762,removeChild:removeChild last r=ActivityRecord{bbc0537 u0 com.android.launcher3/com.android.quickstep.RecentsActivity t-1 f}} in t=Task{9508741 #762 type=recents I=com.android.launcher3/com.android.quickstep.RecentsActivity U=0 visible=false mode=fullscreen translucent=true sz=0}]
12-23 01:15:27.763 I/wm_task_removed( 1508): [762,removeChild]
12-23 01:15:27.764 I/am_uid_running( 1508): 10078
12-23 01:15:27.765 D/CompatibilityChangeReporter( 1508): Compat change id reported: 135634846; UID 10078; state: DISABLED
12-23 01:15:27.765 D/CompatibilityChangeReporter( 1508): Compat change id reported: 177438394; UID 10078; state: DISABLED
12-23 01:15:27.765 D/CompatibilityChangeReporter( 1508): Compat change id reported: 135772972; UID 10078; state: DISABLED
12-23 01:15:27.765 D/CompatibilityChangeReporter( 1508): Compat change id reported: 135754954; UID 10078; state: ENABLED
12-23 01:15:27.765 D/CompatibilityChangeReporter( 1508): Compat change id reported: 143937733; UID 10078; state: ENABLED
12-23 01:15:27.769 I/am_proc_start( 1508): [0,19263,10078,com.android.launcher3,service,{com.android.launcher3/com.android.quickstep.TouchInteractionService}]
12-23 01:15:27.769 I/ActivityManager( 1508): Start proc 19263:com.android.launcher3/u0a78 for service {com.android.launcher3/com.android.quickstep.TouchInteractionService}
12-23 01:15:27.776 I/am_proc_bound( 1508): [0,19263,com.android.launcher3]
12-23 01:15:27.777 I/am_uid_active( 1508): 10078
01-01 08:01:05.022 I/binder ( 0): 19263:19263 ioctl 40046210 7fe8558544 returned -22
12-23 01:15:27.809 I/ActivityTaskManager( 1508): START u0 {act=android.intent.action.MAIN cat=[android.intent.category.DEFAULT] flg=0x10010000 cmp=com.android.launcher3/com.android.quickstep.RecentsActivity} from uid 10078
12-23 01:15:27.811 I/wm_task_created( 1508): [763,-1]
12-23 01:15:27.811 W/ActivityTaskManager( 1508): Can't find TaskDisplayArea to determine support for multi window. Task id=763 attached=false
12-23 01:15:27.812 I/wm_task_created( 1508): [764,-1]
12-23 01:15:27.812 I/wm_task_moved( 1508): [764,0,-2147483648]
12-23 01:15:27.813 I/wm_create_task( 1508): [0,764]
12-23 01:15:27.813 I/wm_create_activity( 1508): [0,38080554,764,com.android.launcher3/com.android.quickstep.RecentsActivity,android.intent.action.MAIN,NULL,NULL,276889600]
12-23 01:15:27.813 I/ActivityTaskManager( 1508): The Process com.android.launcher3 Already Exists in BG. So sending its PID: 19263
12-23 01:15:27.814 I/wm_restart_activity( 1508): [0,38080554,764,com.android.launcher3/com.android.quickstep.RecentsActivity]
12-23 01:15:27.814 I/wm_add_to_stopping( 1508): [0,38080554,com.android.launcher3/com.android.quickstep.RecentsActivity,preloadRecents]
12-23 01:15:27.818 W/ContextImpl( 2417): Calling a method in the system process without a qualified user: android.app.ContextImpl.startService:1816 android.content.ContextWrapper.startService:774 com.thundercomm.gamemode.ingame.services.GameModeActionUtils.startGameModeService:99 com.thundercomm.gamemode.ingame.services.GameModeActionUtils.startGameModeEntry:22 com.thundercomm.gamemode.ingame.services.ActivityMonitoringService$1.onActivityLaunch:127
12-23 01:15:27.820 I/GameModeConfig( 1508): Current uri is uri = content://com.thundercomm.gamemode.api/gamemode_settings/gamemode_isgaming
12-23 01:15:27.821 I/GameModeConfig( 1508): isGameModeOn = false
12-23 01:15:27.821 I/GameModeConfig( 1508): isGameModeOn = false
12-23 01:15:27.821 I/GameModeConfig( 1508): isDisableVoice = true
01-01 08:01:05.081 I/binder ( 0): 19263:19289 ioctl 40046210 7b6632a254 returned -22
12-23 01:15:27.876 E/AndroidRuntime(19263): FATAL EXCEPTION: ViewPool-init
12-23 01:15:27.876 E/AndroidRuntime(19263): Process: com.android.launcher3, PID: 19263
12-23 01:15:27.876 E/AndroidRuntime(19263): android.view.InflateException: Binary XML file line #18 in com.android.launcher3:layout/task: Binary XML file line #18 in com.android.launcher3:layout/task: Error inflating class com.android.quickstep.views.TaskView
12-23 01:15:27.876 E/AndroidRuntime(19263): Caused by: android.view.InflateException: Binary XML file line #18 in com.android.launcher3:layout/task: Error inflating class com.android.quickstep.views.TaskView
12-23 01:15:27.876 E/AndroidRuntime(19263): Caused by: java.lang.reflect.InvocationTargetException
12-23 01:15:27.876 E/AndroidRuntime(19263): at java.lang.reflect.Constructor.newInstance0(Native Method)
12-23 01:15:27.876 E/AndroidRuntime(19263): at java.lang.reflect.Constructor.newInstance(Constructor.java:343)
12-23 01:15:27.876 E/AndroidRuntime(19263): at android.view.LayoutInflater.createView(LayoutInflater.java:858)
12-23 01:15:27.876 E/AndroidRuntime(19263): at android.view.LayoutInflater.createViewFromTag(LayoutInflater.java:1010)
12-23 01:15:27.876 E/AndroidRuntime(19263): at android.view.LayoutInflater.createViewFromTag(LayoutInflater.java:965)
12-23 01:15:27.876 E/AndroidRuntime(19263): at android.view.LayoutInflater.inflate(LayoutInflater.java:663)
12-23 01:15:27.876 E/AndroidRuntime(19263): at android.view.LayoutInflater.inflate(LayoutInflater.java:538)
12-23 01:15:27.876 E/AndroidRuntime(19263): at com.android.launcher3.util.ViewPool.inflateNewView(ViewPool.java:106)
12-23 01:15:27.876 E/AndroidRuntime(19263): at com.android.launcher3.util.ViewPool.lambda$initPool$1$ViewPool(ViewPool.java:69)
12-23 01:15:27.876 E/AndroidRuntime(19263): at com.android.launcher3.util.ViewPool$$ExternalSyntheticLambda0.run(Unknown Source:8)
12-23 01:15:27.876 E/AndroidRuntime(19263): at java.lang.Thread.run(Thread.java:920)
12-23 01:15:27.876 E/AndroidRuntime(19263): Caused by: java.lang.ClassCastException: com.android.quickstep.RecentsActivity cannot be cast to com.android.launcher3.Launcher
12-23 01:15:27.876 E/AndroidRuntime(19263): at com.android.launcher3.Launcher.getLauncher(Launcher.java:3019)
12-23 01:15:27.876 E/AndroidRuntime(19263): at com.android.quickstep.views.TaskView.(TaskView.java:416)
12-23 01:15:27.876 E/AndroidRuntime(19263): at com.android.quickstep.views.TaskView.(TaskView.java:410)
12-23 01:15:27.876 E/AndroidRuntime(19263): ... 11 more
12-23 01:15:27.876 I/am_crash( 1508): [19263,0,com.android.launcher3,617332293,java.lang.ClassCastException,com.android.quickstep.RecentsActivity cannot be cast to com.android.launcher3.Launcher,Launcher.java,3019]
12-23 01:15:27.877 W/ActivityTaskManager( 1508): Force finishing activity com.android.launcher3/com.android.quickstep.RecentsActivity
12-23 01:15:27.877 I/wm_finish_activity( 1508): [0,38080554,764,com.android.launcher3/com.android.quickstep.RecentsActivity,force-crash]
12-23 01:15:27.877 I/wm_destroy_activity( 1508): [0,38080554,764,com.android.launcher3/com.android.quickstep.RecentsActivity,finish-imm:finishIfPossible]
12-23 01:15:27.879 I/sysui_multi_action( 1508): [757,316,758,4,759,-1]
12-23 01:15:27.882 W/ContextImpl( 2417): Calling a method in the system process without a qualified user: android.app.ContextImpl.startService:1816 android.content.ContextWrapper.startService:774 com.thundercomm.gamemode.ingame.services.GameModeActionUtils.startGameModeService:99 com.thundercomm.gamemode.ingame.services.GameModeActionUtils.startGameModeEntry:22 com.thundercomm.gamemode.ingame.services.ActivityMonitoringService$1.onActivityLaunch:127
12-23 01:15:27.884 I/GameModeConfig( 1508): Current uri is uri = content://com.thundercomm.gamemode.api/gamemode_settings/gamemode_isgaming
12-23 01:15:27.884 I/GameModeConfig( 1508): isGameModeOn = false
12-23 01:15:27.884 I/GameModeConfig( 1508): isGameModeOn = false
12-23 01:15:27.884 I/GameModeConfig( 1508): isDisableVoice = true
01-01 08:01:05.151 I/binder ( 0): undelivered transaction 467907, process died.
12-23 01:15:27.903 I/ActivityManager( 1508): Process com.android.launcher3 (pid 19263) has died: vis BFGS
12-23 01:15:27.903 I/am_proc_died( 1508): [0,19263,com.android.launcher3,100,5]
12-23 01:15:27.904 W/ActivityManager( 1508): Scheduling restart of crashed service com.android.launcher3/com.android.quickstep.TouchInteractionService in 1000ms for connection
12-23 01:15:27.904 I/am_schedule_service_restart( 1508): [0,com.android.launcher3/com.android.quickstep.TouchInteractionService,1000]
12-23 01:15:27.904 I/am_uid_stopped( 1508): 10078
12-23 01:15:27.905 I/wm_task_removed( 1508): [764,cleanUpResourcesForDestroy]
12-23 01:15:27.905 I/wm_task_removed( 1508): [763,removeChild:removeChild last r=Task{27372fc #764 type=recents I=com.android.launcher3/com.android.quickstep.RecentsActivity U=0 visible=false mode=fullscreen translucent=true sz=0} in t=Task{3d9d7da #763 type=recents ?? U=0 visible=false mode=fullscreen translucent=true sz=0}]
